
--
-- Host: localhost    Database: worxsa_v2
-- ------------------------------------------------------


--
-- Table structure for table `admin_analytics_usage_version_log`
--

CREATE TABLE `admin_analytics_usage_version_log` (
  `id` int(10) unsigned NOT NULL AUTO_INCREMENT COMMENT 'Log ID',
  `last_viewed_in_version` varchar(50) NOT NULL COMMENT 'Viewer last viewed on product version',
  PRIMARY KEY (`id`),
  UNIQUE KEY `ADMIN_ANALYTICS_USAGE_VERSION_LOG_LAST_VIEWED_IN_VERSION` (`last_viewed_in_version`)
) ENGINE=InnoDB AUTO_INCREMENT=2 DEFAULT CHARSET=utf8 COMMENT='Admin Notification Viewer Log Table';

--
-- Dumping data for table `admin_analytics_usage_version_log`
--

INSERT INTO `admin_analytics_usage_version_log` VALUES (1,'2.4.0');

--
-- Table structure for table `admin_system_messages`
--

CREATE TABLE `admin_system_messages` (
  `identity` varchar(100) NOT NULL COMMENT 'Message ID',
  `severity` smallint(5) unsigned NOT NULL DEFAULT '0' COMMENT 'Problem type',
  `created_at` timestamp NOT NULL DEFAULT CURRENT_TIMESTAMP COMMENT 'Create date',
  PRIMARY KEY (`identity`)
) ENGINE=InnoDB DEFAULT CHARSET=utf8 COMMENT='Admin System Messages';

--
-- Dumping data for table `admin_system_messages`
--


--
-- Table structure for table `admin_user_expiration`
--

CREATE TABLE `admin_user_expiration` (
  `user_id` int(10) unsigned NOT NULL COMMENT 'User ID',
  `expires_at` timestamp NOT NULL DEFAULT '0000-00-00 00:00:00' COMMENT 'User Expiration Date',
  PRIMARY KEY (`user_id`),
  CONSTRAINT `ADMIN_USER_EXPIRATION_USER_ID_ADMIN_USER_USER_ID` FOREIGN KEY (`user_id`) REFERENCES `admin_user` (`user_id`) ON DELETE CASCADE
) ENGINE=InnoDB DEFAULT CHARSET=utf8 COMMENT='Admin User expiration dates table';

--
-- Dumping data for table `admin_user_expiration`
--


--
-- Table structure for table `adminnotification_inbox`
--

CREATE TABLE `adminnotification_inbox` (
  `notification_id` int(10) unsigned NOT NULL AUTO_INCREMENT COMMENT 'Notification ID',
  `severity` smallint(5) unsigned NOT NULL DEFAULT '0' COMMENT 'Problem type',
  `date_added` timestamp NOT NULL DEFAULT CURRENT_TIMESTAMP COMMENT 'Create date',
  `title` varchar(255) NOT NULL COMMENT 'Title',
  `description` text COMMENT 'Description',
  `url` varchar(255) DEFAULT NULL COMMENT 'Url',
  `is_read` smallint(5) unsigned NOT NULL DEFAULT '0' COMMENT 'Flag if notification read',
  `is_remove` smallint(5) unsigned NOT NULL DEFAULT '0' COMMENT 'Flag if notification might be removed',
  PRIMARY KEY (`notification_id`),
  KEY `ADMINNOTIFICATION_INBOX_SEVERITY` (`severity`),
  KEY `ADMINNOTIFICATION_INBOX_IS_READ` (`is_read`),
  KEY `ADMINNOTIFICATION_INBOX_IS_REMOVE` (`is_remove`)
) ENGINE=InnoDB AUTO_INCREMENT=115 DEFAULT CHARSET=utf8 COMMENT='Adminnotification Inbox';

--
-- Dumping data for table `adminnotification_inbox`
--

INSERT INTO `adminnotification_inbox` VALUES (1,4,'2020-09-07 13:28:02','Disable Notice','To improve performance, collecting statistics for the Magento Report module is disabled by default. \nYou can enable it in System Config.','',0,0),(2,4,'2020-10-06 16:53:57','[Webinar] Is your site to ready to handle spikes in traffic and transactions? ','Your site speed can make or break your conversion rate this holiday season and beyond. Join us on October 15th for a fireside chat &quot;Is Your Website Ready for the 2020 Holiday Season?&quot; to learn what Commerce features you must have, and how to scale your webstore to maximize conversion rates. If you can&#039;t make the live webinar, be sure to register anyway and we&#039;ll send you the recording and slides afterward. Register today: https://bit.ly/33wzXbC','https://bit.ly/33wzXbC',0,0),(3,4,'2020-11-02 16:19:52','2021 Planning - reach out to us today to get your free site assessment to identify top conversion drivers.  ','Considering moving to Magento Commerce in 2021? Would you like a demo or free site assessment? Our team of experts would love to help. Get started now. https://bit.ly/3lcgILt','https://bit.ly/3lcgILt',0,0),(4,4,'2020-11-04 14:28:07','Please help prioritize our roadmap - SHORT survey','We are looking to better understand how we can help you manage all of your digital ecommerce from one place. Please help us prioritize our roadmap! Very short survey is here! http://selfserve.decipherinc.com/survey/selfserve/9d5/201000','http://selfserve.decipherinc.com/survey/selfserve/9d5/201000',0,0),(5,4,'2020-11-23 19:59:51','Upgrade to Magento Commerce quickly with Rapid Deployment Packages','Our experienced solution partners offer special design and implementation packages for businesses to upgrade their site quickly and cost effectively. Learn More: https://adobe.ly/3nqaXKx','https://adobe.ly/3nqaXKx',0,0),(6,4,'2020-12-01 22:02:47','[Video] Fuel Your Business Growth with Magento Commerce','Follow along as our friends at Goodacre Farm &amp; Supply transform their business into a cloud-based eCommerce machine with easy content creation, support for multiple web stores, and personalized product recommendations. Watch Now: https://bit.ly/3m8S2mW','https://bit.ly/3m8S2mW',0,0),(7,4,'2020-12-07 16:29:27','SURVEY: Business Financing and Support','Please complete if you are responsible for your business finances. We&#039;d like to hear from you about your past and future business financing needs. Strictly confidential.','http://selfserve.decipherinc.com/survey/selfserve/9d5/g30c/201100',0,0),(8,4,'2020-12-11 00:37:39','Experience the new Interactive Tour to compare Open Source and Magento Commerce.','Create closer consumer connections in the New Year. Explore our interactive product simulation and learn how Magento Commerce delivers everything you need to drive growth in an increasingly competitive online market. https://adobe.ly/3okS1wS','https://adobe.ly/3okS1wS',0,0),(9,4,'2021-01-08 21:35:55','Happy new year! Is Your Website Selling as Much as It Can? Watch our on-demand webinar and learn how to turn your website into a conversion machine.','Watch our on-demand webinar: Is Your Website Selling As Much As It Can? Digital Strategist Ereika Stimley and eCommerce Consultant Corey Gelato will walk you through a website self-assessment and live demo that will help you uncover opportunities to increase conversions and grow revenues. Watch now: https://bit.ly/2EAujMc','https://bit.ly/2EAujMc',0,0),(10,4,'2021-01-14 01:32:42','You&#039;re invited to our webinar: Is Magento Commerce or Open Source right for you? ','Magento Commerce and Magento Open Source may sound alike, but each offers sharply distinct benefits. To get the facts, sign up for our webinar Is Magento Commerce or Open Source right for you? at 10:00 AM PT on February 4th. Register now: http://bit.ly/3icfnTM','http://bit.ly/3icfnTM',0,0),(11,4,'2020-10-26 16:59:53','Click here to see the new Page Builder module for Magento 2 https://bit.ly/3ot9AMf','','https://bit.ly/3ot9AMf',0,0),(12,4,'2020-11-10 14:54:06','Check out the latest updates for 19 Magento 2 modules made in October 2020 https://bit.ly/3liOVZs','','https://bit.ly/3liOVZs',0,0),(13,4,'2020-11-16 22:10:53','Track checkout behavior with the new option in Firecheckout 1.12.1 release https://bit.ly/2HboxSu','','https://bit.ly/2HboxSu',0,0),(14,4,'2020-11-27 12:56:11','Discover Black Friday deals for Magento 2 extensions https://bit.ly/3o1oIzv','','https://bit.ly/3o1oIzv',0,0),(15,4,'2020-11-30 21:32:34','Argento 1.21 for Magento 2 is ready to use https://bit.ly/2KJpW3V','','https://bit.ly/2KJpW3V',0,0),(16,4,'2020-12-04 19:31:03','Fire Checkout 1.25.3 for Magento 2 and Fire Checkout 4.4.4 for Magento 1 are available for download https://bit.ly/2IcrmmG','','https://bit.ly/2IcrmmG',0,0),(17,4,'2020-12-09 12:08:44','Page Builder 1.0.4 for Magento 2 is ready for download https://bit.ly/3gwW8Ue','','https://bit.ly/3gwW8Ue',0,0),(18,4,'2020-12-16 19:53:36','PDF invoices 1.3.1 for Magento 2 is now available with 2 new great designs http://bit.ly/2KvZISq','','http://bit.ly/2KvZISq',0,0),(19,4,'2020-12-22 05:30:07','Take a look at our Christmas deals for Magento 2 extensions http://bit.ly/3ay1PjN','','http://bit.ly/3ay1PjN',0,0),(20,4,'2020-12-28 20:17:20','Argento 1.22.0 for Magento 2 is ready for download http://bit.ly/2WQFPsf','','http://bit.ly/2WQFPsf',0,0),(21,4,'2021-01-15 14:57:58','Fire Checkout 1.25.4 is available for download http://bit.ly/2XIZfQo','','http://bit.ly/2XIZfQo',0,0),(22,4,'2021-01-27 11:02:18','Please share your suggestions on the new forthcoming Argento theme design http://bit.ly/3iQRNw4','','http://bit.ly/3iQRNw4',0,0),(23,4,'2021-02-01 11:24:48','Argento 1.22.1 for Magento 2 is ready for download http://bit.ly/2NUkUmV','','http://bit.ly/2NUkUmV',0,0),(24,4,'2021-02-10 15:06:05','Magento Commerce 2.4.2 delivers important security updates and features to help secure and optimize your store','Magento Open Source 2.4.2, along with security-only patches 2.3.6-p1 and 2.4.1-p1, is now generally available. The latest release of Magento Open Source includes important security enhancements along with new functionality and platform quality improvements. With these important updates we strongly recommend that you upgrade to ensure your sites maintain the highest level of security. You can review the release notes for more information about all of the enhancements. Learn how this release can help you save time and maximize resources at Magento.com/blog. ','https://devdocs.magento.com/guides/v2.4/release-notes/bk-release-notes.html',0,0),(25,4,'2021-02-10 15:08:37','Register now for Summit 2021 and stay ahead of commerce trends ','Learn best practices from digital commerce experts during two days of live keynotes, sessions, and sneak peeks. Understand the latest digital commerce trends, discover industry best practices, and network with peers around the world. Register now!','https://summit.adobe.com/na/?utm_source=m1o&amp;utm_medium=rss&amp;utm_campaign=NA_210427_12576_RSS_EVTR_ACOM_FM_Summit_2021_M1_OS',0,0),(26,4,'2021-02-11 15:36:20','Use January 2021 software monthly updates to streamline your Magento 2 store http://bit.ly/376kkcp','','http://bit.ly/376kkcp',0,0),(27,4,'2021-02-15 13:40:09','Fire Checkout 1.25.7 is available for download http://bit.ly/3alxCDW','','http://bit.ly/3alxCDW',0,0),(28,2,'2021-02-18 11:27:38','Your export file is ready','You can pick up your file at export main page','',0,0),(29,2,'2021-02-20 12:55:47','Your export file is ready','You can pick up your file at export main page','',0,0),(30,2,'2021-02-22 09:33:29','Your export file is ready','You can pick up your file at export main page','',0,0),(31,2,'2021-02-22 13:10:30','Your export file is ready','You can pick up your file at export main page','',0,0),(32,4,'2021-02-22 23:52:27','Quarterly Business Planning - reach out to us today to get your free site assessment to ensure your commerce growth needs are being met in 2021.','Would you like a free site assessment? Our best-in-breed commerce solution gives your business unmatched agility and scalability. It&#039;s time to experience limitless eCommerce with no comprises. Learn more: https://bit.ly/3lcgILt','https://bit.ly/3lcgILt',0,0),(33,2,'2021-02-23 13:50:42','Your export file is ready','You can pick up your file at export main page','',0,0),(34,4,'2021-02-22 23:52:27','Quarterly Business Planning - reach out to us today to get your free site assessment.','Would you like a free site assessment? Our best-in-breed commerce solution gives your business unmatched agility and scalability. It&#039;s time to experience limitless eCommerce with no comprises. Learn more: https://bit.ly/3lcgILt','https://bit.ly/3lcgILt',0,0),(35,4,'2021-02-26 10:43:29','Argento 1.22.2 for Magento 2 is ready for download http://bit.ly/37RBH17','','http://bit.ly/37RBH17',0,0),(36,2,'2021-03-07 10:48:27','Your export file is ready','You can pick up your file at export main page','',0,0),(37,4,'2021-03-19 18:55:33','Prepare your Magento 2 store for Google Web Vitals test with Argento 1.22.3 release https://bit.ly/3r4dDyy','','https://bit.ly/3r4dDyy',0,0),(38,4,'2021-03-23 00:33:54','You&#039;re invited to our webinar this week: How digital commerce can scale B2B selling','Digital commerce is fast becoming the default way to buy—even for B2B customers. In just 8 weeks, Byrne Electrical, the leading manufacturer of power and data solutions for numerous industries, launched an eCommerce portal for more than 1,100 of their customers. To learn how they did it, join George Fabis, Director of IT for Byrne, and Slava Kravchuk, CEO &amp; Founder of Atwix, a Magento Commerce solutions partner, for a live discussion on Thursday, March 25. Register Now: https://bit.ly/3r1MCvG','https://bit.ly/3r1MCvG',0,0),(39,2,'2021-03-23 05:29:12','Your export file is ready','You can pick up your file at export main page','',0,0),(40,2,'2021-03-23 05:29:13','Your export file is ready','You can pick up your file at export main page','',0,0),(41,1,'2021-03-24 14:49:43','Error during export process occurred','Error during export process occurred. Please check logs for detail','',0,0),(42,2,'2021-03-24 14:49:43','Your export file is ready','You can pick up your file at export main page','',0,0),(43,2,'2021-04-01 12:40:19','Your export file is ready','You can pick up your file at export main page','',0,0),(44,2,'2021-04-01 12:40:19','Your export file is ready','You can pick up your file at export main page','',0,0),(45,4,'2021-04-01 16:51:10','Follow our 20% off deal, it has an Easter treat http://bit.ly/3sMMSR2','','http://bit.ly/3sMMSR2',0,0),(46,4,'2021-04-13 17:04:23','Check for monthly module updates roll-up for March https://bit.ly/3wV8RYG','','https://bit.ly/3wV8RYG',0,0),(47,4,'2021-04-16 18:55:45','Introducing the new Breeze Alternative JS Frontend for Magento 2 https://bit.ly/3smhDex','','https://bit.ly/3smhDex',0,0),(48,2,'2021-04-26 04:02:44','Your export file is ready','You can pick up your file at export main page','',0,0),(49,2,'2021-04-26 04:10:20','Your export file is ready','You can pick up your file at export main page','',0,0),(50,4,'2021-04-26 15:57:39','Argento 1.22.6 for Magento 2 is ready for download https://bit.ly/3tSuUNH','','https://bit.ly/3tSuUNH',0,0),(51,2,'2021-04-27 05:51:39','Your export file is ready','You can pick up your file at export main page','',0,0),(52,4,'2021-05-03 11:11:40','Start earning with Swissuplabs affiliate program https://bit.ly/3aOIJ8o','','https://bit.ly/3aOIJ8o',0,0),(53,4,'2021-05-11 20:44:41','Magento Open Source 2.4.2-p1 &amp; 2.3.7 deliver important security updates','The latest releases of Magento Open Source – 2.3.7 and 2.4.2-p1 – are now generally available. The latest release of Magento Open Source includes important security updates. With these important updates we strongly recommend that you upgrade to ensure your sites maintain the highest level of security. You can review the release notes for more information about all of the updates. Learn how this release can help you save time and maximize resources at Magento.com/blog.','https://devdocs.magento.com/guides/v2.3/release-notes/bk-release-notes.html ',0,0),(54,4,'2021-05-11 20:13:49','Check out the April updates for Magento 2 modules and themes https://bit.ly/3fb1uEb','','https://bit.ly/3fb1uEb',0,0),(55,4,'2021-05-19 13:12:24','Try new Argento and the Breeze releases to get maximum Magento 2  performance https://bit.ly/3f57nUR','','https://bit.ly/3f57nUR',0,0),(56,4,'2021-05-20 16:11:52','Important notice for Argento and AskIt users. The update required https://bit.ly/3ozJ6JF','',' https://bit.ly/3ozJ6JF',1,0),(57,4,'2021-05-20 16:11:52','Important notice for Argento and AskIt users. The update is required https://bit.ly/3ozJ6JF','',' https://bit.ly/3ozJ6JF',1,0),(58,4,'2021-05-26 22:04:18','Argento is getting faster with 1.22.10 release for Magento 2 https://bit.ly/3yIOtuo','','https://bit.ly/3yIOtuo',1,0),(59,4,'2021-06-08 12:49:56','Make your Magento 2 checkout faster with Fire Checkout 1.26 https://bit.ly/3pBlPav','','https://bit.ly/3pBlPav',0,0),(60,4,'2021-06-21 10:01:55','Argento 1.23 is now available with Theme Editor support for child themes and much more https://bit.ly/3zLnpeS','','https://bit.ly/3zLnpeS',0,0),(61,4,'2021-06-29 22:51:16','Fire Checkout 1.26.4 is available for download with improved Adobe Commerce compatability https://bit.ly/3h3reVe','','https://bit.ly/3h3reVe',0,0),(62,4,'2021-07-02 17:50:24','Have fun in the Sun with hot Magento 2 offers  https://bit.ly/36dC3xy','','https://bit.ly/36dC3xy',0,0),(63,4,'2021-07-08 12:26:59','Improve your store checokut with best Magento 2 one page checkout module  https://bit.ly/3r2jpCI','','https://bit.ly/3r2jpCI',0,0),(64,4,'2021-07-20 00:00:00','FLASH SALES - 15% OFF','15% EXTRA discount on ALL extensions. Flash sales 3 days only. Check it out &amp; get the code','https://www.mageplaza.com/deals/?utm_source=notification&amp;utm_medium=rss&amp;utm_campaign=july21',0,0),(65,4,'2021-07-20 15:09:18','Make your Magento 2 store faster with Breeze 1.4 https://bit.ly/3hOrfwy','','https://bit.ly/3hOrfwy',0,0),(66,4,'2021-07-22 00:00:00','LAST CHANCE - 15% OFF','15% EXTRA discount on ALL extensions. Last day to have it. Ends . Check it out &amp; get the code','https://www.mageplaza.com/deals/?utm_source=notification&amp;utm_medium=rss&amp;utm_campaign=july21',0,0),(67,4,'2021-07-26 10:11:29','Enhance Magento 2 checkout flexibility with the Fire Checkout 1.27 https://bit.ly/3iFUu3O','','https://bit.ly/3iFUu3O',0,0),(68,4,'2021-08-02 10:58:59','Argento is getting faster again with new 1.24.0 release and Breeze 1.4 https://bit.ly/3yiF1gT','','https://bit.ly/3yiF1gT',0,0),(69,4,'2021-08-10 17:53:11','Magento Open Source 2.4.3 available today!','Magento Open Source 2.4.3, along with security-only patches 2.4.2-p1 and 2.3.7-p2, is now generally available. Magento Open Source 2.4.3 includes 33 security and 370+ quality improvements, along with performance and scale enhancements.  With these important updates, we strongly recommend that you upgrade to maintain the highest level of security for your sites. Learn how this release can help you save time and maximize resources in our release blog. ','http://magento.com/blog/magento-news/get-ready-your-peak-season-adobe-commerce-243',0,0),(70,4,'2021-08-12 18:31:38','Faster, more accessible Magento 2 site with Breeze Turbo mode https://bit.ly/3CIssOw','','https://bit.ly/3CIssOw',0,0),(71,4,'2021-08-17 08:26:02','Fire Checkout 1.27.1 is now compatible with Magento 2.4.3  https://bit.ly/3iPi1Ro','','https://bit.ly/3iPi1Ro',0,0),(72,2,'2021-08-19 05:42:15','Your export file is ready','You can pick up your file at export main page','',0,0),(73,2,'2021-08-31 11:50:09','Your export file is ready','You can pick up your file at export main page','',0,0),(74,2,'2021-09-03 14:09:17','Your export file is ready','You can pick up your file at export main page','',0,0),(75,2,'2021-09-09 14:10:57','Your export file is ready','You can pick up your file at export main page','',0,0),(76,2,'2021-09-09 14:11:05','Your export file is ready','You can pick up your file at export main page','',0,0),(77,2,'2021-09-13 07:09:16','Your export file is ready','You can pick up your file at export main page','',1,0),(78,2,'2021-09-14 13:09:00','FireCheckout 1.28 allows to place billing address before shipping and much more https://bit.ly/3E8Oz1c','','https://bit.ly/3E8Oz1c',1,0),(79,4,'2021-10-01 14:44:47','New, Simplified Upgrade Process and Lifecycle Policy Helps Reduce Your TCO ','Adobe Commerce developed a new release strategy and updated its lifecycle policy in effort to help Merchants lower their total cost of ownership and accelerate their time to innovation. Learn more about how upgrades are now more predictable and easier to implement in our blog.','https://magento.com/blog/accelerating-innovation-through-simplified-release-strategy',1,0),(80,4,'2021-10-05 23:44:33','Argento 1.25 is now available with better Breeze support https://bit.ly/3ixeaYI','','https://bit.ly/3ixeaYI',1,0),(81,4,'2021-10-22 19:06:48','Magento Technology Stack Evaluation Survey','Please take a few minutes to fill out this survey https://forms.office.com/r/DLN8K3h2h0. We appreciate your effort to support the future of Adobe Commerce!','https://forms.office.com/r/DLN8K3h2h0',1,0),(82,4,'2021-10-26 00:26:41','Recaptcha 1.4.0 with Breeze integration is now available https://bit.ly/3jE5ccv','','https://bit.ly/3jE5ccv',1,0),(83,4,'2021-11-07 22:11:12','Argento 1.25.2 for Magento 2 is ready for download  https://bit.ly/3mUJaUM','','https://bit.ly/3mUJaUM',0,0),(84,2,'2021-11-08 10:44:33','Your export file is ready','You can pick up your file at export main page','',0,0),(85,2,'2021-11-08 10:44:46','Your export file is ready','You can pick up your file at export main page','',0,0),(86,4,'2021-11-10 17:46:53','Fire Checkout 1.28.5 for Magento 2 is ready for download  https://bit.ly/3HazoWP','','https://bit.ly/3HazoWP',0,0),(87,2,'2021-11-15 11:51:23','Your export file is ready','You can pick up your file at export main page','',0,0),(88,2,'2021-11-17 10:13:22','Your export file is ready','You can pick up your file at export main page','',0,0),(89,2,'2021-11-22 16:32:35','Check out the new Argento Marketplace design https://bit.ly/3HMJH3y','','https://bit.ly/3HMJH3y',0,0),(90,4,'2021-11-26 09:56:17','Get your black Friday deal at SwissUpLabs https://bit.ly/3rbH7OT','','https://bit.ly/3rbH7OT',0,0),(91,4,'2021-12-02 23:28:05','Fire Checkout 1.28.7 for Magento 2 is ready for download https://bit.ly/3ph3Bvg','','https://bit.ly/3ph3Bvg',0,0),(92,4,'2021-12-12 18:32:33','Make your Magento 2 store faster with Breeze 1.7.4 https://bit.ly/3GDOGlO','','https://bit.ly/3GDOGlO',0,0),(93,4,'2021-12-23 12:53:18','Grab your Christmas deals for Magento 2 website https://bit.ly/3Jbdbcd','','https://bit.ly/3Jbdbcd',0,0),(94,2,'2022-02-17 16:49:28','Security update available for Adobe Commerce | APSB22-12','Adobe has released security updates for Adobe Commerce and Magento Open Source. These updates resolve vulnerabilities rated critical. Full details included in security bulletin.','https://helpx.adobe.com/security/products/magento/apsb22-12.html',0,0),(95,2,'2022-03-01 23:33:53','Magento Open Source 2.4.4 Coming April 12','To help ensure this release delivers the highest standards of security and quality, general availability of Magento Open Source is now planned for April 12. For more information, visit our DevBlog. ','https://community.magento.com/t5/Magento-DevBlog/Adobe-Commerce-2-4-4-Now-Coming-April-12/ba-p/492935',0,0),(96,2,'2022-04-12 16:52:58','Magento Open Source 2.4.4 Available Now!','Magento Open Source 2.4.4 enables customers to future-proof and accelerate the growth of their digital commerce businesses. This release is our fastest and most scalable version ever, with increased GraphQL API coverage for several Admin features, as well as new capabilities to PWA Studio 12.3.  Learn how this release can help you save time and maximize resources in our release blog. ','https://business.adobe.com/blog/perspectives/future-proof-your-business-with-adobe-commerce-2-4-4',0,0),(97,4,'2021-12-27 15:19:23','Introducing the new Fastest Template for Magento 2 https://bit.ly/3qvs4xs','','https://bit.ly/3qvs4xs',0,0),(98,4,'2022-01-05 16:46:55','Argento 1.27 for Magento 2 is ready for download https://bit.ly/3mZCp3Q','','https://bit.ly/3mZCp3Q',0,0),(99,4,'2022-01-12 18:45:40','Fire Checkout 1.28.8 for Magento 2 is ready for download https://bit.ly/3FkvcBS','','https://bit.ly/3FkvcBS',0,0),(100,2,'2022-01-31 22:46:06','Argento is getting faster again with new 1.28.0 release and Breeze 1.9 https://bit.ly/3ri00iV','','https://bit.ly/3ri00iV',0,0),(101,4,'2022-02-11 22:09:30','Everything is ready for the new Breeze Magento 2 frontend  https://bit.ly/3Bd1BK8','','https://bit.ly/3Bd1BK8',0,0),(102,2,'2022-02-19 17:57:08','See how to install the new security patch for Adobe vulnerability CVE-2022-24086 https://bit.ly/3JBtIFK','','https://bit.ly/3JBtIFK',0,0),(103,4,'2022-03-11 11:03:20','Improve Magento 2 checkout performance by upgrading Firecheckout to 1.28.9 release https://bit.ly/3vU6APf','','https://bit.ly/3vU6APf',0,0),(104,4,'2022-03-23 13:23:42','Argento 1.29 for Magento 2 is ready for download https://bit.ly/3ivjSK1','','https://bit.ly/3ivjSK1',0,0),(105,1,'2022-04-12 09:59:23','Discover the Breeze Evolution - the new free Magento 2 template with the lightning-fast performance  https://bit.ly/3LWIB6H','','https://bit.ly/3LWIB6H',0,0),(106,4,'2022-04-15 13:19:16','Benefit from 20% off deals for Magento 2 sites. Click for Easter treat https://bit.ly/3M3qhJe','','https://bit.ly/3M3qhJe',0,0),(107,2,'2022-04-26 09:15:04','Argento 1.30 is now compatible wiht Magento 2.4.4 https://bit.ly/3rQjRWm','','https://bit.ly/3rQjRWm',0,0),(108,2,'2022-05-06 21:28:17','Check your modules and template compatibility with the latest Magento 2.4.4 https://bit.ly/37sLeic','','https://bit.ly/37sLeic',0,0),(109,4,'2022-05-24 15:06:25','Prepared to upgrade to Magento Open Source 2.4.4?','With 2.3 end of support (EOS) in September and 2.4.0-2.4.3 EOS in November, it is critical to have an upgrade plan in place to make sure your site stays secure, performant and PCI-Compliant. Learn more about how Magento Open Source 2.4.4 will future-proof your business.','https://business.adobe.com/blog/perspectives/future-proof-your-business-with-adobe-commerce-2-4-4',0,0),(110,4,'2022-05-31 10:14:44','Argento 1.31 for Magento 2 is ready for download https://bit.ly/3a9ipZ9','','https://bit.ly/3a9ipZ9',0,0),(111,4,'2022-06-13 00:23:50','See our monthly post about module updates made in April-May 2022 https://bit.ly/3OaKtKh','','https://bit.ly/3OaKtKh',0,0),(112,4,'2022-06-16 11:28:33','Make your Magento checkout fly with Firecheckout 1.28.13 https://bit.ly/3xuICJp','','https://bit.ly/3xuICJp',0,0),(113,4,'2022-06-27 11:34:58','Try fastest free Magento 2 template - Breeze Evolution 1.1 https://bit.ly/3bsePK8','','https://bit.ly/3bsePK8',0,0),(114,4,'2022-06-29 18:00:30','Check out the the full power of Magento 2 Breeze with Argento Stripes Breeze edition  https://bit.ly/3nokbc4','','https://bit.ly/3nokbc4',0,0);

--
-- Table structure for table `adobe_stock_asset`
--

CREATE TABLE `adobe_stock_asset` (
  `id` int(10) unsigned NOT NULL AUTO_INCREMENT COMMENT 'Entity ID',
  `media_gallery_id` int(10) unsigned DEFAULT NULL COMMENT 'Media gallery ID',
  `category_id` int(10) unsigned DEFAULT NULL COMMENT 'Category ID',
  `creator_id` int(10) unsigned DEFAULT NULL COMMENT 'Creator ID',
  `is_licensed` int(10) unsigned NOT NULL DEFAULT '0' COMMENT 'Is Licensed',
  `creation_date` varchar(255) DEFAULT NULL COMMENT 'Creation Date',
  PRIMARY KEY (`id`),
  KEY `ADOBE_STOCK_ASSET_MEDIA_GALLERY_ID_MEDIA_GALLERY_ASSET_ID` (`media_gallery_id`),
  KEY `ADOBE_STOCK_ASSET_ID` (`id`),
  KEY `ADOBE_STOCK_ASSET_CATEGORY_ID` (`category_id`),
  KEY `ADOBE_STOCK_ASSET_CREATOR_ID` (`creator_id`),
  CONSTRAINT `ADOBE_STOCK_ASSET_CATEGORY_ID_ADOBE_STOCK_CATEGORY_ID` FOREIGN KEY (`category_id`) REFERENCES `adobe_stock_category` (`id`) ON DELETE SET NULL,
  CONSTRAINT `ADOBE_STOCK_ASSET_CREATOR_ID_ADOBE_STOCK_CREATOR_ID` FOREIGN KEY (`creator_id`) REFERENCES `adobe_stock_creator` (`id`) ON DELETE SET NULL,
  CONSTRAINT `ADOBE_STOCK_ASSET_MEDIA_GALLERY_ID_MEDIA_GALLERY_ASSET_ID` FOREIGN KEY (`media_gallery_id`) REFERENCES `media_gallery_asset` (`id`) ON DELETE CASCADE
) ENGINE=InnoDB DEFAULT CHARSET=utf8 COMMENT='Adobe Stock Asset';

--
-- Dumping data for table `adobe_stock_asset`
--


--
-- Table structure for table `adobe_stock_category`
--

CREATE TABLE `adobe_stock_category` (
  `id` int(10) unsigned NOT NULL AUTO_INCREMENT COMMENT 'Entity ID',
  `name` varchar(255) DEFAULT NULL COMMENT 'Name',
  PRIMARY KEY (`id`),
  KEY `ADOBE_STOCK_CATEGORY_ID` (`id`)
) ENGINE=InnoDB DEFAULT CHARSET=utf8 COMMENT='Adobe Stock Category';

--
-- Dumping data for table `adobe_stock_category`
--


--
-- Table structure for table `adobe_stock_creator`
--

CREATE TABLE `adobe_stock_creator` (
  `id` int(10) unsigned NOT NULL AUTO_INCREMENT COMMENT 'ID',
  `name` varchar(255) DEFAULT NULL COMMENT 'Asset creator''s name',
  PRIMARY KEY (`id`),
  KEY `ADOBE_STOCK_CREATOR_ID` (`id`)
) ENGINE=InnoDB DEFAULT CHARSET=utf8 COMMENT='Adobe Stock Creator';

--
-- Dumping data for table `adobe_stock_creator`
--


--
-- Table structure for table `amazon_customer`
--

CREATE TABLE `amazon_customer` (
  `entity_id` int(10) unsigned NOT NULL AUTO_INCREMENT COMMENT 'Entity_id',
  `customer_id` int(10) unsigned NOT NULL COMMENT 'Customer_id',
  `amazon_id` varchar(255) NOT NULL COMMENT 'Amazon_id',
  PRIMARY KEY (`entity_id`),
  UNIQUE KEY `AMAZON_CUSTOMER_CUSTOMER_ID_AMAZON_ID` (`customer_id`,`amazon_id`),
  UNIQUE KEY `AMAZON_CUSTOMER_CUSTOMER_ID` (`customer_id`),
  CONSTRAINT `AMAZON_CUSTOMER_CUSTOMER_ID_CUSTOMER_ENTITY_ENTITY_ID` FOREIGN KEY (`customer_id`) REFERENCES `customer_entity` (`entity_id`) ON DELETE CASCADE
) ENGINE=InnoDB DEFAULT CHARSET=utf8 COMMENT='amazon_customer';

--
-- Dumping data for table `amazon_customer`
--


--
-- Table structure for table `amazon_pending_capture`
--

CREATE TABLE `amazon_pending_capture` (
  `entity_id` int(10) unsigned NOT NULL AUTO_INCREMENT COMMENT 'Entity_id',
  `capture_id` varchar(255) NOT NULL COMMENT 'Capture_id',
  `created_at` datetime NOT NULL COMMENT 'Created_at',
  `order_id` int(10) unsigned NOT NULL COMMENT 'order id',
  `payment_id` int(10) unsigned NOT NULL COMMENT 'payment id',
  PRIMARY KEY (`entity_id`),
  UNIQUE KEY `AMAZON_PENDING_CAPTURE_ORDER_ID_PAYMENT_ID_CAPTURE_ID` (`order_id`,`payment_id`,`capture_id`)
) ENGINE=InnoDB DEFAULT CHARSET=utf8 COMMENT='amazon_pending_capture';

--
-- Dumping data for table `amazon_pending_capture`
--


--
-- Table structure for table `amazon_pending_refund`
--

CREATE TABLE `amazon_pending_refund` (
  `entity_id` int(10) unsigned NOT NULL AUTO_INCREMENT COMMENT 'Entity_id',
  `refund_id` varchar(255) NOT NULL COMMENT 'Refund_id',
  `created_at` datetime NOT NULL COMMENT 'Created_at',
  `order_id` int(10) unsigned NOT NULL COMMENT 'Order_id',
  `payment_id` int(10) unsigned NOT NULL COMMENT 'Payment_id',
  PRIMARY KEY (`entity_id`),
  UNIQUE KEY `AMAZON_PENDING_REFUND_ORDER_ID_PAYMENT_ID_REFUND_ID` (`order_id`,`payment_id`,`refund_id`)
) ENGINE=InnoDB DEFAULT CHARSET=utf8 COMMENT='amazon_pending_refund';

--
-- Dumping data for table `amazon_pending_refund`
--


--
-- Table structure for table `amazon_quote`
--

CREATE TABLE `amazon_quote` (
  `entity_id` int(10) unsigned NOT NULL AUTO_INCREMENT COMMENT 'Entity ID',
  `quote_id` int(10) unsigned NOT NULL COMMENT 'Quote ID',
  `amazon_order_reference_id` varchar(255) NOT NULL COMMENT 'Amazon Order Reference ID',
  `sandbox_simulation_reference` varchar(255) DEFAULT NULL COMMENT 'Sandbox simulation reference',
  `confirmed` smallint(5) unsigned NOT NULL DEFAULT '0' COMMENT 'Quote confirmed with Amazon',
  PRIMARY KEY (`entity_id`),
  UNIQUE KEY `AMAZON_QUOTE_QUOTE_ID` (`quote_id`),
  CONSTRAINT `AMAZON_QUOTE_QUOTE_ID_QUOTE_ENTITY_ID` FOREIGN KEY (`quote_id`) REFERENCES `quote` (`entity_id`) ON DELETE CASCADE
) ENGINE=InnoDB DEFAULT CHARSET=utf8 COMMENT='amazon_quote';

--
-- Dumping data for table `amazon_quote`
--


--
-- Table structure for table `amazon_sales_order`
--

CREATE TABLE `amazon_sales_order` (
  `entity_id` int(10) unsigned NOT NULL AUTO_INCREMENT COMMENT 'Entity ID',
  `order_id` int(10) unsigned NOT NULL COMMENT 'Order ID',
  `amazon_order_reference_id` varchar(255) NOT NULL COMMENT 'Amazon Order Reference ID',
  PRIMARY KEY (`entity_id`),
  UNIQUE KEY `AMAZON_SALES_ORDER_ORDER_ID` (`order_id`),
  CONSTRAINT `AMAZON_SALES_ORDER_ORDER_ID_SALES_ORDER_ENTITY_ID` FOREIGN KEY (`order_id`) REFERENCES `sales_order` (`entity_id`) ON DELETE CASCADE
) ENGINE=InnoDB DEFAULT CHARSET=utf8 COMMENT='amazon_sales_order';

--
-- Dumping data for table `amazon_sales_order`
--


--
-- Table structure for table `ambab_estimatingdelivery`
--

CREATE TABLE `ambab_estimatingdelivery` (
  `estimatingdelivery_id` int(10) unsigned NOT NULL AUTO_INCREMENT COMMENT 'Entity Id',
  `city` varchar(255) DEFAULT NULL COMMENT 'City',
  `deliveryday` varchar(255) DEFAULT NULL COMMENT 'EstimatingDeliveryDays',
  `status` int(11) NOT NULL DEFAULT '0' COMMENT 'Status',
  `day` int(11) DEFAULT NULL COMMENT 'day',
  `created_at` timestamp NOT NULL COMMENT 'Created At',
  PRIMARY KEY (`estimatingdelivery_id`)
) ENGINE=InnoDB AUTO_INCREMENT=18 DEFAULT CHARSET=utf8 COMMENT='Ambab EstimatingDelivery Table';

--
-- Dumping data for table `ambab_estimatingdelivery`
--

INSERT INTO `ambab_estimatingdelivery` VALUES (1,'Jeddah','Order now and get Delivery',1,3,'0000-00-00 00:00:00'),(2,'Dammam','Order now and get Delivery',1,3,'0000-00-00 00:00:00'),(3,'Riyadh','Order now and get Delivery',1,3,'0000-00-00 00:00:00'),(4,'Buraida','Order now and get Delivery',1,5,'0000-00-00 00:00:00'),(5,'Onaiza','Order now and get Delivery',1,5,'0000-00-00 00:00:00'),(6,'Khobar','Order now and get Delivery',1,3,'0000-00-00 00:00:00'),(7,'Dhahran','Order now and get Delivery',1,3,'0000-00-00 00:00:00'),(8,'Jubail','Order now and get Delivery',1,5,'0000-00-00 00:00:00'),(9,'Ar\'ar','Order now and get Delivery',1,5,'0000-00-00 00:00:00'),(10,'Tabuk','Order now and get Delivery',1,5,'0000-00-00 00:00:00'),(11,'Madinah','Order now and get Delivery',1,5,'0000-00-00 00:00:00'),(12,'Makkah','Order now and get Delivery',1,5,'0000-00-00 00:00:00'),(13,'Taif','Order now and get Delivery',1,5,'0000-00-00 00:00:00'),(14,'Yanbu','Order now and get Delivery',1,5,'0000-00-00 00:00:00'),(15,'Jazan','Order now and get Delivery',1,5,'0000-00-00 00:00:00'),(16,'Abha','Order now and get Delivery',1,5,'0000-00-00 00:00:00'),(17,'Khamis Mushait','Order now and get Delivery',1,5,'0000-00-00 00:00:00');

--
-- Table structure for table `ambab_subscribe`
--

CREATE TABLE `ambab_subscribe` (
  `subscribe_id` int(10) unsigned NOT NULL AUTO_INCREMENT COMMENT 'Entity Id',
  `issue_type` varchar(255) DEFAULT NULL COMMENT 'Type',
  `service_subscribe_id` varchar(255) DEFAULT NULL COMMENT 'Service Subscribe Id',
  `status` varchar(255) NOT NULL DEFAULT 'pending' COMMENT 'Status',
  `comment` mediumtext COMMENT 'Comment',
  `customer_id` int(11) DEFAULT NULL COMMENT 'Customer id',
  `customer_email` varchar(255) DEFAULT NULL COMMENT 'Customer email',
  `start_date` timestamp NOT NULL COMMENT 'Start Date',
  PRIMARY KEY (`subscribe_id`)
) ENGINE=InnoDB AUTO_INCREMENT=29 DEFAULT CHARSET=utf8 COMMENT='Ambab Subscribe Table';

--
-- Dumping data for table `ambab_subscribe`
--

INSERT INTO `ambab_subscribe` VALUES (1,'test1','000000051','pending','test',1,'johndev10@example.com','2021-04-19 00:00:00'),(2,'test2','000000064','pending','My device is not working ',3,'johndev10ew@example.com','2021-04-19 00:00:00'),(3,'test1','000000155','pending','I am facing issue and my device is not working. ',3,'johndev10ew@example.com','2021-04-22 00:00:00'),(4,'test1','000000266','pending','zcsca',24,'smhanna@hoshangroup.com','2021-05-18 00:00:00'),(5,'test4','000000266','pending','cxbnnchfn',24,'smhanna@hoshangroup.com','2021-05-19 00:00:00'),(6,'test1','000000319','pending','45',20,'akabalan@hoshangroup.com','2021-05-26 00:00:00'),(7,'test1','000000554','pending','This is the test type - 1 issue 07-09-2021',21,'test@yopmail.com','2021-09-07 00:00:00'),(8,'test1','000000666','pending','hhh',28,'anurag@gmail.com','2021-10-07 00:00:00'),(9,'test1','2000000034','pending','Service 14-10-2021',1,'johndev10@mailinator.com','2021-10-14 00:00:00'),(10,NULL,'000000985','pending','test',39,'fayotaibi@gmail.com','2021-10-18 00:00:00'),(11,NULL,'000000985','pending','test',39,'fayotaibi@gmail.com','2021-10-18 00:00:00'),(12,'test1','2000000034','pending','test service ',1,'johndev10@mailinator.com','2021-10-20 00:00:00'),(13,'Paper Jam','000001070','pending','dfafa',1,'johndev10@mailinator.com','2021-10-24 00:00:00'),(14,'To replace consumables','000001258','pending','test',28,'anurag@gmail.com','2021-10-28 00:00:00'),(15,'Paper Jam','2000000034','pending','TEST ',1,'johndev10@mailinator.com','2021-10-29 00:00:00'),(16,'Too Slow','000001382','pending','dsfgh',38,'johndev11@mailinator.com','2021-11-02 00:00:00'),(17,'Paper Jam','2000000034','pending','Paper JAM - 08-11-2021 TESTED',1,'johndev10@mailinator.com','2021-11-08 00:00:00'),(18,NULL,NULL,'pending',NULL,NULL,NULL,'2021-11-08 00:00:00'),(19,'Toner Issue','000001559','pending','sdvdbd df',1,'johndev10@mailinator.com','2021-11-11 00:00:00'),(20,'Toner Issue','2000000034','pending','asfvaseg svg',1,'johndev10@mailinator.com','2021-11-11 00:00:00'),(21,'Toner Issue','2000000034','pending','asfvaseg svg',1,'johndev10@mailinator.com','2021-11-11 00:00:00'),(22,'Paper Jam','000001961','pending','lll',26,'abed.kabalan@gmail.com','2021-11-28 00:00:00'),(23,'Toner Issue','000000985','pending','test',39,'fayotaibi@gmail.com','2021-12-02 00:00:00'),(24,NULL,'2000000034','pending','ghsdhdf',1,'johndev10@mailinator.com','2021-12-10 00:00:00'),(25,NULL,'2000000034','pending','sdfsdgd',1,'johndev10@mailinator.com','2021-12-10 00:00:00'),(26,NULL,NULL,'pending',NULL,NULL,NULL,'2021-12-10 00:00:00'),(27,NULL,'2000000034','pending','rhtyrutyuy',1,'johndev10@mailinator.com','2021-12-10 00:00:00'),(28,'Too Slow','000002654','pending','testtest',2,'johndevnew10@example.com','2022-05-08 00:00:00');

--
-- Table structure for table `authorization_role`
--

CREATE TABLE `authorization_role` (
  `role_id` int(10) unsigned NOT NULL AUTO_INCREMENT COMMENT 'Role ID',
  `parent_id` int(10) unsigned NOT NULL DEFAULT '0' COMMENT 'Parent Role ID',
  `tree_level` smallint(5) unsigned NOT NULL DEFAULT '0' COMMENT 'Role Tree Level',
  `sort_order` smallint(5) unsigned NOT NULL DEFAULT '0' COMMENT 'Role Sort Order',
  `role_type` varchar(1) NOT NULL DEFAULT '0' COMMENT 'Role Type',
  `user_id` int(10) unsigned NOT NULL DEFAULT '0' COMMENT 'User ID',
  `user_type` varchar(16) DEFAULT NULL COMMENT 'User Type',
  `role_name` varchar(50) DEFAULT NULL COMMENT 'Role Name',
  PRIMARY KEY (`role_id`),
  KEY `AUTHORIZATION_ROLE_PARENT_ID_SORT_ORDER` (`parent_id`,`sort_order`),
  KEY `AUTHORIZATION_ROLE_TREE_LEVEL` (`tree_level`)
) ENGINE=InnoDB AUTO_INCREMENT=31 DEFAULT CHARSET=utf8 COMMENT='Admin Role Table';

--
-- Dumping data for table `authorization_role`
--

INSERT INTO `authorization_role` VALUES (1,0,1,1,'G',0,'2','Administrators'),(7,0,1,0,'U',1,'1','11'),(8,0,1,0,'G',0,'2','Logistic Team'),(11,1,2,0,'U',5,'2','Admin'),(12,0,1,0,'U',2,'1','12'),(15,1,2,0,'U',2,'2','Adminnew'),(16,1,2,0,'U',8,'2','Hoshan'),(18,1,2,0,'U',9,'2','Venkat'),(22,8,2,0,'U',12,'2','Anurag'),(23,1,2,0,'U',7,'2','FAI'),(24,1,2,0,'U',1,'2','Magento'),(25,1,2,0,'U',10,'2','Abdurlahman'),(27,1,2,0,'U',11,'2','Fay'),(28,1,2,0,'U',6,'2','Abdulrahman'),(29,0,1,0,'G',0,'2','Customer Service'),(30,1,2,0,'U',13,'2','devweb');

--
-- Table structure for table `authorization_rule`
--

CREATE TABLE `authorization_rule` (
  `rule_id` int(10) unsigned NOT NULL AUTO_INCREMENT COMMENT 'Rule ID',
  `role_id` int(10) unsigned NOT NULL DEFAULT '0' COMMENT 'Role ID',
  `resource_id` varchar(255) DEFAULT NULL COMMENT 'Resource ID',
  `privileges` varchar(20) DEFAULT NULL COMMENT 'Privileges',
  `permission` varchar(10) DEFAULT NULL COMMENT 'Permission',
  PRIMARY KEY (`rule_id`),
  KEY `AUTHORIZATION_RULE_RESOURCE_ID_ROLE_ID` (`resource_id`,`role_id`),
  KEY `AUTHORIZATION_RULE_ROLE_ID_RESOURCE_ID` (`role_id`,`resource_id`),
  CONSTRAINT `AUTHORIZATION_RULE_ROLE_ID_AUTHORIZATION_ROLE_ROLE_ID` FOREIGN KEY (`role_id`) REFERENCES `authorization_role` (`role_id`) ON DELETE CASCADE
) ENGINE=InnoDB AUTO_INCREMENT=3038 DEFAULT CHARSET=utf8 COMMENT='Admin Rule Table';

--
-- Dumping data for table `authorization_rule`
--

INSERT INTO `authorization_rule` VALUES (1,1,'Magento_Backend::all',NULL,'allow'),(2,7,'Magento_Backend::all',NULL,'allow'),(2018,8,'Magento_Backend::all',NULL,'deny'),(2019,8,'Magento_Backend::admin',NULL,'allow'),(2020,8,'Swissup_Core::swissup',NULL,'deny'),(2021,8,'Swissup_Core::services',NULL,'deny'),(2022,8,'Swissup_Core::installer_index',NULL,'deny'),(2023,8,'Swissup_Core::installer_form',NULL,'deny'),(2024,8,'Swissup_Core::installer_install',NULL,'deny'),(2025,8,'Swissup_Core::installer_upgrade',NULL,'deny'),(2026,8,'Swissup_Core::general',NULL,'deny'),(2027,8,'Swissup_Testimonials::testimonials',NULL,'deny'),(2028,8,'Swissup_Testimonials::save',NULL,'deny'),(2029,8,'Swissup_Testimonials::delete',NULL,'deny'),(2030,8,'Swissup_Testimonials::approve',NULL,'deny'),(2031,8,'Magento_Backend::dashboard',NULL,'deny'),(2032,8,'Ideo_Core::configuration',NULL,'deny'),(2033,8,'Ideo_StoreLocator::configuration',NULL,'deny'),(2034,8,'Ideo_StoreLocator::stores',NULL,'deny'),(2035,8,'Ideo_StoreLocator::categories',NULL,'deny'),(2036,8,'Tawk_Widget::tawk',NULL,'deny'),(2037,8,'Tawk_Widget::tawk_choose_widget',NULL,'deny'),(2038,8,'Tawk_Widget::tawk_go_to_dashboard',NULL,'deny'),(2039,8,'Magento_Analytics::analytics',NULL,'deny'),(2040,8,'Magento_Analytics::analytics_api',NULL,'deny'),(2041,8,'MGS_Brand::brand',NULL,'deny'),(2042,8,'MGS_Brand::manage_brand',NULL,'deny'),(2043,8,'MGS_Brand::edit_brand',NULL,'deny'),(2044,8,'MGS_Brand::save_brand',NULL,'deny'),(2045,8,'MGS_Brand::delete_brand',NULL,'deny'),(2046,8,'Magento_Sales::sales',NULL,'allow'),(2047,8,'Magento_Sales::sales_operation',NULL,'allow'),(2048,8,'Magento_Sales::sales_order',NULL,'allow'),(2049,8,'Magento_Sales::actions',NULL,'allow'),(2050,8,'Magento_Sales::create',NULL,'deny'),(2051,8,'Magento_Sales::actions_view',NULL,'allow'),(2052,8,'Magento_Sales::email',NULL,'deny'),(2053,8,'Magento_Sales::reorder',NULL,'deny'),(2054,8,'Magento_Sales::actions_edit',NULL,'deny'),(2055,8,'Magento_Sales::cancel',NULL,'allow'),(2056,8,'Magento_Sales::review_payment',NULL,'allow'),(2057,8,'Magento_Sales::capture',NULL,'allow'),(2058,8,'Magento_Sales::invoice',NULL,'allow'),(2059,8,'Magento_Sales::creditmemo',NULL,'allow'),(2060,8,'Magento_Sales::hold',NULL,'allow'),(2061,8,'Magento_Sales::unhold',NULL,'allow'),(2062,8,'Magento_Sales::ship',NULL,'allow'),(2063,8,'Magento_Sales::comment',NULL,'allow'),(2064,8,'Magento_Sales::emails',NULL,'allow'),(2065,8,'Magento_Paypal::authorization',NULL,'deny'),(2066,8,'Magento_Sales::sales_invoice',NULL,'deny'),(2067,8,'Magento_Sales::shipment',NULL,'allow'),(2068,8,'Magento_Sales::sales_creditmemo',NULL,'deny'),(2069,8,'Magento_Paypal::billing_agreement',NULL,'deny'),(2070,8,'Magento_Paypal::billing_agreement_actions',NULL,'deny'),(2071,8,'Magento_Paypal::billing_agreement_actions_view',NULL,'deny'),(2072,8,'Magento_Paypal::actions_manage',NULL,'deny'),(2073,8,'Magento_Paypal::use',NULL,'deny'),(2074,8,'Magento_Sales::transactions',NULL,'deny'),(2075,8,'Magento_Sales::transactions_fetch',NULL,'deny'),(2076,8,'Ambab_Services::service_calls',NULL,'deny'),(2077,8,'Ambab_Services::service_calls_post',NULL,'deny'),(2078,8,'Ambab_Services::service_calls_save',NULL,'deny'),(2079,8,'Ambab_Services::service_calls_post_delete',NULL,'deny'),(2080,8,'Ambab_Services::service_plans',NULL,'deny'),(2081,8,'Ambab_Services::service_plans_post',NULL,'deny'),(2082,8,'Ambab_Services::service_plans_save',NULL,'deny'),(2083,8,'Ambab_Services::service_plans_post_delete',NULL,'deny'),(2084,8,'Magento_Catalog::catalog',NULL,'deny'),(2085,8,'Magento_Catalog::catalog_inventory',NULL,'deny'),(2086,8,'Magento_Catalog::products',NULL,'deny'),(2087,8,'Magento_Catalog::update_attributes',NULL,'deny'),(2088,8,'Magento_Catalog::edit_product_design',NULL,'deny'),(2089,8,'Magento_Catalog::categories',NULL,'deny'),(2090,8,'Magento_Catalog::edit_category_design',NULL,'deny'),(2091,8,'Magento_Customer::customer',NULL,'deny'),(2092,8,'Magento_Customer::manage',NULL,'deny'),(2093,8,'Magento_Customer::actions',NULL,'deny'),(2094,8,'Magento_Customer::delete',NULL,'deny'),(2095,8,'Magento_Customer::reset_password',NULL,'deny'),(2096,8,'Magento_Customer::invalidate_tokens',NULL,'deny'),(2097,8,'Magento_Customer::online',NULL,'deny'),(2098,8,'Magento_Customer::group',NULL,'deny'),(2099,8,'Magento_LoginAsCustomer::login',NULL,'deny'),(2100,8,'Magento_LoginAsCustomer::login_button',NULL,'deny'),(2101,8,'Magento_LoginAsCustomerLog::login_log',NULL,'deny'),(2102,8,'Magento_Cart::cart',NULL,'deny'),(2103,8,'Magento_Cart::manage',NULL,'deny'),(2104,8,'Magento_Backend::marketing',NULL,'deny'),(2105,8,'Magento_CatalogRule::promo',NULL,'deny'),(2106,8,'Magento_CatalogRule::promo_catalog',NULL,'deny'),(2107,8,'Magento_SalesRule::quote',NULL,'deny'),(2108,8,'Dotdigitalgroup_Email::automation',NULL,'deny'),(2109,8,'Dotdigitalgroup_Email::automation_studio',NULL,'deny'),(2110,8,'Dotdigitalgroup_Chat::config',NULL,'deny'),(2111,8,'Dotdigitalgroup_Email::exclusion_rules',NULL,'deny'),(2112,8,'Mageplaza_Smtp::email_marketing_menu',NULL,'deny'),(2113,8,'Magento_Backend::marketing_communications',NULL,'deny'),(2114,8,'Magento_Email::template',NULL,'deny'),(2115,8,'Magento_Newsletter::template',NULL,'deny'),(2116,8,'Magento_Newsletter::queue',NULL,'deny'),(2117,8,'Magento_Newsletter::subscriber',NULL,'deny'),(2118,8,'Magento_Backend::marketing_seo',NULL,'deny'),(2119,8,'Magento_Search::search',NULL,'deny'),(2120,8,'Magento_Search::synonyms',NULL,'deny'),(2121,8,'Magento_UrlRewrite::urlrewrite',NULL,'deny'),(2122,8,'Magento_Sitemap::sitemap',NULL,'deny'),(2123,8,'Magento_Backend::marketing_user_content',NULL,'deny'),(2124,8,'Magento_Review::reviews_all',NULL,'deny'),(2125,8,'Magento_Review::pending',NULL,'deny'),(2126,8,'Yotpo_Yotpo::yotpo_report_reviews',NULL,'deny'),(2127,8,'Magento_Backend::myaccount',NULL,'deny'),(2128,8,'Mageplaza_Core::menu',NULL,'deny'),(2129,8,'Mageplaza_Smtp::smtp',NULL,'deny'),(2130,8,'Mageplaza_Smtp::log',NULL,'deny'),(2131,8,'Mageplaza_Smtp::abandoned_cart',NULL,'deny'),(2132,8,'Mageplaza_Core::documentation',NULL,'deny'),(2133,8,'Mageplaza_Core::userguide',NULL,'deny'),(2134,8,'Mageplaza_Core::activate',NULL,'deny'),(2135,8,'Magento_Backend::content',NULL,'deny'),(2136,8,'Magento_Backend::content_elements',NULL,'deny'),(2137,8,'Magento_Cms::page',NULL,'deny'),(2138,8,'Magento_Cms::save',NULL,'deny'),(2139,8,'Magento_Cms::save_design',NULL,'deny'),(2140,8,'Magento_Cms::page_delete',NULL,'deny'),(2141,8,'Magento_Cms::block',NULL,'deny'),(2142,8,'Magento_Widget::widget_instance',NULL,'deny'),(2143,8,'Magento_Cms::media_gallery',NULL,'deny'),(2144,8,'Magento_AdobeStockImageAdminUi::media_gallery',NULL,'deny'),(2145,8,'Magento_AdobeStockImageAdminUi::save_preview_images',NULL,'deny'),(2146,8,'Magento_AdobeStockImageAdminUi::license_images',NULL,'deny'),(2147,8,'Magento_Backend::design',NULL,'deny'),(2148,8,'Magento_Theme::theme',NULL,'deny'),(2149,8,'Magento_Backend::schedule',NULL,'deny'),(2150,8,'Mageplaza_Blog::blog',NULL,'deny'),(2151,8,'Mageplaza_Blog::post',NULL,'deny'),(2152,8,'Mageplaza_Blog::tag',NULL,'deny'),(2153,8,'Mageplaza_Blog::topic',NULL,'deny'),(2154,8,'Mageplaza_Blog::category',NULL,'deny'),(2155,8,'Mageplaza_Blog::author',NULL,'deny'),(2156,8,'Mageplaza_Blog::comment',NULL,'deny'),(2157,8,'Mageplaza_Blog::import',NULL,'deny'),(2158,8,'Magento_Backend::content_translation',NULL,'deny'),(2159,8,'Magento_Reports::report',NULL,'deny'),(2160,8,'Dotdigitalgroup_Email::reports',NULL,'deny'),(2161,8,'Dotdigitalgroup_Email::contact',NULL,'deny'),(2162,8,'Dotdigitalgroup_Email::order',NULL,'deny'),(2163,8,'Dotdigitalgroup_Email::review',NULL,'deny'),(2164,8,'Dotdigitalgroup_Email::wishlist',NULL,'deny'),(2165,8,'Dotdigitalgroup_Email::catalog',NULL,'deny'),(2166,8,'Dotdigitalgroup_Email::importer',NULL,'deny'),(2167,8,'Dotdigitalgroup_Email::campaign',NULL,'deny'),(2168,8,'Dotdigitalgroup_Email::cron',NULL,'deny'),(2169,8,'Dotdigitalgroup_Email::dashboard',NULL,'deny'),(2170,8,'Dotdigitalgroup_Email::automation_enrollment',NULL,'deny'),(2171,8,'Dotdigitalgroup_Email::logviewer',NULL,'deny'),(2172,8,'Dotdigitalgroup_Email::abandoned',NULL,'deny'),(2173,8,'Magento_Reports::report_marketing',NULL,'deny'),(2174,8,'Magento_Reports::shopcart',NULL,'deny'),(2175,8,'Magento_Reports::product',NULL,'deny'),(2176,8,'Magento_Reports::abandoned',NULL,'deny'),(2177,8,'Magento_Reports::report_search',NULL,'deny'),(2178,8,'Magento_Newsletter::problem',NULL,'deny'),(2179,8,'Magento_Reports::review',NULL,'deny'),(2180,8,'Magento_Reports::review_customer',NULL,'deny'),(2181,8,'Magento_Reports::review_product',NULL,'deny'),(2182,8,'Yotpo_Yotpo::yotpo_reviews_external',NULL,'deny'),(2183,8,'Magento_Reports::salesroot',NULL,'deny'),(2184,8,'Magento_Reports::salesroot_sales',NULL,'deny'),(2185,8,'Magento_Reports::tax',NULL,'deny'),(2186,8,'Magento_Reports::invoiced',NULL,'deny'),(2187,8,'Magento_Reports::shipping',NULL,'deny'),(2188,8,'Magento_Reports::refunded',NULL,'deny'),(2189,8,'Magento_Reports::coupons',NULL,'deny'),(2190,8,'Magento_Paypal::paypal_settlement_reports',NULL,'deny'),(2191,8,'Magento_Paypal::paypal_settlement_reports_view',NULL,'deny'),(2192,8,'Magento_Paypal::fetch',NULL,'deny'),(2193,8,'PayPal_Braintree::settlement_report',NULL,'deny'),(2194,8,'Magento_Reports::customers',NULL,'deny'),(2195,8,'Magento_Reports::totals',NULL,'deny'),(2196,8,'Magento_Reports::customers_orders',NULL,'deny'),(2197,8,'Magento_Reports::accounts',NULL,'deny'),(2198,8,'Magento_Reports::report_products',NULL,'deny'),(2199,8,'Magento_Reports::viewed',NULL,'deny'),(2200,8,'Magento_Reports::bestsellers',NULL,'deny'),(2201,8,'Magento_Reports::lowstock',NULL,'deny'),(2202,8,'Magento_Reports::sold',NULL,'deny'),(2203,8,'Magento_Reports::downloads',NULL,'deny'),(2204,8,'Magento_Reports::statistics',NULL,'deny'),(2205,8,'Magento_Reports::statistics_refresh',NULL,'deny'),(2206,8,'Magento_Analytics::business_intelligence',NULL,'deny'),(2207,8,'Magento_Analytics::advanced_reporting',NULL,'deny'),(2208,8,'Magento_Analytics::bi_essentials',NULL,'deny'),(2209,8,'Yotpo_Yotpo::yotpo_analytics_external',NULL,'deny'),(2210,8,'Magento_Backend::stores',NULL,'deny'),(2211,8,'Magento_Backend::stores_settings',NULL,'deny'),(2212,8,'Magento_Backend::store',NULL,'deny'),(2213,8,'Magento_Config::config',NULL,'deny'),(2214,8,'Magento_LoginAsCustomer::config_section',NULL,'deny'),(2215,8,'Magento_CatalogInventory::cataloginventory',NULL,'deny'),(2216,8,'Dotdigitalgroup_Email::config',NULL,'deny'),(2217,8,'MGS_Core::config',NULL,'deny'),(2218,8,'Magento_Newsletter::newsletter',NULL,'deny'),(2219,8,'Mageplaza_Blog::configuration',NULL,'deny'),(2220,8,'MGS_Brand::config_brand',NULL,'deny'),(2221,8,'Magento_Downloadable::downloadable',NULL,'deny'),(2222,8,'Magento_Contact::contact',NULL,'deny'),(2223,8,'Magento_Payment::payment_services',NULL,'deny'),(2224,8,'Magento_Payment::payment',NULL,'deny'),(2225,8,'Magento_GoogleAnalytics::google',NULL,'deny'),(2226,8,'Magento_Catalog::config_catalog',NULL,'deny'),(2227,8,'Magento_CatalogSearch::config_catalog_search',NULL,'deny'),(2228,8,'Mageplaza_Smtp::configuration',NULL,'deny'),(2229,8,'MobiSms_Notify::sms_config',NULL,'deny'),(2230,8,'Magento_Cms::config_cms',NULL,'deny'),(2231,8,'Mageplaza_SocialShare::configuration',NULL,'deny'),(2232,8,'Mageplaza_Smtp::email_marketing',NULL,'deny'),(2233,8,'Ibnab_MegaMenu::ibnab_mega_config',NULL,'deny'),(2234,8,'Magento_Shipping::config_shipping',NULL,'deny'),(2235,8,'Magento_Shipping::shipping_policy',NULL,'deny'),(2236,8,'Magento_Shipping::carriers',NULL,'deny'),(2237,8,'Magento_Multishipping::config_multishipping',NULL,'deny'),(2238,8,'Mageplaza_Core::marketplace',NULL,'deny'),(2239,8,'Mageplaza_Core::configuration',NULL,'deny'),(2240,8,'Magento_Securitytxt::config',NULL,'deny'),(2241,8,'Magento_ReCaptchaUi::config',NULL,'deny'),(2242,8,'Magento_Config::config_general',NULL,'deny'),(2243,8,'Magento_Config::web',NULL,'deny'),(2244,8,'Magento_Config::config_design',NULL,'deny'),(2245,8,'Magento_Customer::config_customer',NULL,'deny'),(2246,8,'Magenman_Mobilelogin::config',NULL,'deny'),(2247,8,'Webkul_GoogleMapPinAddress::config',NULL,'deny'),(2248,8,'Magento_Paypal::paypal',NULL,'deny'),(2249,8,'Magento_Tax::config_tax',NULL,'deny'),(2250,8,'Magento_Checkout::checkout',NULL,'deny'),(2251,8,'Magento_Persistent::persistent',NULL,'deny'),(2252,8,'Magento_Sales::config_sales',NULL,'deny'),(2253,8,'Magento_Sales::sales_email',NULL,'deny'),(2254,8,'Magento_Sales::sales_pdf',NULL,'deny'),(2255,8,'Magento_Sitemap::config_sitemap',NULL,'deny'),(2256,8,'Magento_Reports::reports',NULL,'deny'),(2257,8,'Yotpo_Core::config',NULL,'deny'),(2258,8,'Yotpo_Yotpo::config',NULL,'deny'),(2259,8,'Magento_Wishlist::config_wishlist',NULL,'deny'),(2260,8,'Magento_Config::config_system',NULL,'deny'),(2261,8,'Magento_SalesRule::config_promo',NULL,'deny'),(2262,8,'Magento_Config::trans_email',NULL,'deny'),(2263,8,'Magento_Config::config_admin',NULL,'deny'),(2264,8,'Magento_Config::dev',NULL,'deny'),(2265,8,'Magento_Config::currency',NULL,'deny'),(2266,8,'Magento_Rss::rss',NULL,'deny'),(2267,8,'Magento_Config::sendfriend',NULL,'deny'),(2268,8,'Magento_Analytics::analytics_settings',NULL,'deny'),(2269,8,'Swissup_Core::swissup_config',NULL,'deny'),(2270,8,'Swissup_Core::core_config',NULL,'deny'),(2271,8,'Swissup_Testimonials::config_testimonials',NULL,'deny'),(2272,8,'Magento_NewRelicReporting::config_newrelicreporting',NULL,'deny'),(2273,8,'Manadev_Core::global_configuration',NULL,'deny'),(2274,8,'Magento_CheckoutAgreements::checkoutagreement',NULL,'deny'),(2275,8,'Magento_Sales::order_statuses',NULL,'deny'),(2276,8,'Magento_InventoryApi::inventory',NULL,'deny'),(2277,8,'Magento_InventoryApi::source',NULL,'deny'),(2278,8,'Magento_InventoryApi::source_edit',NULL,'deny'),(2279,8,'Magento_InventoryApi::stock',NULL,'deny'),(2280,8,'Magento_InventoryApi::stock_edit',NULL,'deny'),(2281,8,'Magento_InventoryApi::stock_delete',NULL,'deny'),(2282,8,'Magento_InventoryApi::stock_source_link',NULL,'deny'),(2283,8,'Magento_InventoryInStorePickupApi::inStorePickup',NULL,'deny'),(2284,8,'Magento_InventoryInStorePickupApi::notify_orders_are_ready_for_pickup',NULL,'deny'),(2285,8,'Magento_InventorySalesApi::stock',NULL,'deny'),(2286,8,'Magento_Tax::manage_tax',NULL,'deny'),(2287,8,'Magento_CurrencySymbol::system_currency',NULL,'deny'),(2288,8,'Magento_CurrencySymbol::currency_rates',NULL,'deny'),(2289,8,'Magento_CurrencySymbol::symbols',NULL,'deny'),(2290,8,'Magento_Backend::stores_attributes',NULL,'deny'),(2291,8,'Magento_Catalog::attributes_attributes',NULL,'deny'),(2292,8,'Magento_Catalog::sets',NULL,'deny'),(2293,8,'Magento_Review::ratings',NULL,'deny'),(2294,8,'Magento_Swatches::iframe',NULL,'deny'),(2295,8,'Magento_Backend::stores_other_settings',NULL,'deny'),(2296,8,'Magento_Backend::system',NULL,'deny'),(2297,8,'Magento_AdobeIms::adobe_ims',NULL,'deny'),(2298,8,'Magento_AdobeIms::actions',NULL,'deny'),(2299,8,'Magento_AdobeIms::login',NULL,'deny'),(2300,8,'Magento_AdobeIms::logout',NULL,'deny'),(2301,8,'Magento_AdobeStockAsset::adobe_stock_asset',NULL,'deny'),(2302,8,'Magento_AdobeStockAsset::actions',NULL,'deny'),(2303,8,'Magento_AdobeStockAsset::actions_delete',NULL,'deny'),(2304,8,'Magento_AdobeStockAsset::actions_save',NULL,'deny'),(2305,8,'Magento_AdobeStockAsset::actions_view',NULL,'deny'),(2306,8,'Magento_AdobeStockAsset::actions_get',NULL,'deny'),(2307,8,'Magento_Backend::convert',NULL,'deny'),(2308,8,'Magento_ImportExport::import',NULL,'deny'),(2309,8,'Magento_ImportExport::export',NULL,'deny'),(2310,8,'Magento_TaxImportExport::import_export',NULL,'deny'),(2311,8,'MageModule_OrderImportExport::import_export',NULL,'deny'),(2312,8,'MageModule_OrderImportExport::import',NULL,'deny'),(2313,8,'MageModule_OrderImportExport::export',NULL,'deny'),(2314,8,'Magento_ImportExport::history',NULL,'deny'),(2315,8,'Magento_Backend::extensions',NULL,'deny'),(2316,8,'Magento_Backend::local',NULL,'deny'),(2317,8,'Magento_Backend::custom',NULL,'deny'),(2318,8,'Magento_Integration::extensions',NULL,'deny'),(2319,8,'Magento_Integration::integrations',NULL,'deny'),(2320,8,'Magento_Backend::tools',NULL,'deny'),(2321,8,'Magento_Backend::cache',NULL,'deny'),(2322,8,'Magento_Backend::main_actions',NULL,'deny'),(2323,8,'Magento_Backend::flush_cache_storage',NULL,'deny'),(2324,8,'Magento_Backend::flush_magento_cache',NULL,'deny'),(2325,8,'Magento_Backend::mass_actions',NULL,'deny'),(2326,8,'Magento_Backend::toggling_cache_type',NULL,'deny'),(2327,8,'Magento_Backend::refresh_cache_type',NULL,'deny'),(2328,8,'Magento_Backend::additional_cache_management',NULL,'deny'),(2329,8,'Magento_Backend::flush_catalog_images',NULL,'deny'),(2330,8,'Magento_Backend::flush_js_css',NULL,'deny'),(2331,8,'Magento_Backend::flush_static_files',NULL,'deny'),(2332,8,'Magento_Backup::backup',NULL,'deny'),(2333,8,'Magento_Backup::rollback',NULL,'deny'),(2334,8,'Magento_Indexer::index',NULL,'deny'),(2335,8,'Magento_Indexer::changeMode',NULL,'deny'),(2336,8,'Magento_Indexer::invalidate',NULL,'deny'),(2337,8,'Magento_User::acl',NULL,'deny'),(2338,8,'Magento_User::acl_users',NULL,'deny'),(2339,8,'Magento_User::locks',NULL,'deny'),(2340,8,'Magento_User::acl_roles',NULL,'deny'),(2341,8,'Magento_Logging::magento_logging',NULL,'deny'),(2342,8,'Magento_Logging::magento_logging_events',NULL,'deny'),(2343,8,'Magento_Logging::system_magento_logging_bulk_operations',NULL,'deny'),(2344,8,'Magento_Backend::system_other_settings',NULL,'deny'),(2345,8,'Magento_AdminNotification::adminnotification',NULL,'deny'),(2346,8,'Magento_AdminNotification::show_toolbar',NULL,'deny'),(2347,8,'Magento_AdminNotification::show_list',NULL,'deny'),(2348,8,'Magento_AdminNotification::mark_as_read',NULL,'deny'),(2349,8,'Magento_AdminNotification::adminnotification_remove',NULL,'deny'),(2350,8,'Magento_Variable::variable',NULL,'deny'),(2351,8,'Magento_EncryptionKey::crypt_key',NULL,'deny'),(2352,8,'Magento_Backend::global_search',NULL,'deny'),(2353,8,'Manadev_Core::manadev',NULL,'deny'),(2354,8,'Manadev_Core::general',NULL,'deny'),(2355,8,'Manadev_Core::extension_control',NULL,'deny'),(2356,8,'MobiSms_Notify::sms',NULL,'deny'),(2357,8,'MobiSms_Notify::config',NULL,'deny'),(2358,12,'Magento_Backend::all',NULL,'deny'),(2359,12,'Magento_Backend::admin',NULL,'allow'),(2360,12,'Swissup_Core::swissup',NULL,'deny'),(2361,12,'Swissup_Core::services',NULL,'deny'),(2362,12,'Swissup_Core::installer_index',NULL,'deny'),(2363,12,'Swissup_Core::installer_form',NULL,'deny'),(2364,12,'Swissup_Core::installer_install',NULL,'deny'),(2365,12,'Swissup_Core::installer_upgrade',NULL,'deny'),(2366,12,'Swissup_Core::general',NULL,'deny'),(2367,12,'Swissup_Testimonials::testimonials',NULL,'deny'),(2368,12,'Swissup_Testimonials::save',NULL,'deny'),(2369,12,'Swissup_Testimonials::delete',NULL,'deny'),(2370,12,'Swissup_Testimonials::approve',NULL,'deny'),(2371,12,'Magento_Backend::dashboard',NULL,'deny'),(2372,12,'Ideo_Core::configuration',NULL,'deny'),(2373,12,'Ideo_StoreLocator::configuration',NULL,'deny'),(2374,12,'Ideo_StoreLocator::stores',NULL,'deny'),(2375,12,'Ideo_StoreLocator::categories',NULL,'deny'),(2376,12,'Tawk_Widget::tawk',NULL,'deny'),(2377,12,'Tawk_Widget::tawk_choose_widget',NULL,'deny'),(2378,12,'Tawk_Widget::tawk_go_to_dashboard',NULL,'deny'),(2379,12,'Magento_Analytics::analytics',NULL,'allow'),(2380,12,'Magento_Analytics::analytics_api',NULL,'allow'),(2381,12,'MGS_Brand::brand',NULL,'deny'),(2382,12,'MGS_Brand::manage_brand',NULL,'deny'),(2383,12,'MGS_Brand::edit_brand',NULL,'deny'),(2384,12,'MGS_Brand::save_brand',NULL,'deny'),(2385,12,'MGS_Brand::delete_brand',NULL,'deny'),(2386,12,'Magento_Sales::sales',NULL,'deny'),(2387,12,'Magento_Sales::sales_operation',NULL,'deny'),(2388,12,'Magento_Sales::sales_order',NULL,'deny'),(2389,12,'Magento_Sales::actions',NULL,'deny'),(2390,12,'Magento_Sales::create',NULL,'deny'),(2391,12,'Magento_Sales::actions_view',NULL,'deny'),(2392,12,'Magento_Sales::email',NULL,'deny'),(2393,12,'Magento_Sales::reorder',NULL,'deny'),(2394,12,'Magento_Sales::actions_edit',NULL,'deny'),(2395,12,'Magento_Sales::cancel',NULL,'deny'),(2396,12,'Magento_Sales::review_payment',NULL,'deny'),(2397,12,'Magento_Sales::capture',NULL,'deny'),(2398,12,'Magento_Sales::invoice',NULL,'deny'),(2399,12,'Magento_Sales::creditmemo',NULL,'deny'),(2400,12,'Magento_Sales::hold',NULL,'deny'),(2401,12,'Magento_Sales::unhold',NULL,'deny'),(2402,12,'Magento_Sales::ship',NULL,'deny'),(2403,12,'Magento_Sales::comment',NULL,'deny'),(2404,12,'Magento_Sales::emails',NULL,'deny'),(2405,12,'Magento_Paypal::authorization',NULL,'deny'),(2406,12,'Magento_Sales::sales_invoice',NULL,'deny'),(2407,12,'Magento_Sales::shipment',NULL,'deny'),(2408,12,'Magento_Sales::sales_creditmemo',NULL,'deny'),(2409,12,'Magento_Paypal::billing_agreement',NULL,'deny'),(2410,12,'Magento_Paypal::billing_agreement_actions',NULL,'deny'),(2411,12,'Magento_Paypal::billing_agreement_actions_view',NULL,'deny'),(2412,12,'Magento_Paypal::actions_manage',NULL,'deny'),(2413,12,'Magento_Paypal::use',NULL,'deny'),(2414,12,'Magento_Sales::transactions',NULL,'deny'),(2415,12,'Magento_Sales::transactions_fetch',NULL,'deny'),(2416,12,'Ambab_Services::service_calls',NULL,'deny'),(2417,12,'Ambab_Services::service_calls_post',NULL,'deny'),(2418,12,'Ambab_Services::service_calls_save',NULL,'deny'),(2419,12,'Ambab_Services::service_calls_post_delete',NULL,'deny'),(2420,12,'Ambab_Services::service_plans',NULL,'deny'),(2421,12,'Ambab_Services::service_plans_post',NULL,'deny'),(2422,12,'Ambab_Services::service_plans_save',NULL,'deny'),(2423,12,'Ambab_Services::service_plans_post_delete',NULL,'deny'),(2424,12,'Magento_Catalog::catalog',NULL,'deny'),(2425,12,'Magento_Catalog::catalog_inventory',NULL,'deny'),(2426,12,'Magento_Catalog::products',NULL,'deny'),(2427,12,'Magento_Catalog::update_attributes',NULL,'deny'),(2428,12,'Magento_Catalog::edit_product_design',NULL,'deny'),(2429,12,'Magento_Catalog::categories',NULL,'deny'),(2430,12,'Magento_Catalog::edit_category_design',NULL,'deny'),(2431,12,'Magento_Customer::customer',NULL,'deny'),(2432,12,'Magento_Customer::manage',NULL,'deny'),(2433,12,'Magento_Customer::actions',NULL,'deny'),(2434,12,'Magento_Customer::delete',NULL,'deny'),(2435,12,'Magento_Customer::reset_password',NULL,'deny'),(2436,12,'Magento_Customer::invalidate_tokens',NULL,'deny'),(2437,12,'Magento_Customer::online',NULL,'deny'),(2438,12,'Magento_Customer::group',NULL,'deny'),(2439,12,'Magento_LoginAsCustomer::login',NULL,'deny'),(2440,12,'Magento_LoginAsCustomer::login_button',NULL,'deny'),(2441,12,'Magento_LoginAsCustomerLog::login_log',NULL,'deny'),(2442,12,'Magento_Cart::cart',NULL,'deny'),(2443,12,'Magento_Cart::manage',NULL,'deny'),(2444,12,'Magento_Backend::marketing',NULL,'deny'),(2445,12,'Magento_CatalogRule::promo',NULL,'deny'),(2446,12,'Magento_CatalogRule::promo_catalog',NULL,'deny'),(2447,12,'Magento_SalesRule::quote',NULL,'deny'),(2448,12,'Dotdigitalgroup_Email::automation',NULL,'deny'),(2449,12,'Dotdigitalgroup_Email::automation_studio',NULL,'deny'),(2450,12,'Dotdigitalgroup_Chat::config',NULL,'deny'),(2451,12,'Dotdigitalgroup_Email::exclusion_rules',NULL,'deny'),(2452,12,'Mageplaza_Smtp::email_marketing_menu',NULL,'deny'),(2453,12,'Magento_Backend::marketing_communications',NULL,'deny'),(2454,12,'Magento_Email::template',NULL,'deny'),(2455,12,'Magento_Newsletter::template',NULL,'deny'),(2456,12,'Magento_Newsletter::queue',NULL,'deny'),(2457,12,'Magento_Newsletter::subscriber',NULL,'deny'),(2458,12,'Magento_Backend::marketing_seo',NULL,'deny'),(2459,12,'Magento_Search::search',NULL,'deny'),(2460,12,'Magento_Search::synonyms',NULL,'deny'),(2461,12,'Magento_UrlRewrite::urlrewrite',NULL,'deny'),(2462,12,'Magento_Sitemap::sitemap',NULL,'deny'),(2463,12,'Magento_Backend::marketing_user_content',NULL,'deny'),(2464,12,'Magento_Review::reviews_all',NULL,'deny'),(2465,12,'Magento_Review::pending',NULL,'deny'),(2466,12,'Yotpo_Yotpo::yotpo_report_reviews',NULL,'deny'),(2467,12,'Magento_Backend::myaccount',NULL,'deny'),(2468,12,'Mageplaza_Core::menu',NULL,'deny'),(2469,12,'Mageplaza_Smtp::smtp',NULL,'deny'),(2470,12,'Mageplaza_Smtp::log',NULL,'deny'),(2471,12,'Mageplaza_Smtp::abandoned_cart',NULL,'deny'),(2472,12,'Mageplaza_Core::documentation',NULL,'deny'),(2473,12,'Mageplaza_Core::userguide',NULL,'deny'),(2474,12,'Mageplaza_Core::activate',NULL,'deny'),(2475,12,'Magento_Backend::content',NULL,'deny'),(2476,12,'Magento_Backend::content_elements',NULL,'deny'),(2477,12,'Magento_Cms::page',NULL,'deny'),(2478,12,'Magento_Cms::save',NULL,'deny'),(2479,12,'Magento_Cms::save_design',NULL,'deny'),(2480,12,'Magento_Cms::page_delete',NULL,'deny'),(2481,12,'Magento_Cms::block',NULL,'deny'),(2482,12,'Magento_Widget::widget_instance',NULL,'deny'),(2483,12,'Magento_Cms::media_gallery',NULL,'deny'),(2484,12,'Magento_AdobeStockImageAdminUi::media_gallery',NULL,'deny'),(2485,12,'Magento_AdobeStockImageAdminUi::save_preview_images',NULL,'deny'),(2486,12,'Magento_AdobeStockImageAdminUi::license_images',NULL,'deny'),(2487,12,'Magento_Backend::design',NULL,'deny'),(2488,12,'Magento_Theme::theme',NULL,'deny'),(2489,12,'Magento_Backend::schedule',NULL,'deny'),(2490,12,'Mageplaza_Blog::blog',NULL,'deny'),(2491,12,'Mageplaza_Blog::post',NULL,'deny'),(2492,12,'Mageplaza_Blog::tag',NULL,'deny'),(2493,12,'Mageplaza_Blog::topic',NULL,'deny'),(2494,12,'Mageplaza_Blog::category',NULL,'deny'),(2495,12,'Mageplaza_Blog::author',NULL,'deny'),(2496,12,'Mageplaza_Blog::comment',NULL,'deny'),(2497,12,'Mageplaza_Blog::import',NULL,'deny'),(2498,12,'Magento_Backend::content_translation',NULL,'deny'),(2499,12,'Magento_Reports::report',NULL,'deny'),(2500,12,'Dotdigitalgroup_Email::reports',NULL,'deny'),(2501,12,'Dotdigitalgroup_Email::contact',NULL,'deny'),(2502,12,'Dotdigitalgroup_Email::order',NULL,'deny'),(2503,12,'Dotdigitalgroup_Email::review',NULL,'deny'),(2504,12,'Dotdigitalgroup_Email::wishlist',NULL,'deny'),(2505,12,'Dotdigitalgroup_Email::catalog',NULL,'deny'),(2506,12,'Dotdigitalgroup_Email::importer',NULL,'deny'),(2507,12,'Dotdigitalgroup_Email::campaign',NULL,'deny'),(2508,12,'Dotdigitalgroup_Email::cron',NULL,'deny'),(2509,12,'Dotdigitalgroup_Email::dashboard',NULL,'deny'),(2510,12,'Dotdigitalgroup_Email::automation_enrollment',NULL,'deny'),(2511,12,'Dotdigitalgroup_Email::logviewer',NULL,'deny'),(2512,12,'Dotdigitalgroup_Email::abandoned',NULL,'deny'),(2513,12,'Magento_Reports::report_marketing',NULL,'deny'),(2514,12,'Magento_Reports::shopcart',NULL,'deny'),(2515,12,'Magento_Reports::product',NULL,'deny'),(2516,12,'Magento_Reports::abandoned',NULL,'deny'),(2517,12,'Magento_Reports::report_search',NULL,'deny'),(2518,12,'Magento_Newsletter::problem',NULL,'deny'),(2519,12,'Magento_Reports::review',NULL,'deny'),(2520,12,'Magento_Reports::review_customer',NULL,'deny'),(2521,12,'Magento_Reports::review_product',NULL,'deny'),(2522,12,'Yotpo_Yotpo::yotpo_reviews_external',NULL,'deny'),(2523,12,'Magento_Reports::salesroot',NULL,'deny'),(2524,12,'Magento_Reports::salesroot_sales',NULL,'deny'),(2525,12,'Magento_Reports::tax',NULL,'deny'),(2526,12,'Magento_Reports::invoiced',NULL,'deny'),(2527,12,'Magento_Reports::shipping',NULL,'deny'),(2528,12,'Magento_Reports::refunded',NULL,'deny'),(2529,12,'Magento_Reports::coupons',NULL,'deny'),(2530,12,'Magento_Paypal::paypal_settlement_reports',NULL,'deny'),(2531,12,'Magento_Paypal::paypal_settlement_reports_view',NULL,'deny'),(2532,12,'Magento_Paypal::fetch',NULL,'deny'),(2533,12,'PayPal_Braintree::settlement_report',NULL,'deny'),(2534,12,'Magento_Reports::customers',NULL,'deny'),(2535,12,'Magento_Reports::totals',NULL,'deny'),(2536,12,'Magento_Reports::customers_orders',NULL,'deny'),(2537,12,'Magento_Reports::accounts',NULL,'deny'),(2538,12,'Magento_Reports::report_products',NULL,'deny'),(2539,12,'Magento_Reports::viewed',NULL,'deny'),(2540,12,'Magento_Reports::bestsellers',NULL,'deny'),(2541,12,'Magento_Reports::lowstock',NULL,'deny'),(2542,12,'Magento_Reports::sold',NULL,'deny'),(2543,12,'Magento_Reports::downloads',NULL,'deny'),(2544,12,'Magento_Reports::statistics',NULL,'deny'),(2545,12,'Magento_Reports::statistics_refresh',NULL,'deny'),(2546,12,'Magento_Analytics::business_intelligence',NULL,'deny'),(2547,12,'Magento_Analytics::advanced_reporting',NULL,'deny'),(2548,12,'Magento_Analytics::bi_essentials',NULL,'deny'),(2549,12,'Yotpo_Yotpo::yotpo_analytics_external',NULL,'deny'),(2550,12,'Magento_Backend::stores',NULL,'deny'),(2551,12,'Magento_Backend::stores_settings',NULL,'deny'),(2552,12,'Magento_Backend::store',NULL,'deny'),(2553,12,'Magento_Config::config',NULL,'deny'),(2554,12,'Magento_LoginAsCustomer::config_section',NULL,'deny'),(2555,12,'Magento_CatalogInventory::cataloginventory',NULL,'deny'),(2556,12,'Dotdigitalgroup_Email::config',NULL,'deny'),(2557,12,'MGS_Core::config',NULL,'deny'),(2558,12,'Magento_Newsletter::newsletter',NULL,'deny'),(2559,12,'Mageplaza_Blog::configuration',NULL,'deny'),(2560,12,'MGS_Brand::config_brand',NULL,'deny'),(2561,12,'Magento_Downloadable::downloadable',NULL,'deny'),(2562,12,'Magento_Contact::contact',NULL,'deny'),(2563,12,'Magento_Payment::payment_services',NULL,'deny'),(2564,12,'Magento_Payment::payment',NULL,'deny'),(2565,12,'Magento_GoogleAnalytics::google',NULL,'deny'),(2566,12,'Magento_Catalog::config_catalog',NULL,'deny'),(2567,12,'Magento_CatalogSearch::config_catalog_search',NULL,'deny'),(2568,12,'Mageplaza_Smtp::configuration',NULL,'deny'),(2569,12,'MobiSms_Notify::sms_config',NULL,'deny'),(2570,12,'Magento_Cms::config_cms',NULL,'deny'),(2571,12,'Mageplaza_SocialShare::configuration',NULL,'deny'),(2572,12,'Mageplaza_Smtp::email_marketing',NULL,'deny'),(2573,12,'Ibnab_MegaMenu::ibnab_mega_config',NULL,'deny'),(2574,12,'Magento_Shipping::config_shipping',NULL,'deny'),(2575,12,'Magento_Shipping::shipping_policy',NULL,'deny'),(2576,12,'Magento_Shipping::carriers',NULL,'deny'),(2577,12,'Magento_Multishipping::config_multishipping',NULL,'deny'),(2578,12,'Mageplaza_Core::marketplace',NULL,'deny'),(2579,12,'Mageplaza_Core::configuration',NULL,'deny'),(2580,12,'Magento_Securitytxt::config',NULL,'deny'),(2581,12,'Magento_ReCaptchaUi::config',NULL,'deny'),(2582,12,'Magento_Config::config_general',NULL,'deny'),(2583,12,'Magento_Config::web',NULL,'deny'),(2584,12,'Magento_Config::config_design',NULL,'deny'),(2585,12,'Magento_Customer::config_customer',NULL,'deny'),(2586,12,'Magenman_Mobilelogin::config',NULL,'deny'),(2587,12,'Webkul_GoogleMapPinAddress::config',NULL,'deny'),(2588,12,'Magento_Paypal::paypal',NULL,'deny'),(2589,12,'Magento_Tax::config_tax',NULL,'deny'),(2590,12,'Magento_Checkout::checkout',NULL,'deny'),(2591,12,'Magento_Persistent::persistent',NULL,'deny'),(2592,12,'Magento_Sales::config_sales',NULL,'deny'),(2593,12,'Magento_Sales::sales_email',NULL,'deny'),(2594,12,'Magento_Sales::sales_pdf',NULL,'deny'),(2595,12,'Magento_Sitemap::config_sitemap',NULL,'deny'),(2596,12,'Magento_Reports::reports',NULL,'deny'),(2597,12,'Yotpo_Core::config',NULL,'deny'),(2598,12,'Yotpo_Yotpo::config',NULL,'deny'),(2599,12,'Magento_Wishlist::config_wishlist',NULL,'deny'),(2600,12,'Magento_Config::config_system',NULL,'deny'),(2601,12,'Magento_SalesRule::config_promo',NULL,'deny'),(2602,12,'Magento_Config::trans_email',NULL,'deny'),(2603,12,'Magento_Config::config_admin',NULL,'deny'),(2604,12,'Magento_Config::dev',NULL,'deny'),(2605,12,'Magento_Config::currency',NULL,'deny'),(2606,12,'Magento_Rss::rss',NULL,'deny'),(2607,12,'Magento_Config::sendfriend',NULL,'deny'),(2608,12,'Magento_Analytics::analytics_settings',NULL,'deny'),(2609,12,'Swissup_Core::swissup_config',NULL,'deny'),(2610,12,'Swissup_Core::core_config',NULL,'deny'),(2611,12,'Swissup_Testimonials::config_testimonials',NULL,'deny'),(2612,12,'Magento_NewRelicReporting::config_newrelicreporting',NULL,'deny'),(2613,12,'Manadev_Core::global_configuration',NULL,'deny'),(2614,12,'Magento_CheckoutAgreements::checkoutagreement',NULL,'deny'),(2615,12,'Magento_Sales::order_statuses',NULL,'deny'),(2616,12,'Magento_InventoryApi::inventory',NULL,'deny'),(2617,12,'Magento_InventoryApi::source',NULL,'deny'),(2618,12,'Magento_InventoryApi::source_edit',NULL,'deny'),(2619,12,'Magento_InventoryApi::stock',NULL,'deny'),(2620,12,'Magento_InventoryApi::stock_edit',NULL,'deny'),(2621,12,'Magento_InventoryApi::stock_delete',NULL,'deny'),(2622,12,'Magento_InventoryApi::stock_source_link',NULL,'deny'),(2623,12,'Magento_InventoryInStorePickupApi::inStorePickup',NULL,'deny'),(2624,12,'Magento_InventoryInStorePickupApi::notify_orders_are_ready_for_pickup',NULL,'deny'),(2625,12,'Magento_InventorySalesApi::stock',NULL,'deny'),(2626,12,'Magento_Tax::manage_tax',NULL,'deny'),(2627,12,'Magento_CurrencySymbol::system_currency',NULL,'deny'),(2628,12,'Magento_CurrencySymbol::currency_rates',NULL,'deny'),(2629,12,'Magento_CurrencySymbol::symbols',NULL,'deny'),(2630,12,'Magento_Backend::stores_attributes',NULL,'deny'),(2631,12,'Magento_Catalog::attributes_attributes',NULL,'deny'),(2632,12,'Magento_Catalog::sets',NULL,'deny'),(2633,12,'Magento_Review::ratings',NULL,'deny'),(2634,12,'Magento_Swatches::iframe',NULL,'deny'),(2635,12,'Magento_Backend::stores_other_settings',NULL,'deny'),(2636,12,'Magento_Backend::system',NULL,'deny'),(2637,12,'Magento_AdobeIms::adobe_ims',NULL,'deny'),(2638,12,'Magento_AdobeIms::actions',NULL,'deny'),(2639,12,'Magento_AdobeIms::login',NULL,'deny'),(2640,12,'Magento_AdobeIms::logout',NULL,'deny'),(2641,12,'Magento_AdobeStockAsset::adobe_stock_asset',NULL,'deny'),(2642,12,'Magento_AdobeStockAsset::actions',NULL,'deny'),(2643,12,'Magento_AdobeStockAsset::actions_delete',NULL,'deny'),(2644,12,'Magento_AdobeStockAsset::actions_save',NULL,'deny'),(2645,12,'Magento_AdobeStockAsset::actions_view',NULL,'deny'),(2646,12,'Magento_AdobeStockAsset::actions_get',NULL,'deny'),(2647,12,'Magento_Backend::convert',NULL,'deny'),(2648,12,'Magento_ImportExport::import',NULL,'deny'),(2649,12,'Magento_ImportExport::export',NULL,'deny'),(2650,12,'Magento_TaxImportExport::import_export',NULL,'deny'),(2651,12,'MageModule_OrderImportExport::import_export',NULL,'deny'),(2652,12,'MageModule_OrderImportExport::import',NULL,'deny'),(2653,12,'MageModule_OrderImportExport::export',NULL,'deny'),(2654,12,'Magento_ImportExport::history',NULL,'deny'),(2655,12,'Magento_Backend::extensions',NULL,'deny'),(2656,12,'Magento_Backend::local',NULL,'deny'),(2657,12,'Magento_Backend::custom',NULL,'deny'),(2658,12,'Magento_Integration::extensions',NULL,'deny'),(2659,12,'Magento_Integration::integrations',NULL,'deny'),(2660,12,'Magento_Backend::tools',NULL,'deny'),(2661,12,'Magento_Backend::cache',NULL,'deny'),(2662,12,'Magento_Backend::main_actions',NULL,'deny'),(2663,12,'Magento_Backend::flush_cache_storage',NULL,'deny'),(2664,12,'Magento_Backend::flush_magento_cache',NULL,'deny'),(2665,12,'Magento_Backend::mass_actions',NULL,'deny'),(2666,12,'Magento_Backend::toggling_cache_type',NULL,'deny'),(2667,12,'Magento_Backend::refresh_cache_type',NULL,'deny'),(2668,12,'Magento_Backend::additional_cache_management',NULL,'deny'),(2669,12,'Magento_Backend::flush_catalog_images',NULL,'deny'),(2670,12,'Magento_Backend::flush_js_css',NULL,'deny'),(2671,12,'Magento_Backend::flush_static_files',NULL,'deny'),(2672,12,'Magento_Backup::backup',NULL,'deny'),(2673,12,'Magento_Backup::rollback',NULL,'deny'),(2674,12,'Magento_Indexer::index',NULL,'deny'),(2675,12,'Magento_Indexer::changeMode',NULL,'deny'),(2676,12,'Magento_Indexer::invalidate',NULL,'deny'),(2677,12,'Magento_User::acl',NULL,'deny'),(2678,12,'Magento_User::acl_users',NULL,'deny'),(2679,12,'Magento_User::locks',NULL,'deny'),(2680,12,'Magento_User::acl_roles',NULL,'deny'),(2681,12,'Magento_Logging::magento_logging',NULL,'deny'),(2682,12,'Magento_Logging::magento_logging_events',NULL,'deny'),(2683,12,'Magento_Logging::system_magento_logging_bulk_operations',NULL,'deny'),(2684,12,'Magento_Backend::system_other_settings',NULL,'deny'),(2685,12,'Magento_AdminNotification::adminnotification',NULL,'deny'),(2686,12,'Magento_AdminNotification::show_toolbar',NULL,'deny'),(2687,12,'Magento_AdminNotification::show_list',NULL,'deny'),(2688,12,'Magento_AdminNotification::mark_as_read',NULL,'deny'),(2689,12,'Magento_AdminNotification::adminnotification_remove',NULL,'deny'),(2690,12,'Magento_Variable::variable',NULL,'deny'),(2691,12,'Magento_EncryptionKey::crypt_key',NULL,'deny'),(2692,12,'Magento_Backend::global_search',NULL,'deny'),(2693,12,'Manadev_Core::manadev',NULL,'deny'),(2694,12,'Manadev_Core::general',NULL,'deny'),(2695,12,'Manadev_Core::extension_control',NULL,'deny'),(2696,12,'MobiSms_Notify::sms',NULL,'deny'),(2697,12,'MobiSms_Notify::config',NULL,'deny'),(2698,29,'Magento_Backend::all',NULL,'deny'),(2699,29,'Magento_Backend::admin',NULL,'allow'),(2700,29,'Swissup_Core::swissup',NULL,'deny'),(2701,29,'Swissup_Core::services',NULL,'deny'),(2702,29,'Swissup_Core::installer_index',NULL,'deny'),(2703,29,'Swissup_Core::installer_form',NULL,'deny'),(2704,29,'Swissup_Core::installer_install',NULL,'deny'),(2705,29,'Swissup_Core::installer_upgrade',NULL,'deny'),(2706,29,'Swissup_Core::general',NULL,'deny'),(2707,29,'Swissup_Testimonials::testimonials',NULL,'deny'),(2708,29,'Swissup_Testimonials::save',NULL,'deny'),(2709,29,'Swissup_Testimonials::delete',NULL,'deny'),(2710,29,'Swissup_Testimonials::approve',NULL,'deny'),(2711,29,'Magento_Backend::dashboard',NULL,'deny'),(2712,29,'Ideo_Core::configuration',NULL,'deny'),(2713,29,'Ideo_StoreLocator::configuration',NULL,'deny'),(2714,29,'Ideo_StoreLocator::stores',NULL,'deny'),(2715,29,'Ideo_StoreLocator::categories',NULL,'deny'),(2716,29,'Tawk_Widget::tawk',NULL,'deny'),(2717,29,'Tawk_Widget::tawk_choose_widget',NULL,'deny'),(2718,29,'Tawk_Widget::tawk_go_to_dashboard',NULL,'deny'),(2719,29,'Magento_Analytics::analytics',NULL,'deny'),(2720,29,'Magento_Analytics::analytics_api',NULL,'deny'),(2721,29,'MGS_Brand::brand',NULL,'deny'),(2722,29,'MGS_Brand::manage_brand',NULL,'deny'),(2723,29,'MGS_Brand::edit_brand',NULL,'deny'),(2724,29,'MGS_Brand::save_brand',NULL,'deny'),(2725,29,'MGS_Brand::delete_brand',NULL,'deny'),(2726,29,'Magento_Sales::sales',NULL,'deny'),(2727,29,'Magento_Sales::sales_operation',NULL,'deny'),(2728,29,'Magento_Sales::sales_order',NULL,'deny'),(2729,29,'Magento_Sales::actions',NULL,'deny'),(2730,29,'Magento_Sales::create',NULL,'deny'),(2731,29,'Magento_Sales::actions_view',NULL,'deny'),(2732,29,'Magento_Sales::email',NULL,'deny'),(2733,29,'Magento_Sales::reorder',NULL,'deny'),(2734,29,'Magento_Sales::actions_edit',NULL,'deny'),(2735,29,'Magento_Sales::cancel',NULL,'deny'),(2736,29,'Magento_Sales::review_payment',NULL,'deny'),(2737,29,'Magento_Sales::capture',NULL,'deny'),(2738,29,'Magento_Sales::invoice',NULL,'deny'),(2739,29,'Magento_Sales::creditmemo',NULL,'deny'),(2740,29,'Magento_Sales::hold',NULL,'deny'),(2741,29,'Magento_Sales::unhold',NULL,'deny'),(2742,29,'Magento_Sales::ship',NULL,'deny'),(2743,29,'Magento_Sales::comment',NULL,'deny'),(2744,29,'Magento_Sales::emails',NULL,'deny'),(2745,29,'Magento_Paypal::authorization',NULL,'deny'),(2746,29,'Magento_Sales::sales_invoice',NULL,'deny'),(2747,29,'Magento_Sales::shipment',NULL,'deny'),(2748,29,'Magento_Sales::sales_creditmemo',NULL,'deny'),(2749,29,'Magento_Paypal::billing_agreement',NULL,'deny'),(2750,29,'Magento_Paypal::billing_agreement_actions',NULL,'deny'),(2751,29,'Magento_Paypal::billing_agreement_actions_view',NULL,'deny'),(2752,29,'Magento_Paypal::actions_manage',NULL,'deny'),(2753,29,'Magento_Paypal::use',NULL,'deny'),(2754,29,'Magento_Sales::transactions',NULL,'deny'),(2755,29,'Magento_Sales::transactions_fetch',NULL,'deny'),(2756,29,'Ambab_Services::service_calls',NULL,'deny'),(2757,29,'Ambab_Services::service_calls_post',NULL,'deny'),(2758,29,'Ambab_Services::service_calls_save',NULL,'deny'),(2759,29,'Ambab_Services::service_calls_post_delete',NULL,'deny'),(2760,29,'Ambab_Services::service_plans',NULL,'deny'),(2761,29,'Ambab_Services::service_plans_post',NULL,'deny'),(2762,29,'Ambab_Services::service_plans_save',NULL,'deny'),(2763,29,'Ambab_Services::service_plans_post_delete',NULL,'deny'),(2764,29,'Magento_Catalog::catalog',NULL,'deny'),(2765,29,'Magento_Catalog::catalog_inventory',NULL,'deny'),(2766,29,'Magento_Catalog::products',NULL,'deny'),(2767,29,'Magento_Catalog::update_attributes',NULL,'deny'),(2768,29,'Magento_Catalog::edit_product_design',NULL,'deny'),(2769,29,'Magento_Catalog::categories',NULL,'deny'),(2770,29,'Magento_Catalog::edit_category_design',NULL,'deny'),(2771,29,'Magento_Customer::customer',NULL,'allow'),(2772,29,'Magento_Customer::manage',NULL,'allow'),(2773,29,'Magento_Customer::actions',NULL,'allow'),(2774,29,'Magento_Customer::delete',NULL,'deny'),(2775,29,'Magento_Customer::reset_password',NULL,'allow'),(2776,29,'Magento_Customer::invalidate_tokens',NULL,'deny'),(2777,29,'Magento_Customer::online',NULL,'deny'),(2778,29,'Magento_Customer::group',NULL,'deny'),(2779,29,'Magento_LoginAsCustomer::login',NULL,'allow'),(2780,29,'Magento_LoginAsCustomer::login_button',NULL,'allow'),(2781,29,'Magento_LoginAsCustomerLog::login_log',NULL,'deny'),(2782,29,'Magento_Cart::cart',NULL,'deny'),(2783,29,'Magento_Cart::manage',NULL,'deny'),(2784,29,'Magento_Backend::marketing',NULL,'deny'),(2785,29,'Magento_CatalogRule::promo',NULL,'deny'),(2786,29,'Magento_CatalogRule::promo_catalog',NULL,'deny'),(2787,29,'Magento_SalesRule::quote',NULL,'deny'),(2788,29,'Dotdigitalgroup_Email::automation',NULL,'deny'),(2789,29,'Dotdigitalgroup_Email::automation_studio',NULL,'deny'),(2790,29,'Dotdigitalgroup_Chat::config',NULL,'deny'),(2791,29,'Dotdigitalgroup_Email::exclusion_rules',NULL,'deny'),(2792,29,'Mageplaza_Smtp::email_marketing_menu',NULL,'deny'),(2793,29,'Magento_Backend::marketing_communications',NULL,'deny'),(2794,29,'Magento_Email::template',NULL,'deny'),(2795,29,'Magento_Newsletter::template',NULL,'deny'),(2796,29,'Magento_Newsletter::queue',NULL,'deny'),(2797,29,'Magento_Newsletter::subscriber',NULL,'deny'),(2798,29,'Magento_Backend::marketing_seo',NULL,'deny'),(2799,29,'Magento_Search::search',NULL,'deny'),(2800,29,'Magento_Search::synonyms',NULL,'deny'),(2801,29,'Magento_UrlRewrite::urlrewrite',NULL,'deny'),(2802,29,'Magento_Sitemap::sitemap',NULL,'deny'),(2803,29,'Magento_Backend::marketing_user_content',NULL,'deny'),(2804,29,'Magento_Review::reviews_all',NULL,'deny'),(2805,29,'Magento_Review::pending',NULL,'deny'),(2806,29,'Yotpo_Yotpo::yotpo_report_reviews',NULL,'deny'),(2807,29,'Magento_Backend::myaccount',NULL,'deny'),(2808,29,'Mageplaza_Core::menu',NULL,'deny'),(2809,29,'Mageplaza_Smtp::smtp',NULL,'deny'),(2810,29,'Mageplaza_Smtp::log',NULL,'deny'),(2811,29,'Mageplaza_Smtp::abandoned_cart',NULL,'deny'),(2812,29,'Mageplaza_Core::documentation',NULL,'deny'),(2813,29,'Mageplaza_Core::userguide',NULL,'deny'),(2814,29,'Mageplaza_Core::activate',NULL,'deny'),(2815,29,'Magento_Backend::content',NULL,'deny'),(2816,29,'Magento_Backend::content_elements',NULL,'deny'),(2817,29,'Magento_Cms::page',NULL,'deny'),(2818,29,'Magento_Cms::save',NULL,'deny'),(2819,29,'Magento_Cms::save_design',NULL,'deny'),(2820,29,'Magento_Cms::page_delete',NULL,'deny'),(2821,29,'Magento_Cms::block',NULL,'deny'),(2822,29,'Magento_Widget::widget_instance',NULL,'deny'),(2823,29,'Magento_Cms::media_gallery',NULL,'deny'),(2824,29,'Magento_AdobeStockImageAdminUi::media_gallery',NULL,'deny'),(2825,29,'Magento_AdobeStockImageAdminUi::save_preview_images',NULL,'deny'),(2826,29,'Magento_AdobeStockImageAdminUi::license_images',NULL,'deny'),(2827,29,'Magento_Backend::design',NULL,'deny'),(2828,29,'Magento_Theme::theme',NULL,'deny'),(2829,29,'Magento_Backend::schedule',NULL,'deny'),(2830,29,'Mageplaza_Blog::blog',NULL,'deny'),(2831,29,'Mageplaza_Blog::post',NULL,'deny'),(2832,29,'Mageplaza_Blog::tag',NULL,'deny'),(2833,29,'Mageplaza_Blog::topic',NULL,'deny'),(2834,29,'Mageplaza_Blog::category',NULL,'deny'),(2835,29,'Mageplaza_Blog::author',NULL,'deny'),(2836,29,'Mageplaza_Blog::comment',NULL,'deny'),(2837,29,'Mageplaza_Blog::import',NULL,'deny'),(2838,29,'Magento_Backend::content_translation',NULL,'deny'),(2839,29,'Magento_Reports::report',NULL,'deny'),(2840,29,'Dotdigitalgroup_Email::reports',NULL,'deny'),(2841,29,'Dotdigitalgroup_Email::contact',NULL,'deny'),(2842,29,'Dotdigitalgroup_Email::order',NULL,'deny'),(2843,29,'Dotdigitalgroup_Email::review',NULL,'deny'),(2844,29,'Dotdigitalgroup_Email::wishlist',NULL,'deny'),(2845,29,'Dotdigitalgroup_Email::catalog',NULL,'deny'),(2846,29,'Dotdigitalgroup_Email::importer',NULL,'deny'),(2847,29,'Dotdigitalgroup_Email::campaign',NULL,'deny'),(2848,29,'Dotdigitalgroup_Email::cron',NULL,'deny'),(2849,29,'Dotdigitalgroup_Email::dashboard',NULL,'deny'),(2850,29,'Dotdigitalgroup_Email::automation_enrollment',NULL,'deny'),(2851,29,'Dotdigitalgroup_Email::logviewer',NULL,'deny'),(2852,29,'Dotdigitalgroup_Email::abandoned',NULL,'deny'),(2853,29,'Magento_Reports::report_marketing',NULL,'deny'),(2854,29,'Magento_Reports::shopcart',NULL,'deny'),(2855,29,'Magento_Reports::product',NULL,'deny'),(2856,29,'Magento_Reports::abandoned',NULL,'deny'),(2857,29,'Magento_Reports::report_search',NULL,'deny'),(2858,29,'Magento_Newsletter::problem',NULL,'deny'),(2859,29,'Magento_Reports::review',NULL,'deny'),(2860,29,'Magento_Reports::review_customer',NULL,'deny'),(2861,29,'Magento_Reports::review_product',NULL,'deny'),(2862,29,'Yotpo_Yotpo::yotpo_reviews_external',NULL,'deny'),(2863,29,'Magento_Reports::salesroot',NULL,'deny'),(2864,29,'Magento_Reports::salesroot_sales',NULL,'deny'),(2865,29,'Magento_Reports::tax',NULL,'deny'),(2866,29,'Magento_Reports::invoiced',NULL,'deny'),(2867,29,'Magento_Reports::shipping',NULL,'deny'),(2868,29,'Magento_Reports::refunded',NULL,'deny'),(2869,29,'Magento_Reports::coupons',NULL,'deny'),(2870,29,'Magento_Paypal::paypal_settlement_reports',NULL,'deny'),(2871,29,'Magento_Paypal::paypal_settlement_reports_view',NULL,'deny'),(2872,29,'Magento_Paypal::fetch',NULL,'deny'),(2873,29,'PayPal_Braintree::settlement_report',NULL,'deny'),(2874,29,'Magento_Reports::customers',NULL,'deny'),(2875,29,'Magento_Reports::totals',NULL,'deny'),(2876,29,'Magento_Reports::customers_orders',NULL,'deny'),(2877,29,'Magento_Reports::accounts',NULL,'deny'),(2878,29,'Magento_Reports::report_products',NULL,'deny'),(2879,29,'Magento_Reports::viewed',NULL,'deny'),(2880,29,'Magento_Reports::bestsellers',NULL,'deny'),(2881,29,'Magento_Reports::lowstock',NULL,'deny'),(2882,29,'Magento_Reports::sold',NULL,'deny'),(2883,29,'Magento_Reports::downloads',NULL,'deny'),(2884,29,'Magento_Reports::statistics',NULL,'deny'),(2885,29,'Magento_Reports::statistics_refresh',NULL,'deny'),(2886,29,'Magento_Analytics::business_intelligence',NULL,'deny'),(2887,29,'Magento_Analytics::advanced_reporting',NULL,'deny'),(2888,29,'Magento_Analytics::bi_essentials',NULL,'deny'),(2889,29,'Yotpo_Yotpo::yotpo_analytics_external',NULL,'deny'),(2890,29,'Magento_Backend::stores',NULL,'deny'),(2891,29,'Magento_Backend::stores_settings',NULL,'deny'),(2892,29,'Magento_Backend::store',NULL,'deny'),(2893,29,'Magento_Config::config',NULL,'deny'),(2894,29,'Magento_LoginAsCustomer::config_section',NULL,'deny'),(2895,29,'Magento_CatalogInventory::cataloginventory',NULL,'deny'),(2896,29,'Dotdigitalgroup_Email::config',NULL,'deny'),(2897,29,'MGS_Core::config',NULL,'deny'),(2898,29,'Magento_Newsletter::newsletter',NULL,'deny'),(2899,29,'Mageplaza_Blog::configuration',NULL,'deny'),(2900,29,'MGS_Brand::config_brand',NULL,'deny'),(2901,29,'Magento_Downloadable::downloadable',NULL,'deny'),(2902,29,'Magento_Contact::contact',NULL,'deny'),(2903,29,'Magento_Payment::payment_services',NULL,'deny'),(2904,29,'Magento_Payment::payment',NULL,'deny'),(2905,29,'Magento_GoogleAnalytics::google',NULL,'deny'),(2906,29,'Magento_Catalog::config_catalog',NULL,'deny'),(2907,29,'Magento_CatalogSearch::config_catalog_search',NULL,'deny'),(2908,29,'Mageplaza_Smtp::configuration',NULL,'deny'),(2909,29,'MobiSms_Notify::sms_config',NULL,'deny'),(2910,29,'Magento_Cms::config_cms',NULL,'deny'),(2911,29,'Mageplaza_SocialShare::configuration',NULL,'deny'),(2912,29,'Mageplaza_Smtp::email_marketing',NULL,'deny'),(2913,29,'Ibnab_MegaMenu::ibnab_mega_config',NULL,'deny'),(2914,29,'Magento_Shipping::config_shipping',NULL,'deny'),(2915,29,'Magento_Shipping::shipping_policy',NULL,'deny'),(2916,29,'Magento_Shipping::carriers',NULL,'deny'),(2917,29,'Magento_Multishipping::config_multishipping',NULL,'deny'),(2918,29,'Mageplaza_Core::marketplace',NULL,'deny'),(2919,29,'Mageplaza_Core::configuration',NULL,'deny'),(2920,29,'Magento_Securitytxt::config',NULL,'deny'),(2921,29,'Magento_ReCaptchaUi::config',NULL,'deny'),(2922,29,'Magento_Config::config_general',NULL,'deny'),(2923,29,'Magento_Config::web',NULL,'deny'),(2924,29,'Magento_Config::config_design',NULL,'deny'),(2925,29,'Magento_Customer::config_customer',NULL,'deny'),(2926,29,'Magenman_Mobilelogin::config',NULL,'deny'),(2927,29,'Webkul_GoogleMapPinAddress::config',NULL,'deny'),(2928,29,'Magento_Paypal::paypal',NULL,'deny'),(2929,29,'Magento_Tax::config_tax',NULL,'deny'),(2930,29,'Magento_Checkout::checkout',NULL,'deny'),(2931,29,'Magento_Persistent::persistent',NULL,'deny'),(2932,29,'Magento_Sales::config_sales',NULL,'deny'),(2933,29,'Magento_Sales::sales_email',NULL,'deny'),(2934,29,'Magento_Sales::sales_pdf',NULL,'deny'),(2935,29,'Magento_Sitemap::config_sitemap',NULL,'deny'),(2936,29,'Magento_Reports::reports',NULL,'deny'),(2937,29,'Yotpo_Core::config',NULL,'deny'),(2938,29,'Yotpo_Yotpo::config',NULL,'deny'),(2939,29,'Magento_Wishlist::config_wishlist',NULL,'deny'),(2940,29,'Magento_Config::config_system',NULL,'deny'),(2941,29,'Magento_SalesRule::config_promo',NULL,'deny'),(2942,29,'Magento_Config::trans_email',NULL,'deny'),(2943,29,'Magento_Config::config_admin',NULL,'deny'),(2944,29,'Magento_Config::dev',NULL,'deny'),(2945,29,'Magento_Config::currency',NULL,'deny'),(2946,29,'Magento_Rss::rss',NULL,'deny'),(2947,29,'Magento_Config::sendfriend',NULL,'deny'),(2948,29,'Magento_Analytics::analytics_settings',NULL,'deny'),(2949,29,'Swissup_Core::swissup_config',NULL,'deny'),(2950,29,'Swissup_Core::core_config',NULL,'deny'),(2951,29,'Swissup_Testimonials::config_testimonials',NULL,'deny'),(2952,29,'Magento_NewRelicReporting::config_newrelicreporting',NULL,'deny'),(2953,29,'Manadev_Core::global_configuration',NULL,'deny'),(2954,29,'Magento_CheckoutAgreements::checkoutagreement',NULL,'deny'),(2955,29,'Magento_Sales::order_statuses',NULL,'deny'),(2956,29,'Magento_InventoryApi::inventory',NULL,'deny'),(2957,29,'Magento_InventoryApi::source',NULL,'deny'),(2958,29,'Magento_InventoryApi::source_edit',NULL,'deny'),(2959,29,'Magento_InventoryApi::stock',NULL,'deny'),(2960,29,'Magento_InventoryApi::stock_edit',NULL,'deny'),(2961,29,'Magento_InventoryApi::stock_delete',NULL,'deny'),(2962,29,'Magento_InventoryApi::stock_source_link',NULL,'deny'),(2963,29,'Magento_InventoryInStorePickupApi::inStorePickup',NULL,'deny'),(2964,29,'Magento_InventoryInStorePickupApi::notify_orders_are_ready_for_pickup',NULL,'deny'),(2965,29,'Magento_InventorySalesApi::stock',NULL,'deny'),(2966,29,'Magento_Tax::manage_tax',NULL,'deny'),(2967,29,'Magento_CurrencySymbol::system_currency',NULL,'deny'),(2968,29,'Magento_CurrencySymbol::currency_rates',NULL,'deny'),(2969,29,'Magento_CurrencySymbol::symbols',NULL,'deny'),(2970,29,'Magento_Backend::stores_attributes',NULL,'deny'),(2971,29,'Magento_Catalog::attributes_attributes',NULL,'deny'),(2972,29,'Magento_Catalog::sets',NULL,'deny'),(2973,29,'Magento_Review::ratings',NULL,'deny'),(2974,29,'Magento_Swatches::iframe',NULL,'deny'),(2975,29,'Magento_Backend::stores_other_settings',NULL,'deny'),(2976,29,'Magento_Backend::system',NULL,'deny'),(2977,29,'Magento_AdobeIms::adobe_ims',NULL,'deny'),(2978,29,'Magento_AdobeIms::actions',NULL,'deny'),(2979,29,'Magento_AdobeIms::login',NULL,'deny'),(2980,29,'Magento_AdobeIms::logout',NULL,'deny'),(2981,29,'Magento_AdobeStockAsset::adobe_stock_asset',NULL,'deny'),(2982,29,'Magento_AdobeStockAsset::actions',NULL,'deny'),(2983,29,'Magento_AdobeStockAsset::actions_delete',NULL,'deny'),(2984,29,'Magento_AdobeStockAsset::actions_save',NULL,'deny'),(2985,29,'Magento_AdobeStockAsset::actions_view',NULL,'deny'),(2986,29,'Magento_AdobeStockAsset::actions_get',NULL,'deny'),(2987,29,'Magento_Backend::convert',NULL,'deny'),(2988,29,'Magento_ImportExport::import',NULL,'deny'),(2989,29,'Magento_ImportExport::export',NULL,'deny'),(2990,29,'Magento_TaxImportExport::import_export',NULL,'deny'),(2991,29,'MageModule_OrderImportExport::import_export',NULL,'deny'),(2992,29,'MageModule_OrderImportExport::import',NULL,'deny'),(2993,29,'MageModule_OrderImportExport::export',NULL,'deny'),(2994,29,'Magento_ImportExport::history',NULL,'deny'),(2995,29,'Magento_Backend::extensions',NULL,'deny'),(2996,29,'Magento_Backend::local',NULL,'deny'),(2997,29,'Magento_Backend::custom',NULL,'deny'),(2998,29,'Magento_Integration::extensions',NULL,'deny'),(2999,29,'Magento_Integration::integrations',NULL,'deny'),(3000,29,'Magento_Backend::tools',NULL,'deny'),(3001,29,'Magento_Backend::cache',NULL,'deny'),(3002,29,'Magento_Backend::main_actions',NULL,'deny'),(3003,29,'Magento_Backend::flush_cache_storage',NULL,'deny'),(3004,29,'Magento_Backend::flush_magento_cache',NULL,'deny'),(3005,29,'Magento_Backend::mass_actions',NULL,'deny'),(3006,29,'Magento_Backend::toggling_cache_type',NULL,'deny'),(3007,29,'Magento_Backend::refresh_cache_type',NULL,'deny'),(3008,29,'Magento_Backend::additional_cache_management',NULL,'deny'),(3009,29,'Magento_Backend::flush_catalog_images',NULL,'deny'),(3010,29,'Magento_Backend::flush_js_css',NULL,'deny'),(3011,29,'Magento_Backend::flush_static_files',NULL,'deny'),(3012,29,'Magento_Backup::backup',NULL,'deny'),(3013,29,'Magento_Backup::rollback',NULL,'deny'),(3014,29,'Magento_Indexer::index',NULL,'deny'),(3015,29,'Magento_Indexer::changeMode',NULL,'deny'),(3016,29,'Magento_Indexer::invalidate',NULL,'deny'),(3017,29,'Magento_User::acl',NULL,'deny'),(3018,29,'Magento_User::acl_users',NULL,'deny'),(3019,29,'Magento_User::locks',NULL,'deny'),(3020,29,'Magento_User::acl_roles',NULL,'deny'),(3021,29,'Magento_Logging::magento_logging',NULL,'deny'),(3022,29,'Magento_Logging::magento_logging_events',NULL,'deny'),(3023,29,'Magento_Logging::system_magento_logging_bulk_operations',NULL,'deny'),(3024,29,'Magento_Backend::system_other_settings',NULL,'deny'),(3025,29,'Magento_AdminNotification::adminnotification',NULL,'deny'),(3026,29,'Magento_AdminNotification::show_toolbar',NULL,'deny'),(3027,29,'Magento_AdminNotification::show_list',NULL,'deny'),(3028,29,'Magento_AdminNotification::mark_as_read',NULL,'deny'),(3029,29,'Magento_AdminNotification::adminnotification_remove',NULL,'deny'),(3030,29,'Magento_Variable::variable',NULL,'deny'),(3031,29,'Magento_EncryptionKey::crypt_key',NULL,'deny'),(3032,29,'Magento_Backend::global_search',NULL,'deny'),(3033,29,'Manadev_Core::manadev',NULL,'deny'),(3034,29,'Manadev_Core::general',NULL,'deny'),(3035,29,'Manadev_Core::extension_control',NULL,'deny'),(3036,29,'MobiSms_Notify::sms',NULL,'deny'),(3037,29,'MobiSms_Notify::config',NULL,'deny');

--
-- Table structure for table `braintree_credit_prices`
--

CREATE TABLE `braintree_credit_prices` (
  `id` int(10) unsigned NOT NULL AUTO_INCREMENT COMMENT 'Row ID',
  `product_id` int(10) unsigned NOT NULL COMMENT 'Product Id',
  `term` int(11) NOT NULL COMMENT 'Credit Term',
  `monthly_payment` decimal(12,2) NOT NULL COMMENT 'Monthly Payment',
  `instalment_rate` decimal(12,2) NOT NULL COMMENT 'Instalment Rate',
  `cost_of_purchase` decimal(12,2) NOT NULL COMMENT 'Cost of purchase',
  `total_inc_interest` decimal(12,2) NOT NULL COMMENT 'Total Inc Interest',
  PRIMARY KEY (`id`),
  UNIQUE KEY `BRAINTREE_CREDIT_PRICES_PRODUCT_ID_TERM` (`product_id`,`term`),
  KEY `BRAINTREE_CREDIT_PRICES_PRODUCT_ID` (`product_id`)
) ENGINE=InnoDB DEFAULT CHARSET=utf8 COMMENT='Braintree credit rates';

--
-- Dumping data for table `braintree_credit_prices`
--


--
-- Table structure for table `braintree_transaction_details`
--

CREATE TABLE `braintree_transaction_details` (
  `entity_id` int(10) unsigned NOT NULL AUTO_INCREMENT COMMENT 'Entity ID',
  `order_id` int(10) unsigned NOT NULL COMMENT 'Order Id',
  `transaction_source` varchar(12) DEFAULT NULL COMMENT 'Transaction Source',
  PRIMARY KEY (`entity_id`),
  KEY `BRAINTREE_TRANSACTION_DETAILS_ORDER_ID` (`order_id`),
  CONSTRAINT `BRAINTREE_TRANSACTION_DETAILS_ORDER_ID_SALES_ORDER_ENTITY_ID` FOREIGN KEY (`order_id`) REFERENCES `sales_order` (`entity_id`) ON DELETE CASCADE
) ENGINE=InnoDB DEFAULT CHARSET=utf8 COMMENT='Braintree transaction details table';

--
-- Dumping data for table `braintree_transaction_details`
--


--
-- Table structure for table `cache`
--

CREATE TABLE `cache` (
  `id` varchar(200) NOT NULL COMMENT 'Cache Id',
  `data` mediumblob COMMENT 'Cache Data',
  `create_time` int(11) DEFAULT NULL COMMENT 'Cache Creation Time',
  `update_time` int(11) DEFAULT NULL COMMENT 'Time of Cache Updating',
  `expire_time` int(11) DEFAULT NULL COMMENT 'Cache Expiration Time',
  PRIMARY KEY (`id`),
  KEY `CACHE_EXPIRE_TIME` (`expire_time`)
) ENGINE=InnoDB DEFAULT CHARSET=utf8 COMMENT='Caches';

--
-- Dumping data for table `cache`
--


--
-- Table structure for table `cache_tag`
--

CREATE TABLE `cache_tag` (
  `tag` varchar(100) NOT NULL COMMENT 'Tag',
  `cache_id` varchar(200) NOT NULL COMMENT 'Cache Id',
  PRIMARY KEY (`tag`,`cache_id`),
  KEY `CACHE_TAG_CACHE_ID` (`cache_id`)
) ENGINE=InnoDB DEFAULT CHARSET=utf8 COMMENT='Tag Caches';

--
-- Dumping data for table `cache_tag`
--


--
-- Table structure for table `captcha_log`
--

CREATE TABLE `captcha_log` (
  `type` varchar(32) NOT NULL COMMENT 'Type',
  `value` varchar(255) NOT NULL COMMENT 'Value',
  `count` int(10) unsigned NOT NULL DEFAULT '0' COMMENT 'Count',
  `updated_at` timestamp NULL DEFAULT NULL COMMENT 'Update Time',
  PRIMARY KEY (`type`,`value`)
) ENGINE=InnoDB DEFAULT CHARSET=utf8 COMMENT='Count Login Attempts';

--
-- Dumping data for table `captcha_log`
--


--
-- Table structure for table `catalog_category_entity`
--

CREATE TABLE `catalog_category_entity` (
  `entity_id` int(10) unsigned NOT NULL AUTO_INCREMENT COMMENT 'Entity ID',
  `attribute_set_id` smallint(5) unsigned NOT NULL DEFAULT '0' COMMENT 'Attribute Set ID',
  `parent_id` int(10) unsigned NOT NULL DEFAULT '0' COMMENT 'Parent Category ID',
  `created_at` timestamp NOT NULL DEFAULT CURRENT_TIMESTAMP COMMENT 'Creation Time',
  `updated_at` timestamp NOT NULL DEFAULT CURRENT_TIMESTAMP ON UPDATE CURRENT_TIMESTAMP COMMENT 'Update Time',
  `path` varchar(255) NOT NULL COMMENT 'Tree Path',
  `position` int(11) NOT NULL COMMENT 'Position',
  `level` int(11) NOT NULL DEFAULT '0' COMMENT 'Tree Level',
  `children_count` int(11) NOT NULL COMMENT 'Child Count',
  PRIMARY KEY (`entity_id`),
  KEY `CATALOG_CATEGORY_ENTITY_LEVEL` (`level`),
  KEY `CATALOG_CATEGORY_ENTITY_PATH` (`path`)
) ENGINE=InnoDB AUTO_INCREMENT=48 DEFAULT CHARSET=utf8 COMMENT='Catalog Category Table';

--
-- Dumping data for table `catalog_category_entity`
--

INSERT INTO `catalog_category_entity` VALUES (1,3,0,'2020-09-07 13:26:58','2022-05-11 07:33:30','1',0,0,19),(2,3,1,'2020-09-07 13:27:14','2022-05-11 07:33:30','1/2',1,1,17),(3,3,6,'2020-09-09 09:54:44','2021-09-11 21:39:41','1/2/6/3',3,3,0),(6,3,2,'2021-02-02 12:59:12','2021-04-22 07:58:29','1/2/6',4,2,3),(7,3,6,'2021-02-02 13:00:28','2021-02-24 20:07:09','1/2/6/7',1,3,0),(8,3,6,'2021-02-02 13:01:56','2021-02-24 20:07:29','1/2/6/8',2,3,0),(13,3,2,'2021-02-19 10:21:04','2021-12-21 09:49:37','1/2/13',6,2,0),(14,3,2,'2021-02-19 10:23:08','2021-12-21 09:52:18','1/2/14',7,2,0),(15,3,2,'2021-02-19 10:24:48','2021-12-21 09:52:48','1/2/15',8,2,0),(20,3,2,'2021-02-25 12:57:54','2021-09-07 08:50:07','1/2/20',9,2,0),(24,3,2,'2021-04-18 16:41:34','2021-09-02 13:37:17','1/2/24',11,2,0),(25,3,2,'2021-04-18 16:42:17','2021-10-25 09:08:37','1/2/25',12,2,0),(26,3,2,'2021-04-19 07:56:09','2021-04-19 07:56:09','1/2/26',13,2,0),(27,3,2,'2021-04-29 06:15:41','2021-12-21 09:43:33','1/2/27',14,2,0),(29,3,1,'2021-05-17 11:02:45','2021-09-03 13:53:04','1/29',3,1,0),(39,3,2,'2021-05-25 11:20:17','2021-05-25 11:20:38','1/2/39',15,2,0),(41,3,2,'2021-09-03 13:54:25','2021-12-21 09:39:20','1/2/41',16,2,0),(42,3,2,'2021-09-03 14:15:08','2021-09-07 04:47:29','1/2/42',17,2,0),(46,3,2,'2021-09-06 08:19:53','2021-09-07 04:47:51','1/2/46',18,2,0),(47,3,2,'2022-05-11 07:33:30','2022-06-19 08:01:54','1/2/47',19,2,0);

--
-- Table structure for table `catalog_category_entity_datetime`
--

CREATE TABLE `catalog_category_entity_datetime` (
  `value_id` int(11) NOT NULL AUTO_INCREMENT COMMENT 'Value ID',
  `attribute_id` smallint(5) unsigned NOT NULL DEFAULT '0' COMMENT 'Attribute ID',
  `store_id` smallint(5) unsigned NOT NULL DEFAULT '0' COMMENT 'Store ID',
  `entity_id` int(10) unsigned NOT NULL DEFAULT '0' COMMENT 'Entity ID',
  `value` datetime DEFAULT NULL COMMENT 'Value',
  PRIMARY KEY (`value_id`),
  UNIQUE KEY `CATALOG_CATEGORY_ENTITY_DATETIME_ENTITY_ID_ATTRIBUTE_ID_STORE_ID` (`entity_id`,`attribute_id`,`store_id`),
  KEY `CATALOG_CATEGORY_ENTITY_DATETIME_ENTITY_ID` (`entity_id`),
  KEY `CATALOG_CATEGORY_ENTITY_DATETIME_ATTRIBUTE_ID` (`attribute_id`),
  KEY `CATALOG_CATEGORY_ENTITY_DATETIME_STORE_ID` (`store_id`),
  CONSTRAINT `CATALOG_CATEGORY_ENTITY_DATETIME_STORE_ID_STORE_STORE_ID` FOREIGN KEY (`store_id`) REFERENCES `store` (`store_id`) ON DELETE CASCADE,
  CONSTRAINT `CAT_CTGR_ENTT_DTIME_ATTR_ID_EAV_ATTR_ATTR_ID` FOREIGN KEY (`attribute_id`) REFERENCES `eav_attribute` (`attribute_id`) ON DELETE CASCADE,
  CONSTRAINT `CAT_CTGR_ENTT_DTIME_ENTT_ID_CAT_CTGR_ENTT_ENTT_ID` FOREIGN KEY (`entity_id`) REFERENCES `catalog_category_entity` (`entity_id`) ON DELETE CASCADE
) ENGINE=InnoDB AUTO_INCREMENT=65 DEFAULT CHARSET=utf8 COMMENT='Catalog Category Datetime Attribute Backend Table';

--
-- Dumping data for table `catalog_category_entity_datetime`
--

INSERT INTO `catalog_category_entity_datetime` VALUES (7,61,0,6,NULL),(8,62,0,6,NULL),(11,61,0,7,NULL),(12,62,0,7,NULL),(17,61,0,8,NULL),(18,62,0,8,NULL),(21,61,0,2,NULL),(22,62,0,2,NULL),(31,61,0,20,NULL),(32,62,0,20,NULL),(37,61,0,24,NULL),(38,62,0,24,NULL),(45,61,0,39,NULL),(46,62,0,39,NULL),(51,61,0,25,NULL),(52,62,0,25,NULL),(57,61,0,13,NULL),(58,62,0,13,NULL),(59,61,0,14,NULL),(60,62,0,14,NULL),(61,61,0,15,NULL),(62,62,0,15,NULL),(63,61,0,47,NULL),(64,62,0,47,NULL);

--
-- Table structure for table `catalog_category_entity_decimal`
--

CREATE TABLE `catalog_category_entity_decimal` (
  `value_id` int(11) NOT NULL AUTO_INCREMENT COMMENT 'Value ID',
  `attribute_id` smallint(5) unsigned NOT NULL DEFAULT '0' COMMENT 'Attribute ID',
  `store_id` smallint(5) unsigned NOT NULL DEFAULT '0' COMMENT 'Store ID',
  `entity_id` int(10) unsigned NOT NULL DEFAULT '0' COMMENT 'Entity ID',
  `value` decimal(20,6) DEFAULT NULL COMMENT 'Value',
  PRIMARY KEY (`value_id`),
  UNIQUE KEY `CATALOG_CATEGORY_ENTITY_DECIMAL_ENTITY_ID_ATTRIBUTE_ID_STORE_ID` (`entity_id`,`attribute_id`,`store_id`),
  KEY `CATALOG_CATEGORY_ENTITY_DECIMAL_ENTITY_ID` (`entity_id`),
  KEY `CATALOG_CATEGORY_ENTITY_DECIMAL_ATTRIBUTE_ID` (`attribute_id`),
  KEY `CATALOG_CATEGORY_ENTITY_DECIMAL_STORE_ID` (`store_id`),
  CONSTRAINT `CATALOG_CATEGORY_ENTITY_DECIMAL_STORE_ID_STORE_STORE_ID` FOREIGN KEY (`store_id`) REFERENCES `store` (`store_id`) ON DELETE CASCADE,
  CONSTRAINT `CAT_CTGR_ENTT_DEC_ATTR_ID_EAV_ATTR_ATTR_ID` FOREIGN KEY (`attribute_id`) REFERENCES `eav_attribute` (`attribute_id`) ON DELETE CASCADE,
  CONSTRAINT `CAT_CTGR_ENTT_DEC_ENTT_ID_CAT_CTGR_ENTT_ENTT_ID` FOREIGN KEY (`entity_id`) REFERENCES `catalog_category_entity` (`entity_id`) ON DELETE CASCADE
) ENGINE=InnoDB DEFAULT CHARSET=utf8 COMMENT='Catalog Category Decimal Attribute Backend Table';

--
-- Dumping data for table `catalog_category_entity_decimal`
--


--
-- Table structure for table `catalog_category_entity_int`
--

CREATE TABLE `catalog_category_entity_int` (
  `value_id` int(11) NOT NULL AUTO_INCREMENT COMMENT 'Value ID',
  `attribute_id` smallint(5) unsigned NOT NULL DEFAULT '0' COMMENT 'Attribute ID',
  `store_id` smallint(5) unsigned NOT NULL DEFAULT '0' COMMENT 'Store ID',
  `entity_id` int(10) unsigned NOT NULL DEFAULT '0' COMMENT 'Entity ID',
  `value` int(11) DEFAULT NULL COMMENT 'Value',
  PRIMARY KEY (`value_id`),
  UNIQUE KEY `CATALOG_CATEGORY_ENTITY_INT_ENTITY_ID_ATTRIBUTE_ID_STORE_ID` (`entity_id`,`attribute_id`,`store_id`),
  KEY `CATALOG_CATEGORY_ENTITY_INT_ENTITY_ID` (`entity_id`),
  KEY `CATALOG_CATEGORY_ENTITY_INT_ATTRIBUTE_ID` (`attribute_id`),
  KEY `CATALOG_CATEGORY_ENTITY_INT_STORE_ID` (`store_id`),
  CONSTRAINT `CATALOG_CATEGORY_ENTITY_INT_STORE_ID_STORE_STORE_ID` FOREIGN KEY (`store_id`) REFERENCES `store` (`store_id`) ON DELETE CASCADE,
  CONSTRAINT `CAT_CTGR_ENTT_INT_ATTR_ID_EAV_ATTR_ATTR_ID` FOREIGN KEY (`attribute_id`) REFERENCES `eav_attribute` (`attribute_id`) ON DELETE CASCADE,
  CONSTRAINT `CAT_CTGR_ENTT_INT_ENTT_ID_CAT_CTGR_ENTT_ENTT_ID` FOREIGN KEY (`entity_id`) REFERENCES `catalog_category_entity` (`entity_id`) ON DELETE CASCADE
) ENGINE=InnoDB AUTO_INCREMENT=970 DEFAULT CHARSET=utf8 COMMENT='Catalog Category Integer Attribute Backend Table';

--
-- Dumping data for table `catalog_category_entity_int`
--

INSERT INTO `catalog_category_entity_int` VALUES (1,69,0,1,1),(2,69,0,2,1),(3,46,0,2,1),(4,46,0,3,1),(5,54,0,3,1),(6,69,0,3,1),(7,70,0,3,0),(8,71,0,3,0),(9,170,0,3,1),(10,169,0,3,0),(16,165,0,3,1),(17,156,0,3,1),(18,161,0,3,1),(19,159,0,3,1),(20,163,0,3,1),(21,157,0,3,0),(48,170,0,6,1),(49,71,0,6,0),(50,70,0,6,0),(51,169,0,6,0),(52,69,0,6,0),(53,46,0,6,1),(54,54,0,6,1),(55,165,0,6,1),(56,156,0,6,1),(57,161,0,6,1),(58,159,0,6,1),(59,163,0,6,1),(60,157,0,6,1),(61,170,0,7,1),(62,71,0,7,0),(63,70,0,7,0),(64,169,0,7,1),(65,69,0,7,1),(66,46,0,7,1),(67,54,0,7,1),(68,165,0,7,1),(69,156,0,7,1),(70,161,0,7,1),(71,159,0,7,1),(72,163,0,7,1),(73,157,0,7,1),(77,164,0,6,2),(79,170,0,8,1),(80,71,0,8,0),(81,70,0,8,0),(82,169,0,8,1),(83,69,0,8,1),(84,46,0,8,1),(85,54,0,8,1),(86,165,0,8,1),(87,156,0,8,1),(88,161,0,8,1),(89,159,0,8,1),(90,163,0,8,1),(91,157,0,8,1),(136,53,0,6,NULL),(137,158,0,6,NULL),(138,160,0,6,NULL),(139,162,0,6,NULL),(145,53,0,7,NULL),(146,158,0,7,NULL),(147,160,0,7,NULL),(148,162,0,7,NULL),(149,164,0,7,NULL),(160,53,0,8,NULL),(161,158,0,8,NULL),(162,160,0,8,NULL),(163,162,0,8,NULL),(164,164,0,8,NULL),(165,156,2,3,1),(166,157,2,3,0),(167,158,2,3,NULL),(168,159,2,3,1),(169,160,2,3,NULL),(170,161,2,3,1),(171,162,2,3,NULL),(172,163,2,3,1),(173,164,2,3,NULL),(174,165,2,3,1),(175,169,2,3,0),(176,170,2,3,1),(201,156,2,6,1),(202,157,2,6,1),(203,158,2,6,NULL),(204,159,2,6,1),(205,160,2,6,NULL),(206,161,2,6,1),(207,162,2,6,NULL),(208,163,2,6,1),(209,164,2,6,2),(210,165,2,6,1),(211,169,2,6,0),(212,170,2,6,1),(213,156,2,7,1),(214,157,2,7,1),(215,158,2,7,NULL),(216,159,2,7,1),(217,160,2,7,NULL),(218,161,2,7,1),(219,162,2,7,NULL),(220,163,2,7,1),(221,164,2,7,NULL),(222,165,2,7,1),(223,169,2,7,1),(224,170,2,7,1),(225,156,2,8,1),(226,157,2,8,1),(227,158,2,8,NULL),(228,159,2,8,1),(229,160,2,8,NULL),(230,161,2,8,1),(231,162,2,8,NULL),(232,163,2,8,1),(233,164,2,8,NULL),(234,165,2,8,1),(235,169,2,8,1),(236,170,2,8,1),(286,46,0,13,1),(287,54,0,13,1),(288,69,0,13,0),(289,70,0,13,0),(290,71,0,13,0),(291,156,0,13,1),(292,157,0,13,1),(293,159,0,13,1),(294,161,0,13,1),(295,163,0,13,1),(296,165,0,13,1),(297,169,0,13,1),(298,170,0,13,1),(299,46,0,14,1),(300,54,0,14,1),(301,69,0,14,0),(302,70,0,14,0),(303,71,0,14,0),(304,156,0,14,1),(305,157,0,14,1),(306,159,0,14,1),(307,161,0,14,1),(308,163,0,14,1),(309,165,0,14,1),(310,169,0,14,1),(311,170,0,14,1),(317,46,0,15,1),(318,54,0,15,1),(319,69,0,15,0),(320,70,0,15,0),(321,71,0,15,0),(322,156,0,15,1),(323,157,0,15,1),(324,159,0,15,1),(325,161,0,15,1),(326,163,0,15,1),(327,165,0,15,1),(328,169,0,15,1),(329,170,0,15,1),(356,53,0,2,NULL),(357,54,0,2,1),(358,70,0,2,0),(359,71,0,2,0),(360,156,0,2,1),(361,157,0,2,1),(362,158,0,2,NULL),(363,159,0,2,1),(364,160,0,2,NULL),(365,161,0,2,1),(366,162,0,2,NULL),(367,163,0,2,1),(368,164,0,2,NULL),(369,165,0,2,1),(370,169,0,2,1),(371,170,0,2,1),(418,46,0,20,1),(419,54,0,20,1),(420,69,0,20,0),(421,70,0,20,0),(422,71,0,20,0),(423,156,0,20,1),(424,157,0,20,1),(425,159,0,20,1),(426,161,0,20,1),(427,163,0,20,1),(428,165,0,20,1),(429,169,0,20,1),(430,170,0,20,1),(431,53,0,20,NULL),(432,158,0,20,NULL),(433,160,0,20,NULL),(434,162,0,20,NULL),(435,164,0,20,NULL),(485,46,0,24,1),(486,54,0,24,1),(487,69,0,24,0),(488,70,0,24,0),(489,71,0,24,0),(490,156,0,24,1),(491,157,0,24,1),(492,159,0,24,1),(493,161,0,24,1),(494,163,0,24,1),(495,165,0,24,1),(496,169,0,24,1),(497,170,0,24,1),(498,46,0,25,1),(499,54,0,25,1),(500,69,0,25,0),(501,70,0,25,0),(502,71,0,25,0),(503,156,0,25,1),(504,157,0,25,1),(505,159,0,25,1),(506,161,0,25,1),(507,163,0,25,1),(508,165,0,25,1),(509,169,0,25,1),(510,170,0,25,1),(511,46,0,26,1),(512,54,0,26,1),(513,69,0,26,0),(514,70,0,26,0),(515,71,0,26,0),(516,156,0,26,1),(517,157,0,26,1),(518,159,0,26,1),(519,161,0,26,1),(520,163,0,26,1),(521,165,0,26,1),(522,169,0,26,1),(523,170,0,26,1),(524,53,0,24,NULL),(525,158,0,24,NULL),(526,160,0,24,NULL),(527,162,0,24,NULL),(528,164,0,24,NULL),(534,46,0,27,1),(535,54,0,27,1),(536,69,0,27,0),(537,70,0,27,0),(538,71,0,27,0),(539,156,0,27,1),(540,157,0,27,1),(541,159,0,27,1),(542,161,0,27,1),(543,163,0,27,1),(544,165,0,27,1),(545,169,0,27,1),(546,170,0,27,1),(565,46,0,29,1),(566,54,0,29,1),(567,69,0,29,1),(568,70,0,29,0),(569,71,0,29,0),(570,156,0,29,1),(571,157,0,29,1),(572,159,0,29,1),(573,161,0,29,1),(574,163,0,29,1),(575,165,0,29,1),(576,169,0,29,1),(577,170,0,29,1),(701,46,0,39,1),(702,54,0,39,1),(703,69,0,39,0),(704,70,0,39,0),(705,71,0,39,0),(706,156,0,39,1),(707,157,0,39,1),(708,159,0,39,1),(709,161,0,39,1),(710,163,0,39,1),(711,165,0,39,1),(712,169,0,39,1),(713,170,0,39,1),(714,53,0,39,NULL),(715,158,0,39,NULL),(716,160,0,39,NULL),(717,162,0,39,NULL),(718,164,0,39,NULL),(753,156,2,13,1),(754,157,2,13,1),(755,158,2,13,NULL),(756,159,2,13,1),(757,160,2,13,NULL),(758,161,2,13,1),(759,162,2,13,NULL),(760,163,2,13,1),(761,164,2,13,NULL),(762,165,2,13,1),(763,169,2,13,1),(764,170,2,13,1),(765,156,2,14,1),(766,157,2,14,1),(767,158,2,14,NULL),(768,159,2,14,1),(769,160,2,14,NULL),(770,161,2,14,1),(771,162,2,14,NULL),(772,163,2,14,1),(773,164,2,14,NULL),(774,165,2,14,1),(775,169,2,14,1),(776,170,2,14,1),(777,156,2,15,1),(778,157,2,15,1),(779,158,2,15,NULL),(780,159,2,15,1),(781,160,2,15,NULL),(782,161,2,15,1),(783,162,2,15,NULL),(784,163,2,15,1),(785,164,2,15,NULL),(786,165,2,15,1),(787,169,2,15,1),(788,170,2,15,1),(789,156,2,20,1),(790,157,2,20,1),(791,158,2,20,NULL),(792,159,2,20,1),(793,160,2,20,NULL),(794,161,2,20,1),(795,162,2,20,NULL),(796,163,2,20,1),(797,164,2,20,NULL),(798,165,2,20,1),(799,169,2,20,1),(800,170,2,20,1),(801,156,2,24,1),(802,157,2,24,1),(803,158,2,24,NULL),(804,159,2,24,1),(805,160,2,24,NULL),(806,161,2,24,1),(807,162,2,24,NULL),(808,163,2,24,1),(809,164,2,24,NULL),(810,165,2,24,1),(811,169,2,24,1),(812,170,2,24,1),(813,156,2,25,1),(814,157,2,25,1),(815,158,2,25,NULL),(816,159,2,25,1),(817,160,2,25,NULL),(818,161,2,25,1),(819,162,2,25,NULL),(820,163,2,25,1),(821,164,2,25,NULL),(822,165,2,25,1),(823,169,2,25,1),(824,170,2,25,1),(825,53,0,25,NULL),(826,158,0,25,NULL),(827,160,0,25,NULL),(828,162,0,25,NULL),(829,164,0,25,NULL),(843,46,0,41,1),(844,54,0,41,1),(845,69,0,41,0),(846,70,0,41,0),(847,71,0,41,0),(848,156,0,41,1),(849,157,0,41,1),(850,159,0,41,1),(851,161,0,41,1),(852,163,0,41,1),(853,165,0,41,1),(854,169,0,41,1),(855,170,0,41,1),(861,46,0,42,1),(862,54,0,42,1),(863,69,0,42,1),(864,70,0,42,0),(865,71,0,42,0),(866,156,0,42,1),(867,157,0,42,1),(868,159,0,42,1),(869,161,0,42,1),(870,163,0,42,1),(871,165,0,42,1),(872,169,0,42,1),(873,170,0,42,1),(883,46,0,46,1),(884,54,0,46,1),(885,69,0,46,1),(886,70,0,46,0),(887,71,0,46,0),(888,156,0,46,1),(889,157,0,46,1),(890,159,0,46,1),(891,161,0,46,1),(892,163,0,46,1),(893,165,0,46,1),(894,169,0,46,1),(895,170,0,46,1),(896,156,2,42,1),(897,157,2,42,1),(898,158,2,42,NULL),(899,159,2,42,1),(900,160,2,42,NULL),(901,161,2,42,1),(902,162,2,42,NULL),(903,163,2,42,1),(904,164,2,42,NULL),(905,165,2,42,1),(906,169,2,42,1),(907,170,2,42,1),(908,156,2,46,1),(909,157,2,46,1),(910,158,2,46,NULL),(911,159,2,46,1),(912,160,2,46,NULL),(913,161,2,46,1),(914,162,2,46,NULL),(915,163,2,46,1),(916,164,2,46,NULL),(917,165,2,46,1),(918,169,2,46,1),(919,170,2,46,1),(925,53,0,13,NULL),(926,158,0,13,NULL),(927,160,0,13,NULL),(928,162,0,13,NULL),(929,164,0,13,NULL),(930,53,0,14,NULL),(931,158,0,14,NULL),(932,160,0,14,NULL),(933,162,0,14,NULL),(934,164,0,14,NULL),(935,53,0,15,NULL),(936,158,0,15,NULL),(937,160,0,15,NULL),(938,162,0,15,NULL),(939,164,0,15,NULL),(940,46,0,47,1),(941,54,0,47,1),(942,69,0,47,1),(943,70,0,47,0),(944,71,0,47,0),(945,156,0,47,1),(946,157,0,47,1),(947,159,0,47,1),(948,161,0,47,1),(949,163,0,47,1),(950,165,0,47,1),(951,169,0,47,1),(952,170,0,47,1),(953,156,2,47,1),(954,157,2,47,1),(955,158,2,47,NULL),(956,159,2,47,1),(957,160,2,47,NULL),(958,161,2,47,1),(959,162,2,47,NULL),(960,163,2,47,1),(961,164,2,47,NULL),(962,165,2,47,1),(963,169,2,47,1),(964,170,2,47,1),(965,53,0,47,NULL),(966,158,0,47,NULL),(967,160,0,47,NULL),(968,162,0,47,NULL),(969,164,0,47,NULL);

--
-- Table structure for table `catalog_category_entity_text`
--

CREATE TABLE `catalog_category_entity_text` (
  `value_id` int(11) NOT NULL AUTO_INCREMENT COMMENT 'Value ID',
  `attribute_id` smallint(5) unsigned NOT NULL DEFAULT '0' COMMENT 'Attribute ID',
  `store_id` smallint(5) unsigned NOT NULL DEFAULT '0' COMMENT 'Store ID',
  `entity_id` int(10) unsigned NOT NULL DEFAULT '0' COMMENT 'Entity ID',
  `value` text COMMENT 'Value',
  PRIMARY KEY (`value_id`),
  UNIQUE KEY `CATALOG_CATEGORY_ENTITY_TEXT_ENTITY_ID_ATTRIBUTE_ID_STORE_ID` (`entity_id`,`attribute_id`,`store_id`),
  KEY `CATALOG_CATEGORY_ENTITY_TEXT_ENTITY_ID` (`entity_id`),
  KEY `CATALOG_CATEGORY_ENTITY_TEXT_ATTRIBUTE_ID` (`attribute_id`),
  KEY `CATALOG_CATEGORY_ENTITY_TEXT_STORE_ID` (`store_id`),
  CONSTRAINT `CATALOG_CATEGORY_ENTITY_TEXT_STORE_ID_STORE_STORE_ID` FOREIGN KEY (`store_id`) REFERENCES `store` (`store_id`) ON DELETE CASCADE,
  CONSTRAINT `CAT_CTGR_ENTT_TEXT_ATTR_ID_EAV_ATTR_ATTR_ID` FOREIGN KEY (`attribute_id`) REFERENCES `eav_attribute` (`attribute_id`) ON DELETE CASCADE,
  CONSTRAINT `CAT_CTGR_ENTT_TEXT_ENTT_ID_CAT_CTGR_ENTT_ENTT_ID` FOREIGN KEY (`entity_id`) REFERENCES `catalog_category_entity` (`entity_id`) ON DELETE CASCADE
) ENGINE=InnoDB AUTO_INCREMENT=149 DEFAULT CHARSET=utf8 COMMENT='Catalog Category Text Attribute Backend Table';

--
-- Dumping data for table `catalog_category_entity_text`
--

INSERT INTO `catalog_category_entity_text` VALUES (1,47,0,3,'<div class=\"page-title-wrapper\"> </div>\r\n<div class=\"category-description\">\r\n<p>A copier is a machine that makes copies of documents and other visual images onto paper or plastic film quickly and cheaply. Photocopying is widely used in the business, education, and government sectors. While there have been predictions that photocopiers will eventually become obsolete as information workers increase their use of digital document creation, storage and distribution, and rely less on distributing actual pieces of paper, as of 2015, photocopiers continue to be widely used.</p>\r\n</div>'),(2,166,0,3,'Copiers Upgrade'),(7,166,0,6,'ACCESSORIES'),(8,166,0,7,'Copiers Media Input'),(12,166,0,8,'Copiers Media Outputs'),(18,47,0,6,NULL),(19,50,0,6,NULL),(20,51,0,6,NULL),(24,47,0,7,NULL),(25,50,0,7,NULL),(26,51,0,7,NULL),(34,47,0,8,NULL),(35,50,0,8,NULL),(36,51,0,8,NULL),(37,166,2,3,'ناسخة'),(40,166,2,6,'مستلزمات'),(41,166,2,7,'إدخال الوسائط'),(42,166,2,8,'مخرجات الوسائط'),(52,47,0,2,NULL),(53,50,0,2,NULL),(54,51,0,2,NULL),(55,166,0,2,NULL),(67,166,0,13,'New Arrivals'),(72,47,0,20,NULL),(73,50,0,20,NULL),(74,51,0,20,NULL),(75,166,0,20,NULL),(84,47,0,24,NULL),(85,50,0,24,NULL),(86,51,0,24,NULL),(87,166,0,24,NULL),(101,47,0,39,NULL),(102,50,0,39,NULL),(103,51,0,39,NULL),(104,166,0,39,NULL),(113,166,2,13,'New Arrivals'),(114,166,2,14,NULL),(115,166,2,15,NULL),(116,166,2,20,NULL),(117,166,2,24,NULL),(118,166,2,25,NULL),(119,47,0,25,NULL),(120,50,0,25,NULL),(121,51,0,25,NULL),(122,166,0,25,NULL),(127,166,2,42,NULL),(128,166,2,46,NULL),(133,47,0,13,NULL),(134,50,0,13,NULL),(135,51,0,13,NULL),(136,47,0,14,NULL),(137,50,0,14,NULL),(138,51,0,14,NULL),(139,166,0,14,NULL),(140,47,0,15,NULL),(141,50,0,15,NULL),(142,51,0,15,NULL),(143,166,0,15,NULL),(144,166,2,47,NULL),(145,47,0,47,NULL),(146,50,0,47,NULL),(147,51,0,47,NULL),(148,166,0,47,NULL);

--
-- Table structure for table `catalog_category_entity_varchar`
--

CREATE TABLE `catalog_category_entity_varchar` (
  `value_id` int(11) NOT NULL AUTO_INCREMENT COMMENT 'Value ID',
  `attribute_id` smallint(5) unsigned NOT NULL DEFAULT '0' COMMENT 'Attribute ID',
  `store_id` smallint(5) unsigned NOT NULL DEFAULT '0' COMMENT 'Store ID',
  `entity_id` int(10) unsigned NOT NULL DEFAULT '0' COMMENT 'Entity ID',
  `value` varchar(255) DEFAULT NULL COMMENT 'Value',
  PRIMARY KEY (`value_id`),
  UNIQUE KEY `CATALOG_CATEGORY_ENTITY_VARCHAR_ENTITY_ID_ATTRIBUTE_ID_STORE_ID` (`entity_id`,`attribute_id`,`store_id`),
  KEY `CATALOG_CATEGORY_ENTITY_VARCHAR_ENTITY_ID` (`entity_id`),
  KEY `CATALOG_CATEGORY_ENTITY_VARCHAR_ATTRIBUTE_ID` (`attribute_id`),
  KEY `CATALOG_CATEGORY_ENTITY_VARCHAR_STORE_ID` (`store_id`),
  CONSTRAINT `CATALOG_CATEGORY_ENTITY_VARCHAR_STORE_ID_STORE_STORE_ID` FOREIGN KEY (`store_id`) REFERENCES `store` (`store_id`) ON DELETE CASCADE,
  CONSTRAINT `CAT_CTGR_ENTT_VCHR_ATTR_ID_EAV_ATTR_ATTR_ID` FOREIGN KEY (`attribute_id`) REFERENCES `eav_attribute` (`attribute_id`) ON DELETE CASCADE,
  CONSTRAINT `CAT_CTGR_ENTT_VCHR_ENTT_ID_CAT_CTGR_ENTT_ENTT_ID` FOREIGN KEY (`entity_id`) REFERENCES `catalog_category_entity` (`entity_id`) ON DELETE CASCADE
) ENGINE=InnoDB AUTO_INCREMENT=542 DEFAULT CHARSET=utf8 COMMENT='Catalog Category Varchar Attribute Backend Table';

--
-- Dumping data for table `catalog_category_entity_varchar`
--

INSERT INTO `catalog_category_entity_varchar` VALUES (1,45,0,1,'Root Catalog'),(2,52,0,2,'PRODUCTS'),(3,45,0,2,'Default Category'),(4,45,0,3,'Copiers Upgrade'),(5,52,0,3,'PRODUCTS'),(6,119,0,3,'copier'),(7,120,0,3,'copier'),(10,48,0,3,'/media/catalog/category/category-copier.png'),(11,167,0,3,'column_mega_menu1'),(24,52,0,6,'PRODUCTS'),(25,167,0,6,'column_mega_menu4'),(26,45,0,6,'Accessories'),(27,119,0,6,'accessories'),(28,120,0,6,'accessories'),(29,52,0,7,'PRODUCTS'),(30,167,0,7,'column_mega_menu1'),(31,45,0,7,'Copiers Media Input'),(32,119,0,7,'media-input'),(33,120,0,7,'accessories/media-input'),(39,52,0,8,'PRODUCTS'),(40,167,0,8,'column_mega_menu1'),(41,45,0,8,'Copiers Media Outputs'),(42,119,0,8,'media-outputs'),(43,120,0,8,'accessories/media-outputs'),(72,48,0,6,NULL),(73,49,0,6,NULL),(74,60,0,6,NULL),(75,63,0,6,NULL),(84,48,0,7,NULL),(85,49,0,7,NULL),(86,60,0,7,NULL),(87,63,0,7,NULL),(99,48,0,8,NULL),(100,49,0,8,NULL),(101,60,0,8,NULL),(102,63,0,8,NULL),(104,45,2,3,'COPIER'),(105,167,2,3,'column_mega_menu1'),(108,167,2,6,'column_mega_menu4'),(109,167,2,7,'column_mega_menu1'),(110,167,2,8,'column_mega_menu1'),(120,45,0,13,'New'),(121,52,0,13,'PRODUCTS'),(122,119,0,13,'new'),(123,120,0,13,'new'),(124,167,0,13,'column_mega_menu1'),(125,45,0,14,'Best Sellers'),(126,52,0,14,'PRODUCTS'),(127,119,0,14,'bestseller'),(128,120,0,14,'bestseller'),(129,167,0,14,'column_mega_menu1'),(135,45,0,15,'Top Bundles'),(136,52,0,15,'PRODUCTS'),(137,119,0,15,'top-bundles'),(138,120,0,15,'top-bundles'),(139,167,0,15,'column_mega_menu1'),(152,48,0,2,NULL),(153,49,0,2,NULL),(154,60,0,2,NULL),(155,63,0,2,NULL),(156,119,0,2,'default-category'),(157,120,0,2,NULL),(158,167,0,2,'column_mega_menu1'),(196,120,1,3,'accessories/copier'),(197,120,2,3,'accessories/copier'),(213,45,0,20,'Our Partners'),(214,52,0,20,'PRODUCTS'),(215,119,0,20,'toners-top-sellers'),(216,120,0,20,'toners-top-sellers'),(217,167,0,20,'column_mega_menu1'),(219,48,0,20,NULL),(220,49,0,20,NULL),(221,60,0,20,NULL),(222,63,0,20,NULL),(267,45,0,24,'Black Printing Plans'),(268,52,0,24,'PRODUCTS'),(269,119,0,24,'black-only'),(270,120,0,24,'black-only'),(271,167,0,24,'column_mega_menu1'),(272,45,0,25,'Colour Printing Plans'),(273,52,0,25,'PRODUCTS'),(274,119,0,25,'color-printing'),(275,120,0,25,'color-printing'),(276,167,0,25,'column_mega_menu1'),(277,45,0,26,'addon'),(278,52,0,26,'PRODUCTS'),(279,119,0,26,'addon'),(280,120,0,26,'addon'),(281,167,0,26,'column_mega_menu1'),(283,48,0,24,NULL),(284,49,0,24,NULL),(285,60,0,24,NULL),(286,63,0,24,NULL),(294,45,0,27,'Search'),(295,52,0,27,'PRODUCTS'),(296,119,0,27,'consumable'),(297,120,0,27,'consumable'),(298,167,0,27,'column_mega_menu1'),(311,45,0,29,'Office Furniture.'),(312,52,0,29,'PRODUCTS'),(313,119,0,29,'office-furniture'),(314,167,0,29,'column_mega_menu1'),(370,45,0,39,'Discount Products. '),(371,52,0,39,'PRODUCTS'),(372,119,0,39,'discount-products'),(373,120,0,39,'discount-products'),(374,167,0,39,'column_mega_menu1'),(376,48,0,39,NULL),(377,49,0,39,NULL),(378,60,0,39,NULL),(379,63,0,39,NULL),(418,45,2,13,'وصل حديثاً'),(419,167,2,13,'column_mega_menu1'),(420,45,2,14,'الأفضل مبيعاً'),(421,167,2,14,'column_mega_menu1'),(422,45,2,15,'أفضل مجموعات'),(423,167,2,15,'column_mega_menu1'),(424,45,2,20,'عملائنا'),(425,167,2,20,'column_mega_menu1'),(428,45,2,24,'للطباعة باللون الأسود'),(429,167,2,24,'column_mega_menu1'),(430,45,2,25,'للطباعة الملونة'),(431,167,2,25,'column_mega_menu1'),(433,48,0,25,NULL),(434,49,0,25,NULL),(435,60,0,25,NULL),(436,63,0,25,NULL),(449,45,0,41,'new test'),(450,52,0,41,'PRODUCTS'),(451,119,0,41,'new-test'),(452,120,0,41,'new-test'),(453,167,0,41,'column_mega_menu1'),(463,45,0,42,'Copiers & Printers'),(464,52,0,42,'PRODUCTS'),(465,119,0,42,'copiers-printers'),(466,120,0,42,'copiers-printers'),(467,167,0,42,'column_mega_menu1'),(477,45,0,46,'Toners'),(478,52,0,46,'PRODUCTS'),(479,119,0,46,'toners'),(480,120,0,46,'toners'),(481,167,0,46,'column_mega_menu1'),(482,45,2,42,'الطابعات و آلات تصوير'),(483,167,2,42,'column_mega_menu1'),(484,45,2,46,'الأحبار'),(485,167,2,46,'column_mega_menu1'),(511,48,0,13,NULL),(512,49,0,13,NULL),(513,60,0,13,NULL),(514,63,0,13,NULL),(516,48,0,14,NULL),(517,49,0,14,NULL),(518,60,0,14,NULL),(519,63,0,14,NULL),(521,48,0,15,NULL),(522,49,0,15,NULL),(523,60,0,15,NULL),(524,63,0,15,NULL),(525,45,0,47,'Office Furniture'),(526,52,0,47,'PRODUCTS'),(527,119,0,47,'furniture'),(528,120,0,47,'furniture'),(529,167,0,47,'column_mega_menu1'),(530,45,2,47,'اثاث مكتبي'),(531,167,2,47,'column_mega_menu1'),(533,48,0,47,NULL),(534,49,0,47,NULL),(535,60,0,47,NULL),(536,63,0,47,NULL);

--
-- Table structure for table `catalog_category_flat_store_1`
--

CREATE TABLE `catalog_category_flat_store_1` (
  `entity_id` int(10) unsigned NOT NULL COMMENT 'entity_id',
  `attribute_set_id` smallint(5) unsigned NOT NULL DEFAULT '0' COMMENT 'attribute_set_id',
  `parent_id` int(10) unsigned NOT NULL DEFAULT '0' COMMENT 'parent_id',
  `created_at` timestamp NOT NULL DEFAULT CURRENT_TIMESTAMP COMMENT 'created_at',
  `updated_at` timestamp NOT NULL DEFAULT CURRENT_TIMESTAMP COMMENT 'updated_at',
  `path` varchar(255) NOT NULL DEFAULT '' COMMENT 'path',
  `position` int(11) NOT NULL COMMENT 'position',
  `level` int(11) NOT NULL DEFAULT '0' COMMENT 'level',
  `children_count` int(11) NOT NULL COMMENT 'children_count',
  `store_id` smallint(5) unsigned NOT NULL DEFAULT '0' COMMENT 'Store Id',
  `all_children` text COMMENT 'All Children',
  `available_sort_by` text COMMENT 'Available Product Listing Sort By',
  `category_is_link` int(11) DEFAULT NULL COMMENT 'Is Link',
  `children` text COMMENT 'Children',
  `custom_apply_to_products` int(11) DEFAULT NULL COMMENT 'Apply To Products',
  `custom_design` varchar(255) DEFAULT NULL COMMENT 'Custom Design',
  `custom_design_from` datetime DEFAULT NULL COMMENT 'Active From',
  `custom_design_to` datetime DEFAULT NULL COMMENT 'Active To',
  `custom_layout_update` text COMMENT 'Custom Layout Update',
  `custom_layout_update_file` varchar(255) DEFAULT NULL COMMENT 'Custom Layout Update',
  `custom_use_parent_settings` int(11) DEFAULT NULL COMMENT 'Use Parent Category Settings',
  `default_sort_by` varchar(255) DEFAULT NULL COMMENT 'Default Product Listing Sort By',
  `description` text COMMENT 'Description',
  `disabled_children` int(11) DEFAULT NULL COMMENT 'Disabled Category Children',
  `display_mode` varchar(255) DEFAULT NULL COMMENT 'Display Mode',
  `filter_price_range` decimal(12,4) DEFAULT NULL COMMENT 'Layered Navigation Price Step',
  `image` varchar(255) DEFAULT NULL COMMENT 'Image',
  `include_in_menu` int(11) DEFAULT NULL COMMENT 'Include in Navigation Menu',
  `is_active` int(11) DEFAULT NULL COMMENT 'Is Active',
  `is_anchor` int(11) DEFAULT NULL COMMENT 'Is Anchor',
  `label_value` text COMMENT 'Label',
  `landing_page` int(11) DEFAULT NULL COMMENT 'CMS Block',
  `level_column_count` varchar(255) DEFAULT NULL COMMENT 'Level Column Count',
  `meta_description` text COMMENT 'Meta Description',
  `meta_keywords` text COMMENT 'Meta Keywords',
  `meta_title` varchar(255) DEFAULT NULL COMMENT 'Page Title',
  `name` varchar(255) DEFAULT NULL COMMENT 'Name',
  `nbr_product_value` text COMMENT 'Numbers Products to Show',
  `page_layout` varchar(255) DEFAULT NULL COMMENT 'Page Layout',
  `path_in_store` text COMMENT 'Path In Store',
  `show_products` int(11) DEFAULT NULL COMMENT 'Show Products',
  `static_block_bottom_value` int(11) DEFAULT NULL COMMENT 'Static Block Bottom Value',
  `static_block_left_value` int(11) DEFAULT NULL COMMENT 'Static Block Left Value',
  `static_block_right_value` int(11) DEFAULT NULL COMMENT 'Static Block Right Value',
  `static_block_top_value` int(11) DEFAULT NULL COMMENT 'Static Block Top Value',
  `url_key` varchar(255) DEFAULT NULL COMMENT 'URL Key',
  `url_path` varchar(255) DEFAULT NULL COMMENT 'Url Path',
  `use_label` int(11) DEFAULT NULL COMMENT 'Use Label',
  `use_static_block` int(11) DEFAULT NULL COMMENT 'Use Static Block',
  `use_static_block_bottom` int(11) DEFAULT NULL COMMENT 'Use Static Block Bottom',
  `use_static_block_left` int(11) DEFAULT NULL COMMENT 'Use Static Block Left',
  `use_static_block_right` int(11) DEFAULT NULL COMMENT 'Use Static Block Right',
  `use_static_block_top` int(11) DEFAULT NULL COMMENT 'Use Static Block Top',
  `use_thumbail` int(11) DEFAULT NULL COMMENT 'Use Thumbail',
  PRIMARY KEY (`entity_id`),
  KEY `CATALOG_CATEGORY_FLAT_STORE_1_TMP_STORE_ID` (`store_id`),
  KEY `CATALOG_CATEGORY_FLAT_STORE_1_TMP_PATH` (`path`),
  KEY `CATALOG_CATEGORY_FLAT_STORE_1_TMP_LEVEL` (`level`)
) ENGINE=InnoDB DEFAULT CHARSET=utf8 COMMENT='Catalog Category Flat';

--
-- Dumping data for table `catalog_category_flat_store_1`
--

INSERT INTO `catalog_category_flat_store_1` VALUES (1,3,0,'2020-09-07 13:26:58','2022-05-11 07:33:30','1',0,0,19,1,NULL,NULL,NULL,NULL,NULL,NULL,NULL,NULL,NULL,NULL,NULL,NULL,NULL,NULL,NULL,NULL,NULL,1,NULL,NULL,NULL,NULL,NULL,NULL,NULL,NULL,'Root Catalog',NULL,NULL,NULL,NULL,NULL,NULL,NULL,NULL,NULL,NULL,NULL,NULL,NULL,NULL,NULL,NULL,NULL),(2,3,1,'2020-09-07 13:27:14','2022-05-11 07:33:30','1/2',1,1,17,1,NULL,NULL,1,NULL,0,NULL,NULL,NULL,NULL,NULL,0,NULL,NULL,1,'PRODUCTS',NULL,NULL,1,1,1,NULL,NULL,'column_mega_menu1',NULL,NULL,NULL,'Default Category',NULL,NULL,NULL,NULL,NULL,NULL,NULL,NULL,'default-category',NULL,1,1,1,1,1,1,NULL),(3,3,6,'2020-09-09 09:54:44','2021-09-11 21:39:41','1/2/6/3',3,3,0,1,NULL,NULL,1,NULL,0,NULL,NULL,NULL,NULL,NULL,0,NULL,'<div class=\"page-title-wrapper\"> </div>\r\n<div class=\"category-description\">\r\n<p>A copier is a machine that makes copies of documents and other visual images onto paper or plastic film quickly and cheaply. Photocopying is widely used in the business, education, and government sectors. While there have been predictions that photocopiers will eventually become obsolete as information workers increase their use of digital document creation, storage and distribution, and rely less on distributing actual pieces of paper, as of 2015, photocopiers continue to be widely used.</p>\r\n</div>',0,'PRODUCTS',NULL,'/media/catalog/category/category-copier.png',1,1,1,'Copiers Upgrade',NULL,'column_mega_menu1',NULL,NULL,NULL,'Copiers Upgrade',NULL,NULL,NULL,NULL,NULL,NULL,NULL,NULL,'copier','accessories/copier',1,1,1,1,1,0,NULL),(6,3,2,'2021-02-02 12:59:12','2021-04-22 07:58:29','1/2/6',4,2,3,1,NULL,NULL,1,NULL,0,NULL,NULL,NULL,NULL,NULL,0,NULL,NULL,0,'PRODUCTS',NULL,NULL,0,1,1,'ACCESSORIES',NULL,'column_mega_menu4',NULL,NULL,NULL,'Accessories',NULL,NULL,NULL,NULL,NULL,NULL,2,NULL,'accessories','accessories',1,1,1,1,1,1,NULL),(7,3,6,'2021-02-02 13:00:28','2021-02-24 20:07:09','1/2/6/7',1,3,0,1,NULL,NULL,1,NULL,0,NULL,NULL,NULL,NULL,NULL,0,NULL,NULL,1,'PRODUCTS',NULL,NULL,1,1,1,'Copiers Media Input',NULL,'column_mega_menu1',NULL,NULL,NULL,'Copiers Media Input',NULL,NULL,NULL,NULL,NULL,NULL,NULL,NULL,'media-input','accessories/media-input',1,1,1,1,1,1,NULL),(8,3,6,'2021-02-02 13:01:56','2021-02-24 20:07:29','1/2/6/8',2,3,0,1,NULL,NULL,1,NULL,0,NULL,NULL,NULL,NULL,NULL,0,NULL,NULL,1,'PRODUCTS',NULL,NULL,1,1,1,'Copiers Media Outputs',NULL,'column_mega_menu1',NULL,NULL,NULL,'Copiers Media Outputs',NULL,NULL,NULL,NULL,NULL,NULL,NULL,NULL,'media-outputs','accessories/media-outputs',1,1,1,1,1,1,NULL),(13,3,2,'2021-02-19 10:21:04','2021-12-21 09:49:37','1/2/13',6,2,0,1,NULL,NULL,1,NULL,0,NULL,NULL,NULL,NULL,NULL,0,NULL,NULL,1,'PRODUCTS',NULL,NULL,0,1,1,'New Arrivals',NULL,'column_mega_menu1',NULL,NULL,NULL,'New',NULL,NULL,NULL,NULL,NULL,NULL,NULL,NULL,'new','new',1,1,1,1,1,1,NULL),(14,3,2,'2021-02-19 10:23:08','2021-12-21 09:52:18','1/2/14',7,2,0,1,NULL,NULL,1,NULL,0,NULL,NULL,NULL,NULL,NULL,0,NULL,NULL,1,'PRODUCTS',NULL,NULL,0,1,1,NULL,NULL,'column_mega_menu1',NULL,NULL,NULL,'Best Sellers',NULL,NULL,NULL,NULL,NULL,NULL,NULL,NULL,'bestseller','bestseller',1,1,1,1,1,1,NULL),(15,3,2,'2021-02-19 10:24:48','2021-12-21 09:52:48','1/2/15',8,2,0,1,NULL,NULL,1,NULL,0,NULL,NULL,NULL,NULL,NULL,0,NULL,NULL,1,'PRODUCTS',NULL,NULL,0,1,1,NULL,NULL,'column_mega_menu1',NULL,NULL,NULL,'Top Bundles',NULL,NULL,NULL,NULL,NULL,NULL,NULL,NULL,'top-bundles','top-bundles',1,1,1,1,1,1,NULL),(20,3,2,'2021-02-25 12:57:54','2021-09-07 08:50:07','1/2/20',9,2,0,1,NULL,NULL,1,NULL,0,NULL,NULL,NULL,NULL,NULL,0,NULL,NULL,1,'PRODUCTS',NULL,NULL,0,1,1,NULL,NULL,'column_mega_menu1',NULL,NULL,NULL,'Our Partners',NULL,NULL,NULL,NULL,NULL,NULL,NULL,NULL,'toners-top-sellers','toners-top-sellers',1,1,1,1,1,1,NULL),(24,3,2,'2021-04-18 16:41:34','2021-09-02 13:37:17','1/2/24',11,2,0,1,NULL,NULL,1,NULL,0,NULL,NULL,NULL,NULL,NULL,0,NULL,NULL,1,'PRODUCTS',NULL,NULL,0,1,1,NULL,NULL,'column_mega_menu1',NULL,NULL,NULL,'Black Printing Plans',NULL,NULL,NULL,NULL,NULL,NULL,NULL,NULL,'black-only','black-only',1,1,1,1,1,1,NULL),(25,3,2,'2021-04-18 16:42:17','2021-10-25 09:08:37','1/2/25',12,2,0,1,NULL,NULL,1,NULL,0,NULL,NULL,NULL,NULL,NULL,0,NULL,NULL,1,'PRODUCTS',NULL,NULL,0,1,1,NULL,NULL,'column_mega_menu1',NULL,NULL,NULL,'Colour Printing Plans',NULL,NULL,NULL,NULL,NULL,NULL,NULL,NULL,'color-printing','color-printing',1,1,1,1,1,1,NULL),(26,3,2,'2021-04-19 07:56:09','2021-04-19 07:56:09','1/2/26',13,2,0,1,NULL,NULL,1,NULL,0,NULL,NULL,NULL,NULL,NULL,0,NULL,NULL,1,'PRODUCTS',NULL,NULL,0,1,1,NULL,NULL,'column_mega_menu1',NULL,NULL,NULL,'addon',NULL,NULL,NULL,NULL,NULL,NULL,NULL,NULL,'addon','addon',1,1,1,1,1,1,NULL),(27,3,2,'2021-04-29 06:15:41','2021-12-21 09:43:33','1/2/27',14,2,0,1,NULL,NULL,1,NULL,0,NULL,NULL,NULL,NULL,NULL,0,NULL,NULL,1,'PRODUCTS',NULL,NULL,0,1,1,NULL,NULL,'column_mega_menu1',NULL,NULL,NULL,'Search',NULL,NULL,NULL,NULL,NULL,NULL,NULL,NULL,'consumable','consumable',1,1,1,1,1,1,NULL),(39,3,2,'2021-05-25 11:20:17','2021-05-25 11:20:38','1/2/39',15,2,0,1,NULL,NULL,1,NULL,0,NULL,NULL,NULL,NULL,NULL,0,NULL,NULL,1,'PRODUCTS',NULL,NULL,0,1,1,NULL,NULL,'column_mega_menu1',NULL,NULL,NULL,'Discount Products. ',NULL,NULL,NULL,NULL,NULL,NULL,NULL,NULL,'discount-products','discount-products',1,1,1,1,1,1,NULL),(41,3,2,'2021-09-03 13:54:25','2021-12-21 09:39:20','1/2/41',16,2,0,1,NULL,NULL,1,NULL,0,NULL,NULL,NULL,NULL,NULL,0,NULL,NULL,1,'PRODUCTS',NULL,NULL,0,1,1,NULL,NULL,'column_mega_menu1',NULL,NULL,NULL,'new test',NULL,NULL,NULL,NULL,NULL,NULL,NULL,NULL,'new-test','new-test',1,1,1,1,1,1,NULL),(42,3,2,'2021-09-03 14:15:08','2021-09-07 04:47:29','1/2/42',17,2,0,1,NULL,NULL,1,NULL,0,NULL,NULL,NULL,NULL,NULL,0,NULL,NULL,1,'PRODUCTS',NULL,NULL,1,1,1,NULL,NULL,'column_mega_menu1',NULL,NULL,NULL,'Copiers & Printers',NULL,NULL,NULL,NULL,NULL,NULL,NULL,NULL,'copiers-printers','copiers-printers',1,1,1,1,1,1,NULL),(46,3,2,'2021-09-06 08:19:53','2021-09-07 04:47:51','1/2/46',18,2,0,1,NULL,NULL,1,NULL,0,NULL,NULL,NULL,NULL,NULL,0,NULL,NULL,1,'PRODUCTS',NULL,NULL,1,1,1,NULL,NULL,'column_mega_menu1',NULL,NULL,NULL,'Toners',NULL,NULL,NULL,NULL,NULL,NULL,NULL,NULL,'toners','toners',1,1,1,1,1,1,NULL),(47,3,2,'2022-05-11 07:33:30','2022-06-19 08:01:54','1/2/47',19,2,0,1,NULL,NULL,1,NULL,0,NULL,NULL,NULL,NULL,NULL,0,NULL,NULL,1,'PRODUCTS',NULL,NULL,1,1,1,NULL,NULL,'column_mega_menu1',NULL,NULL,NULL,'Office Furniture',NULL,NULL,NULL,NULL,NULL,NULL,NULL,NULL,'furniture','furniture',1,1,1,1,1,1,NULL);

--
-- Table structure for table `catalog_category_flat_store_2`
--

CREATE TABLE `catalog_category_flat_store_2` (
  `entity_id` int(10) unsigned NOT NULL COMMENT 'entity_id',
  `attribute_set_id` smallint(5) unsigned NOT NULL DEFAULT '0' COMMENT 'attribute_set_id',
  `parent_id` int(10) unsigned NOT NULL DEFAULT '0' COMMENT 'parent_id',
  `created_at` timestamp NOT NULL DEFAULT CURRENT_TIMESTAMP COMMENT 'created_at',
  `updated_at` timestamp NOT NULL DEFAULT CURRENT_TIMESTAMP COMMENT 'updated_at',
  `path` varchar(255) NOT NULL DEFAULT '' COMMENT 'path',
  `position` int(11) NOT NULL COMMENT 'position',
  `level` int(11) NOT NULL DEFAULT '0' COMMENT 'level',
  `children_count` int(11) NOT NULL COMMENT 'children_count',
  `store_id` smallint(5) unsigned NOT NULL DEFAULT '0' COMMENT 'Store Id',
  `all_children` text COMMENT 'All Children',
  `available_sort_by` text COMMENT 'Available Product Listing Sort By',
  `category_is_link` int(11) DEFAULT NULL COMMENT 'Is Link',
  `children` text COMMENT 'Children',
  `custom_apply_to_products` int(11) DEFAULT NULL COMMENT 'Apply To Products',
  `custom_design` varchar(255) DEFAULT NULL COMMENT 'Custom Design',
  `custom_design_from` datetime DEFAULT NULL COMMENT 'Active From',
  `custom_design_to` datetime DEFAULT NULL COMMENT 'Active To',
  `custom_layout_update` text COMMENT 'Custom Layout Update',
  `custom_layout_update_file` varchar(255) DEFAULT NULL COMMENT 'Custom Layout Update',
  `custom_use_parent_settings` int(11) DEFAULT NULL COMMENT 'Use Parent Category Settings',
  `default_sort_by` varchar(255) DEFAULT NULL COMMENT 'Default Product Listing Sort By',
  `description` text COMMENT 'Description',
  `disabled_children` int(11) DEFAULT NULL COMMENT 'Disabled Category Children',
  `display_mode` varchar(255) DEFAULT NULL COMMENT 'Display Mode',
  `filter_price_range` decimal(12,4) DEFAULT NULL COMMENT 'Layered Navigation Price Step',
  `image` varchar(255) DEFAULT NULL COMMENT 'Image',
  `include_in_menu` int(11) DEFAULT NULL COMMENT 'Include in Navigation Menu',
  `is_active` int(11) DEFAULT NULL COMMENT 'Is Active',
  `is_anchor` int(11) DEFAULT NULL COMMENT 'Is Anchor',
  `label_value` text COMMENT 'Label',
  `landing_page` int(11) DEFAULT NULL COMMENT 'CMS Block',
  `level_column_count` varchar(255) DEFAULT NULL COMMENT 'Level Column Count',
  `meta_description` text COMMENT 'Meta Description',
  `meta_keywords` text COMMENT 'Meta Keywords',
  `meta_title` varchar(255) DEFAULT NULL COMMENT 'Page Title',
  `name` varchar(255) DEFAULT NULL COMMENT 'Name',
  `nbr_product_value` text COMMENT 'Numbers Products to Show',
  `page_layout` varchar(255) DEFAULT NULL COMMENT 'Page Layout',
  `path_in_store` text COMMENT 'Path In Store',
  `show_products` int(11) DEFAULT NULL COMMENT 'Show Products',
  `static_block_bottom_value` int(11) DEFAULT NULL COMMENT 'Static Block Bottom Value',
  `static_block_left_value` int(11) DEFAULT NULL COMMENT 'Static Block Left Value',
  `static_block_right_value` int(11) DEFAULT NULL COMMENT 'Static Block Right Value',
  `static_block_top_value` int(11) DEFAULT NULL COMMENT 'Static Block Top Value',
  `url_key` varchar(255) DEFAULT NULL COMMENT 'URL Key',
  `url_path` varchar(255) DEFAULT NULL COMMENT 'Url Path',
  `use_label` int(11) DEFAULT NULL COMMENT 'Use Label',
  `use_static_block` int(11) DEFAULT NULL COMMENT 'Use Static Block',
  `use_static_block_bottom` int(11) DEFAULT NULL COMMENT 'Use Static Block Bottom',
  `use_static_block_left` int(11) DEFAULT NULL COMMENT 'Use Static Block Left',
  `use_static_block_right` int(11) DEFAULT NULL COMMENT 'Use Static Block Right',
  `use_static_block_top` int(11) DEFAULT NULL COMMENT 'Use Static Block Top',
  `use_thumbail` int(11) DEFAULT NULL COMMENT 'Use Thumbail',
  PRIMARY KEY (`entity_id`),
  KEY `CATALOG_CATEGORY_FLAT_STORE_2_TMP_STORE_ID` (`store_id`),
  KEY `CATALOG_CATEGORY_FLAT_STORE_2_TMP_PATH` (`path`),
  KEY `CATALOG_CATEGORY_FLAT_STORE_2_TMP_LEVEL` (`level`)
) ENGINE=InnoDB DEFAULT CHARSET=utf8 COMMENT='Catalog Category Flat';

--
-- Dumping data for table `catalog_category_flat_store_2`
--

INSERT INTO `catalog_category_flat_store_2` VALUES (1,3,0,'2020-09-07 13:26:58','2022-05-11 07:33:30','1',0,0,19,2,NULL,NULL,NULL,NULL,NULL,NULL,NULL,NULL,NULL,NULL,NULL,NULL,NULL,NULL,NULL,NULL,NULL,1,NULL,NULL,NULL,NULL,NULL,NULL,NULL,NULL,'Root Catalog',NULL,NULL,NULL,NULL,NULL,NULL,NULL,NULL,NULL,NULL,NULL,NULL,NULL,NULL,NULL,NULL,NULL),(2,3,1,'2020-09-07 13:27:14','2022-05-11 07:33:30','1/2',1,1,17,2,NULL,NULL,1,NULL,0,NULL,NULL,NULL,NULL,NULL,0,NULL,NULL,1,'PRODUCTS',NULL,NULL,1,1,1,NULL,NULL,'column_mega_menu1',NULL,NULL,NULL,'Default Category',NULL,NULL,NULL,NULL,NULL,NULL,NULL,NULL,'default-category',NULL,1,1,1,1,1,1,NULL),(3,3,6,'2020-09-09 09:54:44','2021-09-11 21:39:41','1/2/6/3',3,3,0,2,NULL,NULL,1,NULL,0,NULL,NULL,NULL,NULL,NULL,0,NULL,'<div class=\"page-title-wrapper\"> </div>\r\n<div class=\"category-description\">\r\n<p>A copier is a machine that makes copies of documents and other visual images onto paper or plastic film quickly and cheaply. Photocopying is widely used in the business, education, and government sectors. While there have been predictions that photocopiers will eventually become obsolete as information workers increase their use of digital document creation, storage and distribution, and rely less on distributing actual pieces of paper, as of 2015, photocopiers continue to be widely used.</p>\r\n</div>',0,'PRODUCTS',NULL,'/media/catalog/category/category-copier.png',1,1,1,'ناسخة',NULL,'column_mega_menu1',NULL,NULL,NULL,'COPIER',NULL,NULL,NULL,NULL,NULL,NULL,NULL,NULL,'copier','accessories/copier',1,1,1,1,1,0,NULL),(6,3,2,'2021-02-02 12:59:12','2021-04-22 07:58:29','1/2/6',4,2,3,2,NULL,NULL,1,NULL,0,NULL,NULL,NULL,NULL,NULL,0,NULL,NULL,0,'PRODUCTS',NULL,NULL,0,1,1,'مستلزمات',NULL,'column_mega_menu4',NULL,NULL,NULL,'Accessories',NULL,NULL,NULL,NULL,NULL,NULL,2,NULL,'accessories','accessories',1,1,1,1,1,1,NULL),(7,3,6,'2021-02-02 13:00:28','2021-02-24 20:07:09','1/2/6/7',1,3,0,2,NULL,NULL,1,NULL,0,NULL,NULL,NULL,NULL,NULL,0,NULL,NULL,1,'PRODUCTS',NULL,NULL,1,1,1,'إدخال الوسائط',NULL,'column_mega_menu1',NULL,NULL,NULL,'Copiers Media Input',NULL,NULL,NULL,NULL,NULL,NULL,NULL,NULL,'media-input','accessories/media-input',1,1,1,1,1,1,NULL),(8,3,6,'2021-02-02 13:01:56','2021-02-24 20:07:29','1/2/6/8',2,3,0,2,NULL,NULL,1,NULL,0,NULL,NULL,NULL,NULL,NULL,0,NULL,NULL,1,'PRODUCTS',NULL,NULL,1,1,1,'مخرجات الوسائط',NULL,'column_mega_menu1',NULL,NULL,NULL,'Copiers Media Outputs',NULL,NULL,NULL,NULL,NULL,NULL,NULL,NULL,'media-outputs','accessories/media-outputs',1,1,1,1,1,1,NULL),(13,3,2,'2021-02-19 10:21:04','2021-12-21 09:49:37','1/2/13',6,2,0,2,NULL,NULL,1,NULL,0,NULL,NULL,NULL,NULL,NULL,0,NULL,NULL,1,'PRODUCTS',NULL,NULL,0,1,1,'New Arrivals',NULL,'column_mega_menu1',NULL,NULL,NULL,'وصل حديثاً',NULL,NULL,NULL,NULL,NULL,NULL,NULL,NULL,'new','new',1,1,1,1,1,1,NULL),(14,3,2,'2021-02-19 10:23:08','2021-12-21 09:52:18','1/2/14',7,2,0,2,NULL,NULL,1,NULL,0,NULL,NULL,NULL,NULL,NULL,0,NULL,NULL,1,'PRODUCTS',NULL,NULL,0,1,1,NULL,NULL,'column_mega_menu1',NULL,NULL,NULL,'الأفضل مبيعاً',NULL,NULL,NULL,NULL,NULL,NULL,NULL,NULL,'bestseller','bestseller',1,1,1,1,1,1,NULL),(15,3,2,'2021-02-19 10:24:48','2021-12-21 09:52:48','1/2/15',8,2,0,2,NULL,NULL,1,NULL,0,NULL,NULL,NULL,NULL,NULL,0,NULL,NULL,1,'PRODUCTS',NULL,NULL,0,1,1,NULL,NULL,'column_mega_menu1',NULL,NULL,NULL,'أفضل مجموعات',NULL,NULL,NULL,NULL,NULL,NULL,NULL,NULL,'top-bundles','top-bundles',1,1,1,1,1,1,NULL),(20,3,2,'2021-02-25 12:57:54','2021-09-07 08:50:07','1/2/20',9,2,0,2,NULL,NULL,1,NULL,0,NULL,NULL,NULL,NULL,NULL,0,NULL,NULL,1,'PRODUCTS',NULL,NULL,0,1,1,NULL,NULL,'column_mega_menu1',NULL,NULL,NULL,'عملائنا',NULL,NULL,NULL,NULL,NULL,NULL,NULL,NULL,'toners-top-sellers','toners-top-sellers',1,1,1,1,1,1,NULL),(24,3,2,'2021-04-18 16:41:34','2021-09-02 13:37:17','1/2/24',11,2,0,2,NULL,NULL,1,NULL,0,NULL,NULL,NULL,NULL,NULL,0,NULL,NULL,1,'PRODUCTS',NULL,NULL,0,1,1,NULL,NULL,'column_mega_menu1',NULL,NULL,NULL,'للطباعة باللون الأسود',NULL,NULL,NULL,NULL,NULL,NULL,NULL,NULL,'black-only','black-only',1,1,1,1,1,1,NULL),(25,3,2,'2021-04-18 16:42:17','2021-10-25 09:08:37','1/2/25',12,2,0,2,NULL,NULL,1,NULL,0,NULL,NULL,NULL,NULL,NULL,0,NULL,NULL,1,'PRODUCTS',NULL,NULL,0,1,1,NULL,NULL,'column_mega_menu1',NULL,NULL,NULL,'للطباعة الملونة',NULL,NULL,NULL,NULL,NULL,NULL,NULL,NULL,'color-printing','color-printing',1,1,1,1,1,1,NULL),(26,3,2,'2021-04-19 07:56:09','2021-04-19 07:56:09','1/2/26',13,2,0,2,NULL,NULL,1,NULL,0,NULL,NULL,NULL,NULL,NULL,0,NULL,NULL,1,'PRODUCTS',NULL,NULL,0,1,1,NULL,NULL,'column_mega_menu1',NULL,NULL,NULL,'addon',NULL,NULL,NULL,NULL,NULL,NULL,NULL,NULL,'addon','addon',1,1,1,1,1,1,NULL),(27,3,2,'2021-04-29 06:15:41','2021-12-21 09:43:33','1/2/27',14,2,0,2,NULL,NULL,1,NULL,0,NULL,NULL,NULL,NULL,NULL,0,NULL,NULL,1,'PRODUCTS',NULL,NULL,0,1,1,NULL,NULL,'column_mega_menu1',NULL,NULL,NULL,'Search',NULL,NULL,NULL,NULL,NULL,NULL,NULL,NULL,'consumable','consumable',1,1,1,1,1,1,NULL),(39,3,2,'2021-05-25 11:20:17','2021-05-25 11:20:38','1/2/39',15,2,0,2,NULL,NULL,1,NULL,0,NULL,NULL,NULL,NULL,NULL,0,NULL,NULL,1,'PRODUCTS',NULL,NULL,0,1,1,NULL,NULL,'column_mega_menu1',NULL,NULL,NULL,'Discount Products. ',NULL,NULL,NULL,NULL,NULL,NULL,NULL,NULL,'discount-products','discount-products',1,1,1,1,1,1,NULL),(41,3,2,'2021-09-03 13:54:25','2021-12-21 09:39:20','1/2/41',16,2,0,2,NULL,NULL,1,NULL,0,NULL,NULL,NULL,NULL,NULL,0,NULL,NULL,1,'PRODUCTS',NULL,NULL,0,1,1,NULL,NULL,'column_mega_menu1',NULL,NULL,NULL,'new test',NULL,NULL,NULL,NULL,NULL,NULL,NULL,NULL,'new-test','new-test',1,1,1,1,1,1,NULL),(42,3,2,'2021-09-03 14:15:08','2021-09-07 04:47:29','1/2/42',17,2,0,2,NULL,NULL,1,NULL,0,NULL,NULL,NULL,NULL,NULL,0,NULL,NULL,1,'PRODUCTS',NULL,NULL,1,1,1,NULL,NULL,'column_mega_menu1',NULL,NULL,NULL,'الطابعات و آلات تصوير',NULL,NULL,NULL,NULL,NULL,NULL,NULL,NULL,'copiers-printers','copiers-printers',1,1,1,1,1,1,NULL),(46,3,2,'2021-09-06 08:19:53','2021-09-07 04:47:51','1/2/46',18,2,0,2,NULL,NULL,1,NULL,0,NULL,NULL,NULL,NULL,NULL,0,NULL,NULL,1,'PRODUCTS',NULL,NULL,1,1,1,NULL,NULL,'column_mega_menu1',NULL,NULL,NULL,'الأحبار',NULL,NULL,NULL,NULL,NULL,NULL,NULL,NULL,'toners','toners',1,1,1,1,1,1,NULL),(47,3,2,'2022-05-11 07:33:30','2022-06-19 08:01:54','1/2/47',19,2,0,2,NULL,NULL,1,NULL,0,NULL,NULL,NULL,NULL,NULL,0,NULL,NULL,1,'PRODUCTS',NULL,NULL,1,1,1,NULL,NULL,'column_mega_menu1',NULL,NULL,NULL,'اثاث مكتبي',NULL,NULL,NULL,NULL,NULL,NULL,NULL,NULL,'furniture','furniture',1,1,1,1,1,1,NULL);

--
-- Table structure for table `catalog_category_product`
--

CREATE TABLE `catalog_category_product` (
  `entity_id` int(11) NOT NULL AUTO_INCREMENT COMMENT 'Entity ID',
  `category_id` int(10) unsigned NOT NULL DEFAULT '0' COMMENT 'Category ID',
  `product_id` int(10) unsigned NOT NULL DEFAULT '0' COMMENT 'Product ID',
  `position` int(11) NOT NULL DEFAULT '0' COMMENT 'Position',
  PRIMARY KEY (`entity_id`,`category_id`,`product_id`),
  UNIQUE KEY `CATALOG_CATEGORY_PRODUCT_CATEGORY_ID_PRODUCT_ID` (`category_id`,`product_id`),
  KEY `CATALOG_CATEGORY_PRODUCT_PRODUCT_ID` (`product_id`),
  CONSTRAINT `CAT_CTGR_PRD_CTGR_ID_CAT_CTGR_ENTT_ENTT_ID` FOREIGN KEY (`category_id`) REFERENCES `catalog_category_entity` (`entity_id`) ON DELETE CASCADE,
  CONSTRAINT `CAT_CTGR_PRD_PRD_ID_CAT_PRD_ENTT_ENTT_ID` FOREIGN KEY (`product_id`) REFERENCES `catalog_product_entity` (`entity_id`) ON DELETE CASCADE
) ENGINE=InnoDB AUTO_INCREMENT=15649 DEFAULT CHARSET=utf8 COMMENT='Catalog Product To Category Linkage Table';

--
-- Dumping data for table `catalog_category_product`
--

INSERT INTO `catalog_category_product` VALUES (1807,3,291,0),(1811,3,292,0),(1815,3,293,0),(1823,3,295,0),(1827,3,296,0),(1831,3,297,0),(1835,3,298,0),(1839,3,299,0),(1843,3,300,0),(1855,3,303,0),(1859,3,304,0),(1863,3,305,0),(4639,24,312,0),(4640,24,313,0),(4641,25,315,0),(4642,25,316,0),(4643,25,317,0),(4644,26,63,0),(4645,26,64,0),(4646,24,314,0),(7554,2,502,0),(7556,39,494,0),(7557,39,495,0),(7558,39,497,0),(7559,39,498,0),(7561,26,503,0),(8562,41,63,0),(8610,42,291,0),(8611,42,293,0),(8612,42,294,0),(8613,42,295,0),(8614,42,296,0),(8615,42,297,0),(8616,42,298,0),(8617,42,305,0),(8626,46,507,0),(8627,46,508,0),(8628,46,509,0),(8629,46,510,0),(8630,46,511,0),(8631,46,512,0),(8632,46,513,0),(8633,46,514,0),(8634,46,515,0),(8635,46,516,0),(8636,46,517,0),(8661,46,518,0),(8662,46,519,0),(8663,46,520,0),(8664,46,521,0),(8665,46,522,0),(8666,46,523,0),(8667,46,524,0),(8668,46,525,0),(8669,46,526,0),(8670,46,527,0),(8671,46,528,0),(8672,46,529,0),(8673,46,530,0),(8674,46,531,0),(8675,46,532,0),(8676,46,533,0),(8677,46,534,0),(8678,46,535,0),(8679,46,536,0),(8680,46,537,0),(8681,46,538,0),(8682,46,539,0),(8683,46,540,0),(8684,46,541,0),(8685,46,542,0),(8686,46,543,0),(8687,46,544,0),(8688,46,545,0),(8689,46,546,0),(8690,46,547,0),(8691,46,548,0),(8692,46,549,0),(8693,46,550,0),(8694,46,551,0),(8695,46,552,0),(8696,46,553,0),(8697,46,554,0),(8698,46,555,0),(8699,46,556,0),(8700,46,557,0),(8701,46,558,0),(8702,46,559,0),(8703,46,560,0),(8704,46,561,0),(8705,46,562,0),(8706,46,563,0),(8707,46,564,0),(8708,46,565,0),(8709,46,566,0),(8710,46,567,0),(8711,46,568,0),(8712,46,569,0),(8713,46,570,0),(8714,46,571,0),(8715,46,572,0),(8716,46,573,0),(8717,46,574,0),(8718,46,575,0),(8719,46,576,0),(8720,46,577,0),(8721,46,578,0),(8722,46,579,0),(8723,46,580,0),(8724,46,581,0),(8725,46,582,0),(8726,46,583,0),(8727,46,584,0),(8728,46,585,0),(8729,46,586,0),(8730,46,587,0),(8731,46,588,0),(8732,46,589,0),(8733,46,590,0),(8734,46,591,0),(8735,46,592,0),(8736,46,593,0),(8737,46,594,0),(8738,46,595,0),(8739,46,596,0),(8740,46,597,0),(8741,46,598,0),(8742,46,599,0),(8743,46,600,0),(8744,46,601,0),(8745,46,602,0),(8746,46,603,0),(8747,46,604,0),(8748,46,605,0),(8749,46,606,0),(8761,46,607,0),(8762,46,608,0),(8763,46,609,0),(8764,46,610,0),(8765,46,611,0),(8766,46,612,0),(8767,46,613,0),(8768,46,614,0),(8769,46,615,0),(8770,46,616,0),(8771,46,617,0),(8772,46,618,0),(8773,46,619,0),(8774,46,620,0),(8775,46,621,0),(8776,46,622,0),(8777,46,623,0),(8778,46,624,0),(8779,46,625,0),(8780,46,626,0),(8781,46,627,0),(8782,46,628,0),(8783,46,629,0),(8784,46,630,0),(8785,46,631,0),(8786,46,632,0),(8787,46,633,0),(8788,46,634,0),(8789,46,635,0),(8790,46,636,0),(8791,46,637,0),(8792,46,638,0),(8793,46,639,0),(8794,46,640,0),(8795,46,641,0),(8796,46,642,0),(8797,46,643,0),(8798,46,644,0),(8799,46,645,0),(8800,46,646,0),(8801,46,647,0),(8802,46,648,0),(8803,46,649,0),(8804,46,650,0),(8805,46,651,0),(8806,46,652,0),(8807,46,653,0),(8808,46,654,0),(8809,46,655,0),(8810,46,656,0),(8811,46,657,0),(8812,46,658,0),(8813,46,659,0),(8814,46,660,0),(8815,46,661,0),(8816,46,662,0),(8817,46,663,0),(8818,46,664,0),(8819,46,665,0),(8820,46,666,0),(8821,46,667,0),(8822,46,668,0),(8823,46,669,0),(8824,46,670,0),(8825,46,671,0),(8826,46,672,0),(8827,46,673,0),(8828,46,674,0),(8829,46,675,0),(8830,46,676,0),(8831,46,677,0),(8832,46,678,0),(8833,46,679,0),(8834,46,680,0),(8835,46,681,0),(8836,46,682,0),(8837,46,683,0),(8838,46,684,0),(8839,46,685,0),(8840,46,686,0),(8841,46,687,0),(8842,46,688,0),(8843,46,689,0),(8844,46,690,0),(8845,46,691,0),(8846,46,692,0),(8847,46,693,0),(8848,46,694,0),(8849,46,695,0),(8850,46,696,0),(8851,46,697,0),(8852,46,698,0),(8853,46,699,0),(8854,46,700,0),(8855,46,701,0),(8856,46,702,0),(8857,46,703,0),(8858,46,704,0),(8859,46,705,0),(8860,46,706,0),(8861,46,707,0),(8862,46,708,0),(8863,46,709,0),(8864,46,710,0),(8865,46,711,0),(8866,46,712,0),(8867,46,713,0),(8868,46,714,0),(8869,46,715,0),(8870,46,716,0),(8871,46,717,0),(8872,46,718,0),(8873,46,719,0),(8874,46,720,0),(8875,46,721,0),(8876,46,722,0),(8877,46,723,0),(8878,46,724,0),(8879,46,725,0),(8880,46,726,0),(8881,46,727,0),(8882,46,728,0),(8883,46,729,0),(8884,46,730,0),(8885,46,731,0),(8886,46,732,0),(8887,46,733,0),(8888,46,734,0),(8889,46,735,0),(8890,46,736,0),(8891,46,737,0),(8892,46,738,0),(8893,46,739,0),(8894,46,740,0),(8895,46,741,0),(8896,46,742,0),(8897,46,743,0),(8898,46,744,0),(8899,46,745,0),(8900,46,746,0),(8901,46,747,0),(8902,46,748,0),(8903,46,749,0),(8904,46,750,0),(8905,46,751,0),(8906,46,752,0),(8907,46,753,0),(8908,46,754,0),(8909,46,755,0),(8910,46,756,0),(8911,46,757,0),(8912,46,758,0),(8913,46,759,0),(8914,46,760,0),(8915,46,761,0),(8916,46,762,0),(8917,46,763,0),(8918,46,764,0),(8919,46,765,0),(8920,46,766,0),(8921,46,767,0),(8922,46,768,0),(8923,46,769,0),(8924,46,770,0),(8925,46,771,0),(8926,46,772,0),(8927,46,773,0),(8928,46,774,0),(8929,46,775,0),(8930,46,776,0),(8931,46,777,0),(8932,46,778,0),(8933,46,779,0),(8934,46,780,0),(8935,46,781,0),(8936,46,782,0),(8937,46,783,0),(8938,46,784,0),(8939,46,785,0),(8940,46,786,0),(8941,46,787,0),(8942,46,788,0),(8943,46,789,0),(8944,46,790,0),(8945,46,791,0),(8946,46,792,0),(8947,46,793,0),(8948,46,794,0),(8949,46,795,0),(8950,46,796,0),(8951,46,797,0),(8952,46,798,0),(8953,46,799,0),(9437,20,552,0),(9438,20,553,0),(9439,20,591,0),(9440,20,592,0),(9441,20,594,0),(9442,20,595,0),(9443,20,596,0),(9444,20,597,0),(9445,20,598,0),(9446,20,599,0),(9541,42,934,0),(9542,14,935,0),(9543,42,935,0),(9544,42,936,0),(9848,27,63,0),(9850,27,291,0),(9851,27,292,0),(9852,27,293,0),(9854,27,295,0),(9855,27,296,0),(9856,27,297,0),(9857,27,298,0),(9858,27,299,0),(9859,27,300,0),(9860,27,301,0),(9861,27,302,0),(9862,27,303,0),(9863,27,304,0),(9864,27,305,0),(9866,27,313,0),(9867,27,314,0),(9868,27,315,0),(9869,27,316,0),(9870,27,317,0),(9871,27,321,0),(9872,27,322,0),(9873,27,323,0),(9877,27,327,0),(9878,27,328,0),(9879,27,329,0),(9880,27,330,0),(9881,27,331,0),(9882,27,332,0),(9883,27,333,0),(9884,27,334,0),(9885,27,335,0),(9886,27,336,0),(9887,27,337,0),(9888,27,338,0),(9889,27,339,0),(9890,27,340,0),(9891,27,341,0),(9892,27,342,0),(9893,27,343,0),(9894,27,344,0),(9895,27,345,0),(9896,27,346,0),(9897,27,347,0),(9898,27,348,0),(9899,27,349,0),(9900,27,350,0),(9901,27,351,0),(9902,27,352,0),(9903,27,353,0),(9904,27,354,0),(9905,27,355,0),(9906,27,356,0),(9907,27,357,0),(9908,27,358,0),(9909,27,359,0),(9910,27,360,0),(9911,27,361,0),(9912,27,362,0),(9913,27,363,0),(9914,27,364,0),(9915,27,365,0),(9916,27,366,0),(9917,27,367,0),(9918,27,368,0),(9919,27,369,0),(9920,27,370,0),(9921,27,371,0),(9922,27,372,0),(9923,27,373,0),(9924,27,374,0),(9925,27,375,0),(9926,27,376,0),(9927,27,377,0),(9928,27,378,0),(9929,27,379,0),(9930,27,380,0),(9931,27,381,0),(9932,27,382,0),(9933,27,383,0),(9934,27,384,0),(9935,27,385,0),(9936,27,386,0),(9937,27,387,0),(9938,27,388,0),(9939,27,389,0),(9940,27,390,0),(9941,27,391,0),(9942,27,392,0),(9943,27,393,0),(9944,27,394,0),(9945,27,395,0),(9946,27,396,0),(9947,27,397,0),(9948,27,398,0),(9949,27,399,0),(9950,27,400,0),(9951,27,401,0),(9952,27,402,0),(9953,27,403,0),(9954,27,404,0),(9955,27,405,0),(9956,27,406,0),(9957,27,407,0),(9958,27,408,0),(9959,27,409,0),(9960,27,410,0),(9961,27,411,0),(9962,27,412,0),(9963,27,413,0),(9964,27,414,0),(9965,27,415,0),(9966,27,416,0),(9967,27,417,0),(9968,27,418,0),(9969,27,419,0),(9970,27,420,0),(9971,27,421,0),(9972,27,422,0),(9973,27,423,0),(9974,27,424,0),(9975,27,425,0),(9976,27,426,0),(9977,27,427,0),(9978,27,428,0),(9979,27,429,0),(9980,27,430,0),(9981,27,431,0),(9982,27,432,0),(9983,27,433,0),(9984,27,434,0),(9985,27,435,0),(9986,27,436,0),(9987,27,437,0),(9988,27,438,0),(9989,27,439,0),(9990,27,440,0),(9991,27,441,0),(9992,27,442,0),(9993,27,443,0),(9994,27,444,0),(9995,27,445,0),(9996,27,446,0),(9997,27,447,0),(9998,27,448,0),(9999,27,449,0),(10000,27,450,0),(10001,27,451,0),(10002,27,452,0),(10003,27,453,0),(10004,27,454,0),(10005,27,455,0),(10006,27,456,0),(10007,27,457,0),(10008,27,458,0),(10009,27,459,0),(10010,27,460,0),(10011,27,461,0),(10012,27,462,0),(10013,27,463,0),(10014,27,464,0),(10015,27,465,0),(10016,27,466,0),(10017,27,467,0),(10018,27,468,0),(10019,27,469,0),(10020,27,470,0),(10021,27,471,0),(10022,27,472,0),(10023,27,473,0),(10024,27,474,0),(10025,27,475,0),(10026,27,476,0),(10027,27,477,0),(10028,27,478,0),(10029,27,479,0),(10030,27,480,0),(10031,27,481,0),(10032,27,482,0),(10033,27,483,0),(10034,27,484,0),(10035,27,485,0),(10036,27,486,0),(10037,27,487,0),(10038,27,488,0),(10039,27,489,0),(10040,27,490,0),(10041,27,491,0),(10042,27,492,0),(10043,27,493,0),(10044,27,494,0),(10045,27,495,0),(10046,27,496,0),(10047,27,497,0),(10048,27,498,0),(10049,27,499,0),(10051,27,502,0),(10052,27,503,0),(10053,27,506,0),(10054,27,507,0),(10055,27,508,0),(10056,27,509,0),(10057,27,510,0),(10058,27,511,0),(10059,27,512,0),(10060,27,513,0),(10061,27,514,0),(10062,27,515,0),(10063,27,516,0),(10064,27,517,0),(10065,27,518,0),(10066,27,519,0),(10067,27,520,0),(10068,27,521,0),(10069,27,522,0),(10070,27,523,0),(10071,27,524,0),(10072,27,525,0),(10073,27,526,0),(10074,27,527,0),(10075,27,528,0),(10076,27,529,0),(10077,27,530,0),(10078,27,531,0),(10079,27,532,0),(10080,27,533,0),(10081,27,534,0),(10082,27,535,0),(10083,27,536,0),(10084,27,537,0),(10085,27,538,0),(10086,27,539,0),(10087,27,540,0),(10088,27,541,0),(10089,27,542,0),(10090,27,543,0),(10091,27,544,0),(10092,27,545,0),(10093,27,546,0),(10094,27,547,0),(10095,27,548,0),(10096,27,549,0),(10097,27,550,0),(10098,27,551,0),(10099,27,552,0),(10100,27,553,0),(10101,27,554,0),(10102,27,555,0),(10103,27,556,0),(10104,27,557,0),(10105,27,558,0),(10106,27,559,0),(10107,27,560,0),(10108,27,561,0),(10109,27,562,0),(10110,27,563,0),(10111,27,564,0),(10112,27,565,0),(10113,27,566,0),(10114,27,567,0),(10115,27,568,0),(10116,27,569,0),(10117,27,570,0),(10118,27,571,0),(10119,27,572,0),(10120,27,573,0),(10121,27,574,0),(10122,27,575,0),(10123,27,576,0),(10124,27,577,0),(10125,27,578,0),(10126,27,579,0),(10127,27,580,0),(10128,27,581,0),(10129,27,582,0),(10130,27,583,0),(10131,27,584,0),(10132,27,585,0),(10133,27,586,0),(10134,27,587,0),(10135,27,588,0),(10136,27,589,0),(10137,27,590,0),(10138,27,591,0),(10139,27,592,0),(10140,27,593,0),(10141,27,594,0),(10142,27,595,0),(10143,27,596,0),(10144,27,597,0),(10145,27,598,0),(10146,27,599,0),(10147,27,600,0),(10148,27,601,0),(10149,27,602,0),(10150,27,603,0),(10151,27,604,0),(10152,27,605,0),(10153,27,606,0),(10154,27,607,0),(10155,27,608,0),(10156,27,609,0),(10157,27,610,0),(10158,27,611,0),(10159,27,612,0),(10160,27,613,0),(10161,27,614,0),(10162,27,615,0),(10163,27,616,0),(10164,27,617,0),(10165,27,618,0),(10166,27,619,0),(10167,27,620,0),(10168,27,621,0),(10169,27,622,0),(10170,27,623,0),(10171,27,624,0),(10172,27,625,0),(10173,27,626,0),(10174,27,627,0),(10175,27,628,0),(10176,27,629,0),(10177,27,630,0),(10178,27,631,0),(10179,27,632,0),(10180,27,633,0),(10181,27,634,0),(10182,27,635,0),(10183,27,636,0),(10184,27,637,0),(10185,27,638,0),(10186,27,639,0),(10187,27,640,0),(10188,27,641,0),(10189,27,642,0),(10190,27,643,0),(10191,27,644,0),(10192,27,645,0),(10193,27,646,0),(10194,27,647,0),(10195,27,648,0),(10196,27,649,0),(10197,27,650,0),(10198,27,651,0),(10199,27,652,0),(10200,27,653,0),(10201,27,654,0),(10202,27,655,0),(10203,27,656,0),(10204,27,657,0),(10205,27,658,0),(10206,27,659,0),(10207,27,660,0),(10208,27,661,0),(10209,27,662,0),(10210,27,663,0),(10211,27,664,0),(10212,27,665,0),(10213,27,666,0),(10214,27,667,0),(10215,27,668,0),(10216,27,669,0),(10217,27,670,0),(10218,27,671,0),(10219,27,672,0),(10220,27,673,0),(10221,27,674,0),(10222,27,675,0),(10223,27,676,0),(10224,27,677,0),(10225,27,678,0),(10226,27,679,0),(10227,27,680,0),(10228,27,681,0),(10229,27,682,0),(10230,27,683,0),(10231,27,684,0),(10232,27,685,0),(10233,27,686,0),(10234,27,687,0),(10235,27,688,0),(10236,27,689,0),(10237,27,690,0),(10238,27,691,0),(10239,27,692,0),(10240,27,693,0),(10241,27,694,0),(10242,27,695,0),(10243,27,696,0),(10244,27,697,0),(10245,27,698,0),(10246,27,699,0),(10247,27,700,0),(10248,27,701,0),(10249,27,702,0),(10250,27,703,0),(10251,27,704,0),(10252,27,705,0),(10253,27,706,0),(10254,27,707,0),(10255,27,708,0),(10256,27,709,0),(10257,27,710,0),(10258,27,711,0),(10259,27,712,0),(10260,27,713,0),(10261,27,714,0),(10262,27,715,0),(10263,27,716,0),(10264,27,717,0),(10265,27,718,0),(10266,27,719,0),(10267,27,720,0),(10268,27,721,0),(10269,27,722,0),(10270,27,723,0),(10271,27,724,0),(10272,27,725,0),(10273,27,726,0),(10274,27,727,0),(10275,27,728,0),(10276,27,729,0),(10277,27,730,0),(10278,27,731,0),(10279,27,732,0),(10280,27,733,0),(10281,27,734,0),(10282,27,735,0),(10283,27,736,0),(10284,27,737,0),(10285,27,738,0),(10286,27,739,0),(10287,27,740,0),(10288,27,741,0),(10289,27,742,0),(10290,27,743,0),(10291,27,744,0),(10292,27,745,0),(10293,27,746,0),(10294,27,747,0),(10295,27,748,0),(10296,27,749,0),(10297,27,750,0),(10298,27,751,0),(10299,27,752,0),(10300,27,753,0),(10301,27,754,0),(10302,27,755,0),(10303,27,756,0),(10304,27,757,0),(10305,27,758,0),(10306,27,759,0),(10307,27,760,0),(10308,27,761,0),(10309,27,762,0),(10310,27,763,0),(10311,27,764,0),(10312,27,765,0),(10313,27,766,0),(10314,27,767,0),(10315,27,768,0),(10316,27,769,0),(10317,27,770,0),(10318,27,771,0),(10319,27,772,0),(10320,27,773,0),(10321,27,774,0),(10322,27,775,0),(10323,27,776,0),(10324,27,777,0),(10325,27,778,0),(10326,27,779,0),(10327,27,780,0),(10328,27,781,0),(10329,27,782,0),(10330,27,783,0),(10331,27,784,0),(10332,27,785,0),(10333,27,786,0),(10334,27,787,0),(10335,27,788,0),(10336,27,789,0),(10337,27,790,0),(10338,27,791,0),(10339,27,792,0),(10340,27,793,0),(10341,27,794,0),(10342,27,795,0),(10343,27,796,0),(10344,27,797,0),(10345,27,798,0),(10346,27,799,0),(10347,27,821,0),(10348,27,822,0),(10349,27,823,0),(10350,27,824,0),(10351,27,825,0),(10352,27,826,0),(10353,27,827,0),(10354,27,828,0),(10355,27,829,0),(10356,27,830,0),(10357,27,831,0),(10358,27,832,0),(10359,27,833,0),(10360,27,834,0),(10361,27,835,0),(10362,27,836,0),(10363,27,837,0),(10364,27,838,0),(10365,27,839,0),(10366,27,840,0),(10367,27,841,0),(10368,27,842,0),(10369,27,843,0),(10370,27,844,0),(10371,27,845,0),(10372,27,846,0),(10373,27,847,0),(10374,27,848,0),(10375,27,849,0),(10376,27,850,0),(10377,27,851,0),(10378,27,852,0),(10379,27,853,0),(10380,27,854,0),(10381,27,855,0),(10382,27,856,0),(10383,27,857,0),(10384,27,858,0),(10385,27,859,0),(10386,27,860,0),(10387,27,861,0),(10388,27,862,0),(10389,27,863,0),(10390,27,864,0),(10391,27,865,0),(10392,27,866,0),(10393,27,867,0),(10394,27,868,0),(10395,27,869,0),(10396,27,870,0),(10397,27,871,0),(10398,27,872,0),(10399,27,873,0),(10400,27,874,0),(10401,27,875,0),(10402,27,876,0),(10403,27,877,0),(10404,27,878,0),(10405,27,879,0),(10406,27,880,0),(10407,27,881,0),(10408,27,882,0),(10409,27,883,0),(10410,27,884,0),(10411,27,885,0),(10412,27,886,0),(10413,27,887,0),(10414,27,888,0),(10415,27,889,0),(10416,27,890,0),(10417,27,891,0),(10418,27,892,0),(10419,27,893,0),(10420,27,894,0),(10421,27,895,0),(10422,27,896,0),(10423,27,897,0),(10424,27,898,0),(10425,27,899,0),(10426,27,900,0),(10427,27,901,0),(10428,27,902,0),(10429,27,903,0),(10430,27,904,0),(10431,27,905,0),(10432,27,906,0),(10433,27,907,0),(10434,27,908,0),(10435,27,909,0),(10436,27,910,0),(10437,27,911,0),(10438,27,912,0),(10439,27,913,0),(10440,27,914,0),(10441,27,915,0),(10442,27,916,0),(10443,27,917,0),(10444,27,918,0),(10445,27,919,0),(10446,27,920,0),(10447,27,921,0),(10448,27,922,0),(10449,27,923,0),(10450,27,924,0),(10451,27,925,0),(10453,27,929,0),(10454,27,930,0),(10457,27,934,0),(10458,27,935,0),(10459,27,936,0),(10460,42,930,0),(10461,14,929,0),(10462,42,929,0),(10463,13,829,0),(10464,42,829,0),(10466,42,924,0),(10467,42,923,0),(10468,42,302,0),(10469,13,301,0),(10470,42,301,0),(10471,13,931,0),(10472,42,931,0),(10474,42,932,0),(12244,42,925,0),(13436,42,851,0),(13639,14,924,0),(14509,42,940,0),(14510,46,941,0),(15624,27,940,0),(15625,27,942,0),(15626,47,942,0),(15627,27,943,0),(15628,47,943,0),(15629,27,944,0),(15630,47,944,0),(15631,27,945,0),(15632,47,945,0),(15633,27,946,0),(15634,47,946,0),(15635,27,947,0),(15636,47,947,0),(15637,27,948,0),(15638,47,948,0),(15639,27,949,0),(15640,47,949,0),(15641,27,950,0),(15642,47,950,0),(15643,27,951,0),(15644,47,951,0),(15645,27,952,0),(15646,47,952,0),(15647,27,953,0),(15648,47,953,0);

--
-- Table structure for table `catalog_category_product_index`
--

CREATE TABLE `catalog_category_product_index` (
  `category_id` int(10) unsigned NOT NULL DEFAULT '0' COMMENT 'Category ID',
  `product_id` int(10) unsigned NOT NULL DEFAULT '0' COMMENT 'Product ID',
  `position` int(11) DEFAULT NULL COMMENT 'Position',
  `is_parent` smallint(5) unsigned NOT NULL DEFAULT '0' COMMENT 'Is Parent',
  `store_id` smallint(5) unsigned NOT NULL DEFAULT '0' COMMENT 'Store ID',
  `visibility` smallint(5) unsigned NOT NULL COMMENT 'Visibility',
  PRIMARY KEY (`category_id`,`product_id`,`store_id`),
  KEY `CAT_CTGR_PRD_IDX_PRD_ID_STORE_ID_CTGR_ID_VISIBILITY` (`product_id`,`store_id`,`category_id`,`visibility`),
  KEY `CAT_CTGR_PRD_IDX_STORE_ID_CTGR_ID_VISIBILITY_IS_PARENT_POSITION` (`store_id`,`category_id`,`visibility`,`is_parent`,`position`)
) ENGINE=InnoDB DEFAULT CHARSET=utf8 COMMENT='Catalog Category Product Index';

--
-- Dumping data for table `catalog_category_product_index`
--


--
-- Table structure for table `catalog_category_product_index_replica`
--

CREATE TABLE `catalog_category_product_index_replica` (
  `category_id` int(10) unsigned NOT NULL DEFAULT '0' COMMENT 'Category ID',
  `product_id` int(10) unsigned NOT NULL DEFAULT '0' COMMENT 'Product ID',
  `position` int(11) DEFAULT NULL COMMENT 'Position',
  `is_parent` smallint(5) unsigned NOT NULL DEFAULT '0' COMMENT 'Is Parent',
  `store_id` smallint(5) unsigned NOT NULL DEFAULT '0' COMMENT 'Store ID',
  `visibility` smallint(5) unsigned NOT NULL COMMENT 'Visibility',
  PRIMARY KEY (`category_id`,`product_id`,`store_id`),
  KEY `CAT_CTGR_PRD_IDX_PRD_ID_STORE_ID_CTGR_ID_VISIBILITY` (`product_id`,`store_id`,`category_id`,`visibility`),
  KEY `CAT_CTGR_PRD_IDX_STORE_ID_CTGR_ID_VISIBILITY_IS_PARENT_POSITION` (`store_id`,`category_id`,`visibility`,`is_parent`,`position`)
) ENGINE=InnoDB DEFAULT CHARSET=utf8 COMMENT='Catalog Category Product Index';

--
-- Dumping data for table `catalog_category_product_index_replica`
--


--
-- Table structure for table `catalog_category_product_index_store1`
--

CREATE TABLE `catalog_category_product_index_store1` (
  `category_id` int(10) unsigned NOT NULL DEFAULT '0' COMMENT 'Category Id',
  `product_id` int(10) unsigned NOT NULL DEFAULT '0' COMMENT 'Product Id',
  `position` int(11) DEFAULT NULL COMMENT 'Position',
  `is_parent` smallint(5) unsigned NOT NULL DEFAULT '0' COMMENT 'Is Parent',
  `store_id` smallint(5) unsigned NOT NULL DEFAULT '0' COMMENT 'Store Id',
  `visibility` smallint(5) unsigned NOT NULL COMMENT 'Visibility',
  PRIMARY KEY (`category_id`,`product_id`,`store_id`),
  KEY `CAT_CTGR_PRD_IDX_STORE1_PRD_ID_STORE_ID_CTGR_ID_VISIBILITY` (`product_id`,`store_id`,`category_id`,`visibility`),
  KEY `IDX_216E521C8AD125E066D2B0BAB4A08412` (`store_id`,`category_id`,`visibility`,`is_parent`,`position`)
) ENGINE=InnoDB DEFAULT CHARSET=utf8 COMMENT='Catalog Category Product Index Store1';

--
-- Dumping data for table `catalog_category_product_index_store1`
--

INSERT INTO `catalog_category_product_index_store1` VALUES (2,64,10000,0,1,2),(2,312,10000,0,1,2),(2,313,10000,0,1,2),(2,314,10000,0,1,2),(2,315,10000,0,1,2),(2,316,10000,0,1,2),(2,317,10000,0,1,2),(2,321,10000,0,1,2),(2,322,10000,0,1,2),(2,323,10000,0,1,2),(2,502,0,0,1,4),(2,294,10000,0,1,4),(2,301,10000,0,1,4),(2,302,10000,0,1,4),(2,506,10000,0,1,4),(2,507,10000,0,1,4),(2,508,10000,0,1,4),(2,509,10000,0,1,4),(2,510,10000,0,1,4),(2,511,10000,0,1,4),(2,512,10000,0,1,4),(2,513,10000,0,1,4),(2,514,10000,0,1,4),(2,515,10000,0,1,4),(2,516,10000,0,1,4),(2,517,10000,0,1,4),(2,518,10000,0,1,4),(2,519,10000,0,1,4),(2,520,10000,0,1,4),(2,521,10000,0,1,4),(2,522,10000,0,1,4),(2,523,10000,0,1,4),(2,524,10000,0,1,4),(2,525,10000,0,1,4),(2,526,10000,0,1,4),(2,527,10000,0,1,4),(2,528,10000,0,1,4),(2,529,10000,0,1,4),(2,530,10000,0,1,4),(2,531,10000,0,1,4),(2,532,10000,0,1,4),(2,533,10000,0,1,4),(2,534,10000,0,1,4),(2,535,10000,0,1,4),(2,536,10000,0,1,4),(2,537,10000,0,1,4),(2,538,10000,0,1,4),(2,539,10000,0,1,4),(2,540,10000,0,1,4),(2,541,10000,0,1,4),(2,542,10000,0,1,4),(2,543,10000,0,1,4),(2,544,10000,0,1,4),(2,545,10000,0,1,4),(2,546,10000,0,1,4),(2,547,10000,0,1,4),(2,548,10000,0,1,4),(2,549,10000,0,1,4),(2,550,10000,0,1,4),(2,551,10000,0,1,4),(2,552,10000,0,1,4),(2,553,10000,0,1,4),(2,554,10000,0,1,4),(2,555,10000,0,1,4),(2,556,10000,0,1,4),(2,557,10000,0,1,4),(2,558,10000,0,1,4),(2,559,10000,0,1,4),(2,560,10000,0,1,4),(2,561,10000,0,1,4),(2,562,10000,0,1,4),(2,563,10000,0,1,4),(2,564,10000,0,1,4),(2,565,10000,0,1,4),(2,566,10000,0,1,4),(2,567,10000,0,1,4),(2,568,10000,0,1,4),(2,569,10000,0,1,4),(2,570,10000,0,1,4),(2,571,10000,0,1,4),(2,572,10000,0,1,4),(2,573,10000,0,1,4),(2,574,10000,0,1,4),(2,575,10000,0,1,4),(2,576,10000,0,1,4),(2,577,10000,0,1,4),(2,578,10000,0,1,4),(2,579,10000,0,1,4),(2,580,10000,0,1,4),(2,581,10000,0,1,4),(2,582,10000,0,1,4),(2,583,10000,0,1,4),(2,584,10000,0,1,4),(2,585,10000,0,1,4),(2,586,10000,0,1,4),(2,587,10000,0,1,4),(2,588,10000,0,1,4),(2,589,10000,0,1,4),(2,590,10000,0,1,4),(2,591,10000,0,1,4),(2,592,10000,0,1,4),(2,593,10000,0,1,4),(2,594,10000,0,1,4),(2,595,10000,0,1,4),(2,596,10000,0,1,4),(2,597,10000,0,1,4),(2,598,10000,0,1,4),(2,599,10000,0,1,4),(2,600,10000,0,1,4),(2,601,10000,0,1,4),(2,602,10000,0,1,4),(2,603,10000,0,1,4),(2,604,10000,0,1,4),(2,605,10000,0,1,4),(2,606,10000,0,1,4),(2,607,10000,0,1,4),(2,608,10000,0,1,4),(2,609,10000,0,1,4),(2,610,10000,0,1,4),(2,611,10000,0,1,4),(2,612,10000,0,1,4),(2,613,10000,0,1,4),(2,614,10000,0,1,4),(2,615,10000,0,1,4),(2,616,10000,0,1,4),(2,617,10000,0,1,4),(2,618,10000,0,1,4),(2,619,10000,0,1,4),(2,620,10000,0,1,4),(2,621,10000,0,1,4),(2,622,10000,0,1,4),(2,623,10000,0,1,4),(2,624,10000,0,1,4),(2,625,10000,0,1,4),(2,626,10000,0,1,4),(2,627,10000,0,1,4),(2,628,10000,0,1,4),(2,629,10000,0,1,4),(2,630,10000,0,1,4),(2,631,10000,0,1,4),(2,632,10000,0,1,4),(2,633,10000,0,1,4),(2,634,10000,0,1,4),(2,635,10000,0,1,4),(2,636,10000,0,1,4),(2,637,10000,0,1,4),(2,638,10000,0,1,4),(2,639,10000,0,1,4),(2,640,10000,0,1,4),(2,641,10000,0,1,4),(2,642,10000,0,1,4),(2,643,10000,0,1,4),(2,644,10000,0,1,4),(2,645,10000,0,1,4),(2,646,10000,0,1,4),(2,647,10000,0,1,4),(2,648,10000,0,1,4),(2,649,10000,0,1,4),(2,650,10000,0,1,4),(2,651,10000,0,1,4),(2,652,10000,0,1,4),(2,653,10000,0,1,4),(2,654,10000,0,1,4),(2,655,10000,0,1,4),(2,656,10000,0,1,4),(2,657,10000,0,1,4),(2,658,10000,0,1,4),(2,659,10000,0,1,4),(2,660,10000,0,1,4),(2,661,10000,0,1,4),(2,662,10000,0,1,4),(2,663,10000,0,1,4),(2,664,10000,0,1,4),(2,665,10000,0,1,4),(2,666,10000,0,1,4),(2,667,10000,0,1,4),(2,668,10000,0,1,4),(2,669,10000,0,1,4),(2,670,10000,0,1,4),(2,671,10000,0,1,4),(2,672,10000,0,1,4),(2,673,10000,0,1,4),(2,674,10000,0,1,4),(2,675,10000,0,1,4),(2,676,10000,0,1,4),(2,677,10000,0,1,4),(2,678,10000,0,1,4),(2,679,10000,0,1,4),(2,680,10000,0,1,4),(2,681,10000,0,1,4),(2,682,10000,0,1,4),(2,683,10000,0,1,4),(2,684,10000,0,1,4),(2,685,10000,0,1,4),(2,686,10000,0,1,4),(2,687,10000,0,1,4),(2,688,10000,0,1,4),(2,689,10000,0,1,4),(2,690,10000,0,1,4),(2,691,10000,0,1,4),(2,692,10000,0,1,4),(2,693,10000,0,1,4),(2,694,10000,0,1,4),(2,695,10000,0,1,4),(2,696,10000,0,1,4),(2,697,10000,0,1,4),(2,698,10000,0,1,4),(2,699,10000,0,1,4),(2,700,10000,0,1,4),(2,701,10000,0,1,4),(2,702,10000,0,1,4),(2,703,10000,0,1,4),(2,704,10000,0,1,4),(2,705,10000,0,1,4),(2,706,10000,0,1,4),(2,707,10000,0,1,4),(2,708,10000,0,1,4),(2,709,10000,0,1,4),(2,710,10000,0,1,4),(2,711,10000,0,1,4),(2,712,10000,0,1,4),(2,713,10000,0,1,4),(2,714,10000,0,1,4),(2,715,10000,0,1,4),(2,716,10000,0,1,4),(2,717,10000,0,1,4),(2,718,10000,0,1,4),(2,719,10000,0,1,4),(2,720,10000,0,1,4),(2,721,10000,0,1,4),(2,722,10000,0,1,4),(2,723,10000,0,1,4),(2,724,10000,0,1,4),(2,725,10000,0,1,4),(2,726,10000,0,1,4),(2,727,10000,0,1,4),(2,728,10000,0,1,4),(2,729,10000,0,1,4),(2,730,10000,0,1,4),(2,731,10000,0,1,4),(2,732,10000,0,1,4),(2,733,10000,0,1,4),(2,734,10000,0,1,4),(2,735,10000,0,1,4),(2,736,10000,0,1,4),(2,737,10000,0,1,4),(2,738,10000,0,1,4),(2,739,10000,0,1,4),(2,740,10000,0,1,4),(2,741,10000,0,1,4),(2,742,10000,0,1,4),(2,743,10000,0,1,4),(2,744,10000,0,1,4),(2,745,10000,0,1,4),(2,746,10000,0,1,4),(2,747,10000,0,1,4),(2,748,10000,0,1,4),(2,749,10000,0,1,4),(2,750,10000,0,1,4),(2,751,10000,0,1,4),(2,752,10000,0,1,4),(2,753,10000,0,1,4),(2,754,10000,0,1,4),(2,755,10000,0,1,4),(2,756,10000,0,1,4),(2,757,10000,0,1,4),(2,758,10000,0,1,4),(2,759,10000,0,1,4),(2,760,10000,0,1,4),(2,761,10000,0,1,4),(2,762,10000,0,1,4),(2,763,10000,0,1,4),(2,764,10000,0,1,4),(2,765,10000,0,1,4),(2,766,10000,0,1,4),(2,767,10000,0,1,4),(2,768,10000,0,1,4),(2,769,10000,0,1,4),(2,770,10000,0,1,4),(2,771,10000,0,1,4),(2,772,10000,0,1,4),(2,773,10000,0,1,4),(2,774,10000,0,1,4),(2,775,10000,0,1,4),(2,776,10000,0,1,4),(2,777,10000,0,1,4),(2,778,10000,0,1,4),(2,779,10000,0,1,4),(2,780,10000,0,1,4),(2,781,10000,0,1,4),(2,782,10000,0,1,4),(2,783,10000,0,1,4),(2,784,10000,0,1,4),(2,785,10000,0,1,4),(2,786,10000,0,1,4),(2,787,10000,0,1,4),(2,788,10000,0,1,4),(2,789,10000,0,1,4),(2,790,10000,0,1,4),(2,791,10000,0,1,4),(2,792,10000,0,1,4),(2,793,10000,0,1,4),(2,794,10000,0,1,4),(2,795,10000,0,1,4),(2,796,10000,0,1,4),(2,797,10000,0,1,4),(2,798,10000,0,1,4),(2,799,10000,0,1,4),(2,829,10000,0,1,4),(2,923,10000,0,1,4),(2,924,10000,0,1,4),(2,925,10000,0,1,4),(2,929,10000,0,1,4),(2,930,10000,0,1,4),(2,931,10000,0,1,4),(2,932,10000,0,1,4),(2,934,10000,0,1,4),(2,935,10000,0,1,4),(2,936,10000,0,1,4),(2,941,10000,0,1,4),(2,942,10000,0,1,4),(2,943,10000,0,1,4),(2,947,10000,0,1,4),(2,948,10000,0,1,4),(2,949,10000,0,1,4),(2,950,10000,0,1,4),(2,951,10000,0,1,4),(2,953,10000,0,1,4),(13,301,0,1,1,4),(13,829,0,1,1,4),(13,931,0,1,1,4),(14,924,0,1,1,4),(14,929,0,1,1,4),(14,935,0,1,1,4),(20,552,0,1,1,4),(20,553,0,1,1,4),(20,591,0,1,1,4),(20,592,0,1,1,4),(20,594,0,1,1,4),(20,595,0,1,1,4),(20,596,0,1,1,4),(20,597,0,1,1,4),(20,598,0,1,1,4),(20,599,0,1,1,4),(24,312,0,1,1,2),(24,313,0,1,1,2),(24,314,0,1,1,2),(25,315,0,1,1,2),(25,316,0,1,1,2),(25,317,0,1,1,2),(26,64,0,1,1,2),(27,313,0,1,1,2),(27,314,0,1,1,2),(27,315,0,1,1,2),(27,316,0,1,1,2),(27,317,0,1,1,2),(27,321,0,1,1,2),(27,322,0,1,1,2),(27,323,0,1,1,2),(27,301,0,1,1,4),(27,302,0,1,1,4),(27,502,0,1,1,4),(27,506,0,1,1,4),(27,507,0,1,1,4),(27,508,0,1,1,4),(27,509,0,1,1,4),(27,510,0,1,1,4),(27,511,0,1,1,4),(27,512,0,1,1,4),(27,513,0,1,1,4),(27,514,0,1,1,4),(27,515,0,1,1,4),(27,516,0,1,1,4),(27,517,0,1,1,4),(27,518,0,1,1,4),(27,519,0,1,1,4),(27,520,0,1,1,4),(27,521,0,1,1,4),(27,522,0,1,1,4),(27,523,0,1,1,4),(27,524,0,1,1,4),(27,525,0,1,1,4),(27,526,0,1,1,4),(27,527,0,1,1,4),(27,528,0,1,1,4),(27,529,0,1,1,4),(27,530,0,1,1,4),(27,531,0,1,1,4),(27,532,0,1,1,4),(27,533,0,1,1,4),(27,534,0,1,1,4),(27,535,0,1,1,4),(27,536,0,1,1,4),(27,537,0,1,1,4),(27,538,0,1,1,4),(27,539,0,1,1,4),(27,540,0,1,1,4),(27,541,0,1,1,4),(27,542,0,1,1,4),(27,543,0,1,1,4),(27,544,0,1,1,4),(27,545,0,1,1,4),(27,546,0,1,1,4),(27,547,0,1,1,4),(27,548,0,1,1,4),(27,549,0,1,1,4),(27,550,0,1,1,4),(27,551,0,1,1,4),(27,552,0,1,1,4),(27,553,0,1,1,4),(27,554,0,1,1,4),(27,555,0,1,1,4),(27,556,0,1,1,4),(27,557,0,1,1,4),(27,558,0,1,1,4),(27,559,0,1,1,4),(27,560,0,1,1,4),(27,561,0,1,1,4),(27,562,0,1,1,4),(27,563,0,1,1,4),(27,564,0,1,1,4),(27,565,0,1,1,4),(27,566,0,1,1,4),(27,567,0,1,1,4),(27,568,0,1,1,4),(27,569,0,1,1,4),(27,570,0,1,1,4),(27,571,0,1,1,4),(27,572,0,1,1,4),(27,573,0,1,1,4),(27,574,0,1,1,4),(27,575,0,1,1,4),(27,576,0,1,1,4),(27,577,0,1,1,4),(27,578,0,1,1,4),(27,579,0,1,1,4),(27,580,0,1,1,4),(27,581,0,1,1,4),(27,582,0,1,1,4),(27,583,0,1,1,4),(27,584,0,1,1,4),(27,585,0,1,1,4),(27,586,0,1,1,4),(27,587,0,1,1,4),(27,588,0,1,1,4),(27,589,0,1,1,4),(27,590,0,1,1,4),(27,591,0,1,1,4),(27,592,0,1,1,4),(27,593,0,1,1,4),(27,594,0,1,1,4),(27,595,0,1,1,4),(27,596,0,1,1,4),(27,597,0,1,1,4),(27,598,0,1,1,4),(27,599,0,1,1,4),(27,600,0,1,1,4),(27,601,0,1,1,4),(27,602,0,1,1,4),(27,603,0,1,1,4),(27,604,0,1,1,4),(27,605,0,1,1,4),(27,606,0,1,1,4),(27,607,0,1,1,4),(27,608,0,1,1,4),(27,609,0,1,1,4),(27,610,0,1,1,4),(27,611,0,1,1,4),(27,612,0,1,1,4),(27,613,0,1,1,4),(27,614,0,1,1,4),(27,615,0,1,1,4),(27,616,0,1,1,4),(27,617,0,1,1,4),(27,618,0,1,1,4),(27,619,0,1,1,4),(27,620,0,1,1,4),(27,621,0,1,1,4),(27,622,0,1,1,4),(27,623,0,1,1,4),(27,624,0,1,1,4),(27,625,0,1,1,4),(27,626,0,1,1,4),(27,627,0,1,1,4),(27,628,0,1,1,4),(27,629,0,1,1,4),(27,630,0,1,1,4),(27,631,0,1,1,4),(27,632,0,1,1,4),(27,633,0,1,1,4),(27,634,0,1,1,4),(27,635,0,1,1,4),(27,636,0,1,1,4),(27,637,0,1,1,4),(27,638,0,1,1,4),(27,639,0,1,1,4),(27,640,0,1,1,4),(27,641,0,1,1,4),(27,642,0,1,1,4),(27,643,0,1,1,4),(27,644,0,1,1,4),(27,645,0,1,1,4),(27,646,0,1,1,4),(27,647,0,1,1,4),(27,648,0,1,1,4),(27,649,0,1,1,4),(27,650,0,1,1,4),(27,651,0,1,1,4),(27,652,0,1,1,4),(27,653,0,1,1,4),(27,654,0,1,1,4),(27,655,0,1,1,4),(27,656,0,1,1,4),(27,657,0,1,1,4),(27,658,0,1,1,4),(27,659,0,1,1,4),(27,660,0,1,1,4),(27,661,0,1,1,4),(27,662,0,1,1,4),(27,663,0,1,1,4),(27,664,0,1,1,4),(27,665,0,1,1,4),(27,666,0,1,1,4),(27,667,0,1,1,4),(27,668,0,1,1,4),(27,669,0,1,1,4),(27,670,0,1,1,4),(27,671,0,1,1,4),(27,672,0,1,1,4),(27,673,0,1,1,4),(27,674,0,1,1,4),(27,675,0,1,1,4),(27,676,0,1,1,4),(27,677,0,1,1,4),(27,678,0,1,1,4),(27,679,0,1,1,4),(27,680,0,1,1,4),(27,681,0,1,1,4),(27,682,0,1,1,4),(27,683,0,1,1,4),(27,684,0,1,1,4),(27,685,0,1,1,4),(27,686,0,1,1,4),(27,687,0,1,1,4),(27,688,0,1,1,4),(27,689,0,1,1,4),(27,690,0,1,1,4),(27,691,0,1,1,4),(27,692,0,1,1,4),(27,693,0,1,1,4),(27,694,0,1,1,4),(27,695,0,1,1,4),(27,696,0,1,1,4),(27,697,0,1,1,4),(27,698,0,1,1,4),(27,699,0,1,1,4),(27,700,0,1,1,4),(27,701,0,1,1,4),(27,702,0,1,1,4),(27,703,0,1,1,4),(27,704,0,1,1,4),(27,705,0,1,1,4),(27,706,0,1,1,4),(27,707,0,1,1,4),(27,708,0,1,1,4),(27,709,0,1,1,4),(27,710,0,1,1,4),(27,711,0,1,1,4),(27,712,0,1,1,4),(27,713,0,1,1,4),(27,714,0,1,1,4),(27,715,0,1,1,4),(27,716,0,1,1,4),(27,717,0,1,1,4),(27,718,0,1,1,4),(27,719,0,1,1,4),(27,720,0,1,1,4),(27,721,0,1,1,4),(27,722,0,1,1,4),(27,723,0,1,1,4),(27,724,0,1,1,4),(27,725,0,1,1,4),(27,726,0,1,1,4),(27,727,0,1,1,4),(27,728,0,1,1,4),(27,729,0,1,1,4),(27,730,0,1,1,4),(27,731,0,1,1,4),(27,732,0,1,1,4),(27,733,0,1,1,4),(27,734,0,1,1,4),(27,735,0,1,1,4),(27,736,0,1,1,4),(27,737,0,1,1,4),(27,738,0,1,1,4),(27,739,0,1,1,4),(27,740,0,1,1,4),(27,741,0,1,1,4),(27,742,0,1,1,4),(27,743,0,1,1,4),(27,744,0,1,1,4),(27,745,0,1,1,4),(27,746,0,1,1,4),(27,747,0,1,1,4),(27,748,0,1,1,4),(27,749,0,1,1,4),(27,750,0,1,1,4),(27,751,0,1,1,4),(27,752,0,1,1,4),(27,753,0,1,1,4),(27,754,0,1,1,4),(27,755,0,1,1,4),(27,756,0,1,1,4),(27,757,0,1,1,4),(27,758,0,1,1,4),(27,759,0,1,1,4),(27,760,0,1,1,4),(27,761,0,1,1,4),(27,762,0,1,1,4),(27,763,0,1,1,4),(27,764,0,1,1,4),(27,765,0,1,1,4),(27,766,0,1,1,4),(27,767,0,1,1,4),(27,768,0,1,1,4),(27,769,0,1,1,4),(27,770,0,1,1,4),(27,771,0,1,1,4),(27,772,0,1,1,4),(27,773,0,1,1,4),(27,774,0,1,1,4),(27,775,0,1,1,4),(27,776,0,1,1,4),(27,777,0,1,1,4),(27,778,0,1,1,4),(27,779,0,1,1,4),(27,780,0,1,1,4),(27,781,0,1,1,4),(27,782,0,1,1,4),(27,783,0,1,1,4),(27,784,0,1,1,4),(27,785,0,1,1,4),(27,786,0,1,1,4),(27,787,0,1,1,4),(27,788,0,1,1,4),(27,789,0,1,1,4),(27,790,0,1,1,4),(27,791,0,1,1,4),(27,792,0,1,1,4),(27,793,0,1,1,4),(27,794,0,1,1,4),(27,795,0,1,1,4),(27,796,0,1,1,4),(27,797,0,1,1,4),(27,798,0,1,1,4),(27,799,0,1,1,4),(27,829,0,1,1,4),(27,923,0,1,1,4),(27,924,0,1,1,4),(27,925,0,1,1,4),(27,929,0,1,1,4),(27,930,0,1,1,4),(27,934,0,1,1,4),(27,935,0,1,1,4),(27,936,0,1,1,4),(27,942,0,1,1,4),(27,943,0,1,1,4),(27,947,0,1,1,4),(27,948,0,1,1,4),(27,949,0,1,1,4),(27,950,0,1,1,4),(27,951,0,1,1,4),(27,953,0,1,1,4),(42,294,0,1,1,4),(42,301,0,1,1,4),(42,302,0,1,1,4),(42,829,0,1,1,4),(42,923,0,1,1,4),(42,924,0,1,1,4),(42,925,0,1,1,4),(42,929,0,1,1,4),(42,930,0,1,1,4),(42,931,0,1,1,4),(42,932,0,1,1,4),(42,934,0,1,1,4),(42,935,0,1,1,4),(42,936,0,1,1,4),(46,507,0,1,1,4),(46,508,0,1,1,4),(46,509,0,1,1,4),(46,510,0,1,1,4),(46,511,0,1,1,4),(46,512,0,1,1,4),(46,513,0,1,1,4),(46,514,0,1,1,4),(46,515,0,1,1,4),(46,516,0,1,1,4),(46,517,0,1,1,4),(46,518,0,1,1,4),(46,519,0,1,1,4),(46,520,0,1,1,4),(46,521,0,1,1,4),(46,522,0,1,1,4),(46,523,0,1,1,4),(46,524,0,1,1,4),(46,525,0,1,1,4),(46,526,0,1,1,4),(46,527,0,1,1,4),(46,528,0,1,1,4),(46,529,0,1,1,4),(46,530,0,1,1,4),(46,531,0,1,1,4),(46,532,0,1,1,4),(46,533,0,1,1,4),(46,534,0,1,1,4),(46,535,0,1,1,4),(46,536,0,1,1,4),(46,537,0,1,1,4),(46,538,0,1,1,4),(46,539,0,1,1,4),(46,540,0,1,1,4),(46,541,0,1,1,4),(46,542,0,1,1,4),(46,543,0,1,1,4),(46,544,0,1,1,4),(46,545,0,1,1,4),(46,546,0,1,1,4),(46,547,0,1,1,4),(46,548,0,1,1,4),(46,549,0,1,1,4),(46,550,0,1,1,4),(46,551,0,1,1,4),(46,552,0,1,1,4),(46,553,0,1,1,4),(46,554,0,1,1,4),(46,555,0,1,1,4),(46,556,0,1,1,4),(46,557,0,1,1,4),(46,558,0,1,1,4),(46,559,0,1,1,4),(46,560,0,1,1,4),(46,561,0,1,1,4),(46,562,0,1,1,4),(46,563,0,1,1,4),(46,564,0,1,1,4),(46,565,0,1,1,4),(46,566,0,1,1,4),(46,567,0,1,1,4),(46,568,0,1,1,4),(46,569,0,1,1,4),(46,570,0,1,1,4),(46,571,0,1,1,4),(46,572,0,1,1,4),(46,573,0,1,1,4),(46,574,0,1,1,4),(46,575,0,1,1,4),(46,576,0,1,1,4),(46,577,0,1,1,4),(46,578,0,1,1,4),(46,579,0,1,1,4),(46,580,0,1,1,4),(46,581,0,1,1,4),(46,582,0,1,1,4),(46,583,0,1,1,4),(46,584,0,1,1,4),(46,585,0,1,1,4),(46,586,0,1,1,4),(46,587,0,1,1,4),(46,588,0,1,1,4),(46,589,0,1,1,4),(46,590,0,1,1,4),(46,591,0,1,1,4),(46,592,0,1,1,4),(46,593,0,1,1,4),(46,594,0,1,1,4),(46,595,0,1,1,4),(46,596,0,1,1,4),(46,597,0,1,1,4),(46,598,0,1,1,4),(46,599,0,1,1,4),(46,600,0,1,1,4),(46,601,0,1,1,4),(46,602,0,1,1,4),(46,603,0,1,1,4),(46,604,0,1,1,4),(46,605,0,1,1,4),(46,606,0,1,1,4),(46,607,0,1,1,4),(46,608,0,1,1,4),(46,609,0,1,1,4),(46,610,0,1,1,4),(46,611,0,1,1,4),(46,612,0,1,1,4),(46,613,0,1,1,4),(46,614,0,1,1,4),(46,615,0,1,1,4),(46,616,0,1,1,4),(46,617,0,1,1,4),(46,618,0,1,1,4),(46,619,0,1,1,4),(46,620,0,1,1,4),(46,621,0,1,1,4),(46,622,0,1,1,4),(46,623,0,1,1,4),(46,624,0,1,1,4),(46,625,0,1,1,4),(46,626,0,1,1,4),(46,627,0,1,1,4),(46,628,0,1,1,4),(46,629,0,1,1,4),(46,630,0,1,1,4),(46,631,0,1,1,4),(46,632,0,1,1,4),(46,633,0,1,1,4),(46,634,0,1,1,4),(46,635,0,1,1,4),(46,636,0,1,1,4),(46,637,0,1,1,4),(46,638,0,1,1,4),(46,639,0,1,1,4),(46,640,0,1,1,4),(46,641,0,1,1,4),(46,642,0,1,1,4),(46,643,0,1,1,4),(46,644,0,1,1,4),(46,645,0,1,1,4),(46,646,0,1,1,4),(46,647,0,1,1,4),(46,648,0,1,1,4),(46,649,0,1,1,4),(46,650,0,1,1,4),(46,651,0,1,1,4),(46,652,0,1,1,4),(46,653,0,1,1,4),(46,654,0,1,1,4),(46,655,0,1,1,4),(46,656,0,1,1,4),(46,657,0,1,1,4),(46,658,0,1,1,4),(46,659,0,1,1,4),(46,660,0,1,1,4),(46,661,0,1,1,4),(46,662,0,1,1,4),(46,663,0,1,1,4),(46,664,0,1,1,4),(46,665,0,1,1,4),(46,666,0,1,1,4),(46,667,0,1,1,4),(46,668,0,1,1,4),(46,669,0,1,1,4),(46,670,0,1,1,4),(46,671,0,1,1,4),(46,672,0,1,1,4),(46,673,0,1,1,4),(46,674,0,1,1,4),(46,675,0,1,1,4),(46,676,0,1,1,4),(46,677,0,1,1,4),(46,678,0,1,1,4),(46,679,0,1,1,4),(46,680,0,1,1,4),(46,681,0,1,1,4),(46,682,0,1,1,4),(46,683,0,1,1,4),(46,684,0,1,1,4),(46,685,0,1,1,4),(46,686,0,1,1,4),(46,687,0,1,1,4),(46,688,0,1,1,4),(46,689,0,1,1,4),(46,690,0,1,1,4),(46,691,0,1,1,4),(46,692,0,1,1,4),(46,693,0,1,1,4),(46,694,0,1,1,4),(46,695,0,1,1,4),(46,696,0,1,1,4),(46,697,0,1,1,4),(46,698,0,1,1,4),(46,699,0,1,1,4),(46,700,0,1,1,4),(46,701,0,1,1,4),(46,702,0,1,1,4),(46,703,0,1,1,4),(46,704,0,1,1,4),(46,705,0,1,1,4),(46,706,0,1,1,4),(46,707,0,1,1,4),(46,708,0,1,1,4),(46,709,0,1,1,4),(46,710,0,1,1,4),(46,711,0,1,1,4),(46,712,0,1,1,4),(46,713,0,1,1,4),(46,714,0,1,1,4),(46,715,0,1,1,4),(46,716,0,1,1,4),(46,717,0,1,1,4),(46,718,0,1,1,4),(46,719,0,1,1,4),(46,720,0,1,1,4),(46,721,0,1,1,4),(46,722,0,1,1,4),(46,723,0,1,1,4),(46,724,0,1,1,4),(46,725,0,1,1,4),(46,726,0,1,1,4),(46,727,0,1,1,4),(46,728,0,1,1,4),(46,729,0,1,1,4),(46,730,0,1,1,4),(46,731,0,1,1,4),(46,732,0,1,1,4),(46,733,0,1,1,4),(46,734,0,1,1,4),(46,735,0,1,1,4),(46,736,0,1,1,4),(46,737,0,1,1,4),(46,738,0,1,1,4),(46,739,0,1,1,4),(46,740,0,1,1,4),(46,741,0,1,1,4),(46,742,0,1,1,4),(46,743,0,1,1,4),(46,744,0,1,1,4),(46,745,0,1,1,4),(46,746,0,1,1,4),(46,747,0,1,1,4),(46,748,0,1,1,4),(46,749,0,1,1,4),(46,750,0,1,1,4),(46,751,0,1,1,4),(46,752,0,1,1,4),(46,753,0,1,1,4),(46,754,0,1,1,4),(46,755,0,1,1,4),(46,756,0,1,1,4),(46,757,0,1,1,4),(46,758,0,1,1,4),(46,759,0,1,1,4),(46,760,0,1,1,4),(46,761,0,1,1,4),(46,762,0,1,1,4),(46,763,0,1,1,4),(46,764,0,1,1,4),(46,765,0,1,1,4),(46,766,0,1,1,4),(46,767,0,1,1,4),(46,768,0,1,1,4),(46,769,0,1,1,4),(46,770,0,1,1,4),(46,771,0,1,1,4),(46,772,0,1,1,4),(46,773,0,1,1,4),(46,774,0,1,1,4),(46,775,0,1,1,4),(46,776,0,1,1,4),(46,777,0,1,1,4),(46,778,0,1,1,4),(46,779,0,1,1,4),(46,780,0,1,1,4),(46,781,0,1,1,4),(46,782,0,1,1,4),(46,783,0,1,1,4),(46,784,0,1,1,4),(46,785,0,1,1,4),(46,786,0,1,1,4),(46,787,0,1,1,4),(46,788,0,1,1,4),(46,789,0,1,1,4),(46,790,0,1,1,4),(46,791,0,1,1,4),(46,792,0,1,1,4),(46,793,0,1,1,4),(46,794,0,1,1,4),(46,795,0,1,1,4),(46,796,0,1,1,4),(46,797,0,1,1,4),(46,798,0,1,1,4),(46,799,0,1,1,4),(46,941,0,1,1,4),(47,942,0,1,1,4),(47,943,0,1,1,4),(47,947,0,1,1,4),(47,948,0,1,1,4),(47,949,0,1,1,4),(47,950,0,1,1,4),(47,951,0,1,1,4),(47,953,0,1,1,4);

--
-- Table structure for table `catalog_category_product_index_store1_replica`
--

CREATE TABLE `catalog_category_product_index_store1_replica` (
  `category_id` int(10) unsigned NOT NULL DEFAULT '0' COMMENT 'Category Id',
  `product_id` int(10) unsigned NOT NULL DEFAULT '0' COMMENT 'Product Id',
  `position` int(11) DEFAULT NULL COMMENT 'Position',
  `is_parent` smallint(5) unsigned NOT NULL DEFAULT '0' COMMENT 'Is Parent',
  `store_id` smallint(5) unsigned NOT NULL DEFAULT '0' COMMENT 'Store Id',
  `visibility` smallint(5) unsigned NOT NULL COMMENT 'Visibility',
  PRIMARY KEY (`category_id`,`product_id`,`store_id`),
  KEY `IDX_4B965DC45C352D6E4C9DC0FF50B1FCF5` (`product_id`,`store_id`,`category_id`,`visibility`),
  KEY `IDX_47AB760CD6A893ACEA69A9C2E0112C60` (`store_id`,`category_id`,`visibility`,`is_parent`,`position`)
) ENGINE=InnoDB DEFAULT CHARSET=utf8 COMMENT='Catalog Category Product Index Store1 Replica';

--
-- Dumping data for table `catalog_category_product_index_store1_replica`
--

INSERT INTO `catalog_category_product_index_store1_replica` VALUES (2,64,10000,0,1,2),(2,312,10000,0,1,2),(2,313,10000,0,1,2),(2,314,10000,0,1,2),(2,315,10000,0,1,2),(2,316,10000,0,1,2),(2,317,10000,0,1,2),(2,321,10000,0,1,2),(2,322,10000,0,1,2),(2,323,10000,0,1,2),(2,502,0,0,1,4),(2,294,10000,0,1,4),(2,301,10000,0,1,4),(2,302,10000,0,1,4),(2,506,10000,0,1,4),(2,507,10000,0,1,4),(2,508,10000,0,1,4),(2,509,10000,0,1,4),(2,510,10000,0,1,4),(2,511,10000,0,1,4),(2,512,10000,0,1,4),(2,513,10000,0,1,4),(2,514,10000,0,1,4),(2,515,10000,0,1,4),(2,516,10000,0,1,4),(2,517,10000,0,1,4),(2,518,10000,0,1,4),(2,519,10000,0,1,4),(2,520,10000,0,1,4),(2,521,10000,0,1,4),(2,522,10000,0,1,4),(2,523,10000,0,1,4),(2,524,10000,0,1,4),(2,525,10000,0,1,4),(2,526,10000,0,1,4),(2,527,10000,0,1,4),(2,528,10000,0,1,4),(2,529,10000,0,1,4),(2,530,10000,0,1,4),(2,531,10000,0,1,4),(2,532,10000,0,1,4),(2,533,10000,0,1,4),(2,534,10000,0,1,4),(2,535,10000,0,1,4),(2,536,10000,0,1,4),(2,537,10000,0,1,4),(2,538,10000,0,1,4),(2,539,10000,0,1,4),(2,540,10000,0,1,4),(2,541,10000,0,1,4),(2,542,10000,0,1,4),(2,543,10000,0,1,4),(2,544,10000,0,1,4),(2,545,10000,0,1,4),(2,546,10000,0,1,4),(2,547,10000,0,1,4),(2,548,10000,0,1,4),(2,549,10000,0,1,4),(2,550,10000,0,1,4),(2,551,10000,0,1,4),(2,552,10000,0,1,4),(2,553,10000,0,1,4),(2,554,10000,0,1,4),(2,555,10000,0,1,4),(2,556,10000,0,1,4),(2,557,10000,0,1,4),(2,558,10000,0,1,4),(2,559,10000,0,1,4),(2,560,10000,0,1,4),(2,561,10000,0,1,4),(2,562,10000,0,1,4),(2,563,10000,0,1,4),(2,564,10000,0,1,4),(2,565,10000,0,1,4),(2,566,10000,0,1,4),(2,567,10000,0,1,4),(2,568,10000,0,1,4),(2,569,10000,0,1,4),(2,570,10000,0,1,4),(2,571,10000,0,1,4),(2,572,10000,0,1,4),(2,573,10000,0,1,4),(2,574,10000,0,1,4),(2,575,10000,0,1,4),(2,576,10000,0,1,4),(2,577,10000,0,1,4),(2,578,10000,0,1,4),(2,579,10000,0,1,4),(2,580,10000,0,1,4),(2,581,10000,0,1,4),(2,582,10000,0,1,4),(2,583,10000,0,1,4),(2,584,10000,0,1,4),(2,585,10000,0,1,4),(2,586,10000,0,1,4),(2,587,10000,0,1,4),(2,588,10000,0,1,4),(2,589,10000,0,1,4),(2,590,10000,0,1,4),(2,591,10000,0,1,4),(2,592,10000,0,1,4),(2,593,10000,0,1,4),(2,594,10000,0,1,4),(2,595,10000,0,1,4),(2,596,10000,0,1,4),(2,597,10000,0,1,4),(2,598,10000,0,1,4),(2,599,10000,0,1,4),(2,600,10000,0,1,4),(2,601,10000,0,1,4),(2,602,10000,0,1,4),(2,603,10000,0,1,4),(2,604,10000,0,1,4),(2,605,10000,0,1,4),(2,606,10000,0,1,4),(2,607,10000,0,1,4),(2,608,10000,0,1,4),(2,609,10000,0,1,4),(2,610,10000,0,1,4),(2,611,10000,0,1,4),(2,612,10000,0,1,4),(2,613,10000,0,1,4),(2,614,10000,0,1,4),(2,615,10000,0,1,4),(2,616,10000,0,1,4),(2,617,10000,0,1,4),(2,618,10000,0,1,4),(2,619,10000,0,1,4),(2,620,10000,0,1,4),(2,621,10000,0,1,4),(2,622,10000,0,1,4),(2,623,10000,0,1,4),(2,624,10000,0,1,4),(2,625,10000,0,1,4),(2,626,10000,0,1,4),(2,627,10000,0,1,4),(2,628,10000,0,1,4),(2,629,10000,0,1,4),(2,630,10000,0,1,4),(2,631,10000,0,1,4),(2,632,10000,0,1,4),(2,633,10000,0,1,4),(2,634,10000,0,1,4),(2,635,10000,0,1,4),(2,636,10000,0,1,4),(2,637,10000,0,1,4),(2,638,10000,0,1,4),(2,639,10000,0,1,4),(2,640,10000,0,1,4),(2,641,10000,0,1,4),(2,642,10000,0,1,4),(2,643,10000,0,1,4),(2,644,10000,0,1,4),(2,645,10000,0,1,4),(2,646,10000,0,1,4),(2,647,10000,0,1,4),(2,648,10000,0,1,4),(2,649,10000,0,1,4),(2,650,10000,0,1,4),(2,651,10000,0,1,4),(2,652,10000,0,1,4),(2,653,10000,0,1,4),(2,654,10000,0,1,4),(2,655,10000,0,1,4),(2,656,10000,0,1,4),(2,657,10000,0,1,4),(2,658,10000,0,1,4),(2,659,10000,0,1,4),(2,660,10000,0,1,4),(2,661,10000,0,1,4),(2,662,10000,0,1,4),(2,663,10000,0,1,4),(2,664,10000,0,1,4),(2,665,10000,0,1,4),(2,666,10000,0,1,4),(2,667,10000,0,1,4),(2,668,10000,0,1,4),(2,669,10000,0,1,4),(2,670,10000,0,1,4),(2,671,10000,0,1,4),(2,672,10000,0,1,4),(2,673,10000,0,1,4),(2,674,10000,0,1,4),(2,675,10000,0,1,4),(2,676,10000,0,1,4),(2,677,10000,0,1,4),(2,678,10000,0,1,4),(2,679,10000,0,1,4),(2,680,10000,0,1,4),(2,681,10000,0,1,4),(2,682,10000,0,1,4),(2,683,10000,0,1,4),(2,684,10000,0,1,4),(2,685,10000,0,1,4),(2,686,10000,0,1,4),(2,687,10000,0,1,4),(2,688,10000,0,1,4),(2,689,10000,0,1,4),(2,690,10000,0,1,4),(2,691,10000,0,1,4),(2,692,10000,0,1,4),(2,693,10000,0,1,4),(2,694,10000,0,1,4),(2,695,10000,0,1,4),(2,696,10000,0,1,4),(2,697,10000,0,1,4),(2,698,10000,0,1,4),(2,699,10000,0,1,4),(2,700,10000,0,1,4),(2,701,10000,0,1,4),(2,702,10000,0,1,4),(2,703,10000,0,1,4),(2,704,10000,0,1,4),(2,705,10000,0,1,4),(2,706,10000,0,1,4),(2,707,10000,0,1,4),(2,708,10000,0,1,4),(2,709,10000,0,1,4),(2,710,10000,0,1,4),(2,711,10000,0,1,4),(2,712,10000,0,1,4),(2,713,10000,0,1,4),(2,714,10000,0,1,4),(2,715,10000,0,1,4),(2,716,10000,0,1,4),(2,717,10000,0,1,4),(2,718,10000,0,1,4),(2,719,10000,0,1,4),(2,720,10000,0,1,4),(2,721,10000,0,1,4),(2,722,10000,0,1,4),(2,723,10000,0,1,4),(2,724,10000,0,1,4),(2,725,10000,0,1,4),(2,726,10000,0,1,4),(2,727,10000,0,1,4),(2,728,10000,0,1,4),(2,729,10000,0,1,4),(2,730,10000,0,1,4),(2,731,10000,0,1,4),(2,732,10000,0,1,4),(2,733,10000,0,1,4),(2,734,10000,0,1,4),(2,735,10000,0,1,4),(2,736,10000,0,1,4),(2,737,10000,0,1,4),(2,738,10000,0,1,4),(2,739,10000,0,1,4),(2,740,10000,0,1,4),(2,741,10000,0,1,4),(2,742,10000,0,1,4),(2,743,10000,0,1,4),(2,744,10000,0,1,4),(2,745,10000,0,1,4),(2,746,10000,0,1,4),(2,747,10000,0,1,4),(2,748,10000,0,1,4),(2,749,10000,0,1,4),(2,750,10000,0,1,4),(2,751,10000,0,1,4),(2,752,10000,0,1,4),(2,753,10000,0,1,4),(2,754,10000,0,1,4),(2,755,10000,0,1,4),(2,756,10000,0,1,4),(2,757,10000,0,1,4),(2,758,10000,0,1,4),(2,759,10000,0,1,4),(2,760,10000,0,1,4),(2,761,10000,0,1,4),(2,762,10000,0,1,4),(2,763,10000,0,1,4),(2,764,10000,0,1,4),(2,765,10000,0,1,4),(2,766,10000,0,1,4),(2,767,10000,0,1,4),(2,768,10000,0,1,4),(2,769,10000,0,1,4),(2,770,10000,0,1,4),(2,771,10000,0,1,4),(2,772,10000,0,1,4),(2,773,10000,0,1,4),(2,774,10000,0,1,4),(2,775,10000,0,1,4),(2,776,10000,0,1,4),(2,777,10000,0,1,4),(2,778,10000,0,1,4),(2,779,10000,0,1,4),(2,780,10000,0,1,4),(2,781,10000,0,1,4),(2,782,10000,0,1,4),(2,783,10000,0,1,4),(2,784,10000,0,1,4),(2,785,10000,0,1,4),(2,786,10000,0,1,4),(2,787,10000,0,1,4),(2,788,10000,0,1,4),(2,789,10000,0,1,4),(2,790,10000,0,1,4),(2,791,10000,0,1,4),(2,792,10000,0,1,4),(2,793,10000,0,1,4),(2,794,10000,0,1,4),(2,795,10000,0,1,4),(2,796,10000,0,1,4),(2,797,10000,0,1,4),(2,798,10000,0,1,4),(2,799,10000,0,1,4),(2,829,10000,0,1,4),(2,923,10000,0,1,4),(2,924,10000,0,1,4),(2,925,10000,0,1,4),(2,929,10000,0,1,4),(2,930,10000,0,1,4),(2,931,10000,0,1,4),(2,932,10000,0,1,4),(2,934,10000,0,1,4),(2,935,10000,0,1,4),(2,936,10000,0,1,4),(2,941,10000,0,1,4),(2,942,10000,0,1,4),(2,943,10000,0,1,4),(2,947,10000,0,1,4),(2,948,10000,0,1,4),(2,949,10000,0,1,4),(2,950,10000,0,1,4),(2,951,10000,0,1,4),(2,953,10000,0,1,4),(13,301,0,1,1,4),(13,829,0,1,1,4),(13,931,0,1,1,4),(14,924,0,1,1,4),(14,929,0,1,1,4),(14,935,0,1,1,4),(20,552,0,1,1,4),(20,553,0,1,1,4),(20,591,0,1,1,4),(20,592,0,1,1,4),(20,594,0,1,1,4),(20,595,0,1,1,4),(20,596,0,1,1,4),(20,597,0,1,1,4),(20,598,0,1,1,4),(20,599,0,1,1,4),(24,312,0,1,1,2),(24,313,0,1,1,2),(24,314,0,1,1,2),(25,315,0,1,1,2),(25,316,0,1,1,2),(25,317,0,1,1,2),(26,64,0,1,1,2),(27,313,0,1,1,2),(27,314,0,1,1,2),(27,315,0,1,1,2),(27,316,0,1,1,2),(27,317,0,1,1,2),(27,321,0,1,1,2),(27,322,0,1,1,2),(27,323,0,1,1,2),(27,301,0,1,1,4),(27,302,0,1,1,4),(27,502,0,1,1,4),(27,506,0,1,1,4),(27,507,0,1,1,4),(27,508,0,1,1,4),(27,509,0,1,1,4),(27,510,0,1,1,4),(27,511,0,1,1,4),(27,512,0,1,1,4),(27,513,0,1,1,4),(27,514,0,1,1,4),(27,515,0,1,1,4),(27,516,0,1,1,4),(27,517,0,1,1,4),(27,518,0,1,1,4),(27,519,0,1,1,4),(27,520,0,1,1,4),(27,521,0,1,1,4),(27,522,0,1,1,4),(27,523,0,1,1,4),(27,524,0,1,1,4),(27,525,0,1,1,4),(27,526,0,1,1,4),(27,527,0,1,1,4),(27,528,0,1,1,4),(27,529,0,1,1,4),(27,530,0,1,1,4),(27,531,0,1,1,4),(27,532,0,1,1,4),(27,533,0,1,1,4),(27,534,0,1,1,4),(27,535,0,1,1,4),(27,536,0,1,1,4),(27,537,0,1,1,4),(27,538,0,1,1,4),(27,539,0,1,1,4),(27,540,0,1,1,4),(27,541,0,1,1,4),(27,542,0,1,1,4),(27,543,0,1,1,4),(27,544,0,1,1,4),(27,545,0,1,1,4),(27,546,0,1,1,4),(27,547,0,1,1,4),(27,548,0,1,1,4),(27,549,0,1,1,4),(27,550,0,1,1,4),(27,551,0,1,1,4),(27,552,0,1,1,4),(27,553,0,1,1,4),(27,554,0,1,1,4),(27,555,0,1,1,4),(27,556,0,1,1,4),(27,557,0,1,1,4),(27,558,0,1,1,4),(27,559,0,1,1,4),(27,560,0,1,1,4),(27,561,0,1,1,4),(27,562,0,1,1,4),(27,563,0,1,1,4),(27,564,0,1,1,4),(27,565,0,1,1,4),(27,566,0,1,1,4),(27,567,0,1,1,4),(27,568,0,1,1,4),(27,569,0,1,1,4),(27,570,0,1,1,4),(27,571,0,1,1,4),(27,572,0,1,1,4),(27,573,0,1,1,4),(27,574,0,1,1,4),(27,575,0,1,1,4),(27,576,0,1,1,4),(27,577,0,1,1,4),(27,578,0,1,1,4),(27,579,0,1,1,4),(27,580,0,1,1,4),(27,581,0,1,1,4),(27,582,0,1,1,4),(27,583,0,1,1,4),(27,584,0,1,1,4),(27,585,0,1,1,4),(27,586,0,1,1,4),(27,587,0,1,1,4),(27,588,0,1,1,4),(27,589,0,1,1,4),(27,590,0,1,1,4),(27,591,0,1,1,4),(27,592,0,1,1,4),(27,593,0,1,1,4),(27,594,0,1,1,4),(27,595,0,1,1,4),(27,596,0,1,1,4),(27,597,0,1,1,4),(27,598,0,1,1,4),(27,599,0,1,1,4),(27,600,0,1,1,4),(27,601,0,1,1,4),(27,602,0,1,1,4),(27,603,0,1,1,4),(27,604,0,1,1,4),(27,605,0,1,1,4),(27,606,0,1,1,4),(27,607,0,1,1,4),(27,608,0,1,1,4),(27,609,0,1,1,4),(27,610,0,1,1,4),(27,611,0,1,1,4),(27,612,0,1,1,4),(27,613,0,1,1,4),(27,614,0,1,1,4),(27,615,0,1,1,4),(27,616,0,1,1,4),(27,617,0,1,1,4),(27,618,0,1,1,4),(27,619,0,1,1,4),(27,620,0,1,1,4),(27,621,0,1,1,4),(27,622,0,1,1,4),(27,623,0,1,1,4),(27,624,0,1,1,4),(27,625,0,1,1,4),(27,626,0,1,1,4),(27,627,0,1,1,4),(27,628,0,1,1,4),(27,629,0,1,1,4),(27,630,0,1,1,4),(27,631,0,1,1,4),(27,632,0,1,1,4),(27,633,0,1,1,4),(27,634,0,1,1,4),(27,635,0,1,1,4),(27,636,0,1,1,4),(27,637,0,1,1,4),(27,638,0,1,1,4),(27,639,0,1,1,4),(27,640,0,1,1,4),(27,641,0,1,1,4),(27,642,0,1,1,4),(27,643,0,1,1,4),(27,644,0,1,1,4),(27,645,0,1,1,4),(27,646,0,1,1,4),(27,647,0,1,1,4),(27,648,0,1,1,4),(27,649,0,1,1,4),(27,650,0,1,1,4),(27,651,0,1,1,4),(27,652,0,1,1,4),(27,653,0,1,1,4),(27,654,0,1,1,4),(27,655,0,1,1,4),(27,656,0,1,1,4),(27,657,0,1,1,4),(27,658,0,1,1,4),(27,659,0,1,1,4),(27,660,0,1,1,4),(27,661,0,1,1,4),(27,662,0,1,1,4),(27,663,0,1,1,4),(27,664,0,1,1,4),(27,665,0,1,1,4),(27,666,0,1,1,4),(27,667,0,1,1,4),(27,668,0,1,1,4),(27,669,0,1,1,4),(27,670,0,1,1,4),(27,671,0,1,1,4),(27,672,0,1,1,4),(27,673,0,1,1,4),(27,674,0,1,1,4),(27,675,0,1,1,4),(27,676,0,1,1,4),(27,677,0,1,1,4),(27,678,0,1,1,4),(27,679,0,1,1,4),(27,680,0,1,1,4),(27,681,0,1,1,4),(27,682,0,1,1,4),(27,683,0,1,1,4),(27,684,0,1,1,4),(27,685,0,1,1,4),(27,686,0,1,1,4),(27,687,0,1,1,4),(27,688,0,1,1,4),(27,689,0,1,1,4),(27,690,0,1,1,4),(27,691,0,1,1,4),(27,692,0,1,1,4),(27,693,0,1,1,4),(27,694,0,1,1,4),(27,695,0,1,1,4),(27,696,0,1,1,4),(27,697,0,1,1,4),(27,698,0,1,1,4),(27,699,0,1,1,4),(27,700,0,1,1,4),(27,701,0,1,1,4),(27,702,0,1,1,4),(27,703,0,1,1,4),(27,704,0,1,1,4),(27,705,0,1,1,4),(27,706,0,1,1,4),(27,707,0,1,1,4),(27,708,0,1,1,4),(27,709,0,1,1,4),(27,710,0,1,1,4),(27,711,0,1,1,4),(27,712,0,1,1,4),(27,713,0,1,1,4),(27,714,0,1,1,4),(27,715,0,1,1,4),(27,716,0,1,1,4),(27,717,0,1,1,4),(27,718,0,1,1,4),(27,719,0,1,1,4),(27,720,0,1,1,4),(27,721,0,1,1,4),(27,722,0,1,1,4),(27,723,0,1,1,4),(27,724,0,1,1,4),(27,725,0,1,1,4),(27,726,0,1,1,4),(27,727,0,1,1,4),(27,728,0,1,1,4),(27,729,0,1,1,4),(27,730,0,1,1,4),(27,731,0,1,1,4),(27,732,0,1,1,4),(27,733,0,1,1,4),(27,734,0,1,1,4),(27,735,0,1,1,4),(27,736,0,1,1,4),(27,737,0,1,1,4),(27,738,0,1,1,4),(27,739,0,1,1,4),(27,740,0,1,1,4),(27,741,0,1,1,4),(27,742,0,1,1,4),(27,743,0,1,1,4),(27,744,0,1,1,4),(27,745,0,1,1,4),(27,746,0,1,1,4),(27,747,0,1,1,4),(27,748,0,1,1,4),(27,749,0,1,1,4),(27,750,0,1,1,4),(27,751,0,1,1,4),(27,752,0,1,1,4),(27,753,0,1,1,4),(27,754,0,1,1,4),(27,755,0,1,1,4),(27,756,0,1,1,4),(27,757,0,1,1,4),(27,758,0,1,1,4),(27,759,0,1,1,4),(27,760,0,1,1,4),(27,761,0,1,1,4),(27,762,0,1,1,4),(27,763,0,1,1,4),(27,764,0,1,1,4),(27,765,0,1,1,4),(27,766,0,1,1,4),(27,767,0,1,1,4),(27,768,0,1,1,4),(27,769,0,1,1,4),(27,770,0,1,1,4),(27,771,0,1,1,4),(27,772,0,1,1,4),(27,773,0,1,1,4),(27,774,0,1,1,4),(27,775,0,1,1,4),(27,776,0,1,1,4),(27,777,0,1,1,4),(27,778,0,1,1,4),(27,779,0,1,1,4),(27,780,0,1,1,4),(27,781,0,1,1,4),(27,782,0,1,1,4),(27,783,0,1,1,4),(27,784,0,1,1,4),(27,785,0,1,1,4),(27,786,0,1,1,4),(27,787,0,1,1,4),(27,788,0,1,1,4),(27,789,0,1,1,4),(27,790,0,1,1,4),(27,791,0,1,1,4),(27,792,0,1,1,4),(27,793,0,1,1,4),(27,794,0,1,1,4),(27,795,0,1,1,4),(27,796,0,1,1,4),(27,797,0,1,1,4),(27,798,0,1,1,4),(27,799,0,1,1,4),(27,829,0,1,1,4),(27,923,0,1,1,4),(27,924,0,1,1,4),(27,925,0,1,1,4),(27,929,0,1,1,4),(27,930,0,1,1,4),(27,934,0,1,1,4),(27,935,0,1,1,4),(27,936,0,1,1,4),(27,942,0,1,1,4),(27,943,0,1,1,4),(27,947,0,1,1,4),(27,948,0,1,1,4),(27,949,0,1,1,4),(27,950,0,1,1,4),(27,951,0,1,1,4),(27,953,0,1,1,4),(42,294,0,1,1,4),(42,301,0,1,1,4),(42,302,0,1,1,4),(42,829,0,1,1,4),(42,923,0,1,1,4),(42,924,0,1,1,4),(42,925,0,1,1,4),(42,929,0,1,1,4),(42,930,0,1,1,4),(42,931,0,1,1,4),(42,932,0,1,1,4),(42,934,0,1,1,4),(42,935,0,1,1,4),(42,936,0,1,1,4),(46,507,0,1,1,4),(46,508,0,1,1,4),(46,509,0,1,1,4),(46,510,0,1,1,4),(46,511,0,1,1,4),(46,512,0,1,1,4),(46,513,0,1,1,4),(46,514,0,1,1,4),(46,515,0,1,1,4),(46,516,0,1,1,4),(46,517,0,1,1,4),(46,518,0,1,1,4),(46,519,0,1,1,4),(46,520,0,1,1,4),(46,521,0,1,1,4),(46,522,0,1,1,4),(46,523,0,1,1,4),(46,524,0,1,1,4),(46,525,0,1,1,4),(46,526,0,1,1,4),(46,527,0,1,1,4),(46,528,0,1,1,4),(46,529,0,1,1,4),(46,530,0,1,1,4),(46,531,0,1,1,4),(46,532,0,1,1,4),(46,533,0,1,1,4),(46,534,0,1,1,4),(46,535,0,1,1,4),(46,536,0,1,1,4),(46,537,0,1,1,4),(46,538,0,1,1,4),(46,539,0,1,1,4),(46,540,0,1,1,4),(46,541,0,1,1,4),(46,542,0,1,1,4),(46,543,0,1,1,4),(46,544,0,1,1,4),(46,545,0,1,1,4),(46,546,0,1,1,4),(46,547,0,1,1,4),(46,548,0,1,1,4),(46,549,0,1,1,4),(46,550,0,1,1,4),(46,551,0,1,1,4),(46,552,0,1,1,4),(46,553,0,1,1,4),(46,554,0,1,1,4),(46,555,0,1,1,4),(46,556,0,1,1,4),(46,557,0,1,1,4),(46,558,0,1,1,4),(46,559,0,1,1,4),(46,560,0,1,1,4),(46,561,0,1,1,4),(46,562,0,1,1,4),(46,563,0,1,1,4),(46,564,0,1,1,4),(46,565,0,1,1,4),(46,566,0,1,1,4),(46,567,0,1,1,4),(46,568,0,1,1,4),(46,569,0,1,1,4),(46,570,0,1,1,4),(46,571,0,1,1,4),(46,572,0,1,1,4),(46,573,0,1,1,4),(46,574,0,1,1,4),(46,575,0,1,1,4),(46,576,0,1,1,4),(46,577,0,1,1,4),(46,578,0,1,1,4),(46,579,0,1,1,4),(46,580,0,1,1,4),(46,581,0,1,1,4),(46,582,0,1,1,4),(46,583,0,1,1,4),(46,584,0,1,1,4),(46,585,0,1,1,4),(46,586,0,1,1,4),(46,587,0,1,1,4),(46,588,0,1,1,4),(46,589,0,1,1,4),(46,590,0,1,1,4),(46,591,0,1,1,4),(46,592,0,1,1,4),(46,593,0,1,1,4),(46,594,0,1,1,4),(46,595,0,1,1,4),(46,596,0,1,1,4),(46,597,0,1,1,4),(46,598,0,1,1,4),(46,599,0,1,1,4),(46,600,0,1,1,4),(46,601,0,1,1,4),(46,602,0,1,1,4),(46,603,0,1,1,4),(46,604,0,1,1,4),(46,605,0,1,1,4),(46,606,0,1,1,4),(46,607,0,1,1,4),(46,608,0,1,1,4),(46,609,0,1,1,4),(46,610,0,1,1,4),(46,611,0,1,1,4),(46,612,0,1,1,4),(46,613,0,1,1,4),(46,614,0,1,1,4),(46,615,0,1,1,4),(46,616,0,1,1,4),(46,617,0,1,1,4),(46,618,0,1,1,4),(46,619,0,1,1,4),(46,620,0,1,1,4),(46,621,0,1,1,4),(46,622,0,1,1,4),(46,623,0,1,1,4),(46,624,0,1,1,4),(46,625,0,1,1,4),(46,626,0,1,1,4),(46,627,0,1,1,4),(46,628,0,1,1,4),(46,629,0,1,1,4),(46,630,0,1,1,4),(46,631,0,1,1,4),(46,632,0,1,1,4),(46,633,0,1,1,4),(46,634,0,1,1,4),(46,635,0,1,1,4),(46,636,0,1,1,4),(46,637,0,1,1,4),(46,638,0,1,1,4),(46,639,0,1,1,4),(46,640,0,1,1,4),(46,641,0,1,1,4),(46,642,0,1,1,4),(46,643,0,1,1,4),(46,644,0,1,1,4),(46,645,0,1,1,4),(46,646,0,1,1,4),(46,647,0,1,1,4),(46,648,0,1,1,4),(46,649,0,1,1,4),(46,650,0,1,1,4),(46,651,0,1,1,4),(46,652,0,1,1,4),(46,653,0,1,1,4),(46,654,0,1,1,4),(46,655,0,1,1,4),(46,656,0,1,1,4),(46,657,0,1,1,4),(46,658,0,1,1,4),(46,659,0,1,1,4),(46,660,0,1,1,4),(46,661,0,1,1,4),(46,662,0,1,1,4),(46,663,0,1,1,4),(46,664,0,1,1,4),(46,665,0,1,1,4),(46,666,0,1,1,4),(46,667,0,1,1,4),(46,668,0,1,1,4),(46,669,0,1,1,4),(46,670,0,1,1,4),(46,671,0,1,1,4),(46,672,0,1,1,4),(46,673,0,1,1,4),(46,674,0,1,1,4),(46,675,0,1,1,4),(46,676,0,1,1,4),(46,677,0,1,1,4),(46,678,0,1,1,4),(46,679,0,1,1,4),(46,680,0,1,1,4),(46,681,0,1,1,4),(46,682,0,1,1,4),(46,683,0,1,1,4),(46,684,0,1,1,4),(46,685,0,1,1,4),(46,686,0,1,1,4),(46,687,0,1,1,4),(46,688,0,1,1,4),(46,689,0,1,1,4),(46,690,0,1,1,4),(46,691,0,1,1,4),(46,692,0,1,1,4),(46,693,0,1,1,4),(46,694,0,1,1,4),(46,695,0,1,1,4),(46,696,0,1,1,4),(46,697,0,1,1,4),(46,698,0,1,1,4),(46,699,0,1,1,4),(46,700,0,1,1,4),(46,701,0,1,1,4),(46,702,0,1,1,4),(46,703,0,1,1,4),(46,704,0,1,1,4),(46,705,0,1,1,4),(46,706,0,1,1,4),(46,707,0,1,1,4),(46,708,0,1,1,4),(46,709,0,1,1,4),(46,710,0,1,1,4),(46,711,0,1,1,4),(46,712,0,1,1,4),(46,713,0,1,1,4),(46,714,0,1,1,4),(46,715,0,1,1,4),(46,716,0,1,1,4),(46,717,0,1,1,4),(46,718,0,1,1,4),(46,719,0,1,1,4),(46,720,0,1,1,4),(46,721,0,1,1,4),(46,722,0,1,1,4),(46,723,0,1,1,4),(46,724,0,1,1,4),(46,725,0,1,1,4),(46,726,0,1,1,4),(46,727,0,1,1,4),(46,728,0,1,1,4),(46,729,0,1,1,4),(46,730,0,1,1,4),(46,731,0,1,1,4),(46,732,0,1,1,4),(46,733,0,1,1,4),(46,734,0,1,1,4),(46,735,0,1,1,4),(46,736,0,1,1,4),(46,737,0,1,1,4),(46,738,0,1,1,4),(46,739,0,1,1,4),(46,740,0,1,1,4),(46,741,0,1,1,4),(46,742,0,1,1,4),(46,743,0,1,1,4),(46,744,0,1,1,4),(46,745,0,1,1,4),(46,746,0,1,1,4),(46,747,0,1,1,4),(46,748,0,1,1,4),(46,749,0,1,1,4),(46,750,0,1,1,4),(46,751,0,1,1,4),(46,752,0,1,1,4),(46,753,0,1,1,4),(46,754,0,1,1,4),(46,755,0,1,1,4),(46,756,0,1,1,4),(46,757,0,1,1,4),(46,758,0,1,1,4),(46,759,0,1,1,4),(46,760,0,1,1,4),(46,761,0,1,1,4),(46,762,0,1,1,4),(46,763,0,1,1,4),(46,764,0,1,1,4),(46,765,0,1,1,4),(46,766,0,1,1,4),(46,767,0,1,1,4),(46,768,0,1,1,4),(46,769,0,1,1,4),(46,770,0,1,1,4),(46,771,0,1,1,4),(46,772,0,1,1,4),(46,773,0,1,1,4),(46,774,0,1,1,4),(46,775,0,1,1,4),(46,776,0,1,1,4),(46,777,0,1,1,4),(46,778,0,1,1,4),(46,779,0,1,1,4),(46,780,0,1,1,4),(46,781,0,1,1,4),(46,782,0,1,1,4),(46,783,0,1,1,4),(46,784,0,1,1,4),(46,785,0,1,1,4),(46,786,0,1,1,4),(46,787,0,1,1,4),(46,788,0,1,1,4),(46,789,0,1,1,4),(46,790,0,1,1,4),(46,791,0,1,1,4),(46,792,0,1,1,4),(46,793,0,1,1,4),(46,794,0,1,1,4),(46,795,0,1,1,4),(46,796,0,1,1,4),(46,797,0,1,1,4),(46,798,0,1,1,4),(46,799,0,1,1,4),(46,941,0,1,1,4),(47,942,0,1,1,4),(47,943,0,1,1,4),(47,947,0,1,1,4),(47,948,0,1,1,4),(47,949,0,1,1,4),(47,950,0,1,1,4),(47,951,0,1,1,4),(47,953,0,1,1,4);

--
-- Table structure for table `catalog_category_product_index_store2`
--

CREATE TABLE `catalog_category_product_index_store2` (
  `category_id` int(10) unsigned NOT NULL DEFAULT '0' COMMENT 'Category Id',
  `product_id` int(10) unsigned NOT NULL DEFAULT '0' COMMENT 'Product Id',
  `position` int(11) DEFAULT NULL COMMENT 'Position',
  `is_parent` smallint(5) unsigned NOT NULL DEFAULT '0' COMMENT 'Is Parent',
  `store_id` smallint(5) unsigned NOT NULL DEFAULT '0' COMMENT 'Store Id',
  `visibility` smallint(5) unsigned NOT NULL COMMENT 'Visibility',
  PRIMARY KEY (`category_id`,`product_id`,`store_id`),
  KEY `CAT_CTGR_PRD_IDX_STORE2_PRD_ID_STORE_ID_CTGR_ID_VISIBILITY` (`product_id`,`store_id`,`category_id`,`visibility`),
  KEY `IDX_2AB6FE58F086547FA7E4590837296849` (`store_id`,`category_id`,`visibility`,`is_parent`,`position`)
) ENGINE=InnoDB DEFAULT CHARSET=utf8 COMMENT='Catalog Category Product Index Store2';

--
-- Dumping data for table `catalog_category_product_index_store2`
--

INSERT INTO `catalog_category_product_index_store2` VALUES (2,64,10000,0,2,2),(2,312,10000,0,2,2),(2,313,10000,0,2,2),(2,314,10000,0,2,2),(2,315,10000,0,2,2),(2,316,10000,0,2,2),(2,317,10000,0,2,2),(2,321,10000,0,2,2),(2,322,10000,0,2,2),(2,502,0,0,2,4),(2,294,10000,0,2,4),(2,301,10000,0,2,4),(2,302,10000,0,2,4),(2,323,10000,0,2,4),(2,506,10000,0,2,4),(2,507,10000,0,2,4),(2,508,10000,0,2,4),(2,509,10000,0,2,4),(2,510,10000,0,2,4),(2,511,10000,0,2,4),(2,512,10000,0,2,4),(2,513,10000,0,2,4),(2,514,10000,0,2,4),(2,515,10000,0,2,4),(2,516,10000,0,2,4),(2,517,10000,0,2,4),(2,518,10000,0,2,4),(2,519,10000,0,2,4),(2,520,10000,0,2,4),(2,521,10000,0,2,4),(2,522,10000,0,2,4),(2,523,10000,0,2,4),(2,524,10000,0,2,4),(2,525,10000,0,2,4),(2,526,10000,0,2,4),(2,527,10000,0,2,4),(2,528,10000,0,2,4),(2,529,10000,0,2,4),(2,530,10000,0,2,4),(2,531,10000,0,2,4),(2,532,10000,0,2,4),(2,533,10000,0,2,4),(2,534,10000,0,2,4),(2,535,10000,0,2,4),(2,536,10000,0,2,4),(2,537,10000,0,2,4),(2,538,10000,0,2,4),(2,539,10000,0,2,4),(2,540,10000,0,2,4),(2,541,10000,0,2,4),(2,542,10000,0,2,4),(2,543,10000,0,2,4),(2,544,10000,0,2,4),(2,545,10000,0,2,4),(2,546,10000,0,2,4),(2,547,10000,0,2,4),(2,548,10000,0,2,4),(2,549,10000,0,2,4),(2,550,10000,0,2,4),(2,551,10000,0,2,4),(2,552,10000,0,2,4),(2,553,10000,0,2,4),(2,554,10000,0,2,4),(2,555,10000,0,2,4),(2,556,10000,0,2,4),(2,557,10000,0,2,4),(2,558,10000,0,2,4),(2,559,10000,0,2,4),(2,560,10000,0,2,4),(2,561,10000,0,2,4),(2,562,10000,0,2,4),(2,563,10000,0,2,4),(2,564,10000,0,2,4),(2,565,10000,0,2,4),(2,566,10000,0,2,4),(2,567,10000,0,2,4),(2,568,10000,0,2,4),(2,569,10000,0,2,4),(2,570,10000,0,2,4),(2,571,10000,0,2,4),(2,572,10000,0,2,4),(2,573,10000,0,2,4),(2,574,10000,0,2,4),(2,575,10000,0,2,4),(2,576,10000,0,2,4),(2,577,10000,0,2,4),(2,578,10000,0,2,4),(2,579,10000,0,2,4),(2,580,10000,0,2,4),(2,581,10000,0,2,4),(2,582,10000,0,2,4),(2,583,10000,0,2,4),(2,584,10000,0,2,4),(2,585,10000,0,2,4),(2,586,10000,0,2,4),(2,587,10000,0,2,4),(2,588,10000,0,2,4),(2,589,10000,0,2,4),(2,590,10000,0,2,4),(2,591,10000,0,2,4),(2,592,10000,0,2,4),(2,593,10000,0,2,4),(2,594,10000,0,2,4),(2,595,10000,0,2,4),(2,596,10000,0,2,4),(2,597,10000,0,2,4),(2,598,10000,0,2,4),(2,599,10000,0,2,4),(2,600,10000,0,2,4),(2,601,10000,0,2,4),(2,602,10000,0,2,4),(2,603,10000,0,2,4),(2,604,10000,0,2,4),(2,605,10000,0,2,4),(2,606,10000,0,2,4),(2,607,10000,0,2,4),(2,608,10000,0,2,4),(2,609,10000,0,2,4),(2,610,10000,0,2,4),(2,611,10000,0,2,4),(2,612,10000,0,2,4),(2,613,10000,0,2,4),(2,614,10000,0,2,4),(2,615,10000,0,2,4),(2,616,10000,0,2,4),(2,617,10000,0,2,4),(2,618,10000,0,2,4),(2,619,10000,0,2,4),(2,620,10000,0,2,4),(2,621,10000,0,2,4),(2,622,10000,0,2,4),(2,623,10000,0,2,4),(2,624,10000,0,2,4),(2,625,10000,0,2,4),(2,626,10000,0,2,4),(2,627,10000,0,2,4),(2,628,10000,0,2,4),(2,629,10000,0,2,4),(2,630,10000,0,2,4),(2,631,10000,0,2,4),(2,632,10000,0,2,4),(2,633,10000,0,2,4),(2,634,10000,0,2,4),(2,635,10000,0,2,4),(2,636,10000,0,2,4),(2,637,10000,0,2,4),(2,638,10000,0,2,4),(2,639,10000,0,2,4),(2,640,10000,0,2,4),(2,641,10000,0,2,4),(2,642,10000,0,2,4),(2,643,10000,0,2,4),(2,644,10000,0,2,4),(2,645,10000,0,2,4),(2,646,10000,0,2,4),(2,647,10000,0,2,4),(2,648,10000,0,2,4),(2,649,10000,0,2,4),(2,650,10000,0,2,4),(2,651,10000,0,2,4),(2,652,10000,0,2,4),(2,653,10000,0,2,4),(2,654,10000,0,2,4),(2,655,10000,0,2,4),(2,656,10000,0,2,4),(2,657,10000,0,2,4),(2,658,10000,0,2,4),(2,659,10000,0,2,4),(2,660,10000,0,2,4),(2,661,10000,0,2,4),(2,662,10000,0,2,4),(2,663,10000,0,2,4),(2,664,10000,0,2,4),(2,665,10000,0,2,4),(2,666,10000,0,2,4),(2,667,10000,0,2,4),(2,668,10000,0,2,4),(2,669,10000,0,2,4),(2,670,10000,0,2,4),(2,671,10000,0,2,4),(2,672,10000,0,2,4),(2,673,10000,0,2,4),(2,674,10000,0,2,4),(2,675,10000,0,2,4),(2,676,10000,0,2,4),(2,677,10000,0,2,4),(2,678,10000,0,2,4),(2,679,10000,0,2,4),(2,680,10000,0,2,4),(2,681,10000,0,2,4),(2,682,10000,0,2,4),(2,683,10000,0,2,4),(2,684,10000,0,2,4),(2,685,10000,0,2,4),(2,686,10000,0,2,4),(2,687,10000,0,2,4),(2,688,10000,0,2,4),(2,689,10000,0,2,4),(2,690,10000,0,2,4),(2,691,10000,0,2,4),(2,692,10000,0,2,4),(2,693,10000,0,2,4),(2,694,10000,0,2,4),(2,695,10000,0,2,4),(2,696,10000,0,2,4),(2,697,10000,0,2,4),(2,698,10000,0,2,4),(2,699,10000,0,2,4),(2,700,10000,0,2,4),(2,701,10000,0,2,4),(2,702,10000,0,2,4),(2,703,10000,0,2,4),(2,704,10000,0,2,4),(2,705,10000,0,2,4),(2,706,10000,0,2,4),(2,707,10000,0,2,4),(2,708,10000,0,2,4),(2,709,10000,0,2,4),(2,710,10000,0,2,4),(2,711,10000,0,2,4),(2,712,10000,0,2,4),(2,713,10000,0,2,4),(2,714,10000,0,2,4),(2,715,10000,0,2,4),(2,716,10000,0,2,4),(2,717,10000,0,2,4),(2,718,10000,0,2,4),(2,719,10000,0,2,4),(2,720,10000,0,2,4),(2,721,10000,0,2,4),(2,722,10000,0,2,4),(2,723,10000,0,2,4),(2,724,10000,0,2,4),(2,725,10000,0,2,4),(2,726,10000,0,2,4),(2,727,10000,0,2,4),(2,728,10000,0,2,4),(2,729,10000,0,2,4),(2,730,10000,0,2,4),(2,731,10000,0,2,4),(2,732,10000,0,2,4),(2,733,10000,0,2,4),(2,734,10000,0,2,4),(2,735,10000,0,2,4),(2,736,10000,0,2,4),(2,737,10000,0,2,4),(2,738,10000,0,2,4),(2,739,10000,0,2,4),(2,740,10000,0,2,4),(2,741,10000,0,2,4),(2,742,10000,0,2,4),(2,743,10000,0,2,4),(2,744,10000,0,2,4),(2,745,10000,0,2,4),(2,746,10000,0,2,4),(2,747,10000,0,2,4),(2,748,10000,0,2,4),(2,749,10000,0,2,4),(2,750,10000,0,2,4),(2,751,10000,0,2,4),(2,752,10000,0,2,4),(2,753,10000,0,2,4),(2,754,10000,0,2,4),(2,755,10000,0,2,4),(2,756,10000,0,2,4),(2,757,10000,0,2,4),(2,758,10000,0,2,4),(2,759,10000,0,2,4),(2,760,10000,0,2,4),(2,761,10000,0,2,4),(2,762,10000,0,2,4),(2,763,10000,0,2,4),(2,764,10000,0,2,4),(2,765,10000,0,2,4),(2,766,10000,0,2,4),(2,767,10000,0,2,4),(2,768,10000,0,2,4),(2,769,10000,0,2,4),(2,770,10000,0,2,4),(2,771,10000,0,2,4),(2,772,10000,0,2,4),(2,773,10000,0,2,4),(2,774,10000,0,2,4),(2,775,10000,0,2,4),(2,776,10000,0,2,4),(2,777,10000,0,2,4),(2,778,10000,0,2,4),(2,779,10000,0,2,4),(2,780,10000,0,2,4),(2,781,10000,0,2,4),(2,782,10000,0,2,4),(2,783,10000,0,2,4),(2,784,10000,0,2,4),(2,785,10000,0,2,4),(2,786,10000,0,2,4),(2,787,10000,0,2,4),(2,788,10000,0,2,4),(2,789,10000,0,2,4),(2,790,10000,0,2,4),(2,791,10000,0,2,4),(2,792,10000,0,2,4),(2,793,10000,0,2,4),(2,794,10000,0,2,4),(2,795,10000,0,2,4),(2,796,10000,0,2,4),(2,797,10000,0,2,4),(2,798,10000,0,2,4),(2,799,10000,0,2,4),(2,829,10000,0,2,4),(2,923,10000,0,2,4),(2,924,10000,0,2,4),(2,925,10000,0,2,4),(2,929,10000,0,2,4),(2,930,10000,0,2,4),(2,931,10000,0,2,4),(2,932,10000,0,2,4),(2,934,10000,0,2,4),(2,935,10000,0,2,4),(2,936,10000,0,2,4),(2,941,10000,0,2,4),(2,942,10000,0,2,4),(2,943,10000,0,2,4),(2,947,10000,0,2,4),(2,948,10000,0,2,4),(2,949,10000,0,2,4),(2,950,10000,0,2,4),(2,951,10000,0,2,4),(2,953,10000,0,2,4),(13,301,0,1,2,4),(13,829,0,1,2,4),(13,931,0,1,2,4),(14,924,0,1,2,4),(14,929,0,1,2,4),(14,935,0,1,2,4),(20,552,0,1,2,4),(20,553,0,1,2,4),(20,591,0,1,2,4),(20,592,0,1,2,4),(20,594,0,1,2,4),(20,595,0,1,2,4),(20,596,0,1,2,4),(20,597,0,1,2,4),(20,598,0,1,2,4),(20,599,0,1,2,4),(24,312,0,1,2,2),(24,313,0,1,2,2),(24,314,0,1,2,2),(25,315,0,1,2,2),(25,316,0,1,2,2),(25,317,0,1,2,2),(26,64,0,1,2,2),(27,313,0,1,2,2),(27,314,0,1,2,2),(27,315,0,1,2,2),(27,316,0,1,2,2),(27,317,0,1,2,2),(27,321,0,1,2,2),(27,322,0,1,2,2),(27,301,0,1,2,4),(27,302,0,1,2,4),(27,323,0,1,2,4),(27,502,0,1,2,4),(27,506,0,1,2,4),(27,507,0,1,2,4),(27,508,0,1,2,4),(27,509,0,1,2,4),(27,510,0,1,2,4),(27,511,0,1,2,4),(27,512,0,1,2,4),(27,513,0,1,2,4),(27,514,0,1,2,4),(27,515,0,1,2,4),(27,516,0,1,2,4),(27,517,0,1,2,4),(27,518,0,1,2,4),(27,519,0,1,2,4),(27,520,0,1,2,4),(27,521,0,1,2,4),(27,522,0,1,2,4),(27,523,0,1,2,4),(27,524,0,1,2,4),(27,525,0,1,2,4),(27,526,0,1,2,4),(27,527,0,1,2,4),(27,528,0,1,2,4),(27,529,0,1,2,4),(27,530,0,1,2,4),(27,531,0,1,2,4),(27,532,0,1,2,4),(27,533,0,1,2,4),(27,534,0,1,2,4),(27,535,0,1,2,4),(27,536,0,1,2,4),(27,537,0,1,2,4),(27,538,0,1,2,4),(27,539,0,1,2,4),(27,540,0,1,2,4),(27,541,0,1,2,4),(27,542,0,1,2,4),(27,543,0,1,2,4),(27,544,0,1,2,4),(27,545,0,1,2,4),(27,546,0,1,2,4),(27,547,0,1,2,4),(27,548,0,1,2,4),(27,549,0,1,2,4),(27,550,0,1,2,4),(27,551,0,1,2,4),(27,552,0,1,2,4),(27,553,0,1,2,4),(27,554,0,1,2,4),(27,555,0,1,2,4),(27,556,0,1,2,4),(27,557,0,1,2,4),(27,558,0,1,2,4),(27,559,0,1,2,4),(27,560,0,1,2,4),(27,561,0,1,2,4),(27,562,0,1,2,4),(27,563,0,1,2,4),(27,564,0,1,2,4),(27,565,0,1,2,4),(27,566,0,1,2,4),(27,567,0,1,2,4),(27,568,0,1,2,4),(27,569,0,1,2,4),(27,570,0,1,2,4),(27,571,0,1,2,4),(27,572,0,1,2,4),(27,573,0,1,2,4),(27,574,0,1,2,4),(27,575,0,1,2,4),(27,576,0,1,2,4),(27,577,0,1,2,4),(27,578,0,1,2,4),(27,579,0,1,2,4),(27,580,0,1,2,4),(27,581,0,1,2,4),(27,582,0,1,2,4),(27,583,0,1,2,4),(27,584,0,1,2,4),(27,585,0,1,2,4),(27,586,0,1,2,4),(27,587,0,1,2,4),(27,588,0,1,2,4),(27,589,0,1,2,4),(27,590,0,1,2,4),(27,591,0,1,2,4),(27,592,0,1,2,4),(27,593,0,1,2,4),(27,594,0,1,2,4),(27,595,0,1,2,4),(27,596,0,1,2,4),(27,597,0,1,2,4),(27,598,0,1,2,4),(27,599,0,1,2,4),(27,600,0,1,2,4),(27,601,0,1,2,4),(27,602,0,1,2,4),(27,603,0,1,2,4),(27,604,0,1,2,4),(27,605,0,1,2,4),(27,606,0,1,2,4),(27,607,0,1,2,4),(27,608,0,1,2,4),(27,609,0,1,2,4),(27,610,0,1,2,4),(27,611,0,1,2,4),(27,612,0,1,2,4),(27,613,0,1,2,4),(27,614,0,1,2,4),(27,615,0,1,2,4),(27,616,0,1,2,4),(27,617,0,1,2,4),(27,618,0,1,2,4),(27,619,0,1,2,4),(27,620,0,1,2,4),(27,621,0,1,2,4),(27,622,0,1,2,4),(27,623,0,1,2,4),(27,624,0,1,2,4),(27,625,0,1,2,4),(27,626,0,1,2,4),(27,627,0,1,2,4),(27,628,0,1,2,4),(27,629,0,1,2,4),(27,630,0,1,2,4),(27,631,0,1,2,4),(27,632,0,1,2,4),(27,633,0,1,2,4),(27,634,0,1,2,4),(27,635,0,1,2,4),(27,636,0,1,2,4),(27,637,0,1,2,4),(27,638,0,1,2,4),(27,639,0,1,2,4),(27,640,0,1,2,4),(27,641,0,1,2,4),(27,642,0,1,2,4),(27,643,0,1,2,4),(27,644,0,1,2,4),(27,645,0,1,2,4),(27,646,0,1,2,4),(27,647,0,1,2,4),(27,648,0,1,2,4),(27,649,0,1,2,4),(27,650,0,1,2,4),(27,651,0,1,2,4),(27,652,0,1,2,4),(27,653,0,1,2,4),(27,654,0,1,2,4),(27,655,0,1,2,4),(27,656,0,1,2,4),(27,657,0,1,2,4),(27,658,0,1,2,4),(27,659,0,1,2,4),(27,660,0,1,2,4),(27,661,0,1,2,4),(27,662,0,1,2,4),(27,663,0,1,2,4),(27,664,0,1,2,4),(27,665,0,1,2,4),(27,666,0,1,2,4),(27,667,0,1,2,4),(27,668,0,1,2,4),(27,669,0,1,2,4),(27,670,0,1,2,4),(27,671,0,1,2,4),(27,672,0,1,2,4),(27,673,0,1,2,4),(27,674,0,1,2,4),(27,675,0,1,2,4),(27,676,0,1,2,4),(27,677,0,1,2,4),(27,678,0,1,2,4),(27,679,0,1,2,4),(27,680,0,1,2,4),(27,681,0,1,2,4),(27,682,0,1,2,4),(27,683,0,1,2,4),(27,684,0,1,2,4),(27,685,0,1,2,4),(27,686,0,1,2,4),(27,687,0,1,2,4),(27,688,0,1,2,4),(27,689,0,1,2,4),(27,690,0,1,2,4),(27,691,0,1,2,4),(27,692,0,1,2,4),(27,693,0,1,2,4),(27,694,0,1,2,4),(27,695,0,1,2,4),(27,696,0,1,2,4),(27,697,0,1,2,4),(27,698,0,1,2,4),(27,699,0,1,2,4),(27,700,0,1,2,4),(27,701,0,1,2,4),(27,702,0,1,2,4),(27,703,0,1,2,4),(27,704,0,1,2,4),(27,705,0,1,2,4),(27,706,0,1,2,4),(27,707,0,1,2,4),(27,708,0,1,2,4),(27,709,0,1,2,4),(27,710,0,1,2,4),(27,711,0,1,2,4),(27,712,0,1,2,4),(27,713,0,1,2,4),(27,714,0,1,2,4),(27,715,0,1,2,4),(27,716,0,1,2,4),(27,717,0,1,2,4),(27,718,0,1,2,4),(27,719,0,1,2,4),(27,720,0,1,2,4),(27,721,0,1,2,4),(27,722,0,1,2,4),(27,723,0,1,2,4),(27,724,0,1,2,4),(27,725,0,1,2,4),(27,726,0,1,2,4),(27,727,0,1,2,4),(27,728,0,1,2,4),(27,729,0,1,2,4),(27,730,0,1,2,4),(27,731,0,1,2,4),(27,732,0,1,2,4),(27,733,0,1,2,4),(27,734,0,1,2,4),(27,735,0,1,2,4),(27,736,0,1,2,4),(27,737,0,1,2,4),(27,738,0,1,2,4),(27,739,0,1,2,4),(27,740,0,1,2,4),(27,741,0,1,2,4),(27,742,0,1,2,4),(27,743,0,1,2,4),(27,744,0,1,2,4),(27,745,0,1,2,4),(27,746,0,1,2,4),(27,747,0,1,2,4),(27,748,0,1,2,4),(27,749,0,1,2,4),(27,750,0,1,2,4),(27,751,0,1,2,4),(27,752,0,1,2,4),(27,753,0,1,2,4),(27,754,0,1,2,4),(27,755,0,1,2,4),(27,756,0,1,2,4),(27,757,0,1,2,4),(27,758,0,1,2,4),(27,759,0,1,2,4),(27,760,0,1,2,4),(27,761,0,1,2,4),(27,762,0,1,2,4),(27,763,0,1,2,4),(27,764,0,1,2,4),(27,765,0,1,2,4),(27,766,0,1,2,4),(27,767,0,1,2,4),(27,768,0,1,2,4),(27,769,0,1,2,4),(27,770,0,1,2,4),(27,771,0,1,2,4),(27,772,0,1,2,4),(27,773,0,1,2,4),(27,774,0,1,2,4),(27,775,0,1,2,4),(27,776,0,1,2,4),(27,777,0,1,2,4),(27,778,0,1,2,4),(27,779,0,1,2,4),(27,780,0,1,2,4),(27,781,0,1,2,4),(27,782,0,1,2,4),(27,783,0,1,2,4),(27,784,0,1,2,4),(27,785,0,1,2,4),(27,786,0,1,2,4),(27,787,0,1,2,4),(27,788,0,1,2,4),(27,789,0,1,2,4),(27,790,0,1,2,4),(27,791,0,1,2,4),(27,792,0,1,2,4),(27,793,0,1,2,4),(27,794,0,1,2,4),(27,795,0,1,2,4),(27,796,0,1,2,4),(27,797,0,1,2,4),(27,798,0,1,2,4),(27,799,0,1,2,4),(27,829,0,1,2,4),(27,923,0,1,2,4),(27,924,0,1,2,4),(27,925,0,1,2,4),(27,929,0,1,2,4),(27,930,0,1,2,4),(27,934,0,1,2,4),(27,935,0,1,2,4),(27,936,0,1,2,4),(27,942,0,1,2,4),(27,943,0,1,2,4),(27,947,0,1,2,4),(27,948,0,1,2,4),(27,949,0,1,2,4),(27,950,0,1,2,4),(27,951,0,1,2,4),(27,953,0,1,2,4),(42,294,0,1,2,4),(42,301,0,1,2,4),(42,302,0,1,2,4),(42,829,0,1,2,4),(42,923,0,1,2,4),(42,924,0,1,2,4),(42,925,0,1,2,4),(42,929,0,1,2,4),(42,930,0,1,2,4),(42,931,0,1,2,4),(42,932,0,1,2,4),(42,934,0,1,2,4),(42,935,0,1,2,4),(42,936,0,1,2,4),(46,507,0,1,2,4),(46,508,0,1,2,4),(46,509,0,1,2,4),(46,510,0,1,2,4),(46,511,0,1,2,4),(46,512,0,1,2,4),(46,513,0,1,2,4),(46,514,0,1,2,4),(46,515,0,1,2,4),(46,516,0,1,2,4),(46,517,0,1,2,4),(46,518,0,1,2,4),(46,519,0,1,2,4),(46,520,0,1,2,4),(46,521,0,1,2,4),(46,522,0,1,2,4),(46,523,0,1,2,4),(46,524,0,1,2,4),(46,525,0,1,2,4),(46,526,0,1,2,4),(46,527,0,1,2,4),(46,528,0,1,2,4),(46,529,0,1,2,4),(46,530,0,1,2,4),(46,531,0,1,2,4),(46,532,0,1,2,4),(46,533,0,1,2,4),(46,534,0,1,2,4),(46,535,0,1,2,4),(46,536,0,1,2,4),(46,537,0,1,2,4),(46,538,0,1,2,4),(46,539,0,1,2,4),(46,540,0,1,2,4),(46,541,0,1,2,4),(46,542,0,1,2,4),(46,543,0,1,2,4),(46,544,0,1,2,4),(46,545,0,1,2,4),(46,546,0,1,2,4),(46,547,0,1,2,4),(46,548,0,1,2,4),(46,549,0,1,2,4),(46,550,0,1,2,4),(46,551,0,1,2,4),(46,552,0,1,2,4),(46,553,0,1,2,4),(46,554,0,1,2,4),(46,555,0,1,2,4),(46,556,0,1,2,4),(46,557,0,1,2,4),(46,558,0,1,2,4),(46,559,0,1,2,4),(46,560,0,1,2,4),(46,561,0,1,2,4),(46,562,0,1,2,4),(46,563,0,1,2,4),(46,564,0,1,2,4),(46,565,0,1,2,4),(46,566,0,1,2,4),(46,567,0,1,2,4),(46,568,0,1,2,4),(46,569,0,1,2,4),(46,570,0,1,2,4),(46,571,0,1,2,4),(46,572,0,1,2,4),(46,573,0,1,2,4),(46,574,0,1,2,4),(46,575,0,1,2,4),(46,576,0,1,2,4),(46,577,0,1,2,4),(46,578,0,1,2,4),(46,579,0,1,2,4),(46,580,0,1,2,4),(46,581,0,1,2,4),(46,582,0,1,2,4),(46,583,0,1,2,4),(46,584,0,1,2,4),(46,585,0,1,2,4),(46,586,0,1,2,4),(46,587,0,1,2,4),(46,588,0,1,2,4),(46,589,0,1,2,4),(46,590,0,1,2,4),(46,591,0,1,2,4),(46,592,0,1,2,4),(46,593,0,1,2,4),(46,594,0,1,2,4),(46,595,0,1,2,4),(46,596,0,1,2,4),(46,597,0,1,2,4),(46,598,0,1,2,4),(46,599,0,1,2,4),(46,600,0,1,2,4),(46,601,0,1,2,4),(46,602,0,1,2,4),(46,603,0,1,2,4),(46,604,0,1,2,4),(46,605,0,1,2,4),(46,606,0,1,2,4),(46,607,0,1,2,4),(46,608,0,1,2,4),(46,609,0,1,2,4),(46,610,0,1,2,4),(46,611,0,1,2,4),(46,612,0,1,2,4),(46,613,0,1,2,4),(46,614,0,1,2,4),(46,615,0,1,2,4),(46,616,0,1,2,4),(46,617,0,1,2,4),(46,618,0,1,2,4),(46,619,0,1,2,4),(46,620,0,1,2,4),(46,621,0,1,2,4),(46,622,0,1,2,4),(46,623,0,1,2,4),(46,624,0,1,2,4),(46,625,0,1,2,4),(46,626,0,1,2,4),(46,627,0,1,2,4),(46,628,0,1,2,4),(46,629,0,1,2,4),(46,630,0,1,2,4),(46,631,0,1,2,4),(46,632,0,1,2,4),(46,633,0,1,2,4),(46,634,0,1,2,4),(46,635,0,1,2,4),(46,636,0,1,2,4),(46,637,0,1,2,4),(46,638,0,1,2,4),(46,639,0,1,2,4),(46,640,0,1,2,4),(46,641,0,1,2,4),(46,642,0,1,2,4),(46,643,0,1,2,4),(46,644,0,1,2,4),(46,645,0,1,2,4),(46,646,0,1,2,4),(46,647,0,1,2,4),(46,648,0,1,2,4),(46,649,0,1,2,4),(46,650,0,1,2,4),(46,651,0,1,2,4),(46,652,0,1,2,4),(46,653,0,1,2,4),(46,654,0,1,2,4),(46,655,0,1,2,4),(46,656,0,1,2,4),(46,657,0,1,2,4),(46,658,0,1,2,4),(46,659,0,1,2,4),(46,660,0,1,2,4),(46,661,0,1,2,4),(46,662,0,1,2,4),(46,663,0,1,2,4),(46,664,0,1,2,4),(46,665,0,1,2,4),(46,666,0,1,2,4),(46,667,0,1,2,4),(46,668,0,1,2,4),(46,669,0,1,2,4),(46,670,0,1,2,4),(46,671,0,1,2,4),(46,672,0,1,2,4),(46,673,0,1,2,4),(46,674,0,1,2,4),(46,675,0,1,2,4),(46,676,0,1,2,4),(46,677,0,1,2,4),(46,678,0,1,2,4),(46,679,0,1,2,4),(46,680,0,1,2,4),(46,681,0,1,2,4),(46,682,0,1,2,4),(46,683,0,1,2,4),(46,684,0,1,2,4),(46,685,0,1,2,4),(46,686,0,1,2,4),(46,687,0,1,2,4),(46,688,0,1,2,4),(46,689,0,1,2,4),(46,690,0,1,2,4),(46,691,0,1,2,4),(46,692,0,1,2,4),(46,693,0,1,2,4),(46,694,0,1,2,4),(46,695,0,1,2,4),(46,696,0,1,2,4),(46,697,0,1,2,4),(46,698,0,1,2,4),(46,699,0,1,2,4),(46,700,0,1,2,4),(46,701,0,1,2,4),(46,702,0,1,2,4),(46,703,0,1,2,4),(46,704,0,1,2,4),(46,705,0,1,2,4),(46,706,0,1,2,4),(46,707,0,1,2,4),(46,708,0,1,2,4),(46,709,0,1,2,4),(46,710,0,1,2,4),(46,711,0,1,2,4),(46,712,0,1,2,4),(46,713,0,1,2,4),(46,714,0,1,2,4),(46,715,0,1,2,4),(46,716,0,1,2,4),(46,717,0,1,2,4),(46,718,0,1,2,4),(46,719,0,1,2,4),(46,720,0,1,2,4),(46,721,0,1,2,4),(46,722,0,1,2,4),(46,723,0,1,2,4),(46,724,0,1,2,4),(46,725,0,1,2,4),(46,726,0,1,2,4),(46,727,0,1,2,4),(46,728,0,1,2,4),(46,729,0,1,2,4),(46,730,0,1,2,4),(46,731,0,1,2,4),(46,732,0,1,2,4),(46,733,0,1,2,4),(46,734,0,1,2,4),(46,735,0,1,2,4),(46,736,0,1,2,4),(46,737,0,1,2,4),(46,738,0,1,2,4),(46,739,0,1,2,4),(46,740,0,1,2,4),(46,741,0,1,2,4),(46,742,0,1,2,4),(46,743,0,1,2,4),(46,744,0,1,2,4),(46,745,0,1,2,4),(46,746,0,1,2,4),(46,747,0,1,2,4),(46,748,0,1,2,4),(46,749,0,1,2,4),(46,750,0,1,2,4),(46,751,0,1,2,4),(46,752,0,1,2,4),(46,753,0,1,2,4),(46,754,0,1,2,4),(46,755,0,1,2,4),(46,756,0,1,2,4),(46,757,0,1,2,4),(46,758,0,1,2,4),(46,759,0,1,2,4),(46,760,0,1,2,4),(46,761,0,1,2,4),(46,762,0,1,2,4),(46,763,0,1,2,4),(46,764,0,1,2,4),(46,765,0,1,2,4),(46,766,0,1,2,4),(46,767,0,1,2,4),(46,768,0,1,2,4),(46,769,0,1,2,4),(46,770,0,1,2,4),(46,771,0,1,2,4),(46,772,0,1,2,4),(46,773,0,1,2,4),(46,774,0,1,2,4),(46,775,0,1,2,4),(46,776,0,1,2,4),(46,777,0,1,2,4),(46,778,0,1,2,4),(46,779,0,1,2,4),(46,780,0,1,2,4),(46,781,0,1,2,4),(46,782,0,1,2,4),(46,783,0,1,2,4),(46,784,0,1,2,4),(46,785,0,1,2,4),(46,786,0,1,2,4),(46,787,0,1,2,4),(46,788,0,1,2,4),(46,789,0,1,2,4),(46,790,0,1,2,4),(46,791,0,1,2,4),(46,792,0,1,2,4),(46,793,0,1,2,4),(46,794,0,1,2,4),(46,795,0,1,2,4),(46,796,0,1,2,4),(46,797,0,1,2,4),(46,798,0,1,2,4),(46,799,0,1,2,4),(46,941,0,1,2,4),(47,942,0,1,2,4),(47,943,0,1,2,4),(47,947,0,1,2,4),(47,948,0,1,2,4),(47,949,0,1,2,4),(47,950,0,1,2,4),(47,951,0,1,2,4),(47,953,0,1,2,4);

--
-- Table structure for table `catalog_category_product_index_store2_replica`
--

CREATE TABLE `catalog_category_product_index_store2_replica` (
  `category_id` int(10) unsigned NOT NULL DEFAULT '0' COMMENT 'Category Id',
  `product_id` int(10) unsigned NOT NULL DEFAULT '0' COMMENT 'Product Id',
  `position` int(11) DEFAULT NULL COMMENT 'Position',
  `is_parent` smallint(5) unsigned NOT NULL DEFAULT '0' COMMENT 'Is Parent',
  `store_id` smallint(5) unsigned NOT NULL DEFAULT '0' COMMENT 'Store Id',
  `visibility` smallint(5) unsigned NOT NULL COMMENT 'Visibility',
  PRIMARY KEY (`category_id`,`product_id`,`store_id`),
  KEY `IDX_87FCED52F67C72BB6992C79EB4DCFA8A` (`product_id`,`store_id`,`category_id`,`visibility`),
  KEY `IDX_15B841C92B67D986A980051DF109F9D1` (`store_id`,`category_id`,`visibility`,`is_parent`,`position`)
) ENGINE=InnoDB DEFAULT CHARSET=utf8 COMMENT='Catalog Category Product Index Store2 Replica';

--
-- Dumping data for table `catalog_category_product_index_store2_replica`
--

INSERT INTO `catalog_category_product_index_store2_replica` VALUES (2,64,10000,0,2,2),(2,312,10000,0,2,2),(2,313,10000,0,2,2),(2,314,10000,0,2,2),(2,315,10000,0,2,2),(2,316,10000,0,2,2),(2,317,10000,0,2,2),(2,321,10000,0,2,2),(2,322,10000,0,2,2),(2,502,0,0,2,4),(2,294,10000,0,2,4),(2,301,10000,0,2,4),(2,302,10000,0,2,4),(2,323,10000,0,2,4),(2,506,10000,0,2,4),(2,507,10000,0,2,4),(2,508,10000,0,2,4),(2,509,10000,0,2,4),(2,510,10000,0,2,4),(2,511,10000,0,2,4),(2,512,10000,0,2,4),(2,513,10000,0,2,4),(2,514,10000,0,2,4),(2,515,10000,0,2,4),(2,516,10000,0,2,4),(2,517,10000,0,2,4),(2,518,10000,0,2,4),(2,519,10000,0,2,4),(2,520,10000,0,2,4),(2,521,10000,0,2,4),(2,522,10000,0,2,4),(2,523,10000,0,2,4),(2,524,10000,0,2,4),(2,525,10000,0,2,4),(2,526,10000,0,2,4),(2,527,10000,0,2,4),(2,528,10000,0,2,4),(2,529,10000,0,2,4),(2,530,10000,0,2,4),(2,531,10000,0,2,4),(2,532,10000,0,2,4),(2,533,10000,0,2,4),(2,534,10000,0,2,4),(2,535,10000,0,2,4),(2,536,10000,0,2,4),(2,537,10000,0,2,4),(2,538,10000,0,2,4),(2,539,10000,0,2,4),(2,540,10000,0,2,4),(2,541,10000,0,2,4),(2,542,10000,0,2,4),(2,543,10000,0,2,4),(2,544,10000,0,2,4),(2,545,10000,0,2,4),(2,546,10000,0,2,4),(2,547,10000,0,2,4),(2,548,10000,0,2,4),(2,549,10000,0,2,4),(2,550,10000,0,2,4),(2,551,10000,0,2,4),(2,552,10000,0,2,4),(2,553,10000,0,2,4),(2,554,10000,0,2,4),(2,555,10000,0,2,4),(2,556,10000,0,2,4),(2,557,10000,0,2,4),(2,558,10000,0,2,4),(2,559,10000,0,2,4),(2,560,10000,0,2,4),(2,561,10000,0,2,4),(2,562,10000,0,2,4),(2,563,10000,0,2,4),(2,564,10000,0,2,4),(2,565,10000,0,2,4),(2,566,10000,0,2,4),(2,567,10000,0,2,4),(2,568,10000,0,2,4),(2,569,10000,0,2,4),(2,570,10000,0,2,4),(2,571,10000,0,2,4),(2,572,10000,0,2,4),(2,573,10000,0,2,4),(2,574,10000,0,2,4),(2,575,10000,0,2,4),(2,576,10000,0,2,4),(2,577,10000,0,2,4),(2,578,10000,0,2,4),(2,579,10000,0,2,4),(2,580,10000,0,2,4),(2,581,10000,0,2,4),(2,582,10000,0,2,4),(2,583,10000,0,2,4),(2,584,10000,0,2,4),(2,585,10000,0,2,4),(2,586,10000,0,2,4),(2,587,10000,0,2,4),(2,588,10000,0,2,4),(2,589,10000,0,2,4),(2,590,10000,0,2,4),(2,591,10000,0,2,4),(2,592,10000,0,2,4),(2,593,10000,0,2,4),(2,594,10000,0,2,4),(2,595,10000,0,2,4),(2,596,10000,0,2,4),(2,597,10000,0,2,4),(2,598,10000,0,2,4),(2,599,10000,0,2,4),(2,600,10000,0,2,4),(2,601,10000,0,2,4),(2,602,10000,0,2,4),(2,603,10000,0,2,4),(2,604,10000,0,2,4),(2,605,10000,0,2,4),(2,606,10000,0,2,4),(2,607,10000,0,2,4),(2,608,10000,0,2,4),(2,609,10000,0,2,4),(2,610,10000,0,2,4),(2,611,10000,0,2,4),(2,612,10000,0,2,4),(2,613,10000,0,2,4),(2,614,10000,0,2,4),(2,615,10000,0,2,4),(2,616,10000,0,2,4),(2,617,10000,0,2,4),(2,618,10000,0,2,4),(2,619,10000,0,2,4),(2,620,10000,0,2,4),(2,621,10000,0,2,4),(2,622,10000,0,2,4),(2,623,10000,0,2,4),(2,624,10000,0,2,4),(2,625,10000,0,2,4),(2,626,10000,0,2,4),(2,627,10000,0,2,4),(2,628,10000,0,2,4),(2,629,10000,0,2,4),(2,630,10000,0,2,4),(2,631,10000,0,2,4),(2,632,10000,0,2,4),(2,633,10000,0,2,4),(2,634,10000,0,2,4),(2,635,10000,0,2,4),(2,636,10000,0,2,4),(2,637,10000,0,2,4),(2,638,10000,0,2,4),(2,639,10000,0,2,4),(2,640,10000,0,2,4),(2,641,10000,0,2,4),(2,642,10000,0,2,4),(2,643,10000,0,2,4),(2,644,10000,0,2,4),(2,645,10000,0,2,4),(2,646,10000,0,2,4),(2,647,10000,0,2,4),(2,648,10000,0,2,4),(2,649,10000,0,2,4),(2,650,10000,0,2,4),(2,651,10000,0,2,4),(2,652,10000,0,2,4),(2,653,10000,0,2,4),(2,654,10000,0,2,4),(2,655,10000,0,2,4),(2,656,10000,0,2,4),(2,657,10000,0,2,4),(2,658,10000,0,2,4),(2,659,10000,0,2,4),(2,660,10000,0,2,4),(2,661,10000,0,2,4),(2,662,10000,0,2,4),(2,663,10000,0,2,4),(2,664,10000,0,2,4),(2,665,10000,0,2,4),(2,666,10000,0,2,4),(2,667,10000,0,2,4),(2,668,10000,0,2,4),(2,669,10000,0,2,4),(2,670,10000,0,2,4),(2,671,10000,0,2,4),(2,672,10000,0,2,4),(2,673,10000,0,2,4),(2,674,10000,0,2,4),(2,675,10000,0,2,4),(2,676,10000,0,2,4),(2,677,10000,0,2,4),(2,678,10000,0,2,4),(2,679,10000,0,2,4),(2,680,10000,0,2,4),(2,681,10000,0,2,4),(2,682,10000,0,2,4),(2,683,10000,0,2,4),(2,684,10000,0,2,4),(2,685,10000,0,2,4),(2,686,10000,0,2,4),(2,687,10000,0,2,4),(2,688,10000,0,2,4),(2,689,10000,0,2,4),(2,690,10000,0,2,4),(2,691,10000,0,2,4),(2,692,10000,0,2,4),(2,693,10000,0,2,4),(2,694,10000,0,2,4),(2,695,10000,0,2,4),(2,696,10000,0,2,4),(2,697,10000,0,2,4),(2,698,10000,0,2,4),(2,699,10000,0,2,4),(2,700,10000,0,2,4),(2,701,10000,0,2,4),(2,702,10000,0,2,4),(2,703,10000,0,2,4),(2,704,10000,0,2,4),(2,705,10000,0,2,4),(2,706,10000,0,2,4),(2,707,10000,0,2,4),(2,708,10000,0,2,4),(2,709,10000,0,2,4),(2,710,10000,0,2,4),(2,711,10000,0,2,4),(2,712,10000,0,2,4),(2,713,10000,0,2,4),(2,714,10000,0,2,4),(2,715,10000,0,2,4),(2,716,10000,0,2,4),(2,717,10000,0,2,4),(2,718,10000,0,2,4),(2,719,10000,0,2,4),(2,720,10000,0,2,4),(2,721,10000,0,2,4),(2,722,10000,0,2,4),(2,723,10000,0,2,4),(2,724,10000,0,2,4),(2,725,10000,0,2,4),(2,726,10000,0,2,4),(2,727,10000,0,2,4),(2,728,10000,0,2,4),(2,729,10000,0,2,4),(2,730,10000,0,2,4),(2,731,10000,0,2,4),(2,732,10000,0,2,4),(2,733,10000,0,2,4),(2,734,10000,0,2,4),(2,735,10000,0,2,4),(2,736,10000,0,2,4),(2,737,10000,0,2,4),(2,738,10000,0,2,4),(2,739,10000,0,2,4),(2,740,10000,0,2,4),(2,741,10000,0,2,4),(2,742,10000,0,2,4),(2,743,10000,0,2,4),(2,744,10000,0,2,4),(2,745,10000,0,2,4),(2,746,10000,0,2,4),(2,747,10000,0,2,4),(2,748,10000,0,2,4),(2,749,10000,0,2,4),(2,750,10000,0,2,4),(2,751,10000,0,2,4),(2,752,10000,0,2,4),(2,753,10000,0,2,4),(2,754,10000,0,2,4),(2,755,10000,0,2,4),(2,756,10000,0,2,4),(2,757,10000,0,2,4),(2,758,10000,0,2,4),(2,759,10000,0,2,4),(2,760,10000,0,2,4),(2,761,10000,0,2,4),(2,762,10000,0,2,4),(2,763,10000,0,2,4),(2,764,10000,0,2,4),(2,765,10000,0,2,4),(2,766,10000,0,2,4),(2,767,10000,0,2,4),(2,768,10000,0,2,4),(2,769,10000,0,2,4),(2,770,10000,0,2,4),(2,771,10000,0,2,4),(2,772,10000,0,2,4),(2,773,10000,0,2,4),(2,774,10000,0,2,4),(2,775,10000,0,2,4),(2,776,10000,0,2,4),(2,777,10000,0,2,4),(2,778,10000,0,2,4),(2,779,10000,0,2,4),(2,780,10000,0,2,4),(2,781,10000,0,2,4),(2,782,10000,0,2,4),(2,783,10000,0,2,4),(2,784,10000,0,2,4),(2,785,10000,0,2,4),(2,786,10000,0,2,4),(2,787,10000,0,2,4),(2,788,10000,0,2,4),(2,789,10000,0,2,4),(2,790,10000,0,2,4),(2,791,10000,0,2,4),(2,792,10000,0,2,4),(2,793,10000,0,2,4),(2,794,10000,0,2,4),(2,795,10000,0,2,4),(2,796,10000,0,2,4),(2,797,10000,0,2,4),(2,798,10000,0,2,4),(2,799,10000,0,2,4),(2,829,10000,0,2,4),(2,923,10000,0,2,4),(2,924,10000,0,2,4),(2,925,10000,0,2,4),(2,929,10000,0,2,4),(2,930,10000,0,2,4),(2,931,10000,0,2,4),(2,932,10000,0,2,4),(2,934,10000,0,2,4),(2,935,10000,0,2,4),(2,936,10000,0,2,4),(2,941,10000,0,2,4),(2,942,10000,0,2,4),(2,943,10000,0,2,4),(2,947,10000,0,2,4),(2,948,10000,0,2,4),(2,949,10000,0,2,4),(2,950,10000,0,2,4),(2,951,10000,0,2,4),(2,953,10000,0,2,4),(13,301,0,1,2,4),(13,829,0,1,2,4),(13,931,0,1,2,4),(14,924,0,1,2,4),(14,929,0,1,2,4),(14,935,0,1,2,4),(20,552,0,1,2,4),(20,553,0,1,2,4),(20,591,0,1,2,4),(20,592,0,1,2,4),(20,594,0,1,2,4),(20,595,0,1,2,4),(20,596,0,1,2,4),(20,597,0,1,2,4),(20,598,0,1,2,4),(20,599,0,1,2,4),(24,312,0,1,2,2),(24,313,0,1,2,2),(24,314,0,1,2,2),(25,315,0,1,2,2),(25,316,0,1,2,2),(25,317,0,1,2,2),(26,64,0,1,2,2),(27,313,0,1,2,2),(27,314,0,1,2,2),(27,315,0,1,2,2),(27,316,0,1,2,2),(27,317,0,1,2,2),(27,321,0,1,2,2),(27,322,0,1,2,2),(27,301,0,1,2,4),(27,302,0,1,2,4),(27,323,0,1,2,4),(27,502,0,1,2,4),(27,506,0,1,2,4),(27,507,0,1,2,4),(27,508,0,1,2,4),(27,509,0,1,2,4),(27,510,0,1,2,4),(27,511,0,1,2,4),(27,512,0,1,2,4),(27,513,0,1,2,4),(27,514,0,1,2,4),(27,515,0,1,2,4),(27,516,0,1,2,4),(27,517,0,1,2,4),(27,518,0,1,2,4),(27,519,0,1,2,4),(27,520,0,1,2,4),(27,521,0,1,2,4),(27,522,0,1,2,4),(27,523,0,1,2,4),(27,524,0,1,2,4),(27,525,0,1,2,4),(27,526,0,1,2,4),(27,527,0,1,2,4),(27,528,0,1,2,4),(27,529,0,1,2,4),(27,530,0,1,2,4),(27,531,0,1,2,4),(27,532,0,1,2,4),(27,533,0,1,2,4),(27,534,0,1,2,4),(27,535,0,1,2,4),(27,536,0,1,2,4),(27,537,0,1,2,4),(27,538,0,1,2,4),(27,539,0,1,2,4),(27,540,0,1,2,4),(27,541,0,1,2,4),(27,542,0,1,2,4),(27,543,0,1,2,4),(27,544,0,1,2,4),(27,545,0,1,2,4),(27,546,0,1,2,4),(27,547,0,1,2,4),(27,548,0,1,2,4),(27,549,0,1,2,4),(27,550,0,1,2,4),(27,551,0,1,2,4),(27,552,0,1,2,4),(27,553,0,1,2,4),(27,554,0,1,2,4),(27,555,0,1,2,4),(27,556,0,1,2,4),(27,557,0,1,2,4),(27,558,0,1,2,4),(27,559,0,1,2,4),(27,560,0,1,2,4),(27,561,0,1,2,4),(27,562,0,1,2,4),(27,563,0,1,2,4),(27,564,0,1,2,4),(27,565,0,1,2,4),(27,566,0,1,2,4),(27,567,0,1,2,4),(27,568,0,1,2,4),(27,569,0,1,2,4),(27,570,0,1,2,4),(27,571,0,1,2,4),(27,572,0,1,2,4),(27,573,0,1,2,4),(27,574,0,1,2,4),(27,575,0,1,2,4),(27,576,0,1,2,4),(27,577,0,1,2,4),(27,578,0,1,2,4),(27,579,0,1,2,4),(27,580,0,1,2,4),(27,581,0,1,2,4),(27,582,0,1,2,4),(27,583,0,1,2,4),(27,584,0,1,2,4),(27,585,0,1,2,4),(27,586,0,1,2,4),(27,587,0,1,2,4),(27,588,0,1,2,4),(27,589,0,1,2,4),(27,590,0,1,2,4),(27,591,0,1,2,4),(27,592,0,1,2,4),(27,593,0,1,2,4),(27,594,0,1,2,4),(27,595,0,1,2,4),(27,596,0,1,2,4),(27,597,0,1,2,4),(27,598,0,1,2,4),(27,599,0,1,2,4),(27,600,0,1,2,4),(27,601,0,1,2,4),(27,602,0,1,2,4),(27,603,0,1,2,4),(27,604,0,1,2,4),(27,605,0,1,2,4),(27,606,0,1,2,4),(27,607,0,1,2,4),(27,608,0,1,2,4),(27,609,0,1,2,4),(27,610,0,1,2,4),(27,611,0,1,2,4),(27,612,0,1,2,4),(27,613,0,1,2,4),(27,614,0,1,2,4),(27,615,0,1,2,4),(27,616,0,1,2,4),(27,617,0,1,2,4),(27,618,0,1,2,4),(27,619,0,1,2,4),(27,620,0,1,2,4),(27,621,0,1,2,4),(27,622,0,1,2,4),(27,623,0,1,2,4),(27,624,0,1,2,4),(27,625,0,1,2,4),(27,626,0,1,2,4),(27,627,0,1,2,4),(27,628,0,1,2,4),(27,629,0,1,2,4),(27,630,0,1,2,4),(27,631,0,1,2,4),(27,632,0,1,2,4),(27,633,0,1,2,4),(27,634,0,1,2,4),(27,635,0,1,2,4),(27,636,0,1,2,4),(27,637,0,1,2,4),(27,638,0,1,2,4),(27,639,0,1,2,4),(27,640,0,1,2,4),(27,641,0,1,2,4),(27,642,0,1,2,4),(27,643,0,1,2,4),(27,644,0,1,2,4),(27,645,0,1,2,4),(27,646,0,1,2,4),(27,647,0,1,2,4),(27,648,0,1,2,4),(27,649,0,1,2,4),(27,650,0,1,2,4),(27,651,0,1,2,4),(27,652,0,1,2,4),(27,653,0,1,2,4),(27,654,0,1,2,4),(27,655,0,1,2,4),(27,656,0,1,2,4),(27,657,0,1,2,4),(27,658,0,1,2,4),(27,659,0,1,2,4),(27,660,0,1,2,4),(27,661,0,1,2,4),(27,662,0,1,2,4),(27,663,0,1,2,4),(27,664,0,1,2,4),(27,665,0,1,2,4),(27,666,0,1,2,4),(27,667,0,1,2,4),(27,668,0,1,2,4),(27,669,0,1,2,4),(27,670,0,1,2,4),(27,671,0,1,2,4),(27,672,0,1,2,4),(27,673,0,1,2,4),(27,674,0,1,2,4),(27,675,0,1,2,4),(27,676,0,1,2,4),(27,677,0,1,2,4),(27,678,0,1,2,4),(27,679,0,1,2,4),(27,680,0,1,2,4),(27,681,0,1,2,4),(27,682,0,1,2,4),(27,683,0,1,2,4),(27,684,0,1,2,4),(27,685,0,1,2,4),(27,686,0,1,2,4),(27,687,0,1,2,4),(27,688,0,1,2,4),(27,689,0,1,2,4),(27,690,0,1,2,4),(27,691,0,1,2,4),(27,692,0,1,2,4),(27,693,0,1,2,4),(27,694,0,1,2,4),(27,695,0,1,2,4),(27,696,0,1,2,4),(27,697,0,1,2,4),(27,698,0,1,2,4),(27,699,0,1,2,4),(27,700,0,1,2,4),(27,701,0,1,2,4),(27,702,0,1,2,4),(27,703,0,1,2,4),(27,704,0,1,2,4),(27,705,0,1,2,4),(27,706,0,1,2,4),(27,707,0,1,2,4),(27,708,0,1,2,4),(27,709,0,1,2,4),(27,710,0,1,2,4),(27,711,0,1,2,4),(27,712,0,1,2,4),(27,713,0,1,2,4),(27,714,0,1,2,4),(27,715,0,1,2,4),(27,716,0,1,2,4),(27,717,0,1,2,4),(27,718,0,1,2,4),(27,719,0,1,2,4),(27,720,0,1,2,4),(27,721,0,1,2,4),(27,722,0,1,2,4),(27,723,0,1,2,4),(27,724,0,1,2,4),(27,725,0,1,2,4),(27,726,0,1,2,4),(27,727,0,1,2,4),(27,728,0,1,2,4),(27,729,0,1,2,4),(27,730,0,1,2,4),(27,731,0,1,2,4),(27,732,0,1,2,4),(27,733,0,1,2,4),(27,734,0,1,2,4),(27,735,0,1,2,4),(27,736,0,1,2,4),(27,737,0,1,2,4),(27,738,0,1,2,4),(27,739,0,1,2,4),(27,740,0,1,2,4),(27,741,0,1,2,4),(27,742,0,1,2,4),(27,743,0,1,2,4),(27,744,0,1,2,4),(27,745,0,1,2,4),(27,746,0,1,2,4),(27,747,0,1,2,4),(27,748,0,1,2,4),(27,749,0,1,2,4),(27,750,0,1,2,4),(27,751,0,1,2,4),(27,752,0,1,2,4),(27,753,0,1,2,4),(27,754,0,1,2,4),(27,755,0,1,2,4),(27,756,0,1,2,4),(27,757,0,1,2,4),(27,758,0,1,2,4),(27,759,0,1,2,4),(27,760,0,1,2,4),(27,761,0,1,2,4),(27,762,0,1,2,4),(27,763,0,1,2,4),(27,764,0,1,2,4),(27,765,0,1,2,4),(27,766,0,1,2,4),(27,767,0,1,2,4),(27,768,0,1,2,4),(27,769,0,1,2,4),(27,770,0,1,2,4),(27,771,0,1,2,4),(27,772,0,1,2,4),(27,773,0,1,2,4),(27,774,0,1,2,4),(27,775,0,1,2,4),(27,776,0,1,2,4),(27,777,0,1,2,4),(27,778,0,1,2,4),(27,779,0,1,2,4),(27,780,0,1,2,4),(27,781,0,1,2,4),(27,782,0,1,2,4),(27,783,0,1,2,4),(27,784,0,1,2,4),(27,785,0,1,2,4),(27,786,0,1,2,4),(27,787,0,1,2,4),(27,788,0,1,2,4),(27,789,0,1,2,4),(27,790,0,1,2,4),(27,791,0,1,2,4),(27,792,0,1,2,4),(27,793,0,1,2,4),(27,794,0,1,2,4),(27,795,0,1,2,4),(27,796,0,1,2,4),(27,797,0,1,2,4),(27,798,0,1,2,4),(27,799,0,1,2,4),(27,829,0,1,2,4),(27,923,0,1,2,4),(27,924,0,1,2,4),(27,925,0,1,2,4),(27,929,0,1,2,4),(27,930,0,1,2,4),(27,934,0,1,2,4),(27,935,0,1,2,4),(27,936,0,1,2,4),(27,942,0,1,2,4),(27,943,0,1,2,4),(27,947,0,1,2,4),(27,948,0,1,2,4),(27,949,0,1,2,4),(27,950,0,1,2,4),(27,951,0,1,2,4),(27,953,0,1,2,4),(42,294,0,1,2,4),(42,301,0,1,2,4),(42,302,0,1,2,4),(42,829,0,1,2,4),(42,923,0,1,2,4),(42,924,0,1,2,4),(42,925,0,1,2,4),(42,929,0,1,2,4),(42,930,0,1,2,4),(42,931,0,1,2,4),(42,932,0,1,2,4),(42,934,0,1,2,4),(42,935,0,1,2,4),(42,936,0,1,2,4),(46,507,0,1,2,4),(46,508,0,1,2,4),(46,509,0,1,2,4),(46,510,0,1,2,4),(46,511,0,1,2,4),(46,512,0,1,2,4),(46,513,0,1,2,4),(46,514,0,1,2,4),(46,515,0,1,2,4),(46,516,0,1,2,4),(46,517,0,1,2,4),(46,518,0,1,2,4),(46,519,0,1,2,4),(46,520,0,1,2,4),(46,521,0,1,2,4),(46,522,0,1,2,4),(46,523,0,1,2,4),(46,524,0,1,2,4),(46,525,0,1,2,4),(46,526,0,1,2,4),(46,527,0,1,2,4),(46,528,0,1,2,4),(46,529,0,1,2,4),(46,530,0,1,2,4),(46,531,0,1,2,4),(46,532,0,1,2,4),(46,533,0,1,2,4),(46,534,0,1,2,4),(46,535,0,1,2,4),(46,536,0,1,2,4),(46,537,0,1,2,4),(46,538,0,1,2,4),(46,539,0,1,2,4),(46,540,0,1,2,4),(46,541,0,1,2,4),(46,542,0,1,2,4),(46,543,0,1,2,4),(46,544,0,1,2,4),(46,545,0,1,2,4),(46,546,0,1,2,4),(46,547,0,1,2,4),(46,548,0,1,2,4),(46,549,0,1,2,4),(46,550,0,1,2,4),(46,551,0,1,2,4),(46,552,0,1,2,4),(46,553,0,1,2,4),(46,554,0,1,2,4),(46,555,0,1,2,4),(46,556,0,1,2,4),(46,557,0,1,2,4),(46,558,0,1,2,4),(46,559,0,1,2,4),(46,560,0,1,2,4),(46,561,0,1,2,4),(46,562,0,1,2,4),(46,563,0,1,2,4),(46,564,0,1,2,4),(46,565,0,1,2,4),(46,566,0,1,2,4),(46,567,0,1,2,4),(46,568,0,1,2,4),(46,569,0,1,2,4),(46,570,0,1,2,4),(46,571,0,1,2,4),(46,572,0,1,2,4),(46,573,0,1,2,4),(46,574,0,1,2,4),(46,575,0,1,2,4),(46,576,0,1,2,4),(46,577,0,1,2,4),(46,578,0,1,2,4),(46,579,0,1,2,4),(46,580,0,1,2,4),(46,581,0,1,2,4),(46,582,0,1,2,4),(46,583,0,1,2,4),(46,584,0,1,2,4),(46,585,0,1,2,4),(46,586,0,1,2,4),(46,587,0,1,2,4),(46,588,0,1,2,4),(46,589,0,1,2,4),(46,590,0,1,2,4),(46,591,0,1,2,4),(46,592,0,1,2,4),(46,593,0,1,2,4),(46,594,0,1,2,4),(46,595,0,1,2,4),(46,596,0,1,2,4),(46,597,0,1,2,4),(46,598,0,1,2,4),(46,599,0,1,2,4),(46,600,0,1,2,4),(46,601,0,1,2,4),(46,602,0,1,2,4),(46,603,0,1,2,4),(46,604,0,1,2,4),(46,605,0,1,2,4),(46,606,0,1,2,4),(46,607,0,1,2,4),(46,608,0,1,2,4),(46,609,0,1,2,4),(46,610,0,1,2,4),(46,611,0,1,2,4),(46,612,0,1,2,4),(46,613,0,1,2,4),(46,614,0,1,2,4),(46,615,0,1,2,4),(46,616,0,1,2,4),(46,617,0,1,2,4),(46,618,0,1,2,4),(46,619,0,1,2,4),(46,620,0,1,2,4),(46,621,0,1,2,4),(46,622,0,1,2,4),(46,623,0,1,2,4),(46,624,0,1,2,4),(46,625,0,1,2,4),(46,626,0,1,2,4),(46,627,0,1,2,4),(46,628,0,1,2,4),(46,629,0,1,2,4),(46,630,0,1,2,4),(46,631,0,1,2,4),(46,632,0,1,2,4),(46,633,0,1,2,4),(46,634,0,1,2,4),(46,635,0,1,2,4),(46,636,0,1,2,4),(46,637,0,1,2,4),(46,638,0,1,2,4),(46,639,0,1,2,4),(46,640,0,1,2,4),(46,641,0,1,2,4),(46,642,0,1,2,4),(46,643,0,1,2,4),(46,644,0,1,2,4),(46,645,0,1,2,4),(46,646,0,1,2,4),(46,647,0,1,2,4),(46,648,0,1,2,4),(46,649,0,1,2,4),(46,650,0,1,2,4),(46,651,0,1,2,4),(46,652,0,1,2,4),(46,653,0,1,2,4),(46,654,0,1,2,4),(46,655,0,1,2,4),(46,656,0,1,2,4),(46,657,0,1,2,4),(46,658,0,1,2,4),(46,659,0,1,2,4),(46,660,0,1,2,4),(46,661,0,1,2,4),(46,662,0,1,2,4),(46,663,0,1,2,4),(46,664,0,1,2,4),(46,665,0,1,2,4),(46,666,0,1,2,4),(46,667,0,1,2,4),(46,668,0,1,2,4),(46,669,0,1,2,4),(46,670,0,1,2,4),(46,671,0,1,2,4),(46,672,0,1,2,4),(46,673,0,1,2,4),(46,674,0,1,2,4),(46,675,0,1,2,4),(46,676,0,1,2,4),(46,677,0,1,2,4),(46,678,0,1,2,4),(46,679,0,1,2,4),(46,680,0,1,2,4),(46,681,0,1,2,4),(46,682,0,1,2,4),(46,683,0,1,2,4),(46,684,0,1,2,4),(46,685,0,1,2,4),(46,686,0,1,2,4),(46,687,0,1,2,4),(46,688,0,1,2,4),(46,689,0,1,2,4),(46,690,0,1,2,4),(46,691,0,1,2,4),(46,692,0,1,2,4),(46,693,0,1,2,4),(46,694,0,1,2,4),(46,695,0,1,2,4),(46,696,0,1,2,4),(46,697,0,1,2,4),(46,698,0,1,2,4),(46,699,0,1,2,4),(46,700,0,1,2,4),(46,701,0,1,2,4),(46,702,0,1,2,4),(46,703,0,1,2,4),(46,704,0,1,2,4),(46,705,0,1,2,4),(46,706,0,1,2,4),(46,707,0,1,2,4),(46,708,0,1,2,4),(46,709,0,1,2,4),(46,710,0,1,2,4),(46,711,0,1,2,4),(46,712,0,1,2,4),(46,713,0,1,2,4),(46,714,0,1,2,4),(46,715,0,1,2,4),(46,716,0,1,2,4),(46,717,0,1,2,4),(46,718,0,1,2,4),(46,719,0,1,2,4),(46,720,0,1,2,4),(46,721,0,1,2,4),(46,722,0,1,2,4),(46,723,0,1,2,4),(46,724,0,1,2,4),(46,725,0,1,2,4),(46,726,0,1,2,4),(46,727,0,1,2,4),(46,728,0,1,2,4),(46,729,0,1,2,4),(46,730,0,1,2,4),(46,731,0,1,2,4),(46,732,0,1,2,4),(46,733,0,1,2,4),(46,734,0,1,2,4),(46,735,0,1,2,4),(46,736,0,1,2,4),(46,737,0,1,2,4),(46,738,0,1,2,4),(46,739,0,1,2,4),(46,740,0,1,2,4),(46,741,0,1,2,4),(46,742,0,1,2,4),(46,743,0,1,2,4),(46,744,0,1,2,4),(46,745,0,1,2,4),(46,746,0,1,2,4),(46,747,0,1,2,4),(46,748,0,1,2,4),(46,749,0,1,2,4),(46,750,0,1,2,4),(46,751,0,1,2,4),(46,752,0,1,2,4),(46,753,0,1,2,4),(46,754,0,1,2,4),(46,755,0,1,2,4),(46,756,0,1,2,4),(46,757,0,1,2,4),(46,758,0,1,2,4),(46,759,0,1,2,4),(46,760,0,1,2,4),(46,761,0,1,2,4),(46,762,0,1,2,4),(46,763,0,1,2,4),(46,764,0,1,2,4),(46,765,0,1,2,4),(46,766,0,1,2,4),(46,767,0,1,2,4),(46,768,0,1,2,4),(46,769,0,1,2,4),(46,770,0,1,2,4),(46,771,0,1,2,4),(46,772,0,1,2,4),(46,773,0,1,2,4),(46,774,0,1,2,4),(46,775,0,1,2,4),(46,776,0,1,2,4),(46,777,0,1,2,4),(46,778,0,1,2,4),(46,779,0,1,2,4),(46,780,0,1,2,4),(46,781,0,1,2,4),(46,782,0,1,2,4),(46,783,0,1,2,4),(46,784,0,1,2,4),(46,785,0,1,2,4),(46,786,0,1,2,4),(46,787,0,1,2,4),(46,788,0,1,2,4),(46,789,0,1,2,4),(46,790,0,1,2,4),(46,791,0,1,2,4),(46,792,0,1,2,4),(46,793,0,1,2,4),(46,794,0,1,2,4),(46,795,0,1,2,4),(46,796,0,1,2,4),(46,797,0,1,2,4),(46,798,0,1,2,4),(46,799,0,1,2,4),(46,941,0,1,2,4),(47,942,0,1,2,4),(47,943,0,1,2,4),(47,947,0,1,2,4),(47,948,0,1,2,4),(47,949,0,1,2,4),(47,950,0,1,2,4),(47,951,0,1,2,4),(47,953,0,1,2,4);

--
-- Table structure for table `catalog_category_product_index_tmp`
--

CREATE TABLE `catalog_category_product_index_tmp` (
  `category_id` int(10) unsigned NOT NULL DEFAULT '0' COMMENT 'Category ID',
  `product_id` int(10) unsigned NOT NULL DEFAULT '0' COMMENT 'Product ID',
  `position` int(11) NOT NULL DEFAULT '0' COMMENT 'Position',
  `is_parent` smallint(5) unsigned NOT NULL DEFAULT '0' COMMENT 'Is Parent',
  `store_id` smallint(5) unsigned NOT NULL DEFAULT '0' COMMENT 'Store ID',
  `visibility` smallint(5) unsigned NOT NULL COMMENT 'Visibility',
  PRIMARY KEY (`category_id`,`product_id`,`store_id`),
  KEY `CAT_CTGR_PRD_IDX_TMP_PRD_ID_CTGR_ID_STORE_ID` (`product_id`,`category_id`,`store_id`)
) ENGINE=InnoDB DEFAULT CHARSET=utf8 COMMENT='Catalog Category Product Indexer temporary table';

--
-- Dumping data for table `catalog_category_product_index_tmp`
--


--
-- Table structure for table `catalog_compare_item`
--

CREATE TABLE `catalog_compare_item` (
  `catalog_compare_item_id` int(10) unsigned NOT NULL AUTO_INCREMENT COMMENT 'Compare Item ID',
  `visitor_id` int(10) unsigned NOT NULL DEFAULT '0' COMMENT 'Visitor ID',
  `customer_id` int(10) unsigned DEFAULT NULL COMMENT 'Customer ID',
  `product_id` int(10) unsigned NOT NULL DEFAULT '0' COMMENT 'Product ID',
  `store_id` smallint(5) unsigned DEFAULT NULL COMMENT 'Store ID',
  PRIMARY KEY (`catalog_compare_item_id`),
  KEY `CATALOG_COMPARE_ITEM_PRODUCT_ID` (`product_id`),
  KEY `CATALOG_COMPARE_ITEM_VISITOR_ID_PRODUCT_ID` (`visitor_id`,`product_id`),
  KEY `CATALOG_COMPARE_ITEM_CUSTOMER_ID_PRODUCT_ID` (`customer_id`,`product_id`),
  KEY `CATALOG_COMPARE_ITEM_STORE_ID` (`store_id`),
  CONSTRAINT `CATALOG_COMPARE_ITEM_CUSTOMER_ID_CUSTOMER_ENTITY_ENTITY_ID` FOREIGN KEY (`customer_id`) REFERENCES `customer_entity` (`entity_id`) ON DELETE CASCADE,
  CONSTRAINT `CATALOG_COMPARE_ITEM_PRODUCT_ID_CATALOG_PRODUCT_ENTITY_ENTITY_ID` FOREIGN KEY (`product_id`) REFERENCES `catalog_product_entity` (`entity_id`) ON DELETE CASCADE,
  CONSTRAINT `CATALOG_COMPARE_ITEM_STORE_ID_STORE_STORE_ID` FOREIGN KEY (`store_id`) REFERENCES `store` (`store_id`) ON DELETE SET NULL
) ENGINE=InnoDB AUTO_INCREMENT=136 DEFAULT CHARSET=utf8 COMMENT='Catalog Compare Table';

--
-- Dumping data for table `catalog_compare_item`
--


--
-- Table structure for table `catalog_eav_attribute`
--

CREATE TABLE `catalog_eav_attribute` (
  `attribute_id` smallint(5) unsigned NOT NULL COMMENT 'Attribute ID',
  `frontend_input_renderer` varchar(255) DEFAULT NULL COMMENT 'Frontend Input Renderer',
  `is_global` smallint(5) unsigned NOT NULL DEFAULT '1' COMMENT 'Is Global',
  `is_visible` smallint(5) unsigned NOT NULL DEFAULT '1' COMMENT 'Is Visible',
  `is_searchable` smallint(5) unsigned NOT NULL DEFAULT '0' COMMENT 'Is Searchable',
  `is_filterable` smallint(5) unsigned NOT NULL DEFAULT '0' COMMENT 'Is Filterable',
  `is_comparable` smallint(5) unsigned NOT NULL DEFAULT '0' COMMENT 'Is Comparable',
  `is_visible_on_front` smallint(5) unsigned NOT NULL DEFAULT '0' COMMENT 'Is Visible On Front',
  `is_html_allowed_on_front` smallint(5) unsigned NOT NULL DEFAULT '0' COMMENT 'Is HTML Allowed On Front',
  `is_used_for_price_rules` smallint(5) unsigned NOT NULL DEFAULT '0' COMMENT 'Is Used For Price Rules',
  `is_filterable_in_search` smallint(5) unsigned NOT NULL DEFAULT '0' COMMENT 'Is Filterable In Search',
  `used_in_product_listing` smallint(5) unsigned NOT NULL DEFAULT '0' COMMENT 'Is Used In Product Listing',
  `used_for_sort_by` smallint(5) unsigned NOT NULL DEFAULT '0' COMMENT 'Is Used For Sorting',
  `apply_to` varchar(255) DEFAULT NULL COMMENT 'Apply To',
  `is_visible_in_advanced_search` smallint(5) unsigned NOT NULL DEFAULT '0' COMMENT 'Is Visible In Advanced Search',
  `position` int(11) NOT NULL DEFAULT '0' COMMENT 'Position',
  `is_wysiwyg_enabled` smallint(5) unsigned NOT NULL DEFAULT '0' COMMENT 'Is WYSIWYG Enabled',
  `is_used_for_promo_rules` smallint(5) unsigned NOT NULL DEFAULT '0' COMMENT 'Is Used For Promo Rules',
  `is_required_in_admin_store` smallint(5) unsigned NOT NULL DEFAULT '0' COMMENT 'Is Required In Admin Store',
  `is_used_in_grid` smallint(5) unsigned NOT NULL DEFAULT '0' COMMENT 'Is Used in Grid',
  `is_visible_in_grid` smallint(5) unsigned NOT NULL DEFAULT '0' COMMENT 'Is Visible in Grid',
  `is_filterable_in_grid` smallint(5) unsigned NOT NULL DEFAULT '0' COMMENT 'Is Filterable in Grid',
  `search_weight` float NOT NULL DEFAULT '1' COMMENT 'Search Weight',
  `additional_data` text COMMENT 'Additional swatch attributes data',
  PRIMARY KEY (`attribute_id`),
  KEY `CATALOG_EAV_ATTRIBUTE_USED_FOR_SORT_BY` (`used_for_sort_by`),
  KEY `CATALOG_EAV_ATTRIBUTE_USED_IN_PRODUCT_LISTING` (`used_in_product_listing`),
  CONSTRAINT `CATALOG_EAV_ATTRIBUTE_ATTRIBUTE_ID_EAV_ATTRIBUTE_ATTRIBUTE_ID` FOREIGN KEY (`attribute_id`) REFERENCES `eav_attribute` (`attribute_id`) ON DELETE CASCADE
) ENGINE=InnoDB DEFAULT CHARSET=utf8 COMMENT='Catalog EAV Attribute Table';

--
-- Dumping data for table `catalog_eav_attribute`
--

INSERT INTO `catalog_eav_attribute` VALUES (45,NULL,0,1,0,0,0,0,0,0,0,0,0,NULL,0,0,0,0,0,0,0,0,1,NULL),(46,NULL,0,1,0,0,0,0,0,0,0,0,0,NULL,0,0,0,0,0,0,0,0,1,NULL),(47,NULL,0,1,0,0,0,0,1,0,0,0,0,NULL,0,0,1,0,0,0,0,0,1,NULL),(48,NULL,0,1,0,0,0,0,0,0,0,0,0,NULL,0,0,0,0,0,0,0,0,1,NULL),(49,NULL,0,1,0,0,0,0,0,0,0,0,0,NULL,0,0,0,0,0,0,0,0,1,NULL),(50,NULL,0,1,0,0,0,0,0,0,0,0,0,NULL,0,0,0,0,0,0,0,0,1,NULL),(51,NULL,0,1,0,0,0,0,0,0,0,0,0,NULL,0,0,0,0,0,0,0,0,1,NULL),(52,NULL,0,1,0,0,0,0,0,0,0,0,0,NULL,0,0,0,0,0,0,0,0,1,NULL),(53,NULL,0,1,0,0,0,0,0,0,0,0,0,NULL,0,0,0,0,0,0,0,0,1,NULL),(54,NULL,1,1,0,0,0,0,0,0,0,0,0,NULL,0,0,0,0,0,0,0,0,1,NULL),(55,NULL,1,0,0,0,0,0,0,0,0,0,0,NULL,0,0,0,0,0,0,0,0,1,NULL),(57,NULL,1,0,0,0,0,0,0,0,0,0,0,NULL,0,0,0,0,0,0,0,0,1,NULL),(58,NULL,1,0,0,0,0,0,0,0,0,0,0,NULL,0,0,0,0,0,0,0,0,1,NULL),(59,NULL,1,0,0,0,0,0,0,0,0,0,0,NULL,0,0,0,0,0,0,0,0,1,NULL),(60,NULL,0,1,0,0,0,0,0,0,0,0,0,NULL,0,0,0,0,0,0,0,0,1,NULL),(61,NULL,0,1,0,0,0,0,0,0,0,0,0,NULL,0,0,0,0,0,0,0,0,1,NULL),(62,NULL,0,1,0,0,0,0,0,0,0,0,0,NULL,0,0,0,0,0,0,0,0,1,NULL),(63,NULL,0,1,0,0,0,0,0,0,0,0,0,NULL,0,0,0,0,0,0,0,0,1,NULL),(64,NULL,0,0,0,0,0,0,0,0,0,0,0,NULL,0,0,0,0,0,0,0,0,1,NULL),(65,NULL,1,0,0,0,0,0,0,0,0,0,0,NULL,0,0,0,0,0,0,0,0,1,NULL),(66,NULL,1,0,0,0,0,0,0,0,0,0,0,NULL,0,0,0,0,0,0,0,0,1,NULL),(67,'Magento\\Catalog\\Block\\Adminhtml\\Category\\Helper\\Sortby\\Available',0,1,0,0,0,0,0,0,0,0,0,NULL,0,0,0,0,0,0,0,0,1,NULL),(68,'Magento\\Catalog\\Block\\Adminhtml\\Category\\Helper\\Sortby\\DefaultSortby',0,1,0,0,0,0,0,0,0,0,0,NULL,0,0,0,0,0,0,0,0,1,NULL),(69,NULL,0,1,0,0,0,0,0,0,0,0,0,NULL,0,0,0,0,0,0,0,0,1,NULL),(70,NULL,0,1,0,0,0,0,0,0,0,0,0,NULL,0,0,0,0,0,0,0,0,1,NULL),(71,NULL,0,1,0,0,0,0,0,0,0,0,0,NULL,0,0,0,0,0,0,0,0,1,NULL),(72,'Magento\\Catalog\\Block\\Adminhtml\\Category\\Helper\\Pricestep',0,1,0,0,0,0,0,0,0,0,0,NULL,0,0,0,0,0,0,0,0,1,NULL),(73,NULL,0,1,1,0,0,0,0,0,0,1,0,NULL,0,0,0,0,0,0,0,0,10,NULL),(74,NULL,1,1,1,0,1,1,0,0,0,1,0,NULL,1,0,0,0,0,0,0,0,6,NULL),(75,NULL,0,1,0,0,1,0,1,0,0,0,0,NULL,0,0,1,0,0,0,0,0,1,NULL),(76,NULL,0,1,0,0,1,0,1,0,0,1,0,NULL,0,0,1,0,0,1,0,0,1,NULL),(77,NULL,1,1,0,1,0,0,0,0,0,1,1,'simple,virtual,downloadable,configurable,bundle',0,0,0,0,0,0,0,0,1,NULL),(78,NULL,1,1,0,0,0,0,0,0,0,1,0,'simple,virtual,downloadable,configurable,bundle',0,0,0,0,0,1,0,1,1,NULL),(79,NULL,2,1,0,0,0,0,0,0,0,1,0,'simple,virtual,downloadable,configurable,bundle',0,0,0,0,0,1,0,0,1,NULL),(80,NULL,2,1,0,0,0,0,0,0,0,1,0,'simple,virtual,downloadable,configurable,bundle',0,0,0,0,0,1,0,0,1,NULL),(81,NULL,1,1,0,0,0,0,0,0,0,0,0,'simple,virtual,downloadable',0,0,0,0,0,1,0,1,1,NULL),(82,'Magento\\Catalog\\Block\\Adminhtml\\Product\\Helper\\Form\\Weight',1,1,0,0,0,0,0,0,0,0,0,'simple,virtual,downloadable,configurable,bundle',0,0,0,0,0,1,0,1,1,NULL),(83,NULL,1,1,0,1,1,0,0,0,0,0,0,'simple,configurable',0,0,0,0,0,1,0,1,1,NULL),(84,NULL,0,1,0,0,0,0,0,0,0,0,0,NULL,0,0,0,0,0,1,0,1,1,NULL),(85,NULL,0,1,0,0,0,0,0,0,0,0,0,NULL,0,0,0,0,0,1,0,1,1,NULL),(86,NULL,0,1,0,0,0,0,0,0,0,0,0,NULL,0,0,0,0,0,1,0,1,1,NULL),(87,NULL,0,1,0,0,0,0,0,0,0,1,0,NULL,0,0,0,0,0,0,0,0,1,NULL),(88,NULL,0,1,0,0,0,0,0,0,0,1,0,NULL,0,0,0,0,0,0,0,0,1,NULL),(89,NULL,0,1,0,0,0,0,0,0,0,1,0,NULL,0,0,0,0,0,0,0,0,1,NULL),(90,NULL,1,1,0,0,0,0,0,0,0,0,0,NULL,0,0,0,0,0,0,0,0,1,NULL),(91,NULL,1,0,0,0,0,0,0,0,0,0,0,NULL,0,0,0,0,0,0,0,0,1,NULL),(92,NULL,2,1,0,0,0,0,0,0,0,0,0,'simple,virtual,downloadable,bundle',0,0,0,0,0,0,0,0,1,NULL),(93,NULL,1,1,0,1,1,0,0,0,0,0,0,'simple,virtual,configurable',0,1,0,0,0,1,0,1,1,NULL),(94,NULL,2,1,0,0,0,0,0,0,0,1,0,NULL,0,0,0,0,0,1,0,0,1,NULL),(95,NULL,2,1,0,0,0,0,0,0,0,1,0,NULL,0,0,0,0,0,1,0,0,1,NULL),(96,NULL,1,1,0,0,0,0,0,0,0,0,0,NULL,0,0,0,0,0,0,0,0,1,NULL),(97,'Magento\\Framework\\Data\\Form\\Element\\Hidden',2,1,1,0,0,0,0,0,0,1,0,NULL,0,0,0,0,1,0,0,0,1,NULL),(98,NULL,1,0,0,0,0,0,0,0,0,0,0,'simple,virtual,downloadable,configurable,bundle',0,0,0,0,0,0,0,0,1,NULL),(99,NULL,0,1,0,0,0,0,0,0,0,0,0,NULL,0,0,0,0,1,0,0,0,1,NULL),(100,NULL,0,1,0,0,0,0,0,0,0,0,0,NULL,0,0,0,0,0,1,0,1,1,NULL),(101,NULL,0,1,0,0,0,0,0,0,0,0,0,NULL,0,0,0,0,0,1,0,0,1,NULL),(102,NULL,0,1,0,0,0,0,0,0,0,0,0,NULL,0,0,0,0,0,1,0,0,1,NULL),(103,NULL,0,0,0,0,0,0,0,0,0,0,0,NULL,0,0,0,0,0,0,0,0,1,NULL),(104,NULL,0,1,0,0,0,0,0,0,0,0,0,NULL,0,0,0,0,0,1,0,0,1,NULL),(105,'Magento\\Catalog\\Block\\Adminhtml\\Product\\Helper\\Form\\Category',1,1,0,0,0,0,0,0,0,0,0,NULL,0,0,0,0,0,0,0,0,1,NULL),(106,NULL,0,1,0,0,0,0,0,0,0,0,0,NULL,0,0,0,0,0,0,0,0,1,NULL),(107,NULL,1,0,0,0,0,0,0,0,0,1,0,NULL,0,0,0,0,0,0,0,0,1,NULL),(108,NULL,1,0,0,0,0,0,0,0,0,0,0,NULL,0,0,0,0,0,0,0,0,1,NULL),(109,NULL,0,0,0,0,0,0,0,0,0,1,0,NULL,0,0,0,0,0,0,0,0,1,NULL),(110,NULL,0,0,0,0,0,0,0,0,0,1,0,NULL,0,0,0,0,0,0,0,0,1,NULL),(111,NULL,0,0,0,0,0,0,0,0,0,1,0,NULL,0,0,0,0,0,0,0,0,1,NULL),(112,NULL,1,0,0,0,0,0,0,0,0,0,0,NULL,0,0,0,0,0,0,0,0,1,NULL),(113,NULL,1,0,0,0,0,0,0,0,0,0,0,NULL,0,0,0,0,0,0,0,0,1,NULL),(114,NULL,2,1,0,0,0,0,0,0,0,0,0,'simple,bundle,configurable,grouped',0,0,0,0,0,1,0,1,1,NULL),(115,'Magento\\CatalogInventory\\Block\\Adminhtml\\Form\\Field\\Stock',1,1,0,0,0,0,0,0,0,0,0,NULL,0,0,0,0,0,0,0,0,1,NULL),(116,NULL,0,1,0,0,0,0,0,0,0,0,0,NULL,0,0,0,0,0,1,0,0,1,NULL),(117,NULL,0,1,0,0,0,0,0,0,0,0,0,NULL,0,0,0,0,0,0,0,0,1,NULL),(118,NULL,0,1,0,0,0,0,0,0,0,0,0,NULL,0,0,0,0,0,0,0,0,1,NULL),(119,NULL,0,1,1,0,0,0,0,0,0,0,0,NULL,0,0,0,0,0,0,0,0,1,NULL),(120,NULL,0,0,0,0,0,0,0,0,0,0,0,NULL,0,0,0,0,0,0,0,0,1,NULL),(121,NULL,0,1,1,0,0,0,0,0,0,1,0,NULL,0,0,0,0,0,1,0,1,1,NULL),(122,NULL,0,0,0,0,0,0,0,0,0,0,0,NULL,0,0,0,0,0,0,0,0,1,NULL),(123,'Magento\\Msrp\\Block\\Adminhtml\\Product\\Helper\\Form\\Type',1,1,0,0,0,0,0,0,0,1,0,'simple,virtual,downloadable,bundle,configurable',0,0,0,0,0,1,0,1,1,NULL),(124,'Magento\\Msrp\\Block\\Adminhtml\\Product\\Helper\\Form\\Type\\Price',2,1,0,0,0,0,0,0,0,1,0,'simple,virtual,downloadable,bundle,configurable',0,0,0,0,0,0,0,0,1,NULL),(125,NULL,1,0,0,0,0,0,0,0,0,1,0,'downloadable',0,0,0,0,0,0,0,0,1,NULL),(126,NULL,0,0,0,0,0,0,0,0,0,0,0,'downloadable',0,0,0,0,0,0,0,0,1,NULL),(127,NULL,0,0,0,0,0,0,0,0,0,0,0,'downloadable',0,0,0,0,0,0,0,0,1,NULL),(128,NULL,1,0,0,0,0,0,0,0,0,1,0,'downloadable',0,0,0,0,0,0,0,0,1,NULL),(129,'Magento\\GiftMessage\\Block\\Adminhtml\\Product\\Helper\\Form\\Config',1,1,0,0,0,0,0,0,0,0,0,NULL,0,0,0,0,0,1,0,0,1,NULL),(130,NULL,1,1,0,0,0,0,0,0,0,1,0,'bundle',0,0,0,0,0,0,0,0,1,NULL),(131,NULL,1,1,0,0,0,0,0,0,0,0,0,'bundle',0,0,0,0,0,0,0,0,1,NULL),(132,NULL,1,1,0,0,0,0,0,0,0,1,0,'bundle',0,0,0,0,0,0,0,0,1,NULL),(133,NULL,1,1,0,0,0,0,0,0,0,1,0,'bundle',0,0,0,0,0,0,0,0,1,NULL),(134,NULL,1,1,0,0,0,0,0,0,0,1,0,'bundle',0,0,0,0,0,0,0,0,1,NULL),(135,NULL,0,1,0,0,0,0,0,0,0,1,0,NULL,0,0,0,0,0,0,0,0,1,NULL),(136,NULL,2,1,0,0,0,0,0,0,0,1,0,'simple,virtual,downloadable,configurable,bundle',0,0,0,0,0,1,0,1,1,NULL),(154,NULL,0,1,0,0,0,0,0,0,0,0,0,NULL,0,0,0,0,0,0,0,0,1,NULL),(155,NULL,0,1,0,0,0,0,0,0,0,0,0,NULL,0,0,0,0,0,0,0,0,1,NULL),(156,NULL,0,1,0,0,0,0,0,0,0,0,0,NULL,0,0,0,0,0,0,0,0,1,NULL),(157,NULL,0,1,0,0,0,0,0,0,0,0,0,NULL,0,0,0,0,0,0,0,0,1,NULL),(158,NULL,0,1,0,0,0,0,0,0,0,0,0,NULL,0,0,0,0,0,0,0,0,1,NULL),(159,NULL,0,1,0,0,0,0,0,0,0,0,0,NULL,0,0,0,0,0,0,0,0,1,NULL),(160,NULL,0,1,0,0,0,0,0,0,0,0,0,NULL,0,0,0,0,0,0,0,0,1,NULL),(161,NULL,0,1,0,0,0,0,0,0,0,0,0,NULL,0,0,0,0,0,0,0,0,1,NULL),(162,NULL,0,1,0,0,0,0,0,0,0,0,0,NULL,0,0,0,0,0,0,0,0,1,NULL),(163,NULL,0,1,0,0,0,0,0,0,0,0,0,NULL,0,0,0,0,0,0,0,0,1,NULL),(164,NULL,0,1,0,0,0,0,0,0,0,0,0,NULL,0,0,0,0,0,0,0,0,1,NULL),(165,NULL,0,1,0,0,0,0,0,0,0,0,0,NULL,0,0,0,0,0,0,0,0,1,NULL),(166,NULL,0,1,0,0,0,0,0,0,0,0,0,NULL,0,0,0,0,0,0,0,0,1,NULL),(167,NULL,0,1,0,0,0,0,0,0,0,0,0,NULL,0,0,0,0,0,0,0,0,1,NULL),(168,NULL,0,1,0,0,0,0,0,0,0,0,0,NULL,0,0,0,0,0,0,0,0,1,NULL),(169,NULL,0,1,0,0,0,0,0,0,0,0,0,NULL,0,0,0,0,0,0,0,0,1,NULL),(170,NULL,0,1,0,0,0,0,0,0,0,0,0,NULL,0,0,0,0,0,0,0,0,1,NULL),(174,NULL,1,1,0,0,0,0,0,0,0,1,0,NULL,0,0,0,0,0,0,0,0,1,NULL),(211,NULL,1,1,1,0,0,1,0,0,1,1,0,'simple,configurable,virtual,downloadable,bundle',1,0,0,0,0,1,0,1,1,NULL),(212,NULL,0,1,1,0,1,0,0,0,0,0,0,NULL,0,0,0,0,0,0,0,0,7,NULL),(213,NULL,1,1,0,0,0,1,1,0,0,1,0,NULL,0,0,1,0,0,0,0,0,1,NULL),(214,NULL,1,1,1,0,0,1,0,0,0,1,0,NULL,0,0,0,0,0,0,0,1,1,NULL),(215,NULL,1,1,0,0,0,1,0,0,1,1,0,NULL,0,0,0,0,0,0,0,1,1,NULL),(216,NULL,0,1,0,0,0,1,0,0,0,0,0,NULL,0,0,0,0,0,0,0,0,1,NULL),(217,NULL,0,1,0,1,0,0,0,0,1,0,0,NULL,0,0,0,0,0,0,0,1,1,NULL),(218,NULL,0,1,0,1,0,1,0,0,1,0,0,NULL,0,0,0,0,0,0,0,1,1,NULL),(219,NULL,1,1,0,1,0,1,0,0,0,0,0,NULL,0,0,0,0,0,0,0,0,1,NULL),(220,NULL,0,1,0,1,0,1,0,0,1,0,0,NULL,0,3,0,0,0,0,0,1,1,NULL),(222,NULL,0,1,0,0,1,1,0,0,0,0,0,NULL,0,0,0,0,0,0,0,0,1,NULL),(223,NULL,0,1,0,0,1,1,0,0,0,0,0,NULL,0,0,0,0,0,0,0,0,1,NULL),(224,NULL,0,1,0,0,1,1,0,0,0,0,0,NULL,0,0,0,0,0,0,0,0,1,NULL),(225,NULL,1,1,0,0,1,1,0,0,0,0,0,NULL,0,0,0,0,0,0,0,0,1,NULL),(226,NULL,1,1,0,0,1,1,0,0,0,0,0,NULL,0,0,0,0,0,0,0,0,1,NULL),(227,NULL,0,1,0,0,1,1,0,0,0,0,0,NULL,0,0,0,0,0,0,0,0,1,NULL),(228,NULL,0,1,0,0,1,1,0,0,0,0,0,NULL,0,0,0,0,0,0,0,0,1,NULL),(229,NULL,0,1,0,0,1,1,0,0,0,0,0,NULL,0,0,0,0,0,0,0,0,1,NULL),(230,NULL,0,1,0,0,1,1,0,0,0,0,0,NULL,0,0,0,0,0,0,0,0,1,NULL),(231,NULL,0,1,0,0,1,1,0,0,0,0,0,NULL,0,0,0,0,0,0,0,0,1,NULL),(232,NULL,0,1,0,0,1,1,0,0,0,0,0,NULL,0,0,0,0,0,0,0,0,1,NULL),(233,NULL,0,1,0,0,1,1,0,0,0,0,0,NULL,0,0,0,0,0,0,0,0,1,NULL),(234,NULL,0,1,0,0,1,1,0,0,0,0,0,NULL,0,0,0,0,0,0,0,0,1,NULL),(235,NULL,0,1,0,0,1,1,0,0,0,0,0,NULL,0,0,0,0,0,0,0,0,1,NULL),(236,NULL,0,1,0,0,1,1,0,0,0,0,0,NULL,0,0,0,0,0,0,0,0,1,NULL),(237,NULL,0,1,0,0,1,1,0,0,0,0,0,NULL,0,0,0,0,0,0,0,0,1,NULL),(238,NULL,0,1,0,0,1,1,0,0,0,0,0,NULL,0,0,0,0,0,0,0,0,1,NULL),(239,NULL,1,1,0,0,1,1,0,0,1,0,0,NULL,0,0,0,0,0,0,0,0,1,NULL),(240,NULL,1,1,0,0,1,1,0,0,0,0,0,NULL,0,0,0,0,0,0,0,0,1,NULL),(241,NULL,1,1,0,0,1,1,0,0,0,0,0,NULL,0,0,0,0,0,0,0,0,1,NULL),(242,NULL,1,1,0,0,0,1,0,0,0,0,0,NULL,0,0,0,0,0,0,0,0,1,NULL),(243,NULL,1,1,0,0,0,1,1,0,0,0,0,NULL,0,0,0,0,0,0,0,0,1,NULL),(244,NULL,1,1,0,0,0,1,1,0,0,0,0,NULL,0,0,0,0,0,0,0,0,1,NULL),(245,NULL,1,1,0,0,0,1,1,0,0,0,0,NULL,0,0,0,0,0,0,0,0,1,NULL),(246,NULL,0,1,0,0,0,1,1,0,0,0,0,NULL,0,0,0,0,0,0,0,0,1,NULL),(247,NULL,1,1,0,0,0,1,1,0,0,0,0,NULL,0,0,0,0,0,0,0,0,1,NULL),(248,NULL,1,1,0,0,0,1,0,0,0,0,0,NULL,0,0,0,0,0,0,0,0,1,NULL),(249,NULL,0,1,0,0,0,1,1,0,0,0,0,NULL,0,0,1,0,0,0,0,0,1,NULL),(250,NULL,0,1,0,0,0,1,1,0,0,0,0,NULL,0,0,1,0,0,0,0,0,1,NULL),(252,NULL,0,1,0,0,0,1,1,0,0,0,0,NULL,0,0,0,0,0,0,0,0,1,NULL),(253,NULL,1,1,0,0,0,1,1,0,0,0,0,NULL,0,0,0,0,0,0,0,0,1,NULL),(254,NULL,0,1,0,0,0,1,1,0,0,0,0,NULL,0,0,0,0,0,0,0,0,1,NULL),(255,NULL,0,1,0,0,0,1,1,0,0,0,0,NULL,0,0,0,0,0,0,0,0,1,NULL),(256,NULL,0,1,0,0,0,1,1,0,0,0,0,NULL,0,0,0,0,0,0,0,0,1,NULL),(257,NULL,0,1,0,0,0,1,1,0,0,0,0,NULL,0,0,0,0,0,0,0,0,1,NULL),(258,NULL,1,1,0,0,0,1,1,0,0,0,0,NULL,0,0,0,0,0,0,0,0,1,NULL),(259,NULL,1,1,0,0,0,1,1,0,0,0,0,NULL,0,0,0,0,0,0,0,0,1,NULL),(260,NULL,1,1,0,0,0,1,1,0,0,0,0,NULL,0,0,0,0,0,0,0,0,1,NULL),(261,NULL,1,1,0,0,0,1,1,0,0,0,0,NULL,0,0,0,0,0,0,0,0,1,NULL),(262,NULL,0,1,0,0,0,1,1,0,0,0,0,NULL,0,0,0,0,0,0,0,0,1,NULL),(263,NULL,0,1,0,0,0,1,1,0,0,0,0,NULL,0,0,0,0,0,0,0,0,1,NULL),(264,NULL,1,1,0,0,0,1,1,0,0,0,0,NULL,0,0,0,0,0,0,0,0,1,NULL),(265,NULL,1,1,0,0,0,1,1,0,0,0,0,NULL,0,0,0,0,0,0,0,0,1,NULL),(266,NULL,1,1,0,0,0,1,1,0,0,0,0,NULL,0,0,0,0,0,0,0,0,1,NULL),(267,NULL,1,1,0,0,0,1,1,0,0,0,0,NULL,0,0,0,0,0,0,0,0,1,NULL),(268,NULL,1,1,0,0,0,1,1,0,0,0,0,NULL,0,0,0,0,0,0,0,0,1,NULL),(269,NULL,1,1,0,0,0,1,1,0,0,0,0,NULL,0,0,0,0,0,0,0,0,1,NULL),(270,NULL,1,1,0,0,0,1,1,0,0,0,0,NULL,0,0,0,0,0,0,0,0,1,NULL),(271,NULL,1,1,0,0,0,1,1,0,0,0,0,NULL,0,0,0,0,0,0,0,0,1,NULL),(272,NULL,1,1,0,0,0,1,1,0,0,0,0,NULL,0,0,0,0,0,0,0,0,1,NULL),(273,NULL,1,1,0,0,0,1,1,0,0,0,0,NULL,0,0,0,0,0,0,0,0,1,NULL),(274,NULL,1,1,0,0,0,1,1,0,0,0,0,NULL,0,0,0,0,0,0,0,0,1,NULL),(276,NULL,1,1,0,0,0,1,1,0,0,0,0,NULL,0,0,0,0,0,0,0,0,1,NULL),(277,NULL,0,1,0,0,0,1,1,0,0,0,0,NULL,0,0,0,0,0,0,0,0,1,NULL),(278,NULL,1,1,0,0,0,1,1,0,0,0,0,NULL,0,0,0,0,0,0,0,0,1,NULL),(279,NULL,0,1,0,0,0,1,1,0,0,0,0,NULL,0,0,0,0,0,0,0,0,1,NULL),(280,NULL,1,1,0,0,0,1,1,0,0,0,0,NULL,0,0,0,0,0,0,0,0,1,NULL),(281,NULL,1,1,0,0,0,1,1,0,0,0,0,NULL,0,0,0,0,0,0,0,0,1,NULL),(282,NULL,1,1,0,0,0,1,1,0,0,0,0,NULL,0,0,0,0,0,0,0,0,1,NULL),(283,NULL,1,1,0,0,0,1,1,0,0,0,0,NULL,0,0,0,0,0,0,0,0,1,NULL),(284,NULL,0,1,0,0,0,1,1,0,0,0,0,NULL,0,0,0,0,0,0,0,0,1,NULL),(285,NULL,1,1,0,0,0,1,1,0,0,0,0,NULL,0,0,0,0,0,0,0,0,1,NULL),(286,NULL,1,1,0,0,0,1,1,0,0,0,0,NULL,0,0,0,0,0,0,0,0,1,NULL),(287,NULL,1,1,0,0,0,1,1,0,0,0,0,NULL,0,0,0,0,0,0,0,0,1,NULL),(288,NULL,1,1,0,0,0,1,0,0,0,0,0,NULL,0,0,0,0,0,0,0,0,1,NULL),(289,NULL,0,1,0,0,0,1,1,0,0,0,0,NULL,0,0,0,0,0,0,0,0,1,NULL),(290,NULL,1,1,0,0,0,1,1,0,0,0,0,NULL,0,0,0,0,0,0,0,0,1,NULL),(291,NULL,1,1,0,0,0,1,1,0,0,0,0,NULL,0,0,0,0,0,0,0,0,1,NULL),(292,NULL,1,1,0,0,0,1,1,0,0,0,0,NULL,0,0,0,0,0,0,0,0,1,NULL),(293,NULL,1,1,0,0,0,1,1,0,0,0,0,NULL,0,0,0,0,0,0,0,0,1,NULL),(294,NULL,1,1,0,0,0,1,1,0,0,0,0,NULL,0,0,0,0,0,0,0,0,1,NULL),(295,NULL,0,1,0,0,0,1,1,0,0,0,0,NULL,0,0,0,0,0,0,0,0,1,NULL),(299,NULL,0,1,0,0,0,0,1,0,0,0,0,NULL,0,0,0,0,0,1,1,1,1,NULL),(300,NULL,0,1,0,0,0,0,1,0,0,0,0,NULL,0,0,0,0,0,1,1,1,1,NULL),(301,NULL,1,1,1,0,0,1,0,0,0,0,0,NULL,0,0,0,0,0,0,0,0,1,NULL),(302,NULL,1,1,0,0,0,0,1,0,0,0,0,NULL,0,0,0,0,0,0,0,0,1,NULL),(303,NULL,0,1,0,0,0,1,1,0,0,0,0,NULL,0,0,0,0,0,0,0,0,1,NULL),(304,NULL,0,1,0,0,0,1,1,0,0,0,0,NULL,0,0,0,0,0,0,0,0,1,NULL),(305,NULL,1,1,0,0,0,1,1,0,0,0,0,NULL,0,0,0,0,0,0,0,0,1,NULL),(306,NULL,0,1,0,0,0,1,1,0,0,0,0,NULL,0,0,0,0,0,0,0,0,1,NULL),(307,NULL,1,1,0,0,0,1,1,0,0,0,0,NULL,0,0,0,0,0,0,0,0,1,NULL),(308,NULL,1,1,0,0,0,1,1,0,0,0,0,NULL,0,0,0,0,0,0,0,0,1,NULL),(309,NULL,1,1,0,0,0,1,1,0,0,0,0,NULL,0,0,0,0,0,0,0,0,1,NULL),(312,NULL,1,1,0,0,0,0,1,0,0,1,0,NULL,0,0,0,0,0,0,0,0,1,NULL),(313,NULL,1,1,0,0,0,1,1,0,1,0,0,NULL,0,0,0,0,0,1,1,1,1,NULL),(314,NULL,0,1,0,0,0,0,1,0,0,0,0,NULL,0,0,0,0,0,1,1,1,1,NULL),(315,NULL,0,1,0,0,0,0,1,0,0,0,0,NULL,0,0,0,0,0,1,1,1,1,NULL),(317,NULL,1,1,0,0,0,1,1,0,0,0,0,NULL,0,0,0,0,0,0,1,0,1,NULL),(318,NULL,0,1,0,0,0,1,1,0,0,0,0,NULL,0,0,0,0,0,0,1,0,1,NULL),(319,NULL,0,1,0,0,0,1,1,0,0,0,0,NULL,0,0,0,0,0,0,1,0,1,NULL),(320,NULL,0,1,0,0,0,1,1,0,0,0,0,NULL,0,0,0,0,0,0,1,0,1,NULL),(321,NULL,0,1,0,0,0,1,1,0,0,0,0,NULL,0,0,0,0,0,0,1,0,1,NULL),(322,NULL,0,1,0,0,0,1,1,0,0,0,0,NULL,0,0,0,0,0,0,1,0,1,NULL),(323,NULL,0,1,0,0,0,1,1,0,0,0,0,NULL,0,0,0,0,0,0,1,0,1,NULL),(324,NULL,0,1,0,0,0,0,1,0,0,0,0,NULL,0,0,0,0,0,0,1,0,1,NULL),(325,NULL,0,1,0,0,0,1,1,0,0,0,0,NULL,0,0,0,0,0,0,1,0,1,NULL),(326,NULL,0,1,0,0,0,0,1,0,0,0,0,NULL,0,0,0,1,0,0,1,0,1,NULL),(327,NULL,0,1,0,0,0,1,1,0,0,0,0,NULL,0,0,0,0,0,0,1,0,1,NULL),(328,NULL,0,1,0,0,0,1,1,0,0,0,0,NULL,0,0,0,0,0,0,1,0,1,NULL),(329,NULL,0,1,0,0,0,1,1,0,0,0,0,NULL,0,0,0,0,0,0,1,0,1,NULL),(330,NULL,0,1,0,0,0,1,1,0,0,0,0,NULL,0,0,0,0,0,0,1,0,1,NULL),(331,NULL,0,1,0,0,0,1,1,0,0,0,0,NULL,0,0,0,0,0,0,1,0,1,NULL),(332,NULL,0,1,0,0,0,1,1,0,0,0,0,NULL,0,0,0,0,0,0,1,0,1,NULL),(333,NULL,0,1,0,0,0,1,1,0,0,0,0,NULL,0,0,0,0,0,0,1,0,1,NULL),(334,NULL,0,1,0,0,0,1,1,0,0,0,0,NULL,0,0,0,0,0,0,1,0,1,NULL),(335,NULL,0,1,0,0,0,0,1,0,0,0,0,NULL,0,0,0,0,0,1,1,1,1,NULL),(336,NULL,1,1,1,1,0,0,0,0,1,1,0,NULL,0,2,0,0,0,0,0,1,1,NULL),(337,NULL,0,1,0,0,0,0,1,0,0,0,0,NULL,0,0,0,0,0,1,1,1,1,NULL),(339,NULL,0,1,0,1,0,0,1,0,1,1,0,NULL,0,0,0,0,0,1,1,1,1,NULL),(340,NULL,0,1,0,0,0,0,1,0,0,0,0,NULL,0,0,0,0,0,0,1,0,1,NULL),(341,NULL,0,1,0,0,0,0,1,0,0,1,0,NULL,0,0,0,0,0,1,1,1,1,NULL);

--
