-- Table structure for table `customer_address_entity`
--

CREATE TABLE `customer_address_entity` (
  `entity_id` int(10) unsigned NOT NULL AUTO_INCREMENT COMMENT 'Entity ID',
  `increment_id` varchar(50) DEFAULT NULL COMMENT 'Increment ID',
  `parent_id` int(10) unsigned DEFAULT NULL COMMENT 'Parent ID',
  `created_at` timestamp NOT NULL DEFAULT CURRENT_TIMESTAMP COMMENT 'Created At',
  `updated_at` timestamp NOT NULL DEFAULT CURRENT_TIMESTAMP ON UPDATE CURRENT_TIMESTAMP COMMENT 'Updated At',
  `is_active` smallint(5) unsigned NOT NULL DEFAULT '1' COMMENT 'Is Active',
  `city` varchar(255) NOT NULL COMMENT 'City',
  `company` varchar(255) DEFAULT NULL COMMENT 'Company',
  `country_id` varchar(255) NOT NULL COMMENT 'Country',
  `fax` varchar(255) DEFAULT NULL COMMENT 'Fax',
  `firstname` varchar(255) NOT NULL COMMENT 'First Name',
  `lastname` varchar(255) NOT NULL COMMENT 'Last Name',
  `middlename` varchar(255) DEFAULT NULL COMMENT 'Middle Name',
  `postcode` varchar(255) DEFAULT NULL COMMENT 'Zip/Postal Code',
  `prefix` varchar(40) DEFAULT NULL COMMENT 'Name Prefix',
  `region` varchar(255) DEFAULT NULL COMMENT 'State/Province',
  `region_id` int(10) unsigned DEFAULT NULL COMMENT 'State/Province',
  `street` text NOT NULL COMMENT 'Street Address',
  `suffix` varchar(40) DEFAULT NULL COMMENT 'Name Suffix',
  `telephone` varchar(255) NOT NULL COMMENT 'Phone Number',
  `vat_id` varchar(255) DEFAULT NULL COMMENT 'VAT number',
  `vat_is_valid` int(10) unsigned DEFAULT NULL COMMENT 'VAT number validity',
  `vat_request_date` varchar(255) DEFAULT NULL COMMENT 'VAT number validation request date',
  `vat_request_id` varchar(255) DEFAULT NULL COMMENT 'VAT number validation request ID',
  `vat_request_success` int(10) unsigned DEFAULT NULL COMMENT 'VAT number validation request success',
  PRIMARY KEY (`entity_id`),
  KEY `CUSTOMER_ADDRESS_ENTITY_PARENT_ID` (`parent_id`),
  CONSTRAINT `CUSTOMER_ADDRESS_ENTITY_PARENT_ID_CUSTOMER_ENTITY_ENTITY_ID` FOREIGN KEY (`parent_id`) REFERENCES `customer_entity` (`entity_id`) ON DELETE CASCADE
) ENGINE=InnoDB AUTO_INCREMENT=88 DEFAULT CHARSET=utf8 COMMENT='Customer Address Entity';

--
-- Dumping data for table `customer_address_entity`
--

INSERT INTO `customer_address_entity` VALUES (2,NULL,1,'2021-03-03 15:05:27','2022-06-23 15:03:32',1,'vadodara','VEIOaQYqZM','SA',NULL,'web','dev',NULL,'12345',NULL,'test',0,'test\nkPOZCI64H4',NULL,'987654321',NULL,NULL,NULL,NULL,NULL),(4,NULL,15,'2021-04-14 09:57:40','2021-04-14 09:57:40',1,'test',NULL,'SA',NULL,'test','test',NULL,NULL,'Mr',NULL,0,'Test',NULL,'434627864',NULL,NULL,NULL,NULL,NULL),(6,NULL,2,'2021-04-19 13:44:39','2022-05-02 10:01:59',1,'vadodara','VEIOaQYqZM','SA',NULL,'web news','dev',NULL,NULL,NULL,NULL,0,'test',NULL,'876543219',NULL,NULL,NULL,NULL,NULL),(8,NULL,17,'2021-04-22 05:50:15','2021-04-22 05:51:44',1,'Jeddah Salama Dist.',NULL,'SA',NULL,'Lorem','Ipsum',NULL,'11991',NULL,'Jeddah',0,'Salama Dist',NULL,'00966 2 0000420',NULL,NULL,NULL,NULL,NULL),(9,NULL,2,'2021-04-26 06:20:02','2022-05-23 10:16:43',1,'vadodara','VEIOaQYqZM','SA',NULL,'web','dev',NULL,NULL,NULL,NULL,0,'test',NULL,'987654321',NULL,NULL,NULL,NULL,NULL),(21,NULL,26,'2021-05-22 14:57:47','2021-05-22 14:59:59',1,'d',NULL,'SA',NULL,'Abdulrahman','Kabalan',NULL,NULL,NULL,'a',0,'3',NULL,'333',NULL,NULL,NULL,NULL,NULL),(23,NULL,1,'2021-05-25 14:25:52','2021-05-25 14:25:52',1,'vadodara',NULL,'SA',NULL,'web','dev',NULL,NULL,NULL,NULL,0,'test',NULL,'9876543219',NULL,NULL,NULL,NULL,NULL),(24,NULL,1,'2021-05-25 14:57:11','2021-05-25 14:57:11',1,'Abha',NULL,'SA',NULL,'Service','Center',NULL,NULL,NULL,NULL,0,'2954 Schowalter Circle,Al Madinah Region, Khaybar.Saudi Arabia, SA',NULL,'987654321',NULL,NULL,NULL,NULL,NULL),(25,NULL,1,'2021-05-25 14:57:15','2021-05-25 14:57:15',1,'Abha',NULL,'SA',NULL,'Service','Center',NULL,NULL,NULL,NULL,0,'2954 Schowalter Circle,Al Madinah Region, Khaybar.Saudi Arabia, SA',NULL,'987654321',NULL,NULL,NULL,NULL,NULL),(26,NULL,1,'2021-05-25 14:57:57','2021-09-22 09:48:03',1,'Abha new',NULL,'SA',NULL,'Service','Center',NULL,NULL,NULL,NULL,0,'2954 Schowalter Circle,Al Madinah Region, Khaybar.Saudi Arabia, SA',NULL,'987654321',NULL,NULL,NULL,NULL,NULL),(32,NULL,1,'2021-05-26 12:39:46','2021-05-26 12:39:46',1,'Khamis',NULL,'SA',NULL,'web','987654321',NULL,NULL,NULL,NULL,0,'rfgfgdgf',NULL,'0987654321',NULL,NULL,NULL,NULL,NULL),(34,NULL,1,'2021-05-26 14:54:57','2021-05-26 14:54:57',1,'sfds',NULL,'SA',NULL,'web','987654321',NULL,NULL,NULL,NULL,0,'erthyty',NULL,'987654321',NULL,NULL,NULL,NULL,NULL),(36,NULL,28,'2021-08-02 08:24:32','2021-11-19 16:57:30',1,'Arar',NULL,'SA',NULL,'Anurag','Tiwari',NULL,NULL,NULL,NULL,0,'Test \nTest',NULL,'9898989898',NULL,NULL,NULL,NULL,NULL),(38,NULL,30,'2021-08-24 10:55:17','2021-08-24 10:55:17',1,'Campbell',NULL,'SA',NULL,'Jon','Doe',NULL,'95008',NULL,'Riyadh',NULL,'Office 208\nSecond Floor\nAl Khozama Centre\nOlaya main road',NULL,'123456789',NULL,NULL,NULL,NULL,NULL),(42,NULL,32,'2021-09-15 06:55:33','2021-09-15 06:55:33',1,'Hyderabad',NULL,'SA',NULL,'Venkat','N',NULL,'0872',NULL,'Northern Territory',0,'test one addr',NULL,'08125783400',NULL,NULL,NULL,NULL,NULL),(43,NULL,33,'2021-09-19 16:34:07','2021-09-21 16:58:23',1,'Ar-Riyad',NULL,'SA',NULL,'fai','alduhaim',NULL,NULL,NULL,NULL,0,'2077, Al Urubah Road, Riyadh',NULL,'0582225799',NULL,NULL,NULL,NULL,NULL),(52,NULL,33,'2021-10-05 09:31:45','2021-10-05 09:31:45',1,'Ar-Riyad',NULL,'SA',NULL,'fai','alduhaim',NULL,NULL,NULL,NULL,0,'2077, Al Urubah Road, Riyadh',NULL,'0582225799',NULL,NULL,NULL,NULL,NULL),(53,NULL,1,'2021-10-08 14:11:29','2021-10-08 14:11:29',1,'Abha',NULL,'SA',NULL,'Service','Center',NULL,NULL,NULL,NULL,0,'2954 Schowalter Circle,Al Madinah Region, Khaybar.Saudi Arabia, SA',NULL,'987654321',NULL,NULL,NULL,NULL,NULL),(54,NULL,1,'2021-10-08 14:11:29','2021-10-08 14:11:29',1,'vadodara','VEIOaQYqZM','SA',NULL,'web','dev',NULL,'12345',NULL,'test',0,'test\nkPOZCI64H4',NULL,'987654321',NULL,NULL,NULL,NULL,NULL),(55,NULL,1,'2021-10-08 14:15:16','2021-10-08 14:15:16',1,'Abha',NULL,'SA',NULL,'Service','Center',NULL,NULL,NULL,NULL,0,'2954 Schowalter Circle,Al Madinah Region, Khaybar.Saudi Arabia, SA',NULL,'987654321',NULL,NULL,NULL,NULL,NULL),(56,NULL,1,'2021-10-08 14:15:16','2021-10-08 14:15:16',1,'vadodara','VEIOaQYqZM','SA',NULL,'web','dev',NULL,'12345',NULL,'test',0,'test\nkPOZCI64H4',NULL,'987654321',NULL,NULL,NULL,NULL,NULL),(57,NULL,38,'2021-10-13 04:24:19','2021-11-19 16:39:44',1,'القويعية',NULL,'SA',NULL,'web','dev',NULL,'19970',NULL,'منطقة الرياض',0,'طحي\nkPOZCI64H4',NULL,'987654321',NULL,NULL,NULL,NULL,NULL),(58,NULL,39,'2021-10-17 12:58:01','2021-12-08 12:27:23',1,'Ar-Riyad',NULL,'SA',NULL,'fai','otaibi',NULL,'12213',NULL,'Riyadh Province',0,'8453, King Fahd Road, Riyadh',NULL,'0506674710',NULL,NULL,NULL,NULL,NULL),(59,NULL,41,'2021-10-19 08:44:06','2021-10-19 10:25:25',1,'Al-Quwaiyah',NULL,'SA',NULL,'fai','alduhaim',NULL,'19970',NULL,'Riyadh Province',0,'Quai',NULL,'0582225799',NULL,NULL,NULL,NULL,NULL),(60,NULL,38,'2021-10-19 09:26:37','2021-10-19 09:26:37',1,'Al-Quwaiyah',NULL,'SA',NULL,'web','dev',NULL,'19970',NULL,'Riyadh Province',0,'Quai\nkPOZCI64H4',NULL,'987654321',NULL,NULL,NULL,NULL,NULL),(61,NULL,40,'2021-10-19 10:00:35','2021-10-19 10:00:35',1,'Riyadh',NULL,'SA',NULL,'fai','alduhaim',NULL,NULL,NULL,NULL,0,'KIMD',NULL,'0582225799',NULL,NULL,NULL,NULL,NULL),(62,NULL,1,'2021-10-19 23:34:41','2021-10-19 23:34:41',1,'Al-Quwaiyah',NULL,'SA',NULL,'Samir','987654321',NULL,'19970',NULL,'Riyadh Province',0,'Ar Ruwaidhah',NULL,'789654123',NULL,NULL,NULL,NULL,NULL),(64,NULL,1,'2021-10-21 11:59:03','2021-10-21 11:59:03',1,'القويعية',NULL,'SA',NULL,'test','sec',NULL,'78945',NULL,'منطقة الرياض',0,'أبو حميض',NULL,'78965542',NULL,NULL,NULL,NULL,NULL),(65,NULL,42,'2021-11-06 11:00:07','2021-11-06 11:00:07',1,'Al-Quwaiyah',NULL,'SA',NULL,'أحمد','نمر',NULL,'19970',NULL,'Riyadh Province',0,'Quai',NULL,'111111111',NULL,NULL,NULL,NULL,NULL),(66,NULL,42,'2021-11-06 11:50:59','2021-11-06 11:50:59',1,'Al-Quwaiyah',NULL,'SA',NULL,'أحمد','نمر',NULL,'19970',NULL,'Riyadh Province',0,'Quai',NULL,'111111111',NULL,NULL,NULL,NULL,NULL),(67,NULL,37,'2021-11-07 14:28:10','2021-11-07 14:28:10',1,'Al-Quwaiyah',NULL,'SA',NULL,'Ashraf','Shafie',NULL,'19970',NULL,'Riyadh Province',0,'Quai',NULL,'0640777506',NULL,NULL,NULL,NULL,NULL),(68,NULL,37,'2021-11-08 08:46:27','2021-11-08 08:46:27',1,'Ar-Riyad',NULL,'SA',NULL,'Ashraf','Shafie',NULL,'12372',NULL,'Riyadh Province',0,'Royadh',NULL,'0540777506',NULL,NULL,NULL,NULL,NULL),(69,NULL,43,'2021-11-11 11:35:24','2021-12-14 05:01:51',1,'Al-Quwaiyah',NULL,'SA',NULL,'Anurag','Tiwari',NULL,'19214',NULL,'Riyadh Province',0,'Ar Ruwaidhah',NULL,'898989898',NULL,NULL,NULL,NULL,NULL),(70,NULL,43,'2021-11-15 15:40:45','2021-11-15 15:40:45',1,'Ar-Riyad',NULL,'SA',NULL,'Anurag','Tiwari',NULL,'19970',NULL,'Riyadh Province',0,'Riyadh',NULL,'8989898989',NULL,NULL,NULL,NULL,NULL),(71,NULL,1,'2021-11-16 04:33:03','2021-11-16 04:33:03',1,'Ar-Riyad','VEIOaQYqZM','SA',NULL,'Samir','987654321',NULL,'19249',NULL,'Riyadh Province',0,'Riyadh\ndsgh',NULL,'147852369',NULL,NULL,NULL,NULL,NULL),(72,NULL,45,'2021-11-23 06:25:25','2021-11-23 06:25:25',1,'Al-Quwaiyah',NULL,'SA',NULL,'Ashu','Sharma',NULL,'19970',NULL,'Riyadh Province',0,'Quai',NULL,'98888888',NULL,NULL,NULL,NULL,NULL),(73,NULL,26,'2021-11-28 09:53:00','2021-11-28 09:53:00',1,'القويعية',NULL,'SA',NULL,'Abdulrahman','Kabalan',NULL,'19243',NULL,'منطقة الرياض',0,'بعيثران',NULL,'-',NULL,NULL,NULL,NULL,NULL),(74,NULL,36,'2021-11-29 13:29:12','2021-11-29 13:40:10',1,'Al-Quwaiyah',NULL,'SA',NULL,'fai','alduhaim',NULL,'19970',NULL,'Riyadh Province',0,'Quai',NULL,'0555555555',NULL,NULL,NULL,NULL,NULL),(75,NULL,46,'2021-11-29 13:45:45','2021-11-29 13:45:45',1,'Al-Quwaiyah',NULL,'SA',NULL,'Abdulrahman','Kabalan',NULL,'19970',NULL,'Riyadh Province',0,'Quai',NULL,'0540029245',NULL,NULL,NULL,NULL,NULL),(76,NULL,52,'2021-12-08 10:53:57','2021-12-08 10:53:57',1,'Al-Quwaiyah',NULL,'SA',NULL,'fai','otaibi',NULL,'19970',NULL,'Riyadh Province',0,'Quai',NULL,'0506674710',NULL,NULL,NULL,NULL,NULL),(77,NULL,1,'2021-12-10 18:32:03','2021-12-10 18:32:03',1,'Al-Quwaiyah',NULL,'SA',NULL,'Samir','987654321',NULL,'19221',NULL,'Riyadh Province',0,'Al Quwaiiyah',NULL,'789654123',NULL,NULL,NULL,NULL,NULL),(78,NULL,1,'2021-12-10 18:32:17','2021-12-10 18:32:17',1,'Al-Quwaiyah',NULL,'SA',NULL,'Samir','987654321',NULL,'19221',NULL,'Riyadh Province',0,'Al Quwaiiyah',NULL,'789654123',NULL,NULL,NULL,NULL,NULL),(80,NULL,1,'2021-12-22 21:39:39','2021-12-22 21:39:39',1,'Al-Quwaiyah',NULL,'SA',NULL,'Samir','987654321',NULL,'19970',NULL,'Riyadh Province',0,'Mizail',NULL,'123456789',NULL,NULL,NULL,NULL,NULL),(81,NULL,1,'2021-12-23 13:03:38','2021-12-23 13:06:10',1,'padra',NULL,'SA',NULL,'rucha123','India',NULL,NULL,NULL,NULL,0,'test',NULL,'123456789',NULL,NULL,NULL,NULL,NULL),(82,NULL,1,'2021-12-23 13:04:51','2021-12-23 13:04:51',1,'vadodara',NULL,'SA',NULL,'web','India',NULL,NULL,NULL,NULL,0,'test',NULL,'123456789',NULL,NULL,NULL,NULL,NULL),(83,NULL,57,'2022-05-18 22:09:51','2022-05-29 08:58:58',1,'123123',NULL,'SA',NULL,'Mohamed','Amer',NULL,NULL,NULL,NULL,0,'121',NULL,'345',NULL,NULL,NULL,NULL,NULL),(84,NULL,57,'2022-05-19 08:55:16','2022-06-01 11:20:23',1,'wret',NULL,'SA',NULL,'Mohamed','Amer',NULL,NULL,NULL,NULL,0,'2132456',NULL,'456',NULL,NULL,NULL,NULL,NULL),(85,NULL,2,'2022-05-23 11:20:05','2022-05-26 10:37:39',1,'Saudi Arabia',NULL,'SA',NULL,'Showrooms','Saudi Arabia',NULL,NULL,NULL,NULL,0,'Rouwais Dist., P.O.Box: 16488, Jeddah, Khaybar.Saudi Arabia, SA',NULL,'987654321',NULL,NULL,NULL,NULL,NULL),(86,NULL,61,'2022-05-24 20:57:16','2022-05-24 21:01:34',1,'g',NULL,'SA',NULL,'ohha','mmo',NULL,NULL,NULL,NULL,0,'yu',NULL,'3453',NULL,NULL,NULL,NULL,NULL),(87,NULL,29,'2022-05-27 12:39:51','2022-05-27 14:27:52',1,'Saudi Arabia',NULL,'SA',NULL,'Showrooms','Doe',NULL,'391440',NULL,NULL,0,'Rouwais Dist., P.O.Box: 16488, Jeddah, Khaybar.Saudi Arabia, SA',NULL,'987654321',NULL,NULL,NULL,NULL,NULL);

--
-- Table structure for table `customer_address_entity_datetime`
--

CREATE TABLE `customer_address_entity_datetime` (
  `value_id` int(11) NOT NULL AUTO_INCREMENT COMMENT 'Value ID',
  `attribute_id` smallint(5) unsigned NOT NULL DEFAULT '0' COMMENT 'Attribute ID',
  `entity_id` int(10) unsigned NOT NULL DEFAULT '0' COMMENT 'Entity ID',
  `value` datetime DEFAULT NULL COMMENT 'Value',
  PRIMARY KEY (`value_id`),
  UNIQUE KEY `CUSTOMER_ADDRESS_ENTITY_DATETIME_ENTITY_ID_ATTRIBUTE_ID` (`entity_id`,`attribute_id`),
  KEY `CUSTOMER_ADDRESS_ENTITY_DATETIME_ATTRIBUTE_ID` (`attribute_id`),
  KEY `CUSTOMER_ADDRESS_ENTITY_DATETIME_ENTITY_ID_ATTRIBUTE_ID_VALUE` (`entity_id`,`attribute_id`,`value`),
  CONSTRAINT `CSTR_ADDR_ENTT_DTIME_ATTR_ID_EAV_ATTR_ATTR_ID` FOREIGN KEY (`attribute_id`) REFERENCES `eav_attribute` (`attribute_id`) ON DELETE CASCADE,
  CONSTRAINT `CSTR_ADDR_ENTT_DTIME_ENTT_ID_CSTR_ADDR_ENTT_ENTT_ID` FOREIGN KEY (`entity_id`) REFERENCES `customer_address_entity` (`entity_id`) ON DELETE CASCADE
) ENGINE=InnoDB DEFAULT CHARSET=utf8 COMMENT='Customer Address Entity Datetime';

--
-- Dumping data for table `customer_address_entity_datetime`
--


--
-- Table structure for table `customer_address_entity_decimal`
--

CREATE TABLE `customer_address_entity_decimal` (
  `value_id` int(11) NOT NULL AUTO_INCREMENT COMMENT 'Value ID',
  `attribute_id` smallint(5) unsigned NOT NULL DEFAULT '0' COMMENT 'Attribute ID',
  `entity_id` int(10) unsigned NOT NULL DEFAULT '0' COMMENT 'Entity ID',
  `value` decimal(12,4) NOT NULL DEFAULT '0.0000' COMMENT 'Value',
  PRIMARY KEY (`value_id`),
  UNIQUE KEY `CUSTOMER_ADDRESS_ENTITY_DECIMAL_ENTITY_ID_ATTRIBUTE_ID` (`entity_id`,`attribute_id`),
  KEY `CUSTOMER_ADDRESS_ENTITY_DECIMAL_ATTRIBUTE_ID` (`attribute_id`),
  KEY `CUSTOMER_ADDRESS_ENTITY_DECIMAL_ENTITY_ID_ATTRIBUTE_ID_VALUE` (`entity_id`,`attribute_id`,`value`),
  CONSTRAINT `CSTR_ADDR_ENTT_DEC_ATTR_ID_EAV_ATTR_ATTR_ID` FOREIGN KEY (`attribute_id`) REFERENCES `eav_attribute` (`attribute_id`) ON DELETE CASCADE,
  CONSTRAINT `CSTR_ADDR_ENTT_DEC_ENTT_ID_CSTR_ADDR_ENTT_ENTT_ID` FOREIGN KEY (`entity_id`) REFERENCES `customer_address_entity` (`entity_id`) ON DELETE CASCADE
) ENGINE=InnoDB AUTO_INCREMENT=52 DEFAULT CHARSET=utf8 COMMENT='Customer Address Entity Decimal';

--
-- Dumping data for table `customer_address_entity_decimal`
--

INSERT INTO `customer_address_entity_decimal` VALUES (1,297,2,-35.6030),(2,298,2,115.9653),(40,297,6,22.2888),(41,298,6,73.1578),(13,297,9,23.0225),(14,298,9,72.5714),(17,297,26,22.2724),(18,298,26,73.1841),(15,297,43,24.7136),(16,298,43,46.6753),(32,297,81,22.2659),(33,298,81,73.1873),(34,297,82,22.2659),(35,298,82,73.1873),(42,297,83,31.2209),(43,298,83,29.9388),(44,297,84,31.2208),(45,298,84,29.9388),(46,297,85,22.2953),(47,298,85,73.1677),(50,297,86,31.2208),(51,298,86,29.9387);

--
-- Table structure for table `customer_address_entity_int`
--

CREATE TABLE `customer_address_entity_int` (
  `value_id` int(11) NOT NULL AUTO_INCREMENT COMMENT 'Value ID',
  `attribute_id` smallint(5) unsigned NOT NULL DEFAULT '0' COMMENT 'Attribute ID',
  `entity_id` int(10) unsigned NOT NULL DEFAULT '0' COMMENT 'Entity ID',
  `value` int(11) NOT NULL DEFAULT '0' COMMENT 'Value',
  PRIMARY KEY (`value_id`),
  UNIQUE KEY `CUSTOMER_ADDRESS_ENTITY_INT_ENTITY_ID_ATTRIBUTE_ID` (`entity_id`,`attribute_id`),
  KEY `CUSTOMER_ADDRESS_ENTITY_INT_ATTRIBUTE_ID` (`attribute_id`),
  KEY `CUSTOMER_ADDRESS_ENTITY_INT_ENTITY_ID_ATTRIBUTE_ID_VALUE` (`entity_id`,`attribute_id`,`value`),
  CONSTRAINT `CSTR_ADDR_ENTT_INT_ATTR_ID_EAV_ATTR_ATTR_ID` FOREIGN KEY (`attribute_id`) REFERENCES `eav_attribute` (`attribute_id`) ON DELETE CASCADE,
  CONSTRAINT `CSTR_ADDR_ENTT_INT_ENTT_ID_CSTR_ADDR_ENTT_ENTT_ID` FOREIGN KEY (`entity_id`) REFERENCES `customer_address_entity` (`entity_id`) ON DELETE CASCADE
) ENGINE=InnoDB DEFAULT CHARSET=utf8 COMMENT='Customer Address Entity Int';

--
-- Dumping data for table `customer_address_entity_int`
--


--
-- Table structure for table `customer_address_entity_text`
--

CREATE TABLE `customer_address_entity_text` (
  `value_id` int(11) NOT NULL AUTO_INCREMENT COMMENT 'Value ID',
  `attribute_id` smallint(5) unsigned NOT NULL DEFAULT '0' COMMENT 'Attribute ID',
  `entity_id` int(10) unsigned NOT NULL DEFAULT '0' COMMENT 'Entity ID',
  `value` text NOT NULL COMMENT 'Value',
  PRIMARY KEY (`value_id`),
  UNIQUE KEY `CUSTOMER_ADDRESS_ENTITY_TEXT_ENTITY_ID_ATTRIBUTE_ID` (`entity_id`,`attribute_id`),
  KEY `CUSTOMER_ADDRESS_ENTITY_TEXT_ATTRIBUTE_ID` (`attribute_id`),
  CONSTRAINT `CSTR_ADDR_ENTT_TEXT_ATTR_ID_EAV_ATTR_ATTR_ID` FOREIGN KEY (`attribute_id`) REFERENCES `eav_attribute` (`attribute_id`) ON DELETE CASCADE,
  CONSTRAINT `CSTR_ADDR_ENTT_TEXT_ENTT_ID_CSTR_ADDR_ENTT_ENTT_ID` FOREIGN KEY (`entity_id`) REFERENCES `customer_address_entity` (`entity_id`) ON DELETE CASCADE
) ENGINE=InnoDB DEFAULT CHARSET=utf8 COMMENT='Customer Address Entity Text';

--
-- Dumping data for table `customer_address_entity_text`
--


--
-- Table structure for table `customer_address_entity_varchar`
--

CREATE TABLE `customer_address_entity_varchar` (
  `value_id` int(11) NOT NULL AUTO_INCREMENT COMMENT 'Value ID',
  `attribute_id` smallint(5) unsigned NOT NULL DEFAULT '0' COMMENT 'Attribute ID',
  `entity_id` int(10) unsigned NOT NULL DEFAULT '0' COMMENT 'Entity ID',
  `value` varchar(255) DEFAULT NULL COMMENT 'Value',
  PRIMARY KEY (`value_id`),
  UNIQUE KEY `CUSTOMER_ADDRESS_ENTITY_VARCHAR_ENTITY_ID_ATTRIBUTE_ID` (`entity_id`,`attribute_id`),
  KEY `CUSTOMER_ADDRESS_ENTITY_VARCHAR_ATTRIBUTE_ID` (`attribute_id`),
  KEY `CUSTOMER_ADDRESS_ENTITY_VARCHAR_ENTITY_ID_ATTRIBUTE_ID_VALUE` (`entity_id`,`attribute_id`,`value`),
  CONSTRAINT `CSTR_ADDR_ENTT_VCHR_ATTR_ID_EAV_ATTR_ATTR_ID` FOREIGN KEY (`attribute_id`) REFERENCES `eav_attribute` (`attribute_id`) ON DELETE CASCADE,
  CONSTRAINT `CSTR_ADDR_ENTT_VCHR_ENTT_ID_CSTR_ADDR_ENTT_ENTT_ID` FOREIGN KEY (`entity_id`) REFERENCES `customer_address_entity` (`entity_id`) ON DELETE CASCADE
) ENGINE=InnoDB DEFAULT CHARSET=utf8 COMMENT='Customer Address Entity Varchar';

--
-- Dumping data for table `customer_address_entity_varchar`
--


--
-- Table structure for table `customer_eav_attribute`
--

CREATE TABLE `customer_eav_attribute` (
  `attribute_id` smallint(5) unsigned NOT NULL COMMENT 'Attribute ID',
  `is_visible` smallint(5) unsigned NOT NULL DEFAULT '1' COMMENT 'Is Visible',
  `input_filter` varchar(255) DEFAULT NULL COMMENT 'Input Filter',
  `multiline_count` smallint(5) unsigned NOT NULL DEFAULT '1' COMMENT 'Multiline Count',
  `validate_rules` text COMMENT 'Validate Rules',
  `is_system` smallint(5) unsigned NOT NULL DEFAULT '0' COMMENT 'Is System',
  `sort_order` int(10) unsigned NOT NULL DEFAULT '0' COMMENT 'Sort Order',
  `data_model` varchar(255) DEFAULT NULL COMMENT 'Data Model',
  `is_used_in_grid` smallint(5) unsigned NOT NULL DEFAULT '0' COMMENT 'Is Used in Grid',
  `is_visible_in_grid` smallint(5) unsigned NOT NULL DEFAULT '0' COMMENT 'Is Visible in Grid',
  `is_filterable_in_grid` smallint(5) unsigned NOT NULL DEFAULT '0' COMMENT 'Is Filterable in Grid',
  `is_searchable_in_grid` smallint(5) unsigned NOT NULL DEFAULT '0' COMMENT 'Is Searchable in Grid',
  PRIMARY KEY (`attribute_id`),
  KEY `CUSTOMER_EAV_ATTRIBUTE_SORT_ORDER` (`sort_order`),
  CONSTRAINT `CUSTOMER_EAV_ATTRIBUTE_ATTRIBUTE_ID_EAV_ATTRIBUTE_ATTRIBUTE_ID` FOREIGN KEY (`attribute_id`) REFERENCES `eav_attribute` (`attribute_id`) ON DELETE CASCADE
) ENGINE=InnoDB DEFAULT CHARSET=utf8 COMMENT='Customer Eav Attribute';

--
-- Dumping data for table `customer_eav_attribute`
--

INSERT INTO `customer_eav_attribute` VALUES (1,1,NULL,0,NULL,1,10,NULL,1,1,1,0),(2,0,NULL,0,NULL,1,0,NULL,0,0,0,0),(3,1,NULL,0,NULL,1,20,NULL,1,1,0,1),(4,0,NULL,0,NULL,0,30,NULL,0,0,0,0),(5,1,'trim',0,'{\"max_text_length\":255,\"min_text_length\":1}',1,40,NULL,0,0,0,0),(6,0,'trim',0,NULL,0,50,NULL,0,0,0,0),(7,1,'trim',0,'{\"max_text_length\":255,\"min_text_length\":1}',1,60,NULL,0,0,0,0),(8,0,NULL,0,NULL,0,70,NULL,0,0,0,0),(9,1,NULL,0,'{\"input_validation\":\"email\"}',1,80,NULL,1,1,1,1),(10,1,NULL,0,NULL,1,25,NULL,1,1,1,0),(11,0,'date',0,'{\"input_validation\":\"date\"}',0,90,NULL,1,1,1,0),(12,0,NULL,0,NULL,1,0,NULL,0,0,0,0),(13,0,NULL,0,NULL,1,0,NULL,0,0,0,0),(14,0,NULL,0,'{\"input_validation\":\"date\"}',1,0,NULL,0,0,0,0),(15,0,NULL,0,NULL,1,0,NULL,0,0,0,0),(16,0,NULL,0,NULL,1,0,NULL,0,0,0,0),(17,0,NULL,0,'{\"max_text_length\":255}',0,100,NULL,1,1,0,1),(18,0,NULL,0,NULL,1,0,NULL,1,1,1,0),(19,0,NULL,0,NULL,0,0,NULL,1,1,1,0),(20,0,NULL,0,'[]',0,110,NULL,1,1,1,0),(21,1,NULL,0,NULL,1,28,NULL,0,0,0,0),(22,0,NULL,0,NULL,0,10,NULL,0,0,0,0),(23,1,'trim',0,'{\"max_text_length\":255,\"min_text_length\":1}',1,20,NULL,1,0,0,1),(24,0,'trim',0,NULL,0,30,NULL,0,0,0,0),(25,1,'trim',0,'{\"max_text_length\":255,\"min_text_length\":1}',1,40,NULL,1,0,0,1),(26,0,NULL,0,NULL,0,50,NULL,0,0,0,0),(27,0,NULL,0,'{\"max_text_length\":255,\"min_text_length\":1}',1,60,NULL,1,0,0,1),(28,1,NULL,2,'{\"max_text_length\":255,\"min_text_length\":1}',1,70,NULL,1,0,0,1),(29,1,NULL,0,'{\"max_text_length\":255,\"min_text_length\":1}',1,100,NULL,1,0,0,1),(30,1,NULL,0,NULL,1,80,NULL,1,1,1,0),(31,1,NULL,0,NULL,1,90,NULL,1,1,0,1),(32,1,NULL,0,NULL,1,90,NULL,0,0,0,0),(33,1,NULL,0,'[]',1,110,'Magento\\Customer\\Model\\Attribute\\Data\\Postcode',1,1,1,1),(34,1,NULL,0,'{\"max_text_length\":255,\"min_text_length\":1}',1,120,NULL,1,1,1,1),(35,0,NULL,0,'{\"max_text_length\":255,\"min_text_length\":1}',0,130,NULL,1,0,0,1),(36,1,NULL,0,NULL,1,140,NULL,0,0,0,0),(37,0,NULL,0,NULL,1,0,NULL,0,0,0,0),(38,0,NULL,0,NULL,1,0,NULL,0,0,0,0),(39,0,NULL,0,NULL,1,0,NULL,0,0,0,0),(40,0,NULL,0,NULL,1,0,NULL,0,0,0,0),(41,0,NULL,0,NULL,0,0,NULL,0,0,0,0),(42,0,NULL,0,NULL,1,0,NULL,0,0,0,0),(43,0,NULL,0,NULL,1,0,NULL,0,0,0,0),(44,0,NULL,0,NULL,1,0,NULL,0,0,0,0),(149,1,NULL,0,NULL,0,100,NULL,1,1,0,0),(151,1,NULL,0,NULL,0,990,NULL,1,1,0,0),(152,1,NULL,0,NULL,0,990,NULL,1,1,0,0),(153,1,NULL,0,NULL,0,990,NULL,1,1,0,0),(297,1,NULL,0,NULL,0,0,NULL,0,0,0,0),(298,1,NULL,0,NULL,0,0,NULL,0,0,0,0),(311,0,NULL,0,NULL,0,90,NULL,0,0,0,0);

--
-- Table structure for table `customer_eav_attribute_website`
--

CREATE TABLE `customer_eav_attribute_website` (
  `attribute_id` smallint(5) unsigned NOT NULL COMMENT 'Attribute ID',
  `website_id` smallint(5) unsigned NOT NULL COMMENT 'Website ID',
  `is_visible` smallint(5) unsigned DEFAULT NULL COMMENT 'Is Visible',
  `is_required` smallint(5) unsigned DEFAULT NULL COMMENT 'Is Required',
  `default_value` text COMMENT 'Default Value',
  `multiline_count` smallint(5) unsigned DEFAULT NULL COMMENT 'Multiline Count',
  PRIMARY KEY (`attribute_id`,`website_id`),
  KEY `CUSTOMER_EAV_ATTRIBUTE_WEBSITE_WEBSITE_ID` (`website_id`),
  CONSTRAINT `CSTR_EAV_ATTR_WS_ATTR_ID_EAV_ATTR_ATTR_ID` FOREIGN KEY (`attribute_id`) REFERENCES `eav_attribute` (`attribute_id`) ON DELETE CASCADE,
  CONSTRAINT `CSTR_EAV_ATTR_WS_WS_ID_STORE_WS_WS_ID` FOREIGN KEY (`website_id`) REFERENCES `store_website` (`website_id`) ON DELETE CASCADE
) ENGINE=InnoDB DEFAULT CHARSET=utf8 COMMENT='Customer Eav Attribute Website';

--
-- Dumping data for table `customer_eav_attribute_website`
--

INSERT INTO `customer_eav_attribute_website` VALUES (1,1,NULL,NULL,NULL,NULL),(3,1,NULL,NULL,NULL,NULL),(5,1,NULL,NULL,NULL,NULL),(6,1,NULL,NULL,NULL,NULL),(7,1,NULL,NULL,NULL,NULL),(9,1,NULL,NULL,NULL,NULL),(10,1,NULL,NULL,NULL,NULL),(11,1,NULL,NULL,NULL,NULL),(17,1,NULL,NULL,NULL,NULL),(18,1,NULL,NULL,NULL,NULL),(19,1,NULL,NULL,NULL,NULL),(20,1,NULL,NULL,NULL,NULL),(21,1,NULL,NULL,NULL,NULL),(23,1,NULL,NULL,NULL,NULL),(24,1,NULL,NULL,NULL,NULL),(25,1,NULL,NULL,NULL,NULL),(27,1,NULL,NULL,NULL,NULL),(28,1,NULL,NULL,NULL,NULL),(29,1,NULL,NULL,NULL,NULL),(30,1,NULL,NULL,NULL,NULL),(31,1,NULL,NULL,NULL,NULL),(32,1,NULL,NULL,NULL,NULL),(33,1,NULL,NULL,NULL,NULL),(34,1,NULL,NULL,NULL,NULL),(35,1,NULL,NULL,NULL,NULL),(36,1,NULL,NULL,NULL,NULL),(149,1,NULL,NULL,NULL,NULL),(151,1,NULL,NULL,NULL,NULL),(152,1,NULL,NULL,NULL,NULL),(153,1,NULL,NULL,NULL,NULL),(297,1,NULL,NULL,NULL,NULL),(298,1,NULL,NULL,NULL,NULL),(311,1,NULL,NULL,NULL,NULL);

--
-- Table structure for table `customer_entity_datetime`
--

CREATE TABLE `customer_entity_datetime` (
  `value_id` int(11) NOT NULL AUTO_INCREMENT COMMENT 'Value ID',
  `attribute_id` smallint(5) unsigned NOT NULL DEFAULT '0' COMMENT 'Attribute ID',
  `entity_id` int(10) unsigned NOT NULL DEFAULT '0' COMMENT 'Entity ID',
  `value` datetime DEFAULT NULL COMMENT 'Value',
  PRIMARY KEY (`value_id`),
  UNIQUE KEY `CUSTOMER_ENTITY_DATETIME_ENTITY_ID_ATTRIBUTE_ID` (`entity_id`,`attribute_id`),
  KEY `CUSTOMER_ENTITY_DATETIME_ATTRIBUTE_ID` (`attribute_id`),
  KEY `CUSTOMER_ENTITY_DATETIME_ENTITY_ID_ATTRIBUTE_ID_VALUE` (`entity_id`,`attribute_id`,`value`),
  CONSTRAINT `CUSTOMER_ENTITY_DATETIME_ATTRIBUTE_ID_EAV_ATTRIBUTE_ATTRIBUTE_ID` FOREIGN KEY (`attribute_id`) REFERENCES `eav_attribute` (`attribute_id`) ON DELETE CASCADE,
  CONSTRAINT `CUSTOMER_ENTITY_DATETIME_ENTITY_ID_CUSTOMER_ENTITY_ENTITY_ID` FOREIGN KEY (`entity_id`) REFERENCES `customer_entity` (`entity_id`) ON DELETE CASCADE
) ENGINE=InnoDB DEFAULT CHARSET=utf8 COMMENT='Customer Entity Datetime';

--
-- Dumping data for table `customer_entity_datetime`
--


--
-- Table structure for table `customer_entity_decimal`
--

CREATE TABLE `customer_entity_decimal` (
  `value_id` int(11) NOT NULL AUTO_INCREMENT COMMENT 'Value ID',
  `attribute_id` smallint(5) unsigned NOT NULL DEFAULT '0' COMMENT 'Attribute ID',
  `entity_id` int(10) unsigned NOT NULL DEFAULT '0' COMMENT 'Entity ID',
  `value` decimal(12,4) NOT NULL DEFAULT '0.0000' COMMENT 'Value',
  PRIMARY KEY (`value_id`),
  UNIQUE KEY `CUSTOMER_ENTITY_DECIMAL_ENTITY_ID_ATTRIBUTE_ID` (`entity_id`,`attribute_id`),
  KEY `CUSTOMER_ENTITY_DECIMAL_ATTRIBUTE_ID` (`attribute_id`),
  KEY `CUSTOMER_ENTITY_DECIMAL_ENTITY_ID_ATTRIBUTE_ID_VALUE` (`entity_id`,`attribute_id`,`value`),
  CONSTRAINT `CUSTOMER_ENTITY_DECIMAL_ATTRIBUTE_ID_EAV_ATTRIBUTE_ATTRIBUTE_ID` FOREIGN KEY (`attribute_id`) REFERENCES `eav_attribute` (`attribute_id`) ON DELETE CASCADE,
  CONSTRAINT `CUSTOMER_ENTITY_DECIMAL_ENTITY_ID_CUSTOMER_ENTITY_ENTITY_ID` FOREIGN KEY (`entity_id`) REFERENCES `customer_entity` (`entity_id`) ON DELETE CASCADE
) ENGINE=InnoDB DEFAULT CHARSET=utf8 COMMENT='Customer Entity Decimal';

--
-- Dumping data for table `customer_entity_decimal`
--


--
-- Table structure for table `customer_entity_int`
--

CREATE TABLE `customer_entity_int` (
  `value_id` int(11) NOT NULL AUTO_INCREMENT COMMENT 'Value ID',
  `attribute_id` smallint(5) unsigned NOT NULL DEFAULT '0' COMMENT 'Attribute ID',
  `entity_id` int(10) unsigned NOT NULL DEFAULT '0' COMMENT 'Entity ID',
  `value` int(11) NOT NULL DEFAULT '0' COMMENT 'Value',
  PRIMARY KEY (`value_id`),
  UNIQUE KEY `CUSTOMER_ENTITY_INT_ENTITY_ID_ATTRIBUTE_ID` (`entity_id`,`attribute_id`),
  KEY `CUSTOMER_ENTITY_INT_ATTRIBUTE_ID` (`attribute_id`),
  KEY `CUSTOMER_ENTITY_INT_ENTITY_ID_ATTRIBUTE_ID_VALUE` (`entity_id`,`attribute_id`,`value`),
  CONSTRAINT `CUSTOMER_ENTITY_INT_ATTRIBUTE_ID_EAV_ATTRIBUTE_ATTRIBUTE_ID` FOREIGN KEY (`attribute_id`) REFERENCES `eav_attribute` (`attribute_id`) ON DELETE CASCADE,
  CONSTRAINT `CUSTOMER_ENTITY_INT_ENTITY_ID_CUSTOMER_ENTITY_ENTITY_ID` FOREIGN KEY (`entity_id`) REFERENCES `customer_entity` (`entity_id`) ON DELETE CASCADE
) ENGINE=InnoDB DEFAULT CHARSET=utf8 COMMENT='Customer Entity Int';

--
-- Dumping data for table `customer_entity_int`
--


--
-- Table structure for table `customer_entity_text`
--

CREATE TABLE `customer_entity_text` (
  `value_id` int(11) NOT NULL AUTO_INCREMENT COMMENT 'Value ID',
  `attribute_id` smallint(5) unsigned NOT NULL DEFAULT '0' COMMENT 'Attribute ID',
  `entity_id` int(10) unsigned NOT NULL DEFAULT '0' COMMENT 'Entity ID',
  `value` text NOT NULL COMMENT 'Value',
  PRIMARY KEY (`value_id`),
  UNIQUE KEY `CUSTOMER_ENTITY_TEXT_ENTITY_ID_ATTRIBUTE_ID` (`entity_id`,`attribute_id`),
  KEY `CUSTOMER_ENTITY_TEXT_ATTRIBUTE_ID` (`attribute_id`),
  CONSTRAINT `CUSTOMER_ENTITY_TEXT_ATTRIBUTE_ID_EAV_ATTRIBUTE_ATTRIBUTE_ID` FOREIGN KEY (`attribute_id`) REFERENCES `eav_attribute` (`attribute_id`) ON DELETE CASCADE,
  CONSTRAINT `CUSTOMER_ENTITY_TEXT_ENTITY_ID_CUSTOMER_ENTITY_ENTITY_ID` FOREIGN KEY (`entity_id`) REFERENCES `customer_entity` (`entity_id`) ON DELETE CASCADE
) ENGINE=InnoDB DEFAULT CHARSET=utf8 COMMENT='Customer Entity Text';

--
-- Dumping data for table `customer_entity_text`
--


--
-- Table structure for table `customer_entity_varchar`
--

CREATE TABLE `customer_entity_varchar` (
  `value_id` int(11) NOT NULL AUTO_INCREMENT COMMENT 'Value ID',
  `attribute_id` smallint(5) unsigned NOT NULL DEFAULT '0' COMMENT 'Attribute ID',
  `entity_id` int(10) unsigned NOT NULL DEFAULT '0' COMMENT 'Entity ID',
  `value` varchar(255) DEFAULT NULL COMMENT 'Value',
  PRIMARY KEY (`value_id`),
  UNIQUE KEY `CUSTOMER_ENTITY_VARCHAR_ENTITY_ID_ATTRIBUTE_ID` (`entity_id`,`attribute_id`),
  KEY `CUSTOMER_ENTITY_VARCHAR_ATTRIBUTE_ID` (`attribute_id`),
  KEY `CUSTOMER_ENTITY_VARCHAR_ENTITY_ID_ATTRIBUTE_ID_VALUE` (`entity_id`,`attribute_id`,`value`),
  CONSTRAINT `CUSTOMER_ENTITY_VARCHAR_ATTRIBUTE_ID_EAV_ATTRIBUTE_ATTRIBUTE_ID` FOREIGN KEY (`attribute_id`) REFERENCES `eav_attribute` (`attribute_id`) ON DELETE CASCADE,
  CONSTRAINT `CUSTOMER_ENTITY_VARCHAR_ENTITY_ID_CUSTOMER_ENTITY_ENTITY_ID` FOREIGN KEY (`entity_id`) REFERENCES `customer_entity` (`entity_id`) ON DELETE CASCADE
) ENGINE=InnoDB AUTO_INCREMENT=185 DEFAULT CHARSET=utf8 COMMENT='Customer Entity Varchar';

--
-- Dumping data for table `customer_entity_varchar`
--

INSERT INTO `customer_entity_varchar` VALUES (42,149,1,'123456789'),(43,151,1,'Project Manger '),(44,152,1,'c2rswrf'),(45,153,1,'ecom'),(158,149,2,'123452345'),(178,151,2,'rtg'),(179,152,2,'ere'),(159,153,2,'VEIOaQYqZM'),(13,149,7,'987654321'),(14,151,7,'yyu'),(15,152,7,'fdtd'),(16,153,7,'VEIOaQYqZM'),(17,149,8,'0860880274'),(18,151,8,'UMBowizBa7'),(19,152,8,'nGA9iZw714'),(20,153,8,'ZtVnJcFyDH'),(21,149,9,'9974291828'),(22,151,9,'TcLq7kLgYl'),(23,152,9,'MithGSi0Og'),(24,153,9,'VEIOaQYqZM'),(25,149,10,'1234567890'),(26,153,10,'slx'),(31,149,12,'8490817344'),(32,153,12,'VEIOaQYqZM'),(33,149,13,'9898794572'),(34,151,13,'test'),(35,152,13,'test'),(36,153,13,'VEIOaQYqZM'),(41,149,15,'987654320'),(71,149,26,'598041901'),(72,153,26,'Hoshan'),(78,149,28,'561191223'),(79,153,28,'GITL'),(83,149,29,'541191228'),(84,151,29,'Project Manger '),(85,152,29,'c2rswrf'),(86,153,29,'ecom'),(87,149,30,'541191228'),(88,151,30,'Project Manger '),(89,152,30,'c2rswrf'),(90,153,30,'ecom'),(93,149,31,'549239874'),(94,151,31,'QA'),(95,152,31,'43545'),(96,153,31,'worx'),(98,149,32,'81257834002'),(101,149,33,'582225799'),(99,151,33,'marketing '),(100,153,33,'alhoshan'),(109,153,36,'hoshan'),(110,149,37,'540777506'),(111,152,37,'987436'),(112,153,37,'Hoshan Group Ltd'),(113,149,38,'541191226'),(114,153,38,'VEIOaQYqZM'),(116,149,39,'506674710'),(117,153,39,'hoshan'),(118,151,40,'markting'),(119,153,40,'hoshan'),(120,149,41,'561622239'),(121,151,41,'boss'),(122,153,41,'hoshan'),(124,149,42,'501017501'),(125,151,42,'Director'),(126,152,42,'123'),(127,153,42,'Xvisorry'),(128,149,43,'989898989'),(129,151,43,'Business Analyst '),(130,153,43,'Godrej '),(131,149,44,'597592221'),(132,153,44,'AljabrICT'),(134,149,46,'540029245'),(135,153,46,'Hoshan'),(136,153,47,'Godrej'),(137,153,48,'HO'),(138,153,49,'g'),(139,149,50,'5822257999'),(140,151,50,'manger'),(141,153,50,'Hoshan'),(142,149,51,'540777506'),(143,151,51,'Jude'),(144,152,51,'2145221452'),(145,153,51,'Jude'),(146,149,52,'506674710'),(147,153,52,'hoshan'),(148,149,53,'593017386'),(149,151,53,'Operations Director'),(150,153,53,'Hoshan Co, Ltd.'),(176,149,57,'345353121'),(169,151,57,'Website admin'),(170,153,57,'Worx'),(181,149,61,'23'),(182,151,61,'dafd'),(183,152,61,'sdfdsf'),(184,153,61,'mmm');

--
-- Table structure for table `customer_form_attribute`
--

CREATE TABLE `customer_form_attribute` (
  `form_code` varchar(32) NOT NULL COMMENT 'Form Code',
  `attribute_id` smallint(5) unsigned NOT NULL COMMENT 'Attribute ID',
  PRIMARY KEY (`form_code`,`attribute_id`),
  KEY `CUSTOMER_FORM_ATTRIBUTE_ATTRIBUTE_ID` (`attribute_id`),
  CONSTRAINT `CUSTOMER_FORM_ATTRIBUTE_ATTRIBUTE_ID_EAV_ATTRIBUTE_ATTRIBUTE_ID` FOREIGN KEY (`attribute_id`) REFERENCES `eav_attribute` (`attribute_id`) ON DELETE CASCADE
) ENGINE=InnoDB DEFAULT CHARSET=utf8 COMMENT='Customer Form Attribute';

--
-- Dumping data for table `customer_form_attribute`
--

INSERT INTO `customer_form_attribute` VALUES ('adminhtml_customer',1),('adminhtml_customer',3),('adminhtml_customer',4),('customer_account_create',4),('customer_account_edit',4),('adminhtml_customer',5),('customer_account_create',5),('customer_account_edit',5),('adminhtml_customer',6),('customer_account_create',6),('customer_account_edit',6),('adminhtml_customer',7),('customer_account_create',7),('customer_account_edit',7),('adminhtml_customer',8),('customer_account_create',8),('customer_account_edit',8),('adminhtml_checkout',9),('adminhtml_customer',9),('customer_account_create',9),('customer_account_edit',9),('adminhtml_checkout',10),('adminhtml_customer',10),('adminhtml_checkout',11),('adminhtml_customer',11),('customer_account_create',11),('customer_account_edit',11),('adminhtml_checkout',17),('adminhtml_customer',17),('customer_account_create',17),('customer_account_edit',17),('adminhtml_customer',19),('customer_account_create',19),('customer_account_edit',19),('adminhtml_checkout',20),('adminhtml_customer',20),('customer_account_create',20),('customer_account_edit',20),('adminhtml_customer',21),('adminhtml_customer_address',22),('customer_address_edit',22),('customer_register_address',22),('adminhtml_customer_address',23),('customer_address_edit',23),('customer_register_address',23),('adminhtml_customer_address',24),('customer_address_edit',24),('customer_register_address',24),('adminhtml_customer_address',25),('customer_address_edit',25),('customer_register_address',25),('adminhtml_customer_address',26),('customer_address_edit',26),('customer_register_address',26),('adminhtml_customer_address',27),('customer_address_edit',27),('customer_register_address',27),('adminhtml_customer_address',28),('customer_address_edit',28),('customer_register_address',28),('adminhtml_customer_address',29),('customer_address_edit',29),('customer_register_address',29),('adminhtml_customer_address',30),('customer_address_edit',30),('customer_register_address',30),('adminhtml_customer_address',31),('customer_address_edit',31),('customer_register_address',31),('adminhtml_customer_address',32),('customer_address_edit',32),('customer_register_address',32),('adminhtml_customer_address',33),('customer_address_edit',33),('customer_register_address',33),('adminhtml_customer_address',34),('customer_address_edit',34),('customer_register_address',34),('adminhtml_customer_address',35),('customer_address_edit',35),('customer_register_address',35),('adminhtml_customer_address',36),('customer_address_edit',36),('customer_register_address',36),('adminhtml_checkout',149),('adminhtml_customer',149),('checkout_register',149),('customer_account_create',149),('customer_account_edit',149),('adminhtml_customer',151),('customer_account_create',151),('customer_account_edit',151),('adminhtml_customer',152),('customer_account_create',152),('customer_account_edit',152),('adminhtml_customer',153),('customer_account_create',153),('customer_account_edit',153),('adminhtml_customer_address',297),('customer_address_edit',297),('customer_register_address',297),('adminhtml_customer_address',298),('customer_address_edit',298),('customer_register_address',298),('adminhtml_customer',311);

--
-- Table structure for table `customer_grid_flat`
--

CREATE TABLE `customer_grid_flat` (
  `entity_id` int(10) unsigned NOT NULL COMMENT 'Entity ID',
  `name` text COMMENT 'Name',
  `email` varchar(255) DEFAULT NULL COMMENT 'Email',
  `group_id` int(11) DEFAULT NULL COMMENT 'Group_id',
  `created_at` timestamp NULL DEFAULT NULL COMMENT 'Created_at',
  `website_id` int(11) DEFAULT NULL COMMENT 'Website_id',
  `confirmation` varchar(255) DEFAULT NULL COMMENT 'Confirmation',
  `created_in` text COMMENT 'Created_in',
  `dob` date DEFAULT NULL COMMENT 'Dob',
  `gender` int(11) DEFAULT NULL COMMENT 'Gender',
  `taxvat` varchar(255) DEFAULT NULL COMMENT 'Taxvat',
  `lock_expires` timestamp NULL DEFAULT NULL COMMENT 'Lock_expires',
  `mobilenumber` varchar(255) DEFAULT NULL COMMENT 'Mobilenumber',
  `cposition` varchar(255) DEFAULT NULL COMMENT 'Cposition',
  `crumber` varchar(255) DEFAULT NULL COMMENT 'Crumber',
  `cname` varchar(255) DEFAULT NULL COMMENT 'Cname',
  `shipping_full` text COMMENT 'Shipping_full',
  `billing_full` text COMMENT 'Billing_full',
  `billing_firstname` varchar(255) DEFAULT NULL COMMENT 'Billing_firstname',
  `billing_lastname` varchar(255) DEFAULT NULL COMMENT 'Billing_lastname',
  `billing_telephone` varchar(255) DEFAULT NULL COMMENT 'Billing_telephone',
  `billing_postcode` varchar(255) DEFAULT NULL COMMENT 'Billing_postcode',
  `billing_country_id` varchar(255) DEFAULT NULL COMMENT 'Billing_country_id',
  `billing_region` varchar(255) DEFAULT NULL COMMENT 'Billing_region',
  `billing_region_id` int(11) DEFAULT NULL COMMENT 'Billing_region_id',
  `billing_street` varchar(255) DEFAULT NULL COMMENT 'Billing_street',
  `billing_city` varchar(255) DEFAULT NULL COMMENT 'Billing_city',
  `billing_fax` varchar(255) DEFAULT NULL COMMENT 'Billing_fax',
  `billing_vat_id` varchar(255) DEFAULT NULL COMMENT 'Billing_vat_id',
  `billing_company` varchar(255) DEFAULT NULL COMMENT 'Billing_company',
  PRIMARY KEY (`entity_id`),
  KEY `CUSTOMER_GRID_FLAT_GROUP_ID` (`group_id`),
  KEY `CUSTOMER_GRID_FLAT_CREATED_AT` (`created_at`),
  KEY `CUSTOMER_GRID_FLAT_WEBSITE_ID` (`website_id`),
  KEY `CUSTOMER_GRID_FLAT_CONFIRMATION` (`confirmation`),
  KEY `CUSTOMER_GRID_FLAT_DOB` (`dob`),
  KEY `CUSTOMER_GRID_FLAT_GENDER` (`gender`),
  KEY `CUSTOMER_GRID_FLAT_BILLING_COUNTRY_ID` (`billing_country_id`),
  FULLTEXT KEY `FTI_8746F705702DD5F6D45B8C7CE7FE9F2F` (`name`,`email`,`created_in`,`taxvat`,`shipping_full`,`billing_full`,`billing_firstname`,`billing_lastname`,`billing_telephone`,`billing_postcode`,`billing_region`,`billing_city`,`billing_fax`,`billing_company`)
) ENGINE=InnoDB DEFAULT CHARSET=utf8 COMMENT='customer_grid_flat';

--
-- Dumping data for table `customer_grid_flat`
--

INSERT INTO `customer_grid_flat` VALUES (1,'Samir 987654321','johndev10@mailinator.com',1,'2021-01-23 11:14:39',1,NULL,'Default Store View',NULL,0,NULL,NULL,'123456789','Project Manger ','c2rswrf','ecom','test\nkPOZCI64H4 vadodara test 12345','test\nkPOZCI64H4 vadodara test 12345','web','dev','987654321','12345','SA','test',0,'test\nkPOZCI64H4','vadodara',NULL,NULL,'VEIOaQYqZM'),(2,'web 9876543219','dev.shabaan@gmail.com',1,'2021-01-27 05:30:03',1,NULL,'Default Store View',NULL,0,NULL,NULL,'123452345','rtg','ere','VEIOaQYqZM','Rouwais Dist., P.O.Box: 16488, Jeddah, Khaybar.Saudi Arabia, SA Saudi Arabia','Rouwais Dist., P.O.Box: 16488, Jeddah, Khaybar.Saudi Arabia, SA Saudi Arabia','Showrooms','Saudi Arabia','987654321',NULL,'SA',NULL,0,'Rouwais Dist., P.O.Box: 16488, Jeddah, Khaybar.Saudi Arabia, SA','Saudi Arabia',NULL,NULL,NULL),(4,'web dev','johndes10@example.com',1,'2021-01-28 06:48:30',1,NULL,'Default Store View',NULL,NULL,NULL,NULL,NULL,NULL,NULL,NULL,'','',NULL,NULL,NULL,NULL,NULL,NULL,NULL,NULL,NULL,NULL,NULL,NULL),(7,'web dev','johndev1780@example.com',1,'2021-01-28 12:24:27',1,NULL,'Default Store View',NULL,NULL,NULL,NULL,'987654321','yyu','fdtd','VEIOaQYqZM','','',NULL,NULL,NULL,NULL,NULL,NULL,NULL,NULL,NULL,NULL,NULL,NULL),(8,'YJZb5N389m xdeNkZYNag','johndev10efsfw@example.com',1,'2021-01-28 12:28:13',1,NULL,'Default Store View',NULL,NULL,NULL,NULL,'0860880274','UMBowizBa7','nGA9iZw714','ZtVnJcFyDH','','',NULL,NULL,NULL,NULL,NULL,NULL,NULL,NULL,NULL,NULL,NULL,NULL),(9,'web dev','johndev10ew@exdsdample.com',1,'2021-01-28 12:34:29',1,NULL,'Default Store View',NULL,NULL,NULL,NULL,'9974291828','TcLq7kLgYl','MithGSi0Og','VEIOaQYqZM','','',NULL,NULL,NULL,NULL,NULL,NULL,NULL,NULL,NULL,NULL,NULL,NULL),(10,'<p>hinal</p> darji','johndev107@example.com',1,'2021-02-01 05:37:15',1,NULL,'Default Store View',NULL,0,NULL,NULL,'1234567890',NULL,NULL,'slx','','',NULL,NULL,NULL,NULL,NULL,NULL,NULL,NULL,NULL,NULL,NULL,NULL),(12,'web dev','johndev1sd0ew@example.com',1,'2021-02-01 10:59:08',1,NULL,'Default Store View',NULL,NULL,NULL,NULL,'8490817344',NULL,NULL,'VEIOaQYqZM','','',NULL,NULL,NULL,NULL,NULL,NULL,NULL,NULL,NULL,NULL,NULL,NULL),(13,'web dev','johndev10@e32xample.com',1,'2021-02-01 11:33:17',1,NULL,'Default Store View',NULL,NULL,NULL,NULL,'9898794572','test','test','VEIOaQYqZM','','',NULL,NULL,NULL,NULL,NULL,NULL,NULL,NULL,NULL,NULL,NULL,NULL),(15,'test test qa','test1@yopmail.com',1,'2021-03-17 12:09:49',1,NULL,'English',NULL,NULL,NULL,NULL,'987654320',NULL,NULL,NULL,'Test test','Test test','test','test','434627864',NULL,'SA',NULL,0,'Test','test',NULL,NULL,NULL),(17,'Lorem Ipsum','loremipsum@yopmail.com',1,'2021-04-22 05:35:04',1,NULL,'English',NULL,0,NULL,NULL,NULL,NULL,NULL,NULL,'Salama Dist Jeddah Salama Dist. Jeddah 11991','Salama Dist Jeddah Salama Dist. Jeddah 11991','Lorem','Ipsum','00966 2 0000420','11991','SA','Jeddah',0,'Salama Dist','Jeddah Salama Dist.',NULL,NULL,NULL),(22,'mark will','test3@yopmail.com',1,'2021-05-12 10:49:26',1,NULL,'English',NULL,0,NULL,NULL,NULL,NULL,NULL,NULL,'','',NULL,NULL,NULL,NULL,NULL,NULL,NULL,NULL,NULL,NULL,NULL,NULL),(26,'Abdulrahman Kabalan','abed.kabalan@gmail.com',1,'2021-05-21 15:48:47',1,NULL,'English',NULL,NULL,NULL,NULL,'598041901',NULL,NULL,'Hoshan','3 d a','3 d a','Abdulrahman','Kabalan','333',NULL,'SA','a',0,'3','d',NULL,NULL,NULL),(28,'Anurag Tiwari','sureshkumar.konda@gmail.com',1,'2021-06-04 06:54:13',1,NULL,'English',NULL,0,NULL,NULL,'561191223',NULL,NULL,'GITL','Test \nTest Arar','Test \nTest Arar','Anurag','Tiwari','9898989898',NULL,'SA',NULL,0,'Test \nTest','Arar',NULL,NULL,NULL),(29,'Jon Doe','webdev25@mailinator.com',1,'2015-10-30 12:49:47',1,NULL,'Default Store View',NULL,NULL,NULL,NULL,'541191228','Project Manger ','c2rswrf','ecom','Rouwais Dist., P.O.Box: 16488, Jeddah, Khaybar.Saudi Arabia, SA Saudi Arabia 391440','Rouwais Dist., P.O.Box: 16488, Jeddah, Khaybar.Saudi Arabia, SA Saudi Arabia 391440','Showrooms','Doe','987654321','391440','SA',NULL,0,'Rouwais Dist., P.O.Box: 16488, Jeddah, Khaybar.Saudi Arabia, SA','Saudi Arabia',NULL,NULL,NULL),(30,'Jon Doe','jondoe@example.com',1,'2016-04-19 12:55:51',1,NULL,'Admin','2016-04-19',1,NULL,NULL,'541191228','Project Manger ','c2rswrf','ecom','Office 208\nSecond Floor\nAl Khozama Centre\nOlaya main road Campbell Riyadh 95008','Office 208\nSecond Floor\nAl Khozama Centre\nOlaya main road Campbell Riyadh 95008','Jon','Doe','123456789','95008','SA','Riyadh',NULL,'Office 208\nSecond Floor\nAl Khozama Centre\nOlaya main road','Campbell',NULL,NULL,NULL),(31,'Ankita Srivastava','asrivastava638@gmail.comn',1,'2021-08-25 08:21:21',1,NULL,'English',NULL,NULL,NULL,NULL,'549239874','QA','43545','worx','','',NULL,NULL,NULL,NULL,NULL,NULL,NULL,NULL,NULL,NULL,NULL,NULL),(32,'N Venkat N','venkateshwdsdfarlu@gmail.com',1,'2021-09-15 06:51:58',1,NULL,'English',NULL,0,NULL,NULL,'81257834002',NULL,NULL,NULL,'test one addr Hyderabad Northern Territory 0872','test one addr Hyderabad Northern Territory 0872','Venkat','N','08125783400','0872','SA','Northern Territory',0,'test one addr','Hyderabad',NULL,NULL,NULL),(33,'fai alduhaim','fai.90@hotmail.com',1,'2021-09-15 12:09:43',1,NULL,'English',NULL,NULL,NULL,NULL,'582225799','marketing ',NULL,'alhoshan','2077, Al Urubah Road, Riyadh Ar-Riyad','2077, Al Urubah Road, Riyadh Ar-Riyad','fai','alduhaim','0582225799',NULL,'SA',NULL,0,'2077, Al Urubah Road, Riyadh','Ar-Riyad',NULL,NULL,NULL),(36,'fai alduhaim','falduhaim@hoshangroup.com',1,'2021-10-04 12:54:02',1,NULL,'English',NULL,NULL,NULL,NULL,NULL,NULL,NULL,'hoshan','Quai Al-Quwaiyah Riyadh Province 19970','Quai Al-Quwaiyah Riyadh Province 19970','fai','alduhaim','0555555555','19970','SA','Riyadh Province',0,'Quai','Al-Quwaiyah',NULL,NULL,NULL),(37,'Ashraf Shafie','ashafie@hoshangroup.com',1,'2021-10-06 08:01:46',1,NULL,'English',NULL,NULL,NULL,NULL,'540777506',NULL,'987436','Hoshan Group Ltd','Quai Al-Quwaiyah Riyadh Province 19970','Quai Al-Quwaiyah Riyadh Province 19970','Ashraf','Shafie','0640777506','19970','SA','Riyadh Province',0,'Quai','Al-Quwaiyah',NULL,NULL,NULL),(38,'web dev','johndev13@mailinator.com',1,'2021-10-11 13:10:32',1,NULL,'English',NULL,0,NULL,NULL,'541191226',NULL,NULL,'VEIOaQYqZM','طحي\nkPOZCI64H4 القويعية منطقة الرياض 19970','طحي\nkPOZCI64H4 القويعية منطقة الرياض 19970','web','dev','987654321','19970','SA','منطقة الرياض',0,'طحي\nkPOZCI64H4','القويعية',NULL,NULL,NULL),(39,'fay otaibi','fayotaibi@gmail.com',1,'2021-10-17 09:09:28',1,NULL,'English',NULL,NULL,NULL,NULL,'506674710',NULL,NULL,'hoshan','8453, King Fahd Road, Riyadh Ar-Riyad Riyadh Province 12213','8453, King Fahd Road, Riyadh Ar-Riyad Riyadh Province 12213','fai','otaibi','0506674710','12213','SA','Riyadh Province',0,'8453, King Fahd Road, Riyadh','Ar-Riyad',NULL,NULL,NULL),(40,'fai alduhaim','fai.90@icloud.com',1,'2021-10-19 07:11:42',1,NULL,'English',NULL,NULL,NULL,NULL,NULL,'markting',NULL,'hoshan','KIMD Riyadh','KIMD Riyadh','fai','alduhaim','0582225799',NULL,'SA',NULL,0,'KIMD','Riyadh',NULL,NULL,NULL),(41,'fai alduhaim','abeer.hoshan@hotmail.com',1,'2021-10-19 07:49:14',1,NULL,'English',NULL,NULL,NULL,NULL,'561622239','boss',NULL,'hoshan','Quai Al-Quwaiyah Riyadh Province 19970','Quai Al-Quwaiyah Riyadh Province 19970','fai','alduhaim','0582225799','19970','SA','Riyadh Province',0,'Quai','Al-Quwaiyah',NULL,NULL,NULL),(42,'أحمد نمر','ahmed.nimer@xvisory.sa',1,'2021-11-06 09:21:03',1,NULL,'عربي',NULL,NULL,NULL,NULL,'501017501','Director','123','Xvisorry','Quai Al-Quwaiyah Riyadh Province 19970','Quai Al-Quwaiyah Riyadh Province 19970','أحمد','نمر','111111111','19970','SA','Riyadh Province',0,'Quai','Al-Quwaiyah',NULL,NULL,NULL),(43,'Anurag Tiwari','tanurag@godrej.com',1,'2021-11-09 10:30:30',1,NULL,'English',NULL,NULL,NULL,NULL,'989898989','Business Analyst ',NULL,'Godrej ','Ar Ruwaidhah Al-Quwaiyah Riyadh Province 19214','Ar Ruwaidhah Al-Quwaiyah Riyadh Province 19214','Anurag','Tiwari','898989898','19214','SA','Riyadh Province',0,'Ar Ruwaidhah','Al-Quwaiyah',NULL,NULL,NULL),(44,'ahmed aljabr','Ahmed@aljabr.sa',1,'2021-11-14 12:22:27',1,NULL,'English',NULL,NULL,NULL,NULL,'597592221',NULL,NULL,'AljabrICT','','',NULL,NULL,NULL,NULL,NULL,NULL,NULL,NULL,NULL,NULL,NULL,NULL),(45,'Ashu Sharma','aasharma@godrej.com',1,'2021-11-17 10:17:49',1,NULL,'English',NULL,0,NULL,NULL,NULL,NULL,NULL,NULL,'Quai Al-Quwaiyah Riyadh Province 19970','Quai Al-Quwaiyah Riyadh Province 19970','Ashu','Sharma','98888888','19970','SA','Riyadh Province',0,'Quai','Al-Quwaiyah',NULL,NULL,NULL),(46,'Abdulrahman Kabalan','akabalan@hoshangroup.com',1,'2021-11-29 13:42:25',1,NULL,'English',NULL,NULL,NULL,NULL,'540029245',NULL,NULL,'Hoshan','Quai Al-Quwaiyah Riyadh Province 19970','Quai Al-Quwaiyah Riyadh Province 19970','Abdulrahman','Kabalan','0540029245','19970','SA','Riyadh Province',0,'Quai','Al-Quwaiyah',NULL,NULL,NULL),(47,'ANurag Tiwari','anuragt@godrej.com',1,'2021-12-02 12:22:44',1,NULL,'English',NULL,NULL,NULL,NULL,NULL,NULL,NULL,'Godrej','','',NULL,NULL,NULL,NULL,NULL,NULL,NULL,NULL,NULL,NULL,NULL,NULL),(48,'Abdulrahman Kabalaln','example@example.com',1,'2021-12-02 12:22:45',1,NULL,'English',NULL,NULL,NULL,NULL,NULL,NULL,NULL,'HO','','',NULL,NULL,NULL,NULL,NULL,NULL,NULL,NULL,NULL,NULL,NULL,NULL),(49,'affr yyh','example2@example.com',1,'2021-12-02 16:42:04',1,NULL,'English',NULL,NULL,NULL,NULL,NULL,NULL,NULL,'g','','',NULL,NULL,NULL,NULL,NULL,NULL,NULL,NULL,NULL,NULL,NULL,NULL),(50,'fai alduhaim','fvi.90@outlook.com',1,'2021-12-07 08:32:42',1,NULL,'English',NULL,NULL,NULL,NULL,'5822257999','manger',NULL,'Hoshan','','',NULL,NULL,NULL,NULL,NULL,NULL,NULL,NULL,NULL,NULL,NULL,NULL),(51,'Jude Jude','ashraf.shafie@gmail.com',1,'2021-12-07 11:49:41',1,NULL,'English',NULL,NULL,NULL,NULL,'540777506','Jude','2145221452','Jude','','',NULL,NULL,NULL,NULL,NULL,NULL,NULL,NULL,NULL,NULL,NULL,NULL),(52,'fai otaibi','falotaibi@hoshangroup.com',1,'2021-12-08 10:44:29',1,NULL,'English',NULL,NULL,NULL,NULL,'506674710',NULL,NULL,'hoshan','Quai Al-Quwaiyah Riyadh Province 19970','Quai Al-Quwaiyah Riyadh Province 19970','fai','otaibi','0506674710','19970','SA','Riyadh Province',0,'Quai','Al-Quwaiyah',NULL,NULL,NULL),(53,'Mohamed Sami','msami@hoshangroup.com',1,'2021-12-10 11:25:40',1,NULL,'English',NULL,NULL,NULL,NULL,'593017386','Operations Director',NULL,'Hoshan Co, Ltd.','','',NULL,NULL,NULL,NULL,NULL,NULL,NULL,NULL,NULL,NULL,NULL,NULL),(57,'Mohamed q Amer','m.amer81993@gmail.com',1,'2022-05-16 07:58:25',1,NULL,'English',NULL,0,NULL,NULL,'345353121','Website admin',NULL,'Worx','121 123123','121 123123','Mohamed','Amer','345',NULL,'SA',NULL,0,'121','123123',NULL,NULL,NULL),(58,'Test Worx2','test@worx.qcom',1,'2022-05-17 09:59:09',1,NULL,'عربي',NULL,0,NULL,NULL,NULL,NULL,NULL,NULL,'','',NULL,NULL,NULL,NULL,NULL,NULL,NULL,NULL,NULL,NULL,NULL,NULL),(59,'Demo Worx','worx@demo.com',1,'2022-05-17 10:02:31',1,NULL,'عربي',NULL,0,NULL,NULL,NULL,NULL,NULL,NULL,'','',NULL,NULL,NULL,NULL,NULL,NULL,NULL,NULL,NULL,NULL,NULL,NULL),(61,'ohha mmo','mohammad.shabaan@gmail.com',1,'2022-05-24 20:55:51',1,NULL,'English',NULL,NULL,NULL,NULL,'23','dafd','sdfdsf','mmm','yu g','yu g','ohha','mmo','3453',NULL,'SA',NULL,0,'yu','g',NULL,NULL,NULL);

--
-- Table structure for table `customer_group`
--

CREATE TABLE `customer_group` (
  `customer_group_id` int(10) unsigned NOT NULL AUTO_INCREMENT,
  `customer_group_code` varchar(32) NOT NULL COMMENT 'Customer Group Code',
  `tax_class_id` int(10) unsigned NOT NULL DEFAULT '0' COMMENT 'Tax Class ID',
  PRIMARY KEY (`customer_group_id`)
) ENGINE=InnoDB AUTO_INCREMENT=6 DEFAULT CHARSET=utf8 COMMENT='Customer Group';

--
-- Dumping data for table `customer_group`
--

INSERT INTO `customer_group` VALUES (0,'NOT LOGGED IN',3),(1,'General',3),(2,'Wholesale',3),(3,'Retailer',3),(4,'Premium Customer',3),(5,'Gold Customer',3);

--
-- Table structure for table `customer_log`
--

CREATE TABLE `customer_log` (
  `log_id` int(11) NOT NULL AUTO_INCREMENT COMMENT 'Log ID',
  `customer_id` int(11) NOT NULL COMMENT 'Customer ID',
  `last_login_at` timestamp NULL DEFAULT NULL COMMENT 'Last Login Time',
  `last_logout_at` timestamp NULL DEFAULT NULL COMMENT 'Last Logout Time',
  PRIMARY KEY (`log_id`),
  UNIQUE KEY `CUSTOMER_LOG_CUSTOMER_ID` (`customer_id`)
) ENGINE=InnoDB AUTO_INCREMENT=2039 DEFAULT CHARSET=utf8 COMMENT='Customer Log Table';

--
-- Dumping data for table `customer_log`
--

INSERT INTO `customer_log` VALUES (1,1,'2022-06-23 13:32:30','2021-12-24 05:03:00'),(3,2,'2022-05-26 11:33:17','2022-05-26 10:45:28'),(8,3,'2021-04-22 11:06:57','2021-04-22 11:06:34'),(12,4,'2021-01-28 06:48:48','2021-01-28 06:49:07'),(15,5,'2021-01-28 08:19:51','2021-01-28 08:20:10'),(23,6,'2021-01-28 08:23:57','2021-01-28 08:24:32'),(27,7,'2021-01-28 12:24:35','2021-01-28 12:34:48'),(28,8,'2021-01-28 12:28:16','2021-01-28 12:28:29'),(30,9,'2021-02-01 11:30:58','2021-02-01 11:31:11'),(75,10,'2021-02-01 05:37:29','2021-02-01 05:38:22'),(91,11,'2021-02-01 10:25:33','2021-02-01 10:25:43'),(97,12,'2021-02-01 11:06:02','2021-02-01 11:06:41'),(109,13,'2021-02-01 11:33:20',NULL),(204,15,'2021-03-17 12:28:38','2021-03-17 12:27:49'),(318,16,'2021-05-26 13:00:06','2021-05-26 11:50:46'),(353,17,'2021-04-26 17:06:20',NULL),(401,18,'2021-05-04 10:15:07','2021-05-04 10:56:07'),(427,19,'2021-05-05 04:38:23',NULL),(428,20,'2021-09-12 10:39:29','2021-08-29 13:09:16'),(433,21,'2021-10-22 13:24:03','2021-10-20 14:09:36'),(455,23,'2021-05-17 12:38:27','2021-05-17 12:37:36'),(460,24,'2021-05-27 11:12:29','2021-05-25 08:01:09'),(469,25,'2021-09-01 10:36:06',NULL),(482,26,'2021-12-19 08:17:51','2021-12-19 09:30:27'),(537,27,'2021-06-22 12:42:51','2021-05-31 04:53:50'),(556,28,'2021-11-19 16:46:08','2021-11-18 17:57:47'),(749,29,'2022-06-27 18:59:46','2022-06-14 12:17:03'),(762,31,'2021-08-25 08:21:24','2021-08-25 09:13:16'),(918,32,'2021-09-20 04:37:33','2021-09-17 05:58:04'),(928,33,'2022-05-22 09:17:53','2021-11-11 10:04:42'),(1012,34,'2021-10-04 12:39:00','2021-10-04 12:38:49'),(1024,35,'2021-10-05 08:46:21',NULL),(1035,36,'2021-11-29 13:28:04','2021-11-29 13:31:23'),(1061,37,'2021-12-07 11:54:01','2021-12-06 11:24:58'),(1105,38,'2022-06-17 10:51:54','2021-11-25 09:52:30'),(1172,39,'2021-12-08 12:27:44','2021-12-08 12:18:15'),(1192,40,'2021-10-19 09:41:31','2021-10-19 10:14:36'),(1194,41,'2021-10-19 10:39:13','2021-10-19 10:32:37'),(1344,42,'2021-11-08 02:27:38',NULL),(1372,43,'2021-12-17 04:58:09','2021-12-17 05:03:03'),(1412,44,'2021-12-13 14:45:53',NULL),(1492,45,'2021-12-05 14:43:59','2021-11-23 12:25:14'),(1554,46,'2021-12-15 08:56:40','2021-12-08 15:34:50'),(1619,47,'2021-12-02 12:22:47','2021-12-02 12:23:01'),(1620,48,'2021-12-02 12:22:47','2021-12-02 12:47:38'),(1630,49,'2021-12-02 16:42:05',NULL),(1674,50,'2021-12-07 08:32:45','2021-12-07 09:01:16'),(1685,51,'2021-12-07 11:49:43','2021-12-07 11:50:16'),(1715,52,'2021-12-08 10:51:59','2021-12-08 11:23:03'),(1765,53,'2021-12-10 11:25:42',NULL),(1809,54,'2022-05-09 20:43:34','2021-12-19 09:31:25'),(1957,56,'2022-05-16 07:34:00','2022-05-16 07:19:35'),(1963,57,'2022-06-30 11:00:40','2022-06-19 09:12:43'),(2038,61,'2022-06-15 09:42:25','2022-06-15 09:51:53');

--
-- Table structure for table `customer_short_url`
--

CREATE TABLE `customer_short_url` (
  `id` int(10) unsigned NOT NULL AUTO_INCREMENT COMMENT 'ID',
  `cust_id` int(11) DEFAULT NULL COMMENT 'Customer Id',
  `url_type` varchar(255) DEFAULT NULL COMMENT 'URL Type',
  `url_key` varchar(255) DEFAULT NULL COMMENT 'URL Short Key',
  `full_url` text COMMENT 'URL Full Path',
  `created_at` timestamp NOT NULL DEFAULT CURRENT_TIMESTAMP COMMENT 'Created At',
  PRIMARY KEY (`id`)
) ENGINE=InnoDB DEFAULT CHARSET=utf8 COMMENT='customer_short_url';

--
-- Dumping data for table `customer_short_url`
--


--
-- Table structure for table `design_change`
--

CREATE TABLE `design_change` (
  `design_change_id` int(11) NOT NULL AUTO_INCREMENT COMMENT 'Design Change ID',
  `store_id` smallint(5) unsigned NOT NULL DEFAULT '0' COMMENT 'Store ID',
  `design` varchar(255) DEFAULT NULL COMMENT 'Design',
  `date_from` date DEFAULT NULL COMMENT 'First Date of Design Activity',
  `date_to` date DEFAULT NULL COMMENT 'Last Date of Design Activity',
  PRIMARY KEY (`design_change_id`),
  KEY `DESIGN_CHANGE_STORE_ID` (`store_id`),
  CONSTRAINT `DESIGN_CHANGE_STORE_ID_STORE_STORE_ID` FOREIGN KEY (`store_id`) REFERENCES `store` (`store_id`) ON DELETE CASCADE
) ENGINE=InnoDB DEFAULT CHARSET=utf8 COMMENT='Design Changes';

--
-- Dumping data for table `design_change`
--


--
-- Table structure for table `design_config_grid_flat`
--

CREATE TABLE `design_config_grid_flat` (
  `entity_id` int(10) unsigned NOT NULL COMMENT 'Entity ID',
  `store_website_id` int(11) DEFAULT NULL COMMENT 'Store_website_id',
  `store_group_id` int(11) DEFAULT NULL COMMENT 'Store_group_id',
  `store_id` int(11) DEFAULT NULL COMMENT 'Store_id',
  `theme_theme_id` varchar(255) DEFAULT NULL COMMENT 'Theme_theme_id',
  PRIMARY KEY (`entity_id`),
  KEY `DESIGN_CONFIG_GRID_FLAT_STORE_WEBSITE_ID` (`store_website_id`),
  KEY `DESIGN_CONFIG_GRID_FLAT_STORE_GROUP_ID` (`store_group_id`),
  KEY `DESIGN_CONFIG_GRID_FLAT_STORE_ID` (`store_id`),
  FULLTEXT KEY `DESIGN_CONFIG_GRID_FLAT_THEME_THEME_ID` (`theme_theme_id`)
) ENGINE=InnoDB DEFAULT CHARSET=utf8 COMMENT='design_config_grid_flat';

--
-- Dumping data for table `design_config_grid_flat`
--

INSERT INTO `design_config_grid_flat` VALUES (0,NULL,NULL,NULL,'7'),(1,1,NULL,NULL,'7'),(2,1,1,1,'7'),(3,1,1,2,'7');

--
-- Table structure for table `directory_country`
--

CREATE TABLE `directory_country` (
  `country_id` varchar(2) NOT NULL COMMENT 'Country ID in ISO-2',
  `iso2_code` varchar(2) DEFAULT NULL COMMENT 'Country ISO-2 format',
  `iso3_code` varchar(3) DEFAULT NULL COMMENT 'Country ISO-3',
  PRIMARY KEY (`country_id`)
) ENGINE=InnoDB DEFAULT CHARSET=utf8 COMMENT='Directory Country';

--
-- Dumping data for table `directory_country`
--

INSERT INTO `directory_country` VALUES ('AD','AD','AND'),('AE','AE','ARE'),('AF','AF','AFG'),('AG','AG','ATG'),('AI','AI','AIA'),('AL','AL','ALB'),('AM','AM','ARM'),('AN','AN','ANT'),('AO','AO','AGO'),('AQ','AQ','ATA'),('AR','AR','ARG'),('AS','AS','ASM'),('AT','AT','AUT'),('AU','AU','AUS'),('AW','AW','ABW'),('AX','AX','ALA'),('AZ','AZ','AZE'),('BA','BA','BIH'),('BB','BB','BRB'),('BD','BD','BGD'),('BE','BE','BEL'),('BF','BF','BFA'),('BG','BG','BGR'),('BH','BH','BHR'),('BI','BI','BDI'),('BJ','BJ','BEN'),('BL','BL','BLM'),('BM','BM','BMU'),('BN','BN','BRN'),('BO','BO','BOL'),('BQ','BQ','BES'),('BR','BR','BRA'),('BS','BS','BHS'),('BT','BT','BTN'),('BV','BV','BVT'),('BW','BW','BWA'),('BY','BY','BLR'),('BZ','BZ','BLZ'),('CA','CA','CAN'),('CC','CC','CCK'),('CD','CD','COD'),('CF','CF','CAF'),('CG','CG','COG'),('CH','CH','CHE'),('CI','CI','CIV'),('CK','CK','COK'),('CL','CL','CHL'),('CM','CM','CMR'),('CN','CN','CHN'),('CO','CO','COL'),('CR','CR','CRI'),('CU','CU','CUB'),('CV','CV','CPV'),('CW','CW','CUW'),('CX','CX','CXR'),('CY','CY','CYP'),('CZ','CZ','CZE'),('DE','DE','DEU'),('DJ','DJ','DJI'),('DK','DK','DNK'),('DM','DM','DMA'),('DO','DO','DOM'),('DZ','DZ','DZA'),('EC','EC','ECU'),('EE','EE','EST'),('EG','EG','EGY'),('EH','EH','ESH'),('ER','ER','ERI'),('ES','ES','ESP'),('ET','ET','ETH'),('FI','FI','FIN'),('FJ','FJ','FJI'),('FK','FK','FLK'),('FM','FM','FSM'),('FO','FO','FRO'),('FR','FR','FRA'),('GA','GA','GAB'),('GB','GB','GBR'),('GD','GD','GRD'),('GE','GE','GEO'),('GF','GF','GUF'),('GG','GG','GGY'),('GH','GH','GHA'),('GI','GI','GIB'),('GL','GL','GRL'),('GM','GM','GMB'),('GN','GN','GIN'),('GP','GP','GLP'),('GQ','GQ','GNQ'),('GR','GR','GRC'),('GS','GS','SGS'),('GT','GT','GTM'),('GU','GU','GUM'),('GW','GW','GNB'),('GY','GY','GUY'),('HK','HK','HKG'),('HM','HM','HMD'),('HN','HN','HND'),('HR','HR','HRV'),('HT','HT','HTI'),('HU','HU','HUN'),('ID','ID','IDN'),('IE','IE','IRL'),('IL','IL','ISR'),('IM','IM','IMN'),('IN','IN','IND'),('IO','IO','IOT'),('IQ','IQ','IRQ'),('IR','IR','IRN'),('IS','IS','ISL'),('IT','IT','ITA'),('JE','JE','JEY'),('JM','JM','JAM'),('JO','JO','JOR'),('JP','JP','JPN'),('KE','KE','KEN'),('KG','KG','KGZ'),('KH','KH','KHM'),('KI','KI','KIR'),('KM','KM','COM'),('KN','KN','KNA'),('KP','KP','PRK'),('KR','KR','KOR'),('KW','KW','KWT'),('KY','KY','CYM'),('KZ','KZ','KAZ'),('LA','LA','LAO'),('LB','LB','LBN'),('LC','LC','LCA'),('LI','LI','LIE'),('LK','LK','LKA'),('LR','LR','LBR'),('LS','LS','LSO'),('LT','LT','LTU'),('LU','LU','LUX'),('LV','LV','LVA'),('LY','LY','LBY'),('MA','MA','MAR'),('MC','MC','MCO'),('MD','MD','MDA'),('ME','ME','MNE'),('MF','MF','MAF'),('MG','MG','MDG'),('MH','MH','MHL'),('MK','MK','MKD'),('ML','ML','MLI'),('MM','MM','MMR'),('MN','MN','MNG'),('MO','MO','MAC'),('MP','MP','MNP'),('MQ','MQ','MTQ'),('MR','MR','MRT'),('MS','MS','MSR'),('MT','MT','MLT'),('MU','MU','MUS'),('MV','MV','MDV'),('MW','MW','MWI'),('MX','MX','MEX'),('MY','MY','MYS'),('MZ','MZ','MOZ'),('NA','NA','NAM'),('NC','NC','NCL'),('NE','NE','NER'),('NF','NF','NFK'),('NG','NG','NGA'),('NI','NI','NIC'),('NL','NL','NLD'),('NO','NO','NOR'),('NP','NP','NPL'),('NR','NR','NRU'),('NU','NU','NIU'),('NZ','NZ','NZL'),('OM','OM','OMN'),('PA','PA','PAN'),('PE','PE','PER'),('PF','PF','PYF'),('PG','PG','PNG'),('PH','PH','PHL'),('PK','PK','PAK'),('PL','PL','POL'),('PM','PM','SPM'),('PN','PN','PCN'),('PS','PS','PSE'),('PT','PT','PRT'),('PW','PW','PLW'),('PY','PY','PRY'),('QA','QA','QAT'),('RE','RE','REU'),('RO','RO','ROU'),('RS','RS','SRB'),('RU','RU','RUS'),('RW','RW','RWA'),('SA','SA','SAU'),('SB','SB','SLB'),('SC','SC','SYC'),('SD','SD','SDN'),('SE','SE','SWE'),('SG','SG','SGP'),('SH','SH','SHN'),('SI','SI','SVN'),('SJ','SJ','SJM'),('SK','SK','SVK'),('SL','SL','SLE'),('SM','SM','SMR'),('SN','SN','SEN'),('SO','SO','SOM'),('SR','SR','SUR'),('ST','ST','STP'),('SV','SV','SLV'),('SX','SX','SXM'),('SY','SY','SYR'),('SZ','SZ','SWZ'),('TC','TC','TCA'),('TD','TD','TCD'),('TF','TF','ATF'),('TG','TG','TGO'),('TH','TH','THA'),('TJ','TJ','TJK'),('TK','TK','TKL'),('TL','TL','TLS'),('TM','TM','TKM'),('TN','TN','TUN'),('TO','TO','TON'),('TR','TR','TUR'),('TT','TT','TTO'),('TV','TV','TUV'),('TW','TW','TWN'),('TZ','TZ','TZA'),('UA','UA','UKR'),('UG','UG','UGA'),('UM','UM','UMI'),('US','US','USA'),('UY','UY','URY'),('UZ','UZ','UZB'),('VA','VA','VAT'),('VC','VC','VCT'),('VE','VE','VEN'),('VG','VG','VGB'),('VI','VI','VIR'),('VN','VN','VNM'),('VU','VU','VUT'),('WF','WF','WLF'),('WS','WS','WSM'),('XK','XK','XKX'),('YE','YE','YEM'),('YT','YT','MYT'),('ZA','ZA','ZAF'),('ZM','ZM','ZMB'),('ZW','ZW','ZWE');

--
-- Table structure for table `directory_country_format`
--

CREATE TABLE `directory_country_format` (
  `country_format_id` int(10) unsigned NOT NULL AUTO_INCREMENT COMMENT 'Country Format ID',
  `country_id` varchar(2) DEFAULT NULL COMMENT 'Country ID in ISO-2',
  `type` varchar(30) DEFAULT NULL COMMENT 'Country Format Type',
  `format` text NOT NULL COMMENT 'Country Format',
  PRIMARY KEY (`country_format_id`),
  UNIQUE KEY `DIRECTORY_COUNTRY_FORMAT_COUNTRY_ID_TYPE` (`country_id`,`type`)
) ENGINE=InnoDB DEFAULT CHARSET=utf8 COMMENT='Directory Country Format';

--
-- Dumping data for table `directory_country_format`
--


--
-- Table structure for table `directory_country_region`
--

CREATE TABLE `directory_country_region` (
  `region_id` int(10) unsigned NOT NULL AUTO_INCREMENT COMMENT 'Region ID',
  `country_id` varchar(4) NOT NULL DEFAULT '0' COMMENT 'Country ID in ISO-2',
  `code` varchar(32) DEFAULT NULL COMMENT 'Region code',
  `default_name` varchar(255) DEFAULT NULL COMMENT 'Region Name',
  PRIMARY KEY (`region_id`),
  KEY `DIRECTORY_COUNTRY_REGION_COUNTRY_ID` (`country_id`)
) ENGINE=InnoDB AUTO_INCREMENT=840 DEFAULT CHARSET=utf8 COMMENT='Directory Country Region';

--
-- Dumping data for table `directory_country_region`
--

INSERT INTO `directory_country_region` VALUES (1,'US','AL','Alabama'),(2,'US','AK','Alaska'),(3,'US','AS','American Samoa'),(4,'US','AZ','Arizona'),(5,'US','AR','Arkansas'),(6,'US','AE','Armed Forces Africa'),(7,'US','AA','Armed Forces Americas'),(8,'US','AE','Armed Forces Canada'),(9,'US','AE','Armed Forces Europe'),(10,'US','AE','Armed Forces Middle East'),(11,'US','AP','Armed Forces Pacific'),(12,'US','CA','California'),(13,'US','CO','Colorado'),(14,'US','CT','Connecticut'),(15,'US','DE','Delaware'),(16,'US','DC','District of Columbia'),(17,'US','FM','Federated States Of Micronesia'),(18,'US','FL','Florida'),(19,'US','GA','Georgia'),(20,'US','GU','Guam'),(21,'US','HI','Hawaii'),(22,'US','ID','Idaho'),(23,'US','IL','Illinois'),(24,'US','IN','Indiana'),(25,'US','IA','Iowa'),(26,'US','KS','Kansas'),(27,'US','KY','Kentucky'),(28,'US','LA','Louisiana'),(29,'US','ME','Maine'),(30,'US','MH','Marshall Islands'),(31,'US','MD','Maryland'),(32,'US','MA','Massachusetts'),(33,'US','MI','Michigan'),(34,'US','MN','Minnesota'),(35,'US','MS','Mississippi'),(36,'US','MO','Missouri'),(37,'US','MT','Montana'),(38,'US','NE','Nebraska'),(39,'US','NV','Nevada'),(40,'US','NH','New Hampshire'),(41,'US','NJ','New Jersey'),(42,'US','NM','New Mexico'),(43,'US','NY','New York'),(44,'US','NC','North Carolina'),(45,'US','ND','North Dakota'),(46,'US','MP','Northern Mariana Islands'),(47,'US','OH','Ohio'),(48,'US','OK','Oklahoma'),(49,'US','OR','Oregon'),(50,'US','PW','Palau'),(51,'US','PA','Pennsylvania'),(52,'US','PR','Puerto Rico'),(53,'US','RI','Rhode Island'),(54,'US','SC','South Carolina'),(55,'US','SD','South Dakota'),(56,'US','TN','Tennessee'),(57,'US','TX','Texas'),(58,'US','UT','Utah'),(59,'US','VT','Vermont'),(60,'US','VI','Virgin Islands'),(61,'US','VA','Virginia'),(62,'US','WA','Washington'),(63,'US','WV','West Virginia'),(64,'US','WI','Wisconsin'),(65,'US','WY','Wyoming'),(66,'CA','AB','Alberta'),(67,'CA','BC','British Columbia'),(68,'CA','MB','Manitoba'),(69,'CA','NL','Newfoundland and Labrador'),(70,'CA','NB','New Brunswick'),(71,'CA','NS','Nova Scotia'),(72,'CA','NT','Northwest Territories'),(73,'CA','NU','Nunavut'),(74,'CA','ON','Ontario'),(75,'CA','PE','Prince Edward Island'),(76,'CA','QC','Quebec'),(77,'CA','SK','Saskatchewan'),(78,'CA','YT','Yukon Territory'),(79,'DE','NDS','Niedersachsen'),(80,'DE','BAW','Baden-Württemberg'),(81,'DE','BAY','Bayern'),(82,'DE','BER','Berlin'),(83,'DE','BRG','Brandenburg'),(84,'DE','BRE','Bremen'),(85,'DE','HAM','Hamburg'),(86,'DE','HES','Hessen'),(87,'DE','MEC','Mecklenburg-Vorpommern'),(88,'DE','NRW','Nordrhein-Westfalen'),(89,'DE','RHE','Rheinland-Pfalz'),(90,'DE','SAR','Saarland'),(91,'DE','SAS','Sachsen'),(92,'DE','SAC','Sachsen-Anhalt'),(93,'DE','SCN','Schleswig-Holstein'),(94,'DE','THE','Thüringen'),(95,'AT','WI','Wien'),(96,'AT','NO','Niederösterreich'),(97,'AT','OO','Oberösterreich'),(98,'AT','SB','Salzburg'),(99,'AT','KN','Kärnten'),(100,'AT','ST','Steiermark'),(101,'AT','TI','Tirol'),(102,'AT','BL','Burgenland'),(103,'AT','VB','Vorarlberg'),(104,'CH','AG','Aargau'),(105,'CH','AI','Appenzell Innerrhoden'),(106,'CH','AR','Appenzell Ausserrhoden'),(107,'CH','BE','Bern'),(108,'CH','BL','Basel-Landschaft'),(109,'CH','BS','Basel-Stadt'),(110,'CH','FR','Freiburg'),(111,'CH','GE','Genf'),(112,'CH','GL','Glarus'),(113,'CH','GR','Graubünden'),(114,'CH','JU','Jura'),(115,'CH','LU','Luzern'),(116,'CH','NE','Neuenburg'),(117,'CH','NW','Nidwalden'),(118,'CH','OW','Obwalden'),(119,'CH','SG','St. Gallen'),(120,'CH','SH','Schaffhausen'),(121,'CH','SO','Solothurn'),(122,'CH','SZ','Schwyz'),(123,'CH','TG','Thurgau'),(124,'CH','TI','Tessin'),(125,'CH','UR','Uri'),(126,'CH','VD','Waadt'),(127,'CH','VS','Wallis'),(128,'CH','ZG','Zug'),(129,'CH','ZH','Zürich'),(130,'ES','A Coruсa','A Coruña'),(131,'ES','Alava','Alava'),(132,'ES','Albacete','Albacete'),(133,'ES','Alicante','Alicante'),(134,'ES','Almeria','Almeria'),(135,'ES','Asturias','Asturias'),(136,'ES','Avila','Avila'),(137,'ES','Badajoz','Badajoz'),(138,'ES','Baleares','Baleares'),(139,'ES','Barcelona','Barcelona'),(140,'ES','Burgos','Burgos'),(141,'ES','Caceres','Caceres'),(142,'ES','Cadiz','Cadiz'),(143,'ES','Cantabria','Cantabria'),(144,'ES','Castellon','Castellon'),(145,'ES','Ceuta','Ceuta'),(146,'ES','Ciudad Real','Ciudad Real'),(147,'ES','Cordoba','Cordoba'),(148,'ES','Cuenca','Cuenca'),(149,'ES','Girona','Girona'),(150,'ES','Granada','Granada'),(151,'ES','Guadalajara','Guadalajara'),(152,'ES','Guipuzcoa','Guipuzcoa'),(153,'ES','Huelva','Huelva'),(154,'ES','Huesca','Huesca'),(155,'ES','Jaen','Jaen'),(156,'ES','La Rioja','La Rioja'),(157,'ES','Las Palmas','Las Palmas'),(158,'ES','Leon','Leon'),(159,'ES','Lleida','Lleida'),(160,'ES','Lugo','Lugo'),(161,'ES','Madrid','Madrid'),(162,'ES','Malaga','Malaga'),(163,'ES','Melilla','Melilla'),(164,'ES','Murcia','Murcia'),(165,'ES','Navarra','Navarra'),(166,'ES','Ourense','Ourense'),(167,'ES','Palencia','Palencia'),(168,'ES','Pontevedra','Pontevedra'),(169,'ES','Salamanca','Salamanca'),(170,'ES','Santa Cruz de Tenerife','Santa Cruz de Tenerife'),(171,'ES','Segovia','Segovia'),(172,'ES','Sevilla','Sevilla'),(173,'ES','Soria','Soria'),(174,'ES','Tarragona','Tarragona'),(175,'ES','Teruel','Teruel'),(176,'ES','Toledo','Toledo'),(177,'ES','Valencia','Valencia'),(178,'ES','Valladolid','Valladolid'),(179,'ES','Vizcaya','Vizcaya'),(180,'ES','Zamora','Zamora'),(181,'ES','Zaragoza','Zaragoza'),(182,'FR','1','Ain'),(183,'FR','2','Aisne'),(184,'FR','3','Allier'),(185,'FR','4','Alpes-de-Haute-Provence'),(186,'FR','5','Hautes-Alpes'),(187,'FR','6','Alpes-Maritimes'),(188,'FR','7','Ardèche'),(189,'FR','8','Ardennes'),(190,'FR','9','Ariège'),(191,'FR','10','Aube'),(192,'FR','11','Aude'),(193,'FR','12','Aveyron'),(194,'FR','13','Bouches-du-Rhône'),(195,'FR','14','Calvados'),(196,'FR','15','Cantal'),(197,'FR','16','Charente'),(198,'FR','17','Charente-Maritime'),(199,'FR','18','Cher'),(200,'FR','19','Corrèze'),(201,'FR','2A','Corse-du-Sud'),(202,'FR','2B','Haute-Corse'),(203,'FR','21','Côte-d\'Or'),(204,'FR','22','Côtes-d\'Armor'),(205,'FR','23','Creuse'),(206,'FR','24','Dordogne'),(207,'FR','25','Doubs'),(208,'FR','26','Drôme'),(209,'FR','27','Eure'),(210,'FR','28','Eure-et-Loir'),(211,'FR','29','Finistère'),(212,'FR','30','Gard'),(213,'FR','31','Haute-Garonne'),(214,'FR','32','Gers'),(215,'FR','33','Gironde'),(216,'FR','34','Hérault'),(217,'FR','35','Ille-et-Vilaine'),(218,'FR','36','Indre'),(219,'FR','37','Indre-et-Loire'),(220,'FR','38','Isère'),(221,'FR','39','Jura'),(222,'FR','40','Landes'),(223,'FR','41','Loir-et-Cher'),(224,'FR','42','Loire'),(225,'FR','43','Haute-Loire'),(226,'FR','44','Loire-Atlantique'),(227,'FR','45','Loiret'),(228,'FR','46','Lot'),(229,'FR','47','Lot-et-Garonne'),(230,'FR','48','Lozère'),(231,'FR','49','Maine-et-Loire'),(232,'FR','50','Manche'),(233,'FR','51','Marne'),(234,'FR','52','Haute-Marne'),(235,'FR','53','Mayenne'),(236,'FR','54','Meurthe-et-Moselle'),(237,'FR','55','Meuse'),(238,'FR','56','Morbihan'),(239,'FR','57','Moselle'),(240,'FR','58','Nièvre'),(241,'FR','59','Nord'),(242,'FR','60','Oise'),(243,'FR','61','Orne'),(244,'FR','62','Pas-de-Calais'),(245,'FR','63','Puy-de-Dôme'),(246,'FR','64','Pyrénées-Atlantiques'),(247,'FR','65','Hautes-Pyrénées'),(248,'FR','66','Pyrénées-Orientales'),(249,'FR','67','Bas-Rhin'),(250,'FR','68','Haut-Rhin'),(251,'FR','69','Rhône'),(252,'FR','70','Haute-Saône'),(253,'FR','71','Saône-et-Loire'),(254,'FR','72','Sarthe'),(255,'FR','73','Savoie'),(256,'FR','74','Haute-Savoie'),(257,'FR','75','Paris'),(258,'FR','76','Seine-Maritime'),(259,'FR','77','Seine-et-Marne'),(260,'FR','78','Yvelines'),(261,'FR','79','Deux-Sèvres'),(262,'FR','80','Somme'),(263,'FR','81','Tarn'),(264,'FR','82','Tarn-et-Garonne'),(265,'FR','83','Var'),(266,'FR','84','Vaucluse'),(267,'FR','85','Vendée'),(268,'FR','86','Vienne'),(269,'FR','87','Haute-Vienne'),(270,'FR','88','Vosges'),(271,'FR','89','Yonne'),(272,'FR','90','Territoire-de-Belfort'),(273,'FR','91','Essonne'),(274,'FR','92','Hauts-de-Seine'),(275,'FR','93','Seine-Saint-Denis'),(276,'FR','94','Val-de-Marne'),(277,'FR','95','Val-d\'Oise'),(278,'RO','AB','Alba'),(279,'RO','AR','Arad'),(280,'RO','AG','Argeş'),(281,'RO','BC','Bacău'),(282,'RO','BH','Bihor'),(283,'RO','BN','Bistriţa-Năsăud'),(284,'RO','BT','Botoşani'),(285,'RO','BV','Braşov'),(286,'RO','BR','Brăila'),(287,'RO','B','Bucureşti'),(288,'RO','BZ','Buzău'),(289,'RO','CS','Caraş-Severin'),(290,'RO','CL','Călăraşi'),(291,'RO','CJ','Cluj'),(292,'RO','CT','Constanţa'),(293,'RO','CV','Covasna'),(294,'RO','DB','Dâmboviţa'),(295,'RO','DJ','Dolj'),(296,'RO','GL','Galaţi'),(297,'RO','GR','Giurgiu'),(298,'RO','GJ','Gorj'),(299,'RO','HR','Harghita'),(300,'RO','HD','Hunedoara'),(301,'RO','IL','Ialomiţa'),(302,'RO','IS','Iaşi'),(303,'RO','IF','Ilfov'),(304,'RO','MM','Maramureş'),(305,'RO','MH','Mehedinţi'),(306,'RO','MS','Mureş'),(307,'RO','NT','Neamţ'),(308,'RO','OT','Olt'),(309,'RO','PH','Prahova'),(310,'RO','SM','Satu-Mare'),(311,'RO','SJ','Sălaj'),(312,'RO','SB','Sibiu'),(313,'RO','SV','Suceava'),(314,'RO','TR','Teleorman'),(315,'RO','TM','Timiş'),(316,'RO','TL','Tulcea'),(317,'RO','VS','Vaslui'),(318,'RO','VL','Vâlcea'),(319,'RO','VN','Vrancea'),(320,'FI','Lappi','Lappi'),(321,'FI','Pohjois-Pohjanmaa','Pohjois-Pohjanmaa'),(322,'FI','Kainuu','Kainuu'),(323,'FI','Pohjois-Karjala','Pohjois-Karjala'),(324,'FI','Pohjois-Savo','Pohjois-Savo'),(325,'FI','Etelä-Savo','Etelä-Savo'),(326,'FI','Etelä-Pohjanmaa','Etelä-Pohjanmaa'),(327,'FI','Pohjanmaa','Pohjanmaa'),(328,'FI','Pirkanmaa','Pirkanmaa'),(329,'FI','Satakunta','Satakunta'),(330,'FI','Keski-Pohjanmaa','Keski-Pohjanmaa'),(331,'FI','Keski-Suomi','Keski-Suomi'),(332,'FI','Varsinais-Suomi','Varsinais-Suomi'),(333,'FI','Etelä-Karjala','Etelä-Karjala'),(334,'FI','Päijät-Häme','Päijät-Häme'),(335,'FI','Kanta-Häme','Kanta-Häme'),(336,'FI','Uusimaa','Uusimaa'),(337,'FI','Itä-Uusimaa','Itä-Uusimaa'),(338,'FI','Kymenlaakso','Kymenlaakso'),(339,'FI','Ahvenanmaa','Ahvenanmaa'),(340,'EE','EE-37','Harjumaa'),(341,'EE','EE-39','Hiiumaa'),(342,'EE','EE-44','Ida-Virumaa'),(343,'EE','EE-49','Jõgevamaa'),(344,'EE','EE-51','Järvamaa'),(345,'EE','EE-57','Läänemaa'),(346,'EE','EE-59','Lääne-Virumaa'),(347,'EE','EE-65','Põlvamaa'),(348,'EE','EE-67','Pärnumaa'),(349,'EE','EE-70','Raplamaa'),(350,'EE','EE-74','Saaremaa'),(351,'EE','EE-78','Tartumaa'),(352,'EE','EE-82','Valgamaa'),(353,'EE','EE-84','Viljandimaa'),(354,'EE','EE-86','Võrumaa'),(355,'LV','LV-DGV','Daugavpils'),(356,'LV','LV-JEL','Jelgava'),(357,'LV','Jēkabpils','Jēkabpils'),(358,'LV','LV-JUR','Jūrmala'),(359,'LV','LV-LPX','Liepāja'),(360,'LV','LV-LE','Liepājas novads'),(361,'LV','LV-REZ','Rēzekne'),(362,'LV','LV-RIX','Rīga'),(363,'LV','LV-RI','Rīgas novads'),(364,'LV','Valmiera','Valmiera'),(365,'LV','LV-VEN','Ventspils'),(366,'LV','Aglonas novads','Aglonas novads'),(367,'LV','LV-AI','Aizkraukles novads'),(368,'LV','Aizputes novads','Aizputes novads'),(369,'LV','Aknīstes novads','Aknīstes novads'),(370,'LV','Alojas novads','Alojas novads'),(371,'LV','Alsungas novads','Alsungas novads'),(372,'LV','LV-AL','Alūksnes novads'),(373,'LV','Amatas novads','Amatas novads'),(374,'LV','Apes novads','Apes novads'),(375,'LV','Auces novads','Auces novads'),(376,'LV','Babītes novads','Babītes novads'),(377,'LV','Baldones novads','Baldones novads'),(378,'LV','Baltinavas novads','Baltinavas novads'),(379,'LV','LV-BL','Balvu novads'),(380,'LV','LV-BU','Bauskas novads'),(381,'LV','Beverīnas novads','Beverīnas novads'),(382,'LV','Brocēnu novads','Brocēnu novads'),(383,'LV','Burtnieku novads','Burtnieku novads'),(384,'LV','Carnikavas novads','Carnikavas novads'),(385,'LV','Cesvaines novads','Cesvaines novads'),(386,'LV','Ciblas novads','Ciblas novads'),(387,'LV','LV-CE','Cēsu novads'),(388,'LV','Dagdas novads','Dagdas novads'),(389,'LV','LV-DA','Daugavpils novads'),(390,'LV','LV-DO','Dobeles novads'),(391,'LV','Dundagas novads','Dundagas novads'),(392,'LV','Durbes novads','Durbes novads'),(393,'LV','Engures novads','Engures novads'),(394,'LV','Garkalnes novads','Garkalnes novads'),(395,'LV','Grobiņas novads','Grobiņas novads'),(396,'LV','LV-GU','Gulbenes novads'),(397,'LV','Iecavas novads','Iecavas novads'),(398,'LV','Ikšķiles novads','Ikšķiles novads'),(399,'LV','Ilūkstes novads','Ilūkstes novads'),(400,'LV','Inčukalna novads','Inčukalna novads'),(401,'LV','Jaunjelgavas novads','Jaunjelgavas novads'),(402,'LV','Jaunpiebalgas novads','Jaunpiebalgas novads'),(403,'LV','Jaunpils novads','Jaunpils novads'),(404,'LV','LV-JL','Jelgavas novads'),(405,'LV','LV-JK','Jēkabpils novads'),(406,'LV','Kandavas novads','Kandavas novads'),(407,'LV','Kokneses novads','Kokneses novads'),(408,'LV','Krimuldas novads','Krimuldas novads'),(409,'LV','Krustpils novads','Krustpils novads'),(410,'LV','LV-KR','Krāslavas novads'),(411,'LV','LV-KU','Kuldīgas novads'),(412,'LV','Kārsavas novads','Kārsavas novads'),(413,'LV','Lielvārdes novads','Lielvārdes novads'),(414,'LV','LV-LM','Limbažu novads'),(415,'LV','Lubānas novads','Lubānas novads'),(416,'LV','LV-LU','Ludzas novads'),(417,'LV','Līgatnes novads','Līgatnes novads'),(418,'LV','Līvānu novads','Līvānu novads'),(419,'LV','LV-MA','Madonas novads'),(420,'LV','Mazsalacas novads','Mazsalacas novads'),(421,'LV','Mālpils novads','Mālpils novads'),(422,'LV','Mārupes novads','Mārupes novads'),(423,'LV','Naukšēnu novads','Naukšēnu novads'),(424,'LV','Neretas novads','Neretas novads'),(425,'LV','Nīcas novads','Nīcas novads'),(426,'LV','LV-OG','Ogres novads'),(427,'LV','Olaines novads','Olaines novads'),(428,'LV','Ozolnieku novads','Ozolnieku novads'),(429,'LV','LV-PR','Preiļu novads'),(430,'LV','Priekules novads','Priekules novads'),(431,'LV','Priekuļu novads','Priekuļu novads'),(432,'LV','Pārgaujas novads','Pārgaujas novads'),(433,'LV','Pāvilostas novads','Pāvilostas novads'),(434,'LV','Pļaviņu novads','Pļaviņu novads'),(435,'LV','Raunas novads','Raunas novads'),(436,'LV','Riebiņu novads','Riebiņu novads'),(437,'LV','Rojas novads','Rojas novads'),(438,'LV','Ropažu novads','Ropažu novads'),(439,'LV','Rucavas novads','Rucavas novads'),(440,'LV','Rugāju novads','Rugāju novads'),(441,'LV','Rundāles novads','Rundāles novads'),(442,'LV','LV-RE','Rēzeknes novads'),(443,'LV','Rūjienas novads','Rūjienas novads'),(444,'LV','Salacgrīvas novads','Salacgrīvas novads'),(445,'LV','Salas novads','Salas novads'),(446,'LV','Salaspils novads','Salaspils novads'),(447,'LV','LV-SA','Saldus novads'),(448,'LV','Saulkrastu novads','Saulkrastu novads'),(449,'LV','Siguldas novads','Siguldas novads'),(450,'LV','Skrundas novads','Skrundas novads'),(451,'LV','Skrīveru novads','Skrīveru novads'),(452,'LV','Smiltenes novads','Smiltenes novads'),(453,'LV','Stopiņu novads','Stopiņu novads'),(454,'LV','Strenču novads','Strenču novads'),(455,'LV','Sējas novads','Sējas novads'),(456,'LV','LV-TA','Talsu novads'),(457,'LV','LV-TU','Tukuma novads'),(458,'LV','Tērvetes novads','Tērvetes novads'),(459,'LV','Vaiņodes novads','Vaiņodes novads'),(460,'LV','LV-VK','Valkas novads'),(461,'LV','LV-VM','Valmieras novads'),(462,'LV','Varakļānu novads','Varakļānu novads'),(463,'LV','Vecpiebalgas novads','Vecpiebalgas novads'),(464,'LV','Vecumnieku novads','Vecumnieku novads'),(465,'LV','LV-VE','Ventspils novads'),(466,'LV','Viesītes novads','Viesītes novads'),(467,'LV','Viļakas novads','Viļakas novads'),(468,'LV','Viļānu novads','Viļānu novads'),(469,'LV','Vārkavas novads','Vārkavas novads'),(470,'LV','Zilupes novads','Zilupes novads'),(471,'LV','Ādažu novads','Ādažu novads'),(472,'LV','Ērgļu novads','Ērgļu novads'),(473,'LV','Ķeguma novads','Ķeguma novads'),(474,'LV','Ķekavas novads','Ķekavas novads'),(475,'LT','LT-AL','Alytaus Apskritis'),(476,'LT','LT-KU','Kauno Apskritis'),(477,'LT','LT-KL','Klaipėdos Apskritis'),(478,'LT','LT-MR','Marijampolės Apskritis'),(479,'LT','LT-PN','Panevėžio Apskritis'),(480,'LT','LT-SA','Šiaulių Apskritis'),(481,'LT','LT-TA','Tauragės Apskritis'),(482,'LT','LT-TE','Telšių Apskritis'),(483,'LT','LT-UT','Utenos Apskritis'),(484,'LT','LT-VL','Vilniaus Apskritis'),(485,'BR','AC','Acre'),(486,'BR','AL','Alagoas'),(487,'BR','AP','Amapá'),(488,'BR','AM','Amazonas'),(489,'BR','BA','Bahia'),(490,'BR','CE','Ceará'),(491,'BR','ES','Espírito Santo'),(492,'BR','GO','Goiás'),(493,'BR','MA','Maranhão'),(494,'BR','MT','Mato Grosso'),(495,'BR','MS','Mato Grosso do Sul'),(496,'BR','MG','Minas Gerais'),(497,'BR','PA','Pará'),(498,'BR','PB','Paraíba'),(499,'BR','PR','Paraná'),(500,'BR','PE','Pernambuco'),(501,'BR','PI','Piauí'),(502,'BR','RJ','Rio de Janeiro'),(503,'BR','RN','Rio Grande do Norte'),(504,'BR','RS','Rio Grande do Sul'),(505,'BR','RO','Rondônia'),(506,'BR','RR','Roraima'),(507,'BR','SC','Santa Catarina'),(508,'BR','SP','São Paulo'),(509,'BR','SE','Sergipe'),(510,'BR','TO','Tocantins'),(511,'BR','DF','Distrito Federal'),(512,'HR','HR-01','Zagrebačka županija'),(513,'HR','HR-02','Krapinsko-zagorska županija'),(514,'HR','HR-03','Sisačko-moslavačka županija'),(515,'HR','HR-04','Karlovačka županija'),(516,'HR','HR-05','Varaždinska županija'),(517,'HR','HR-06','Koprivničko-križevačka županija'),(518,'HR','HR-07','Bjelovarsko-bilogorska županija'),(519,'HR','HR-08','Primorsko-goranska županija'),(520,'HR','HR-09','Ličko-senjska županija'),(521,'HR','HR-10','Virovitičko-podravska županija'),(522,'HR','HR-11','Požeško-slavonska županija'),(523,'HR','HR-12','Brodsko-posavska županija'),(524,'HR','HR-13','Zadarska županija'),(525,'HR','HR-14','Osječko-baranjska županija'),(526,'HR','HR-15','Šibensko-kninska županija'),(527,'HR','HR-16','Vukovarsko-srijemska županija'),(528,'HR','HR-17','Splitsko-dalmatinska županija'),(529,'HR','HR-18','Istarska županija'),(530,'HR','HR-19','Dubrovačko-neretvanska županija'),(531,'HR','HR-20','Međimurska županija'),(532,'HR','HR-21','Grad Zagreb'),(533,'IN','AN','Andaman and Nicobar Islands'),(534,'IN','AP','Andhra Pradesh'),(535,'IN','AR','Arunachal Pradesh'),(536,'IN','AS','Assam'),(537,'IN','BR','Bihar'),(538,'IN','CH','Chandigarh'),(539,'IN','CT','Chhattisgarh'),(540,'IN','DN','Dadra and Nagar Haveli'),(541,'IN','DD','Daman and Diu'),(542,'IN','DL','Delhi'),(543,'IN','GA','Goa'),(544,'IN','GJ','Gujarat'),(545,'IN','HR','Haryana'),(546,'IN','HP','Himachal Pradesh'),(547,'IN','JK','Jammu and Kashmir'),(548,'IN','JH','Jharkhand'),(549,'IN','KA','Karnataka'),(550,'IN','KL','Kerala'),(551,'IN','LD','Lakshadweep'),(552,'IN','MP','Madhya Pradesh'),(553,'IN','MH','Maharashtra'),(554,'IN','MN','Manipur'),(555,'IN','ML','Meghalaya'),(556,'IN','MZ','Mizoram'),(557,'IN','NL','Nagaland'),(558,'IN','OR','Odisha'),(559,'IN','PY','Puducherry'),(560,'IN','PB','Punjab'),(561,'IN','RJ','Rajasthan'),(562,'IN','SK','Sikkim'),(563,'IN','TN','Tamil Nadu'),(564,'IN','TG','Telangana'),(565,'IN','TR','Tripura'),(566,'IN','UP','Uttar Pradesh'),(567,'IN','UT','Uttarakhand'),(568,'IN','WB','West Bengal'),(569,'AU','ACT','Australian Capital Territory'),(570,'AU','NSW','New South Wales'),(571,'AU','VIC','Victoria'),(572,'AU','QLD','Queensland'),(573,'AU','SA','South Australia'),(574,'AU','TAS','Tasmania'),(575,'AU','WA','Western Australia'),(576,'AU','NT','Northern Territory'),(577,'BE','VAN','Antwerpen'),(578,'BE','WBR','Brabant wallon'),(579,'BE','BRU','Brussels-Capital Region'),(580,'BE','WHT','Hainaut'),(581,'BE','VLI','Limburg'),(582,'BE','WLG','Liège'),(583,'BE','WLX','Luxembourg'),(584,'BE','WNA','Namur'),(585,'BE','VOV','Oost-Vlaanderen'),(586,'BE','VBR','Vlaams-Brabant'),(587,'BE','VWV','West-Vlaanderen'),(588,'CN','CN-AH','Anhui Sheng'),(589,'CN','CN-BJ','Beijing Shi'),(590,'CN','CN-CQ','Chongqing Shi'),(591,'CN','CN-FJ','Fujian Sheng'),(592,'CN','CN-GS','Gansu Sheng'),(593,'CN','CN-GD','Guangdong Sheng'),(594,'CN','CN-GX','Guangxi Zhuangzu Zizhiqu'),(595,'CN','CN-GZ','Guizhou Sheng'),(596,'CN','CN-HI','Hainan Sheng'),(597,'CN','CN-HE','Hebei Sheng'),(598,'CN','CN-HL','Heilongjiang Sheng'),(599,'CN','CN-HA','Henan Sheng'),(600,'CN','CN-HK','Hong Kong SAR'),(601,'CN','CN-HB','Hubei Sheng'),(602,'CN','CN-HN','Hunan Sheng'),(603,'CN','CN-JS','Jiangsu Sheng'),(604,'CN','CN-JX','Jiangxi Sheng'),(605,'CN','CN-JL','Jilin Sheng'),(606,'CN','CN-LN','Liaoning Sheng'),(607,'CN','CN-MO','Macao SAR'),(608,'CN','CN-NM','Nei Mongol Zizhiqu'),(609,'CN','CN-NX','Ningxia Huizi Zizhiqu'),(610,'CN','CN-QH','Qinghai Sheng'),(611,'CN','CN-SN','Shaanxi Sheng'),(612,'CN','CN-SD','Shandong Sheng'),(613,'CN','CN-SH','Shanghai Shi'),(614,'CN','CN-SX','Shanxi Sheng'),(615,'CN','CN-SC','Sichuan Sheng'),(616,'CN','CN-TW','Taiwan Sheng'),(617,'CN','CN-TJ','Tianjin Shi'),(618,'CN','CN-XJ','Xinjiang Uygur Zizhiqu'),(619,'CN','CN-XZ','Xizang Zizhiqu'),(620,'CN','CN-YN','Yunnan Sheng'),(621,'CN','CN-ZJ','Zhejiang Sheng'),(622,'CO','CO-AMA','Amazonas'),(623,'CO','CO-ANT','Antioquia'),(624,'CO','CO-ARA','Arauca'),(625,'CO','CO-ATL','Atlántico'),(626,'CO','CO-BOL','Bolívar'),(627,'CO','CO-BOY','Boyacá'),(628,'CO','CO-CAL','Caldas'),(629,'CO','CO-CAQ','Caquetá'),(630,'CO','CO-CAS','Casanare'),(631,'CO','CO-CAU','Cauca'),(632,'CO','CO-CES','Cesar'),(633,'CO','CO-CHO','Chocó'),(634,'CO','CO-COR','Córdoba'),(635,'CO','CO-CUN','Cundinamarca'),(636,'CO','CO-GUA','Guainía'),(637,'CO','CO-GUV','Guaviare'),(638,'CO','CO-HUL','Huila'),(639,'CO','CO-LAG','La Guajira'),(640,'CO','CO-MAG','Magdalena'),(641,'CO','CO-MET','Meta'),(642,'CO','CO-NAR','Nariño'),(643,'CO','CO-NSA','Norte de Santander'),(644,'CO','CO-PUT','Putumayo'),(645,'CO','CO-QUI','Quindío'),(646,'CO','CO-RIS','Risaralda'),(647,'CO','CO-SAP','San Andrés y Providencia'),(648,'CO','CO-SAN','Santander'),(649,'CO','CO-SUC','Sucre'),(650,'CO','CO-TOL','Tolima'),(651,'CO','CO-VAC','Valle del Cauca'),(652,'CO','CO-VAU','Vaupés'),(653,'CO','CO-VID','Vichada'),(654,'IT','AG','Agrigento'),(655,'IT','AL','Alessandria'),(656,'IT','AN','Ancona'),(657,'IT','AO','Aosta'),(658,'IT','AQ','L\'Aquila'),(659,'IT','AR','Arezzo'),(660,'IT','AP','Ascoli-Piceno'),(661,'IT','AT','Asti'),(662,'IT','AV','Avellino'),(663,'IT','BA','Bari'),(664,'IT','BT','Barletta-Andria-Trani'),(665,'IT','BL','Belluno'),(666,'IT','BN','Benevento'),(667,'IT','BG','Bergamo'),(668,'IT','BI','Biella'),(669,'IT','BO','Bologna'),(670,'IT','BZ','Bolzano'),(671,'IT','BS','Brescia'),(672,'IT','BR','Brindisi'),(673,'IT','CA','Cagliari'),(674,'IT','CL','Caltanissetta'),(675,'IT','CB','Campobasso'),(676,'IT','CI','Carbonia Iglesias'),(677,'IT','CE','Caserta'),(678,'IT','CT','Catania'),(679,'IT','CZ','Catanzaro'),(680,'IT','CH','Chieti'),(681,'IT','CO','Como'),(682,'IT','CS','Cosenza'),(683,'IT','CR','Cremona'),(684,'IT','KR','Crotone'),(685,'IT','CN','Cuneo'),(686,'IT','EN','Enna'),(687,'IT','FM','Fermo'),(688,'IT','FE','Ferrara'),(689,'IT','FI','Firenze'),(690,'IT','FG','Foggia'),(691,'IT','FC','Forli-Cesena'),(692,'IT','FR','Frosinone'),(693,'IT','GE','Genova'),(694,'IT','GO','Gorizia'),(695,'IT','GR','Grosseto'),(696,'IT','IM','Imperia'),(697,'IT','IS','Isernia'),(698,'IT','SP','La-Spezia'),(699,'IT','LT','Latina'),(700,'IT','LE','Lecce'),(701,'IT','LC','Lecco'),(702,'IT','LI','Livorno'),(703,'IT','LO','Lodi'),(704,'IT','LU','Lucca'),(705,'IT','MC','Macerata'),(706,'IT','MN','Mantova'),(707,'IT','MS','Massa-Carrara'),(708,'IT','MT','Matera'),(709,'IT','VS','Medio Campidano'),(710,'IT','ME','Messina'),(711,'IT','MI','Milano'),(712,'IT','MO','Modena'),(713,'IT','MB','Monza-Brianza'),(714,'IT','NA','Napoli'),(715,'IT','NO','Novara'),(716,'IT','NU','Nuoro'),(717,'IT','OG','Ogliastra'),(718,'IT','OT','Olbia Tempio'),(719,'IT','OR','Oristano'),(720,'IT','PD','Padova'),(721,'IT','PA','Palermo'),(722,'IT','PR','Parma'),(723,'IT','PV','Pavia'),(724,'IT','PG','Perugia'),(725,'IT','PU','Pesaro-Urbino'),(726,'IT','PE','Pescara'),(727,'IT','PC','Piacenza'),(728,'IT','PI','Pisa'),(729,'IT','PT','Pistoia'),(730,'IT','PN','Pordenone'),(731,'IT','PZ','Potenza'),(732,'IT','PO','Prato'),(733,'IT','RG','Ragusa'),(734,'IT','RA','Ravenna'),(735,'IT','RC','Reggio-Calabria'),(736,'IT','RE','Reggio-Emilia'),(737,'IT','RI','Rieti'),(738,'IT','RN','Rimini'),(739,'IT','RM','Roma'),(740,'IT','RO','Rovigo'),(741,'IT','SA','Salerno'),(742,'IT','SS','Sassari'),(743,'IT','SV','Savona'),(744,'IT','SI','Siena'),(745,'IT','SR','Siracusa'),(746,'IT','SO','Sondrio'),(747,'IT','TA','Taranto'),(748,'IT','TE','Teramo'),(749,'IT','TR','Terni'),(750,'IT','TO','Torino'),(751,'IT','TP','Trapani'),(752,'IT','TN','Trento'),(753,'IT','TV','Treviso'),(754,'IT','TS','Trieste'),(755,'IT','UD','Udine'),(756,'IT','VA','Varese'),(757,'IT','VE','Venezia'),(758,'IT','VB','Verbania'),(759,'IT','VC','Vercelli'),(760,'IT','VR','Verona'),(761,'IT','VV','Vibo-Valentia'),(762,'IT','VI','Vicenza'),(763,'IT','VT','Viterbo'),(764,'MX','AGU','Aguascalientes'),(765,'MX','BCN','Baja California'),(766,'MX','BCS','Baja California Sur'),(767,'MX','CAM','Campeche'),(768,'MX','CHP','Chiapas'),(769,'MX','CHH','Chihuahua'),(770,'MX','CMX','Ciudad de México'),(771,'MX','COA','Coahuila'),(772,'MX','COL','Colima'),(773,'MX','DUR','Durango'),(774,'MX','MEX','Estado de México'),(775,'MX','GUA','Guanajuato'),(776,'MX','GRO','Guerrero'),(777,'MX','HID','Hidalgo'),(778,'MX','JAL','Jalisco'),(779,'MX','MIC','Michoacán'),(780,'MX','MOR','Morelos'),(781,'MX','NAY','Nayarit'),(782,'MX','NLE','Nuevo León'),(783,'MX','OAX','Oaxaca'),(784,'MX','PUE','Puebla'),(785,'MX','QUE','Querétaro'),(786,'MX','ROO','Quintana Roo'),(787,'MX','SLP','San Luis Potosí'),(788,'MX','SIN','Sinaloa'),(789,'MX','SON','Sonora'),(790,'MX','TAB','Tabasco'),(791,'MX','TAM','Tamaulipas'),(792,'MX','TLA','Tlaxcala'),(793,'MX','VER','Veracruz'),(794,'MX','YUC','Yucatán'),(795,'MX','ZAC','Zacatecas'),(796,'PL','PL-02','dolnośląskie'),(797,'PL','PL-04','kujawsko-pomorskie'),(798,'PL','PL-06','lubelskie'),(799,'PL','PL-08','lubuskie'),(800,'PL','PL-10','łódzkie'),(801,'PL','PL-12','małopolskie'),(802,'PL','PL-14','mazowieckie'),(803,'PL','PL-16','opolskie'),(804,'PL','PL-18','podkarpackie'),(805,'PL','PL-20','podlaskie'),(806,'PL','PL-22','pomorskie'),(807,'PL','PL-24','śląskie'),(808,'PL','PL-26','świętokrzyskie'),(809,'PL','PL-28','warmińsko-mazurskie'),(810,'PL','PL-30','wielkopolskie'),(811,'PL','PL-32','zachodniopomorskie'),(812,'BG','BG-01','Blagoevgrad'),(813,'BG','BG-02','Burgas'),(814,'BG','BG-03','Varna'),(815,'BG','BG-04','Veliko Tarnovo'),(816,'BG','BG-05','Vidin'),(817,'BG','BG-06','Vratsa'),(818,'BG','BG-07','Gabrovo'),(819,'BG','BG-08','Dobrich'),(820,'BG','BG-09','Kardzhali'),(821,'BG','BG-10','Kyustendil'),(822,'BG','BG-11','Lovech'),(823,'BG','BG-12','Montana'),(824,'BG','BG-13','Pazardzhik'),(825,'BG','BG-14','Pernik'),(826,'BG','BG-15','Pleven'),(827,'BG','BG-16','Plovdiv'),(828,'BG','BG-17','Razgrad'),(829,'BG','BG-18','Ruse'),(830,'BG','BG-19','Silistra'),(831,'BG','BG-20','Sliven'),(832,'BG','BG-21','Smolyan'),(833,'BG','BG-22','Sofia City'),(834,'BG','BG-23','Sofia Province'),(835,'BG','BG-24','Stara Zagora'),(836,'BG','BG-25','Targovishte'),(837,'BG','BG-26','Haskovo'),(838,'BG','BG-27','Shumen'),(839,'BG','BG-28','Yambol');

--
-- Table structure for table `directory_country_region_name`
--

CREATE TABLE `directory_country_region_name` (
  `locale` varchar(16) NOT NULL COMMENT 'Locale',
  `region_id` int(10) unsigned NOT NULL DEFAULT '0' COMMENT 'Region ID',
  `name` varchar(255) DEFAULT NULL COMMENT 'Region Name',
  PRIMARY KEY (`locale`,`region_id`),
  KEY `DIRECTORY_COUNTRY_REGION_NAME_REGION_ID` (`region_id`),
  CONSTRAINT `DIR_COUNTRY_REGION_NAME_REGION_ID_DIR_COUNTRY_REGION_REGION_ID` FOREIGN KEY (`region_id`) REFERENCES `directory_country_region` (`region_id`) ON DELETE CASCADE
) ENGINE=InnoDB DEFAULT CHARSET=utf8 COMMENT='Directory Country Region Name';

--
-- Dumping data for table `directory_country_region_name`
--

INSERT INTO `directory_country_region_name` VALUES ('en_US',1,'Alabama'),('en_US',2,'Alaska'),('en_US',3,'American Samoa'),('en_US',4,'Arizona'),('en_US',5,'Arkansas'),('en_US',6,'Armed Forces Africa'),('en_US',7,'Armed Forces Americas'),('en_US',8,'Armed Forces Canada'),('en_US',9,'Armed Forces Europe'),('en_US',10,'Armed Forces Middle East'),('en_US',11,'Armed Forces Pacific'),('en_US',12,'California'),('en_US',13,'Colorado'),('en_US',14,'Connecticut'),('en_US',15,'Delaware'),('en_US',16,'District of Columbia'),('en_US',17,'Federated States Of Micronesia'),('en_US',18,'Florida'),('en_US',19,'Georgia'),('en_US',20,'Guam'),('en_US',21,'Hawaii'),('en_US',22,'Idaho'),('en_US',23,'Illinois'),('en_US',24,'Indiana'),('en_US',25,'Iowa'),('en_US',26,'Kansas'),('en_US',27,'Kentucky'),('en_US',28,'Louisiana'),('en_US',29,'Maine'),('en_US',30,'Marshall Islands'),('en_US',31,'Maryland'),('en_US',32,'Massachusetts'),('en_US',33,'Michigan'),('en_US',34,'Minnesota'),('en_US',35,'Mississippi'),('en_US',36,'Missouri'),('en_US',37,'Montana'),('en_US',38,'Nebraska'),('en_US',39,'Nevada'),('en_US',40,'New Hampshire'),('en_US',41,'New Jersey'),('en_US',42,'New Mexico'),('en_US',43,'New York'),('en_US',44,'North Carolina'),('en_US',45,'North Dakota'),('en_US',46,'Northern Mariana Islands'),('en_US',47,'Ohio'),('en_US',48,'Oklahoma'),('en_US',49,'Oregon'),('en_US',50,'Palau'),('en_US',51,'Pennsylvania'),('en_US',52,'Puerto Rico'),('en_US',53,'Rhode Island'),('en_US',54,'South Carolina'),('en_US',55,'South Dakota'),('en_US',56,'Tennessee'),('en_US',57,'Texas'),('en_US',58,'Utah'),('en_US',59,'Vermont'),('en_US',60,'Virgin Islands'),('en_US',61,'Virginia'),('en_US',62,'Washington'),('en_US',63,'West Virginia'),('en_US',64,'Wisconsin'),('en_US',65,'Wyoming'),('en_US',66,'Alberta'),('en_US',67,'British Columbia'),('en_US',68,'Manitoba'),('en_US',69,'Newfoundland and Labrador'),('en_US',70,'New Brunswick'),('en_US',71,'Nova Scotia'),('en_US',72,'Northwest Territories'),('en_US',73,'Nunavut'),('en_US',74,'Ontario'),('en_US',75,'Prince Edward Island'),('en_US',76,'Quebec'),('en_US',77,'Saskatchewan'),('en_US',78,'Yukon Territory'),('en_US',79,'Niedersachsen'),('en_US',80,'Baden-Württemberg'),('en_US',81,'Bayern'),('en_US',82,'Berlin'),('en_US',83,'Brandenburg'),('en_US',84,'Bremen'),('en_US',85,'Hamburg'),('en_US',86,'Hessen'),('en_US',87,'Mecklenburg-Vorpommern'),('en_US',88,'Nordrhein-Westfalen'),('en_US',89,'Rheinland-Pfalz'),('en_US',90,'Saarland'),('en_US',91,'Sachsen'),('en_US',92,'Sachsen-Anhalt'),('en_US',93,'Schleswig-Holstein'),('en_US',94,'Thüringen'),('en_US',95,'Wien'),('en_US',96,'Niederösterreich'),('en_US',97,'Oberösterreich'),('en_US',98,'Salzburg'),('en_US',99,'Kärnten'),('en_US',100,'Steiermark'),('en_US',101,'Tirol'),('en_US',102,'Burgenland'),('en_US',103,'Vorarlberg'),('en_US',104,'Aargau'),('en_US',105,'Appenzell Innerrhoden'),('en_US',106,'Appenzell Ausserrhoden'),('en_US',107,'Bern'),('en_US',108,'Basel-Landschaft'),('en_US',109,'Basel-Stadt'),('en_US',110,'Freiburg'),('en_US',111,'Genf'),('en_US',112,'Glarus'),('en_US',113,'Graubünden'),('en_US',114,'Jura'),('en_US',115,'Luzern'),('en_US',116,'Neuenburg'),('en_US',117,'Nidwalden'),('en_US',118,'Obwalden'),('en_US',119,'St. Gallen'),('en_US',120,'Schaffhausen'),('en_US',121,'Solothurn'),('en_US',122,'Schwyz'),('en_US',123,'Thurgau'),('en_US',124,'Tessin'),('en_US',125,'Uri'),('en_US',126,'Waadt'),('en_US',127,'Wallis'),('en_US',128,'Zug'),('en_US',129,'Zürich'),('en_US',130,'A Coruña'),('en_US',131,'Alava'),('en_US',132,'Albacete'),('en_US',133,'Alicante'),('en_US',134,'Almeria'),('en_US',135,'Asturias'),('en_US',136,'Avila'),('en_US',137,'Badajoz'),('en_US',138,'Baleares'),('en_US',139,'Barcelona'),('en_US',140,'Burgos'),('en_US',141,'Caceres'),('en_US',142,'Cadiz'),('en_US',143,'Cantabria'),('en_US',144,'Castellon'),('en_US',145,'Ceuta'),('en_US',146,'Ciudad Real'),('en_US',147,'Cordoba'),('en_US',148,'Cuenca'),('en_US',149,'Girona'),('en_US',150,'Granada'),('en_US',151,'Guadalajara'),('en_US',152,'Guipuzcoa'),('en_US',153,'Huelva'),('en_US',154,'Huesca'),('en_US',155,'Jaen'),('en_US',156,'La Rioja'),('en_US',157,'Las Palmas'),('en_US',158,'Leon'),('en_US',159,'Lleida'),('en_US',160,'Lugo'),('en_US',161,'Madrid'),('en_US',162,'Malaga'),('en_US',163,'Melilla'),('en_US',164,'Murcia'),('en_US',165,'Navarra'),('en_US',166,'Ourense'),('en_US',167,'Palencia'),('en_US',168,'Pontevedra'),('en_US',169,'Salamanca'),('en_US',170,'Santa Cruz de Tenerife'),('en_US',171,'Segovia'),('en_US',172,'Sevilla'),('en_US',173,'Soria'),('en_US',174,'Tarragona'),('en_US',175,'Teruel'),('en_US',176,'Toledo'),('en_US',177,'Valencia'),('en_US',178,'Valladolid'),('en_US',179,'Vizcaya'),('en_US',180,'Zamora'),('en_US',181,'Zaragoza'),('en_US',182,'Ain'),('en_US',183,'Aisne'),('en_US',184,'Allier'),('en_US',185,'Alpes-de-Haute-Provence'),('en_US',186,'Hautes-Alpes'),('en_US',187,'Alpes-Maritimes'),('en_US',188,'Ardèche'),('en_US',189,'Ardennes'),('en_US',190,'Ariège'),('en_US',191,'Aube'),('en_US',192,'Aude'),('en_US',193,'Aveyron'),('en_US',194,'Bouches-du-Rhône'),('en_US',195,'Calvados'),('en_US',196,'Cantal'),('en_US',197,'Charente'),('en_US',198,'Charente-Maritime'),('en_US',199,'Cher'),('en_US',200,'Corrèze'),('en_US',201,'Corse-du-Sud'),('en_US',202,'Haute-Corse'),('en_US',203,'Côte-d\'Or'),('en_US',204,'Côtes-d\'Armor'),('en_US',205,'Creuse'),('en_US',206,'Dordogne'),('en_US',207,'Doubs'),('en_US',208,'Drôme'),('en_US',209,'Eure'),('en_US',210,'Eure-et-Loir'),('en_US',211,'Finistère'),('en_US',212,'Gard'),('en_US',213,'Haute-Garonne'),('en_US',214,'Gers'),('en_US',215,'Gironde'),('en_US',216,'Hérault'),('en_US',217,'Ille-et-Vilaine'),('en_US',218,'Indre'),('en_US',219,'Indre-et-Loire'),('en_US',220,'Isère'),('en_US',221,'Jura'),('en_US',222,'Landes'),('en_US',223,'Loir-et-Cher'),('en_US',224,'Loire'),('en_US',225,'Haute-Loire'),('en_US',226,'Loire-Atlantique'),('en_US',227,'Loiret'),('en_US',228,'Lot'),('en_US',229,'Lot-et-Garonne'),('en_US',230,'Lozère'),('en_US',231,'Maine-et-Loire'),('en_US',232,'Manche'),('en_US',233,'Marne'),('en_US',234,'Haute-Marne'),('en_US',235,'Mayenne'),('en_US',236,'Meurthe-et-Moselle'),('en_US',237,'Meuse'),('en_US',238,'Morbihan'),('en_US',239,'Moselle'),('en_US',240,'Nièvre'),('en_US',241,'Nord'),('en_US',242,'Oise'),('en_US',243,'Orne'),('en_US',244,'Pas-de-Calais'),('en_US',245,'Puy-de-Dôme'),('en_US',246,'Pyrénées-Atlantiques'),('en_US',247,'Hautes-Pyrénées'),('en_US',248,'Pyrénées-Orientales'),('en_US',249,'Bas-Rhin'),('en_US',250,'Haut-Rhin'),('en_US',251,'Rhône'),('en_US',252,'Haute-Saône'),('en_US',253,'Saône-et-Loire'),('en_US',254,'Sarthe'),('en_US',255,'Savoie'),('en_US',256,'Haute-Savoie'),('en_US',257,'Paris'),('en_US',258,'Seine-Maritime'),('en_US',259,'Seine-et-Marne'),('en_US',260,'Yvelines'),('en_US',261,'Deux-Sèvres'),('en_US',262,'Somme'),('en_US',263,'Tarn'),('en_US',264,'Tarn-et-Garonne'),('en_US',265,'Var'),('en_US',266,'Vaucluse'),('en_US',267,'Vendée'),('en_US',268,'Vienne'),('en_US',269,'Haute-Vienne'),('en_US',270,'Vosges'),('en_US',271,'Yonne'),('en_US',272,'Territoire-de-Belfort'),('en_US',273,'Essonne'),('en_US',274,'Hauts-de-Seine'),('en_US',275,'Seine-Saint-Denis'),('en_US',276,'Val-de-Marne'),('en_US',277,'Val-d\'Oise'),('en_US',278,'Alba'),('en_US',279,'Arad'),('en_US',280,'Argeş'),('en_US',281,'Bacău'),('en_US',282,'Bihor'),('en_US',283,'Bistriţa-Năsăud'),('en_US',284,'Botoşani'),('en_US',285,'Braşov'),('en_US',286,'Brăila'),('en_US',287,'Bucureşti'),('en_US',288,'Buzău'),('en_US',289,'Caraş-Severin'),('en_US',290,'Călăraşi'),('en_US',291,'Cluj'),('en_US',292,'Constanţa'),('en_US',293,'Covasna'),('en_US',294,'Dâmboviţa'),('en_US',295,'Dolj'),('en_US',296,'Galaţi'),('en_US',297,'Giurgiu'),('en_US',298,'Gorj'),('en_US',299,'Harghita'),('en_US',300,'Hunedoara'),('en_US',301,'Ialomiţa'),('en_US',302,'Iaşi'),('en_US',303,'Ilfov'),('en_US',304,'Maramureş'),('en_US',305,'Mehedinţi'),('en_US',306,'Mureş'),('en_US',307,'Neamţ'),('en_US',308,'Olt'),('en_US',309,'Prahova'),('en_US',310,'Satu-Mare'),('en_US',311,'Sălaj'),('en_US',312,'Sibiu'),('en_US',313,'Suceava'),('en_US',314,'Teleorman'),('en_US',315,'Timiş'),('en_US',316,'Tulcea'),('en_US',317,'Vaslui'),('en_US',318,'Vâlcea'),('en_US',319,'Vrancea'),('en_US',320,'Lappi'),('en_US',321,'Pohjois-Pohjanmaa'),('en_US',322,'Kainuu'),('en_US',323,'Pohjois-Karjala'),('en_US',324,'Pohjois-Savo'),('en_US',325,'Etelä-Savo'),('en_US',326,'Etelä-Pohjanmaa'),('en_US',327,'Pohjanmaa'),('en_US',328,'Pirkanmaa'),('en_US',329,'Satakunta'),('en_US',330,'Keski-Pohjanmaa'),('en_US',331,'Keski-Suomi'),('en_US',332,'Varsinais-Suomi'),('en_US',333,'Etelä-Karjala'),('en_US',334,'Päijät-Häme'),('en_US',335,'Kanta-Häme'),('en_US',336,'Uusimaa'),('en_US',337,'Itä-Uusimaa'),('en_US',338,'Kymenlaakso'),('en_US',339,'Ahvenanmaa'),('en_US',340,'Harjumaa'),('en_US',341,'Hiiumaa'),('en_US',342,'Ida-Virumaa'),('en_US',343,'Jõgevamaa'),('en_US',344,'Järvamaa'),('en_US',345,'Läänemaa'),('en_US',346,'Lääne-Virumaa'),('en_US',347,'Põlvamaa'),('en_US',348,'Pärnumaa'),('en_US',349,'Raplamaa'),('en_US',350,'Saaremaa'),('en_US',351,'Tartumaa'),('en_US',352,'Valgamaa'),('en_US',353,'Viljandimaa'),('en_US',354,'Võrumaa'),('en_US',355,'Daugavpils'),('en_US',356,'Jelgava'),('en_US',357,'Jēkabpils'),('en_US',358,'Jūrmala'),('en_US',359,'Liepāja'),('en_US',360,'Liepājas novads'),('en_US',361,'Rēzekne'),('en_US',362,'Rīga'),('en_US',363,'Rīgas novads'),('en_US',364,'Valmiera'),('en_US',365,'Ventspils'),('en_US',366,'Aglonas novads'),('en_US',367,'Aizkraukles novads'),('en_US',368,'Aizputes novads'),('en_US',369,'Aknīstes novads'),('en_US',370,'Alojas novads'),('en_US',371,'Alsungas novads'),('en_US',372,'Alūksnes novads'),('en_US',373,'Amatas novads'),('en_US',374,'Apes novads'),('en_US',375,'Auces novads'),('en_US',376,'Babītes novads'),('en_US',377,'Baldones novads'),('en_US',378,'Baltinavas novads'),('en_US',379,'Balvu novads'),('en_US',380,'Bauskas novads'),('en_US',381,'Beverīnas novads'),('en_US',382,'Brocēnu novads'),('en_US',383,'Burtnieku novads'),('en_US',384,'Carnikavas novads'),('en_US',385,'Cesvaines novads'),('en_US',386,'Ciblas novads'),('en_US',387,'Cēsu novads'),('en_US',388,'Dagdas novads'),('en_US',389,'Daugavpils novads'),('en_US',390,'Dobeles novads'),('en_US',391,'Dundagas novads'),('en_US',392,'Durbes novads'),('en_US',393,'Engures novads'),('en_US',394,'Garkalnes novads'),('en_US',395,'Grobiņas novads'),('en_US',396,'Gulbenes novads'),('en_US',397,'Iecavas novads'),('en_US',398,'Ikšķiles novads'),('en_US',399,'Ilūkstes novads'),('en_US',400,'Inčukalna novads'),('en_US',401,'Jaunjelgavas novads'),('en_US',402,'Jaunpiebalgas novads'),('en_US',403,'Jaunpils novads'),('en_US',404,'Jelgavas novads'),('en_US',405,'Jēkabpils novads'),('en_US',406,'Kandavas novads'),('en_US',407,'Kokneses novads'),('en_US',408,'Krimuldas novads'),('en_US',409,'Krustpils novads'),('en_US',410,'Krāslavas novads'),('en_US',411,'Kuldīgas novads'),('en_US',412,'Kārsavas novads'),('en_US',413,'Lielvārdes novads'),('en_US',414,'Limbažu novads'),('en_US',415,'Lubānas novads'),('en_US',416,'Ludzas novads'),('en_US',417,'Līgatnes novads'),('en_US',418,'Līvānu novads'),('en_US',419,'Madonas novads'),('en_US',420,'Mazsalacas novads'),('en_US',421,'Mālpils novads'),('en_US',422,'Mārupes novads'),('en_US',423,'Naukšēnu novads'),('en_US',424,'Neretas novads'),('en_US',425,'Nīcas novads'),('en_US',426,'Ogres novads'),('en_US',427,'Olaines novads'),('en_US',428,'Ozolnieku novads'),('en_US',429,'Preiļu novads'),('en_US',430,'Priekules novads'),('en_US',431,'Priekuļu novads'),('en_US',432,'Pārgaujas novads'),('en_US',433,'Pāvilostas novads'),('en_US',434,'Pļaviņu novads'),('en_US',435,'Raunas novads'),('en_US',436,'Riebiņu novads'),('en_US',437,'Rojas novads'),('en_US',438,'Ropažu novads'),('en_US',439,'Rucavas novads'),('en_US',440,'Rugāju novads'),('en_US',441,'Rundāles novads'),('en_US',442,'Rēzeknes novads'),('en_US',443,'Rūjienas novads'),('en_US',444,'Salacgrīvas novads'),('en_US',445,'Salas novads'),('en_US',446,'Salaspils novads'),('en_US',447,'Saldus novads'),('en_US',448,'Saulkrastu novads'),('en_US',449,'Siguldas novads'),('en_US',450,'Skrundas novads'),('en_US',451,'Skrīveru novads'),('en_US',452,'Smiltenes novads'),('en_US',453,'Stopiņu novads'),('en_US',454,'Strenču novads'),('en_US',455,'Sējas novads'),('en_US',456,'Talsu novads'),('en_US',457,'Tukuma novads'),('en_US',458,'Tērvetes novads'),('en_US',459,'Vaiņodes novads'),('en_US',460,'Valkas novads'),('en_US',461,'Valmieras novads'),('en_US',462,'Varakļānu novads'),('en_US',463,'Vecpiebalgas novads'),('en_US',464,'Vecumnieku novads'),('en_US',465,'Ventspils novads'),('en_US',466,'Viesītes novads'),('en_US',467,'Viļakas novads'),('en_US',468,'Viļānu novads'),('en_US',469,'Vārkavas novads'),('en_US',470,'Zilupes novads'),('en_US',471,'Ādažu novads'),('en_US',472,'Ērgļu novads'),('en_US',473,'Ķeguma novads'),('en_US',474,'Ķekavas novads'),('en_US',475,'Alytaus Apskritis'),('en_US',476,'Kauno Apskritis'),('en_US',477,'Klaipėdos Apskritis'),('en_US',478,'Marijampolės Apskritis'),('en_US',479,'Panevėžio Apskritis'),('en_US',480,'Šiaulių Apskritis'),('en_US',481,'Tauragės Apskritis'),('en_US',482,'Telšių Apskritis'),('en_US',483,'Utenos Apskritis'),('en_US',484,'Vilniaus Apskritis'),('en_US',485,'Acre'),('en_US',486,'Alagoas'),('en_US',487,'Amapá'),('en_US',488,'Amazonas'),('en_US',489,'Bahia'),('en_US',490,'Ceará'),('en_US',491,'Espírito Santo'),('en_US',492,'Goiás'),('en_US',493,'Maranhão'),('en_US',494,'Mato Grosso'),('en_US',495,'Mato Grosso do Sul'),('en_US',496,'Minas Gerais'),('en_US',497,'Pará'),('en_US',498,'Paraíba'),('en_US',499,'Paraná'),('en_US',500,'Pernambuco'),('en_US',501,'Piauí'),('en_US',502,'Rio de Janeiro'),('en_US',503,'Rio Grande do Norte'),('en_US',504,'Rio Grande do Sul'),('en_US',505,'Rondônia'),('en_US',506,'Roraima'),('en_US',507,'Santa Catarina'),('en_US',508,'São Paulo'),('en_US',509,'Sergipe'),('en_US',510,'Tocantins'),('en_US',511,'Distrito Federal'),('en_US',512,'Zagrebačka županija'),('en_US',513,'Krapinsko-zagorska županija'),('en_US',514,'Sisačko-moslavačka županija'),('en_US',515,'Karlovačka županija'),('en_US',516,'Varaždinska županija'),('en_US',517,'Koprivničko-križevačka županija'),('en_US',518,'Bjelovarsko-bilogorska županija'),('en_US',519,'Primorsko-goranska županija'),('en_US',520,'Ličko-senjska županija'),('en_US',521,'Virovitičko-podravska županija'),('en_US',522,'Požeško-slavonska županija'),('en_US',523,'Brodsko-posavska županija'),('en_US',524,'Zadarska županija'),('en_US',525,'Osječko-baranjska županija'),('en_US',526,'Šibensko-kninska županija'),('en_US',527,'Vukovarsko-srijemska županija'),('en_US',528,'Splitsko-dalmatinska županija'),('en_US',529,'Istarska županija'),('en_US',530,'Dubrovačko-neretvanska županija'),('en_US',531,'Međimurska županija'),('en_US',532,'Grad Zagreb'),('en_US',533,'Andaman and Nicobar Islands'),('en_US',534,'Andhra Pradesh'),('en_US',535,'Arunachal Pradesh'),('en_US',536,'Assam'),('en_US',537,'Bihar'),('en_US',538,'Chandigarh'),('en_US',539,'Chhattisgarh'),('en_US',540,'Dadra and Nagar Haveli'),('en_US',541,'Daman and Diu'),('en_US',542,'Delhi'),('en_US',543,'Goa'),('en_US',544,'Gujarat'),('en_US',545,'Haryana'),('en_US',546,'Himachal Pradesh'),('en_US',547,'Jammu and Kashmir'),('en_US',548,'Jharkhand'),('en_US',549,'Karnataka'),('en_US',550,'Kerala'),('en_US',551,'Lakshadweep'),('en_US',552,'Madhya Pradesh'),('en_US',553,'Maharashtra'),('en_US',554,'Manipur'),('en_US',555,'Meghalaya'),('en_US',556,'Mizoram'),('en_US',557,'Nagaland'),('en_US',558,'Odisha'),('en_US',559,'Puducherry'),('en_US',560,'Punjab'),('en_US',561,'Rajasthan'),('en_US',562,'Sikkim'),('en_US',563,'Tamil Nadu'),('en_US',564,'Telangana'),('en_US',565,'Tripura'),('en_US',566,'Uttar Pradesh'),('en_US',567,'Uttarakhand'),('en_US',568,'West Bengal'),('en_US',569,'Australian Capital Territory'),('en_US',570,'New South Wales'),('en_US',571,'Victoria'),('en_US',572,'Queensland'),('en_US',573,'South Australia'),('en_US',574,'Tasmania'),('en_US',575,'Western Australia'),('en_US',576,'Northern Territory'),('en_US',577,'Antwerpen'),('en_US',578,'Brabant wallon'),('en_US',579,'Brussels-Capital Region'),('en_US',580,'Hainaut'),('en_US',581,'Limburg'),('en_US',582,'Liège'),('en_US',583,'Luxembourg'),('en_US',584,'Namur'),('en_US',585,'Oost-Vlaanderen'),('en_US',586,'Vlaams-Brabant'),('en_US',587,'West-Vlaanderen'),('en_US',588,'Anhui Sheng'),('en_US',589,'Beijing Shi'),('en_US',590,'Chongqing Shi'),('en_US',591,'Fujian Sheng'),('en_US',592,'Gansu Sheng'),('en_US',593,'Guangdong Sheng'),('en_US',594,'Guangxi Zhuangzu Zizhiqu'),('en_US',595,'Guizhou Sheng'),('en_US',596,'Hainan Sheng'),('en_US',597,'Hebei Sheng'),('en_US',598,'Heilongjiang Sheng'),('en_US',599,'Henan Sheng'),('en_US',600,'Hong Kong SAR'),('en_US',601,'Hubei Sheng'),('en_US',602,'Hunan Sheng'),('en_US',603,'Jiangsu Sheng'),('en_US',604,'Jiangxi Sheng'),('en_US',605,'Jilin Sheng'),('en_US',606,'Liaoning Sheng'),('en_US',607,'Macao SAR'),('en_US',608,'Nei Mongol Zizhiqu'),('en_US',609,'Ningxia Huizi Zizhiqu'),('en_US',610,'Qinghai Sheng'),('en_US',611,'Shaanxi Sheng'),('en_US',612,'Shandong Sheng'),('en_US',613,'Shanghai Shi'),('en_US',614,'Shanxi Sheng'),('en_US',615,'Sichuan Sheng'),('en_US',616,'Taiwan Sheng'),('en_US',617,'Tianjin Shi'),('en_US',618,'Xinjiang Uygur Zizhiqu'),('en_US',619,'Xizang Zizhiqu'),('en_US',620,'Yunnan Sheng'),('en_US',621,'Zhejiang Sheng'),('en_US',622,'Amazonas'),('en_US',623,'Antioquia'),('en_US',624,'Arauca'),('en_US',625,'Atlántico'),('en_US',626,'Bolívar'),('en_US',627,'Boyacá'),('en_US',628,'Caldas'),('en_US',629,'Caquetá'),('en_US',630,'Casanare'),('en_US',631,'Cauca'),('en_US',632,'Cesar'),('en_US',633,'Chocó'),('en_US',634,'Córdoba'),('en_US',635,'Cundinamarca'),('en_US',636,'Guainía'),('en_US',637,'Guaviare'),('en_US',638,'Huila'),('en_US',639,'La Guajira'),('en_US',640,'Magdalena'),('en_US',641,'Meta'),('en_US',642,'Nariño'),('en_US',643,'Norte de Santander'),('en_US',644,'Putumayo'),('en_US',645,'Quindío'),('en_US',646,'Risaralda'),('en_US',647,'San Andrés y Providencia'),('en_US',648,'Santander'),('en_US',649,'Sucre'),('en_US',650,'Tolima'),('en_US',651,'Valle del Cauca'),('en_US',652,'Vaupés'),('en_US',653,'Vichada'),('en_US',654,'Agrigento'),('en_US',655,'Alessandria'),('en_US',656,'Ancona'),('en_US',657,'Aosta'),('en_US',658,'L\'Aquila'),('en_US',659,'Arezzo'),('en_US',660,'Ascoli-Piceno'),('en_US',661,'Asti'),('en_US',662,'Avellino'),('en_US',663,'Bari'),('en_US',664,'Barletta-Andria-Trani'),('en_US',665,'Belluno'),('en_US',666,'Benevento'),('en_US',667,'Bergamo'),('en_US',668,'Biella'),('en_US',669,'Bologna'),('en_US',670,'Bolzano'),('en_US',671,'Brescia'),('en_US',672,'Brindisi'),('en_US',673,'Cagliari'),('en_US',674,'Caltanissetta'),('en_US',675,'Campobasso'),('en_US',676,'Carbonia Iglesias'),('en_US',677,'Caserta'),('en_US',678,'Catania'),('en_US',679,'Catanzaro'),('en_US',680,'Chieti'),('en_US',681,'Como'),('en_US',682,'Cosenza'),('en_US',683,'Cremona'),('en_US',684,'Crotone'),('en_US',685,'Cuneo'),('en_US',686,'Enna'),('en_US',687,'Fermo'),('en_US',688,'Ferrara'),('en_US',689,'Firenze'),('en_US',690,'Foggia'),('en_US',691,'Forli-Cesena'),('en_US',692,'Frosinone'),('en_US',693,'Genova'),('en_US',694,'Gorizia'),('en_US',695,'Grosseto'),('en_US',696,'Imperia'),('en_US',697,'Isernia'),('en_US',698,'La-Spezia'),('en_US',699,'Latina'),('en_US',700,'Lecce'),('en_US',701,'Lecco'),('en_US',702,'Livorno'),('en_US',703,'Lodi'),('en_US',704,'Lucca'),('en_US',705,'Macerata'),('en_US',706,'Mantova'),('en_US',707,'Massa-Carrara'),('en_US',708,'Matera'),('en_US',709,'Medio Campidano'),('en_US',710,'Messina'),('en_US',711,'Milano'),('en_US',712,'Modena'),('en_US',713,'Monza-Brianza'),('en_US',714,'Napoli'),('en_US',715,'Novara'),('en_US',716,'Nuoro'),('en_US',717,'Ogliastra'),('en_US',718,'Olbia Tempio'),('en_US',719,'Oristano'),('en_US',720,'Padova'),('en_US',721,'Palermo'),('en_US',722,'Parma'),('en_US',723,'Pavia'),('en_US',724,'Perugia'),('en_US',725,'Pesaro-Urbino'),('en_US',726,'Pescara'),('en_US',727,'Piacenza'),('en_US',728,'Pisa'),('en_US',729,'Pistoia'),('en_US',730,'Pordenone'),('en_US',731,'Potenza'),('en_US',732,'Prato'),('en_US',733,'Ragusa'),('en_US',734,'Ravenna'),('en_US',735,'Reggio-Calabria'),('en_US',736,'Reggio-Emilia'),('en_US',737,'Rieti'),('en_US',738,'Rimini'),('en_US',739,'Roma'),('en_US',740,'Rovigo'),('en_US',741,'Salerno'),('en_US',742,'Sassari'),('en_US',743,'Savona'),('en_US',744,'Siena'),('en_US',745,'Siracusa'),('en_US',746,'Sondrio'),('en_US',747,'Taranto'),('en_US',748,'Teramo'),('en_US',749,'Terni'),('en_US',750,'Torino'),('en_US',751,'Trapani'),('en_US',752,'Trento'),('en_US',753,'Treviso'),('en_US',754,'Trieste'),('en_US',755,'Udine'),('en_US',756,'Varese'),('en_US',757,'Venezia'),('en_US',758,'Verbania'),('en_US',759,'Vercelli'),('en_US',760,'Verona'),('en_US',761,'Vibo-Valentia'),('en_US',762,'Vicenza'),('en_US',763,'Viterbo'),('en_US',764,'Aguascalientes'),('en_US',765,'Baja California'),('en_US',766,'Baja California Sur'),('en_US',767,'Campeche'),('en_US',768,'Chiapas'),('en_US',769,'Chihuahua'),('en_US',770,'Ciudad de México'),('en_US',771,'Coahuila'),('en_US',772,'Colima'),('en_US',773,'Durango'),('en_US',774,'Estado de México'),('en_US',775,'Guanajuato'),('en_US',776,'Guerrero'),('en_US',777,'Hidalgo'),('en_US',778,'Jalisco'),('en_US',779,'Michoacán'),('en_US',780,'Morelos'),('en_US',781,'Nayarit'),('en_US',782,'Nuevo León'),('en_US',783,'Oaxaca'),('en_US',784,'Puebla'),('en_US',785,'Querétaro'),('en_US',786,'Quintana Roo'),('en_US',787,'San Luis Potosí'),('en_US',788,'Sinaloa'),('en_US',789,'Sonora'),('en_US',790,'Tabasco'),('en_US',791,'Tamaulipas'),('en_US',792,'Tlaxcala'),('en_US',793,'Veracruz'),('en_US',794,'Yucatán'),('en_US',795,'Zacatecas'),('en_US',796,'dolnośląskie'),('en_US',797,'kujawsko-pomorskie'),('en_US',798,'lubelskie'),('en_US',799,'lubuskie'),('en_US',800,'łódzkie'),('en_US',801,'małopolskie'),('en_US',802,'mazowieckie'),('en_US',803,'opolskie'),('en_US',804,'podkarpackie'),('en_US',805,'podlaskie'),('en_US',806,'pomorskie'),('en_US',807,'śląskie'),('en_US',808,'świętokrzyskie'),('en_US',809,'warmińsko-mazurskie'),('en_US',810,'wielkopolskie'),('en_US',811,'zachodniopomorskie'),('en_US',812,'Blagoevgrad'),('en_US',813,'Burgas'),('en_US',814,'Varna'),('en_US',815,'Veliko Tarnovo'),('en_US',816,'Vidin'),('en_US',817,'Vratsa'),('en_US',818,'Gabrovo'),('en_US',819,'Dobrich'),('en_US',820,'Kardzhali'),('en_US',821,'Kyustendil'),('en_US',822,'Lovech'),('en_US',823,'Montana'),('en_US',824,'Pazardzhik'),('en_US',825,'Pernik'),('en_US',826,'Pleven'),('en_US',827,'Plovdiv'),('en_US',828,'Razgrad'),('en_US',829,'Ruse'),('en_US',830,'Silistra'),('en_US',831,'Sliven'),('en_US',832,'Smolyan'),('en_US',833,'Sofia City'),('en_US',834,'Sofia Province'),('en_US',835,'Stara Zagora'),('en_US',836,'Targovishte'),('en_US',837,'Haskovo'),('en_US',838,'Shumen'),('en_US',839,'Yambol');

--
-- Table structure for table `directory_currency_rate`
--

CREATE TABLE `directory_currency_rate` (
  `currency_from` varchar(3) NOT NULL COMMENT 'Currency Code Convert From',
  `currency_to` varchar(3) NOT NULL COMMENT 'Currency Code Convert To',
  `rate` decimal(24,12) NOT NULL DEFAULT '0.000000000000' COMMENT 'Currency Conversion Rate',
  PRIMARY KEY (`currency_from`,`currency_to`),
  KEY `DIRECTORY_CURRENCY_RATE_CURRENCY_TO` (`currency_to`)
) ENGINE=InnoDB DEFAULT CHARSET=utf8 COMMENT='Directory Currency Rate';

--
-- Dumping data for table `directory_currency_rate`
--

INSERT INTO `directory_currency_rate` VALUES ('EUR','EUR',1.000000000000),('EUR','USD',1.415000000000),('SAR','SAR',1.000000000000),('USD','EUR',0.706700000000),('USD','USD',1.000000000000);

--
-- Table structure for table `downloadable_link`
--

CREATE TABLE `downloadable_link` (
  `link_id` int(10) unsigned NOT NULL AUTO_INCREMENT COMMENT 'Link ID',
  `product_id` int(10) unsigned NOT NULL DEFAULT '0' COMMENT 'Product ID',
  `sort_order` int(10) unsigned NOT NULL DEFAULT '0' COMMENT 'Sort order',
  `number_of_downloads` int(11) DEFAULT NULL COMMENT 'Number of downloads',
  `is_shareable` smallint(5) unsigned NOT NULL DEFAULT '0' COMMENT 'Shareable flag',
  `link_url` varchar(255) DEFAULT NULL COMMENT 'Link Url',
  `link_file` varchar(255) DEFAULT NULL COMMENT 'Link File',
  `link_type` varchar(20) DEFAULT NULL COMMENT 'Link Type',
  `sample_url` varchar(255) DEFAULT NULL COMMENT 'Sample Url',
  `sample_file` varchar(255) DEFAULT NULL COMMENT 'Sample File',
  `sample_type` varchar(20) DEFAULT NULL COMMENT 'Sample Type',
  PRIMARY KEY (`link_id`),
  KEY `DOWNLOADABLE_LINK_PRODUCT_ID_SORT_ORDER` (`product_id`,`sort_order`),
  CONSTRAINT `DOWNLOADABLE_LINK_PRODUCT_ID_CATALOG_PRODUCT_ENTITY_ENTITY_ID` FOREIGN KEY (`product_id`) REFERENCES `catalog_product_entity` (`entity_id`) ON DELETE CASCADE
) ENGINE=InnoDB DEFAULT CHARSET=utf8 COMMENT='Downloadable Link Table';

--
-- Dumping data for table `downloadable_link`
--


--
-- Table structure for table `downloadable_link_price`
--

CREATE TABLE `downloadable_link_price` (
  `price_id` int(10) unsigned NOT NULL AUTO_INCREMENT COMMENT 'Price ID',
  `link_id` int(10) unsigned NOT NULL DEFAULT '0' COMMENT 'Link ID',
  `website_id` smallint(5) unsigned NOT NULL DEFAULT '0' COMMENT 'Website ID',
  `price` decimal(20,6) NOT NULL DEFAULT '0.000000' COMMENT 'Price',
  PRIMARY KEY (`price_id`),
  KEY `DOWNLOADABLE_LINK_PRICE_LINK_ID` (`link_id`),
  KEY `DOWNLOADABLE_LINK_PRICE_WEBSITE_ID` (`website_id`),
  CONSTRAINT `DOWNLOADABLE_LINK_PRICE_LINK_ID_DOWNLOADABLE_LINK_LINK_ID` FOREIGN KEY (`link_id`) REFERENCES `downloadable_link` (`link_id`) ON DELETE CASCADE,
  CONSTRAINT `DOWNLOADABLE_LINK_PRICE_WEBSITE_ID_STORE_WEBSITE_WEBSITE_ID` FOREIGN KEY (`website_id`) REFERENCES `store_website` (`website_id`) ON DELETE CASCADE
) ENGINE=InnoDB DEFAULT CHARSET=utf8 COMMENT='Downloadable Link Price Table';

--
-- Dumping data for table `downloadable_link_price`
--


--
-- Table structure for table `downloadable_link_purchased`
--

CREATE TABLE `downloadable_link_purchased` (
  `purchased_id` int(10) unsigned NOT NULL AUTO_INCREMENT COMMENT 'Purchased ID',
  `order_id` int(10) unsigned DEFAULT '0' COMMENT 'Order ID',
  `order_increment_id` varchar(50) DEFAULT NULL COMMENT 'Order Increment ID',
  `order_item_id` int(10) unsigned NOT NULL DEFAULT '0' COMMENT 'Order Item ID',
  `created_at` timestamp NOT NULL DEFAULT CURRENT_TIMESTAMP COMMENT 'Date of creation',
  `updated_at` timestamp NOT NULL DEFAULT CURRENT_TIMESTAMP ON UPDATE CURRENT_TIMESTAMP COMMENT 'Date of modification',
  `customer_id` int(10) unsigned DEFAULT '0' COMMENT 'Customer ID',
  `product_name` varchar(255) DEFAULT NULL COMMENT 'Product name',
  `product_sku` varchar(255) DEFAULT NULL COMMENT 'Product sku',
  `link_section_title` varchar(255) DEFAULT NULL COMMENT 'Link_section_title',
  PRIMARY KEY (`purchased_id`),
  KEY `DOWNLOADABLE_LINK_PURCHASED_ORDER_ID` (`order_id`),
  KEY `DOWNLOADABLE_LINK_PURCHASED_ORDER_ITEM_ID` (`order_item_id`),
  KEY `DOWNLOADABLE_LINK_PURCHASED_CUSTOMER_ID` (`customer_id`),
  CONSTRAINT `DL_LNK_PURCHASED_CSTR_ID_CSTR_ENTT_ENTT_ID` FOREIGN KEY (`customer_id`) REFERENCES `customer_entity` (`entity_id`) ON DELETE SET NULL,
  CONSTRAINT `DOWNLOADABLE_LINK_PURCHASED_ORDER_ID_SALES_ORDER_ENTITY_ID` FOREIGN KEY (`order_id`) REFERENCES `sales_order` (`entity_id`) ON DELETE SET NULL
) ENGINE=InnoDB DEFAULT CHARSET=utf8 COMMENT='Downloadable Link Purchased Table';

--
-- Dumping data for table `downloadable_link_purchased`
--


--
-- Table structure for table `downloadable_link_purchased_item`
--

CREATE TABLE `downloadable_link_purchased_item` (
  `item_id` int(10) unsigned NOT NULL AUTO_INCREMENT COMMENT 'Item ID',
  `purchased_id` int(10) unsigned NOT NULL DEFAULT '0' COMMENT 'Purchased ID',
  `order_item_id` int(10) unsigned DEFAULT '0' COMMENT 'Order Item ID',
  `product_id` int(10) unsigned DEFAULT '0' COMMENT 'Product ID',
  `link_hash` varchar(255) DEFAULT NULL COMMENT 'Link hash',
  `number_of_downloads_bought` int(10) unsigned NOT NULL DEFAULT '0' COMMENT 'Number of downloads bought',
  `number_of_downloads_used` int(10) unsigned NOT NULL DEFAULT '0' COMMENT 'Number of downloads used',
  `link_id` int(10) unsigned NOT NULL DEFAULT '0' COMMENT 'Link ID',
  `link_title` varchar(255) DEFAULT NULL COMMENT 'Link Title',
  `is_shareable` smallint(5) unsigned NOT NULL DEFAULT '0' COMMENT 'Shareable Flag',
  `link_url` varchar(255) DEFAULT NULL COMMENT 'Link Url',
  `link_file` varchar(255) DEFAULT NULL COMMENT 'Link File',
  `link_type` varchar(255) DEFAULT NULL COMMENT 'Link Type',
  `status` varchar(50) DEFAULT NULL COMMENT 'Status',
  `created_at` timestamp NOT NULL DEFAULT CURRENT_TIMESTAMP COMMENT 'Creation Time',
  `updated_at` timestamp NOT NULL DEFAULT CURRENT_TIMESTAMP ON UPDATE CURRENT_TIMESTAMP COMMENT 'Update Time',
  PRIMARY KEY (`item_id`),
  KEY `DOWNLOADABLE_LINK_PURCHASED_ITEM_LINK_HASH` (`link_hash`),
  KEY `DOWNLOADABLE_LINK_PURCHASED_ITEM_ORDER_ITEM_ID` (`order_item_id`),
  KEY `DOWNLOADABLE_LINK_PURCHASED_ITEM_PURCHASED_ID` (`purchased_id`),
  CONSTRAINT `DL_LNK_PURCHASED_ITEM_ORDER_ITEM_ID_SALES_ORDER_ITEM_ITEM_ID` FOREIGN KEY (`order_item_id`) REFERENCES `sales_order_item` (`item_id`) ON DELETE SET NULL,
  CONSTRAINT `DL_LNK_PURCHASED_ITEM_PURCHASED_ID_DL_LNK_PURCHASED_PURCHASED_ID` FOREIGN KEY (`purchased_id`) REFERENCES `downloadable_link_purchased` (`purchased_id`) ON DELETE CASCADE
) ENGINE=InnoDB DEFAULT CHARSET=utf8 COMMENT='Downloadable Link Purchased Item Table';

--
-- Dumping data for table `downloadable_link_purchased_item`
--


--
-- Table structure for table `downloadable_link_title`
--

CREATE TABLE `downloadable_link_title` (
  `title_id` int(10) unsigned NOT NULL AUTO_INCREMENT COMMENT 'Title ID',
  `link_id` int(10) unsigned NOT NULL DEFAULT '0' COMMENT 'Link ID',
  `store_id` smallint(5) unsigned NOT NULL DEFAULT '0' COMMENT 'Store ID',
  `title` varchar(255) DEFAULT NULL COMMENT 'Title',
  PRIMARY KEY (`title_id`),
  UNIQUE KEY `DOWNLOADABLE_LINK_TITLE_LINK_ID_STORE_ID` (`link_id`,`store_id`),
  KEY `DOWNLOADABLE_LINK_TITLE_STORE_ID` (`store_id`),
  CONSTRAINT `DOWNLOADABLE_LINK_TITLE_LINK_ID_DOWNLOADABLE_LINK_LINK_ID` FOREIGN KEY (`link_id`) REFERENCES `downloadable_link` (`link_id`) ON DELETE CASCADE,
  CONSTRAINT `DOWNLOADABLE_LINK_TITLE_STORE_ID_STORE_STORE_ID` FOREIGN KEY (`store_id`) REFERENCES `store` (`store_id`) ON DELETE CASCADE
) ENGINE=InnoDB DEFAULT CHARSET=utf8 COMMENT='Link Title Table';

--
-- Dumping data for table `downloadable_link_title`
--


--
-- Table structure for table `downloadable_sample`
--

CREATE TABLE `downloadable_sample` (
  `sample_id` int(10) unsigned NOT NULL AUTO_INCREMENT COMMENT 'Sample ID',
  `product_id` int(10) unsigned NOT NULL DEFAULT '0' COMMENT 'Product ID',
  `sample_url` varchar(255) DEFAULT NULL COMMENT 'Sample URL',
  `sample_file` varchar(255) DEFAULT NULL COMMENT 'Sample file',
  `sample_type` varchar(20) DEFAULT NULL COMMENT 'Sample Type',
  `sort_order` int(10) unsigned NOT NULL DEFAULT '0' COMMENT 'Sort Order',
  PRIMARY KEY (`sample_id`),
  KEY `DOWNLOADABLE_SAMPLE_PRODUCT_ID` (`product_id`),
  CONSTRAINT `DOWNLOADABLE_SAMPLE_PRODUCT_ID_CATALOG_PRODUCT_ENTITY_ENTITY_ID` FOREIGN KEY (`product_id`) REFERENCES `catalog_product_entity` (`entity_id`) ON DELETE CASCADE
) ENGINE=InnoDB DEFAULT CHARSET=utf8 COMMENT='Downloadable Sample Table';

--
-- Dumping data for table `downloadable_sample`
--


--
-- Table structure for table `downloadable_sample_title`
--

CREATE TABLE `downloadable_sample_title` (
  `title_id` int(10) unsigned NOT NULL AUTO_INCREMENT COMMENT 'Title ID',
  `sample_id` int(10) unsigned NOT NULL DEFAULT '0' COMMENT 'Sample ID',
  `store_id` smallint(5) unsigned NOT NULL DEFAULT '0' COMMENT 'Store ID',
  `title` varchar(255) DEFAULT NULL COMMENT 'Title',
  PRIMARY KEY (`title_id`),
  UNIQUE KEY `DOWNLOADABLE_SAMPLE_TITLE_SAMPLE_ID_STORE_ID` (`sample_id`,`store_id`),
  KEY `DOWNLOADABLE_SAMPLE_TITLE_STORE_ID` (`store_id`),
  CONSTRAINT `DL_SAMPLE_TTL_SAMPLE_ID_DL_SAMPLE_SAMPLE_ID` FOREIGN KEY (`sample_id`) REFERENCES `downloadable_sample` (`sample_id`) ON DELETE CASCADE,
  CONSTRAINT `DOWNLOADABLE_SAMPLE_TITLE_STORE_ID_STORE_STORE_ID` FOREIGN KEY (`store_id`) REFERENCES `store` (`store_id`) ON DELETE CASCADE
) ENGINE=InnoDB DEFAULT CHARSET=utf8 COMMENT='Downloadable Sample Title Table';

--
-- Dumping data for table `downloadable_sample_title`
--


--
-- Table structure for table `eav_attribute`
--

CREATE TABLE `eav_attribute` (
  `attribute_id` smallint(5) unsigned NOT NULL AUTO_INCREMENT COMMENT 'Attribute ID',
  `entity_type_id` smallint(5) unsigned NOT NULL DEFAULT '0' COMMENT 'Entity Type ID',
  `attribute_code` varchar(255) NOT NULL COMMENT 'Attribute Code',
  `attribute_model` varchar(255) DEFAULT NULL COMMENT 'Attribute Model',
  `backend_model` varchar(255) DEFAULT NULL COMMENT 'Backend Model',
  `backend_type` varchar(8) NOT NULL DEFAULT 'static' COMMENT 'Backend Type',
  `backend_table` varchar(255) DEFAULT NULL COMMENT 'Backend Table',
  `frontend_model` varchar(255) DEFAULT NULL COMMENT 'Frontend Model',
  `frontend_input` varchar(50) DEFAULT NULL COMMENT 'Frontend Input',
  `frontend_label` varchar(255) DEFAULT NULL COMMENT 'Frontend Label',
  `frontend_class` varchar(255) DEFAULT NULL COMMENT 'Frontend Class',
  `source_model` varchar(255) DEFAULT NULL COMMENT 'Source Model',
  `is_required` smallint(5) unsigned NOT NULL DEFAULT '0' COMMENT 'Defines Is Required',
  `is_user_defined` smallint(5) unsigned NOT NULL DEFAULT '0' COMMENT 'Defines Is User Defined',
  `default_value` text COMMENT 'Default Value',
  `is_unique` smallint(5) unsigned NOT NULL DEFAULT '0' COMMENT 'Defines Is Unique',
  `note` varchar(255) DEFAULT NULL COMMENT 'Note',
  PRIMARY KEY (`attribute_id`),
  UNIQUE KEY `EAV_ATTRIBUTE_ENTITY_TYPE_ID_ATTRIBUTE_CODE` (`entity_type_id`,`attribute_code`),
  KEY `EAV_ATTRIBUTE_FRONTEND_INPUT_ENTITY_TYPE_ID_IS_USER_DEFINED` (`frontend_input`,`entity_type_id`,`is_user_defined`),
  CONSTRAINT `EAV_ATTRIBUTE_ENTITY_TYPE_ID_EAV_ENTITY_TYPE_ENTITY_TYPE_ID` FOREIGN KEY (`entity_type_id`) REFERENCES `eav_entity_type` (`entity_type_id`) ON DELETE CASCADE
) ENGINE=InnoDB AUTO_INCREMENT=342 DEFAULT CHARSET=utf8 COMMENT='Eav Attribute';

--
-- Dumping data for table `eav_attribute`
--



--
-- Table structure for table `eav_attribute_group`
--

CREATE TABLE `eav_attribute_group` (
  `attribute_group_id` smallint(5) unsigned NOT NULL AUTO_INCREMENT COMMENT 'Attribute Group ID',
  `attribute_set_id` smallint(5) unsigned NOT NULL DEFAULT '0' COMMENT 'Attribute Set ID',
  `attribute_group_name` varchar(255) DEFAULT NULL COMMENT 'Attribute Group Name',
  `sort_order` smallint(6) NOT NULL DEFAULT '0' COMMENT 'Sort Order',
  `default_id` smallint(5) unsigned DEFAULT '0' COMMENT 'Default ID',
  `attribute_group_code` varchar(255) NOT NULL COMMENT 'Attribute Group Code',
  `tab_group_code` varchar(255) DEFAULT NULL COMMENT 'Tab Group Code',
  PRIMARY KEY (`attribute_group_id`),
  UNIQUE KEY `EAV_ATTRIBUTE_GROUP_ATTRIBUTE_SET_ID_ATTRIBUTE_GROUP_CODE` (`attribute_set_id`,`attribute_group_code`),
  UNIQUE KEY `EAV_ATTRIBUTE_GROUP_ATTRIBUTE_SET_ID_ATTRIBUTE_GROUP_NAME` (`attribute_set_id`,`attribute_group_name`),
  KEY `EAV_ATTRIBUTE_GROUP_ATTRIBUTE_SET_ID_SORT_ORDER` (`attribute_set_id`,`sort_order`),
  CONSTRAINT `EAV_ATTR_GROUP_ATTR_SET_ID_EAV_ATTR_SET_ATTR_SET_ID` FOREIGN KEY (`attribute_set_id`) REFERENCES `eav_attribute_set` (`attribute_set_id`) ON DELETE CASCADE
) ENGINE=InnoDB AUTO_INCREMENT=87 DEFAULT CHARSET=utf8 COMMENT='Eav Attribute Group';

--
-- Dumping data for table `eav_attribute_group`
--

INSERT INTO `eav_attribute_group` VALUES (1,1,'General',1,1,'general',NULL),(2,2,'General',1,1,'general',NULL),(3,3,'General',10,1,'general',NULL),(4,3,'General Information',2,0,'general-information',NULL),(5,3,'Display Settings',20,0,'display-settings',NULL),(6,3,'Custom Design',30,0,'custom-design',NULL),(7,4,'Product Details',1,1,'product-details','basic'),(8,4,'Advanced Pricing',6,0,'advanced-pricing','advanced'),(9,4,'Search Engine Optimization',5,0,'search-engine-optimization','basic'),(10,4,'Images',4,0,'image-management','basic'),(11,4,'Design',7,0,'design','advanced'),(12,4,'Autosettings',9,0,'autosettings','advanced'),(13,4,'Content',2,0,'content','basic'),(14,4,'Schedule Design Update',8,0,'schedule-design-update','advanced'),(15,5,'General',1,1,'general',NULL),(16,6,'General',1,1,'general',NULL),(17,7,'General',1,1,'general',NULL),(18,8,'General',1,1,'general',NULL),(19,4,'Gift Options',10,0,'gift-options',NULL),(20,4,'Bundle Items',3,0,'bundle-items',NULL),(21,3,'Mega',1000,0,'mega',NULL),(33,4,'Specification',11,0,'specification',NULL),(35,4,'Image',12,0,'image',NULL),(48,11,'Image',12,0,'image',NULL),(49,11,'Specification',11,0,'specification',NULL),(50,11,'Gift Options',10,0,'gift-options',NULL),(51,11,'Autosettings',9,0,'autosettings','advanced'),(52,11,'Schedule Design Update',8,0,'schedule-design-update','advanced'),(53,11,'Design',7,0,'design','advanced'),(54,11,'Advanced Pricing',6,0,'advanced-pricing','advanced'),(55,11,'Search Engine Optimization',5,0,'search-engine-optimization','basic'),(56,11,'Images',4,0,'image-management','basic'),(57,11,'Bundle Items',3,0,'bundle-items',NULL),(58,11,'Content',2,0,'content','basic'),(59,11,'Product Details',1,1,'product-details','basic'),(60,12,'Image',10,0,'image',NULL),(62,12,'Gift Options',9,0,'gift-options',NULL),(63,12,'Autosettings',8,0,'autosettings','advanced'),(64,12,'Schedule Design Update',7,0,'schedule-design-update','advanced'),(65,12,'Design',6,0,'design','advanced'),(66,12,'Advanced Pricing',5,0,'advanced-pricing','advanced'),(67,12,'Search Engine Optimization',4,0,'search-engine-optimization','basic'),(68,12,'Images',3,0,'image-management','basic'),(69,12,'Bundle Items',2,0,'bundle-items',NULL),(71,12,'Product Details',1,1,'product-details','basic'),(72,12,'Chairs',11,0,'chairs',NULL),(73,4,'Attributes',13,0,'attributes',NULL),(74,13,'Attributes',13,0,'attributes',NULL),(75,13,'Image',12,0,'image',NULL),(76,13,'Specification',11,0,'specification',NULL),(77,13,'Gift Options',10,0,'gift-options',NULL),(78,13,'Autosettings',9,0,'autosettings','advanced'),(79,13,'Schedule Design Update',8,0,'schedule-design-update','advanced'),(80,13,'Design',7,0,'design','advanced'),(81,13,'Advanced Pricing',6,0,'advanced-pricing','advanced'),(82,13,'Search Engine Optimization',5,0,'search-engine-optimization','basic'),(83,13,'Images',4,0,'image-management','basic'),(84,13,'Bundle Items',3,0,'bundle-items',NULL),(85,13,'Content',2,0,'content','basic'),(86,13,'Product Details',1,1,'product-details','basic');

--
-- Table structure for table `eav_attribute_label`
--

CREATE TABLE `eav_attribute_label` (
  `attribute_label_id` int(10) unsigned NOT NULL AUTO_INCREMENT COMMENT 'Attribute Label ID',
  `attribute_id` smallint(5) unsigned NOT NULL DEFAULT '0' COMMENT 'Attribute ID',
  `store_id` smallint(5) unsigned NOT NULL DEFAULT '0' COMMENT 'Store ID',
  `value` varchar(255) DEFAULT NULL COMMENT 'Value',
  PRIMARY KEY (`attribute_label_id`),
  KEY `EAV_ATTRIBUTE_LABEL_STORE_ID` (`store_id`),
  KEY `EAV_ATTRIBUTE_LABEL_ATTRIBUTE_ID_STORE_ID` (`attribute_id`,`store_id`),
  CONSTRAINT `EAV_ATTRIBUTE_LABEL_ATTRIBUTE_ID_EAV_ATTRIBUTE_ATTRIBUTE_ID` FOREIGN KEY (`attribute_id`) REFERENCES `eav_attribute` (`attribute_id`) ON DELETE CASCADE,
  CONSTRAINT `EAV_ATTRIBUTE_LABEL_STORE_ID_STORE_STORE_ID` FOREIGN KEY (`store_id`) REFERENCES `store` (`store_id`) ON DELETE CASCADE
) ENGINE=InnoDB AUTO_INCREMENT=147 DEFAULT CHARSET=utf8 COMMENT='Eav Attribute Label';

--
-- Dumping data for table `eav_attribute_label`
--

INSERT INTO `eav_attribute_label` VALUES (14,222,1,'Recommended Monthly Print Volume'),(15,222,2,' الطباعة الشهرية الموصى بها'),(16,223,1,'Mono Print Speed'),(17,223,2,'سرعة الطباعة - أسود'),(18,224,2,'سرعة الطباعة - ملون'),(19,227,2,'سرعة المسح الضوئي'),(20,228,2,'دقة وضوح المسح الضوئي'),(21,229,2,' لوحة الأوامر / الشاشة'),(22,230,2,'الذاكرة'),(23,231,2,' حجم الورق'),(24,232,2,' وزن الورق'),(25,233,2,'عدد الأدراج'),(26,234,2,'كمية الورق في الأدراج'),(27,235,2,'الملقّم الجانبي'),(28,236,2,'طباعة على الوجهين'),(30,237,2,'المداخل'),(31,238,2,'كمية ورق ملقّم المستندات'),(32,317,1,'Compatible Toners'),(33,317,2,'الأحبار المتوافقة'),(35,322,2,'لوحة LCD ملونة'),(36,318,2,'الاتصال'),(37,279,2,'كفاءة الطاقة'),(40,255,2,'لوحة التشغيل'),(41,263,2,'عملية منتجة'),(42,295,2,'بسيط'),(43,262,2,'جودة صورة رائعة'),(44,320,2,'أداء صديق للبيئة'),(46,323,2,'تصميم مضغوط'),(47,254,2,'اتصال المحمول'),(48,252,2,'حماية'),(50,284,2,'سهولة استخدام استثنائية'),(52,321,2,'طباعة على الوجهين متكامل'),(53,306,2,'حبر Simitri HD'),(54,289,2,'سهولة الاستخدام المحسنة'),(55,246,2,'حلول أمنية موثوقة'),(59,324,2,'تعدد الوظائف'),(60,277,2,'مناسب'),(62,337,2,'جاهز عندما تكون أنت جاهز'),(64,325,2,'مرونة المستخدم'),(65,333,2,'أمان كامل الطيف'),(67,326,2,'وظائف متقدمة'),(69,328,2,'تبادل آمن للمعلومات'),(70,329,2,'أنجز المزيد'),(71,331,2,'قوة ثنائية النواة'),(72,330,2,'تفاعل بسهولة'),(73,332,2,'مصمم لأداء - وأخيراً'),(74,334,2,'اللون الذي يبدو باهظ الثمن فقط'),(76,74,2,'رقم المنتج'),(80,249,2,'يشمل'),(82,256,2,'لوحة متعددة اللمس '),(83,257,2,'الاستدامة'),(84,248,2,'إعدادات'),(92,226,2,'دقة الطباعة الملونة'),(100,319,2,'أحدث التقنيات'),(101,319,1,'Latest Technology'),(104,211,2,'العلامة التجارية'),(105,211,1,'Brand'),(110,327,2,'إنتاجية عالية'),(111,327,1,'High Productivity'),(113,239,2,'عمر الحبر'),(114,339,2,'العلامة التجارية'),(116,313,1,'Fax'),(117,313,2,'فاكس'),(119,216,2,'وظائف الطابعة'),(120,215,2,'الفئة'),(124,214,1,'Model'),(125,214,2,'الموديل '),(126,301,1,'Compatible Models'),(127,301,2,'متوافق مع '),(132,218,2,'لون الطباعة'),(133,220,2,'حجم الورق'),(134,217,2,'وظائف'),(143,336,2,'لطراز الطابعة'),(146,93,2,'لون');

--
-- Table structure for table `eav_attribute_option`
--

CREATE TABLE `eav_attribute_option` (
  `option_id` int(10) unsigned NOT NULL AUTO_INCREMENT COMMENT 'Option ID',
  `attribute_id` smallint(5) unsigned NOT NULL DEFAULT '0' COMMENT 'Attribute ID',
  `sort_order` smallint(5) unsigned NOT NULL DEFAULT '0' COMMENT 'Sort Order',
  PRIMARY KEY (`option_id`),
  KEY `EAV_ATTRIBUTE_OPTION_ATTRIBUTE_ID` (`attribute_id`),
  CONSTRAINT `EAV_ATTRIBUTE_OPTION_ATTRIBUTE_ID_EAV_ATTRIBUTE_ATTRIBUTE_ID` FOREIGN KEY (`attribute_id`) REFERENCES `eav_attribute` (`attribute_id`) ON DELETE CASCADE
) ENGINE=InnoDB AUTO_INCREMENT=904 DEFAULT CHARSET=utf8 COMMENT='Eav Attribute Option';

--
-- Dumping data for table `eav_attribute_option`
--

INSERT INTO `eav_attribute_option` VALUES (1,20,0),(2,20,1),(3,20,3),(17,211,0),(19,211,0),(24,215,1),(25,215,2),(26,215,3),(27,216,1),(29,217,1),(32,218,2),(36,220,1),(37,220,2),(39,218,3),(40,215,4),(41,215,5),(42,215,6),(43,215,7),(44,215,8),(58,93,1),(59,93,2),(60,93,3),(61,93,4),(67,216,3),(68,215,10),(69,215,11),(70,215,12),(71,215,13),(72,215,14),(73,217,3),(296,239,7),(297,239,66),(298,239,8),(299,239,9),(300,239,67),(301,239,10),(302,239,11),(303,239,68),(304,239,12),(305,239,13),(306,239,14),(307,239,15),(308,239,16),(309,239,17),(310,239,18),(311,239,19),(312,239,20),(313,239,21),(314,239,22),(315,239,23),(316,239,24),(317,239,25),(318,239,26),(319,239,27),(320,239,28),(321,239,29),(322,239,30),(323,239,31),(324,239,32),(325,239,33),(326,239,1),(327,239,34),(328,239,35),(329,239,36),(330,239,37),(331,239,38),(332,239,39),(333,239,40),(334,239,41),(335,239,42),(336,239,43),(337,239,44),(338,239,45),(339,239,46),(340,239,47),(341,239,2),(342,239,48),(343,239,49),(344,239,3),(345,239,50),(346,239,51),(347,239,52),(348,239,53),(349,239,54),(350,239,55),(351,239,4),(352,239,56),(353,239,57),(354,239,58),(355,239,59),(356,239,5),(357,239,60),(358,239,61),(359,239,62),(360,239,6),(361,239,63),(362,239,64),(363,239,65),(552,215,14),(553,215,15),(554,215,16),(555,215,17),(556,215,18),(557,215,19),(560,313,2),(561,313,3),(563,239,70),(564,239,71),(565,239,72),(566,239,73),(567,239,74),(568,239,75),(569,239,76),(570,239,77),(571,239,78),(573,211,3),(574,239,80),(580,313,3),(581,313,4),(582,215,20),(583,215,21),(584,336,0),(585,336,0),(586,336,0),(587,336,0),(588,336,0),(589,336,0),(590,336,0),(591,336,0),(592,336,0),(593,336,0),(594,336,0),(595,336,0),(596,336,0),(597,336,0),(598,336,0),(599,336,0),(600,336,0),(601,336,0),(602,336,0),(603,336,0),(604,336,0),(605,336,0),(606,336,0),(607,336,0),(608,336,0),(609,336,0),(610,336,0),(611,336,0),(612,336,0),(613,336,0),(614,336,0),(615,336,0),(616,336,0),(617,336,0),(618,336,0),(619,336,0),(620,336,0),(621,336,0),(622,336,0),(623,336,0),(624,336,0),(625,336,0),(626,336,0),(627,336,0),(628,336,0),(629,336,0),(630,336,0),(631,336,0),(632,336,0),(633,336,0),(634,336,0),(635,336,0),(636,336,0),(637,336,0),(638,336,0),(639,336,0),(640,336,0),(641,336,0),(642,336,0),(643,336,0),(644,336,0),(645,336,0),(646,336,0),(647,336,0),(648,336,0),(649,336,0),(650,336,0),(651,336,0),(652,336,0),(653,336,0),(654,336,0),(655,336,0),(656,336,0),(657,336,0),(658,336,0),(659,336,0),(660,336,0),(661,336,0),(662,336,0),(663,336,0),(664,336,0),(665,336,0),(666,336,0),(667,336,0),(668,336,0),(669,336,0),(670,336,0),(671,336,0),(672,336,0),(673,336,0),(674,336,0),(675,336,0),(676,336,0),(677,336,0),(678,336,0),(679,336,0),(680,336,0),(681,336,0),(682,336,0),(683,336,0),(684,336,0),(685,336,0),(686,336,0),(687,336,0),(688,336,0),(689,336,0),(690,336,0),(691,336,0),(692,336,0),(693,336,0),(694,336,0),(695,336,0),(696,336,0),(697,336,0),(698,336,0),(699,336,0),(700,336,0),(701,336,0),(702,336,0),(703,336,0),(704,336,0),(705,336,0),(706,336,0),(707,336,0),(708,336,0),(709,336,0),(710,336,0),(711,336,0),(712,336,0),(713,336,0),(714,336,0),(715,336,0),(716,336,0),(717,336,0),(718,336,0),(719,336,0),(720,336,0),(721,336,0),(722,336,0),(723,336,0),(724,336,0),(725,336,0),(726,336,0),(727,336,0),(728,336,0),(729,336,0),(730,336,0),(731,336,0),(732,336,0),(733,336,0),(734,336,0),(735,336,0),(736,336,0),(737,336,0),(738,336,0),(739,336,0),(740,336,0),(741,336,0),(742,336,0),(743,336,0),(744,336,0),(745,336,0),(746,336,0),(747,336,0),(748,336,0),(749,336,0),(750,336,0),(751,336,0),(753,336,0),(755,336,0),(756,336,0),(757,336,0),(758,336,0),(759,336,0),(760,336,0),(761,336,0),(762,336,0),(763,336,0),(764,336,0),(765,336,0),(766,336,0),(767,336,0),(768,336,0),(769,336,0),(770,336,0),(771,336,0),(772,336,0),(773,336,0),(774,336,0),(775,336,0),(776,336,0),(778,336,0),(779,336,0),(780,336,0),(781,336,0),(782,336,0),(783,336,0),(784,336,0),(785,336,0),(786,336,0),(787,336,0),(788,336,0),(789,336,0),(790,336,0),(791,336,0),(792,336,0),(793,336,0),(794,336,0),(795,336,0),(796,336,0),(797,336,0),(798,336,0),(799,336,0),(800,336,0),(801,336,0),(802,336,0),(803,336,0),(804,336,0),(805,336,0),(806,336,0),(807,336,0),(808,336,0),(809,336,0),(810,336,0),(811,336,0),(812,336,0),(813,336,0),(814,336,0),(815,336,232),(816,336,233),(817,336,234),(818,336,240),(819,336,241),(820,336,237),(821,336,238),(822,336,239),(823,336,240),(824,336,241),(825,336,242),(826,336,243),(827,336,244),(828,336,245),(829,336,246),(830,336,247),(831,336,249),(832,336,249),(833,336,250),(834,336,251),(835,336,252),(836,336,253),(837,336,254),(838,336,255),(839,336,256),(840,336,257),(841,336,258),(842,336,259),(843,336,260),(844,336,261),(845,336,262),(846,336,263),(847,336,264),(848,336,265),(849,336,266),(850,336,267),(851,336,268),(852,336,270),(853,336,271),(854,336,272),(856,336,273),(857,336,275),(858,336,276),(859,336,277),(860,336,278),(861,336,279),(862,336,280),(863,336,281),(864,336,282),(865,336,283),(866,336,284),(867,336,285),(868,336,285),(869,336,286),(870,336,287),(871,336,288),(872,336,289),(873,336,290),(874,336,291),(875,336,292),(876,336,293),(877,336,294),(878,336,295),(879,336,297),(880,336,298),(881,336,297),(882,336,298),(883,336,299),(884,336,300),(885,336,301),(886,336,302),(887,336,303),(888,336,304),(889,336,305),(890,336,306),(891,336,308),(892,336,309),(893,215,22),(894,216,3),(895,339,1),(896,339,2),(897,339,3),(898,336,306),(899,336,307),(900,336,308),(901,93,5),(902,93,6),(903,93,7);

--
-- Table structure for table `eav_attribute_option_swatch`
--

CREATE TABLE `eav_attribute_option_swatch` (
  `swatch_id` int(10) unsigned NOT NULL AUTO_INCREMENT COMMENT 'Swatch ID',
  `option_id` int(10) unsigned NOT NULL COMMENT 'Option ID',
  `store_id` smallint(5) unsigned NOT NULL COMMENT 'Store ID',
  `type` smallint(5) unsigned NOT NULL COMMENT 'Swatch type: 0 - text, 1 - visual color, 2 - visual image',
  `value` varchar(255) DEFAULT NULL COMMENT 'Swatch Value',
  PRIMARY KEY (`swatch_id`),
  UNIQUE KEY `EAV_ATTRIBUTE_OPTION_SWATCH_STORE_ID_OPTION_ID` (`store_id`,`option_id`),
  KEY `EAV_ATTR_OPT_SWATCH_OPT_ID_EAV_ATTR_OPT_OPT_ID` (`option_id`),
  KEY `EAV_ATTRIBUTE_OPTION_SWATCH_SWATCH_ID` (`swatch_id`),
  CONSTRAINT `EAV_ATTRIBUTE_OPTION_SWATCH_STORE_ID_STORE_STORE_ID` FOREIGN KEY (`store_id`) REFERENCES `store` (`store_id`) ON DELETE CASCADE,
  CONSTRAINT `EAV_ATTR_OPT_SWATCH_OPT_ID_EAV_ATTR_OPT_OPT_ID` FOREIGN KEY (`option_id`) REFERENCES `eav_attribute_option` (`option_id`) ON DELETE CASCADE
) ENGINE=InnoDB DEFAULT CHARSET=utf8 COMMENT='Magento Swatches table';

--
-- Dumping data for table `eav_attribute_option_swatch`
--


--
-- Table structure for table `eav_attribute_option_value`
--

CREATE TABLE `eav_attribute_option_value` (
  `value_id` int(10) unsigned NOT NULL AUTO_INCREMENT COMMENT 'Value ID',
  `option_id` int(10) unsigned NOT NULL DEFAULT '0' COMMENT 'Option ID',
  `store_id` smallint(5) unsigned NOT NULL DEFAULT '0' COMMENT 'Store ID',
  `value` varchar(255) DEFAULT NULL COMMENT 'Value',
  PRIMARY KEY (`value_id`),
  KEY `EAV_ATTRIBUTE_OPTION_VALUE_OPTION_ID` (`option_id`),
  KEY `EAV_ATTRIBUTE_OPTION_VALUE_STORE_ID` (`store_id`),
  CONSTRAINT `EAV_ATTRIBUTE_OPTION_VALUE_STORE_ID_STORE_STORE_ID` FOREIGN KEY (`store_id`) REFERENCES `store` (`store_id`) ON DELETE CASCADE,
  CONSTRAINT `EAV_ATTR_OPT_VAL_OPT_ID_EAV_ATTR_OPT_OPT_ID` FOREIGN KEY (`option_id`) REFERENCES `eav_attribute_option` (`option_id`) ON DELETE CASCADE
) ENGINE=InnoDB AUTO_INCREMENT=16752 DEFAULT CHARSET=utf8 COMMENT='Eav Attribute Option Value';

--
-- Dumping data for table `eav_attribute_option_value`
--

INSERT INTO `eav_attribute_option_value` VALUES (1,1,0,'Male'),(2,2,0,'Female'),(3,3,0,'Not Specified'),(13978,19,2,'كونيكا مينولتا'),(13979,19,0,'Konica Minolta'),(13980,17,2,'شارب'),(13981,17,0,'Sharp'),(13982,573,2,'لكسمارك'),(13983,573,0,'Lexmark'),(13990,326,0,'3,000 Pages'),(13991,326,2,'3,000 صفحة'),(13992,341,0,'5,000 Pages'),(13993,341,2,'5,000 صفحة'),(13994,344,0,'6,000 Pages'),(13995,344,2,'6,000 صفحة'),(13996,351,0,'7,000 Pages'),(13997,351,2,'7,000 صفحة'),(13998,356,0,'8,600 Pages'),(13999,356,2,'8,000 صفحة'),(14000,360,0,'9,000 Pages'),(14001,360,2,'9,000 صفحة'),(14002,296,0,'10,000 Pages'),(14003,296,2,'10,000 صفحة'),(14004,298,0,'11,000 Pages'),(14005,298,2,'11,000 صفحة'),(14006,299,0,'11,500 Pages'),(14007,299,2,'11,500  صفحة'),(14008,301,0,'12,000 Pages'),(14009,301,2,'12,000 صفحة'),(14010,302,0,'13,000 Pages'),(14011,302,2,'13,000  صفحة'),(14012,304,0,'Black 13,000 pages Color 9,000 pages'),(14013,304,2,'14,500  صفحة'),(14014,305,0,'15,000 Pages'),(14015,305,2,'15,000 صفحة'),(14016,306,0,'16,000 Pages'),(14017,306,2,'16,000 صفحة'),(14018,307,0,'17,000 Pages'),(14019,307,2,'17,000 صفحة'),(14020,308,0,'17,500 Pages'),(14021,308,2,'17,500  صفحة'),(14022,309,0,'Black 24,000 pages Color 24,000 pages'),(14023,309,2,'18,000  متر طولي'),(14024,310,0,'18,000 Pages'),(14025,310,2,'18,000  صفحة'),(14026,311,0,'Black 20,000 pages Color 15,000 pages'),(14027,311,2,'19,000 متر طولي'),(14028,312,0,'19,000 Pages'),(14029,312,2,'19,000 صفحة'),(14030,313,0,'Black 18,000 pages Color 10,000 pages'),(14031,313,2,'20,000 متر طولي'),(14032,314,0,'20,000 Pages'),(14033,314,2,'20,000 صفحة'),(14034,315,0,'21,000 Pages'),(14035,315,2,'21,000  صفحة'),(14036,316,0,'23,000 Pages'),(14037,316,2,'23,000 صفحة'),(14038,317,0,'24,000 Pages'),(14039,317,2,'24,000 صفحة'),(14040,318,0,'24,500 Pages'),(14041,318,2,'24,500 صفحة'),(14042,319,0,'25,000 Pages'),(14043,319,2,'25,000 صفحة'),(14044,320,0,'26,000 Pages'),(14045,320,2,'26,000  صفحة'),(14046,321,0,'26,500 Pages'),(14047,321,2,'26,500  صفحة'),(14048,322,0,'27,000 Pages'),(14049,322,2,'27,000 صفحة'),(14050,323,0,'27,500 Pages'),(14051,323,2,'27,500 صفحة'),(14052,324,0,'28,000 Pages'),(14053,324,2,'28,000  صفحة'),(14054,325,0,'29,000 Pages'),(14055,325,2,'29,000 صفحة'),(14056,327,0,'30,000 Pages'),(14057,327,2,'30,000 صفحة'),(14058,328,0,'31,000 Pages'),(14059,328,2,'31,000  صفحة'),(14060,329,0,'31,200 Pages'),(14061,329,2,'31,200  صفحة'),(14062,330,0,'31,500 Pages'),(14063,330,2,'31,500  صفحة'),(14064,331,0,'32,200 Pages'),(14065,331,2,'32,200 صفحة'),(14066,332,0,'36,000 Pages'),(14067,332,2,'36,000  صفحة'),(14068,333,0,'37,500 Pages'),(14069,333,2,'37,500  صفحة'),(14070,334,0,'39,400 Pages'),(14071,334,2,'39,400  صفحة'),(14072,335,0,'40,000 Pages'),(14073,335,2,'40,000 صفحة'),(14074,336,0,'40,800 Pages'),(14075,336,2,'40,800 صفحة'),(14076,337,0,'41,500 Pages'),(14077,337,2,'41,500  صفحة'),(14078,338,0,'45,000 Pages'),(14079,338,2,'45,000 صفحة'),(14080,339,0,'47,200 Pages'),(14081,339,2,'47,200  صفحة'),(14082,340,0,'49,000 Pages'),(14083,340,2,'49,000  صفحة'),(14084,342,0,'54,500 Pages'),(14085,342,2,'54,500  صفحة'),(14086,343,0,'55,000 Pages'),(14087,343,2,'55,000 صفحة'),(14088,345,0,'60,000 Pages'),(14089,345,2,'60,000  صفحة'),(14090,346,0,'64,000 Pages'),(14091,346,2,'64,000  صفحة'),(14092,347,0,'65,000 Pages'),(14093,347,2,'65,000  صفحة'),(14094,348,0,'66,000 Pages'),(14095,348,2,'66,000  صفحة'),(14096,349,0,'66,500 Pages'),(14097,349,2,'66,500  صفحة'),(14098,350,0,'68,000 Pages'),(14099,350,2,'68,000  صفحة'),(14100,352,0,'70,000 Pages'),(14101,352,2,'70,000  صفحة'),(14102,353,0,'71,000 Pages'),(14103,353,2,'71,000  صفحة'),(14104,354,0,'75,000 Pages'),(14105,354,2,'75,000  صفحة'),(14106,355,0,'78,000 Pages'),(14107,355,2,'78,000  صفحة'),(14108,357,0,'82,000 Pages'),(14109,357,2,'82,000 صفحة'),(14110,358,0,'83,000 Pages'),(14111,358,2,'83,000 صفحة'),(14112,359,0,'88,000 Pages'),(14113,359,2,'88,000  صفحة'),(14114,361,0,'91,000 Pages'),(14115,361,2,'91,000 صفحة'),(14116,362,0,'92,000 Pages'),(14117,362,2,'92,000  صفحة'),(14118,363,0,'95,000 Pages'),(14119,363,2,'95,000 صفحة'),(14120,297,0,'104,000 Pages'),(14121,297,2,'104,000  صفحة'),(14122,300,0,'119,000 Pages'),(14123,300,2,'119,000  صفحة'),(14124,303,0,'137,000 Pages'),(14125,303,2,'137,000  صفحة'),(14126,563,0,'120,000 Pages'),(14127,563,2,'120,000  صفحة'),(14128,564,0,'18,500 Pages'),(14129,564,2,'18,500  صفحة'),(14130,565,0,'24,400 Pages'),(14131,565,2,'24,400  صفحة'),(14132,566,0,'80,000 Pages'),(14133,566,2,'80,000 صفحة'),(14134,567,0,'4,700 Pages'),(14135,567,2,'4,700  صفحة'),(14136,568,0,'33,200 Pages'),(14137,568,2,'33,200  صفحة'),(14138,569,0,'48,900 Pages'),(14139,569,2,'48,900 صفحة'),(14140,570,0,'Black 40,000 pages Color 24,000 pages'),(14141,570,2,'2,500  صفحة'),(14142,571,0,'35,000 Pages'),(14143,571,2,'35,000 صفحة'),(14144,574,0,'Black 8,500 pages Color 5,000 pages'),(14145,574,2,'8,500  صفحة'),(14146,895,1,'Konica Minolta'),(14147,895,0,'Konica Minolta'),(14148,895,2,'كونيكا مينولتا'),(14149,896,1,'Sharp'),(14150,896,0,'Sharp'),(14151,896,2,'شارب'),(14152,897,1,'Lexmark'),(14153,897,0,'Lexmark'),(14154,897,2,'ليكسمارك'),(14163,560,0,'Installed'),(14164,561,0,'Optional'),(14165,580,0,'Super G3, Analogue; i-Fax, Up to 33.6 Kbps '),(14166,581,0,'ITU T.30, V.34 Half-Duplex, 33.6 Kbps'),(14171,27,1,'Print, Copy, Scan'),(14172,27,0,'Print, Copy, Scan'),(14173,27,2,'طباعة، مسح ضوئي و نسخ'),(14174,67,1,'Print'),(14175,67,0,'Print'),(14176,67,2,'طباعة '),(14177,894,1,'Print, Scan, Copy & Fax'),(14178,894,0,'Print, Scan, Copy & Fax'),(14179,894,2,'طباعة ، مسح ضوئي، نسخ و فاكس'),(14180,24,1,'Bizhub'),(14181,24,0,'Bizhub'),(14182,24,2,'Bizhub'),(14183,25,1,'Nova Light V'),(14184,25,0,'Nova Light V'),(14185,25,2,'Nova Light V'),(14186,26,1,'Nova E'),(14187,26,0,'Nova E'),(14188,26,2,'Nova E'),(14189,40,1,'Nova E V'),(14190,40,0,'Nova E V'),(14191,40,2,'Nova E V'),(14192,41,1,'B-Griffin'),(14193,41,0,'B-Griffin'),(14194,41,2,'B-Griffin'),(14195,42,1,'Taurus'),(14196,42,0,'Taurus'),(14197,42,2,'Taurus'),(14198,43,1,'Hercules2'),(14199,43,0,'Hercules2'),(14200,43,2,'Hercules2'),(14201,44,1,'T-Gemini'),(14202,44,0,'T-Gemini'),(14203,44,2,'T-Gemini'),(14204,68,1,'Griffin2'),(14205,68,0,'Griffin2'),(14206,68,2,'Griffin2'),(14207,69,1,'Phoenix2'),(14208,69,0,'Phoenix2'),(14209,69,2,'Phoenix2'),(14210,70,1,'CCube'),(14211,70,0,'CCube'),(14212,70,2,'CCube'),(14213,71,1,'Nova Light Refresh'),(14214,71,0,'Nova Light Refresh'),(14215,71,2,'Nova Light Refresh'),(14216,552,1,'Bizhub Pro'),(14217,552,0,'Bizhub Pro'),(14218,552,2,'Bizhub Pro'),(14219,72,1,'Taurus2'),(14220,72,0,'Taurus2'),(14221,72,2,'Taurus2'),(14222,553,1,'Bizhub Press'),(14223,553,0,'Bizhub Press'),(14224,553,2,'Bizhub Press'),(14225,554,1,'Accurio Press'),(14226,554,0,'Accurio Press'),(14227,554,2,'Accurio Press'),(14228,555,1,'Accurio Print'),(14229,555,0,'Accurio Print'),(14230,555,2,'Accurio Print'),(14231,556,1,'Accurio Label'),(14232,556,0,'Accurio Label'),(14233,556,2,'Accurio Label'),(14234,557,1,'All'),(14235,557,0,'All'),(14236,557,2,'All'),(14237,582,0,'Magicolor'),(14238,583,1,'Page Pro'),(14239,583,0,'Page Pro'),(14240,583,2,'Page Pro'),(14241,893,1,'Enterprise & Large Business'),(14242,893,0,'Enterprise & Large Business'),(14271,32,1,'Colour + Black & White'),(14272,32,0,'Colour + Black & White'),(14273,32,2,'ملون + أسود و أبيض'),(14274,39,1,'Black & White'),(14275,39,0,'Black & White'),(14276,39,2,'أسود و أبيض'),(14277,36,1,'A3 / A4'),(14278,36,0,'A3 / A4'),(14279,36,2,'A3 / A4'),(14280,37,1,'A4'),(14281,37,0,'A4'),(14282,37,2,'A4'),(14283,29,0,'Printer, Scanner, Copier'),(14284,29,2,'طباعة، مسح ضوئي، تصوير'),(14285,73,0,'Printer Only'),(14286,73,2,'طابعة فقط'),(14287,58,0,'Black'),(14288,58,2,'أسود'),(14289,59,0,'Cyan'),(14290,59,2,'أزرق'),(14291,60,0,'Magenta'),(14292,60,2,'أحمر'),(14293,61,0,'Yellow'),(14294,61,2,'أصفر'),(16441,647,0,'Accurio Press C2070'),(16442,659,0,'Accurio Press C3070L'),(16443,661,0,'Accurio Press C3080'),(16444,682,0,'Accurio Press C6100'),(16445,646,0,'Accurio Print C2060L'),(16446,693,0,'AccurioLabel 190'),(16447,585,0,'Bizhub 162'),(16448,586,0,'Bizhub 163'),(16449,587,0,'Bizhub 164'),(16450,588,0,'Bizhub 184'),(16451,589,0,'Bizhub 185'),(16452,590,0,'Bizhub 195'),(16453,591,0,'Bizhub 210'),(16454,592,0,'Bizhub 211'),(16455,593,0,'Bizhub 215'),(16456,594,0,'Bizhub 226'),(16457,595,0,'Bizhub 250'),(16458,596,0,'Bizhub 266'),(16459,639,0,'Bizhub 266i'),(16460,597,0,'Bizhub 282'),(16461,598,0,'Bizhub 283'),(16462,780,0,'Bizhub 284E'),(16463,599,0,'Bizhub 287'),(16464,600,0,'Bizhub 306'),(16465,640,0,'Bizhub 306i'),(16466,601,0,'Bizhub 308'),(16467,632,0,'Bizhub 3300P'),(16468,633,0,'Bizhub 3320'),(16469,602,0,'Bizhub 350'),(16470,584,0,'Bizhub 36'),(16471,603,0,'Bizhub 362'),(16472,604,0,'Bizhub 363'),(16473,605,0,'Bizhub 367'),(16474,606,0,'Bizhub 368'),(16475,807,0,'Bizhub 4000i'),(16476,782,0,'Bizhub 4000P'),(16477,634,0,'Bizhub 4020'),(16478,808,0,'Bizhub 4020i'),(16479,635,0,'Bizhub 4050'),(16480,783,0,'Bizhub 4052'),(16481,607,0,'Bizhub 421'),(16482,608,0,'Bizhub 423'),(16483,695,0,'Bizhub 454'),(16484,609,0,'Bizhub 454e'),(16485,611,0,'Bizhub 458'),(16486,610,0,'Bizhub 458e'),(16487,784,0,'Bizhub 4700P'),(16488,636,0,'Bizhub 4702p'),(16489,637,0,'Bizhub 4750'),(16490,612,0,'Bizhub 500'),(16491,613,0,'Bizhub 501'),(16492,614,0,'Bizhub 552'),(16493,696,0,'Bizhub 554'),(16494,615,0,'Bizhub 554e'),(16495,616,0,'Bizhub 558e'),(16496,617,0,'Bizhub 600'),(16497,618,0,'Bizhub 601'),(16498,619,0,'Bizhub 652'),(16499,620,0,'Bizhub 654'),(16500,621,0,'Bizhub 654e'),(16501,622,0,'Bizhub 658e'),(16502,623,0,'Bizhub 750'),(16503,624,0,'Bizhub 751'),(16504,625,0,'Bizhub 754'),(16505,626,0,'Bizhub 754e'),(16506,627,0,'Bizhub 758'),(16507,781,0,'Bizhub 950'),(16508,629,0,'Bizhub 958'),(16509,645,0,'Bizhub C200'),(16510,648,0,'Bizhub C220'),(16511,649,0,'Bizhub C221'),(16512,698,0,'Bizhub C224'),(16513,650,0,'Bizhub C224e'),(16514,651,0,'Bizhub C226'),(16515,652,0,'Bizhub C227'),(16516,699,0,'Bizhub C227E'),(16517,653,0,'Bizhub C253'),(16518,654,0,'Bizhub C266'),(16519,812,0,'Bizhub C266i'),(16520,655,0,'Bizhub C280'),(16521,700,0,'Bizhub C284'),(16522,656,0,'Bizhub C284e'),(16523,657,0,'Bizhub C300'),(16524,658,0,'Bizhub C300i'),(16525,660,0,'Bizhub C308'),(16526,785,0,'Bizhub C3100P'),(16527,662,0,'Bizhub C3110'),(16528,810,0,'Bizhub C3300i'),(16529,811,0,'Bizhub C3320i'),(16530,663,0,'Bizhub C3350'),(16531,664,0,'Bizhub C3350i'),(16532,665,0,'Bizhub C3351'),(16533,666,0,'Bizhub C35'),(16534,667,0,'Bizhub C353'),(16535,668,0,'Bizhub C360'),(16536,669,0,'Bizhub C360i'),(16537,701,0,'Bizhub C364'),(16538,670,0,'Bizhub C364e'),(16539,671,0,'Bizhub C368'),(16540,672,0,'Bizhub C3850'),(16541,673,0,'Bizhub C3851'),(16542,674,0,'Bizhub C4050i'),(16543,675,0,'Bizhub C450i'),(16544,676,0,'Bizhub C451'),(16545,702,0,'Bizhub C454'),(16546,677,0,'Bizhub C454e'),(16547,678,0,'Bizhub C458'),(16548,679,0,'Bizhub C552'),(16549,680,0,'Bizhub C554e'),(16550,681,0,'Bizhub C558'),(16551,684,0,'Bizhub C650i'),(16552,685,0,'Bizhub C652'),(16553,686,0,'Bizhub C654'),(16554,687,0,'Bizhub C654e'),(16555,688,0,'Bizhub C658'),(16556,691,0,'Bizhub C754e'),(16557,786,0,'Bizhub C759'),(16558,638,0,'Bizhub Press 1250P'),(16559,779,0,'Bizhub Press C107'),(16560,642,0,'Bizhub Press C1070'),(16561,643,0,'Bizhub Press C1085'),(16562,644,0,'Bizhub Press C1100'),(16563,690,0,'Bizhub Press C70hc'),(16564,697,0,'Bizhub Pro 1050'),(16565,630,0,'Bizhub Pro 1100'),(16566,631,0,'Bizhub Pro 1200'),(16567,628,0,'Bizhub Pro 920'),(16568,694,0,'Bizhub Pro 951'),(16569,641,0,'Bizhub Pro C1060L'),(16570,683,0,'Bizhub Pro C6501'),(16571,689,0,'Bizhub Pro C7000'),(16572,692,0,'Bizhub Pro C8000'),(16573,814,0,'Lexmark CX522ade'),(16574,813,0,'Lexmark MX521ade'),(16575,787,0,'Magicolor 1600W'),(16576,788,0,'Magicolor 1650EN'),(16577,789,0,'Magicolor 1680M'),(16578,790,0,'Magicolor 745'),(16579,791,0,'Magicolor 7450'),(16580,809,0,'Page Pro 1500'),(16581,703,0,'Sharp AR-122E'),(16582,704,0,'Sharp AR-203E'),(16583,792,0,'Sharp AR-205'),(16584,705,0,'Sharp AR-235'),(16585,793,0,'Sharp AR-258'),(16586,706,0,'Sharp AR-5015'),(16587,707,0,'Sharp AR-5127'),(16588,708,0,'Sharp AR-5316'),(16589,709,0,'Sharp AR-5320'),(16590,710,0,'sharp AR-5516'),(16591,711,0,'Sharp AR-5520'),(16592,712,0,'Sharp AR-5618'),(16593,713,0,'Sharp AR-5620'),(16594,714,0,'Sharp AR-5623'),(16595,794,0,'Sharp AR-5625'),(16596,795,0,'Sharp AR-5631'),(16597,715,0,'Sharp AR-6020'),(16598,716,0,'Sharp AR-6023'),(16599,798,0,'Sharp AR-M205'),(16600,796,0,'Sharp AR-M258'),(16601,717,0,'Sharp AR-M276'),(16602,797,0,'Sharp AR-M31'),(16603,799,0,'Sharp AR-M312'),(16604,800,0,'Sharp AR-M451'),(16605,718,0,'Sharp AR-M620'),(16606,805,0,'Sharp BP-20C20T'),(16607,804,0,'Sharp BP-20M28'),(16608,806,0,'Sharp BP-30C25T'),(16609,803,0,'Sharp BP-30M31'),(16610,719,0,'Sharp DX-2000'),(16611,720,0,'Sharp DX-2500'),(16612,802,0,'Sharp DX-C200'),(16613,721,0,'Sharp MX-1810'),(16614,722,0,'Sharp MX-2010'),(16615,723,0,'Sharp MX-2301'),(16616,724,0,'Sharp MX-2314'),(16617,725,0,'Sharp MX-2614'),(16618,726,0,'Sharp MX-2630'),(16619,727,0,'Sharp MX-2651'),(16620,728,0,'Sharp MX-3050'),(16621,729,0,'Sharp MX-3051'),(16622,730,0,'Sharp MX-3060'),(16623,731,0,'Sharp MX-3061'),(16624,732,0,'Sharp MX-3100'),(16625,733,0,'Sharp MX-3110'),(16626,734,0,'Sharp MX-3140'),(16627,735,0,'Sharp MX-3550'),(16628,736,0,'Sharp MX-3551'),(16629,737,0,'Sharp MX-3560'),(16630,738,0,'Sharp MX-3561'),(16631,739,0,'Sharp MX-4050'),(16632,740,0,'Sharp MX-4051'),(16633,741,0,'Sharp MX-4070'),(16634,742,0,'Sharp MX-4100'),(16635,743,0,'Sharp MX-4110'),(16636,744,0,'Sharp MX-4140'),(16637,745,0,'Sharp MX-5000'),(16638,746,0,'Sharp MX-5050'),(16639,747,0,'Sharp MX-5051'),(16640,748,0,'Sharp MX-5110'),(16641,749,0,'Sharp MX-6051'),(16642,750,0,'Sharp MX-7040'),(16643,751,0,'Sharp MX-7500'),(16644,801,0,'Sharp MX-B200'),(16645,753,0,'Sharp MX-M1100'),(16646,778,0,'Sharp MX-M120'),(16647,755,0,'Sharp MX-M264'),(16648,756,0,'Sharp MX-M265'),(16649,772,0,'Sharp MX-M265N'),(16650,775,0,'Sharp MX-M265NV'),(16651,757,0,'Sharp MX-M283'),(16652,758,0,'Sharp MX-M314'),(16653,759,0,'Sharp MX-M315'),(16654,773,0,'Sharp MX-M315N'),(16655,776,0,'Sharp MX-M315NV'),(16656,760,0,'Sharp MX-M354'),(16657,761,0,'Sharp MX-M356'),(16658,774,0,'Sharp MX-M356N'),(16659,762,0,'Sharp MX-M362'),(16660,763,0,'Sharp MX-M363'),(16661,764,0,'Sharp MX-M4050'),(16662,765,0,'Sharp MX-M452'),(16663,766,0,'Sharp MX-M453'),(16664,767,0,'Sharp MX-M503'),(16665,768,0,'Sharp MX-M5050'),(16666,769,0,'Sharp MX-M6050'),(16667,770,0,'Sharp MX-M654'),(16668,771,0,'Sharp MX-M754'),(16669,815,0,'Bizhub 227'),(16670,816,0,'Sharp AR-6020V'),(16671,817,0,'Sharp AR-6023N'),(16672,820,0,'Bizhub C226i'),(16673,821,0,'Page Pro 1500W'),(16674,822,0,'Sharp AR-M318'),(16675,823,0,'Magicolor 1680MF'),(16676,818,0,'Sharp MX-M356NV'),(16677,824,0,'Bizhub C754'),(16678,819,0,'Sharp MX-M6051'),(16679,825,0,'Bizhub Press C71CF'),(16680,826,0,'Accurio Press C2060'),(16681,827,0,'Bizhub C550'),(16682,828,0,'Bizhub C650'),(16683,829,0,'Bizhub C452'),(16684,830,0,'Sharp MX-M850'),(16685,832,0,'Sharp MX-7500N'),(16686,831,0,'Sharp MX-M950'),(16687,833,0,'Sharp MX-6200N'),(16688,834,0,'Sharp MX-4110N'),(16689,835,0,'Sharp MX-4140N'),(16690,836,0,'Sharp MX-5110N'),(16691,837,0,'Sharp MX-3500N'),(16692,838,0,'Sharp MX-3501N'),(16693,839,0,'Sharp MX-4500N'),(16694,840,0,'Sharp MX-4501'),(16695,841,0,'Sharp MX-3110N'),(16696,842,0,'Sharp MX-3610N'),(16697,843,0,'Sharp MX-3140N'),(16698,844,0,'Sharp MX-2600'),(16699,845,0,'Sharp MX-M354N'),(16700,846,0,'Sharp MX-M314N'),(16701,847,0,'Sharp MX-M264N'),(16702,848,0,'Sharp AR-5731'),(16703,849,0,'Sharp AR-5726'),(16704,850,0,'Sharp MX-2300'),(16705,851,0,'Sharp MX-2700G'),(16706,852,0,'Sharp MX-2614N'),(16707,853,0,'Sharp MX-3111U'),(16708,854,0,'Sharp MX-3114N'),(16709,856,0,'Sharp MX-1810U'),(16710,857,0,'Sharp AR-M700'),(16711,858,0,'Sharp AR-M550'),(16712,859,0,'Sharp AR5020'),(16713,860,0,'Sharp MX-4070V'),(16714,861,0,'Sharp MX-3560V'),(16715,862,0,'Sharp MX-3060V'),(16716,863,0,'Sharp MX-5050V'),(16717,864,0,'Sharp MX-4050V'),(16718,865,0,'Sharp MX-3550V'),(16719,866,0,'Sharp MX-3050V'),(16720,868,0,'Sharp DX-2000U'),(16721,867,0,'Sharp MX-2630N'),(16722,869,0,'Sharp DX-2500N'),(16723,870,0,'Bizhub Pro C6500'),(16724,871,0,'Bizhub 558'),(16725,872,0,'Bizhub 420'),(16726,873,0,'Bizhub 42'),(16727,874,0,'Bizhub C352'),(16728,875,0,'Bizhub CF2203'),(16729,876,0,'Bizhub C252'),(16730,877,0,'Bizhub Pro 1051'),(16731,878,0,'Bizhub Pro 1050e'),(16732,879,0,'Sharp MX-M1204'),(16733,881,0,'Sharp MX-M754N'),(16734,880,0,'Sharp MX-M1054'),(16735,882,0,'Sharp MX-M2651'),(16736,883,0,'Sharp MX-M3051'),(16737,884,0,'Sharp MX-M3551'),(16738,885,0,'Sharp MX-M4051'),(16739,886,0,'Sharp MX-M5051'),(16740,887,0,'Sharp AR-122'),(16741,888,0,'Sharp AR-168'),(16742,889,0,'Sharp AR-203'),(16743,890,0,'Sharp AR-M236'),(16744,898,0,'Sharp MX-2314N'),(16745,899,0,'Sharp MX-M502'),(16746,891,0,'Sharp MX-4100N'),(16747,892,0,'Sharp MX-5000N'),(16748,900,0,'TEST Copier 1'),(16749,901,0,'white'),(16750,902,0,'brown'),(16751,903,0,'grey');

--
-- Table structure for table `eav_attribute_set`
--

CREATE TABLE `eav_attribute_set` (
  `attribute_set_id` smallint(5) unsigned NOT NULL AUTO_INCREMENT COMMENT 'Attribute Set ID',
  `entity_type_id` smallint(5) unsigned NOT NULL DEFAULT '0' COMMENT 'Entity Type ID',
  `attribute_set_name` varchar(255) DEFAULT NULL COMMENT 'Attribute Set Name',
  `sort_order` smallint(6) NOT NULL DEFAULT '0' COMMENT 'Sort Order',
  PRIMARY KEY (`attribute_set_id`),
  UNIQUE KEY `EAV_ATTRIBUTE_SET_ENTITY_TYPE_ID_ATTRIBUTE_SET_NAME` (`entity_type_id`,`attribute_set_name`),
  KEY `EAV_ATTRIBUTE_SET_ENTITY_TYPE_ID_SORT_ORDER` (`entity_type_id`,`sort_order`),
  CONSTRAINT `EAV_ATTRIBUTE_SET_ENTITY_TYPE_ID_EAV_ENTITY_TYPE_ENTITY_TYPE_ID` FOREIGN KEY (`entity_type_id`) REFERENCES `eav_entity_type` (`entity_type_id`) ON DELETE CASCADE
) ENGINE=InnoDB AUTO_INCREMENT=14 DEFAULT CHARSET=utf8 COMMENT='Eav Attribute Set';

--
-- Dumping data for table `eav_attribute_set`
--

INSERT INTO `eav_attribute_set` VALUES (1,1,'Default',2),(2,2,'Default',2),(3,3,'Default',1),(4,4,'Default',1),(5,5,'Default',1),(6,6,'Default',1),(7,7,'Default',1),(8,8,'Default',1),(11,4,'Toner',200),(12,4,'Office Furniture',0),(13,4,'Copiers',0);

--
-- Table structure for table `eav_entity`
--

CREATE TABLE `eav_entity` (
  `entity_id` int(10) unsigned NOT NULL AUTO_INCREMENT COMMENT 'Entity ID',
  `entity_type_id` smallint(5) unsigned NOT NULL DEFAULT '0' COMMENT 'Entity Type ID',
  `attribute_set_id` smallint(5) unsigned NOT NULL DEFAULT '0' COMMENT 'Attribute Set ID',
  `increment_id` varchar(50) DEFAULT NULL COMMENT 'Increment ID',
  `parent_id` int(10) unsigned NOT NULL DEFAULT '0' COMMENT 'Parent ID',
  `store_id` smallint(5) unsigned NOT NULL DEFAULT '0' COMMENT 'Store ID',
  `created_at` timestamp NOT NULL DEFAULT CURRENT_TIMESTAMP COMMENT 'Created At',
  `updated_at` timestamp NOT NULL DEFAULT CURRENT_TIMESTAMP ON UPDATE CURRENT_TIMESTAMP COMMENT 'Updated At',
  `is_active` smallint(5) unsigned NOT NULL DEFAULT '1' COMMENT 'Defines Is Entity Active',
  PRIMARY KEY (`entity_id`),
  KEY `EAV_ENTITY_ENTITY_TYPE_ID` (`entity_type_id`),
  KEY `EAV_ENTITY_STORE_ID` (`store_id`),
  CONSTRAINT `EAV_ENTITY_ENTITY_TYPE_ID_EAV_ENTITY_TYPE_ENTITY_TYPE_ID` FOREIGN KEY (`entity_type_id`) REFERENCES `eav_entity_type` (`entity_type_id`) ON DELETE CASCADE,
  CONSTRAINT `EAV_ENTITY_STORE_ID_STORE_STORE_ID` FOREIGN KEY (`store_id`) REFERENCES `store` (`store_id`) ON DELETE CASCADE
) ENGINE=InnoDB DEFAULT CHARSET=utf8 COMMENT='Eav Entity';

--
-- Dumping data for table `eav_entity`
--


--
-- Table structure for table `eav_entity_attribute`
--

CREATE TABLE `eav_entity_attribute` (
  `entity_attribute_id` int(10) unsigned NOT NULL AUTO_INCREMENT COMMENT 'Entity Attribute ID',
  `entity_type_id` smallint(5) unsigned NOT NULL DEFAULT '0' COMMENT 'Entity Type ID',
  `attribute_set_id` smallint(5) unsigned NOT NULL DEFAULT '0' COMMENT 'Attribute Set ID',
  `attribute_group_id` smallint(5) unsigned NOT NULL DEFAULT '0' COMMENT 'Attribute Group ID',
  `attribute_id` smallint(5) unsigned NOT NULL DEFAULT '0' COMMENT 'Attribute ID',
  `sort_order` smallint(6) NOT NULL DEFAULT '0' COMMENT 'Sort Order',
  PRIMARY KEY (`entity_attribute_id`),
  UNIQUE KEY `EAV_ENTITY_ATTRIBUTE_ATTRIBUTE_SET_ID_ATTRIBUTE_ID` (`attribute_set_id`,`attribute_id`),
  UNIQUE KEY `EAV_ENTITY_ATTRIBUTE_ATTRIBUTE_GROUP_ID_ATTRIBUTE_ID` (`attribute_group_id`,`attribute_id`),
  KEY `EAV_ENTITY_ATTRIBUTE_ATTRIBUTE_SET_ID_SORT_ORDER` (`attribute_set_id`,`sort_order`),
  KEY `EAV_ENTITY_ATTRIBUTE_ATTRIBUTE_ID` (`attribute_id`),
  CONSTRAINT `EAV_ENTITY_ATTRIBUTE_ATTRIBUTE_ID_EAV_ATTRIBUTE_ATTRIBUTE_ID` FOREIGN KEY (`attribute_id`) REFERENCES `eav_attribute` (`attribute_id`) ON DELETE CASCADE,
  CONSTRAINT `EAV_ENTT_ATTR_ATTR_GROUP_ID_EAV_ATTR_GROUP_ATTR_GROUP_ID` FOREIGN KEY (`attribute_group_id`) REFERENCES `eav_attribute_group` (`attribute_group_id`) ON DELETE CASCADE
) ENGINE=InnoDB AUTO_INCREMENT=4740 DEFAULT CHARSET=utf8 COMMENT='Eav Entity Attributes';

--
-- Dumping data for table `eav_entity_attribute`
--

INSERT INTO `eav_entity_attribute` VALUES (1,1,1,1,1,10),(2,1,1,1,2,20),(3,1,1,1,3,20),(4,1,1,1,4,30),(5,1,1,1,5,40),(6,1,1,1,6,50),(7,1,1,1,7,60),(8,1,1,1,8,70),(9,1,1,1,9,80),(10,1,1,1,10,25),(11,1,1,1,11,90),(12,1,1,1,12,81),(13,1,1,1,13,115),(14,1,1,1,14,120),(15,1,1,1,15,82),(16,1,1,1,16,83),(17,1,1,1,17,100),(18,1,1,1,18,0),(19,1,1,1,19,0),(20,1,1,1,20,110),(21,1,1,1,21,28),(22,2,2,2,22,10),(23,2,2,2,23,20),(24,2,2,2,24,30),(25,2,2,2,25,40),(26,2,2,2,26,50),(27,2,2,2,27,60),(28,2,2,2,28,70),(29,2,2,2,29,100),(30,2,2,2,30,80),(31,2,2,2,31,90),(32,2,2,2,32,90),(33,2,2,2,33,110),(34,2,2,2,34,120),(35,2,2,2,35,130),(36,2,2,2,36,140),(37,2,2,2,37,132),(38,2,2,2,38,133),(39,2,2,2,39,134),(40,2,2,2,40,135),(41,1,1,1,41,87),(42,1,1,1,42,100),(43,1,1,1,43,110),(44,1,1,1,44,120),(45,3,3,4,45,1),(46,3,3,4,46,2),(47,3,3,4,47,4),(48,3,3,4,48,5),(49,3,3,4,49,6),(50,3,3,4,50,7),(51,3,3,4,51,8),(52,3,3,5,52,10),(53,3,3,5,53,20),(54,3,3,5,54,30),(55,3,3,4,55,12),(57,3,3,4,57,14),(58,3,3,4,58,15),(59,3,3,4,59,16),(60,3,3,6,60,10),(61,3,3,6,61,30),(62,3,3,6,62,40),(63,3,3,6,63,50),(64,3,3,6,64,60),(65,3,3,4,65,24),(66,3,3,4,66,25),(67,3,3,5,67,40),(68,3,3,5,68,50),(69,3,3,4,69,10),(70,3,3,6,70,5),(71,3,3,6,71,6),(72,3,3,5,72,51),(90,4,4,7,91,6),(96,4,4,8,98,8),(101,4,4,11,103,10),(105,4,4,7,107,14),(106,4,4,7,108,15),(107,4,4,7,109,16),(108,4,4,7,110,17),(109,4,4,7,111,18),(110,4,4,7,112,19),(111,4,4,7,113,20),(116,3,3,6,118,51),(117,3,3,4,119,3),(118,3,3,4,120,17),(120,4,4,7,122,11),(123,4,4,7,125,111),(124,4,4,7,126,112),(125,4,4,7,127,113),(126,4,4,7,128,114),(150,1,1,1,149,100),(152,1,1,1,151,990),(154,1,1,1,152,990),(156,1,1,1,153,990),(157,3,3,21,154,30),(158,3,3,21,155,31),(159,3,3,21,156,32),(160,3,3,21,157,33),(161,3,3,21,158,34),(162,3,3,21,159,35),(163,3,3,21,160,36),(164,3,3,21,161,37),(165,3,3,21,162,38),(166,3,3,21,163,39),(167,3,3,21,164,40),(168,3,3,21,165,41),(169,3,3,21,166,42),(170,3,3,21,167,14),(171,3,3,21,168,44),(172,3,3,21,169,45),(173,3,3,21,170,46),(529,2,2,2,297,0),(530,2,2,2,298,0),(847,4,11,53,103,10),(855,4,11,54,98,8),(923,4,11,59,91,6),(928,4,11,59,122,11),(932,4,11,59,107,14),(934,4,11,59,108,15),(935,4,11,59,109,16),(937,4,11,59,110,17),(939,4,11,59,111,18),(941,4,11,59,112,19),(942,4,11,59,113,20),(944,4,11,59,125,111),(945,4,11,59,126,112),(946,4,11,59,127,113),(947,4,11,59,128,114),(1261,1,1,1,311,90),(1311,4,12,65,103,10),(1319,4,12,66,98,8),(1391,4,12,71,91,6),(1396,4,12,71,122,11),(1400,4,12,71,107,14),(1402,4,12,71,108,15),(1404,4,12,71,109,16),(1406,4,12,71,110,17),(1407,4,12,71,111,18),(1409,4,12,71,112,19),(1410,4,12,71,113,20),(1412,4,12,71,125,111),(1413,4,12,71,126,112),(1414,4,12,71,127,113),(1415,4,12,71,128,114),(1419,4,12,71,73,2),(1420,4,12,71,74,3),(1421,4,12,71,77,6),(1422,4,12,71,82,10),(1423,4,12,71,94,14),(1424,4,12,71,95,15),(1425,4,12,71,97,1),(1426,4,12,71,99,12),(1427,4,12,71,105,13),(1428,4,12,71,114,16),(1429,4,12,71,115,9),(1430,4,12,71,130,7),(1431,4,12,71,131,5),(1432,4,12,71,132,11),(1433,4,12,71,136,8),(1434,4,12,71,174,18),(1435,4,12,71,211,17),(1436,4,12,71,212,19),(1437,4,12,71,213,20),(1439,4,12,69,134,1),(1440,4,12,68,87,1),(1441,4,12,68,88,2),(1442,4,12,68,89,3),(1443,4,12,68,90,5),(1444,4,12,68,96,6),(1445,4,12,68,135,4),(1446,4,12,67,84,2),(1447,4,12,67,85,3),(1448,4,12,67,86,4),(1449,4,12,67,121,1),(1450,4,12,66,78,1),(1451,4,12,66,79,2),(1452,4,12,66,80,3),(1453,4,12,66,81,4),(1454,4,12,66,92,5),(1455,4,12,66,123,6),(1456,4,12,66,124,7),(1457,4,12,66,133,8),(1458,4,12,65,104,1),(1459,4,12,65,106,2),(1460,4,12,65,117,3),(1461,4,12,64,100,3),(1462,4,12,64,101,1),(1463,4,12,64,102,2),(1464,4,12,64,116,4),(1465,4,12,62,129,1),(1466,4,12,60,287,1),(1467,4,12,72,75,6),(1468,4,12,72,76,5),(1469,4,12,72,83,1),(1470,4,12,72,93,2),(1471,4,12,72,299,3),(1472,4,12,72,300,4),(2961,4,13,80,103,10),(2969,4,13,81,98,8),(3042,4,13,86,91,6),(3047,4,13,86,122,11),(3052,4,13,86,107,14),(3054,4,13,86,108,15),(3056,4,13,86,109,16),(3057,4,13,86,110,17),(3059,4,13,86,111,18),(3061,4,13,86,112,19),(3063,4,13,86,113,20),(3066,4,13,86,125,111),(3067,4,13,86,126,112),(3068,4,13,86,127,113),(3069,4,13,86,128,114),(3378,4,12,71,336,3),(4151,4,4,7,73,2),(4152,4,4,7,74,3),(4153,4,4,7,77,6),(4154,4,4,7,82,10),(4155,4,4,7,94,14),(4156,4,4,7,95,15),(4157,4,4,7,97,1),(4158,4,4,7,99,12),(4159,4,4,7,105,13),(4160,4,4,7,114,18),(4161,4,4,7,115,9),(4162,4,4,7,130,7),(4163,4,4,7,131,5),(4164,4,4,7,132,11),(4165,4,4,7,136,8),(4166,4,4,7,211,19),(4167,4,4,7,212,22),(4168,4,4,7,213,23),(4169,4,4,7,314,20),(4170,4,4,7,315,21),(4171,4,4,7,336,4),(4172,4,4,7,340,16),(4173,4,4,7,341,17),(4174,4,4,13,75,2),(4175,4,4,13,76,1),(4176,4,4,13,243,3),(4177,4,4,13,244,4),(4178,4,4,13,245,5),(4179,4,4,13,246,6),(4180,4,4,13,247,7),(4181,4,4,13,249,8),(4182,4,4,13,250,9),(4183,4,4,13,252,10),(4184,4,4,13,253,11),(4185,4,4,13,254,12),(4186,4,4,13,255,13),(4187,4,4,13,256,14),(4188,4,4,13,257,15),(4189,4,4,13,258,16),(4190,4,4,13,259,17),(4191,4,4,13,260,18),(4192,4,4,13,261,19),(4193,4,4,13,262,20),(4194,4,4,13,263,21),(4195,4,4,13,264,22),(4196,4,4,13,265,23),(4197,4,4,13,266,24),(4198,4,4,13,267,25),(4199,4,4,13,268,26),(4200,4,4,13,269,27),(4201,4,4,13,270,28),(4202,4,4,13,271,29),(4203,4,4,13,272,30),(4204,4,4,13,273,31),(4205,4,4,13,274,32),(4206,4,4,13,276,33),(4207,4,4,13,277,34),(4208,4,4,13,278,35),(4209,4,4,13,279,36),(4210,4,4,13,280,37),(4211,4,4,13,281,38),(4212,4,4,13,282,39),(4213,4,4,13,283,40),(4214,4,4,13,284,41),(4215,4,4,13,285,42),(4216,4,4,13,286,43),(4217,4,4,13,289,44),(4218,4,4,13,290,45),(4219,4,4,13,291,46),(4220,4,4,13,292,47),(4221,4,4,13,293,48),(4222,4,4,13,294,49),(4223,4,4,13,295,50),(4224,4,4,13,306,51),(4225,4,4,13,307,52),(4226,4,4,13,308,53),(4227,4,4,13,309,54),(4228,4,4,20,134,1),(4229,4,4,10,87,1),(4230,4,4,10,88,2),(4231,4,4,10,89,3),(4232,4,4,10,90,5),(4233,4,4,10,96,6),(4234,4,4,10,135,4),(4235,4,4,9,84,2),(4236,4,4,9,85,3),(4237,4,4,9,86,4),(4238,4,4,9,121,1),(4239,4,4,8,78,1),(4240,4,4,8,79,2),(4241,4,4,8,80,3),(4242,4,4,8,81,4),(4243,4,4,8,92,5),(4244,4,4,8,123,6),(4245,4,4,8,124,7),(4246,4,4,8,133,8),(4247,4,4,11,104,1),(4248,4,4,11,106,2),(4249,4,4,11,117,3),(4250,4,4,14,100,3),(4251,4,4,14,101,1),(4252,4,4,14,102,2),(4253,4,4,14,116,4),(4254,4,4,19,129,1),(4255,4,4,33,214,1),(4256,4,4,33,215,2),(4257,4,4,33,216,3),(4258,4,4,33,217,4),(4259,4,4,33,218,5),(4260,4,4,33,219,6),(4261,4,4,33,220,7),(4262,4,4,33,222,9),(4263,4,4,33,223,10),(4264,4,4,33,224,11),(4265,4,4,33,225,12),(4266,4,4,33,226,13),(4267,4,4,33,227,14),(4268,4,4,33,228,15),(4269,4,4,33,229,16),(4270,4,4,33,230,17),(4271,4,4,33,231,18),(4272,4,4,33,232,19),(4273,4,4,33,233,20),(4274,4,4,33,234,21),(4275,4,4,33,235,22),(4276,4,4,33,236,23),(4277,4,4,33,237,24),(4278,4,4,33,238,25),(4279,4,4,33,239,26),(4280,4,4,33,240,27),(4281,4,4,33,241,28),(4282,4,4,33,242,29),(4283,4,4,33,248,30),(4284,4,4,33,288,31),(4285,4,4,33,301,32),(4286,4,4,33,302,33),(4287,4,4,33,303,34),(4288,4,4,33,304,35),(4289,4,4,33,305,36),(4290,4,4,33,312,37),(4291,4,4,33,313,8),(4292,4,4,35,287,1),(4293,4,4,73,83,1),(4294,4,4,73,93,2),(4295,4,4,73,299,3),(4438,4,13,86,73,2),(4439,4,13,86,74,3),(4440,4,13,86,77,6),(4441,4,13,86,82,10),(4442,4,13,86,97,1),(4443,4,13,86,99,12),(4444,4,13,86,105,13),(4445,4,13,86,114,14),(4446,4,13,86,115,9),(4447,4,13,86,130,7),(4448,4,13,86,131,5),(4449,4,13,86,132,11),(4450,4,13,86,136,8),(4451,4,13,86,211,16),(4452,4,13,86,212,19),(4453,4,13,86,213,20),(4454,4,13,86,314,17),(4455,4,13,86,315,18),(4456,4,13,86,336,4),(4457,4,13,86,340,15),(4458,4,13,85,75,2),(4459,4,13,85,76,1),(4460,4,13,85,243,4),(4461,4,13,85,244,11),(4462,4,13,85,245,19),(4463,4,13,85,246,22),(4464,4,13,85,247,23),(4465,4,13,85,249,24),(4466,4,13,85,250,27),(4467,4,13,85,252,29),(4468,4,13,85,253,30),(4469,4,13,85,254,31),(4470,4,13,85,255,32),(4471,4,13,85,256,33),(4472,4,13,85,257,34),(4473,4,13,85,258,35),(4474,4,13,85,259,36),(4475,4,13,85,260,37),(4476,4,13,85,261,38),(4477,4,13,85,262,39),(4478,4,13,85,263,40),(4479,4,13,85,264,41),(4480,4,13,85,265,42),(4481,4,13,85,266,43),(4482,4,13,85,267,44),(4483,4,13,85,268,45),(4484,4,13,85,269,46),(4485,4,13,85,270,47),(4486,4,13,85,271,48),(4487,4,13,85,272,49),(4488,4,13,85,274,50),(4489,4,13,85,276,51),(4490,4,13,85,277,52),(4491,4,13,85,278,53),(4492,4,13,85,279,54),(4493,4,13,85,280,55),(4494,4,13,85,281,56),(4495,4,13,85,282,57),(4496,4,13,85,283,58),(4497,4,13,85,284,59),(4498,4,13,85,285,60),(4499,4,13,85,286,61),(4500,4,13,85,289,62),(4501,4,13,85,290,63),(4502,4,13,85,291,64),(4503,4,13,85,292,65),(4504,4,13,85,293,66),(4505,4,13,85,294,67),(4506,4,13,85,295,68),(4507,4,13,85,306,69),(4508,4,13,85,307,70),(4509,4,13,85,308,71),(4510,4,13,85,309,72),(4511,4,13,85,318,6),(4512,4,13,85,319,21),(4513,4,13,85,320,18),(4514,4,13,85,321,17),(4515,4,13,85,322,13),(4516,4,13,85,323,9),(4517,4,13,85,324,16),(4518,4,13,85,325,14),(4519,4,13,85,326,7),(4520,4,13,85,327,8),(4521,4,13,85,328,10),(4522,4,13,85,329,5),(4523,4,13,85,330,25),(4524,4,13,85,331,26),(4525,4,13,85,332,12),(4526,4,13,85,333,28),(4527,4,13,85,334,3),(4528,4,13,85,335,20),(4529,4,13,85,337,15),(4530,4,13,84,134,1),(4531,4,13,83,87,1),(4532,4,13,83,88,2),(4533,4,13,83,89,3),(4534,4,13,83,90,5),(4535,4,13,83,96,6),(4536,4,13,83,135,4),(4537,4,13,82,84,2),(4538,4,13,82,85,3),(4539,4,13,82,86,4),(4540,4,13,82,121,1),(4541,4,13,81,78,1),(4542,4,13,81,79,2),(4543,4,13,81,80,3),(4544,4,13,81,81,4),(4545,4,13,81,92,5),(4546,4,13,81,123,6),(4547,4,13,81,124,7),(4548,4,13,81,133,8),(4549,4,13,80,104,1),(4550,4,13,80,106,2),(4551,4,13,80,117,3),(4552,4,13,79,100,3),(4553,4,13,79,101,1),(4554,4,13,79,102,2),(4555,4,13,79,116,4),(4556,4,13,77,129,1),(4557,4,13,76,214,1),(4558,4,13,76,215,2),(4559,4,13,76,216,3),(4560,4,13,76,217,4),(4561,4,13,76,218,5),(4562,4,13,76,219,6),(4563,4,13,76,220,7),(4564,4,13,76,222,9),(4565,4,13,76,223,10),(4566,4,13,76,224,11),(4567,4,13,76,225,12),(4568,4,13,76,226,13),(4569,4,13,76,227,14),(4570,4,13,76,228,15),(4571,4,13,76,229,17),(4572,4,13,76,230,18),(4573,4,13,76,231,19),(4574,4,13,76,232,20),(4575,4,13,76,233,21),(4576,4,13,76,234,22),(4577,4,13,76,235,23),(4578,4,13,76,236,24),(4579,4,13,76,237,25),(4580,4,13,76,238,26),(4581,4,13,76,239,27),(4582,4,13,76,240,28),(4583,4,13,76,241,29),(4584,4,13,76,242,30),(4585,4,13,76,248,31),(4586,4,13,76,288,32),(4587,4,13,76,301,33),(4588,4,13,76,302,34),(4589,4,13,76,303,35),(4590,4,13,76,304,36),(4591,4,13,76,305,37),(4592,4,13,76,312,38),(4593,4,13,76,313,8),(4594,4,13,76,317,16),(4595,4,13,75,287,1),(4596,4,13,74,83,1),(4597,4,13,74,93,2),(4598,4,13,74,299,3),(4599,4,11,59,73,2),(4600,4,11,59,74,3),(4601,4,11,59,77,6),(4602,4,11,59,82,10),(4603,4,11,59,97,1),(4604,4,11,59,99,12),(4605,4,11,59,105,13),(4606,4,11,59,114,14),(4607,4,11,59,115,9),(4608,4,11,59,130,7),(4609,4,11,59,131,5),(4610,4,11,59,132,11),(4611,4,11,59,136,8),(4612,4,11,59,174,17),(4613,4,11,59,211,16),(4614,4,11,59,212,21),(4615,4,11,59,213,22),(4616,4,11,59,314,19),(4617,4,11,59,315,20),(4618,4,11,59,336,4),(4619,4,11,59,339,15),(4620,4,11,59,340,18),(4621,4,11,58,75,2),(4622,4,11,58,76,1),(4623,4,11,58,243,3),(4624,4,11,58,244,4),(4625,4,11,58,245,5),(4626,4,11,58,246,6),(4627,4,11,58,247,7),(4628,4,11,58,249,8),(4629,4,11,58,250,9),(4630,4,11,58,252,10),(4631,4,11,58,253,11),(4632,4,11,58,254,12),(4633,4,11,58,255,13),(4634,4,11,58,256,14),(4635,4,11,58,257,15),(4636,4,11,58,258,16),(4637,4,11,58,259,17),(4638,4,11,58,260,18),(4639,4,11,58,261,19),(4640,4,11,58,262,20),(4641,4,11,58,263,21),(4642,4,11,58,264,22),(4643,4,11,58,265,23),(4644,4,11,58,266,24),(4645,4,11,58,267,25),(4646,4,11,58,268,26),(4647,4,11,58,269,27),(4648,4,11,58,270,28),(4649,4,11,58,271,29),(4650,4,11,58,272,30),(4651,4,11,58,273,31),(4652,4,11,58,274,32),(4653,4,11,58,276,33),(4654,4,11,58,277,34),(4655,4,11,58,278,35),(4656,4,11,58,279,36),(4657,4,11,58,280,37),(4658,4,11,58,281,38),(4659,4,11,58,282,39),(4660,4,11,58,283,40),(4661,4,11,58,284,41),(4662,4,11,58,285,42),(4663,4,11,58,286,43),(4664,4,11,58,289,44),(4665,4,11,58,290,45),(4666,4,11,58,291,46),(4667,4,11,58,292,47),(4668,4,11,58,293,48),(4669,4,11,58,294,49),(4670,4,11,58,295,50),(4671,4,11,58,306,51),(4672,4,11,58,307,52),(4673,4,11,58,308,53),(4674,4,11,58,309,54),(4675,4,11,57,134,1),(4676,4,11,56,87,1),(4677,4,11,56,88,2),(4678,4,11,56,89,3),(4679,4,11,56,90,5),(4680,4,11,56,96,6),(4681,4,11,56,135,4),(4682,4,11,55,84,2),(4683,4,11,55,85,3),(4684,4,11,55,86,4),(4685,4,11,55,121,1),(4686,4,11,54,78,1),(4687,4,11,54,79,2),(4688,4,11,54,80,3),(4689,4,11,54,81,4),(4690,4,11,54,92,5),(4691,4,11,54,123,6),(4692,4,11,54,124,7),(4693,4,11,54,133,8),(4694,4,11,53,104,1),(4695,4,11,53,106,2),(4696,4,11,53,117,3),(4697,4,11,52,100,3),(4698,4,11,52,101,1),(4699,4,11,52,102,2),(4700,4,11,52,116,4),(4701,4,11,50,129,1),(4702,4,11,49,93,8),(4703,4,11,49,214,1),(4704,4,11,49,215,2),(4705,4,11,49,216,3),(4706,4,11,49,217,4),(4707,4,11,49,218,5),(4708,4,11,49,219,6),(4709,4,11,49,220,7),(4710,4,11,49,222,9),(4711,4,11,49,223,10),(4712,4,11,49,224,11),(4713,4,11,49,225,12),(4714,4,11,49,226,13),(4715,4,11,49,227,14),(4716,4,11,49,228,15),(4717,4,11,49,229,16),(4718,4,11,49,230,17),(4719,4,11,49,231,18),(4720,4,11,49,232,19),(4721,4,11,49,233,20),(4722,4,11,49,234,21),(4723,4,11,49,235,22),(4724,4,11,49,236,23),(4725,4,11,49,237,24),(4726,4,11,49,238,25),(4727,4,11,49,239,26),(4728,4,11,49,240,27),(4729,4,11,49,241,28),(4730,4,11,49,242,29),(4731,4,11,49,248,30),(4732,4,11,49,288,31),(4733,4,11,49,301,32),(4734,4,11,49,302,33),(4735,4,11,49,303,34),(4736,4,11,49,304,35),(4737,4,11,49,305,36),(4738,4,11,49,312,37),(4739,4,11,48,287,1);

--
-- Table structure for table `eav_entity_datetime`
--

CREATE TABLE `eav_entity_datetime` (
  `value_id` int(11) NOT NULL AUTO_INCREMENT COMMENT 'Value ID',
  `entity_type_id` smallint(5) unsigned NOT NULL DEFAULT '0' COMMENT 'Entity Type ID',
  `attribute_id` smallint(5) unsigned NOT NULL DEFAULT '0' COMMENT 'Attribute ID',
  `store_id` smallint(5) unsigned NOT NULL DEFAULT '0' COMMENT 'Store ID',
  `entity_id` int(10) unsigned NOT NULL DEFAULT '0' COMMENT 'Entity ID',
  `value` datetime DEFAULT NULL COMMENT 'Attribute Value',
  PRIMARY KEY (`value_id`),
  UNIQUE KEY `EAV_ENTITY_DATETIME_ENTITY_ID_ATTRIBUTE_ID_STORE_ID` (`entity_id`,`attribute_id`,`store_id`),
  KEY `EAV_ENTITY_DATETIME_STORE_ID` (`store_id`),
  KEY `EAV_ENTITY_DATETIME_ATTRIBUTE_ID_VALUE` (`attribute_id`,`value`),
  KEY `EAV_ENTITY_DATETIME_ENTITY_TYPE_ID_VALUE` (`entity_type_id`,`value`),
  CONSTRAINT `EAV_ENTITY_DATETIME_ENTITY_ID_EAV_ENTITY_ENTITY_ID` FOREIGN KEY (`entity_id`) REFERENCES `eav_entity` (`entity_id`) ON DELETE CASCADE,
  CONSTRAINT `EAV_ENTITY_DATETIME_STORE_ID_STORE_STORE_ID` FOREIGN KEY (`store_id`) REFERENCES `store` (`store_id`) ON DELETE CASCADE,
  CONSTRAINT `EAV_ENTT_DTIME_ENTT_TYPE_ID_EAV_ENTT_TYPE_ENTT_TYPE_ID` FOREIGN KEY (`entity_type_id`) REFERENCES `eav_entity_type` (`entity_type_id`) ON DELETE CASCADE
) ENGINE=InnoDB DEFAULT CHARSET=utf8 COMMENT='Eav Entity Value Prefix';

--
-- Dumping data for table `eav_entity_datetime`
--


--
-- Table structure for table `eav_entity_decimal`
--

CREATE TABLE `eav_entity_decimal` (
  `value_id` int(11) NOT NULL AUTO_INCREMENT COMMENT 'Value ID',
  `entity_type_id` smallint(5) unsigned NOT NULL DEFAULT '0' COMMENT 'Entity Type ID',
  `attribute_id` smallint(5) unsigned NOT NULL DEFAULT '0' COMMENT 'Attribute ID',
  `store_id` smallint(5) unsigned NOT NULL DEFAULT '0' COMMENT 'Store ID',
  `entity_id` int(10) unsigned NOT NULL DEFAULT '0' COMMENT 'Entity ID',
  `value` decimal(12,4) NOT NULL DEFAULT '0.0000' COMMENT 'Attribute Value',
  PRIMARY KEY (`value_id`),
  UNIQUE KEY `EAV_ENTITY_DECIMAL_ENTITY_ID_ATTRIBUTE_ID_STORE_ID` (`entity_id`,`attribute_id`,`store_id`),
  KEY `EAV_ENTITY_DECIMAL_STORE_ID` (`store_id`),
  KEY `EAV_ENTITY_DECIMAL_ATTRIBUTE_ID_VALUE` (`attribute_id`,`value`),
  KEY `EAV_ENTITY_DECIMAL_ENTITY_TYPE_ID_VALUE` (`entity_type_id`,`value`),
  CONSTRAINT `EAV_ENTITY_DECIMAL_ENTITY_ID_EAV_ENTITY_ENTITY_ID` FOREIGN KEY (`entity_id`) REFERENCES `eav_entity` (`entity_id`) ON DELETE CASCADE,
  CONSTRAINT `EAV_ENTITY_DECIMAL_ENTITY_TYPE_ID_EAV_ENTITY_TYPE_ENTITY_TYPE_ID` FOREIGN KEY (`entity_type_id`) REFERENCES `eav_entity_type` (`entity_type_id`) ON DELETE CASCADE,
  CONSTRAINT `EAV_ENTITY_DECIMAL_STORE_ID_STORE_STORE_ID` FOREIGN KEY (`store_id`) REFERENCES `store` (`store_id`) ON DELETE CASCADE
) ENGINE=InnoDB DEFAULT CHARSET=utf8 COMMENT='Eav Entity Value Prefix';

--
-- Dumping data for table `eav_entity_decimal`
--


--
-- Table structure for table `eav_entity_int`
--

CREATE TABLE `eav_entity_int` (
  `value_id` int(11) NOT NULL AUTO_INCREMENT COMMENT 'Value ID',
  `entity_type_id` smallint(5) unsigned NOT NULL DEFAULT '0' COMMENT 'Entity Type ID',
  `attribute_id` smallint(5) unsigned NOT NULL DEFAULT '0' COMMENT 'Attribute ID',
  `store_id` smallint(5) unsigned NOT NULL DEFAULT '0' COMMENT 'Store ID',
  `entity_id` int(10) unsigned NOT NULL DEFAULT '0' COMMENT 'Entity ID',
  `value` int(11) NOT NULL DEFAULT '0' COMMENT 'Attribute Value',
  PRIMARY KEY (`value_id`),
  UNIQUE KEY `EAV_ENTITY_INT_ENTITY_ID_ATTRIBUTE_ID_STORE_ID` (`entity_id`,`attribute_id`,`store_id`),
  KEY `EAV_ENTITY_INT_STORE_ID` (`store_id`),
  KEY `EAV_ENTITY_INT_ATTRIBUTE_ID_VALUE` (`attribute_id`,`value`),
  KEY `EAV_ENTITY_INT_ENTITY_TYPE_ID_VALUE` (`entity_type_id`,`value`),
  CONSTRAINT `EAV_ENTITY_INT_ENTITY_ID_EAV_ENTITY_ENTITY_ID` FOREIGN KEY (`entity_id`) REFERENCES `eav_entity` (`entity_id`) ON DELETE CASCADE,
  CONSTRAINT `EAV_ENTITY_INT_ENTITY_TYPE_ID_EAV_ENTITY_TYPE_ENTITY_TYPE_ID` FOREIGN KEY (`entity_type_id`) REFERENCES `eav_entity_type` (`entity_type_id`) ON DELETE CASCADE,
  CONSTRAINT `EAV_ENTITY_INT_STORE_ID_STORE_STORE_ID` FOREIGN KEY (`store_id`) REFERENCES `store` (`store_id`) ON DELETE CASCADE
) ENGINE=InnoDB DEFAULT CHARSET=utf8 COMMENT='Eav Entity Value Prefix';

--
-- Dumping data for table `eav_entity_int`
--


--
-- Table structure for table `eav_entity_store`
--

CREATE TABLE `eav_entity_store` (
  `entity_store_id` int(10) unsigned NOT NULL AUTO_INCREMENT COMMENT 'Entity Store ID',
  `entity_type_id` smallint(5) unsigned NOT NULL DEFAULT '0' COMMENT 'Entity Type ID',
  `store_id` smallint(5) unsigned NOT NULL DEFAULT '0' COMMENT 'Store ID',
  `increment_prefix` varchar(20) DEFAULT NULL COMMENT 'Increment Prefix',
  `increment_last_id` varchar(50) DEFAULT NULL COMMENT 'Last Incremented ID',
  PRIMARY KEY (`entity_store_id`),
  KEY `EAV_ENTITY_STORE_ENTITY_TYPE_ID` (`entity_type_id`),
  KEY `EAV_ENTITY_STORE_STORE_ID` (`store_id`),
  CONSTRAINT `EAV_ENTITY_STORE_ENTITY_TYPE_ID_EAV_ENTITY_TYPE_ENTITY_TYPE_ID` FOREIGN KEY (`entity_type_id`) REFERENCES `eav_entity_type` (`entity_type_id`) ON DELETE CASCADE,
  CONSTRAINT `EAV_ENTITY_STORE_STORE_ID_STORE_STORE_ID` FOREIGN KEY (`store_id`) REFERENCES `store` (`store_id`) ON DELETE CASCADE
) ENGINE=InnoDB DEFAULT CHARSET=utf8 COMMENT='Eav Entity Store';

--
-- Dumping data for table `eav_entity_store`
--


--
-- Table structure for table `eav_entity_text`
--

CREATE TABLE `eav_entity_text` (
  `value_id` int(11) NOT NULL AUTO_INCREMENT COMMENT 'Value ID',
  `entity_type_id` smallint(5) unsigned NOT NULL DEFAULT '0' COMMENT 'Entity Type ID',
  `attribute_id` smallint(5) unsigned NOT NULL DEFAULT '0' COMMENT 'Attribute ID',
  `store_id` smallint(5) unsigned NOT NULL DEFAULT '0' COMMENT 'Store ID',
  `entity_id` int(10) unsigned NOT NULL DEFAULT '0' COMMENT 'Entity ID',
  `value` text NOT NULL COMMENT 'Attribute Value',
  PRIMARY KEY (`value_id`),
  UNIQUE KEY `EAV_ENTITY_TEXT_ENTITY_ID_ATTRIBUTE_ID_STORE_ID` (`entity_id`,`attribute_id`,`store_id`),
  KEY `EAV_ENTITY_TEXT_ENTITY_TYPE_ID` (`entity_type_id`),
  KEY `EAV_ENTITY_TEXT_ATTRIBUTE_ID` (`attribute_id`),
  KEY `EAV_ENTITY_TEXT_STORE_ID` (`store_id`),
  CONSTRAINT `EAV_ENTITY_TEXT_ENTITY_ID_EAV_ENTITY_ENTITY_ID` FOREIGN KEY (`entity_id`) REFERENCES `eav_entity` (`entity_id`) ON DELETE CASCADE,
  CONSTRAINT `EAV_ENTITY_TEXT_ENTITY_TYPE_ID_EAV_ENTITY_TYPE_ENTITY_TYPE_ID` FOREIGN KEY (`entity_type_id`) REFERENCES `eav_entity_type` (`entity_type_id`) ON DELETE CASCADE,
  CONSTRAINT `EAV_ENTITY_TEXT_STORE_ID_STORE_STORE_ID` FOREIGN KEY (`store_id`) REFERENCES `store` (`store_id`) ON DELETE CASCADE
) ENGINE=InnoDB DEFAULT CHARSET=utf8 COMMENT='Eav Entity Value Prefix';

--
-- Dumping data for table `eav_entity_text`
--


--
-- Table structure for table `eav_entity_type`
--

CREATE TABLE `eav_entity_type` (
  `entity_type_id` smallint(5) unsigned NOT NULL AUTO_INCREMENT COMMENT 'Entity Type ID',
  `entity_type_code` varchar(50) NOT NULL COMMENT 'Entity Type Code',
  `entity_model` varchar(255) NOT NULL COMMENT 'Entity Model',
  `attribute_model` varchar(255) DEFAULT NULL COMMENT 'Attribute Model',
  `entity_table` varchar(255) DEFAULT NULL COMMENT 'Entity Table',
  `value_table_prefix` varchar(255) DEFAULT NULL COMMENT 'Value Table Prefix',
  `entity_id_field` varchar(255) DEFAULT NULL COMMENT 'Entity ID Field',
  `is_data_sharing` smallint(5) unsigned NOT NULL DEFAULT '1' COMMENT 'Defines Is Data Sharing',
  `data_sharing_key` varchar(100) DEFAULT 'default' COMMENT 'Data Sharing Key',
  `default_attribute_set_id` smallint(5) unsigned NOT NULL DEFAULT '0' COMMENT 'Default Attribute Set ID',
  `increment_model` varchar(255) DEFAULT NULL COMMENT 'Increment Model',
  `increment_per_store` smallint(5) unsigned NOT NULL DEFAULT '0' COMMENT 'Increment Per Store',
  `increment_pad_length` smallint(5) unsigned NOT NULL DEFAULT '8' COMMENT 'Increment Pad Length',
  `increment_pad_char` varchar(1) NOT NULL DEFAULT '0' COMMENT 'Increment Pad Char',
  `additional_attribute_table` varchar(255) DEFAULT NULL COMMENT 'Additional Attribute Table',
  `entity_attribute_collection` varchar(255) DEFAULT NULL COMMENT 'Entity Attribute Collection',
  PRIMARY KEY (`entity_type_id`),
  KEY `EAV_ENTITY_TYPE_ENTITY_TYPE_CODE` (`entity_type_code`)
) ENGINE=InnoDB AUTO_INCREMENT=9 DEFAULT CHARSET=utf8 COMMENT='Eav Entity Type';

--
-- Dumping data for table `eav_entity_type`
--

INSERT INTO `eav_entity_type` VALUES (1,'customer','Magento\\Customer\\Model\\ResourceModel\\Customer','Magento\\Customer\\Model\\Attribute','customer_entity',NULL,NULL,1,'default',1,'Magento\\Eav\\Model\\Entity\\Increment\\NumericValue',0,8,'0','customer_eav_attribute','Magento\\Customer\\Model\\ResourceModel\\Attribute\\Collection'),(2,'customer_address','Magento\\Customer\\Model\\ResourceModel\\Address','Magento\\Customer\\Model\\Attribute','customer_address_entity',NULL,NULL,1,'default',2,NULL,0,8,'0','customer_eav_attribute','Magento\\Customer\\Model\\ResourceModel\\Address\\Attribute\\Collection'),(3,'catalog_category','Magento\\Catalog\\Model\\ResourceModel\\Category','Magento\\Catalog\\Model\\ResourceModel\\Eav\\Attribute','catalog_category_entity',NULL,NULL,1,'default',3,NULL,0,8,'0','catalog_eav_attribute','Magento\\Catalog\\Model\\ResourceModel\\Category\\Attribute\\Collection'),(4,'catalog_product','Magento\\Catalog\\Model\\ResourceModel\\Product','Magento\\Catalog\\Model\\ResourceModel\\Eav\\Attribute','catalog_product_entity',NULL,NULL,1,'default',4,NULL,0,8,'0','catalog_eav_attribute','Magento\\Catalog\\Model\\ResourceModel\\Product\\Attribute\\Collection'),(5,'order','Magento\\Sales\\Model\\ResourceModel\\Order',NULL,'sales_order',NULL,NULL,1,'default',5,'Magento\\Eav\\Model\\Entity\\Increment\\NumericValue',1,8,'0',NULL,NULL),(6,'invoice','Magento\\Sales\\Model\\ResourceModel\\Order\\Invoice',NULL,'sales_invoice',NULL,NULL,1,'default',6,'Magento\\Eav\\Model\\Entity\\Increment\\NumericValue',1,8,'0',NULL,NULL),(7,'creditmemo','Magento\\Sales\\Model\\ResourceModel\\Order\\Creditmemo',NULL,'sales_creditmemo',NULL,NULL,1,'default',7,'Magento\\Eav\\Model\\Entity\\Increment\\NumericValue',1,8,'0',NULL,NULL),(8,'shipment','Magento\\Sales\\Model\\ResourceModel\\Order\\Shipment',NULL,'sales_shipment',NULL,NULL,1,'default',8,'Magento\\Eav\\Model\\Entity\\Increment\\NumericValue',1,8,'0',NULL,NULL);

--
-- Table structure for table `eav_entity_varchar`
--

CREATE TABLE `eav_entity_varchar` (
  `value_id` int(11) NOT NULL AUTO_INCREMENT COMMENT 'Value ID',
  `entity_type_id` smallint(5) unsigned NOT NULL DEFAULT '0' COMMENT 'Entity Type ID',
  `attribute_id` smallint(5) unsigned NOT NULL DEFAULT '0' COMMENT 'Attribute ID',
  `store_id` smallint(5) unsigned NOT NULL DEFAULT '0' COMMENT 'Store ID',
  `entity_id` int(10) unsigned NOT NULL DEFAULT '0' COMMENT 'Entity ID',
  `value` varchar(255) DEFAULT NULL COMMENT 'Attribute Value',
  PRIMARY KEY (`value_id`),
  UNIQUE KEY `EAV_ENTITY_VARCHAR_ENTITY_ID_ATTRIBUTE_ID_STORE_ID` (`entity_id`,`attribute_id`,`store_id`),
  KEY `EAV_ENTITY_VARCHAR_STORE_ID` (`store_id`),
  KEY `EAV_ENTITY_VARCHAR_ATTRIBUTE_ID_VALUE` (`attribute_id`,`value`),
  KEY `EAV_ENTITY_VARCHAR_ENTITY_TYPE_ID_VALUE` (`entity_type_id`,`value`),
  CONSTRAINT `EAV_ENTITY_VARCHAR_ENTITY_ID_EAV_ENTITY_ENTITY_ID` FOREIGN KEY (`entity_id`) REFERENCES `eav_entity` (`entity_id`) ON DELETE CASCADE,
  CONSTRAINT `EAV_ENTITY_VARCHAR_ENTITY_TYPE_ID_EAV_ENTITY_TYPE_ENTITY_TYPE_ID` FOREIGN KEY (`entity_type_id`) REFERENCES `eav_entity_type` (`entity_type_id`) ON DELETE CASCADE,
  CONSTRAINT `EAV_ENTITY_VARCHAR_STORE_ID_STORE_STORE_ID` FOREIGN KEY (`store_id`) REFERENCES `store` (`store_id`) ON DELETE CASCADE
) ENGINE=InnoDB DEFAULT CHARSET=utf8 COMMENT='Eav Entity Value Prefix';

--
-- Dumping data for table `eav_entity_varchar`
--


--
-- Table structure for table `eav_form_element`
--

CREATE TABLE `eav_form_element` (
  `element_id` int(10) unsigned NOT NULL AUTO_INCREMENT COMMENT 'Element ID',
  `type_id` smallint(5) unsigned NOT NULL COMMENT 'Type ID',
  `fieldset_id` smallint(5) unsigned DEFAULT NULL COMMENT 'Fieldset ID',
  `attribute_id` smallint(5) unsigned NOT NULL COMMENT 'Attribute ID',
  `sort_order` int(11) NOT NULL DEFAULT '0' COMMENT 'Sort Order',
  PRIMARY KEY (`element_id`),
  UNIQUE KEY `EAV_FORM_ELEMENT_TYPE_ID_ATTRIBUTE_ID` (`type_id`,`attribute_id`),
  KEY `EAV_FORM_ELEMENT_FIELDSET_ID` (`fieldset_id`),
  KEY `EAV_FORM_ELEMENT_ATTRIBUTE_ID` (`attribute_id`),
  CONSTRAINT `EAV_FORM_ELEMENT_ATTRIBUTE_ID_EAV_ATTRIBUTE_ATTRIBUTE_ID` FOREIGN KEY (`attribute_id`) REFERENCES `eav_attribute` (`attribute_id`) ON DELETE CASCADE,
  CONSTRAINT `EAV_FORM_ELEMENT_FIELDSET_ID_EAV_FORM_FIELDSET_FIELDSET_ID` FOREIGN KEY (`fieldset_id`) REFERENCES `eav_form_fieldset` (`fieldset_id`) ON DELETE SET NULL,
  CONSTRAINT `EAV_FORM_ELEMENT_TYPE_ID_EAV_FORM_TYPE_TYPE_ID` FOREIGN KEY (`type_id`) REFERENCES `eav_form_type` (`type_id`) ON DELETE CASCADE
) ENGINE=InnoDB AUTO_INCREMENT=43 DEFAULT CHARSET=utf8 COMMENT='Eav Form Element';

--
-- Dumping data for table `eav_form_element`
--

INSERT INTO `eav_form_element` VALUES (1,1,NULL,23,0),(2,1,NULL,25,1),(3,1,NULL,27,2),(4,1,NULL,9,3),(5,1,NULL,28,4),(6,1,NULL,29,5),(7,1,NULL,31,6),(8,1,NULL,33,7),(9,1,NULL,30,8),(10,1,NULL,34,9),(11,1,NULL,35,10),(12,2,NULL,23,0),(13,2,NULL,25,1),(14,2,NULL,27,2),(15,2,NULL,9,3),(16,2,NULL,28,4),(17,2,NULL,29,5),(18,2,NULL,31,6),(19,2,NULL,33,7),(20,2,NULL,30,8),(21,2,NULL,34,9),(22,2,NULL,35,10),(23,3,NULL,23,0),(24,3,NULL,25,1),(25,3,NULL,27,2),(26,3,NULL,28,3),(27,3,NULL,29,4),(28,3,NULL,31,5),(29,3,NULL,33,6),(30,3,NULL,30,7),(31,3,NULL,34,8),(32,3,NULL,35,9),(33,4,NULL,23,0),(34,4,NULL,25,1),(35,4,NULL,27,2),(36,4,NULL,28,3),(37,4,NULL,29,4),(38,4,NULL,31,5),(39,4,NULL,33,6),(40,4,NULL,30,7),(41,4,NULL,34,8),(42,4,NULL,35,9);

--
-- Table structure for table `eav_form_fieldset`
--

CREATE TABLE `eav_form_fieldset` (
  `fieldset_id` smallint(5) unsigned NOT NULL AUTO_INCREMENT COMMENT 'Fieldset ID',
  `type_id` smallint(5) unsigned NOT NULL COMMENT 'Type ID',
  `code` varchar(64) NOT NULL COMMENT 'Code',
  `sort_order` int(11) NOT NULL DEFAULT '0' COMMENT 'Sort Order',
  PRIMARY KEY (`fieldset_id`),
  UNIQUE KEY `EAV_FORM_FIELDSET_TYPE_ID_CODE` (`type_id`,`code`),
  CONSTRAINT `EAV_FORM_FIELDSET_TYPE_ID_EAV_FORM_TYPE_TYPE_ID` FOREIGN KEY (`type_id`) REFERENCES `eav_form_type` (`type_id`) ON DELETE CASCADE
) ENGINE=InnoDB DEFAULT CHARSET=utf8 COMMENT='Eav Form Fieldset';

--
-- Dumping data for table `eav_form_fieldset`
--


--
-- Table structure for table `eav_form_fieldset_label`
--

CREATE TABLE `eav_form_fieldset_label` (
  `fieldset_id` smallint(5) unsigned NOT NULL COMMENT 'Fieldset ID',
  `store_id` smallint(5) unsigned NOT NULL COMMENT 'Store ID',
  `label` varchar(255) NOT NULL COMMENT 'Label',
  PRIMARY KEY (`fieldset_id`,`store_id`),
  KEY `EAV_FORM_FIELDSET_LABEL_STORE_ID` (`store_id`),
  CONSTRAINT `EAV_FORM_FIELDSET_LABEL_STORE_ID_STORE_STORE_ID` FOREIGN KEY (`store_id`) REFERENCES `store` (`store_id`) ON DELETE CASCADE,
  CONSTRAINT `EAV_FORM_FSET_LBL_FSET_ID_EAV_FORM_FSET_FSET_ID` FOREIGN KEY (`fieldset_id`) REFERENCES `eav_form_fieldset` (`fieldset_id`) ON DELETE CASCADE
) ENGINE=InnoDB DEFAULT CHARSET=utf8 COMMENT='Eav Form Fieldset Label';

--
-- Dumping data for table `eav_form_fieldset_label`
--


--
-- Table structure for table `eav_form_type`
--

CREATE TABLE `eav_form_type` (
  `type_id` smallint(5) unsigned NOT NULL AUTO_INCREMENT COMMENT 'Type ID',
  `code` varchar(64) NOT NULL COMMENT 'Code',
  `label` varchar(255) NOT NULL COMMENT 'Label',
  `is_system` smallint(5) unsigned NOT NULL DEFAULT '0' COMMENT 'Is System',
  `theme` varchar(64) DEFAULT NULL COMMENT 'Theme',
  `store_id` smallint(5) unsigned NOT NULL COMMENT 'Store ID',
  PRIMARY KEY (`type_id`),
  UNIQUE KEY `EAV_FORM_TYPE_CODE_THEME_STORE_ID` (`code`,`theme`,`store_id`),
  KEY `EAV_FORM_TYPE_STORE_ID` (`store_id`),
  CONSTRAINT `EAV_FORM_TYPE_STORE_ID_STORE_STORE_ID` FOREIGN KEY (`store_id`) REFERENCES `store` (`store_id`) ON DELETE CASCADE
) ENGINE=InnoDB AUTO_INCREMENT=5 DEFAULT CHARSET=utf8 COMMENT='Eav Form Type';

--
-- Dumping data for table `eav_form_type`
--

INSERT INTO `eav_form_type` VALUES (1,'checkout_onepage_register','checkout_onepage_register',1,'',0),(2,'checkout_onepage_register_guest','checkout_onepage_register_guest',1,'',0),(3,'checkout_onepage_billing_address','checkout_onepage_billing_address',1,'',0),(4,'checkout_onepage_shipping_address','checkout_onepage_shipping_address',1,'',0);

--
-- Table structure for table `eav_form_type_entity`
--

CREATE TABLE `eav_form_type_entity` (
  `type_id` smallint(5) unsigned NOT NULL COMMENT 'Type ID',
  `entity_type_id` smallint(5) unsigned NOT NULL COMMENT 'Entity Type ID',
  PRIMARY KEY (`type_id`,`entity_type_id`),
  KEY `EAV_FORM_TYPE_ENTITY_ENTITY_TYPE_ID` (`entity_type_id`),
  CONSTRAINT `EAV_FORM_TYPE_ENTITY_TYPE_ID_EAV_FORM_TYPE_TYPE_ID` FOREIGN KEY (`type_id`) REFERENCES `eav_form_type` (`type_id`) ON DELETE CASCADE,
  CONSTRAINT `EAV_FORM_TYPE_ENTT_ENTT_TYPE_ID_EAV_ENTT_TYPE_ENTT_TYPE_ID` FOREIGN KEY (`entity_type_id`) REFERENCES `eav_entity_type` (`entity_type_id`) ON DELETE CASCADE
) ENGINE=InnoDB DEFAULT CHARSET=utf8 COMMENT='Eav Form Type Entity';

--
-- Dumping data for table `eav_form_type_entity`
--

INSERT INTO `eav_form_type_entity` VALUES (1,1),(2,1),(1,2),(2,2),(3,2),(4,2);

--
-- Table structure for table `email_abandoned_cart`
--

CREATE TABLE `email_abandoned_cart` (
  `id` int(10) unsigned NOT NULL AUTO_INCREMENT COMMENT 'Primary Key',
  `quote_id` int(10) unsigned DEFAULT NULL COMMENT 'Quote Id',
  `store_id` smallint(5) unsigned DEFAULT NULL COMMENT 'Store Id',
  `customer_id` int(10) unsigned DEFAULT NULL COMMENT 'Customer ID',
  `email` varchar(255) NOT NULL DEFAULT '' COMMENT 'Email',
  `status` varchar(255) NOT NULL DEFAULT '' COMMENT 'Contact Status',
  `is_active` smallint(5) unsigned NOT NULL DEFAULT '1' COMMENT 'Quote Active',
  `quote_updated_at` timestamp NULL DEFAULT NULL COMMENT 'Quote updated at',
  `abandoned_cart_number` smallint(5) unsigned NOT NULL DEFAULT '0' COMMENT 'Abandoned Cart number',
  `items_count` smallint(5) unsigned DEFAULT '0' COMMENT 'Quote items count',
  `items_ids` varchar(255) DEFAULT NULL COMMENT 'Quote item ids',
  `created_at` timestamp NULL DEFAULT NULL COMMENT 'Created At',
  `updated_at` timestamp NULL DEFAULT NULL COMMENT 'Updated at',
  PRIMARY KEY (`id`),
  KEY `EMAIL_ABANDONED_CART_QUOTE_ID` (`quote_id`),
  KEY `EMAIL_ABANDONED_CART_STORE_ID` (`store_id`),
  KEY `EMAIL_ABANDONED_CART_CUSTOMER_ID` (`customer_id`),
  KEY `EMAIL_ABANDONED_CART_EMAIL` (`email`)
) ENGINE=InnoDB DEFAULT CHARSET=utf8 COMMENT='Abandoned Carts Table';

--
-- Dumping data for table `email_abandoned_cart`
--


--
-- Table structure for table `email_automation`
--

CREATE TABLE `email_automation` (
  `id` int(10) unsigned NOT NULL AUTO_INCREMENT COMMENT 'Primary Key',
  `automation_type` varchar(255) DEFAULT NULL COMMENT 'Automation Type',
  `store_name` varchar(255) DEFAULT NULL COMMENT 'Automation Type',
  `enrolment_status` varchar(255) NOT NULL COMMENT 'Enrolment Status',
  `email` varchar(255) DEFAULT NULL COMMENT 'Email',
  `type_id` varchar(255) DEFAULT NULL COMMENT 'Type ID',
  `program_id` varchar(255) DEFAULT NULL COMMENT 'Program ID',
  `website_id` smallint(5) unsigned NOT NULL COMMENT 'Website Id',
  `message` varchar(255) NOT NULL COMMENT 'Message',
  `created_at` timestamp NULL DEFAULT NULL COMMENT 'Creation Time',
  `updated_at` timestamp NULL DEFAULT NULL COMMENT 'Update Time',
  PRIMARY KEY (`id`),
  KEY `EMAIL_AUTOMATION_AUTOMATION_TYPE` (`automation_type`),
  KEY `EMAIL_AUTOMATION_ENROLMENT_STATUS` (`enrolment_status`),
  KEY `EMAIL_AUTOMATION_TYPE_ID` (`type_id`),
  KEY `EMAIL_AUTOMATION_EMAIL` (`email`),
  KEY `EMAIL_AUTOMATION_PROGRAM_ID` (`program_id`),
  KEY `EMAIL_AUTOMATION_CREATED_AT` (`created_at`),
  KEY `EMAIL_AUTOMATION_UPDATED_AT` (`updated_at`),
  KEY `EMAIL_AUTOMATION_WEBSITE_ID` (`website_id`)
) ENGINE=InnoDB DEFAULT CHARSET=utf8 COMMENT='Automation Status';

--
-- Dumping data for table `email_automation`
--


--
-- Table structure for table `email_campaign`
--

CREATE TABLE `email_campaign` (
  `id` int(10) unsigned NOT NULL AUTO_INCREMENT COMMENT 'Primary Key',
  `campaign_id` int(10) unsigned NOT NULL COMMENT 'Campaign ID',
  `email` varchar(255) NOT NULL DEFAULT '' COMMENT 'Contact Email',
  `customer_id` int(10) unsigned NOT NULL COMMENT 'Customer ID',
  `sent_at` timestamp NULL DEFAULT NULL COMMENT 'Send Date',
  `order_increment_id` varchar(50) NOT NULL COMMENT 'Order Increment ID',
  `quote_id` int(10) unsigned NOT NULL COMMENT 'Sales Quote ID',
  `message` varchar(255) NOT NULL DEFAULT '' COMMENT 'Error Message',
  `checkout_method` varchar(255) NOT NULL DEFAULT '' COMMENT 'Checkout Method Used',
  `store_id` smallint(5) unsigned NOT NULL DEFAULT '0' COMMENT 'Store ID',
  `event_name` varchar(255) NOT NULL DEFAULT '' COMMENT 'Event Name',
  `send_id` varchar(255) NOT NULL DEFAULT '' COMMENT 'Send Id',
  `send_status` smallint(6) NOT NULL DEFAULT '0' COMMENT 'Campaign send status',
  `created_at` timestamp NULL DEFAULT NULL COMMENT 'Creation Time',
  `updated_at` timestamp NULL DEFAULT NULL COMMENT 'Update Time',
  PRIMARY KEY (`id`),
  KEY `EMAIL_CAMPAIGN_STORE_ID` (`store_id`),
  KEY `EMAIL_CAMPAIGN_CAMPAIGN_ID` (`campaign_id`),
  KEY `EMAIL_CAMPAIGN_EMAIL` (`email`),
  KEY `EMAIL_CAMPAIGN_SEND_ID` (`send_id`),
  KEY `EMAIL_CAMPAIGN_SEND_STATUS` (`send_status`),
  KEY `EMAIL_CAMPAIGN_CREATED_AT` (`created_at`),
  KEY `EMAIL_CAMPAIGN_UPDATED_AT` (`updated_at`),
  KEY `EMAIL_CAMPAIGN_SENT_AT` (`sent_at`),
  KEY `EMAIL_CAMPAIGN_EVENT_NAME` (`event_name`),
  KEY `EMAIL_CAMPAIGN_MESSAGE` (`message`),
  KEY `EMAIL_CAMPAIGN_QUOTE_ID` (`quote_id`),
  KEY `EMAIL_CAMPAIGN_CUSTOMER_ID` (`customer_id`),
  CONSTRAINT `EMAIL_CAMPAIGN_STORE_ID_CORE/STORE_STORE_ID` FOREIGN KEY (`store_id`) REFERENCES `store` (`store_id`) ON DELETE CASCADE
) ENGINE=InnoDB DEFAULT CHARSET=utf8 COMMENT='Connector Campaigns';

--
-- Dumping data for table `email_campaign`
--


--
-- Table structure for table `email_catalog`
--

CREATE TABLE `email_catalog` (
  `id` int(10) unsigned NOT NULL AUTO_INCREMENT COMMENT 'Primary Key',
  `product_id` int(10) unsigned NOT NULL COMMENT 'Product Id',
  `processed` smallint(5) unsigned NOT NULL COMMENT 'Product processed',
  `created_at` timestamp NULL DEFAULT NULL COMMENT 'Creation Time',
  `updated_at` timestamp NULL DEFAULT NULL COMMENT 'Update Time',
  `last_imported_at` timestamp NULL DEFAULT NULL COMMENT 'Last imported date',
  PRIMARY KEY (`id`),
  KEY `EMAIL_CATALOG_PRODUCT_ID` (`product_id`),
  KEY `EMAIL_CATALOG_PROCESSED` (`processed`),
  KEY `EMAIL_CATALOG_CREATED_AT` (`created_at`),
  KEY `EMAIL_CATALOG_UPDATED_AT` (`updated_at`),
  KEY `EMAIL_CATALOG_LAST_IMPORTED_AT` (`last_imported_at`),
  CONSTRAINT `EMAIL_CATALOG_PRODUCT_ID_CATALOG_PRODUCT_ENTITY_ENTITY_ID` FOREIGN KEY (`product_id`) REFERENCES `catalog_product_entity` (`entity_id`) ON DELETE CASCADE
) ENGINE=InnoDB AUTO_INCREMENT=954 DEFAULT CHARSET=utf8 COMMENT='Connector Catalog';

--
-- Dumping data for table `email_catalog`
--

INSERT INTO `email_catalog` VALUES (63,63,0,'2021-03-19 03:55:18','2022-06-13 16:24:22',NULL),(64,64,0,'2021-03-19 03:58:01','2021-12-21 09:43:30',NULL),(286,291,0,'2021-03-31 06:09:18','2022-06-13 16:25:31',NULL),(287,292,0,'2021-03-31 06:09:18','2021-12-08 04:12:55',NULL),(288,293,0,'2021-03-31 06:09:18','2021-12-08 04:12:55',NULL),(289,294,0,'2021-03-31 06:09:18','2021-12-12 12:33:00',NULL),(290,295,0,'2021-03-31 06:09:18','2021-12-08 04:12:55',NULL),(291,296,0,'2021-03-31 06:09:18','2021-12-08 04:12:55',NULL),(292,297,0,'2021-03-31 06:09:18','2022-06-10 12:41:25',NULL),(293,298,0,'2021-03-31 06:09:18','2021-12-08 04:12:55',NULL),(295,299,0,'2021-03-31 06:09:18','2021-12-08 04:12:55',NULL),(296,300,0,'2021-03-31 06:09:18','2021-12-08 04:12:55',NULL),(297,301,0,'2021-03-31 06:09:18','2021-12-08 04:12:55',NULL),(298,302,0,'2021-03-31 06:09:18','2021-12-08 04:12:55',NULL),(299,303,0,'2021-03-31 06:09:18','2021-12-08 04:12:55',NULL),(300,304,0,'2021-03-31 06:09:18','2021-12-08 04:12:55',NULL),(301,305,0,'2021-03-31 06:09:18','2021-12-08 04:12:55',NULL),(312,312,0,'2021-04-18 16:46:43','2021-12-21 09:35:36',NULL),(313,313,0,'2021-04-18 17:04:01','2021-12-08 04:12:55',NULL),(314,314,0,'2021-04-18 17:29:03','2021-12-08 04:12:55',NULL),(315,315,0,'2021-04-18 17:38:10','2021-11-26 07:38:54',NULL),(316,316,0,'2021-04-18 17:46:47','2021-11-26 07:38:30',NULL),(317,317,0,'2021-04-18 17:58:00','2021-11-26 07:38:19',NULL),(321,321,0,'2021-04-22 05:18:21','2021-11-26 07:38:09',NULL),(322,322,0,'2021-04-22 05:20:37','2021-11-26 07:37:47',NULL),(323,323,0,'2021-04-22 05:27:23','2021-11-26 07:37:37',NULL),(327,327,0,'2021-04-27 05:47:10','2021-10-08 09:37:20',NULL),(328,328,0,'2021-04-27 06:44:07','2021-10-08 09:37:20',NULL),(329,329,0,'2021-04-27 06:44:07','2021-10-08 09:37:20',NULL),(330,330,0,'2021-04-27 06:44:07','2021-10-08 09:37:20',NULL),(331,331,0,'2021-04-27 06:44:07','2021-10-08 09:37:20',NULL),(332,332,0,'2021-04-27 06:44:07','2021-10-08 09:37:20',NULL),(333,333,0,'2021-04-27 06:44:07','2021-10-08 09:37:37',NULL),(334,334,0,'2021-04-27 06:44:07','2021-10-08 09:37:20',NULL),(335,335,0,'2021-04-27 06:44:07','2021-10-08 09:37:20',NULL),(336,336,0,'2021-04-27 06:44:07','2021-10-08 09:37:20',NULL),(337,337,0,'2021-04-27 06:44:07','2021-10-08 09:37:20',NULL),(338,338,0,'2021-04-27 06:44:07','2021-10-08 09:37:20',NULL),(339,339,0,'2021-04-27 06:44:07','2021-10-08 09:37:20',NULL),(340,340,0,'2021-04-27 06:44:07','2021-10-08 09:37:20',NULL),(341,341,0,'2021-04-27 06:44:07',NULL,NULL),(342,342,0,'2021-04-27 06:44:07','2021-10-08 09:37:20',NULL),(343,343,0,'2021-04-27 06:44:07','2021-10-08 09:37:20',NULL),(344,344,0,'2021-04-27 06:44:07','2021-10-08 09:37:20',NULL),(345,345,0,'2021-04-27 06:44:07','2021-10-08 09:37:20',NULL),(346,346,0,'2021-04-27 06:44:07','2021-10-08 09:37:20',NULL),(347,347,0,'2021-04-27 06:44:07','2021-10-08 09:37:20',NULL),(348,348,0,'2021-04-27 06:44:07','2021-10-08 09:37:20',NULL),(349,349,0,'2021-04-27 06:44:07','2021-10-08 09:37:20',NULL),(350,350,0,'2021-04-27 06:44:07','2021-10-08 09:37:37',NULL),(351,351,0,'2021-04-27 06:44:07','2021-10-08 09:37:20',NULL),(352,352,0,'2021-04-27 06:44:07','2021-10-08 09:37:20',NULL),(353,353,0,'2021-04-27 06:44:07','2021-10-08 09:37:20',NULL),(354,354,0,'2021-04-27 06:44:07','2021-10-08 09:37:20',NULL),(355,355,0,'2021-04-27 06:44:07','2021-10-08 09:37:20',NULL),(356,356,0,'2021-04-27 06:44:07','2021-10-08 09:37:37',NULL),(357,357,0,'2021-04-27 06:44:07','2021-10-08 09:37:20',NULL),(358,358,0,'2021-04-27 06:44:07','2021-10-08 09:37:20',NULL),(359,359,0,'2021-04-27 06:44:07','2021-10-08 09:37:20',NULL),(360,360,0,'2021-04-27 06:44:07','2021-10-08 09:37:20',NULL),(361,361,0,'2021-04-27 06:44:07','2021-10-08 09:37:20',NULL),(362,362,0,'2021-04-27 06:44:07','2021-10-08 09:37:20',NULL),(363,363,0,'2021-04-27 06:44:07','2021-10-08 09:37:20',NULL),(364,364,0,'2021-04-27 06:44:07','2021-10-08 09:37:20',NULL),(365,365,0,'2021-04-27 06:44:07','2021-10-08 09:37:20',NULL),(366,366,0,'2021-04-27 06:44:07','2021-10-08 09:37:20',NULL),(367,367,0,'2021-04-27 06:44:07',NULL,NULL),(368,368,0,'2021-04-27 06:44:07','2021-10-08 09:37:20',NULL),(369,369,0,'2021-04-27 06:44:07','2021-10-08 09:37:20',NULL),(370,370,0,'2021-04-27 06:44:07',NULL,NULL),(371,371,0,'2021-04-27 06:44:07','2021-10-08 09:37:37',NULL),(372,372,0,'2021-04-27 06:44:07','2021-10-08 09:37:37',NULL),(373,373,0,'2021-04-27 06:44:07','2021-10-08 09:37:20',NULL),(374,374,0,'2021-04-27 06:44:07','2021-10-08 09:37:20',NULL),(375,375,0,'2021-04-27 06:44:07','2021-10-08 09:37:20',NULL),(376,376,0,'2021-04-27 06:44:07',NULL,NULL),(377,377,0,'2021-04-27 06:44:07','2021-10-08 09:37:20',NULL),(378,378,0,'2021-04-27 06:44:07',NULL,NULL),(379,379,0,'2021-04-27 06:44:07','2021-10-08 09:37:20',NULL),(380,380,0,'2021-04-27 06:44:07','2021-10-08 09:37:20',NULL),(381,381,0,'2021-04-27 06:44:07',NULL,NULL),(382,382,0,'2021-04-27 06:44:07','2021-10-08 09:37:20',NULL),(383,383,0,'2021-04-27 06:44:07','2021-10-08 09:37:20',NULL),(384,384,0,'2021-04-27 06:44:07','2021-10-08 09:37:20',NULL),(385,385,0,'2021-04-27 06:44:07',NULL,NULL),(386,386,0,'2021-04-27 06:44:07','2021-10-08 09:37:20',NULL),(387,387,0,'2021-04-27 06:44:07','2021-10-08 09:37:20',NULL),(388,388,0,'2021-04-27 06:44:07','2021-10-08 09:37:20',NULL),(389,389,0,'2021-04-27 06:44:07','2021-10-08 09:37:20',NULL),(390,390,0,'2021-04-27 06:44:07','2021-10-08 09:37:20',NULL),(391,391,0,'2021-04-27 06:44:07','2021-12-01 12:17:45',NULL),(392,392,0,'2021-04-27 06:44:07','2021-10-08 09:37:20',NULL),(393,393,0,'2021-04-27 06:44:07','2021-10-08 09:37:20',NULL),(394,394,0,'2021-04-27 06:44:07','2021-10-08 09:37:20',NULL),(395,395,0,'2021-04-27 06:44:07','2021-10-08 09:37:20',NULL),(396,396,0,'2021-04-27 06:44:07','2021-10-08 09:37:20',NULL),(397,397,0,'2021-04-27 06:44:07','2021-10-08 09:37:37',NULL),(398,398,0,'2021-04-27 06:44:07','2021-10-08 09:37:20',NULL),(399,399,0,'2021-04-27 06:44:07',NULL,NULL),(400,400,0,'2021-04-27 06:44:07',NULL,NULL),(401,401,0,'2021-04-27 06:44:07','2021-10-08 09:37:37',NULL),(402,402,0,'2021-04-27 06:44:07','2021-10-08 09:37:20',NULL),(403,403,0,'2021-04-27 06:44:07','2021-10-08 09:37:37',NULL),(404,404,0,'2021-04-27 06:44:07',NULL,NULL),(405,405,0,'2021-04-27 06:44:07',NULL,NULL),(406,406,0,'2021-04-27 06:44:07',NULL,NULL),(407,407,0,'2021-04-27 06:44:07',NULL,NULL),(408,408,0,'2021-04-27 06:44:07',NULL,NULL),(409,409,0,'2021-04-27 06:44:07',NULL,NULL),(410,410,0,'2021-04-27 06:44:07',NULL,NULL),(411,411,0,'2021-04-27 06:44:07',NULL,NULL),(412,412,0,'2021-04-27 06:44:07',NULL,NULL),(413,413,0,'2021-04-27 06:44:07',NULL,NULL),(414,414,0,'2021-04-27 06:44:07','2021-10-08 09:37:37',NULL),(415,415,0,'2021-04-27 06:44:07','2021-10-08 09:37:37',NULL),(416,416,0,'2021-04-27 06:44:19','2021-10-08 09:37:37',NULL),(417,417,0,'2021-04-27 06:44:19','2021-10-08 09:37:37',NULL),(418,418,0,'2021-04-27 06:44:19',NULL,NULL),(419,419,0,'2021-04-27 06:44:19','2021-10-08 09:37:37',NULL),(420,420,0,'2021-04-27 06:44:19','2021-10-22 06:49:58',NULL),(421,421,0,'2021-04-27 06:44:19','2021-10-08 09:37:37',NULL),(422,422,0,'2021-04-27 06:44:19','2021-10-08 09:37:37',NULL),(423,423,0,'2021-04-27 06:44:19','2021-10-08 09:37:37',NULL),(424,424,0,'2021-04-27 06:44:19','2021-10-08 09:37:37',NULL),(425,425,0,'2021-04-27 06:44:19','2021-10-08 09:37:37',NULL),(426,426,0,'2021-04-27 06:44:19','2021-10-08 09:37:37',NULL),(427,427,0,'2021-04-27 06:44:19','2021-10-08 09:37:37',NULL),(428,428,0,'2021-04-27 06:44:19',NULL,NULL),(429,429,0,'2021-04-27 06:44:19','2021-10-08 09:37:37',NULL),(430,430,0,'2021-04-27 06:44:19','2021-10-08 09:37:37',NULL),(431,431,0,'2021-04-27 06:44:19','2021-10-08 09:37:37',NULL),(432,432,0,'2021-04-27 06:44:19','2021-10-08 09:37:37',NULL),(433,433,0,'2021-04-27 06:44:19',NULL,NULL),(434,434,0,'2021-04-27 06:44:19',NULL,NULL),(435,435,0,'2021-04-27 06:44:19','2021-10-08 09:37:37',NULL),(436,436,0,'2021-04-27 06:44:19',NULL,NULL),(437,437,0,'2021-04-27 06:44:19',NULL,NULL),(438,438,0,'2021-04-27 06:44:19','2021-10-08 09:37:37',NULL),(439,439,0,'2021-04-27 06:44:19',NULL,NULL),(440,440,0,'2021-04-27 06:44:19',NULL,NULL),(441,441,0,'2021-04-27 06:44:19',NULL,NULL),(442,442,0,'2021-04-27 06:44:19','2021-10-08 09:37:37',NULL),(443,443,0,'2021-04-27 06:44:19','2021-12-12 06:08:17',NULL),(444,444,0,'2021-04-27 06:44:19','2021-10-08 09:37:37',NULL),(445,445,0,'2021-04-27 06:44:19','2021-10-08 09:37:37',NULL),(446,446,0,'2021-04-27 06:44:19','2021-12-12 06:07:21',NULL),(447,447,0,'2021-04-27 06:44:19','2021-10-08 09:37:37',NULL),(448,448,0,'2021-04-27 06:44:19','2021-10-08 09:37:37',NULL),(449,449,0,'2021-04-27 06:44:19','2021-10-08 09:37:37',NULL),(450,450,0,'2021-04-27 06:44:19',NULL,NULL),(451,451,0,'2021-04-27 06:44:19',NULL,NULL),(452,452,0,'2021-04-27 06:44:19','2021-10-08 09:37:37',NULL),(453,453,0,'2021-04-27 06:44:19','2021-10-08 09:37:37',NULL),(454,454,0,'2021-04-27 06:44:19','2021-10-08 09:37:37',NULL),(455,455,0,'2021-04-27 06:44:19','2021-10-08 09:37:37',NULL),(456,456,0,'2021-04-27 06:44:19',NULL,NULL),(457,457,0,'2021-04-27 06:44:19','2021-10-08 09:37:37',NULL),(458,458,0,'2021-04-27 06:44:19',NULL,NULL),(459,459,0,'2021-04-27 06:44:19','2021-10-08 09:37:37',NULL),(460,460,0,'2021-04-27 06:44:19','2021-10-08 09:37:37',NULL),(461,461,0,'2021-04-27 06:44:19',NULL,NULL),(462,462,0,'2021-04-27 06:44:19',NULL,NULL),(463,463,0,'2021-04-27 06:44:19','2021-10-19 08:06:03',NULL),(464,464,0,'2021-04-27 06:44:19','2021-10-08 09:37:37',NULL),(465,465,0,'2021-04-27 06:44:19','2021-10-08 09:37:37',NULL),(466,466,0,'2021-04-27 06:44:19','2021-10-08 09:37:37',NULL),(467,467,0,'2021-04-27 06:44:19','2021-10-08 09:37:37',NULL),(468,468,0,'2021-04-27 06:44:19','2021-10-08 09:37:37',NULL),(469,469,0,'2021-04-27 06:44:19','2021-10-08 09:37:37',NULL),(470,470,0,'2021-04-27 06:44:19','2021-10-08 09:37:37',NULL),(471,471,0,'2021-04-27 06:44:19','2021-10-08 09:37:37',NULL),(472,472,0,'2021-04-27 06:44:19','2021-10-08 09:37:37',NULL),(473,473,0,'2021-04-27 06:44:19',NULL,NULL),(474,474,0,'2021-04-27 06:44:19','2021-10-08 09:37:37',NULL),(475,475,0,'2021-04-27 06:44:19','2021-10-08 09:37:37',NULL),(476,476,0,'2021-04-27 06:44:19',NULL,NULL),(477,477,0,'2021-04-27 06:44:19',NULL,NULL),(478,478,0,'2021-04-27 06:44:19',NULL,NULL),(479,479,0,'2021-04-27 06:44:19',NULL,NULL),(480,480,0,'2021-04-27 06:44:19',NULL,NULL),(481,481,0,'2021-04-27 06:44:19','2021-10-08 09:37:37',NULL),(482,482,0,'2021-04-27 06:44:19','2021-10-08 09:37:37',NULL),(483,483,0,'2021-04-27 06:44:19',NULL,NULL),(484,484,0,'2021-04-27 06:44:19','2021-10-08 09:37:37',NULL),(485,485,0,'2021-04-27 06:44:19','2021-10-08 09:37:37',NULL),(486,486,0,'2021-04-27 06:44:19','2021-10-08 09:37:37',NULL),(487,487,0,'2021-04-27 06:44:19','2021-10-08 09:37:37',NULL),(488,488,0,'2021-04-27 06:44:19',NULL,NULL),(489,489,0,'2021-04-27 06:44:19',NULL,NULL),(490,490,0,'2021-04-27 06:44:19',NULL,NULL),(491,491,0,'2021-04-27 06:44:19',NULL,NULL),(492,492,0,'2021-04-27 06:44:19',NULL,NULL),(493,493,0,'2021-04-27 06:44:19',NULL,NULL),(494,494,0,'2021-04-27 06:44:19',NULL,NULL),(495,495,0,'2021-04-27 06:44:19',NULL,NULL),(496,496,0,'2021-04-27 06:44:19',NULL,NULL),(497,497,0,'2021-04-27 06:44:19',NULL,NULL),(498,498,0,'2021-04-27 06:44:19',NULL,NULL),(499,499,0,'2021-04-27 06:44:19',NULL,NULL),(502,502,0,'2021-05-25 07:25:45','2021-05-25 07:27:25',NULL),(503,503,0,'2021-05-25 12:04:31','2021-10-13 12:38:45',NULL),(506,506,0,'2021-09-06 08:57:09','2021-09-06 09:02:59',NULL),(507,507,0,'2021-09-06 09:38:48','2021-12-12 06:03:15',NULL),(508,508,0,'2021-09-06 09:38:48','2021-12-12 06:03:15',NULL),(509,509,0,'2021-09-06 09:38:48','2021-12-12 06:03:15',NULL),(510,510,0,'2021-09-06 09:38:48','2021-12-12 06:03:15',NULL),(511,511,0,'2021-09-06 09:38:48','2021-12-12 06:03:15',NULL),(512,512,0,'2021-09-06 09:38:48','2021-12-12 06:03:15',NULL),(513,513,0,'2021-09-06 09:38:48','2021-12-12 06:03:15',NULL),(514,514,0,'2021-09-06 09:38:48','2021-12-12 06:03:15',NULL),(515,515,0,'2021-09-06 09:38:48','2021-12-12 06:03:15',NULL),(516,516,0,'2021-09-06 09:38:48','2021-12-12 06:03:15',NULL),(517,517,0,'2021-09-06 09:38:48','2021-12-12 06:03:15',NULL),(518,518,0,'2021-09-06 13:28:25','2021-12-12 06:03:15',NULL),(519,519,0,'2021-09-06 13:28:25','2021-12-12 06:03:15',NULL),(520,520,0,'2021-09-06 13:28:25','2021-12-12 06:03:15',NULL),(521,521,0,'2021-09-06 13:28:25','2021-12-12 06:03:15',NULL),(522,522,0,'2021-09-06 13:28:25','2021-12-12 06:03:15',NULL),(523,523,0,'2021-09-06 13:28:25','2021-12-12 06:03:15',NULL),(524,524,0,'2021-09-06 13:28:25','2021-12-12 06:03:15',NULL),(525,525,0,'2021-09-06 13:28:25','2021-12-12 06:03:15',NULL),(526,526,0,'2021-09-06 13:28:25','2021-12-12 06:03:15',NULL),(527,527,0,'2021-09-06 13:28:25','2021-12-12 06:03:15',NULL),(528,528,0,'2021-09-06 13:28:25','2021-12-12 06:03:15',NULL),(529,529,0,'2021-09-06 13:28:25','2021-12-12 06:03:15',NULL),(530,530,0,'2021-09-06 13:28:25','2021-12-12 06:03:15',NULL),(531,531,0,'2021-09-06 13:28:25','2021-12-12 06:03:15',NULL),(532,532,0,'2021-09-06 13:28:25','2021-12-12 06:03:15',NULL),(533,533,0,'2021-09-06 13:28:25','2021-12-12 06:03:15',NULL),(534,534,0,'2021-09-06 13:28:25','2021-12-12 06:03:15',NULL),(535,535,0,'2021-09-06 13:28:25','2021-12-12 06:03:15',NULL),(536,536,0,'2021-09-06 13:28:25','2021-12-12 06:03:15',NULL),(537,537,0,'2021-09-06 13:28:25','2021-12-12 06:03:15',NULL),(538,538,0,'2021-09-06 13:28:25','2021-12-12 06:03:15',NULL),(539,539,0,'2021-09-06 13:28:25','2021-12-12 06:03:15',NULL),(540,540,0,'2021-09-06 13:28:25','2021-12-12 06:03:15',NULL),(541,541,0,'2021-09-06 13:28:25','2021-12-12 06:03:15',NULL),(542,542,0,'2021-09-06 13:28:25','2021-12-12 06:03:15',NULL),(543,543,0,'2021-09-06 13:28:25','2021-12-12 06:03:15',NULL),(544,544,0,'2021-09-06 13:28:25','2021-12-12 06:03:15',NULL),(545,545,0,'2021-09-06 13:28:25','2021-12-12 06:03:15',NULL),(546,546,0,'2021-09-06 13:28:25','2021-12-12 06:03:15',NULL),(547,547,0,'2021-09-06 13:28:25','2021-12-12 06:03:15',NULL),(548,548,0,'2021-09-06 13:28:25','2021-12-12 06:03:15',NULL),(549,549,0,'2021-09-06 13:28:25','2021-12-12 06:03:15',NULL),(550,550,0,'2021-09-06 13:28:25','2021-12-12 06:03:15',NULL),(551,551,0,'2021-09-06 13:28:25','2021-12-12 06:03:15',NULL),(552,552,0,'2021-09-06 13:28:25','2021-12-12 06:03:15',NULL),(553,553,0,'2021-09-06 13:28:25','2021-12-12 06:03:15',NULL),(554,554,0,'2021-09-06 13:28:25','2021-12-12 06:03:15',NULL),(555,555,0,'2021-09-06 13:28:25','2021-12-12 06:03:15',NULL),(556,556,0,'2021-09-06 13:28:25','2021-12-12 06:03:15',NULL),(557,557,0,'2021-09-06 13:28:25','2021-12-12 06:03:15',NULL),(558,558,0,'2021-09-06 13:28:25','2021-12-12 06:03:15',NULL),(559,559,0,'2021-09-06 13:28:25','2021-12-12 06:03:15',NULL),(560,560,0,'2021-09-06 13:28:25','2021-12-12 06:03:15',NULL),(561,561,0,'2021-09-06 13:28:25','2021-12-12 06:03:15',NULL),(562,562,0,'2021-09-06 13:28:25','2021-12-12 06:03:15',NULL),(563,563,0,'2021-09-06 13:28:25','2021-12-12 06:03:15',NULL),(564,564,0,'2021-09-06 13:28:25','2021-12-12 06:03:15',NULL),(565,565,0,'2021-09-06 13:28:25','2021-12-12 06:03:15',NULL),(566,566,0,'2021-09-06 13:28:25','2021-12-12 06:03:15',NULL),(567,567,0,'2021-09-06 13:28:25','2021-12-12 06:03:15',NULL),(568,568,0,'2021-09-06 13:28:25','2021-12-12 06:03:15',NULL),(569,569,0,'2021-09-06 13:28:25','2021-12-12 06:03:15',NULL),(570,570,0,'2021-09-06 13:28:25','2021-12-12 06:03:15',NULL),(571,571,0,'2021-09-06 13:28:25','2021-12-12 06:03:15',NULL),(572,572,0,'2021-09-06 13:28:25','2021-12-12 06:03:15',NULL),(573,573,0,'2021-09-06 13:28:25','2021-12-12 06:03:15',NULL),(574,574,0,'2021-09-06 13:28:25','2021-12-12 06:03:15',NULL),(575,575,0,'2021-09-06 13:28:25','2021-12-12 06:03:15',NULL),(576,576,0,'2021-09-06 13:28:25','2021-12-12 06:03:15',NULL),(577,577,0,'2021-09-06 13:28:25','2021-12-12 06:03:15',NULL),(578,578,0,'2021-09-06 13:28:25','2021-12-12 06:03:15',NULL),(579,579,0,'2021-09-06 13:28:25','2021-12-12 06:03:15',NULL),(580,580,0,'2021-09-06 13:28:25','2021-12-12 06:03:15',NULL),(581,581,0,'2021-09-06 13:28:25','2021-12-12 06:03:15',NULL),(582,582,0,'2021-09-06 13:28:25','2021-12-12 06:03:15',NULL),(583,583,0,'2021-09-06 13:28:25','2021-12-12 06:03:15',NULL),(584,584,0,'2021-09-06 13:28:25','2021-12-12 06:03:15',NULL),(585,585,0,'2021-09-06 13:28:25','2021-12-12 06:03:15',NULL),(586,586,0,'2021-09-06 13:28:25','2021-12-12 06:03:15',NULL),(587,587,0,'2021-09-06 13:28:25','2021-12-12 06:03:15',NULL),(588,588,0,'2021-09-06 13:28:25','2021-12-12 06:03:15',NULL),(589,589,0,'2021-09-06 13:28:25','2021-12-12 06:03:15',NULL),(590,590,0,'2021-09-06 13:28:25','2021-12-12 06:03:15',NULL),(591,591,0,'2021-09-06 13:28:25','2021-12-12 06:03:15',NULL),(592,592,0,'2021-09-06 13:28:25','2021-12-12 06:03:15',NULL),(593,593,0,'2021-09-06 13:28:25','2021-12-12 06:03:15',NULL),(594,594,0,'2021-09-06 13:28:25','2021-12-12 06:03:15',NULL),(595,595,0,'2021-09-06 13:28:25','2021-12-12 06:03:15',NULL),(596,596,0,'2021-09-06 13:28:25','2021-12-12 06:03:15',NULL),(597,597,0,'2021-09-06 13:28:25','2021-12-12 06:03:15',NULL),(598,598,0,'2021-09-06 13:28:25','2021-12-12 06:03:15',NULL),(599,599,0,'2021-09-06 13:28:25','2021-12-12 06:03:15',NULL),(600,600,0,'2021-09-06 13:28:25','2021-12-12 06:03:15',NULL),(601,601,0,'2021-09-06 13:28:25','2021-12-12 06:03:15',NULL),(602,602,0,'2021-09-06 13:28:25','2021-12-12 06:03:15',NULL),(603,603,0,'2021-09-06 13:28:25','2021-12-12 06:03:15',NULL),(604,604,0,'2021-09-06 13:28:25','2021-12-12 06:03:15',NULL),(605,605,0,'2021-09-06 13:28:25','2021-12-12 06:03:15',NULL),(606,606,0,'2021-09-06 13:28:25','2021-12-12 06:03:15',NULL),(607,607,0,'2021-09-06 13:28:45','2021-12-12 06:03:37',NULL),(608,608,0,'2021-09-06 13:28:45','2021-12-12 06:03:37',NULL),(609,609,0,'2021-09-06 13:28:45','2021-12-12 06:03:37',NULL),(610,610,0,'2021-09-06 13:28:45','2021-12-12 06:03:37',NULL),(611,611,0,'2021-09-06 13:28:45','2021-12-12 06:03:37',NULL),(612,612,0,'2021-09-06 13:28:45','2021-12-12 06:03:37',NULL),(613,613,0,'2021-09-06 13:28:45','2021-12-12 06:03:37',NULL),(614,614,0,'2021-09-06 13:28:45','2021-12-12 06:03:37',NULL),(615,615,0,'2021-09-06 13:28:45','2021-12-12 06:03:37',NULL),(616,616,0,'2021-09-06 13:28:45','2021-12-12 06:03:37',NULL),(617,617,0,'2021-09-06 13:28:45','2021-12-12 06:03:37',NULL),(618,618,0,'2021-09-06 13:28:45','2021-12-12 06:03:37',NULL),(619,619,0,'2021-09-06 13:28:45','2021-12-12 06:03:37',NULL),(620,620,0,'2021-09-06 13:28:45','2021-12-12 06:03:37',NULL),(621,621,0,'2021-09-06 13:28:45','2021-12-12 06:03:37',NULL),(622,622,0,'2021-09-06 13:28:45','2021-12-12 06:03:37',NULL),(623,623,0,'2021-09-06 13:28:45','2021-12-12 06:03:37',NULL),(624,624,0,'2021-09-06 13:28:45','2021-12-12 06:03:37',NULL),(625,625,0,'2021-09-06 13:28:45','2021-12-12 06:03:37',NULL),(626,626,0,'2021-09-06 13:28:45','2021-12-12 06:03:37',NULL),(627,627,0,'2021-09-06 13:28:45','2021-12-12 06:03:37',NULL),(628,628,0,'2021-09-06 13:28:45','2021-12-12 06:03:37',NULL),(629,629,0,'2021-09-06 13:28:45','2021-12-12 06:03:37',NULL),(630,630,0,'2021-09-06 13:28:45','2021-12-12 06:03:37',NULL),(631,631,0,'2021-09-06 13:28:45','2021-12-12 06:03:37',NULL),(632,632,0,'2021-09-06 13:28:45','2021-12-12 06:03:37',NULL),(633,633,0,'2021-09-06 13:28:45','2021-12-12 06:03:37',NULL),(634,634,0,'2021-09-06 13:28:45','2021-12-12 06:03:37',NULL),(635,635,0,'2021-09-06 13:28:45','2021-12-12 06:03:37',NULL),(636,636,0,'2021-09-06 13:28:45','2021-12-12 06:03:37',NULL),(637,637,0,'2021-09-06 13:28:45','2021-12-12 06:03:37',NULL),(638,638,0,'2021-09-06 13:28:45','2021-12-12 06:03:37',NULL),(639,639,0,'2021-09-06 13:28:45','2021-12-12 06:03:37',NULL),(640,640,0,'2021-09-06 13:28:45','2021-12-12 06:03:37',NULL),(641,641,0,'2021-09-06 13:28:45','2021-12-12 06:03:37',NULL),(642,642,0,'2021-09-06 13:28:45','2021-12-12 06:03:37',NULL),(643,643,0,'2021-09-06 13:28:45','2021-12-12 06:03:37',NULL),(644,644,0,'2021-09-06 13:28:45','2021-12-12 06:03:37',NULL),(645,645,0,'2021-09-06 13:28:45','2021-12-12 06:03:37',NULL),(646,646,0,'2021-09-06 13:28:45','2021-12-12 06:03:37',NULL),(647,647,0,'2021-09-06 13:28:45','2021-12-12 06:03:37',NULL),(648,648,0,'2021-09-06 13:28:45','2021-12-12 06:03:37',NULL),(649,649,0,'2021-09-06 13:28:45','2021-12-12 06:03:37',NULL),(650,650,0,'2021-09-06 13:28:45','2021-12-12 06:03:37',NULL),(651,651,0,'2021-09-06 13:28:45','2021-12-12 06:03:37',NULL),(652,652,0,'2021-09-06 13:28:45','2021-12-12 06:03:37',NULL),(653,653,0,'2021-09-06 13:28:45','2021-12-13 12:17:52',NULL),(654,654,0,'2021-09-06 13:28:45','2021-12-12 06:03:37',NULL),(655,655,0,'2021-09-06 13:28:45','2021-12-12 06:03:37',NULL),(656,656,0,'2021-09-06 13:28:45','2021-12-12 06:03:37',NULL),(657,657,0,'2021-09-06 13:28:45','2021-12-12 06:03:37',NULL),(658,658,0,'2021-09-06 13:28:45','2021-12-12 06:03:37',NULL),(659,659,0,'2021-09-06 13:28:45','2021-12-12 06:03:37',NULL),(660,660,0,'2021-09-06 13:28:45','2021-12-12 06:03:37',NULL),(661,661,0,'2021-09-06 13:28:45','2021-12-12 06:03:37',NULL),(662,662,0,'2021-09-06 13:28:45','2021-12-12 06:03:37',NULL),(663,663,0,'2021-09-06 13:28:45','2021-12-12 06:03:37',NULL),(664,664,0,'2021-09-06 13:28:45','2021-12-12 06:03:37',NULL),(665,665,0,'2021-09-06 13:28:45','2021-12-12 06:03:37',NULL),(666,666,0,'2021-09-06 13:28:45','2021-12-12 06:03:37',NULL),(667,667,0,'2021-09-06 13:28:45','2021-12-12 06:03:37',NULL),(668,668,0,'2021-09-06 13:28:45','2021-12-12 06:03:37',NULL),(669,669,0,'2021-09-06 13:28:45','2021-12-12 06:03:37',NULL),(670,670,0,'2021-09-06 13:28:45','2021-12-12 06:03:37',NULL),(671,671,0,'2021-09-06 13:28:45','2021-12-12 06:03:37',NULL),(672,672,0,'2021-09-06 13:28:45','2021-12-12 06:03:37',NULL),(673,673,0,'2021-09-06 13:28:45','2021-12-12 06:03:37',NULL),(674,674,0,'2021-09-06 13:28:45','2021-12-12 06:03:37',NULL),(675,675,0,'2021-09-06 13:28:45','2021-12-12 06:03:37',NULL),(676,676,0,'2021-09-06 13:28:45','2021-12-12 06:03:37',NULL),(677,677,0,'2021-09-06 13:28:45','2021-12-12 06:03:37',NULL),(678,678,0,'2021-09-06 13:28:45','2021-12-12 06:03:37',NULL),(679,679,0,'2021-09-06 13:28:45','2021-12-12 06:03:37',NULL),(680,680,0,'2021-09-06 13:28:45','2021-12-12 06:03:37',NULL),(681,681,0,'2021-09-06 13:28:45','2021-12-12 06:03:37',NULL),(682,682,0,'2021-09-06 13:28:45','2021-12-12 06:03:37',NULL),(683,683,0,'2021-09-06 13:28:45','2021-12-12 06:03:37',NULL),(684,684,0,'2021-09-06 13:28:45','2021-12-12 06:03:37',NULL),(685,685,0,'2021-09-06 13:28:45','2021-12-12 06:03:37',NULL),(686,686,0,'2021-09-06 13:28:45','2021-12-12 06:03:37',NULL),(687,687,0,'2021-09-06 13:28:45','2021-12-12 06:03:37',NULL),(688,688,0,'2021-09-06 13:28:45','2021-12-12 06:03:37',NULL),(689,689,0,'2021-09-06 13:28:45','2021-12-12 06:03:37',NULL),(690,690,0,'2021-09-06 13:28:45','2021-12-12 06:03:37',NULL),(691,691,0,'2021-09-06 13:28:45','2021-12-12 06:03:37',NULL),(692,692,0,'2021-09-06 13:28:45','2021-12-12 06:03:37',NULL),(693,693,0,'2021-09-06 13:28:45','2022-06-13 16:32:37',NULL),(694,694,0,'2021-09-06 13:28:45','2021-12-12 06:03:37',NULL),(695,695,0,'2021-09-06 13:28:45','2021-12-12 06:03:37',NULL),(696,696,0,'2021-09-06 13:28:45','2021-12-12 06:03:37',NULL),(697,697,0,'2021-09-06 13:28:45','2021-12-12 06:03:37',NULL),(698,698,0,'2021-09-06 13:28:45','2021-12-12 06:03:37',NULL),(699,699,0,'2021-09-06 13:28:45','2021-12-12 06:03:37',NULL),(700,700,0,'2021-09-06 13:28:45','2021-12-12 06:03:37',NULL),(701,701,0,'2021-09-06 13:28:45','2021-12-12 06:03:37',NULL),(702,702,0,'2021-09-06 13:28:45','2021-12-12 06:03:37',NULL),(703,703,0,'2021-09-06 13:28:45','2021-12-12 06:03:37',NULL),(704,704,0,'2021-09-06 13:28:45','2021-12-12 06:03:37',NULL),(705,705,0,'2021-09-06 13:28:45','2021-12-12 06:03:37',NULL),(706,706,0,'2021-09-06 13:28:45','2021-12-12 06:03:37',NULL),(707,784,0,'2021-09-06 13:29:03','2021-12-12 06:03:58',NULL),(708,785,0,'2021-09-06 13:29:03','2021-12-12 06:03:58',NULL),(709,786,0,'2021-09-06 13:29:03','2021-12-12 06:03:58',NULL),(710,787,0,'2021-09-06 13:29:03','2021-12-12 06:03:58',NULL),(711,788,0,'2021-09-06 13:29:03','2021-12-12 06:03:58',NULL),(712,789,0,'2021-09-06 13:29:03','2021-12-12 06:03:58',NULL),(713,790,0,'2021-09-06 13:29:03','2021-12-12 06:03:58',NULL),(714,791,0,'2021-09-06 13:29:03','2021-12-12 06:03:58',NULL),(715,792,0,'2021-09-06 13:29:03','2022-06-26 11:00:52',NULL),(716,793,0,'2021-09-06 13:29:03','2021-12-12 06:03:58',NULL),(717,794,0,'2021-09-06 13:29:03','2021-12-12 06:03:58',NULL),(718,707,0,'2021-09-06 13:29:03','2021-12-12 06:03:58',NULL),(719,708,0,'2021-09-06 13:29:03','2021-12-12 06:03:58',NULL),(720,709,0,'2021-09-06 13:29:03','2021-12-12 06:03:58',NULL),(721,710,0,'2021-09-06 13:29:03','2021-12-12 06:03:58',NULL),(722,711,0,'2021-09-06 13:29:03','2021-12-12 06:03:58',NULL),(723,712,0,'2021-09-06 13:29:03','2021-12-12 06:03:58',NULL),(724,713,0,'2021-09-06 13:29:03','2021-12-12 06:03:58',NULL),(725,714,0,'2021-09-06 13:29:03','2021-12-12 06:03:58',NULL),(726,715,0,'2021-09-06 13:29:03','2021-12-12 06:03:58',NULL),(727,716,0,'2021-09-06 13:29:03','2021-12-12 06:03:58',NULL),(728,717,0,'2021-09-06 13:29:03','2021-12-12 06:03:58',NULL),(729,718,0,'2021-09-06 13:29:03','2021-12-12 06:03:58',NULL),(730,719,0,'2021-09-06 13:29:03','2021-12-12 06:03:58',NULL),(731,720,0,'2021-09-06 13:29:03','2021-12-12 06:03:58',NULL),(732,721,0,'2021-09-06 13:29:03','2021-12-12 06:03:58',NULL),(733,722,0,'2021-09-06 13:29:03','2021-12-12 06:03:58',NULL),(734,723,0,'2021-09-06 13:29:03','2021-12-12 06:03:58',NULL),(735,724,0,'2021-09-06 13:29:03','2021-12-12 06:03:58',NULL),(736,725,0,'2021-09-06 13:29:03','2021-12-12 06:03:58',NULL),(737,726,0,'2021-09-06 13:29:03','2021-12-12 06:03:58',NULL),(738,727,0,'2021-09-06 13:29:03','2021-12-12 06:03:58',NULL),(739,728,0,'2021-09-06 13:29:03','2021-12-12 06:03:58',NULL),(740,729,0,'2021-09-06 13:29:03','2021-12-12 06:03:58',NULL),(741,730,0,'2021-09-06 13:29:03','2021-12-12 06:03:58',NULL),(742,731,0,'2021-09-06 13:29:03','2021-12-12 06:03:58',NULL),(743,732,0,'2021-09-06 13:29:03','2021-12-12 06:03:58',NULL),(744,733,0,'2021-09-06 13:29:03','2021-12-12 06:03:58',NULL),(745,734,0,'2021-09-06 13:29:03','2021-12-12 06:03:58',NULL),(746,735,0,'2021-09-06 13:29:03','2021-12-12 06:03:58',NULL),(747,736,0,'2021-09-06 13:29:03','2021-12-12 06:03:58',NULL),(748,737,0,'2021-09-06 13:29:03','2021-12-12 06:03:58',NULL),(749,738,0,'2021-09-06 13:29:03','2021-12-12 06:03:58',NULL),(750,739,0,'2021-09-06 13:29:03','2021-12-12 06:03:58',NULL),(751,740,0,'2021-09-06 13:29:03','2021-12-12 06:03:58',NULL),(752,741,0,'2021-09-06 13:29:03','2021-12-12 06:03:58',NULL),(753,742,0,'2021-09-06 13:29:03','2021-12-12 06:03:58',NULL),(754,743,0,'2021-09-06 13:29:03','2021-12-12 06:03:58',NULL),(755,744,0,'2021-09-06 13:29:03','2021-12-12 06:03:58',NULL),(756,745,0,'2021-09-06 13:29:03','2021-12-12 06:03:58',NULL),(757,746,0,'2021-09-06 13:29:03','2021-12-12 06:03:58',NULL),(758,747,0,'2021-09-06 13:29:03','2021-12-12 06:03:58',NULL),(759,748,0,'2021-09-06 13:29:03','2021-12-12 06:03:58',NULL),(760,749,0,'2021-09-06 13:29:03','2021-12-12 06:03:58',NULL),(761,750,0,'2021-09-06 13:29:03','2021-12-12 06:03:58',NULL),(762,751,0,'2021-09-06 13:29:03','2021-12-12 06:03:58',NULL),(763,752,0,'2021-09-06 13:29:03','2021-12-12 06:03:58',NULL),(764,753,0,'2021-09-06 13:29:03','2021-12-12 06:03:58',NULL),(765,754,0,'2021-09-06 13:29:03','2021-12-12 06:03:58',NULL),(766,755,0,'2021-09-06 13:29:03','2021-12-12 06:03:58',NULL),(767,756,0,'2021-09-06 13:29:03','2021-12-12 06:03:58',NULL),(768,757,0,'2021-09-06 13:29:03','2021-12-12 06:03:58',NULL),(769,758,0,'2021-09-06 13:29:03','2021-12-12 06:03:58',NULL),(770,759,0,'2021-09-06 13:29:03','2021-12-12 06:03:58',NULL),(771,760,0,'2021-09-06 13:29:03','2021-12-12 06:03:58',NULL),(772,761,0,'2021-09-06 13:29:03','2021-12-12 06:03:58',NULL),(773,782,0,'2021-09-06 13:29:03','2021-12-12 06:03:58',NULL),(774,783,0,'2021-09-06 13:29:03','2021-12-12 06:03:58',NULL),(775,762,0,'2021-09-06 13:29:03','2021-12-12 06:03:58',NULL),(776,763,0,'2021-09-06 13:29:03','2021-12-12 06:03:58',NULL),(777,764,0,'2021-09-06 13:29:03','2021-12-12 06:03:58',NULL),(778,765,0,'2021-09-06 13:29:03','2021-12-12 06:03:58',NULL),(779,766,0,'2021-09-06 13:29:03','2021-12-12 06:03:58',NULL),(780,767,0,'2021-09-06 13:29:03','2021-12-12 06:03:58',NULL),(781,768,0,'2021-09-06 13:29:03','2021-12-12 06:03:58',NULL),(782,769,0,'2021-09-06 13:29:03','2021-12-12 06:03:58',NULL),(783,770,0,'2021-09-06 13:29:03','2021-12-12 06:03:58',NULL),(784,771,0,'2021-09-06 13:29:03','2021-12-12 06:03:58',NULL),(785,772,0,'2021-09-06 13:29:03','2021-12-12 06:03:58',NULL),(786,773,0,'2021-09-06 13:29:03','2021-12-12 06:03:58',NULL),(787,774,0,'2021-09-06 13:29:03','2021-12-12 06:03:58',NULL),(788,775,0,'2021-09-06 13:29:03','2021-12-12 06:03:58',NULL),(789,776,0,'2021-09-06 13:29:03','2021-12-12 06:03:58',NULL),(790,777,0,'2021-09-06 13:29:03','2021-12-12 06:03:58',NULL),(791,778,0,'2021-09-06 13:29:03','2021-12-12 06:03:58',NULL),(792,779,0,'2021-09-06 13:29:03','2021-12-12 06:03:58',NULL),(793,780,0,'2021-09-06 13:29:03','2021-12-12 06:03:58',NULL),(794,781,0,'2021-09-06 13:29:03','2021-12-12 06:03:58',NULL),(795,795,0,'2021-09-06 13:29:03','2021-12-12 06:03:58',NULL),(796,796,0,'2021-09-06 13:29:03','2022-06-26 10:47:42',NULL),(797,797,0,'2021-09-06 13:29:03','2022-06-26 10:21:57',NULL),(798,798,0,'2021-09-06 13:29:03','2022-06-26 10:14:12',NULL),(799,799,0,'2021-09-06 13:29:03','2022-06-26 10:07:11',NULL),(821,821,0,'2021-09-11 06:29:46','2021-10-08 09:37:20',NULL),(822,822,0,'2021-09-11 06:29:46','2021-10-08 09:37:20',NULL),(823,823,0,'2021-09-11 06:29:46','2021-10-08 09:37:20',NULL),(824,824,0,'2021-09-11 06:29:46','2021-10-08 09:37:20',NULL),(825,825,0,'2021-09-11 06:29:46','2021-10-08 09:37:20',NULL),(826,826,0,'2021-09-11 06:29:46','2021-10-08 09:37:20',NULL),(827,827,0,'2021-09-11 06:29:46','2021-10-08 09:37:20',NULL),(828,828,0,'2021-09-11 06:29:46','2021-10-08 09:37:20',NULL),(829,829,0,'2021-09-11 06:29:46','2021-10-31 04:17:55',NULL),(830,830,0,'2021-09-11 06:29:46','2021-10-08 09:37:20',NULL),(831,831,0,'2021-09-11 06:29:46','2021-10-08 09:37:20',NULL),(832,832,0,'2021-09-11 06:29:46','2021-10-08 09:37:20',NULL),(833,833,0,'2021-09-11 06:29:46','2021-10-08 09:37:20',NULL),(834,834,0,'2021-09-11 06:29:46','2021-10-08 09:37:20',NULL),(835,835,0,'2021-09-11 06:29:46','2021-10-08 09:37:20',NULL),(836,836,0,'2021-09-11 06:29:46','2021-10-08 09:37:20',NULL),(837,837,0,'2021-09-11 06:29:46','2021-10-08 09:37:20',NULL),(838,838,0,'2021-09-11 06:29:46','2021-10-08 09:37:20',NULL),(839,839,0,'2021-09-11 06:29:46','2021-10-08 09:37:20',NULL),(840,840,0,'2021-09-11 06:29:46','2021-10-08 09:37:20',NULL),(841,841,0,'2021-09-11 06:29:46','2021-10-08 09:37:20',NULL),(842,842,0,'2021-09-11 06:29:46','2021-10-08 09:37:20',NULL),(843,843,0,'2021-09-11 06:29:46','2021-10-08 09:37:20',NULL),(844,844,0,'2021-09-11 06:29:46','2021-10-08 09:37:20',NULL),(845,845,0,'2021-09-11 06:29:46','2021-10-08 09:37:20',NULL),(846,846,0,'2021-09-11 06:29:46','2021-10-08 09:37:20',NULL),(847,847,0,'2021-09-11 06:29:46','2021-10-08 09:37:20',NULL),(848,848,0,'2021-09-11 06:29:46','2021-10-08 09:37:20',NULL),(849,849,0,'2021-09-11 06:29:46','2021-10-08 09:37:20',NULL),(850,850,0,'2021-09-11 06:29:46','2021-10-08 09:37:20',NULL),(851,851,0,'2021-09-11 06:29:46','2021-10-08 09:37:20',NULL),(852,852,0,'2021-09-11 06:29:46','2021-10-08 09:37:20',NULL),(853,853,0,'2021-09-11 06:29:46','2021-10-08 09:37:20',NULL),(854,854,0,'2021-09-11 06:29:46','2021-10-08 09:37:20',NULL),(855,855,0,'2021-09-11 06:29:46','2021-10-08 09:37:20',NULL),(856,856,0,'2021-09-11 06:29:46','2021-10-08 09:37:20',NULL),(857,857,0,'2021-09-11 06:29:46','2021-10-08 09:37:20',NULL),(858,858,0,'2021-09-11 06:29:46','2021-10-08 09:37:20',NULL),(859,859,0,'2021-09-11 06:29:46','2021-10-08 09:37:20',NULL),(860,860,0,'2021-09-11 06:29:46','2021-10-08 09:37:20',NULL),(861,861,0,'2021-09-11 06:30:04','2021-10-08 09:37:37',NULL),(862,862,0,'2021-09-11 06:30:04','2021-10-08 09:37:37',NULL),(863,863,0,'2021-09-11 06:30:04','2021-10-08 09:37:37',NULL),(864,864,0,'2021-09-11 06:30:04','2021-10-08 09:37:37',NULL),(865,865,0,'2021-09-11 06:30:04','2021-10-08 09:37:37',NULL),(866,866,0,'2021-09-11 06:30:04','2021-10-08 09:37:37',NULL),(867,867,0,'2021-09-11 06:30:04','2021-10-08 09:37:37',NULL),(868,868,0,'2021-09-11 06:30:04','2021-10-08 09:37:37',NULL),(869,869,0,'2021-09-11 06:30:04','2021-10-08 09:37:37',NULL),(870,870,0,'2021-09-11 06:30:04','2021-10-08 09:37:37',NULL),(871,871,0,'2021-09-11 06:30:04','2021-10-08 09:37:37',NULL),(872,872,0,'2021-09-11 06:30:04','2021-10-08 09:37:37',NULL),(873,873,0,'2021-09-11 06:30:04','2021-10-08 09:37:37',NULL),(874,874,0,'2021-09-11 06:30:04','2021-10-08 09:37:37',NULL),(875,875,0,'2021-09-11 06:30:04','2021-10-08 09:37:37',NULL),(876,876,0,'2021-09-11 06:30:04','2021-10-08 09:37:37',NULL),(877,877,0,'2021-09-11 06:30:04','2021-10-08 09:37:37',NULL),(878,878,0,'2021-09-11 06:30:04','2021-10-08 09:37:37',NULL),(879,879,0,'2021-09-11 06:30:04','2021-10-08 09:37:37',NULL),(880,880,0,'2021-09-11 06:30:04','2021-10-08 09:37:37',NULL),(881,881,0,'2021-09-11 06:30:04','2021-10-08 09:37:37',NULL),(882,882,0,'2021-09-11 06:30:04','2021-10-08 09:37:37',NULL),(883,883,0,'2021-09-11 06:30:04','2021-10-08 09:37:37',NULL),(884,884,0,'2021-09-11 06:30:04','2021-10-08 09:37:37',NULL),(885,885,0,'2021-09-11 06:30:04','2021-12-08 08:06:37',NULL),(886,886,0,'2021-09-11 06:30:04','2021-10-08 09:37:37',NULL),(887,887,0,'2021-09-11 06:30:04','2021-10-08 09:37:37',NULL),(888,888,0,'2021-09-11 06:30:04','2021-10-08 09:37:37',NULL),(889,889,0,'2021-09-11 06:30:04','2021-10-08 09:37:37',NULL),(890,890,0,'2021-09-11 06:30:04','2021-10-08 09:37:37',NULL),(891,929,0,'2021-09-11 06:30:11','2021-10-31 04:20:10',NULL),(892,891,0,'2021-09-11 06:30:11','2021-10-08 09:37:44',NULL),(893,892,0,'2021-09-11 06:30:11','2021-10-08 09:37:44',NULL),(894,893,0,'2021-09-11 06:30:11','2021-10-08 09:37:44',NULL),(895,900,0,'2021-09-11 06:30:11','2021-10-08 09:37:44',NULL),(896,901,0,'2021-09-11 06:30:11','2021-10-08 09:37:44',NULL),(897,902,0,'2021-09-11 06:30:11','2021-10-08 09:37:44',NULL),(898,903,0,'2021-09-11 06:30:11','2021-10-08 09:37:44',NULL),(899,904,0,'2021-09-11 06:30:11','2021-10-08 09:37:44',NULL),(900,905,0,'2021-09-11 06:30:11','2021-10-08 09:37:44',NULL),(901,906,0,'2021-09-11 06:30:11','2021-10-08 09:37:44',NULL),(902,907,0,'2021-09-11 06:30:11','2021-10-25 13:09:20',NULL),(903,908,0,'2021-09-11 06:30:11','2021-10-25 13:09:57',NULL),(904,910,0,'2021-09-11 06:30:11','2021-10-25 13:06:19',NULL),(905,911,0,'2021-09-11 06:30:11','2021-10-08 09:37:44',NULL),(906,925,0,'2021-09-11 06:30:11','2021-10-31 04:19:16',NULL),(910,930,0,'2021-09-11 06:30:11','2021-10-31 04:20:23',NULL),(911,909,0,'2021-09-11 06:30:11','2021-10-25 13:11:12',NULL),(912,894,0,'2021-09-11 06:30:11','2021-10-08 09:37:44',NULL),(913,895,0,'2021-09-11 06:30:11','2021-10-08 09:37:44',NULL),(914,896,0,'2021-09-11 06:30:11','2021-10-08 09:37:44',NULL),(915,897,0,'2021-09-11 06:30:11','2021-10-08 09:37:44',NULL),(916,898,0,'2021-09-11 06:30:11','2021-10-08 09:37:44',NULL),(917,899,0,'2021-09-11 06:30:11','2021-10-08 09:37:44',NULL),(918,912,0,'2021-09-11 06:30:11','2021-10-08 09:37:44',NULL),(919,913,0,'2021-09-11 06:30:11','2021-10-08 09:37:44',NULL),(920,914,0,'2021-09-11 06:30:11','2021-10-08 09:37:44',NULL),(921,915,0,'2021-09-11 06:30:11','2021-10-08 09:37:44',NULL),(922,916,0,'2021-09-11 06:30:11','2021-10-08 09:37:44',NULL),(923,917,0,'2021-09-11 06:30:11','2021-10-08 09:37:44',NULL),(924,918,0,'2021-09-11 06:30:11','2021-10-08 09:37:44',NULL),(925,919,0,'2021-09-11 06:30:11','2021-10-08 09:37:44',NULL),(926,920,0,'2021-09-11 06:30:11','2021-10-08 09:37:44',NULL),(927,921,0,'2021-09-11 06:30:11','2021-10-08 09:37:44',NULL),(928,922,0,'2021-09-11 06:30:11','2021-10-08 09:37:44',NULL),(929,923,0,'2021-09-11 06:30:11','2021-10-31 04:18:09',NULL),(930,924,0,'2021-09-11 06:30:11','2021-10-31 04:19:04',NULL),(931,931,0,'2021-09-11 06:30:11','2021-12-12 10:58:30',NULL),(932,932,0,'2021-09-11 06:30:11','2021-12-07 13:56:43',NULL),(934,934,0,'2021-09-11 10:39:24','2021-10-31 04:21:20',NULL),(935,935,0,'2021-09-11 10:48:39','2021-10-31 04:21:32',NULL),(936,936,0,'2021-09-11 11:04:18','2022-06-07 22:03:36',NULL),(940,940,0,'2021-11-28 12:21:27','2022-05-18 22:03:04',NULL),(941,941,0,'2021-11-28 12:55:41','2022-05-09 21:14:47',NULL),(942,942,0,'2022-05-11 08:04:51','2022-05-11 08:12:30',NULL),(943,943,0,'2022-05-11 09:23:35','2022-05-11 09:37:57',NULL),(944,944,0,'2022-05-11 11:50:55','2022-05-12 09:10:15',NULL),(945,945,0,'2022-05-11 11:50:57','2022-05-12 09:08:07',NULL),(946,946,0,'2022-05-11 11:50:59','2022-05-12 09:10:28',NULL),(947,947,0,'2022-05-11 11:51:01','2022-05-12 09:10:28',NULL),(948,948,0,'2022-05-12 07:51:22','2022-05-12 07:55:04',NULL),(949,949,0,'2022-05-12 08:00:54','2022-05-12 08:05:38',NULL),(950,950,0,'2022-05-12 08:08:35','2022-05-12 08:10:25',NULL),(951,951,0,'2022-05-12 08:17:31','2022-05-17 09:55:45',NULL),(952,952,0,'2022-05-12 08:23:38','2022-05-12 08:25:48',NULL),(953,953,0,'2022-05-12 08:33:59','2022-05-31 19:56:29',NULL);

--
-- Table structure for table `email_contact`
--

CREATE TABLE `email_contact` (
  `email_contact_id` int(10) unsigned NOT NULL AUTO_INCREMENT COMMENT 'Primary Key',
  `is_guest` smallint(5) unsigned DEFAULT NULL COMMENT 'Is Guest',
  `contact_id` varchar(15) DEFAULT NULL COMMENT 'Connector Contact ID',
  `customer_id` int(10) unsigned NOT NULL COMMENT 'Customer ID',
  `website_id` smallint(5) unsigned NOT NULL DEFAULT '0' COMMENT 'Website ID',
  `store_id` smallint(5) unsigned NOT NULL DEFAULT '0' COMMENT 'Store ID',
  `email` varchar(255) NOT NULL DEFAULT '' COMMENT 'Customer Email',
  `is_subscriber` smallint(5) unsigned DEFAULT NULL COMMENT 'Is Subscriber',
  `subscriber_status` smallint(5) unsigned DEFAULT NULL COMMENT 'Subscriber status',
  `email_imported` smallint(5) unsigned NOT NULL DEFAULT '0' COMMENT 'Is Imported',
  `subscriber_imported` smallint(5) unsigned NOT NULL DEFAULT '0' COMMENT 'Is Subscriber Imported',
  `suppressed` smallint(5) unsigned DEFAULT NULL COMMENT 'Is Suppressed',
  `last_subscribed_at` timestamp NULL DEFAULT NULL COMMENT 'Last time user subscribed',
  PRIMARY KEY (`email_contact_id`),
  KEY `EMAIL_CONTACT_EMAIL_CONTACT_ID` (`email_contact_id`),
  KEY `EMAIL_CONTACT_IS_GUEST` (`is_guest`),
  KEY `EMAIL_CONTACT_CUSTOMER_ID` (`customer_id`),
  KEY `EMAIL_CONTACT_WEBSITE_ID` (`website_id`),
  KEY `EMAIL_CONTACT_IS_SUBSCRIBER` (`is_subscriber`),
  KEY `EMAIL_CONTACT_SUBSCRIBER_STATUS` (`subscriber_status`),
  KEY `EMAIL_CONTACT_EMAIL_IMPORTED` (`email_imported`),
  KEY `EMAIL_CONTACT_SUBSCRIBER_IMPORTED` (`subscriber_imported`),
  KEY `EMAIL_CONTACT_SUPPRESSED` (`suppressed`),
  KEY `EMAIL_CONTACT_EMAIL` (`email`),
  KEY `EMAIL_CONTACT_CONTACT_ID` (`contact_id`),
  CONSTRAINT `EMAIL_CONTACT_WEBSITE_ID_STORE_WEBSITE_WEBSITE_ID` FOREIGN KEY (`website_id`) REFERENCES `store_website` (`website_id`) ON DELETE CASCADE
) ENGINE=InnoDB DEFAULT CHARSET=utf8 COMMENT='Connector Contacts';

--
-- Dumping data for table `email_contact`
--


--
-- Table structure for table `email_contact_consent`
--

CREATE TABLE `email_contact_consent` (
  `id` int(10) unsigned NOT NULL AUTO_INCREMENT COMMENT 'Primary Key',
  `email_contact_id` int(10) unsigned DEFAULT NULL COMMENT 'Email Contact Id',
  `consent_url` varchar(255) DEFAULT NULL COMMENT 'Contact consent url',
  `consent_datetime` datetime DEFAULT NULL COMMENT 'Contact consent datetime',
  `consent_ip` varchar(255) DEFAULT NULL COMMENT 'Contact consent ip',
  `consent_user_agent` varchar(255) DEFAULT NULL COMMENT 'Contact consent user agent',
  PRIMARY KEY (`id`),
  KEY `EMAIL_CONTACT_CONSENT_EMAIL_CONTACT_ID` (`email_contact_id`),
  CONSTRAINT `FK_17E9EA0C469163E550BC6B732AC49FDB` FOREIGN KEY (`email_contact_id`) REFERENCES `email_contact` (`email_contact_id`) ON DELETE CASCADE
) ENGINE=InnoDB DEFAULT CHARSET=utf8 COMMENT='Email contact consent table.';

--
-- Dumping data for table `email_contact_consent`
--


--
-- Table structure for table `email_coupon_attribute`
--

CREATE TABLE `email_coupon_attribute` (
  `id` int(10) unsigned NOT NULL AUTO_INCREMENT COMMENT 'Primary Key',
  `salesrule_coupon_id` int(10) unsigned NOT NULL COMMENT 'Coupon ID',
  `email` varchar(255) DEFAULT NULL COMMENT 'Email',
  `expires_at` timestamp NULL DEFAULT NULL COMMENT 'Coupon expiration date',
  PRIMARY KEY (`id`),
  KEY `EMAIL_COUPON_ATTRIBUTE_COUPON_ID` (`salesrule_coupon_id`),
  KEY `EMAIL_COUPON_ATTRIBUTE_EMAIL` (`email`),
  CONSTRAINT `EMAIL_COUPON_ATTRIBUTE_COUPON_ID_SALESRULE_COUPON_COUPON_ID` FOREIGN KEY (`salesrule_coupon_id`) REFERENCES `salesrule_coupon` (`coupon_id`) ON DELETE CASCADE
) ENGINE=InnoDB DEFAULT CHARSET=utf8 COMMENT='Dotdigital coupon attributes table';

--
-- Dumping data for table `email_coupon_attribute`
--


--
