-- Table structure for table `sales_order_item`
--

CREATE TABLE `sales_order_item` (
  `item_id` int(10) unsigned NOT NULL AUTO_INCREMENT COMMENT 'Item ID',
  `order_id` int(10) unsigned NOT NULL DEFAULT '0' COMMENT 'Order ID',
  `parent_item_id` int(10) unsigned DEFAULT NULL COMMENT 'Parent Item ID',
  `quote_item_id` int(10) unsigned DEFAULT NULL COMMENT 'Quote Item ID',
  `store_id` smallint(5) unsigned DEFAULT NULL COMMENT 'Store ID',
  `created_at` timestamp NOT NULL DEFAULT CURRENT_TIMESTAMP COMMENT 'Created At',
  `updated_at` timestamp NOT NULL DEFAULT CURRENT_TIMESTAMP ON UPDATE CURRENT_TIMESTAMP COMMENT 'Updated At',
  `product_id` int(10) unsigned DEFAULT NULL COMMENT 'Product ID',
  `product_type` varchar(255) DEFAULT NULL COMMENT 'Product Type',
  `product_options` text COMMENT 'Product Options',
  `weight` decimal(12,4) DEFAULT '0.0000' COMMENT 'Weight',
  `is_virtual` smallint(5) unsigned DEFAULT NULL COMMENT 'Is Virtual',
  `sku` varchar(255) DEFAULT NULL COMMENT 'Sku',
  `name` varchar(255) DEFAULT NULL COMMENT 'Name',
  `description` text COMMENT 'Description',
  `applied_rule_ids` text COMMENT 'Applied Rule Ids',
  `additional_data` text COMMENT 'Additional Data',
  `is_qty_decimal` smallint(5) unsigned DEFAULT NULL COMMENT 'Is Qty Decimal',
  `no_discount` smallint(5) unsigned NOT NULL DEFAULT '0' COMMENT 'No Discount',
  `qty_backordered` decimal(12,4) DEFAULT '0.0000' COMMENT 'Qty Backordered',
  `qty_canceled` decimal(12,4) DEFAULT '0.0000' COMMENT 'Qty Canceled',
  `qty_invoiced` decimal(12,4) DEFAULT '0.0000' COMMENT 'Qty Invoiced',
  `qty_ordered` decimal(12,4) DEFAULT '0.0000' COMMENT 'Qty Ordered',
  `qty_refunded` decimal(12,4) DEFAULT '0.0000' COMMENT 'Qty Refunded',
  `qty_shipped` decimal(12,4) DEFAULT '0.0000' COMMENT 'Qty Shipped',
  `base_cost` decimal(12,4) DEFAULT '0.0000' COMMENT 'Base Cost',
  `price` decimal(12,4) NOT NULL DEFAULT '0.0000' COMMENT 'Price',
  `base_price` decimal(12,4) NOT NULL DEFAULT '0.0000' COMMENT 'Base Price',
  `original_price` decimal(12,4) DEFAULT NULL COMMENT 'Original Price',
  `base_original_price` decimal(12,4) DEFAULT NULL COMMENT 'Base Original Price',
  `tax_percent` decimal(12,4) DEFAULT '0.0000' COMMENT 'Tax Percent',
  `tax_amount` decimal(20,4) DEFAULT '0.0000' COMMENT 'Tax Amount',
  `base_tax_amount` decimal(20,4) DEFAULT '0.0000' COMMENT 'Base Tax Amount',
  `tax_invoiced` decimal(20,4) DEFAULT '0.0000' COMMENT 'Tax Invoiced',
  `base_tax_invoiced` decimal(20,4) DEFAULT '0.0000' COMMENT 'Base Tax Invoiced',
  `discount_percent` decimal(12,4) DEFAULT '0.0000' COMMENT 'Discount Percent',
  `discount_amount` decimal(20,4) DEFAULT '0.0000' COMMENT 'Discount Amount',
  `base_discount_amount` decimal(20,4) DEFAULT '0.0000' COMMENT 'Base Discount Amount',
  `discount_invoiced` decimal(20,4) DEFAULT '0.0000' COMMENT 'Discount Invoiced',
  `base_discount_invoiced` decimal(20,4) DEFAULT '0.0000' COMMENT 'Base Discount Invoiced',
  `amount_refunded` decimal(20,4) DEFAULT '0.0000' COMMENT 'Amount Refunded',
  `base_amount_refunded` decimal(20,4) DEFAULT '0.0000' COMMENT 'Base Amount Refunded',
  `row_total` decimal(20,4) NOT NULL DEFAULT '0.0000' COMMENT 'Row Total',
  `base_row_total` decimal(20,4) NOT NULL DEFAULT '0.0000' COMMENT 'Base Row Total',
  `row_invoiced` decimal(20,4) NOT NULL DEFAULT '0.0000' COMMENT 'Row Invoiced',
  `base_row_invoiced` decimal(20,4) NOT NULL DEFAULT '0.0000' COMMENT 'Base Row Invoiced',
  `row_weight` decimal(12,4) DEFAULT '0.0000' COMMENT 'Row Weight',
  `base_tax_before_discount` decimal(20,4) DEFAULT NULL COMMENT 'Base Tax Before Discount',
  `tax_before_discount` decimal(20,4) DEFAULT NULL COMMENT 'Tax Before Discount',
  `ext_order_item_id` varchar(255) DEFAULT NULL COMMENT 'Ext Order Item ID',
  `locked_do_invoice` smallint(5) unsigned DEFAULT NULL COMMENT 'Locked Do Invoice',
  `locked_do_ship` smallint(5) unsigned DEFAULT NULL COMMENT 'Locked Do Ship',
  `price_incl_tax` decimal(20,4) DEFAULT NULL COMMENT 'Price Incl Tax',
  `base_price_incl_tax` decimal(20,4) DEFAULT NULL COMMENT 'Base Price Incl Tax',
  `row_total_incl_tax` decimal(20,4) DEFAULT NULL COMMENT 'Row Total Incl Tax',
  `base_row_total_incl_tax` decimal(20,4) DEFAULT NULL COMMENT 'Base Row Total Incl Tax',
  `discount_tax_compensation_amount` decimal(20,4) DEFAULT NULL COMMENT 'Discount Tax Compensation Amount',
  `base_discount_tax_compensation_amount` decimal(20,4) DEFAULT NULL COMMENT 'Base Discount Tax Compensation Amount',
  `discount_tax_compensation_invoiced` decimal(20,4) DEFAULT NULL COMMENT 'Discount Tax Compensation Invoiced',
  `base_discount_tax_compensation_invoiced` decimal(20,4) DEFAULT NULL COMMENT 'Base Discount Tax Compensation Invoiced',
  `discount_tax_compensation_refunded` decimal(20,4) DEFAULT NULL COMMENT 'Discount Tax Compensation Refunded',
  `base_discount_tax_compensation_refunded` decimal(20,4) DEFAULT NULL COMMENT 'Base Discount Tax Compensation Refunded',
  `tax_canceled` decimal(12,4) DEFAULT NULL COMMENT 'Tax Canceled',
  `discount_tax_compensation_canceled` decimal(20,4) DEFAULT NULL COMMENT 'Discount Tax Compensation Canceled',
  `tax_refunded` decimal(20,4) DEFAULT NULL COMMENT 'Tax Refunded',
  `base_tax_refunded` decimal(20,4) DEFAULT NULL COMMENT 'Base Tax Refunded',
  `discount_refunded` decimal(20,4) DEFAULT NULL COMMENT 'Discount Refunded',
  `base_discount_refunded` decimal(20,4) DEFAULT NULL COMMENT 'Base Discount Refunded',
  `free_shipping` smallint(5) unsigned NOT NULL DEFAULT '0' COMMENT 'Free Shipping',
  `gift_message_id` int(11) DEFAULT NULL COMMENT 'Gift Message ID',
  `gift_message_available` int(11) DEFAULT NULL COMMENT 'Gift Message Available',
  `weee_tax_applied` text COMMENT 'Weee Tax Applied',
  `weee_tax_applied_amount` decimal(12,4) DEFAULT NULL COMMENT 'Weee Tax Applied Amount',
  `weee_tax_applied_row_amount` decimal(12,4) DEFAULT NULL COMMENT 'Weee Tax Applied Row Amount',
  `weee_tax_disposition` decimal(12,4) DEFAULT NULL COMMENT 'Weee Tax Disposition',
  `weee_tax_row_disposition` decimal(12,4) DEFAULT NULL COMMENT 'Weee Tax Row Disposition',
  `base_weee_tax_applied_amount` decimal(12,4) DEFAULT NULL COMMENT 'Base Weee Tax Applied Amount',
  `base_weee_tax_applied_row_amnt` decimal(12,4) DEFAULT NULL COMMENT 'Base Weee Tax Applied Row Amnt',
  `base_weee_tax_disposition` decimal(12,4) DEFAULT NULL COMMENT 'Base Weee Tax Disposition',
  `base_weee_tax_row_disposition` decimal(12,4) DEFAULT NULL COMMENT 'Base Weee Tax Row Disposition',
  PRIMARY KEY (`item_id`),
  KEY `SALES_ORDER_ITEM_ORDER_ID` (`order_id`),
  KEY `SALES_ORDER_ITEM_STORE_ID` (`store_id`),
  CONSTRAINT `SALES_ORDER_ITEM_ORDER_ID_SALES_ORDER_ENTITY_ID` FOREIGN KEY (`order_id`) REFERENCES `sales_order` (`entity_id`) ON DELETE CASCADE,
  CONSTRAINT `SALES_ORDER_ITEM_STORE_ID_STORE_STORE_ID` FOREIGN KEY (`store_id`) REFERENCES `store` (`store_id`) ON DELETE SET NULL
) ENGINE=InnoDB AUTO_INCREMENT=81 DEFAULT CHARSET=utf8 COMMENT='Sales Flat Order Item';

--
-- Dumping data for table `sales_order_item`
--

INSERT INTO `sales_order_item` VALUES (1,1,NULL,42,1,'2016-04-17 00:30:10','2017-10-10 04:01:54',1,'simple','{\"info_buyRequest\":{\"uenc\":\"aHR0cDovL3dlYi5jb20vYWxvX21pbGFuby9zaG9wLmh0bWw,\",\"product\":\"1\",\"qty\":1}}',1000.0000,0,'demo_1','Primo Court Mid Suede',NULL,NULL,NULL,0,0,NULL,0.0000,0.0000,1.0000,0.0000,0.0000,NULL,325.0000,325.0000,325.0000,325.0000,0.0000,0.0000,0.0000,0.0000,0.0000,0.0000,0.0000,0.0000,0.0000,0.0000,0.0000,0.0000,325.0000,325.0000,0.0000,0.0000,1000.0000,NULL,NULL,NULL,NULL,NULL,325.0000,325.0000,325.0000,325.0000,0.0000,0.0000,NULL,NULL,NULL,NULL,NULL,NULL,NULL,NULL,NULL,NULL,0,NULL,NULL,NULL,NULL,NULL,NULL,NULL,NULL,NULL,NULL,NULL),(2,2,NULL,62,1,'2016-04-25 05:17:01','2017-10-10 04:01:54',24,'configurable','{\"info_buyRequest\":{\"uenc\":\"aHR0cDovL3dlYi5jb20vYWxvX21pbGFuby9iZWF1bW9udC1zdW1taXQta2l0Lmh0bWw_b3B0aW9ucz1jYXJ0\",\"product\":\"24\",\"selected_configurable_option\":\"\",\"related_product\":\"\",\"super_attribute\":{\"80\":\"14\",\"90\":\"9\",\"135\":\"16\"},\"qty\":\"1\"},\"attributes_info\":[{\"label\":\"Manufacturer\",\"value\":\" gucci\"},{\"label\":\"Color\",\"value\":\"Orange\"},{\"label\":\"Size\",\"value\":\"L\"}],\"simple_name\":\"MJ01-Orange- gucci-L\",\"simple_sku\":\"MJ01-Orange- gucci-L\",\"product_calculations\":1,\"shipment_type\":0}',1000.0000,0,'MJ01-Orange- gucci-L','Beaumont Summit Kit',NULL,NULL,NULL,0,0,NULL,0.0000,0.0000,1.0000,0.0000,0.0000,NULL,432.0000,432.0000,432.0000,432.0000,0.0000,0.0000,0.0000,0.0000,0.0000,0.0000,0.0000,0.0000,0.0000,0.0000,0.0000,0.0000,432.0000,432.0000,0.0000,0.0000,1000.0000,NULL,NULL,NULL,NULL,NULL,432.0000,432.0000,432.0000,432.0000,0.0000,0.0000,NULL,NULL,NULL,NULL,NULL,NULL,NULL,NULL,NULL,NULL,0,NULL,NULL,NULL,NULL,NULL,NULL,NULL,NULL,NULL,NULL,NULL),(3,2,2,63,1,'2016-04-25 05:17:01','2017-10-10 04:01:54',9,'simple','{\"info_buyRequest\":{\"uenc\":\"aHR0cDovL3dlYi5jb20vYWxvX21pbGFuby9iZWF1bW9udC1zdW1taXQta2l0Lmh0bWw_b3B0aW9ucz1jYXJ0\",\"product\":\"24\",\"selected_configurable_option\":\"\",\"related_product\":\"\",\"super_attribute\":{\"80\":\"14\",\"90\":\"9\",\"135\":\"16\"},\"qty\":\"1\"}}',1000.0000,0,'MJ01-Orange- gucci-L','MJ01-Orange- gucci-L',NULL,NULL,NULL,0,0,NULL,0.0000,0.0000,1.0000,0.0000,0.0000,NULL,0.0000,0.0000,0.0000,NULL,0.0000,0.0000,0.0000,0.0000,0.0000,0.0000,0.0000,0.0000,0.0000,0.0000,0.0000,0.0000,0.0000,0.0000,0.0000,0.0000,0.0000,NULL,NULL,NULL,NULL,NULL,NULL,NULL,NULL,NULL,NULL,NULL,NULL,NULL,NULL,NULL,NULL,NULL,NULL,NULL,NULL,NULL,0,NULL,NULL,NULL,NULL,NULL,NULL,NULL,NULL,NULL,NULL,NULL),(4,3,NULL,74,14,'2016-08-23 04:39:32','2017-10-10 04:01:54',6,'simple','{\"info_buyRequest\":{\"uenc\":\"aHR0cDovL3dlYi5jb20vYWxvX21pbGFubzJ4Mi8,\",\"product\":\"6\",\"qty\":1}}',1000.0000,0,'demo_6','Mauris sollicitudin',NULL,NULL,NULL,0,0,NULL,0.0000,0.0000,1.0000,0.0000,0.0000,NULL,213.0000,213.0000,213.0000,213.0000,0.0000,0.0000,0.0000,0.0000,0.0000,0.0000,0.0000,0.0000,0.0000,0.0000,0.0000,0.0000,213.0000,213.0000,0.0000,0.0000,1000.0000,NULL,NULL,NULL,NULL,NULL,213.0000,213.0000,213.0000,213.0000,0.0000,0.0000,NULL,NULL,NULL,NULL,NULL,NULL,NULL,NULL,NULL,NULL,0,NULL,NULL,NULL,NULL,NULL,NULL,NULL,NULL,NULL,NULL,NULL),(5,3,NULL,75,14,'2016-08-23 04:39:32','2017-10-10 04:01:54',2,'simple','{\"info_buyRequest\":{\"uenc\":\"aHR0cDovL3dlYi5jb20vYWxvX21pbGFubzJ4Mi8,\",\"product\":\"2\",\"qty\":1}}',1000.0000,0,'demo_2','The Net Bag in Navy',NULL,NULL,NULL,0,0,NULL,0.0000,0.0000,1.0000,0.0000,0.0000,NULL,369.0000,369.0000,369.0000,369.0000,0.0000,0.0000,0.0000,0.0000,0.0000,0.0000,0.0000,0.0000,0.0000,0.0000,0.0000,0.0000,369.0000,369.0000,0.0000,0.0000,1000.0000,NULL,NULL,NULL,NULL,NULL,369.0000,369.0000,369.0000,369.0000,0.0000,0.0000,NULL,NULL,NULL,NULL,NULL,NULL,NULL,NULL,NULL,NULL,0,NULL,NULL,NULL,NULL,NULL,NULL,NULL,NULL,NULL,NULL,NULL),(6,3,NULL,76,14,'2016-08-23 04:39:32','2017-10-10 04:01:54',61,'simple','{\"info_buyRequest\":{\"uenc\":\"aHR0cDovL3dlYi5jb20vYWxvX21pbGFubzJ4Mi8,\",\"product\":\"61\",\"qty\":1}}',NULL,0,'MH16-1','Fusce nec facilisi',NULL,NULL,NULL,0,0,NULL,0.0000,0.0000,1.0000,0.0000,0.0000,NULL,105.0000,105.0000,135.0000,135.0000,0.0000,0.0000,0.0000,0.0000,0.0000,0.0000,0.0000,0.0000,0.0000,0.0000,0.0000,0.0000,105.0000,105.0000,0.0000,0.0000,0.0000,NULL,NULL,NULL,NULL,NULL,105.0000,105.0000,105.0000,105.0000,0.0000,0.0000,NULL,NULL,NULL,NULL,NULL,NULL,NULL,NULL,NULL,NULL,0,NULL,NULL,NULL,NULL,NULL,NULL,NULL,NULL,NULL,NULL,NULL),(7,4,NULL,82,1,'2017-02-21 02:36:18','2017-10-10 04:01:54',1,'simple','{\"info_buyRequest\":{\"uenc\":\"aHR0cDovL3dlYi5jb20vYWxvX21pbGFubzJfdmVyMjAxNy9iYWdzLXB1cnNlcy5odG1s\",\"product\":\"1\",\"qty\":1}}',1000.0000,0,'demo_1','Primo Court Mid Suede',NULL,NULL,NULL,0,0,NULL,0.0000,0.0000,1.0000,0.0000,0.0000,NULL,325.0000,325.0000,325.0000,325.0000,0.0000,0.0000,0.0000,0.0000,0.0000,0.0000,0.0000,0.0000,0.0000,0.0000,0.0000,0.0000,325.0000,325.0000,0.0000,0.0000,1000.0000,NULL,NULL,NULL,NULL,NULL,325.0000,325.0000,325.0000,325.0000,0.0000,0.0000,NULL,NULL,NULL,NULL,NULL,NULL,NULL,NULL,NULL,NULL,0,NULL,NULL,NULL,NULL,NULL,NULL,NULL,NULL,NULL,NULL,NULL),(8,4,NULL,83,1,'2017-02-21 02:36:18','2017-10-10 04:01:54',2,'simple','{\"info_buyRequest\":{\"uenc\":\"aHR0cDovL3dlYi5jb20vYWxvX21pbGFubzJfdmVyMjAxNy9iYWdzLXB1cnNlcy5odG1s\",\"product\":\"2\",\"qty\":1}}',1000.0000,0,'demo_2','The Net Bag in Navy',NULL,NULL,NULL,0,0,NULL,0.0000,0.0000,1.0000,0.0000,0.0000,NULL,369.0000,369.0000,369.0000,369.0000,0.0000,0.0000,0.0000,0.0000,0.0000,0.0000,0.0000,0.0000,0.0000,0.0000,0.0000,0.0000,369.0000,369.0000,0.0000,0.0000,1000.0000,NULL,NULL,NULL,NULL,NULL,369.0000,369.0000,369.0000,369.0000,0.0000,0.0000,NULL,NULL,NULL,NULL,NULL,NULL,NULL,NULL,NULL,NULL,0,NULL,NULL,NULL,NULL,NULL,NULL,NULL,NULL,NULL,NULL,NULL),(9,5,NULL,121,1,'2017-04-18 02:56:41','2017-10-10 04:01:54',2,'simple','{\"info_buyRequest\":{\"uenc\":\"aHR0cDovL2Fsb3RoZW1lcy5jb20vZGVtbzIvbWlsYW5vL2luZGV4LnBocC90aGUtbmV0LWJhZy1pbi1uYXZ5Lmh0bWw_b3B0aW9ucz1jYXJ0\",\"product\":\"2\",\"selected_configurable_option\":\"\",\"related_product\":\"\",\"options\":{\"1\":[\"1\"]},\"qty\":\"1\"},\"options\":[{\"label\":\"Case\",\"value\":\"Option 1\",\"print_value\":\"Option 1\",\"option_id\":\"1\",\"option_type\":\"checkbox\",\"option_value\":\"1\",\"custom_view\":false}]}',1000.0000,0,'demo_2','The Net Bag in Navy',NULL,NULL,NULL,0,0,NULL,0.0000,0.0000,1.0000,0.0000,0.0000,NULL,738.0000,738.0000,369.0000,369.0000,0.0000,0.0000,0.0000,0.0000,0.0000,0.0000,0.0000,0.0000,0.0000,0.0000,0.0000,0.0000,738.0000,738.0000,0.0000,0.0000,1000.0000,NULL,NULL,NULL,NULL,NULL,738.0000,738.0000,738.0000,738.0000,0.0000,0.0000,NULL,NULL,NULL,NULL,NULL,NULL,NULL,NULL,NULL,NULL,0,NULL,0,NULL,NULL,NULL,NULL,NULL,NULL,NULL,NULL,NULL),(10,6,NULL,134,16,'2018-05-23 05:52:58','2018-05-23 05:52:58',1,'simple','{\"info_buyRequest\":{\"uenc\":\"aHR0cDovL20yLmFsb3RoZW1lcy5jb20vbWlsYW5vL3ByaW1vLWNvdXJ0LW1pZC1zdWVkZS5odG1s\",\"product\":\"1\",\"selected_configurable_option\":\"\",\"related_product\":\"\",\"qty\":\"1\"}}',1000.0000,0,'demo_1','Primo Court Mid Suede',NULL,NULL,NULL,0,0,NULL,0.0000,0.0000,1.0000,0.0000,0.0000,NULL,325.0000,325.0000,325.0000,325.0000,0.0000,0.0000,0.0000,0.0000,0.0000,0.0000,0.0000,0.0000,0.0000,0.0000,0.0000,0.0000,325.0000,325.0000,0.0000,0.0000,1000.0000,NULL,NULL,NULL,NULL,NULL,325.0000,325.0000,325.0000,325.0000,0.0000,0.0000,NULL,NULL,NULL,NULL,NULL,NULL,NULL,NULL,NULL,NULL,0,NULL,NULL,NULL,NULL,NULL,NULL,NULL,NULL,NULL,NULL,NULL),(11,7,NULL,166,27,'2019-05-28 10:07:15','2019-05-28 10:07:15',58,'simple','{\"info_buyRequest\":{\"uenc\":\"aHR0cDovL3R1eWVuLndwMmNhcnQuY29tL21pbGFuby9tYXVyaXMtc29sbGljaXR1ZGluLmh0bWw,\",\"product\":\"58\",\"selected_configurable_option\":\"\",\"related_product\":\"\",\"qty\":\"1\"}}',NULL,0,'MH15','Mauris sollicitudin',NULL,NULL,NULL,0,0,NULL,0.0000,0.0000,560.0000,0.0000,0.0000,NULL,112.0000,112.0000,134.0000,134.0000,0.0000,0.0000,0.0000,0.0000,0.0000,0.0000,0.0000,0.0000,0.0000,0.0000,0.0000,0.0000,62720.0000,62720.0000,0.0000,0.0000,0.0000,NULL,NULL,NULL,NULL,NULL,112.0000,112.0000,62720.0000,62720.0000,0.0000,0.0000,NULL,NULL,NULL,NULL,NULL,NULL,NULL,NULL,NULL,NULL,0,NULL,0,NULL,NULL,NULL,NULL,NULL,NULL,NULL,NULL,NULL),(12,8,NULL,167,27,'2019-05-29 00:51:12','2019-05-29 00:51:12',2,'simple','{\"info_buyRequest\":{\"uenc\":\"aHR0cDovL3R1eWVuLndwMmNhcnQuY29tL21pbGFuby90aGUtbmV0LWJhZy1pbi1uYXZ5Lmh0bWw,\",\"product\":\"2\",\"selected_configurable_option\":\"\",\"related_product\":\"\",\"options\":{\"1\":[\"1\",\"2\"]},\"qty\":\"1\"},\"options\":[{\"label\":\"Case\",\"value\":\"Option 1, Option 2\",\"print_value\":\"Option 1, Option 2\",\"option_id\":\"1\",\"option_type\":\"checkbox\",\"option_value\":\"1,2\",\"custom_view\":false}]}',1000.0000,0,'demo_2--','The Net Bag in Navy',NULL,NULL,NULL,0,0,NULL,0.0000,0.0000,450.0000,0.0000,0.0000,NULL,1017.0000,1017.0000,369.0000,369.0000,0.0000,0.0000,0.0000,0.0000,0.0000,0.0000,0.0000,0.0000,0.0000,0.0000,0.0000,0.0000,457650.0000,457650.0000,0.0000,0.0000,450000.0000,NULL,NULL,NULL,NULL,NULL,1017.0000,1017.0000,457650.0000,457650.0000,0.0000,0.0000,NULL,NULL,NULL,NULL,NULL,NULL,NULL,NULL,NULL,NULL,0,NULL,0,NULL,NULL,NULL,NULL,NULL,NULL,NULL,NULL,NULL),(13,9,NULL,183,38,'2020-03-21 13:03:47','2020-03-21 13:03:47',128,'simple','{\"info_buyRequest\":{\"id\":\"128\",\"product\":\"128\",\"selected_configurable_option\":\"\",\"related_product\":\"\",\"item\":\"128\",\"qty\":\"1\"}}',NULL,0,'Bunny-Spice-Jersey','Bunny Spice Jersey',NULL,NULL,NULL,0,0,NULL,0.0000,0.0000,1.0000,0.0000,0.0000,NULL,33.2100,47.0000,33.2149,47.0000,0.0000,0.0000,0.0000,0.0000,0.0000,0.0000,0.0000,0.0000,0.0000,0.0000,0.0000,0.0000,33.2100,47.0000,0.0000,0.0000,0.0000,NULL,NULL,NULL,NULL,NULL,33.2100,47.0000,33.2100,47.0000,0.0000,0.0000,NULL,NULL,NULL,NULL,NULL,NULL,NULL,NULL,NULL,NULL,0,NULL,NULL,NULL,NULL,NULL,NULL,NULL,NULL,NULL,NULL,NULL),(14,9,NULL,184,38,'2020-03-21 13:03:47','2020-03-21 13:03:47',132,'simple','{\"info_buyRequest\":{\"uenc\":\"aHR0cDovL20yLmFsb3RoZW1lcy5jb20vbWlsYW5vL2VuZ2xpc2hfMTYvbWFnaWNwcm9kdWN0L2luZGV4L3Byb2R1Y3Qv\",\"product\":\"132\",\"qty\":1}}',NULL,0,'Full-Snap-Footie','Full Snap Footie',NULL,NULL,NULL,0,0,NULL,0.0000,0.0000,1.0000,0.0000,0.0000,50.0000,39.5800,56.0000,39.5752,56.0000,0.0000,0.0000,0.0000,0.0000,0.0000,0.0000,0.0000,0.0000,0.0000,0.0000,0.0000,0.0000,39.5800,56.0000,0.0000,0.0000,0.0000,NULL,NULL,NULL,NULL,NULL,39.5800,56.0000,39.5800,56.0000,0.0000,0.0000,NULL,NULL,NULL,NULL,NULL,NULL,NULL,NULL,NULL,NULL,0,NULL,NULL,NULL,NULL,NULL,NULL,NULL,NULL,NULL,NULL,NULL),(15,10,NULL,238,27,'2020-04-12 14:10:39','2020-04-12 14:10:39',63,'simple','{\"info_buyRequest\":{\"id\":\"63\",\"product\":\"63\",\"selected_configurable_option\":\"\",\"related_product\":\"\",\"item\":\"63\",\"qty\":\"1\"}}',NULL,0,'MH18','Sed dignissim magna',NULL,NULL,NULL,0,0,NULL,0.0000,0.0000,2.0000,0.0000,0.0000,NULL,75.0000,75.0000,89.0000,89.0000,0.0000,0.0000,0.0000,0.0000,0.0000,0.0000,0.0000,0.0000,0.0000,0.0000,0.0000,0.0000,150.0000,150.0000,0.0000,0.0000,0.0000,NULL,NULL,NULL,NULL,NULL,75.0000,75.0000,150.0000,150.0000,0.0000,0.0000,NULL,NULL,NULL,NULL,NULL,NULL,NULL,NULL,NULL,NULL,0,NULL,0,NULL,NULL,NULL,NULL,NULL,NULL,NULL,NULL,NULL),(16,11,NULL,260,1,'2020-04-20 06:42:24','2020-04-20 06:42:24',5,'configurable','{\"info_buyRequest\":{\"id\":\"5\",\"product\":\"5\",\"selected_configurable_option\":\"\",\"related_product\":\"\",\"item\":\"5\",\"super_attribute\":{\"90\":\"4\",\"80\":\"14\",\"135\":\"16\"},\"qty\":\"1\"},\"attributes_info\":[{\"label\":\"Color\",\"value\":\"Black\",\"option_id\":90,\"option_value\":\"4\"},{\"label\":\"Manufacturer\",\"value\":\" gucci\",\"option_id\":80,\"option_value\":\"14\"},{\"label\":\"Size\",\"value\":\"L\",\"option_id\":135,\"option_value\":\"16\"}],\"simple_name\":\"demo_4-Black- gucci-L\",\"simple_sku\":\"demo_4-Black- gucci-L\",\"product_calculations\":1,\"shipment_type\":0}',1000.0000,0,'demo_4-Black- gucci-L','Configurable Product',NULL,NULL,NULL,0,0,NULL,0.0000,0.0000,1.0000,0.0000,0.0000,NULL,134.0000,134.0000,134.0000,134.0000,0.0000,0.0000,0.0000,0.0000,0.0000,0.0000,0.0000,0.0000,0.0000,0.0000,0.0000,0.0000,134.0000,134.0000,0.0000,0.0000,1000.0000,NULL,NULL,NULL,NULL,NULL,134.0000,134.0000,134.0000,134.0000,0.0000,0.0000,NULL,NULL,NULL,NULL,NULL,NULL,NULL,NULL,NULL,NULL,0,NULL,0,NULL,NULL,NULL,NULL,NULL,NULL,NULL,NULL,NULL),(17,11,16,261,1,'2020-04-20 06:42:24','2020-04-20 06:42:24',31,'simple','{\"info_buyRequest\":{\"id\":\"5\",\"product\":\"5\",\"selected_configurable_option\":\"\",\"related_product\":\"\",\"item\":\"5\",\"super_attribute\":{\"90\":\"4\",\"80\":\"14\",\"135\":\"16\"},\"qty\":\"1\"}}',1000.0000,0,'demo_4-Black- gucci-L','demo_4-Black- gucci-L',NULL,NULL,NULL,0,0,NULL,0.0000,0.0000,1.0000,0.0000,0.0000,NULL,134.0000,0.0000,0.0000,NULL,0.0000,0.0000,0.0000,0.0000,0.0000,0.0000,0.0000,0.0000,0.0000,0.0000,0.0000,0.0000,0.0000,0.0000,0.0000,0.0000,0.0000,NULL,NULL,NULL,NULL,NULL,NULL,NULL,NULL,NULL,NULL,NULL,NULL,NULL,NULL,NULL,NULL,NULL,NULL,NULL,NULL,NULL,0,NULL,NULL,NULL,NULL,NULL,NULL,NULL,NULL,NULL,NULL,NULL),(18,11,NULL,262,1,'2020-04-20 06:42:24','2020-04-20 06:42:24',24,'configurable','{\"info_buyRequest\":{\"id\":\"24\",\"product\":\"24\",\"selected_configurable_option\":\"\",\"related_product\":\"\",\"item\":\"24\",\"super_attribute\":{\"90\":\"11\",\"80\":\"14\",\"135\":\"16\"},\"qty\":\"89\"},\"attributes_info\":[{\"label\":\"Color\",\"value\":\"Yellow\",\"option_id\":90,\"option_value\":\"11\"},{\"label\":\"Manufacturer\",\"value\":\" gucci\",\"option_id\":80,\"option_value\":\"14\"},{\"label\":\"Size\",\"value\":\"L\",\"option_id\":135,\"option_value\":\"16\"}],\"simple_name\":\"MJ01-Yellow- gucci-L\",\"simple_sku\":\"MJ01-Yellow- gucci-L\",\"product_calculations\":1,\"shipment_type\":0}',1000.0000,0,'MJ01-Yellow- gucci-L','Beaumont Summit Kit',NULL,NULL,NULL,0,0,NULL,0.0000,0.0000,89.0000,0.0000,0.0000,NULL,390.0000,390.0000,432.0000,432.0000,0.0000,0.0000,0.0000,0.0000,0.0000,0.0000,0.0000,0.0000,0.0000,0.0000,0.0000,0.0000,34710.0000,34710.0000,0.0000,0.0000,89000.0000,NULL,NULL,NULL,NULL,NULL,390.0000,390.0000,34710.0000,34710.0000,0.0000,0.0000,NULL,NULL,NULL,NULL,NULL,NULL,NULL,NULL,NULL,NULL,0,NULL,0,NULL,NULL,NULL,NULL,NULL,NULL,NULL,NULL,NULL),(19,11,18,263,1,'2020-04-20 06:42:24','2020-04-20 06:42:24',14,'simple','{\"info_buyRequest\":{\"id\":\"24\",\"product\":\"24\",\"selected_configurable_option\":\"\",\"related_product\":\"\",\"item\":\"24\",\"super_attribute\":{\"90\":\"11\",\"80\":\"14\",\"135\":\"16\"},\"qty\":\"89\"}}',1000.0000,0,'MJ01-Yellow- gucci-L','MJ01-Yellow- gucci-L',NULL,NULL,NULL,0,0,NULL,0.0000,0.0000,89.0000,0.0000,0.0000,NULL,390.0000,0.0000,0.0000,NULL,0.0000,0.0000,0.0000,0.0000,0.0000,0.0000,0.0000,0.0000,0.0000,0.0000,0.0000,0.0000,0.0000,0.0000,0.0000,0.0000,0.0000,NULL,NULL,NULL,NULL,NULL,NULL,NULL,NULL,NULL,NULL,NULL,NULL,NULL,NULL,NULL,NULL,NULL,NULL,NULL,NULL,NULL,0,NULL,0,NULL,NULL,NULL,NULL,NULL,NULL,NULL,NULL,NULL),(20,12,NULL,264,1,'2020-04-20 15:15:09','2020-04-20 15:15:09',24,'configurable','{\"info_buyRequest\":{\"id\":\"24\",\"product\":\"24\",\"selected_configurable_option\":\"\",\"related_product\":\"\",\"item\":\"24\",\"super_attribute\":{\"90\":\"9\",\"80\":\"14\",\"135\":\"16\"},\"qty\":\"1\"},\"attributes_info\":[{\"label\":\"Color\",\"value\":\"Orange\",\"option_id\":90,\"option_value\":\"9\"},{\"label\":\"Manufacturer\",\"value\":\" gucci\",\"option_id\":80,\"option_value\":\"14\"},{\"label\":\"Size\",\"value\":\"L\",\"option_id\":135,\"option_value\":\"16\"}],\"simple_name\":\"MJ01-Orange- gucci-L\",\"simple_sku\":\"MJ01-Orange- gucci-L\",\"product_calculations\":1,\"shipment_type\":0}',1000.0000,0,'MJ01-Orange- gucci-L','Beaumont Summit Kit',NULL,NULL,NULL,0,0,NULL,0.0000,0.0000,2.0000,0.0000,0.0000,NULL,400.0000,400.0000,432.0000,432.0000,0.0000,0.0000,0.0000,0.0000,0.0000,0.0000,0.0000,0.0000,0.0000,0.0000,0.0000,0.0000,800.0000,800.0000,0.0000,0.0000,2000.0000,NULL,NULL,NULL,NULL,NULL,400.0000,400.0000,800.0000,800.0000,0.0000,0.0000,NULL,NULL,NULL,NULL,NULL,NULL,NULL,NULL,NULL,NULL,0,NULL,0,NULL,NULL,NULL,NULL,NULL,NULL,NULL,NULL,NULL),(21,12,20,265,1,'2020-04-20 15:15:09','2020-04-20 15:15:09',9,'simple','{\"info_buyRequest\":{\"id\":\"24\",\"product\":\"24\",\"selected_configurable_option\":\"\",\"related_product\":\"\",\"item\":\"24\",\"super_attribute\":{\"90\":\"9\",\"80\":\"14\",\"135\":\"16\"},\"qty\":\"1\"}}',1000.0000,0,'MJ01-Orange- gucci-L','MJ01-Orange- gucci-L',NULL,NULL,NULL,0,0,NULL,0.0000,0.0000,2.0000,0.0000,0.0000,NULL,400.0000,0.0000,0.0000,NULL,0.0000,0.0000,0.0000,0.0000,0.0000,0.0000,0.0000,0.0000,0.0000,0.0000,0.0000,0.0000,0.0000,0.0000,0.0000,0.0000,0.0000,NULL,NULL,NULL,NULL,NULL,NULL,NULL,NULL,NULL,NULL,NULL,NULL,NULL,NULL,NULL,NULL,NULL,NULL,NULL,NULL,NULL,0,NULL,0,NULL,NULL,NULL,NULL,NULL,NULL,NULL,NULL,NULL),(22,12,NULL,266,1,'2020-04-20 15:15:09','2020-04-20 15:15:09',24,'configurable','{\"info_buyRequest\":{\"id\":\"24\",\"product\":\"24\",\"uenc\":\"aHR0cDovL3dwMmNhcnQuY29tL21pbGFuby9kZWZhdWx0L2NoZWNrb3V0L2NhcnQvYWRkL3VlbmMvYUhSMGNEb3ZMM2R3TW1OaGNuUXVZMjl0TDIxcGJHRnVieTlrWldaaGRXeDBMM05vYjNBdWFIUnRiQSUyQyUyQy9wcm9kdWN0LzI0Lw,,\",\"super_attribute\":{\"90\":\"10\",\"80\":\"14\",\"135\":\"18\"},\"qty\":1},\"attributes_info\":[{\"label\":\"Color\",\"value\":\"Red\",\"option_id\":90,\"option_value\":\"10\"},{\"label\":\"Manufacturer\",\"value\":\" gucci\",\"option_id\":80,\"option_value\":\"14\"},{\"label\":\"Size\",\"value\":\"S\",\"option_id\":135,\"option_value\":\"18\"}],\"simple_name\":\"MJ01-Red- gucci-S\",\"simple_sku\":\"MJ01-Red- gucci-S\",\"product_calculations\":1,\"shipment_type\":0}',1000.0000,0,'MJ01-Red- gucci-S','Beaumont Summit Kit',NULL,NULL,NULL,0,0,NULL,0.0000,0.0000,1.0000,0.0000,0.0000,NULL,432.0000,432.0000,432.0000,432.0000,0.0000,0.0000,0.0000,0.0000,0.0000,0.0000,0.0000,0.0000,0.0000,0.0000,0.0000,0.0000,432.0000,432.0000,0.0000,0.0000,1000.0000,NULL,NULL,NULL,NULL,NULL,432.0000,432.0000,432.0000,432.0000,0.0000,0.0000,NULL,NULL,NULL,NULL,NULL,NULL,NULL,NULL,NULL,NULL,0,NULL,0,NULL,NULL,NULL,NULL,NULL,NULL,NULL,NULL,NULL),(23,12,22,267,1,'2020-04-20 15:15:09','2020-04-20 15:15:09',23,'simple','{\"info_buyRequest\":{\"id\":\"24\",\"product\":\"24\",\"uenc\":\"aHR0cDovL3dwMmNhcnQuY29tL21pbGFuby9kZWZhdWx0L2NoZWNrb3V0L2NhcnQvYWRkL3VlbmMvYUhSMGNEb3ZMM2R3TW1OaGNuUXVZMjl0TDIxcGJHRnVieTlrWldaaGRXeDBMM05vYjNBdWFIUnRiQSUyQyUyQy9wcm9kdWN0LzI0Lw,,\",\"super_attribute\":{\"90\":\"10\",\"80\":\"14\",\"135\":\"18\"},\"qty\":1}}',1000.0000,0,'MJ01-Red- gucci-S','MJ01-Red- gucci-S',NULL,NULL,NULL,0,0,NULL,0.0000,0.0000,1.0000,0.0000,0.0000,NULL,432.0000,0.0000,0.0000,NULL,0.0000,0.0000,0.0000,0.0000,0.0000,0.0000,0.0000,0.0000,0.0000,0.0000,0.0000,0.0000,0.0000,0.0000,0.0000,0.0000,0.0000,NULL,NULL,NULL,NULL,NULL,NULL,NULL,NULL,NULL,NULL,NULL,NULL,NULL,NULL,NULL,NULL,NULL,NULL,NULL,NULL,NULL,0,NULL,NULL,NULL,NULL,NULL,NULL,NULL,NULL,NULL,NULL,NULL),(24,12,NULL,268,1,'2020-04-20 15:15:09','2020-04-20 15:15:09',59,'simple','{\"info_buyRequest\":{\"id\":\"59\",\"product\":\"59\",\"uenc\":\"aHR0cDovL3dwMmNhcnQuY29tL21pbGFuby9kZWZhdWx0L2NoZWNrb3V0L2NhcnQvYWRkL3VlbmMvYUhSMGNEb3ZMM2R3TW1OaGNuUXVZMjl0TDIxcGJHRnVieTlrWldaaGRXeDBMM05vYjNBdWFIUnRiQSUyQyUyQy9wcm9kdWN0LzU5Lw,,\",\"qty\":1}}',NULL,0,'MH15-1','Cras sem sapien',NULL,NULL,NULL,0,0,NULL,0.0000,0.0000,1.0000,0.0000,0.0000,NULL,99.0000,99.0000,99.0000,99.0000,0.0000,0.0000,0.0000,0.0000,0.0000,0.0000,0.0000,0.0000,0.0000,0.0000,0.0000,0.0000,99.0000,99.0000,0.0000,0.0000,0.0000,NULL,NULL,NULL,NULL,NULL,99.0000,99.0000,99.0000,99.0000,0.0000,0.0000,NULL,NULL,NULL,NULL,NULL,NULL,NULL,NULL,NULL,NULL,0,NULL,NULL,NULL,NULL,NULL,NULL,NULL,NULL,NULL,NULL,NULL),(25,12,NULL,269,1,'2020-04-20 15:15:09','2020-04-20 15:15:09',85,'simple','{\"info_buyRequest\":{\"id\":\"85\",\"product\":\"85\",\"uenc\":\"aHR0cDovL3dwMmNhcnQuY29tL21pbGFuby9kZWZhdWx0L2NoZWNrb3V0L2NhcnQvYWRkL3VlbmMvYUhSMGNEb3ZMM2R3TW1OaGNuUXVZMjl0TDIxcGJHRnVieTlrWldaaGRXeDBMdyUyQyUyQy9wcm9kdWN0Lzg1Lw,,\",\"qty\":1}}',NULL,0,'Marcasite-Halo-Signet-Earring','Marcasite Halo Signet Earring',NULL,NULL,NULL,0,0,NULL,0.0000,0.0000,1.0000,0.0000,0.0000,28.0000,32.0000,32.0000,32.0000,32.0000,0.0000,0.0000,0.0000,0.0000,0.0000,0.0000,0.0000,0.0000,0.0000,0.0000,0.0000,0.0000,32.0000,32.0000,0.0000,0.0000,0.0000,NULL,NULL,NULL,NULL,NULL,32.0000,32.0000,32.0000,32.0000,0.0000,0.0000,NULL,NULL,NULL,NULL,NULL,NULL,NULL,NULL,NULL,NULL,0,NULL,NULL,NULL,NULL,NULL,NULL,NULL,NULL,NULL,NULL,NULL),(26,12,NULL,280,1,'2020-04-20 15:15:09','2020-04-20 15:15:09',5,'configurable','{\"info_buyRequest\":{\"id\":\"5\",\"product\":\"5\",\"selected_configurable_option\":\"\",\"related_product\":\"\",\"item\":\"5\",\"super_attribute\":{\"90\":\"5\",\"80\":\"14\",\"135\":\"17\"},\"qty\":\"89\"},\"attributes_info\":[{\"label\":\"Color\",\"value\":\"Blue\",\"option_id\":90,\"option_value\":\"5\"},{\"label\":\"Manufacturer\",\"value\":\" gucci\",\"option_id\":80,\"option_value\":\"14\"},{\"label\":\"Size\",\"value\":\"M\",\"option_id\":135,\"option_value\":\"17\"}],\"simple_name\":\"demo_4-Blue- gucci-M\",\"simple_sku\":\"demo_4-Blue- gucci-M\",\"product_calculations\":1,\"shipment_type\":0}',1000.0000,0,'demo_4-Blue- gucci-M','Configurable Product',NULL,NULL,NULL,0,0,NULL,0.0000,0.0000,89.0000,0.0000,0.0000,NULL,134.0000,134.0000,134.0000,134.0000,0.0000,0.0000,0.0000,0.0000,0.0000,0.0000,0.0000,0.0000,0.0000,0.0000,0.0000,0.0000,11926.0000,11926.0000,0.0000,0.0000,89000.0000,NULL,NULL,NULL,NULL,NULL,134.0000,134.0000,11926.0000,11926.0000,0.0000,0.0000,NULL,NULL,NULL,NULL,NULL,NULL,NULL,NULL,NULL,NULL,0,NULL,0,NULL,NULL,NULL,NULL,NULL,NULL,NULL,NULL,NULL),(27,12,26,281,1,'2020-04-20 15:15:09','2020-04-20 15:15:09',27,'simple','{\"info_buyRequest\":{\"id\":\"5\",\"product\":\"5\",\"selected_configurable_option\":\"\",\"related_product\":\"\",\"item\":\"5\",\"super_attribute\":{\"90\":\"5\",\"80\":\"14\",\"135\":\"17\"},\"qty\":\"89\"}}',1000.0000,0,'demo_4-Blue- gucci-M','demo_4-Blue- gucci-M',NULL,NULL,NULL,0,0,NULL,0.0000,0.0000,89.0000,0.0000,0.0000,NULL,134.0000,0.0000,0.0000,NULL,0.0000,0.0000,0.0000,0.0000,0.0000,0.0000,0.0000,0.0000,0.0000,0.0000,0.0000,0.0000,0.0000,0.0000,0.0000,0.0000,0.0000,NULL,NULL,NULL,NULL,NULL,NULL,NULL,NULL,NULL,NULL,NULL,NULL,NULL,NULL,NULL,NULL,NULL,NULL,NULL,NULL,NULL,0,NULL,NULL,NULL,NULL,NULL,NULL,NULL,NULL,NULL,NULL,NULL),(28,13,NULL,305,27,'2020-04-24 10:48:46','2020-04-24 10:48:46',60,'simple','{\"info_buyRequest\":{\"id\":\"60\",\"product\":\"60\",\"selected_configurable_option\":\"\",\"related_product\":\"\",\"item\":\"60\",\"qty\":\"1\"}}',NULL,0,'MH16','Quisque neque',NULL,NULL,NULL,0,0,NULL,0.0000,0.0000,1.0000,0.0000,0.0000,NULL,75.0000,75.0000,92.0000,92.0000,0.0000,0.0000,0.0000,0.0000,0.0000,0.0000,0.0000,0.0000,0.0000,0.0000,0.0000,0.0000,75.0000,75.0000,0.0000,0.0000,0.0000,NULL,NULL,NULL,NULL,NULL,75.0000,75.0000,75.0000,75.0000,0.0000,0.0000,NULL,NULL,NULL,NULL,NULL,NULL,NULL,NULL,NULL,NULL,0,NULL,0,NULL,NULL,NULL,NULL,NULL,NULL,NULL,NULL,NULL),(29,14,NULL,314,1,'2020-04-26 22:24:41','2020-04-26 22:24:41',81,'simple','{\"info_buyRequest\":{\"id\":\"81\",\"product\":\"81\",\"selected_configurable_option\":\"\",\"related_product\":\"\",\"item\":\"81\",\"qty\":\"2\"}}',NULL,0,'Lotus-Leaf-Marcasite-Ring-with-Square-Agate','Lotus Leaf Marcasite Ring with Square Agate',NULL,NULL,NULL,0,0,NULL,0.0000,0.0000,2.0000,0.0000,0.0000,NULL,20.0000,20.0000,20.0000,20.0000,0.0000,0.0000,0.0000,0.0000,0.0000,0.0000,0.0000,0.0000,0.0000,0.0000,0.0000,0.0000,40.0000,40.0000,0.0000,0.0000,0.0000,NULL,NULL,NULL,NULL,NULL,20.0000,20.0000,40.0000,40.0000,0.0000,0.0000,NULL,NULL,NULL,NULL,NULL,NULL,NULL,NULL,NULL,NULL,0,NULL,NULL,NULL,NULL,NULL,NULL,NULL,NULL,NULL,NULL,NULL),(30,15,NULL,322,1,'2020-04-27 22:19:13','2020-04-27 22:19:13',74,'configurable','{\"info_buyRequest\":{\"id\":\"74\",\"product\":\"74\",\"selected_configurable_option\":\"\",\"related_product\":\"\",\"item\":\"74\",\"super_attribute\":{\"90\":\"11\",\"135\":\"18\"},\"qty\":\"1\"},\"attributes_info\":[{\"label\":\"Color\",\"value\":\"Yellow\",\"option_id\":90,\"option_value\":\"11\"},{\"label\":\"Size\",\"value\":\"S\",\"option_id\":135,\"option_value\":\"18\"}],\"simple_name\":\"MH20-Yellow-S\",\"simple_sku\":\"MH20-Yellow-S\",\"product_calculations\":1,\"shipment_type\":0}',NULL,1,'MH20-Yellow-S','Marco Lightweight Active',NULL,NULL,NULL,0,0,NULL,0.0000,0.0000,1.0000,0.0000,0.0000,NULL,89.0000,89.0000,89.0000,89.0000,0.0000,0.0000,0.0000,0.0000,0.0000,0.0000,0.0000,0.0000,0.0000,0.0000,0.0000,0.0000,89.0000,89.0000,0.0000,0.0000,0.0000,NULL,NULL,NULL,NULL,NULL,89.0000,89.0000,89.0000,89.0000,0.0000,0.0000,NULL,NULL,NULL,NULL,NULL,NULL,NULL,NULL,NULL,NULL,0,NULL,0,NULL,NULL,NULL,NULL,NULL,NULL,NULL,NULL,NULL),(31,15,30,323,1,'2020-04-27 22:19:13','2020-04-27 22:19:13',70,'virtual','{\"info_buyRequest\":{\"id\":\"74\",\"product\":\"74\",\"selected_configurable_option\":\"\",\"related_product\":\"\",\"item\":\"74\",\"super_attribute\":{\"90\":\"11\",\"135\":\"18\"},\"qty\":\"1\"}}',NULL,1,'MH20-Yellow-S','MH20-Yellow-S',NULL,NULL,NULL,0,0,NULL,0.0000,0.0000,1.0000,0.0000,0.0000,NULL,89.0000,0.0000,0.0000,NULL,0.0000,0.0000,0.0000,0.0000,0.0000,0.0000,0.0000,0.0000,0.0000,0.0000,0.0000,0.0000,0.0000,0.0000,0.0000,0.0000,0.0000,NULL,NULL,NULL,NULL,NULL,NULL,NULL,NULL,NULL,NULL,NULL,NULL,NULL,NULL,NULL,NULL,NULL,NULL,NULL,NULL,NULL,0,NULL,NULL,NULL,NULL,NULL,NULL,NULL,NULL,NULL,NULL,NULL),(32,16,NULL,328,1,'2020-04-29 13:27:47','2020-04-29 13:27:47',7,'simple','{\"info_buyRequest\":{\"id\":\"7\",\"product\":\"7\",\"uenc\":\"aHR0cDovL20yLmFsb3RoZW1lcy5jb20vbWlsYW5vL2RlZmF1bHQvY2hlY2tvdXQvY2FydC9hZGQvdWVuYy9hSFIwY0RvdkwyMHlMbUZzYjNSb1pXMWxjeTVqYjIwdmJXbHNZVzV2TDJSbFptRjFiSFF2YzJodmNDOXRaVzR2WTJ4dmRHaHBibWN1YUhSdGJBJTJDJTJDL3Byb2R1Y3QvNy8,\",\"qty\":1}}',1000.0000,0,'demo_7','Donec sem tellus',NULL,NULL,NULL,0,0,NULL,0.0000,0.0000,1.0000,0.0000,0.0000,NULL,134.0000,134.0000,134.0000,134.0000,0.0000,0.0000,0.0000,0.0000,0.0000,0.0000,0.0000,0.0000,0.0000,0.0000,0.0000,0.0000,134.0000,134.0000,0.0000,0.0000,1000.0000,NULL,NULL,NULL,NULL,NULL,134.0000,134.0000,134.0000,134.0000,0.0000,0.0000,NULL,NULL,NULL,NULL,NULL,NULL,NULL,NULL,NULL,NULL,0,NULL,0,NULL,NULL,NULL,NULL,NULL,NULL,NULL,NULL,NULL),(33,17,NULL,453,16,'2020-06-22 12:25:16','2020-06-22 12:25:16',24,'configurable','{\"info_buyRequest\":{\"id\":\"24\",\"product\":\"24\",\"uenc\":\"aHR0cHM6Ly9tMi5hbG90aGVtZXMuY29tL21pbGFuby9lbmdsaXNoXzIvY2hlY2tvdXQvY2FydC9hZGQvdWVuYy9hSFIwY0hNNkx5OXRNaTVoYkc5MGFHVnRaWE11WTI5dEwyMXBiR0Z1Ynk5bGJtZHNhWE5vWHpJdmMyaHZjQzVvZEcxcy9wcm9kdWN0LzI0Lw,,\",\"super_attribute\":{\"90\":\"9\",\"80\":\"14\",\"135\":\"16\"},\"qty\":1},\"attributes_info\":[{\"label\":\"Color\",\"value\":\"Orange\",\"option_id\":90,\"option_value\":\"9\"},{\"label\":\"Manufacturer\",\"value\":\"Guc\",\"option_id\":80,\"option_value\":\"14\"},{\"label\":\"Size\",\"value\":\"L\",\"option_id\":135,\"option_value\":\"16\"}],\"simple_name\":\"MJ01-Orange- gucci-L\",\"simple_sku\":\"MJ01-Orange- gucci-L\",\"product_calculations\":1,\"shipment_type\":0}',1000.0000,0,'MJ01-Orange- gucci-L','Beaumont Summit Kit',NULL,NULL,NULL,0,0,NULL,0.0000,0.0000,2.0000,0.0000,0.0000,NULL,400.0000,400.0000,432.0000,432.0000,0.0000,0.0000,0.0000,0.0000,0.0000,0.0000,0.0000,0.0000,0.0000,0.0000,0.0000,0.0000,800.0000,800.0000,0.0000,0.0000,2000.0000,NULL,NULL,NULL,NULL,NULL,400.0000,400.0000,800.0000,800.0000,0.0000,0.0000,NULL,NULL,NULL,NULL,NULL,NULL,NULL,NULL,NULL,NULL,0,NULL,0,NULL,NULL,NULL,NULL,NULL,NULL,NULL,NULL,NULL),(34,17,33,454,16,'2020-06-22 12:25:16','2020-06-22 12:25:16',9,'simple','{\"info_buyRequest\":{\"id\":\"24\",\"product\":\"24\",\"uenc\":\"aHR0cHM6Ly9tMi5hbG90aGVtZXMuY29tL21pbGFuby9lbmdsaXNoXzIvY2hlY2tvdXQvY2FydC9hZGQvdWVuYy9hSFIwY0hNNkx5OXRNaTVoYkc5MGFHVnRaWE11WTI5dEwyMXBiR0Z1Ynk5bGJtZHNhWE5vWHpJdmMyaHZjQzVvZEcxcy9wcm9kdWN0LzI0Lw,,\",\"super_attribute\":{\"90\":\"9\",\"80\":\"14\",\"135\":\"16\"},\"qty\":1}}',1000.0000,0,'MJ01-Orange- gucci-L','MJ01-Orange- gucci-L',NULL,NULL,NULL,0,0,NULL,0.0000,0.0000,2.0000,0.0000,0.0000,NULL,400.0000,0.0000,0.0000,NULL,0.0000,0.0000,0.0000,0.0000,0.0000,0.0000,0.0000,0.0000,0.0000,0.0000,0.0000,0.0000,0.0000,0.0000,0.0000,0.0000,0.0000,NULL,NULL,NULL,NULL,NULL,NULL,NULL,NULL,NULL,NULL,NULL,NULL,NULL,NULL,NULL,NULL,NULL,NULL,NULL,NULL,NULL,0,NULL,0,NULL,NULL,NULL,NULL,NULL,NULL,NULL,NULL,NULL),(35,18,NULL,624,1,'2020-07-11 09:15:15','2020-07-11 09:15:15',1,'simple','{\"info_buyRequest\":{\"id\":\"1\",\"product\":\"1\",\"selected_configurable_option\":\"\",\"related_product\":\"\",\"item\":\"1\",\"qty\":\"1\"}}',1000.0000,0,'demo_1','Primo Court Mid Suede',NULL,NULL,NULL,0,0,NULL,0.0000,0.0000,1.0000,0.0000,0.0000,NULL,325.0000,325.0000,325.0000,325.0000,0.0000,0.0000,0.0000,0.0000,0.0000,0.0000,0.0000,0.0000,0.0000,0.0000,0.0000,0.0000,325.0000,325.0000,0.0000,0.0000,1000.0000,NULL,NULL,NULL,NULL,NULL,325.0000,325.0000,325.0000,325.0000,0.0000,0.0000,NULL,NULL,NULL,NULL,NULL,NULL,NULL,NULL,NULL,NULL,0,NULL,NULL,NULL,NULL,NULL,NULL,NULL,NULL,NULL,NULL,NULL),(36,19,NULL,629,37,'2020-07-12 12:01:26','2020-07-12 12:01:26',116,'simple','{\"info_buyRequest\":{\"id\":\"116\",\"product\":\"116\",\"uenc\":\"aHR0cHM6Ly9tMi5hbG90aGVtZXMuY29tL21pbGFuby9lbmdsaXNoXzE1L2NoZWNrb3V0L2NhcnQvYWRkL3VlbmMvYUhSMGNITTZMeTl0TWk1aGJHOTBhR1Z0WlhNdVkyOXRMMjFwYkdGdWJ5OXBibVJsZUM1d2FIQXZQMTlmWDNOMGIzSmxQV1Z1WjJ4cGMyaGZNVFUlMkMvcHJvZHVjdC8xMTYv\",\"qty\":1}}',NULL,0,'Superfood-Sauce-Skin','Superfood Sauce Skin',NULL,NULL,NULL,0,0,NULL,0.0000,0.0000,1.0000,0.0000,0.0000,NULL,59.0000,59.0000,59.0000,59.0000,0.0000,0.0000,0.0000,0.0000,0.0000,0.0000,0.0000,0.0000,0.0000,0.0000,0.0000,0.0000,59.0000,59.0000,0.0000,0.0000,0.0000,NULL,NULL,NULL,NULL,NULL,59.0000,59.0000,59.0000,59.0000,0.0000,0.0000,NULL,NULL,NULL,NULL,NULL,NULL,NULL,NULL,NULL,NULL,0,NULL,NULL,NULL,NULL,NULL,NULL,NULL,NULL,NULL,NULL,NULL),(37,20,NULL,655,1,'2020-07-17 22:22:53','2020-07-17 22:22:53',24,'configurable','{\"info_buyRequest\":{\"id\":\"24\",\"product\":\"24\",\"selected_configurable_option\":\"\",\"related_product\":\"\",\"item\":\"24\",\"super_attribute\":{\"90\":\"9\",\"80\":\"14\",\"135\":\"16\"},\"qty\":\"1\"},\"attributes_info\":[{\"label\":\"Color\",\"value\":\"Orange\",\"option_id\":90,\"option_value\":\"9\"},{\"label\":\"Manufacturer\",\"value\":\"Guc\",\"option_id\":80,\"option_value\":\"14\"},{\"label\":\"Size\",\"value\":\"L\",\"option_id\":135,\"option_value\":\"16\"}],\"simple_name\":\"MJ01-Orange- gucci-L\",\"simple_sku\":\"MJ01-Orange- gucci-L\",\"product_calculations\":1,\"shipment_type\":0}',1000.0000,0,'MJ01-Orange- gucci-L','Beaumont Summit Kit',NULL,NULL,NULL,0,0,NULL,0.0000,0.0000,1.0000,0.0000,0.0000,NULL,400.0000,400.0000,432.0000,432.0000,0.0000,0.0000,0.0000,0.0000,0.0000,0.0000,0.0000,0.0000,0.0000,0.0000,0.0000,0.0000,400.0000,400.0000,0.0000,0.0000,1000.0000,NULL,NULL,NULL,NULL,NULL,400.0000,400.0000,400.0000,400.0000,0.0000,0.0000,NULL,NULL,NULL,NULL,NULL,NULL,NULL,NULL,NULL,NULL,0,NULL,0,NULL,NULL,NULL,NULL,NULL,NULL,NULL,NULL,NULL),(38,20,37,656,1,'2020-07-17 22:22:53','2020-07-17 22:22:53',9,'simple','{\"info_buyRequest\":{\"id\":\"24\",\"product\":\"24\",\"selected_configurable_option\":\"\",\"related_product\":\"\",\"item\":\"24\",\"super_attribute\":{\"90\":\"9\",\"80\":\"14\",\"135\":\"16\"},\"qty\":\"1\"}}',1000.0000,0,'MJ01-Orange- gucci-L','MJ01-Orange- gucci-L',NULL,NULL,NULL,0,0,NULL,0.0000,0.0000,1.0000,0.0000,0.0000,NULL,400.0000,0.0000,0.0000,NULL,0.0000,0.0000,0.0000,0.0000,0.0000,0.0000,0.0000,0.0000,0.0000,0.0000,0.0000,0.0000,0.0000,0.0000,0.0000,0.0000,0.0000,NULL,NULL,NULL,NULL,NULL,NULL,NULL,NULL,NULL,NULL,NULL,NULL,NULL,NULL,NULL,NULL,NULL,NULL,NULL,NULL,NULL,0,NULL,0,NULL,NULL,NULL,NULL,NULL,NULL,NULL,NULL,NULL),(39,21,NULL,678,37,'2020-07-23 10:10:03','2020-07-23 10:10:03',116,'simple','{\"info_buyRequest\":{\"id\":\"116\",\"product\":\"116\",\"selected_configurable_option\":\"\",\"related_product\":\"\",\"item\":\"116\",\"qty\":\"1\"}}',NULL,0,'Superfood-Sauce-Skin','Superfood Sauce Skin',NULL,NULL,NULL,0,0,NULL,0.0000,0.0000,1.0000,0.0000,0.0000,NULL,59.0000,59.0000,59.0000,59.0000,0.0000,0.0000,0.0000,0.0000,0.0000,0.0000,0.0000,0.0000,0.0000,0.0000,0.0000,0.0000,59.0000,59.0000,0.0000,0.0000,0.0000,NULL,NULL,NULL,NULL,NULL,59.0000,59.0000,59.0000,59.0000,0.0000,0.0000,NULL,NULL,NULL,NULL,NULL,NULL,NULL,NULL,NULL,NULL,0,NULL,NULL,NULL,NULL,NULL,NULL,NULL,NULL,NULL,NULL,NULL),(40,22,NULL,737,27,'2020-08-07 17:47:49','2020-08-07 17:47:49',85,'simple','{\"info_buyRequest\":{\"id\":\"85\",\"product\":\"85\",\"selected_configurable_option\":\"\",\"related_product\":\"\",\"item\":\"85\",\"qty\":\"1\"}}',NULL,0,'Marcasite-Halo-Signet-Earring','Marcasite Halo Signet Earring',NULL,NULL,NULL,0,0,NULL,0.0000,0.0000,1.0000,0.0000,0.0000,28.0000,32.0000,32.0000,32.0000,32.0000,0.0000,0.0000,0.0000,0.0000,0.0000,0.0000,0.0000,0.0000,0.0000,0.0000,0.0000,0.0000,32.0000,32.0000,0.0000,0.0000,0.0000,NULL,NULL,NULL,NULL,NULL,32.0000,32.0000,32.0000,32.0000,0.0000,0.0000,NULL,NULL,NULL,NULL,NULL,NULL,NULL,NULL,NULL,NULL,0,NULL,NULL,NULL,NULL,NULL,NULL,NULL,NULL,NULL,NULL,NULL),(41,23,NULL,750,1,'2020-08-12 12:44:22','2020-08-12 12:44:22',5,'configurable','{\"info_buyRequest\":{\"id\":\"5\",\"product\":\"5\",\"selected_configurable_option\":\"\",\"related_product\":\"\",\"item\":\"5\",\"super_attribute\":{\"90\":\"5\",\"80\":\"13\",\"135\":\"17\"},\"qty\":\"1\"},\"attributes_info\":[{\"label\":\"Color\",\"value\":\"Blue\",\"option_id\":90,\"option_value\":\"5\"},{\"label\":\"Manufacturer\",\"value\":\"Cha\",\"option_id\":80,\"option_value\":\"13\"},{\"label\":\"Size\",\"value\":\"M\",\"option_id\":135,\"option_value\":\"17\"}],\"simple_name\":\"demo_4-Blue- gucci-M\",\"simple_sku\":\"demo_4-Blue- gucci-M\",\"product_calculations\":1,\"shipment_type\":0}',1000.0000,0,'demo_4-Blue- gucci-M','Configurable Product',NULL,NULL,NULL,0,0,NULL,0.0000,0.0000,1.0000,0.0000,0.0000,NULL,134.0000,134.0000,134.0000,134.0000,0.0000,0.0000,0.0000,0.0000,0.0000,0.0000,0.0000,0.0000,0.0000,0.0000,0.0000,0.0000,134.0000,134.0000,0.0000,0.0000,1000.0000,NULL,NULL,NULL,NULL,NULL,134.0000,134.0000,134.0000,134.0000,0.0000,0.0000,NULL,NULL,NULL,NULL,NULL,NULL,NULL,NULL,NULL,NULL,0,NULL,0,NULL,NULL,NULL,NULL,NULL,NULL,NULL,NULL,NULL),(42,23,41,751,1,'2020-08-12 12:44:22','2020-08-12 12:44:22',27,'simple','{\"info_buyRequest\":{\"id\":\"5\",\"product\":\"5\",\"selected_configurable_option\":\"\",\"related_product\":\"\",\"item\":\"5\",\"super_attribute\":{\"90\":\"5\",\"80\":\"13\",\"135\":\"17\"},\"qty\":\"1\"}}',1000.0000,0,'demo_4-Blue- gucci-M','demo_4-Blue- gucci-M',NULL,NULL,NULL,0,0,NULL,0.0000,0.0000,1.0000,0.0000,0.0000,NULL,134.0000,0.0000,0.0000,NULL,0.0000,0.0000,0.0000,0.0000,0.0000,0.0000,0.0000,0.0000,0.0000,0.0000,0.0000,0.0000,0.0000,0.0000,0.0000,0.0000,0.0000,NULL,NULL,NULL,NULL,NULL,NULL,NULL,NULL,NULL,NULL,NULL,NULL,NULL,NULL,NULL,NULL,NULL,NULL,NULL,NULL,NULL,0,NULL,0,NULL,NULL,NULL,NULL,NULL,NULL,NULL,NULL,NULL),(43,24,NULL,837,18,'2020-09-16 12:01:44','2020-09-16 12:01:44',79,'simple','{\"info_buyRequest\":{\"id\":\"79\",\"product\":\"79\",\"selected_configurable_option\":\"\",\"related_product\":\"\",\"item\":\"79\",\"qty\":\"1\"}}',NULL,0,'Sweet-Pear-Lapis-Sterling-Silver-Ring','Sweet Pear Lapis Sterling Silver Ring',NULL,NULL,NULL,0,0,NULL,0.0000,0.0000,1.0000,0.0000,0.0000,NULL,22.5700,22.5700,22.5700,22.5700,0.0000,0.0000,0.0000,0.0000,0.0000,0.0000,0.0000,0.0000,0.0000,0.0000,0.0000,0.0000,22.5700,22.5700,0.0000,0.0000,0.0000,NULL,NULL,NULL,NULL,NULL,22.5700,22.5700,22.5700,22.5700,0.0000,0.0000,NULL,NULL,NULL,NULL,NULL,NULL,NULL,NULL,NULL,NULL,0,NULL,NULL,NULL,NULL,NULL,NULL,NULL,NULL,NULL,NULL,NULL),(44,25,NULL,860,14,'2020-09-21 12:58:20','2020-09-21 12:58:20',6,'simple','{\"info_buyRequest\":{\"id\":\"6\",\"product\":\"6\",\"selected_configurable_option\":\"\",\"related_product\":\"\",\"item\":\"6\",\"qty\":\"1\"}}',1000.0000,0,'demo_6','Mauris sollicitudin',NULL,NULL,NULL,0,0,NULL,0.0000,0.0000,1.0000,0.0000,0.0000,NULL,213.0000,213.0000,213.0000,213.0000,0.0000,0.0000,0.0000,0.0000,0.0000,0.0000,0.0000,0.0000,0.0000,0.0000,0.0000,0.0000,213.0000,213.0000,0.0000,0.0000,1000.0000,NULL,NULL,NULL,NULL,NULL,213.0000,213.0000,213.0000,213.0000,0.0000,0.0000,NULL,NULL,NULL,NULL,NULL,NULL,NULL,NULL,NULL,NULL,0,NULL,NULL,NULL,NULL,NULL,NULL,NULL,NULL,NULL,NULL,NULL),(45,26,NULL,863,4,'2020-09-24 05:42:00','2020-09-24 05:42:00',127,'grouped','{\"info_buyRequest\":{\"super_product_config\":{\"product_type\":\"grouped\",\"product_id\":\"145\"}},\"super_product_config\":{\"product_code\":\"product_type\",\"product_type\":\"grouped\",\"product_id\":\"145\"}}',NULL,0,'Bear-Head-Sweatshirt','Bear Head Sweatshirt',NULL,NULL,NULL,0,0,NULL,0.0000,0.0000,1.0000,0.0000,0.0000,50.0000,55.0000,55.0000,55.0000,55.0000,0.0000,0.0000,0.0000,0.0000,0.0000,0.0000,0.0000,0.0000,0.0000,0.0000,0.0000,0.0000,55.0000,55.0000,0.0000,0.0000,0.0000,NULL,NULL,NULL,NULL,NULL,55.0000,55.0000,55.0000,55.0000,0.0000,0.0000,NULL,NULL,NULL,NULL,NULL,NULL,NULL,NULL,NULL,NULL,0,NULL,NULL,NULL,NULL,NULL,NULL,NULL,NULL,NULL,NULL,NULL),(46,27,NULL,874,1,'2020-10-01 10:05:50','2020-10-01 10:05:50',2,'simple','{\"info_buyRequest\":{\"id\":\"2\",\"product\":\"2\",\"selected_configurable_option\":\"\",\"related_product\":\"\",\"item\":\"2\",\"options\":{\"1\":[\"2\"]},\"qty\":\"1\"},\"options\":[{\"label\":\"Case\",\"value\":\"Option 2\",\"print_value\":\"Option 2\",\"option_id\":\"1\",\"option_type\":\"checkbox\",\"option_value\":\"2\",\"custom_view\":false}]}',1000.0000,0,'demo_2','The Net Bag in Navy',NULL,NULL,NULL,0,0,NULL,0.0000,0.0000,2.0000,0.0000,0.0000,NULL,648.0000,648.0000,369.0000,369.0000,0.0000,0.0000,0.0000,0.0000,0.0000,0.0000,0.0000,0.0000,0.0000,0.0000,0.0000,0.0000,1296.0000,1296.0000,0.0000,0.0000,2000.0000,NULL,NULL,NULL,NULL,NULL,648.0000,648.0000,1296.0000,1296.0000,0.0000,0.0000,NULL,NULL,NULL,NULL,NULL,NULL,NULL,NULL,NULL,NULL,0,NULL,0,NULL,NULL,NULL,NULL,NULL,NULL,NULL,NULL,NULL),(47,28,NULL,875,1,'2020-10-01 10:12:57','2020-10-01 10:12:57',63,'simple','{\"info_buyRequest\":{\"id\":\"63\",\"product\":\"63\",\"selected_configurable_option\":\"\",\"related_product\":\"\",\"item\":\"63\",\"qty\":\"1\"}}',NULL,0,'MH18','Sed dignissim magna',NULL,NULL,NULL,0,0,NULL,0.0000,0.0000,1.0000,0.0000,0.0000,NULL,75.0000,75.0000,89.0000,89.0000,0.0000,0.0000,0.0000,0.0000,0.0000,0.0000,0.0000,0.0000,0.0000,0.0000,0.0000,0.0000,75.0000,75.0000,0.0000,0.0000,0.0000,NULL,NULL,NULL,NULL,NULL,75.0000,75.0000,75.0000,75.0000,0.0000,0.0000,NULL,NULL,NULL,NULL,NULL,NULL,NULL,NULL,NULL,NULL,0,NULL,0,NULL,NULL,NULL,NULL,NULL,NULL,NULL,NULL,NULL),(48,29,NULL,887,1,'2020-10-05 07:08:48','2020-10-05 07:08:48',81,'simple','{\"info_buyRequest\":{\"id\":\"81\",\"product\":\"81\",\"selected_configurable_option\":\"\",\"related_product\":\"\",\"item\":\"81\",\"qty\":\"1\"}}',NULL,0,'Lotus-Leaf-Marcasite-Ring-with-Square-Agate','Lotus Leaf Marcasite Ring with Square Agate',NULL,NULL,NULL,0,0,NULL,0.0000,0.0000,1.0000,0.0000,0.0000,NULL,20.0000,20.0000,20.0000,20.0000,0.0000,0.0000,0.0000,0.0000,0.0000,0.0000,0.0000,0.0000,0.0000,0.0000,0.0000,0.0000,20.0000,20.0000,0.0000,0.0000,0.0000,NULL,NULL,NULL,NULL,NULL,20.0000,20.0000,20.0000,20.0000,0.0000,0.0000,NULL,NULL,NULL,NULL,NULL,NULL,NULL,NULL,NULL,NULL,0,NULL,NULL,NULL,NULL,NULL,NULL,NULL,NULL,NULL,NULL,NULL),(49,30,NULL,888,1,'2020-10-05 07:10:30','2020-10-05 07:10:30',5,'configurable','{\"info_buyRequest\":{\"id\":\"5\",\"product\":\"5\",\"selected_configurable_option\":\"\",\"related_product\":\"\",\"item\":\"5\",\"super_attribute\":{\"90\":\"9\",\"80\":\"13\",\"135\":\"19\"},\"qty\":\"1\"},\"attributes_info\":[{\"label\":\"Color\",\"value\":\"Orange\",\"option_id\":90,\"option_value\":\"9\"},{\"label\":\"Manufacturer\",\"value\":\"Cha\",\"option_id\":80,\"option_value\":\"13\"},{\"label\":\"Size\",\"value\":\"XL\",\"option_id\":135,\"option_value\":\"19\"}],\"simple_name\":\"demo_4-Orange- gucci-XL\",\"simple_sku\":\"demo_4-Orange- gucci-XL\",\"product_calculations\":1,\"shipment_type\":0}',1000.0000,0,'demo_4-Orange- gucci-XL','Configurable Product',NULL,NULL,NULL,0,0,NULL,0.0000,0.0000,1.0000,0.0000,0.0000,NULL,134.0000,134.0000,134.0000,134.0000,0.0000,0.0000,0.0000,0.0000,0.0000,0.0000,0.0000,0.0000,0.0000,0.0000,0.0000,0.0000,134.0000,134.0000,0.0000,0.0000,1000.0000,NULL,NULL,NULL,NULL,NULL,134.0000,134.0000,134.0000,134.0000,0.0000,0.0000,NULL,NULL,NULL,NULL,NULL,NULL,NULL,NULL,NULL,NULL,0,NULL,0,NULL,NULL,NULL,NULL,NULL,NULL,NULL,NULL,NULL),(50,30,49,889,1,'2020-10-05 07:10:30','2020-10-05 07:10:30',39,'simple','{\"info_buyRequest\":{\"id\":\"5\",\"product\":\"5\",\"selected_configurable_option\":\"\",\"related_product\":\"\",\"item\":\"5\",\"super_attribute\":{\"90\":\"9\",\"80\":\"13\",\"135\":\"19\"},\"qty\":\"1\"}}',1000.0000,0,'demo_4-Orange- gucci-XL','demo_4-Orange- gucci-XL',NULL,NULL,NULL,0,0,NULL,0.0000,0.0000,1.0000,0.0000,0.0000,NULL,134.0000,0.0000,0.0000,NULL,0.0000,0.0000,0.0000,0.0000,0.0000,0.0000,0.0000,0.0000,0.0000,0.0000,0.0000,0.0000,0.0000,0.0000,0.0000,0.0000,0.0000,NULL,NULL,NULL,NULL,NULL,NULL,NULL,NULL,NULL,NULL,NULL,NULL,NULL,NULL,NULL,NULL,NULL,NULL,NULL,NULL,NULL,0,NULL,0,NULL,NULL,NULL,NULL,NULL,NULL,NULL,NULL,NULL),(51,31,NULL,902,4,'2020-10-13 02:05:58','2020-10-13 02:05:58',85,'simple','{\"info_buyRequest\":{\"id\":\"85\",\"product\":\"85\",\"selected_configurable_option\":\"\",\"related_product\":\"\",\"item\":\"85\",\"qty\":\"1\"}}',NULL,0,'Marcasite-Halo-Signet-Earring','Marcasite Halo Signet Earring',NULL,NULL,NULL,0,0,NULL,0.0000,0.0000,1.0000,0.0000,0.0000,28.0000,32.0000,32.0000,32.0000,32.0000,0.0000,0.0000,0.0000,0.0000,0.0000,0.0000,0.0000,0.0000,0.0000,0.0000,0.0000,0.0000,32.0000,32.0000,0.0000,0.0000,0.0000,NULL,NULL,NULL,NULL,NULL,32.0000,32.0000,32.0000,32.0000,0.0000,0.0000,NULL,NULL,NULL,NULL,NULL,NULL,NULL,NULL,NULL,NULL,0,NULL,NULL,NULL,NULL,NULL,NULL,NULL,NULL,NULL,NULL,NULL),(52,32,NULL,911,8,'2020-10-20 06:52:32','2020-10-20 06:52:32',60,'simple','{\"info_buyRequest\":{\"id\":\"60\",\"product\":\"60\",\"uenc\":\"aHR0cHM6Ly9tMi5hbG90aGVtZXMuY29tL21pbGFuby9lbmdsaXNoXzYvY2hlY2tvdXQvY2FydC9hZGQvdWVuYy9hSFIwY0hNNkx5OXRNaTVoYkc5MGFHVnRaWE11WTI5dEwyMXBiR0Z1Ynk5bGJtZHNhWE5vWHpZdmMyaHZjQzkzYjIxbGJuTXZZM1Z5WVdKcGRIVnlMbWgwYld3JTJDL3Byb2R1Y3QvNjAv\",\"qty\":1}}',NULL,0,'MH16','Quisque neque',NULL,NULL,NULL,0,0,NULL,0.0000,0.0000,1.0000,0.0000,0.0000,NULL,75.0000,75.0000,92.0000,92.0000,0.0000,0.0000,0.0000,0.0000,0.0000,0.0000,0.0000,0.0000,0.0000,0.0000,0.0000,0.0000,75.0000,75.0000,0.0000,0.0000,0.0000,NULL,NULL,NULL,NULL,NULL,75.0000,75.0000,75.0000,75.0000,0.0000,0.0000,NULL,NULL,NULL,NULL,NULL,NULL,NULL,NULL,NULL,NULL,0,NULL,0,NULL,NULL,NULL,NULL,NULL,NULL,NULL,NULL,NULL),(53,33,NULL,956,4,'2020-11-22 00:09:26','2020-11-22 00:09:26',74,'configurable','{\"info_buyRequest\":{\"id\":\"74\",\"product\":\"74\",\"selected_configurable_option\":\"\",\"related_product\":\"\",\"item\":\"74\",\"super_attribute\":{\"90\":\"5\",\"135\":\"16\"},\"qty\":\"1\"},\"attributes_info\":[{\"label\":\"Color\",\"value\":\"Blue\",\"option_id\":90,\"option_value\":\"5\"},{\"label\":\"Size\",\"value\":\"L\",\"option_id\":135,\"option_value\":\"16\"}],\"simple_name\":\"MH20-Blue-L\",\"simple_sku\":\"MH20-Blue-L\",\"product_calculations\":1,\"shipment_type\":0}',NULL,1,'MH20-Blue-L','Marco Lightweight Active',NULL,NULL,NULL,0,0,NULL,0.0000,0.0000,1.0000,0.0000,0.0000,NULL,89.0000,89.0000,89.0000,89.0000,0.0000,0.0000,0.0000,0.0000,0.0000,0.0000,0.0000,0.0000,0.0000,0.0000,0.0000,0.0000,89.0000,89.0000,0.0000,0.0000,0.0000,NULL,NULL,NULL,NULL,NULL,89.0000,89.0000,89.0000,89.0000,0.0000,0.0000,NULL,NULL,NULL,NULL,NULL,NULL,NULL,NULL,NULL,NULL,0,NULL,0,NULL,NULL,NULL,NULL,NULL,NULL,NULL,NULL,NULL),(54,33,53,957,4,'2020-11-22 00:09:26','2020-11-22 00:09:26',65,'virtual','{\"info_buyRequest\":{\"id\":\"74\",\"product\":\"74\",\"selected_configurable_option\":\"\",\"related_product\":\"\",\"item\":\"74\",\"super_attribute\":{\"90\":\"5\",\"135\":\"16\"},\"qty\":\"1\"}}',NULL,1,'MH20-Blue-L','MH20-Blue-L',NULL,NULL,NULL,0,0,NULL,0.0000,0.0000,1.0000,0.0000,0.0000,NULL,89.0000,0.0000,0.0000,NULL,0.0000,0.0000,0.0000,0.0000,0.0000,0.0000,0.0000,0.0000,0.0000,0.0000,0.0000,0.0000,0.0000,0.0000,0.0000,0.0000,0.0000,NULL,NULL,NULL,NULL,NULL,NULL,NULL,NULL,NULL,NULL,NULL,NULL,NULL,NULL,NULL,NULL,NULL,NULL,NULL,NULL,NULL,0,NULL,NULL,NULL,NULL,NULL,NULL,NULL,NULL,NULL,NULL,NULL),(55,34,NULL,963,10,'2020-11-23 14:38:55','2020-11-23 14:38:55',24,'configurable','{\"info_buyRequest\":{\"id\":\"24\",\"product\":\"24\",\"selected_configurable_option\":\"\",\"related_product\":\"\",\"item\":\"24\",\"super_attribute\":{\"90\":\"9\",\"80\":\"14\",\"135\":\"16\"},\"qty\":\"1\"},\"attributes_info\":[{\"label\":\"Color\",\"value\":\"Orange\",\"option_id\":90,\"option_value\":\"9\"},{\"label\":\"Manufacturer\",\"value\":\"Guc\",\"option_id\":80,\"option_value\":\"14\"},{\"label\":\"Size\",\"value\":\"L\",\"option_id\":135,\"option_value\":\"16\"}],\"simple_name\":\"MJ01-Orange- gucci-L\",\"simple_sku\":\"MJ01-Orange- gucci-L\",\"product_calculations\":1,\"shipment_type\":0}',1000.0000,0,'MJ01-Orange- gucci-L','Beaumont Summit Kit',NULL,NULL,NULL,0,0,NULL,0.0000,0.0000,1.0000,0.0000,0.0000,NULL,400.0000,400.0000,432.0000,432.0000,0.0000,0.0000,0.0000,0.0000,0.0000,0.0000,0.0000,0.0000,0.0000,0.0000,0.0000,0.0000,400.0000,400.0000,0.0000,0.0000,1000.0000,NULL,NULL,NULL,NULL,NULL,400.0000,400.0000,400.0000,400.0000,0.0000,0.0000,NULL,NULL,NULL,NULL,NULL,NULL,NULL,NULL,NULL,NULL,0,NULL,0,NULL,NULL,NULL,NULL,NULL,NULL,NULL,NULL,NULL),(56,34,55,964,10,'2020-11-23 14:38:55','2020-11-23 14:38:55',9,'simple','{\"info_buyRequest\":{\"id\":\"24\",\"product\":\"24\",\"selected_configurable_option\":\"\",\"related_product\":\"\",\"item\":\"24\",\"super_attribute\":{\"90\":\"9\",\"80\":\"14\",\"135\":\"16\"},\"qty\":\"1\"}}',1000.0000,0,'MJ01-Orange- gucci-L','MJ01-Orange- gucci-L',NULL,NULL,NULL,0,0,NULL,0.0000,0.0000,1.0000,0.0000,0.0000,NULL,400.0000,0.0000,0.0000,NULL,0.0000,0.0000,0.0000,0.0000,0.0000,0.0000,0.0000,0.0000,0.0000,0.0000,0.0000,0.0000,0.0000,0.0000,0.0000,0.0000,0.0000,NULL,NULL,NULL,NULL,NULL,NULL,NULL,NULL,NULL,NULL,NULL,NULL,NULL,NULL,NULL,NULL,NULL,NULL,NULL,NULL,NULL,0,NULL,0,NULL,NULL,NULL,NULL,NULL,NULL,NULL,NULL,NULL),(57,35,NULL,965,10,'2020-11-23 14:39:26','2020-11-23 14:39:26',79,'simple','{\"info_buyRequest\":{\"id\":\"79\",\"product\":\"79\",\"selected_configurable_option\":\"\",\"related_product\":\"\",\"item\":\"79\",\"qty\":\"1\"}}',NULL,0,'Sweet-Pear-Lapis-Sterling-Silver-Ring','Sweet Pear Lapis Sterling Silver Ring',NULL,NULL,NULL,0,0,NULL,0.0000,0.0000,1.0000,0.0000,0.0000,NULL,22.5700,22.5700,22.5700,22.5700,0.0000,0.0000,0.0000,0.0000,0.0000,0.0000,0.0000,0.0000,0.0000,0.0000,0.0000,0.0000,22.5700,22.5700,0.0000,0.0000,0.0000,NULL,NULL,NULL,NULL,NULL,22.5700,22.5700,22.5700,22.5700,0.0000,0.0000,NULL,NULL,NULL,NULL,NULL,NULL,NULL,NULL,NULL,NULL,0,NULL,NULL,NULL,NULL,NULL,NULL,NULL,NULL,NULL,NULL,NULL),(58,36,NULL,966,10,'2020-11-23 14:52:05','2020-11-23 14:52:05',3,'simple','{\"info_buyRequest\":{\"id\":\"3\",\"product\":\"3\",\"selected_configurable_option\":\"\",\"related_product\":\"\",\"item\":\"3\",\"qty\":\"1\"}}',1000.0000,0,'demo_3','Wave Ripped Straight',NULL,NULL,NULL,0,0,NULL,0.0000,0.0000,1.0000,0.0000,0.0000,NULL,369.0000,369.0000,369.0000,369.0000,0.0000,0.0000,0.0000,0.0000,0.0000,0.0000,0.0000,0.0000,0.0000,0.0000,0.0000,0.0000,369.0000,369.0000,0.0000,0.0000,1000.0000,NULL,NULL,NULL,NULL,NULL,369.0000,369.0000,369.0000,369.0000,0.0000,0.0000,NULL,NULL,NULL,NULL,NULL,NULL,NULL,NULL,NULL,NULL,0,NULL,0,NULL,NULL,NULL,NULL,NULL,NULL,NULL,NULL,NULL),(59,37,NULL,1021,6,'2020-12-26 07:40:55','2020-12-26 07:40:55',85,'simple','{\"info_buyRequest\":{\"id\":\"85\",\"product\":\"85\",\"uenc\":\"aHR0cHM6Ly9tMi5hbG90aGVtZXMuY29tL21pbGFuby9lbmdsaXNoXzQvY2hlY2tvdXQvY2FydC9hZGQvdWVuYy9hSFIwY0hNNkx5OXRNaTVoYkc5MGFHVnRaWE11WTI5dEwyMXBiR0Z1Ynk5cGJtUmxlQzV3YUhBdlAxOWZYM04wYjNKbFBXVnVaMnhwYzJoZk5BJTJDJTJDL3Byb2R1Y3QvODUv\",\"qty\":1}}',NULL,0,'Marcasite-Halo-Signet-Earring','Marcasite Halo Signet Earring',NULL,NULL,NULL,0,0,NULL,0.0000,0.0000,1.0000,0.0000,0.0000,28.0000,32.0000,32.0000,32.0000,32.0000,0.0000,0.0000,0.0000,0.0000,0.0000,0.0000,0.0000,0.0000,0.0000,0.0000,0.0000,0.0000,32.0000,32.0000,0.0000,0.0000,0.0000,NULL,NULL,NULL,NULL,NULL,32.0000,32.0000,32.0000,32.0000,0.0000,0.0000,NULL,NULL,NULL,NULL,NULL,NULL,NULL,NULL,NULL,NULL,0,NULL,NULL,NULL,NULL,NULL,NULL,NULL,NULL,NULL,NULL,NULL),(60,38,NULL,1058,37,'2021-01-24 20:14:39','2021-01-24 20:14:39',118,'simple','{\"info_buyRequest\":{\"id\":\"118\",\"product\":\"118\",\"selected_configurable_option\":\"\",\"related_product\":\"\",\"item\":\"118\",\"qty\":\"1\"}}',NULL,0,'Freeze-Dried-Nuggets','Freeze Dried Nuggets',NULL,NULL,NULL,0,0,NULL,0.0000,0.0000,1.0000,0.0000,0.0000,57.0000,62.0000,62.0000,62.0000,62.0000,0.0000,0.0000,0.0000,0.0000,0.0000,0.0000,0.0000,0.0000,0.0000,0.0000,0.0000,0.0000,62.0000,62.0000,0.0000,0.0000,0.0000,NULL,NULL,NULL,NULL,NULL,62.0000,62.0000,62.0000,62.0000,0.0000,0.0000,NULL,NULL,NULL,NULL,NULL,NULL,NULL,NULL,NULL,NULL,0,NULL,NULL,NULL,NULL,NULL,NULL,NULL,NULL,NULL,NULL,NULL),(61,39,NULL,1070,16,'2021-02-02 15:10:05','2021-02-02 15:10:05',79,'simple','{\"info_buyRequest\":{\"id\":\"79\",\"product\":\"79\",\"selected_configurable_option\":\"\",\"related_product\":\"\",\"item\":\"79\",\"qty\":\"1\"}}',NULL,0,'Sweet-Pear-Lapis-Sterling-Silver-Ring','Sweet Pear Lapis Sterling Silver Ring',NULL,NULL,NULL,0,0,NULL,0.0000,0.0000,1.0000,0.0000,0.0000,NULL,22.5700,22.5700,22.5700,22.5700,0.0000,0.0000,0.0000,0.0000,0.0000,0.0000,0.0000,0.0000,0.0000,0.0000,0.0000,0.0000,22.5700,22.5700,0.0000,0.0000,0.0000,NULL,NULL,NULL,NULL,NULL,22.5700,22.5700,22.5700,22.5700,0.0000,0.0000,NULL,NULL,NULL,NULL,NULL,NULL,NULL,NULL,NULL,NULL,0,NULL,NULL,NULL,NULL,NULL,NULL,NULL,NULL,NULL,NULL,NULL),(62,40,NULL,1131,1,'2021-08-25 09:21:15','2021-08-25 09:21:17',167,'configurable','{\"info_buyRequest\":{\"qty\":\"1.0000\",\"super_attribute\":{\"156\":\"5483\"}},\"attributes_info\":[{\"label\":\"flower color\",\"value\":\"Pink hues\",\"option_id\":156,\"option_value\":\"5483\"}],\"simple_name\":\"Flower arrangement in vase-Pink hues\",\"simple_sku\":\"Flower arrangement in vase-Pink hues\",\"product_calculations\":1,\"shipment_type\":0}',NULL,0,'Flower arrangement in vase-Pink hues','Flower arrangement in vase',NULL,NULL,NULL,0,0,NULL,1.0000,0.0000,1.0000,0.0000,0.0000,NULL,80.0000,80.0000,80.0000,80.0000,0.0000,0.0000,0.0000,0.0000,0.0000,0.0000,0.0000,0.0000,0.0000,0.0000,0.0000,0.0000,80.0000,80.0000,0.0000,0.0000,0.0000,NULL,NULL,NULL,NULL,NULL,80.0000,80.0000,80.0000,80.0000,0.0000,0.0000,NULL,NULL,NULL,NULL,0.0000,0.0000,NULL,NULL,NULL,NULL,0,NULL,NULL,NULL,NULL,NULL,NULL,NULL,NULL,NULL,NULL,NULL),(63,40,62,1132,1,'2021-08-25 09:21:15','2021-08-25 09:21:17',165,'simple','{\"info_buyRequest\":{\"product\":\"167\",\"selected_configurable_option\":\"\",\"related_product\":\"\",\"item\":\"167\",\"super_attribute\":{\"156\":\"5483\"},\"qty\":\"1\"}}',NULL,0,'Flower arrangement in vase-Pink hues','Flower arrangement in vase-Pink hues',NULL,NULL,NULL,0,0,NULL,0.0000,0.0000,1.0000,0.0000,0.0000,NULL,0.0000,0.0000,0.0000,NULL,0.0000,0.0000,0.0000,0.0000,0.0000,0.0000,0.0000,0.0000,0.0000,0.0000,0.0000,0.0000,0.0000,0.0000,0.0000,0.0000,0.0000,NULL,NULL,NULL,NULL,NULL,NULL,NULL,NULL,NULL,NULL,NULL,NULL,NULL,NULL,NULL,0.0000,0.0000,NULL,NULL,NULL,NULL,0,NULL,0,NULL,NULL,NULL,NULL,NULL,NULL,NULL,NULL,NULL),(64,41,NULL,1131,1,'2021-08-25 09:22:05','2021-08-25 09:22:07',167,'configurable','{\"info_buyRequest\":{\"qty\":\"1.0000\",\"super_attribute\":{\"156\":\"5483\"}},\"attributes_info\":[{\"label\":\"flower color\",\"value\":\"Pink hues\",\"option_id\":156,\"option_value\":\"5483\"}],\"simple_name\":\"Flower arrangement in vase-Pink hues\",\"simple_sku\":\"Flower arrangement in vase-Pink hues\",\"product_calculations\":1,\"shipment_type\":0}',NULL,0,'Flower arrangement in vase-Pink hues','Flower arrangement in vase',NULL,NULL,NULL,0,0,NULL,1.0000,0.0000,1.0000,0.0000,0.0000,NULL,80.0000,80.0000,80.0000,80.0000,0.0000,0.0000,0.0000,0.0000,0.0000,0.0000,0.0000,0.0000,0.0000,0.0000,0.0000,0.0000,80.0000,80.0000,0.0000,0.0000,0.0000,NULL,NULL,NULL,NULL,NULL,80.0000,80.0000,80.0000,80.0000,0.0000,0.0000,NULL,NULL,NULL,NULL,0.0000,0.0000,NULL,NULL,NULL,NULL,0,NULL,NULL,NULL,NULL,NULL,NULL,NULL,NULL,NULL,NULL,NULL),(65,41,64,1132,1,'2021-08-25 09:22:05','2021-08-25 09:22:07',165,'simple','{\"info_buyRequest\":{\"product\":\"167\",\"selected_configurable_option\":\"\",\"related_product\":\"\",\"item\":\"167\",\"super_attribute\":{\"156\":\"5483\"},\"qty\":\"1\"}}',NULL,0,'Flower arrangement in vase-Pink hues','Flower arrangement in vase-Pink hues',NULL,NULL,NULL,0,0,NULL,0.0000,0.0000,1.0000,0.0000,0.0000,NULL,0.0000,0.0000,0.0000,NULL,0.0000,0.0000,0.0000,0.0000,0.0000,0.0000,0.0000,0.0000,0.0000,0.0000,0.0000,0.0000,0.0000,0.0000,0.0000,0.0000,0.0000,NULL,NULL,NULL,NULL,NULL,NULL,NULL,NULL,NULL,NULL,NULL,NULL,NULL,NULL,NULL,0.0000,0.0000,NULL,NULL,NULL,NULL,0,NULL,0,NULL,NULL,NULL,NULL,NULL,NULL,NULL,NULL,NULL),(66,42,NULL,1131,1,'2021-08-25 09:27:23','2021-08-25 09:27:26',167,'configurable','{\"info_buyRequest\":{\"qty\":\"1.0000\",\"super_attribute\":{\"156\":\"5483\"}},\"attributes_info\":[{\"label\":\"flower color\",\"value\":\"Pink hues\",\"option_id\":156,\"option_value\":\"5483\"}],\"simple_name\":\"Flower arrangement in vase-Pink hues\",\"simple_sku\":\"Flower arrangement in vase-Pink hues\",\"product_calculations\":1,\"shipment_type\":0}',NULL,0,'Flower arrangement in vase-Pink hues','Flower arrangement in vase',NULL,NULL,NULL,0,0,NULL,1.0000,0.0000,1.0000,0.0000,0.0000,NULL,80.0000,80.0000,80.0000,80.0000,0.0000,0.0000,0.0000,0.0000,0.0000,0.0000,0.0000,0.0000,0.0000,0.0000,0.0000,0.0000,80.0000,80.0000,0.0000,0.0000,0.0000,NULL,NULL,NULL,NULL,NULL,80.0000,80.0000,80.0000,80.0000,0.0000,0.0000,NULL,NULL,NULL,NULL,0.0000,0.0000,NULL,NULL,NULL,NULL,0,NULL,NULL,NULL,NULL,NULL,NULL,NULL,NULL,NULL,NULL,NULL),(67,42,66,1132,1,'2021-08-25 09:27:23','2021-08-25 09:27:26',165,'simple','{\"info_buyRequest\":{\"product\":\"167\",\"selected_configurable_option\":\"\",\"related_product\":\"\",\"item\":\"167\",\"super_attribute\":{\"156\":\"5483\"},\"qty\":\"1\"}}',NULL,0,'Flower arrangement in vase-Pink hues','Flower arrangement in vase-Pink hues',NULL,NULL,NULL,0,0,NULL,0.0000,0.0000,1.0000,0.0000,0.0000,NULL,0.0000,0.0000,0.0000,NULL,0.0000,0.0000,0.0000,0.0000,0.0000,0.0000,0.0000,0.0000,0.0000,0.0000,0.0000,0.0000,0.0000,0.0000,0.0000,0.0000,0.0000,NULL,NULL,NULL,NULL,NULL,NULL,NULL,NULL,NULL,NULL,NULL,NULL,NULL,NULL,NULL,0.0000,0.0000,NULL,NULL,NULL,NULL,0,NULL,0,NULL,NULL,NULL,NULL,NULL,NULL,NULL,NULL,NULL),(68,43,NULL,1133,18,'2021-08-26 07:43:55','2021-08-26 07:43:58',171,'configurable','{\"info_buyRequest\":{\"qty\":\"1.0000\",\"super_attribute\":{\"158\":\"5487\"}},\"attributes_info\":[{\"label\":\"Flower Number plants\",\"value\":\"2 plants with 1 small green plant\",\"option_id\":158,\"option_value\":\"5487\"}],\"simple_name\":\"Phalaenopsis plant arrangement in vase-2 plants with 1 small green plant\",\"simple_sku\":\"pa2 plants with 1 small green plant\",\"product_calculations\":1,\"shipment_type\":0}',NULL,0,'pa2 plants with 1 small green plant','ترتيب نبات فالاينوبسيس في إناء',NULL,NULL,NULL,0,0,NULL,1.0000,0.0000,1.0000,0.0000,0.0000,NULL,60.0000,60.0000,60.0000,60.0000,0.0000,0.0000,0.0000,0.0000,0.0000,0.0000,0.0000,0.0000,0.0000,0.0000,0.0000,0.0000,60.0000,60.0000,0.0000,0.0000,0.0000,NULL,NULL,NULL,NULL,NULL,60.0000,60.0000,60.0000,60.0000,0.0000,0.0000,NULL,NULL,NULL,NULL,0.0000,0.0000,NULL,NULL,NULL,NULL,0,NULL,NULL,NULL,NULL,NULL,NULL,NULL,NULL,NULL,NULL,NULL),(69,43,68,1134,18,'2021-08-26 07:43:55','2021-08-26 07:43:58',168,'simple','{\"info_buyRequest\":{\"product\":\"171\",\"selected_configurable_option\":\"\",\"related_product\":\"\",\"item\":\"171\",\"super_attribute\":{\"158\":\"5487\"},\"qty\":\"1\"}}',NULL,0,'pa2 plants with 1 small green plant','Phalaenopsis plant arrangement in vase-2 plants with 1 small green plant',NULL,NULL,NULL,0,0,NULL,0.0000,0.0000,1.0000,0.0000,0.0000,NULL,0.0000,0.0000,0.0000,NULL,0.0000,0.0000,0.0000,0.0000,0.0000,0.0000,0.0000,0.0000,0.0000,0.0000,0.0000,0.0000,0.0000,0.0000,0.0000,0.0000,0.0000,NULL,NULL,NULL,NULL,NULL,NULL,NULL,NULL,NULL,NULL,NULL,NULL,NULL,NULL,NULL,0.0000,0.0000,NULL,NULL,NULL,NULL,0,NULL,0,NULL,NULL,NULL,NULL,NULL,NULL,NULL,NULL,NULL),(70,44,NULL,1137,1,'2021-09-01 19:21:25','2021-09-01 19:23:22',163,'configurable','{\"info_buyRequest\":{\"qty\":\"1.0000\",\"super_attribute\":{\"156\":\"5482\",\"157\":\"5485\"}},\"attributes_info\":[{\"label\":\"flower color\",\"value\":\"All White\",\"option_id\":156,\"option_value\":\"5482\"},{\"label\":\"flower size\",\"value\":\"Medium (30 cm diameter)\",\"option_id\":157,\"option_value\":\"5485\"}],\"simple_name\":\"Hand tie bouquet in vase-All White-Medium (30 cm diameter)\",\"simple_sku\":\"Handtiebouquetinvase-All White-Medium (30 cm diameter)\",\"product_calculations\":1,\"shipment_type\":0}',NULL,0,'Handtiebouquetinvase-All White-Medium (30 cm diameter)','Hand tie bouquet in vase',NULL,NULL,NULL,0,0,NULL,0.0000,1.0000,1.0000,0.0000,0.0000,NULL,50.0000,50.0000,50.0000,50.0000,0.0000,0.0000,0.0000,0.0000,0.0000,0.0000,0.0000,0.0000,0.0000,0.0000,0.0000,0.0000,50.0000,50.0000,50.0000,50.0000,0.0000,NULL,NULL,NULL,NULL,NULL,50.0000,50.0000,50.0000,50.0000,0.0000,0.0000,0.0000,0.0000,NULL,NULL,NULL,NULL,NULL,NULL,NULL,NULL,0,NULL,NULL,'[]',NULL,NULL,NULL,NULL,NULL,NULL,NULL,NULL),(71,44,70,1138,1,'2021-09-01 19:21:26','2021-09-01 19:23:22',160,'simple','{\"info_buyRequest\":{\"product\":\"163\",\"selected_configurable_option\":\"\",\"related_product\":\"\",\"item\":\"163\",\"super_attribute\":{\"156\":\"5482\",\"157\":\"5485\"},\"qty\":\"1\"}}',NULL,0,'Handtiebouquetinvase-All White-Medium (30 cm diameter)','Hand tie bouquet in vase-All White-Medium (30 cm diameter)',NULL,NULL,NULL,0,0,NULL,0.0000,1.0000,1.0000,0.0000,0.0000,NULL,0.0000,0.0000,0.0000,NULL,0.0000,0.0000,0.0000,0.0000,0.0000,0.0000,0.0000,0.0000,0.0000,0.0000,0.0000,0.0000,0.0000,0.0000,0.0000,0.0000,0.0000,NULL,NULL,NULL,NULL,NULL,NULL,NULL,NULL,NULL,NULL,NULL,0.0000,0.0000,NULL,NULL,NULL,NULL,NULL,NULL,NULL,NULL,0,NULL,0,NULL,NULL,NULL,NULL,NULL,NULL,NULL,NULL,NULL),(72,45,NULL,1139,1,'2021-12-14 17:51:08','2021-12-14 17:53:00',167,'configurable','{\"info_buyRequest\":{\"qty\":\"1.0000\",\"super_attribute\":{\"156\":\"5483\"}},\"attributes_info\":[{\"label\":\"flower color\",\"value\":\"Pink hues\",\"option_id\":156,\"option_value\":\"5483\"}],\"simple_name\":\"Flower arrangement in vase-Pink hues\",\"simple_sku\":\"Flower arrangement in vase-Pink hues\",\"product_calculations\":1,\"shipment_type\":0}',NULL,0,'Flower arrangement in vase-Pink hues','Flower arrangement in vase',NULL,NULL,NULL,0,0,NULL,1.0000,0.0000,1.0000,0.0000,0.0000,NULL,80.0000,80.0000,80.0000,80.0000,0.0000,0.0000,0.0000,0.0000,0.0000,0.0000,0.0000,0.0000,0.0000,0.0000,0.0000,0.0000,80.0000,80.0000,0.0000,0.0000,0.0000,NULL,NULL,NULL,NULL,NULL,80.0000,80.0000,80.0000,80.0000,0.0000,0.0000,NULL,NULL,NULL,NULL,0.0000,0.0000,NULL,NULL,NULL,NULL,0,NULL,NULL,NULL,NULL,NULL,NULL,NULL,NULL,NULL,NULL,NULL),(73,45,72,1140,1,'2021-12-14 17:51:08','2021-12-14 17:53:00',165,'simple','{\"info_buyRequest\":{\"product\":\"167\",\"selected_configurable_option\":\"\",\"related_product\":\"\",\"item\":\"167\",\"super_attribute\":{\"156\":\"5483\"},\"qty\":\"1\"}}',NULL,0,'Flower arrangement in vase-Pink hues','Flower arrangement in vase-Pink hues',NULL,NULL,NULL,0,0,NULL,0.0000,0.0000,1.0000,0.0000,0.0000,NULL,0.0000,0.0000,0.0000,NULL,0.0000,0.0000,0.0000,0.0000,0.0000,0.0000,0.0000,0.0000,0.0000,0.0000,0.0000,0.0000,0.0000,0.0000,0.0000,0.0000,0.0000,NULL,NULL,NULL,NULL,NULL,NULL,NULL,NULL,NULL,NULL,NULL,NULL,NULL,NULL,NULL,0.0000,0.0000,NULL,NULL,NULL,NULL,0,NULL,0,NULL,NULL,NULL,NULL,NULL,NULL,NULL,NULL,NULL),(74,46,NULL,1141,1,'2021-12-14 18:03:50','2021-12-14 18:04:22',167,'configurable','{\"info_buyRequest\":{\"qty\":\"1.0000\",\"super_attribute\":{\"156\":\"5484\"}},\"attributes_info\":[{\"label\":\"flower color\",\"value\":\"Special of the day (mix)\",\"option_id\":156,\"option_value\":\"5484\"}],\"simple_name\":\"Flower arrangement in vase-Special of the day (mix)\",\"simple_sku\":\"Flower arrangement in vase-Special of the day (mix)\",\"product_calculations\":1,\"shipment_type\":0}',NULL,0,'Flower arrangement in vase-Special of the day (mix)','Flower arrangement in vase',NULL,NULL,NULL,0,0,NULL,1.0000,0.0000,1.0000,0.0000,0.0000,NULL,80.0000,80.0000,80.0000,80.0000,0.0000,0.0000,0.0000,0.0000,0.0000,0.0000,0.0000,0.0000,0.0000,0.0000,0.0000,0.0000,80.0000,80.0000,0.0000,0.0000,0.0000,NULL,NULL,NULL,NULL,NULL,80.0000,80.0000,80.0000,80.0000,0.0000,0.0000,NULL,NULL,NULL,NULL,0.0000,0.0000,NULL,NULL,NULL,NULL,0,NULL,NULL,NULL,NULL,NULL,NULL,NULL,NULL,NULL,NULL,NULL),(75,46,74,1142,1,'2021-12-14 18:03:50','2021-12-14 18:04:22',166,'simple','{\"info_buyRequest\":{\"product\":\"167\",\"selected_configurable_option\":\"\",\"related_product\":\"\",\"item\":\"167\",\"super_attribute\":{\"156\":\"5484\"},\"qty\":\"1\"}}',NULL,0,'Flower arrangement in vase-Special of the day (mix)','Flower arrangement in vase-Special of the day (mix)',NULL,NULL,NULL,0,0,NULL,0.0000,0.0000,1.0000,0.0000,0.0000,NULL,0.0000,0.0000,0.0000,NULL,0.0000,0.0000,0.0000,0.0000,0.0000,0.0000,0.0000,0.0000,0.0000,0.0000,0.0000,0.0000,0.0000,0.0000,0.0000,0.0000,0.0000,NULL,NULL,NULL,NULL,NULL,NULL,NULL,NULL,NULL,NULL,NULL,NULL,NULL,NULL,NULL,0.0000,0.0000,NULL,NULL,NULL,NULL,0,NULL,0,NULL,NULL,NULL,NULL,NULL,NULL,NULL,NULL,NULL),(76,47,NULL,1143,1,'2022-01-04 12:00:49','2022-01-04 12:00:49',152,'simple','{\"info_buyRequest\":{\"product\":\"152\",\"selected_configurable_option\":\"\",\"related_product\":\"\",\"item\":\"152\",\"qty\":\"1\"}}',NULL,0,'Bridalshowerpackage','Bridal shower package ',NULL,NULL,NULL,0,0,NULL,0.0000,0.0000,1.0000,0.0000,0.0000,NULL,80.0000,80.0000,80.0000,80.0000,0.0000,0.0000,0.0000,0.0000,0.0000,0.0000,0.0000,0.0000,0.0000,0.0000,0.0000,0.0000,80.0000,80.0000,0.0000,0.0000,0.0000,NULL,NULL,NULL,NULL,NULL,80.0000,80.0000,80.0000,80.0000,0.0000,0.0000,NULL,NULL,NULL,NULL,NULL,NULL,NULL,NULL,NULL,NULL,0,NULL,NULL,NULL,NULL,NULL,NULL,NULL,NULL,NULL,NULL,NULL),(77,48,NULL,1144,1,'2022-01-16 13:17:44','2022-01-16 13:17:44',167,'configurable','{\"info_buyRequest\":{\"product\":\"167\",\"selected_configurable_option\":\"\",\"related_product\":\"\",\"item\":\"167\",\"super_attribute\":{\"156\":\"5484\"},\"qty\":\"1\"},\"attributes_info\":[{\"label\":\"flower color\",\"value\":\"Special of the day (mix)\",\"option_id\":156,\"option_value\":\"5484\"}],\"simple_name\":\"Flower arrangement in vase-Special of the day (mix)\",\"simple_sku\":\"Flower arrangement in vase-Special of the day (mix)\",\"product_calculations\":1,\"shipment_type\":0}',NULL,0,'Flower arrangement in vase-Special of the day (mix)','Flower arrangement in vase',NULL,NULL,NULL,0,0,NULL,0.0000,0.0000,1.0000,0.0000,0.0000,NULL,80.0000,80.0000,80.0000,80.0000,0.0000,0.0000,0.0000,0.0000,0.0000,0.0000,0.0000,0.0000,0.0000,0.0000,0.0000,0.0000,80.0000,80.0000,0.0000,0.0000,0.0000,NULL,NULL,NULL,NULL,NULL,80.0000,80.0000,80.0000,80.0000,0.0000,0.0000,NULL,NULL,NULL,NULL,NULL,NULL,NULL,NULL,NULL,NULL,0,NULL,NULL,NULL,NULL,NULL,NULL,NULL,NULL,NULL,NULL,NULL),(78,48,77,1145,1,'2022-01-16 13:17:44','2022-01-16 13:17:44',166,'simple','{\"info_buyRequest\":{\"product\":\"167\",\"selected_configurable_option\":\"\",\"related_product\":\"\",\"item\":\"167\",\"super_attribute\":{\"156\":\"5484\"},\"qty\":\"1\"}}',NULL,0,'Flower arrangement in vase-Special of the day (mix)','Flower arrangement in vase-Special of the day (mix)',NULL,NULL,NULL,0,0,NULL,0.0000,0.0000,1.0000,0.0000,0.0000,NULL,0.0000,0.0000,0.0000,NULL,0.0000,0.0000,0.0000,0.0000,0.0000,0.0000,0.0000,0.0000,0.0000,0.0000,0.0000,0.0000,0.0000,0.0000,0.0000,0.0000,0.0000,NULL,NULL,NULL,NULL,NULL,NULL,NULL,NULL,NULL,NULL,NULL,NULL,NULL,NULL,NULL,NULL,NULL,NULL,NULL,NULL,NULL,0,NULL,0,NULL,NULL,NULL,NULL,NULL,NULL,NULL,NULL,NULL),(79,49,NULL,1144,1,'2022-01-16 13:19:20','2022-01-16 13:19:20',167,'configurable','{\"info_buyRequest\":{\"product\":\"167\",\"selected_configurable_option\":\"\",\"related_product\":\"\",\"item\":\"167\",\"super_attribute\":{\"156\":\"5484\"},\"qty\":\"1\"},\"attributes_info\":[{\"label\":\"flower color\",\"value\":\"Special of the day (mix)\",\"option_id\":156,\"option_value\":\"5484\"}],\"simple_name\":\"Flower arrangement in vase-Special of the day (mix)\",\"simple_sku\":\"Flower arrangement in vase-Special of the day (mix)\",\"product_calculations\":1,\"shipment_type\":0}',NULL,0,'Flower arrangement in vase-Special of the day (mix)','Flower arrangement in vase',NULL,NULL,NULL,0,0,NULL,0.0000,0.0000,1.0000,0.0000,0.0000,NULL,80.0000,80.0000,80.0000,80.0000,0.0000,0.0000,0.0000,0.0000,0.0000,0.0000,0.0000,0.0000,0.0000,0.0000,0.0000,0.0000,80.0000,80.0000,0.0000,0.0000,0.0000,NULL,NULL,NULL,NULL,NULL,80.0000,80.0000,80.0000,80.0000,0.0000,0.0000,NULL,NULL,NULL,NULL,NULL,NULL,NULL,NULL,NULL,NULL,0,NULL,NULL,NULL,NULL,NULL,NULL,NULL,NULL,NULL,NULL,NULL),(80,49,79,1145,1,'2022-01-16 13:19:20','2022-01-16 13:19:20',166,'simple','{\"info_buyRequest\":{\"product\":\"167\",\"selected_configurable_option\":\"\",\"related_product\":\"\",\"item\":\"167\",\"super_attribute\":{\"156\":\"5484\"},\"qty\":\"1\"}}',NULL,0,'Flower arrangement in vase-Special of the day (mix)','Flower arrangement in vase-Special of the day (mix)',NULL,NULL,NULL,0,0,NULL,0.0000,0.0000,1.0000,0.0000,0.0000,NULL,0.0000,0.0000,0.0000,NULL,0.0000,0.0000,0.0000,0.0000,0.0000,0.0000,0.0000,0.0000,0.0000,0.0000,0.0000,0.0000,0.0000,0.0000,0.0000,0.0000,0.0000,NULL,NULL,NULL,NULL,NULL,NULL,NULL,NULL,NULL,NULL,NULL,NULL,NULL,NULL,NULL,NULL,NULL,NULL,NULL,NULL,NULL,0,NULL,0,NULL,NULL,NULL,NULL,NULL,NULL,NULL,NULL,NULL);

--
-- Table structure for table `sales_order_payment`
--

CREATE TABLE `sales_order_payment` (
  `entity_id` int(10) unsigned NOT NULL AUTO_INCREMENT COMMENT 'Entity ID',
  `parent_id` int(10) unsigned NOT NULL COMMENT 'Parent ID',
  `base_shipping_captured` decimal(20,4) DEFAULT NULL COMMENT 'Base Shipping Captured',
  `shipping_captured` decimal(20,4) DEFAULT NULL COMMENT 'Shipping Captured',
  `amount_refunded` decimal(20,4) DEFAULT NULL COMMENT 'Amount Refunded',
  `base_amount_paid` decimal(20,4) DEFAULT NULL COMMENT 'Base Amount Paid',
  `amount_canceled` decimal(20,4) DEFAULT NULL COMMENT 'Amount Canceled',
  `base_amount_authorized` decimal(20,4) DEFAULT NULL COMMENT 'Base Amount Authorized',
  `base_amount_paid_online` decimal(20,4) DEFAULT NULL COMMENT 'Base Amount Paid Online',
  `base_amount_refunded_online` decimal(20,4) DEFAULT NULL COMMENT 'Base Amount Refunded Online',
  `base_shipping_amount` decimal(20,4) DEFAULT NULL COMMENT 'Base Shipping Amount',
  `shipping_amount` decimal(20,4) DEFAULT NULL COMMENT 'Shipping Amount',
  `amount_paid` decimal(20,4) DEFAULT NULL COMMENT 'Amount Paid',
  `amount_authorized` decimal(20,4) DEFAULT NULL COMMENT 'Amount Authorized',
  `base_amount_ordered` decimal(20,4) DEFAULT NULL COMMENT 'Base Amount Ordered',
  `base_shipping_refunded` decimal(20,4) DEFAULT NULL COMMENT 'Base Shipping Refunded',
  `shipping_refunded` decimal(20,4) DEFAULT NULL COMMENT 'Shipping Refunded',
  `base_amount_refunded` decimal(20,4) DEFAULT NULL COMMENT 'Base Amount Refunded',
  `amount_ordered` decimal(20,4) DEFAULT NULL COMMENT 'Amount Ordered',
  `base_amount_canceled` decimal(20,4) DEFAULT NULL COMMENT 'Base Amount Canceled',
  `quote_payment_id` int(11) DEFAULT NULL COMMENT 'Quote Payment ID',
  `additional_data` text COMMENT 'Additional Data',
  `cc_exp_month` varchar(12) DEFAULT NULL COMMENT 'Cc Exp Month',
  `cc_ss_start_year` varchar(12) DEFAULT NULL COMMENT 'Cc Ss Start Year',
  `echeck_bank_name` varchar(128) DEFAULT NULL COMMENT 'Echeck Bank Name',
  `method` varchar(128) DEFAULT NULL COMMENT 'Method',
  `cc_debug_request_body` varchar(32) DEFAULT NULL COMMENT 'Cc Debug Request Body',
  `cc_secure_verify` varchar(32) DEFAULT NULL COMMENT 'Cc Secure Verify',
  `protection_eligibility` varchar(32) DEFAULT NULL COMMENT 'Protection Eligibility',
  `cc_approval` varchar(32) DEFAULT NULL COMMENT 'Cc Approval',
  `cc_last_4` varchar(100) DEFAULT NULL COMMENT 'Cc Last 4',
  `cc_status_description` varchar(32) DEFAULT NULL COMMENT 'Cc Status Description',
  `echeck_type` varchar(32) DEFAULT NULL COMMENT 'Echeck Type',
  `cc_debug_response_serialized` varchar(32) DEFAULT NULL COMMENT 'Cc Debug Response Serialized',
  `cc_ss_start_month` varchar(128) DEFAULT NULL COMMENT 'Cc Ss Start Month',
  `echeck_account_type` varchar(255) DEFAULT NULL COMMENT 'Echeck Account Type',
  `last_trans_id` varchar(255) DEFAULT NULL COMMENT 'Last Trans ID',
  `cc_cid_status` varchar(32) DEFAULT NULL COMMENT 'Cc Cid Status',
  `cc_owner` varchar(128) DEFAULT NULL COMMENT 'Cc Owner',
  `cc_type` varchar(32) DEFAULT NULL COMMENT 'Cc Type',
  `po_number` varchar(32) DEFAULT NULL COMMENT 'Po Number',
  `cc_exp_year` varchar(4) DEFAULT NULL COMMENT 'Cc Exp Year',
  `cc_status` varchar(4) DEFAULT NULL COMMENT 'Cc Status',
  `echeck_routing_number` varchar(32) DEFAULT NULL COMMENT 'Echeck Routing Number',
  `account_status` varchar(32) DEFAULT NULL COMMENT 'Account Status',
  `anet_trans_method` varchar(32) DEFAULT NULL COMMENT 'Anet Trans Method',
  `cc_debug_response_body` varchar(32) DEFAULT NULL COMMENT 'Cc Debug Response Body',
  `cc_ss_issue` varchar(32) DEFAULT NULL COMMENT 'Cc Ss Issue',
  `echeck_account_name` varchar(32) DEFAULT NULL COMMENT 'Echeck Account Name',
  `cc_avs_status` varchar(32) DEFAULT NULL COMMENT 'Cc Avs Status',
  `cc_number_enc` varchar(128) DEFAULT NULL,
  `cc_trans_id` varchar(32) DEFAULT NULL COMMENT 'Cc Trans ID',
  `address_status` varchar(32) DEFAULT NULL COMMENT 'Address Status',
  `additional_information` text COMMENT 'Additional Information',
  PRIMARY KEY (`entity_id`),
  KEY `SALES_ORDER_PAYMENT_PARENT_ID` (`parent_id`),
  CONSTRAINT `SALES_ORDER_PAYMENT_PARENT_ID_SALES_ORDER_ENTITY_ID` FOREIGN KEY (`parent_id`) REFERENCES `sales_order` (`entity_id`) ON DELETE CASCADE
) ENGINE=InnoDB AUTO_INCREMENT=50 DEFAULT CHARSET=utf8 COMMENT='Sales Flat Order Payment';

--
-- Dumping data for table `sales_order_payment`
--

INSERT INTO `sales_order_payment` VALUES (1,1,NULL,NULL,NULL,NULL,NULL,NULL,NULL,NULL,5.0000,5.0000,NULL,NULL,330.0000,NULL,NULL,NULL,330.0000,NULL,NULL,NULL,NULL,NULL,NULL,'checkmo',NULL,NULL,NULL,NULL,NULL,NULL,NULL,NULL,NULL,NULL,NULL,NULL,NULL,NULL,NULL,NULL,NULL,NULL,NULL,NULL,NULL,NULL,NULL,NULL,NULL,NULL,NULL,'{\"method_title\":\"Check \\/ Money order\",\"payable_to\":null,\"mailing_address\":null}'),(2,2,NULL,NULL,NULL,NULL,NULL,NULL,NULL,NULL,5.0000,5.0000,NULL,NULL,437.0000,NULL,NULL,NULL,437.0000,NULL,NULL,NULL,NULL,NULL,NULL,'checkmo',NULL,NULL,NULL,NULL,NULL,NULL,NULL,NULL,NULL,NULL,NULL,NULL,NULL,NULL,NULL,NULL,NULL,NULL,NULL,NULL,NULL,NULL,NULL,NULL,NULL,NULL,NULL,'{\"method_title\":\"Check \\/ Money order\",\"payable_to\":null,\"mailing_address\":null}'),(3,3,NULL,NULL,NULL,NULL,NULL,NULL,NULL,NULL,15.0000,15.0000,NULL,NULL,702.0000,NULL,NULL,NULL,702.0000,NULL,NULL,NULL,NULL,NULL,NULL,'checkmo',NULL,NULL,NULL,NULL,NULL,NULL,NULL,NULL,NULL,NULL,NULL,NULL,NULL,NULL,NULL,NULL,NULL,NULL,NULL,NULL,NULL,NULL,NULL,NULL,NULL,NULL,NULL,'{\"method_title\":\"Check \\/ Money order\",\"payable_to\":null,\"mailing_address\":null}'),(4,4,NULL,NULL,NULL,NULL,NULL,NULL,NULL,NULL,10.0000,10.0000,NULL,NULL,704.0000,NULL,NULL,NULL,704.0000,NULL,NULL,NULL,NULL,NULL,NULL,'checkmo',NULL,NULL,NULL,NULL,NULL,NULL,NULL,NULL,NULL,NULL,NULL,NULL,NULL,NULL,NULL,NULL,NULL,NULL,NULL,NULL,NULL,NULL,NULL,NULL,NULL,NULL,NULL,'{\"method_title\":\"Check \\/ Money order\",\"payable_to\":null,\"mailing_address\":null}'),(5,5,NULL,NULL,NULL,NULL,NULL,NULL,NULL,NULL,5.0000,5.0000,NULL,NULL,743.0000,NULL,NULL,NULL,743.0000,NULL,NULL,NULL,NULL,NULL,NULL,'checkmo',NULL,NULL,NULL,NULL,NULL,NULL,NULL,NULL,NULL,NULL,NULL,NULL,NULL,NULL,NULL,NULL,NULL,NULL,NULL,NULL,NULL,NULL,NULL,NULL,NULL,NULL,NULL,'{\"method_title\":\"Check \\/ Money order\",\"payable_to\":null,\"mailing_address\":null}'),(6,6,NULL,NULL,NULL,NULL,NULL,NULL,NULL,NULL,5.0000,5.0000,NULL,NULL,330.0000,NULL,NULL,NULL,330.0000,NULL,NULL,NULL,NULL,NULL,NULL,'checkmo',NULL,NULL,NULL,NULL,NULL,NULL,NULL,NULL,NULL,NULL,NULL,NULL,NULL,NULL,NULL,NULL,NULL,NULL,NULL,NULL,NULL,NULL,NULL,NULL,NULL,NULL,NULL,'{\"method_title\":\"Check \\/ Money order\"}'),(7,7,NULL,NULL,NULL,NULL,NULL,NULL,NULL,NULL,2800.0000,2800.0000,NULL,NULL,65520.0000,NULL,NULL,NULL,65520.0000,NULL,NULL,NULL,NULL,NULL,NULL,'checkmo',NULL,NULL,NULL,NULL,NULL,NULL,NULL,NULL,NULL,NULL,NULL,NULL,NULL,NULL,NULL,NULL,NULL,NULL,NULL,NULL,NULL,NULL,NULL,NULL,NULL,NULL,NULL,'{\"method_title\":\"Check \\/ Money order\"}'),(8,8,NULL,NULL,NULL,NULL,NULL,NULL,NULL,NULL,2250.0000,2250.0000,NULL,NULL,459900.0000,NULL,NULL,NULL,459900.0000,NULL,NULL,NULL,NULL,NULL,NULL,'checkmo',NULL,NULL,NULL,NULL,NULL,NULL,NULL,NULL,NULL,NULL,NULL,NULL,NULL,NULL,NULL,NULL,NULL,NULL,NULL,NULL,NULL,NULL,NULL,NULL,NULL,NULL,NULL,'{\"method_title\":\"Check \\/ Money order\"}'),(9,9,NULL,NULL,NULL,NULL,NULL,NULL,NULL,NULL,10.0000,7.0700,NULL,NULL,113.0000,NULL,NULL,NULL,79.8600,NULL,NULL,NULL,NULL,NULL,NULL,'checkmo',NULL,NULL,NULL,NULL,NULL,NULL,NULL,NULL,NULL,NULL,NULL,NULL,NULL,NULL,NULL,NULL,NULL,NULL,NULL,NULL,NULL,NULL,NULL,NULL,NULL,NULL,NULL,'{\"method_title\":\"Check \\/ Money order\"}'),(10,10,NULL,NULL,NULL,NULL,NULL,NULL,NULL,NULL,10.0000,10.0000,NULL,NULL,160.0000,NULL,NULL,NULL,160.0000,NULL,NULL,NULL,NULL,NULL,NULL,'checkmo',NULL,NULL,NULL,NULL,NULL,NULL,NULL,NULL,NULL,NULL,NULL,NULL,NULL,NULL,NULL,NULL,NULL,NULL,NULL,NULL,NULL,NULL,NULL,NULL,NULL,NULL,NULL,'{\"method_title\":\"Check \\/ Money order\"}'),(11,11,NULL,NULL,NULL,NULL,NULL,NULL,NULL,NULL,450.0000,450.0000,NULL,NULL,35294.0000,NULL,NULL,NULL,35294.0000,NULL,NULL,NULL,NULL,NULL,NULL,'checkmo',NULL,NULL,NULL,NULL,NULL,NULL,NULL,NULL,NULL,NULL,NULL,NULL,NULL,NULL,NULL,NULL,NULL,NULL,NULL,NULL,NULL,NULL,NULL,NULL,NULL,NULL,NULL,'{\"method_title\":\"Check \\/ Money order\"}'),(12,12,NULL,NULL,NULL,NULL,NULL,NULL,NULL,NULL,470.0000,470.0000,NULL,NULL,13759.0000,NULL,NULL,NULL,13759.0000,NULL,NULL,NULL,NULL,NULL,NULL,'checkmo',NULL,NULL,NULL,NULL,NULL,NULL,NULL,NULL,NULL,NULL,NULL,NULL,NULL,NULL,NULL,NULL,NULL,NULL,NULL,NULL,NULL,NULL,NULL,NULL,NULL,NULL,NULL,'{\"method_title\":\"Check \\/ Money order\"}'),(13,13,NULL,NULL,NULL,NULL,NULL,NULL,NULL,NULL,5.0000,5.0000,NULL,NULL,80.0000,NULL,NULL,NULL,80.0000,NULL,NULL,NULL,NULL,NULL,NULL,'checkmo',NULL,NULL,NULL,NULL,NULL,NULL,NULL,NULL,NULL,NULL,NULL,NULL,NULL,NULL,NULL,NULL,NULL,NULL,NULL,NULL,NULL,NULL,NULL,NULL,NULL,NULL,NULL,'{\"method_title\":\"Check \\/ Money order\"}'),(14,14,NULL,NULL,NULL,NULL,NULL,NULL,NULL,NULL,10.0000,10.0000,NULL,NULL,50.0000,NULL,NULL,NULL,50.0000,NULL,NULL,NULL,NULL,NULL,NULL,'checkmo',NULL,NULL,NULL,NULL,NULL,NULL,NULL,NULL,NULL,NULL,NULL,NULL,NULL,NULL,NULL,NULL,NULL,NULL,NULL,NULL,NULL,NULL,NULL,NULL,NULL,NULL,NULL,'{\"method_title\":\"Check \\/ Money order\"}'),(15,15,NULL,NULL,NULL,NULL,NULL,NULL,NULL,NULL,0.0000,0.0000,NULL,NULL,89.0000,NULL,NULL,NULL,89.0000,NULL,NULL,NULL,NULL,NULL,NULL,'checkmo',NULL,NULL,NULL,NULL,NULL,NULL,NULL,NULL,NULL,NULL,NULL,NULL,NULL,NULL,NULL,NULL,NULL,NULL,NULL,NULL,NULL,NULL,NULL,NULL,NULL,NULL,NULL,'{\"method_title\":\"Check \\/ Money order\"}'),(16,16,NULL,NULL,NULL,NULL,NULL,NULL,NULL,NULL,5.0000,5.0000,NULL,NULL,139.0000,NULL,NULL,NULL,139.0000,NULL,NULL,NULL,NULL,NULL,NULL,'checkmo',NULL,NULL,NULL,NULL,NULL,NULL,NULL,NULL,NULL,NULL,NULL,NULL,NULL,NULL,NULL,NULL,NULL,NULL,NULL,NULL,NULL,NULL,NULL,NULL,NULL,NULL,NULL,'{\"method_title\":\"Check \\/ Money order\"}'),(17,17,NULL,NULL,NULL,NULL,NULL,NULL,NULL,NULL,10.0000,10.0000,NULL,NULL,810.0000,NULL,NULL,NULL,810.0000,NULL,NULL,NULL,NULL,'0',NULL,'checkmo',NULL,NULL,NULL,NULL,NULL,NULL,NULL,NULL,'0',NULL,NULL,NULL,NULL,NULL,NULL,'0',NULL,NULL,NULL,NULL,NULL,NULL,NULL,NULL,NULL,NULL,NULL,'{\"method_title\":\"Check \\/ Money order\"}'),(18,18,NULL,NULL,NULL,NULL,NULL,NULL,NULL,NULL,5.0000,5.0000,NULL,NULL,330.0000,NULL,NULL,NULL,330.0000,NULL,NULL,NULL,NULL,'0',NULL,'checkmo',NULL,NULL,NULL,NULL,NULL,NULL,NULL,NULL,'0',NULL,NULL,NULL,NULL,NULL,NULL,'0',NULL,NULL,NULL,NULL,NULL,NULL,NULL,NULL,NULL,NULL,NULL,'{\"method_title\":\"Check \\/ Money order\"}'),(19,19,NULL,NULL,NULL,NULL,NULL,NULL,NULL,NULL,5.0000,5.0000,NULL,NULL,64.0000,NULL,NULL,NULL,64.0000,NULL,NULL,NULL,NULL,'0',NULL,'checkmo',NULL,NULL,NULL,NULL,NULL,NULL,NULL,NULL,'0',NULL,NULL,NULL,NULL,NULL,NULL,'0',NULL,NULL,NULL,NULL,NULL,NULL,NULL,NULL,NULL,NULL,NULL,'{\"method_title\":\"Check \\/ Money order\"}'),(20,20,NULL,NULL,NULL,NULL,NULL,NULL,NULL,NULL,5.0000,5.0000,NULL,NULL,405.0000,NULL,NULL,NULL,405.0000,NULL,NULL,NULL,NULL,'0',NULL,'checkmo',NULL,NULL,NULL,NULL,NULL,NULL,NULL,NULL,'0',NULL,NULL,NULL,NULL,NULL,NULL,'0',NULL,NULL,NULL,NULL,NULL,NULL,NULL,NULL,NULL,NULL,NULL,'{\"method_title\":\"Check \\/ Money order\"}'),(21,21,NULL,NULL,NULL,NULL,NULL,NULL,NULL,NULL,5.0000,5.0000,NULL,NULL,64.0000,NULL,NULL,NULL,64.0000,NULL,NULL,NULL,NULL,'0',NULL,'checkmo',NULL,NULL,NULL,NULL,NULL,NULL,NULL,NULL,'0',NULL,NULL,NULL,NULL,NULL,NULL,'0',NULL,NULL,NULL,NULL,NULL,NULL,NULL,NULL,NULL,NULL,NULL,'{\"method_title\":\"Check \\/ Money order\"}'),(22,22,NULL,NULL,NULL,NULL,NULL,NULL,NULL,NULL,5.0000,5.0000,NULL,NULL,37.0000,NULL,NULL,NULL,37.0000,NULL,NULL,NULL,NULL,'0',NULL,'checkmo',NULL,NULL,NULL,NULL,NULL,NULL,NULL,NULL,'0',NULL,NULL,NULL,NULL,NULL,NULL,'0',NULL,NULL,NULL,NULL,NULL,NULL,NULL,NULL,NULL,NULL,NULL,'{\"method_title\":\"Check \\/ Money order\"}'),(23,23,NULL,NULL,NULL,NULL,NULL,NULL,NULL,NULL,5.0000,5.0000,NULL,NULL,139.0000,NULL,NULL,NULL,139.0000,NULL,NULL,NULL,NULL,'0',NULL,'checkmo',NULL,NULL,NULL,NULL,NULL,NULL,NULL,NULL,'0',NULL,NULL,NULL,NULL,NULL,NULL,'0',NULL,NULL,NULL,NULL,NULL,NULL,NULL,NULL,NULL,NULL,NULL,'{\"method_title\":\"Check \\/ Money order\"}'),(24,24,NULL,NULL,NULL,NULL,NULL,NULL,NULL,NULL,5.0000,5.0000,NULL,NULL,27.5700,NULL,NULL,NULL,27.5700,NULL,NULL,NULL,NULL,'0',NULL,'checkmo',NULL,NULL,NULL,NULL,NULL,NULL,NULL,NULL,'0',NULL,NULL,NULL,NULL,NULL,NULL,'0',NULL,NULL,NULL,NULL,NULL,NULL,NULL,NULL,NULL,NULL,NULL,'{\"method_title\":\"Check \\/ Money order\"}'),(25,25,NULL,NULL,NULL,NULL,NULL,NULL,NULL,NULL,5.0000,5.0000,NULL,NULL,218.0000,NULL,NULL,NULL,218.0000,NULL,NULL,NULL,NULL,'0',NULL,'checkmo',NULL,NULL,NULL,NULL,NULL,NULL,NULL,NULL,'0',NULL,NULL,NULL,NULL,NULL,NULL,'0',NULL,NULL,NULL,NULL,NULL,NULL,NULL,NULL,NULL,NULL,NULL,'{\"method_title\":\"Check \\/ Money order\"}'),(26,26,NULL,NULL,NULL,NULL,NULL,NULL,NULL,NULL,5.0000,5.0000,NULL,NULL,60.0000,NULL,NULL,NULL,60.0000,NULL,NULL,NULL,NULL,'0',NULL,'checkmo',NULL,NULL,NULL,NULL,NULL,NULL,NULL,NULL,'0',NULL,NULL,NULL,NULL,NULL,NULL,'0',NULL,NULL,NULL,NULL,NULL,NULL,NULL,NULL,NULL,NULL,NULL,'{\"method_title\":\"Check \\/ Money order\"}'),(27,27,NULL,NULL,NULL,NULL,NULL,NULL,NULL,NULL,10.0000,10.0000,NULL,NULL,1306.0000,NULL,NULL,NULL,1306.0000,NULL,NULL,NULL,NULL,'0',NULL,'checkmo',NULL,NULL,NULL,NULL,NULL,NULL,NULL,NULL,'0',NULL,NULL,NULL,NULL,NULL,NULL,'0',NULL,NULL,NULL,NULL,NULL,NULL,NULL,NULL,NULL,NULL,NULL,'{\"method_title\":\"Check \\/ Money order\"}'),(28,28,NULL,NULL,NULL,NULL,NULL,NULL,NULL,NULL,5.0000,5.0000,NULL,NULL,80.0000,NULL,NULL,NULL,80.0000,NULL,NULL,NULL,NULL,'0',NULL,'checkmo',NULL,NULL,NULL,NULL,NULL,NULL,NULL,NULL,'0',NULL,NULL,NULL,NULL,NULL,NULL,'0',NULL,NULL,NULL,NULL,NULL,NULL,NULL,NULL,NULL,NULL,NULL,'{\"method_title\":\"Check \\/ Money order\"}'),(29,29,NULL,NULL,NULL,NULL,NULL,NULL,NULL,NULL,5.0000,5.0000,NULL,NULL,25.0000,NULL,NULL,NULL,25.0000,NULL,NULL,NULL,NULL,'0',NULL,'checkmo',NULL,NULL,NULL,NULL,NULL,NULL,NULL,NULL,'0',NULL,NULL,NULL,NULL,NULL,NULL,'0',NULL,NULL,NULL,NULL,NULL,NULL,NULL,NULL,NULL,NULL,NULL,'{\"method_title\":\"Check \\/ Money order\"}'),(30,30,NULL,NULL,NULL,NULL,NULL,NULL,NULL,NULL,5.0000,5.0000,NULL,NULL,139.0000,NULL,NULL,NULL,139.0000,NULL,NULL,NULL,NULL,'0',NULL,'checkmo',NULL,NULL,NULL,NULL,NULL,NULL,NULL,NULL,'0',NULL,NULL,NULL,NULL,NULL,NULL,'0',NULL,NULL,NULL,NULL,NULL,NULL,NULL,NULL,NULL,NULL,NULL,'{\"method_title\":\"Check \\/ Money order\"}'),(31,31,NULL,NULL,NULL,NULL,NULL,NULL,NULL,NULL,5.0000,5.0000,NULL,NULL,37.0000,NULL,NULL,NULL,37.0000,NULL,NULL,NULL,NULL,'0',NULL,'checkmo',NULL,NULL,NULL,NULL,NULL,NULL,NULL,NULL,'0',NULL,NULL,NULL,NULL,NULL,NULL,'0',NULL,NULL,NULL,NULL,NULL,NULL,NULL,NULL,NULL,NULL,NULL,'{\"method_title\":\"Check \\/ Money order\"}'),(32,32,NULL,NULL,NULL,NULL,NULL,NULL,NULL,NULL,5.0000,5.0000,NULL,NULL,80.0000,NULL,NULL,NULL,80.0000,NULL,NULL,NULL,NULL,'0',NULL,'checkmo',NULL,NULL,NULL,NULL,NULL,NULL,NULL,NULL,'0',NULL,NULL,NULL,NULL,NULL,NULL,'0',NULL,NULL,NULL,NULL,NULL,NULL,NULL,NULL,NULL,NULL,NULL,'{\"method_title\":\"Check \\/ Money order\"}'),(33,33,NULL,NULL,NULL,NULL,NULL,NULL,NULL,NULL,0.0000,0.0000,NULL,NULL,89.0000,NULL,NULL,NULL,89.0000,NULL,NULL,NULL,NULL,'0',NULL,'checkmo',NULL,NULL,NULL,NULL,NULL,NULL,NULL,NULL,'0',NULL,NULL,NULL,NULL,NULL,NULL,'0',NULL,NULL,NULL,NULL,NULL,NULL,NULL,NULL,NULL,NULL,NULL,'{\"method_title\":\"Check \\/ Money order\"}'),(34,34,NULL,NULL,NULL,NULL,NULL,NULL,NULL,NULL,5.0000,5.0000,NULL,NULL,405.0000,NULL,NULL,NULL,405.0000,NULL,NULL,NULL,NULL,'0',NULL,'checkmo',NULL,NULL,NULL,NULL,NULL,NULL,NULL,NULL,'0',NULL,NULL,NULL,NULL,NULL,NULL,'0',NULL,NULL,NULL,NULL,NULL,NULL,NULL,NULL,NULL,NULL,NULL,'{\"method_title\":\"Check \\/ Money order\"}'),(35,35,NULL,NULL,NULL,NULL,NULL,NULL,NULL,NULL,5.0000,5.0000,NULL,NULL,27.5700,NULL,NULL,NULL,27.5700,NULL,NULL,NULL,NULL,'0',NULL,'checkmo',NULL,NULL,NULL,NULL,NULL,NULL,NULL,NULL,'0',NULL,NULL,NULL,NULL,NULL,NULL,'0',NULL,NULL,NULL,NULL,NULL,NULL,NULL,NULL,NULL,NULL,NULL,'{\"method_title\":\"Check \\/ Money order\"}'),(36,36,NULL,NULL,NULL,NULL,NULL,NULL,NULL,NULL,5.0000,5.0000,NULL,NULL,374.0000,NULL,NULL,NULL,374.0000,NULL,NULL,NULL,NULL,'0',NULL,'checkmo',NULL,NULL,NULL,NULL,NULL,NULL,NULL,NULL,'0',NULL,NULL,NULL,NULL,NULL,NULL,'0',NULL,NULL,NULL,NULL,NULL,NULL,NULL,NULL,NULL,NULL,NULL,'{\"method_title\":\"Check \\/ Money order\"}'),(37,37,NULL,NULL,NULL,NULL,NULL,NULL,NULL,NULL,5.0000,5.0000,NULL,NULL,37.0000,NULL,NULL,NULL,37.0000,NULL,NULL,NULL,NULL,'0',NULL,'checkmo',NULL,NULL,NULL,NULL,NULL,NULL,NULL,NULL,'0',NULL,NULL,NULL,NULL,NULL,NULL,'0',NULL,NULL,NULL,NULL,NULL,NULL,NULL,NULL,NULL,NULL,NULL,'{\"method_title\":\"Check \\/ Money order\"}'),(38,38,NULL,NULL,NULL,NULL,NULL,NULL,NULL,NULL,5.0000,5.0000,NULL,NULL,67.0000,NULL,NULL,NULL,67.0000,NULL,NULL,NULL,NULL,'0',NULL,'checkmo',NULL,NULL,NULL,NULL,NULL,NULL,NULL,NULL,'0',NULL,NULL,NULL,NULL,NULL,NULL,'0',NULL,NULL,NULL,NULL,NULL,NULL,NULL,NULL,NULL,NULL,NULL,'{\"method_title\":\"Check \\/ Money order\"}'),(39,39,NULL,NULL,NULL,NULL,NULL,NULL,NULL,NULL,5.0000,5.0000,NULL,NULL,27.5700,NULL,NULL,NULL,27.5700,NULL,NULL,NULL,NULL,'0',NULL,'checkmo',NULL,NULL,NULL,NULL,NULL,NULL,NULL,NULL,'0',NULL,NULL,NULL,NULL,NULL,NULL,'0',NULL,NULL,NULL,NULL,NULL,NULL,NULL,NULL,NULL,NULL,NULL,'{\"method_title\":\"Check \\/ Money order\"}'),(40,40,NULL,NULL,NULL,NULL,NULL,NULL,NULL,NULL,5.0000,5.0000,NULL,NULL,85.0000,NULL,NULL,NULL,85.0000,NULL,NULL,NULL,NULL,'0',NULL,'myfatoorah_gateway',NULL,NULL,NULL,NULL,NULL,NULL,NULL,NULL,'0',NULL,NULL,NULL,NULL,NULL,NULL,'0',NULL,NULL,NULL,NULL,NULL,NULL,NULL,NULL,NULL,NULL,NULL,'{\"method_title\":\"MyFatoorah Payment Gateway\"}'),(41,41,NULL,NULL,NULL,NULL,NULL,NULL,NULL,NULL,5.0000,5.0000,NULL,NULL,85.0000,NULL,NULL,NULL,85.0000,NULL,NULL,NULL,NULL,'0',NULL,'myfatoorah_gateway',NULL,NULL,NULL,NULL,NULL,NULL,NULL,NULL,'0',NULL,NULL,NULL,NULL,NULL,NULL,'0',NULL,NULL,NULL,NULL,NULL,NULL,NULL,NULL,NULL,NULL,NULL,'{\"method_title\":\"MyFatoorah Payment Gateway\"}'),(42,42,NULL,NULL,NULL,NULL,NULL,NULL,NULL,NULL,5.0000,5.0000,NULL,NULL,85.0000,NULL,NULL,NULL,85.0000,NULL,NULL,NULL,NULL,'0',NULL,'myfatoorah_gateway',NULL,NULL,NULL,NULL,NULL,NULL,NULL,NULL,'0',NULL,NULL,NULL,NULL,NULL,NULL,'0',NULL,NULL,NULL,NULL,NULL,NULL,NULL,NULL,NULL,NULL,NULL,'{\"method_title\":\"MyFatoorah Payment Gateway\"}'),(43,43,NULL,NULL,NULL,NULL,NULL,NULL,NULL,NULL,2.0000,2.0000,NULL,NULL,62.0000,NULL,NULL,NULL,62.0000,NULL,NULL,NULL,NULL,'0',NULL,'myfatoorah_gateway',NULL,NULL,NULL,NULL,NULL,NULL,NULL,NULL,'0',NULL,NULL,NULL,NULL,NULL,NULL,'0',NULL,NULL,NULL,NULL,NULL,NULL,NULL,NULL,NULL,NULL,NULL,'{\"method_title\":\"MyFatoorah Payment Gateway\"}'),(44,44,2.0000,2.0000,NULL,52.0000,NULL,NULL,NULL,NULL,2.0000,2.0000,52.0000,NULL,52.0000,NULL,NULL,NULL,52.0000,NULL,NULL,NULL,NULL,'0',NULL,'myfatoorah_gateway',NULL,NULL,NULL,NULL,NULL,NULL,NULL,NULL,'0',NULL,NULL,NULL,NULL,NULL,NULL,'0',NULL,NULL,NULL,NULL,NULL,NULL,NULL,NULL,NULL,NULL,NULL,'{\"method_title\":\"MyFatoorah Payment Gateway\"}'),(45,45,NULL,NULL,NULL,NULL,NULL,NULL,NULL,NULL,2.0000,2.0000,NULL,NULL,82.0000,NULL,NULL,NULL,82.0000,NULL,NULL,NULL,NULL,'0',NULL,'myfatoorah_gateway',NULL,NULL,NULL,NULL,NULL,NULL,NULL,NULL,'0',NULL,NULL,NULL,NULL,NULL,NULL,'0',NULL,NULL,NULL,NULL,NULL,NULL,NULL,NULL,NULL,NULL,NULL,'{\"method_title\":\"MyFatoorah Payment Gateway\"}'),(46,46,NULL,NULL,NULL,NULL,NULL,NULL,NULL,NULL,2.0000,2.0000,NULL,NULL,82.0000,NULL,NULL,NULL,82.0000,NULL,NULL,NULL,NULL,'0',NULL,'myfatoorah_gateway',NULL,NULL,NULL,NULL,NULL,NULL,NULL,NULL,'0',NULL,NULL,NULL,NULL,NULL,NULL,'0',NULL,NULL,NULL,NULL,NULL,NULL,NULL,NULL,NULL,NULL,NULL,'{\"method_title\":\"MyFatoorah Payment Gateway\"}'),(47,47,NULL,NULL,NULL,NULL,NULL,NULL,NULL,NULL,2.0000,2.0000,NULL,NULL,82.0000,NULL,NULL,NULL,82.0000,NULL,NULL,NULL,NULL,'0',NULL,'myfatoorah_gateway',NULL,NULL,NULL,NULL,NULL,NULL,NULL,NULL,'0',NULL,NULL,NULL,NULL,NULL,NULL,'0',NULL,NULL,NULL,NULL,NULL,NULL,NULL,NULL,NULL,NULL,NULL,'{\"method_title\":\"MyFatoorah Payment Gateway\"}'),(48,48,NULL,NULL,NULL,NULL,NULL,NULL,NULL,NULL,2.0000,2.0000,NULL,NULL,82.0000,NULL,NULL,NULL,82.0000,NULL,NULL,NULL,NULL,'0',NULL,'myfatoorah_gateway',NULL,NULL,NULL,NULL,NULL,NULL,NULL,NULL,'0',NULL,NULL,NULL,NULL,NULL,NULL,'0',NULL,NULL,NULL,NULL,NULL,NULL,NULL,NULL,NULL,NULL,NULL,'{\"method_title\":\"MyFatoorah Payment Gateway\"}'),(49,49,NULL,NULL,NULL,NULL,NULL,NULL,NULL,NULL,2.0000,2.0000,NULL,NULL,82.0000,NULL,NULL,NULL,82.0000,NULL,NULL,NULL,NULL,'0',NULL,'myfatoorah_gateway',NULL,NULL,NULL,NULL,NULL,NULL,NULL,NULL,'0',NULL,NULL,NULL,NULL,NULL,NULL,'0',NULL,NULL,NULL,NULL,NULL,NULL,NULL,NULL,NULL,NULL,NULL,'{\"method_title\":\"MyFatoorah Payment Gateway\"}');

--
-- Table structure for table `sales_order_status`
--

CREATE TABLE `sales_order_status` (
  `status` varchar(32) NOT NULL COMMENT 'Status',
  `label` varchar(128) NOT NULL COMMENT 'Label',
  PRIMARY KEY (`status`)
) ENGINE=InnoDB DEFAULT CHARSET=utf8 COMMENT='Sales Order Status Table';

--
-- Dumping data for table `sales_order_status`
--

INSERT INTO `sales_order_status` VALUES ('canceled','Canceled'),('closed','Closed'),('complete','Complete'),('fraud','Suspected Fraud'),('holded','On Hold'),('myfatoorah_processed','MyFatoorah Processed'),('payment_review','Payment Review'),('paypal_canceled_reversal','PayPal Canceled Reversal'),('paypal_reversed','PayPal Reversed'),('pending','Pending'),('pending_payment','Pending Payment'),('pending_paypal','Pending PayPal'),('processing','Processing');

--
-- Table structure for table `sales_order_status_history`
--

CREATE TABLE `sales_order_status_history` (
  `entity_id` int(10) unsigned NOT NULL AUTO_INCREMENT COMMENT 'Entity ID',
  `parent_id` int(10) unsigned NOT NULL COMMENT 'Parent ID',
  `is_customer_notified` int(11) DEFAULT NULL COMMENT 'Is Customer Notified',
  `is_visible_on_front` smallint(5) unsigned NOT NULL DEFAULT '0' COMMENT 'Is Visible On Front',
  `comment` text COMMENT 'Comment',
  `status` varchar(32) DEFAULT NULL COMMENT 'Status',
  `created_at` timestamp NOT NULL DEFAULT CURRENT_TIMESTAMP COMMENT 'Created At',
  `entity_name` varchar(32) DEFAULT NULL COMMENT 'Shows what entity history is bind to.',
  PRIMARY KEY (`entity_id`),
  KEY `SALES_ORDER_STATUS_HISTORY_PARENT_ID` (`parent_id`),
  KEY `SALES_ORDER_STATUS_HISTORY_CREATED_AT` (`created_at`),
  CONSTRAINT `SALES_ORDER_STATUS_HISTORY_PARENT_ID_SALES_ORDER_ENTITY_ID` FOREIGN KEY (`parent_id`) REFERENCES `sales_order` (`entity_id`) ON DELETE CASCADE
) ENGINE=InnoDB AUTO_INCREMENT=17 DEFAULT CHARSET=utf8 COMMENT='Sales Flat Order Status History';

--
-- Dumping data for table `sales_order_status_history`
--

INSERT INTO `sales_order_status_history` VALUES (1,40,1,0,NULL,'pending_payment','2021-08-25 09:21:15','order'),(2,40,NULL,0,'MyFatoorah: Invoice Creation Error - Kindly, review your Myfatoorah admin configuration due to a wrong entry.','canceled','2021-08-25 09:21:17','order'),(3,41,1,0,NULL,'pending_payment','2021-08-25 09:22:05','order'),(4,41,NULL,0,'MyFatoorah: Invoice Creation Error - Authentication: Api Is Not Activeated','canceled','2021-08-25 09:22:07','order'),(5,42,1,0,NULL,'pending_payment','2021-08-25 09:27:23','order'),(6,42,NULL,0,'MyFatoorah: Invoice Creation Error - Authentication: Api Is Not Activeated','canceled','2021-08-25 09:27:26','order'),(7,43,1,0,NULL,'pending_payment','2021-08-26 07:43:55','order'),(8,43,NULL,0,'MyFatoorah: Invoice Creation Error - Authentication: Api Is Not Activeated','canceled','2021-08-26 07:43:58','order'),(9,44,1,0,NULL,'pending_payment','2021-09-01 19:21:26','order'),(10,45,1,0,NULL,'pending_payment','2021-12-14 17:51:08','order'),(11,45,NULL,0,'MyFatoorah: Failed Payment. Payment Id #109202134802137584. Gateway used is KNET. Gateway error is Transaction canceled!.','canceled','2021-12-14 17:53:00','order'),(12,46,1,0,NULL,'pending_payment','2021-12-14 18:03:50','order'),(13,46,NULL,0,'MyFatoorah: Failed Payment. Payment Id #109202134897480130. Gateway used is KNET. Gateway error is Transaction canceled!.','canceled','2021-12-14 18:04:22','order'),(14,47,1,0,NULL,'pending_payment','2022-01-04 12:00:49','order'),(15,48,1,0,NULL,'pending_payment','2022-01-16 13:17:44','order'),(16,49,1,0,NULL,'pending_payment','2022-01-16 13:19:20','order');

--
-- Table structure for table `sales_order_status_label`
--

CREATE TABLE `sales_order_status_label` (
  `status` varchar(32) NOT NULL COMMENT 'Status',
  `store_id` smallint(5) unsigned NOT NULL COMMENT 'Store ID',
  `label` varchar(128) NOT NULL COMMENT 'Label',
  PRIMARY KEY (`status`,`store_id`),
  KEY `SALES_ORDER_STATUS_LABEL_STORE_ID` (`store_id`),
  CONSTRAINT `SALES_ORDER_STATUS_LABEL_STATUS_SALES_ORDER_STATUS_STATUS` FOREIGN KEY (`status`) REFERENCES `sales_order_status` (`status`) ON DELETE CASCADE,
  CONSTRAINT `SALES_ORDER_STATUS_LABEL_STORE_ID_STORE_STORE_ID` FOREIGN KEY (`store_id`) REFERENCES `store` (`store_id`) ON DELETE CASCADE
) ENGINE=InnoDB DEFAULT CHARSET=utf8 COMMENT='Sales Order Status Label Table';

--
-- Dumping data for table `sales_order_status_label`
--


--
-- Table structure for table `sales_order_status_state`
--

CREATE TABLE `sales_order_status_state` (
  `status` varchar(32) NOT NULL COMMENT 'Status',
  `state` varchar(32) NOT NULL COMMENT 'Label',
  `is_default` smallint(5) unsigned NOT NULL DEFAULT '0' COMMENT 'Is Default',
  `visible_on_front` smallint(5) unsigned NOT NULL DEFAULT '0' COMMENT 'Visible on front',
  PRIMARY KEY (`status`,`state`),
  CONSTRAINT `SALES_ORDER_STATUS_STATE_STATUS_SALES_ORDER_STATUS_STATUS` FOREIGN KEY (`status`) REFERENCES `sales_order_status` (`status`) ON DELETE CASCADE
) ENGINE=InnoDB DEFAULT CHARSET=utf8 COMMENT='Sales Order Status Table';

--
-- Dumping data for table `sales_order_status_state`
--

INSERT INTO `sales_order_status_state` VALUES ('canceled','canceled',1,1),('closed','closed',1,1),('complete','complete',1,1),('fraud','payment_review',0,1),('fraud','processing',0,1),('holded','holded',1,1),('myfatoorah_processed','processing',0,1),('payment_review','payment_review',1,1),('pending','new',1,1),('pending_payment','pending_payment',1,0),('processing','processing',1,1);

--
-- Table structure for table `sales_order_tax`
--

CREATE TABLE `sales_order_tax` (
  `tax_id` int(10) unsigned NOT NULL AUTO_INCREMENT COMMENT 'Tax ID',
  `order_id` int(10) unsigned NOT NULL COMMENT 'Order ID',
  `code` varchar(255) DEFAULT NULL COMMENT 'Code',
  `title` varchar(255) DEFAULT NULL COMMENT 'Title',
  `percent` decimal(12,4) DEFAULT NULL COMMENT 'Percent',
  `amount` decimal(20,4) DEFAULT NULL COMMENT 'Amount',
  `priority` int(11) NOT NULL COMMENT 'Priority',
  `position` int(11) NOT NULL COMMENT 'Position',
  `base_amount` decimal(20,4) DEFAULT NULL COMMENT 'Base Amount',
  `process` smallint(6) NOT NULL COMMENT 'Process',
  `base_real_amount` decimal(20,4) DEFAULT NULL COMMENT 'Base Real Amount',
  PRIMARY KEY (`tax_id`),
  KEY `SALES_ORDER_TAX_ORDER_ID_PRIORITY_POSITION` (`order_id`,`priority`,`position`)
) ENGINE=InnoDB DEFAULT CHARSET=utf8 COMMENT='Sales Order Tax Table';

--
-- Dumping data for table `sales_order_tax`
--


--
-- Table structure for table `sales_order_tax_item`
--

CREATE TABLE `sales_order_tax_item` (
  `tax_item_id` int(10) unsigned NOT NULL AUTO_INCREMENT COMMENT 'Tax Item ID',
  `tax_id` int(10) unsigned NOT NULL COMMENT 'Tax ID',
  `item_id` int(10) unsigned DEFAULT NULL COMMENT 'Item ID',
  `tax_percent` decimal(12,4) NOT NULL COMMENT 'Real Tax Percent For Item',
  `amount` decimal(20,4) NOT NULL COMMENT 'Tax amount for the item and tax rate',
  `base_amount` decimal(20,4) NOT NULL COMMENT 'Base tax amount for the item and tax rate',
  `real_amount` decimal(20,4) NOT NULL COMMENT 'Real tax amount for the item and tax rate',
  `real_base_amount` decimal(20,4) NOT NULL COMMENT 'Real base tax amount for the item and tax rate',
  `associated_item_id` int(10) unsigned DEFAULT NULL COMMENT 'Id of the associated item',
  `taxable_item_type` varchar(32) NOT NULL COMMENT 'Type of the taxable item',
  PRIMARY KEY (`tax_item_id`),
  UNIQUE KEY `SALES_ORDER_TAX_ITEM_TAX_ID_ITEM_ID` (`tax_id`,`item_id`),
  KEY `SALES_ORDER_TAX_ITEM_ITEM_ID` (`item_id`),
  KEY `SALES_ORDER_TAX_ITEM_ASSOCIATED_ITEM_ID_SALES_ORDER_ITEM_ITEM_ID` (`associated_item_id`),
  CONSTRAINT `SALES_ORDER_TAX_ITEM_ASSOCIATED_ITEM_ID_SALES_ORDER_ITEM_ITEM_ID` FOREIGN KEY (`associated_item_id`) REFERENCES `sales_order_item` (`item_id`) ON DELETE CASCADE,
  CONSTRAINT `SALES_ORDER_TAX_ITEM_ITEM_ID_SALES_ORDER_ITEM_ITEM_ID` FOREIGN KEY (`item_id`) REFERENCES `sales_order_item` (`item_id`) ON DELETE CASCADE,
  CONSTRAINT `SALES_ORDER_TAX_ITEM_TAX_ID_SALES_ORDER_TAX_TAX_ID` FOREIGN KEY (`tax_id`) REFERENCES `sales_order_tax` (`tax_id`) ON DELETE CASCADE
) ENGINE=InnoDB DEFAULT CHARSET=utf8 COMMENT='Sales Order Tax Item';

--
-- Dumping data for table `sales_order_tax_item`
--


--
-- Table structure for table `sales_payment_transaction`
--

CREATE TABLE `sales_payment_transaction` (
  `transaction_id` int(10) unsigned NOT NULL AUTO_INCREMENT COMMENT 'Transaction ID',
  `parent_id` int(10) unsigned DEFAULT NULL COMMENT 'Parent ID',
  `order_id` int(10) unsigned NOT NULL DEFAULT '0' COMMENT 'Order ID',
  `payment_id` int(10) unsigned NOT NULL DEFAULT '0' COMMENT 'Payment ID',
  `txn_id` varchar(100) DEFAULT NULL COMMENT 'Txn ID',
  `parent_txn_id` varchar(100) DEFAULT NULL COMMENT 'Parent Txn ID',
  `txn_type` varchar(15) DEFAULT NULL COMMENT 'Txn Type',
  `is_closed` smallint(5) unsigned NOT NULL DEFAULT '1' COMMENT 'Is Closed',
  `additional_information` blob COMMENT 'Additional Information',
  `created_at` timestamp NOT NULL DEFAULT CURRENT_TIMESTAMP COMMENT 'Created At',
  PRIMARY KEY (`transaction_id`),
  UNIQUE KEY `SALES_PAYMENT_TRANSACTION_ORDER_ID_PAYMENT_ID_TXN_ID` (`order_id`,`payment_id`,`txn_id`),
  KEY `SALES_PAYMENT_TRANSACTION_PARENT_ID` (`parent_id`),
  KEY `SALES_PAYMENT_TRANSACTION_PAYMENT_ID` (`payment_id`),
  CONSTRAINT `FK_B99FF1A06402D725EBDB0F3A7ECD47A2` FOREIGN KEY (`parent_id`) REFERENCES `sales_payment_transaction` (`transaction_id`) ON DELETE CASCADE,
  CONSTRAINT `SALES_PAYMENT_TRANSACTION_ORDER_ID_SALES_ORDER_ENTITY_ID` FOREIGN KEY (`order_id`) REFERENCES `sales_order` (`entity_id`) ON DELETE CASCADE,
  CONSTRAINT `SALES_PAYMENT_TRANSACTION_PAYMENT_ID_SALES_ORDER_PAYMENT_ENTT_ID` FOREIGN KEY (`payment_id`) REFERENCES `sales_order_payment` (`entity_id`) ON DELETE CASCADE
) ENGINE=InnoDB DEFAULT CHARSET=utf8 COMMENT='Sales Payment Transaction';

--
-- Dumping data for table `sales_payment_transaction`
--


--
-- Table structure for table `sales_refunded_aggregated`
--

CREATE TABLE `sales_refunded_aggregated` (
  `id` int(10) unsigned NOT NULL AUTO_INCREMENT COMMENT 'ID',
  `period` date DEFAULT NULL COMMENT 'Period',
  `store_id` smallint(5) unsigned DEFAULT NULL COMMENT 'Store ID',
  `order_status` varchar(50) NOT NULL COMMENT 'Order Status',
  `orders_count` int(11) NOT NULL DEFAULT '0' COMMENT 'Orders Count',
  `refunded` decimal(20,4) DEFAULT NULL COMMENT 'Refunded',
  `online_refunded` decimal(20,4) DEFAULT NULL COMMENT 'Online Refunded',
  `offline_refunded` decimal(20,4) DEFAULT NULL COMMENT 'Offline Refunded',
  PRIMARY KEY (`id`),
  UNIQUE KEY `SALES_REFUNDED_AGGREGATED_PERIOD_STORE_ID_ORDER_STATUS` (`period`,`store_id`,`order_status`),
  KEY `SALES_REFUNDED_AGGREGATED_STORE_ID` (`store_id`),
  CONSTRAINT `SALES_REFUNDED_AGGREGATED_STORE_ID_STORE_STORE_ID` FOREIGN KEY (`store_id`) REFERENCES `store` (`store_id`) ON DELETE SET NULL
) ENGINE=InnoDB DEFAULT CHARSET=utf8 COMMENT='Sales Refunded Aggregated';

--
-- Dumping data for table `sales_refunded_aggregated`
--


--
-- Table structure for table `sales_refunded_aggregated_order`
--

CREATE TABLE `sales_refunded_aggregated_order` (
  `id` int(10) unsigned NOT NULL AUTO_INCREMENT COMMENT 'ID',
  `period` date DEFAULT NULL COMMENT 'Period',
  `store_id` smallint(5) unsigned DEFAULT NULL COMMENT 'Store ID',
  `order_status` varchar(50) DEFAULT NULL COMMENT 'Order Status',
  `orders_count` int(11) NOT NULL DEFAULT '0' COMMENT 'Orders Count',
  `refunded` decimal(20,4) DEFAULT NULL COMMENT 'Refunded',
  `online_refunded` decimal(20,4) DEFAULT NULL COMMENT 'Online Refunded',
  `offline_refunded` decimal(20,4) DEFAULT NULL COMMENT 'Offline Refunded',
  PRIMARY KEY (`id`),
  UNIQUE KEY `SALES_REFUNDED_AGGREGATED_ORDER_PERIOD_STORE_ID_ORDER_STATUS` (`period`,`store_id`,`order_status`),
  KEY `SALES_REFUNDED_AGGREGATED_ORDER_STORE_ID` (`store_id`),
  CONSTRAINT `SALES_REFUNDED_AGGREGATED_ORDER_STORE_ID_STORE_STORE_ID` FOREIGN KEY (`store_id`) REFERENCES `store` (`store_id`) ON DELETE SET NULL
) ENGINE=InnoDB DEFAULT CHARSET=utf8 COMMENT='Sales Refunded Aggregated Order';

--
-- Dumping data for table `sales_refunded_aggregated_order`
--


--
-- Table structure for table `sales_sequence_meta`
--

CREATE TABLE `sales_sequence_meta` (
  `meta_id` int(10) unsigned NOT NULL AUTO_INCREMENT COMMENT 'ID',
  `entity_type` varchar(32) NOT NULL COMMENT 'Prefix',
  `store_id` smallint(5) unsigned NOT NULL COMMENT 'Store ID',
  `sequence_table` varchar(64) NOT NULL COMMENT 'table for sequence',
  PRIMARY KEY (`meta_id`),
  UNIQUE KEY `SALES_SEQUENCE_META_ENTITY_TYPE_STORE_ID` (`entity_type`,`store_id`)
) ENGINE=InnoDB AUTO_INCREMENT=165 DEFAULT CHARSET=utf8 COMMENT='sales_sequence_meta';

--
-- Dumping data for table `sales_sequence_meta`
--

INSERT INTO `sales_sequence_meta` VALUES (1,'order',0,'sequence_order_0'),(2,'invoice',0,'sequence_invoice_0'),(3,'creditmemo',0,'sequence_creditmemo_0'),(4,'shipment',0,'sequence_shipment_0'),(5,'order',1,'sequence_order_1'),(6,'invoice',1,'sequence_invoice_1'),(7,'creditmemo',1,'sequence_creditmemo_1'),(8,'shipment',1,'sequence_shipment_1'),(13,'order',3,'sequence_order_3'),(14,'invoice',3,'sequence_invoice_3'),(15,'creditmemo',3,'sequence_creditmemo_3'),(16,'shipment',3,'sequence_shipment_3'),(17,'order',4,'sequence_order_4'),(18,'invoice',4,'sequence_invoice_4'),(19,'creditmemo',4,'sequence_creditmemo_4'),(20,'shipment',4,'sequence_shipment_4'),(21,'order',5,'sequence_order_5'),(22,'invoice',5,'sequence_invoice_5'),(23,'creditmemo',5,'sequence_creditmemo_5'),(24,'shipment',5,'sequence_shipment_5'),(25,'order',6,'sequence_order_6'),(26,'invoice',6,'sequence_invoice_6'),(27,'creditmemo',6,'sequence_creditmemo_6'),(28,'shipment',6,'sequence_shipment_6'),(29,'order',7,'sequence_order_7'),(30,'invoice',7,'sequence_invoice_7'),(31,'creditmemo',7,'sequence_creditmemo_7'),(32,'shipment',7,'sequence_shipment_7'),(33,'order',8,'sequence_order_8'),(34,'invoice',8,'sequence_invoice_8'),(35,'creditmemo',8,'sequence_creditmemo_8'),(36,'shipment',8,'sequence_shipment_8'),(37,'order',9,'sequence_order_9'),(38,'invoice',9,'sequence_invoice_9'),(39,'creditmemo',9,'sequence_creditmemo_9'),(40,'shipment',9,'sequence_shipment_9'),(41,'order',10,'sequence_order_10'),(42,'invoice',10,'sequence_invoice_10'),(43,'creditmemo',10,'sequence_creditmemo_10'),(44,'shipment',10,'sequence_shipment_10'),(45,'order',11,'sequence_order_11'),(46,'invoice',11,'sequence_invoice_11'),(47,'creditmemo',11,'sequence_creditmemo_11'),(48,'shipment',11,'sequence_shipment_11'),(49,'order',12,'sequence_order_12'),(50,'invoice',12,'sequence_invoice_12'),(51,'creditmemo',12,'sequence_creditmemo_12'),(52,'shipment',12,'sequence_shipment_12'),(53,'order',13,'sequence_order_13'),(54,'invoice',13,'sequence_invoice_13'),(55,'creditmemo',13,'sequence_creditmemo_13'),(56,'shipment',13,'sequence_shipment_13'),(57,'order',14,'sequence_order_14'),(58,'invoice',14,'sequence_invoice_14'),(59,'creditmemo',14,'sequence_creditmemo_14'),(60,'shipment',14,'sequence_shipment_14'),(61,'order',15,'sequence_order_15'),(62,'invoice',15,'sequence_invoice_15'),(63,'creditmemo',15,'sequence_creditmemo_15'),(64,'shipment',15,'sequence_shipment_15'),(65,'order',16,'sequence_order_16'),(66,'invoice',16,'sequence_invoice_16'),(67,'creditmemo',16,'sequence_creditmemo_16'),(68,'shipment',16,'sequence_shipment_16'),(69,'order',17,'sequence_order_17'),(70,'invoice',17,'sequence_invoice_17'),(71,'creditmemo',17,'sequence_creditmemo_17'),(72,'shipment',17,'sequence_shipment_17'),(73,'order',18,'sequence_order_18'),(74,'invoice',18,'sequence_invoice_18'),(75,'creditmemo',18,'sequence_creditmemo_18'),(76,'shipment',18,'sequence_shipment_18'),(77,'order',20,'sequence_order_20'),(78,'invoice',20,'sequence_invoice_20'),(79,'creditmemo',20,'sequence_creditmemo_20'),(80,'shipment',20,'sequence_shipment_20'),(81,'order',21,'sequence_order_21'),(82,'invoice',21,'sequence_invoice_21'),(83,'creditmemo',21,'sequence_creditmemo_21'),(84,'shipment',21,'sequence_shipment_21'),(85,'order',22,'sequence_order_22'),(86,'invoice',22,'sequence_invoice_22'),(87,'creditmemo',22,'sequence_creditmemo_22'),(88,'shipment',22,'sequence_shipment_22'),(89,'order',23,'sequence_order_23'),(90,'invoice',23,'sequence_invoice_23'),(91,'creditmemo',23,'sequence_creditmemo_23'),(92,'shipment',23,'sequence_shipment_23'),(93,'order',24,'sequence_order_24'),(94,'invoice',24,'sequence_invoice_24'),(95,'creditmemo',24,'sequence_creditmemo_24'),(96,'shipment',24,'sequence_shipment_24'),(97,'order',25,'sequence_order_25'),(98,'invoice',25,'sequence_invoice_25'),(99,'creditmemo',25,'sequence_creditmemo_25'),(100,'shipment',25,'sequence_shipment_25'),(101,'order',26,'sequence_order_26'),(102,'invoice',26,'sequence_invoice_26'),(103,'creditmemo',26,'sequence_creditmemo_26'),(104,'shipment',26,'sequence_shipment_26'),(105,'order',27,'sequence_order_27'),(106,'invoice',27,'sequence_invoice_27'),(107,'creditmemo',27,'sequence_creditmemo_27'),(108,'shipment',27,'sequence_shipment_27'),(109,'order',28,'sequence_order_28'),(110,'invoice',28,'sequence_invoice_28'),(111,'creditmemo',28,'sequence_creditmemo_28'),(112,'shipment',28,'sequence_shipment_28'),(113,'order',29,'sequence_order_29'),(114,'invoice',29,'sequence_invoice_29'),(115,'creditmemo',29,'sequence_creditmemo_29'),(116,'shipment',29,'sequence_shipment_29'),(117,'order',30,'sequence_order_30'),(118,'invoice',30,'sequence_invoice_30'),(119,'creditmemo',30,'sequence_creditmemo_30'),(120,'shipment',30,'sequence_shipment_30'),(121,'order',31,'sequence_order_31'),(122,'invoice',31,'sequence_invoice_31'),(123,'creditmemo',31,'sequence_creditmemo_31'),(124,'shipment',31,'sequence_shipment_31'),(125,'order',32,'sequence_order_32'),(126,'invoice',32,'sequence_invoice_32'),(127,'creditmemo',32,'sequence_creditmemo_32'),(128,'shipment',32,'sequence_shipment_32'),(129,'order',33,'sequence_order_33'),(130,'invoice',33,'sequence_invoice_33'),(131,'creditmemo',33,'sequence_creditmemo_33'),(132,'shipment',33,'sequence_shipment_33'),(133,'order',34,'sequence_order_34'),(134,'invoice',34,'sequence_invoice_34'),(135,'creditmemo',34,'sequence_creditmemo_34'),(136,'shipment',34,'sequence_shipment_34'),(137,'order',35,'sequence_order_35'),(138,'invoice',35,'sequence_invoice_35'),(139,'creditmemo',35,'sequence_creditmemo_35'),(140,'shipment',35,'sequence_shipment_35'),(141,'order',36,'sequence_order_36'),(142,'invoice',36,'sequence_invoice_36'),(143,'creditmemo',36,'sequence_creditmemo_36'),(144,'shipment',36,'sequence_shipment_36'),(145,'order',37,'sequence_order_37'),(146,'invoice',37,'sequence_invoice_37'),(147,'creditmemo',37,'sequence_creditmemo_37'),(148,'shipment',37,'sequence_shipment_37'),(149,'order',38,'sequence_order_38'),(150,'invoice',38,'sequence_invoice_38'),(151,'creditmemo',38,'sequence_creditmemo_38'),(152,'shipment',38,'sequence_shipment_38'),(153,'order',39,'sequence_order_39'),(154,'invoice',39,'sequence_invoice_39'),(155,'creditmemo',39,'sequence_creditmemo_39'),(156,'shipment',39,'sequence_shipment_39'),(157,'order',40,'sequence_order_40'),(158,'invoice',40,'sequence_invoice_40'),(159,'creditmemo',40,'sequence_creditmemo_40'),(160,'shipment',40,'sequence_shipment_40'),(161,'order',41,'sequence_order_41'),(162,'invoice',41,'sequence_invoice_41'),(163,'creditmemo',41,'sequence_creditmemo_41'),(164,'shipment',41,'sequence_shipment_41');

--
-- Table structure for table `sales_sequence_profile`
--

CREATE TABLE `sales_sequence_profile` (
  `profile_id` int(10) unsigned NOT NULL AUTO_INCREMENT COMMENT 'ID',
  `meta_id` int(10) unsigned NOT NULL COMMENT 'Meta_id',
  `prefix` varchar(32) DEFAULT NULL COMMENT 'Prefix',
  `suffix` varchar(32) DEFAULT NULL COMMENT 'Suffix',
  `start_value` int(10) unsigned NOT NULL DEFAULT '1' COMMENT 'Start value for sequence',
  `step` int(10) unsigned NOT NULL DEFAULT '1' COMMENT 'Step for sequence',
  `max_value` int(10) unsigned NOT NULL COMMENT 'MaxValue for sequence',
  `warning_value` int(10) unsigned NOT NULL COMMENT 'WarningValue for sequence',
  `is_active` tinyint(1) NOT NULL DEFAULT '0' COMMENT 'isActive flag',
  PRIMARY KEY (`profile_id`),
  UNIQUE KEY `SALES_SEQUENCE_PROFILE_META_ID_PREFIX_SUFFIX` (`meta_id`,`prefix`,`suffix`),
  CONSTRAINT `SALES_SEQUENCE_PROFILE_META_ID_SALES_SEQUENCE_META_META_ID` FOREIGN KEY (`meta_id`) REFERENCES `sales_sequence_meta` (`meta_id`) ON DELETE CASCADE
) ENGINE=InnoDB AUTO_INCREMENT=165 DEFAULT CHARSET=utf8 COMMENT='sales_sequence_profile';

--
-- Dumping data for table `sales_sequence_profile`
--

INSERT INTO `sales_sequence_profile` VALUES (1,1,NULL,NULL,1,1,0,0,1),(2,2,NULL,NULL,1,1,0,0,1),(3,3,NULL,NULL,1,1,0,0,1),(4,4,NULL,NULL,1,1,0,0,1),(5,5,NULL,NULL,1,1,0,0,1),(6,6,NULL,NULL,1,1,0,0,1),(7,7,NULL,NULL,1,1,0,0,1),(8,8,NULL,NULL,1,1,0,0,1),(13,13,'3',NULL,1,1,0,0,1),(14,14,'3',NULL,1,1,0,0,1),(15,15,'3',NULL,1,1,0,0,1),(16,16,'3',NULL,1,1,0,0,1),(17,17,'4',NULL,1,1,0,0,1),(18,18,'4',NULL,1,1,0,0,1),(19,19,'4',NULL,1,1,0,0,1),(20,20,'4',NULL,1,1,0,0,1),(21,21,'5',NULL,1,1,0,0,1),(22,22,'5',NULL,1,1,0,0,1),(23,23,'5',NULL,1,1,0,0,1),(24,24,'5',NULL,1,1,0,0,1),(25,25,'6',NULL,1,1,0,0,1),(26,26,'6',NULL,1,1,0,0,1),(27,27,'6',NULL,1,1,0,0,1),(28,28,'6',NULL,1,1,0,0,1),(29,29,'7',NULL,1,1,0,0,1),(30,30,'7',NULL,1,1,0,0,1),(31,31,'7',NULL,1,1,0,0,1),(32,32,'7',NULL,1,1,0,0,1),(33,33,'8',NULL,1,1,0,0,1),(34,34,'8',NULL,1,1,0,0,1),(35,35,'8',NULL,1,1,0,0,1),(36,36,'8',NULL,1,1,0,0,1),(37,37,'9',NULL,1,1,0,0,1),(38,38,'9',NULL,1,1,0,0,1),(39,39,'9',NULL,1,1,0,0,1),(40,40,'9',NULL,1,1,0,0,1),(41,41,'10',NULL,1,1,0,0,1),(42,42,'10',NULL,1,1,0,0,1),(43,43,'10',NULL,1,1,0,0,1),(44,44,'10',NULL,1,1,0,0,1),(45,45,'11',NULL,1,1,0,0,1),(46,46,'11',NULL,1,1,0,0,1),(47,47,'11',NULL,1,1,0,0,1),(48,48,'11',NULL,1,1,0,0,1),(49,49,'12',NULL,1,1,0,0,1),(50,50,'12',NULL,1,1,0,0,1),(51,51,'12',NULL,1,1,0,0,1),(52,52,'12',NULL,1,1,0,0,1),(53,53,'13',NULL,1,1,0,0,1),(54,54,'13',NULL,1,1,0,0,1),(55,55,'13',NULL,1,1,0,0,1),(56,56,'13',NULL,1,1,0,0,1),(57,57,'14',NULL,1,1,0,0,1),(58,58,'14',NULL,1,1,0,0,1),(59,59,'14',NULL,1,1,0,0,1),(60,60,'14',NULL,1,1,0,0,1),(61,61,'15',NULL,1,1,0,0,1),(62,62,'15',NULL,1,1,0,0,1),(63,63,'15',NULL,1,1,0,0,1),(64,64,'15',NULL,1,1,0,0,1),(65,65,'16',NULL,1,1,0,0,1),(66,66,'16',NULL,1,1,0,0,1),(67,67,'16',NULL,1,1,0,0,1),(68,68,'16',NULL,1,1,0,0,1),(69,69,'17',NULL,1,1,0,0,1),(70,70,'17',NULL,1,1,0,0,1),(71,71,'17',NULL,1,1,0,0,1),(72,72,'17',NULL,1,1,0,0,1),(73,73,'18',NULL,1,1,0,0,1),(74,74,'18',NULL,1,1,0,0,1),(75,75,'18',NULL,1,1,0,0,1),(76,76,'18',NULL,1,1,0,0,1),(77,77,'20',NULL,1,1,0,0,1),(78,78,'20',NULL,1,1,0,0,1),(79,79,'20',NULL,1,1,0,0,1),(80,80,'20',NULL,1,1,0,0,1),(81,81,'21',NULL,1,1,0,0,1),(82,82,'21',NULL,1,1,0,0,1),(83,83,'21',NULL,1,1,0,0,1),(84,84,'21',NULL,1,1,0,0,1),(85,85,'22',NULL,1,1,0,0,1),(86,86,'22',NULL,1,1,0,0,1),(87,87,'22',NULL,1,1,0,0,1),(88,88,'22',NULL,1,1,0,0,1),(89,89,'23',NULL,1,1,0,0,1),(90,90,'23',NULL,1,1,0,0,1),(91,91,'23',NULL,1,1,0,0,1),(92,92,'23',NULL,1,1,0,0,1),(93,93,'24',NULL,1,1,0,0,1),(94,94,'24',NULL,1,1,0,0,1),(95,95,'24',NULL,1,1,0,0,1),(96,96,'24',NULL,1,1,0,0,1),(97,97,'25',NULL,1,1,0,0,1),(98,98,'25',NULL,1,1,0,0,1),(99,99,'25',NULL,1,1,0,0,1),(100,100,'25',NULL,1,1,0,0,1),(101,101,'26',NULL,1,1,0,0,1),(102,102,'26',NULL,1,1,0,0,1),(103,103,'26',NULL,1,1,0,0,1),(104,104,'26',NULL,1,1,0,0,1),(105,105,'27',NULL,1,1,0,0,1),(106,106,'27',NULL,1,1,0,0,1),(107,107,'27',NULL,1,1,0,0,1),(108,108,'27',NULL,1,1,0,0,1),(109,109,'28',NULL,1,1,0,0,1),(110,110,'28',NULL,1,1,0,0,1),(111,111,'28',NULL,1,1,0,0,1),(112,112,'28',NULL,1,1,0,0,1),(113,113,'29',NULL,1,1,0,0,1),(114,114,'29',NULL,1,1,0,0,1),(115,115,'29',NULL,1,1,0,0,1),(116,116,'29',NULL,1,1,0,0,1),(117,117,'30',NULL,1,1,4294967295,4294966295,1),(118,118,'30',NULL,1,1,4294967295,4294966295,1),(119,119,'30',NULL,1,1,4294967295,4294966295,1),(120,120,'30',NULL,1,1,4294967295,4294966295,1),(121,121,'31',NULL,1,1,4294967295,4294966295,1),(122,122,'31',NULL,1,1,4294967295,4294966295,1),(123,123,'31',NULL,1,1,4294967295,4294966295,1),(124,124,'31',NULL,1,1,4294967295,4294966295,1),(125,125,'32',NULL,1,1,4294967295,4294966295,1),(126,126,'32',NULL,1,1,4294967295,4294966295,1),(127,127,'32',NULL,1,1,4294967295,4294966295,1),(128,128,'32',NULL,1,1,4294967295,4294966295,1),(129,129,'33',NULL,1,1,4294967295,4294966295,1),(130,130,'33',NULL,1,1,4294967295,4294966295,1),(131,131,'33',NULL,1,1,4294967295,4294966295,1),(132,132,'33',NULL,1,1,4294967295,4294966295,1),(133,133,'34',NULL,1,1,4294967295,4294966295,1),(134,134,'34',NULL,1,1,4294967295,4294966295,1),(135,135,'34',NULL,1,1,4294967295,4294966295,1),(136,136,'34',NULL,1,1,4294967295,4294966295,1),(137,137,'35',NULL,1,1,4294967295,4294966295,1),(138,138,'35',NULL,1,1,4294967295,4294966295,1),(139,139,'35',NULL,1,1,4294967295,4294966295,1),(140,140,'35',NULL,1,1,4294967295,4294966295,1),(141,141,'36',NULL,1,1,4294967295,4294966295,1),(142,142,'36',NULL,1,1,4294967295,4294966295,1),(143,143,'36',NULL,1,1,4294967295,4294966295,1),(144,144,'36',NULL,1,1,4294967295,4294966295,1),(145,145,'37',NULL,1,1,4294967295,4294966295,1),(146,146,'37',NULL,1,1,4294967295,4294966295,1),(147,147,'37',NULL,1,1,4294967295,4294966295,1),(148,148,'37',NULL,1,1,4294967295,4294966295,1),(149,149,'38',NULL,1,1,4294967295,4294966295,1),(150,150,'38',NULL,1,1,4294967295,4294966295,1),(151,151,'38',NULL,1,1,4294967295,4294966295,1),(152,152,'38',NULL,1,1,4294967295,4294966295,1),(153,153,'39',NULL,1,1,4294967295,4294966295,1),(154,154,'39',NULL,1,1,4294967295,4294966295,1),(155,155,'39',NULL,1,1,4294967295,4294966295,1),(156,156,'39',NULL,1,1,4294967295,4294966295,1),(157,157,'40',NULL,1,1,4294967295,4294966295,1),(158,158,'40',NULL,1,1,4294967295,4294966295,1),(159,159,'40',NULL,1,1,4294967295,4294966295,1),(160,160,'40',NULL,1,1,4294967295,4294966295,1),(161,161,'41',NULL,1,1,4294967295,4294966295,1),(162,162,'41',NULL,1,1,4294967295,4294966295,1),(163,163,'41',NULL,1,1,4294967295,4294966295,1),(164,164,'41',NULL,1,1,4294967295,4294966295,1);

--
-- Table structure for table `sales_shipment`
--

CREATE TABLE `sales_shipment` (
  `entity_id` int(10) unsigned NOT NULL AUTO_INCREMENT COMMENT 'Entity ID',
  `store_id` smallint(5) unsigned DEFAULT NULL COMMENT 'Store ID',
  `total_weight` decimal(12,4) DEFAULT NULL COMMENT 'Total Weight',
  `total_qty` decimal(12,4) DEFAULT NULL COMMENT 'Total Qty',
  `email_sent` smallint(5) unsigned DEFAULT NULL COMMENT 'Email Sent',
  `send_email` smallint(5) unsigned DEFAULT NULL COMMENT 'Send Email',
  `order_id` int(10) unsigned NOT NULL COMMENT 'Order ID',
  `customer_id` int(11) DEFAULT NULL COMMENT 'Customer ID',
  `shipping_address_id` int(11) DEFAULT NULL COMMENT 'Shipping Address ID',
  `billing_address_id` int(11) DEFAULT NULL COMMENT 'Billing Address ID',
  `shipment_status` int(11) DEFAULT NULL COMMENT 'Shipment Status',
  `increment_id` varchar(50) DEFAULT NULL COMMENT 'Increment ID',
  `created_at` timestamp NOT NULL DEFAULT CURRENT_TIMESTAMP COMMENT 'Created At',
  `updated_at` timestamp NOT NULL DEFAULT CURRENT_TIMESTAMP ON UPDATE CURRENT_TIMESTAMP COMMENT 'Updated At',
  `packages` text COMMENT 'Packed Products in Packages',
  `shipping_label` mediumblob COMMENT 'Shipping Label Content',
  `customer_note` text COMMENT 'Customer Note',
  `customer_note_notify` smallint(5) unsigned DEFAULT NULL COMMENT 'Customer Note Notify',
  PRIMARY KEY (`entity_id`),
  UNIQUE KEY `SALES_SHIPMENT_INCREMENT_ID_STORE_ID` (`increment_id`,`store_id`),
  KEY `SALES_SHIPMENT_STORE_ID` (`store_id`),
  KEY `SALES_SHIPMENT_TOTAL_QTY` (`total_qty`),
  KEY `SALES_SHIPMENT_ORDER_ID` (`order_id`),
  KEY `SALES_SHIPMENT_CREATED_AT` (`created_at`),
  KEY `SALES_SHIPMENT_UPDATED_AT` (`updated_at`),
  KEY `SALES_SHIPMENT_SEND_EMAIL` (`send_email`),
  KEY `SALES_SHIPMENT_EMAIL_SENT` (`email_sent`),
  CONSTRAINT `SALES_SHIPMENT_ORDER_ID_SALES_ORDER_ENTITY_ID` FOREIGN KEY (`order_id`) REFERENCES `sales_order` (`entity_id`) ON DELETE CASCADE,
  CONSTRAINT `SALES_SHIPMENT_STORE_ID_STORE_STORE_ID` FOREIGN KEY (`store_id`) REFERENCES `store` (`store_id`) ON DELETE SET NULL
) ENGINE=InnoDB DEFAULT CHARSET=utf8 COMMENT='Sales Flat Shipment';

--
-- Dumping data for table `sales_shipment`
--


--
-- Table structure for table `sales_shipment_comment`
--

CREATE TABLE `sales_shipment_comment` (
  `entity_id` int(10) unsigned NOT NULL AUTO_INCREMENT COMMENT 'Entity ID',
  `parent_id` int(10) unsigned NOT NULL COMMENT 'Parent ID',
  `is_customer_notified` int(11) DEFAULT NULL COMMENT 'Is Customer Notified',
  `is_visible_on_front` smallint(5) unsigned NOT NULL DEFAULT '0' COMMENT 'Is Visible On Front',
  `comment` text COMMENT 'Comment',
  `created_at` timestamp NOT NULL DEFAULT CURRENT_TIMESTAMP COMMENT 'Created At',
  PRIMARY KEY (`entity_id`),
  KEY `SALES_SHIPMENT_COMMENT_CREATED_AT` (`created_at`),
  KEY `SALES_SHIPMENT_COMMENT_PARENT_ID` (`parent_id`),
  CONSTRAINT `SALES_SHIPMENT_COMMENT_PARENT_ID_SALES_SHIPMENT_ENTITY_ID` FOREIGN KEY (`parent_id`) REFERENCES `sales_shipment` (`entity_id`) ON DELETE CASCADE
) ENGINE=InnoDB DEFAULT CHARSET=utf8 COMMENT='Sales Flat Shipment Comment';

--
-- Dumping data for table `sales_shipment_comment`
--


--
-- Table structure for table `sales_shipment_grid`
--

CREATE TABLE `sales_shipment_grid` (
  `entity_id` int(10) unsigned NOT NULL COMMENT 'Entity ID',
  `increment_id` varchar(50) DEFAULT NULL COMMENT 'Increment ID',
  `store_id` smallint(5) unsigned DEFAULT NULL COMMENT 'Store ID',
  `order_increment_id` varchar(32) NOT NULL COMMENT 'Order Increment ID',
  `order_id` int(10) unsigned NOT NULL COMMENT 'Order ID',
  `order_created_at` timestamp NOT NULL DEFAULT CURRENT_TIMESTAMP ON UPDATE CURRENT_TIMESTAMP COMMENT 'Order Increment ID',
  `customer_name` varchar(128) NOT NULL COMMENT 'Customer Name',
  `total_qty` decimal(12,4) DEFAULT NULL COMMENT 'Total Qty',
  `shipment_status` int(11) DEFAULT NULL COMMENT 'Shipment Status',
  `order_status` varchar(32) DEFAULT NULL COMMENT 'Order',
  `billing_address` varchar(255) DEFAULT NULL COMMENT 'Billing Address',
  `shipping_address` varchar(255) DEFAULT NULL COMMENT 'Shipping Address',
  `billing_name` varchar(128) DEFAULT NULL COMMENT 'Billing Name',
  `shipping_name` varchar(128) DEFAULT NULL COMMENT 'Shipping Name',
  `customer_email` varchar(128) DEFAULT NULL COMMENT 'Customer Email',
  `customer_group_id` int(11) DEFAULT NULL,
  `payment_method` varchar(32) DEFAULT NULL COMMENT 'Payment Method',
  `shipping_information` varchar(255) DEFAULT NULL COMMENT 'Shipping Method Name',
  `created_at` timestamp NULL DEFAULT NULL COMMENT 'Created At',
  `updated_at` timestamp NULL DEFAULT NULL COMMENT 'Updated At',
  PRIMARY KEY (`entity_id`),
  UNIQUE KEY `SALES_SHIPMENT_GRID_INCREMENT_ID_STORE_ID` (`increment_id`,`store_id`),
  KEY `SALES_SHIPMENT_GRID_STORE_ID` (`store_id`),
  KEY `SALES_SHIPMENT_GRID_TOTAL_QTY` (`total_qty`),
  KEY `SALES_SHIPMENT_GRID_ORDER_INCREMENT_ID` (`order_increment_id`),
  KEY `SALES_SHIPMENT_GRID_SHIPMENT_STATUS` (`shipment_status`),
  KEY `SALES_SHIPMENT_GRID_ORDER_STATUS` (`order_status`),
  KEY `SALES_SHIPMENT_GRID_CREATED_AT` (`created_at`),
  KEY `SALES_SHIPMENT_GRID_UPDATED_AT` (`updated_at`),
  KEY `SALES_SHIPMENT_GRID_ORDER_CREATED_AT` (`order_created_at`),
  KEY `SALES_SHIPMENT_GRID_SHIPPING_NAME` (`shipping_name`),
  KEY `SALES_SHIPMENT_GRID_BILLING_NAME` (`billing_name`),
  FULLTEXT KEY `FTI_086B40C8955F167B8EA76653437879B4` (`increment_id`,`order_increment_id`,`shipping_name`,`customer_name`,`customer_email`,`billing_address`,`shipping_address`)
) ENGINE=InnoDB DEFAULT CHARSET=utf8 COMMENT='Sales Flat Shipment Grid';

--
-- Dumping data for table `sales_shipment_grid`
--


--
-- Table structure for table `sales_shipment_item`
--

CREATE TABLE `sales_shipment_item` (
  `entity_id` int(10) unsigned NOT NULL AUTO_INCREMENT COMMENT 'Entity ID',
  `parent_id` int(10) unsigned NOT NULL COMMENT 'Parent ID',
  `row_total` decimal(20,4) DEFAULT NULL COMMENT 'Row Total',
  `price` decimal(20,4) DEFAULT NULL COMMENT 'Price',
  `weight` decimal(12,4) DEFAULT NULL COMMENT 'Weight',
  `qty` decimal(12,4) DEFAULT NULL COMMENT 'Qty',
  `product_id` int(11) DEFAULT NULL COMMENT 'Product ID',
  `order_item_id` int(11) DEFAULT NULL COMMENT 'Order Item ID',
  `additional_data` text COMMENT 'Additional Data',
  `description` text COMMENT 'Description',
  `name` varchar(255) DEFAULT NULL COMMENT 'Name',
  `sku` varchar(255) DEFAULT NULL COMMENT 'Sku',
  PRIMARY KEY (`entity_id`),
  KEY `SALES_SHIPMENT_ITEM_PARENT_ID` (`parent_id`),
  CONSTRAINT `SALES_SHIPMENT_ITEM_PARENT_ID_SALES_SHIPMENT_ENTITY_ID` FOREIGN KEY (`parent_id`) REFERENCES `sales_shipment` (`entity_id`) ON DELETE CASCADE
) ENGINE=InnoDB DEFAULT CHARSET=utf8 COMMENT='Sales Flat Shipment Item';

--
-- Dumping data for table `sales_shipment_item`
--


--
-- Table structure for table `sales_shipment_track`
--

CREATE TABLE `sales_shipment_track` (
  `entity_id` int(10) unsigned NOT NULL AUTO_INCREMENT COMMENT 'Entity ID',
  `parent_id` int(10) unsigned NOT NULL COMMENT 'Parent ID',
  `weight` decimal(12,4) DEFAULT NULL COMMENT 'Weight',
  `qty` decimal(12,4) DEFAULT NULL COMMENT 'Qty',
  `order_id` int(10) unsigned NOT NULL COMMENT 'Order ID',
  `track_number` text COMMENT 'Number',
  `description` text COMMENT 'Description',
  `title` varchar(255) DEFAULT NULL COMMENT 'Title',
  `carrier_code` varchar(32) DEFAULT NULL COMMENT 'Carrier Code',
  `created_at` timestamp NOT NULL DEFAULT CURRENT_TIMESTAMP COMMENT 'Created At',
  `updated_at` timestamp NOT NULL DEFAULT CURRENT_TIMESTAMP ON UPDATE CURRENT_TIMESTAMP COMMENT 'Updated At',
  PRIMARY KEY (`entity_id`),
  KEY `SALES_SHIPMENT_TRACK_PARENT_ID` (`parent_id`),
  KEY `SALES_SHIPMENT_TRACK_ORDER_ID` (`order_id`),
  KEY `SALES_SHIPMENT_TRACK_CREATED_AT` (`created_at`),
  CONSTRAINT `SALES_SHIPMENT_TRACK_PARENT_ID_SALES_SHIPMENT_ENTITY_ID` FOREIGN KEY (`parent_id`) REFERENCES `sales_shipment` (`entity_id`) ON DELETE CASCADE
) ENGINE=InnoDB DEFAULT CHARSET=utf8 COMMENT='Sales Flat Shipment Track';

--
-- Dumping data for table `sales_shipment_track`
--


--
-- Table structure for table `sales_shipping_aggregated`
--

CREATE TABLE `sales_shipping_aggregated` (
  `id` int(10) unsigned NOT NULL AUTO_INCREMENT COMMENT 'ID',
  `period` date DEFAULT NULL COMMENT 'Period',
  `store_id` smallint(5) unsigned DEFAULT NULL COMMENT 'Store ID',
  `order_status` varchar(50) DEFAULT NULL COMMENT 'Order Status',
  `shipping_description` varchar(255) DEFAULT NULL COMMENT 'Shipping Description',
  `orders_count` int(11) NOT NULL DEFAULT '0' COMMENT 'Orders Count',
  `total_shipping` decimal(20,4) DEFAULT NULL COMMENT 'Total Shipping',
  `total_shipping_actual` decimal(20,4) DEFAULT NULL COMMENT 'Total Shipping Actual',
  PRIMARY KEY (`id`),
  UNIQUE KEY `SALES_SHPP_AGGRED_PERIOD_STORE_ID_ORDER_STS_SHPP_DESCRIPTION` (`period`,`store_id`,`order_status`,`shipping_description`),
  KEY `SALES_SHIPPING_AGGREGATED_STORE_ID` (`store_id`),
  CONSTRAINT `SALES_SHIPPING_AGGREGATED_STORE_ID_STORE_STORE_ID` FOREIGN KEY (`store_id`) REFERENCES `store` (`store_id`) ON DELETE SET NULL
) ENGINE=InnoDB DEFAULT CHARSET=utf8 COMMENT='Sales Shipping Aggregated';

--
-- Dumping data for table `sales_shipping_aggregated`
--


--
-- Table structure for table `sales_shipping_aggregated_order`
--

CREATE TABLE `sales_shipping_aggregated_order` (
  `id` int(10) unsigned NOT NULL AUTO_INCREMENT COMMENT 'ID',
  `period` date DEFAULT NULL COMMENT 'Period',
  `store_id` smallint(5) unsigned DEFAULT NULL COMMENT 'Store ID',
  `order_status` varchar(50) DEFAULT NULL COMMENT 'Order Status',
  `shipping_description` varchar(255) DEFAULT NULL COMMENT 'Shipping Description',
  `orders_count` int(11) NOT NULL DEFAULT '0' COMMENT 'Orders Count',
  `total_shipping` decimal(20,4) DEFAULT NULL COMMENT 'Total Shipping',
  `total_shipping_actual` decimal(20,4) DEFAULT NULL COMMENT 'Total Shipping Actual',
  PRIMARY KEY (`id`),
  UNIQUE KEY `UNQ_C05FAE47282EEA68654D0924E946761F` (`period`,`store_id`,`order_status`,`shipping_description`),
  KEY `SALES_SHIPPING_AGGREGATED_ORDER_STORE_ID` (`store_id`),
  CONSTRAINT `SALES_SHIPPING_AGGREGATED_ORDER_STORE_ID_STORE_STORE_ID` FOREIGN KEY (`store_id`) REFERENCES `store` (`store_id`) ON DELETE SET NULL
) ENGINE=InnoDB DEFAULT CHARSET=utf8 COMMENT='Sales Shipping Aggregated Order';

--
-- Dumping data for table `sales_shipping_aggregated_order`
--


--
-- Table structure for table `salesrule`
--

CREATE TABLE `salesrule` (
  `rule_id` int(10) unsigned NOT NULL AUTO_INCREMENT COMMENT 'Entity ID',
  `name` varchar(255) DEFAULT NULL COMMENT 'Name',
  `description` text COMMENT 'Description',
  `from_date` date DEFAULT NULL COMMENT 'From',
  `to_date` date DEFAULT NULL COMMENT 'To',
  `uses_per_customer` int(11) NOT NULL DEFAULT '0' COMMENT 'Uses Per Customer',
  `is_active` smallint(6) NOT NULL DEFAULT '0' COMMENT 'Is Active',
  `conditions_serialized` mediumtext COMMENT 'Conditions Serialized',
  `actions_serialized` mediumtext COMMENT 'Actions Serialized',
  `stop_rules_processing` smallint(6) NOT NULL DEFAULT '1' COMMENT 'Stop Rules Processing',
  `is_advanced` smallint(5) unsigned NOT NULL DEFAULT '1' COMMENT 'Is Advanced',
  `product_ids` text COMMENT 'Product Ids',
  `sort_order` int(10) unsigned NOT NULL DEFAULT '0' COMMENT 'Sort Order',
  `simple_action` varchar(32) DEFAULT NULL COMMENT 'Simple Action',
  `discount_amount` decimal(12,4) NOT NULL DEFAULT '0.0000' COMMENT 'Discount Amount',
  `discount_qty` decimal(12,4) DEFAULT NULL COMMENT 'Discount Qty',
  `discount_step` int(10) unsigned NOT NULL DEFAULT '0' COMMENT 'Discount Step',
  `apply_to_shipping` smallint(5) unsigned NOT NULL DEFAULT '0' COMMENT 'Apply To Shipping',
  `times_used` int(10) unsigned NOT NULL DEFAULT '0' COMMENT 'Times Used',
  `is_rss` smallint(6) NOT NULL DEFAULT '0' COMMENT 'Is Rss',
  `coupon_type` smallint(5) unsigned NOT NULL DEFAULT '1' COMMENT 'Coupon Type',
  `use_auto_generation` smallint(6) NOT NULL DEFAULT '0' COMMENT 'Use Auto Generation',
  `uses_per_coupon` int(11) NOT NULL DEFAULT '0' COMMENT 'User Per Coupon',
  `simple_free_shipping` smallint(5) unsigned NOT NULL DEFAULT '0' COMMENT 'Simple Free Shipping',
  PRIMARY KEY (`rule_id`),
  KEY `SALESRULE_IS_ACTIVE_SORT_ORDER_TO_DATE_FROM_DATE` (`is_active`,`sort_order`,`to_date`,`from_date`)
) ENGINE=InnoDB DEFAULT CHARSET=utf8 COMMENT='Salesrule';

--
-- Dumping data for table `salesrule`
--


--
-- Table structure for table `salesrule_coupon`
--

CREATE TABLE `salesrule_coupon` (
  `coupon_id` int(10) unsigned NOT NULL AUTO_INCREMENT COMMENT 'Coupon ID',
  `rule_id` int(10) unsigned NOT NULL COMMENT 'Rule ID',
  `code` varchar(255) DEFAULT NULL COMMENT 'Code',
  `usage_limit` int(10) unsigned DEFAULT NULL COMMENT 'Usage Limit',
  `usage_per_customer` int(10) unsigned DEFAULT NULL COMMENT 'Usage Per Customer',
  `times_used` int(10) unsigned NOT NULL DEFAULT '0' COMMENT 'Times Used',
  `expiration_date` datetime DEFAULT NULL COMMENT 'Expiration Date',
  `is_primary` smallint(5) unsigned DEFAULT NULL COMMENT 'Is Primary',
  `created_at` timestamp NULL DEFAULT NULL COMMENT 'Coupon Code Creation Date',
  `type` smallint(6) DEFAULT '0' COMMENT 'Coupon Code Type',
  `generated_by_dotmailer` smallint(6) DEFAULT NULL COMMENT '1 = Generated by dotmailer',
  PRIMARY KEY (`coupon_id`),
  UNIQUE KEY `SALESRULE_COUPON_CODE` (`code`),
  UNIQUE KEY `SALESRULE_COUPON_RULE_ID_IS_PRIMARY` (`rule_id`,`is_primary`),
  KEY `SALESRULE_COUPON_RULE_ID` (`rule_id`),
  CONSTRAINT `SALESRULE_COUPON_RULE_ID_SALESRULE_RULE_ID` FOREIGN KEY (`rule_id`) REFERENCES `salesrule` (`rule_id`) ON DELETE CASCADE
) ENGINE=InnoDB DEFAULT CHARSET=utf8 COMMENT='Salesrule Coupon';

--
-- Dumping data for table `salesrule_coupon`
--


--
-- Table structure for table `salesrule_coupon_aggregated`
--

CREATE TABLE `salesrule_coupon_aggregated` (
  `id` int(10) unsigned NOT NULL AUTO_INCREMENT COMMENT 'ID',
  `period` date NOT NULL COMMENT 'Period',
  `store_id` smallint(5) unsigned DEFAULT NULL COMMENT 'Store ID',
  `order_status` varchar(50) DEFAULT NULL COMMENT 'Order Status',
  `coupon_code` varchar(50) DEFAULT NULL COMMENT 'Coupon Code',
  `coupon_uses` int(11) NOT NULL DEFAULT '0' COMMENT 'Coupon Uses',
  `subtotal_amount` decimal(20,4) NOT NULL DEFAULT '0.0000' COMMENT 'Subtotal Amount',
  `discount_amount` decimal(12,4) NOT NULL DEFAULT '0.0000' COMMENT 'Discount Amount',
  `total_amount` decimal(20,4) NOT NULL DEFAULT '0.0000' COMMENT 'Total Amount',
  `subtotal_amount_actual` decimal(20,4) NOT NULL DEFAULT '0.0000' COMMENT 'Subtotal Amount Actual',
  `discount_amount_actual` decimal(12,4) NOT NULL DEFAULT '0.0000' COMMENT 'Discount Amount Actual',
  `total_amount_actual` decimal(20,4) NOT NULL DEFAULT '0.0000' COMMENT 'Total Amount Actual',
  `rule_name` varchar(255) DEFAULT NULL COMMENT 'Rule Name',
  PRIMARY KEY (`id`),
  UNIQUE KEY `SALESRULE_COUPON_AGGRED_PERIOD_STORE_ID_ORDER_STS_COUPON_CODE` (`period`,`store_id`,`order_status`,`coupon_code`),
  KEY `SALESRULE_COUPON_AGGREGATED_STORE_ID` (`store_id`),
  KEY `SALESRULE_COUPON_AGGREGATED_RULE_NAME` (`rule_name`),
  CONSTRAINT `SALESRULE_COUPON_AGGREGATED_STORE_ID_STORE_STORE_ID` FOREIGN KEY (`store_id`) REFERENCES `store` (`store_id`) ON DELETE CASCADE
) ENGINE=InnoDB DEFAULT CHARSET=utf8 COMMENT='Coupon Aggregated';

--
-- Dumping data for table `salesrule_coupon_aggregated`
--


--
-- Table structure for table `salesrule_coupon_aggregated_order`
--

CREATE TABLE `salesrule_coupon_aggregated_order` (
  `id` int(10) unsigned NOT NULL AUTO_INCREMENT COMMENT 'ID',
  `period` date NOT NULL COMMENT 'Period',
  `store_id` smallint(5) unsigned DEFAULT NULL COMMENT 'Store ID',
  `order_status` varchar(50) DEFAULT NULL COMMENT 'Order Status',
  `coupon_code` varchar(50) DEFAULT NULL COMMENT 'Coupon Code',
  `coupon_uses` int(11) NOT NULL DEFAULT '0' COMMENT 'Coupon Uses',
  `subtotal_amount` decimal(20,4) NOT NULL DEFAULT '0.0000' COMMENT 'Subtotal Amount',
  `discount_amount` decimal(12,4) NOT NULL DEFAULT '0.0000' COMMENT 'Discount Amount',
  `total_amount` decimal(20,4) NOT NULL DEFAULT '0.0000' COMMENT 'Total Amount',
  `rule_name` varchar(255) DEFAULT NULL COMMENT 'Rule Name',
  PRIMARY KEY (`id`),
  UNIQUE KEY `UNQ_1094D1FBBCBB11704A29DEF3ACC37D2B` (`period`,`store_id`,`order_status`,`coupon_code`),
  KEY `SALESRULE_COUPON_AGGREGATED_ORDER_STORE_ID` (`store_id`),
  KEY `SALESRULE_COUPON_AGGREGATED_ORDER_RULE_NAME` (`rule_name`),
  CONSTRAINT `SALESRULE_COUPON_AGGREGATED_ORDER_STORE_ID_STORE_STORE_ID` FOREIGN KEY (`store_id`) REFERENCES `store` (`store_id`) ON DELETE CASCADE
) ENGINE=InnoDB DEFAULT CHARSET=utf8 COMMENT='Coupon Aggregated Order';

--
-- Dumping data for table `salesrule_coupon_aggregated_order`
--


--
-- Table structure for table `salesrule_coupon_aggregated_updated`
--

CREATE TABLE `salesrule_coupon_aggregated_updated` (
  `id` int(10) unsigned NOT NULL AUTO_INCREMENT COMMENT 'ID',
  `period` date NOT NULL COMMENT 'Period',
  `store_id` smallint(5) unsigned DEFAULT NULL COMMENT 'Store ID',
  `order_status` varchar(50) DEFAULT NULL COMMENT 'Order Status',
  `coupon_code` varchar(50) DEFAULT NULL COMMENT 'Coupon Code',
  `coupon_uses` int(11) NOT NULL DEFAULT '0' COMMENT 'Coupon Uses',
  `subtotal_amount` decimal(20,4) NOT NULL DEFAULT '0.0000' COMMENT 'Subtotal Amount',
  `discount_amount` decimal(12,4) NOT NULL DEFAULT '0.0000' COMMENT 'Discount Amount',
  `total_amount` decimal(20,4) NOT NULL DEFAULT '0.0000' COMMENT 'Total Amount',
  `subtotal_amount_actual` decimal(20,4) NOT NULL DEFAULT '0.0000' COMMENT 'Subtotal Amount Actual',
  `discount_amount_actual` decimal(12,4) NOT NULL DEFAULT '0.0000' COMMENT 'Discount Amount Actual',
  `total_amount_actual` decimal(20,4) NOT NULL DEFAULT '0.0000' COMMENT 'Total Amount Actual',
  `rule_name` varchar(255) DEFAULT NULL COMMENT 'Rule Name',
  PRIMARY KEY (`id`),
  UNIQUE KEY `UNQ_7196FA120A4F0F84E1B66605E87E213E` (`period`,`store_id`,`order_status`,`coupon_code`),
  KEY `SALESRULE_COUPON_AGGREGATED_UPDATED_STORE_ID` (`store_id`),
  KEY `SALESRULE_COUPON_AGGREGATED_UPDATED_RULE_NAME` (`rule_name`),
  CONSTRAINT `SALESRULE_COUPON_AGGREGATED_UPDATED_STORE_ID_STORE_STORE_ID` FOREIGN KEY (`store_id`) REFERENCES `store` (`store_id`) ON DELETE CASCADE
) ENGINE=InnoDB DEFAULT CHARSET=utf8 COMMENT='Salesrule Coupon Aggregated Updated';

--
-- Dumping data for table `salesrule_coupon_aggregated_updated`
--


--
-- Table structure for table `salesrule_coupon_usage`
--

CREATE TABLE `salesrule_coupon_usage` (
  `coupon_id` int(10) unsigned NOT NULL COMMENT 'Coupon ID',
  `customer_id` int(10) unsigned NOT NULL COMMENT 'Customer ID',
  `times_used` int(10) unsigned NOT NULL DEFAULT '0' COMMENT 'Times Used',
  PRIMARY KEY (`coupon_id`,`customer_id`),
  KEY `SALESRULE_COUPON_USAGE_CUSTOMER_ID` (`customer_id`),
  CONSTRAINT `SALESRULE_COUPON_USAGE_COUPON_ID_SALESRULE_COUPON_COUPON_ID` FOREIGN KEY (`coupon_id`) REFERENCES `salesrule_coupon` (`coupon_id`) ON DELETE CASCADE,
  CONSTRAINT `SALESRULE_COUPON_USAGE_CUSTOMER_ID_CUSTOMER_ENTITY_ENTITY_ID` FOREIGN KEY (`customer_id`) REFERENCES `customer_entity` (`entity_id`) ON DELETE CASCADE
) ENGINE=InnoDB DEFAULT CHARSET=utf8 COMMENT='Salesrule Coupon Usage';

--
-- Dumping data for table `salesrule_coupon_usage`
--


--
-- Table structure for table `salesrule_customer`
--

CREATE TABLE `salesrule_customer` (
  `rule_customer_id` int(10) unsigned NOT NULL AUTO_INCREMENT COMMENT 'Rule Customer ID',
  `rule_id` int(10) unsigned NOT NULL DEFAULT '0' COMMENT 'Rule ID',
  `customer_id` int(10) unsigned NOT NULL DEFAULT '0' COMMENT 'Customer ID',
  `times_used` smallint(5) unsigned NOT NULL DEFAULT '0' COMMENT 'Times Used',
  PRIMARY KEY (`rule_customer_id`),
  KEY `SALESRULE_CUSTOMER_RULE_ID_CUSTOMER_ID` (`rule_id`,`customer_id`),
  KEY `SALESRULE_CUSTOMER_CUSTOMER_ID_RULE_ID` (`customer_id`,`rule_id`),
  CONSTRAINT `SALESRULE_CUSTOMER_CUSTOMER_ID_CUSTOMER_ENTITY_ENTITY_ID` FOREIGN KEY (`customer_id`) REFERENCES `customer_entity` (`entity_id`) ON DELETE CASCADE,
  CONSTRAINT `SALESRULE_CUSTOMER_RULE_ID_SALESRULE_RULE_ID` FOREIGN KEY (`rule_id`) REFERENCES `salesrule` (`rule_id`) ON DELETE CASCADE
) ENGINE=InnoDB DEFAULT CHARSET=utf8 COMMENT='Salesrule Customer';

--
-- Dumping data for table `salesrule_customer`
--


--
-- Table structure for table `salesrule_customer_group`
--

CREATE TABLE `salesrule_customer_group` (
  `rule_id` int(10) unsigned NOT NULL COMMENT 'Rule ID',
  `customer_group_id` int(10) unsigned NOT NULL COMMENT 'Customer Group ID',
  PRIMARY KEY (`rule_id`,`customer_group_id`),
  KEY `SALESRULE_CUSTOMER_GROUP_CUSTOMER_GROUP_ID` (`customer_group_id`),
  CONSTRAINT `SALESRULE_CSTR_GROUP_CSTR_GROUP_ID_CSTR_GROUP_CSTR_GROUP_ID` FOREIGN KEY (`customer_group_id`) REFERENCES `customer_group` (`customer_group_id`) ON DELETE CASCADE,
  CONSTRAINT `SALESRULE_CUSTOMER_GROUP_RULE_ID_SALESRULE_RULE_ID` FOREIGN KEY (`rule_id`) REFERENCES `salesrule` (`rule_id`) ON DELETE CASCADE
) ENGINE=InnoDB DEFAULT CHARSET=utf8 COMMENT='Sales Rules To Customer Groups Relations';

--
-- Dumping data for table `salesrule_customer_group`
--


--
-- Table structure for table `salesrule_label`
--

CREATE TABLE `salesrule_label` (
  `label_id` int(10) unsigned NOT NULL AUTO_INCREMENT COMMENT 'Label ID',
  `rule_id` int(10) unsigned NOT NULL COMMENT 'Rule ID',
  `store_id` smallint(5) unsigned NOT NULL COMMENT 'Store ID',
  `label` varchar(255) DEFAULT NULL COMMENT 'Label',
  PRIMARY KEY (`label_id`),
  UNIQUE KEY `SALESRULE_LABEL_RULE_ID_STORE_ID` (`rule_id`,`store_id`),
  KEY `SALESRULE_LABEL_STORE_ID` (`store_id`),
  CONSTRAINT `SALESRULE_LABEL_RULE_ID_SALESRULE_RULE_ID` FOREIGN KEY (`rule_id`) REFERENCES `salesrule` (`rule_id`) ON DELETE CASCADE,
  CONSTRAINT `SALESRULE_LABEL_STORE_ID_STORE_STORE_ID` FOREIGN KEY (`store_id`) REFERENCES `store` (`store_id`) ON DELETE CASCADE
) ENGINE=InnoDB DEFAULT CHARSET=utf8 COMMENT='Salesrule Label';

--
-- Dumping data for table `salesrule_label`
--


--
-- Table structure for table `salesrule_product_attribute`
--

CREATE TABLE `salesrule_product_attribute` (
  `rule_id` int(10) unsigned NOT NULL COMMENT 'Rule ID',
  `website_id` smallint(5) unsigned NOT NULL COMMENT 'Website ID',
  `customer_group_id` int(10) unsigned NOT NULL COMMENT 'Customer Group ID',
  `attribute_id` smallint(5) unsigned NOT NULL COMMENT 'Attribute ID',
  PRIMARY KEY (`rule_id`,`website_id`,`customer_group_id`,`attribute_id`),
  KEY `SALESRULE_PRODUCT_ATTRIBUTE_WEBSITE_ID` (`website_id`),
  KEY `SALESRULE_PRODUCT_ATTRIBUTE_CUSTOMER_GROUP_ID` (`customer_group_id`),
  KEY `SALESRULE_PRODUCT_ATTRIBUTE_ATTRIBUTE_ID` (`attribute_id`),
  CONSTRAINT `SALESRULE_PRD_ATTR_ATTR_ID_EAV_ATTR_ATTR_ID` FOREIGN KEY (`attribute_id`) REFERENCES `eav_attribute` (`attribute_id`) ON DELETE CASCADE,
  CONSTRAINT `SALESRULE_PRD_ATTR_CSTR_GROUP_ID_CSTR_GROUP_CSTR_GROUP_ID` FOREIGN KEY (`customer_group_id`) REFERENCES `customer_group` (`customer_group_id`) ON DELETE CASCADE,
  CONSTRAINT `SALESRULE_PRODUCT_ATTRIBUTE_RULE_ID_SALESRULE_RULE_ID` FOREIGN KEY (`rule_id`) REFERENCES `salesrule` (`rule_id`) ON DELETE CASCADE,
  CONSTRAINT `SALESRULE_PRODUCT_ATTRIBUTE_WEBSITE_ID_STORE_WEBSITE_WEBSITE_ID` FOREIGN KEY (`website_id`) REFERENCES `store_website` (`website_id`) ON DELETE CASCADE
) ENGINE=InnoDB DEFAULT CHARSET=utf8 COMMENT='Salesrule Product Attribute';

--
-- Dumping data for table `salesrule_product_attribute`
--


--
-- Table structure for table `salesrule_website`
--

CREATE TABLE `salesrule_website` (
  `rule_id` int(10) unsigned NOT NULL COMMENT 'Rule ID',
  `website_id` smallint(5) unsigned NOT NULL COMMENT 'Website ID',
  PRIMARY KEY (`rule_id`,`website_id`),
  KEY `SALESRULE_WEBSITE_WEBSITE_ID` (`website_id`),
  CONSTRAINT `SALESRULE_WEBSITE_RULE_ID_SALESRULE_RULE_ID` FOREIGN KEY (`rule_id`) REFERENCES `salesrule` (`rule_id`) ON DELETE CASCADE,
  CONSTRAINT `SALESRULE_WEBSITE_WEBSITE_ID_STORE_WEBSITE_WEBSITE_ID` FOREIGN KEY (`website_id`) REFERENCES `store_website` (`website_id`) ON DELETE CASCADE
) ENGINE=InnoDB DEFAULT CHARSET=utf8 COMMENT='Sales Rules To Websites Relations';

--
-- Dumping data for table `salesrule_website`
--


--
-- Table structure for table `search_query`
--

CREATE TABLE `search_query` (
  `query_id` int(10) unsigned NOT NULL AUTO_INCREMENT COMMENT 'Query ID',
  `query_text` varchar(255) DEFAULT NULL COMMENT 'Query text',
  `num_results` int(10) unsigned NOT NULL DEFAULT '0' COMMENT 'Num results',
  `popularity` int(10) unsigned NOT NULL DEFAULT '0' COMMENT 'Popularity',
  `redirect` varchar(255) DEFAULT NULL COMMENT 'Redirect',
  `store_id` smallint(5) unsigned NOT NULL DEFAULT '0' COMMENT 'Store ID',
  `display_in_terms` smallint(6) NOT NULL DEFAULT '1' COMMENT 'Display in terms',
  `is_active` smallint(6) DEFAULT '1' COMMENT 'Active status',
  `is_processed` smallint(6) DEFAULT '0' COMMENT 'Processed status',
  `updated_at` timestamp NOT NULL DEFAULT CURRENT_TIMESTAMP ON UPDATE CURRENT_TIMESTAMP COMMENT 'Updated at',
  PRIMARY KEY (`query_id`),
  UNIQUE KEY `SEARCH_QUERY_QUERY_TEXT_STORE_ID` (`query_text`,`store_id`),
  KEY `SEARCH_QUERY_QUERY_TEXT_STORE_ID_POPULARITY` (`query_text`,`store_id`,`popularity`),
  KEY `SEARCH_QUERY_STORE_ID` (`store_id`),
  KEY `SEARCH_QUERY_IS_PROCESSED` (`is_processed`),
  KEY `SEARCH_QUERY_STORE_ID_POPULARITY` (`store_id`,`popularity`),
  CONSTRAINT `SEARCH_QUERY_STORE_ID_STORE_STORE_ID` FOREIGN KEY (`store_id`) REFERENCES `store` (`store_id`) ON DELETE CASCADE
) ENGINE=InnoDB AUTO_INCREMENT=1014 DEFAULT CHARSET=utf8 COMMENT='Search query table';

--
-- Dumping data for table `search_query`
--

INSERT INTO `search_query` VALUES (1,'a',0,1,NULL,1,1,1,0,'2016-04-26 17:19:52'),(3,'Hero Hoodie',1,1,NULL,1,1,1,0,'2016-04-26 17:22:06'),(5,'Marco Lightweight Active',1,5,NULL,1,1,1,0,'2016-04-26 17:39:15'),(6,'Sed dignissim magna',1,3,NULL,1,1,1,0,'2019-05-23 12:45:37'),(8,'ab',0,5,NULL,1,1,1,0,'2016-05-03 05:14:08'),(18,'The Net Bag in Navy',2,4,NULL,1,1,1,0,'2016-05-03 05:20:11'),(26,'Cras sem sapien',14,1,NULL,1,1,1,0,'2016-05-03 05:19:18'),(27,'buberry',8,1,NULL,4,1,1,0,'2016-05-14 23:37:54'),(28,'sasasaaaaaaaaaaaaaaa',0,1,NULL,6,1,1,0,'2016-05-16 14:58:10'),(30,'Grouped Product',4,1,NULL,6,1,1,0,'2016-05-16 15:04:05'),(31,'nnmb',0,1,NULL,1,1,1,0,'2017-04-13 09:30:39'),(33,'buberry',8,4,NULL,1,1,1,0,'2017-04-17 22:08:50'),(35,'versace',3,1,NULL,1,1,1,0,'2017-04-16 01:27:39'),(37,'Marco Lightweight Active',1,1,NULL,6,1,1,0,'2017-04-16 09:23:28'),(46,'sem',4,4,NULL,16,1,1,0,'2018-10-09 02:42:13'),(54,'black',4,2,NULL,16,1,1,0,'2018-10-10 04:33:45'),(58,'Fusce nec facilisi',1,1,NULL,1,1,1,0,'2019-05-21 06:28:42'),(60,'Primo Court Mid Suede',3,1,NULL,1,1,1,0,'2019-05-21 06:30:18'),(62,'group',1,1,NULL,1,1,1,0,'2019-05-21 06:33:30'),(64,'wa',0,2,NULL,1,1,1,0,'2019-05-23 08:20:11'),(66,'wave',3,2,NULL,1,1,1,0,'2019-05-23 08:20:18'),(72,'aa',0,2,NULL,1,1,1,0,'2020-12-30 13:57:19'),(74,'su',0,1,NULL,1,1,1,0,'2019-05-23 10:18:49'),(76,'suge',0,1,NULL,1,1,1,0,'2019-05-23 10:18:50'),(78,'sug',0,1,NULL,1,1,1,0,'2019-05-23 10:19:07'),(80,'sugge',0,1,NULL,1,1,1,0,'2019-05-23 10:19:08'),(82,'sugges',0,1,NULL,1,1,1,0,'2019-05-23 10:19:10'),(84,'suggested',0,7,NULL,1,1,1,0,'2019-05-23 10:20:00'),(98,'Wave Ripped Straight',3,1,NULL,1,1,1,0,'2019-05-23 10:20:23'),(100,'Mauris sollicitudin',14,2,NULL,1,1,1,0,'2019-05-24 02:15:17'),(102,'asa',0,2,NULL,1,1,1,0,'2019-05-23 12:45:15'),(110,'width: auto;  height: auto;',0,1,NULL,1,1,1,0,'2019-05-24 03:37:13'),(112,'Mauris sollicitudin',14,1,NULL,27,1,1,0,'2019-05-29 03:24:48'),(113,'asasa',0,2,NULL,33,1,1,0,'2019-07-30 01:17:50'),(117,'Marco Lightweight Active',1,1,NULL,33,1,1,0,'2019-07-30 01:20:00'),(119,'padding-bottom: 14px;',0,1,NULL,32,1,1,0,'2019-07-30 01:24:21'),(121,'Cras sem sapien',16,1,NULL,32,1,1,0,'2019-07-30 01:25:09'),(123,'Cras sem sapien',16,1,NULL,33,1,1,0,'2019-07-30 01:26:42'),(125,'asas',0,1,NULL,16,1,1,0,'2019-08-08 16:45:11'),(127,'Wave Ripped Straight',3,1,NULL,16,1,1,0,'2019-08-08 16:45:44'),(128,'ring',5,2,NULL,34,1,1,0,'2019-12-11 08:01:48'),(132,'bou',12,2,NULL,36,1,1,0,'2019-12-12 04:24:28'),(133,'cc',0,1,NULL,32,1,1,0,'2020-01-14 08:52:36'),(134,'el',39,2,NULL,1,1,1,0,'2020-01-31 10:13:09'),(138,'abc',0,1,NULL,1,1,1,0,'2020-02-03 01:15:55'),(140,'mar',10,2,NULL,1,1,1,0,'2020-07-02 11:58:16'),(142,'he',20,1,NULL,1,1,1,0,'2020-03-22 12:41:09'),(144,'hell',0,1,NULL,1,1,1,0,'2020-03-22 12:41:11'),(146,'getvov.com',3,2,NULL,1,1,1,0,'2020-03-24 09:09:11'),(147,'leg',19,1,NULL,12,1,1,0,'2020-03-26 14:24:48'),(149,'legg',18,1,NULL,12,1,1,0,'2020-03-26 14:24:53'),(151,'legging',18,1,NULL,12,1,1,0,'2020-03-26 14:24:55'),(152,'cas',0,1,NULL,1,1,1,0,'2020-04-06 16:00:48'),(153,'còn',17,13,NULL,1,1,1,0,'2020-07-04 08:55:08'),(155,'config',1,38,NULL,1,1,1,0,'2020-09-23 08:20:29'),(174,'watch',0,7,NULL,16,1,1,0,'2020-04-22 11:23:09'),(188,'cal',0,1,NULL,4,1,1,0,'2020-04-25 17:46:22'),(190,'te',54,1,NULL,4,1,1,0,'2020-04-25 17:46:25'),(192,'t-s',75,1,NULL,4,1,1,0,'2020-04-25 17:46:28'),(194,'t-sh',75,3,NULL,4,1,1,0,'2020-06-25 09:07:25'),(196,'t-shi',75,1,NULL,4,1,1,0,'2020-04-25 17:46:31'),(198,'t-shirt',75,2,NULL,4,1,1,0,'2020-06-25 09:07:23'),(200,'sprite',1,1,NULL,4,1,1,0,'2020-04-27 13:05:32'),(202,'sprite yo',4,1,NULL,4,1,1,0,'2020-04-27 13:05:33'),(203,'sas',0,1,NULL,34,1,1,0,'2020-05-24 11:20:17'),(205,'accesso',1,2,NULL,16,1,1,0,'2020-05-25 18:01:40'),(206,'dr',26,1,NULL,8,1,1,0,'2020-06-02 13:00:50'),(208,'dre',18,1,NULL,8,1,1,0,'2020-06-02 13:00:50'),(210,'dress',18,2,NULL,8,1,1,0,'2020-06-02 13:00:55'),(214,'shirt',0,3,NULL,1,1,1,0,'2020-07-21 21:52:07'),(216,'swee',1,1,NULL,1,1,1,0,'2020-06-04 08:35:47'),(218,'sweet',1,1,NULL,1,1,1,0,'2020-06-04 08:35:48'),(220,'dsd',0,1,NULL,8,1,1,0,'2020-06-07 18:37:00'),(222,'chi',3,1,NULL,21,1,1,0,'2020-06-08 16:59:12'),(224,'cloud',2,2,NULL,20,1,1,0,'2020-06-08 23:19:57'),(228,'cloud pri',43,1,NULL,20,1,1,0,'2020-06-08 23:19:58'),(230,'cloud prin',40,1,NULL,20,1,1,0,'2020-06-08 23:20:01'),(232,'cloud print',40,1,NULL,20,1,1,0,'2020-06-08 23:20:03'),(233,'sadsad',0,1,NULL,8,1,1,0,'2020-06-15 16:13:42'),(235,'confi',1,17,NULL,1,1,1,0,'2020-07-04 06:42:12'),(237,'con',17,2,NULL,38,1,1,0,'2020-06-16 17:16:12'),(239,'coni',0,1,NULL,38,1,1,0,'2020-06-16 17:16:09'),(243,'conf',1,1,NULL,38,1,1,0,'2020-06-16 17:16:13'),(245,'confi',1,1,NULL,3,1,1,0,'2020-06-16 22:38:00'),(246,'nutrition',1,1,NULL,37,1,1,0,'2020-06-18 22:45:52'),(248,'test',0,1,NULL,10,1,1,0,'2020-06-23 20:31:19'),(250,'super',2,1,NULL,10,1,1,0,'2020-06-23 20:31:33'),(252,'superfo',2,1,NULL,10,1,1,0,'2020-06-23 20:31:33'),(254,'ddgdfdf',0,1,NULL,38,1,1,0,'2020-06-25 08:37:20'),(256,'SHO',0,3,NULL,4,1,1,0,'2020-06-25 09:03:09'),(258,'SHOWE',0,1,NULL,4,1,1,0,'2020-06-25 09:03:04'),(262,'SHOO',0,2,NULL,4,1,1,0,'2020-06-25 09:03:08'),(264,'SHOOES',0,1,NULL,4,1,1,0,'2020-06-25 09:03:07'),(270,'SHOES',0,1,NULL,4,1,1,0,'2020-06-25 09:03:10'),(272,'CA',22,1,NULL,4,1,1,0,'2020-06-25 09:03:14'),(274,'CAN',22,1,NULL,4,1,1,0,'2020-06-25 09:03:14'),(276,'BA',24,1,NULL,4,1,1,0,'2020-06-25 09:04:17'),(278,'BAG',3,1,NULL,4,1,1,0,'2020-06-25 09:04:18'),(280,'ts',0,1,NULL,38,1,1,0,'2020-06-25 09:05:48'),(282,'t-',75,1,NULL,38,1,1,0,'2020-06-25 09:05:52'),(284,'t-shi',75,1,NULL,38,1,1,0,'2020-06-25 09:05:54'),(288,'Gu',6,1,NULL,4,1,1,0,'2020-06-25 09:07:15'),(290,'ts',0,1,NULL,4,1,1,0,'2020-06-25 09:07:20'),(294,'T-',75,1,NULL,4,1,1,0,'2020-06-25 09:07:23'),(298,'Jea',0,1,NULL,4,1,1,0,'2020-06-25 09:07:37'),(300,'Jean',0,1,NULL,4,1,1,0,'2020-06-25 09:07:39'),(302,'Jeans',0,2,NULL,4,1,1,0,'2020-06-25 09:07:43'),(306,'ner',0,1,NULL,1,1,1,0,'2020-06-25 16:36:37'),(308,'home',0,1,NULL,1,1,1,0,'2020-06-25 16:36:41'),(310,'for',2,1,NULL,16,1,1,0,'2020-06-26 20:10:37'),(312,'for men',2,4,NULL,16,1,1,0,'2020-06-26 20:12:07'),(313,'smart',0,28,NULL,1,1,1,0,'2020-07-06 04:30:29'),(317,'mac',2,7,NULL,1,1,1,0,'2020-07-03 03:16:15'),(325,'ma',73,1,NULL,1,1,1,0,'2020-07-03 03:16:14'),(329,'bund',1,1,NULL,1,1,1,0,'2020-07-03 04:32:43'),(331,'bundel',0,1,NULL,1,1,1,0,'2020-07-03 04:32:43'),(333,'bun',2,1,NULL,1,1,1,0,'2020-07-03 04:32:46'),(335,'bundle',1,5,NULL,1,1,1,0,'2020-07-03 04:48:11'),(340,'conf',1,30,NULL,1,1,1,0,'2020-07-04 09:01:30'),(353,'bu',50,1,NULL,1,1,1,0,'2020-07-03 04:48:03'),(358,'co',37,3,NULL,1,1,1,0,'2020-07-04 08:01:41'),(360,'cofi',0,1,NULL,1,1,1,0,'2020-07-03 14:28:36'),(362,'cofig',0,1,NULL,1,1,1,0,'2020-07-03 14:28:39'),(386,'còni',0,1,NULL,1,1,1,0,'2020-07-03 16:51:40'),(388,'cònif',0,1,NULL,1,1,1,0,'2020-07-03 16:51:41'),(408,'config?templatehints=magento',1,1,NULL,1,1,1,0,'2020-07-04 03:18:01'),(412,'xo',0,1,NULL,1,1,1,0,'2020-07-04 03:50:09'),(414,'congi',0,1,NULL,1,1,1,0,'2020-07-04 03:50:14'),(416,'cong',0,2,NULL,1,1,1,0,'2020-07-04 08:55:07'),(418,'cong=',0,1,NULL,1,1,1,0,'2020-07-04 03:50:16'),(449,'cif',0,1,NULL,1,1,1,0,'2020-07-04 04:13:02'),(451,'cof',0,1,NULL,1,1,1,0,'2020-07-04 04:13:04'),(470,'smar',0,5,NULL,1,1,1,0,'2020-07-04 08:50:23'),(474,'smat',0,1,NULL,1,1,1,0,'2020-07-04 07:10:16'),(522,'sm',2,1,NULL,1,1,1,0,'2020-07-04 07:30:59'),(524,'cn',0,1,NULL,1,1,1,0,'2020-07-04 07:31:03'),(563,'sms',0,1,NULL,16,1,1,0,'2020-07-06 03:56:48'),(565,'sma',0,2,NULL,16,1,1,0,'2020-07-06 04:03:53'),(577,'smar',0,1,NULL,16,1,1,0,'2020-07-06 04:03:54'),(579,'sm',2,1,NULL,16,1,1,0,'2020-07-06 04:04:07'),(583,'smart',0,4,NULL,16,1,1,0,'2020-07-06 04:38:12'),(597,'sma',0,2,NULL,1,1,1,0,'2020-07-06 09:51:56'),(601,'wo',20,2,NULL,6,1,1,0,'2020-07-07 09:32:46'),(603,'wom',0,1,NULL,6,1,1,0,'2020-07-07 09:32:41'),(604,'shi',0,1,NULL,30,1,1,0,'2020-07-09 09:20:29'),(606,'ba',24,1,NULL,30,1,1,0,'2020-07-09 09:20:33'),(607,'who',1,1,NULL,10,1,1,0,'2020-07-12 09:47:15'),(609,'whole',1,1,NULL,10,1,1,0,'2020-07-12 09:47:16'),(610,'luce',0,2,NULL,1,1,1,0,'2020-07-13 10:22:28'),(611,'hat',1,1,NULL,38,1,1,0,'2020-07-20 17:58:38'),(613,'hats',0,1,NULL,38,1,1,0,'2020-07-20 17:58:45'),(615,']teenage',0,1,NULL,38,1,1,0,'2020-07-20 17:58:55'),(617,'teenage',0,1,NULL,38,1,1,0,'2020-07-20 17:59:14'),(619,'appa',0,1,NULL,16,1,1,0,'2020-07-21 13:52:00'),(621,'apparel',0,2,NULL,16,1,1,0,'2020-07-21 13:52:02'),(629,'sd',0,1,NULL,14,1,1,0,'2020-07-27 06:51:40'),(631,'te',54,1,NULL,1,1,1,0,'2020-07-31 06:42:57'),(633,'test',0,1,NULL,1,1,1,0,'2020-07-31 06:42:59'),(634,'Ba',24,2,NULL,1,1,1,0,'2020-09-18 16:31:15'),(636,'Bag',3,4,NULL,1,1,1,0,'2020-09-18 16:31:22'),(640,'top',4,1,NULL,37,1,1,0,'2020-08-17 11:04:16'),(642,'sad',0,1,NULL,27,1,1,0,'2020-08-24 13:54:52'),(644,'a',74,2,NULL,6,1,1,0,'2020-09-15 03:25:04'),(648,'shirt',0,1,NULL,21,1,1,0,'2020-09-15 12:50:41'),(650,'shmairt',0,1,NULL,21,1,1,0,'2020-09-15 12:50:50'),(652,'shma',0,1,NULL,21,1,1,0,'2020-09-15 12:50:51'),(654,'ma',73,1,NULL,21,1,1,0,'2020-09-15 12:50:56'),(656,'man',1,1,NULL,21,1,1,0,'2020-09-15 12:50:56'),(658,'man',1,1,NULL,4,1,1,0,'2020-09-15 12:51:42'),(660,'cop',0,1,NULL,10,1,1,0,'2020-09-17 20:15:45'),(662,'conf',1,2,NULL,10,1,1,0,'2020-12-31 01:49:38'),(664,'ts',0,1,NULL,1,1,1,0,'2020-09-18 16:22:25'),(666,'tshirt',0,1,NULL,1,1,1,0,'2020-09-18 16:22:26'),(668,'bea',19,2,NULL,1,1,1,0,'2020-09-18 16:22:42'),(672,'bab',1,1,NULL,1,1,1,0,'2020-09-18 16:30:28'),(674,'jack',1,1,NULL,1,1,1,0,'2020-09-18 16:30:37'),(676,'boy',0,1,NULL,1,1,1,0,'2020-09-18 16:30:44'),(678,'acc',3,1,NULL,1,1,1,0,'2020-09-18 16:30:53'),(680,'access',1,1,NULL,1,1,1,0,'2020-09-18 16:30:54'),(682,'foot',2,1,NULL,1,1,1,0,'2020-09-18 16:31:07'),(684,'footw',0,1,NULL,1,1,1,0,'2020-09-18 16:31:08'),(696,'h',61,1,NULL,6,1,1,0,'2020-09-24 10:50:24'),(698,'mau',16,1,NULL,18,1,1,0,'2020-09-24 13:34:46'),(700,'mauris',16,4,NULL,18,1,1,0,'2020-09-24 13:34:59'),(708,'awd',0,1,NULL,6,1,1,0,'2020-10-01 07:36:12'),(710,'karim',0,2,NULL,16,1,1,0,'2020-10-08 21:19:50'),(714,'barabums',0,2,NULL,30,1,1,0,'2020-10-08 21:23:32'),(718,'fd',0,1,NULL,16,1,1,0,'2020-10-08 22:15:14'),(720,'fda',0,1,NULL,16,1,1,0,'2020-10-08 22:15:15'),(722,'con',17,1,NULL,30,1,1,0,'2020-10-14 20:55:43'),(724,'conf',1,1,NULL,30,1,1,0,'2020-10-14 20:55:44'),(726,'adw',0,1,NULL,1,1,1,0,'2020-10-15 06:18:44'),(728,'ad',3,1,NULL,1,1,1,0,'2020-10-15 06:18:46'),(730,'awd',0,1,NULL,30,1,1,0,'2020-10-15 06:20:39'),(732,'aw',1,1,NULL,30,1,1,0,'2020-10-15 06:20:41'),(734,'aaw',0,1,NULL,30,1,1,0,'2020-10-15 06:21:07'),(736,'fdfdddd',0,1,NULL,1,1,1,0,'2020-10-17 17:39:44'),(738,'fgf',0,1,NULL,1,1,1,0,'2020-10-17 17:43:59'),(740,'fg',0,1,NULL,1,1,1,0,'2020-10-17 17:44:02'),(742,'summit',1,1,NULL,1,1,1,0,'2020-10-18 05:12:22'),(744,'MARCASITE',9,2,NULL,10,1,1,0,'2020-10-18 07:18:31'),(748,'SWEET PEAR LAPIS STERLING SILVER RING',12,2,NULL,14,1,1,0,'2020-10-23 17:00:16'),(752,'je',1,1,NULL,1,1,1,0,'2020-11-12 11:52:00'),(754,'jea',0,1,NULL,1,1,1,0,'2020-11-12 11:52:02'),(756,'jean',0,1,NULL,1,1,1,0,'2020-11-12 11:52:07'),(758,'men',0,2,NULL,1,1,1,0,'2020-11-12 11:56:24'),(760,'me',17,1,NULL,1,1,1,0,'2020-11-12 11:56:23'),(764,'halo',1,1,NULL,16,1,1,0,'2020-11-12 12:04:30'),(766,'high',4,1,NULL,16,1,1,0,'2020-11-12 12:05:07'),(768,'ró',11,1,NULL,36,1,1,0,'2020-11-12 12:43:02'),(770,'rose',7,2,NULL,36,1,1,0,'2020-11-12 12:43:16'),(774,'shi',0,3,NULL,16,1,1,0,'2020-11-15 10:08:26'),(776,'shirt',0,3,NULL,16,1,1,0,'2021-01-06 13:45:44'),(778,'shir',0,2,NULL,16,1,1,0,'2020-11-15 10:08:30'),(782,'sh',4,3,NULL,16,1,1,0,'2021-01-06 13:45:43'),(784,'je',1,2,NULL,16,1,1,0,'2020-11-15 09:17:26'),(786,'jea',0,1,NULL,16,1,1,0,'2020-11-15 09:17:24'),(796,'Ma',73,1,NULL,16,1,1,0,'2020-11-15 10:08:36'),(798,'Man',1,7,NULL,16,1,1,0,'2020-11-15 10:11:32'),(807,'Wo',20,5,NULL,16,1,1,0,'2020-12-29 15:54:32'),(809,'Wom',0,2,NULL,16,1,1,0,'2020-12-29 15:54:28'),(815,'Man',1,1,NULL,8,1,1,0,'2020-11-16 11:27:54'),(817,'Ma',73,2,NULL,8,1,1,0,'2020-11-16 11:28:13'),(821,'Shi',0,2,NULL,8,1,1,0,'2020-11-16 11:28:52'),(823,'Shirr',0,1,NULL,8,1,1,0,'2020-11-16 11:28:43'),(825,'Shirt',0,1,NULL,8,1,1,0,'2020-11-16 11:28:45'),(827,'Shir',0,1,NULL,8,1,1,0,'2020-11-16 11:28:51'),(831,'Sh',4,1,NULL,8,1,1,0,'2020-11-16 11:28:55'),(833,'Aho',0,1,NULL,8,1,1,0,'2020-11-16 11:29:20'),(835,'Sho',0,1,NULL,8,1,1,0,'2020-11-16 11:29:23'),(837,'Shoe',0,1,NULL,8,1,1,0,'2020-11-16 11:29:26'),(839,'Shoes',0,1,NULL,8,1,1,0,'2020-11-16 11:29:29'),(841,'Hand',0,1,NULL,8,1,1,0,'2020-11-16 11:29:54'),(843,'Bag',3,1,NULL,8,1,1,0,'2020-11-16 11:29:59'),(845,'Man',1,1,NULL,10,1,1,0,'2020-11-16 14:19:39'),(847,'fdgfdgfdgfdgfd',0,1,NULL,1,1,1,0,'2020-11-23 01:19:29'),(849,'fdgfdgfdgfdgfdggggggggggggg',0,1,NULL,1,1,1,0,'2020-11-23 01:19:34'),(851,'hgfhgfhgfhg',0,1,NULL,38,1,1,0,'2020-11-23 01:24:55'),(853,'goo',70,2,NULL,38,1,1,0,'2020-11-23 01:25:07'),(857,'goo',70,2,NULL,41,1,1,0,'2020-11-23 01:25:29'),(861,'test',0,1,NULL,38,1,1,0,'2020-11-24 18:14:15'),(863,'tes',0,1,NULL,38,1,1,0,'2020-11-24 18:14:19'),(865,'te',54,1,NULL,38,1,1,0,'2020-11-24 18:14:22'),(867,'kids',1,1,NULL,38,1,1,0,'2020-11-24 18:14:24'),(869,'monitor',0,1,NULL,4,1,1,0,'2020-11-29 19:14:01'),(871,'monito',0,1,NULL,4,1,1,0,'2020-11-29 19:14:02'),(873,'cueco',0,2,NULL,4,1,1,0,'2020-11-29 19:14:07'),(877,'fl',0,2,NULL,36,1,1,0,'2021-02-24 12:18:51'),(879,'flo',0,2,NULL,36,1,1,0,'2021-02-24 12:18:53'),(881,'flow',10,5,NULL,36,1,1,0,'2021-02-24 12:19:10'),(883,'flower',10,1,NULL,36,1,1,0,'2020-12-01 13:06:03'),(885,'flowe',10,1,NULL,36,1,1,0,'2020-12-01 13:06:08'),(887,'flor',3,1,NULL,36,1,1,0,'2020-12-01 13:06:09'),(889,'floer',0,1,NULL,36,1,1,0,'2020-12-01 13:06:14'),(893,'marc',10,1,NULL,1,1,1,0,'2020-12-21 15:44:37'),(895,'con',17,1,NULL,14,1,1,0,'2020-12-24 07:46:19'),(897,'fdfsdfs',0,2,NULL,16,1,1,0,'2020-12-29 15:54:05'),(903,'women',0,1,NULL,16,1,1,0,'2020-12-29 15:54:21'),(911,'aaa',0,1,NULL,1,1,1,0,'2020-12-30 13:57:20'),(913,'SED',1,2,NULL,1,1,1,0,'2020-12-30 13:57:37'),(925,'configua',0,1,NULL,10,1,1,0,'2020-12-31 01:49:40'),(927,'configu',1,1,NULL,10,1,1,0,'2020-12-31 01:49:44'),(929,'configura',1,1,NULL,10,1,1,0,'2020-12-31 01:49:47'),(931,'configurab',1,1,NULL,10,1,1,0,'2020-12-31 01:49:48'),(933,'configurabl',1,1,NULL,10,1,1,0,'2020-12-31 01:49:48'),(935,'configurable',1,2,NULL,10,1,1,0,'2020-12-31 01:49:57'),(941,'short',0,1,NULL,16,1,1,0,'2021-01-06 13:45:40'),(947,'so',37,1,NULL,16,1,1,0,'2021-01-06 13:45:49'),(949,'hat',1,1,NULL,16,1,1,0,'2021-01-06 13:46:05'),(951,'foot',2,2,NULL,16,1,1,0,'2021-01-06 13:46:20'),(955,'skin',2,2,NULL,16,1,1,0,'2021-01-06 13:46:52'),(959,'foot',2,1,NULL,6,1,1,0,'2021-01-06 13:47:02'),(961,'ghggh',0,1,NULL,1,1,1,0,'2021-01-09 16:42:36'),(963,'Camida',0,2,NULL,14,1,1,0,'2021-01-12 17:50:20'),(966,'Cami',0,1,NULL,14,1,1,0,'2021-01-12 17:50:20'),(969,'Camisa',0,2,NULL,14,1,1,0,'2021-01-12 17:50:21'),(973,'fa',23,1,NULL,1,1,1,0,'2021-01-21 07:22:15'),(975,'fak',0,1,NULL,1,1,1,0,'2021-01-21 07:22:16'),(977,'hlo',0,1,NULL,1,1,1,0,'2021-01-24 19:55:57'),(979,'halo',1,1,NULL,1,1,1,0,'2021-01-24 19:55:59'),(981,'bbjhbhbbhhbhbhbhbhbhhhhjb',0,1,NULL,1,1,1,0,'2021-01-27 06:12:45'),(983,'uohjh',0,1,NULL,8,1,1,0,'2021-02-08 14:21:11'),(985,'demo',1,1,NULL,1,1,1,0,'2021-02-19 16:20:53'),(987,'lotus',2,2,NULL,6,1,1,0,'2021-02-22 07:19:42'),(991,'lotus',2,2,NULL,14,1,1,0,'2021-02-24 08:17:17'),(995,'pi',0,1,NULL,36,1,1,0,'2021-02-24 12:18:40'),(997,'pin',0,2,NULL,36,1,1,0,'2021-02-24 12:18:44'),(999,'pink',1,1,NULL,36,1,1,0,'2021-02-24 12:18:44'),(1013,'coat',0,1,NULL,8,1,1,0,'2021-02-26 20:07:15');

--
-- Table structure for table `search_synonyms`
--

CREATE TABLE `search_synonyms` (
  `group_id` bigint(20) unsigned NOT NULL AUTO_INCREMENT COMMENT 'Synonyms Group ID',
  `synonyms` text NOT NULL COMMENT 'list of synonyms making up this group',
  `store_id` smallint(5) unsigned NOT NULL DEFAULT '0' COMMENT 'Store ID - identifies the store view these synonyms belong to',
  `website_id` smallint(5) unsigned NOT NULL DEFAULT '0' COMMENT 'Website ID - identifies the website ID these synonyms belong to',
  PRIMARY KEY (`group_id`),
  KEY `SEARCH_SYNONYMS_STORE_ID` (`store_id`),
  KEY `SEARCH_SYNONYMS_WEBSITE_ID` (`website_id`),
  FULLTEXT KEY `SEARCH_SYNONYMS_SYNONYMS` (`synonyms`),
  CONSTRAINT `SEARCH_SYNONYMS_STORE_ID_STORE_STORE_ID` FOREIGN KEY (`store_id`) REFERENCES `store` (`store_id`) ON DELETE CASCADE,
  CONSTRAINT `SEARCH_SYNONYMS_WEBSITE_ID_STORE_WEBSITE_WEBSITE_ID` FOREIGN KEY (`website_id`) REFERENCES `store_website` (`website_id`) ON DELETE CASCADE
) ENGINE=InnoDB DEFAULT CHARSET=utf8 COMMENT='table storing various synonyms groups';

--
-- Dumping data for table `search_synonyms`
--


--
-- Table structure for table `sendfriend_log`
--

CREATE TABLE `sendfriend_log` (
  `log_id` int(10) unsigned NOT NULL AUTO_INCREMENT COMMENT 'Log ID',
  `ip` bigint(20) unsigned NOT NULL DEFAULT '0' COMMENT 'Customer IP address',
  `time` int(10) unsigned NOT NULL DEFAULT '0' COMMENT 'Log time',
  `website_id` smallint(5) unsigned NOT NULL DEFAULT '0' COMMENT 'Website ID',
  PRIMARY KEY (`log_id`),
  KEY `SENDFRIEND_LOG_IP` (`ip`),
  KEY `SENDFRIEND_LOG_TIME` (`time`)
) ENGINE=InnoDB DEFAULT CHARSET=utf8 COMMENT='Send to friend function log storage table';

--
-- Dumping data for table `sendfriend_log`
--


--
-- Table structure for table `sequence_creditmemo_0`
--

CREATE TABLE `sequence_creditmemo_0` (
  `sequence_value` int(10) unsigned NOT NULL AUTO_INCREMENT,
  PRIMARY KEY (`sequence_value`)
) ENGINE=InnoDB DEFAULT CHARSET=latin1;

--
-- Dumping data for table `sequence_creditmemo_0`
--


--
-- Table structure for table `sequence_creditmemo_1`
--

CREATE TABLE `sequence_creditmemo_1` (
  `sequence_value` int(10) unsigned NOT NULL AUTO_INCREMENT,
  PRIMARY KEY (`sequence_value`)
) ENGINE=InnoDB DEFAULT CHARSET=latin1;

--
-- Dumping data for table `sequence_creditmemo_1`
--


--
-- Table structure for table `sequence_creditmemo_10`
--

CREATE TABLE `sequence_creditmemo_10` (
  `sequence_value` int(10) unsigned NOT NULL AUTO_INCREMENT,
  PRIMARY KEY (`sequence_value`)
) ENGINE=InnoDB DEFAULT CHARSET=latin1;

--
-- Dumping data for table `sequence_creditmemo_10`
--


--
-- Table structure for table `sequence_creditmemo_11`
--

CREATE TABLE `sequence_creditmemo_11` (
  `sequence_value` int(10) unsigned NOT NULL AUTO_INCREMENT,
  PRIMARY KEY (`sequence_value`)
) ENGINE=InnoDB DEFAULT CHARSET=latin1;

--
-- Dumping data for table `sequence_creditmemo_11`
--


--
-- Table structure for table `sequence_creditmemo_12`
--

CREATE TABLE `sequence_creditmemo_12` (
  `sequence_value` int(10) unsigned NOT NULL AUTO_INCREMENT,
  PRIMARY KEY (`sequence_value`)
) ENGINE=InnoDB DEFAULT CHARSET=latin1;

--
-- Dumping data for table `sequence_creditmemo_12`
--


--
-- Table structure for table `sequence_creditmemo_13`
--

CREATE TABLE `sequence_creditmemo_13` (
  `sequence_value` int(10) unsigned NOT NULL AUTO_INCREMENT,
  PRIMARY KEY (`sequence_value`)
) ENGINE=InnoDB DEFAULT CHARSET=latin1;

--
-- Dumping data for table `sequence_creditmemo_13`
--


--
-- Table structure for table `sequence_creditmemo_14`
--

CREATE TABLE `sequence_creditmemo_14` (
  `sequence_value` int(10) unsigned NOT NULL AUTO_INCREMENT,
  PRIMARY KEY (`sequence_value`)
) ENGINE=InnoDB DEFAULT CHARSET=latin1;

--
-- Dumping data for table `sequence_creditmemo_14`
--


--
-- Table structure for table `sequence_creditmemo_15`
--

CREATE TABLE `sequence_creditmemo_15` (
  `sequence_value` int(10) unsigned NOT NULL AUTO_INCREMENT,
  PRIMARY KEY (`sequence_value`)
) ENGINE=InnoDB DEFAULT CHARSET=latin1;

--
-- Dumping data for table `sequence_creditmemo_15`
--


--
-- Table structure for table `sequence_creditmemo_16`
--

CREATE TABLE `sequence_creditmemo_16` (
  `sequence_value` int(10) unsigned NOT NULL AUTO_INCREMENT,
  PRIMARY KEY (`sequence_value`)
) ENGINE=InnoDB DEFAULT CHARSET=latin1;

--
-- Dumping data for table `sequence_creditmemo_16`
--


--
-- Table structure for table `sequence_creditmemo_17`
--

CREATE TABLE `sequence_creditmemo_17` (
  `sequence_value` int(10) unsigned NOT NULL AUTO_INCREMENT,
  PRIMARY KEY (`sequence_value`)
) ENGINE=InnoDB DEFAULT CHARSET=latin1;

--
-- Dumping data for table `sequence_creditmemo_17`
--


--
-- Table structure for table `sequence_creditmemo_18`
--

CREATE TABLE `sequence_creditmemo_18` (
  `sequence_value` int(10) unsigned NOT NULL AUTO_INCREMENT,
  PRIMARY KEY (`sequence_value`)
) ENGINE=InnoDB DEFAULT CHARSET=latin1;

--
-- Dumping data for table `sequence_creditmemo_18`
--


--
-- Table structure for table `sequence_creditmemo_20`
--

CREATE TABLE `sequence_creditmemo_20` (
  `sequence_value` int(10) unsigned NOT NULL AUTO_INCREMENT,
  PRIMARY KEY (`sequence_value`)
) ENGINE=InnoDB DEFAULT CHARSET=latin1;

--
-- Dumping data for table `sequence_creditmemo_20`
--


--
-- Table structure for table `sequence_creditmemo_21`
--

CREATE TABLE `sequence_creditmemo_21` (
  `sequence_value` int(10) unsigned NOT NULL AUTO_INCREMENT,
  PRIMARY KEY (`sequence_value`)
) ENGINE=InnoDB DEFAULT CHARSET=latin1;

--
-- Dumping data for table `sequence_creditmemo_21`
--


--
-- Table structure for table `sequence_creditmemo_22`
--

CREATE TABLE `sequence_creditmemo_22` (
  `sequence_value` int(10) unsigned NOT NULL AUTO_INCREMENT,
  PRIMARY KEY (`sequence_value`)
) ENGINE=InnoDB DEFAULT CHARSET=latin1;

--
-- Dumping data for table `sequence_creditmemo_22`
--


--
-- Table structure for table `sequence_creditmemo_23`
--

CREATE TABLE `sequence_creditmemo_23` (
  `sequence_value` int(10) unsigned NOT NULL AUTO_INCREMENT,
  PRIMARY KEY (`sequence_value`)
) ENGINE=InnoDB DEFAULT CHARSET=latin1;

--
-- Dumping data for table `sequence_creditmemo_23`
--


--
-- Table structure for table `sequence_creditmemo_24`
--

CREATE TABLE `sequence_creditmemo_24` (
  `sequence_value` int(10) unsigned NOT NULL AUTO_INCREMENT,
  PRIMARY KEY (`sequence_value`)
) ENGINE=InnoDB DEFAULT CHARSET=latin1;

--
-- Dumping data for table `sequence_creditmemo_24`
--


--
-- Table structure for table `sequence_creditmemo_25`
--

CREATE TABLE `sequence_creditmemo_25` (
  `sequence_value` int(10) unsigned NOT NULL AUTO_INCREMENT,
  PRIMARY KEY (`sequence_value`)
) ENGINE=InnoDB DEFAULT CHARSET=latin1;

--
-- Dumping data for table `sequence_creditmemo_25`
--


--
-- Table structure for table `sequence_creditmemo_26`
--

CREATE TABLE `sequence_creditmemo_26` (
  `sequence_value` int(10) unsigned NOT NULL AUTO_INCREMENT,
  PRIMARY KEY (`sequence_value`)
) ENGINE=InnoDB DEFAULT CHARSET=latin1;

--
-- Dumping data for table `sequence_creditmemo_26`
--


--
-- Table structure for table `sequence_creditmemo_27`
--

CREATE TABLE `sequence_creditmemo_27` (
  `sequence_value` int(10) unsigned NOT NULL AUTO_INCREMENT,
  PRIMARY KEY (`sequence_value`)
) ENGINE=InnoDB DEFAULT CHARSET=latin1;

--
-- Dumping data for table `sequence_creditmemo_27`
--


--
-- Table structure for table `sequence_creditmemo_28`
--

CREATE TABLE `sequence_creditmemo_28` (
  `sequence_value` int(10) unsigned NOT NULL AUTO_INCREMENT,
  PRIMARY KEY (`sequence_value`)
) ENGINE=InnoDB DEFAULT CHARSET=latin1;

--
-- Dumping data for table `sequence_creditmemo_28`
--


--
-- Table structure for table `sequence_creditmemo_29`
--

CREATE TABLE `sequence_creditmemo_29` (
  `sequence_value` int(10) unsigned NOT NULL AUTO_INCREMENT,
  PRIMARY KEY (`sequence_value`)
) ENGINE=InnoDB DEFAULT CHARSET=latin1;

--
-- Dumping data for table `sequence_creditmemo_29`
--


--
-- Table structure for table `sequence_creditmemo_3`
--

CREATE TABLE `sequence_creditmemo_3` (
  `sequence_value` int(10) unsigned NOT NULL AUTO_INCREMENT,
  PRIMARY KEY (`sequence_value`)
) ENGINE=InnoDB DEFAULT CHARSET=latin1;

--
-- Dumping data for table `sequence_creditmemo_3`
--


--
-- Table structure for table `sequence_creditmemo_30`
--

CREATE TABLE `sequence_creditmemo_30` (
  `sequence_value` int(10) unsigned NOT NULL AUTO_INCREMENT,
  PRIMARY KEY (`sequence_value`)
) ENGINE=InnoDB DEFAULT CHARSET=latin1;

--
-- Dumping data for table `sequence_creditmemo_30`
--


--
-- Table structure for table `sequence_creditmemo_31`
--

CREATE TABLE `sequence_creditmemo_31` (
  `sequence_value` int(10) unsigned NOT NULL AUTO_INCREMENT,
  PRIMARY KEY (`sequence_value`)
) ENGINE=InnoDB DEFAULT CHARSET=latin1;

--
-- Dumping data for table `sequence_creditmemo_31`
--


--
-- Table structure for table `sequence_creditmemo_32`
--

CREATE TABLE `sequence_creditmemo_32` (
  `sequence_value` int(10) unsigned NOT NULL AUTO_INCREMENT,
  PRIMARY KEY (`sequence_value`)
) ENGINE=InnoDB DEFAULT CHARSET=latin1;

--
-- Dumping data for table `sequence_creditmemo_32`
--


--
-- Table structure for table `sequence_creditmemo_33`
--

CREATE TABLE `sequence_creditmemo_33` (
  `sequence_value` int(10) unsigned NOT NULL AUTO_INCREMENT,
  PRIMARY KEY (`sequence_value`)
) ENGINE=InnoDB DEFAULT CHARSET=latin1;

--
-- Dumping data for table `sequence_creditmemo_33`
--


--
-- Table structure for table `sequence_creditmemo_34`
--

CREATE TABLE `sequence_creditmemo_34` (
  `sequence_value` int(10) unsigned NOT NULL AUTO_INCREMENT,
  PRIMARY KEY (`sequence_value`)
) ENGINE=InnoDB DEFAULT CHARSET=latin1;

--
-- Dumping data for table `sequence_creditmemo_34`
--


--
-- Table structure for table `sequence_creditmemo_35`
--

CREATE TABLE `sequence_creditmemo_35` (
  `sequence_value` int(10) unsigned NOT NULL AUTO_INCREMENT,
  PRIMARY KEY (`sequence_value`)
) ENGINE=InnoDB DEFAULT CHARSET=latin1;

--
-- Dumping data for table `sequence_creditmemo_35`
--


--
-- Table structure for table `sequence_creditmemo_36`
--

CREATE TABLE `sequence_creditmemo_36` (
  `sequence_value` int(10) unsigned NOT NULL AUTO_INCREMENT,
  PRIMARY KEY (`sequence_value`)
) ENGINE=InnoDB DEFAULT CHARSET=latin1;

--
-- Dumping data for table `sequence_creditmemo_36`
--


--
-- Table structure for table `sequence_creditmemo_37`
--

CREATE TABLE `sequence_creditmemo_37` (
  `sequence_value` int(10) unsigned NOT NULL AUTO_INCREMENT,
  PRIMARY KEY (`sequence_value`)
) ENGINE=InnoDB DEFAULT CHARSET=latin1;

--
-- Dumping data for table `sequence_creditmemo_37`
--


--
-- Table structure for table `sequence_creditmemo_38`
--

CREATE TABLE `sequence_creditmemo_38` (
  `sequence_value` int(10) unsigned NOT NULL AUTO_INCREMENT,
  PRIMARY KEY (`sequence_value`)
) ENGINE=InnoDB DEFAULT CHARSET=latin1;

--
-- Dumping data for table `sequence_creditmemo_38`
--


--
-- Table structure for table `sequence_creditmemo_39`
--

CREATE TABLE `sequence_creditmemo_39` (
  `sequence_value` int(10) unsigned NOT NULL AUTO_INCREMENT,
  PRIMARY KEY (`sequence_value`)
) ENGINE=InnoDB DEFAULT CHARSET=latin1;

--
-- Dumping data for table `sequence_creditmemo_39`
--


--
-- Table structure for table `sequence_creditmemo_4`
--

CREATE TABLE `sequence_creditmemo_4` (
  `sequence_value` int(10) unsigned NOT NULL AUTO_INCREMENT,
  PRIMARY KEY (`sequence_value`)
) ENGINE=InnoDB DEFAULT CHARSET=latin1;

--
-- Dumping data for table `sequence_creditmemo_4`
--


--
-- Table structure for table `sequence_creditmemo_40`
--

CREATE TABLE `sequence_creditmemo_40` (
  `sequence_value` int(10) unsigned NOT NULL AUTO_INCREMENT,
  PRIMARY KEY (`sequence_value`)
) ENGINE=InnoDB DEFAULT CHARSET=latin1;

--
-- Dumping data for table `sequence_creditmemo_40`
--


--
-- Table structure for table `sequence_creditmemo_41`
--

CREATE TABLE `sequence_creditmemo_41` (
  `sequence_value` int(10) unsigned NOT NULL AUTO_INCREMENT,
  PRIMARY KEY (`sequence_value`)
) ENGINE=InnoDB DEFAULT CHARSET=latin1;

--
-- Dumping data for table `sequence_creditmemo_41`
--


--
-- Table structure for table `sequence_creditmemo_5`
--

CREATE TABLE `sequence_creditmemo_5` (
  `sequence_value` int(10) unsigned NOT NULL AUTO_INCREMENT,
  PRIMARY KEY (`sequence_value`)
) ENGINE=InnoDB DEFAULT CHARSET=latin1;

--
-- Dumping data for table `sequence_creditmemo_5`
--


--
-- Table structure for table `sequence_creditmemo_6`
--

CREATE TABLE `sequence_creditmemo_6` (
  `sequence_value` int(10) unsigned NOT NULL AUTO_INCREMENT,
  PRIMARY KEY (`sequence_value`)
) ENGINE=InnoDB DEFAULT CHARSET=latin1;

--
-- Dumping data for table `sequence_creditmemo_6`
--


--
-- Table structure for table `sequence_creditmemo_7`
--

CREATE TABLE `sequence_creditmemo_7` (
  `sequence_value` int(10) unsigned NOT NULL AUTO_INCREMENT,
  PRIMARY KEY (`sequence_value`)
) ENGINE=InnoDB DEFAULT CHARSET=latin1;

--
-- Dumping data for table `sequence_creditmemo_7`
--


--
-- Table structure for table `sequence_creditmemo_8`
--

CREATE TABLE `sequence_creditmemo_8` (
  `sequence_value` int(10) unsigned NOT NULL AUTO_INCREMENT,
  PRIMARY KEY (`sequence_value`)
) ENGINE=InnoDB DEFAULT CHARSET=latin1;

--
-- Dumping data for table `sequence_creditmemo_8`
--


--
-- Table structure for table `sequence_creditmemo_9`
--

CREATE TABLE `sequence_creditmemo_9` (
  `sequence_value` int(10) unsigned NOT NULL AUTO_INCREMENT,
  PRIMARY KEY (`sequence_value`)
) ENGINE=InnoDB DEFAULT CHARSET=latin1;

--
-- Dumping data for table `sequence_creditmemo_9`
--


--
-- Table structure for table `sequence_invoice_0`
--

CREATE TABLE `sequence_invoice_0` (
  `sequence_value` int(10) unsigned NOT NULL AUTO_INCREMENT,
  PRIMARY KEY (`sequence_value`)
) ENGINE=InnoDB DEFAULT CHARSET=latin1;

--
-- Dumping data for table `sequence_invoice_0`
--


--
-- Table structure for table `sequence_invoice_1`
--

CREATE TABLE `sequence_invoice_1` (
  `sequence_value` int(10) unsigned NOT NULL AUTO_INCREMENT,
  PRIMARY KEY (`sequence_value`)
) ENGINE=InnoDB AUTO_INCREMENT=2 DEFAULT CHARSET=latin1;

--
-- Dumping data for table `sequence_invoice_1`
--

INSERT INTO `sequence_invoice_1` VALUES (1);

--
-- Table structure for table `sequence_invoice_10`
--

CREATE TABLE `sequence_invoice_10` (
  `sequence_value` int(10) unsigned NOT NULL AUTO_INCREMENT,
  PRIMARY KEY (`sequence_value`)
) ENGINE=InnoDB DEFAULT CHARSET=latin1;

--
-- Dumping data for table `sequence_invoice_10`
--


--
-- Table structure for table `sequence_invoice_11`
--

CREATE TABLE `sequence_invoice_11` (
  `sequence_value` int(10) unsigned NOT NULL AUTO_INCREMENT,
  PRIMARY KEY (`sequence_value`)
) ENGINE=InnoDB DEFAULT CHARSET=latin1;

--
-- Dumping data for table `sequence_invoice_11`
--


--
-- Table structure for table `sequence_invoice_12`
--

CREATE TABLE `sequence_invoice_12` (
  `sequence_value` int(10) unsigned NOT NULL AUTO_INCREMENT,
  PRIMARY KEY (`sequence_value`)
) ENGINE=InnoDB DEFAULT CHARSET=latin1;

--
-- Dumping data for table `sequence_invoice_12`
--


--
-- Table structure for table `sequence_invoice_13`
--

CREATE TABLE `sequence_invoice_13` (
  `sequence_value` int(10) unsigned NOT NULL AUTO_INCREMENT,
  PRIMARY KEY (`sequence_value`)
) ENGINE=InnoDB DEFAULT CHARSET=latin1;

--
-- Dumping data for table `sequence_invoice_13`
--


--
-- Table structure for table `sequence_invoice_14`
--

CREATE TABLE `sequence_invoice_14` (
  `sequence_value` int(10) unsigned NOT NULL AUTO_INCREMENT,
  PRIMARY KEY (`sequence_value`)
) ENGINE=InnoDB DEFAULT CHARSET=latin1;

--
-- Dumping data for table `sequence_invoice_14`
--


--
-- Table structure for table `sequence_invoice_15`
--

CREATE TABLE `sequence_invoice_15` (
  `sequence_value` int(10) unsigned NOT NULL AUTO_INCREMENT,
  PRIMARY KEY (`sequence_value`)
) ENGINE=InnoDB DEFAULT CHARSET=latin1;

--
-- Dumping data for table `sequence_invoice_15`
--


--
-- Table structure for table `sequence_invoice_16`
--

CREATE TABLE `sequence_invoice_16` (
  `sequence_value` int(10) unsigned NOT NULL AUTO_INCREMENT,
  PRIMARY KEY (`sequence_value`)
) ENGINE=InnoDB DEFAULT CHARSET=latin1;

--
-- Dumping data for table `sequence_invoice_16`
--


--
-- Table structure for table `sequence_invoice_17`
--

CREATE TABLE `sequence_invoice_17` (
  `sequence_value` int(10) unsigned NOT NULL AUTO_INCREMENT,
  PRIMARY KEY (`sequence_value`)
) ENGINE=InnoDB DEFAULT CHARSET=latin1;

--
-- Dumping data for table `sequence_invoice_17`
--


--
-- Table structure for table `sequence_invoice_18`
--

CREATE TABLE `sequence_invoice_18` (
  `sequence_value` int(10) unsigned NOT NULL AUTO_INCREMENT,
  PRIMARY KEY (`sequence_value`)
) ENGINE=InnoDB DEFAULT CHARSET=latin1;

--
-- Dumping data for table `sequence_invoice_18`
--


--
-- Table structure for table `sequence_invoice_20`
--

CREATE TABLE `sequence_invoice_20` (
  `sequence_value` int(10) unsigned NOT NULL AUTO_INCREMENT,
  PRIMARY KEY (`sequence_value`)
) ENGINE=InnoDB DEFAULT CHARSET=latin1;

--
-- Dumping data for table `sequence_invoice_20`
--


--
-- Table structure for table `sequence_invoice_21`
--

CREATE TABLE `sequence_invoice_21` (
  `sequence_value` int(10) unsigned NOT NULL AUTO_INCREMENT,
  PRIMARY KEY (`sequence_value`)
) ENGINE=InnoDB DEFAULT CHARSET=latin1;

--
-- Dumping data for table `sequence_invoice_21`
--


--
-- Table structure for table `sequence_invoice_22`
--

CREATE TABLE `sequence_invoice_22` (
  `sequence_value` int(10) unsigned NOT NULL AUTO_INCREMENT,
  PRIMARY KEY (`sequence_value`)
) ENGINE=InnoDB DEFAULT CHARSET=latin1;

--
-- Dumping data for table `sequence_invoice_22`
--


--
-- Table structure for table `sequence_invoice_23`
--

CREATE TABLE `sequence_invoice_23` (
  `sequence_value` int(10) unsigned NOT NULL AUTO_INCREMENT,
  PRIMARY KEY (`sequence_value`)
) ENGINE=InnoDB DEFAULT CHARSET=latin1;

--
-- Dumping data for table `sequence_invoice_23`
--


--
-- Table structure for table `sequence_invoice_24`
--

CREATE TABLE `sequence_invoice_24` (
  `sequence_value` int(10) unsigned NOT NULL AUTO_INCREMENT,
  PRIMARY KEY (`sequence_value`)
) ENGINE=InnoDB DEFAULT CHARSET=latin1;

--
-- Dumping data for table `sequence_invoice_24`
--


--
-- Table structure for table `sequence_invoice_25`
--

CREATE TABLE `sequence_invoice_25` (
  `sequence_value` int(10) unsigned NOT NULL AUTO_INCREMENT,
  PRIMARY KEY (`sequence_value`)
) ENGINE=InnoDB DEFAULT CHARSET=latin1;

--
-- Dumping data for table `sequence_invoice_25`
--


--
-- Table structure for table `sequence_invoice_26`
--

CREATE TABLE `sequence_invoice_26` (
  `sequence_value` int(10) unsigned NOT NULL AUTO_INCREMENT,
  PRIMARY KEY (`sequence_value`)
) ENGINE=InnoDB DEFAULT CHARSET=latin1;

--
-- Dumping data for table `sequence_invoice_26`
--


--
-- Table structure for table `sequence_invoice_27`
--

CREATE TABLE `sequence_invoice_27` (
  `sequence_value` int(10) unsigned NOT NULL AUTO_INCREMENT,
  PRIMARY KEY (`sequence_value`)
) ENGINE=InnoDB DEFAULT CHARSET=latin1;

--
-- Dumping data for table `sequence_invoice_27`
--


--
-- Table structure for table `sequence_invoice_28`
--

CREATE TABLE `sequence_invoice_28` (
  `sequence_value` int(10) unsigned NOT NULL AUTO_INCREMENT,
  PRIMARY KEY (`sequence_value`)
) ENGINE=InnoDB DEFAULT CHARSET=latin1;

--
-- Dumping data for table `sequence_invoice_28`
--


--
-- Table structure for table `sequence_invoice_29`
--

CREATE TABLE `sequence_invoice_29` (
  `sequence_value` int(10) unsigned NOT NULL AUTO_INCREMENT,
  PRIMARY KEY (`sequence_value`)
) ENGINE=InnoDB DEFAULT CHARSET=latin1;

--
-- Dumping data for table `sequence_invoice_29`
--


--
-- Table structure for table `sequence_invoice_3`
--

CREATE TABLE `sequence_invoice_3` (
  `sequence_value` int(10) unsigned NOT NULL AUTO_INCREMENT,
  PRIMARY KEY (`sequence_value`)
) ENGINE=InnoDB DEFAULT CHARSET=latin1;

--
-- Dumping data for table `sequence_invoice_3`
--


--
-- Table structure for table `sequence_invoice_30`
--

CREATE TABLE `sequence_invoice_30` (
  `sequence_value` int(10) unsigned NOT NULL AUTO_INCREMENT,
  PRIMARY KEY (`sequence_value`)
) ENGINE=InnoDB DEFAULT CHARSET=latin1;

--
-- Dumping data for table `sequence_invoice_30`
--


--
-- Table structure for table `sequence_invoice_31`
--

CREATE TABLE `sequence_invoice_31` (
  `sequence_value` int(10) unsigned NOT NULL AUTO_INCREMENT,
  PRIMARY KEY (`sequence_value`)
) ENGINE=InnoDB DEFAULT CHARSET=latin1;

--
-- Dumping data for table `sequence_invoice_31`
--


--
-- Table structure for table `sequence_invoice_32`
--

CREATE TABLE `sequence_invoice_32` (
  `sequence_value` int(10) unsigned NOT NULL AUTO_INCREMENT,
  PRIMARY KEY (`sequence_value`)
) ENGINE=InnoDB DEFAULT CHARSET=latin1;

--
-- Dumping data for table `sequence_invoice_32`
--


--
-- Table structure for table `sequence_invoice_33`
--

CREATE TABLE `sequence_invoice_33` (
  `sequence_value` int(10) unsigned NOT NULL AUTO_INCREMENT,
  PRIMARY KEY (`sequence_value`)
) ENGINE=InnoDB DEFAULT CHARSET=latin1;

--
-- Dumping data for table `sequence_invoice_33`
--


--
-- Table structure for table `sequence_invoice_34`
--

CREATE TABLE `sequence_invoice_34` (
  `sequence_value` int(10) unsigned NOT NULL AUTO_INCREMENT,
  PRIMARY KEY (`sequence_value`)
) ENGINE=InnoDB DEFAULT CHARSET=latin1;

--
-- Dumping data for table `sequence_invoice_34`
--


--
-- Table structure for table `sequence_invoice_35`
--

CREATE TABLE `sequence_invoice_35` (
  `sequence_value` int(10) unsigned NOT NULL AUTO_INCREMENT,
  PRIMARY KEY (`sequence_value`)
) ENGINE=InnoDB DEFAULT CHARSET=latin1;

--
-- Dumping data for table `sequence_invoice_35`
--


--
-- Table structure for table `sequence_invoice_36`
--

CREATE TABLE `sequence_invoice_36` (
  `sequence_value` int(10) unsigned NOT NULL AUTO_INCREMENT,
  PRIMARY KEY (`sequence_value`)
) ENGINE=InnoDB DEFAULT CHARSET=latin1;

--
-- Dumping data for table `sequence_invoice_36`
--


--
-- Table structure for table `sequence_invoice_37`
--

CREATE TABLE `sequence_invoice_37` (
  `sequence_value` int(10) unsigned NOT NULL AUTO_INCREMENT,
  PRIMARY KEY (`sequence_value`)
) ENGINE=InnoDB DEFAULT CHARSET=latin1;

--
-- Dumping data for table `sequence_invoice_37`
--


--
-- Table structure for table `sequence_invoice_38`
--

CREATE TABLE `sequence_invoice_38` (
  `sequence_value` int(10) unsigned NOT NULL AUTO_INCREMENT,
  PRIMARY KEY (`sequence_value`)
) ENGINE=InnoDB DEFAULT CHARSET=latin1;

--
-- Dumping data for table `sequence_invoice_38`
--


--
-- Table structure for table `sequence_invoice_39`
--

CREATE TABLE `sequence_invoice_39` (
  `sequence_value` int(10) unsigned NOT NULL AUTO_INCREMENT,
  PRIMARY KEY (`sequence_value`)
) ENGINE=InnoDB DEFAULT CHARSET=latin1;

--
-- Dumping data for table `sequence_invoice_39`
--


--
-- Table structure for table `sequence_invoice_4`
--

CREATE TABLE `sequence_invoice_4` (
  `sequence_value` int(10) unsigned NOT NULL AUTO_INCREMENT,
  PRIMARY KEY (`sequence_value`)
) ENGINE=InnoDB DEFAULT CHARSET=latin1;

--
-- Dumping data for table `sequence_invoice_4`
--


--
-- Table structure for table `sequence_invoice_40`
--

CREATE TABLE `sequence_invoice_40` (
  `sequence_value` int(10) unsigned NOT NULL AUTO_INCREMENT,
  PRIMARY KEY (`sequence_value`)
) ENGINE=InnoDB DEFAULT CHARSET=latin1;

--
-- Dumping data for table `sequence_invoice_40`
--


--
-- Table structure for table `sequence_invoice_41`
--

CREATE TABLE `sequence_invoice_41` (
  `sequence_value` int(10) unsigned NOT NULL AUTO_INCREMENT,
  PRIMARY KEY (`sequence_value`)
) ENGINE=InnoDB DEFAULT CHARSET=latin1;

--
-- Dumping data for table `sequence_invoice_41`
--


--
-- Table structure for table `sequence_invoice_5`
--

CREATE TABLE `sequence_invoice_5` (
  `sequence_value` int(10) unsigned NOT NULL AUTO_INCREMENT,
  PRIMARY KEY (`sequence_value`)
) ENGINE=InnoDB DEFAULT CHARSET=latin1;

--
-- Dumping data for table `sequence_invoice_5`
--


--
-- Table structure for table `sequence_invoice_6`
--

CREATE TABLE `sequence_invoice_6` (
  `sequence_value` int(10) unsigned NOT NULL AUTO_INCREMENT,
  PRIMARY KEY (`sequence_value`)
) ENGINE=InnoDB DEFAULT CHARSET=latin1;

--
-- Dumping data for table `sequence_invoice_6`
--


--
-- Table structure for table `sequence_invoice_7`
--

CREATE TABLE `sequence_invoice_7` (
  `sequence_value` int(10) unsigned NOT NULL AUTO_INCREMENT,
  PRIMARY KEY (`sequence_value`)
) ENGINE=InnoDB DEFAULT CHARSET=latin1;

--
-- Dumping data for table `sequence_invoice_7`
--


--
-- Table structure for table `sequence_invoice_8`
--

CREATE TABLE `sequence_invoice_8` (
  `sequence_value` int(10) unsigned NOT NULL AUTO_INCREMENT,
  PRIMARY KEY (`sequence_value`)
) ENGINE=InnoDB DEFAULT CHARSET=latin1;

--
-- Dumping data for table `sequence_invoice_8`
--


--
-- Table structure for table `sequence_invoice_9`
--

CREATE TABLE `sequence_invoice_9` (
  `sequence_value` int(10) unsigned NOT NULL AUTO_INCREMENT,
  PRIMARY KEY (`sequence_value`)
) ENGINE=InnoDB DEFAULT CHARSET=latin1;

--
-- Dumping data for table `sequence_invoice_9`
--


--
-- Table structure for table `sequence_order_0`
--

CREATE TABLE `sequence_order_0` (
  `sequence_value` int(10) unsigned NOT NULL AUTO_INCREMENT,
  PRIMARY KEY (`sequence_value`)
) ENGINE=InnoDB DEFAULT CHARSET=latin1;

--
-- Dumping data for table `sequence_order_0`
--


--
-- Table structure for table `sequence_order_1`
--

CREATE TABLE `sequence_order_1` (
  `sequence_value` int(10) unsigned NOT NULL AUTO_INCREMENT,
  PRIMARY KEY (`sequence_value`)
) ENGINE=InnoDB AUTO_INCREMENT=26 DEFAULT CHARSET=latin1;

--
-- Dumping data for table `sequence_order_1`
--

INSERT INTO `sequence_order_1` VALUES (1),(2),(3),(4),(5),(6),(7),(8),(9),(10),(11),(12),(13),(14),(15),(16),(17),(18),(19),(20),(21),(22),(23),(24),(25);

--
-- Table structure for table `sequence_order_10`
--

CREATE TABLE `sequence_order_10` (
  `sequence_value` int(10) unsigned NOT NULL AUTO_INCREMENT,
  PRIMARY KEY (`sequence_value`)
) ENGINE=InnoDB AUTO_INCREMENT=4 DEFAULT CHARSET=latin1;

--
-- Dumping data for table `sequence_order_10`
--

INSERT INTO `sequence_order_10` VALUES (1),(2),(3);

--
-- Table structure for table `sequence_order_11`
--

CREATE TABLE `sequence_order_11` (
  `sequence_value` int(10) unsigned NOT NULL AUTO_INCREMENT,
  PRIMARY KEY (`sequence_value`)
) ENGINE=InnoDB DEFAULT CHARSET=latin1;

--
-- Dumping data for table `sequence_order_11`
--


--
-- Table structure for table `sequence_order_12`
--

CREATE TABLE `sequence_order_12` (
  `sequence_value` int(10) unsigned NOT NULL AUTO_INCREMENT,
  PRIMARY KEY (`sequence_value`)
) ENGINE=InnoDB DEFAULT CHARSET=latin1;

--
-- Dumping data for table `sequence_order_12`
--


--
-- Table structure for table `sequence_order_13`
--

CREATE TABLE `sequence_order_13` (
  `sequence_value` int(10) unsigned NOT NULL AUTO_INCREMENT,
  PRIMARY KEY (`sequence_value`)
) ENGINE=InnoDB DEFAULT CHARSET=latin1;

--
-- Dumping data for table `sequence_order_13`
--


--
-- Table structure for table `sequence_order_14`
--

CREATE TABLE `sequence_order_14` (
  `sequence_value` int(10) unsigned NOT NULL AUTO_INCREMENT,
  PRIMARY KEY (`sequence_value`)
) ENGINE=InnoDB AUTO_INCREMENT=3 DEFAULT CHARSET=latin1;

--
-- Dumping data for table `sequence_order_14`
--

INSERT INTO `sequence_order_14` VALUES (1),(2);

--
-- Table structure for table `sequence_order_15`
--

CREATE TABLE `sequence_order_15` (
  `sequence_value` int(10) unsigned NOT NULL AUTO_INCREMENT,
  PRIMARY KEY (`sequence_value`)
) ENGINE=InnoDB DEFAULT CHARSET=latin1;

--
-- Dumping data for table `sequence_order_15`
--


--
-- Table structure for table `sequence_order_16`
--

CREATE TABLE `sequence_order_16` (
  `sequence_value` int(10) unsigned NOT NULL AUTO_INCREMENT,
  PRIMARY KEY (`sequence_value`)
) ENGINE=InnoDB AUTO_INCREMENT=4 DEFAULT CHARSET=latin1;

--
-- Dumping data for table `sequence_order_16`
--

INSERT INTO `sequence_order_16` VALUES (1),(2),(3);

--
-- Table structure for table `sequence_order_17`
--

CREATE TABLE `sequence_order_17` (
  `sequence_value` int(10) unsigned NOT NULL AUTO_INCREMENT,
  PRIMARY KEY (`sequence_value`)
) ENGINE=InnoDB DEFAULT CHARSET=latin1;

--
-- Dumping data for table `sequence_order_17`
--


--
-- Table structure for table `sequence_order_18`
--

CREATE TABLE `sequence_order_18` (
  `sequence_value` int(10) unsigned NOT NULL AUTO_INCREMENT,
  PRIMARY KEY (`sequence_value`)
) ENGINE=InnoDB AUTO_INCREMENT=3 DEFAULT CHARSET=latin1;

--
-- Dumping data for table `sequence_order_18`
--

INSERT INTO `sequence_order_18` VALUES (1),(2);

--
-- Table structure for table `sequence_order_20`
--

CREATE TABLE `sequence_order_20` (
  `sequence_value` int(10) unsigned NOT NULL AUTO_INCREMENT,
  PRIMARY KEY (`sequence_value`)
) ENGINE=InnoDB DEFAULT CHARSET=latin1;

--
-- Dumping data for table `sequence_order_20`
--


--
-- Table structure for table `sequence_order_21`
--

CREATE TABLE `sequence_order_21` (
  `sequence_value` int(10) unsigned NOT NULL AUTO_INCREMENT,
  PRIMARY KEY (`sequence_value`)
) ENGINE=InnoDB DEFAULT CHARSET=latin1;

--
-- Dumping data for table `sequence_order_21`
--


--
-- Table structure for table `sequence_order_22`
--

CREATE TABLE `sequence_order_22` (
  `sequence_value` int(10) unsigned NOT NULL AUTO_INCREMENT,
  PRIMARY KEY (`sequence_value`)
) ENGINE=InnoDB DEFAULT CHARSET=latin1;

--
-- Dumping data for table `sequence_order_22`
--


--
-- Table structure for table `sequence_order_23`
--

CREATE TABLE `sequence_order_23` (
  `sequence_value` int(10) unsigned NOT NULL AUTO_INCREMENT,
  PRIMARY KEY (`sequence_value`)
) ENGINE=InnoDB DEFAULT CHARSET=latin1;

--
-- Dumping data for table `sequence_order_23`
--


--
-- Table structure for table `sequence_order_24`
--

CREATE TABLE `sequence_order_24` (
  `sequence_value` int(10) unsigned NOT NULL AUTO_INCREMENT,
  PRIMARY KEY (`sequence_value`)
) ENGINE=InnoDB DEFAULT CHARSET=latin1;

--
-- Dumping data for table `sequence_order_24`
--


--
-- Table structure for table `sequence_order_25`
--

CREATE TABLE `sequence_order_25` (
  `sequence_value` int(10) unsigned NOT NULL AUTO_INCREMENT,
  PRIMARY KEY (`sequence_value`)
) ENGINE=InnoDB DEFAULT CHARSET=latin1;

--
-- Dumping data for table `sequence_order_25`
--


--
-- Table structure for table `sequence_order_26`
--

CREATE TABLE `sequence_order_26` (
  `sequence_value` int(10) unsigned NOT NULL AUTO_INCREMENT,
  PRIMARY KEY (`sequence_value`)
) ENGINE=InnoDB DEFAULT CHARSET=latin1;

--
-- Dumping data for table `sequence_order_26`
--


--
-- Table structure for table `sequence_order_27`
--

CREATE TABLE `sequence_order_27` (
  `sequence_value` int(10) unsigned NOT NULL AUTO_INCREMENT,
  PRIMARY KEY (`sequence_value`)
) ENGINE=InnoDB AUTO_INCREMENT=6 DEFAULT CHARSET=latin1;

--
-- Dumping data for table `sequence_order_27`
--

INSERT INTO `sequence_order_27` VALUES (1),(2),(3),(4),(5);

--
-- Table structure for table `sequence_order_28`
--

CREATE TABLE `sequence_order_28` (
  `sequence_value` int(10) unsigned NOT NULL AUTO_INCREMENT,
  PRIMARY KEY (`sequence_value`)
) ENGINE=InnoDB DEFAULT CHARSET=latin1;

--
-- Dumping data for table `sequence_order_28`
--


--
-- Table structure for table `sequence_order_29`
--

CREATE TABLE `sequence_order_29` (
  `sequence_value` int(10) unsigned NOT NULL AUTO_INCREMENT,
  PRIMARY KEY (`sequence_value`)
) ENGINE=InnoDB DEFAULT CHARSET=latin1;

--
-- Dumping data for table `sequence_order_29`
--


--
-- Table structure for table `sequence_order_3`
--

CREATE TABLE `sequence_order_3` (
  `sequence_value` int(10) unsigned NOT NULL AUTO_INCREMENT,
  PRIMARY KEY (`sequence_value`)
) ENGINE=InnoDB DEFAULT CHARSET=latin1;

--
-- Dumping data for table `sequence_order_3`
--


--
-- Table structure for table `sequence_order_30`
--

CREATE TABLE `sequence_order_30` (
  `sequence_value` int(10) unsigned NOT NULL AUTO_INCREMENT,
  PRIMARY KEY (`sequence_value`)
) ENGINE=InnoDB DEFAULT CHARSET=latin1;

--
-- Dumping data for table `sequence_order_30`
--


--
-- Table structure for table `sequence_order_31`
--

CREATE TABLE `sequence_order_31` (
  `sequence_value` int(10) unsigned NOT NULL AUTO_INCREMENT,
  PRIMARY KEY (`sequence_value`)
) ENGINE=InnoDB DEFAULT CHARSET=latin1;

--
-- Dumping data for table `sequence_order_31`
--


--
-- Table structure for table `sequence_order_32`
--

CREATE TABLE `sequence_order_32` (
  `sequence_value` int(10) unsigned NOT NULL AUTO_INCREMENT,
  PRIMARY KEY (`sequence_value`)
) ENGINE=InnoDB DEFAULT CHARSET=latin1;

--
-- Dumping data for table `sequence_order_32`
--


--
-- Table structure for table `sequence_order_33`
--

CREATE TABLE `sequence_order_33` (
  `sequence_value` int(10) unsigned NOT NULL AUTO_INCREMENT,
  PRIMARY KEY (`sequence_value`)
) ENGINE=InnoDB DEFAULT CHARSET=latin1;

--
-- Dumping data for table `sequence_order_33`
--


--
-- Table structure for table `sequence_order_34`
--

CREATE TABLE `sequence_order_34` (
  `sequence_value` int(10) unsigned NOT NULL AUTO_INCREMENT,
  PRIMARY KEY (`sequence_value`)
) ENGINE=InnoDB DEFAULT CHARSET=latin1;

--
-- Dumping data for table `sequence_order_34`
--


--
-- Table structure for table `sequence_order_35`
--

CREATE TABLE `sequence_order_35` (
  `sequence_value` int(10) unsigned NOT NULL AUTO_INCREMENT,
  PRIMARY KEY (`sequence_value`)
) ENGINE=InnoDB DEFAULT CHARSET=latin1;

--
-- Dumping data for table `sequence_order_35`
--


--
-- Table structure for table `sequence_order_36`
--

CREATE TABLE `sequence_order_36` (
  `sequence_value` int(10) unsigned NOT NULL AUTO_INCREMENT,
  PRIMARY KEY (`sequence_value`)
) ENGINE=InnoDB DEFAULT CHARSET=latin1;

--
-- Dumping data for table `sequence_order_36`
--


--
-- Table structure for table `sequence_order_37`
--

CREATE TABLE `sequence_order_37` (
  `sequence_value` int(10) unsigned NOT NULL AUTO_INCREMENT,
  PRIMARY KEY (`sequence_value`)
) ENGINE=InnoDB AUTO_INCREMENT=4 DEFAULT CHARSET=latin1;

--
-- Dumping data for table `sequence_order_37`
--

INSERT INTO `sequence_order_37` VALUES (1),(2),(3);

--
-- Table structure for table `sequence_order_38`
--

CREATE TABLE `sequence_order_38` (
  `sequence_value` int(10) unsigned NOT NULL AUTO_INCREMENT,
  PRIMARY KEY (`sequence_value`)
) ENGINE=InnoDB AUTO_INCREMENT=2 DEFAULT CHARSET=latin1;

--
-- Dumping data for table `sequence_order_38`
--

INSERT INTO `sequence_order_38` VALUES (1);

--
-- Table structure for table `sequence_order_39`
--

CREATE TABLE `sequence_order_39` (
  `sequence_value` int(10) unsigned NOT NULL AUTO_INCREMENT,
  PRIMARY KEY (`sequence_value`)
) ENGINE=InnoDB DEFAULT CHARSET=latin1;

--
-- Dumping data for table `sequence_order_39`
--


--
-- Table structure for table `sequence_order_4`
--

CREATE TABLE `sequence_order_4` (
  `sequence_value` int(10) unsigned NOT NULL AUTO_INCREMENT,
  PRIMARY KEY (`sequence_value`)
) ENGINE=InnoDB AUTO_INCREMENT=4 DEFAULT CHARSET=latin1;

--
-- Dumping data for table `sequence_order_4`
--

INSERT INTO `sequence_order_4` VALUES (1),(2),(3);

--
-- Table structure for table `sequence_order_40`
--

CREATE TABLE `sequence_order_40` (
  `sequence_value` int(10) unsigned NOT NULL AUTO_INCREMENT,
  PRIMARY KEY (`sequence_value`)
) ENGINE=InnoDB DEFAULT CHARSET=latin1;

--
-- Dumping data for table `sequence_order_40`
--


--
-- Table structure for table `sequence_order_41`
--

CREATE TABLE `sequence_order_41` (
  `sequence_value` int(10) unsigned NOT NULL AUTO_INCREMENT,
  PRIMARY KEY (`sequence_value`)
) ENGINE=InnoDB DEFAULT CHARSET=latin1;

--
-- Dumping data for table `sequence_order_41`
--


--
-- Table structure for table `sequence_order_5`
--

CREATE TABLE `sequence_order_5` (
  `sequence_value` int(10) unsigned NOT NULL AUTO_INCREMENT,
  PRIMARY KEY (`sequence_value`)
) ENGINE=InnoDB DEFAULT CHARSET=latin1;

--
-- Dumping data for table `sequence_order_5`
--


--
-- Table structure for table `sequence_order_6`
--

CREATE TABLE `sequence_order_6` (
  `sequence_value` int(10) unsigned NOT NULL AUTO_INCREMENT,
  PRIMARY KEY (`sequence_value`)
) ENGINE=InnoDB AUTO_INCREMENT=2 DEFAULT CHARSET=latin1;

--
-- Dumping data for table `sequence_order_6`
--

INSERT INTO `sequence_order_6` VALUES (1);

--
-- Table structure for table `sequence_order_7`
--

CREATE TABLE `sequence_order_7` (
  `sequence_value` int(10) unsigned NOT NULL AUTO_INCREMENT,
  PRIMARY KEY (`sequence_value`)
) ENGINE=InnoDB DEFAULT CHARSET=latin1;

--
-- Dumping data for table `sequence_order_7`
--


--
-- Table structure for table `sequence_order_8`
--

CREATE TABLE `sequence_order_8` (
  `sequence_value` int(10) unsigned NOT NULL AUTO_INCREMENT,
  PRIMARY KEY (`sequence_value`)
) ENGINE=InnoDB AUTO_INCREMENT=2 DEFAULT CHARSET=latin1;

--
-- Dumping data for table `sequence_order_8`
--

INSERT INTO `sequence_order_8` VALUES (1);

--
-- Table structure for table `sequence_order_9`
--

CREATE TABLE `sequence_order_9` (
  `sequence_value` int(10) unsigned NOT NULL AUTO_INCREMENT,
  PRIMARY KEY (`sequence_value`)
) ENGINE=InnoDB DEFAULT CHARSET=latin1;

--
-- Dumping data for table `sequence_order_9`
--


--
-- Table structure for table `sequence_shipment_0`
--

CREATE TABLE `sequence_shipment_0` (
  `sequence_value` int(10) unsigned NOT NULL AUTO_INCREMENT,
  PRIMARY KEY (`sequence_value`)
) ENGINE=InnoDB DEFAULT CHARSET=latin1;

--
-- Dumping data for table `sequence_shipment_0`
--


--
-- Table structure for table `sequence_shipment_1`
--

CREATE TABLE `sequence_shipment_1` (
  `sequence_value` int(10) unsigned NOT NULL AUTO_INCREMENT,
  PRIMARY KEY (`sequence_value`)
) ENGINE=InnoDB DEFAULT CHARSET=latin1;

--
-- Dumping data for table `sequence_shipment_1`
--


--
-- Table structure for table `sequence_shipment_10`
--

CREATE TABLE `sequence_shipment_10` (
  `sequence_value` int(10) unsigned NOT NULL AUTO_INCREMENT,
  PRIMARY KEY (`sequence_value`)
) ENGINE=InnoDB DEFAULT CHARSET=latin1;

--
-- Dumping data for table `sequence_shipment_10`
--


--
-- Table structure for table `sequence_shipment_11`
--

CREATE TABLE `sequence_shipment_11` (
  `sequence_value` int(10) unsigned NOT NULL AUTO_INCREMENT,
  PRIMARY KEY (`sequence_value`)
) ENGINE=InnoDB DEFAULT CHARSET=latin1;

--
-- Dumping data for table `sequence_shipment_11`
--


--
-- Table structure for table `sequence_shipment_12`
--

CREATE TABLE `sequence_shipment_12` (
  `sequence_value` int(10) unsigned NOT NULL AUTO_INCREMENT,
  PRIMARY KEY (`sequence_value`)
) ENGINE=InnoDB DEFAULT CHARSET=latin1;

--
-- Dumping data for table `sequence_shipment_12`
--


--
-- Table structure for table `sequence_shipment_13`
--

CREATE TABLE `sequence_shipment_13` (
  `sequence_value` int(10) unsigned NOT NULL AUTO_INCREMENT,
  PRIMARY KEY (`sequence_value`)
) ENGINE=InnoDB DEFAULT CHARSET=latin1;

--
-- Dumping data for table `sequence_shipment_13`
--


--
-- Table structure for table `sequence_shipment_14`
--

CREATE TABLE `sequence_shipment_14` (
  `sequence_value` int(10) unsigned NOT NULL AUTO_INCREMENT,
  PRIMARY KEY (`sequence_value`)
) ENGINE=InnoDB DEFAULT CHARSET=latin1;

--
-- Dumping data for table `sequence_shipment_14`
--


--
-- Table structure for table `sequence_shipment_15`
--

CREATE TABLE `sequence_shipment_15` (
  `sequence_value` int(10) unsigned NOT NULL AUTO_INCREMENT,
  PRIMARY KEY (`sequence_value`)
) ENGINE=InnoDB DEFAULT CHARSET=latin1;

--
-- Dumping data for table `sequence_shipment_15`
--


--
-- Table structure for table `sequence_shipment_16`
--

CREATE TABLE `sequence_shipment_16` (
  `sequence_value` int(10) unsigned NOT NULL AUTO_INCREMENT,
  PRIMARY KEY (`sequence_value`)
) ENGINE=InnoDB DEFAULT CHARSET=latin1;

--
-- Dumping data for table `sequence_shipment_16`
--


--
-- Table structure for table `sequence_shipment_17`
--

CREATE TABLE `sequence_shipment_17` (
  `sequence_value` int(10) unsigned NOT NULL AUTO_INCREMENT,
  PRIMARY KEY (`sequence_value`)
) ENGINE=InnoDB DEFAULT CHARSET=latin1;

--
-- Dumping data for table `sequence_shipment_17`
--


--
-- Table structure for table `sequence_shipment_18`
--

CREATE TABLE `sequence_shipment_18` (
  `sequence_value` int(10) unsigned NOT NULL AUTO_INCREMENT,
  PRIMARY KEY (`sequence_value`)
) ENGINE=InnoDB DEFAULT CHARSET=latin1;

--
-- Dumping data for table `sequence_shipment_18`
--


--
-- Table structure for table `sequence_shipment_20`
--

CREATE TABLE `sequence_shipment_20` (
  `sequence_value` int(10) unsigned NOT NULL AUTO_INCREMENT,
  PRIMARY KEY (`sequence_value`)
) ENGINE=InnoDB DEFAULT CHARSET=latin1;

--
-- Dumping data for table `sequence_shipment_20`
--


--
-- Table structure for table `sequence_shipment_21`
--

CREATE TABLE `sequence_shipment_21` (
  `sequence_value` int(10) unsigned NOT NULL AUTO_INCREMENT,
  PRIMARY KEY (`sequence_value`)
) ENGINE=InnoDB DEFAULT CHARSET=latin1;

--
-- Dumping data for table `sequence_shipment_21`
--


--
-- Table structure for table `sequence_shipment_22`
--

CREATE TABLE `sequence_shipment_22` (
  `sequence_value` int(10) unsigned NOT NULL AUTO_INCREMENT,
  PRIMARY KEY (`sequence_value`)
) ENGINE=InnoDB DEFAULT CHARSET=latin1;

--
-- Dumping data for table `sequence_shipment_22`
--


--
-- Table structure for table `sequence_shipment_23`
--

CREATE TABLE `sequence_shipment_23` (
  `sequence_value` int(10) unsigned NOT NULL AUTO_INCREMENT,
  PRIMARY KEY (`sequence_value`)
) ENGINE=InnoDB DEFAULT CHARSET=latin1;

--
-- Dumping data for table `sequence_shipment_23`
--


--
-- Table structure for table `sequence_shipment_24`
--

CREATE TABLE `sequence_shipment_24` (
  `sequence_value` int(10) unsigned NOT NULL AUTO_INCREMENT,
  PRIMARY KEY (`sequence_value`)
) ENGINE=InnoDB DEFAULT CHARSET=latin1;

--
-- Dumping data for table `sequence_shipment_24`
--


--
-- Table structure for table `sequence_shipment_25`
--

CREATE TABLE `sequence_shipment_25` (
  `sequence_value` int(10) unsigned NOT NULL AUTO_INCREMENT,
  PRIMARY KEY (`sequence_value`)
) ENGINE=InnoDB DEFAULT CHARSET=latin1;

--
-- Dumping data for table `sequence_shipment_25`
--


--
-- Table structure for table `sequence_shipment_26`
--

CREATE TABLE `sequence_shipment_26` (
  `sequence_value` int(10) unsigned NOT NULL AUTO_INCREMENT,
  PRIMARY KEY (`sequence_value`)
) ENGINE=InnoDB DEFAULT CHARSET=latin1;

--
-- Dumping data for table `sequence_shipment_26`
--


--
-- Table structure for table `sequence_shipment_27`
--

CREATE TABLE `sequence_shipment_27` (
  `sequence_value` int(10) unsigned NOT NULL AUTO_INCREMENT,
  PRIMARY KEY (`sequence_value`)
) ENGINE=InnoDB DEFAULT CHARSET=latin1;

--
-- Dumping data for table `sequence_shipment_27`
--


--
-- Table structure for table `sequence_shipment_28`
--

CREATE TABLE `sequence_shipment_28` (
  `sequence_value` int(10) unsigned NOT NULL AUTO_INCREMENT,
  PRIMARY KEY (`sequence_value`)
) ENGINE=InnoDB DEFAULT CHARSET=latin1;

--
-- Dumping data for table `sequence_shipment_28`
--


--
-- Table structure for table `sequence_shipment_29`
--

CREATE TABLE `sequence_shipment_29` (
  `sequence_value` int(10) unsigned NOT NULL AUTO_INCREMENT,
  PRIMARY KEY (`sequence_value`)
) ENGINE=InnoDB DEFAULT CHARSET=latin1;

--
-- Dumping data for table `sequence_shipment_29`
--


--
-- Table structure for table `sequence_shipment_3`
--

CREATE TABLE `sequence_shipment_3` (
  `sequence_value` int(10) unsigned NOT NULL AUTO_INCREMENT,
  PRIMARY KEY (`sequence_value`)
) ENGINE=InnoDB DEFAULT CHARSET=latin1;

--
-- Dumping data for table `sequence_shipment_3`
--


--
-- Table structure for table `sequence_shipment_30`
--

CREATE TABLE `sequence_shipment_30` (
  `sequence_value` int(10) unsigned NOT NULL AUTO_INCREMENT,
  PRIMARY KEY (`sequence_value`)
) ENGINE=InnoDB DEFAULT CHARSET=latin1;

--
-- Dumping data for table `sequence_shipment_30`
--


--
-- Table structure for table `sequence_shipment_31`
--

CREATE TABLE `sequence_shipment_31` (
  `sequence_value` int(10) unsigned NOT NULL AUTO_INCREMENT,
  PRIMARY KEY (`sequence_value`)
) ENGINE=InnoDB DEFAULT CHARSET=latin1;

--
-- Dumping data for table `sequence_shipment_31`
--


--
-- Table structure for table `sequence_shipment_32`
--

CREATE TABLE `sequence_shipment_32` (
  `sequence_value` int(10) unsigned NOT NULL AUTO_INCREMENT,
  PRIMARY KEY (`sequence_value`)
) ENGINE=InnoDB DEFAULT CHARSET=latin1;

--
-- Dumping data for table `sequence_shipment_32`
--


--
-- Table structure for table `sequence_shipment_33`
--

CREATE TABLE `sequence_shipment_33` (
  `sequence_value` int(10) unsigned NOT NULL AUTO_INCREMENT,
  PRIMARY KEY (`sequence_value`)
) ENGINE=InnoDB DEFAULT CHARSET=latin1;

--
-- Dumping data for table `sequence_shipment_33`
--


--
-- Table structure for table `sequence_shipment_34`
--

CREATE TABLE `sequence_shipment_34` (
  `sequence_value` int(10) unsigned NOT NULL AUTO_INCREMENT,
  PRIMARY KEY (`sequence_value`)
) ENGINE=InnoDB DEFAULT CHARSET=latin1;

--
-- Dumping data for table `sequence_shipment_34`
--


--
-- Table structure for table `sequence_shipment_35`
--

CREATE TABLE `sequence_shipment_35` (
  `sequence_value` int(10) unsigned NOT NULL AUTO_INCREMENT,
  PRIMARY KEY (`sequence_value`)
) ENGINE=InnoDB DEFAULT CHARSET=latin1;

--
-- Dumping data for table `sequence_shipment_35`
--


--
-- Table structure for table `sequence_shipment_36`
--

CREATE TABLE `sequence_shipment_36` (
  `sequence_value` int(10) unsigned NOT NULL AUTO_INCREMENT,
  PRIMARY KEY (`sequence_value`)
) ENGINE=InnoDB DEFAULT CHARSET=latin1;

--
-- Dumping data for table `sequence_shipment_36`
--


--
-- Table structure for table `sequence_shipment_37`
--

CREATE TABLE `sequence_shipment_37` (
  `sequence_value` int(10) unsigned NOT NULL AUTO_INCREMENT,
  PRIMARY KEY (`sequence_value`)
) ENGINE=InnoDB DEFAULT CHARSET=latin1;

--
-- Dumping data for table `sequence_shipment_37`
--


--
-- Table structure for table `sequence_shipment_38`
--

CREATE TABLE `sequence_shipment_38` (
  `sequence_value` int(10) unsigned NOT NULL AUTO_INCREMENT,
  PRIMARY KEY (`sequence_value`)
) ENGINE=InnoDB DEFAULT CHARSET=latin1;

--
-- Dumping data for table `sequence_shipment_38`
--


--
-- Table structure for table `sequence_shipment_39`
--

CREATE TABLE `sequence_shipment_39` (
  `sequence_value` int(10) unsigned NOT NULL AUTO_INCREMENT,
  PRIMARY KEY (`sequence_value`)
) ENGINE=InnoDB DEFAULT CHARSET=latin1;

--
-- Dumping data for table `sequence_shipment_39`
--


--
-- Table structure for table `sequence_shipment_4`
--

CREATE TABLE `sequence_shipment_4` (
  `sequence_value` int(10) unsigned NOT NULL AUTO_INCREMENT,
  PRIMARY KEY (`sequence_value`)
) ENGINE=InnoDB DEFAULT CHARSET=latin1;

--
-- Dumping data for table `sequence_shipment_4`
--


--
-- Table structure for table `sequence_shipment_40`
--

CREATE TABLE `sequence_shipment_40` (
  `sequence_value` int(10) unsigned NOT NULL AUTO_INCREMENT,
  PRIMARY KEY (`sequence_value`)
) ENGINE=InnoDB DEFAULT CHARSET=latin1;

--
-- Dumping data for table `sequence_shipment_40`
--


--
-- Table structure for table `sequence_shipment_41`
--

CREATE TABLE `sequence_shipment_41` (
  `sequence_value` int(10) unsigned NOT NULL AUTO_INCREMENT,
  PRIMARY KEY (`sequence_value`)
) ENGINE=InnoDB DEFAULT CHARSET=latin1;

--
-- Dumping data for table `sequence_shipment_41`
--


--
-- Table structure for table `sequence_shipment_5`
--

CREATE TABLE `sequence_shipment_5` (
  `sequence_value` int(10) unsigned NOT NULL AUTO_INCREMENT,
  PRIMARY KEY (`sequence_value`)
) ENGINE=InnoDB DEFAULT CHARSET=latin1;

--
-- Dumping data for table `sequence_shipment_5`
--


--
-- Table structure for table `sequence_shipment_6`
--

CREATE TABLE `sequence_shipment_6` (
  `sequence_value` int(10) unsigned NOT NULL AUTO_INCREMENT,
  PRIMARY KEY (`sequence_value`)
) ENGINE=InnoDB DEFAULT CHARSET=latin1;

--
-- Dumping data for table `sequence_shipment_6`
--


--
-- Table structure for table `sequence_shipment_7`
--

CREATE TABLE `sequence_shipment_7` (
  `sequence_value` int(10) unsigned NOT NULL AUTO_INCREMENT,
  PRIMARY KEY (`sequence_value`)
) ENGINE=InnoDB DEFAULT CHARSET=latin1;

--
-- Dumping data for table `sequence_shipment_7`
--


--
-- Table structure for table `sequence_shipment_8`
--

CREATE TABLE `sequence_shipment_8` (
  `sequence_value` int(10) unsigned NOT NULL AUTO_INCREMENT,
  PRIMARY KEY (`sequence_value`)
) ENGINE=InnoDB DEFAULT CHARSET=latin1;

--
-- Dumping data for table `sequence_shipment_8`
--


--
-- Table structure for table `sequence_shipment_9`
--

CREATE TABLE `sequence_shipment_9` (
  `sequence_value` int(10) unsigned NOT NULL AUTO_INCREMENT,
  PRIMARY KEY (`sequence_value`)
) ENGINE=InnoDB DEFAULT CHARSET=latin1;

--
-- Dumping data for table `sequence_shipment_9`
--


--
-- Table structure for table `session`
--

CREATE TABLE `session` (
  `session_id` varchar(255) NOT NULL COMMENT 'Session Id',
  `session_expires` int(10) unsigned NOT NULL DEFAULT '0' COMMENT 'Date of Session Expiration',
  `session_data` mediumblob NOT NULL COMMENT 'Session Data',
  PRIMARY KEY (`session_id`)
) ENGINE=InnoDB DEFAULT CHARSET=utf8 COMMENT='Database Sessions Storage';

--
-- Dumping data for table `session`
--


--
-- Table structure for table `setup_module`
--

CREATE TABLE `setup_module` (
  `module` varchar(50) NOT NULL COMMENT 'Module',
  `schema_version` varchar(50) DEFAULT NULL COMMENT 'Schema Version',
  `data_version` varchar(50) DEFAULT NULL COMMENT 'Data Version',
  PRIMARY KEY (`module`)
) ENGINE=InnoDB DEFAULT CHARSET=utf8 COMMENT='Module versions registry';

--
-- Dumping data for table `setup_module`
--

INSERT INTO `setup_module` VALUES ('Amazon_Core','4.0.4','4.0.4'),('Amazon_Login','4.0.4','4.0.4'),('Amazon_Payment','4.0.4','4.0.4'),('Dotdigitalgroup_Chat','1.2.0','1.2.0'),('Dotdigitalgroup_Email','4.8.0','4.8.0'),('DotZero_LoginApi','1.1.4','1.1.4'),('DotZero_Mobileshop','1.1.4','1.1.4'),('Klarna_Core','6.0.2','6.0.2'),('Klarna_Kp','7.1.0','7.1.0'),('Klarna_KpGraphQl','0.9.0','0.9.0'),('Klarna_Onsitemessaging','1.0.2','1.0.2'),('Klarna_Ordermanagement','6.0.3','6.0.3'),('Magecomp_Mobileloginfree','1.0.0','1.0.0'),('Magefan_Blog','2.9.4','2.9.4'),('Magefan_Community','2.0.12','2.0.12'),('Magefan_WysiwygAdvanced','2.0.7','2.0.7'),('Magento_AdminNotification','2.0.0','2.0.0'),('Magento_AdvancedPricingImportExport','2.0.0','2.0.0'),('Magento_Analytics','2.0.0','2.0.0'),('Magento_Authorization','2.0.0','2.0.0'),('Magento_Authorizenet','2.0.0','2.0.0'),('Magento_AuthorizenetAcceptjs','1.0.0','1.0.0'),('Magento_Backend','2.0.0','2.0.0'),('Magento_Backup','2.0.0','2.0.0'),('Magento_Braintree','2.0.1','2.0.1'),('Magento_Bundle','2.0.4','2.0.4'),('Magento_BundleImportExport','2.0.0','2.0.0'),('Magento_CacheInvalidate','2.0.0','2.0.0'),('Magento_Captcha','2.0.0','2.0.0'),('Magento_Catalog','2.2.6','2.2.6'),('Magento_CatalogAnalytics','2.0.0','2.0.0'),('Magento_CatalogImportExport','2.0.0','2.0.0'),('Magento_CatalogInventory','2.3.0','2.3.0'),('Magento_CatalogRule','2.1.0','2.1.0'),('Magento_CatalogRuleConfigurable','2.0.0','2.0.0'),('Magento_CatalogSearch','2.0.0','2.0.0'),('Magento_CatalogUrlRewrite','2.0.0','2.0.0'),('Magento_CatalogWidget','2.0.0','2.0.0'),('Magento_Checkout','2.0.0','2.0.0'),('Magento_CheckoutAgreements','2.2.0','2.2.0'),('Magento_Cms','2.0.2','2.0.2'),('Magento_CmsUrlRewrite','2.0.0','2.0.0'),('Magento_Config','2.0.0','2.0.0'),('Magento_ConfigurableImportExport','2.0.0','2.0.0'),('Magento_ConfigurableProduct','2.2.1','2.2.1'),('Magento_ConfigurableProductSales','2.2.0','2.2.0'),('Magento_Contact','2.0.0','2.0.0'),('Magento_Cookie','2.0.0','2.0.0'),('Magento_Cron','2.0.0','2.0.0'),('Magento_CurrencySymbol','2.0.1','2.0.1'),('Magento_Customer','2.0.13','2.0.13'),('Magento_CustomerAnalytics','2.0.0','2.0.0'),('Magento_CustomerImportExport','2.0.0','2.0.0'),('Magento_Deploy','2.0.0','2.0.0'),('Magento_Developer','2.0.0','2.0.0'),('Magento_Dhl','2.0.0','2.0.0'),('Magento_Directory','2.0.2','2.0.2'),('Magento_Downloadable','2.0.2','2.0.2'),('Magento_DownloadableImportExport','2.0.0','2.0.0'),('Magento_Eav','2.1.1','2.1.1'),('Magento_Email','2.0.0','2.0.0'),('Magento_EncryptionKey','2.0.0','2.0.0'),('Magento_Fedex','2.0.0','2.0.0'),('Magento_GiftMessage','2.0.1','2.0.1'),('Magento_GoogleAdwords','2.0.0','2.0.0'),('Magento_GoogleAnalytics','2.0.0','2.0.0'),('Magento_GoogleOptimizer','2.0.0','2.0.0'),('Magento_GoogleShoppingAds','4.0.1','4.0.1'),('Magento_GroupedImportExport','2.0.0','2.0.0'),('Magento_GroupedProduct','2.0.1','2.0.1'),('Magento_ImportExport','2.0.1','2.0.1'),('Magento_Indexer','2.1.0','2.1.0'),('Magento_InstantPurchase','1.0.0','1.0.0'),('Magento_Integration','2.2.1','2.2.1'),('Magento_Inventory','1.0.0','1.0.0'),('Magento_InventoryAdminUi','1.0.0','1.0.0'),('Magento_InventoryApi','1.0.0','1.0.0'),('Magento_InventoryBundleProduct','1.0.0','1.0.0'),('Magento_InventoryBundleProductAdminUi','1.0.0','1.0.0'),('Magento_InventoryCache','1.0.0','1.0.0'),('Magento_InventoryCatalog','1.0.0','1.0.0'),('Magento_InventoryCatalogAdminUi','1.0.0','1.0.0'),('Magento_InventoryCatalogApi','1.0.0','1.0.0'),('Magento_InventoryCatalogSearch','1.0.0','1.0.0'),('Magento_InventoryConfigurableProduct','1.0.0','1.0.0'),('Magento_InventoryConfigurableProductAdminUi','1.0.0','1.0.0'),('Magento_InventoryConfigurableProductIndexer','1.0.0','1.0.0'),('Magento_InventoryConfiguration','1.0.0','1.0.0'),('Magento_InventoryConfigurationApi','1.0.0','1.0.0'),('Magento_InventoryElasticsearch','1.0.0','1.0.0'),('Magento_InventoryExportStock','1.0.0','1.0.0'),('Magento_InventoryExportStockApi','1.0.0','1.0.0'),('Magento_InventoryGroupedProduct','1.0.0','1.0.0'),('Magento_InventoryGroupedProductAdminUi','1.0.0','1.0.0'),('Magento_InventoryGroupedProductIndexer','1.0.0','1.0.0'),('Magento_InventoryImportExport','1.0.0','1.0.0'),('Magento_InventoryIndexer','1.0.0','1.0.0'),('Magento_InventoryLowQuantityNotification','1.0.0','1.0.0'),('Magento_InventoryLowQuantityNotificationAdminUi','1.0.0','1.0.0'),('Magento_InventoryLowQuantityNotificationApi','1.0.0','1.0.0'),('Magento_InventoryMultiDimensionalIndexerApi','1.0.0','1.0.0'),('Magento_InventoryProductAlert','1.0.0','1.0.0'),('Magento_InventoryReservationCli','1.0.0','1.0.0'),('Magento_InventoryReservations','1.0.0','1.0.0'),('Magento_InventoryReservationsApi','1.0.0','1.0.0'),('Magento_InventorySales','1.0.0','1.0.0'),('Magento_InventorySalesAdminUi','1.0.0','1.0.0'),('Magento_InventorySalesApi','1.0.0','1.0.0'),('Magento_InventoryShipping','1.0.0','1.0.0'),('Magento_InventoryShippingAdminUi','1.0.0','1.0.0'),('Magento_InventorySourceDeductionApi','1.0.0','1.0.0'),('Magento_InventorySourceSelection','1.0.0','1.0.0'),('Magento_InventorySourceSelectionApi','1.0.0','1.0.0'),('Magento_LayeredNavigation','2.0.0','2.0.0'),('Magento_Marketplace','1.0.0','1.0.0'),('Magento_MediaStorage','2.0.0','2.0.0'),('Magento_Msrp','2.1.3','2.1.3'),('Magento_Multishipping','2.0.0','2.0.0'),('Magento_NewRelicReporting','2.0.1','2.0.1'),('Magento_Newsletter','2.0.1','2.0.1'),('Magento_OfflinePayments','2.0.0','2.0.0'),('Magento_OfflineShipping','2.0.1','2.0.1'),('Magento_PageCache','2.0.0','2.0.0'),('Magento_Payment','2.0.0','2.0.0'),('Magento_Paypal','2.0.1','2.0.1'),('Magento_PaypalReCaptcha','2.0.0','2.0.0'),('Magento_Persistent','2.0.0','2.0.0'),('Magento_ProductAlert','2.0.0','2.0.0'),('Magento_ProductVideo','2.0.0.2','2.0.0.2'),('Magento_Quote','2.0.8','2.0.8'),('Magento_QuoteAnalytics','2.0.0','2.0.0'),('Magento_ReleaseNotification','2.2.0','2.2.0'),('Magento_Reports','2.0.0','2.0.0'),('Magento_RequireJs','2.0.0','2.0.0'),('Magento_Review','2.0.0','2.0.0'),('Magento_ReviewAnalytics','2.0.0','2.0.0'),('Magento_Robots','2.0.0','2.0.0'),('Magento_Rss','2.0.0','2.0.0'),('Magento_Rule','2.0.0','2.0.0'),('Magento_Sales','2.0.9','2.0.9'),('Magento_SalesAnalytics','2.0.0','2.0.0'),('Magento_SalesInventory','1.0.0','1.0.0'),('Magento_SalesRule','2.0.3','2.0.3'),('Magento_SalesSequence','2.0.0','2.0.0'),('Magento_SampleData','2.0.0','2.0.0'),('Magento_Search','2.0.4','2.0.4'),('Magento_Security','2.0.1','2.0.1'),('Magento_Securitytxt','1.0.0','1.0.0'),('Magento_SendFriend','2.0.0','2.0.0'),('Magento_Shipping','2.0.0','2.0.0'),('Magento_Signifyd','2.2.0','2.2.0'),('Magento_Sitemap','2.0.0','2.0.0'),('Magento_Store','2.1.0','2.1.0'),('Magento_Swagger','2.0.0','2.0.0'),('Magento_SwaggerWebapi','1.0.0','1.0.0'),('Magento_Swatches','2.0.3','2.0.3'),('Magento_SwatchesLayeredNavigation','2.0.0','2.0.0'),('Magento_Tax','2.0.3','2.0.3'),('Magento_TaxImportExport','2.0.0','2.0.0'),('Magento_Theme','2.0.2','2.0.2'),('Magento_Translation','2.0.0','2.0.0'),('Magento_Ui','2.0.0','2.0.0'),('Magento_Ups','2.0.0','2.0.0'),('Magento_UrlRewrite','2.0.1','2.0.1'),('Magento_User','2.0.3','2.0.3'),('Magento_Usps','2.0.1','2.0.1'),('Magento_Variable','2.0.0','2.0.0'),('Magento_Vault','2.0.3','2.0.3'),('Magento_Version','2.0.0','2.0.0'),('Magento_Webapi','2.0.0','2.0.0'),('Magento_WebapiSecurity','2.0.0','2.0.0'),('Magento_Weee','2.0.0','2.0.0'),('Magento_Widget','2.0.1','2.0.1'),('Magento_Wishlist','2.0.1','2.0.1'),('Magento_WishlistAnalytics','2.0.0','2.0.0'),('Magepow_Ajaxcart','1.1.4','1.1.4'),('Magepow_Gdpr','1.0.0','1.0.0'),('Magepow_Layerednav','1.0.0','1.0.0'),('Magepow_Lazyload','2.0','2.0'),('Magepow_Productzoom','2.0','2.0'),('Magepow_Quickedit','2.0','2.0'),('Magepow_SpeedOptimizer','1.0.0','1.0.0'),('Magepow_Stickycart','1.0.0','1.0.0'),('Mageprince_Faq','2.0.10','2.0.10'),('MageWorx_SearchSuiteAutocomplete','2.0.0','2.0.0'),('Magiccart_Alothemes','2.0','2.0'),('Magiccart_Lookbook','2.0','2.0'),('Magiccart_Magicmenu','2.0','2.0'),('Magiccart_Magicproduct','2.0','2.0'),('Magiccart_Magicslider','2.1','2.1'),('Magiccart_Shopbrand','2.0','2.0'),('Magiccart_Testimonial','2.1','2.1'),('MSP_ReCaptcha','1.6.0','1.6.0'),('MSP_TwoFactorAuth','3.1.0','3.1.0'),('MyFatoorah_MyFatoorahPaymentGateway','3.0.8','3.0.8'),('PayPal_Braintree','4.0.3','4.0.3'),('Shopial_Facebook','1.0.0','1.0.0'),('Temando_Shipping','1.6.0','1.6.0'),('Vertex_AddressValidation','100.5.0','100.5.0'),('Vertex_Tax','100.5.1','100.5.1'),('Wishusucess_SigninPhoneNumber','1.1.1','1.1.1'),('Yotpo_Yotpo','3.1.2','3.1.2');

--
-- Table structure for table `shipping_tablerate`
--

CREATE TABLE `shipping_tablerate` (
  `pk` int(10) unsigned NOT NULL AUTO_INCREMENT COMMENT 'Primary key',
  `website_id` int(11) NOT NULL DEFAULT '0' COMMENT 'Website ID',
  `dest_country_id` varchar(4) NOT NULL DEFAULT '0' COMMENT 'Destination coutry ISO/2 or ISO/3 code',
  `dest_region_id` int(11) NOT NULL DEFAULT '0' COMMENT 'Destination Region ID',
  `dest_zip` varchar(10) NOT NULL DEFAULT '*' COMMENT 'Destination Post Code (Zip)',
  `condition_name` varchar(30) NOT NULL COMMENT 'Rate Condition name',
  `condition_value` decimal(12,4) NOT NULL DEFAULT '0.0000' COMMENT 'Rate condition value',
  `price` decimal(12,4) NOT NULL DEFAULT '0.0000' COMMENT 'Price',
  `cost` decimal(12,4) NOT NULL DEFAULT '0.0000' COMMENT 'Cost',
  PRIMARY KEY (`pk`),
  UNIQUE KEY `UNQ_D60821CDB2AFACEE1566CFC02D0D4CAA` (`website_id`,`dest_country_id`,`dest_region_id`,`dest_zip`,`condition_name`,`condition_value`)
) ENGINE=InnoDB DEFAULT CHARSET=utf8 COMMENT='Shipping Tablerate';

--
-- Dumping data for table `shipping_tablerate`
--


--
-- Table structure for table `signifyd_case`
--

CREATE TABLE `signifyd_case` (
  `entity_id` int(10) unsigned NOT NULL AUTO_INCREMENT COMMENT 'Entity_id',
  `order_id` int(10) unsigned DEFAULT NULL COMMENT 'Order_id',
  `case_id` int(10) unsigned DEFAULT NULL COMMENT 'Case_id',
  `guarantee_eligible` tinyint(1) DEFAULT NULL COMMENT 'Guarantee_eligible',
  `guarantee_disposition` varchar(32) DEFAULT 'PENDING' COMMENT 'Guarantee_disposition',
  `status` varchar(32) DEFAULT 'PENDING' COMMENT 'Status',
  `score` int(10) unsigned DEFAULT NULL COMMENT 'Score',
  `associated_team` text COMMENT 'Associated_team',
  `review_disposition` varchar(32) DEFAULT NULL COMMENT 'Review_disposition',
  `created_at` timestamp NULL DEFAULT NULL COMMENT 'Created_at',
  `updated_at` timestamp NULL DEFAULT NULL COMMENT 'Updated_at',
  PRIMARY KEY (`entity_id`),
  UNIQUE KEY `SIGNIFYD_CASE_ORDER_ID` (`order_id`),
  UNIQUE KEY `SIGNIFYD_CASE_CASE_ID` (`case_id`),
  CONSTRAINT `SIGNIFYD_CASE_ORDER_ID_SALES_ORDER_ENTITY_ID` FOREIGN KEY (`order_id`) REFERENCES `sales_order` (`entity_id`) ON DELETE SET NULL
) ENGINE=InnoDB DEFAULT CHARSET=utf8 COMMENT='signifyd_case';

--
-- Dumping data for table `signifyd_case`
--


--
-- Table structure for table `sitemap`
--

CREATE TABLE `sitemap` (
  `sitemap_id` int(10) unsigned NOT NULL AUTO_INCREMENT COMMENT 'Sitemap ID',
  `sitemap_type` varchar(32) DEFAULT NULL COMMENT 'Sitemap Type',
  `sitemap_filename` varchar(32) DEFAULT NULL COMMENT 'Sitemap Filename',
  `sitemap_path` varchar(255) DEFAULT NULL COMMENT 'Sitemap Path',
  `sitemap_time` timestamp NULL DEFAULT NULL COMMENT 'Sitemap Time',
  `store_id` smallint(5) unsigned NOT NULL DEFAULT '0' COMMENT 'Store ID',
  PRIMARY KEY (`sitemap_id`),
  KEY `SITEMAP_STORE_ID` (`store_id`),
  CONSTRAINT `SITEMAP_STORE_ID_STORE_STORE_ID` FOREIGN KEY (`store_id`) REFERENCES `store` (`store_id`) ON DELETE CASCADE
) ENGINE=InnoDB DEFAULT CHARSET=utf8 COMMENT='XML Sitemap';

--
-- Dumping data for table `sitemap`
--


--
-- Table structure for table `store`
--

CREATE TABLE `store` (
  `store_id` smallint(5) unsigned NOT NULL AUTO_INCREMENT COMMENT 'Store ID',
  `code` varchar(32) DEFAULT NULL COMMENT 'Code',
  `website_id` smallint(5) unsigned NOT NULL DEFAULT '0' COMMENT 'Website ID',
  `group_id` smallint(5) unsigned NOT NULL DEFAULT '0' COMMENT 'Group ID',
  `name` varchar(255) NOT NULL COMMENT 'Store Name',
  `sort_order` smallint(5) unsigned NOT NULL DEFAULT '0' COMMENT 'Store Sort Order',
  `is_active` smallint(5) unsigned NOT NULL DEFAULT '0' COMMENT 'Store Activity',
  PRIMARY KEY (`store_id`),
  UNIQUE KEY `STORE_CODE` (`code`),
  KEY `STORE_WEBSITE_ID` (`website_id`),
  KEY `STORE_IS_ACTIVE_SORT_ORDER` (`is_active`,`sort_order`),
  KEY `STORE_GROUP_ID` (`group_id`),
  CONSTRAINT `STORE_GROUP_ID_STORE_GROUP_GROUP_ID` FOREIGN KEY (`group_id`) REFERENCES `store_group` (`group_id`) ON DELETE CASCADE,
  CONSTRAINT `STORE_WEBSITE_ID_STORE_WEBSITE_WEBSITE_ID` FOREIGN KEY (`website_id`) REFERENCES `store_website` (`website_id`) ON DELETE CASCADE
) ENGINE=InnoDB AUTO_INCREMENT=42 DEFAULT CHARSET=utf8 COMMENT='Stores';

--
-- Dumping data for table `store`
--

INSERT INTO `store` VALUES (0,'admin',0,0,'Admin',0,1),(1,'default',1,1,'English',0,1),(3,'german',1,1,'German',0,0),(4,'english_3',1,2,'English 3',0,1),(5,'french_3',1,2,'French',0,1),(6,'english_4',1,3,'English 4',0,1),(7,'french_4',1,3,'French',0,1),(8,'english_6',1,4,'English 6',0,1),(9,'french_6',1,4,'French',0,1),(10,'english_7',1,5,'English 7',0,1),(11,'french_7',1,5,'French',0,1),(12,'english_8',1,6,'English 8',0,1),(13,'french_8',1,6,'French',0,1),(14,'english_5',1,7,'English 5',0,1),(15,'french_5',1,7,'French',0,1),(16,'english_2',1,8,'English 2',0,1),(17,'french_2',1,8,'French',0,1),(18,'ar',1,1,'Arabic',0,0),(20,'ar_2',1,8,'Arabic',0,0),(21,'ar_3',1,2,'Arabic',0,1),(22,'ar_4',1,3,'Arabic',0,1),(23,'ar_5',1,7,'Arabic',0,1),(24,'ar_6',1,4,'Arabic',0,1),(25,'ar_7',1,5,'Arabic',0,1),(26,'ar_8',1,6,'Arabic',0,1),(27,'english_10',1,9,'English 10',0,1),(28,'french_10',1,9,'French',0,1),(29,'ar_10',1,9,'Arabic',0,0),(30,'english_11',1,10,'English 11',0,1),(31,'ar_11',1,10,'Arabic',0,1),(32,'english_12',1,11,'English 12',0,1),(33,'ar_12',1,11,'Arabic',0,1),(34,'english_13',1,12,'English 13',0,1),(35,'ar_13',1,12,'Arabic',0,1),(36,'english_14',1,13,'English 14',0,1),(37,'english_15',1,14,'English 15',0,1),(38,'english_16',1,15,'English 16',0,1),(39,'ar_14',1,13,'Arabic',0,1),(40,'ar_15',1,14,'Arabic',0,1),(41,'ar_16',1,15,'Arabic',0,1);

--
-- Table structure for table `store_group`
--

CREATE TABLE `store_group` (
  `group_id` smallint(5) unsigned NOT NULL AUTO_INCREMENT COMMENT 'Group ID',
  `website_id` smallint(5) unsigned NOT NULL DEFAULT '0' COMMENT 'Website ID',
  `code` varchar(32) DEFAULT NULL COMMENT 'Store group unique code',
  `name` varchar(255) NOT NULL COMMENT 'Store Group Name',
  `root_category_id` int(10) unsigned NOT NULL DEFAULT '0' COMMENT 'Root Category ID',
  `default_store_id` smallint(5) unsigned NOT NULL DEFAULT '0' COMMENT 'Default Store ID',
  PRIMARY KEY (`group_id`),
  UNIQUE KEY `STORE_GROUP_CODE` (`code`),
  KEY `STORE_GROUP_WEBSITE_ID` (`website_id`),
  KEY `STORE_GROUP_DEFAULT_STORE_ID` (`default_store_id`),
  CONSTRAINT `STORE_GROUP_WEBSITE_ID_STORE_WEBSITE_WEBSITE_ID` FOREIGN KEY (`website_id`) REFERENCES `store_website` (`website_id`) ON DELETE CASCADE
) ENGINE=InnoDB AUTO_INCREMENT=16 DEFAULT CHARSET=utf8 COMMENT='Store Groups';

--
-- Dumping data for table `store_group`
--

INSERT INTO `store_group` VALUES (0,0,'default','Default',0,0),(1,1,'demo_1','Demo 1',2,1),(2,1,'demo_3','Demo 3',2,4),(3,1,'demo_4','Demo 4',2,6),(4,1,'demo_6','Demo 6',2,8),(5,1,'demo_7','Demo 7',2,10),(6,1,'demo_8','Demo 8',2,12),(7,1,'demo_5','Demo 5',2,14),(8,1,'demo_2','Demo 2',2,16),(9,1,'demo_10','Demo 10',2,27),(10,1,'demo_11','Demo 11',2,30),(11,1,'demo_12','Demo 12',2,32),(12,1,'demo_13','Demo 13',92,34),(13,1,'demo_14','Demo 14',124,36),(14,1,'demo_15','Demo 15',157,37),(15,1,'demo_16','Demo 16',189,38);

--
-- Table structure for table `store_website`
--

CREATE TABLE `store_website` (
  `website_id` smallint(5) unsigned NOT NULL AUTO_INCREMENT COMMENT 'Website ID',
  `code` varchar(32) DEFAULT NULL COMMENT 'Code',
  `name` varchar(64) DEFAULT NULL COMMENT 'Website Name',
  `sort_order` smallint(5) unsigned NOT NULL DEFAULT '0' COMMENT 'Sort Order',
  `default_group_id` smallint(5) unsigned NOT NULL DEFAULT '0' COMMENT 'Default Group ID',
  `is_default` smallint(5) unsigned DEFAULT '0' COMMENT 'Defines Is Website Default',
  PRIMARY KEY (`website_id`),
  UNIQUE KEY `STORE_WEBSITE_CODE` (`code`),
  KEY `STORE_WEBSITE_SORT_ORDER` (`sort_order`),
  KEY `STORE_WEBSITE_DEFAULT_GROUP_ID` (`default_group_id`)
) ENGINE=InnoDB AUTO_INCREMENT=2 DEFAULT CHARSET=utf8 COMMENT='Websites';

--
-- Dumping data for table `store_website`
--

INSERT INTO `store_website` VALUES (0,'admin','Admin',0,0,0),(1,'base','Main Website',0,1,1);

--
-- Table structure for table `tax_calculation`
--

CREATE TABLE `tax_calculation` (
  `tax_calculation_id` int(11) NOT NULL AUTO_INCREMENT COMMENT 'Tax Calculation ID',
  `tax_calculation_rate_id` int(11) NOT NULL COMMENT 'Tax Calculation Rate ID',
  `tax_calculation_rule_id` int(11) NOT NULL COMMENT 'Tax Calculation Rule ID',
  `customer_tax_class_id` smallint(6) NOT NULL COMMENT 'Customer Tax Class ID',
  `product_tax_class_id` smallint(6) NOT NULL COMMENT 'Product Tax Class ID',
  PRIMARY KEY (`tax_calculation_id`),
  KEY `TAX_CALCULATION_TAX_CALCULATION_RULE_ID` (`tax_calculation_rule_id`),
  KEY `TAX_CALCULATION_CUSTOMER_TAX_CLASS_ID` (`customer_tax_class_id`),
  KEY `TAX_CALCULATION_PRODUCT_TAX_CLASS_ID` (`product_tax_class_id`),
  KEY `TAX_CALC_TAX_CALC_RATE_ID_CSTR_TAX_CLASS_ID_PRD_TAX_CLASS_ID` (`tax_calculation_rate_id`,`customer_tax_class_id`,`product_tax_class_id`),
  CONSTRAINT `TAX_CALCULATION_CUSTOMER_TAX_CLASS_ID_TAX_CLASS_CLASS_ID` FOREIGN KEY (`customer_tax_class_id`) REFERENCES `tax_class` (`class_id`) ON DELETE CASCADE,
  CONSTRAINT `TAX_CALCULATION_PRODUCT_TAX_CLASS_ID_TAX_CLASS_CLASS_ID` FOREIGN KEY (`product_tax_class_id`) REFERENCES `tax_class` (`class_id`) ON DELETE CASCADE,
  CONSTRAINT `TAX_CALC_TAX_CALC_RATE_ID_TAX_CALC_RATE_TAX_CALC_RATE_ID` FOREIGN KEY (`tax_calculation_rate_id`) REFERENCES `tax_calculation_rate` (`tax_calculation_rate_id`) ON DELETE CASCADE,
  CONSTRAINT `TAX_CALC_TAX_CALC_RULE_ID_TAX_CALC_RULE_TAX_CALC_RULE_ID` FOREIGN KEY (`tax_calculation_rule_id`) REFERENCES `tax_calculation_rule` (`tax_calculation_rule_id`) ON DELETE CASCADE
) ENGINE=InnoDB DEFAULT CHARSET=utf8 COMMENT='Tax Calculation';

--
-- Dumping data for table `tax_calculation`
--


--
-- Table structure for table `tax_calculation_rate`
--

CREATE TABLE `tax_calculation_rate` (
  `tax_calculation_rate_id` int(11) NOT NULL AUTO_INCREMENT COMMENT 'Tax Calculation Rate ID',
  `tax_country_id` varchar(2) NOT NULL COMMENT 'Tax Country ID',
  `tax_region_id` int(11) NOT NULL COMMENT 'Tax Region ID',
  `tax_postcode` varchar(21) DEFAULT NULL COMMENT 'Tax Postcode',
  `code` varchar(255) NOT NULL COMMENT 'Code',
  `rate` decimal(12,4) NOT NULL COMMENT 'Rate',
  `zip_is_range` smallint(6) DEFAULT NULL COMMENT 'Zip Is Range',
  `zip_from` int(10) unsigned DEFAULT NULL COMMENT 'Zip From',
  `zip_to` int(10) unsigned DEFAULT NULL COMMENT 'Zip To',
  PRIMARY KEY (`tax_calculation_rate_id`),
  KEY `TAX_CALCULATION_RATE_TAX_COUNTRY_ID_TAX_REGION_ID_TAX_POSTCODE` (`tax_country_id`,`tax_region_id`,`tax_postcode`),
  KEY `TAX_CALCULATION_RATE_CODE` (`code`),
  KEY `IDX_CA799F1E2CB843495F601E56C84A626D` (`tax_calculation_rate_id`,`tax_country_id`,`tax_region_id`,`zip_is_range`,`tax_postcode`)
) ENGINE=InnoDB AUTO_INCREMENT=3 DEFAULT CHARSET=utf8 COMMENT='Tax Calculation Rate';

--
-- Dumping data for table `tax_calculation_rate`
--

INSERT INTO `tax_calculation_rate` VALUES (1,'US',12,'*','US-CA-*-Rate 1',8.2500,NULL,NULL,NULL),(2,'US',43,'*','US-NY-*-Rate 1',8.3750,NULL,NULL,NULL);

--
-- Table structure for table `tax_calculation_rate_title`
--

CREATE TABLE `tax_calculation_rate_title` (
  `tax_calculation_rate_title_id` int(11) NOT NULL AUTO_INCREMENT COMMENT 'Tax Calculation Rate Title ID',
  `tax_calculation_rate_id` int(11) NOT NULL COMMENT 'Tax Calculation Rate ID',
  `store_id` smallint(5) unsigned NOT NULL COMMENT 'Store ID',
  `value` varchar(255) NOT NULL COMMENT 'Value',
  PRIMARY KEY (`tax_calculation_rate_title_id`),
  KEY `TAX_CALCULATION_RATE_TITLE_TAX_CALCULATION_RATE_ID_STORE_ID` (`tax_calculation_rate_id`,`store_id`),
  KEY `TAX_CALCULATION_RATE_TITLE_STORE_ID` (`store_id`),
  CONSTRAINT `FK_37FB965F786AD5897BB3AE90470C42AB` FOREIGN KEY (`tax_calculation_rate_id`) REFERENCES `tax_calculation_rate` (`tax_calculation_rate_id`) ON DELETE CASCADE,
  CONSTRAINT `TAX_CALCULATION_RATE_TITLE_STORE_ID_STORE_STORE_ID` FOREIGN KEY (`store_id`) REFERENCES `store` (`store_id`) ON DELETE CASCADE
) ENGINE=InnoDB DEFAULT CHARSET=utf8 COMMENT='Tax Calculation Rate Title';

--
-- Dumping data for table `tax_calculation_rate_title`
--


--
-- Table structure for table `tax_calculation_rule`
--

CREATE TABLE `tax_calculation_rule` (
  `tax_calculation_rule_id` int(11) NOT NULL AUTO_INCREMENT COMMENT 'Tax Calculation Rule ID',
  `code` varchar(255) NOT NULL COMMENT 'Code',
  `priority` int(11) NOT NULL COMMENT 'Priority',
  `position` int(11) NOT NULL COMMENT 'Position',
  `calculate_subtotal` int(11) NOT NULL COMMENT 'Calculate off subtotal option',
  PRIMARY KEY (`tax_calculation_rule_id`),
  KEY `TAX_CALCULATION_RULE_PRIORITY_POSITION` (`priority`,`position`),
  KEY `TAX_CALCULATION_RULE_CODE` (`code`)
) ENGINE=InnoDB DEFAULT CHARSET=utf8 COMMENT='Tax Calculation Rule';

--
-- Dumping data for table `tax_calculation_rule`
--


--
-- Table structure for table `tax_class`
--

CREATE TABLE `tax_class` (
  `class_id` smallint(6) NOT NULL AUTO_INCREMENT COMMENT 'Class ID',
  `class_name` varchar(255) NOT NULL COMMENT 'Class Name',
  `class_type` varchar(8) NOT NULL DEFAULT 'CUSTOMER' COMMENT 'Class Type',
  PRIMARY KEY (`class_id`)
) ENGINE=InnoDB AUTO_INCREMENT=11 DEFAULT CHARSET=utf8 COMMENT='Tax Class';

--
-- Dumping data for table `tax_class`
--

INSERT INTO `tax_class` VALUES (2,'Taxable Goods','PRODUCT'),(3,'Retail Customer','CUSTOMER'),(4,'Refund Adjustments','PRODUCT'),(5,'Gift Options','PRODUCT'),(6,'Order Gift Wrapping','PRODUCT'),(7,'Item Gift Wrapping','PRODUCT'),(8,'Printed Gift Card','PRODUCT'),(9,'Reward Points','PRODUCT'),(10,'','CUSTOMER');

--
-- Table structure for table `tax_order_aggregated_created`
--

CREATE TABLE `tax_order_aggregated_created` (
  `id` int(10) unsigned NOT NULL AUTO_INCREMENT COMMENT 'ID',
  `period` date DEFAULT NULL COMMENT 'Period',
  `store_id` smallint(5) unsigned DEFAULT NULL COMMENT 'Store ID',
  `code` varchar(255) NOT NULL COMMENT 'Code',
  `order_status` varchar(50) NOT NULL COMMENT 'Order Status',
  `percent` float DEFAULT NULL COMMENT 'Percent',
  `orders_count` int(10) unsigned NOT NULL DEFAULT '0' COMMENT 'Orders Count',
  `tax_base_amount_sum` float DEFAULT NULL COMMENT 'Tax Base Amount Sum',
  PRIMARY KEY (`id`),
  UNIQUE KEY `TAX_ORDER_AGGRED_CREATED_PERIOD_STORE_ID_CODE_PERCENT_ORDER_STS` (`period`,`store_id`,`code`,`percent`,`order_status`),
  KEY `TAX_ORDER_AGGREGATED_CREATED_STORE_ID` (`store_id`),
  CONSTRAINT `TAX_ORDER_AGGREGATED_CREATED_STORE_ID_STORE_STORE_ID` FOREIGN KEY (`store_id`) REFERENCES `store` (`store_id`) ON DELETE CASCADE
) ENGINE=InnoDB DEFAULT CHARSET=utf8 COMMENT='Tax Order Aggregation';

--
-- Dumping data for table `tax_order_aggregated_created`
--


--
-- Table structure for table `tax_order_aggregated_updated`
--

CREATE TABLE `tax_order_aggregated_updated` (
  `id` int(10) unsigned NOT NULL AUTO_INCREMENT COMMENT 'ID',
  `period` date DEFAULT NULL COMMENT 'Period',
  `store_id` smallint(5) unsigned DEFAULT NULL COMMENT 'Store ID',
  `code` varchar(255) NOT NULL COMMENT 'Code',
  `order_status` varchar(50) NOT NULL COMMENT 'Order Status',
  `percent` float DEFAULT NULL COMMENT 'Percent',
  `orders_count` int(10) unsigned NOT NULL DEFAULT '0' COMMENT 'Orders Count',
  `tax_base_amount_sum` float DEFAULT NULL COMMENT 'Tax Base Amount Sum',
  PRIMARY KEY (`id`),
  UNIQUE KEY `TAX_ORDER_AGGRED_UPDATED_PERIOD_STORE_ID_CODE_PERCENT_ORDER_STS` (`period`,`store_id`,`code`,`percent`,`order_status`),
  KEY `TAX_ORDER_AGGREGATED_UPDATED_STORE_ID` (`store_id`),
  CONSTRAINT `TAX_ORDER_AGGREGATED_UPDATED_STORE_ID_STORE_STORE_ID` FOREIGN KEY (`store_id`) REFERENCES `store` (`store_id`) ON DELETE CASCADE
) ENGINE=InnoDB DEFAULT CHARSET=utf8 COMMENT='Tax Order Aggregated Updated';

--
-- Dumping data for table `tax_order_aggregated_updated`
--


--
-- Table structure for table `temando_product_attribute_mapping`
--

CREATE TABLE `temando_product_attribute_mapping` (
  `node_path_id` varchar(255) NOT NULL COMMENT 'Magento shipping path',
  `label` varchar(255) NOT NULL COMMENT 'label to be displayed to the end user',
  `description` text COMMENT 'Describes what the label and path are for',
  `mapping_attribute_id` varchar(255) DEFAULT NULL COMMENT 'Attribute ID reference that is mapped to the node path',
  `is_default` tinyint(1) NOT NULL COMMENT 'Determines if the attribute is available by default',
  PRIMARY KEY (`node_path_id`)
) ENGINE=InnoDB DEFAULT CHARSET=utf8 COMMENT='Product Attribute Mapping Entity';

--
-- Dumping data for table `temando_product_attribute_mapping`
--

INSERT INTO `temando_product_attribute_mapping` VALUES ('classificationCodes.eccn','ECCN','Export Control Classification Number. Field Validation: 5 maximum characters.',NULL,1),('classificationCodes.hsCode','HS Code','Harmonized Commodity Description and Coding System. Field Validation: Between 2 and 5 Characters.','ts_hs_code',1),('classificationCodes.scheduleBInfo','Schedule B Info','Code for exporting goods out of the United States. Field Validation: 15 maximum characters.',NULL,1),('composition','Composition','Materials product is composed of',NULL,1),('manufacture.address.countryCode','Country of manufacture','Country of manufacture. Field Validation: Country as a valid ISO 3166-1 alpha-2 country code.',NULL,1),('origin.address.countryCode','Country of origin','Country of origin. Field Validation: Country as a valid ISO 3166-1 alpha-2 country code.','ts_country_of_origin',1);

--
-- Table structure for table `theme`
--

CREATE TABLE `theme` (
  `theme_id` int(10) unsigned NOT NULL AUTO_INCREMENT COMMENT 'Theme identifier',
  `parent_id` int(11) DEFAULT NULL COMMENT 'Parent ID',
  `theme_path` varchar(255) DEFAULT NULL COMMENT 'Theme Path',
  `theme_title` varchar(255) NOT NULL COMMENT 'Theme Title',
  `preview_image` varchar(255) DEFAULT NULL COMMENT 'Preview Image',
  `is_featured` tinyint(1) NOT NULL DEFAULT '0' COMMENT 'Is Theme Featured',
  `area` varchar(255) NOT NULL COMMENT 'Theme Area',
  `type` smallint(6) NOT NULL COMMENT 'Theme type: 0:physical, 1:virtual, 2:staging',
  `code` text COMMENT 'Full theme code, including package',
  PRIMARY KEY (`theme_id`)
) ENGINE=InnoDB AUTO_INCREMENT=19 DEFAULT CHARSET=utf8 COMMENT='Core theme';

--
-- Dumping data for table `theme`
--

INSERT INTO `theme` VALUES (1,NULL,'Magento/blank','Magento Blank','preview_image_570478c36b7d7.jpeg',0,'frontend',0,'Magento/blank'),(2,1,'Magento/luma','Magento Luma','preview_image_570478c395ee9.jpeg',0,'frontend',0,'Magento/luma'),(3,NULL,'Magento/backend','Magento 2 backend',NULL,0,'adminhtml',0,'Magento/backend'),(4,1,'Alothemes/milano','Alothemes Milano','preview_image_570490714dd96.jpeg',0,'frontend',0,'Alothemes/milano'),(5,4,'Alothemes/milano3','Alothemes Milano3','preview_image_573972e7448b5.jpeg',0,'frontend',0,'Alothemes/milano3'),(6,4,'Alothemes/milano4','Alothemes Milano4','preview_image_573972e7f20fb.jpeg',0,'frontend',0,'Alothemes/milano4'),(7,4,'Alothemes/milano6','Alothemes Milano6','preview_image_573ae02dc936b.jpeg',0,'frontend',0,'Alothemes/milano6'),(8,4,'Alothemes/milano7','Alothemes Milano7','preview_image_57bbbd5a755d2.jpeg',0,'frontend',0,'Alothemes/milano7'),(9,4,'Alothemes/milano8','Alothemes Milano8','preview_image_57bbf938f3ecb.jpeg',0,'frontend',0,'Alothemes/milano8'),(10,4,'Alothemes/milano5','Alothemes Milano5','preview_image_57bc2a13d2b14.jpeg',0,'frontend',0,'Alothemes/milano5'),(11,4,'Alothemes/milano2','Alothemes Milano2','preview_image_58476e2a58dea.jpeg',0,'frontend',0,'Alothemes/milano2'),(12,4,'Alothemes/milano10','Alothemes Milano10','preview_image_5ae408ffda554.jpeg',0,'frontend',0,'Alothemes/milano10'),(13,4,'Alothemes/milano11','Alothemes Milano11','preview_image_5cee500820f8c.jpeg',0,'frontend',0,'Alothemes/milano11'),(14,4,'Alothemes/milano12','Alothemes Milano12','preview_image_5cee500845c24.jpeg',0,'frontend',0,'Alothemes/milano12'),(15,4,'Alothemes/milano13','Alothemes Milano13','preview_image_5dedac7870dfe.jpeg',0,'frontend',0,'Alothemes/milano13'),(16,4,'Alothemes/milano16','Alothemes Milano16','preview_image_5dedaf694f3fb.jpeg',0,'frontend',0,'Alothemes/milano16'),(17,4,'Alothemes/milano14','Alothemes Milano14','preview_image_5dedaf6965a5b.jpeg',0,'frontend',0,'Alothemes/milano14'),(18,4,'Alothemes/milano15','Alothemes Milano15','preview_image_5dedaf69777cf.jpeg',0,'frontend',0,'Alothemes/milano15');

--
-- Table structure for table `theme_file`
--

CREATE TABLE `theme_file` (
  `theme_files_id` int(10) unsigned NOT NULL AUTO_INCREMENT COMMENT 'Theme files identifier',
  `theme_id` int(10) unsigned NOT NULL COMMENT 'Theme ID',
  `file_path` varchar(255) DEFAULT NULL COMMENT 'Relative path to file',
  `file_type` varchar(32) NOT NULL COMMENT 'File Type',
  `content` longtext NOT NULL COMMENT 'File Content',
  `sort_order` smallint(6) NOT NULL DEFAULT '0' COMMENT 'Sort Order',
  `is_temporary` tinyint(1) NOT NULL DEFAULT '0' COMMENT 'Is Temporary File',
  PRIMARY KEY (`theme_files_id`),
  KEY `THEME_FILE_THEME_ID_THEME_THEME_ID` (`theme_id`),
  CONSTRAINT `THEME_FILE_THEME_ID_THEME_THEME_ID` FOREIGN KEY (`theme_id`) REFERENCES `theme` (`theme_id`) ON DELETE CASCADE
) ENGINE=InnoDB DEFAULT CHARSET=utf8 COMMENT='Core theme files';

--
-- Dumping data for table `theme_file`
--


--
-- Table structure for table `translation`
--

CREATE TABLE `translation` (
  `key_id` int(10) unsigned NOT NULL AUTO_INCREMENT COMMENT 'Key ID of Translation',
  `string` varchar(255) NOT NULL DEFAULT 'Translate String' COMMENT 'Translation String',
  `store_id` smallint(5) unsigned NOT NULL DEFAULT '0' COMMENT 'Store ID',
  `translate` varchar(255) DEFAULT NULL COMMENT 'Translate',
  `locale` varchar(20) NOT NULL DEFAULT 'en_US' COMMENT 'Locale',
  `crc_string` bigint(20) NOT NULL DEFAULT '1591228201' COMMENT 'Translation String CRC32 Hash',
  PRIMARY KEY (`key_id`),
  UNIQUE KEY `TRANSLATION_STORE_ID_LOCALE_CRC_STRING_STRING` (`store_id`,`locale`,`crc_string`,`string`),
  CONSTRAINT `TRANSLATION_STORE_ID_STORE_STORE_ID` FOREIGN KEY (`store_id`) REFERENCES `store` (`store_id`) ON DELETE CASCADE
) ENGINE=InnoDB AUTO_INCREMENT=316 DEFAULT CHARSET=utf8 COMMENT='Translations';

--
-- Dumping data for table `translation`
--



--
-- Table structure for table `ui_bookmark`
--

CREATE TABLE `ui_bookmark` (
  `bookmark_id` int(10) unsigned NOT NULL AUTO_INCREMENT COMMENT 'Bookmark identifier',
  `user_id` int(10) unsigned NOT NULL COMMENT 'User ID',
  `namespace` varchar(255) NOT NULL COMMENT 'Bookmark namespace',
  `identifier` varchar(255) NOT NULL COMMENT 'Bookmark Identifier',
  `current` smallint(6) NOT NULL COMMENT 'Mark current bookmark per user and identifier',
  `title` varchar(255) DEFAULT NULL COMMENT 'Bookmark title',
  `config` longtext COMMENT 'Bookmark config',
  `created_at` datetime NOT NULL DEFAULT CURRENT_TIMESTAMP COMMENT 'Bookmark created at',
  `updated_at` datetime NOT NULL DEFAULT CURRENT_TIMESTAMP ON UPDATE CURRENT_TIMESTAMP COMMENT 'Bookmark updated at',
  PRIMARY KEY (`bookmark_id`),
  KEY `UI_BOOKMARK_USER_ID_NAMESPACE_IDENTIFIER` (`user_id`,`namespace`,`identifier`),
  CONSTRAINT `UI_BOOKMARK_USER_ID_ADMIN_USER_USER_ID` FOREIGN KEY (`user_id`) REFERENCES `admin_user` (`user_id`) ON DELETE CASCADE
) ENGINE=InnoDB AUTO_INCREMENT=26 DEFAULT CHARSET=utf8 COMMENT='Bookmark';

--
-- Dumping data for table `ui_bookmark`
--

INSERT INTO `ui_bookmark` VALUES (1,5,'product_listing','current',0,NULL,'{\"current\":{\"filters\":{\"applied\":{\"placeholder\":true}},\"columns\":{\"entity_id\":{\"visible\":true,\"sorting\":\"asc\"},\"name\":{\"visible\":true,\"sorting\":false},\"sku\":{\"visible\":true,\"sorting\":false},\"price\":{\"visible\":true,\"sorting\":false},\"websites\":{\"visible\":true,\"sorting\":false},\"qty\":{\"visible\":true,\"sorting\":false},\"short_description\":{\"visible\":false,\"sorting\":false},\"special_price\":{\"visible\":false,\"sorting\":false},\"cost\":{\"visible\":false,\"sorting\":false},\"weight\":{\"visible\":false,\"sorting\":false},\"meta_title\":{\"visible\":false,\"sorting\":false},\"meta_keyword\":{\"visible\":false,\"sorting\":false},\"meta_description\":{\"visible\":false,\"sorting\":false},\"url_key\":{\"visible\":false,\"sorting\":false},\"msrp\":{\"visible\":false,\"sorting\":false},\"actions\":{\"visible\":true,\"sorting\":false},\"ids\":{\"visible\":true,\"sorting\":false},\"type_id\":{\"visible\":true,\"sorting\":false},\"attribute_set_id\":{\"visible\":true,\"sorting\":false},\"visibility\":{\"visible\":true,\"sorting\":false},\"status\":{\"visible\":true,\"sorting\":false},\"custom_design\":{\"visible\":false,\"sorting\":false},\"page_layout\":{\"visible\":false,\"sorting\":false},\"country_of_manufacture\":{\"visible\":false,\"sorting\":false},\"tax_class_id\":{\"visible\":false,\"sorting\":false},\"gift_message_available\":{\"visible\":false,\"sorting\":false},\"custom_layout\":{\"visible\":false,\"sorting\":false},\"birthday_cake\":{\"visible\":true,\"sorting\":false},\"cake_color\":{\"visible\":true,\"sorting\":false},\"flower_color\":{\"visible\":true,\"sorting\":false},\"flower_size\":{\"visible\":true,\"sorting\":false},\"flower_number_plants\":{\"visible\":true,\"sorting\":false},\"salable_quantity\":{\"visible\":true,\"sorting\":false},\"thumbnail\":{\"visible\":true,\"sorting\":false},\"special_from_date\":{\"visible\":false,\"sorting\":false},\"special_to_date\":{\"visible\":false,\"sorting\":false},\"news_from_date\":{\"visible\":false,\"sorting\":false},\"news_to_date\":{\"visible\":false,\"sorting\":false},\"custom_design_from\":{\"visible\":false,\"sorting\":false},\"custom_design_to\":{\"visible\":false,\"sorting\":false}},\"displayMode\":\"grid\",\"search\":{\"value\":\"\"},\"paging\":{\"pageSize\":20,\"current\":1,\"options\":{\"20\":{\"value\":20,\"label\":20},\"30\":{\"value\":30,\"label\":30},\"50\":{\"value\":50,\"label\":50},\"100\":{\"value\":100,\"label\":100},\"200\":{\"value\":200,\"label\":200}},\"value\":20},\"positions\":{\"ids\":0,\"entity_id\":1,\"thumbnail\":2,\"name\":3,\"type_id\":4,\"attribute_set_id\":5,\"sku\":6,\"price\":7,\"qty\":8,\"salable_quantity\":9,\"visibility\":10,\"status\":11,\"websites\":12,\"short_description\":13,\"special_price\":14,\"special_from_date\":15,\"special_to_date\":16,\"cost\":17,\"weight\":18,\"meta_title\":19,\"meta_keyword\":20,\"meta_description\":21,\"news_from_date\":22,\"news_to_date\":23,\"custom_design\":24,\"custom_design_from\":25,\"custom_design_to\":26,\"page_layout\":27,\"country_of_manufacture\":28,\"url_key\":29,\"msrp\":30,\"tax_class_id\":31,\"gift_message_available\":32,\"custom_layout\":33,\"birthday_cake\":34,\"cake_color\":35,\"flower_color\":36,\"flower_size\":37,\"flower_number_plants\":38,\"actions\":39}}}','2021-12-09 19:49:46','2021-12-09 19:49:46'),(2,5,'customer_listing','current',0,NULL,'{\"current\":{\"search\":{\"value\":\"\"},\"paging\":{\"pageSize\":20,\"current\":13,\"options\":{\"20\":{\"value\":20,\"label\":20},\"30\":{\"value\":30,\"label\":30},\"50\":{\"value\":50,\"label\":50},\"100\":{\"value\":100,\"label\":100},\"200\":{\"value\":200,\"label\":200}},\"value\":20},\"filters\":{\"applied\":{\"placeholder\":true}},\"columns\":{\"entity_id\":{\"visible\":true,\"sorting\":\"asc\"},\"name\":{\"visible\":true,\"sorting\":false},\"email\":{\"visible\":true,\"sorting\":false},\"billing_telephone\":{\"visible\":true,\"sorting\":false},\"billing_postcode\":{\"visible\":true,\"sorting\":false},\"billing_region\":{\"visible\":true,\"sorting\":false},\"confirmation\":{\"visible\":true,\"sorting\":false},\"created_in\":{\"visible\":true,\"sorting\":false},\"billing_full\":{\"visible\":false,\"sorting\":false},\"shipping_full\":{\"visible\":false,\"sorting\":false},\"taxvat\":{\"visible\":true,\"sorting\":false},\"billing_street\":{\"visible\":false,\"sorting\":false},\"billing_city\":{\"visible\":false,\"sorting\":false},\"billing_fax\":{\"visible\":false,\"sorting\":false},\"billing_vat_id\":{\"visible\":false,\"sorting\":false},\"billing_company\":{\"visible\":false,\"sorting\":false},\"billing_firstname\":{\"visible\":false,\"sorting\":false},\"billing_lastname\":{\"visible\":false,\"sorting\":false},\"lock_expires\":{\"visible\":false,\"sorting\":false},\"actions\":{\"visible\":true,\"sorting\":false},\"group_id\":{\"visible\":true,\"sorting\":false},\"billing_country_id\":{\"visible\":true,\"sorting\":false},\"website_id\":{\"visible\":true,\"sorting\":false},\"gender\":{\"visible\":true,\"sorting\":false},\"created_at\":{\"visible\":true,\"sorting\":false},\"dob\":{\"visible\":true,\"sorting\":false},\"ids\":{\"visible\":true,\"sorting\":false},\"phone_number\":{\"visible\":true,\"sorting\":false},\"mobilenumber\":{\"visible\":true,\"sorting\":false}},\"displayMode\":\"grid\",\"positions\":{\"ids\":0,\"entity_id\":1,\"name\":2,\"email\":3,\"group_id\":4,\"billing_telephone\":5,\"billing_postcode\":6,\"billing_country_id\":7,\"billing_region\":8,\"created_at\":9,\"website_id\":10,\"confirmation\":11,\"created_in\":12,\"billing_full\":13,\"shipping_full\":14,\"dob\":15,\"taxvat\":16,\"gender\":17,\"billing_street\":18,\"billing_city\":19,\"billing_fax\":20,\"billing_vat_id\":21,\"billing_company\":22,\"billing_firstname\":23,\"billing_lastname\":24,\"lock_expires\":25,\"actions\":26,\"phone_number\":27,\"mobilenumber\":28}}}','2021-12-09 20:56:39','2021-12-11 20:08:27'),(3,5,'customer_listing','default',1,'Default View','{\"views\":{\"default\":{\"label\":\"Default View\",\"index\":\"default\",\"editable\":false,\"data\":{\"search\":{\"value\":\"\"},\"paging\":{\"pageSize\":20,\"current\":1,\"options\":{\"20\":{\"value\":20,\"label\":20},\"30\":{\"value\":30,\"label\":30},\"50\":{\"value\":50,\"label\":50},\"100\":{\"value\":100,\"label\":100},\"200\":{\"value\":200,\"label\":200}},\"value\":20},\"filters\":{\"applied\":{\"placeholder\":true}},\"columns\":{\"entity_id\":{\"visible\":true,\"sorting\":\"asc\"},\"name\":{\"visible\":true,\"sorting\":false},\"email\":{\"visible\":true,\"sorting\":false},\"billing_telephone\":{\"visible\":true,\"sorting\":false},\"billing_postcode\":{\"visible\":true,\"sorting\":false},\"billing_region\":{\"visible\":true,\"sorting\":false},\"confirmation\":{\"visible\":true,\"sorting\":false},\"created_in\":{\"visible\":true,\"sorting\":false},\"billing_full\":{\"visible\":false,\"sorting\":false},\"shipping_full\":{\"visible\":false,\"sorting\":false},\"taxvat\":{\"visible\":true,\"sorting\":false},\"billing_street\":{\"visible\":false,\"sorting\":false},\"billing_city\":{\"visible\":false,\"sorting\":false},\"billing_fax\":{\"visible\":false,\"sorting\":false},\"billing_vat_id\":{\"visible\":false,\"sorting\":false},\"billing_company\":{\"visible\":false,\"sorting\":false},\"billing_firstname\":{\"visible\":false,\"sorting\":false},\"billing_lastname\":{\"visible\":false,\"sorting\":false},\"lock_expires\":{\"visible\":false,\"sorting\":false},\"actions\":{\"visible\":true,\"sorting\":false},\"group_id\":{\"visible\":true,\"sorting\":false},\"billing_country_id\":{\"visible\":true,\"sorting\":false},\"website_id\":{\"visible\":true,\"sorting\":false},\"gender\":{\"visible\":true,\"sorting\":false},\"created_at\":{\"visible\":true,\"sorting\":false},\"dob\":{\"visible\":true,\"sorting\":false},\"ids\":{\"visible\":true,\"sorting\":false}},\"displayMode\":\"grid\",\"positions\":{\"ids\":0,\"entity_id\":1,\"name\":2,\"email\":3,\"group_id\":4,\"billing_telephone\":5,\"billing_postcode\":6,\"billing_country_id\":7,\"billing_region\":8,\"created_at\":9,\"website_id\":10,\"confirmation\":11,\"created_in\":12,\"billing_full\":13,\"shipping_full\":14,\"dob\":15,\"taxvat\":16,\"gender\":17,\"billing_street\":18,\"billing_city\":19,\"billing_fax\":20,\"billing_vat_id\":21,\"billing_company\":22,\"billing_firstname\":23,\"billing_lastname\":24,\"lock_expires\":25,\"actions\":26}},\"value\":\"Default View\"}}}','2021-12-09 20:56:42','2021-12-09 20:56:42'),(4,5,'product_attributes_listing','current',0,NULL,'{\"current\":{\"paging\":{\"pageSize\":20,\"current\":1,\"options\":{\"20\":{\"value\":20,\"label\":20},\"30\":{\"value\":30,\"label\":30},\"50\":{\"value\":50,\"label\":50},\"100\":{\"value\":100,\"label\":100},\"200\":{\"value\":200,\"label\":200}},\"value\":20},\"columns\":{\"is_required\":{\"visible\":true,\"sorting\":false},\"is_user_defined\":{\"visible\":true,\"sorting\":false},\"is_visible\":{\"visible\":true,\"sorting\":false},\"is_global\":{\"visible\":true,\"sorting\":false},\"is_searchable\":{\"visible\":true,\"sorting\":false},\"is_comparable\":{\"visible\":true,\"sorting\":false},\"is_filterable\":{\"visible\":true,\"sorting\":false},\"ids\":{\"visible\":true,\"sorting\":false},\"attribute_code\":{\"visible\":true,\"sorting\":\"asc\"},\"frontend_label\":{\"visible\":true,\"sorting\":false}},\"positions\":{\"ids\":0,\"attribute_code\":1,\"frontend_label\":2,\"is_required\":3,\"is_user_defined\":4,\"is_visible\":5,\"is_global\":6,\"is_searchable\":7,\"is_comparable\":8,\"is_filterable\":9},\"displayMode\":\"grid\"}}','2021-12-10 11:09:33','2021-12-10 11:09:33'),(5,5,'product_attributes_listing','default',1,'Default View','{\"views\":{\"default\":{\"label\":\"Default View\",\"index\":\"default\",\"editable\":false,\"data\":{\"paging\":{\"pageSize\":20,\"current\":1,\"options\":{\"20\":{\"value\":20,\"label\":20},\"30\":{\"value\":30,\"label\":30},\"50\":{\"value\":50,\"label\":50},\"100\":{\"value\":100,\"label\":100},\"200\":{\"value\":200,\"label\":200}},\"value\":20},\"columns\":{\"is_required\":{\"visible\":true,\"sorting\":false},\"is_user_defined\":{\"visible\":true,\"sorting\":false},\"is_visible\":{\"visible\":true,\"sorting\":false},\"is_global\":{\"visible\":true,\"sorting\":false},\"is_searchable\":{\"visible\":true,\"sorting\":false},\"is_comparable\":{\"visible\":true,\"sorting\":false},\"is_filterable\":{\"visible\":true,\"sorting\":false},\"ids\":{\"visible\":true,\"sorting\":false},\"attribute_code\":{\"visible\":true,\"sorting\":\"asc\"},\"frontend_label\":{\"visible\":true,\"sorting\":false}},\"positions\":{\"ids\":0,\"attribute_code\":1,\"frontend_label\":2,\"is_required\":3,\"is_user_defined\":4,\"is_visible\":5,\"is_global\":6,\"is_searchable\":7,\"is_comparable\":8,\"is_filterable\":9},\"displayMode\":\"grid\"},\"value\":\"Default View\"}}}','2021-12-10 11:09:35','2021-12-10 11:09:35'),(6,5,'sales_order_grid','current',0,NULL,'{\"current\":{\"columns\":{\"increment_id\":{\"visible\":true,\"sorting\":false},\"store_id\":{\"visible\":true,\"sorting\":false},\"billing_name\":{\"visible\":true,\"sorting\":false},\"shipping_name\":{\"visible\":true,\"sorting\":false},\"base_grand_total\":{\"visible\":true,\"sorting\":false},\"grand_total\":{\"visible\":true,\"sorting\":false},\"billing_address\":{\"visible\":false,\"sorting\":false},\"shipping_address\":{\"visible\":false,\"sorting\":false},\"shipping_information\":{\"visible\":false,\"sorting\":false},\"customer_email\":{\"visible\":false,\"sorting\":false},\"subtotal\":{\"visible\":false,\"sorting\":false},\"shipping_and_handling\":{\"visible\":false,\"sorting\":false},\"customer_name\":{\"visible\":false,\"sorting\":false},\"total_refunded\":{\"visible\":false,\"sorting\":false},\"pickup_location_code\":{\"visible\":false,\"sorting\":false},\"transaction_source\":{\"visible\":true,\"sorting\":false},\"actions\":{\"visible\":true,\"sorting\":false},\"ids\":{\"visible\":true,\"sorting\":false},\"status\":{\"visible\":true,\"sorting\":false},\"customer_group\":{\"visible\":false,\"sorting\":false},\"payment_method\":{\"visible\":false,\"sorting\":false},\"allocated_sources\":{\"visible\":true,\"sorting\":false},\"created_at\":{\"visible\":true,\"sorting\":\"desc\"}},\"displayMode\":\"grid\",\"search\":{\"value\":\"\"},\"filters\":{\"applied\":{\"placeholder\":true}},\"paging\":{\"pageSize\":20,\"current\":1,\"options\":{\"20\":{\"value\":20,\"label\":20},\"30\":{\"value\":30,\"label\":30},\"50\":{\"value\":50,\"label\":50},\"100\":{\"value\":100,\"label\":100},\"200\":{\"value\":200,\"label\":200}},\"value\":20},\"positions\":{\"ids\":0,\"increment_id\":1,\"store_id\":2,\"created_at\":3,\"billing_name\":4,\"shipping_name\":5,\"base_grand_total\":6,\"grand_total\":7,\"status\":8,\"billing_address\":9,\"shipping_address\":10,\"shipping_information\":11,\"customer_email\":12,\"customer_group\":13,\"subtotal\":14,\"shipping_and_handling\":15,\"customer_name\":16,\"payment_method\":17,\"total_refunded\":18,\"actions\":19,\"allocated_sources\":20,\"pickup_location_code\":21,\"transaction_source\":22}}}','2021-12-10 15:00:39','2021-12-10 15:00:39'),(7,5,'sales_order_grid','default',1,'Default View','{\"views\":{\"default\":{\"label\":\"Default View\",\"index\":\"default\",\"editable\":false,\"data\":{\"columns\":{\"increment_id\":{\"visible\":true,\"sorting\":false},\"store_id\":{\"visible\":true,\"sorting\":false},\"billing_name\":{\"visible\":true,\"sorting\":false},\"shipping_name\":{\"visible\":true,\"sorting\":false},\"base_grand_total\":{\"visible\":true,\"sorting\":false},\"grand_total\":{\"visible\":true,\"sorting\":false},\"billing_address\":{\"visible\":false,\"sorting\":false},\"shipping_address\":{\"visible\":false,\"sorting\":false},\"shipping_information\":{\"visible\":false,\"sorting\":false},\"customer_email\":{\"visible\":false,\"sorting\":false},\"subtotal\":{\"visible\":false,\"sorting\":false},\"shipping_and_handling\":{\"visible\":false,\"sorting\":false},\"customer_name\":{\"visible\":false,\"sorting\":false},\"total_refunded\":{\"visible\":false,\"sorting\":false},\"pickup_location_code\":{\"visible\":false,\"sorting\":false},\"transaction_source\":{\"visible\":true,\"sorting\":false},\"actions\":{\"visible\":true,\"sorting\":false},\"ids\":{\"visible\":true,\"sorting\":false},\"status\":{\"visible\":true,\"sorting\":false},\"customer_group\":{\"visible\":false,\"sorting\":false},\"payment_method\":{\"visible\":false,\"sorting\":false},\"allocated_sources\":{\"visible\":true,\"sorting\":false},\"created_at\":{\"visible\":true,\"sorting\":\"desc\"}},\"displayMode\":\"grid\",\"search\":{\"value\":\"\"},\"filters\":{\"applied\":{\"placeholder\":true}},\"paging\":{\"pageSize\":20,\"current\":1,\"options\":{\"20\":{\"value\":20,\"label\":20},\"30\":{\"value\":30,\"label\":30},\"50\":{\"value\":50,\"label\":50},\"100\":{\"value\":100,\"label\":100},\"200\":{\"value\":200,\"label\":200}},\"value\":20},\"positions\":{\"ids\":0,\"increment_id\":1,\"store_id\":2,\"created_at\":3,\"billing_name\":4,\"shipping_name\":5,\"base_grand_total\":6,\"grand_total\":7,\"status\":8,\"billing_address\":9,\"shipping_address\":10,\"shipping_information\":11,\"customer_email\":12,\"customer_group\":13,\"subtotal\":14,\"shipping_and_handling\":15,\"customer_name\":16,\"payment_method\":17,\"total_refunded\":18,\"actions\":19,\"allocated_sources\":20,\"pickup_location_code\":21,\"transaction_source\":22}},\"value\":\"Default View\"}}}','2021-12-10 15:00:41','2021-12-10 15:00:41'),(8,5,'sales_order_view_creditmemo_grid','default',1,'Default View','{\"views\":{\"default\":{\"label\":\"Default View\",\"index\":\"default\",\"editable\":false,\"data\":{\"search\":{\"value\":\"\"},\"filters\":{\"applied\":{\"placeholder\":true}},\"paging\":{\"pageSize\":20,\"current\":1,\"options\":{\"20\":{\"value\":20,\"label\":20},\"30\":{\"value\":30,\"label\":30},\"50\":{\"value\":50,\"label\":50},\"100\":{\"value\":100,\"label\":100},\"200\":{\"value\":200,\"label\":200}},\"value\":20},\"columns\":{\"increment_id\":{\"visible\":true,\"sorting\":false},\"order_increment_id\":{\"visible\":true,\"sorting\":false},\"billing_name\":{\"visible\":true,\"sorting\":false},\"base_grand_total\":{\"visible\":true,\"sorting\":false},\"store_id\":{\"visible\":false,\"sorting\":false},\"billing_address\":{\"visible\":false,\"sorting\":false},\"shipping_address\":{\"visible\":false,\"sorting\":false},\"customer_name\":{\"visible\":false,\"sorting\":false},\"customer_email\":{\"visible\":false,\"sorting\":false},\"shipping_information\":{\"visible\":false,\"sorting\":false},\"subtotal\":{\"visible\":false,\"sorting\":false},\"shipping_and_handling\":{\"visible\":false,\"sorting\":false},\"adjustment_positive\":{\"visible\":false,\"sorting\":false},\"adjustment_negative\":{\"visible\":false,\"sorting\":false},\"order_base_grand_total\":{\"visible\":false,\"sorting\":false},\"actions\":{\"visible\":true,\"sorting\":false},\"state\":{\"visible\":true,\"sorting\":false},\"order_status\":{\"visible\":false,\"sorting\":false},\"customer_group_id\":{\"visible\":false,\"sorting\":false},\"payment_method\":{\"visible\":false,\"sorting\":false},\"ids\":{\"visible\":true,\"sorting\":false},\"created_at\":{\"visible\":true,\"sorting\":false},\"order_created_at\":{\"visible\":true,\"sorting\":false}},\"displayMode\":\"grid\",\"positions\":{\"ids\":0,\"increment_id\":1,\"created_at\":2,\"order_increment_id\":3,\"order_created_at\":4,\"billing_name\":5,\"state\":6,\"base_grand_total\":7,\"order_status\":8,\"store_id\":9,\"billing_address\":10,\"shipping_address\":11,\"customer_name\":12,\"customer_email\":13,\"customer_group_id\":14,\"payment_method\":15,\"shipping_information\":16,\"subtotal\":17,\"shipping_and_handling\":18,\"adjustment_positive\":19,\"adjustment_negative\":20,\"order_base_grand_total\":21,\"actions\":22}},\"value\":\"Default View\"}}}','2021-12-10 15:01:05','2021-12-10 15:01:05'),(9,5,'sales_order_view_invoice_grid','default',1,'Default View','{\"views\":{\"default\":{\"label\":\"Default View\",\"index\":\"default\",\"editable\":false,\"data\":{\"search\":{\"value\":\"\"},\"filters\":{\"applied\":{\"placeholder\":true}},\"paging\":{\"pageSize\":20,\"current\":1,\"options\":{\"20\":{\"value\":20,\"label\":20},\"30\":{\"value\":30,\"label\":30},\"50\":{\"value\":50,\"label\":50},\"100\":{\"value\":100,\"label\":100},\"200\":{\"value\":200,\"label\":200}},\"value\":20},\"columns\":{\"increment_id\":{\"visible\":true,\"sorting\":\"asc\"},\"order_increment_id\":{\"visible\":true,\"sorting\":false},\"billing_name\":{\"visible\":true,\"sorting\":false},\"grand_total\":{\"visible\":true,\"sorting\":false},\"store_id\":{\"visible\":false,\"sorting\":false},\"billing_address\":{\"visible\":false,\"sorting\":false},\"shipping_address\":{\"visible\":false,\"sorting\":false},\"customer_name\":{\"visible\":false,\"sorting\":false},\"customer_email\":{\"visible\":false,\"sorting\":false},\"shipping_information\":{\"visible\":false,\"sorting\":false},\"subtotal\":{\"visible\":false,\"sorting\":false},\"shipping_and_handling\":{\"visible\":false,\"sorting\":false},\"actions\":{\"visible\":true,\"sorting\":false},\"state\":{\"visible\":true,\"sorting\":false},\"customer_group_id\":{\"visible\":false,\"sorting\":false},\"payment_method\":{\"visible\":false,\"sorting\":false},\"ids\":{\"visible\":true,\"sorting\":false},\"created_at\":{\"visible\":true,\"sorting\":false},\"order_created_at\":{\"visible\":true,\"sorting\":false}},\"displayMode\":\"grid\",\"positions\":{\"ids\":0,\"increment_id\":1,\"created_at\":2,\"order_increment_id\":3,\"order_created_at\":4,\"billing_name\":5,\"state\":6,\"grand_total\":7,\"store_id\":8,\"billing_address\":9,\"shipping_address\":10,\"customer_name\":11,\"customer_email\":12,\"customer_group_id\":13,\"payment_method\":14,\"shipping_information\":15,\"subtotal\":16,\"shipping_and_handling\":17,\"actions\":18}},\"value\":\"Default View\"}}}','2021-12-10 15:01:08','2021-12-10 15:01:08'),(10,5,'sales_order_view_shipment_grid','default',1,'Default View','{\"views\":{\"default\":{\"label\":\"Default View\",\"index\":\"default\",\"editable\":false,\"data\":{\"search\":{\"value\":\"\"},\"filters\":{\"applied\":{\"placeholder\":true}},\"paging\":{\"pageSize\":20,\"current\":1,\"options\":{\"20\":{\"value\":20,\"label\":20},\"30\":{\"value\":30,\"label\":30},\"50\":{\"value\":50,\"label\":50},\"100\":{\"value\":100,\"label\":100},\"200\":{\"value\":200,\"label\":200}},\"value\":20},\"columns\":{\"increment_id\":{\"visible\":true,\"sorting\":\"asc\"},\"order_increment_id\":{\"visible\":true,\"sorting\":false},\"shipping_name\":{\"visible\":true,\"sorting\":false},\"total_qty\":{\"visible\":true,\"sorting\":false},\"store_id\":{\"visible\":false,\"sorting\":false},\"customer_name\":{\"visible\":false,\"sorting\":false},\"customer_email\":{\"visible\":false,\"sorting\":false},\"billing_address\":{\"visible\":false,\"sorting\":false},\"shipping_address\":{\"visible\":false,\"sorting\":false},\"shipping_information\":{\"visible\":false,\"sorting\":false},\"actions\":{\"visible\":true,\"sorting\":false},\"order_status\":{\"visible\":false,\"sorting\":false},\"customer_group_id\":{\"visible\":false,\"sorting\":false},\"payment_method\":{\"visible\":false,\"sorting\":false},\"ids\":{\"visible\":true,\"sorting\":false},\"created_at\":{\"visible\":true,\"sorting\":false},\"order_created_at\":{\"visible\":true,\"sorting\":false}},\"displayMode\":\"grid\",\"positions\":{\"ids\":0,\"increment_id\":1,\"created_at\":2,\"order_increment_id\":3,\"order_created_at\":4,\"shipping_name\":5,\"total_qty\":6,\"order_status\":7,\"store_id\":8,\"customer_name\":9,\"customer_email\":10,\"customer_group_id\":11,\"billing_address\":12,\"shipping_address\":13,\"payment_method\":14,\"shipping_information\":15,\"actions\":16}},\"value\":\"Default View\"}}}','2021-12-10 15:01:08','2021-12-10 15:01:08'),(11,5,'sales_order_view_invoice_grid','current',0,NULL,'{\"current\":{\"search\":{\"value\":\"\"},\"filters\":{\"applied\":{\"placeholder\":true}},\"paging\":{\"pageSize\":20,\"current\":1,\"options\":{\"20\":{\"value\":20,\"label\":20},\"30\":{\"value\":30,\"label\":30},\"50\":{\"value\":50,\"label\":50},\"100\":{\"value\":100,\"label\":100},\"200\":{\"value\":200,\"label\":200}},\"value\":20},\"columns\":{\"increment_id\":{\"visible\":true,\"sorting\":\"asc\"},\"order_increment_id\":{\"visible\":true,\"sorting\":false},\"billing_name\":{\"visible\":true,\"sorting\":false},\"grand_total\":{\"visible\":true,\"sorting\":false},\"store_id\":{\"visible\":false,\"sorting\":false},\"billing_address\":{\"visible\":false,\"sorting\":false},\"shipping_address\":{\"visible\":false,\"sorting\":false},\"customer_name\":{\"visible\":false,\"sorting\":false},\"customer_email\":{\"visible\":false,\"sorting\":false},\"shipping_information\":{\"visible\":false,\"sorting\":false},\"subtotal\":{\"visible\":false,\"sorting\":false},\"shipping_and_handling\":{\"visible\":false,\"sorting\":false},\"actions\":{\"visible\":true,\"sorting\":false},\"state\":{\"visible\":true,\"sorting\":false},\"customer_group_id\":{\"visible\":false,\"sorting\":false},\"payment_method\":{\"visible\":false,\"sorting\":false},\"ids\":{\"visible\":true,\"sorting\":false},\"created_at\":{\"visible\":true,\"sorting\":false},\"order_created_at\":{\"visible\":true,\"sorting\":false}},\"displayMode\":\"grid\",\"positions\":{\"ids\":0,\"increment_id\":1,\"created_at\":2,\"order_increment_id\":3,\"order_created_at\":4,\"billing_name\":5,\"state\":6,\"grand_total\":7,\"store_id\":8,\"billing_address\":9,\"shipping_address\":10,\"customer_name\":11,\"customer_email\":12,\"customer_group_id\":13,\"payment_method\":14,\"shipping_information\":15,\"subtotal\":16,\"shipping_and_handling\":17,\"actions\":18}}}','2021-12-10 15:01:09','2021-12-10 15:01:09'),(12,5,'sales_order_view_creditmemo_grid','current',0,NULL,'{\"current\":{\"search\":{\"value\":\"\"},\"filters\":{\"applied\":{\"placeholder\":true}},\"paging\":{\"pageSize\":20,\"current\":1,\"options\":{\"20\":{\"value\":20,\"label\":20},\"30\":{\"value\":30,\"label\":30},\"50\":{\"value\":50,\"label\":50},\"100\":{\"value\":100,\"label\":100},\"200\":{\"value\":200,\"label\":200}},\"value\":20},\"columns\":{\"increment_id\":{\"visible\":true,\"sorting\":false},\"order_increment_id\":{\"visible\":true,\"sorting\":false},\"billing_name\":{\"visible\":true,\"sorting\":false},\"base_grand_total\":{\"visible\":true,\"sorting\":false},\"store_id\":{\"visible\":false,\"sorting\":false},\"billing_address\":{\"visible\":false,\"sorting\":false},\"shipping_address\":{\"visible\":false,\"sorting\":false},\"customer_name\":{\"visible\":false,\"sorting\":false},\"customer_email\":{\"visible\":false,\"sorting\":false},\"shipping_information\":{\"visible\":false,\"sorting\":false},\"subtotal\":{\"visible\":false,\"sorting\":false},\"shipping_and_handling\":{\"visible\":false,\"sorting\":false},\"adjustment_positive\":{\"visible\":false,\"sorting\":false},\"adjustment_negative\":{\"visible\":false,\"sorting\":false},\"order_base_grand_total\":{\"visible\":false,\"sorting\":false},\"actions\":{\"visible\":true,\"sorting\":false},\"state\":{\"visible\":true,\"sorting\":false},\"order_status\":{\"visible\":false,\"sorting\":false},\"customer_group_id\":{\"visible\":false,\"sorting\":false},\"payment_method\":{\"visible\":false,\"sorting\":false},\"ids\":{\"visible\":true,\"sorting\":false},\"created_at\":{\"visible\":true,\"sorting\":false},\"order_created_at\":{\"visible\":true,\"sorting\":false}},\"displayMode\":\"grid\",\"positions\":{\"ids\":0,\"increment_id\":1,\"created_at\":2,\"order_increment_id\":3,\"order_created_at\":4,\"billing_name\":5,\"state\":6,\"base_grand_total\":7,\"order_status\":8,\"store_id\":9,\"billing_address\":10,\"shipping_address\":11,\"customer_name\":12,\"customer_email\":13,\"customer_group_id\":14,\"payment_method\":15,\"shipping_information\":16,\"subtotal\":17,\"shipping_and_handling\":18,\"adjustment_positive\":19,\"adjustment_negative\":20,\"order_base_grand_total\":21,\"actions\":22}}}','2021-12-10 15:01:09','2021-12-10 15:01:09'),(13,5,'sales_order_view_shipment_grid','current',0,NULL,'{\"current\":{\"search\":{\"value\":\"\"},\"filters\":{\"applied\":{\"placeholder\":true}},\"paging\":{\"pageSize\":20,\"current\":1,\"options\":{\"20\":{\"value\":20,\"label\":20},\"30\":{\"value\":30,\"label\":30},\"50\":{\"value\":50,\"label\":50},\"100\":{\"value\":100,\"label\":100},\"200\":{\"value\":200,\"label\":200}},\"value\":20},\"columns\":{\"increment_id\":{\"visible\":true,\"sorting\":\"asc\"},\"order_increment_id\":{\"visible\":true,\"sorting\":false},\"shipping_name\":{\"visible\":true,\"sorting\":false},\"total_qty\":{\"visible\":true,\"sorting\":false},\"store_id\":{\"visible\":false,\"sorting\":false},\"customer_name\":{\"visible\":false,\"sorting\":false},\"customer_email\":{\"visible\":false,\"sorting\":false},\"billing_address\":{\"visible\":false,\"sorting\":false},\"shipping_address\":{\"visible\":false,\"sorting\":false},\"shipping_information\":{\"visible\":false,\"sorting\":false},\"actions\":{\"visible\":true,\"sorting\":false},\"order_status\":{\"visible\":false,\"sorting\":false},\"customer_group_id\":{\"visible\":false,\"sorting\":false},\"payment_method\":{\"visible\":false,\"sorting\":false},\"ids\":{\"visible\":true,\"sorting\":false},\"created_at\":{\"visible\":true,\"sorting\":false},\"order_created_at\":{\"visible\":true,\"sorting\":false}},\"displayMode\":\"grid\",\"positions\":{\"ids\":0,\"increment_id\":1,\"created_at\":2,\"order_increment_id\":3,\"order_created_at\":4,\"shipping_name\":5,\"total_qty\":6,\"order_status\":7,\"store_id\":8,\"customer_name\":9,\"customer_email\":10,\"customer_group_id\":11,\"billing_address\":12,\"shipping_address\":13,\"payment_method\":14,\"shipping_information\":15,\"actions\":16}}}','2021-12-10 15:01:10','2021-12-10 15:01:10'),(14,5,'mageprince_faq_index','current',0,NULL,'{\"current\":{\"columns\":{\"faq_id\":{\"visible\":true,\"sorting\":\"asc\"},\"title\":{\"visible\":true,\"sorting\":false},\"sortorder\":{\"visible\":true,\"sorting\":false},\"actions\":{\"visible\":true,\"sorting\":false},\"ids\":{\"visible\":true,\"sorting\":false},\"group\":{\"visible\":true,\"sorting\":false},\"status\":{\"visible\":true,\"sorting\":false},\"created_at\":{\"visible\":true,\"sorting\":false},\"updated_at\":{\"visible\":true,\"sorting\":false}},\"displayMode\":\"grid\",\"filters\":{\"applied\":{\"placeholder\":true}},\"paging\":{\"pageSize\":20,\"current\":1,\"options\":{\"20\":{\"value\":20,\"label\":20},\"30\":{\"value\":30,\"label\":30},\"50\":{\"value\":50,\"label\":50},\"100\":{\"value\":100,\"label\":100},\"200\":{\"value\":200,\"label\":200}},\"value\":20},\"positions\":{\"ids\":0,\"faq_id\":1,\"title\":2,\"group\":3,\"sortorder\":4,\"status\":5,\"created_at\":6,\"updated_at\":7,\"actions\":8}}}','2021-12-11 16:54:14','2021-12-11 16:54:15'),(15,5,'mageprince_faq_index','default',1,'Default View','{\"views\":{\"default\":{\"label\":\"Default View\",\"index\":\"default\",\"editable\":false,\"data\":{\"columns\":{\"faq_id\":{\"visible\":true,\"sorting\":\"asc\"},\"title\":{\"visible\":true,\"sorting\":false},\"sortorder\":{\"visible\":true,\"sorting\":false},\"actions\":{\"visible\":true,\"sorting\":false},\"ids\":{\"visible\":true,\"sorting\":false},\"group\":{\"visible\":true,\"sorting\":false},\"status\":{\"visible\":true,\"sorting\":false},\"created_at\":{\"visible\":true,\"sorting\":false},\"updated_at\":{\"visible\":true,\"sorting\":false}},\"displayMode\":\"grid\",\"filters\":{\"applied\":{\"placeholder\":true}},\"paging\":{\"pageSize\":20,\"current\":1,\"options\":{\"20\":{\"value\":20,\"label\":20},\"30\":{\"value\":30,\"label\":30},\"50\":{\"value\":50,\"label\":50},\"100\":{\"value\":100,\"label\":100},\"200\":{\"value\":200,\"label\":200}},\"value\":20},\"positions\":{\"ids\":0,\"faq_id\":1,\"title\":2,\"group\":3,\"sortorder\":4,\"status\":5,\"created_at\":6,\"updated_at\":7,\"actions\":8}},\"value\":\"Default View\"}}}','2021-12-11 16:54:19','2021-12-11 16:54:19'),(16,5,'cms_block_listing','default',1,'Default View','{\"views\":{\"default\":{\"label\":\"Default View\",\"index\":\"default\",\"editable\":false,\"data\":{\"columns\":{\"is_active\":{\"visible\":true,\"sorting\":false},\"ids\":{\"visible\":true,\"sorting\":false},\"block_id\":{\"visible\":true,\"sorting\":\"asc\"},\"title\":{\"visible\":true,\"sorting\":false},\"identifier\":{\"visible\":true,\"sorting\":false},\"store_id\":{\"visible\":true,\"sorting\":false},\"actions\":{\"visible\":true,\"sorting\":false},\"creation_time\":{\"visible\":true,\"sorting\":false},\"update_time\":{\"visible\":true,\"sorting\":false}},\"filters\":{\"applied\":{\"placeholder\":true}},\"paging\":{\"pageSize\":20,\"current\":1,\"options\":{\"20\":{\"value\":20,\"label\":20},\"30\":{\"value\":30,\"label\":30},\"50\":{\"value\":50,\"label\":50},\"100\":{\"value\":100,\"label\":100},\"200\":{\"value\":200,\"label\":200}},\"value\":20},\"search\":{\"value\":\"\"},\"displayMode\":\"grid\",\"positions\":{\"ids\":0,\"block_id\":1,\"title\":2,\"identifier\":3,\"store_id\":4,\"is_active\":5,\"creation_time\":6,\"update_time\":7,\"actions\":8}},\"value\":\"Default View\"}}}','2021-12-12 19:01:02','2021-12-12 19:01:02'),(17,5,'cms_block_listing','current',0,NULL,'{\"current\":{\"columns\":{\"is_active\":{\"visible\":true,\"sorting\":false},\"ids\":{\"visible\":true,\"sorting\":false},\"block_id\":{\"visible\":true,\"sorting\":\"asc\"},\"title\":{\"visible\":true,\"sorting\":false},\"identifier\":{\"visible\":true,\"sorting\":false},\"store_id\":{\"visible\":true,\"sorting\":false},\"actions\":{\"visible\":true,\"sorting\":false},\"creation_time\":{\"visible\":true,\"sorting\":false},\"update_time\":{\"visible\":true,\"sorting\":false}},\"filters\":{\"applied\":{\"placeholder\":true}},\"paging\":{\"pageSize\":20,\"current\":1,\"options\":{\"20\":{\"value\":20,\"label\":20},\"30\":{\"value\":30,\"label\":30},\"50\":{\"value\":50,\"label\":50},\"100\":{\"value\":100,\"label\":100},\"200\":{\"value\":200,\"label\":200}},\"value\":20},\"search\":{\"value\":\"\"},\"displayMode\":\"grid\",\"positions\":{\"ids\":0,\"block_id\":1,\"title\":2,\"identifier\":3,\"store_id\":4,\"is_active\":5,\"creation_time\":6,\"update_time\":7,\"actions\":8}}}','2021-12-12 19:01:03','2021-12-12 19:01:03'),(18,5,'bannerslider_slider_listing','current',0,NULL,'{\"current\":{\"search\":{\"value\":\"\"},\"filters\":{\"applied\":{\"placeholder\":true}},\"paging\":{\"pageSize\":20,\"current\":1,\"options\":{\"20\":{\"value\":20,\"label\":20},\"30\":{\"value\":30,\"label\":30},\"50\":{\"value\":50,\"label\":50},\"100\":{\"value\":100,\"label\":100},\"200\":{\"value\":200,\"label\":200}},\"value\":20},\"columns\":{\"entity_id\":{\"visible\":true,\"sorting\":\"asc\"},\"title\":{\"visible\":true,\"sorting\":false},\"actions\":{\"visible\":true,\"sorting\":false},\"ids\":{\"visible\":true,\"sorting\":false},\"is_show_title\":{\"visible\":true,\"sorting\":false},\"is_enabled\":{\"visible\":true,\"sorting\":false},\"created_at\":{\"visible\":true,\"sorting\":false},\"updated_at\":{\"visible\":true,\"sorting\":false}},\"displayMode\":\"grid\",\"positions\":{\"ids\":0,\"entity_id\":1,\"title\":2,\"is_show_title\":3,\"is_enabled\":4,\"created_at\":5,\"updated_at\":6,\"actions\":7}}}','2021-12-12 19:45:59','2021-12-12 19:45:59'),(19,5,'bannerslider_slider_listing','default',1,'Default View','{\"views\":{\"default\":{\"label\":\"Default View\",\"index\":\"default\",\"editable\":false,\"data\":{\"search\":{\"value\":\"\"},\"filters\":{\"applied\":{\"placeholder\":true}},\"paging\":{\"pageSize\":20,\"current\":1,\"options\":{\"20\":{\"value\":20,\"label\":20},\"30\":{\"value\":30,\"label\":30},\"50\":{\"value\":50,\"label\":50},\"100\":{\"value\":100,\"label\":100},\"200\":{\"value\":200,\"label\":200}},\"value\":20},\"columns\":{\"entity_id\":{\"visible\":true,\"sorting\":\"asc\"},\"title\":{\"visible\":true,\"sorting\":false},\"actions\":{\"visible\":true,\"sorting\":false},\"ids\":{\"visible\":true,\"sorting\":false},\"is_show_title\":{\"visible\":true,\"sorting\":false},\"is_enabled\":{\"visible\":true,\"sorting\":false},\"created_at\":{\"visible\":true,\"sorting\":false},\"updated_at\":{\"visible\":true,\"sorting\":false}},\"displayMode\":\"grid\",\"positions\":{\"ids\":0,\"entity_id\":1,\"title\":2,\"is_show_title\":3,\"is_enabled\":4,\"created_at\":5,\"updated_at\":6,\"actions\":7}},\"value\":\"Default View\"}}}','2021-12-12 19:46:17','2021-12-12 19:46:17'),(20,5,'bannerslider_banner_listing','current',0,NULL,'{\"current\":{\"search\":{\"value\":\"\"},\"filters\":{\"applied\":{\"placeholder\":true}},\"columns\":{\"entity_id\":{\"visible\":true,\"sorting\":\"asc\"},\"title\":{\"visible\":true,\"sorting\":false},\"resource_path\":{\"visible\":true,\"sorting\":false},\"alt_text\":{\"visible\":true,\"sorting\":false},\"link\":{\"visible\":true,\"sorting\":false},\"sort_order\":{\"visible\":true,\"sorting\":false},\"actions\":{\"visible\":true,\"sorting\":false},\"slider_id\":{\"visible\":true,\"sorting\":false},\"resource_map_id\":{\"visible\":true,\"sorting\":false},\"resource_type\":{\"visible\":true,\"sorting\":false},\"is_enabled\":{\"visible\":true,\"sorting\":false},\"ids\":{\"visible\":true,\"sorting\":false},\"created_at\":{\"visible\":true,\"sorting\":false},\"updated_at\":{\"visible\":true,\"sorting\":false}},\"displayMode\":\"grid\",\"paging\":{\"pageSize\":20,\"current\":1,\"options\":{\"20\":{\"value\":20,\"label\":20},\"30\":{\"value\":30,\"label\":30},\"50\":{\"value\":50,\"label\":50},\"100\":{\"value\":100,\"label\":100},\"200\":{\"value\":200,\"label\":200}},\"value\":20},\"positions\":{\"ids\":0,\"entity_id\":1,\"title\":2,\"slider_id\":3,\"resource_map_id\":4,\"resource_type\":5,\"resource_path\":6,\"alt_text\":7,\"link\":8,\"is_enabled\":9,\"sort_order\":10,\"created_at\":11,\"updated_at\":12,\"actions\":13}}}','2021-12-12 19:56:26','2021-12-12 19:56:26'),(21,5,'bannerslider_banner_listing','default',1,'Default View','{\"views\":{\"default\":{\"label\":\"Default View\",\"index\":\"default\",\"editable\":false,\"data\":{\"search\":{\"value\":\"\"},\"filters\":{\"applied\":{\"placeholder\":true}},\"columns\":{\"entity_id\":{\"visible\":true,\"sorting\":\"asc\"},\"title\":{\"visible\":true,\"sorting\":false},\"resource_path\":{\"visible\":true,\"sorting\":false},\"alt_text\":{\"visible\":true,\"sorting\":false},\"link\":{\"visible\":true,\"sorting\":false},\"sort_order\":{\"visible\":true,\"sorting\":false},\"actions\":{\"visible\":true,\"sorting\":false},\"slider_id\":{\"visible\":true,\"sorting\":false},\"resource_map_id\":{\"visible\":true,\"sorting\":false},\"resource_type\":{\"visible\":true,\"sorting\":false},\"is_enabled\":{\"visible\":true,\"sorting\":false},\"ids\":{\"visible\":true,\"sorting\":false},\"created_at\":{\"visible\":true,\"sorting\":false},\"updated_at\":{\"visible\":true,\"sorting\":false}},\"displayMode\":\"grid\",\"paging\":{\"pageSize\":20,\"current\":1,\"options\":{\"20\":{\"value\":20,\"label\":20},\"30\":{\"value\":30,\"label\":30},\"50\":{\"value\":50,\"label\":50},\"100\":{\"value\":100,\"label\":100},\"200\":{\"value\":200,\"label\":200}},\"value\":20},\"positions\":{\"ids\":0,\"entity_id\":1,\"title\":2,\"slider_id\":3,\"resource_map_id\":4,\"resource_type\":5,\"resource_path\":6,\"alt_text\":7,\"link\":8,\"is_enabled\":9,\"sort_order\":10,\"created_at\":11,\"updated_at\":12,\"actions\":13}},\"value\":\"Default View\"}}}','2021-12-12 19:56:27','2021-12-12 19:56:27'),(22,5,'adobe_stock_images_listing','current',0,NULL,'{\"current\":{\"paging\":{\"pageSize\":32,\"current\":1,\"value\":32},\"filters\":{\"applied\":{\"placeholder\":true}},\"columns\":{\"undiscovered\":{\"visible\":false,\"sorting\":false},\"relevance\":{\"visible\":false,\"sorting\":false},\"creation\":{\"visible\":false,\"sorting\":false},\"popularity\":{\"visible\":false,\"sorting\":false},\"nb_downloads\":{\"visible\":false,\"sorting\":false},\"thumbnail_url\":{\"visible\":true,\"sorting\":false},\"preview\":{\"visible\":true,\"sorting\":false,\"lastOpenedImage\":false},\"overlay\":{\"visible\":true,\"sorting\":false}},\"search\":{\"value\":\"\"},\"displayMode\":\"grid\",\"positions\":{\"overlay\":0,\"thumbnail_url\":1,\"preview\":2,\"relevance\":3,\"creation\":4,\"popularity\":5,\"nb_downloads\":6,\"undiscovered\":7}}}','2021-12-12 19:56:53','2021-12-12 19:56:57'),(23,5,'adobe_stock_images_listing','default',1,'Default View','{\"views\":{\"default\":{\"label\":\"Default View\",\"index\":\"default\",\"editable\":false,\"data\":{\"paging\":{\"pageSize\":32,\"current\":1,\"value\":32},\"filters\":{\"applied\":{\"placeholder\":true}},\"columns\":{\"undiscovered\":{\"visible\":false,\"sorting\":false},\"relevance\":{\"visible\":false,\"sorting\":false},\"creation\":{\"visible\":false,\"sorting\":false},\"popularity\":{\"visible\":false,\"sorting\":false},\"nb_downloads\":{\"visible\":false,\"sorting\":false},\"thumbnail_url\":{\"visible\":true,\"sorting\":false},\"preview\":{\"visible\":true,\"sorting\":false,\"lastOpenedImage\":false},\"overlay\":{\"visible\":true,\"sorting\":false}},\"search\":{\"value\":\"\"},\"displayMode\":\"grid\",\"positions\":{\"overlay\":0,\"thumbnail_url\":1,\"preview\":2,\"relevance\":3,\"creation\":4,\"popularity\":5,\"nb_downloads\":6,\"undiscovered\":7}},\"value\":\"Default View\"}}}','2021-12-12 19:56:59','2021-12-12 19:56:59'),(24,5,'bannerslider_resource_map_listing','current',0,NULL,'{\"current\":{\"search\":{\"value\":\"\"},\"filters\":{\"applied\":{\"placeholder\":true}},\"displayMode\":\"grid\",\"paging\":{\"pageSize\":20,\"current\":1,\"options\":{\"20\":{\"value\":20,\"label\":20},\"30\":{\"value\":30,\"label\":30},\"50\":{\"value\":50,\"label\":50},\"100\":{\"value\":100,\"label\":100},\"200\":{\"value\":200,\"label\":200}},\"value\":20},\"columns\":{\"entity_id\":{\"visible\":true,\"sorting\":\"asc\"},\"title\":{\"visible\":true,\"sorting\":false},\"min_width\":{\"visible\":true,\"sorting\":false},\"max_width\":{\"visible\":true,\"sorting\":false},\"actions\":{\"visible\":true,\"sorting\":false},\"ids\":{\"visible\":true,\"sorting\":false},\"created_at\":{\"visible\":true,\"sorting\":false},\"updated_at\":{\"visible\":true,\"sorting\":false}},\"positions\":{\"ids\":0,\"entity_id\":1,\"title\":2,\"min_width\":3,\"max_width\":4,\"created_at\":5,\"updated_at\":6,\"actions\":7}}}','2021-12-12 19:58:52','2021-12-12 19:58:52'),(25,5,'bannerslider_resource_map_listing','default',1,'Default View','{\"views\":{\"default\":{\"label\":\"Default View\",\"index\":\"default\",\"editable\":false,\"data\":{\"search\":{\"value\":\"\"},\"filters\":{\"applied\":{\"placeholder\":true}},\"displayMode\":\"grid\",\"paging\":{\"pageSize\":20,\"current\":1,\"options\":{\"20\":{\"value\":20,\"label\":20},\"30\":{\"value\":30,\"label\":30},\"50\":{\"value\":50,\"label\":50},\"100\":{\"value\":100,\"label\":100},\"200\":{\"value\":200,\"label\":200}},\"value\":20},\"columns\":{\"entity_id\":{\"visible\":true,\"sorting\":\"asc\"},\"title\":{\"visible\":true,\"sorting\":false},\"min_width\":{\"visible\":true,\"sorting\":false},\"max_width\":{\"visible\":true,\"sorting\":false},\"actions\":{\"visible\":true,\"sorting\":false},\"ids\":{\"visible\":true,\"sorting\":false},\"created_at\":{\"visible\":true,\"sorting\":false},\"updated_at\":{\"visible\":true,\"sorting\":false}},\"positions\":{\"ids\":0,\"entity_id\":1,\"title\":2,\"min_width\":3,\"max_width\":4,\"created_at\":5,\"updated_at\":6,\"actions\":7}},\"value\":\"Default View\"}}}','2021-12-12 19:59:10','2021-12-12 19:59:10');

--
-- Table structure for table `url_rewrite`
--

CREATE TABLE `url_rewrite` (
  `url_rewrite_id` int(10) unsigned NOT NULL AUTO_INCREMENT COMMENT 'Rewrite ID',
  `entity_type` varchar(32) NOT NULL COMMENT 'Entity type code',
  `entity_id` int(10) unsigned NOT NULL COMMENT 'Entity ID',
  `request_path` varchar(255) DEFAULT NULL COMMENT 'Request Path',
  `target_path` varchar(255) DEFAULT NULL COMMENT 'Target Path',
  `redirect_type` smallint(5) unsigned NOT NULL DEFAULT '0' COMMENT 'Redirect Type',
  `store_id` smallint(5) unsigned NOT NULL COMMENT 'Store ID',
  `description` varchar(255) DEFAULT NULL COMMENT 'Description',
  `is_autogenerated` smallint(5) unsigned NOT NULL DEFAULT '0' COMMENT 'Is rewrite generated automatically flag',
  `metadata` varchar(255) DEFAULT NULL COMMENT 'Meta data for url rewrite',
  PRIMARY KEY (`url_rewrite_id`),
  UNIQUE KEY `URL_REWRITE_REQUEST_PATH_STORE_ID` (`request_path`,`store_id`),
  KEY `URL_REWRITE_TARGET_PATH` (`target_path`),
  KEY `URL_REWRITE_STORE_ID_ENTITY_ID` (`store_id`,`entity_id`),
  KEY `URL_REWRITE_ENTITY_ID` (`entity_id`)
) ENGINE=InnoDB AUTO_INCREMENT=77887 DEFAULT CHARSET=utf8 COMMENT='Url Rewrites';

--
-- Dumping data for table `url_rewrite`
--

INSERT INTO `url_rewrite` VALUES (1,'cms-page',1,'no-route','cms/page/view/page_id/1',0,1,NULL,1,NULL),(3,'cms-page',3,'enable-cookies','cms/page/view/page_id/3',0,1,NULL,1,NULL),(4,'cms-page',4,'privacy-policy-cookie-restriction-mode','cms/page/view/page_id/4',0,1,NULL,1,NULL),(11793,'cms-page',5,'customer-service','cms/page/view/page_id/5',0,1,NULL,1,NULL),(11795,'cms-page',5,'customer-service','cms/page/view/page_id/5',0,3,NULL,1,NULL),(25625,'cms-page',13,'demo2','cms/page/view/page_id/13',0,16,NULL,1,NULL),(25626,'cms-page',13,'demo2','cms/page/view/page_id/13',0,17,NULL,1,NULL),(25627,'cms-page',13,'demo2','cms/page/view/page_id/13',0,20,NULL,1,NULL),(25628,'cms-page',12,'demo5','cms/page/view/page_id/12',0,14,NULL,1,NULL),(25629,'cms-page',12,'demo5','cms/page/view/page_id/12',0,15,NULL,1,NULL),(25630,'cms-page',12,'demo5','cms/page/view/page_id/12',0,23,NULL,1,NULL),(25631,'cms-page',7,'demo3','cms/page/view/page_id/7',0,4,NULL,1,NULL),(25632,'cms-page',7,'demo3','cms/page/view/page_id/7',0,5,NULL,1,NULL),(25633,'cms-page',7,'demo3','cms/page/view/page_id/7',0,21,NULL,1,NULL),(25634,'cms-page',8,'demo4','cms/page/view/page_id/8',0,6,NULL,1,NULL),(25635,'cms-page',8,'demo4','cms/page/view/page_id/8',0,7,NULL,1,NULL),(25636,'cms-page',8,'demo4','cms/page/view/page_id/8',0,22,NULL,1,NULL),(25637,'cms-page',9,'demo6','cms/page/view/page_id/9',0,8,NULL,1,NULL),(25638,'cms-page',9,'demo6','cms/page/view/page_id/9',0,9,NULL,1,NULL),(25639,'cms-page',9,'demo6','cms/page/view/page_id/9',0,24,NULL,1,NULL),(25640,'cms-page',10,'demo7','cms/page/view/page_id/10',0,10,NULL,1,NULL),(25641,'cms-page',10,'demo7','cms/page/view/page_id/10',0,11,NULL,1,NULL),(25642,'cms-page',10,'demo7','cms/page/view/page_id/10',0,25,NULL,1,NULL),(25643,'cms-page',11,'demo8','cms/page/view/page_id/11',0,12,NULL,1,NULL),(25644,'cms-page',11,'demo8','cms/page/view/page_id/11',0,13,NULL,1,NULL),(25645,'cms-page',11,'demo8','cms/page/view/page_id/11',0,26,NULL,1,NULL),(26561,'cms-page',14,'demo10','cms/page/view/page_id/14',0,27,NULL,1,NULL),(26562,'cms-page',14,'demo10','cms/page/view/page_id/14',0,28,NULL,1,NULL),(26563,'cms-page',14,'demo10','cms/page/view/page_id/14',0,29,NULL,1,NULL),(27780,'cms-page',15,'demo11','cms/page/view/page_id/15',0,30,NULL,1,NULL),(27781,'cms-page',15,'demo11','cms/page/view/page_id/15',0,31,NULL,1,NULL),(27814,'cms-page',16,'demo12','cms/page/view/page_id/16',0,32,NULL,1,NULL),(27815,'cms-page',16,'demo12','cms/page/view/page_id/16',0,33,NULL,1,NULL),(76716,'product',147,'birthdaycakepackage.html','catalog/product/view/id/147',0,35,NULL,1,NULL),(76717,'product',147,'birthdaycakepackage.html','catalog/product/view/id/147',0,39,NULL,1,NULL),(76718,'product',147,'birthdaycakepackage.html','catalog/product/view/id/147',0,40,NULL,1,NULL),(76719,'product',147,'birthdaycakepackage.html','catalog/product/view/id/147',0,41,NULL,1,NULL),(76728,'product',147,'birthdaycakepackage.html','catalog/product/view/id/147',0,34,NULL,1,NULL),(76729,'product',147,'birthdaycakepackage.html','catalog/product/view/id/147',0,36,NULL,1,NULL),(76730,'product',147,'birthdaycakepackage.html','catalog/product/view/id/147',0,37,NULL,1,NULL),(76731,'product',147,'birthdaycakepackage.html','catalog/product/view/id/147',0,38,NULL,1,NULL),(76788,'product',152,'bridal-shower-package.html','catalog/product/view/id/152',0,35,NULL,1,NULL),(76789,'product',152,'bridal-shower-package.html','catalog/product/view/id/152',0,39,NULL,1,NULL),(76790,'product',152,'bridal-shower-package.html','catalog/product/view/id/152',0,40,NULL,1,NULL),(76791,'product',152,'bridal-shower-package.html','catalog/product/view/id/152',0,41,NULL,1,NULL),(76800,'product',152,'bridal-shower-package.html','catalog/product/view/id/152',0,34,NULL,1,NULL),(76801,'product',152,'bridal-shower-package.html','catalog/product/view/id/152',0,36,NULL,1,NULL),(76802,'product',152,'bridal-shower-package.html','catalog/product/view/id/152',0,37,NULL,1,NULL),(76803,'product',152,'bridal-shower-package.html','catalog/product/view/id/152',0,38,NULL,1,NULL),(76998,'category',219,'flowers.html','catalog/category/view/id/219',0,18,NULL,1,NULL),(76999,'category',219,'flowers.html','catalog/category/view/id/219',0,26,NULL,1,NULL),(77000,'category',219,'flowers.html','catalog/category/view/id/219',0,33,NULL,1,NULL),(77001,'category',219,'flowers.html','catalog/category/view/id/219',0,31,NULL,1,NULL),(77002,'category',219,'flowers.html','catalog/category/view/id/219',0,24,NULL,1,NULL),(77003,'category',219,'flowers.html','catalog/category/view/id/219',0,29,NULL,1,NULL),(77004,'category',219,'flowers.html','catalog/category/view/id/219',0,21,NULL,1,NULL),(77005,'category',219,'flowers.html','catalog/category/view/id/219',0,23,NULL,1,NULL),(77006,'category',219,'flowers.html','catalog/category/view/id/219',0,25,NULL,1,NULL),(77007,'category',219,'flowers.html','catalog/category/view/id/219',0,22,NULL,1,NULL),(77008,'category',219,'flowers.html','catalog/category/view/id/219',0,20,NULL,1,NULL),(77009,'category',219,'flowers.html','catalog/category/view/id/219',0,1,NULL,1,NULL),(77010,'category',219,'flowers.html','catalog/category/view/id/219',0,27,NULL,1,NULL),(77011,'category',219,'flowers.html','catalog/category/view/id/219',0,30,NULL,1,NULL),(77012,'category',219,'flowers.html','catalog/category/view/id/219',0,32,NULL,1,NULL),(77013,'category',219,'flowers.html','catalog/category/view/id/219',0,16,NULL,1,NULL),(77014,'category',219,'flowers.html','catalog/category/view/id/219',0,4,NULL,1,NULL),(77015,'category',219,'flowers.html','catalog/category/view/id/219',0,6,NULL,1,NULL),(77016,'category',219,'flowers.html','catalog/category/view/id/219',0,14,NULL,1,NULL),(77017,'category',219,'flowers.html','catalog/category/view/id/219',0,8,NULL,1,NULL),(77018,'category',219,'flowers.html','catalog/category/view/id/219',0,10,NULL,1,NULL),(77019,'category',219,'flowers.html','catalog/category/view/id/219',0,12,NULL,1,NULL),(77020,'category',219,'flowers.html','catalog/category/view/id/219',0,5,NULL,1,NULL),(77021,'category',219,'flowers.html','catalog/category/view/id/219',0,15,NULL,1,NULL),(77022,'category',219,'flowers.html','catalog/category/view/id/219',0,11,NULL,1,NULL),(77023,'category',219,'flowers.html','catalog/category/view/id/219',0,7,NULL,1,NULL),(77024,'category',219,'flowers.html','catalog/category/view/id/219',0,17,NULL,1,NULL),(77025,'category',219,'flowers.html','catalog/category/view/id/219',0,13,NULL,1,NULL),(77026,'category',219,'flowers.html','catalog/category/view/id/219',0,9,NULL,1,NULL),(77027,'category',219,'flowers.html','catalog/category/view/id/219',0,28,NULL,1,NULL),(77028,'category',219,'flowers.html','catalog/category/view/id/219',0,3,NULL,1,NULL),(77029,'product',167,'flower-arrangement-in-vase.html','catalog/product/view/id/167',0,18,NULL,1,NULL),(77030,'product',167,'flowers/flower-arrangement-in-vase.html','catalog/product/view/id/167/category/219',0,18,NULL,1,'{\"category_id\":\"219\"}'),(77031,'product',167,'flower-arrangement-in-vase.html','catalog/product/view/id/167',0,20,NULL,1,NULL),(77032,'product',167,'flowers/flower-arrangement-in-vase.html','catalog/product/view/id/167/category/219',0,20,NULL,1,'{\"category_id\":\"219\"}'),(77033,'product',167,'flower-arrangement-in-vase.html','catalog/product/view/id/167',0,21,NULL,1,NULL),(77034,'product',167,'flowers/flower-arrangement-in-vase.html','catalog/product/view/id/167/category/219',0,21,NULL,1,'{\"category_id\":\"219\"}'),(77035,'product',167,'flower-arrangement-in-vase.html','catalog/product/view/id/167',0,22,NULL,1,NULL),(77036,'product',167,'flowers/flower-arrangement-in-vase.html','catalog/product/view/id/167/category/219',0,22,NULL,1,'{\"category_id\":\"219\"}'),(77037,'product',167,'flower-arrangement-in-vase.html','catalog/product/view/id/167',0,23,NULL,1,NULL),(77038,'product',167,'flowers/flower-arrangement-in-vase.html','catalog/product/view/id/167/category/219',0,23,NULL,1,'{\"category_id\":\"219\"}'),(77039,'product',167,'flower-arrangement-in-vase.html','catalog/product/view/id/167',0,24,NULL,1,NULL),(77040,'product',167,'flowers/flower-arrangement-in-vase.html','catalog/product/view/id/167/category/219',0,24,NULL,1,'{\"category_id\":\"219\"}'),(77041,'product',167,'flower-arrangement-in-vase.html','catalog/product/view/id/167',0,25,NULL,1,NULL),(77042,'product',167,'flowers/flower-arrangement-in-vase.html','catalog/product/view/id/167/category/219',0,25,NULL,1,'{\"category_id\":\"219\"}'),(77043,'product',167,'flower-arrangement-in-vase.html','catalog/product/view/id/167',0,26,NULL,1,NULL),(77044,'product',167,'flowers/flower-arrangement-in-vase.html','catalog/product/view/id/167/category/219',0,26,NULL,1,'{\"category_id\":\"219\"}'),(77045,'product',167,'flower-arrangement-in-vase.html','catalog/product/view/id/167',0,29,NULL,1,NULL),(77046,'product',167,'flowers/flower-arrangement-in-vase.html','catalog/product/view/id/167/category/219',0,29,NULL,1,'{\"category_id\":\"219\"}'),(77047,'product',167,'flower-arrangement-in-vase.html','catalog/product/view/id/167',0,31,NULL,1,NULL),(77048,'product',167,'flowers/flower-arrangement-in-vase.html','catalog/product/view/id/167/category/219',0,31,NULL,1,'{\"category_id\":\"219\"}'),(77049,'product',167,'flower-arrangement-in-vase.html','catalog/product/view/id/167',0,33,NULL,1,NULL),(77050,'product',167,'flowers/flower-arrangement-in-vase.html','catalog/product/view/id/167/category/219',0,33,NULL,1,'{\"category_id\":\"219\"}'),(77051,'product',167,'flower-arrangement-in-vase.html','catalog/product/view/id/167',0,35,NULL,1,NULL),(77052,'product',167,'flower-arrangement-in-vase.html','catalog/product/view/id/167',0,39,NULL,1,NULL),(77053,'product',167,'flower-arrangement-in-vase.html','catalog/product/view/id/167',0,40,NULL,1,NULL),(77054,'product',167,'flower-arrangement-in-vase.html','catalog/product/view/id/167',0,41,NULL,1,NULL),(77055,'product',167,'flower-arrangement-in-vase.html','catalog/product/view/id/167',0,1,NULL,1,NULL),(77056,'product',167,'flowers/flower-arrangement-in-vase.html','catalog/product/view/id/167/category/219',0,1,NULL,1,'{\"category_id\":\"219\"}'),(77057,'product',167,'flower-arrangement-in-vase.html','catalog/product/view/id/167',0,27,NULL,1,NULL),(77058,'product',167,'flowers/flower-arrangement-in-vase.html','catalog/product/view/id/167/category/219',0,27,NULL,1,'{\"category_id\":\"219\"}'),(77059,'product',167,'flower-arrangement-in-vase.html','catalog/product/view/id/167',0,30,NULL,1,NULL),(77060,'product',167,'flowers/flower-arrangement-in-vase.html','catalog/product/view/id/167/category/219',0,30,NULL,1,'{\"category_id\":\"219\"}'),(77061,'product',167,'flower-arrangement-in-vase.html','catalog/product/view/id/167',0,32,NULL,1,NULL),(77062,'product',167,'flowers/flower-arrangement-in-vase.html','catalog/product/view/id/167/category/219',0,32,NULL,1,'{\"category_id\":\"219\"}'),(77063,'product',167,'flower-arrangement-in-vase.html','catalog/product/view/id/167',0,34,NULL,1,NULL),(77064,'product',167,'flower-arrangement-in-vase.html','catalog/product/view/id/167',0,36,NULL,1,NULL),(77065,'product',167,'flower-arrangement-in-vase.html','catalog/product/view/id/167',0,37,NULL,1,NULL),(77066,'product',167,'flower-arrangement-in-vase.html','catalog/product/view/id/167',0,38,NULL,1,NULL),(77067,'product',167,'flower-arrangement-in-vase.html','catalog/product/view/id/167',0,16,NULL,1,NULL),(77068,'product',167,'flowers/flower-arrangement-in-vase.html','catalog/product/view/id/167/category/219',0,16,NULL,1,'{\"category_id\":\"219\"}'),(77069,'product',167,'flower-arrangement-in-vase.html','catalog/product/view/id/167',0,4,NULL,1,NULL),(77070,'product',167,'flowers/flower-arrangement-in-vase.html','catalog/product/view/id/167/category/219',0,4,NULL,1,'{\"category_id\":\"219\"}'),(77071,'product',167,'flower-arrangement-in-vase.html','catalog/product/view/id/167',0,6,NULL,1,NULL),(77072,'product',167,'flowers/flower-arrangement-in-vase.html','catalog/product/view/id/167/category/219',0,6,NULL,1,'{\"category_id\":\"219\"}'),(77073,'product',167,'flower-arrangement-in-vase.html','catalog/product/view/id/167',0,14,NULL,1,NULL),(77074,'product',167,'flowers/flower-arrangement-in-vase.html','catalog/product/view/id/167/category/219',0,14,NULL,1,'{\"category_id\":\"219\"}'),(77075,'product',167,'flower-arrangement-in-vase.html','catalog/product/view/id/167',0,8,NULL,1,NULL),(77076,'product',167,'flowers/flower-arrangement-in-vase.html','catalog/product/view/id/167/category/219',0,8,NULL,1,'{\"category_id\":\"219\"}'),(77077,'product',167,'flower-arrangement-in-vase.html','catalog/product/view/id/167',0,10,NULL,1,NULL),(77078,'product',167,'flowers/flower-arrangement-in-vase.html','catalog/product/view/id/167/category/219',0,10,NULL,1,'{\"category_id\":\"219\"}'),(77079,'product',167,'flower-arrangement-in-vase.html','catalog/product/view/id/167',0,12,NULL,1,NULL),(77080,'product',167,'flowers/flower-arrangement-in-vase.html','catalog/product/view/id/167/category/219',0,12,NULL,1,'{\"category_id\":\"219\"}'),(77081,'product',167,'flower-arrangement-in-vase.html','catalog/product/view/id/167',0,5,NULL,1,NULL),(77082,'product',167,'flowers/flower-arrangement-in-vase.html','catalog/product/view/id/167/category/219',0,5,NULL,1,'{\"category_id\":\"219\"}'),(77083,'product',167,'flower-arrangement-in-vase.html','catalog/product/view/id/167',0,7,NULL,1,NULL),(77084,'product',167,'flowers/flower-arrangement-in-vase.html','catalog/product/view/id/167/category/219',0,7,NULL,1,'{\"category_id\":\"219\"}'),(77085,'product',167,'flower-arrangement-in-vase.html','catalog/product/view/id/167',0,9,NULL,1,NULL),(77086,'product',167,'flowers/flower-arrangement-in-vase.html','catalog/product/view/id/167/category/219',0,9,NULL,1,'{\"category_id\":\"219\"}'),(77087,'product',167,'flower-arrangement-in-vase.html','catalog/product/view/id/167',0,11,NULL,1,NULL),(77088,'product',167,'flowers/flower-arrangement-in-vase.html','catalog/product/view/id/167/category/219',0,11,NULL,1,'{\"category_id\":\"219\"}'),(77089,'product',167,'flower-arrangement-in-vase.html','catalog/product/view/id/167',0,13,NULL,1,NULL),(77090,'product',167,'flowers/flower-arrangement-in-vase.html','catalog/product/view/id/167/category/219',0,13,NULL,1,'{\"category_id\":\"219\"}'),(77091,'product',167,'flower-arrangement-in-vase.html','catalog/product/view/id/167',0,15,NULL,1,NULL),(77092,'product',167,'flowers/flower-arrangement-in-vase.html','catalog/product/view/id/167/category/219',0,15,NULL,1,'{\"category_id\":\"219\"}'),(77093,'product',167,'flower-arrangement-in-vase.html','catalog/product/view/id/167',0,17,NULL,1,NULL),(77094,'product',167,'flowers/flower-arrangement-in-vase.html','catalog/product/view/id/167/category/219',0,17,NULL,1,'{\"category_id\":\"219\"}'),(77095,'product',167,'flower-arrangement-in-vase.html','catalog/product/view/id/167',0,28,NULL,1,NULL),(77096,'product',167,'flowers/flower-arrangement-in-vase.html','catalog/product/view/id/167/category/219',0,28,NULL,1,'{\"category_id\":\"219\"}'),(77097,'product',167,'flower-arrangement-in-vase.html','catalog/product/view/id/167',0,3,NULL,1,NULL),(77098,'product',167,'flowers/flower-arrangement-in-vase.html','catalog/product/view/id/167/category/219',0,3,NULL,1,'{\"category_id\":\"219\"}'),(77099,'product',163,'handtiebouquetinvase.html','catalog/product/view/id/163',0,18,NULL,1,NULL),(77100,'product',163,'flowers/handtiebouquetinvase.html','catalog/product/view/id/163/category/219',0,18,NULL,1,'{\"category_id\":\"219\"}'),(77101,'product',163,'handtiebouquetinvase.html','catalog/product/view/id/163',0,20,NULL,1,NULL),(77102,'product',163,'flowers/handtiebouquetinvase.html','catalog/product/view/id/163/category/219',0,20,NULL,1,'{\"category_id\":\"219\"}'),(77103,'product',163,'handtiebouquetinvase.html','catalog/product/view/id/163',0,21,NULL,1,NULL),(77104,'product',163,'flowers/handtiebouquetinvase.html','catalog/product/view/id/163/category/219',0,21,NULL,1,'{\"category_id\":\"219\"}'),(77105,'product',163,'handtiebouquetinvase.html','catalog/product/view/id/163',0,22,NULL,1,NULL),(77106,'product',163,'flowers/handtiebouquetinvase.html','catalog/product/view/id/163/category/219',0,22,NULL,1,'{\"category_id\":\"219\"}'),(77107,'product',163,'handtiebouquetinvase.html','catalog/product/view/id/163',0,23,NULL,1,NULL),(77108,'product',163,'flowers/handtiebouquetinvase.html','catalog/product/view/id/163/category/219',0,23,NULL,1,'{\"category_id\":\"219\"}'),(77109,'product',163,'handtiebouquetinvase.html','catalog/product/view/id/163',0,24,NULL,1,NULL),(77110,'product',163,'flowers/handtiebouquetinvase.html','catalog/product/view/id/163/category/219',0,24,NULL,1,'{\"category_id\":\"219\"}'),(77111,'product',163,'handtiebouquetinvase.html','catalog/product/view/id/163',0,25,NULL,1,NULL),(77112,'product',163,'flowers/handtiebouquetinvase.html','catalog/product/view/id/163/category/219',0,25,NULL,1,'{\"category_id\":\"219\"}'),(77113,'product',163,'handtiebouquetinvase.html','catalog/product/view/id/163',0,26,NULL,1,NULL),(77114,'product',163,'flowers/handtiebouquetinvase.html','catalog/product/view/id/163/category/219',0,26,NULL,1,'{\"category_id\":\"219\"}'),(77115,'product',163,'handtiebouquetinvase.html','catalog/product/view/id/163',0,29,NULL,1,NULL),(77116,'product',163,'flowers/handtiebouquetinvase.html','catalog/product/view/id/163/category/219',0,29,NULL,1,'{\"category_id\":\"219\"}'),(77117,'product',163,'handtiebouquetinvase.html','catalog/product/view/id/163',0,31,NULL,1,NULL),(77118,'product',163,'flowers/handtiebouquetinvase.html','catalog/product/view/id/163/category/219',0,31,NULL,1,'{\"category_id\":\"219\"}'),(77119,'product',163,'handtiebouquetinvase.html','catalog/product/view/id/163',0,33,NULL,1,NULL),(77120,'product',163,'flowers/handtiebouquetinvase.html','catalog/product/view/id/163/category/219',0,33,NULL,1,'{\"category_id\":\"219\"}'),(77121,'product',163,'handtiebouquetinvase.html','catalog/product/view/id/163',0,35,NULL,1,NULL),(77122,'product',163,'handtiebouquetinvase.html','catalog/product/view/id/163',0,39,NULL,1,NULL),(77123,'product',163,'handtiebouquetinvase.html','catalog/product/view/id/163',0,40,NULL,1,NULL),(77124,'product',163,'handtiebouquetinvase.html','catalog/product/view/id/163',0,41,NULL,1,NULL),(77125,'product',163,'handtiebouquetinvase.html','catalog/product/view/id/163',0,1,NULL,1,NULL),(77126,'product',163,'flowers/handtiebouquetinvase.html','catalog/product/view/id/163/category/219',0,1,NULL,1,'{\"category_id\":\"219\"}'),(77127,'product',163,'handtiebouquetinvase.html','catalog/product/view/id/163',0,27,NULL,1,NULL),(77128,'product',163,'flowers/handtiebouquetinvase.html','catalog/product/view/id/163/category/219',0,27,NULL,1,'{\"category_id\":\"219\"}'),(77129,'product',163,'handtiebouquetinvase.html','catalog/product/view/id/163',0,30,NULL,1,NULL),(77130,'product',163,'flowers/handtiebouquetinvase.html','catalog/product/view/id/163/category/219',0,30,NULL,1,'{\"category_id\":\"219\"}'),(77131,'product',163,'handtiebouquetinvase.html','catalog/product/view/id/163',0,32,NULL,1,NULL),(77132,'product',163,'flowers/handtiebouquetinvase.html','catalog/product/view/id/163/category/219',0,32,NULL,1,'{\"category_id\":\"219\"}'),(77133,'product',163,'handtiebouquetinvase.html','catalog/product/view/id/163',0,34,NULL,1,NULL),(77134,'product',163,'handtiebouquetinvase.html','catalog/product/view/id/163',0,36,NULL,1,NULL),(77135,'product',163,'handtiebouquetinvase.html','catalog/product/view/id/163',0,37,NULL,1,NULL),(77136,'product',163,'handtiebouquetinvase.html','catalog/product/view/id/163',0,38,NULL,1,NULL),(77137,'product',163,'handtiebouquetinvase.html','catalog/product/view/id/163',0,16,NULL,1,NULL),(77138,'product',163,'flowers/handtiebouquetinvase.html','catalog/product/view/id/163/category/219',0,16,NULL,1,'{\"category_id\":\"219\"}'),(77139,'product',163,'handtiebouquetinvase.html','catalog/product/view/id/163',0,4,NULL,1,NULL),(77140,'product',163,'flowers/handtiebouquetinvase.html','catalog/product/view/id/163/category/219',0,4,NULL,1,'{\"category_id\":\"219\"}'),(77141,'product',163,'handtiebouquetinvase.html','catalog/product/view/id/163',0,6,NULL,1,NULL),(77142,'product',163,'flowers/handtiebouquetinvase.html','catalog/product/view/id/163/category/219',0,6,NULL,1,'{\"category_id\":\"219\"}'),(77143,'product',163,'handtiebouquetinvase.html','catalog/product/view/id/163',0,14,NULL,1,NULL),(77144,'product',163,'flowers/handtiebouquetinvase.html','catalog/product/view/id/163/category/219',0,14,NULL,1,'{\"category_id\":\"219\"}'),(77145,'product',163,'handtiebouquetinvase.html','catalog/product/view/id/163',0,8,NULL,1,NULL),(77146,'product',163,'flowers/handtiebouquetinvase.html','catalog/product/view/id/163/category/219',0,8,NULL,1,'{\"category_id\":\"219\"}'),(77147,'product',163,'handtiebouquetinvase.html','catalog/product/view/id/163',0,10,NULL,1,NULL),(77148,'product',163,'flowers/handtiebouquetinvase.html','catalog/product/view/id/163/category/219',0,10,NULL,1,'{\"category_id\":\"219\"}'),(77149,'product',163,'handtiebouquetinvase.html','catalog/product/view/id/163',0,12,NULL,1,NULL),(77150,'product',163,'flowers/handtiebouquetinvase.html','catalog/product/view/id/163/category/219',0,12,NULL,1,'{\"category_id\":\"219\"}'),(77151,'product',163,'handtiebouquetinvase.html','catalog/product/view/id/163',0,5,NULL,1,NULL),(77152,'product',163,'flowers/handtiebouquetinvase.html','catalog/product/view/id/163/category/219',0,5,NULL,1,'{\"category_id\":\"219\"}'),(77153,'product',163,'handtiebouquetinvase.html','catalog/product/view/id/163',0,7,NULL,1,NULL),(77154,'product',163,'flowers/handtiebouquetinvase.html','catalog/product/view/id/163/category/219',0,7,NULL,1,'{\"category_id\":\"219\"}'),(77155,'product',163,'handtiebouquetinvase.html','catalog/product/view/id/163',0,9,NULL,1,NULL),(77156,'product',163,'flowers/handtiebouquetinvase.html','catalog/product/view/id/163/category/219',0,9,NULL,1,'{\"category_id\":\"219\"}'),(77157,'product',163,'handtiebouquetinvase.html','catalog/product/view/id/163',0,11,NULL,1,NULL),(77158,'product',163,'flowers/handtiebouquetinvase.html','catalog/product/view/id/163/category/219',0,11,NULL,1,'{\"category_id\":\"219\"}'),(77159,'product',163,'handtiebouquetinvase.html','catalog/product/view/id/163',0,13,NULL,1,NULL),(77160,'product',163,'flowers/handtiebouquetinvase.html','catalog/product/view/id/163/category/219',0,13,NULL,1,'{\"category_id\":\"219\"}'),(77161,'product',163,'handtiebouquetinvase.html','catalog/product/view/id/163',0,15,NULL,1,NULL),(77162,'product',163,'flowers/handtiebouquetinvase.html','catalog/product/view/id/163/category/219',0,15,NULL,1,'{\"category_id\":\"219\"}'),(77163,'product',163,'handtiebouquetinvase.html','catalog/product/view/id/163',0,17,NULL,1,NULL),(77164,'product',163,'flowers/handtiebouquetinvase.html','catalog/product/view/id/163/category/219',0,17,NULL,1,'{\"category_id\":\"219\"}'),(77165,'product',163,'handtiebouquetinvase.html','catalog/product/view/id/163',0,28,NULL,1,NULL),(77166,'product',163,'flowers/handtiebouquetinvase.html','catalog/product/view/id/163/category/219',0,28,NULL,1,'{\"category_id\":\"219\"}'),(77167,'product',163,'handtiebouquetinvase.html','catalog/product/view/id/163',0,3,NULL,1,NULL),(77168,'product',163,'flowers/handtiebouquetinvase.html','catalog/product/view/id/163/category/219',0,3,NULL,1,'{\"category_id\":\"219\"}'),(77169,'product',159,'handtiebouquetinbag.html','catalog/product/view/id/159',0,18,NULL,1,NULL),(77170,'product',159,'flowers/handtiebouquetinbag.html','catalog/product/view/id/159/category/219',0,18,NULL,1,'{\"category_id\":\"219\"}'),(77171,'product',159,'handtiebouquetinbag.html','catalog/product/view/id/159',0,20,NULL,1,NULL),(77172,'product',159,'flowers/handtiebouquetinbag.html','catalog/product/view/id/159/category/219',0,20,NULL,1,'{\"category_id\":\"219\"}'),(77173,'product',159,'handtiebouquetinbag.html','catalog/product/view/id/159',0,21,NULL,1,NULL),(77174,'product',159,'flowers/handtiebouquetinbag.html','catalog/product/view/id/159/category/219',0,21,NULL,1,'{\"category_id\":\"219\"}'),(77175,'product',159,'handtiebouquetinbag.html','catalog/product/view/id/159',0,22,NULL,1,NULL),(77176,'product',159,'flowers/handtiebouquetinbag.html','catalog/product/view/id/159/category/219',0,22,NULL,1,'{\"category_id\":\"219\"}'),(77177,'product',159,'handtiebouquetinbag.html','catalog/product/view/id/159',0,23,NULL,1,NULL),(77178,'product',159,'flowers/handtiebouquetinbag.html','catalog/product/view/id/159/category/219',0,23,NULL,1,'{\"category_id\":\"219\"}'),(77179,'product',159,'handtiebouquetinbag.html','catalog/product/view/id/159',0,24,NULL,1,NULL),(77180,'product',159,'flowers/handtiebouquetinbag.html','catalog/product/view/id/159/category/219',0,24,NULL,1,'{\"category_id\":\"219\"}'),(77181,'product',159,'handtiebouquetinbag.html','catalog/product/view/id/159',0,25,NULL,1,NULL),(77182,'product',159,'flowers/handtiebouquetinbag.html','catalog/product/view/id/159/category/219',0,25,NULL,1,'{\"category_id\":\"219\"}'),(77183,'product',159,'handtiebouquetinbag.html','catalog/product/view/id/159',0,26,NULL,1,NULL),(77184,'product',159,'flowers/handtiebouquetinbag.html','catalog/product/view/id/159/category/219',0,26,NULL,1,'{\"category_id\":\"219\"}'),(77185,'product',159,'handtiebouquetinbag.html','catalog/product/view/id/159',0,29,NULL,1,NULL),(77186,'product',159,'flowers/handtiebouquetinbag.html','catalog/product/view/id/159/category/219',0,29,NULL,1,'{\"category_id\":\"219\"}'),(77187,'product',159,'handtiebouquetinbag.html','catalog/product/view/id/159',0,31,NULL,1,NULL),(77188,'product',159,'flowers/handtiebouquetinbag.html','catalog/product/view/id/159/category/219',0,31,NULL,1,'{\"category_id\":\"219\"}'),(77189,'product',159,'handtiebouquetinbag.html','catalog/product/view/id/159',0,33,NULL,1,NULL),(77190,'product',159,'flowers/handtiebouquetinbag.html','catalog/product/view/id/159/category/219',0,33,NULL,1,'{\"category_id\":\"219\"}'),(77191,'product',159,'handtiebouquetinbag.html','catalog/product/view/id/159',0,35,NULL,1,NULL),(77192,'product',159,'handtiebouquetinbag.html','catalog/product/view/id/159',0,39,NULL,1,NULL),(77193,'product',159,'handtiebouquetinbag.html','catalog/product/view/id/159',0,40,NULL,1,NULL),(77194,'product',159,'handtiebouquetinbag.html','catalog/product/view/id/159',0,41,NULL,1,NULL),(77195,'product',159,'handtiebouquetinbag.html','catalog/product/view/id/159',0,1,NULL,1,NULL),(77196,'product',159,'flowers/handtiebouquetinbag.html','catalog/product/view/id/159/category/219',0,1,NULL,1,'{\"category_id\":\"219\"}'),(77197,'product',159,'handtiebouquetinbag.html','catalog/product/view/id/159',0,27,NULL,1,NULL),(77198,'product',159,'flowers/handtiebouquetinbag.html','catalog/product/view/id/159/category/219',0,27,NULL,1,'{\"category_id\":\"219\"}'),(77199,'product',159,'handtiebouquetinbag.html','catalog/product/view/id/159',0,30,NULL,1,NULL),(77200,'product',159,'flowers/handtiebouquetinbag.html','catalog/product/view/id/159/category/219',0,30,NULL,1,'{\"category_id\":\"219\"}'),(77201,'product',159,'handtiebouquetinbag.html','catalog/product/view/id/159',0,32,NULL,1,NULL),(77202,'product',159,'flowers/handtiebouquetinbag.html','catalog/product/view/id/159/category/219',0,32,NULL,1,'{\"category_id\":\"219\"}'),(77203,'product',159,'handtiebouquetinbag.html','catalog/product/view/id/159',0,34,NULL,1,NULL),(77204,'product',159,'handtiebouquetinbag.html','catalog/product/view/id/159',0,36,NULL,1,NULL),(77205,'product',159,'handtiebouquetinbag.html','catalog/product/view/id/159',0,37,NULL,1,NULL),(77206,'product',159,'handtiebouquetinbag.html','catalog/product/view/id/159',0,38,NULL,1,NULL),(77207,'product',159,'handtiebouquetinbag.html','catalog/product/view/id/159',0,16,NULL,1,NULL),(77208,'product',159,'flowers/handtiebouquetinbag.html','catalog/product/view/id/159/category/219',0,16,NULL,1,'{\"category_id\":\"219\"}'),(77209,'product',159,'handtiebouquetinbag.html','catalog/product/view/id/159',0,4,NULL,1,NULL),(77210,'product',159,'flowers/handtiebouquetinbag.html','catalog/product/view/id/159/category/219',0,4,NULL,1,'{\"category_id\":\"219\"}'),(77211,'product',159,'handtiebouquetinbag.html','catalog/product/view/id/159',0,6,NULL,1,NULL),(77212,'product',159,'flowers/handtiebouquetinbag.html','catalog/product/view/id/159/category/219',0,6,NULL,1,'{\"category_id\":\"219\"}'),(77213,'product',159,'handtiebouquetinbag.html','catalog/product/view/id/159',0,14,NULL,1,NULL),(77214,'product',159,'flowers/handtiebouquetinbag.html','catalog/product/view/id/159/category/219',0,14,NULL,1,'{\"category_id\":\"219\"}'),(77215,'product',159,'handtiebouquetinbag.html','catalog/product/view/id/159',0,8,NULL,1,NULL),(77216,'product',159,'flowers/handtiebouquetinbag.html','catalog/product/view/id/159/category/219',0,8,NULL,1,'{\"category_id\":\"219\"}'),(77217,'product',159,'handtiebouquetinbag.html','catalog/product/view/id/159',0,10,NULL,1,NULL),(77218,'product',159,'flowers/handtiebouquetinbag.html','catalog/product/view/id/159/category/219',0,10,NULL,1,'{\"category_id\":\"219\"}'),(77219,'product',159,'handtiebouquetinbag.html','catalog/product/view/id/159',0,12,NULL,1,NULL),(77220,'product',159,'flowers/handtiebouquetinbag.html','catalog/product/view/id/159/category/219',0,12,NULL,1,'{\"category_id\":\"219\"}'),(77221,'product',159,'handtiebouquetinbag.html','catalog/product/view/id/159',0,5,NULL,1,NULL),(77222,'product',159,'flowers/handtiebouquetinbag.html','catalog/product/view/id/159/category/219',0,5,NULL,1,'{\"category_id\":\"219\"}'),(77223,'product',159,'handtiebouquetinbag.html','catalog/product/view/id/159',0,7,NULL,1,NULL),(77224,'product',159,'flowers/handtiebouquetinbag.html','catalog/product/view/id/159/category/219',0,7,NULL,1,'{\"category_id\":\"219\"}'),(77225,'product',159,'handtiebouquetinbag.html','catalog/product/view/id/159',0,9,NULL,1,NULL),(77226,'product',159,'flowers/handtiebouquetinbag.html','catalog/product/view/id/159/category/219',0,9,NULL,1,'{\"category_id\":\"219\"}'),(77227,'product',159,'handtiebouquetinbag.html','catalog/product/view/id/159',0,11,NULL,1,NULL),(77228,'product',159,'flowers/handtiebouquetinbag.html','catalog/product/view/id/159/category/219',0,11,NULL,1,'{\"category_id\":\"219\"}'),(77229,'product',159,'handtiebouquetinbag.html','catalog/product/view/id/159',0,13,NULL,1,NULL),(77230,'product',159,'flowers/handtiebouquetinbag.html','catalog/product/view/id/159/category/219',0,13,NULL,1,'{\"category_id\":\"219\"}'),(77231,'product',159,'handtiebouquetinbag.html','catalog/product/view/id/159',0,15,NULL,1,NULL),(77232,'product',159,'flowers/handtiebouquetinbag.html','catalog/product/view/id/159/category/219',0,15,NULL,1,'{\"category_id\":\"219\"}'),(77233,'product',159,'handtiebouquetinbag.html','catalog/product/view/id/159',0,17,NULL,1,NULL),(77234,'product',159,'flowers/handtiebouquetinbag.html','catalog/product/view/id/159/category/219',0,17,NULL,1,'{\"category_id\":\"219\"}'),(77235,'product',159,'handtiebouquetinbag.html','catalog/product/view/id/159',0,28,NULL,1,NULL),(77236,'product',159,'flowers/handtiebouquetinbag.html','catalog/product/view/id/159/category/219',0,28,NULL,1,'{\"category_id\":\"219\"}'),(77237,'product',159,'handtiebouquetinbag.html','catalog/product/view/id/159',0,3,NULL,1,NULL),(77238,'product',159,'flowers/handtiebouquetinbag.html','catalog/product/view/id/159/category/219',0,3,NULL,1,'{\"category_id\":\"219\"}'),(77239,'product',171,'phalaenopsis-plant-arrangement-in-vase.html','catalog/product/view/id/171',0,18,NULL,1,NULL),(77240,'product',171,'flowers/phalaenopsis-plant-arrangement-in-vase.html','catalog/product/view/id/171/category/219',0,18,NULL,1,'{\"category_id\":\"219\"}'),(77241,'product',171,'phalaenopsis-plant-arrangement-in-vase.html','catalog/product/view/id/171',0,20,NULL,1,NULL),(77242,'product',171,'flowers/phalaenopsis-plant-arrangement-in-vase.html','catalog/product/view/id/171/category/219',0,20,NULL,1,'{\"category_id\":\"219\"}'),(77243,'product',171,'phalaenopsis-plant-arrangement-in-vase.html','catalog/product/view/id/171',0,21,NULL,1,NULL),(77244,'product',171,'flowers/phalaenopsis-plant-arrangement-in-vase.html','catalog/product/view/id/171/category/219',0,21,NULL,1,'{\"category_id\":\"219\"}'),(77245,'product',171,'phalaenopsis-plant-arrangement-in-vase.html','catalog/product/view/id/171',0,22,NULL,1,NULL),(77246,'product',171,'flowers/phalaenopsis-plant-arrangement-in-vase.html','catalog/product/view/id/171/category/219',0,22,NULL,1,'{\"category_id\":\"219\"}'),(77247,'product',171,'phalaenopsis-plant-arrangement-in-vase.html','catalog/product/view/id/171',0,23,NULL,1,NULL),(77248,'product',171,'flowers/phalaenopsis-plant-arrangement-in-vase.html','catalog/product/view/id/171/category/219',0,23,NULL,1,'{\"category_id\":\"219\"}'),(77249,'product',171,'phalaenopsis-plant-arrangement-in-vase.html','catalog/product/view/id/171',0,24,NULL,1,NULL),(77250,'product',171,'flowers/phalaenopsis-plant-arrangement-in-vase.html','catalog/product/view/id/171/category/219',0,24,NULL,1,'{\"category_id\":\"219\"}'),(77251,'product',171,'phalaenopsis-plant-arrangement-in-vase.html','catalog/product/view/id/171',0,25,NULL,1,NULL),(77252,'product',171,'flowers/phalaenopsis-plant-arrangement-in-vase.html','catalog/product/view/id/171/category/219',0,25,NULL,1,'{\"category_id\":\"219\"}'),(77253,'product',171,'phalaenopsis-plant-arrangement-in-vase.html','catalog/product/view/id/171',0,26,NULL,1,NULL),(77254,'product',171,'flowers/phalaenopsis-plant-arrangement-in-vase.html','catalog/product/view/id/171/category/219',0,26,NULL,1,'{\"category_id\":\"219\"}'),(77255,'product',171,'phalaenopsis-plant-arrangement-in-vase.html','catalog/product/view/id/171',0,29,NULL,1,NULL),(77256,'product',171,'flowers/phalaenopsis-plant-arrangement-in-vase.html','catalog/product/view/id/171/category/219',0,29,NULL,1,'{\"category_id\":\"219\"}'),(77257,'product',171,'phalaenopsis-plant-arrangement-in-vase.html','catalog/product/view/id/171',0,31,NULL,1,NULL),(77258,'product',171,'flowers/phalaenopsis-plant-arrangement-in-vase.html','catalog/product/view/id/171/category/219',0,31,NULL,1,'{\"category_id\":\"219\"}'),(77259,'product',171,'phalaenopsis-plant-arrangement-in-vase.html','catalog/product/view/id/171',0,33,NULL,1,NULL),(77260,'product',171,'flowers/phalaenopsis-plant-arrangement-in-vase.html','catalog/product/view/id/171/category/219',0,33,NULL,1,'{\"category_id\":\"219\"}'),(77261,'product',171,'phalaenopsis-plant-arrangement-in-vase.html','catalog/product/view/id/171',0,35,NULL,1,NULL),(77262,'product',171,'phalaenopsis-plant-arrangement-in-vase.html','catalog/product/view/id/171',0,39,NULL,1,NULL),(77263,'product',171,'phalaenopsis-plant-arrangement-in-vase.html','catalog/product/view/id/171',0,40,NULL,1,NULL),(77264,'product',171,'phalaenopsis-plant-arrangement-in-vase.html','catalog/product/view/id/171',0,41,NULL,1,NULL),(77265,'product',171,'phalaenopsis-plant-arrangement-in-vase.html','catalog/product/view/id/171',0,1,NULL,1,NULL),(77266,'product',171,'flowers/phalaenopsis-plant-arrangement-in-vase.html','catalog/product/view/id/171/category/219',0,1,NULL,1,'{\"category_id\":\"219\"}'),(77267,'product',171,'phalaenopsis-plant-arrangement-in-vase.html','catalog/product/view/id/171',0,27,NULL,1,NULL),(77268,'product',171,'flowers/phalaenopsis-plant-arrangement-in-vase.html','catalog/product/view/id/171/category/219',0,27,NULL,1,'{\"category_id\":\"219\"}'),(77269,'product',171,'phalaenopsis-plant-arrangement-in-vase.html','catalog/product/view/id/171',0,30,NULL,1,NULL),(77270,'product',171,'flowers/phalaenopsis-plant-arrangement-in-vase.html','catalog/product/view/id/171/category/219',0,30,NULL,1,'{\"category_id\":\"219\"}'),(77271,'product',171,'phalaenopsis-plant-arrangement-in-vase.html','catalog/product/view/id/171',0,32,NULL,1,NULL),(77272,'product',171,'flowers/phalaenopsis-plant-arrangement-in-vase.html','catalog/product/view/id/171/category/219',0,32,NULL,1,'{\"category_id\":\"219\"}'),(77273,'product',171,'phalaenopsis-plant-arrangement-in-vase.html','catalog/product/view/id/171',0,34,NULL,1,NULL),(77274,'product',171,'phalaenopsis-plant-arrangement-in-vase.html','catalog/product/view/id/171',0,36,NULL,1,NULL),(77275,'product',171,'phalaenopsis-plant-arrangement-in-vase.html','catalog/product/view/id/171',0,37,NULL,1,NULL),(77276,'product',171,'phalaenopsis-plant-arrangement-in-vase.html','catalog/product/view/id/171',0,38,NULL,1,NULL),(77277,'product',171,'phalaenopsis-plant-arrangement-in-vase.html','catalog/product/view/id/171',0,16,NULL,1,NULL),(77278,'product',171,'flowers/phalaenopsis-plant-arrangement-in-vase.html','catalog/product/view/id/171/category/219',0,16,NULL,1,'{\"category_id\":\"219\"}'),(77279,'product',171,'phalaenopsis-plant-arrangement-in-vase.html','catalog/product/view/id/171',0,4,NULL,1,NULL),(77280,'product',171,'flowers/phalaenopsis-plant-arrangement-in-vase.html','catalog/product/view/id/171/category/219',0,4,NULL,1,'{\"category_id\":\"219\"}'),(77281,'product',171,'phalaenopsis-plant-arrangement-in-vase.html','catalog/product/view/id/171',0,6,NULL,1,NULL),(77282,'product',171,'flowers/phalaenopsis-plant-arrangement-in-vase.html','catalog/product/view/id/171/category/219',0,6,NULL,1,'{\"category_id\":\"219\"}'),(77283,'product',171,'phalaenopsis-plant-arrangement-in-vase.html','catalog/product/view/id/171',0,14,NULL,1,NULL),(77284,'product',171,'flowers/phalaenopsis-plant-arrangement-in-vase.html','catalog/product/view/id/171/category/219',0,14,NULL,1,'{\"category_id\":\"219\"}'),(77285,'product',171,'phalaenopsis-plant-arrangement-in-vase.html','catalog/product/view/id/171',0,8,NULL,1,NULL),(77286,'product',171,'flowers/phalaenopsis-plant-arrangement-in-vase.html','catalog/product/view/id/171/category/219',0,8,NULL,1,'{\"category_id\":\"219\"}'),(77287,'product',171,'phalaenopsis-plant-arrangement-in-vase.html','catalog/product/view/id/171',0,10,NULL,1,NULL),(77288,'product',171,'flowers/phalaenopsis-plant-arrangement-in-vase.html','catalog/product/view/id/171/category/219',0,10,NULL,1,'{\"category_id\":\"219\"}'),(77289,'product',171,'phalaenopsis-plant-arrangement-in-vase.html','catalog/product/view/id/171',0,12,NULL,1,NULL),(77290,'product',171,'flowers/phalaenopsis-plant-arrangement-in-vase.html','catalog/product/view/id/171/category/219',0,12,NULL,1,'{\"category_id\":\"219\"}'),(77291,'product',171,'phalaenopsis-plant-arrangement-in-vase.html','catalog/product/view/id/171',0,5,NULL,1,NULL),(77292,'product',171,'flowers/phalaenopsis-plant-arrangement-in-vase.html','catalog/product/view/id/171/category/219',0,5,NULL,1,'{\"category_id\":\"219\"}'),(77293,'product',171,'phalaenopsis-plant-arrangement-in-vase.html','catalog/product/view/id/171',0,7,NULL,1,NULL),(77294,'product',171,'flowers/phalaenopsis-plant-arrangement-in-vase.html','catalog/product/view/id/171/category/219',0,7,NULL,1,'{\"category_id\":\"219\"}'),(77295,'product',171,'phalaenopsis-plant-arrangement-in-vase.html','catalog/product/view/id/171',0,9,NULL,1,NULL),(77296,'product',171,'flowers/phalaenopsis-plant-arrangement-in-vase.html','catalog/product/view/id/171/category/219',0,9,NULL,1,'{\"category_id\":\"219\"}'),(77297,'product',171,'phalaenopsis-plant-arrangement-in-vase.html','catalog/product/view/id/171',0,11,NULL,1,NULL),(77298,'product',171,'flowers/phalaenopsis-plant-arrangement-in-vase.html','catalog/product/view/id/171/category/219',0,11,NULL,1,'{\"category_id\":\"219\"}'),(77299,'product',171,'phalaenopsis-plant-arrangement-in-vase.html','catalog/product/view/id/171',0,13,NULL,1,NULL),(77300,'product',171,'flowers/phalaenopsis-plant-arrangement-in-vase.html','catalog/product/view/id/171/category/219',0,13,NULL,1,'{\"category_id\":\"219\"}'),(77301,'product',171,'phalaenopsis-plant-arrangement-in-vase.html','catalog/product/view/id/171',0,15,NULL,1,NULL),(77302,'product',171,'flowers/phalaenopsis-plant-arrangement-in-vase.html','catalog/product/view/id/171/category/219',0,15,NULL,1,'{\"category_id\":\"219\"}'),(77303,'product',171,'phalaenopsis-plant-arrangement-in-vase.html','catalog/product/view/id/171',0,17,NULL,1,NULL),(77304,'product',171,'flowers/phalaenopsis-plant-arrangement-in-vase.html','catalog/product/view/id/171/category/219',0,17,NULL,1,'{\"category_id\":\"219\"}'),(77305,'product',171,'phalaenopsis-plant-arrangement-in-vase.html','catalog/product/view/id/171',0,28,NULL,1,NULL),(77306,'product',171,'flowers/phalaenopsis-plant-arrangement-in-vase.html','catalog/product/view/id/171/category/219',0,28,NULL,1,'{\"category_id\":\"219\"}'),(77307,'product',171,'phalaenopsis-plant-arrangement-in-vase.html','catalog/product/view/id/171',0,3,NULL,1,NULL),(77308,'product',171,'flowers/phalaenopsis-plant-arrangement-in-vase.html','catalog/product/view/id/171/category/219',0,3,NULL,1,'{\"category_id\":\"219\"}'),(77309,'cms-page',21,'orchidaceae-ar','cms/page/view/page_id/21',0,18,NULL,1,NULL),(77312,'cms-page',2,'demo1','cms/page/view/page_id/2',0,1,NULL,1,NULL),(77313,'cms-page',2,'demo1','cms/page/view/page_id/2',0,3,NULL,1,NULL),(77314,'cms-page',2,'demo1','cms/page/view/page_id/2',0,18,NULL,1,NULL),(77315,'category',220,'plant-arrangements.html','catalog/category/view/id/220',0,21,NULL,1,NULL),(77316,'category',220,'plant-arrangements.html','catalog/category/view/id/220',0,23,NULL,1,NULL),(77317,'category',220,'plant-arrangements.html','catalog/category/view/id/220',0,25,NULL,1,NULL),(77318,'category',220,'plant-arrangements.html','catalog/category/view/id/220',0,22,NULL,1,NULL),(77319,'category',220,'plant-arrangements.html','catalog/category/view/id/220',0,20,NULL,1,NULL),(77320,'category',220,'plant-arrangements.html','catalog/category/view/id/220',0,18,NULL,1,NULL),(77321,'category',220,'plant-arrangements.html','catalog/category/view/id/220',0,26,NULL,1,NULL),(77322,'category',220,'plant-arrangements.html','catalog/category/view/id/220',0,33,NULL,1,NULL),(77323,'category',220,'plant-arrangements.html','catalog/category/view/id/220',0,31,NULL,1,NULL),(77324,'category',220,'plant-arrangements.html','catalog/category/view/id/220',0,24,NULL,1,NULL),(77325,'category',220,'plant-arrangements.html','catalog/category/view/id/220',0,29,NULL,1,NULL),(77326,'category',220,'plant-arrangements.html','catalog/category/view/id/220',0,1,NULL,1,NULL),(77327,'category',220,'plant-arrangements.html','catalog/category/view/id/220',0,27,NULL,1,NULL),(77328,'category',220,'plant-arrangements.html','catalog/category/view/id/220',0,30,NULL,1,NULL),(77329,'category',220,'plant-arrangements.html','catalog/category/view/id/220',0,32,NULL,1,NULL),(77330,'category',220,'plant-arrangements.html','catalog/category/view/id/220',0,16,NULL,1,NULL),(77331,'category',220,'plant-arrangements.html','catalog/category/view/id/220',0,4,NULL,1,NULL),(77332,'category',220,'plant-arrangements.html','catalog/category/view/id/220',0,6,NULL,1,NULL),(77333,'category',220,'plant-arrangements.html','catalog/category/view/id/220',0,14,NULL,1,NULL),(77334,'category',220,'plant-arrangements.html','catalog/category/view/id/220',0,8,NULL,1,NULL),(77335,'category',220,'plant-arrangements.html','catalog/category/view/id/220',0,10,NULL,1,NULL),(77336,'category',220,'plant-arrangements.html','catalog/category/view/id/220',0,12,NULL,1,NULL),(77337,'category',220,'plant-arrangements.html','catalog/category/view/id/220',0,7,NULL,1,NULL),(77338,'category',220,'plant-arrangements.html','catalog/category/view/id/220',0,17,NULL,1,NULL),(77339,'category',220,'plant-arrangements.html','catalog/category/view/id/220',0,13,NULL,1,NULL),(77340,'category',220,'plant-arrangements.html','catalog/category/view/id/220',0,9,NULL,1,NULL),(77341,'category',220,'plant-arrangements.html','catalog/category/view/id/220',0,28,NULL,1,NULL),(77342,'category',220,'plant-arrangements.html','catalog/category/view/id/220',0,5,NULL,1,NULL),(77343,'category',220,'plant-arrangements.html','catalog/category/view/id/220',0,15,NULL,1,NULL),(77344,'category',220,'plant-arrangements.html','catalog/category/view/id/220',0,11,NULL,1,NULL),(77345,'category',220,'plant-arrangements.html','catalog/category/view/id/220',0,3,NULL,1,NULL),(77408,'category',218,'bouquets.html','catalog/category/view/id/218',0,25,NULL,1,NULL),(77409,'category',218,'cakes.html','bouquets.html',301,25,NULL,0,NULL),(77410,'category',218,'bouquets.html','catalog/category/view/id/218',0,22,NULL,1,NULL),(77411,'category',218,'cakes.html','bouquets.html',301,22,NULL,0,NULL),(77412,'category',218,'bouquets.html','catalog/category/view/id/218',0,20,NULL,1,NULL),(77413,'category',218,'cakes.html','bouquets.html',301,20,NULL,0,NULL),(77414,'category',218,'bouquets.html','catalog/category/view/id/218',0,18,NULL,1,NULL),(77415,'category',218,'cakes.html','bouquets.html',301,18,NULL,0,NULL),(77416,'category',218,'bouquets.html','catalog/category/view/id/218',0,26,NULL,1,NULL),(77417,'category',218,'cakes.html','bouquets.html',301,26,NULL,0,NULL),(77418,'category',218,'bouquets.html','catalog/category/view/id/218',0,33,NULL,1,NULL),(77419,'category',218,'cakes.html','bouquets.html',301,33,NULL,0,NULL),(77420,'category',218,'bouquets.html','catalog/category/view/id/218',0,31,NULL,1,NULL),(77421,'category',218,'cakes.html','bouquets.html',301,31,NULL,0,NULL),(77422,'category',218,'bouquets.html','catalog/category/view/id/218',0,24,NULL,1,NULL),(77423,'category',218,'cakes.html','bouquets.html',301,24,NULL,0,NULL),(77424,'category',218,'bouquets.html','catalog/category/view/id/218',0,29,NULL,1,NULL),(77425,'category',218,'cakes.html','bouquets.html',301,29,NULL,0,NULL),(77426,'category',218,'bouquets.html','catalog/category/view/id/218',0,21,NULL,1,NULL),(77427,'category',218,'cakes.html','bouquets.html',301,21,NULL,0,NULL),(77428,'category',218,'bouquets.html','catalog/category/view/id/218',0,23,NULL,1,NULL),(77429,'category',218,'cakes.html','bouquets.html',301,23,NULL,0,NULL),(77430,'category',218,'bouquets.html','catalog/category/view/id/218',0,1,NULL,1,NULL),(77431,'category',218,'cakes.html','bouquets.html',301,1,NULL,0,NULL),(77432,'category',218,'bouquets.html','catalog/category/view/id/218',0,27,NULL,1,NULL),(77433,'category',218,'cakes.html','bouquets.html',301,27,NULL,0,NULL),(77434,'category',218,'bouquets.html','catalog/category/view/id/218',0,30,NULL,1,NULL),(77435,'category',218,'cakes.html','bouquets.html',301,30,NULL,0,NULL),(77436,'category',218,'bouquets.html','catalog/category/view/id/218',0,32,NULL,1,NULL),(77437,'category',218,'cakes.html','bouquets.html',301,32,NULL,0,NULL),(77438,'category',218,'bouquets.html','catalog/category/view/id/218',0,16,NULL,1,NULL),(77439,'category',218,'cakes.html','bouquets.html',301,16,NULL,0,NULL),(77440,'category',218,'bouquets.html','catalog/category/view/id/218',0,4,NULL,1,NULL),(77441,'category',218,'cakes.html','bouquets.html',301,4,NULL,0,NULL),(77442,'category',218,'bouquets.html','catalog/category/view/id/218',0,6,NULL,1,NULL),(77443,'category',218,'cakes.html','bouquets.html',301,6,NULL,0,NULL),(77444,'category',218,'bouquets.html','catalog/category/view/id/218',0,14,NULL,1,NULL),(77445,'category',218,'cakes.html','bouquets.html',301,14,NULL,0,NULL),(77446,'category',218,'bouquets.html','catalog/category/view/id/218',0,8,NULL,1,NULL),(77447,'category',218,'cakes.html','bouquets.html',301,8,NULL,0,NULL),(77448,'category',218,'bouquets.html','catalog/category/view/id/218',0,10,NULL,1,NULL),(77449,'category',218,'cakes.html','bouquets.html',301,10,NULL,0,NULL),(77450,'category',218,'bouquets.html','catalog/category/view/id/218',0,12,NULL,1,NULL),(77451,'category',218,'cakes.html','bouquets.html',301,12,NULL,0,NULL),(77452,'category',218,'bouquets.html','catalog/category/view/id/218',0,9,NULL,1,NULL),(77453,'category',218,'cakes.html','bouquets.html',301,9,NULL,0,NULL),(77454,'category',218,'bouquets.html','catalog/category/view/id/218',0,28,NULL,1,NULL),(77455,'category',218,'cakes.html','bouquets.html',301,28,NULL,0,NULL),(77456,'category',218,'bouquets.html','catalog/category/view/id/218',0,5,NULL,1,NULL),(77457,'category',218,'cakes.html','bouquets.html',301,5,NULL,0,NULL),(77458,'category',218,'bouquets.html','catalog/category/view/id/218',0,15,NULL,1,NULL),(77459,'category',218,'cakes.html','bouquets.html',301,15,NULL,0,NULL),(77460,'category',218,'bouquets.html','catalog/category/view/id/218',0,11,NULL,1,NULL),(77461,'category',218,'cakes.html','bouquets.html',301,11,NULL,0,NULL),(77462,'category',218,'bouquets.html','catalog/category/view/id/218',0,7,NULL,1,NULL),(77463,'category',218,'cakes.html','bouquets.html',301,7,NULL,0,NULL),(77464,'category',218,'bouquets.html','catalog/category/view/id/218',0,17,NULL,1,NULL),(77465,'category',218,'cakes.html','bouquets.html',301,17,NULL,0,NULL),(77466,'category',218,'bouquets.html','catalog/category/view/id/218',0,13,NULL,1,NULL),(77467,'category',218,'cakes.html','bouquets.html',301,13,NULL,0,NULL),(77468,'category',218,'bouquets.html','catalog/category/view/id/218',0,3,NULL,1,NULL),(77469,'category',218,'cakes.html','bouquets.html',301,3,NULL,0,NULL),(77470,'category',217,'floral.html','catalog/category/view/id/217',0,18,NULL,1,NULL),(77471,'category',217,'packages.html','floral.html',301,18,NULL,0,NULL),(77472,'category',217,'floral.html','catalog/category/view/id/217',0,26,NULL,1,NULL),(77473,'category',217,'packages.html','floral.html',301,26,NULL,0,NULL),(77474,'category',217,'floral.html','catalog/category/view/id/217',0,33,NULL,1,NULL),(77475,'category',217,'packages.html','floral.html',301,33,NULL,0,NULL),(77476,'category',217,'floral.html','catalog/category/view/id/217',0,31,NULL,1,NULL),(77477,'category',217,'packages.html','floral.html',301,31,NULL,0,NULL),(77478,'category',217,'floral.html','catalog/category/view/id/217',0,24,NULL,1,NULL),(77479,'category',217,'packages.html','floral.html',301,24,NULL,0,NULL),(77480,'category',217,'floral.html','catalog/category/view/id/217',0,29,NULL,1,NULL),(77481,'category',217,'packages.html','floral.html',301,29,NULL,0,NULL),(77482,'category',217,'floral.html','catalog/category/view/id/217',0,21,NULL,1,NULL),(77483,'category',217,'packages.html','floral.html',301,21,NULL,0,NULL),(77484,'category',217,'floral.html','catalog/category/view/id/217',0,23,NULL,1,NULL),(77485,'category',217,'packages.html','floral.html',301,23,NULL,0,NULL),(77486,'category',217,'floral.html','catalog/category/view/id/217',0,25,NULL,1,NULL),(77487,'category',217,'packages.html','floral.html',301,25,NULL,0,NULL),(77488,'category',217,'floral.html','catalog/category/view/id/217',0,22,NULL,1,NULL),(77489,'category',217,'packages.html','floral.html',301,22,NULL,0,NULL),(77490,'category',217,'floral.html','catalog/category/view/id/217',0,20,NULL,1,NULL),(77491,'category',217,'packages.html','floral.html',301,20,NULL,0,NULL),(77492,'category',217,'floral.html','catalog/category/view/id/217',0,1,NULL,1,NULL),(77493,'category',217,'packages.html','floral.html',301,1,NULL,0,NULL),(77494,'category',217,'floral.html','catalog/category/view/id/217',0,27,NULL,1,NULL),(77495,'category',217,'packages.html','floral.html',301,27,NULL,0,NULL),(77496,'category',217,'floral.html','catalog/category/view/id/217',0,30,NULL,1,NULL),(77497,'category',217,'packages.html','floral.html',301,30,NULL,0,NULL),(77498,'category',217,'floral.html','catalog/category/view/id/217',0,32,NULL,1,NULL),(77499,'category',217,'packages.html','floral.html',301,32,NULL,0,NULL),(77500,'category',217,'floral.html','catalog/category/view/id/217',0,16,NULL,1,NULL),(77501,'category',217,'packages.html','floral.html',301,16,NULL,0,NULL),(77502,'category',217,'floral.html','catalog/category/view/id/217',0,4,NULL,1,NULL),(77503,'category',217,'packages.html','floral.html',301,4,NULL,0,NULL),(77504,'category',217,'floral.html','catalog/category/view/id/217',0,6,NULL,1,NULL),(77505,'category',217,'packages.html','floral.html',301,6,NULL,0,NULL),(77506,'category',217,'floral.html','catalog/category/view/id/217',0,14,NULL,1,NULL),(77507,'category',217,'packages.html','floral.html',301,14,NULL,0,NULL),(77508,'category',217,'floral.html','catalog/category/view/id/217',0,8,NULL,1,NULL),(77509,'category',217,'packages.html','floral.html',301,8,NULL,0,NULL),(77510,'category',217,'floral.html','catalog/category/view/id/217',0,10,NULL,1,NULL),(77511,'category',217,'packages.html','floral.html',301,10,NULL,0,NULL),(77512,'category',217,'floral.html','catalog/category/view/id/217',0,12,NULL,1,NULL),(77513,'category',217,'packages.html','floral.html',301,12,NULL,0,NULL),(77514,'category',217,'floral.html','catalog/category/view/id/217',0,11,NULL,1,NULL),(77515,'category',217,'packages.html','floral.html',301,11,NULL,0,NULL),(77516,'category',217,'floral.html','catalog/category/view/id/217',0,7,NULL,1,NULL),(77517,'category',217,'packages.html','floral.html',301,7,NULL,0,NULL),(77518,'category',217,'floral.html','catalog/category/view/id/217',0,17,NULL,1,NULL),(77519,'category',217,'packages.html','floral.html',301,17,NULL,0,NULL),(77520,'category',217,'floral.html','catalog/category/view/id/217',0,13,NULL,1,NULL),(77521,'category',217,'packages.html','floral.html',301,13,NULL,0,NULL),(77522,'category',217,'floral.html','catalog/category/view/id/217',0,9,NULL,1,NULL),(77523,'category',217,'packages.html','floral.html',301,9,NULL,0,NULL),(77524,'category',217,'floral.html','catalog/category/view/id/217',0,28,NULL,1,NULL),(77525,'category',217,'packages.html','floral.html',301,28,NULL,0,NULL),(77526,'category',217,'floral.html','catalog/category/view/id/217',0,5,NULL,1,NULL),(77527,'category',217,'packages.html','floral.html',301,5,NULL,0,NULL),(77528,'category',217,'floral.html','catalog/category/view/id/217',0,15,NULL,1,NULL),(77529,'category',217,'packages.html','floral.html',301,15,NULL,0,NULL),(77530,'category',217,'floral.html','catalog/category/view/id/217',0,3,NULL,1,NULL),(77531,'category',217,'packages.html','floral.html',301,3,NULL,0,NULL),(77532,'product',147,'birthdaycakepackage.html','catalog/product/view/id/147',0,18,NULL,1,NULL),(77533,'product',147,'floral/birthdaycakepackage.html','catalog/product/view/id/147/category/217',0,18,NULL,1,'{\"category_id\":\"217\"}'),(77534,'product',147,'packages/birthdaycakepackage.html','floral/birthdaycakepackage.html',301,18,NULL,0,'{\"category_id\":\"217\"}'),(77535,'product',152,'bridal-shower-package.html','catalog/product/view/id/152',0,18,NULL,1,NULL),(77536,'product',152,'floral/bridal-shower-package.html','catalog/product/view/id/152/category/217',0,18,NULL,1,'{\"category_id\":\"217\"}'),(77537,'product',152,'packages/bridal-shower-package.html','floral/bridal-shower-package.html',301,18,NULL,0,'{\"category_id\":\"217\"}'),(77538,'product',147,'birthdaycakepackage.html','catalog/product/view/id/147',0,26,NULL,1,NULL),(77539,'product',147,'floral/birthdaycakepackage.html','catalog/product/view/id/147/category/217',0,26,NULL,1,'{\"category_id\":\"217\"}'),(77540,'product',147,'packages/birthdaycakepackage.html','floral/birthdaycakepackage.html',301,26,NULL,0,'{\"category_id\":\"217\"}'),(77541,'product',152,'bridal-shower-package.html','catalog/product/view/id/152',0,26,NULL,1,NULL),(77542,'product',152,'floral/bridal-shower-package.html','catalog/product/view/id/152/category/217',0,26,NULL,1,'{\"category_id\":\"217\"}'),(77543,'product',152,'packages/bridal-shower-package.html','floral/bridal-shower-package.html',301,26,NULL,0,'{\"category_id\":\"217\"}'),(77544,'product',147,'birthdaycakepackage.html','catalog/product/view/id/147',0,33,NULL,1,NULL),(77545,'product',147,'floral/birthdaycakepackage.html','catalog/product/view/id/147/category/217',0,33,NULL,1,'{\"category_id\":\"217\"}'),(77546,'product',147,'packages/birthdaycakepackage.html','floral/birthdaycakepackage.html',301,33,NULL,0,'{\"category_id\":\"217\"}'),(77547,'product',152,'bridal-shower-package.html','catalog/product/view/id/152',0,33,NULL,1,NULL),(77548,'product',152,'floral/bridal-shower-package.html','catalog/product/view/id/152/category/217',0,33,NULL,1,'{\"category_id\":\"217\"}'),(77549,'product',152,'packages/bridal-shower-package.html','floral/bridal-shower-package.html',301,33,NULL,0,'{\"category_id\":\"217\"}'),(77550,'product',147,'birthdaycakepackage.html','catalog/product/view/id/147',0,31,NULL,1,NULL),(77551,'product',147,'floral/birthdaycakepackage.html','catalog/product/view/id/147/category/217',0,31,NULL,1,'{\"category_id\":\"217\"}'),(77552,'product',147,'packages/birthdaycakepackage.html','floral/birthdaycakepackage.html',301,31,NULL,0,'{\"category_id\":\"217\"}'),(77553,'product',152,'bridal-shower-package.html','catalog/product/view/id/152',0,31,NULL,1,NULL),(77554,'product',152,'floral/bridal-shower-package.html','catalog/product/view/id/152/category/217',0,31,NULL,1,'{\"category_id\":\"217\"}'),(77555,'product',152,'packages/bridal-shower-package.html','floral/bridal-shower-package.html',301,31,NULL,0,'{\"category_id\":\"217\"}'),(77556,'product',147,'birthdaycakepackage.html','catalog/product/view/id/147',0,24,NULL,1,NULL),(77557,'product',147,'floral/birthdaycakepackage.html','catalog/product/view/id/147/category/217',0,24,NULL,1,'{\"category_id\":\"217\"}'),(77558,'product',147,'packages/birthdaycakepackage.html','floral/birthdaycakepackage.html',301,24,NULL,0,'{\"category_id\":\"217\"}'),(77559,'product',152,'bridal-shower-package.html','catalog/product/view/id/152',0,24,NULL,1,NULL),(77560,'product',152,'floral/bridal-shower-package.html','catalog/product/view/id/152/category/217',0,24,NULL,1,'{\"category_id\":\"217\"}'),(77561,'product',152,'packages/bridal-shower-package.html','floral/bridal-shower-package.html',301,24,NULL,0,'{\"category_id\":\"217\"}'),(77562,'product',147,'birthdaycakepackage.html','catalog/product/view/id/147',0,29,NULL,1,NULL),(77563,'product',147,'floral/birthdaycakepackage.html','catalog/product/view/id/147/category/217',0,29,NULL,1,'{\"category_id\":\"217\"}'),(77564,'product',147,'packages/birthdaycakepackage.html','floral/birthdaycakepackage.html',301,29,NULL,0,'{\"category_id\":\"217\"}'),(77565,'product',152,'bridal-shower-package.html','catalog/product/view/id/152',0,29,NULL,1,NULL),(77566,'product',152,'floral/bridal-shower-package.html','catalog/product/view/id/152/category/217',0,29,NULL,1,'{\"category_id\":\"217\"}'),(77567,'product',152,'packages/bridal-shower-package.html','floral/bridal-shower-package.html',301,29,NULL,0,'{\"category_id\":\"217\"}'),(77568,'product',147,'birthdaycakepackage.html','catalog/product/view/id/147',0,21,NULL,1,NULL),(77569,'product',147,'floral/birthdaycakepackage.html','catalog/product/view/id/147/category/217',0,21,NULL,1,'{\"category_id\":\"217\"}'),(77570,'product',147,'packages/birthdaycakepackage.html','floral/birthdaycakepackage.html',301,21,NULL,0,'{\"category_id\":\"217\"}'),(77571,'product',152,'bridal-shower-package.html','catalog/product/view/id/152',0,21,NULL,1,NULL),(77572,'product',152,'floral/bridal-shower-package.html','catalog/product/view/id/152/category/217',0,21,NULL,1,'{\"category_id\":\"217\"}'),(77573,'product',152,'packages/bridal-shower-package.html','floral/bridal-shower-package.html',301,21,NULL,0,'{\"category_id\":\"217\"}'),(77574,'product',147,'birthdaycakepackage.html','catalog/product/view/id/147',0,23,NULL,1,NULL),(77575,'product',147,'floral/birthdaycakepackage.html','catalog/product/view/id/147/category/217',0,23,NULL,1,'{\"category_id\":\"217\"}'),(77576,'product',147,'packages/birthdaycakepackage.html','floral/birthdaycakepackage.html',301,23,NULL,0,'{\"category_id\":\"217\"}'),(77577,'product',152,'bridal-shower-package.html','catalog/product/view/id/152',0,23,NULL,1,NULL),(77578,'product',152,'floral/bridal-shower-package.html','catalog/product/view/id/152/category/217',0,23,NULL,1,'{\"category_id\":\"217\"}'),(77579,'product',152,'packages/bridal-shower-package.html','floral/bridal-shower-package.html',301,23,NULL,0,'{\"category_id\":\"217\"}'),(77580,'product',147,'birthdaycakepackage.html','catalog/product/view/id/147',0,25,NULL,1,NULL),(77581,'product',147,'floral/birthdaycakepackage.html','catalog/product/view/id/147/category/217',0,25,NULL,1,'{\"category_id\":\"217\"}'),(77582,'product',147,'packages/birthdaycakepackage.html','floral/birthdaycakepackage.html',301,25,NULL,0,'{\"category_id\":\"217\"}'),(77583,'product',152,'bridal-shower-package.html','catalog/product/view/id/152',0,25,NULL,1,NULL),(77584,'product',152,'floral/bridal-shower-package.html','catalog/product/view/id/152/category/217',0,25,NULL,1,'{\"category_id\":\"217\"}'),(77585,'product',152,'packages/bridal-shower-package.html','floral/bridal-shower-package.html',301,25,NULL,0,'{\"category_id\":\"217\"}'),(77586,'product',147,'birthdaycakepackage.html','catalog/product/view/id/147',0,22,NULL,1,NULL),(77587,'product',147,'floral/birthdaycakepackage.html','catalog/product/view/id/147/category/217',0,22,NULL,1,'{\"category_id\":\"217\"}'),(77588,'product',147,'packages/birthdaycakepackage.html','floral/birthdaycakepackage.html',301,22,NULL,0,'{\"category_id\":\"217\"}'),(77589,'product',152,'bridal-shower-package.html','catalog/product/view/id/152',0,22,NULL,1,NULL),(77590,'product',152,'floral/bridal-shower-package.html','catalog/product/view/id/152/category/217',0,22,NULL,1,'{\"category_id\":\"217\"}'),(77591,'product',152,'packages/bridal-shower-package.html','floral/bridal-shower-package.html',301,22,NULL,0,'{\"category_id\":\"217\"}'),(77592,'product',147,'birthdaycakepackage.html','catalog/product/view/id/147',0,20,NULL,1,NULL),(77593,'product',147,'floral/birthdaycakepackage.html','catalog/product/view/id/147/category/217',0,20,NULL,1,'{\"category_id\":\"217\"}'),(77594,'product',147,'packages/birthdaycakepackage.html','floral/birthdaycakepackage.html',301,20,NULL,0,'{\"category_id\":\"217\"}'),(77595,'product',152,'bridal-shower-package.html','catalog/product/view/id/152',0,20,NULL,1,NULL),(77596,'product',152,'floral/bridal-shower-package.html','catalog/product/view/id/152/category/217',0,20,NULL,1,'{\"category_id\":\"217\"}'),(77597,'product',152,'packages/bridal-shower-package.html','floral/bridal-shower-package.html',301,20,NULL,0,'{\"category_id\":\"217\"}'),(77598,'product',147,'birthdaycakepackage.html','catalog/product/view/id/147',0,1,NULL,1,NULL),(77599,'product',147,'floral/birthdaycakepackage.html','catalog/product/view/id/147/category/217',0,1,NULL,1,'{\"category_id\":\"217\"}'),(77600,'product',147,'packages/birthdaycakepackage.html','floral/birthdaycakepackage.html',301,1,NULL,0,'{\"category_id\":\"217\"}'),(77601,'product',152,'bridal-shower-package.html','catalog/product/view/id/152',0,1,NULL,1,NULL),(77602,'product',152,'floral/bridal-shower-package.html','catalog/product/view/id/152/category/217',0,1,NULL,1,'{\"category_id\":\"217\"}'),(77603,'product',152,'packages/bridal-shower-package.html','floral/bridal-shower-package.html',301,1,NULL,0,'{\"category_id\":\"217\"}'),(77604,'product',147,'birthdaycakepackage.html','catalog/product/view/id/147',0,27,NULL,1,NULL),(77605,'product',147,'floral/birthdaycakepackage.html','catalog/product/view/id/147/category/217',0,27,NULL,1,'{\"category_id\":\"217\"}'),(77606,'product',147,'packages/birthdaycakepackage.html','floral/birthdaycakepackage.html',301,27,NULL,0,'{\"category_id\":\"217\"}'),(77607,'product',152,'bridal-shower-package.html','catalog/product/view/id/152',0,27,NULL,1,NULL),(77608,'product',152,'floral/bridal-shower-package.html','catalog/product/view/id/152/category/217',0,27,NULL,1,'{\"category_id\":\"217\"}'),(77609,'product',152,'packages/bridal-shower-package.html','floral/bridal-shower-package.html',301,27,NULL,0,'{\"category_id\":\"217\"}'),(77610,'product',147,'birthdaycakepackage.html','catalog/product/view/id/147',0,30,NULL,1,NULL),(77611,'product',147,'floral/birthdaycakepackage.html','catalog/product/view/id/147/category/217',0,30,NULL,1,'{\"category_id\":\"217\"}'),(77612,'product',147,'packages/birthdaycakepackage.html','floral/birthdaycakepackage.html',301,30,NULL,0,'{\"category_id\":\"217\"}'),(77613,'product',152,'bridal-shower-package.html','catalog/product/view/id/152',0,30,NULL,1,NULL),(77614,'product',152,'floral/bridal-shower-package.html','catalog/product/view/id/152/category/217',0,30,NULL,1,'{\"category_id\":\"217\"}'),(77615,'product',152,'packages/bridal-shower-package.html','floral/bridal-shower-package.html',301,30,NULL,0,'{\"category_id\":\"217\"}'),(77616,'product',147,'birthdaycakepackage.html','catalog/product/view/id/147',0,32,NULL,1,NULL),(77617,'product',147,'floral/birthdaycakepackage.html','catalog/product/view/id/147/category/217',0,32,NULL,1,'{\"category_id\":\"217\"}'),(77618,'product',147,'packages/birthdaycakepackage.html','floral/birthdaycakepackage.html',301,32,NULL,0,'{\"category_id\":\"217\"}'),(77619,'product',152,'bridal-shower-package.html','catalog/product/view/id/152',0,32,NULL,1,NULL),(77620,'product',152,'floral/bridal-shower-package.html','catalog/product/view/id/152/category/217',0,32,NULL,1,'{\"category_id\":\"217\"}'),(77621,'product',152,'packages/bridal-shower-package.html','floral/bridal-shower-package.html',301,32,NULL,0,'{\"category_id\":\"217\"}'),(77622,'product',147,'birthdaycakepackage.html','catalog/product/view/id/147',0,16,NULL,1,NULL),(77623,'product',147,'floral/birthdaycakepackage.html','catalog/product/view/id/147/category/217',0,16,NULL,1,'{\"category_id\":\"217\"}'),(77624,'product',147,'packages/birthdaycakepackage.html','floral/birthdaycakepackage.html',301,16,NULL,0,'{\"category_id\":\"217\"}'),(77625,'product',152,'bridal-shower-package.html','catalog/product/view/id/152',0,16,NULL,1,NULL),(77626,'product',152,'floral/bridal-shower-package.html','catalog/product/view/id/152/category/217',0,16,NULL,1,'{\"category_id\":\"217\"}'),(77627,'product',152,'packages/bridal-shower-package.html','floral/bridal-shower-package.html',301,16,NULL,0,'{\"category_id\":\"217\"}'),(77628,'product',147,'birthdaycakepackage.html','catalog/product/view/id/147',0,4,NULL,1,NULL),(77629,'product',147,'floral/birthdaycakepackage.html','catalog/product/view/id/147/category/217',0,4,NULL,1,'{\"category_id\":\"217\"}'),(77630,'product',147,'packages/birthdaycakepackage.html','floral/birthdaycakepackage.html',301,4,NULL,0,'{\"category_id\":\"217\"}'),(77631,'product',152,'bridal-shower-package.html','catalog/product/view/id/152',0,4,NULL,1,NULL),(77632,'product',152,'floral/bridal-shower-package.html','catalog/product/view/id/152/category/217',0,4,NULL,1,'{\"category_id\":\"217\"}'),(77633,'product',152,'packages/bridal-shower-package.html','floral/bridal-shower-package.html',301,4,NULL,0,'{\"category_id\":\"217\"}'),(77634,'product',147,'birthdaycakepackage.html','catalog/product/view/id/147',0,6,NULL,1,NULL),(77635,'product',147,'floral/birthdaycakepackage.html','catalog/product/view/id/147/category/217',0,6,NULL,1,'{\"category_id\":\"217\"}'),(77636,'product',147,'packages/birthdaycakepackage.html','floral/birthdaycakepackage.html',301,6,NULL,0,'{\"category_id\":\"217\"}'),(77637,'product',152,'bridal-shower-package.html','catalog/product/view/id/152',0,6,NULL,1,NULL),(77638,'product',152,'floral/bridal-shower-package.html','catalog/product/view/id/152/category/217',0,6,NULL,1,'{\"category_id\":\"217\"}'),(77639,'product',152,'packages/bridal-shower-package.html','floral/bridal-shower-package.html',301,6,NULL,0,'{\"category_id\":\"217\"}'),(77640,'product',147,'birthdaycakepackage.html','catalog/product/view/id/147',0,14,NULL,1,NULL),(77641,'product',147,'floral/birthdaycakepackage.html','catalog/product/view/id/147/category/217',0,14,NULL,1,'{\"category_id\":\"217\"}'),(77642,'product',147,'packages/birthdaycakepackage.html','floral/birthdaycakepackage.html',301,14,NULL,0,'{\"category_id\":\"217\"}'),(77643,'product',152,'bridal-shower-package.html','catalog/product/view/id/152',0,14,NULL,1,NULL),(77644,'product',152,'floral/bridal-shower-package.html','catalog/product/view/id/152/category/217',0,14,NULL,1,'{\"category_id\":\"217\"}'),(77645,'product',152,'packages/bridal-shower-package.html','floral/bridal-shower-package.html',301,14,NULL,0,'{\"category_id\":\"217\"}'),(77646,'product',147,'birthdaycakepackage.html','catalog/product/view/id/147',0,8,NULL,1,NULL),(77647,'product',147,'floral/birthdaycakepackage.html','catalog/product/view/id/147/category/217',0,8,NULL,1,'{\"category_id\":\"217\"}'),(77648,'product',147,'packages/birthdaycakepackage.html','floral/birthdaycakepackage.html',301,8,NULL,0,'{\"category_id\":\"217\"}'),(77649,'product',152,'bridal-shower-package.html','catalog/product/view/id/152',0,8,NULL,1,NULL),(77650,'product',152,'floral/bridal-shower-package.html','catalog/product/view/id/152/category/217',0,8,NULL,1,'{\"category_id\":\"217\"}'),(77651,'product',152,'packages/bridal-shower-package.html','floral/bridal-shower-package.html',301,8,NULL,0,'{\"category_id\":\"217\"}'),(77652,'product',147,'birthdaycakepackage.html','catalog/product/view/id/147',0,10,NULL,1,NULL),(77653,'product',147,'floral/birthdaycakepackage.html','catalog/product/view/id/147/category/217',0,10,NULL,1,'{\"category_id\":\"217\"}'),(77654,'product',147,'packages/birthdaycakepackage.html','floral/birthdaycakepackage.html',301,10,NULL,0,'{\"category_id\":\"217\"}'),(77655,'product',152,'bridal-shower-package.html','catalog/product/view/id/152',0,10,NULL,1,NULL),(77656,'product',152,'floral/bridal-shower-package.html','catalog/product/view/id/152/category/217',0,10,NULL,1,'{\"category_id\":\"217\"}'),(77657,'product',152,'packages/bridal-shower-package.html','floral/bridal-shower-package.html',301,10,NULL,0,'{\"category_id\":\"217\"}'),(77658,'product',147,'birthdaycakepackage.html','catalog/product/view/id/147',0,12,NULL,1,NULL),(77659,'product',147,'floral/birthdaycakepackage.html','catalog/product/view/id/147/category/217',0,12,NULL,1,'{\"category_id\":\"217\"}'),(77660,'product',147,'packages/birthdaycakepackage.html','floral/birthdaycakepackage.html',301,12,NULL,0,'{\"category_id\":\"217\"}'),(77661,'product',152,'bridal-shower-package.html','catalog/product/view/id/152',0,12,NULL,1,NULL),(77662,'product',152,'floral/bridal-shower-package.html','catalog/product/view/id/152/category/217',0,12,NULL,1,'{\"category_id\":\"217\"}'),(77663,'product',152,'packages/bridal-shower-package.html','floral/bridal-shower-package.html',301,12,NULL,0,'{\"category_id\":\"217\"}'),(77664,'product',147,'birthdaycakepackage.html','catalog/product/view/id/147',0,11,NULL,1,NULL),(77665,'product',147,'floral/birthdaycakepackage.html','catalog/product/view/id/147/category/217',0,11,NULL,1,'{\"category_id\":\"217\"}'),(77666,'product',147,'packages/birthdaycakepackage.html','floral/birthdaycakepackage.html',301,11,NULL,0,'{\"category_id\":\"217\"}'),(77667,'product',152,'bridal-shower-package.html','catalog/product/view/id/152',0,11,NULL,1,NULL),(77668,'product',152,'floral/bridal-shower-package.html','catalog/product/view/id/152/category/217',0,11,NULL,1,'{\"category_id\":\"217\"}'),(77669,'product',152,'packages/bridal-shower-package.html','floral/bridal-shower-package.html',301,11,NULL,0,'{\"category_id\":\"217\"}'),(77670,'product',147,'birthdaycakepackage.html','catalog/product/view/id/147',0,7,NULL,1,NULL),(77671,'product',147,'floral/birthdaycakepackage.html','catalog/product/view/id/147/category/217',0,7,NULL,1,'{\"category_id\":\"217\"}'),(77672,'product',147,'packages/birthdaycakepackage.html','floral/birthdaycakepackage.html',301,7,NULL,0,'{\"category_id\":\"217\"}'),(77673,'product',152,'bridal-shower-package.html','catalog/product/view/id/152',0,7,NULL,1,NULL),(77674,'product',152,'floral/bridal-shower-package.html','catalog/product/view/id/152/category/217',0,7,NULL,1,'{\"category_id\":\"217\"}'),(77675,'product',152,'packages/bridal-shower-package.html','floral/bridal-shower-package.html',301,7,NULL,0,'{\"category_id\":\"217\"}'),(77676,'product',147,'birthdaycakepackage.html','catalog/product/view/id/147',0,17,NULL,1,NULL),(77677,'product',147,'floral/birthdaycakepackage.html','catalog/product/view/id/147/category/217',0,17,NULL,1,'{\"category_id\":\"217\"}'),(77678,'product',147,'packages/birthdaycakepackage.html','floral/birthdaycakepackage.html',301,17,NULL,0,'{\"category_id\":\"217\"}'),(77679,'product',152,'bridal-shower-package.html','catalog/product/view/id/152',0,17,NULL,1,NULL),(77680,'product',152,'floral/bridal-shower-package.html','catalog/product/view/id/152/category/217',0,17,NULL,1,'{\"category_id\":\"217\"}'),(77681,'product',152,'packages/bridal-shower-package.html','floral/bridal-shower-package.html',301,17,NULL,0,'{\"category_id\":\"217\"}'),(77682,'product',147,'birthdaycakepackage.html','catalog/product/view/id/147',0,13,NULL,1,NULL),(77683,'product',147,'floral/birthdaycakepackage.html','catalog/product/view/id/147/category/217',0,13,NULL,1,'{\"category_id\":\"217\"}'),(77684,'product',147,'packages/birthdaycakepackage.html','floral/birthdaycakepackage.html',301,13,NULL,0,'{\"category_id\":\"217\"}'),(77685,'product',152,'bridal-shower-package.html','catalog/product/view/id/152',0,13,NULL,1,NULL),(77686,'product',152,'floral/bridal-shower-package.html','catalog/product/view/id/152/category/217',0,13,NULL,1,'{\"category_id\":\"217\"}'),(77687,'product',152,'packages/bridal-shower-package.html','floral/bridal-shower-package.html',301,13,NULL,0,'{\"category_id\":\"217\"}'),(77688,'product',147,'birthdaycakepackage.html','catalog/product/view/id/147',0,9,NULL,1,NULL),(77689,'product',147,'floral/birthdaycakepackage.html','catalog/product/view/id/147/category/217',0,9,NULL,1,'{\"category_id\":\"217\"}'),(77690,'product',147,'packages/birthdaycakepackage.html','floral/birthdaycakepackage.html',301,9,NULL,0,'{\"category_id\":\"217\"}'),(77691,'product',152,'bridal-shower-package.html','catalog/product/view/id/152',0,9,NULL,1,NULL),(77692,'product',152,'floral/bridal-shower-package.html','catalog/product/view/id/152/category/217',0,9,NULL,1,'{\"category_id\":\"217\"}'),(77693,'product',152,'packages/bridal-shower-package.html','floral/bridal-shower-package.html',301,9,NULL,0,'{\"category_id\":\"217\"}'),(77694,'product',147,'birthdaycakepackage.html','catalog/product/view/id/147',0,28,NULL,1,NULL),(77695,'product',147,'floral/birthdaycakepackage.html','catalog/product/view/id/147/category/217',0,28,NULL,1,'{\"category_id\":\"217\"}'),(77696,'product',147,'packages/birthdaycakepackage.html','floral/birthdaycakepackage.html',301,28,NULL,0,'{\"category_id\":\"217\"}'),(77697,'product',152,'bridal-shower-package.html','catalog/product/view/id/152',0,28,NULL,1,NULL),(77698,'product',152,'floral/bridal-shower-package.html','catalog/product/view/id/152/category/217',0,28,NULL,1,'{\"category_id\":\"217\"}'),(77699,'product',152,'packages/bridal-shower-package.html','floral/bridal-shower-package.html',301,28,NULL,0,'{\"category_id\":\"217\"}'),(77700,'product',147,'birthdaycakepackage.html','catalog/product/view/id/147',0,5,NULL,1,NULL),(77701,'product',147,'floral/birthdaycakepackage.html','catalog/product/view/id/147/category/217',0,5,NULL,1,'{\"category_id\":\"217\"}'),(77702,'product',147,'packages/birthdaycakepackage.html','floral/birthdaycakepackage.html',301,5,NULL,0,'{\"category_id\":\"217\"}'),(77703,'product',152,'bridal-shower-package.html','catalog/product/view/id/152',0,5,NULL,1,NULL),(77704,'product',152,'floral/bridal-shower-package.html','catalog/product/view/id/152/category/217',0,5,NULL,1,'{\"category_id\":\"217\"}'),(77705,'product',152,'packages/bridal-shower-package.html','floral/bridal-shower-package.html',301,5,NULL,0,'{\"category_id\":\"217\"}'),(77706,'product',147,'birthdaycakepackage.html','catalog/product/view/id/147',0,15,NULL,1,NULL),(77707,'product',147,'floral/birthdaycakepackage.html','catalog/product/view/id/147/category/217',0,15,NULL,1,'{\"category_id\":\"217\"}'),(77708,'product',147,'packages/birthdaycakepackage.html','floral/birthdaycakepackage.html',301,15,NULL,0,'{\"category_id\":\"217\"}'),(77709,'product',152,'bridal-shower-package.html','catalog/product/view/id/152',0,15,NULL,1,NULL),(77710,'product',152,'floral/bridal-shower-package.html','catalog/product/view/id/152/category/217',0,15,NULL,1,'{\"category_id\":\"217\"}'),(77711,'product',152,'packages/bridal-shower-package.html','floral/bridal-shower-package.html',301,15,NULL,0,'{\"category_id\":\"217\"}'),(77712,'product',147,'birthdaycakepackage.html','catalog/product/view/id/147',0,3,NULL,1,NULL),(77713,'product',147,'floral/birthdaycakepackage.html','catalog/product/view/id/147/category/217',0,3,NULL,1,'{\"category_id\":\"217\"}'),(77714,'product',147,'packages/birthdaycakepackage.html','floral/birthdaycakepackage.html',301,3,NULL,0,'{\"category_id\":\"217\"}'),(77715,'product',152,'bridal-shower-package.html','catalog/product/view/id/152',0,3,NULL,1,NULL),(77716,'product',152,'floral/bridal-shower-package.html','catalog/product/view/id/152/category/217',0,3,NULL,1,'{\"category_id\":\"217\"}'),(77717,'product',152,'packages/bridal-shower-package.html','floral/bridal-shower-package.html',301,3,NULL,0,'{\"category_id\":\"217\"}'),(77749,'category',224,'packagesshop.html','catalog/category/view/id/224',0,31,NULL,1,NULL),(77750,'category',224,'packagesshop.html','catalog/category/view/id/224',0,24,NULL,1,NULL),(77751,'category',224,'packagesshop.html','catalog/category/view/id/224',0,29,NULL,1,NULL),(77752,'category',224,'packagesshop.html','catalog/category/view/id/224',0,21,NULL,1,NULL),(77753,'category',224,'packagesshop.html','catalog/category/view/id/224',0,23,NULL,1,NULL),(77754,'category',224,'packagesshop.html','catalog/category/view/id/224',0,25,NULL,1,NULL),(77755,'category',224,'packagesshop.html','catalog/category/view/id/224',0,22,NULL,1,NULL),(77756,'category',224,'packagesshop.html','catalog/category/view/id/224',0,20,NULL,1,NULL),(77757,'category',224,'packagesshop.html','catalog/category/view/id/224',0,18,NULL,1,NULL),(77758,'category',224,'packagesshop.html','catalog/category/view/id/224',0,26,NULL,1,NULL),(77759,'category',224,'packagesshop.html','catalog/category/view/id/224',0,33,NULL,1,NULL),(77760,'category',224,'packagesshop.html','catalog/category/view/id/224',0,1,NULL,1,NULL),(77761,'category',224,'packagesshop.html','catalog/category/view/id/224',0,27,NULL,1,NULL),(77762,'category',224,'packagesshop.html','catalog/category/view/id/224',0,30,NULL,1,NULL),(77763,'category',224,'packagesshop.html','catalog/category/view/id/224',0,32,NULL,1,NULL),(77764,'category',224,'packagesshop.html','catalog/category/view/id/224',0,16,NULL,1,NULL),(77765,'category',224,'packagesshop.html','catalog/category/view/id/224',0,4,NULL,1,NULL),(77766,'category',224,'packagesshop.html','catalog/category/view/id/224',0,6,NULL,1,NULL),(77767,'category',224,'packagesshop.html','catalog/category/view/id/224',0,14,NULL,1,NULL),(77768,'category',224,'packagesshop.html','catalog/category/view/id/224',0,8,NULL,1,NULL),(77769,'category',224,'packagesshop.html','catalog/category/view/id/224',0,10,NULL,1,NULL),(77770,'category',224,'packagesshop.html','catalog/category/view/id/224',0,12,NULL,1,NULL),(77771,'category',224,'packagesshop.html','catalog/category/view/id/224',0,7,NULL,1,NULL),(77772,'category',224,'packagesshop.html','catalog/category/view/id/224',0,17,NULL,1,NULL),(77773,'category',224,'packagesshop.html','catalog/category/view/id/224',0,13,NULL,1,NULL),(77774,'category',224,'packagesshop.html','catalog/category/view/id/224',0,9,NULL,1,NULL),(77775,'category',224,'packagesshop.html','catalog/category/view/id/224',0,28,NULL,1,NULL),(77776,'category',224,'packagesshop.html','catalog/category/view/id/224',0,5,NULL,1,NULL),(77777,'category',224,'packagesshop.html','catalog/category/view/id/224',0,15,NULL,1,NULL),(77778,'category',224,'packagesshop.html','catalog/category/view/id/224',0,11,NULL,1,NULL),(77779,'category',224,'packagesshop.html','catalog/category/view/id/224',0,3,NULL,1,NULL),(77819,'cms-page',22,'join-our-team','cms/page/view/page_id/22',0,1,NULL,1,NULL),(77820,'cms-page',22,'join-our-team','cms/page/view/page_id/22',0,3,NULL,1,NULL),(77863,'cms-page',24,'visitourstudio','cms/page/view/page_id/24',0,1,NULL,1,NULL),(77864,'cms-page',24,'visitourstudio','cms/page/view/page_id/24',0,3,NULL,1,NULL),(77870,'cms-page',23,'join-our-team','cms/page/view/page_id/23',0,18,NULL,1,NULL),(77871,'cms-page',25,'visitourstudio','cms/page/view/page_id/25',0,18,NULL,1,NULL),(77872,'cms-page',6,'about-us','cms/page/view/page_id/6',0,1,NULL,1,NULL),(77874,'cms-page',26,'about-us','cms/page/view/page_id/26',0,18,NULL,1,NULL),(77876,'cms-page',27,'privacy-policy','cms/page/view/page_id/27',0,1,NULL,1,NULL),(77878,'cms-page',28,'privacy-policy','cms/page/view/page_id/28',0,18,NULL,1,NULL),(77880,'cms-page',29,'terms-conditions','cms/page/view/page_id/29',0,1,NULL,1,NULL),(77882,'cms-page',30,'terms-conditions','cms/page/view/page_id/30',0,18,NULL,1,NULL),(77884,'cms-page',31,'delivery-return-policy','cms/page/view/page_id/31',0,1,NULL,1,NULL),(77886,'cms-page',32,'delivery-return-policy','cms/page/view/page_id/32',0,18,NULL,1,NULL);

--
-- Table structure for table `variable`
--

CREATE TABLE `variable` (
  `variable_id` int(10) unsigned NOT NULL AUTO_INCREMENT COMMENT 'Variable ID',
  `code` varchar(255) DEFAULT NULL COMMENT 'Variable Code',
  `name` varchar(255) DEFAULT NULL COMMENT 'Variable Name',
  PRIMARY KEY (`variable_id`),
  UNIQUE KEY `VARIABLE_CODE` (`code`)
) ENGINE=InnoDB DEFAULT CHARSET=utf8 COMMENT='Variables';

--
-- Dumping data for table `variable`
--


--
-- Table structure for table `variable_value`
--

CREATE TABLE `variable_value` (
  `value_id` int(10) unsigned NOT NULL AUTO_INCREMENT COMMENT 'Variable Value ID',
  `variable_id` int(10) unsigned NOT NULL DEFAULT '0' COMMENT 'Variable ID',
  `store_id` smallint(5) unsigned NOT NULL DEFAULT '0' COMMENT 'Store ID',
  `plain_value` text COMMENT 'Plain Text Value',
  `html_value` text COMMENT 'Html Value',
  PRIMARY KEY (`value_id`),
  UNIQUE KEY `VARIABLE_VALUE_VARIABLE_ID_STORE_ID` (`variable_id`,`store_id`),
  KEY `VARIABLE_VALUE_STORE_ID` (`store_id`),
  CONSTRAINT `VARIABLE_VALUE_STORE_ID_STORE_STORE_ID` FOREIGN KEY (`store_id`) REFERENCES `store` (`store_id`) ON DELETE CASCADE,
  CONSTRAINT `VARIABLE_VALUE_VARIABLE_ID_VARIABLE_VARIABLE_ID` FOREIGN KEY (`variable_id`) REFERENCES `variable` (`variable_id`) ON DELETE CASCADE
) ENGINE=InnoDB DEFAULT CHARSET=utf8 COMMENT='Variable Value';

--
-- Dumping data for table `variable_value`
--


--
-- Table structure for table `vault_payment_token`
--

CREATE TABLE `vault_payment_token` (
  `entity_id` int(10) unsigned NOT NULL AUTO_INCREMENT COMMENT 'Entity ID',
  `customer_id` int(10) unsigned DEFAULT NULL COMMENT 'Customer ID',
  `public_hash` varchar(128) NOT NULL COMMENT 'Hash code for using on frontend',
  `payment_method_code` varchar(128) NOT NULL COMMENT 'Payment method code',
  `type` varchar(128) NOT NULL COMMENT 'Type',
  `created_at` timestamp NOT NULL DEFAULT CURRENT_TIMESTAMP COMMENT 'Created At',
  `expires_at` timestamp NULL DEFAULT NULL COMMENT 'Expires At',
  `gateway_token` varchar(255) NOT NULL COMMENT 'Gateway Token',
  `details` text COMMENT 'Details',
  `is_active` tinyint(1) NOT NULL DEFAULT '1',
  `is_visible` tinyint(1) NOT NULL DEFAULT '1',
  PRIMARY KEY (`entity_id`),
  UNIQUE KEY `VAULT_PAYMENT_TOKEN_PUBLIC_HASH` (`public_hash`),
  UNIQUE KEY `VAULT_PAYMENT_TOKEN_PAYMENT_METHOD_CODE_CSTR_ID_GATEWAY_TOKEN` (`payment_method_code`,`customer_id`,`gateway_token`),
  KEY `VAULT_PAYMENT_TOKEN_CUSTOMER_ID_CUSTOMER_ENTITY_ENTITY_ID` (`customer_id`),
  CONSTRAINT `VAULT_PAYMENT_TOKEN_CUSTOMER_ID_CUSTOMER_ENTITY_ENTITY_ID` FOREIGN KEY (`customer_id`) REFERENCES `customer_entity` (`entity_id`) ON DELETE CASCADE
) ENGINE=InnoDB DEFAULT CHARSET=utf8 COMMENT='Vault tokens of payment';

--
-- Dumping data for table `vault_payment_token`
--


--
-- Table structure for table `vault_payment_token_order_payment_link`
--

CREATE TABLE `vault_payment_token_order_payment_link` (
  `order_payment_id` int(10) unsigned NOT NULL COMMENT 'Order payment ID',
  `payment_token_id` int(10) unsigned NOT NULL COMMENT 'Payment token ID',
  PRIMARY KEY (`order_payment_id`,`payment_token_id`),
  KEY `FK_4ED894655446D385894580BECA993862` (`payment_token_id`),
  CONSTRAINT `FK_4ED894655446D385894580BECA993862` FOREIGN KEY (`payment_token_id`) REFERENCES `vault_payment_token` (`entity_id`) ON DELETE CASCADE,
  CONSTRAINT `FK_CF37B9D854256534BE23C818F6291CA2` FOREIGN KEY (`order_payment_id`) REFERENCES `sales_order_payment` (`entity_id`) ON DELETE CASCADE
) ENGINE=InnoDB DEFAULT CHARSET=utf8 COMMENT='Order payments to vault token';

--
-- Dumping data for table `vault_payment_token_order_payment_link`
--


--
-- Table structure for table `vertex_custom_option_flex_field`
--

CREATE TABLE `vertex_custom_option_flex_field` (
  `entity_id` int(11) NOT NULL AUTO_INCREMENT COMMENT 'Map Entity ID',
  `option_id` int(11) NOT NULL COMMENT 'Customizable Option ID',
  `website_id` int(11) NOT NULL DEFAULT '0' COMMENT 'Website ID',
  `flex_field` int(11) DEFAULT '0' COMMENT 'Customizable Option to Flex Field Map',
  PRIMARY KEY (`entity_id`),
  UNIQUE KEY `VERTEX_CUSTOM_OPTION_FLEX_FIELD_OPTION_ID_WEBSITE_ID` (`option_id`,`website_id`),
  KEY `VERTEX_CUSTOM_OPTION_FLEX_FIELD_OPTION_ID` (`option_id`),
  KEY `VERTEX_CUSTOM_OPTION_FLEX_FIELD_WEBSITE_ID` (`website_id`)
) ENGINE=InnoDB DEFAULT CHARSET=utf8 COMMENT='Customizable Option to Flex Field Map';

--
-- Dumping data for table `vertex_custom_option_flex_field`
--


--
-- Table structure for table `vertex_customer_code`
--

CREATE TABLE `vertex_customer_code` (
  `customer_id` int(10) unsigned NOT NULL COMMENT 'Customer ID',
  `customer_code` text COMMENT 'Customer Code for Vertex',
  PRIMARY KEY (`customer_id`)
) ENGINE=InnoDB DEFAULT CHARSET=utf8 COMMENT='Customer Code for Vertex';

--
-- Dumping data for table `vertex_customer_code`
--


--
-- Table structure for table `vertex_customer_country`
--

CREATE TABLE `vertex_customer_country` (
  `customer_id` int(10) unsigned NOT NULL COMMENT 'Customer ID',
  `customer_country` varchar(255) DEFAULT NULL COMMENT 'Customer Country',
  PRIMARY KEY (`customer_id`)
) ENGINE=InnoDB DEFAULT CHARSET=utf8 COMMENT='Country associated to Customer';

--
-- Dumping data for table `vertex_customer_country`
--


--
-- Table structure for table `vertex_invoice_sent`
--

CREATE TABLE `vertex_invoice_sent` (
  `invoice_id` int(10) unsigned NOT NULL COMMENT 'Invoice ID',
  `sent_to_vertex` tinyint(1) NOT NULL DEFAULT '0' COMMENT 'Invoice has been logged in Vertex',
  PRIMARY KEY (`invoice_id`)
) ENGINE=InnoDB DEFAULT CHARSET=utf8;

--
-- Dumping data for table `vertex_invoice_sent`
--


--
-- Table structure for table `vertex_order_invoice_status`
--

CREATE TABLE `vertex_order_invoice_status` (
  `order_id` int(10) unsigned NOT NULL COMMENT 'Order ID',
  `sent_to_vertex` tinyint(1) NOT NULL DEFAULT '0' COMMENT 'Invoice has been logged in Vertex',
  PRIMARY KEY (`order_id`)
) ENGINE=InnoDB DEFAULT CHARSET=utf8 COMMENT='Invoice has been logged in Vertex';

--
-- Dumping data for table `vertex_order_invoice_status`
--


--
-- Table structure for table `vertex_sales_creditmemo_item_invoice_text_code`
--

CREATE TABLE `vertex_sales_creditmemo_item_invoice_text_code` (
  `item_id` int(11) NOT NULL COMMENT 'Creditmemo Item ID',
  `invoice_text_code` varchar(100) NOT NULL COMMENT 'Invoice text code from Vertex',
  UNIQUE KEY `UNQ_4BC40DA748D7713ADA661D2DE1BCF161` (`item_id`,`invoice_text_code`),
  KEY `VERTEX_SALES_CREDITMEMO_ITEM_INVOICE_TEXT_CODE_ITEM_ID` (`item_id`),
  KEY `VERTEX_SALES_CREDITMEMO_ITEM_INVOICE_TEXT_CODE_INVOICE_TEXT_CODE` (`invoice_text_code`)
) ENGINE=InnoDB DEFAULT CHARSET=utf8 COMMENT='Creditmemo text code from Vertex';

--
-- Dumping data for table `vertex_sales_creditmemo_item_invoice_text_code`
--


--
-- Table structure for table `vertex_sales_creditmemo_item_tax_code`
--

CREATE TABLE `vertex_sales_creditmemo_item_tax_code` (
  `item_id` int(11) NOT NULL COMMENT 'Creditmemo Item ID',
  `tax_code` varchar(100) NOT NULL COMMENT 'Invoice text code from Vertex',
  UNIQUE KEY `VERTEX_SALES_CREDITMEMO_ITEM_TAX_CODE_ITEM_ID_TAX_CODE` (`item_id`,`tax_code`),
  KEY `VERTEX_SALES_CREDITMEMO_ITEM_TAX_CODE_ITEM_ID` (`item_id`),
  KEY `VERTEX_SALES_CREDITMEMO_ITEM_TAX_CODE_TAX_CODE` (`tax_code`)
) ENGINE=InnoDB DEFAULT CHARSET=utf8 COMMENT='Creditmemo tax code from Vertex';

--
-- Dumping data for table `vertex_sales_creditmemo_item_tax_code`
--


--
-- Table structure for table `vertex_sales_creditmemo_item_vertex_tax_code`
--

CREATE TABLE `vertex_sales_creditmemo_item_vertex_tax_code` (
  `item_id` int(11) NOT NULL COMMENT 'Creditmemo Item ID',
  `vertex_tax_code` varchar(100) NOT NULL COMMENT 'Invoice text code from Vertex',
  UNIQUE KEY `UNQ_31D7AADB3412BC7E7C1C98D5CC3A5D46` (`item_id`,`vertex_tax_code`),
  KEY `VERTEX_SALES_CREDITMEMO_ITEM_VERTEX_TAX_CODE_ITEM_ID` (`item_id`),
  KEY `VERTEX_SALES_CREDITMEMO_ITEM_VERTEX_TAX_CODE_VERTEX_TAX_CODE` (`vertex_tax_code`)
) ENGINE=InnoDB DEFAULT CHARSET=utf8 COMMENT='Creditmemo vertex tax code from Vertex';

--
-- Dumping data for table `vertex_sales_creditmemo_item_vertex_tax_code`
--


--
-- Table structure for table `vertex_sales_order_item_invoice_text_code`
--

CREATE TABLE `vertex_sales_order_item_invoice_text_code` (
  `item_id` int(10) unsigned NOT NULL COMMENT 'Order ID',
  `invoice_text_code` varchar(100) NOT NULL COMMENT 'Invoice text code from Vertex',
  UNIQUE KEY `UNQ_96F6BE3160A4185CEA4D866018EAF6DC` (`item_id`,`invoice_text_code`),
  KEY `VERTEX_SALES_ORDER_ITEM_INVOICE_TEXT_CODE_ITEM_ID` (`item_id`),
  KEY `VERTEX_SALES_ORDER_ITEM_INVOICE_TEXT_CODE_INVOICE_TEXT_CODE` (`invoice_text_code`)
) ENGINE=InnoDB DEFAULT CHARSET=utf8 COMMENT='Invoice text code from Vertex';

--
-- Dumping data for table `vertex_sales_order_item_invoice_text_code`
--


--
-- Table structure for table `vertex_sales_order_item_tax_code`
--

CREATE TABLE `vertex_sales_order_item_tax_code` (
  `item_id` int(11) NOT NULL COMMENT 'Creditmemo Item ID',
  `tax_code` varchar(100) NOT NULL COMMENT 'Invoice text code from Vertex',
  UNIQUE KEY `VERTEX_SALES_ORDER_ITEM_TAX_CODE_ITEM_ID_TAX_CODE` (`item_id`,`tax_code`),
  KEY `VERTEX_SALES_ORDER_ITEM_TAX_CODE_ITEM_ID` (`item_id`),
  KEY `VERTEX_SALES_ORDER_ITEM_TAX_CODE_TAX_CODE` (`tax_code`)
) ENGINE=InnoDB DEFAULT CHARSET=utf8 COMMENT='Invoice tax code from Vertex';

--
-- Dumping data for table `vertex_sales_order_item_tax_code`
--


--
-- Table structure for table `vertex_sales_order_item_vertex_tax_code`
--

CREATE TABLE `vertex_sales_order_item_vertex_tax_code` (
  `item_id` int(11) NOT NULL COMMENT 'Creditmemo Item ID',
  `vertex_tax_code` varchar(100) NOT NULL COMMENT 'Invoice text code from Vertex',
  UNIQUE KEY `VERTEX_SALES_ORDER_ITEM_VERTEX_TAX_CODE_ITEM_ID_VERTEX_TAX_CODE` (`item_id`,`vertex_tax_code`),
  KEY `VERTEX_SALES_ORDER_ITEM_VERTEX_TAX_CODE_ITEM_ID` (`item_id`),
  KEY `VERTEX_SALES_ORDER_ITEM_VERTEX_TAX_CODE_VERTEX_TAX_CODE` (`vertex_tax_code`)
) ENGINE=InnoDB DEFAULT CHARSET=utf8 COMMENT='Invoice Vertex tax code from Vertex';

--
-- Dumping data for table `vertex_sales_order_item_vertex_tax_code`
--


--
-- Table structure for table `vertex_taxrequest`
--

CREATE TABLE `vertex_taxrequest` (
  `request_id` bigint(20) NOT NULL AUTO_INCREMENT COMMENT 'Request Id',
  `request_type` varchar(255) NOT NULL COMMENT 'Request type',
  `response_time` int(10) unsigned NOT NULL COMMENT 'Milliseconds taken for Vertex API call to complete',
  `quote_id` bigint(20) NOT NULL COMMENT 'Quote Id',
  `order_id` bigint(20) NOT NULL COMMENT 'Order Id',
  `total_tax` varchar(255) NOT NULL COMMENT 'Total Tax Amount',
  `source_path` varchar(255) NOT NULL COMMENT 'Source path controller_module_action',
  `tax_area_id` varchar(255) NOT NULL COMMENT 'Tax Jurisdictions Id',
  `sub_total` varchar(255) NOT NULL COMMENT 'Response Subtotal Amount',
  `total` varchar(255) NOT NULL COMMENT 'Response Total Amount',
  `lookup_result` varchar(255) NOT NULL COMMENT 'Tax Area Response Lookup Result',
  `request_date` timestamp NOT NULL DEFAULT CURRENT_TIMESTAMP COMMENT 'Request create date',
  `request_xml` text NOT NULL COMMENT 'Request XML',
  `response_xml` text NOT NULL COMMENT 'Response XML',
  PRIMARY KEY (`request_id`),
  UNIQUE KEY `VERTEX_TAXREQUEST_REQUEST_ID` (`request_id`),
  KEY `VERTEX_TAXREQUEST_REQUEST_TYPE` (`request_type`),
  KEY `VERTEX_TAXREQUEST_ORDER_ID` (`order_id`)
) ENGINE=InnoDB DEFAULT CHARSET=utf8 COMMENT='The tax request table';

--
-- Dumping data for table `vertex_taxrequest`
--


--
-- Table structure for table `vertex_vat_country_code`
--

CREATE TABLE `vertex_vat_country_code` (
  `address_id` int(10) unsigned NOT NULL COMMENT 'Address ID',
  `customer_country` varchar(255) DEFAULT NULL COMMENT 'Customer Country',
  PRIMARY KEY (`address_id`)
) ENGINE=InnoDB DEFAULT CHARSET=utf8 COMMENT='Vat Country code associated to Order Address';

--
-- Dumping data for table `vertex_vat_country_code`
--


--
-- Table structure for table `weee_tax`
--

CREATE TABLE `weee_tax` (
  `value_id` int(11) NOT NULL AUTO_INCREMENT COMMENT 'Value ID',
  `website_id` smallint(5) unsigned NOT NULL DEFAULT '0' COMMENT 'Website ID',
  `entity_id` int(10) unsigned NOT NULL DEFAULT '0' COMMENT 'Entity ID',
  `country` varchar(2) DEFAULT NULL COMMENT 'Country',
  `value` decimal(12,4) NOT NULL DEFAULT '0.0000' COMMENT 'Value',
  `state` int(11) NOT NULL DEFAULT '0' COMMENT 'State',
  `attribute_id` smallint(5) unsigned NOT NULL COMMENT 'Attribute ID',
  PRIMARY KEY (`value_id`),
  KEY `WEEE_TAX_WEBSITE_ID` (`website_id`),
  KEY `WEEE_TAX_ENTITY_ID` (`entity_id`),
  KEY `WEEE_TAX_COUNTRY` (`country`),
  KEY `WEEE_TAX_ATTRIBUTE_ID` (`attribute_id`),
  CONSTRAINT `WEEE_TAX_ATTRIBUTE_ID_EAV_ATTRIBUTE_ATTRIBUTE_ID` FOREIGN KEY (`attribute_id`) REFERENCES `eav_attribute` (`attribute_id`) ON DELETE CASCADE,
  CONSTRAINT `WEEE_TAX_COUNTRY_DIRECTORY_COUNTRY_COUNTRY_ID` FOREIGN KEY (`country`) REFERENCES `directory_country` (`country_id`) ON DELETE CASCADE,
  CONSTRAINT `WEEE_TAX_ENTITY_ID_CATALOG_PRODUCT_ENTITY_ENTITY_ID` FOREIGN KEY (`entity_id`) REFERENCES `catalog_product_entity` (`entity_id`) ON DELETE CASCADE,
  CONSTRAINT `WEEE_TAX_WEBSITE_ID_STORE_WEBSITE_WEBSITE_ID` FOREIGN KEY (`website_id`) REFERENCES `store_website` (`website_id`) ON DELETE CASCADE
) ENGINE=InnoDB DEFAULT CHARSET=utf8 COMMENT='Weee Tax';

--
-- Dumping data for table `weee_tax`
--


--
-- Table structure for table `widget`
--

CREATE TABLE `widget` (
  `widget_id` int(10) unsigned NOT NULL AUTO_INCREMENT COMMENT 'Widget ID',
  `widget_code` varchar(255) DEFAULT NULL COMMENT 'Widget code for template directive',
  `widget_type` varchar(255) DEFAULT NULL COMMENT 'Widget Type',
  `parameters` text COMMENT 'Parameters',
  PRIMARY KEY (`widget_id`),
  KEY `WIDGET_WIDGET_CODE` (`widget_code`)
) ENGINE=InnoDB DEFAULT CHARSET=utf8 COMMENT='Preconfigured Widgets';

--
-- Dumping data for table `widget`
--


--
-- Table structure for table `widget_instance`
--

CREATE TABLE `widget_instance` (
  `instance_id` int(10) unsigned NOT NULL AUTO_INCREMENT COMMENT 'Instance ID',
  `instance_type` varchar(255) DEFAULT NULL COMMENT 'Instance Type',
  `theme_id` int(10) unsigned NOT NULL COMMENT 'Theme ID',
  `title` varchar(255) DEFAULT NULL COMMENT 'Widget Title',
  `store_ids` varchar(255) NOT NULL DEFAULT '0' COMMENT 'Store ids',
  `widget_parameters` text COMMENT 'Widget parameters',
  `sort_order` smallint(5) unsigned NOT NULL DEFAULT '0' COMMENT 'Sort order',
  PRIMARY KEY (`instance_id`),
  KEY `WIDGET_INSTANCE_THEME_ID_THEME_THEME_ID` (`theme_id`),
  CONSTRAINT `WIDGET_INSTANCE_THEME_ID_THEME_THEME_ID` FOREIGN KEY (`theme_id`) REFERENCES `theme` (`theme_id`) ON DELETE CASCADE
) ENGINE=InnoDB DEFAULT CHARSET=utf8 COMMENT='Instances of Widget for Package Theme';

--
-- Dumping data for table `widget_instance`
--


--
-- Table structure for table `widget_instance_page`
--

CREATE TABLE `widget_instance_page` (
  `page_id` int(10) unsigned NOT NULL AUTO_INCREMENT COMMENT 'Page ID',
  `instance_id` int(10) unsigned NOT NULL DEFAULT '0' COMMENT 'Instance ID',
  `page_group` varchar(25) DEFAULT NULL COMMENT 'Block Group Type',
  `layout_handle` varchar(255) DEFAULT NULL COMMENT 'Layout Handle',
  `block_reference` varchar(255) DEFAULT NULL COMMENT 'Container',
  `page_for` varchar(25) DEFAULT NULL COMMENT 'For instance entities',
  `entities` text COMMENT 'Catalog entities (comma separated)',
  `page_template` varchar(255) DEFAULT NULL COMMENT 'Path to widget template',
  PRIMARY KEY (`page_id`),
  KEY `WIDGET_INSTANCE_PAGE_INSTANCE_ID` (`instance_id`),
  CONSTRAINT `WIDGET_INSTANCE_PAGE_INSTANCE_ID_WIDGET_INSTANCE_INSTANCE_ID` FOREIGN KEY (`instance_id`) REFERENCES `widget_instance` (`instance_id`) ON DELETE CASCADE
) ENGINE=InnoDB DEFAULT CHARSET=utf8 COMMENT='Instance of Widget on Page';

--
-- Dumping data for table `widget_instance_page`
--


--
-- Table structure for table `widget_instance_page_layout`
--

CREATE TABLE `widget_instance_page_layout` (
  `page_id` int(10) unsigned NOT NULL DEFAULT '0' COMMENT 'Page ID',
  `layout_update_id` int(10) unsigned NOT NULL DEFAULT '0' COMMENT 'Layout Update ID',
  UNIQUE KEY `WIDGET_INSTANCE_PAGE_LAYOUT_LAYOUT_UPDATE_ID_PAGE_ID` (`layout_update_id`,`page_id`),
  KEY `WIDGET_INSTANCE_PAGE_LAYOUT_PAGE_ID` (`page_id`),
  CONSTRAINT `WIDGET_INSTANCE_PAGE_LAYOUT_PAGE_ID_WIDGET_INSTANCE_PAGE_PAGE_ID` FOREIGN KEY (`page_id`) REFERENCES `widget_instance_page` (`page_id`) ON DELETE CASCADE,
  CONSTRAINT `WIDGET_INSTANCE_PAGE_LYT_LYT_UPDATE_ID_LYT_UPDATE_LYT_UPDATE_ID` FOREIGN KEY (`layout_update_id`) REFERENCES `layout_update` (`layout_update_id`) ON DELETE CASCADE
) ENGINE=InnoDB DEFAULT CHARSET=utf8 COMMENT='Layout updates';

--
-- Dumping data for table `widget_instance_page_layout`
--


--
-- Table structure for table `wishlist`
--

CREATE TABLE `wishlist` (
  `wishlist_id` int(10) unsigned NOT NULL AUTO_INCREMENT COMMENT 'Wishlist ID',
  `customer_id` int(10) unsigned NOT NULL DEFAULT '0' COMMENT 'Customer ID',
  `shared` smallint(5) unsigned NOT NULL DEFAULT '0' COMMENT 'Sharing flag (0 or 1)',
  `sharing_code` varchar(32) DEFAULT NULL COMMENT 'Sharing encrypted code',
  `updated_at` timestamp NULL DEFAULT NULL COMMENT 'Last updated date',
  PRIMARY KEY (`wishlist_id`),
  UNIQUE KEY `WISHLIST_CUSTOMER_ID` (`customer_id`),
  KEY `WISHLIST_SHARED` (`shared`),
  CONSTRAINT `WISHLIST_CUSTOMER_ID_CUSTOMER_ENTITY_ENTITY_ID` FOREIGN KEY (`customer_id`) REFERENCES `customer_entity` (`entity_id`) ON DELETE CASCADE
) ENGINE=InnoDB AUTO_INCREMENT=5 DEFAULT CHARSET=utf8 COMMENT='Wishlist main Table';

--
-- Dumping data for table `wishlist`
--

INSERT INTO `wishlist` VALUES (1,385,0,'xPGmrL0pRXhRhGiL1DNe7cR8ij4dBinw','2021-12-11 11:07:53'),(2,387,0,'YjRiv8dkPRYPoFPfd41FhF5WD4cLX8ql','2021-12-11 20:07:54'),(3,383,0,'0iMuHm6EhRifFtqHp85srv4ebrWor0ms','2021-12-14 17:47:55'),(4,388,0,'49pcjBVTrj8Nsq0EN5FlUHttgvQ61VfT','2021-12-14 18:01:52');

--
-- Table structure for table `wishlist_item`
--

CREATE TABLE `wishlist_item` (
  `wishlist_item_id` int(10) unsigned NOT NULL AUTO_INCREMENT COMMENT 'Wishlist item ID',
  `wishlist_id` int(10) unsigned NOT NULL DEFAULT '0' COMMENT 'Wishlist ID',
  `product_id` int(10) unsigned NOT NULL DEFAULT '0' COMMENT 'Product ID',
  `store_id` smallint(5) unsigned DEFAULT NULL COMMENT 'Store ID',
  `added_at` timestamp NULL DEFAULT NULL COMMENT 'Add date and time',
  `description` text COMMENT 'Short description of wish list item',
  `qty` decimal(12,4) NOT NULL COMMENT 'Qty',
  PRIMARY KEY (`wishlist_item_id`),
  KEY `WISHLIST_ITEM_WISHLIST_ID` (`wishlist_id`),
  KEY `WISHLIST_ITEM_PRODUCT_ID` (`product_id`),
  KEY `WISHLIST_ITEM_STORE_ID` (`store_id`),
  CONSTRAINT `WISHLIST_ITEM_PRODUCT_ID_CATALOG_PRODUCT_ENTITY_ENTITY_ID` FOREIGN KEY (`product_id`) REFERENCES `catalog_product_entity` (`entity_id`) ON DELETE CASCADE,
  CONSTRAINT `WISHLIST_ITEM_STORE_ID_STORE_STORE_ID` FOREIGN KEY (`store_id`) REFERENCES `store` (`store_id`) ON DELETE SET NULL,
  CONSTRAINT `WISHLIST_ITEM_WISHLIST_ID_WISHLIST_WISHLIST_ID` FOREIGN KEY (`wishlist_id`) REFERENCES `wishlist` (`wishlist_id`) ON DELETE CASCADE
) ENGINE=InnoDB AUTO_INCREMENT=10 DEFAULT CHARSET=utf8 COMMENT='Wishlist items';

--
-- Dumping data for table `wishlist_item`
--

INSERT INTO `wishlist_item` VALUES (9,1,147,1,'2021-12-11 11:07:53',NULL,1.0000);

--
-- Table structure for table `wishlist_item_option`
--

CREATE TABLE `wishlist_item_option` (
  `option_id` int(10) unsigned NOT NULL AUTO_INCREMENT COMMENT 'Option ID',
  `wishlist_item_id` int(10) unsigned NOT NULL COMMENT 'Wishlist Item ID',
  `product_id` int(10) unsigned NOT NULL COMMENT 'Product ID',
  `code` varchar(255) NOT NULL COMMENT 'Code',
  `value` text COMMENT 'Value',
  PRIMARY KEY (`option_id`),
  KEY `FK_A014B30B04B72DD0EAB3EECD779728D6` (`wishlist_item_id`),
  KEY `WISHLIST_ITEM_OPTION_PRODUCT_ID_CATALOG_PRODUCT_ENTITY_ENTITY_ID` (`product_id`),
  CONSTRAINT `FK_A014B30B04B72DD0EAB3EECD779728D6` FOREIGN KEY (`wishlist_item_id`) REFERENCES `wishlist_item` (`wishlist_item_id`) ON DELETE CASCADE
) ENGINE=InnoDB AUTO_INCREMENT=16 DEFAULT CHARSET=utf8 COMMENT='Wishlist Item Option Table';

--
-- Dumping data for table `wishlist_item_option`
--

INSERT INTO `wishlist_item_option` VALUES (15,9,147,'info_buyRequest','{\"action\":\"add\"}');

--
-- Table structure for table `yotpo_rich_snippets`
--

CREATE TABLE `yotpo_rich_snippets` (
  `rich_snippet_id` int(11) NOT NULL AUTO_INCREMENT COMMENT 'Id',
  `product_id` int(11) NOT NULL COMMENT 'Product Id',
  `store_id` int(11) NOT NULL COMMENT 'Store Id',
  `average_score` decimal(10,2) DEFAULT NULL COMMENT 'Average Score',
  `reviews_count` float(10,0) NOT NULL COMMENT 'Reviews Count',
  `expiration_time` timestamp NOT NULL DEFAULT CURRENT_TIMESTAMP ON UPDATE CURRENT_TIMESTAMP COMMENT 'Expiry Time',
  PRIMARY KEY (`rich_snippet_id`)
) ENGINE=InnoDB DEFAULT CHARSET=utf8 COMMENT='yotpo_rich_snippets';

--
-- Dumping data for table `yotpo_rich_snippets`
--


--
-- Table structure for table `yotpo_sync`
--

CREATE TABLE `yotpo_sync` (
  `sync_id` int(10) unsigned NOT NULL AUTO_INCREMENT COMMENT 'Id',
  `store_id` int(10) unsigned DEFAULT NULL COMMENT 'Store ID',
  `entity_type` varchar(50) DEFAULT NULL COMMENT 'Entity Type',
  `entity_id` int(10) unsigned DEFAULT NULL COMMENT 'Entity ID',
  `sync_flag` smallint(6) DEFAULT '0' COMMENT 'Sync Flag',
  `sync_date` datetime NOT NULL COMMENT 'Sync Date',
  PRIMARY KEY (`sync_id`),
  UNIQUE KEY `YOTPO_SYNC_STORE_ID_ENTITY_TYPE_ENTITY_ID` (`store_id`,`entity_type`,`entity_id`)
) ENGINE=InnoDB DEFAULT CHARSET=utf8 COMMENT='yotpo_sync';

--
-- Dumping data for table `yotpo_sync`
--


--
-- Final view structure for view `inventory_stock_1`
--

/*!50001 DROP VIEW IF EXISTS `inventory_stock_1`*/;
/*!50001 CREATE ALGORITHM=UNDEFINED */
/*!50013 DEFINER=`root`@`localhost` SQL SECURITY DEFINER */
/*!50001 VIEW `inventory_stock_1` AS select distinct `legacy_stock_status`.`product_id` AS `product_id`,`legacy_stock_status`.`website_id` AS `website_id`,`legacy_stock_status`.`stock_id` AS `stock_id`,`legacy_stock_status`.`qty` AS `quantity`,`legacy_stock_status`.`stock_status` AS `is_salable`,`product`.`sku` AS `sku` from (`flowershop`.`cataloginventory_stock_status` `legacy_stock_status` join `flowershop`.`catalog_product_entity` `product` on((`legacy_stock_status`.`product_id` = `product`.`entity_id`))) */;


