-- Table structure for table `quote_address_item`
--

CREATE TABLE `quote_address_item` (
  `address_item_id` int(10) unsigned NOT NULL AUTO_INCREMENT COMMENT 'Address Item ID',
  `parent_item_id` int(10) unsigned DEFAULT NULL COMMENT 'Parent Item ID',
  `quote_address_id` int(10) unsigned NOT NULL DEFAULT '0' COMMENT 'Quote Address ID',
  `quote_item_id` int(10) unsigned NOT NULL DEFAULT '0' COMMENT 'Quote Item ID',
  `created_at` timestamp NOT NULL DEFAULT CURRENT_TIMESTAMP COMMENT 'Created At',
  `updated_at` timestamp NOT NULL DEFAULT CURRENT_TIMESTAMP ON UPDATE CURRENT_TIMESTAMP COMMENT 'Updated At',
  `applied_rule_ids` text COMMENT 'Applied Rule Ids',
  `additional_data` text COMMENT 'Additional Data',
  `weight` decimal(12,4) DEFAULT '0.0000' COMMENT 'Weight',
  `qty` decimal(12,4) NOT NULL DEFAULT '0.0000' COMMENT 'Qty',
  `discount_amount` decimal(20,4) DEFAULT '0.0000' COMMENT 'Discount Amount',
  `tax_amount` decimal(20,4) DEFAULT '0.0000' COMMENT 'Tax Amount',
  `row_total` decimal(20,4) NOT NULL DEFAULT '0.0000' COMMENT 'Row Total',
  `base_row_total` decimal(20,4) NOT NULL DEFAULT '0.0000' COMMENT 'Base Row Total',
  `row_total_with_discount` decimal(20,4) DEFAULT '0.0000' COMMENT 'Row Total With Discount',
  `base_discount_amount` decimal(20,4) DEFAULT '0.0000' COMMENT 'Base Discount Amount',
  `base_tax_amount` decimal(20,4) DEFAULT '0.0000' COMMENT 'Base Tax Amount',
  `row_weight` decimal(12,4) DEFAULT '0.0000' COMMENT 'Row Weight',
  `product_id` int(10) unsigned DEFAULT NULL COMMENT 'Product ID',
  `super_product_id` int(10) unsigned DEFAULT NULL COMMENT 'Super Product ID',
  `parent_product_id` int(10) unsigned DEFAULT NULL COMMENT 'Parent Product ID',
  `sku` varchar(255) DEFAULT NULL COMMENT 'Sku',
  `image` varchar(255) DEFAULT NULL COMMENT 'Image',
  `name` varchar(255) DEFAULT NULL COMMENT 'Name',
  `description` text COMMENT 'Description',
  `is_qty_decimal` int(10) unsigned DEFAULT NULL COMMENT 'Is Qty Decimal',
  `price` decimal(12,4) DEFAULT NULL COMMENT 'Price',
  `discount_percent` decimal(12,4) DEFAULT NULL COMMENT 'Discount Percent',
  `no_discount` int(10) unsigned DEFAULT NULL COMMENT 'No Discount',
  `tax_percent` decimal(12,4) DEFAULT NULL COMMENT 'Tax Percent',
  `base_price` decimal(12,4) DEFAULT NULL COMMENT 'Base Price',
  `base_cost` decimal(12,4) DEFAULT NULL COMMENT 'Base Cost',
  `price_incl_tax` decimal(20,4) DEFAULT NULL COMMENT 'Price Incl Tax',
  `base_price_incl_tax` decimal(20,4) DEFAULT NULL COMMENT 'Base Price Incl Tax',
  `row_total_incl_tax` decimal(20,4) DEFAULT NULL COMMENT 'Row Total Incl Tax',
  `base_row_total_incl_tax` decimal(20,4) DEFAULT NULL COMMENT 'Base Row Total Incl Tax',
  `discount_tax_compensation_amount` decimal(20,4) DEFAULT NULL COMMENT 'Discount Tax Compensation Amount',
  `base_discount_tax_compensation_amount` decimal(20,4) DEFAULT NULL COMMENT 'Base Discount Tax Compensation Amount',
  `free_shipping` int(10) unsigned DEFAULT NULL COMMENT 'Free Shipping',
  `gift_message_id` int(11) DEFAULT NULL COMMENT 'Gift Message ID',
  `store_id` smallint(5) unsigned DEFAULT NULL COMMENT 'Store ID',
  PRIMARY KEY (`address_item_id`),
  KEY `QUOTE_ADDRESS_ITEM_QUOTE_ADDRESS_ID` (`quote_address_id`),
  KEY `QUOTE_ADDRESS_ITEM_PARENT_ITEM_ID` (`parent_item_id`),
  KEY `QUOTE_ADDRESS_ITEM_QUOTE_ITEM_ID` (`quote_item_id`),
  KEY `QUOTE_ADDRESS_ITEM_STORE_ID` (`store_id`),
  CONSTRAINT `QUOTE_ADDRESS_ITEM_QUOTE_ADDRESS_ID_QUOTE_ADDRESS_ADDRESS_ID` FOREIGN KEY (`quote_address_id`) REFERENCES `quote_address` (`address_id`) ON DELETE CASCADE,
  CONSTRAINT `QUOTE_ADDRESS_ITEM_QUOTE_ITEM_ID_QUOTE_ITEM_ITEM_ID` FOREIGN KEY (`quote_item_id`) REFERENCES `quote_item` (`item_id`) ON DELETE CASCADE,
  CONSTRAINT `QUOTE_ADDR_ITEM_PARENT_ITEM_ID_QUOTE_ADDR_ITEM_ADDR_ITEM_ID` FOREIGN KEY (`parent_item_id`) REFERENCES `quote_address_item` (`address_item_id`) ON DELETE CASCADE
) ENGINE=InnoDB DEFAULT CHARSET=utf8 COMMENT='Sales Flat Quote Address Item';

--
-- Dumping data for table `quote_address_item`
--


--
-- Table structure for table `quote_id_mask`
--

CREATE TABLE `quote_id_mask` (
  `entity_id` int(10) unsigned NOT NULL AUTO_INCREMENT COMMENT 'Entity ID',
  `quote_id` int(10) unsigned NOT NULL COMMENT 'Quote ID',
  `masked_id` varchar(32) DEFAULT NULL COMMENT 'Masked ID',
  PRIMARY KEY (`entity_id`,`quote_id`),
  KEY `QUOTE_ID_MASK_QUOTE_ID` (`quote_id`),
  KEY `QUOTE_ID_MASK_MASKED_ID` (`masked_id`),
  CONSTRAINT `QUOTE_ID_MASK_QUOTE_ID_QUOTE_ENTITY_ID` FOREIGN KEY (`quote_id`) REFERENCES `quote` (`entity_id`) ON DELETE CASCADE
) ENGINE=InnoDB AUTO_INCREMENT=720 DEFAULT CHARSET=utf8 COMMENT='Quote ID and masked ID mapping';

--
-- Dumping data for table `quote_id_mask`
--

INSERT INTO `quote_id_mask` VALUES (71,76,'01c299d2c4f15bb5799bbb4825605139'),(10,10,'035bc7124a0c4b1acfc8c442727947bc'),(313,542,'03bdBLtROgXBxh1b5I8QqXt7C2wQ3Dvz'),(76,81,'07ff9c84d8a6804e900774730e65c9da'),(17,17,'096370df9da31d099c83bbb30bc0b09e'),(39,40,'09dc0139ec554e2546f6e571c8069622'),(426,659,'09pMaSgxIpmkx5RTmXfCaGg06uYXaq64'),(461,696,'0dQNDI9SbtK4KqScL9XUjv0QwKiIWDG6'),(133,239,'0DT7aKbqvVXoV2re6kaSPjFXmuZURV4Q'),(62,67,'0fb8a6fd5c0adbc4d36628d7387d30e3'),(240,465,'0LtYn3ZdRjZuhQXMSR4vanuNlMOxoJkR'),(96,102,'0OEdoaRrfpiBtbMZTofDg8t2NYWvN8Pj'),(703,1079,'0pQTYgw6MwrUOlkQ08MvpMBV0l53s152'),(400,630,'0pViezlCwAeFP2Lx0DCxuj24Q7wuSj0g'),(214,424,'0TIHzWT9TetHY1hOcUp23dwyFgRASrfN'),(339,568,'0VSDvjgjr0R295feGE0RsqdpRuCu7GPJ'),(543,804,'0wiV5JWZIWX8Cf4BsF7P826cYXvQ6fNL'),(38,39,'10a5a2b283d2b9bccaa6adb7810761b4'),(425,658,'10AP991Y3iUHtXACs4ML1qo4iEBswzy7'),(2,2,'114f2cf69ea2d96b689598a3bbcbfc12'),(351,580,'11pqxprEfFa9zegGFclVKTEjFm3lrbb0'),(43,44,'15a14a03a8f76b95031b552564f01ab1'),(443,678,'15Lx36msLku6YU4v1HoIUnD6UYyBiHsv'),(336,565,'198nIF3OaqLnaJtf04CWfRKaAXb7enfr'),(393,623,'1APMRgLml8BTq4d3q3KZ9YrNDayJzMhY'),(15,15,'1e25dfef61b9bb15be4aa62c6501c49f'),(273,500,'1HmfosfzH9AvgAlzwSROnYQ5ZIdNaAdP'),(383,613,'1jgCleNeCpIewiqWr7pDSLReTdAc6u0v'),(174,329,'1MyV0NNb6oar2rEu4BCtaldkSo7p8y2d'),(477,716,'1nLzBKVLJhI5A980pIa4KW5jTt3aXiI8'),(90,96,'1tZq8s18H7sLIdumnVBSJ7xywO29PPfs'),(342,571,'1VpDReDjNT7nIdQCncXCZr5Nsym3tcRr'),(93,99,'1yTU8XBYsGH2Tas7C8KANoa5figNGaNV'),(476,713,'1ZAtZF0c07WyGxubMqxHGlp4q82UpSyk'),(26,26,'201e9151866bb93f24423c2ba079c478'),(306,535,'204Uz7BUJo7kYLv16Disfqu4qCEZDJ92'),(27,27,'20984e3fe5080eb4ace1568be9580ddc'),(65,70,'227dbcc4c5667c4e797b7eda331a7b6f'),(419,652,'24Au6fZEoWnZVaMqv87zwpLGl52ItmGZ'),(50,54,'2a64db5b00b5071e95df659ad0d7e8ab'),(332,561,'2ACYGYEbkbcCELQMeSPohDnEuauOJStE'),(401,631,'2aufii23FDnJniTIdQgJovV50eyYOHSx'),(37,38,'2cad84dcd82beb2e977ccf2957ea797e'),(644,985,'2CeAT6GQwnjEPkAncgk7jIZ51qjCqfyY'),(254,479,'2CMprF9B5kjRVuxIcjd5lpz3R55bhm0E'),(59,64,'2eb312bb1a601034f4aea284a68094ab'),(480,721,'2eezJ2WqEoUeqUTFsICBkPJS25GT6xOf'),(24,24,'2fa1f7dfd1dc2172d3150a95af01681a'),(453,688,'2JQTrcGgKQoaqwxC9TX8lZ64rdEumx1b'),(386,616,'2LeS5bdtoVwcrbWjk3zxBg63q6ExCuAq'),(559,836,'2lkyTnmdSd3em4A3XMk6A4tAgoJLKYBN'),(673,1043,'2M60A9CT1e23W3mybvlFne5cdBo1apu2'),(196,386,'2sC8rR4qm8RWtl50mS4xyhiGp4rH0AB5'),(246,471,'2TtYeewE31swsAAjVsyn7ghosjMwIpjp'),(244,469,'2Vl5HmQuFwnHCHQgWuTOqT0Gc87FyODQ'),(64,69,'322620be724c7833b5ea8d2a10906bab'),(75,80,'34d79c7652a16e3e6a884610a6be126e'),(235,460,'35jAgB5Fomozk4RxqSfunZUCUgaQmLhK'),(40,41,'36b48eed63de6a3b4f091c72a950a873'),(454,689,'38k0W4WGJEr0ps9cF8jc7Cz9MQR3k4gu'),(25,25,'396bad049c03a5fe8fddf9b4a13b57f2'),(49,53,'3ad7299970bf0ef70c447cf831c15943'),(512,757,'3aJiqyj4Hj9RkrPXZ3WeweKa4mwie5cm'),(337,566,'3gnEZortfK26zMTfuTPGS4JOxXPilqvy'),(89,94,'3hJEKiAflXrVK25NQXMjwsyXvCRU8TFj'),(580,872,'3NEnmCpq9Vv3jeiyABT27jh90DnmHwbO'),(97,111,'3OpSwxk60s6jiLOvtF0LxMY4E50Jjhb4'),(410,641,'3Y3iBt8lIt2oZntZWSUWnZZbMPZs5K5v'),(615,934,'3Y6y7Qs5IgTODzpLlFOwJyYAuiKgLNeL'),(101,121,'3Z1pIhNKi8XiLVFVa9vPabWdo8cojIDa'),(678,1053,'40wXPJtelFyglNsNGLSJdhmaGQSJXJd4'),(21,21,'4264aa5f4de67fd4cf9b6f7e6099a1d9'),(12,12,'4315ec08016cc5bd3026be975c69818c'),(633,961,'43AeeWMDDaYWQqO1Y34CqYFXXh7aGV40'),(20,20,'4411663d9cb6837b43f3dd56d4f8c411'),(22,22,'4c30302f5f683a3e5eb0b350a8259d48'),(55,60,'4d2c21c6dfcfcb4cad6ecaabd145bddf'),(175,330,'4daz2Rg91nVaTAenSbsvDlugi5XzWtjn'),(14,14,'4de161fd4e4d7753e588021080ce38f7'),(8,8,'4f5a9856859feea1fb46ec26f3c17caf'),(687,1063,'4rKizfHlxpWvQJC8RU57Z05jgEbisyYz'),(359,588,'4Tu2OWzxigcXbQ0J9Y6qhA3sEiGQ5CVr'),(614,933,'4y92Dl3xGiElU4j6UwFo1HavbaIYWzDC'),(328,557,'4Z4Ld5uQXBvHMeYej2mJCXStL2cLhN2g'),(9,9,'51edde53de97cfc3bb8e22e83610e990'),(258,483,'58w6kPrbcUHJOtYJDKhnTpy65znmgazw'),(28,28,'59be642b75d6884e1f9750ea708d7625'),(51,56,'5b2b7b08450228bdf075c8ad31e2b67a'),(579,869,'5CTlOkgT5UoveZKylfubkUrBWHtiLK7F'),(68,73,'5d41bcc066ecad3814a02e1d79a3dd7a'),(136,247,'5dAWjgxkt0Yvq2Nnt4XU40l8aiopcW4f'),(427,660,'5ndgVDfoelDlPKAXQxtqmkM8BaAnOFYF'),(616,936,'5skoMgy9xUxNo1p2krgh41Y4DrCdik7m'),(191,369,'5sX045K5zm2KTb1xQlw3ip95YRpf10D8'),(369,599,'5T5AVgmiPJyiItinmyBPINn5JwxuFyg8'),(67,72,'616cd8c7dfb65c4a01149e8e396ac513'),(626,952,'61O59xo6bvPJIz4Lashc1c6FiJI6XhK9'),(398,628,'64tHp9DuuKIkPqVFkekLOG7m2rOZvAmb'),(218,432,'6DC3AJWMmO3I4O6F7vijNkYVxqJHjF8Z'),(448,683,'6Kq8OoJzecgxriBGPsx9mRHJX0l5jaHG'),(508,752,'6M4b1EHm1zyCKGk1EzCZoDb4zeOuKUuX'),(639,974,'6zSDubdTKKL8rdnJspWPYPWgl5pfD9kU'),(431,664,'6zZrh66Und9qC3z0AsRk11H6oMwNgVZ6'),(333,562,'70fcmxA0i1GXJSnAYywV4Uovy1RGcRP0'),(72,77,'71e0dfa3a693f3da01f5433c580a06f2'),(4,4,'7329a5e178479454ca3cfc61ad86228b'),(52,57,'7458d980412745fb05815c8fd5f323bf'),(6,6,'768e62b29474a0a4bc38e7a5258ea468'),(372,602,'77p7u48BiNU98EM08CRgD2izhdObGchA'),(501,745,'77PTZfXNDrtvsvenHGx0IBRWfX8UpTR6'),(23,23,'79aa761878485732e837d71bfb1c5bf4'),(54,59,'7db07cbca12c7f4eed136bd6829fe9a5'),(489,732,'7fGhSGmf7eEsvXxaFW3BG96FVXZf3QFV'),(169,314,'7pDnteXdAzhnJcrRBjHd0ucHdWwjIGDf'),(209,412,'7Rfa9WJUS5IDtgQl1AzqwoCuxMvk6QEP'),(285,513,'7RPnK2KuEroApMzZ3GiLkSAH3fh64llC'),(693,1069,'7V7iHTu1gk0SldVxuS0H6AuAY65ocKj3'),(672,1042,'7zYmNzl9uSgDD5Y05FpK9ZOIxRQCR1uy'),(5,5,'81eac986ebb54e2ff860c02ffd45a353'),(13,13,'83d12d01994a0a2bb34a2ffe532814e7'),(30,30,'85c0d188accee1061e2b7747a4c6d742'),(126,204,'85szU9ATfR1iGuhUh3GeHUJR1QpedPQE'),(145,271,'89PXE54jncdOgnLEZbhuhjFY19TwSKeO'),(278,505,'8aVr5jgfGvi35KeYX73IEMX2CYjLMx52'),(70,75,'8b2ea816f10fb2d60c8ce63a3a916111'),(63,68,'8c0213bbd045ae5f98f58192f339ede4'),(119,176,'8D2bLQd2nPv3RKokM1nXFiYS6zR3Rp95'),(48,52,'8ea91a99de64936109bc39fc69ef077b'),(513,760,'8FFPpEZ59M7Xa8d4tJcIuC1jZIeftV2f'),(460,695,'8hbmGJgSHTTOuOR1atYnfsvIVcOtHata'),(516,763,'8JldwpORnlSM2Ho18KlFrL3QDjrjzgtu'),(561,838,'8KFDein7hesNrn0xUrrGBK9bEHYOvJnG'),(510,755,'8lxON9Y8Cy6oEGEOY5gikFGGJcdn2Avo'),(104,130,'8Ng1Yzm5sjXMkm05mYlbvh2txhvjkOc2'),(716,1093,'8nxbUgLR9l0xfDqQUje6lqTTXfqsnfVm'),(204,403,'8Vw0c7aDT7ikhbIirfVVjgRGkNH2I7zW'),(456,691,'8WZGNOSP4pxIjmiwL1v4MaDZLhIbAOFr'),(260,487,'90uQDI8LADeDqUcp9EiF7BUmU6ddsdD0'),(45,46,'91e796d665c454e1b28db1068b187688'),(41,42,'96ef71c1d7b51b4d122b0c605b7fcb69'),(56,61,'98c0385c7733db8c74cff06031909259'),(220,435,'9BFWld4ar6dN6Dzn8e3rMkMIULfbYdsY'),(100,120,'9dG76GW7Thw4P5sKPYhFpeQQLMHhppyl'),(29,29,'9e107a40a706dc33935d646e99537e8f'),(66,71,'9e27a68c071eeb4391ad99fcfb983c7d'),(77,82,'9f647b0bdd7f85e2e62099d88e7efbfa'),(662,1028,'9oNF5hLFqItPWFZen7NnlrZq8HYNTtGc'),(153,293,'9QTg9duy0OxP2TBg7zO538w1UfqmUgBg'),(575,863,'9Qy8ifA1oo5H5XMDBvZo9F6MkdsdVZS8'),(388,618,'9RZioTO3e6gWuMct1QitQIFwqn8ui8fF'),(312,541,'9s8GlOQUuzeI50uebStgyworpvtbLgQb'),(573,860,'9So8H8UDv2kgw7KYjfC5O48gPjkbl87b'),(692,1068,'9W7FJGHDeEff45SHydKvQTFWC2m5JG0n'),(148,285,'9WsFgl7rTXqt0mnJJxc16sQXK7hnZQhf'),(329,558,'9yrgKDsdyepFjyPIWvJd9gLeJv3yxYoH'),(288,516,'A0CxjNpCd1kUXthlyxeRO5LAAmLyAdTT'),(211,414,'A2IS1u6kD0We656dPDkNAXcKLv6WL7rB'),(18,18,'a6211e6095f3a314ccdecbd6a1625d2f'),(318,547,'A6cs9W7NrZAAaMWhXRO58GpMj888mMSZ'),(32,33,'a994ee92009b39df778dc47054073c92'),(3,3,'ab8519a091c288dbf7991b2ad7f1159c'),(152,292,'abrYlDTQ7vTve22s18fnDXgA92hDZ6zk'),(34,35,'ac91c72524b84c1edc3066a848c12662'),(478,718,'aCqdo5e59C41F9OVLsdLihe6WxzQqRbG'),(47,51,'ad4100f7dc67bd7aee9378f394479a79'),(164,305,'aFt6WjwYYSoV6YRYvG3TMgjRiSwOkfjl'),(688,1064,'AJfLnRf06y6KwgWK58xBZ7pZn2qllcpw'),(212,418,'AJZkTj6qj0j6Kp9iosZPAH5wnpmu7se3'),(178,340,'akT2f96tNiA2ezA9VXy68Zo5hgNHRSQj'),(159,299,'al1lKiiU4uwYLR8RH3GJLMYUofPf7NBA'),(335,564,'aLRRLTZFFC22ARiBsmRbyzwWAkBiC9FR'),(155,295,'AOFum04E6FLGadimUvpPTliwZRsUqjVf'),(485,726,'ArCoDKxDKdxbYzzzCml7R8DIZa3NRX5P'),(541,799,'aSTapwxQr1aWXNavaztP1CMSf1ApHmwW'),(701,1077,'Ax6Fxwq9pSvWbsfxwUNzUVwF7NTIoG1f'),(402,632,'azbqdCI9HyqtajjPZmAC7kSQ3farJCTU'),(149,287,'AZENPBPwqOseQpRWTPoxFPAtg7LjKUa7'),(58,63,'b2a68fad691c15146acdd8ac0dcf0773'),(107,148,'B3g4hKju6cdBq8Xqt4bwbA6NX7Cjs5jW'),(358,587,'B3OZ9fxVHhatgSOojNe5M2FBOGxjqVgn'),(429,662,'b4LzkKY8bmsZJq1I5WIgrHN7bZ2qPiDB'),(42,43,'b5f20eaf342e2a36acdafbb1ebcbc97e'),(334,563,'b5w5cVcBHHqR4f4E4baBQOgaeng1Mkbf'),(69,74,'b9bb626da46dc950c7ac78d56348e1ad'),(109,151,'Ba3rUpuD0JFpzFA8awFr04OOKmA3smnB'),(205,404,'BdvJVjimJGQdmrjTU7gZN9G76uOmMPpP'),(74,79,'bffaa1bc5eba1ac716fc84b8368cb88f'),(599,900,'BfwXdLVY3NsxrUS8UmJksq5hrEvSJHC2'),(252,477,'BFx4suhcdwWmqEO8yyvkwSB4xZ7M9P2c'),(676,1051,'BgO0VfLilwnr8dLv27lZBKkJPATqzLyV'),(181,343,'Bj7a9vUvIqaszA7ZmCPmmg8YSj3ca63L'),(201,396,'BJfOO4z1IWa2Lrj3RlrFJWzb5lbGb6lR'),(247,472,'BkQrQedjqrwz51iVjbPxGBpKQS5Hc2P4'),(406,636,'BL5fB1M7xkRLpx9XKAj6UMIFWYjtlmn7'),(612,929,'bli1MEHlDqNIuoX0xWxMhB4yzDS6tlyO'),(262,489,'bnhFzWlND7kFcVHx39ae2FUZoKMXQiAU'),(125,201,'bnz6xSGhslxoW8zleRq2aEL66IToA9XM'),(680,1055,'BpH0ZpnK3OEblaDLPOK386a7m8bn7F9v'),(344,573,'BpKdJ3u5VQeLi7d0gPtjMNrWCQu6rWTO'),(347,576,'bqeIOsHYWTRYpEXRVHw7DEG6Xbmy4TMV'),(605,914,'bR9Ukxu6hPNlWAumVYCV3RU9mbws2YHZ'),(289,517,'BvPDpqqAO9wu9mAlRUYPrv2bNf5Et36J'),(611,928,'BvRTXAmvJIthw5BtSoUPXKeB8Sku1nLK'),(36,37,'c01e61fc091388a5bc1340f232f5211b'),(31,32,'c21f851148595a1da286e1348c4df8fe'),(83,88,'c5PDEHV081TZWVD4c2I374X7JDmiFF5C'),(298,527,'c5qfg18UFGlBmJQnbOAJzxEqM0BRqfyM'),(470,707,'C7QTzi76A3eKoGBEweU8N4gwTnajs4P1'),(326,555,'C8c4XG3d2QKPwxIG0jhdvIjP6QlFvugp'),(707,1083,'C8I1gtoc5F3j20FzpCmWSzJCBUqzcAmN'),(641,977,'ca9gKjHy3srfJwGWy1dRkYAJwalQ6dMd'),(491,734,'cANd9lvXdSks6aEPjFidSw1x7FOSdcsB'),(518,766,'CE8F3DuFQtt5G35VP4VXiBnJf4HokSlm'),(11,11,'cfd65e529a73d77e56071a5335e771ba'),(430,663,'chnvwEX3pYB0S18iYS3XWU4o81vXPfqL'),(360,589,'ciHyF2XWiGka6xxIm0GHP2fvODazYYnS'),(496,739,'cJ9SsyQySdY7uZ654yIsbqPrrrUozY0B'),(534,789,'cjrJufo6Wz7zbLaw2Y1caRjmzzDs2SOR'),(486,727,'CkhwP94aAEcQPtVKWYzz3OI0czYuj4ZD'),(229,454,'ckUtUAUvs727rXb7m8MIbYalgkfFd0FQ'),(558,833,'CoDQYfIBUzLRaS2OfbGMq7M0GkwRRyUo'),(451,686,'cohFEP9urDD0VnkI6VX8GFma0A1pFYxK'),(522,771,'COJQ308fkgKJhRaOsGl3Vsk8OsvQxomM'),(115,167,'cOwiLrPRbIgMlAkpqz3FWPl0u6xXFHHc'),(216,426,'CRjbPqDIrl5HbgNEPOn3IibM3hirq52f'),(638,973,'CTqksNGddltreltL2yY2MhrP7SLxWs6m'),(643,983,'CUswRk8EYr80F8ZlfdSlD8RD2NMTbRgI'),(275,502,'Cx9ZTP1K6x7Qudrcf1N6tDVsPvraJxeC'),(566,845,'cYzeNuSjg7GIjn2jRZ2O56nuwPOj2uWc'),(713,1089,'czNM4GsVWVejIoRAAEPNlePt4529nzQf'),(19,19,'d2d10c83367808838d41d4b26feef9ce'),(44,45,'d2dcd50220e550be66c7739b17a46d34'),(170,320,'DB1IM7tcLWk70ZDPU6ASVU3TCCsiDJTE'),(57,62,'db8bf94f20a1610a01bace2710f569a8'),(61,66,'db98212eba91931bbdb6d72be9648e0a'),(331,560,'DbijRDvfe71RHacJriZhd0oPETd4wJ91'),(78,83,'DDEDhOrQo0yX7kjoS86GmW7vtGxeXjnb'),(73,78,'debf6a3f9f6f9a3f035686cde2637460'),(176,332,'DEhw7q43cZnDcnv8pNIiihbKFDrVksnc'),(469,706,'dEWo29y2A9b2kfaOQTPH9iBj4ZTg9d90'),(256,481,'Diw6b3vQ31E7AAbf9yzRxk77j238Dplw'),(618,942,'dKpexKEC46JyTuqV0e3sn6AZfxIsNtyz'),(363,593,'dmVVebOyvN5CmAPyuGz2k0YhLuf5Vdc1'),(700,1076,'doJsmo0lUDK4MmS2zKubngG3b03vREWj'),(514,761,'DTNrKkW1xY7YjFsPiCNn6kSRbiBd9WSE'),(316,545,'dUJvWlv0N171k1QojlcWgw7WC8IxGyx8'),(277,504,'DWMc2ueXjqD3b0jCNl4f2KOefzfFHfGB'),(506,750,'dyUAvEIR1PI4QW5xdq05DwRXounhaa2C'),(441,675,'DyVomEuYjQHMM8w201CPW6U8sbhiDtzd'),(710,1086,'dzyN4K0XEjBgXRA3H7yCuq1J8A5vyx9G'),(53,58,'e06757c0410b880f9e35b3ebb3ba7388'),(16,16,'e3eada8b2b853c9b068f00d91eb0ca4c'),(414,647,'e7bfQ4yLFroLgLfxjU1CnEmswNB10J6w'),(7,7,'e862c9886cb355e6c04ba873a2af8ce4'),(694,1070,'e9XmkPIBXNmFeW5TcXWw7QXxRWjO3PY0'),(183,351,'EaiVl3RTn6E3bdjsUkS9Cv3raGmnI3SH'),(299,528,'EAL1Ye3MlGKM4Szj0w6jsgMy4Qwv3vW3'),(276,503,'eAVb8He0cXgux6uPvBWdrWCAQOCM0Ug5'),(718,1098,'EAzCOuJy1sCs7KEHkoskOWnpZqy06xcJ'),(120,180,'edtRLBzG8BuEDwiwVo83ZI9T8jkw5I5W'),(131,230,'ef5cz487N9EGTpfSQZhm3wg7okg9Ka5d'),(116,170,'Ef6wS26JZbBf5nBB8lRWp9kd1AQKFPXR'),(609,925,'EfnKlRxZArkcR6rvyIiorpcYwkXXP0g1'),(346,575,'eFXTrdeQpLxu9HhOhO6zAFfTHGyPg7RG'),(221,437,'ehzGZvew0qKKPLpMg2y7rdp1UKUDatCc'),(527,777,'EjAl9kr4sG55OOtUYiw6oUJuZFuASsnl'),(139,258,'enbT4C81zj9moP707NhxxwmWwpTfnYfR'),(462,697,'EnkTSuSlYQlh0P2sq1S8SXa4MMTv8Rao'),(635,963,'EnSwXtmJ7Xj7EXF0zTcXw9k9rF1HL2N4'),(711,1087,'EpN40sYUegi0aet8Sy9FhBtL5TDH41AU'),(370,600,'eRflFGcSbS7NGv8VuMiOCZ5awzZlDfP7'),(444,679,'etJokYtasEsX8oRvAmtCV24gRmoU6FVf'),(248,473,'EXfiJ6KYWyluyWNdEXL5WoE5S6slnbPg'),(1,1,'f5aacba5e916dd314037a7b59ea61915'),(428,661,'f5PiTqqPl0rr6O2Q6ROuMrDsIoonaw0m'),(46,48,'f6d85a940ee1d5e8122f3cacba33ad34'),(583,878,'f7J4KUnu6dGYyExwdj5tM2us4ljafxtP'),(60,65,'f8843614581cfa0fa5e3a0b1c9e37505'),(568,849,'F9bKsfL1UcH73sRxTjn5p90tI9F2FmXo'),(544,807,'fawSFP83uHqVZBRwwSh6mm3OqOrovDzN'),(242,467,'fbAg28NKUpBoXt9ao7ouxlLvGNmF2MDS'),(33,34,'fc3ea1b36814450348987ec7786c97d5'),(311,540,'FcUaVk8cqpCOm62rrYmxJHXzoJunnXFS'),(523,772,'FdxNnN264CKnxCjtvgEWgP5mmxYBaSDh'),(495,738,'feiW4okkvHAnevKnaG86oILm61B1fZ55'),(588,883,'FFOjquBlGNsP8u1CyQokvqfgx4NZw7nw'),(536,793,'fIpcTUoYNwlgdYgLhkWIH93o4ubL6TLQ'),(173,328,'fIwlWNPc9fnYPRrPYLmaT9gmu8Byohaz'),(327,556,'FJI7gUEOnsho79A6l0VwKazOYHPx3xw8'),(589,884,'FjzvVxeGnC0yfR4MBHiIiYCE8htKaszN'),(151,290,'fK3LepqGqBa48ZxR18U1rhkPN5KKUfj9'),(354,583,'FKh3IYL9z2oy4NIBr1SG5pmzyxgNy97X'),(282,510,'FMBmZ0BrabA2eJELzp0IPH8wYmPg63El'),(490,733,'foFPMtmgYMyPWZHWFWrbgpthcDC5E4Qg'),(297,526,'fpsJziVgUK8Vpdm9zreCjU8sRhPxPb1i'),(650,996,'fsSzJfs1wVWTuF4qz3uS78NRGkxIW8Ad'),(314,543,'ftuM6d5ERwx8A5mAq8nxZkxTB7zXfH3C'),(652,1009,'FuKUsd4SxOxrXnXdC8wIxtLmrdJOrrfU'),(283,511,'fvY58DZI4Mpt72hjOfaCNkEC4xozk3ho'),(422,655,'Fzz81ibEmSUv9gX7n537qjZ07zY7Xor3'),(689,1065,'G3o9Zd3HmbVm0xbepoO5BAOQvGYzzk1p'),(184,352,'G4QsGWH1e5aE8h1exaghJa9wVWjL7vcE'),(537,795,'gaJMesGHJJ9CetytM2rh7d2ikarMLEab'),(234,459,'GCpTzF2b4eLcToJR2nOXSzFPw4nSKYeh'),(625,951,'GDqKJ84AZMNtiAGVLQv41otlBp1hcZE2'),(416,649,'GFKBJvHpnAfi6IfyDnRsuLeHjei9osRD'),(423,656,'GK131VUuXBLa8ZFHko3xXryKZOYELCw2'),(554,827,'gleqyx1XRD2T6csjA3fS1q0RJLYYcsA4'),(223,440,'gqyfExH3BYTTewfIfAS73e9vPhrri5kB'),(449,684,'grPeHCP7RSJEel53mfQowVo60t0zRn3v'),(656,1018,'gRpWyuHnd4mp3Q4cXZi5sBj7DZknISny'),(270,497,'gsbLfAKHgWHgyJMdvC6lG8VvFwcjwiJN'),(471,708,'Gu750T4QwoCcr0rrvHCDZeUUu1vezqjx'),(286,514,'GUKiDPq1v8hdhlo2AOAzxlH0fNkr1uES'),(415,648,'GxA7VHxSsBeFTIeSbLZq81XRKuto0VZv'),(296,525,'GysqpCtm5znnzagjSGCAZ9iscxwvw4jj'),(699,1075,'H0gWaF5HnUPqqkhkNc9ABZbSQUdeNr1Q'),(593,888,'h2LJ6QH4wsolv2JHCXtXVqWl6VTpW77q'),(193,377,'h4T3z4EY3GDWqqoPQGyozemOfJqBBfid'),(645,988,'h6DLCXrejNoXTGOqZhCHCdvoUmbYTVsP'),(666,1032,'H8kCoqJ8rfB69SxMG34BWi8c6fE6MvNj'),(224,448,'H9jq5lnPJwq53U3cKQeweXpF0eugyN8z'),(521,770,'HAQnzCOqdYyZCLzNxngVr00d87y57req'),(357,586,'hAVMXDjJworI1Bg82PfKqBvZnljcuytK'),(540,798,'HCwhBl6M2QRZ7iwiEiVf4ck8eeYZP0CW'),(86,91,'he1CLNOvY5BEpx0RUKaRQ8qXQJgfd3Tl'),(503,747,'HEjj8ofPGxVtLT9lS7LwrTHUb22qOQlT'),(226,450,'hFu6E2fZvA2t7xcRPdxGOjz8YIp7aUCo'),(640,976,'hfyiycAuVs9Dr1FPeApb4yzBsOdVjmFU'),(531,786,'HJ8qlFjgGbodtsncVnjE4NzRCwNElDxi'),(102,126,'hJGabk1a7ZlD1cxKWW517pZho08K7ROw'),(118,175,'Hl6WY2r0c4c83SgKTBGyxj8uSEXanIvs'),(361,590,'HLhkPRNck74SRNsb6pr90STp1GxZkCl0'),(230,455,'HMivWnRyKjYiZWqAD20mKd4WZwhNNtq4'),(261,488,'hOSmYqp3yVxPYmFnQNwxYV2sI49WsaAt'),(482,723,'hq7G2tbfla9FyE2WY7jk81kzY4rAppte'),(163,303,'HtLlt28k5n6sTGqNG1GFuZR3utpyujK3'),(551,820,'hXawGRHb7PRyM1os5yFkRL48yHYvvLNI'),(466,702,'hYgUVrsHuRfhVczDDjPsrAhe2zvYXO1M'),(379,609,'hYywurT9SijSvcTGt9YABCWsDCkYDe8B'),(582,874,'i23SzW11wxCpIrvvvh0bsSnPJnGPdH92'),(338,567,'I6DjKjGtQZkGWos7hRIiTJRrdix2hHHU'),(373,603,'I8271jheJsGm4LyjL7SK1mNtod0CmXUk'),(712,1088,'I8Aufqsz0sIuNDntIxHa8rmitXu8sCqR'),(517,764,'i9D1SbeBdsvLeVJGE3hGRammom9mLFG1'),(647,991,'IA7gPtw0Jc4O7wojLJkEiyT99QBFAxc5'),(412,644,'IFwE7kroHf3ILPjzWrtnCOwrKn3vjDdw'),(525,775,'ig2yt4EOQIPUt5UEqhjIFq2ojkulkSMk'),(597,892,'IHwdguMTRwm018wFp7yNLDw1vxh33Phz'),(188,365,'iiQmNhc3oGtRPlpZJB8lbolgUVOlpCyb'),(380,610,'IIzSXSOsNbQ4OGQ7BO0JMF6ubaCA6z7U'),(664,1030,'IOTCySkMhAgFMhEAm1AWsfvd8XToL9yT'),(472,709,'iRUV5nSXwqpa1AMoFAA7XpnOkVf0uuB6'),(681,1056,'iUaIK1aps7KiHcLnslXd0Yaxanhoi8Nx'),(636,966,'iULbnndQw2DFIqhxCnBzu9S2HzQpfZG8'),(670,1040,'IVHmNOPd9F8RRvRFANRDQW42q2dpOo0U'),(584,879,'IVnC2XEeo6hEjmCJ1HA7Rr2n3H12WxIH'),(160,300,'ivRDeeqVFxg8zu20M6tf1T0bdl6YZYyJ'),(142,261,'IWz98PRVrjKrpg5xmQLsclYQ4TGJ1R4E'),(581,873,'IxiXpANAVCVX4UXaUiTfD179tn3M6GYZ'),(352,581,'J0CClb0GLVWgjY71zLuciSXKlQ5bbeaK'),(165,310,'J0lbyjXza2TcQb4q34sWMEPDgUQFpg0l'),(637,972,'J4ezh2L3pIvouvDWAGlEwP162gMJz8VP'),(94,100,'j4hVaw9TSMzZJnVUAfE93jc7eRbf2jsS'),(606,916,'J5LivapfMJQ8tEhOwuZmw1bJchhzzuUQ'),(265,492,'J5vwjh7WJphstzKPIGjPM6chv2by8Wbe'),(446,681,'JayOPv5nGX4aNOafQD0fdPcNL3lvFwcA'),(197,389,'jBWoN2kCPKM74CDrHYtcEqw9s3QSsCGI'),(481,722,'jcB8VrrSMYyuIa8OypuqxC7hJu46avPR'),(217,431,'jEizElOrZFDmg2SkaReAokMV520KP9QL'),(538,796,'Jenh2P3Qf7UJjUuV71d3tb6uEGp8Xgua'),(113,164,'JFmSasq0KmQGgz0oDCxOEmBjtPlZLm6C'),(549,816,'JFwWo6WN824OdLeyQqo8x1nqaDciGFq4'),(266,493,'jGBEy8OO0UOuUxdmABOtrqvfzrT2cogn'),(630,957,'JI5qq1tBVGmqWn30fBG2Hn4eC7IUfkqy'),(98,112,'jjb9RMspYVey2ygQNLfdgMqUYjz6dNze'),(322,551,'jMJ6hWufkHhs1ILn2XJ8g4AMiLBLB6DJ'),(375,605,'jOau4wmNJkym5sERRvrHP3QCQruEufhg'),(682,1058,'jraMrS3nax3UhfXOU2q1Qrypl07khxrK'),(595,890,'jrJC02Oi4asmdTld96lchLIduelsIDC8'),(455,690,'jShFxQGOhSmzzsI41K1BTecMfgrnoveu'),(683,1059,'jvHb6A9cDfF260Nq4dzos6f1ScS6du4D'),(343,572,'Jykb9FLqMPfNydnu5oA0SB1Sm19S8bZI'),(349,578,'K4wqSNj8hAN3NdsITgSrbi3eSP8kYspV'),(408,638,'K5RkY5NiJoA8I4TPV2fgE5w0cOabbe95'),(225,449,'K5yXmqJxCsBoZGVlntv38WvZKJKkM3ck'),(563,842,'KA7NIcf89vMcYtuv18ntipUIsfmnMgCa'),(367,597,'Ka840EHqYn52Ce0LhNUfiTBu4kkOEw7I'),(646,990,'kEqlKTopKrvrkg0kYSJhpsOdKhht4b3r'),(192,375,'KEwWM4BS0dsFQdBKN3ZQlzdi13sSoLkk'),(465,701,'Kf1BxlcoJuLEY6BGrdg0kxHC2y7V2utA'),(213,421,'kKAkgxyuwB0ddGkBRkM0xhOYFm5xlFyq'),(690,1066,'kkeOfEsaV3bS00S8MoSTvg0OoecNrgn0'),(364,594,'KlpGoCFuf6y4GcxzgWfQXKyxU9xrHdZh'),(392,622,'kM6Tpy1gLVvH54Vqkvbo247yiNOn5QjT'),(257,482,'knlUQN7WYFUfg8dF19T741hhttPTlSWq'),(500,744,'korCm5o8sWP0Zjg3VKVNwmCzYXjatjbF'),(355,584,'kTI62eaNFFBtMnUwXRn1jH0sSYZh9d8P'),(493,736,'KWJnyPZUcn613BPNStjyM8JDiWzdJpjX'),(208,410,'kwXLuIeZcaxJmFbXcPm9xda7fxokmgG5'),(487,729,'l3Qv6S1fZzJGbD886oASodapTNmQQDE3'),(365,595,'L6guexRNqjb6wmI8td0sROkvcenPtBqn'),(613,930,'lDij10tcz8GAZRiAOdz9kIkZnklSggCP'),(274,501,'lgxV5TCyu1egCXQYewLJHra3wpCn8qFe'),(655,1015,'liZ313P7cIyoK7LrM5Ky40RQV5GZVleI'),(134,241,'lLP8CXPDW2NrGN3KhC1glz6mrOmkohLM'),(437,670,'lOEHiBgCsI6FXy3I4OKsQRLfCzr7CYJR'),(509,754,'loFytg8WlGSWX3rIvPPRvHbr9W3myTXY'),(552,822,'lOWxRK04rKoT541IO5jiWWhAcnEDP4UP'),(424,657,'LpAbw80xDJOg0zcuFhua03jKgMMhb1dn'),(172,325,'LPoSneILH3LTDfm1tackgJSt1v6nK624'),(715,1092,'lRuHyfAfhdbfAyBQpsW28LMDtaxYnKN9'),(121,186,'lsm0YQoa7HPBl7gJLu898doSODaCL9MX'),(137,254,'lSXLAiG2Q8dW89buJSXmFDBHAD5oyqCp'),(251,476,'ltEZZtkjU4DokSM9xSnFzfj2EOZKecMG'),(548,815,'LvGOOR1f3tWuHWBRjy1BZmxxxoT5CsyH'),(237,462,'lwzn8X5xzWt7hnBmvMKFrFJLN0Y79Bm2'),(291,519,'lxlBJnpR4MRkjpw1d9NOTmHfRVaN8jO8'),(542,801,'m248w8nFXBOmH0oCkSkoKpwWoFo9S3qy'),(194,378,'M3WLWojtMmSHgx2xSwP5uQdRTyLoubLY'),(479,719,'M9EtQLtBIcMLPcYa4xHgq0owbXShAudA'),(259,484,'MCrbW19cvHbf2LFu63moSbtXcMPZNSjl'),(185,354,'mCxj6vwBmWvtmtHckf0wS6Xtii9VL9mW'),(610,927,'mcZeIp1xTcB8OtkdLTXcgQQ2dRdfp4CK'),(227,452,'Me0OqC8xw3ueFnsi3jRuUz0mo6tNCKPw'),(187,360,'ME1UIaPHQ2DDiSsGjkEtWG1sBlM8JC7p'),(504,748,'mggKhLE1qimutvZCeETpPcLRMdZ9WyDX'),(648,994,'miKvnICBPRZTfOBCNF9SC9G7uVfjGjd0'),(497,740,'miQMdYG3AL11Y8hNUWVOA3eUaF1AEkUW'),(307,536,'Mj4KBjQpwwCOhsdwnvhY9Yi3B4bfx2CP'),(403,633,'mjqlqrhHDggwlzPObapHS8PAwe7fXfKi'),(607,918,'MjvIxV1e6dV65ojBBUAMPI7LHlxdOnZb'),(371,601,'MljT4Mj9P1MKpOt4J7WAHizOnxVrgehW'),(404,634,'MonvgHr7BHXMzK1UxBTNObyzEosu1drd'),(132,232,'mPAg6fvKRZPIA6laMD6PdjmKf77fAsqH'),(706,1082,'MROizJIWO3beu1ZaQ6ldLXIRwyBgYJGg'),(450,685,'mSATpq4E2mgxnzTEfYa0Eu0BW1weK0mc'),(473,710,'msot2CWHGDSU78IR71hlmtdDk8At9nGW'),(378,608,'MudGNr4YeqOt8w68q0rL0ozRuLQWjKoE'),(590,885,'MuVNmhoHegqcOfN36qYdxYQAYch7DGDM'),(658,1021,'mvo8bV84BJi6DmgdGqtWfWike8UPApsO'),(128,211,'mWddW53FYkRNrbFWz7nIdfo6ACFU03ZT'),(147,284,'MXv0BcA9Plve2MgrCceoelXUbT41yU5C'),(592,887,'mYdTgyvrHZrmoI2l6BAWYJfdtoU88I9A'),(190,368,'myFVNU68XgrCxqigzdeCaYYNcJ330OOq'),(598,898,'N4ngct1RJ4llNvb9ayEcMkOt8M3x2wlD'),(535,792,'nbzD7xahpAWXj1w7lBZskDNVssa9Zje1'),(321,550,'niH8o9Bd7AJxOWzySglQdgij1rDZKvmd'),(572,859,'NiooqlJG9P2ddUyktakiaRhbL50l3HnB'),(447,682,'nPsQipkMp3t2tX0bKWg6AmbEfLVadv0O'),(577,865,'O9bEJnAqv0p1AEcAoeC5p1k3qfDZebPt'),(660,1023,'O9j6nm2ytlKecGVl0v07lPUYPTccJVHM'),(140,259,'ObLGdmobSBrROBnxut8LPEcsgI35WP5Q'),(557,832,'obQhka51r7MQhBCB0fKZ6sP3whvZckM5'),(679,1054,'oD7RgLdXI9T0ytxg4K4d9zRFjEU0rc7a'),(602,905,'OefpRzC9PZr41O93AytjBdhE8rXTUcfb'),(249,474,'OlT0x7rVACJpJQbEzHCi7kSr1GovuLJk'),(432,665,'ONcD0QyzTpHuT3c1kf806CNd2iiIQQdV'),(341,570,'OPHTwlCM30kxDDTcf8fY6o9qm0WdgeAr'),(653,1013,'Oqsjitnu02Aq8AJnlz1VCW1Lv2yAx8sr'),(399,629,'oRyEPMbtLruKU8CZz9w5CGfiiCJ0OIDy'),(135,242,'os8mOhueRbghGOw0vY4KUWlRJbzo5h10'),(387,617,'oseWDV9d8Vt9PQjHUBKacOkthTmBxVFy'),(555,830,'OssqLLA92j8AYmk7VmqTuSQcYD1hTjTg'),(458,693,'OVDpmmMvFTk6bZ1tZdAMmaSsadoVofha'),(232,457,'ownF9fo5QDfKyAOqGtCbXpgrTUmVFIRh'),(300,529,'ox5Olbd5MbKN6z4rEjJcKC3hadiY85wR'),(310,539,'OXYb7CPEyeakzyQOuXcJApe4ruSRj9QB'),(627,953,'p0hJyQb0k38xB9E0qPOn7s3lfLPC44U0'),(475,712,'p1M0JzO285PTEjNZ09CEywjPCDfXJAEJ'),(267,494,'p7cPrLgq3s8gsQxrN2jE37MfprSfd4mk'),(468,704,'p8KHXQTmbjnVgtGJVTzIwY23w1rmvpb2'),(309,538,'P9eJXoD7M4661KOKIi608umUCiEpGiIA'),(661,1024,'pCeHhLJesyW0ZhZb3ul2Ec5YzB1sreLm'),(236,461,'PdcW5V2XVKPQmEMauS9HajFaBnxFOMnN'),(695,1071,'perLuYooiSKsGtzwjuIxMUPYBfBriZDM'),(143,267,'PGBnAlicaJdabJ0iSKALwJugJGYAHEUI'),(569,855,'pHWCMOTf4izgylm9KPbb0NQ8uI4m0IAx'),(241,466,'PI487DTaBc0ubzm3B9ki96TVE4G36ngy'),(709,1085,'pIE9tn5S08poLxARErMkwwf3WWhhje4L'),(407,637,'PKI9hcJDNi0PIxQtbsdKHbj2NCOOl8aC'),(324,553,'PKXBaC04LPK7PGqLivtJQf6C17uYhNjo'),(376,606,'PL9GsLhHejVqtSJ5EJ7TY7mawyP5wccJ'),(391,621,'plXRCPQThdPWYwUFN2999HWPmOInPWMm'),(459,694,'PmhrWnLXCePtbF9IeMhm1aehopWbzd3W'),(436,669,'POnq0xhEQIwXuYpUs0RRTJLrkoTYCJmC'),(384,614,'Pp4ZHsne5XRZPdkR3WRN86QowolwplNw'),(348,577,'pRAcqC8WbZbI31bltVEkLh2JwhR0XxRQ'),(560,837,'pS1KsysaOYlgVeqlvH1kgEy5OnELVjw6'),(323,552,'PtZFFvxWUwoVMRIzAPNWsgTq5NiDH8Ut'),(546,813,'PXdSkJRVyiNvhgZjwZVrC9a3SRvEpQTO'),(395,625,'Py3AtwKJq8SfPCU1dI3ex8bDmO4UMCV3'),(202,399,'PynypHoZJuTEsdaVCPTBQ39W1so7BHr9'),(574,862,'PzBBi9nDFu3qyaUwu2adkYC46bGAZbY1'),(556,831,'pZslX6VYscKrVUvqFxhNDAiR23V6DuPX'),(642,980,'Q0tTVotgmkchhrFTx5i8ZLSKZNLerhpw'),(488,730,'q4KJdT4tcfBIoCoV7oQrqt1yIjn4TJVR'),(146,277,'q4Zsp0PZEgJl6Sa46IJYWTf75oGQCzqj'),(222,439,'qaklns7S5cnAlKDaWnlrxRH2ZqM6MJZ3'),(675,1050,'qBek72V2i1b25XoSOful0SsiMNwzkC0g'),(385,615,'Qc3DsK7YGroAgeNabrn81cf1FNND3IZz'),(547,814,'QeAhydXGGFOGzHLDGO5BLEWnOsC3mSYv'),(494,737,'QHgpI1KRmhKSpuxEpxno741Yk3qmm7DD'),(238,463,'qhpuipjklFwR5d8y3R3mY9sX3I2f4jwS'),(272,499,'QIFHAoywMenZXpnUc55DdmU4B4QasGXi'),(110,159,'qIh2IqoaapYmtb3eXAFuErMwHkqwfq46'),(302,531,'QkKWGojeEUV5wlgeDCLCYqDgT7gX6fCc'),(353,582,'qp4k3byJSGNlLMBcJ7WtBBRqenN1kR5P'),(397,627,'QpyG1KjqhYwLsFili5dUEbdqsftjIGTk'),(377,607,'QuCr36sJ7t1HtbukO2xFVet1kVZnGfVy'),(632,960,'QWQbVlYWthIyske8GnDdbuPwh9tbwVTa'),(571,858,'QxkOJ0Yp3WhiJahAkDvAvJ93FvXeDP6W'),(539,797,'QxQHnSRUSZOU6rVoJqgo69eD89m6LvWy'),(179,341,'qz24ellMtxQImjOIOWw2I5NHBUszw16o'),(624,950,'qZE9UtLdoxLBqZUdbo90Gr32qz1HjCcF'),(325,554,'R1GPdxv9gLtLIRiLZ8o3rvf9lB384m6f'),(438,671,'R29q1XJM3CWb7qfivEqzJvoGkOa0k7C4'),(667,1036,'r2igNbSzpG15xvVpdkJdN5kKsftUtNWD'),(85,90,'r6J5DGpbANwQ5tw8rZjQW4gA70RffMNj'),(684,1060,'rAvTgSYYouesoQ5TieyaCO4fabusceg4'),(411,642,'RBVSHkKtK0Ejq3pb4X55JMo4bgnPiHrL'),(617,937,'rccrMka3onHVUOR60GIA05nj4DTLWT6I'),(708,1084,'RCOP8hUpB88mx0cgA2VIrnlgUD8sYD7r'),(622,947,'rCuYp4aqSxV4XGcZDpuC5SPK5q1gdQYS'),(596,891,'RczBQ2n4MDOUgzaCMAxioPQ9UkB4whNj'),(95,101,'RDSdvl2MzFvSxGBBbBIhfAHZ5z0ErKBF'),(268,495,'ReMF3sKDtBLU3oeRn9lehFsygwgMuLne'),(702,1078,'RerOKx7MuO14bMlRbq093vD4PtKIQNMh'),(91,97,'RGVGciupMWIVqnogzhiGPrzfExFqeK5o'),(474,711,'Rjvl53Wo2sgCSvQQ2RE7U30vFdXAzAX5'),(271,498,'rlPAzsodHysLT2n1aIa9rIyJ6MUFL6De'),(345,574,'RMjsYlcVyILONFtl6OTARQ9tdZHvA5CZ'),(696,1072,'RN2jYX18xBnq3H2nyFyL6b4n13clsgq9'),(315,544,'RNn0NK6bgJwxcIe7zofz584Vc8dY0liI'),(586,881,'romacW352ejIj6rRAzAa2LS4zE8VkJoS'),(368,598,'rRXZ0W6A1V4eSOHUDjVBF537tFkGbK7r'),(366,596,'RS8HTBtAq0U5lOLiKwDqIrYGui7bKjTo'),(665,1031,'RTFuzud4sOwIhmRh8UlYdwYyHABl01Gn'),(269,496,'rWBKktLZXQJ3OS0cGwhtpJhJtJ5jXdcp'),(576,864,'rWYBNf79OxDGSKwkYwooslLI6OUnSpCh'),(195,379,'rX2WdYQ4Bzx5RrGVwFUlQ3YEtETqrtYV'),(374,604,'Rxw9BSXtyDs62AXqC3NGlGCybtR7qe20'),(382,612,'RyWxxOmRGKMB3MpmJVAxtqdc9GXfpTdt'),(413,645,'RZMuNEGUZDMfII9ywJSEHfLaofn3CcPd'),(433,666,'sBJRY1AIoyck8FCqjd2wGBJTd7b0Vg1m'),(92,98,'SFdrIGoIeSV8wzLui2AHwUOCGbRAKwUI'),(167,312,'SGg0JMXfXVQRGTHXr3ecRHp6Frdq9GTd'),(207,407,'sJGu4GgON0F2olp1P1SyadSfVyo5TbbW'),(228,453,'SjK8SgDb9tvI9C7PHcOWYWG6ZzNomXVy'),(600,901,'skuP63JEZ5qo86rgHk2y6gHKUJlGj6WJ'),(263,490,'sm9c0j6vvviYXallEmxvukbvV8zASUef'),(294,522,'snkcrW2J5dNy5YT6ZM7zg60T9MQP3l4u'),(245,470,'sR6f8ITabTUOucu5NX0cVtTEkbCQFywl'),(657,1019,'sRlba8syUqgt3kTKNJFjP5c0s8Pc3Wpm'),(594,889,'STWRJKq3V6Jaojf6KSMBXWGr2G2H3IQl'),(87,92,'SUmkU78PsgnA6JLWbTbTxqjWKdFCwRaH'),(628,954,'svs9sCKGPYZqOvncBVq9yCDPXBDMjBnU'),(719,1099,'T0dwDQSMs1sPfYquxhQj0AlefoCARm9x'),(634,962,'t1LoB15FKliVSk0TcXavhlwJETw7E6Dy'),(457,692,'T4AQEEitAqDTo3ImrhuXXlNmkzn0FsYi'),(714,1090,'T7vcBwfaoom4qJyME1KiRT9Maq9Jq3cX'),(564,843,'T9LGtU4U9fyztcawToNVojT4AdpWDW6q'),(520,769,'Tc4u5h1MFPGrmhYTgfK6HshaUQtrzcKU'),(405,635,'tC6JS2ZsAVUQlOeh4ZzDUhGx4Db1qOii'),(158,298,'tfFhBlmbLipHIAGrDScA8L0Sxg8JzgSa'),(570,856,'tfy466vhayPvUlumuz4Dkep7YveeqiJx'),(317,546,'TGsim0AOmdNIL4MkCxIjcT2ckhEHaeir'),(698,1074,'ThgBWZk2mZSGYHgwxsjZEZlMahvAvBGl'),(620,944,'tHWGin9KJ7PB7inQIafrUplUwz9rL8dR'),(452,687,'Tjs2WZErWgwCyFzgFz7loa9XLj0b2hvM'),(199,394,'TK5YgcgNYQ7jF1QlnfhuJPRHZouUO68i'),(219,433,'TkRdAi07cUYu713tISj66kUm8diknQMW'),(532,787,'Tl6bZMwOXvw4eavdaCJwjFL6FFNIuhGi'),(515,762,'tLtERYRvFL0MgXablddQJA1DdLbB9Fhz'),(161,301,'tmC0chvbyY0WxdM0ySF3ymwMuvYU8ENY'),(88,93,'tMJ9t2zZa5tTODL0RHIbCbgr19lJsnkq'),(239,464,'tMTzQtAe31KDd60Bv4xP3g7P84h5T6o8'),(171,324,'tNmqg00Ugvg9h4Qv6xjECmgKscEVTVVt'),(168,313,'tNmr34pyHf0CQTe6aDVZyiwk36fq50TR'),(156,296,'TnpvlRW5HXs2OhUfRpHzHsfuDqsgNv4M'),(445,680,'TQF6qJV9w1yaWAYEhlmaUgXZ0zjQUJqK'),(483,724,'TQLarxqe3457G1jGKHccvFY7Aw2Fd7O6'),(206,405,'TV5bsMsHH9VJtAxqT6WQUtJXdCOCmcNt'),(604,912,'TyGzjcz6p7OrHzsgKHRXQygelmVvrhDI'),(619,943,'tYsJZTJeg6iv1zcwCXuSTw9fsJmqn1fI'),(587,882,'u0Bgf3rxbsXml9rttmPRt3xmqHwhitTu'),(663,1029,'U1IdiQGATLaSkFvlAFgoKf9Digapd2zy'),(417,650,'U38XLaYIejaGgKSCjwkn2hrKeFmmX9a5'),(669,1039,'U4zLAenuB8tW3vaIKxiPP8CYGhUpcfE7'),(279,507,'u5cgbIaX7f7OT9AwbUWGc2MCcTKtPMbh'),(264,491,'Ud2ty7UF9ssNdgoGBXqQYh6hXVpBNGgJ'),(124,195,'UD3K8DCLrP3GFK7ErSFw7Zj3LkeuA9bY'),(671,1041,'Udepwud01bClVCYboTRqLPs4dlAqT6Xe'),(340,569,'udT2FUxiZV9qT8gOKdZbSf2snldvqEHI'),(631,958,'UdzCkg0AKA02n96C23w2gcFIA8heOsPn'),(578,866,'UDZhHF6c2IVDuvhXijT3cWo9X4OD5eEu'),(418,651,'uEGOVyFi6164khFDjV2C5n31GCPfp6z6'),(677,1052,'uFHCncvvi2foxXgXqJ42oZzCOHtjEh7t'),(484,725,'UJlLF79XfA24XL7J2eWiVr0S03YXm03C'),(250,475,'UKEhwTRcV2CpVnE2AwRqZoUXmaWcvkWj'),(108,150,'uKmi9kkkDZNroprjMMGUXstHgQ1JLUrP'),(389,619,'UNJ1uKm8TSuFz8Ac1pWLZuS9Vm5dz8Nh'),(111,160,'Ut2SBsXR6mnhzmhwoK8I5YlzQ4n8y37v'),(80,85,'uutN7DfLSLRLfx5bd2yA3u6Jm6QSaDav'),(409,640,'uvscIviAqwtVZTK4VSrPeJUFrxXASYqc'),(150,289,'uxDiyZBXY70Pft8DVZIaHW8X0VR3uo5e'),(319,548,'UztwLiwA32IL7vVhHHZpAaUS4LEHylWh'),(507,751,'v43SlRpxYvDOwlq6PtuaU8p7XtkoUj17'),(350,579,'V4H4CCyrJKSF4aQP7XmfQmwBjKS3cplV'),(691,1067,'V6FPIP2t1f5YuuXccmpklH0JrhgZxzeI'),(290,518,'v9trcaMd56QrEMhlXMarHzuOTLr4EhdM'),(717,1097,'vbcjNBwCGGCnNw4sgL70lXmVnOomVfox'),(112,162,'VC26ClaDKPArOTx428DLzcq0Ssujex62'),(623,948,'vdqjvgwZQFftn3gBgLEvY5ObBnEbp5vG'),(530,784,'vEZ0JxQ97SMj2HMcCLxtCpzzuIIeB0pl'),(303,532,'vGMcU1n5xxLYUUFhPgsnQgZHfRe2B2UA'),(651,997,'VH5XrvAm82VlF4gtl27p6o3kroYx5lMS'),(82,87,'VN6LeqLsoP9PHXgkZUrAh9Ubcmijvd1V'),(553,825,'vnJLM77d4o8T5OzW06buWha7WAw0VR5W'),(292,520,'VNzi22CRMtRt2bkqn4V2BPlZRDnt1A73'),(434,667,'vOoFwMB8vEFnGdAGqrNdQsCVXDsOw6Un'),(528,778,'VqjAQw59QCNAaDmFvnv9hASyzuy7UFnV'),(442,677,'VTPF2T4vL82IQppk0DsmC0ztkfmbqoxn'),(215,425,'VurqBQqEixLOqdsn39MrYvUQZxSE3isY'),(390,620,'VwbdFtLEglOdWYFhxF27mRwi9wlbBfph'),(621,946,'VWQRrC8mHdQrFJS7TvE5nY5JjU5kJikB'),(129,219,'vxUuqfUgiVCfQCsZJN8Vvzor6zIpP9Kd'),(182,344,'Vy8XrOQe75lAHvEuLUrXaAIpTyhDxqm4'),(189,366,'vz2NkY5lGOx2lvE0iLvwyxb2aMCfT6z4'),(524,773,'w1aDpKYvYup5QzgF8E3GgxuJPOq6VrDZ'),(127,208,'w80eNprEmDvh4BKAw8q44tV08WvNyWLl'),(186,355,'w8uEpxhrAENw5WRfaT4oeRpVtMu160t5'),(601,902,'W96ZpiyRb0wGBd0EO04AWCCk9xE3lDNZ'),(659,1022,'WDp566nLlTY5R5EUzMny4vzGDz1w9XoH'),(243,468,'wdpOsE88FgIM2g8m3hIj587t5i0caNS9'),(505,749,'Wim9dEVMqviO7q6DMBwukYbUhTj1QtxP'),(697,1073,'wj6ooJqSO81rKGMhBkclQFSfdYNFHga0'),(420,653,'wJCkkzkdVdtzPqR7AFlCbtRUYYfA9V68'),(502,746,'wJX8qDMyTEWXBBFP3iteOgKL8RUDuFbB'),(668,1038,'WKrlwyjA1HZpaXBfuBu0VhgcrYmlh0UD'),(519,767,'WL6n3cDOM8rHj5fsGlgb7wMjF4ml0zsU'),(162,302,'Wo0eq1AQHJmU4TORCFyVjnmbiqrBbtsb'),(526,776,'WOr4gANPPEnp0Viw1TfSQmHOvsu7s2FM'),(295,523,'wPh25RWN78kB13bepZ46Sz1JBTgVjJlt'),(284,512,'wpSLjN2NwX1BH5chOKbOduAFUKlcSdIW'),(210,413,'WTfNnIK9NkmA2iv1cDGWP5XJTs1YkV9j'),(280,508,'wUA2sviyk5W8IPI38SpDYBot3ThlrEUK'),(463,698,'WuK6VKgla4ciqmxYTFt4QrfmwHepJKxs'),(253,478,'wuvTSWr4gcMKu5PLamz65ewvltOL2hcD'),(231,456,'Ww2XvdA6hMqIOiiYFuLhK2LRS3u2BNIF'),(293,521,'WWHyn3MExLRxX0mQWICA4L7dwuRWeXn1'),(498,741,'WWZhciVzOeLAsgDIxIso52sREgJaxqQi'),(562,840,'WXpNB9TW7ffo9AKhaLG2aETM2k25bi2M'),(203,402,'WXTJNVpisgUmvEApmGijy3D2tfQdKRls'),(356,585,'wxTUwTrBmG3Ed3DSYi4cK43BhVakfXCN'),(114,165,'X0JdrSTUg495A2w7UTwNMbLHbLNpglnf'),(421,654,'X6HOSbTspXUWXkR1lmSZHbyfgoIAujVI'),(106,144,'x9MQkkr5JtJxfaakz1ixn1pKXE3NkuUT'),(177,334,'xaiX3pzA7G513exg8PilmwicoAemRjZR'),(362,591,'xB34h4ueUjsa9fcdUwZXN7QIZK8o35Rk'),(533,788,'Xb64ZSeKLyhRGvwshisCphqjm4kp422i'),(394,624,'XBz9wRqwlt7v809LHFAmY4wSmwRchrx5'),(435,668,'XcMU3KvwrEzjJIhwXBOBRFh518bADWFM'),(381,611,'xDkj1Hz37fYXBf0xIW4rLVcqAzypgM7F'),(144,268,'XFCCJOJD0lvjlZFlgEA4Pca10F0ca3AC'),(180,342,'XGeNDmGJETO9ZQ4X2C3ht3qwSd1ja1zK'),(565,844,'XHVKREG2GU5C8CZS2HCpkesmFHXyWmqR'),(281,509,'xIZ9Oty7bsgJQ8hndRoeUm2sKeUPDyUT'),(685,1061,'xj0CpTEwMesOqsvZmHVGjgpMM4pALkRE'),(492,735,'Xk8pX7hK749l8TGLcvnDxOWMgFuES3Tj'),(287,515,'xkhCaADF5sHymrTJECEQL22tdYuJBHIY'),(79,84,'XL1bGOmPrJZL3YPDNpVuLmjd2O8JvCys'),(511,756,'xMd3Pxrkmk6Jr6P0SraqkSYwP4lMMAVt'),(122,187,'xmKOsg5D03Y6HcYneNexbj5PmS2IXgl4'),(467,703,'XNd1pQ9aqPujC82UHK6YLQNxe0TQuBDt'),(440,673,'xPDW3Ua1FbSpEiTyXHWP6ImclXRhxzSd'),(141,260,'xSn3ECu2y1sApCCFEfs6yRTD0Z9DmenD'),(550,819,'XvptmcXC8wXGCyti5uXmRJn3ZmSwgK8x'),(649,995,'xySFHtPqW6FP6gCTHos2z7FEVZegWHvp'),(686,1062,'XZodRoAteHtEaFJuRQTWOwN0WKEmaHWX'),(157,297,'y1b0qmtxwI2YPliX8KxaNenSYaC6AS1P'),(105,140,'y3Fy2h8ytS51br1Y3FyY29X2bX0VoLSy'),(200,395,'Y4FGFLuQcVumcxr8q8vYte7o97Y3tTR6'),(166,311,'y82DZsZ1O83tPgN0a1VDUgu7fJqNiBF9'),(705,1081,'yaTKpI8hj534TFPW7Is71gDkBzQXeYqR'),(301,530,'YaWXi11UU7AjtG8lpkgyQNu1lOoQw90B'),(608,919,'YCgF3i3g13qDq7im18vYP1oFz5GSMLp3'),(81,86,'ydSyw8kHiWkyaImVcadlDQR5soYl9gDN'),(567,846,'YHICD24jCZ3W4yI9bvPD6v6w4nUjMaay'),(654,1014,'yHmSucSVxxC8Lm5ZI8f7frqVOOHdtrGT'),(255,480,'YnGHzNzQlkExV10SgILNPhkICfR6Pdbb'),(84,89,'yp9As9s40NIVlqk88Dym76o2ZRmIJevu'),(529,783,'YsyQOuDCCwuOr7d1h2EuPb2WWCmQ1gW8'),(591,886,'Yuo1lVPsNCn7jJpl6PjIAmArt3VIJ0xD'),(308,537,'YWxLcGRTyIG2abbTUULWPiPc1IQuC7SS'),(117,173,'YxvZYS19TEHoT73BcQjTC0U7t8WXWLQH'),(330,559,'YyuIZ5QcdwrGp8edVsQWQBZm9IBriEHE'),(704,1080,'Z1Ozu5GMDwX3g19Rr1vGaYb9APvTXWvr'),(674,1049,'Z3bbg8dniz4dmJfJjkCmUnSfYn8jVpxR'),(396,626,'Z3xJiWFPrpbBWLTthqLysCBqjVUWqCFh'),(99,114,'Z5pWxJQGiZ8G8liPhHxHnHmcoCFzCMz5'),(585,880,'Z8dswF798uuVtOFk8ERWDiOIHjoO9ZSV'),(103,128,'Z8Pt0QoSXw6LXRuuvOtO6XL8GUO2TLGJ'),(439,672,'ZcE5C3TCpp3X9nT4pJuwcNLOHlcL3ivN'),(138,256,'zECbUz4orSZGqJ5CuZVDIJCU381dtjOu'),(603,909,'ZEhxRzwoaRD5tqDnEIrLws47DAJ0SMEa'),(629,955,'zFpIqvhChamx3GLmBIwek9cC5tPTQh1h'),(304,533,'ZhaTiVokc5L23Yz9CQReqAW3Upqhq2j9'),(464,700,'Zj4V7a3iJfI3mMBDfnhndbWCKb1pdelS'),(499,743,'zLZJmhK1u8eiOTSzqG6HZJZYpvtf7Xrd'),(305,534,'znbSCHCeEHJbMsv7JLmwYwMQcSAxf8H3'),(233,458,'zpwVkjZCa5rupp3AVBU4tupOi7KLG2l3'),(320,549,'ZRy3DxRBm3QmfJ9HeIKjxqGpAGqZPV7A'),(130,220,'zSNtpE0Uiuo0ooAW0tXiD2BkVn3uw8sj'),(123,194,'zt3VEsgXxKFaWhoYwbrUZAdoQRDvdT4j'),(198,393,'zYAvLQ8fkITpt2CFVSwBfgFgRKRocpGN');

--
-- Table structure for table `quote_item`
--

CREATE TABLE `quote_item` (
  `item_id` int(10) unsigned NOT NULL AUTO_INCREMENT COMMENT 'Item ID',
  `quote_id` int(10) unsigned NOT NULL DEFAULT '0' COMMENT 'Quote ID',
  `created_at` timestamp NOT NULL DEFAULT CURRENT_TIMESTAMP COMMENT 'Created At',
  `updated_at` timestamp NOT NULL DEFAULT CURRENT_TIMESTAMP ON UPDATE CURRENT_TIMESTAMP COMMENT 'Updated At',
  `product_id` int(10) unsigned DEFAULT NULL COMMENT 'Product ID',
  `store_id` smallint(5) unsigned DEFAULT NULL COMMENT 'Store ID',
  `parent_item_id` int(10) unsigned DEFAULT NULL COMMENT 'Parent Item ID',
  `is_virtual` smallint(5) unsigned DEFAULT NULL COMMENT 'Is Virtual',
  `sku` varchar(255) DEFAULT NULL COMMENT 'Sku',
  `name` varchar(255) DEFAULT NULL COMMENT 'Name',
  `description` text COMMENT 'Description',
  `applied_rule_ids` text COMMENT 'Applied Rule Ids',
  `additional_data` text COMMENT 'Additional Data',
  `is_qty_decimal` smallint(5) unsigned DEFAULT NULL COMMENT 'Is Qty Decimal',
  `no_discount` smallint(5) unsigned DEFAULT '0' COMMENT 'No Discount',
  `weight` decimal(12,4) DEFAULT '0.0000' COMMENT 'Weight',
  `qty` decimal(12,4) NOT NULL DEFAULT '0.0000' COMMENT 'Qty',
  `price` decimal(12,4) NOT NULL DEFAULT '0.0000' COMMENT 'Price',
  `base_price` decimal(12,4) NOT NULL DEFAULT '0.0000' COMMENT 'Base Price',
  `custom_price` decimal(12,4) DEFAULT NULL COMMENT 'Custom Price',
  `discount_percent` decimal(12,4) DEFAULT '0.0000' COMMENT 'Discount Percent',
  `discount_amount` decimal(20,4) DEFAULT '0.0000' COMMENT 'Discount Amount',
  `base_discount_amount` decimal(20,4) DEFAULT '0.0000' COMMENT 'Base Discount Amount',
  `tax_percent` decimal(12,4) DEFAULT '0.0000' COMMENT 'Tax Percent',
  `tax_amount` decimal(20,4) DEFAULT '0.0000' COMMENT 'Tax Amount',
  `base_tax_amount` decimal(20,4) DEFAULT '0.0000' COMMENT 'Base Tax Amount',
  `row_total` decimal(20,4) NOT NULL DEFAULT '0.0000' COMMENT 'Row Total',
  `base_row_total` decimal(20,4) NOT NULL DEFAULT '0.0000' COMMENT 'Base Row Total',
  `row_total_with_discount` decimal(20,4) DEFAULT '0.0000' COMMENT 'Row Total With Discount',
  `row_weight` decimal(12,4) DEFAULT '0.0000' COMMENT 'Row Weight',
  `product_type` varchar(255) DEFAULT NULL COMMENT 'Product Type',
  `base_tax_before_discount` decimal(20,4) DEFAULT NULL COMMENT 'Base Tax Before Discount',
  `tax_before_discount` decimal(20,4) DEFAULT NULL COMMENT 'Tax Before Discount',
  `original_custom_price` decimal(12,4) DEFAULT NULL COMMENT 'Original Custom Price',
  `redirect_url` varchar(255) DEFAULT NULL COMMENT 'Redirect Url',
  `base_cost` decimal(12,4) DEFAULT NULL COMMENT 'Base Cost',
  `price_incl_tax` decimal(20,4) DEFAULT NULL COMMENT 'Price Incl Tax',
  `base_price_incl_tax` decimal(20,4) DEFAULT NULL COMMENT 'Base Price Incl Tax',
  `row_total_incl_tax` decimal(20,4) DEFAULT NULL COMMENT 'Row Total Incl Tax',
  `base_row_total_incl_tax` decimal(20,4) DEFAULT NULL COMMENT 'Base Row Total Incl Tax',
  `discount_tax_compensation_amount` decimal(20,4) DEFAULT NULL COMMENT 'Discount Tax Compensation Amount',
  `base_discount_tax_compensation_amount` decimal(20,4) DEFAULT NULL COMMENT 'Base Discount Tax Compensation Amount',
  `free_shipping` smallint(5) unsigned NOT NULL DEFAULT '0' COMMENT 'Free Shipping',
  `gift_message_id` int(11) DEFAULT NULL COMMENT 'Gift Message ID',
  `weee_tax_applied` text COMMENT 'Weee Tax Applied',
  `weee_tax_applied_amount` decimal(12,4) DEFAULT NULL COMMENT 'Weee Tax Applied Amount',
  `weee_tax_applied_row_amount` decimal(12,4) DEFAULT NULL COMMENT 'Weee Tax Applied Row Amount',
  `weee_tax_disposition` decimal(12,4) DEFAULT NULL COMMENT 'Weee Tax Disposition',
  `weee_tax_row_disposition` decimal(12,4) DEFAULT NULL COMMENT 'Weee Tax Row Disposition',
  `base_weee_tax_applied_amount` decimal(12,4) DEFAULT NULL COMMENT 'Base Weee Tax Applied Amount',
  `base_weee_tax_applied_row_amnt` decimal(12,4) DEFAULT NULL COMMENT 'Base Weee Tax Applied Row Amnt',
  `base_weee_tax_disposition` decimal(12,4) DEFAULT NULL COMMENT 'Base Weee Tax Disposition',
  `base_weee_tax_row_disposition` decimal(12,4) DEFAULT NULL COMMENT 'Base Weee Tax Row Disposition',
  `is_excluded_product` smallint(5) unsigned DEFAULT '0' COMMENT 'Is Excluded Product',
  PRIMARY KEY (`item_id`),
  KEY `QUOTE_ITEM_PARENT_ITEM_ID` (`parent_item_id`),
  KEY `QUOTE_ITEM_PRODUCT_ID` (`product_id`),
  KEY `QUOTE_ITEM_QUOTE_ID` (`quote_id`),
  KEY `QUOTE_ITEM_STORE_ID` (`store_id`),
  CONSTRAINT `QUOTE_ITEM_PARENT_ITEM_ID_QUOTE_ITEM_ITEM_ID` FOREIGN KEY (`parent_item_id`) REFERENCES `quote_item` (`item_id`) ON DELETE CASCADE,
  CONSTRAINT `QUOTE_ITEM_QUOTE_ID_QUOTE_ENTITY_ID` FOREIGN KEY (`quote_id`) REFERENCES `quote` (`entity_id`) ON DELETE CASCADE,
  CONSTRAINT `QUOTE_ITEM_STORE_ID_STORE_STORE_ID` FOREIGN KEY (`store_id`) REFERENCES `store` (`store_id`) ON DELETE SET NULL
) ENGINE=InnoDB AUTO_INCREMENT=1146 DEFAULT CHARSET=utf8 COMMENT='Sales Flat Quote Item';

--
-- Dumping data for table `quote_item`
--

INSERT INTO `quote_item` VALUES (1109,1083,'2021-08-22 20:58:35','2021-08-22 20:58:35',147,1,NULL,1,'Birthdaycakepackage-chocolate -pink','Birthday cake package',NULL,NULL,NULL,0,0,NULL,1.0000,55.0000,55.0000,NULL,0.0000,0.0000,0.0000,0.0000,0.0000,0.0000,55.0000,55.0000,0.0000,0.0000,'configurable',NULL,NULL,NULL,NULL,NULL,55.0000,55.0000,55.0000,55.0000,0.0000,0.0000,0,NULL,NULL,NULL,NULL,NULL,NULL,NULL,NULL,NULL,NULL,0),(1110,1083,'2021-08-22 20:58:35','2021-08-22 20:58:35',151,1,1109,1,'Birthdaycakepackage-chocolate -pink','Birthday cake package-chocolate -pink',NULL,NULL,NULL,0,0,NULL,1.0000,0.0000,0.0000,NULL,0.0000,0.0000,0.0000,0.0000,0.0000,0.0000,0.0000,0.0000,0.0000,0.0000,'virtual',NULL,NULL,NULL,NULL,NULL,NULL,NULL,NULL,NULL,NULL,NULL,0,NULL,NULL,NULL,NULL,NULL,NULL,NULL,NULL,NULL,NULL,0),(1111,1084,'2021-08-23 09:16:35','2021-08-23 09:16:35',163,1,NULL,1,'Handtiebouquetinvase-All White-Medium (30 cm diameter)','Hand tie bouquet in vase',NULL,NULL,NULL,0,0,NULL,1.0000,50.0000,50.0000,NULL,0.0000,0.0000,0.0000,0.0000,0.0000,0.0000,50.0000,50.0000,0.0000,0.0000,'configurable',NULL,NULL,NULL,NULL,NULL,50.0000,50.0000,50.0000,50.0000,0.0000,0.0000,0,NULL,NULL,NULL,NULL,NULL,NULL,NULL,NULL,NULL,NULL,0),(1112,1084,'2021-08-23 09:16:35','2021-08-23 09:16:35',160,1,1111,1,'Handtiebouquetinvase-All White-Medium (30 cm diameter)','Hand tie bouquet in vase-All White-Medium (30 cm diameter)',NULL,NULL,NULL,0,0,NULL,1.0000,0.0000,0.0000,NULL,0.0000,0.0000,0.0000,0.0000,0.0000,0.0000,0.0000,0.0000,0.0000,0.0000,'virtual',NULL,NULL,NULL,NULL,NULL,NULL,NULL,NULL,NULL,NULL,NULL,0,NULL,NULL,NULL,NULL,NULL,NULL,NULL,NULL,NULL,NULL,0),(1113,1085,'2021-08-23 14:58:13','2021-08-23 15:05:25',147,18,NULL,1,'Birthdaycakepackage-chocolate -white','Birthday cake package',NULL,NULL,NULL,0,0,NULL,1.0000,55.0000,55.0000,NULL,0.0000,0.0000,0.0000,0.0000,0.0000,0.0000,55.0000,55.0000,0.0000,0.0000,'configurable',NULL,NULL,NULL,NULL,NULL,55.0000,55.0000,55.0000,55.0000,0.0000,0.0000,0,NULL,NULL,NULL,NULL,NULL,NULL,NULL,NULL,NULL,NULL,0),(1114,1085,'2021-08-23 14:58:13','2021-08-23 15:05:25',150,18,1113,1,'Birthdaycakepackage-chocolate -white','Birthday cake package-chocolate -white',NULL,NULL,NULL,0,0,NULL,1.0000,0.0000,0.0000,NULL,0.0000,0.0000,0.0000,0.0000,0.0000,0.0000,0.0000,0.0000,0.0000,0.0000,'virtual',NULL,NULL,NULL,NULL,NULL,NULL,NULL,NULL,NULL,NULL,NULL,0,NULL,NULL,NULL,NULL,NULL,NULL,NULL,NULL,NULL,NULL,0),(1115,1086,'2021-08-23 19:30:06','2021-08-23 19:30:06',163,1,NULL,1,'Handtiebouquetinvase-All White-Medium (30 cm diameter)','Hand tie bouquet in vase',NULL,NULL,NULL,0,0,NULL,1.0000,50.0000,50.0000,NULL,0.0000,0.0000,0.0000,0.0000,0.0000,0.0000,50.0000,50.0000,0.0000,0.0000,'configurable',NULL,NULL,NULL,NULL,NULL,50.0000,50.0000,50.0000,50.0000,0.0000,0.0000,0,NULL,NULL,NULL,NULL,NULL,NULL,NULL,NULL,NULL,NULL,0),(1116,1086,'2021-08-23 19:30:06','2021-08-23 19:30:06',160,1,1115,1,'Handtiebouquetinvase-All White-Medium (30 cm diameter)','Hand tie bouquet in vase-All White-Medium (30 cm diameter)',NULL,NULL,NULL,0,0,NULL,1.0000,0.0000,0.0000,NULL,0.0000,0.0000,0.0000,0.0000,0.0000,0.0000,0.0000,0.0000,0.0000,0.0000,'virtual',NULL,NULL,NULL,NULL,NULL,NULL,NULL,NULL,NULL,NULL,NULL,0,NULL,NULL,NULL,NULL,NULL,NULL,NULL,NULL,NULL,NULL,0),(1121,1087,'2021-08-24 21:06:30','2021-08-24 22:06:03',159,1,NULL,1,'Pink hues-Large (50 cm diameter)','Hand tie bouquet in bag',NULL,NULL,NULL,0,0,NULL,2.0000,55.0000,55.0000,NULL,0.0000,0.0000,0.0000,0.0000,0.0000,0.0000,110.0000,110.0000,0.0000,0.0000,'configurable',NULL,NULL,NULL,NULL,NULL,55.0000,55.0000,110.0000,110.0000,0.0000,0.0000,0,NULL,NULL,NULL,NULL,NULL,NULL,NULL,NULL,NULL,NULL,0),(1122,1087,'2021-08-24 21:06:30','2021-08-24 22:06:03',156,1,1121,1,'Pink hues-Large (50 cm diameter)','Hand tie bouquet in bag-Pink hues-Large (50 cm diameter)',NULL,NULL,NULL,0,0,NULL,1.0000,0.0000,0.0000,NULL,0.0000,0.0000,0.0000,0.0000,0.0000,0.0000,0.0000,0.0000,0.0000,0.0000,'virtual',NULL,NULL,NULL,NULL,NULL,NULL,NULL,NULL,NULL,NULL,NULL,0,NULL,NULL,NULL,NULL,NULL,NULL,NULL,NULL,NULL,NULL,0),(1123,1088,'2021-08-24 23:51:56','2021-08-24 23:53:40',163,18,NULL,1,'Handtiebouquetinvase-Pink hues-Medium (30 cm diameter)','باقة ربطة في مزهرية',NULL,NULL,NULL,0,0,NULL,2.0000,50.0000,50.0000,NULL,0.0000,0.0000,0.0000,0.0000,0.0000,0.0000,100.0000,100.0000,0.0000,0.0000,'configurable',NULL,NULL,NULL,NULL,NULL,50.0000,50.0000,100.0000,100.0000,0.0000,0.0000,0,NULL,NULL,NULL,NULL,NULL,NULL,NULL,NULL,NULL,NULL,0),(1124,1088,'2021-08-24 23:51:56','2021-08-24 23:53:40',161,18,1123,1,'Handtiebouquetinvase-Pink hues-Medium (30 cm diameter)','Hand tie bouquet in vase-Pink hues-Medium (30 cm diameter)',NULL,NULL,NULL,0,0,NULL,1.0000,0.0000,0.0000,NULL,0.0000,0.0000,0.0000,0.0000,0.0000,0.0000,0.0000,0.0000,0.0000,0.0000,'virtual',NULL,NULL,NULL,NULL,NULL,NULL,NULL,NULL,NULL,NULL,NULL,0,NULL,NULL,NULL,NULL,NULL,NULL,NULL,NULL,NULL,NULL,0),(1125,1089,'2021-08-25 06:41:53','2021-08-25 06:41:53',167,18,NULL,0,'Flower arrangement in vase-Pink hues','تنسيق الزهور في مزهرية',NULL,NULL,NULL,0,0,NULL,1.0000,80.0000,80.0000,NULL,0.0000,0.0000,0.0000,0.0000,0.0000,0.0000,80.0000,80.0000,0.0000,0.0000,'configurable',NULL,NULL,NULL,NULL,NULL,80.0000,80.0000,80.0000,80.0000,0.0000,0.0000,0,NULL,NULL,NULL,NULL,NULL,NULL,NULL,NULL,NULL,NULL,0),(1126,1089,'2021-08-25 06:41:53','2021-08-25 08:21:44',165,18,1125,0,'Flower arrangement in vase-Pink hues','Flower arrangement in vase-Pink hues',NULL,NULL,NULL,0,0,NULL,1.0000,0.0000,0.0000,NULL,0.0000,0.0000,0.0000,0.0000,0.0000,0.0000,0.0000,0.0000,0.0000,0.0000,'simple',NULL,NULL,NULL,NULL,NULL,NULL,NULL,NULL,NULL,NULL,NULL,0,NULL,NULL,NULL,NULL,NULL,NULL,NULL,NULL,NULL,NULL,0),(1127,1089,'2021-08-25 06:42:17','2021-08-25 06:42:17',163,18,NULL,0,'Handtiebouquetinvase-Pink hues-Medium (30 cm diameter)','باقة ربطة في مزهرية',NULL,NULL,NULL,0,0,NULL,1.0000,50.0000,50.0000,NULL,0.0000,0.0000,0.0000,0.0000,0.0000,0.0000,50.0000,50.0000,0.0000,0.0000,'configurable',NULL,NULL,NULL,NULL,NULL,50.0000,50.0000,50.0000,50.0000,0.0000,0.0000,0,NULL,NULL,NULL,NULL,NULL,NULL,NULL,NULL,NULL,NULL,0),(1128,1089,'2021-08-25 06:42:17','2021-08-25 08:21:44',161,18,1127,0,'Handtiebouquetinvase-Pink hues-Medium (30 cm diameter)','Hand tie bouquet in vase-Pink hues-Medium (30 cm diameter)',NULL,NULL,NULL,0,0,NULL,1.0000,0.0000,0.0000,NULL,0.0000,0.0000,0.0000,0.0000,0.0000,0.0000,0.0000,0.0000,0.0000,0.0000,'simple',NULL,NULL,NULL,NULL,NULL,NULL,NULL,NULL,NULL,NULL,NULL,0,NULL,NULL,NULL,NULL,NULL,NULL,NULL,NULL,NULL,NULL,0),(1129,1089,'2021-08-25 06:50:34','2021-08-25 06:50:34',163,18,NULL,0,'invase-Special of the day (mix)-Medium (30 cm diameter)','باقة ربطة في مزهرية',NULL,NULL,NULL,0,0,NULL,1.0000,50.0000,50.0000,NULL,0.0000,0.0000,0.0000,0.0000,0.0000,0.0000,50.0000,50.0000,0.0000,0.0000,'configurable',NULL,NULL,NULL,NULL,NULL,50.0000,50.0000,50.0000,50.0000,0.0000,0.0000,0,NULL,NULL,NULL,NULL,NULL,NULL,NULL,NULL,NULL,NULL,0),(1130,1089,'2021-08-25 06:50:34','2021-08-25 06:50:34',162,18,1129,0,'invase-Special of the day (mix)-Medium (30 cm diameter)','Hand tie bouquet in vase-Special of the day (mix)-Medium (30 cm diameter)',NULL,NULL,NULL,0,0,NULL,1.0000,0.0000,0.0000,NULL,0.0000,0.0000,0.0000,0.0000,0.0000,0.0000,0.0000,0.0000,0.0000,0.0000,'simple',NULL,NULL,NULL,NULL,NULL,NULL,NULL,NULL,NULL,NULL,NULL,0,NULL,NULL,NULL,NULL,NULL,NULL,NULL,NULL,NULL,NULL,0),(1131,1090,'2021-08-25 09:19:48','2021-08-25 10:04:21',167,18,NULL,0,'Flower arrangement in vase-Pink hues','تنسيق الزهور في مزهرية',NULL,NULL,NULL,0,0,NULL,1.0000,80.0000,80.0000,NULL,0.0000,0.0000,0.0000,0.0000,0.0000,0.0000,80.0000,80.0000,0.0000,0.0000,'configurable',NULL,NULL,NULL,NULL,NULL,80.0000,80.0000,80.0000,80.0000,0.0000,0.0000,0,NULL,NULL,NULL,NULL,NULL,NULL,NULL,NULL,NULL,NULL,0),(1132,1090,'2021-08-25 09:19:48','2021-08-25 10:04:21',165,18,1131,0,'Flower arrangement in vase-Pink hues','Flower arrangement in vase-Pink hues',NULL,NULL,NULL,0,0,NULL,1.0000,0.0000,0.0000,NULL,0.0000,0.0000,0.0000,0.0000,0.0000,0.0000,0.0000,0.0000,0.0000,0.0000,'simple',NULL,NULL,NULL,NULL,NULL,NULL,NULL,NULL,NULL,NULL,NULL,0,NULL,NULL,NULL,NULL,NULL,NULL,NULL,NULL,NULL,NULL,0),(1133,1091,'2021-08-26 07:41:53','2021-08-26 07:41:53',171,18,NULL,0,'pa2 plants with 1 small green plant','ترتيب نبات فالاينوبسيس في إناء',NULL,NULL,NULL,0,0,NULL,1.0000,60.0000,60.0000,NULL,0.0000,0.0000,0.0000,0.0000,0.0000,0.0000,60.0000,60.0000,0.0000,0.0000,'configurable',NULL,NULL,NULL,NULL,NULL,60.0000,60.0000,60.0000,60.0000,0.0000,0.0000,0,NULL,NULL,NULL,NULL,NULL,NULL,NULL,NULL,NULL,NULL,0),(1134,1091,'2021-08-26 07:41:53','2021-08-26 07:41:53',168,18,1133,0,'pa2 plants with 1 small green plant','Phalaenopsis plant arrangement in vase-2 plants with 1 small green plant',NULL,NULL,NULL,0,0,NULL,1.0000,0.0000,0.0000,NULL,0.0000,0.0000,0.0000,0.0000,0.0000,0.0000,0.0000,0.0000,0.0000,0.0000,'simple',NULL,NULL,NULL,NULL,NULL,NULL,NULL,NULL,NULL,NULL,NULL,0,NULL,NULL,NULL,NULL,NULL,NULL,NULL,NULL,NULL,NULL,0),(1135,1092,'2021-08-30 19:52:51','2021-08-30 19:52:51',167,1,NULL,0,'Flower arrangement in vase-Special of the day (mix)','Flower arrangement in vase',NULL,NULL,NULL,0,0,NULL,1.0000,80.0000,80.0000,NULL,0.0000,0.0000,0.0000,0.0000,0.0000,0.0000,80.0000,80.0000,0.0000,0.0000,'configurable',NULL,NULL,NULL,NULL,NULL,80.0000,80.0000,80.0000,80.0000,0.0000,0.0000,0,NULL,NULL,NULL,NULL,NULL,NULL,NULL,NULL,NULL,NULL,0),(1136,1092,'2021-08-30 19:52:51','2021-08-30 19:52:51',166,1,1135,0,'Flower arrangement in vase-Special of the day (mix)','Flower arrangement in vase-Special of the day (mix)',NULL,NULL,NULL,0,0,NULL,1.0000,0.0000,0.0000,NULL,0.0000,0.0000,0.0000,0.0000,0.0000,0.0000,0.0000,0.0000,0.0000,0.0000,'simple',NULL,NULL,NULL,NULL,NULL,NULL,NULL,NULL,NULL,NULL,NULL,0,NULL,NULL,NULL,NULL,NULL,NULL,NULL,NULL,NULL,NULL,0),(1137,1093,'2021-09-01 19:20:13','2021-09-01 19:20:13',163,1,NULL,0,'Handtiebouquetinvase-All White-Medium (30 cm diameter)','Hand tie bouquet in vase',NULL,NULL,NULL,0,0,NULL,1.0000,50.0000,50.0000,NULL,0.0000,0.0000,0.0000,0.0000,0.0000,0.0000,50.0000,50.0000,0.0000,0.0000,'configurable',NULL,NULL,NULL,NULL,NULL,50.0000,50.0000,50.0000,50.0000,0.0000,0.0000,0,NULL,NULL,NULL,NULL,NULL,NULL,NULL,NULL,NULL,NULL,0),(1138,1093,'2021-09-01 19:20:13','2021-09-01 19:20:13',160,1,1137,0,'Handtiebouquetinvase-All White-Medium (30 cm diameter)','Hand tie bouquet in vase-All White-Medium (30 cm diameter)',NULL,NULL,NULL,0,0,NULL,1.0000,0.0000,0.0000,NULL,0.0000,0.0000,0.0000,0.0000,0.0000,0.0000,0.0000,0.0000,0.0000,0.0000,'simple',NULL,NULL,NULL,NULL,NULL,NULL,NULL,NULL,NULL,NULL,NULL,0,NULL,NULL,NULL,NULL,NULL,NULL,NULL,NULL,NULL,NULL,0),(1139,1094,'2021-12-14 17:48:32','2021-12-14 17:48:32',167,1,NULL,0,'Flower arrangement in vase-Pink hues','Flower arrangement in vase',NULL,NULL,NULL,0,0,NULL,1.0000,80.0000,80.0000,NULL,0.0000,0.0000,0.0000,0.0000,0.0000,0.0000,80.0000,80.0000,0.0000,0.0000,'configurable',NULL,NULL,NULL,NULL,NULL,80.0000,80.0000,80.0000,80.0000,0.0000,0.0000,0,NULL,NULL,NULL,NULL,NULL,NULL,NULL,NULL,NULL,NULL,0),(1140,1094,'2021-12-14 17:48:32','2021-12-14 17:48:32',165,1,1139,0,'Flower arrangement in vase-Pink hues','Flower arrangement in vase-Pink hues',NULL,NULL,NULL,0,0,NULL,1.0000,0.0000,0.0000,NULL,0.0000,0.0000,0.0000,0.0000,0.0000,0.0000,0.0000,0.0000,0.0000,0.0000,'simple',NULL,NULL,NULL,NULL,NULL,NULL,NULL,NULL,NULL,NULL,NULL,0,NULL,NULL,NULL,NULL,NULL,NULL,NULL,NULL,NULL,NULL,0),(1141,1096,'2021-12-14 18:02:15','2021-12-14 18:02:15',167,1,NULL,0,'Flower arrangement in vase-Special of the day (mix)','Flower arrangement in vase',NULL,NULL,NULL,0,0,NULL,1.0000,80.0000,80.0000,NULL,0.0000,0.0000,0.0000,0.0000,0.0000,0.0000,80.0000,80.0000,0.0000,0.0000,'configurable',NULL,NULL,NULL,NULL,NULL,80.0000,80.0000,80.0000,80.0000,0.0000,0.0000,0,NULL,NULL,NULL,NULL,NULL,NULL,NULL,NULL,NULL,NULL,0),(1142,1096,'2021-12-14 18:02:15','2021-12-14 18:02:15',166,1,1141,0,'Flower arrangement in vase-Special of the day (mix)','Flower arrangement in vase-Special of the day (mix)',NULL,NULL,NULL,0,0,NULL,1.0000,0.0000,0.0000,NULL,0.0000,0.0000,0.0000,0.0000,0.0000,0.0000,0.0000,0.0000,0.0000,0.0000,'simple',NULL,NULL,NULL,NULL,NULL,NULL,NULL,NULL,NULL,NULL,NULL,0,NULL,NULL,NULL,NULL,NULL,NULL,NULL,NULL,NULL,NULL,0),(1143,1098,'2022-01-04 11:59:41','2022-01-04 11:59:41',152,1,NULL,0,'Bridalshowerpackage','Bridal shower package ',NULL,NULL,NULL,0,0,NULL,1.0000,80.0000,80.0000,NULL,0.0000,0.0000,0.0000,0.0000,0.0000,0.0000,80.0000,80.0000,0.0000,0.0000,'simple',NULL,NULL,NULL,NULL,NULL,80.0000,80.0000,80.0000,80.0000,0.0000,0.0000,0,NULL,NULL,NULL,NULL,NULL,NULL,NULL,NULL,NULL,NULL,0),(1144,1099,'2022-01-16 13:16:11','2022-01-16 13:16:11',167,1,NULL,0,'Flower arrangement in vase-Special of the day (mix)','Flower arrangement in vase',NULL,NULL,NULL,0,0,NULL,1.0000,80.0000,80.0000,NULL,0.0000,0.0000,0.0000,0.0000,0.0000,0.0000,80.0000,80.0000,0.0000,0.0000,'configurable',NULL,NULL,NULL,NULL,NULL,80.0000,80.0000,80.0000,80.0000,0.0000,0.0000,0,NULL,NULL,NULL,NULL,NULL,NULL,NULL,NULL,NULL,NULL,0),(1145,1099,'2022-01-16 13:16:11','2022-01-16 13:16:11',166,1,1144,0,'Flower arrangement in vase-Special of the day (mix)','Flower arrangement in vase-Special of the day (mix)',NULL,NULL,NULL,0,0,NULL,1.0000,0.0000,0.0000,NULL,0.0000,0.0000,0.0000,0.0000,0.0000,0.0000,0.0000,0.0000,0.0000,0.0000,'simple',NULL,NULL,NULL,NULL,NULL,NULL,NULL,NULL,NULL,NULL,NULL,0,NULL,NULL,NULL,NULL,NULL,NULL,NULL,NULL,NULL,NULL,0);

--
-- Table structure for table `quote_item_option`
--

CREATE TABLE `quote_item_option` (
  `option_id` int(10) unsigned NOT NULL AUTO_INCREMENT COMMENT 'Option ID',
  `item_id` int(10) unsigned NOT NULL COMMENT 'Item ID',
  `product_id` int(10) unsigned NOT NULL COMMENT 'Product ID',
  `code` varchar(255) NOT NULL COMMENT 'Code',
  `value` text COMMENT 'Value',
  PRIMARY KEY (`option_id`),
  KEY `QUOTE_ITEM_OPTION_ITEM_ID` (`item_id`),
  CONSTRAINT `QUOTE_ITEM_OPTION_ITEM_ID_QUOTE_ITEM_ITEM_ID` FOREIGN KEY (`item_id`) REFERENCES `quote_item` (`item_id`) ON DELETE CASCADE
) ENGINE=InnoDB AUTO_INCREMENT=2169 DEFAULT CHARSET=utf8 COMMENT='Sales Flat Quote Item Option';

--
-- Dumping data for table `quote_item_option`
--

INSERT INTO `quote_item_option` VALUES (2060,1109,147,'info_buyRequest','{\"product\":\"147\",\"selected_configurable_option\":\"\",\"related_product\":\"\",\"item\":\"147\",\"super_attribute\":{\"153\":\"5476\",\"154\":\"5478\"},\"qty\":\"1\"}'),(2061,1109,147,'attributes','{\"153\":\"5476\",\"154\":\"5478\"}'),(2062,1109,151,'product_qty_151','1'),(2063,1109,151,'simple_product','151'),(2064,1110,151,'info_buyRequest','{\"product\":\"147\",\"selected_configurable_option\":\"\",\"related_product\":\"\",\"item\":\"147\",\"super_attribute\":{\"153\":\"5476\",\"154\":\"5478\"},\"qty\":\"1\"}'),(2065,1110,151,'parent_product_id','147'),(2066,1111,163,'info_buyRequest','{\"product\":\"163\",\"selected_configurable_option\":\"\",\"related_product\":\"\",\"item\":\"163\",\"super_attribute\":{\"156\":\"5482\",\"157\":\"5485\"},\"qty\":\"1\"}'),(2067,1111,163,'attributes','{\"156\":\"5482\",\"157\":\"5485\"}'),(2068,1111,160,'product_qty_160','1'),(2069,1111,160,'simple_product','160'),(2070,1112,160,'info_buyRequest','{\"product\":\"163\",\"selected_configurable_option\":\"\",\"related_product\":\"\",\"item\":\"163\",\"super_attribute\":{\"156\":\"5482\",\"157\":\"5485\"},\"qty\":\"1\"}'),(2071,1112,160,'parent_product_id','163'),(2072,1113,147,'info_buyRequest','{\"product\":\"147\",\"selected_configurable_option\":\"\",\"related_product\":\"\",\"item\":\"147\",\"super_attribute\":{\"153\":\"5476\",\"154\":\"5477\"},\"qty\":\"1\"}'),(2073,1113,147,'attributes','{\"153\":\"5476\",\"154\":\"5477\"}'),(2074,1113,150,'product_qty_150','1'),(2075,1113,150,'simple_product','150'),(2076,1114,150,'info_buyRequest','{\"product\":\"147\",\"selected_configurable_option\":\"\",\"related_product\":\"\",\"item\":\"147\",\"super_attribute\":{\"153\":\"5476\",\"154\":\"5477\"},\"qty\":\"1\"}'),(2077,1114,150,'parent_product_id','147'),(2078,1115,163,'info_buyRequest','{\"product\":\"163\",\"selected_configurable_option\":\"\",\"related_product\":\"\",\"item\":\"163\",\"super_attribute\":{\"156\":\"5482\",\"157\":\"5485\"},\"qty\":\"1\"}'),(2079,1115,163,'attributes','{\"156\":\"5482\",\"157\":\"5485\"}'),(2080,1115,160,'product_qty_160','1'),(2081,1115,160,'simple_product','160'),(2082,1116,160,'info_buyRequest','{\"product\":\"163\",\"selected_configurable_option\":\"\",\"related_product\":\"\",\"item\":\"163\",\"super_attribute\":{\"156\":\"5482\",\"157\":\"5485\"},\"qty\":\"1\"}'),(2083,1116,160,'parent_product_id','163'),(2096,1121,159,'info_buyRequest','{\"product\":\"159\",\"selected_configurable_option\":\"\",\"related_product\":\"\",\"item\":\"159\",\"super_attribute\":{\"156\":\"5483\",\"157\":\"5486\"},\"qty\":\"1\"}'),(2097,1121,159,'attributes','{\"156\":\"5483\",\"157\":\"5486\"}'),(2098,1121,156,'product_qty_156','1'),(2099,1121,156,'simple_product','156'),(2100,1122,156,'info_buyRequest','{\"product\":\"159\",\"selected_configurable_option\":\"\",\"related_product\":\"\",\"item\":\"159\",\"super_attribute\":{\"156\":\"5483\",\"157\":\"5486\"},\"qty\":\"1\"}'),(2101,1122,156,'parent_product_id','159'),(2102,1123,163,'info_buyRequest','{\"product\":\"163\",\"selected_configurable_option\":\"\",\"related_product\":\"\",\"item\":\"163\",\"super_attribute\":{\"156\":\"5483\",\"157\":\"5485\"},\"qty\":\"1\"}'),(2103,1123,163,'attributes','{\"156\":\"5483\",\"157\":\"5485\"}'),(2104,1123,161,'product_qty_161','1'),(2105,1123,161,'simple_product','161'),(2106,1124,161,'info_buyRequest','{\"product\":\"163\",\"selected_configurable_option\":\"\",\"related_product\":\"\",\"item\":\"163\",\"super_attribute\":{\"156\":\"5483\",\"157\":\"5485\"},\"qty\":\"1\"}'),(2107,1124,161,'parent_product_id','163'),(2108,1125,167,'info_buyRequest','{\"product\":\"167\",\"selected_configurable_option\":\"\",\"related_product\":\"\",\"item\":\"167\",\"super_attribute\":{\"156\":\"5483\"},\"qty\":\"1\"}'),(2109,1125,167,'attributes','{\"156\":\"5483\"}'),(2110,1125,165,'product_qty_165','1'),(2111,1125,165,'simple_product','165'),(2112,1126,165,'info_buyRequest','{\"product\":\"167\",\"selected_configurable_option\":\"\",\"related_product\":\"\",\"item\":\"167\",\"super_attribute\":{\"156\":\"5483\"},\"qty\":\"1\"}'),(2113,1126,165,'parent_product_id','167'),(2114,1127,163,'info_buyRequest','{\"product\":\"163\",\"selected_configurable_option\":\"\",\"related_product\":\"\",\"item\":\"163\",\"super_attribute\":{\"156\":\"5483\",\"157\":\"5485\"},\"qty\":\"1\"}'),(2115,1127,163,'attributes','{\"156\":\"5483\",\"157\":\"5485\"}'),(2116,1127,161,'product_qty_161','1'),(2117,1127,161,'simple_product','161'),(2118,1128,161,'info_buyRequest','{\"product\":\"163\",\"selected_configurable_option\":\"\",\"related_product\":\"\",\"item\":\"163\",\"super_attribute\":{\"156\":\"5483\",\"157\":\"5485\"},\"qty\":\"1\"}'),(2119,1128,161,'parent_product_id','163'),(2120,1129,163,'info_buyRequest','{\"product\":\"163\",\"selected_configurable_option\":\"\",\"related_product\":\"\",\"item\":\"163\",\"super_attribute\":{\"156\":\"5484\",\"157\":\"5485\"},\"qty\":\"1\"}'),(2121,1129,163,'attributes','{\"156\":\"5484\",\"157\":\"5485\"}'),(2122,1129,162,'product_qty_162','1'),(2123,1129,162,'simple_product','162'),(2124,1130,162,'info_buyRequest','{\"product\":\"163\",\"selected_configurable_option\":\"\",\"related_product\":\"\",\"item\":\"163\",\"super_attribute\":{\"156\":\"5484\",\"157\":\"5485\"},\"qty\":\"1\"}'),(2125,1130,162,'parent_product_id','163'),(2126,1131,167,'info_buyRequest','{\"product\":\"167\",\"selected_configurable_option\":\"\",\"related_product\":\"\",\"item\":\"167\",\"super_attribute\":{\"156\":\"5483\"},\"qty\":\"1\"}'),(2127,1131,167,'attributes','{\"156\":\"5483\"}'),(2128,1131,165,'product_qty_165','1'),(2129,1131,165,'simple_product','165'),(2130,1132,165,'info_buyRequest','{\"product\":\"167\",\"selected_configurable_option\":\"\",\"related_product\":\"\",\"item\":\"167\",\"super_attribute\":{\"156\":\"5483\"},\"qty\":\"1\"}'),(2131,1132,165,'parent_product_id','167'),(2132,1133,171,'info_buyRequest','{\"product\":\"171\",\"selected_configurable_option\":\"\",\"related_product\":\"\",\"item\":\"171\",\"super_attribute\":{\"158\":\"5487\"},\"qty\":\"1\"}'),(2133,1133,171,'attributes','{\"158\":\"5487\"}'),(2134,1133,168,'product_qty_168','1'),(2135,1133,168,'simple_product','168'),(2136,1134,168,'info_buyRequest','{\"product\":\"171\",\"selected_configurable_option\":\"\",\"related_product\":\"\",\"item\":\"171\",\"super_attribute\":{\"158\":\"5487\"},\"qty\":\"1\"}'),(2137,1134,168,'parent_product_id','171'),(2138,1135,167,'info_buyRequest','{\"product\":\"167\",\"selected_configurable_option\":\"\",\"related_product\":\"\",\"item\":\"167\",\"super_attribute\":{\"156\":\"5484\"},\"qty\":\"1\"}'),(2139,1135,167,'attributes','{\"156\":\"5484\"}'),(2140,1135,166,'product_qty_166','1'),(2141,1135,166,'simple_product','166'),(2142,1136,166,'info_buyRequest','{\"product\":\"167\",\"selected_configurable_option\":\"\",\"related_product\":\"\",\"item\":\"167\",\"super_attribute\":{\"156\":\"5484\"},\"qty\":\"1\"}'),(2143,1136,166,'parent_product_id','167'),(2144,1137,163,'info_buyRequest','{\"product\":\"163\",\"selected_configurable_option\":\"\",\"related_product\":\"\",\"item\":\"163\",\"super_attribute\":{\"156\":\"5482\",\"157\":\"5485\"},\"qty\":\"1\"}'),(2145,1137,163,'attributes','{\"156\":\"5482\",\"157\":\"5485\"}'),(2146,1137,160,'product_qty_160','1'),(2147,1137,160,'simple_product','160'),(2148,1138,160,'info_buyRequest','{\"product\":\"163\",\"selected_configurable_option\":\"\",\"related_product\":\"\",\"item\":\"163\",\"super_attribute\":{\"156\":\"5482\",\"157\":\"5485\"},\"qty\":\"1\"}'),(2149,1138,160,'parent_product_id','163'),(2150,1139,167,'info_buyRequest','{\"product\":\"167\",\"selected_configurable_option\":\"\",\"related_product\":\"\",\"item\":\"167\",\"super_attribute\":{\"156\":\"5483\"},\"qty\":\"1\"}'),(2151,1139,167,'attributes','{\"156\":\"5483\"}'),(2152,1139,165,'product_qty_165','1'),(2153,1139,165,'simple_product','165'),(2154,1140,165,'info_buyRequest','{\"product\":\"167\",\"selected_configurable_option\":\"\",\"related_product\":\"\",\"item\":\"167\",\"super_attribute\":{\"156\":\"5483\"},\"qty\":\"1\"}'),(2155,1140,165,'parent_product_id','167'),(2156,1141,167,'info_buyRequest','{\"product\":\"167\",\"selected_configurable_option\":\"\",\"related_product\":\"\",\"item\":\"167\",\"super_attribute\":{\"156\":\"5484\"},\"qty\":\"1\"}'),(2157,1141,167,'attributes','{\"156\":\"5484\"}'),(2158,1141,166,'product_qty_166','1'),(2159,1141,166,'simple_product','166'),(2160,1142,166,'info_buyRequest','{\"product\":\"167\",\"selected_configurable_option\":\"\",\"related_product\":\"\",\"item\":\"167\",\"super_attribute\":{\"156\":\"5484\"},\"qty\":\"1\"}'),(2161,1142,166,'parent_product_id','167'),(2162,1143,152,'info_buyRequest','{\"product\":\"152\",\"selected_configurable_option\":\"\",\"related_product\":\"\",\"item\":\"152\",\"qty\":\"1\"}'),(2163,1144,167,'info_buyRequest','{\"product\":\"167\",\"selected_configurable_option\":\"\",\"related_product\":\"\",\"item\":\"167\",\"super_attribute\":{\"156\":\"5484\"},\"qty\":\"1\"}'),(2164,1144,167,'attributes','{\"156\":\"5484\"}'),(2165,1144,166,'product_qty_166','1'),(2166,1144,166,'simple_product','166'),(2167,1145,166,'info_buyRequest','{\"product\":\"167\",\"selected_configurable_option\":\"\",\"related_product\":\"\",\"item\":\"167\",\"super_attribute\":{\"156\":\"5484\"},\"qty\":\"1\"}'),(2168,1145,166,'parent_product_id','167');

--
-- Table structure for table `quote_payment`
--

CREATE TABLE `quote_payment` (
  `payment_id` int(10) unsigned NOT NULL AUTO_INCREMENT COMMENT 'Payment ID',
  `quote_id` int(10) unsigned NOT NULL DEFAULT '0' COMMENT 'Quote ID',
  `created_at` timestamp NOT NULL DEFAULT CURRENT_TIMESTAMP COMMENT 'Created At',
  `updated_at` timestamp NOT NULL DEFAULT CURRENT_TIMESTAMP ON UPDATE CURRENT_TIMESTAMP COMMENT 'Updated At',
  `method` varchar(255) DEFAULT NULL COMMENT 'Method',
  `cc_type` varchar(255) DEFAULT NULL COMMENT 'Cc Type',
  `cc_number_enc` varchar(255) DEFAULT NULL COMMENT 'Cc Number Enc',
  `cc_last_4` varchar(255) DEFAULT NULL COMMENT 'Cc Last 4',
  `cc_cid_enc` varchar(255) DEFAULT NULL COMMENT 'Cc Cid Enc',
  `cc_owner` varchar(255) DEFAULT NULL COMMENT 'Cc Owner',
  `cc_exp_month` varchar(255) DEFAULT NULL COMMENT 'Cc Exp Month',
  `cc_exp_year` smallint(5) unsigned DEFAULT '0' COMMENT 'Cc Exp Year',
  `cc_ss_owner` varchar(255) DEFAULT NULL COMMENT 'Cc Ss Owner',
  `cc_ss_start_month` smallint(5) unsigned DEFAULT '0' COMMENT 'Cc Ss Start Month',
  `cc_ss_start_year` smallint(5) unsigned DEFAULT '0' COMMENT 'Cc Ss Start Year',
  `po_number` varchar(255) DEFAULT NULL COMMENT 'Po Number',
  `additional_data` text COMMENT 'Additional Data',
  `cc_ss_issue` varchar(255) DEFAULT NULL COMMENT 'Cc Ss Issue',
  `additional_information` text COMMENT 'Additional Information',
  `paypal_payer_id` varchar(255) DEFAULT NULL COMMENT 'Paypal Payer ID',
  `paypal_payer_status` varchar(255) DEFAULT NULL COMMENT 'Paypal Payer Status',
  `paypal_correlation_id` varchar(255) DEFAULT NULL COMMENT 'Paypal Correlation ID',
  PRIMARY KEY (`payment_id`),
  KEY `QUOTE_PAYMENT_QUOTE_ID` (`quote_id`),
  CONSTRAINT `QUOTE_PAYMENT_QUOTE_ID_QUOTE_ENTITY_ID` FOREIGN KEY (`quote_id`) REFERENCES `quote` (`entity_id`) ON DELETE CASCADE
) ENGINE=InnoDB AUTO_INCREMENT=60 DEFAULT CHARSET=utf8 COMMENT='Sales Flat Quote Payment';

--
-- Dumping data for table `quote_payment`
--

INSERT INTO `quote_payment` VALUES (1,25,'2016-04-17 00:30:05','0000-00-00 00:00:00','checkmo',NULL,NULL,NULL,NULL,NULL,NULL,0,NULL,0,0,NULL,NULL,NULL,NULL,NULL,NULL,NULL),(2,34,'2016-04-25 05:16:56','0000-00-00 00:00:00','checkmo',NULL,NULL,NULL,NULL,NULL,NULL,0,NULL,0,0,NULL,NULL,NULL,NULL,NULL,NULL,NULL),(3,43,'2016-08-23 04:39:26','2017-10-10 04:01:54','checkmo',NULL,NULL,NULL,NULL,NULL,NULL,0,NULL,0,0,NULL,NULL,NULL,'null',NULL,NULL,NULL),(4,49,'2017-02-21 02:36:12','2017-10-10 04:01:54','checkmo',NULL,NULL,NULL,NULL,NULL,NULL,0,NULL,0,0,NULL,NULL,NULL,'null',NULL,NULL,NULL),(5,75,'2017-04-18 02:56:40','2017-10-10 04:01:54','checkmo',NULL,NULL,NULL,NULL,NULL,NULL,0,NULL,0,0,NULL,NULL,NULL,'null',NULL,NULL,NULL),(6,82,'2018-05-23 05:52:58','0000-00-00 00:00:00','checkmo',NULL,NULL,NULL,NULL,NULL,NULL,0,NULL,0,0,NULL,NULL,NULL,'null',NULL,NULL,NULL),(7,92,'2019-05-28 10:07:15','0000-00-00 00:00:00','checkmo',NULL,NULL,NULL,NULL,NULL,NULL,0,NULL,0,0,NULL,NULL,NULL,'null',NULL,NULL,NULL),(8,93,'2019-05-29 00:51:12','0000-00-00 00:00:00','checkmo',NULL,NULL,NULL,NULL,NULL,NULL,0,NULL,0,0,NULL,NULL,NULL,'null',NULL,NULL,NULL),(9,126,'2020-03-21 13:03:47','2020-03-21 13:03:47','checkmo',NULL,NULL,NULL,NULL,NULL,NULL,0,NULL,0,0,NULL,NULL,NULL,'null',NULL,NULL,NULL),(10,247,'2020-04-12 14:10:39','2020-04-12 14:10:39','checkmo',NULL,NULL,NULL,NULL,NULL,NULL,0,NULL,0,0,NULL,NULL,NULL,'null',NULL,NULL,NULL),(11,290,'2020-04-20 06:42:23','2020-04-20 06:42:23','checkmo',NULL,NULL,NULL,NULL,NULL,NULL,0,NULL,0,0,NULL,NULL,NULL,'null',NULL,NULL,NULL),(12,291,'2020-04-20 15:15:08','2020-04-20 15:15:08','checkmo',NULL,NULL,NULL,NULL,NULL,NULL,0,NULL,0,0,NULL,NULL,NULL,'null',NULL,NULL,NULL),(13,324,'2020-04-24 10:48:46','2020-04-24 10:48:46','checkmo',NULL,NULL,NULL,NULL,NULL,NULL,0,NULL,0,0,NULL,NULL,NULL,'null',NULL,NULL,NULL),(14,341,'2020-04-26 22:24:41','2020-04-26 22:24:41','checkmo',NULL,NULL,NULL,NULL,NULL,NULL,0,NULL,0,0,NULL,NULL,NULL,'null',NULL,NULL,NULL),(15,355,'2020-04-27 22:19:13','2020-04-27 22:19:13','checkmo',NULL,NULL,NULL,NULL,NULL,NULL,0,NULL,0,0,NULL,NULL,NULL,'null',NULL,NULL,NULL),(16,369,'2020-04-29 13:27:47','2020-04-29 13:27:47','checkmo',NULL,NULL,NULL,NULL,NULL,NULL,0,NULL,0,0,NULL,NULL,NULL,'null',NULL,NULL,NULL),(17,448,'2020-05-25 15:34:58','2020-05-25 15:34:58','checkmo',NULL,NULL,NULL,NULL,NULL,NULL,0,NULL,0,0,NULL,NULL,NULL,'null',NULL,NULL,NULL),(18,496,'2020-06-22 12:24:54','2020-06-22 12:24:54','checkmo',NULL,NULL,NULL,NULL,NULL,NULL,0,NULL,0,0,NULL,NULL,NULL,'null',NULL,NULL,NULL),(19,497,'2020-06-22 16:16:04','2020-06-22 16:16:04','checkmo',NULL,NULL,NULL,NULL,NULL,NULL,0,NULL,0,0,NULL,NULL,NULL,'null',NULL,NULL,NULL),(20,526,'2020-07-01 10:42:34','2020-07-01 10:42:34','checkmo',NULL,NULL,NULL,NULL,NULL,NULL,0,NULL,0,0,NULL,NULL,NULL,'null',NULL,NULL,NULL),(21,552,'2020-07-04 10:14:44','2020-07-04 10:14:44','checkmo',NULL,NULL,NULL,NULL,NULL,NULL,0,NULL,0,0,NULL,NULL,NULL,'null',NULL,NULL,NULL),(22,579,'2020-07-11 09:14:14','2020-07-11 09:14:14','checkmo',NULL,NULL,NULL,NULL,NULL,NULL,0,NULL,0,0,NULL,NULL,NULL,'null',NULL,NULL,NULL),(23,583,'2020-07-12 11:59:51','2020-07-12 11:59:51','checkmo',NULL,NULL,NULL,NULL,NULL,NULL,0,NULL,0,0,NULL,NULL,NULL,'null',NULL,NULL,NULL),(24,599,'2020-07-17 22:22:33','2020-07-17 22:22:33','checkmo',NULL,NULL,NULL,NULL,NULL,NULL,0,NULL,0,0,NULL,NULL,NULL,'null',NULL,NULL,NULL),(25,607,'2020-07-20 19:17:22','2020-07-20 19:17:22','checkmo',NULL,NULL,NULL,NULL,NULL,NULL,0,NULL,0,0,NULL,NULL,NULL,'null',NULL,NULL,NULL),(26,610,'2020-07-22 06:44:00','2020-07-22 06:44:00','checkmo',NULL,NULL,NULL,NULL,NULL,NULL,0,NULL,0,0,NULL,NULL,NULL,'null',NULL,NULL,NULL),(27,612,'2020-07-23 10:09:55','2020-07-23 10:09:55','checkmo',NULL,NULL,NULL,NULL,NULL,NULL,0,NULL,0,0,NULL,NULL,NULL,'null',NULL,NULL,NULL),(28,641,'2020-08-06 19:30:15','2020-08-06 19:30:15','checkmo',NULL,NULL,NULL,NULL,NULL,NULL,0,NULL,0,0,NULL,NULL,NULL,'null',NULL,NULL,NULL),(29,651,'2020-08-07 17:47:29','2020-08-07 17:47:29','checkmo',NULL,NULL,NULL,NULL,NULL,NULL,0,NULL,0,0,NULL,NULL,NULL,'null',NULL,NULL,NULL),(30,659,'2020-08-12 12:44:15','2020-08-12 12:44:15','checkmo',NULL,NULL,NULL,NULL,NULL,NULL,0,NULL,0,0,NULL,NULL,NULL,'null',NULL,NULL,NULL),(31,730,'2020-09-16 12:01:29','2020-09-16 12:01:29','checkmo',NULL,NULL,NULL,NULL,NULL,NULL,0,NULL,0,0,NULL,NULL,NULL,'null',NULL,NULL,NULL),(32,745,'2020-09-20 22:30:05','2020-09-20 22:30:05','checkmo',NULL,NULL,NULL,NULL,NULL,NULL,0,NULL,0,0,NULL,NULL,NULL,'null',NULL,NULL,NULL),(33,748,'2020-09-21 12:58:09','2020-09-21 12:58:09','checkmo',NULL,NULL,NULL,NULL,NULL,NULL,0,NULL,0,0,NULL,NULL,NULL,'null',NULL,NULL,NULL),(34,749,'2020-09-22 11:30:25','2020-09-22 11:30:25','checkmo',NULL,NULL,NULL,NULL,NULL,NULL,0,NULL,0,0,NULL,NULL,NULL,'null',NULL,NULL,NULL),(35,751,'2020-09-24 05:41:46','2020-09-24 05:41:46','checkmo',NULL,NULL,NULL,NULL,NULL,NULL,0,NULL,0,0,NULL,NULL,NULL,'null',NULL,NULL,NULL),(36,766,'2020-10-01 10:05:44','2020-10-01 10:05:44','checkmo',NULL,NULL,NULL,NULL,NULL,NULL,0,NULL,0,0,NULL,NULL,NULL,'null',NULL,NULL,NULL),(37,767,'2020-10-01 10:11:56','2020-10-01 10:11:56','checkmo',NULL,NULL,NULL,NULL,NULL,NULL,0,NULL,0,0,NULL,NULL,NULL,'null',NULL,NULL,NULL),(38,777,'2020-10-05 07:08:26','2020-10-05 07:08:26','checkmo',NULL,NULL,NULL,NULL,NULL,NULL,0,NULL,0,0,NULL,NULL,NULL,'null',NULL,NULL,NULL),(39,778,'2020-10-05 07:10:13','2020-10-05 07:10:13','checkmo',NULL,NULL,NULL,NULL,NULL,NULL,0,NULL,0,0,NULL,NULL,NULL,'null',NULL,NULL,NULL),(40,797,'2020-10-13 02:05:39','2020-10-13 02:05:39','checkmo',NULL,NULL,NULL,NULL,NULL,NULL,0,NULL,0,0,NULL,NULL,NULL,'null',NULL,NULL,NULL),(41,811,'2020-10-20 06:52:28','2020-10-20 06:52:28','checkmo',NULL,NULL,NULL,NULL,NULL,NULL,0,NULL,0,0,NULL,NULL,NULL,'null',NULL,NULL,NULL),(42,814,'2020-10-20 07:12:06','2020-10-20 07:12:06','checkmo',NULL,NULL,NULL,NULL,NULL,NULL,0,NULL,0,0,NULL,NULL,NULL,'null',NULL,NULL,NULL),(43,879,'2020-11-22 00:09:08','2020-11-22 00:09:08','checkmo',NULL,NULL,NULL,NULL,NULL,NULL,0,NULL,0,0,NULL,NULL,NULL,'null',NULL,NULL,NULL),(44,884,'2020-11-23 14:38:46','2020-11-23 14:38:46','checkmo',NULL,NULL,NULL,NULL,NULL,NULL,0,NULL,0,0,NULL,NULL,NULL,'null',NULL,NULL,NULL),(45,885,'2020-11-23 14:39:16','2020-11-23 14:39:16','checkmo',NULL,NULL,NULL,NULL,NULL,NULL,0,NULL,0,0,NULL,NULL,NULL,'null',NULL,NULL,NULL),(46,886,'2020-11-23 14:51:57','2020-11-23 14:51:57','checkmo',NULL,NULL,NULL,NULL,NULL,NULL,0,NULL,0,0,NULL,NULL,NULL,'null',NULL,NULL,NULL),(47,933,'2020-12-16 18:14:56','2020-12-16 18:14:56','checkmo',NULL,NULL,NULL,NULL,NULL,NULL,0,NULL,0,0,NULL,NULL,NULL,'null',NULL,NULL,NULL),(48,960,'2020-12-26 07:40:46','2020-12-26 07:40:46','checkmo',NULL,NULL,NULL,NULL,NULL,NULL,0,NULL,0,0,NULL,NULL,NULL,'null',NULL,NULL,NULL),(49,1028,'2021-01-24 20:14:18','2021-01-24 20:14:18','checkmo',NULL,NULL,NULL,NULL,NULL,NULL,0,NULL,0,0,NULL,NULL,NULL,'null',NULL,NULL,NULL),(50,1049,'2021-02-02 15:09:47','2021-02-02 15:09:47','checkmo',NULL,NULL,NULL,NULL,NULL,NULL,0,NULL,0,0,NULL,NULL,NULL,'null',NULL,NULL,NULL),(51,1054,'2021-02-13 08:44:46','2021-02-13 08:44:46','checkmo',NULL,NULL,NULL,NULL,NULL,NULL,0,NULL,0,0,NULL,NULL,NULL,'null',NULL,NULL,NULL),(52,1089,'2021-08-25 08:39:06','2021-08-25 08:39:06','checkmo',NULL,NULL,NULL,NULL,NULL,NULL,0,NULL,0,0,NULL,NULL,NULL,'null',NULL,NULL,NULL),(53,1090,'2021-08-25 09:20:57','2021-08-25 09:20:57','myfatoorah_gateway',NULL,NULL,NULL,NULL,NULL,NULL,0,NULL,0,0,NULL,NULL,NULL,'null',NULL,NULL,NULL),(54,1091,'2021-08-26 07:43:27','2021-08-26 07:43:27','myfatoorah_gateway',NULL,NULL,NULL,NULL,NULL,NULL,0,NULL,0,0,NULL,NULL,NULL,'null',NULL,NULL,NULL),(55,1093,'2021-09-01 19:21:20','2021-09-01 19:21:20','myfatoorah_gateway',NULL,NULL,NULL,NULL,NULL,NULL,0,NULL,0,0,NULL,NULL,NULL,'null',NULL,NULL,NULL),(56,1094,'2021-12-14 17:50:55','2021-12-14 17:50:55','myfatoorah_gateway',NULL,NULL,NULL,NULL,NULL,NULL,0,NULL,0,0,NULL,NULL,NULL,'null',NULL,NULL,NULL),(57,1096,'2021-12-14 18:03:44','2021-12-14 18:03:44','myfatoorah_gateway',NULL,NULL,NULL,NULL,NULL,NULL,0,NULL,0,0,NULL,NULL,NULL,'null',NULL,NULL,NULL),(58,1098,'2022-01-04 12:00:34','2022-01-04 12:00:34','myfatoorah_gateway',NULL,NULL,NULL,NULL,NULL,NULL,0,NULL,0,0,NULL,NULL,NULL,'null',NULL,NULL,NULL),(59,1099,'2022-01-16 13:17:24','2022-01-16 13:17:24','myfatoorah_gateway',NULL,NULL,NULL,NULL,NULL,NULL,0,NULL,0,0,NULL,NULL,NULL,'null',NULL,NULL,NULL);

--
-- Table structure for table `quote_shipping_rate`
--

CREATE TABLE `quote_shipping_rate` (
  `rate_id` int(10) unsigned NOT NULL AUTO_INCREMENT COMMENT 'Rate ID',
  `address_id` int(10) unsigned NOT NULL DEFAULT '0' COMMENT 'Address ID',
  `created_at` timestamp NOT NULL DEFAULT CURRENT_TIMESTAMP COMMENT 'Created At',
  `updated_at` timestamp NOT NULL DEFAULT CURRENT_TIMESTAMP ON UPDATE CURRENT_TIMESTAMP COMMENT 'Updated At',
  `carrier` varchar(255) DEFAULT NULL COMMENT 'Carrier',
  `carrier_title` varchar(255) DEFAULT NULL COMMENT 'Carrier Title',
  `code` varchar(255) DEFAULT NULL COMMENT 'Code',
  `method` varchar(255) DEFAULT NULL COMMENT 'Method',
  `method_description` text COMMENT 'Method Description',
  `price` decimal(20,4) NOT NULL DEFAULT '0.0000' COMMENT 'Price',
  `error_message` text COMMENT 'Error Message',
  `method_title` text COMMENT 'Method Title',
  PRIMARY KEY (`rate_id`),
  KEY `QUOTE_SHIPPING_RATE_ADDRESS_ID` (`address_id`),
  CONSTRAINT `QUOTE_SHIPPING_RATE_ADDRESS_ID_QUOTE_ADDRESS_ADDRESS_ID` FOREIGN KEY (`address_id`) REFERENCES `quote_address` (`address_id`) ON DELETE CASCADE
) ENGINE=InnoDB AUTO_INCREMENT=184 DEFAULT CHARSET=utf8 COMMENT='Sales Flat Quote Shipping Rate';

--
-- Dumping data for table `quote_shipping_rate`
--

INSERT INTO `quote_shipping_rate` VALUES (5,36,'2016-04-12 23:04:05','0000-00-00 00:00:00','flatrate','Flat Rate','flatrate_flatrate','flatrate',NULL,15.0000,NULL,'Fixed'),(7,50,'2016-04-17 00:30:05','0000-00-00 00:00:00','flatrate','Flat Rate','flatrate_flatrate','flatrate',NULL,5.0000,NULL,'Fixed'),(10,68,'2016-04-25 05:16:56','0000-00-00 00:00:00','flatrate','Flat Rate','flatrate_flatrate','flatrate',NULL,5.0000,NULL,'Fixed'),(12,88,'2016-08-23 04:39:26','0000-00-00 00:00:00','flatrate','Flat Rate','flatrate_flatrate','flatrate',NULL,15.0000,NULL,'Fixed'),(15,100,'2017-02-21 02:36:12','0000-00-00 00:00:00','flatrate','Flat Rate','flatrate_flatrate','flatrate',NULL,10.0000,NULL,'Fixed'),(18,153,'2017-04-18 02:56:40','0000-00-00 00:00:00','flatrate','Flat Rate','flatrate_flatrate','flatrate',NULL,5.0000,NULL,'Fixed'),(21,168,'2018-05-23 05:52:58','0000-00-00 00:00:00','flatrate','Flat Rate','flatrate_flatrate','flatrate',NULL,5.0000,NULL,'Fixed'),(26,175,'2018-10-11 02:44:29','0000-00-00 00:00:00','flatrate','Flat Rate','flatrate_flatrate','flatrate',NULL,25.0000,NULL,'Fixed'),(28,191,'2019-05-28 10:07:15','0000-00-00 00:00:00','flatrate','Flat Rate','flatrate_flatrate','flatrate',NULL,2800.0000,NULL,'Fixed'),(30,194,'2019-05-29 00:51:12','0000-00-00 00:00:00','flatrate','Flat Rate','flatrate_flatrate','flatrate',NULL,2250.0000,NULL,'Fixed'),(33,265,'2020-03-21 13:03:47','2020-03-21 13:03:47','flatrate','Flat Rate','flatrate_flatrate','flatrate',NULL,10.0000,NULL,'Fixed'),(35,512,'2020-04-12 14:10:39','2020-04-12 14:10:39','flatrate','Flat Rate','flatrate_flatrate','flatrate',NULL,10.0000,NULL,'Fixed'),(37,535,'2020-04-14 09:17:47','2020-04-14 09:17:47','flatrate','Flat Rate','flatrate_flatrate','flatrate',NULL,5.0000,NULL,'Fixed'),(39,599,'2020-04-20 06:42:23','2020-04-20 06:42:23','flatrate','Flat Rate','flatrate_flatrate','flatrate',NULL,450.0000,NULL,'Fixed'),(42,602,'2020-04-20 15:15:08','2020-04-20 15:15:08','flatrate','Flat Rate','flatrate_flatrate','flatrate',NULL,470.0000,NULL,'Fixed'),(44,669,'2020-04-24 10:48:46','2020-04-24 10:48:46','flatrate','Flat Rate','flatrate_flatrate','flatrate',NULL,5.0000,NULL,'Fixed'),(46,704,'2020-04-26 22:24:41','2020-04-26 22:24:41','flatrate','Flat Rate','flatrate_flatrate','flatrate',NULL,10.0000,NULL,'Fixed'),(48,731,'2020-04-27 20:09:37','2020-04-27 20:09:37','flatrate','Flat Rate','flatrate_flatrate','flatrate',NULL,5.0000,NULL,'Fixed'),(50,763,'2020-04-29 13:27:47','2020-04-29 13:27:47','flatrate','Flat Rate','flatrate_flatrate','flatrate',NULL,5.0000,NULL,'Fixed'),(52,924,'2020-05-25 15:34:58','2020-05-25 15:34:58','flatrate','Flat Rate','flatrate_flatrate','flatrate',NULL,10.0000,NULL,'Fixed'),(55,1028,'2020-06-22 12:25:16','2020-06-22 12:25:16','flatrate','Flat Rate','flatrate_flatrate','flatrate',NULL,10.0000,NULL,'Fixed'),(59,1032,'2020-06-22 16:17:10','2020-06-22 16:17:10','flatrate','Flat Rate','flatrate_flatrate','flatrate',NULL,5.0000,NULL,'Fixed'),(61,1095,'2020-07-01 10:42:34','2020-07-01 10:42:34','flatrate','Flat Rate','flatrate_flatrate','flatrate',NULL,5.0000,NULL,'Fixed'),(63,1148,'2020-07-04 10:14:44','2020-07-04 10:14:44','flatrate','Flat Rate','flatrate_flatrate','flatrate',NULL,5.0000,NULL,'Fixed'),(67,1207,'2020-07-11 09:15:14','2020-07-11 09:15:14','flatrate','Flat Rate','flatrate_flatrate','flatrate',NULL,5.0000,NULL,'Fixed'),(72,1217,'2020-07-12 12:01:26','2020-07-12 12:01:26','flatrate','Flat Rate','flatrate_flatrate','flatrate',NULL,5.0000,NULL,'Fixed'),(75,1252,'2020-07-17 22:22:52','2020-07-17 22:22:52','flatrate','Flat Rate','flatrate_flatrate','flatrate',NULL,5.0000,NULL,'Fixed'),(77,1272,'2020-07-20 19:17:22','2020-07-20 19:17:22','flatrate','Flat Rate','flatrate_flatrate','flatrate',NULL,5.0000,NULL,'Fixed'),(80,1279,'2020-07-22 06:50:46','2020-07-22 06:50:46','flatrate','Flat Rate','flatrate_flatrate','flatrate',NULL,15.0000,NULL,'Fixed'),(83,1284,'2020-07-23 10:10:03','2020-07-23 10:10:03','flatrate','Flat Rate','flatrate_flatrate','flatrate',NULL,5.0000,NULL,'Fixed'),(86,1366,'2020-08-07 17:47:49','2020-08-07 17:47:49','flatrate','Flat Rate','flatrate_flatrate','flatrate',NULL,5.0000,NULL,'Fixed'),(89,1384,'2020-08-12 12:44:22','2020-08-12 12:44:22','flatrate','Flat Rate','flatrate_flatrate','flatrate',NULL,5.0000,NULL,'Fixed'),(92,1532,'2020-09-16 12:01:44','2020-09-16 12:01:44','flatrate','Flat Rate','flatrate_flatrate','flatrate',NULL,5.0000,NULL,'Fixed'),(94,1564,'2020-09-20 22:30:05','2020-09-20 22:30:05','flatrate','Flat Rate','flatrate_flatrate','flatrate',NULL,5.0000,NULL,'Fixed'),(97,1571,'2020-09-21 12:58:20','2020-09-21 12:58:20','flatrate','Flat Rate','flatrate_flatrate','flatrate',NULL,5.0000,NULL,'Fixed'),(99,1575,'2020-09-22 11:30:25','2020-09-22 11:30:25','flatrate','Flat Rate','flatrate_flatrate','flatrate',NULL,5.0000,NULL,'Fixed'),(102,1580,'2020-09-24 05:42:00','2020-09-24 05:42:00','flatrate','Flat Rate','flatrate_flatrate','flatrate',NULL,5.0000,NULL,'Fixed'),(105,1612,'2020-10-01 10:05:50','2020-10-01 10:05:50','flatrate','Flat Rate','flatrate_flatrate','flatrate',NULL,10.0000,NULL,'Fixed'),(108,1616,'2020-10-01 10:12:57','2020-10-01 10:12:57','flatrate','Flat Rate','flatrate_flatrate','flatrate',NULL,5.0000,NULL,'Fixed'),(111,1638,'2020-10-05 07:08:48','2020-10-05 07:08:48','flatrate','Flat Rate','flatrate_flatrate','flatrate',NULL,5.0000,NULL,'Fixed'),(114,1642,'2020-10-05 07:10:30','2020-10-05 07:10:30','flatrate','Flat Rate','flatrate_flatrate','flatrate',NULL,5.0000,NULL,'Fixed'),(117,1684,'2020-10-13 02:05:58','2020-10-13 02:05:58','flatrate','Flat Rate','flatrate_flatrate','flatrate',NULL,5.0000,NULL,'Fixed'),(120,1714,'2020-10-20 06:52:31','2020-10-20 06:52:31','flatrate','Flat Rate','flatrate_flatrate','flatrate',NULL,5.0000,NULL,'Fixed'),(122,1722,'2020-10-20 07:12:06','2020-10-20 07:12:06','flatrate','Flat Rate','flatrate_flatrate','flatrate',NULL,5.0000,NULL,'Fixed'),(123,1815,'2020-11-12 08:24:31','2020-11-12 08:24:31','flatrate','Flat Rate','flatrate_flatrate','flatrate',NULL,5.0000,NULL,'Fixed'),(126,1866,'2020-11-23 14:38:54','2020-11-23 14:38:54','flatrate','Flat Rate','flatrate_flatrate','flatrate',NULL,5.0000,NULL,'Fixed'),(129,1869,'2020-11-23 14:39:26','2020-11-23 14:39:26','flatrate','Flat Rate','flatrate_flatrate','flatrate',NULL,5.0000,NULL,'Fixed'),(132,1874,'2020-11-23 14:52:05','2020-11-23 14:52:05','flatrate','Flat Rate','flatrate_flatrate','flatrate',NULL,5.0000,NULL,'Fixed'),(134,1971,'2020-12-16 18:14:56','2020-12-16 18:14:56','flatrate','Flat Rate','flatrate_flatrate','flatrate',NULL,5.0000,NULL,'Fixed'),(137,2028,'2020-12-26 07:40:55','2020-12-26 07:40:55','flatrate','Flat Rate','flatrate_flatrate','flatrate',NULL,5.0000,NULL,'Fixed'),(140,2168,'2021-01-24 20:14:39','2021-01-24 20:14:39','flatrate','Flat Rate','flatrate_flatrate','flatrate',NULL,5.0000,NULL,'Fixed'),(143,2212,'2021-02-02 15:10:05','2021-02-02 15:10:05','flatrate','Flat Rate','flatrate_flatrate','flatrate',NULL,5.0000,NULL,'Fixed'),(146,2224,'2021-02-13 08:45:13','2021-02-13 08:45:13','flatrate','Flat Rate','flatrate_flatrate','flatrate',NULL,5.0000,NULL,'Fixed'),(150,2297,'2021-08-25 08:41:09','2021-08-25 08:41:09','flatrate','Flat Rate','flatrate_flatrate','flatrate',NULL,15.0000,NULL,'Fixed'),(162,2299,'2021-08-25 10:25:55','2021-08-25 10:25:55','flatrate','Flat Rate','flatrate_flatrate','flatrate',NULL,5.0000,NULL,'Fixed'),(165,2304,'2021-08-26 07:43:55','2021-08-26 07:43:55','flatrate','Flat Rate','flatrate_flatrate','flatrate',NULL,2.0000,NULL,'Fixed'),(168,2309,'2021-09-01 19:21:25','2021-09-01 19:21:25','flatrate','Flat Rate','flatrate_flatrate','flatrate',NULL,2.0000,NULL,'Fixed'),(171,2312,'2021-12-14 17:51:07','2021-12-14 17:51:07','flatrate','Flat Rate','flatrate_flatrate','flatrate',NULL,2.0000,NULL,'Fixed'),(174,2317,'2021-12-14 18:03:49','2021-12-14 18:03:49','flatrate','Flat Rate','flatrate_flatrate','flatrate',NULL,2.0000,NULL,'Fixed'),(177,2322,'2022-01-04 12:00:48','2022-01-04 12:00:48','flatrate','Flat Rate','flatrate_flatrate','flatrate',NULL,2.0000,NULL,'Fixed'),(183,2325,'2022-01-16 13:19:20','2022-01-16 13:19:20','flatrate','Flat Rate','flatrate_flatrate','flatrate',NULL,2.0000,NULL,'Fixed');

--
-- Table structure for table `rating`
--

CREATE TABLE `rating` (
  `rating_id` smallint(5) unsigned NOT NULL AUTO_INCREMENT COMMENT 'Rating ID',
  `entity_id` smallint(5) unsigned NOT NULL DEFAULT '0' COMMENT 'Entity ID',
  `rating_code` varchar(64) NOT NULL COMMENT 'Rating Code',
  `position` smallint(5) unsigned NOT NULL DEFAULT '0' COMMENT 'Rating Position On Storefront',
  `is_active` smallint(6) NOT NULL DEFAULT '1' COMMENT 'Rating is active.',
  PRIMARY KEY (`rating_id`),
  UNIQUE KEY `RATING_RATING_CODE` (`rating_code`),
  KEY `RATING_ENTITY_ID` (`entity_id`),
  CONSTRAINT `RATING_ENTITY_ID_RATING_ENTITY_ENTITY_ID` FOREIGN KEY (`entity_id`) REFERENCES `rating_entity` (`entity_id`) ON DELETE CASCADE
) ENGINE=InnoDB AUTO_INCREMENT=4 DEFAULT CHARSET=utf8 COMMENT='Ratings';

--
-- Dumping data for table `rating`
--

INSERT INTO `rating` VALUES (1,1,'Quality',0,1),(2,1,'Value',0,1),(3,1,'Price',0,1);

--
-- Table structure for table `rating_entity`
--

CREATE TABLE `rating_entity` (
  `entity_id` smallint(5) unsigned NOT NULL AUTO_INCREMENT COMMENT 'Entity ID',
  `entity_code` varchar(64) NOT NULL COMMENT 'Entity Code',
  PRIMARY KEY (`entity_id`),
  UNIQUE KEY `RATING_ENTITY_ENTITY_CODE` (`entity_code`)
) ENGINE=InnoDB AUTO_INCREMENT=4 DEFAULT CHARSET=utf8 COMMENT='Rating entities';

--
-- Dumping data for table `rating_entity`
--

INSERT INTO `rating_entity` VALUES (1,'product'),(2,'product_review'),(3,'review');

--
-- Table structure for table `rating_option`
--

CREATE TABLE `rating_option` (
  `option_id` int(10) unsigned NOT NULL AUTO_INCREMENT COMMENT 'Rating Option ID',
  `rating_id` smallint(5) unsigned NOT NULL DEFAULT '0' COMMENT 'Rating ID',
  `code` varchar(32) NOT NULL COMMENT 'Rating Option Code',
  `value` smallint(5) unsigned NOT NULL DEFAULT '0' COMMENT 'Rating Option Value',
  `position` smallint(5) unsigned NOT NULL DEFAULT '0' COMMENT 'Ration option position on Storefront',
  PRIMARY KEY (`option_id`),
  KEY `RATING_OPTION_RATING_ID` (`rating_id`),
  CONSTRAINT `RATING_OPTION_RATING_ID_RATING_RATING_ID` FOREIGN KEY (`rating_id`) REFERENCES `rating` (`rating_id`) ON DELETE CASCADE
) ENGINE=InnoDB AUTO_INCREMENT=16 DEFAULT CHARSET=utf8 COMMENT='Rating options';

--
-- Dumping data for table `rating_option`
--

INSERT INTO `rating_option` VALUES (1,1,'1',1,1),(2,1,'2',2,2),(3,1,'3',3,3),(4,1,'4',4,4),(5,1,'5',5,5),(6,2,'1',1,1),(7,2,'2',2,2),(8,2,'3',3,3),(9,2,'4',4,4),(10,2,'5',5,5),(11,3,'1',1,1),(12,3,'2',2,2),(13,3,'3',3,3),(14,3,'4',4,4),(15,3,'5',5,5);

--
-- Table structure for table `rating_option_vote`
--

CREATE TABLE `rating_option_vote` (
  `vote_id` bigint(20) unsigned NOT NULL AUTO_INCREMENT COMMENT 'Vote ID',
  `option_id` int(10) unsigned NOT NULL DEFAULT '0' COMMENT 'Vote option ID',
  `remote_ip` varchar(16) NOT NULL COMMENT 'Customer IP',
  `remote_ip_long` bigint(20) NOT NULL DEFAULT '0' COMMENT 'Customer IP converted to long integer format',
  `customer_id` int(10) unsigned DEFAULT '0' COMMENT 'Customer ID',
  `entity_pk_value` bigint(20) unsigned NOT NULL DEFAULT '0' COMMENT 'Product ID',
  `rating_id` smallint(5) unsigned NOT NULL DEFAULT '0' COMMENT 'Rating ID',
  `review_id` bigint(20) unsigned DEFAULT NULL COMMENT 'Review ID',
  `percent` smallint(6) NOT NULL DEFAULT '0' COMMENT 'Percent amount',
  `value` smallint(6) NOT NULL DEFAULT '0' COMMENT 'Vote option value',
  PRIMARY KEY (`vote_id`),
  KEY `RATING_OPTION_VOTE_OPTION_ID` (`option_id`),
  KEY `RATING_OPTION_VOTE_REVIEW_ID_REVIEW_REVIEW_ID` (`review_id`),
  CONSTRAINT `RATING_OPTION_VOTE_OPTION_ID_RATING_OPTION_OPTION_ID` FOREIGN KEY (`option_id`) REFERENCES `rating_option` (`option_id`) ON DELETE CASCADE,
  CONSTRAINT `RATING_OPTION_VOTE_REVIEW_ID_REVIEW_REVIEW_ID` FOREIGN KEY (`review_id`) REFERENCES `review` (`review_id`) ON DELETE CASCADE
) ENGINE=InnoDB DEFAULT CHARSET=utf8 COMMENT='Rating option values';

--
-- Dumping data for table `rating_option_vote`
--


--
-- Table structure for table `rating_option_vote_aggregated`
--

CREATE TABLE `rating_option_vote_aggregated` (
  `primary_id` int(11) NOT NULL AUTO_INCREMENT COMMENT 'Vote aggregation ID',
  `rating_id` smallint(5) unsigned NOT NULL DEFAULT '0' COMMENT 'Rating ID',
  `entity_pk_value` bigint(20) unsigned NOT NULL DEFAULT '0' COMMENT 'Product ID',
  `vote_count` int(10) unsigned NOT NULL DEFAULT '0' COMMENT 'Vote dty',
  `vote_value_sum` int(10) unsigned NOT NULL DEFAULT '0' COMMENT 'General vote sum',
  `percent` smallint(6) NOT NULL DEFAULT '0' COMMENT 'Vote percent',
  `percent_approved` smallint(6) DEFAULT '0' COMMENT 'Vote percent approved by admin',
  `store_id` smallint(5) unsigned NOT NULL DEFAULT '0' COMMENT 'Store ID',
  PRIMARY KEY (`primary_id`),
  KEY `RATING_OPTION_VOTE_AGGREGATED_RATING_ID` (`rating_id`),
  KEY `RATING_OPTION_VOTE_AGGREGATED_STORE_ID` (`store_id`),
  CONSTRAINT `RATING_OPTION_VOTE_AGGREGATED_RATING_ID_RATING_RATING_ID` FOREIGN KEY (`rating_id`) REFERENCES `rating` (`rating_id`) ON DELETE CASCADE,
  CONSTRAINT `RATING_OPTION_VOTE_AGGREGATED_STORE_ID_STORE_STORE_ID` FOREIGN KEY (`store_id`) REFERENCES `store` (`store_id`) ON DELETE CASCADE
) ENGINE=InnoDB DEFAULT CHARSET=utf8 COMMENT='Rating vote aggregated';

--
-- Dumping data for table `rating_option_vote_aggregated`
--


--
-- Table structure for table `rating_store`
--

CREATE TABLE `rating_store` (
  `rating_id` smallint(5) unsigned NOT NULL DEFAULT '0' COMMENT 'Rating ID',
  `store_id` smallint(5) unsigned NOT NULL DEFAULT '0' COMMENT 'Store ID',
  PRIMARY KEY (`rating_id`,`store_id`),
  KEY `RATING_STORE_STORE_ID` (`store_id`),
  CONSTRAINT `RATING_STORE_RATING_ID_RATING_RATING_ID` FOREIGN KEY (`rating_id`) REFERENCES `rating` (`rating_id`) ON DELETE CASCADE,
  CONSTRAINT `RATING_STORE_STORE_ID_STORE_STORE_ID` FOREIGN KEY (`store_id`) REFERENCES `store` (`store_id`) ON DELETE CASCADE
) ENGINE=InnoDB DEFAULT CHARSET=utf8 COMMENT='Rating Store';

--
-- Dumping data for table `rating_store`
--

INSERT INTO `rating_store` VALUES (1,0),(2,0),(3,0),(1,1),(2,1),(3,1),(1,3),(2,3),(3,3),(1,4),(2,4),(3,4),(1,5),(2,5),(3,5),(1,6),(2,6),(3,6),(1,7),(2,7),(3,7);

--
-- Table structure for table `rating_title`
--

CREATE TABLE `rating_title` (
  `rating_id` smallint(5) unsigned NOT NULL DEFAULT '0' COMMENT 'Rating ID',
  `store_id` smallint(5) unsigned NOT NULL DEFAULT '0' COMMENT 'Store ID',
  `value` varchar(255) NOT NULL COMMENT 'Rating Label',
  PRIMARY KEY (`rating_id`,`store_id`),
  KEY `RATING_TITLE_STORE_ID` (`store_id`),
  CONSTRAINT `RATING_TITLE_RATING_ID_RATING_RATING_ID` FOREIGN KEY (`rating_id`) REFERENCES `rating` (`rating_id`) ON DELETE CASCADE,
  CONSTRAINT `RATING_TITLE_STORE_ID_STORE_STORE_ID` FOREIGN KEY (`store_id`) REFERENCES `store` (`store_id`) ON DELETE CASCADE
) ENGINE=InnoDB DEFAULT CHARSET=utf8 COMMENT='Rating Title';

--
-- Dumping data for table `rating_title`
--


--
-- Table structure for table `release_notification_viewer_log`
--

CREATE TABLE `release_notification_viewer_log` (
  `id` int(10) unsigned NOT NULL AUTO_INCREMENT COMMENT 'Log ID',
  `viewer_id` int(10) unsigned NOT NULL COMMENT 'Viewer admin user ID',
  `last_view_version` varchar(16) NOT NULL COMMENT 'Viewer last view on product version',
  PRIMARY KEY (`id`),
  UNIQUE KEY `RELEASE_NOTIFICATION_VIEWER_LOG_VIEWER_ID` (`viewer_id`),
  CONSTRAINT `RELEASE_NOTIFICATION_VIEWER_LOG_VIEWER_ID_ADMIN_USER_USER_ID` FOREIGN KEY (`viewer_id`) REFERENCES `admin_user` (`user_id`) ON DELETE CASCADE
) ENGINE=InnoDB DEFAULT CHARSET=utf8 COMMENT='Release Notification Viewer Log Table';

--
-- Dumping data for table `release_notification_viewer_log`
--


--
-- Table structure for table `report_compared_product_index`
--

CREATE TABLE `report_compared_product_index` (
  `index_id` bigint(20) unsigned NOT NULL AUTO_INCREMENT COMMENT 'Index ID',
  `visitor_id` int(10) unsigned DEFAULT NULL COMMENT 'Visitor ID',
  `customer_id` int(10) unsigned DEFAULT NULL COMMENT 'Customer ID',
  `product_id` int(10) unsigned NOT NULL COMMENT 'Product ID',
  `store_id` smallint(5) unsigned DEFAULT NULL COMMENT 'Store ID',
  `added_at` timestamp NOT NULL DEFAULT CURRENT_TIMESTAMP COMMENT 'Added At',
  PRIMARY KEY (`index_id`),
  UNIQUE KEY `REPORT_COMPARED_PRODUCT_INDEX_VISITOR_ID_PRODUCT_ID` (`visitor_id`,`product_id`),
  UNIQUE KEY `REPORT_COMPARED_PRODUCT_INDEX_CUSTOMER_ID_PRODUCT_ID` (`customer_id`,`product_id`),
  KEY `REPORT_COMPARED_PRODUCT_INDEX_STORE_ID` (`store_id`),
  KEY `REPORT_COMPARED_PRODUCT_INDEX_ADDED_AT` (`added_at`),
  KEY `REPORT_COMPARED_PRODUCT_INDEX_PRODUCT_ID` (`product_id`),
  CONSTRAINT `REPORT_CMPD_PRD_IDX_CSTR_ID_CSTR_ENTT_ENTT_ID` FOREIGN KEY (`customer_id`) REFERENCES `customer_entity` (`entity_id`) ON DELETE CASCADE,
  CONSTRAINT `REPORT_CMPD_PRD_IDX_PRD_ID_CAT_PRD_ENTT_ENTT_ID` FOREIGN KEY (`product_id`) REFERENCES `catalog_product_entity` (`entity_id`) ON DELETE CASCADE,
  CONSTRAINT `REPORT_COMPARED_PRODUCT_INDEX_STORE_ID_STORE_STORE_ID` FOREIGN KEY (`store_id`) REFERENCES `store` (`store_id`) ON DELETE SET NULL
) ENGINE=InnoDB DEFAULT CHARSET=utf8 COMMENT='Reports Compared Product Index Table';

--
-- Dumping data for table `report_compared_product_index`
--


--
-- Table structure for table `report_event`
--

CREATE TABLE `report_event` (
  `event_id` bigint(20) unsigned NOT NULL AUTO_INCREMENT COMMENT 'Event ID',
  `logged_at` timestamp NOT NULL DEFAULT CURRENT_TIMESTAMP COMMENT 'Logged At',
  `event_type_id` smallint(5) unsigned NOT NULL DEFAULT '0' COMMENT 'Event Type ID',
  `object_id` int(10) unsigned NOT NULL DEFAULT '0' COMMENT 'Object ID',
  `subject_id` int(10) unsigned NOT NULL DEFAULT '0' COMMENT 'Subject ID',
  `subtype` smallint(5) unsigned NOT NULL DEFAULT '0' COMMENT 'Subtype',
  `store_id` smallint(5) unsigned NOT NULL COMMENT 'Store ID',
  PRIMARY KEY (`event_id`),
  KEY `REPORT_EVENT_EVENT_TYPE_ID` (`event_type_id`),
  KEY `REPORT_EVENT_SUBJECT_ID` (`subject_id`),
  KEY `REPORT_EVENT_OBJECT_ID` (`object_id`),
  KEY `REPORT_EVENT_SUBTYPE` (`subtype`),
  KEY `REPORT_EVENT_STORE_ID` (`store_id`),
  CONSTRAINT `REPORT_EVENT_EVENT_TYPE_ID_REPORT_EVENT_TYPES_EVENT_TYPE_ID` FOREIGN KEY (`event_type_id`) REFERENCES `report_event_types` (`event_type_id`) ON DELETE CASCADE,
  CONSTRAINT `REPORT_EVENT_STORE_ID_STORE_STORE_ID` FOREIGN KEY (`store_id`) REFERENCES `store` (`store_id`) ON DELETE CASCADE
) ENGINE=InnoDB DEFAULT CHARSET=utf8 COMMENT='Reports Event Table';

--
-- Dumping data for table `report_event`
--


--
-- Table structure for table `report_event_types`
--

CREATE TABLE `report_event_types` (
  `event_type_id` smallint(5) unsigned NOT NULL AUTO_INCREMENT COMMENT 'Event Type ID',
  `event_name` varchar(64) NOT NULL COMMENT 'Event Name',
  `customer_login` smallint(5) unsigned NOT NULL DEFAULT '0' COMMENT 'Customer Login',
  PRIMARY KEY (`event_type_id`)
) ENGINE=InnoDB AUTO_INCREMENT=7 DEFAULT CHARSET=utf8 COMMENT='Reports Event Type Table';

--
-- Dumping data for table `report_event_types`
--

INSERT INTO `report_event_types` VALUES (1,'catalog_product_view',0),(2,'sendfriend_product',0),(3,'catalog_product_compare_add_product',0),(4,'checkout_cart_add_product',0),(5,'wishlist_add_product',0),(6,'wishlist_share',0);

--
-- Table structure for table `report_viewed_product_aggregated_daily`
--

CREATE TABLE `report_viewed_product_aggregated_daily` (
  `id` int(10) unsigned NOT NULL AUTO_INCREMENT COMMENT 'ID',
  `period` date DEFAULT NULL COMMENT 'Period',
  `store_id` smallint(5) unsigned DEFAULT NULL COMMENT 'Store ID',
  `product_id` int(10) unsigned DEFAULT NULL COMMENT 'Product ID',
  `product_name` varchar(255) DEFAULT NULL COMMENT 'Product Name',
  `product_price` decimal(12,4) NOT NULL DEFAULT '0.0000' COMMENT 'Product Price',
  `views_num` int(11) NOT NULL DEFAULT '0' COMMENT 'Number of Views',
  `rating_pos` smallint(5) unsigned NOT NULL DEFAULT '0' COMMENT 'Rating Pos',
  PRIMARY KEY (`id`),
  UNIQUE KEY `REPORT_VIEWED_PRD_AGGRED_DAILY_PERIOD_STORE_ID_PRD_ID` (`period`,`store_id`,`product_id`),
  KEY `REPORT_VIEWED_PRODUCT_AGGREGATED_DAILY_STORE_ID` (`store_id`),
  KEY `REPORT_VIEWED_PRODUCT_AGGREGATED_DAILY_PRODUCT_ID` (`product_id`),
  CONSTRAINT `REPORT_VIEWED_PRD_AGGRED_DAILY_PRD_ID_CAT_PRD_ENTT_ENTT_ID` FOREIGN KEY (`product_id`) REFERENCES `catalog_product_entity` (`entity_id`) ON DELETE CASCADE,
  CONSTRAINT `REPORT_VIEWED_PRODUCT_AGGREGATED_DAILY_STORE_ID_STORE_STORE_ID` FOREIGN KEY (`store_id`) REFERENCES `store` (`store_id`) ON DELETE CASCADE
) ENGINE=InnoDB DEFAULT CHARSET=utf8 COMMENT='Most Viewed Products Aggregated Daily';

--
-- Dumping data for table `report_viewed_product_aggregated_daily`
--


--
-- Table structure for table `report_viewed_product_aggregated_monthly`
--

CREATE TABLE `report_viewed_product_aggregated_monthly` (
  `id` int(10) unsigned NOT NULL AUTO_INCREMENT COMMENT 'ID',
  `period` date DEFAULT NULL COMMENT 'Period',
  `store_id` smallint(5) unsigned DEFAULT NULL COMMENT 'Store ID',
  `product_id` int(10) unsigned DEFAULT NULL COMMENT 'Product ID',
  `product_name` varchar(255) DEFAULT NULL COMMENT 'Product Name',
  `product_price` decimal(12,4) NOT NULL DEFAULT '0.0000' COMMENT 'Product Price',
  `views_num` int(11) NOT NULL DEFAULT '0' COMMENT 'Number of Views',
  `rating_pos` smallint(5) unsigned NOT NULL DEFAULT '0' COMMENT 'Rating Pos',
  PRIMARY KEY (`id`),
  UNIQUE KEY `REPORT_VIEWED_PRD_AGGRED_MONTHLY_PERIOD_STORE_ID_PRD_ID` (`period`,`store_id`,`product_id`),
  KEY `REPORT_VIEWED_PRODUCT_AGGREGATED_MONTHLY_STORE_ID` (`store_id`),
  KEY `REPORT_VIEWED_PRODUCT_AGGREGATED_MONTHLY_PRODUCT_ID` (`product_id`),
  CONSTRAINT `REPORT_VIEWED_PRD_AGGRED_MONTHLY_PRD_ID_CAT_PRD_ENTT_ENTT_ID` FOREIGN KEY (`product_id`) REFERENCES `catalog_product_entity` (`entity_id`) ON DELETE CASCADE,
  CONSTRAINT `REPORT_VIEWED_PRODUCT_AGGREGATED_MONTHLY_STORE_ID_STORE_STORE_ID` FOREIGN KEY (`store_id`) REFERENCES `store` (`store_id`) ON DELETE CASCADE
) ENGINE=InnoDB DEFAULT CHARSET=utf8 COMMENT='Most Viewed Products Aggregated Monthly';

--
-- Dumping data for table `report_viewed_product_aggregated_monthly`
--


--
-- Table structure for table `report_viewed_product_aggregated_yearly`
--

CREATE TABLE `report_viewed_product_aggregated_yearly` (
  `id` int(10) unsigned NOT NULL AUTO_INCREMENT COMMENT 'ID',
  `period` date DEFAULT NULL COMMENT 'Period',
  `store_id` smallint(5) unsigned DEFAULT NULL COMMENT 'Store ID',
  `product_id` int(10) unsigned DEFAULT NULL COMMENT 'Product ID',
  `product_name` varchar(255) DEFAULT NULL COMMENT 'Product Name',
  `product_price` decimal(12,4) NOT NULL DEFAULT '0.0000' COMMENT 'Product Price',
  `views_num` int(11) NOT NULL DEFAULT '0' COMMENT 'Number of Views',
  `rating_pos` smallint(5) unsigned NOT NULL DEFAULT '0' COMMENT 'Rating Pos',
  PRIMARY KEY (`id`),
  UNIQUE KEY `REPORT_VIEWED_PRD_AGGRED_YEARLY_PERIOD_STORE_ID_PRD_ID` (`period`,`store_id`,`product_id`),
  KEY `REPORT_VIEWED_PRODUCT_AGGREGATED_YEARLY_STORE_ID` (`store_id`),
  KEY `REPORT_VIEWED_PRODUCT_AGGREGATED_YEARLY_PRODUCT_ID` (`product_id`),
  CONSTRAINT `REPORT_VIEWED_PRD_AGGRED_YEARLY_PRD_ID_CAT_PRD_ENTT_ENTT_ID` FOREIGN KEY (`product_id`) REFERENCES `catalog_product_entity` (`entity_id`) ON DELETE CASCADE,
  CONSTRAINT `REPORT_VIEWED_PRODUCT_AGGREGATED_YEARLY_STORE_ID_STORE_STORE_ID` FOREIGN KEY (`store_id`) REFERENCES `store` (`store_id`) ON DELETE CASCADE
) ENGINE=InnoDB DEFAULT CHARSET=utf8 COMMENT='Most Viewed Products Aggregated Yearly';

--
-- Dumping data for table `report_viewed_product_aggregated_yearly`
--


--
-- Table structure for table `report_viewed_product_index`
--

CREATE TABLE `report_viewed_product_index` (
  `index_id` bigint(20) unsigned NOT NULL AUTO_INCREMENT COMMENT 'Index ID',
  `visitor_id` int(10) unsigned DEFAULT NULL COMMENT 'Visitor ID',
  `customer_id` int(10) unsigned DEFAULT NULL COMMENT 'Customer ID',
  `product_id` int(10) unsigned NOT NULL COMMENT 'Product ID',
  `store_id` smallint(5) unsigned DEFAULT NULL COMMENT 'Store ID',
  `added_at` timestamp NOT NULL DEFAULT CURRENT_TIMESTAMP COMMENT 'Added At',
  PRIMARY KEY (`index_id`),
  UNIQUE KEY `REPORT_VIEWED_PRODUCT_INDEX_VISITOR_ID_PRODUCT_ID` (`visitor_id`,`product_id`),
  UNIQUE KEY `REPORT_VIEWED_PRODUCT_INDEX_CUSTOMER_ID_PRODUCT_ID` (`customer_id`,`product_id`),
  KEY `REPORT_VIEWED_PRODUCT_INDEX_STORE_ID` (`store_id`),
  KEY `REPORT_VIEWED_PRODUCT_INDEX_ADDED_AT` (`added_at`),
  KEY `REPORT_VIEWED_PRODUCT_INDEX_PRODUCT_ID` (`product_id`),
  CONSTRAINT `REPORT_VIEWED_PRD_IDX_CSTR_ID_CSTR_ENTT_ENTT_ID` FOREIGN KEY (`customer_id`) REFERENCES `customer_entity` (`entity_id`) ON DELETE CASCADE,
  CONSTRAINT `REPORT_VIEWED_PRD_IDX_PRD_ID_CAT_PRD_ENTT_ENTT_ID` FOREIGN KEY (`product_id`) REFERENCES `catalog_product_entity` (`entity_id`) ON DELETE CASCADE,
  CONSTRAINT `REPORT_VIEWED_PRODUCT_INDEX_STORE_ID_STORE_STORE_ID` FOREIGN KEY (`store_id`) REFERENCES `store` (`store_id`) ON DELETE SET NULL
) ENGINE=InnoDB DEFAULT CHARSET=utf8 COMMENT='Reports Viewed Product Index Table';

--
-- Dumping data for table `report_viewed_product_index`
--


--
-- Table structure for table `reporting_counts`
--

CREATE TABLE `reporting_counts` (
  `entity_id` int(10) unsigned NOT NULL AUTO_INCREMENT COMMENT 'Entity ID',
  `type` varchar(255) DEFAULT NULL COMMENT 'Item Reported',
  `count` int(10) unsigned DEFAULT NULL COMMENT 'Count Value',
  `updated_at` timestamp NOT NULL DEFAULT CURRENT_TIMESTAMP ON UPDATE CURRENT_TIMESTAMP COMMENT 'Updated At',
  PRIMARY KEY (`entity_id`)
) ENGINE=InnoDB DEFAULT CHARSET=utf8 COMMENT='Reporting for all count related events generated via the cron job';

--
-- Dumping data for table `reporting_counts`
--


--
-- Table structure for table `reporting_module_status`
--

CREATE TABLE `reporting_module_status` (
  `entity_id` int(10) unsigned NOT NULL AUTO_INCREMENT COMMENT 'Module ID',
  `name` varchar(255) DEFAULT NULL COMMENT 'Module Name',
  `active` varchar(255) DEFAULT NULL COMMENT 'Module Active Status',
  `setup_version` varchar(255) DEFAULT NULL COMMENT 'Module Version',
  `state` varchar(255) DEFAULT NULL COMMENT 'Module State',
  `updated_at` timestamp NOT NULL DEFAULT CURRENT_TIMESTAMP ON UPDATE CURRENT_TIMESTAMP COMMENT 'Updated At',
  PRIMARY KEY (`entity_id`)
) ENGINE=InnoDB DEFAULT CHARSET=utf8 COMMENT='Module Status Table';

--
-- Dumping data for table `reporting_module_status`
--


--
-- Table structure for table `reporting_orders`
--

CREATE TABLE `reporting_orders` (
  `entity_id` int(10) unsigned NOT NULL AUTO_INCREMENT COMMENT 'Entity ID',
  `customer_id` int(10) unsigned DEFAULT NULL COMMENT 'Customer ID',
  `total` decimal(20,4) unsigned DEFAULT NULL,
  `total_base` decimal(20,4) unsigned DEFAULT NULL,
  `item_count` int(10) unsigned NOT NULL COMMENT 'Line Item Count',
  `updated_at` timestamp NOT NULL DEFAULT CURRENT_TIMESTAMP COMMENT 'Updated At',
  PRIMARY KEY (`entity_id`)
) ENGINE=InnoDB DEFAULT CHARSET=utf8 COMMENT='Reporting for all orders';

--
-- Dumping data for table `reporting_orders`
--


--
-- Table structure for table `reporting_system_updates`
--

CREATE TABLE `reporting_system_updates` (
  `entity_id` int(10) unsigned NOT NULL AUTO_INCREMENT COMMENT 'Entity ID',
  `type` varchar(255) DEFAULT NULL COMMENT 'Update Type',
  `action` varchar(255) DEFAULT NULL COMMENT 'Action Performed',
  `updated_at` timestamp NOT NULL DEFAULT CURRENT_TIMESTAMP COMMENT 'Updated At',
  PRIMARY KEY (`entity_id`)
) ENGINE=InnoDB DEFAULT CHARSET=utf8 COMMENT='Reporting for system updates';

--
-- Dumping data for table `reporting_system_updates`
--


--
-- Table structure for table `reporting_users`
--

CREATE TABLE `reporting_users` (
  `entity_id` int(10) unsigned NOT NULL AUTO_INCREMENT COMMENT 'Entity ID',
  `type` varchar(255) DEFAULT NULL COMMENT 'User Type',
  `action` varchar(255) DEFAULT NULL COMMENT 'Action Performed',
  `updated_at` timestamp NOT NULL DEFAULT CURRENT_TIMESTAMP COMMENT 'Updated At',
  PRIMARY KEY (`entity_id`)
) ENGINE=InnoDB DEFAULT CHARSET=utf8 COMMENT='Reporting for user actions';

--
-- Dumping data for table `reporting_users`
--


--
-- Table structure for table `review`
--

CREATE TABLE `review` (
  `review_id` bigint(20) unsigned NOT NULL AUTO_INCREMENT COMMENT 'Review ID',
  `created_at` timestamp NOT NULL DEFAULT CURRENT_TIMESTAMP COMMENT 'Review create date',
  `entity_id` smallint(5) unsigned NOT NULL DEFAULT '0' COMMENT 'Entity ID',
  `entity_pk_value` int(10) unsigned NOT NULL DEFAULT '0' COMMENT 'Product ID',
  `status_id` smallint(5) unsigned NOT NULL DEFAULT '0' COMMENT 'Status code',
  PRIMARY KEY (`review_id`),
  KEY `REVIEW_ENTITY_ID` (`entity_id`),
  KEY `REVIEW_STATUS_ID` (`status_id`),
  KEY `REVIEW_ENTITY_PK_VALUE` (`entity_pk_value`),
  CONSTRAINT `REVIEW_ENTITY_ID_REVIEW_ENTITY_ENTITY_ID` FOREIGN KEY (`entity_id`) REFERENCES `review_entity` (`entity_id`) ON DELETE CASCADE,
  CONSTRAINT `REVIEW_STATUS_ID_REVIEW_STATUS_STATUS_ID` FOREIGN KEY (`status_id`) REFERENCES `review_status` (`status_id`) ON DELETE NO ACTION
) ENGINE=InnoDB DEFAULT CHARSET=utf8 COMMENT='Review base information';

--
-- Dumping data for table `review`
--


--
-- Table structure for table `review_detail`
--

CREATE TABLE `review_detail` (
  `detail_id` bigint(20) unsigned NOT NULL AUTO_INCREMENT COMMENT 'Review detail ID',
  `review_id` bigint(20) unsigned NOT NULL DEFAULT '0' COMMENT 'Review ID',
  `store_id` smallint(5) unsigned DEFAULT '0' COMMENT 'Store ID',
  `title` varchar(255) NOT NULL COMMENT 'Title',
  `detail` text NOT NULL COMMENT 'Detail description',
  `nickname` varchar(128) NOT NULL COMMENT 'User nickname',
  `customer_id` int(10) unsigned DEFAULT NULL COMMENT 'Customer ID',
  PRIMARY KEY (`detail_id`),
  KEY `REVIEW_DETAIL_REVIEW_ID` (`review_id`),
  KEY `REVIEW_DETAIL_STORE_ID` (`store_id`),
  KEY `REVIEW_DETAIL_CUSTOMER_ID` (`customer_id`),
  CONSTRAINT `REVIEW_DETAIL_CUSTOMER_ID_CUSTOMER_ENTITY_ENTITY_ID` FOREIGN KEY (`customer_id`) REFERENCES `customer_entity` (`entity_id`) ON DELETE SET NULL,
  CONSTRAINT `REVIEW_DETAIL_REVIEW_ID_REVIEW_REVIEW_ID` FOREIGN KEY (`review_id`) REFERENCES `review` (`review_id`) ON DELETE CASCADE,
  CONSTRAINT `REVIEW_DETAIL_STORE_ID_STORE_STORE_ID` FOREIGN KEY (`store_id`) REFERENCES `store` (`store_id`) ON DELETE SET NULL
) ENGINE=InnoDB DEFAULT CHARSET=utf8 COMMENT='Review detail information';

--
-- Dumping data for table `review_detail`
--


--
-- Table structure for table `review_entity`
--

CREATE TABLE `review_entity` (
  `entity_id` smallint(5) unsigned NOT NULL AUTO_INCREMENT COMMENT 'Review entity ID',
  `entity_code` varchar(32) NOT NULL COMMENT 'Review entity code',
  PRIMARY KEY (`entity_id`)
) ENGINE=InnoDB AUTO_INCREMENT=4 DEFAULT CHARSET=utf8 COMMENT='Review entities';

--
-- Dumping data for table `review_entity`
--

INSERT INTO `review_entity` VALUES (1,'product'),(2,'customer'),(3,'category');

--
-- Table structure for table `review_entity_summary`
--

CREATE TABLE `review_entity_summary` (
  `primary_id` bigint(20) NOT NULL AUTO_INCREMENT COMMENT 'Summary review entity ID',
  `entity_pk_value` bigint(20) NOT NULL DEFAULT '0' COMMENT 'Product ID',
  `entity_type` smallint(6) NOT NULL DEFAULT '0' COMMENT 'Entity type ID',
  `reviews_count` smallint(6) NOT NULL DEFAULT '0' COMMENT 'Qty of reviews',
  `rating_summary` smallint(6) NOT NULL DEFAULT '0' COMMENT 'Summarized rating',
  `store_id` smallint(5) unsigned NOT NULL DEFAULT '0' COMMENT 'Store ID',
  PRIMARY KEY (`primary_id`),
  UNIQUE KEY `REVIEW_ENTITY_SUMMARY_ENTITY_PK_VALUE_STORE_ID_ENTITY_TYPE` (`entity_pk_value`,`store_id`,`entity_type`),
  KEY `REVIEW_ENTITY_SUMMARY_STORE_ID` (`store_id`),
  CONSTRAINT `REVIEW_ENTITY_SUMMARY_STORE_ID_STORE_STORE_ID` FOREIGN KEY (`store_id`) REFERENCES `store` (`store_id`) ON DELETE CASCADE
) ENGINE=InnoDB DEFAULT CHARSET=utf8 COMMENT='Review aggregates';

--
-- Dumping data for table `review_entity_summary`
--


--
-- Table structure for table `review_status`
--

CREATE TABLE `review_status` (
  `status_id` smallint(5) unsigned NOT NULL AUTO_INCREMENT COMMENT 'Status ID',
  `status_code` varchar(32) NOT NULL COMMENT 'Status code',
  PRIMARY KEY (`status_id`)
) ENGINE=InnoDB AUTO_INCREMENT=4 DEFAULT CHARSET=utf8 COMMENT='Review statuses';

--
-- Dumping data for table `review_status`
--

INSERT INTO `review_status` VALUES (1,'Approved'),(2,'Pending'),(3,'Not Approved');

--
-- Table structure for table `review_store`
--

CREATE TABLE `review_store` (
  `review_id` bigint(20) unsigned NOT NULL COMMENT 'Review ID',
  `store_id` smallint(5) unsigned NOT NULL COMMENT 'Store ID',
  PRIMARY KEY (`review_id`,`store_id`),
  KEY `REVIEW_STORE_STORE_ID` (`store_id`),
  CONSTRAINT `REVIEW_STORE_REVIEW_ID_REVIEW_REVIEW_ID` FOREIGN KEY (`review_id`) REFERENCES `review` (`review_id`) ON DELETE CASCADE,
  CONSTRAINT `REVIEW_STORE_STORE_ID_STORE_STORE_ID` FOREIGN KEY (`store_id`) REFERENCES `store` (`store_id`) ON DELETE CASCADE
) ENGINE=InnoDB DEFAULT CHARSET=utf8 COMMENT='Review Store';

--
-- Dumping data for table `review_store`
--


--
-- Table structure for table `sales_bestsellers_aggregated_daily`
--

CREATE TABLE `sales_bestsellers_aggregated_daily` (
  `id` int(10) unsigned NOT NULL AUTO_INCREMENT COMMENT 'ID',
  `period` date DEFAULT NULL COMMENT 'Period',
  `store_id` smallint(5) unsigned DEFAULT NULL COMMENT 'Store ID',
  `product_id` int(10) unsigned DEFAULT NULL COMMENT 'Product ID',
  `product_name` varchar(255) DEFAULT NULL COMMENT 'Product Name',
  `product_price` decimal(12,4) NOT NULL DEFAULT '0.0000' COMMENT 'Product Price',
  `qty_ordered` decimal(12,4) NOT NULL DEFAULT '0.0000' COMMENT 'Qty Ordered',
  `rating_pos` smallint(5) unsigned NOT NULL DEFAULT '0' COMMENT 'Rating Pos',
  PRIMARY KEY (`id`),
  UNIQUE KEY `SALES_BESTSELLERS_AGGREGATED_DAILY_PERIOD_STORE_ID_PRODUCT_ID` (`period`,`store_id`,`product_id`),
  KEY `SALES_BESTSELLERS_AGGREGATED_DAILY_STORE_ID` (`store_id`),
  KEY `SALES_BESTSELLERS_AGGREGATED_DAILY_PRODUCT_ID` (`product_id`),
  CONSTRAINT `SALES_BESTSELLERS_AGGREGATED_DAILY_STORE_ID_STORE_STORE_ID` FOREIGN KEY (`store_id`) REFERENCES `store` (`store_id`) ON DELETE CASCADE
) ENGINE=InnoDB AUTO_INCREMENT=7 DEFAULT CHARSET=utf8 COMMENT='Sales Bestsellers Aggregated Daily';

--
-- Dumping data for table `sales_bestsellers_aggregated_daily`
--

INSERT INTO `sales_bestsellers_aggregated_daily` VALUES (1,'2016-08-24',14,2,'The Net Bag in Navy',369.0000,1.0000,1),(2,'2016-08-24',14,6,'Mauris sollicitudin',213.0000,1.0000,2),(3,'2016-08-24',14,61,'Fusce nec facilisi',105.0000,1.0000,3),(4,'2016-08-24',0,2,'The Net Bag in Navy',369.0000,1.0000,1),(5,'2016-08-24',0,6,'Mauris sollicitudin',213.0000,1.0000,2),(6,'2016-08-24',0,61,'Fusce nec facilisi',105.0000,1.0000,3);

--
-- Table structure for table `sales_bestsellers_aggregated_monthly`
--

CREATE TABLE `sales_bestsellers_aggregated_monthly` (
  `id` int(10) unsigned NOT NULL AUTO_INCREMENT COMMENT 'ID',
  `period` date DEFAULT NULL COMMENT 'Period',
  `store_id` smallint(5) unsigned DEFAULT NULL COMMENT 'Store ID',
  `product_id` int(10) unsigned DEFAULT NULL COMMENT 'Product ID',
  `product_name` varchar(255) DEFAULT NULL COMMENT 'Product Name',
  `product_price` decimal(12,4) NOT NULL DEFAULT '0.0000' COMMENT 'Product Price',
  `qty_ordered` decimal(12,4) NOT NULL DEFAULT '0.0000' COMMENT 'Qty Ordered',
  `rating_pos` smallint(5) unsigned NOT NULL DEFAULT '0' COMMENT 'Rating Pos',
  PRIMARY KEY (`id`),
  UNIQUE KEY `SALES_BESTSELLERS_AGGREGATED_MONTHLY_PERIOD_STORE_ID_PRODUCT_ID` (`period`,`store_id`,`product_id`),
  KEY `SALES_BESTSELLERS_AGGREGATED_MONTHLY_STORE_ID` (`store_id`),
  KEY `SALES_BESTSELLERS_AGGREGATED_MONTHLY_PRODUCT_ID` (`product_id`),
  CONSTRAINT `SALES_BESTSELLERS_AGGREGATED_MONTHLY_STORE_ID_STORE_STORE_ID` FOREIGN KEY (`store_id`) REFERENCES `store` (`store_id`) ON DELETE CASCADE
) ENGINE=InnoDB AUTO_INCREMENT=7 DEFAULT CHARSET=utf8 COMMENT='Sales Bestsellers Aggregated Monthly';

--
-- Dumping data for table `sales_bestsellers_aggregated_monthly`
--

INSERT INTO `sales_bestsellers_aggregated_monthly` VALUES (1,'2016-08-01',0,2,'The Net Bag in Navy',369.0000,1.0000,1),(2,'2016-08-01',0,6,'Mauris sollicitudin',213.0000,1.0000,2),(3,'2016-08-01',0,61,'Fusce nec facilisi',105.0000,1.0000,3),(4,'2016-08-01',14,2,'The Net Bag in Navy',369.0000,1.0000,1),(5,'2016-08-01',14,6,'Mauris sollicitudin',213.0000,1.0000,2),(6,'2016-08-01',14,61,'Fusce nec facilisi',105.0000,1.0000,3);

--
-- Table structure for table `sales_bestsellers_aggregated_yearly`
--

CREATE TABLE `sales_bestsellers_aggregated_yearly` (
  `id` int(10) unsigned NOT NULL AUTO_INCREMENT COMMENT 'ID',
  `period` date DEFAULT NULL COMMENT 'Period',
  `store_id` smallint(5) unsigned DEFAULT NULL COMMENT 'Store ID',
  `product_id` int(10) unsigned DEFAULT NULL COMMENT 'Product ID',
  `product_name` varchar(255) DEFAULT NULL COMMENT 'Product Name',
  `product_price` decimal(12,4) NOT NULL DEFAULT '0.0000' COMMENT 'Product Price',
  `qty_ordered` decimal(12,4) NOT NULL DEFAULT '0.0000' COMMENT 'Qty Ordered',
  `rating_pos` smallint(5) unsigned NOT NULL DEFAULT '0' COMMENT 'Rating Pos',
  PRIMARY KEY (`id`),
  UNIQUE KEY `SALES_BESTSELLERS_AGGREGATED_YEARLY_PERIOD_STORE_ID_PRODUCT_ID` (`period`,`store_id`,`product_id`),
  KEY `SALES_BESTSELLERS_AGGREGATED_YEARLY_STORE_ID` (`store_id`),
  KEY `SALES_BESTSELLERS_AGGREGATED_YEARLY_PRODUCT_ID` (`product_id`),
  CONSTRAINT `SALES_BESTSELLERS_AGGREGATED_YEARLY_STORE_ID_STORE_STORE_ID` FOREIGN KEY (`store_id`) REFERENCES `store` (`store_id`) ON DELETE CASCADE
) ENGINE=InnoDB AUTO_INCREMENT=7 DEFAULT CHARSET=utf8 COMMENT='Sales Bestsellers Aggregated Yearly';

--
-- Dumping data for table `sales_bestsellers_aggregated_yearly`
--

INSERT INTO `sales_bestsellers_aggregated_yearly` VALUES (1,'2016-01-01',0,2,'The Net Bag in Navy',369.0000,1.0000,1),(2,'2016-01-01',0,6,'Mauris sollicitudin',213.0000,1.0000,2),(3,'2016-01-01',0,61,'Fusce nec facilisi',105.0000,1.0000,3),(4,'2016-01-01',14,2,'The Net Bag in Navy',369.0000,1.0000,1),(5,'2016-01-01',14,6,'Mauris sollicitudin',213.0000,1.0000,2),(6,'2016-01-01',14,61,'Fusce nec facilisi',105.0000,1.0000,3);

--
-- Table structure for table `sales_creditmemo`
--

CREATE TABLE `sales_creditmemo` (
  `entity_id` int(10) unsigned NOT NULL AUTO_INCREMENT COMMENT 'Entity ID',
  `store_id` smallint(5) unsigned DEFAULT NULL COMMENT 'Store ID',
  `adjustment_positive` decimal(20,4) DEFAULT NULL COMMENT 'Adjustment Positive',
  `base_shipping_tax_amount` decimal(20,4) DEFAULT NULL COMMENT 'Base Shipping Tax Amount',
  `store_to_order_rate` decimal(20,4) DEFAULT NULL COMMENT 'Store To Order Rate',
  `base_discount_amount` decimal(20,4) DEFAULT NULL COMMENT 'Base Discount Amount',
  `base_to_order_rate` decimal(20,4) DEFAULT NULL COMMENT 'Base To Order Rate',
  `grand_total` decimal(20,4) DEFAULT NULL COMMENT 'Grand Total',
  `base_adjustment_negative` decimal(20,4) DEFAULT NULL COMMENT 'Base Adjustment Negative',
  `base_subtotal_incl_tax` decimal(20,4) DEFAULT NULL COMMENT 'Base Subtotal Incl Tax',
  `shipping_amount` decimal(20,4) DEFAULT NULL COMMENT 'Shipping Amount',
  `subtotal_incl_tax` decimal(20,4) DEFAULT NULL COMMENT 'Subtotal Incl Tax',
  `adjustment_negative` decimal(20,4) DEFAULT NULL COMMENT 'Adjustment Negative',
  `base_shipping_amount` decimal(20,4) DEFAULT NULL COMMENT 'Base Shipping Amount',
  `store_to_base_rate` decimal(20,4) DEFAULT NULL COMMENT 'Store To Base Rate',
  `base_to_global_rate` decimal(20,4) DEFAULT NULL COMMENT 'Base To Global Rate',
  `base_adjustment` decimal(20,4) DEFAULT NULL COMMENT 'Base Adjustment',
  `base_subtotal` decimal(20,4) DEFAULT NULL COMMENT 'Base Subtotal',
  `discount_amount` decimal(20,4) DEFAULT NULL COMMENT 'Discount Amount',
  `subtotal` decimal(20,4) DEFAULT NULL COMMENT 'Subtotal',
  `adjustment` decimal(20,4) DEFAULT NULL COMMENT 'Adjustment',
  `base_grand_total` decimal(20,4) DEFAULT NULL COMMENT 'Base Grand Total',
  `base_adjustment_positive` decimal(20,4) DEFAULT NULL COMMENT 'Base Adjustment Positive',
  `base_tax_amount` decimal(20,4) DEFAULT NULL COMMENT 'Base Tax Amount',
  `shipping_tax_amount` decimal(20,4) DEFAULT NULL COMMENT 'Shipping Tax Amount',
  `tax_amount` decimal(20,4) DEFAULT NULL COMMENT 'Tax Amount',
  `order_id` int(10) unsigned NOT NULL COMMENT 'Order ID',
  `email_sent` smallint(5) unsigned DEFAULT NULL COMMENT 'Email Sent',
  `send_email` smallint(5) unsigned DEFAULT NULL COMMENT 'Send Email',
  `creditmemo_status` int(11) DEFAULT NULL COMMENT 'Creditmemo Status',
  `state` int(11) DEFAULT NULL COMMENT 'State',
  `shipping_address_id` int(11) DEFAULT NULL COMMENT 'Shipping Address ID',
  `billing_address_id` int(11) DEFAULT NULL COMMENT 'Billing Address ID',
  `invoice_id` int(11) DEFAULT NULL COMMENT 'Invoice ID',
  `store_currency_code` varchar(3) DEFAULT NULL COMMENT 'Store Currency Code',
  `order_currency_code` varchar(3) DEFAULT NULL COMMENT 'Order Currency Code',
  `base_currency_code` varchar(3) DEFAULT NULL COMMENT 'Base Currency Code',
  `global_currency_code` varchar(3) DEFAULT NULL COMMENT 'Global Currency Code',
  `transaction_id` varchar(255) DEFAULT NULL COMMENT 'Transaction ID',
  `increment_id` varchar(50) DEFAULT NULL COMMENT 'Increment ID',
  `created_at` timestamp NOT NULL DEFAULT CURRENT_TIMESTAMP COMMENT 'Created At',
  `updated_at` timestamp NOT NULL DEFAULT CURRENT_TIMESTAMP ON UPDATE CURRENT_TIMESTAMP COMMENT 'Updated At',
  `discount_tax_compensation_amount` decimal(20,4) DEFAULT NULL COMMENT 'Discount Tax Compensation Amount',
  `base_discount_tax_compensation_amount` decimal(20,4) DEFAULT NULL COMMENT 'Base Discount Tax Compensation Amount',
  `shipping_discount_tax_compensation_amount` decimal(20,4) DEFAULT NULL COMMENT 'Shipping Discount Tax Compensation Amount',
  `base_shipping_discount_tax_compensation_amnt` decimal(20,4) DEFAULT NULL COMMENT 'Base Shipping Discount Tax Compensation Amount',
  `shipping_incl_tax` decimal(20,4) DEFAULT NULL COMMENT 'Shipping Incl Tax',
  `base_shipping_incl_tax` decimal(20,4) DEFAULT NULL COMMENT 'Base Shipping Incl Tax',
  `discount_description` varchar(255) DEFAULT NULL COMMENT 'Discount Description',
  `customer_note` text COMMENT 'Customer Note',
  `customer_note_notify` smallint(5) unsigned DEFAULT NULL COMMENT 'Customer Note Notify',
  PRIMARY KEY (`entity_id`),
  UNIQUE KEY `SALES_CREDITMEMO_INCREMENT_ID_STORE_ID` (`increment_id`,`store_id`),
  KEY `SALES_CREDITMEMO_STORE_ID` (`store_id`),
  KEY `SALES_CREDITMEMO_ORDER_ID` (`order_id`),
  KEY `SALES_CREDITMEMO_CREDITMEMO_STATUS` (`creditmemo_status`),
  KEY `SALES_CREDITMEMO_STATE` (`state`),
  KEY `SALES_CREDITMEMO_CREATED_AT` (`created_at`),
  KEY `SALES_CREDITMEMO_UPDATED_AT` (`updated_at`),
  KEY `SALES_CREDITMEMO_SEND_EMAIL` (`send_email`),
  KEY `SALES_CREDITMEMO_EMAIL_SENT` (`email_sent`),
  CONSTRAINT `SALES_CREDITMEMO_ORDER_ID_SALES_ORDER_ENTITY_ID` FOREIGN KEY (`order_id`) REFERENCES `sales_order` (`entity_id`) ON DELETE CASCADE,
  CONSTRAINT `SALES_CREDITMEMO_STORE_ID_STORE_STORE_ID` FOREIGN KEY (`store_id`) REFERENCES `store` (`store_id`) ON DELETE SET NULL
) ENGINE=InnoDB DEFAULT CHARSET=utf8 COMMENT='Sales Flat Creditmemo';

--
-- Dumping data for table `sales_creditmemo`
--


--
-- Table structure for table `sales_creditmemo_comment`
--

CREATE TABLE `sales_creditmemo_comment` (
  `entity_id` int(10) unsigned NOT NULL AUTO_INCREMENT COMMENT 'Entity ID',
  `parent_id` int(10) unsigned NOT NULL COMMENT 'Parent ID',
  `is_customer_notified` int(11) DEFAULT NULL COMMENT 'Is Customer Notified',
  `is_visible_on_front` smallint(5) unsigned NOT NULL DEFAULT '0' COMMENT 'Is Visible On Front',
  `comment` text COMMENT 'Comment',
  `created_at` timestamp NOT NULL DEFAULT CURRENT_TIMESTAMP COMMENT 'Created At',
  PRIMARY KEY (`entity_id`),
  KEY `SALES_CREDITMEMO_COMMENT_CREATED_AT` (`created_at`),
  KEY `SALES_CREDITMEMO_COMMENT_PARENT_ID` (`parent_id`),
  CONSTRAINT `SALES_CREDITMEMO_COMMENT_PARENT_ID_SALES_CREDITMEMO_ENTITY_ID` FOREIGN KEY (`parent_id`) REFERENCES `sales_creditmemo` (`entity_id`) ON DELETE CASCADE
) ENGINE=InnoDB DEFAULT CHARSET=utf8 COMMENT='Sales Flat Creditmemo Comment';

--
-- Dumping data for table `sales_creditmemo_comment`
--


--
-- Table structure for table `sales_creditmemo_grid`
--

CREATE TABLE `sales_creditmemo_grid` (
  `entity_id` int(10) unsigned NOT NULL COMMENT 'Entity ID',
  `increment_id` varchar(50) DEFAULT NULL COMMENT 'Increment ID',
  `created_at` timestamp NULL DEFAULT NULL COMMENT 'Created At',
  `updated_at` timestamp NULL DEFAULT NULL COMMENT 'Updated At',
  `order_id` int(10) unsigned NOT NULL COMMENT 'Order ID',
  `order_increment_id` varchar(50) DEFAULT NULL COMMENT 'Order Increment ID',
  `order_created_at` timestamp NULL DEFAULT NULL COMMENT 'Order Created At',
  `billing_name` varchar(255) DEFAULT NULL COMMENT 'Billing Name',
  `state` int(11) DEFAULT NULL COMMENT 'Status',
  `base_grand_total` decimal(20,4) DEFAULT NULL COMMENT 'Base Grand Total',
  `order_status` varchar(32) DEFAULT NULL COMMENT 'Order Status',
  `store_id` smallint(5) unsigned DEFAULT NULL COMMENT 'Store ID',
  `billing_address` varchar(255) DEFAULT NULL COMMENT 'Billing Address',
  `shipping_address` varchar(255) DEFAULT NULL COMMENT 'Shipping Address',
  `customer_name` varchar(128) NOT NULL COMMENT 'Customer Name',
  `customer_email` varchar(128) DEFAULT NULL COMMENT 'Customer Email',
  `customer_group_id` smallint(6) DEFAULT NULL COMMENT 'Customer Group ID',
  `payment_method` varchar(32) DEFAULT NULL COMMENT 'Payment Method',
  `shipping_information` varchar(255) DEFAULT NULL COMMENT 'Shipping Method Name',
  `subtotal` decimal(20,4) DEFAULT NULL COMMENT 'Subtotal',
  `shipping_and_handling` decimal(20,4) DEFAULT NULL COMMENT 'Shipping and handling amount',
  `adjustment_positive` decimal(20,4) DEFAULT NULL COMMENT 'Adjustment Positive',
  `adjustment_negative` decimal(20,4) DEFAULT NULL COMMENT 'Adjustment Negative',
  `order_base_grand_total` decimal(20,4) DEFAULT NULL COMMENT 'Order Grand Total',
  PRIMARY KEY (`entity_id`),
  UNIQUE KEY `SALES_CREDITMEMO_GRID_INCREMENT_ID_STORE_ID` (`increment_id`,`store_id`),
  KEY `SALES_CREDITMEMO_GRID_ORDER_INCREMENT_ID` (`order_increment_id`),
  KEY `SALES_CREDITMEMO_GRID_CREATED_AT` (`created_at`),
  KEY `SALES_CREDITMEMO_GRID_UPDATED_AT` (`updated_at`),
  KEY `SALES_CREDITMEMO_GRID_ORDER_CREATED_AT` (`order_created_at`),
  KEY `SALES_CREDITMEMO_GRID_STATE` (`state`),
  KEY `SALES_CREDITMEMO_GRID_BILLING_NAME` (`billing_name`),
  KEY `SALES_CREDITMEMO_GRID_ORDER_STATUS` (`order_status`),
  KEY `SALES_CREDITMEMO_GRID_BASE_GRAND_TOTAL` (`base_grand_total`),
  KEY `SALES_CREDITMEMO_GRID_STORE_ID` (`store_id`),
  KEY `SALES_CREDITMEMO_GRID_ORDER_BASE_GRAND_TOTAL` (`order_base_grand_total`),
  KEY `SALES_CREDITMEMO_GRID_ORDER_ID` (`order_id`),
  FULLTEXT KEY `FTI_32B7BA885941A8254EE84AE650ABDC86` (`increment_id`,`order_increment_id`,`billing_name`,`billing_address`,`shipping_address`,`customer_name`,`customer_email`)
) ENGINE=InnoDB DEFAULT CHARSET=utf8 COMMENT='Sales Flat Creditmemo Grid';

--
-- Dumping data for table `sales_creditmemo_grid`
--


--
-- Table structure for table `sales_creditmemo_item`
--

CREATE TABLE `sales_creditmemo_item` (
  `entity_id` int(10) unsigned NOT NULL AUTO_INCREMENT COMMENT 'Entity ID',
  `parent_id` int(10) unsigned NOT NULL COMMENT 'Parent ID',
  `base_price` decimal(12,4) DEFAULT NULL COMMENT 'Base Price',
  `tax_amount` decimal(12,4) DEFAULT NULL COMMENT 'Tax Amount',
  `base_row_total` decimal(12,4) DEFAULT NULL COMMENT 'Base Row Total',
  `discount_amount` decimal(12,4) DEFAULT NULL COMMENT 'Discount Amount',
  `row_total` decimal(12,4) DEFAULT NULL COMMENT 'Row Total',
  `base_discount_amount` decimal(12,4) DEFAULT NULL COMMENT 'Base Discount Amount',
  `price_incl_tax` decimal(12,4) DEFAULT NULL COMMENT 'Price Incl Tax',
  `base_tax_amount` decimal(12,4) DEFAULT NULL COMMENT 'Base Tax Amount',
  `base_price_incl_tax` decimal(12,4) DEFAULT NULL COMMENT 'Base Price Incl Tax',
  `qty` decimal(12,4) DEFAULT NULL COMMENT 'Qty',
  `base_cost` decimal(12,4) DEFAULT NULL COMMENT 'Base Cost',
  `price` decimal(12,4) DEFAULT NULL COMMENT 'Price',
  `base_row_total_incl_tax` decimal(12,4) DEFAULT NULL COMMENT 'Base Row Total Incl Tax',
  `row_total_incl_tax` decimal(12,4) DEFAULT NULL COMMENT 'Row Total Incl Tax',
  `product_id` int(11) DEFAULT NULL COMMENT 'Product ID',
  `order_item_id` int(11) DEFAULT NULL COMMENT 'Order Item ID',
  `additional_data` text COMMENT 'Additional Data',
  `description` text COMMENT 'Description',
  `sku` varchar(255) DEFAULT NULL COMMENT 'Sku',
  `name` varchar(255) DEFAULT NULL COMMENT 'Name',
  `discount_tax_compensation_amount` decimal(12,4) DEFAULT NULL COMMENT 'Discount Tax Compensation Amount',
  `base_discount_tax_compensation_amount` decimal(12,4) DEFAULT NULL COMMENT 'Base Discount Tax Compensation Amount',
  `tax_ratio` text COMMENT 'Ratio of tax in the creditmemo item over tax of the order item',
  `weee_tax_applied` text COMMENT 'Weee Tax Applied',
  `weee_tax_applied_amount` decimal(12,4) DEFAULT NULL COMMENT 'Weee Tax Applied Amount',
  `weee_tax_applied_row_amount` decimal(12,4) DEFAULT NULL COMMENT 'Weee Tax Applied Row Amount',
  `weee_tax_disposition` decimal(12,4) DEFAULT NULL COMMENT 'Weee Tax Disposition',
  `weee_tax_row_disposition` decimal(12,4) DEFAULT NULL COMMENT 'Weee Tax Row Disposition',
  `base_weee_tax_applied_amount` decimal(12,4) DEFAULT NULL COMMENT 'Base Weee Tax Applied Amount',
  `base_weee_tax_applied_row_amnt` decimal(12,4) DEFAULT NULL COMMENT 'Base Weee Tax Applied Row Amnt',
  `base_weee_tax_disposition` decimal(12,4) DEFAULT NULL COMMENT 'Base Weee Tax Disposition',
  `base_weee_tax_row_disposition` decimal(12,4) DEFAULT NULL COMMENT 'Base Weee Tax Row Disposition',
  PRIMARY KEY (`entity_id`),
  KEY `SALES_CREDITMEMO_ITEM_PARENT_ID` (`parent_id`),
  CONSTRAINT `SALES_CREDITMEMO_ITEM_PARENT_ID_SALES_CREDITMEMO_ENTITY_ID` FOREIGN KEY (`parent_id`) REFERENCES `sales_creditmemo` (`entity_id`) ON DELETE CASCADE
) ENGINE=InnoDB DEFAULT CHARSET=utf8 COMMENT='Sales Flat Creditmemo Item';

--
-- Dumping data for table `sales_creditmemo_item`
--


--
-- Table structure for table `sales_invoice`
--

CREATE TABLE `sales_invoice` (
  `entity_id` int(10) unsigned NOT NULL AUTO_INCREMENT COMMENT 'Entity ID',
  `store_id` smallint(5) unsigned DEFAULT NULL COMMENT 'Store ID',
  `base_grand_total` decimal(20,4) DEFAULT NULL COMMENT 'Base Grand Total',
  `shipping_tax_amount` decimal(20,4) DEFAULT NULL COMMENT 'Shipping Tax Amount',
  `tax_amount` decimal(20,4) DEFAULT NULL COMMENT 'Tax Amount',
  `base_tax_amount` decimal(20,4) DEFAULT NULL COMMENT 'Base Tax Amount',
  `store_to_order_rate` decimal(20,4) DEFAULT NULL COMMENT 'Store To Order Rate',
  `base_shipping_tax_amount` decimal(20,4) DEFAULT NULL COMMENT 'Base Shipping Tax Amount',
  `base_discount_amount` decimal(20,4) DEFAULT NULL COMMENT 'Base Discount Amount',
  `base_to_order_rate` decimal(20,4) DEFAULT NULL COMMENT 'Base To Order Rate',
  `grand_total` decimal(20,4) DEFAULT NULL COMMENT 'Grand Total',
  `shipping_amount` decimal(20,4) DEFAULT NULL COMMENT 'Shipping Amount',
  `subtotal_incl_tax` decimal(20,4) DEFAULT NULL COMMENT 'Subtotal Incl Tax',
  `base_subtotal_incl_tax` decimal(20,4) DEFAULT NULL COMMENT 'Base Subtotal Incl Tax',
  `store_to_base_rate` decimal(20,4) DEFAULT NULL COMMENT 'Store To Base Rate',
  `base_shipping_amount` decimal(20,4) DEFAULT NULL COMMENT 'Base Shipping Amount',
  `total_qty` decimal(12,4) DEFAULT NULL COMMENT 'Total Qty',
  `base_to_global_rate` decimal(20,4) DEFAULT NULL COMMENT 'Base To Global Rate',
  `subtotal` decimal(20,4) DEFAULT NULL COMMENT 'Subtotal',
  `base_subtotal` decimal(20,4) DEFAULT NULL COMMENT 'Base Subtotal',
  `discount_amount` decimal(20,4) DEFAULT NULL COMMENT 'Discount Amount',
  `billing_address_id` int(11) DEFAULT NULL COMMENT 'Billing Address ID',
  `is_used_for_refund` smallint(5) unsigned DEFAULT NULL COMMENT 'Is Used For Refund',
  `order_id` int(10) unsigned NOT NULL COMMENT 'Order ID',
  `email_sent` smallint(5) unsigned DEFAULT NULL COMMENT 'Email Sent',
  `send_email` smallint(5) unsigned DEFAULT NULL COMMENT 'Send Email',
  `can_void_flag` smallint(5) unsigned DEFAULT NULL COMMENT 'Can Void Flag',
  `state` int(11) DEFAULT NULL COMMENT 'State',
  `shipping_address_id` int(11) DEFAULT NULL COMMENT 'Shipping Address ID',
  `store_currency_code` varchar(3) DEFAULT NULL COMMENT 'Store Currency Code',
  `transaction_id` varchar(255) DEFAULT NULL COMMENT 'Transaction ID',
  `order_currency_code` varchar(3) DEFAULT NULL COMMENT 'Order Currency Code',
  `base_currency_code` varchar(3) DEFAULT NULL COMMENT 'Base Currency Code',
  `global_currency_code` varchar(3) DEFAULT NULL COMMENT 'Global Currency Code',
  `increment_id` varchar(50) DEFAULT NULL COMMENT 'Increment ID',
  `created_at` timestamp NOT NULL DEFAULT CURRENT_TIMESTAMP COMMENT 'Created At',
  `updated_at` timestamp NOT NULL DEFAULT CURRENT_TIMESTAMP ON UPDATE CURRENT_TIMESTAMP COMMENT 'Updated At',
  `discount_tax_compensation_amount` decimal(20,4) DEFAULT NULL COMMENT 'Discount Tax Compensation Amount',
  `base_discount_tax_compensation_amount` decimal(20,4) DEFAULT NULL COMMENT 'Base Discount Tax Compensation Amount',
  `shipping_discount_tax_compensation_amount` decimal(20,4) DEFAULT NULL COMMENT 'Shipping Discount Tax Compensation Amount',
  `base_shipping_discount_tax_compensation_amnt` decimal(20,4) DEFAULT NULL COMMENT 'Base Shipping Discount Tax Compensation Amount',
  `shipping_incl_tax` decimal(20,4) DEFAULT NULL COMMENT 'Shipping Incl Tax',
  `base_shipping_incl_tax` decimal(20,4) DEFAULT NULL COMMENT 'Base Shipping Incl Tax',
  `base_total_refunded` decimal(20,4) DEFAULT NULL COMMENT 'Base Total Refunded',
  `discount_description` varchar(255) DEFAULT NULL COMMENT 'Discount Description',
  `customer_note` text COMMENT 'Customer Note',
  `customer_note_notify` smallint(5) unsigned DEFAULT NULL COMMENT 'Customer Note Notify',
  PRIMARY KEY (`entity_id`),
  UNIQUE KEY `SALES_INVOICE_INCREMENT_ID_STORE_ID` (`increment_id`,`store_id`),
  KEY `SALES_INVOICE_STORE_ID` (`store_id`),
  KEY `SALES_INVOICE_GRAND_TOTAL` (`grand_total`),
  KEY `SALES_INVOICE_ORDER_ID` (`order_id`),
  KEY `SALES_INVOICE_STATE` (`state`),
  KEY `SALES_INVOICE_CREATED_AT` (`created_at`),
  KEY `SALES_INVOICE_UPDATED_AT` (`updated_at`),
  KEY `SALES_INVOICE_SEND_EMAIL` (`send_email`),
  KEY `SALES_INVOICE_EMAIL_SENT` (`email_sent`),
  CONSTRAINT `SALES_INVOICE_ORDER_ID_SALES_ORDER_ENTITY_ID` FOREIGN KEY (`order_id`) REFERENCES `sales_order` (`entity_id`) ON DELETE CASCADE,
  CONSTRAINT `SALES_INVOICE_STORE_ID_STORE_STORE_ID` FOREIGN KEY (`store_id`) REFERENCES `store` (`store_id`) ON DELETE SET NULL
) ENGINE=InnoDB AUTO_INCREMENT=2 DEFAULT CHARSET=utf8 COMMENT='Sales Flat Invoice';

--
-- Dumping data for table `sales_invoice`
--

INSERT INTO `sales_invoice` VALUES (1,1,52.0000,0.0000,0.0000,0.0000,0.0000,0.0000,0.0000,1.0000,52.0000,2.0000,50.0000,50.0000,0.0000,2.0000,2.0000,1.0000,50.0000,50.0000,0.0000,86,NULL,44,NULL,1,0,2,85,'KWD',NULL,'KWD','KWD','KWD','000000001','2021-09-01 19:23:21','2021-09-01 19:23:23',0.0000,0.0000,0.0000,0.0000,2.0000,2.0000,NULL,NULL,NULL,NULL);

--
-- Table structure for table `sales_invoice_comment`
--

CREATE TABLE `sales_invoice_comment` (
  `entity_id` int(10) unsigned NOT NULL AUTO_INCREMENT COMMENT 'Entity ID',
  `parent_id` int(10) unsigned NOT NULL COMMENT 'Parent ID',
  `is_customer_notified` smallint(5) unsigned DEFAULT NULL COMMENT 'Is Customer Notified',
  `is_visible_on_front` smallint(5) unsigned NOT NULL DEFAULT '0' COMMENT 'Is Visible On Front',
  `comment` text COMMENT 'Comment',
  `created_at` timestamp NOT NULL DEFAULT CURRENT_TIMESTAMP COMMENT 'Created At',
  PRIMARY KEY (`entity_id`),
  KEY `SALES_INVOICE_COMMENT_CREATED_AT` (`created_at`),
  KEY `SALES_INVOICE_COMMENT_PARENT_ID` (`parent_id`),
  CONSTRAINT `SALES_INVOICE_COMMENT_PARENT_ID_SALES_INVOICE_ENTITY_ID` FOREIGN KEY (`parent_id`) REFERENCES `sales_invoice` (`entity_id`) ON DELETE CASCADE
) ENGINE=InnoDB DEFAULT CHARSET=utf8 COMMENT='Sales Flat Invoice Comment';

--
-- Dumping data for table `sales_invoice_comment`
--


--
-- Table structure for table `sales_invoice_grid`
--

CREATE TABLE `sales_invoice_grid` (
  `entity_id` int(10) unsigned NOT NULL COMMENT 'Entity ID',
  `increment_id` varchar(50) DEFAULT NULL COMMENT 'Increment ID',
  `state` int(11) DEFAULT NULL COMMENT 'State',
  `store_id` smallint(5) unsigned DEFAULT NULL COMMENT 'Store ID',
  `store_name` varchar(255) DEFAULT NULL COMMENT 'Store Name',
  `order_id` int(10) unsigned NOT NULL COMMENT 'Order ID',
  `order_increment_id` varchar(50) DEFAULT NULL COMMENT 'Order Increment ID',
  `order_created_at` timestamp NULL DEFAULT NULL COMMENT 'Order Created At',
  `customer_name` varchar(255) DEFAULT NULL COMMENT 'Customer Name',
  `customer_email` varchar(255) DEFAULT NULL COMMENT 'Customer Email',
  `customer_group_id` int(11) DEFAULT NULL,
  `payment_method` varchar(128) DEFAULT NULL COMMENT 'Payment Method',
  `store_currency_code` varchar(3) DEFAULT NULL COMMENT 'Store Currency Code',
  `order_currency_code` varchar(3) DEFAULT NULL COMMENT 'Order Currency Code',
  `base_currency_code` varchar(3) DEFAULT NULL COMMENT 'Base Currency Code',
  `global_currency_code` varchar(3) DEFAULT NULL COMMENT 'Global Currency Code',
  `billing_name` varchar(255) DEFAULT NULL COMMENT 'Billing Name',
  `billing_address` varchar(255) DEFAULT NULL COMMENT 'Billing Address',
  `shipping_address` varchar(255) DEFAULT NULL COMMENT 'Shipping Address',
  `shipping_information` varchar(255) DEFAULT NULL COMMENT 'Shipping Method Name',
  `subtotal` decimal(20,4) DEFAULT NULL COMMENT 'Subtotal',
  `shipping_and_handling` decimal(20,4) DEFAULT NULL COMMENT 'Shipping and handling amount',
  `grand_total` decimal(20,4) DEFAULT NULL COMMENT 'Grand Total',
  `base_grand_total` decimal(20,4) DEFAULT NULL COMMENT 'Base Grand Total',
  `created_at` timestamp NULL DEFAULT NULL COMMENT 'Created At',
  `updated_at` timestamp NULL DEFAULT NULL COMMENT 'Updated At',
  PRIMARY KEY (`entity_id`),
  UNIQUE KEY `SALES_INVOICE_GRID_INCREMENT_ID_STORE_ID` (`increment_id`,`store_id`),
  KEY `SALES_INVOICE_GRID_STORE_ID` (`store_id`),
  KEY `SALES_INVOICE_GRID_GRAND_TOTAL` (`grand_total`),
  KEY `SALES_INVOICE_GRID_ORDER_ID` (`order_id`),
  KEY `SALES_INVOICE_GRID_STATE` (`state`),
  KEY `SALES_INVOICE_GRID_ORDER_INCREMENT_ID` (`order_increment_id`),
  KEY `SALES_INVOICE_GRID_CREATED_AT` (`created_at`),
  KEY `SALES_INVOICE_GRID_UPDATED_AT` (`updated_at`),
  KEY `SALES_INVOICE_GRID_ORDER_CREATED_AT` (`order_created_at`),
  KEY `SALES_INVOICE_GRID_BILLING_NAME` (`billing_name`),
  KEY `SALES_INVOICE_GRID_BASE_GRAND_TOTAL` (`base_grand_total`),
  FULLTEXT KEY `FTI_95D9C924DD6A8734EB8B5D01D60F90DE` (`increment_id`,`order_increment_id`,`billing_name`,`billing_address`,`shipping_address`,`customer_name`,`customer_email`)
) ENGINE=InnoDB DEFAULT CHARSET=utf8 COMMENT='Sales Flat Invoice Grid';

--
-- Dumping data for table `sales_invoice_grid`
--

INSERT INTO `sales_invoice_grid` VALUES (1,'000000001',2,1,'Main Website\nDemo 1\nEnglish',44,'000000020','2021-09-01 19:21:25','mohamed shaa','admin@gmail.com',0,'myfatoorah_gateway','KWD','KWD','KWD','KWD','mohamed shaa','151,sharq,15300','151,sharq,15300','Flat Rate - Fixed',50.0000,2.0000,52.0000,52.0000,'2021-09-01 19:23:21','2021-09-01 19:23:21');

--
-- Table structure for table `sales_invoice_item`
--

CREATE TABLE `sales_invoice_item` (
  `entity_id` int(10) unsigned NOT NULL AUTO_INCREMENT COMMENT 'Entity ID',
  `parent_id` int(10) unsigned NOT NULL COMMENT 'Parent ID',
  `base_price` decimal(12,4) DEFAULT NULL COMMENT 'Base Price',
  `tax_amount` decimal(12,4) DEFAULT NULL COMMENT 'Tax Amount',
  `base_row_total` decimal(20,4) DEFAULT NULL COMMENT 'Base Row Total',
  `discount_amount` decimal(12,4) DEFAULT NULL COMMENT 'Discount Amount',
  `row_total` decimal(20,4) DEFAULT NULL COMMENT 'Row Total',
  `base_discount_amount` decimal(12,4) DEFAULT NULL COMMENT 'Base Discount Amount',
  `price_incl_tax` decimal(12,4) DEFAULT NULL COMMENT 'Price Incl Tax',
  `base_tax_amount` decimal(12,4) DEFAULT NULL COMMENT 'Base Tax Amount',
  `base_price_incl_tax` decimal(12,4) DEFAULT NULL COMMENT 'Base Price Incl Tax',
  `qty` decimal(12,4) DEFAULT NULL COMMENT 'Qty',
  `base_cost` decimal(12,4) DEFAULT NULL COMMENT 'Base Cost',
  `price` decimal(12,4) DEFAULT NULL COMMENT 'Price',
  `base_row_total_incl_tax` decimal(12,4) DEFAULT NULL COMMENT 'Base Row Total Incl Tax',
  `row_total_incl_tax` decimal(12,4) DEFAULT NULL COMMENT 'Row Total Incl Tax',
  `product_id` int(11) DEFAULT NULL COMMENT 'Product ID',
  `order_item_id` int(11) DEFAULT NULL COMMENT 'Order Item ID',
  `additional_data` text COMMENT 'Additional Data',
  `description` text COMMENT 'Description',
  `sku` varchar(255) DEFAULT NULL COMMENT 'Sku',
  `name` varchar(255) DEFAULT NULL COMMENT 'Name',
  `discount_tax_compensation_amount` decimal(12,4) DEFAULT NULL COMMENT 'Discount Tax Compensation Amount',
  `base_discount_tax_compensation_amount` decimal(12,4) DEFAULT NULL COMMENT 'Base Discount Tax Compensation Amount',
  `tax_ratio` text COMMENT 'Ratio of tax invoiced over tax of the order item',
  `weee_tax_applied` text COMMENT 'Weee Tax Applied',
  `weee_tax_applied_amount` decimal(12,4) DEFAULT NULL COMMENT 'Weee Tax Applied Amount',
  `weee_tax_applied_row_amount` decimal(12,4) DEFAULT NULL COMMENT 'Weee Tax Applied Row Amount',
  `weee_tax_disposition` decimal(12,4) DEFAULT NULL COMMENT 'Weee Tax Disposition',
  `weee_tax_row_disposition` decimal(12,4) DEFAULT NULL COMMENT 'Weee Tax Row Disposition',
  `base_weee_tax_applied_amount` decimal(12,4) DEFAULT NULL COMMENT 'Base Weee Tax Applied Amount',
  `base_weee_tax_applied_row_amnt` decimal(12,4) DEFAULT NULL COMMENT 'Base Weee Tax Applied Row Amnt',
  `base_weee_tax_disposition` decimal(12,4) DEFAULT NULL COMMENT 'Base Weee Tax Disposition',
  `base_weee_tax_row_disposition` decimal(12,4) DEFAULT NULL COMMENT 'Base Weee Tax Row Disposition',
  PRIMARY KEY (`entity_id`),
  KEY `SALES_INVOICE_ITEM_PARENT_ID` (`parent_id`),
  CONSTRAINT `SALES_INVOICE_ITEM_PARENT_ID_SALES_INVOICE_ENTITY_ID` FOREIGN KEY (`parent_id`) REFERENCES `sales_invoice` (`entity_id`) ON DELETE CASCADE
) ENGINE=InnoDB AUTO_INCREMENT=3 DEFAULT CHARSET=utf8 COMMENT='Sales Flat Invoice Item';

--
-- Dumping data for table `sales_invoice_item`
--

INSERT INTO `sales_invoice_item` VALUES (1,1,50.0000,0.0000,50.0000,NULL,50.0000,NULL,50.0000,0.0000,50.0000,1.0000,NULL,50.0000,50.0000,50.0000,163,70,NULL,NULL,'Handtiebouquetinvase-All White-Medium (30 cm diameter)','Hand tie bouquet in vase',0.0000,0.0000,NULL,'[]',NULL,0.0000,NULL,0.0000,NULL,NULL,NULL,0.0000),(2,1,0.0000,NULL,NULL,NULL,NULL,NULL,NULL,NULL,NULL,1.0000,NULL,0.0000,NULL,NULL,160,71,NULL,NULL,'Handtiebouquetinvase-All White-Medium (30 cm diameter)','Hand tie bouquet in vase-All White-Medium (30 cm diameter)',NULL,NULL,NULL,NULL,NULL,NULL,NULL,NULL,NULL,NULL,NULL,NULL);

--
-- Table structure for table `sales_invoiced_aggregated`
--

CREATE TABLE `sales_invoiced_aggregated` (
  `id` int(10) unsigned NOT NULL AUTO_INCREMENT COMMENT 'ID',
  `period` date DEFAULT NULL COMMENT 'Period',
  `store_id` smallint(5) unsigned DEFAULT NULL COMMENT 'Store ID',
  `order_status` varchar(50) DEFAULT NULL COMMENT 'Order Status',
  `orders_count` int(11) NOT NULL DEFAULT '0' COMMENT 'Orders Count',
  `orders_invoiced` decimal(12,4) DEFAULT NULL COMMENT 'Orders Invoiced',
  `invoiced` decimal(12,4) DEFAULT NULL COMMENT 'Invoiced',
  `invoiced_captured` decimal(12,4) DEFAULT NULL COMMENT 'Invoiced Captured',
  `invoiced_not_captured` decimal(12,4) DEFAULT NULL COMMENT 'Invoiced Not Captured',
  PRIMARY KEY (`id`),
  UNIQUE KEY `SALES_INVOICED_AGGREGATED_PERIOD_STORE_ID_ORDER_STATUS` (`period`,`store_id`,`order_status`),
  KEY `SALES_INVOICED_AGGREGATED_STORE_ID` (`store_id`),
  CONSTRAINT `SALES_INVOICED_AGGREGATED_STORE_ID_STORE_STORE_ID` FOREIGN KEY (`store_id`) REFERENCES `store` (`store_id`) ON DELETE SET NULL
) ENGINE=InnoDB DEFAULT CHARSET=utf8 COMMENT='Sales Invoiced Aggregated';

--
-- Dumping data for table `sales_invoiced_aggregated`
--


--
-- Table structure for table `sales_invoiced_aggregated_order`
--

CREATE TABLE `sales_invoiced_aggregated_order` (
  `id` int(10) unsigned NOT NULL AUTO_INCREMENT COMMENT 'ID',
  `period` date DEFAULT NULL COMMENT 'Period',
  `store_id` smallint(5) unsigned DEFAULT NULL COMMENT 'Store ID',
  `order_status` varchar(50) NOT NULL COMMENT 'Order Status',
  `orders_count` int(11) NOT NULL DEFAULT '0' COMMENT 'Orders Count',
  `orders_invoiced` decimal(12,4) DEFAULT NULL COMMENT 'Orders Invoiced',
  `invoiced` decimal(12,4) DEFAULT NULL COMMENT 'Invoiced',
  `invoiced_captured` decimal(12,4) DEFAULT NULL COMMENT 'Invoiced Captured',
  `invoiced_not_captured` decimal(12,4) DEFAULT NULL COMMENT 'Invoiced Not Captured',
  PRIMARY KEY (`id`),
  UNIQUE KEY `SALES_INVOICED_AGGREGATED_ORDER_PERIOD_STORE_ID_ORDER_STATUS` (`period`,`store_id`,`order_status`),
  KEY `SALES_INVOICED_AGGREGATED_ORDER_STORE_ID` (`store_id`),
  CONSTRAINT `SALES_INVOICED_AGGREGATED_ORDER_STORE_ID_STORE_STORE_ID` FOREIGN KEY (`store_id`) REFERENCES `store` (`store_id`) ON DELETE SET NULL
) ENGINE=InnoDB DEFAULT CHARSET=utf8 COMMENT='Sales Invoiced Aggregated Order';

--
-- Dumping data for table `sales_invoiced_aggregated_order`
--


--
-- Table structure for table `sales_order`
--

CREATE TABLE `sales_order` (
  `entity_id` int(10) unsigned NOT NULL AUTO_INCREMENT COMMENT 'Entity ID',
  `state` varchar(32) DEFAULT NULL COMMENT 'State',
  `status` varchar(32) DEFAULT NULL COMMENT 'Status',
  `coupon_code` varchar(255) DEFAULT NULL COMMENT 'Coupon Code',
  `protect_code` varchar(255) DEFAULT NULL COMMENT 'Protect Code',
  `shipping_description` varchar(255) DEFAULT NULL COMMENT 'Shipping Description',
  `is_virtual` smallint(5) unsigned DEFAULT NULL COMMENT 'Is Virtual',
  `store_id` smallint(5) unsigned DEFAULT NULL COMMENT 'Store ID',
  `customer_id` int(10) unsigned DEFAULT NULL COMMENT 'Customer ID',
  `base_discount_amount` decimal(20,4) DEFAULT NULL COMMENT 'Base Discount Amount',
  `base_discount_canceled` decimal(20,4) DEFAULT NULL COMMENT 'Base Discount Canceled',
  `base_discount_invoiced` decimal(20,4) DEFAULT NULL COMMENT 'Base Discount Invoiced',
  `base_discount_refunded` decimal(20,4) DEFAULT NULL COMMENT 'Base Discount Refunded',
  `base_grand_total` decimal(20,4) DEFAULT NULL COMMENT 'Base Grand Total',
  `base_shipping_amount` decimal(20,4) DEFAULT NULL COMMENT 'Base Shipping Amount',
  `base_shipping_canceled` decimal(20,4) DEFAULT NULL COMMENT 'Base Shipping Canceled',
  `base_shipping_invoiced` decimal(20,4) DEFAULT NULL COMMENT 'Base Shipping Invoiced',
  `base_shipping_refunded` decimal(20,4) DEFAULT NULL COMMENT 'Base Shipping Refunded',
  `base_shipping_tax_amount` decimal(20,4) DEFAULT NULL COMMENT 'Base Shipping Tax Amount',
  `base_shipping_tax_refunded` decimal(20,4) DEFAULT NULL COMMENT 'Base Shipping Tax Refunded',
  `base_subtotal` decimal(20,4) DEFAULT NULL COMMENT 'Base Subtotal',
  `base_subtotal_canceled` decimal(20,4) DEFAULT NULL COMMENT 'Base Subtotal Canceled',
  `base_subtotal_invoiced` decimal(20,4) DEFAULT NULL COMMENT 'Base Subtotal Invoiced',
  `base_subtotal_refunded` decimal(20,4) DEFAULT NULL COMMENT 'Base Subtotal Refunded',
  `base_tax_amount` decimal(20,4) DEFAULT NULL COMMENT 'Base Tax Amount',
  `base_tax_canceled` decimal(20,4) DEFAULT NULL COMMENT 'Base Tax Canceled',
  `base_tax_invoiced` decimal(20,4) DEFAULT NULL COMMENT 'Base Tax Invoiced',
  `base_tax_refunded` decimal(20,4) DEFAULT NULL COMMENT 'Base Tax Refunded',
  `base_to_global_rate` decimal(20,4) DEFAULT NULL COMMENT 'Base To Global Rate',
  `base_to_order_rate` decimal(20,4) DEFAULT NULL COMMENT 'Base To Order Rate',
  `base_total_canceled` decimal(20,4) DEFAULT NULL COMMENT 'Base Total Canceled',
  `base_total_invoiced` decimal(20,4) DEFAULT NULL COMMENT 'Base Total Invoiced',
  `base_total_invoiced_cost` decimal(20,4) DEFAULT NULL COMMENT 'Base Total Invoiced Cost',
  `base_total_offline_refunded` decimal(20,4) DEFAULT NULL COMMENT 'Base Total Offline Refunded',
  `base_total_online_refunded` decimal(20,4) DEFAULT NULL COMMENT 'Base Total Online Refunded',
  `base_total_paid` decimal(20,4) DEFAULT NULL COMMENT 'Base Total Paid',
  `base_total_qty_ordered` decimal(12,4) DEFAULT NULL COMMENT 'Base Total Qty Ordered',
  `base_total_refunded` decimal(20,4) DEFAULT NULL COMMENT 'Base Total Refunded',
  `discount_amount` decimal(20,4) DEFAULT NULL COMMENT 'Discount Amount',
  `discount_canceled` decimal(20,4) DEFAULT NULL COMMENT 'Discount Canceled',
  `discount_invoiced` decimal(20,4) DEFAULT NULL COMMENT 'Discount Invoiced',
  `discount_refunded` decimal(20,4) DEFAULT NULL COMMENT 'Discount Refunded',
  `grand_total` decimal(20,4) DEFAULT NULL COMMENT 'Grand Total',
  `shipping_amount` decimal(20,4) DEFAULT NULL COMMENT 'Shipping Amount',
  `shipping_canceled` decimal(20,4) DEFAULT NULL COMMENT 'Shipping Canceled',
  `shipping_invoiced` decimal(20,4) DEFAULT NULL COMMENT 'Shipping Invoiced',
  `shipping_refunded` decimal(20,4) DEFAULT NULL COMMENT 'Shipping Refunded',
  `shipping_tax_amount` decimal(20,4) DEFAULT NULL COMMENT 'Shipping Tax Amount',
  `shipping_tax_refunded` decimal(20,4) DEFAULT NULL COMMENT 'Shipping Tax Refunded',
  `store_to_base_rate` decimal(12,4) DEFAULT NULL COMMENT 'Store To Base Rate',
  `store_to_order_rate` decimal(12,4) DEFAULT NULL COMMENT 'Store To Order Rate',
  `subtotal` decimal(20,4) DEFAULT NULL COMMENT 'Subtotal',
  `subtotal_canceled` decimal(20,4) DEFAULT NULL COMMENT 'Subtotal Canceled',
  `subtotal_invoiced` decimal(20,4) DEFAULT NULL COMMENT 'Subtotal Invoiced',
  `subtotal_refunded` decimal(20,4) DEFAULT NULL COMMENT 'Subtotal Refunded',
  `tax_amount` decimal(20,4) DEFAULT NULL COMMENT 'Tax Amount',
  `tax_canceled` decimal(20,4) DEFAULT NULL COMMENT 'Tax Canceled',
  `tax_invoiced` decimal(20,4) DEFAULT NULL COMMENT 'Tax Invoiced',
  `tax_refunded` decimal(20,4) DEFAULT NULL COMMENT 'Tax Refunded',
  `total_canceled` decimal(20,4) DEFAULT NULL COMMENT 'Total Canceled',
  `total_invoiced` decimal(20,4) DEFAULT NULL COMMENT 'Total Invoiced',
  `total_offline_refunded` decimal(20,4) DEFAULT NULL COMMENT 'Total Offline Refunded',
  `total_online_refunded` decimal(20,4) DEFAULT NULL COMMENT 'Total Online Refunded',
  `total_paid` decimal(20,4) DEFAULT NULL COMMENT 'Total Paid',
  `total_qty_ordered` decimal(12,4) DEFAULT NULL COMMENT 'Total Qty Ordered',
  `total_refunded` decimal(20,4) DEFAULT NULL COMMENT 'Total Refunded',
  `can_ship_partially` smallint(5) unsigned DEFAULT NULL COMMENT 'Can Ship Partially',
  `can_ship_partially_item` smallint(5) unsigned DEFAULT NULL COMMENT 'Can Ship Partially Item',
  `customer_is_guest` smallint(5) unsigned DEFAULT NULL COMMENT 'Customer Is Guest',
  `customer_note_notify` smallint(5) unsigned DEFAULT NULL COMMENT 'Customer Note Notify',
  `billing_address_id` int(11) DEFAULT NULL COMMENT 'Billing Address ID',
  `customer_group_id` int(11) DEFAULT NULL,
  `edit_increment` int(11) DEFAULT NULL COMMENT 'Edit Increment',
  `email_sent` smallint(5) unsigned DEFAULT NULL COMMENT 'Email Sent',
  `send_email` smallint(5) unsigned DEFAULT NULL COMMENT 'Send Email',
  `forced_shipment_with_invoice` smallint(5) unsigned DEFAULT NULL COMMENT 'Forced Do Shipment With Invoice',
  `payment_auth_expiration` int(11) DEFAULT NULL COMMENT 'Payment Authorization Expiration',
  `quote_address_id` int(11) DEFAULT NULL COMMENT 'Quote Address ID',
  `quote_id` int(11) DEFAULT NULL COMMENT 'Quote ID',
  `shipping_address_id` int(11) DEFAULT NULL COMMENT 'Shipping Address ID',
  `adjustment_negative` decimal(20,4) DEFAULT NULL COMMENT 'Adjustment Negative',
  `adjustment_positive` decimal(20,4) DEFAULT NULL COMMENT 'Adjustment Positive',
  `base_adjustment_negative` decimal(20,4) DEFAULT NULL COMMENT 'Base Adjustment Negative',
  `base_adjustment_positive` decimal(20,4) DEFAULT NULL COMMENT 'Base Adjustment Positive',
  `base_shipping_discount_amount` decimal(20,4) DEFAULT NULL COMMENT 'Base Shipping Discount Amount',
  `base_subtotal_incl_tax` decimal(20,4) DEFAULT NULL COMMENT 'Base Subtotal Incl Tax',
  `base_total_due` decimal(20,4) DEFAULT NULL COMMENT 'Base Total Due',
  `payment_authorization_amount` decimal(20,4) DEFAULT NULL COMMENT 'Payment Authorization Amount',
  `shipping_discount_amount` decimal(20,4) DEFAULT NULL COMMENT 'Shipping Discount Amount',
  `subtotal_incl_tax` decimal(20,4) DEFAULT NULL COMMENT 'Subtotal Incl Tax',
  `total_due` decimal(20,4) DEFAULT NULL COMMENT 'Total Due',
  `weight` decimal(12,4) DEFAULT NULL COMMENT 'Weight',
  `customer_dob` datetime DEFAULT NULL COMMENT 'Customer Dob',
  `increment_id` varchar(32) DEFAULT NULL COMMENT 'Increment ID',
  `applied_rule_ids` varchar(128) DEFAULT NULL COMMENT 'Applied Rule Ids',
  `base_currency_code` varchar(3) DEFAULT NULL COMMENT 'Base Currency Code',
  `customer_email` varchar(128) DEFAULT NULL COMMENT 'Customer Email',
  `customer_firstname` varchar(128) DEFAULT NULL COMMENT 'Customer Firstname',
  `customer_lastname` varchar(128) DEFAULT NULL COMMENT 'Customer Lastname',
  `customer_middlename` varchar(128) DEFAULT NULL COMMENT 'Customer Middlename',
  `customer_prefix` varchar(32) DEFAULT NULL COMMENT 'Customer Prefix',
  `customer_suffix` varchar(32) DEFAULT NULL COMMENT 'Customer Suffix',
  `customer_taxvat` varchar(32) DEFAULT NULL COMMENT 'Customer Taxvat',
  `discount_description` varchar(255) DEFAULT NULL COMMENT 'Discount Description',
  `ext_customer_id` varchar(32) DEFAULT NULL COMMENT 'Ext Customer ID',
  `ext_order_id` varchar(32) DEFAULT NULL COMMENT 'Ext Order ID',
  `global_currency_code` varchar(3) DEFAULT NULL COMMENT 'Global Currency Code',
  `hold_before_state` varchar(32) DEFAULT NULL COMMENT 'Hold Before State',
  `hold_before_status` varchar(32) DEFAULT NULL COMMENT 'Hold Before Status',
  `order_currency_code` varchar(3) DEFAULT NULL COMMENT 'Order Currency Code',
  `original_increment_id` varchar(32) DEFAULT NULL COMMENT 'Original Increment ID',
  `relation_child_id` varchar(32) DEFAULT NULL COMMENT 'Relation Child ID',
  `relation_child_real_id` varchar(32) DEFAULT NULL COMMENT 'Relation Child Real ID',
  `relation_parent_id` varchar(32) DEFAULT NULL COMMENT 'Relation Parent ID',
  `relation_parent_real_id` varchar(32) DEFAULT NULL COMMENT 'Relation Parent Real ID',
  `remote_ip` varchar(45) DEFAULT NULL COMMENT 'Remote Ip',
  `shipping_method` varchar(120) DEFAULT NULL,
  `store_currency_code` varchar(3) DEFAULT NULL COMMENT 'Store Currency Code',
  `store_name` varchar(255) DEFAULT NULL COMMENT 'Store Name',
  `x_forwarded_for` varchar(32) DEFAULT NULL COMMENT 'X Forwarded For',
  `customer_note` text COMMENT 'Customer Note',
  `created_at` timestamp NOT NULL DEFAULT CURRENT_TIMESTAMP COMMENT 'Created At',
  `updated_at` timestamp NOT NULL DEFAULT CURRENT_TIMESTAMP ON UPDATE CURRENT_TIMESTAMP COMMENT 'Updated At',
  `total_item_count` smallint(5) unsigned NOT NULL DEFAULT '0' COMMENT 'Total Item Count',
  `customer_gender` int(11) DEFAULT NULL COMMENT 'Customer Gender',
  `discount_tax_compensation_amount` decimal(20,4) DEFAULT NULL COMMENT 'Discount Tax Compensation Amount',
  `base_discount_tax_compensation_amount` decimal(20,4) DEFAULT NULL COMMENT 'Base Discount Tax Compensation Amount',
  `shipping_discount_tax_compensation_amount` decimal(20,4) DEFAULT NULL COMMENT 'Shipping Discount Tax Compensation Amount',
  `base_shipping_discount_tax_compensation_amnt` decimal(20,4) DEFAULT NULL COMMENT 'Base Shipping Discount Tax Compensation Amount',
  `discount_tax_compensation_invoiced` decimal(20,4) DEFAULT NULL COMMENT 'Discount Tax Compensation Invoiced',
  `base_discount_tax_compensation_invoiced` decimal(20,4) DEFAULT NULL COMMENT 'Base Discount Tax Compensation Invoiced',
  `discount_tax_compensation_refunded` decimal(20,4) DEFAULT NULL COMMENT 'Discount Tax Compensation Refunded',
  `base_discount_tax_compensation_refunded` decimal(20,4) DEFAULT NULL COMMENT 'Base Discount Tax Compensation Refunded',
  `shipping_incl_tax` decimal(20,4) DEFAULT NULL COMMENT 'Shipping Incl Tax',
  `base_shipping_incl_tax` decimal(20,4) DEFAULT NULL COMMENT 'Base Shipping Incl Tax',
  `coupon_rule_name` varchar(255) DEFAULT NULL COMMENT 'Coupon Sales Rule Name',
  `paypal_ipn_customer_notified` int(11) DEFAULT '0' COMMENT 'Paypal Ipn Customer Notified',
  `gift_message_id` int(11) DEFAULT NULL COMMENT 'Gift Message ID',
  PRIMARY KEY (`entity_id`),
  UNIQUE KEY `SALES_ORDER_INCREMENT_ID_STORE_ID` (`increment_id`,`store_id`),
  KEY `SALES_ORDER_STATUS` (`status`),
  KEY `SALES_ORDER_STATE` (`state`),
  KEY `SALES_ORDER_STORE_ID` (`store_id`),
  KEY `SALES_ORDER_CREATED_AT` (`created_at`),
  KEY `SALES_ORDER_CUSTOMER_ID` (`customer_id`),
  KEY `SALES_ORDER_EXT_ORDER_ID` (`ext_order_id`),
  KEY `SALES_ORDER_QUOTE_ID` (`quote_id`),
  KEY `SALES_ORDER_UPDATED_AT` (`updated_at`),
  KEY `SALES_ORDER_SEND_EMAIL` (`send_email`),
  KEY `SALES_ORDER_EMAIL_SENT` (`email_sent`),
  CONSTRAINT `SALES_ORDER_CUSTOMER_ID_CUSTOMER_ENTITY_ENTITY_ID` FOREIGN KEY (`customer_id`) REFERENCES `customer_entity` (`entity_id`) ON DELETE SET NULL,
  CONSTRAINT `SALES_ORDER_STORE_ID_STORE_STORE_ID` FOREIGN KEY (`store_id`) REFERENCES `store` (`store_id`) ON DELETE SET NULL
) ENGINE=InnoDB AUTO_INCREMENT=50 DEFAULT CHARSET=utf8 COMMENT='Sales Flat Order';

--
-- Dumping data for table `sales_order`
--

INSERT INTO `sales_order` VALUES (1,'new','pending',NULL,'a98165','Flat Rate - Fixed',0,1,NULL,0.0000,NULL,NULL,NULL,330.0000,5.0000,NULL,NULL,NULL,0.0000,NULL,325.0000,NULL,NULL,NULL,0.0000,NULL,NULL,NULL,1.0000,1.0000,NULL,NULL,NULL,NULL,NULL,NULL,NULL,NULL,0.0000,NULL,NULL,NULL,330.0000,5.0000,NULL,NULL,NULL,0.0000,NULL,0.0000,0.0000,325.0000,NULL,NULL,NULL,0.0000,NULL,NULL,NULL,NULL,NULL,NULL,NULL,NULL,1.0000,NULL,NULL,NULL,1,1,2,0,NULL,1,1,NULL,NULL,NULL,25,1,NULL,NULL,NULL,NULL,0.0000,325.0000,330.0000,NULL,0.0000,325.0000,330.0000,1000.0000,NULL,'000000001',NULL,'USD','tuyenpro@gmail.com',NULL,NULL,NULL,NULL,NULL,NULL,NULL,NULL,NULL,'USD',NULL,NULL,'USD',NULL,NULL,NULL,NULL,NULL,'127.0.0.1','flatrate_flatrate','USD','Main Website\r\nMain Website Store',NULL,NULL,'2016-04-17 00:30:10','2016-04-17 00:30:29',1,NULL,0.0000,0.0000,0.0000,NULL,NULL,NULL,NULL,NULL,5.0000,5.0000,NULL,0,NULL),(2,'new','pending',NULL,'203b7f','Flat Rate - Fixed',0,1,NULL,0.0000,NULL,NULL,NULL,437.0000,5.0000,NULL,NULL,NULL,0.0000,NULL,432.0000,NULL,NULL,NULL,0.0000,NULL,NULL,NULL,1.0000,1.0000,NULL,NULL,NULL,NULL,NULL,NULL,NULL,NULL,0.0000,NULL,NULL,NULL,437.0000,5.0000,NULL,NULL,NULL,0.0000,NULL,0.0000,0.0000,432.0000,NULL,NULL,NULL,0.0000,NULL,NULL,NULL,NULL,NULL,NULL,NULL,NULL,1.0000,NULL,NULL,NULL,1,1,4,0,NULL,1,1,NULL,NULL,NULL,34,3,NULL,NULL,NULL,NULL,0.0000,432.0000,437.0000,NULL,0.0000,432.0000,437.0000,1000.0000,NULL,'000000002',NULL,'USD','test@gmail.com',NULL,NULL,NULL,NULL,NULL,NULL,NULL,NULL,NULL,'USD',NULL,NULL,'USD',NULL,NULL,NULL,NULL,NULL,'127.0.0.1','flatrate_flatrate','USD','Main Website\r\nMain Website Store',NULL,NULL,'2016-04-25 05:17:01','2016-04-25 05:17:15',1,NULL,0.0000,0.0000,0.0000,NULL,NULL,NULL,NULL,NULL,5.0000,5.0000,NULL,0,NULL),(3,'new','pending',NULL,'a3f0d3','Flat Rate - Fixed',0,14,NULL,0.0000,NULL,NULL,NULL,702.0000,15.0000,NULL,NULL,NULL,0.0000,NULL,687.0000,NULL,NULL,NULL,0.0000,NULL,NULL,NULL,1.0000,1.0000,NULL,NULL,NULL,NULL,NULL,NULL,NULL,NULL,0.0000,NULL,NULL,NULL,702.0000,15.0000,NULL,NULL,NULL,0.0000,NULL,0.0000,0.0000,687.0000,NULL,NULL,NULL,0.0000,NULL,NULL,NULL,NULL,NULL,NULL,NULL,NULL,3.0000,NULL,NULL,NULL,0,1,6,1,NULL,1,1,NULL,NULL,NULL,43,5,NULL,NULL,NULL,NULL,0.0000,687.0000,702.0000,NULL,0.0000,687.0000,702.0000,2000.0000,NULL,'14000000001',NULL,'USD','milano@gmail.com','Tuyen','Le Quang',NULL,NULL,NULL,NULL,NULL,NULL,NULL,'USD',NULL,NULL,'USD',NULL,NULL,NULL,NULL,NULL,'127.0.0.1','flatrate_flatrate','USD','Main Website\r\nDemo 5\r\nEnglish',NULL,NULL,'2016-08-23 04:39:32','2016-08-23 04:39:48',3,NULL,0.0000,0.0000,0.0000,NULL,NULL,NULL,NULL,NULL,15.0000,15.0000,NULL,0,NULL),(4,'new','pending',NULL,'269196','Flat Rate - Fixed',0,1,NULL,0.0000,NULL,NULL,NULL,704.0000,10.0000,NULL,NULL,NULL,0.0000,NULL,694.0000,NULL,NULL,NULL,0.0000,NULL,NULL,NULL,1.0000,1.0000,NULL,NULL,NULL,NULL,NULL,NULL,NULL,NULL,0.0000,NULL,NULL,NULL,704.0000,10.0000,NULL,NULL,NULL,0.0000,NULL,0.0000,0.0000,694.0000,NULL,NULL,NULL,0.0000,NULL,NULL,NULL,NULL,NULL,NULL,NULL,NULL,2.0000,NULL,NULL,NULL,0,1,8,1,NULL,1,1,NULL,NULL,NULL,49,7,NULL,NULL,NULL,NULL,0.0000,694.0000,704.0000,NULL,0.0000,694.0000,704.0000,2000.0000,NULL,'000000003',NULL,'USD','milano@gmail.com','Tuyen','Le Quang',NULL,NULL,NULL,NULL,NULL,NULL,NULL,'USD',NULL,NULL,'USD',NULL,NULL,NULL,NULL,NULL,'127.0.0.1','flatrate_flatrate','USD','Main Website\r\nDemo 1\r\nEnglish',NULL,NULL,'2017-02-21 02:36:18','2017-02-21 02:36:25',2,NULL,0.0000,0.0000,0.0000,NULL,NULL,NULL,NULL,NULL,10.0000,10.0000,NULL,0,NULL),(5,'new','pending',NULL,'825957','Flat Rate - Fixed',0,1,NULL,0.0000,NULL,NULL,NULL,743.0000,5.0000,NULL,NULL,NULL,0.0000,NULL,738.0000,NULL,NULL,NULL,0.0000,NULL,NULL,NULL,1.0000,1.0000,NULL,NULL,NULL,NULL,NULL,NULL,NULL,NULL,0.0000,NULL,NULL,NULL,743.0000,5.0000,NULL,NULL,NULL,0.0000,NULL,0.0000,0.0000,738.0000,NULL,NULL,NULL,0.0000,NULL,NULL,NULL,NULL,NULL,NULL,NULL,NULL,1.0000,NULL,NULL,NULL,1,1,10,0,NULL,1,1,NULL,NULL,NULL,75,9,NULL,NULL,NULL,NULL,0.0000,738.0000,743.0000,NULL,0.0000,738.0000,743.0000,1000.0000,NULL,'000000004',NULL,'USD','jutescycle@me.com',NULL,NULL,NULL,NULL,NULL,NULL,NULL,NULL,NULL,'USD',NULL,NULL,'USD',NULL,NULL,NULL,NULL,NULL,'80.227.35.26','flatrate_flatrate','USD','Main Website\nDemo 1\nEnglish',NULL,NULL,'2017-04-18 02:56:41','2017-04-18 02:56:42',1,NULL,0.0000,0.0000,0.0000,NULL,NULL,NULL,NULL,NULL,5.0000,5.0000,NULL,0,NULL),(6,'new','pending',NULL,'aed7a7a970ba048d5a219f7c9df8096f','Flat Rate - Fixed',0,16,NULL,0.0000,NULL,NULL,NULL,330.0000,5.0000,NULL,NULL,NULL,0.0000,NULL,325.0000,NULL,NULL,NULL,0.0000,NULL,NULL,NULL,1.0000,1.0000,NULL,NULL,NULL,NULL,NULL,NULL,NULL,NULL,0.0000,NULL,NULL,NULL,330.0000,5.0000,NULL,NULL,NULL,0.0000,NULL,0.0000,0.0000,325.0000,NULL,NULL,NULL,0.0000,NULL,NULL,NULL,NULL,NULL,NULL,NULL,NULL,1.0000,NULL,NULL,NULL,1,1,12,0,NULL,1,1,NULL,NULL,NULL,82,11,NULL,NULL,NULL,NULL,0.0000,325.0000,330.0000,NULL,0.0000,325.0000,330.0000,1000.0000,NULL,'16000000001',NULL,'USD','singhvarun844@gmail.com',NULL,NULL,NULL,NULL,NULL,NULL,NULL,NULL,NULL,'USD',NULL,NULL,'USD',NULL,NULL,NULL,NULL,NULL,'106.223.81.196','flatrate_flatrate','USD','Main Website\nDemo 2\nEnglish',NULL,NULL,'2018-05-23 05:52:58','2018-05-23 05:52:58',1,NULL,0.0000,0.0000,0.0000,0.0000,NULL,NULL,NULL,NULL,5.0000,5.0000,NULL,0,NULL),(7,'new','pending',NULL,'7a5cf77a67748c353960f25735a3f8d7','Flat Rate - Fixed',0,27,NULL,0.0000,NULL,NULL,NULL,65520.0000,2800.0000,NULL,NULL,NULL,0.0000,NULL,62720.0000,NULL,NULL,NULL,0.0000,NULL,NULL,NULL,1.0000,1.0000,NULL,NULL,NULL,NULL,NULL,NULL,NULL,NULL,0.0000,NULL,NULL,NULL,65520.0000,2800.0000,NULL,NULL,NULL,0.0000,NULL,0.0000,0.0000,62720.0000,NULL,NULL,NULL,0.0000,NULL,NULL,NULL,NULL,NULL,NULL,NULL,NULL,560.0000,NULL,NULL,NULL,1,1,14,0,NULL,1,1,NULL,NULL,NULL,92,13,NULL,NULL,NULL,NULL,0.0000,62720.0000,65520.0000,NULL,0.0000,62720.0000,65520.0000,0.0000,NULL,'27000000001',NULL,'USD','admin@gmail.com',NULL,NULL,NULL,NULL,NULL,NULL,NULL,NULL,NULL,'USD',NULL,NULL,'USD',NULL,NULL,NULL,NULL,NULL,'149.28.132.155','flatrate_flatrate','USD','Main Website\nDemo 10\nEnglish',NULL,NULL,'2019-05-28 10:07:15','2019-05-28 10:07:16',1,NULL,0.0000,0.0000,0.0000,0.0000,NULL,NULL,NULL,NULL,2800.0000,2800.0000,NULL,0,NULL),(8,'new','pending',NULL,'35e56a85ad6c061bbe640c8e81ef5a7f','Flat Rate - Fixed',0,27,NULL,0.0000,NULL,NULL,NULL,459900.0000,2250.0000,NULL,NULL,NULL,0.0000,NULL,457650.0000,NULL,NULL,NULL,0.0000,NULL,NULL,NULL,1.0000,1.0000,NULL,NULL,NULL,NULL,NULL,NULL,NULL,NULL,0.0000,NULL,NULL,NULL,459900.0000,2250.0000,NULL,NULL,NULL,0.0000,NULL,0.0000,0.0000,457650.0000,NULL,NULL,NULL,0.0000,NULL,NULL,NULL,NULL,NULL,NULL,NULL,NULL,450.0000,NULL,NULL,NULL,1,1,16,0,NULL,1,1,NULL,NULL,NULL,93,15,NULL,NULL,NULL,NULL,0.0000,457650.0000,459900.0000,NULL,0.0000,457650.0000,459900.0000,450000.0000,NULL,'27000000002',NULL,'USD','admin@gmail.com',NULL,NULL,NULL,NULL,NULL,NULL,NULL,NULL,NULL,'USD',NULL,NULL,'USD',NULL,NULL,NULL,NULL,NULL,'149.28.132.155','flatrate_flatrate','USD','Main Website\nDemo 10\nEnglish',NULL,NULL,'2019-05-29 00:51:12','2019-05-29 00:51:13',1,NULL,0.0000,0.0000,0.0000,0.0000,NULL,NULL,NULL,NULL,2250.0000,2250.0000,NULL,0,NULL),(9,'new','pending',NULL,'7bc2de7e94834d086c94b041470667f2','Flat Rate - Fixed',0,38,NULL,0.0000,NULL,NULL,NULL,113.0000,10.0000,NULL,NULL,NULL,0.0000,NULL,103.0000,NULL,NULL,NULL,0.0000,NULL,NULL,NULL,1.0000,0.7067,NULL,NULL,NULL,NULL,NULL,NULL,NULL,NULL,0.0000,NULL,NULL,NULL,79.8600,7.0700,NULL,NULL,NULL,0.0000,NULL,0.0000,0.0000,72.7900,NULL,NULL,NULL,0.0000,NULL,NULL,NULL,NULL,NULL,NULL,NULL,NULL,2.0000,NULL,NULL,NULL,1,1,18,0,NULL,1,1,NULL,NULL,NULL,126,17,NULL,NULL,NULL,NULL,0.0000,103.0000,113.0000,NULL,0.0000,72.7900,79.8600,0.0000,NULL,'38000000001',NULL,'USD','postmaster@hemplaza.eu','tet','test',NULL,NULL,NULL,NULL,NULL,NULL,NULL,'USD',NULL,NULL,'EUR',NULL,NULL,NULL,NULL,NULL,'146.0.189.49','flatrate_flatrate','USD','Main Website\nDemo 16\nEnglish','146.0.189.49',NULL,'2020-03-21 13:03:47','2020-03-21 13:03:48',2,NULL,0.0000,0.0000,0.0000,0.0000,NULL,NULL,NULL,NULL,7.0700,10.0000,NULL,0,NULL),(10,'new','pending',NULL,'8a1998957fc27793eaa923694ca1a901','Flat Rate - Fixed',0,27,NULL,0.0000,NULL,NULL,NULL,160.0000,10.0000,NULL,NULL,NULL,0.0000,NULL,150.0000,NULL,NULL,NULL,0.0000,NULL,NULL,NULL,1.0000,1.0000,NULL,NULL,NULL,NULL,NULL,NULL,NULL,NULL,0.0000,NULL,NULL,NULL,160.0000,10.0000,NULL,NULL,NULL,0.0000,NULL,0.0000,0.0000,150.0000,NULL,NULL,NULL,0.0000,NULL,NULL,NULL,NULL,NULL,NULL,NULL,NULL,2.0000,NULL,NULL,NULL,1,1,20,0,NULL,1,1,NULL,NULL,NULL,247,19,NULL,NULL,NULL,NULL,0.0000,150.0000,160.0000,NULL,0.0000,150.0000,160.0000,0.0000,NULL,'27000000003',NULL,'USD','adada@dsf.ig','ffwef','ewfwFE',NULL,NULL,NULL,NULL,NULL,NULL,NULL,'USD',NULL,NULL,'USD',NULL,NULL,NULL,NULL,NULL,'194.39.218.10','flatrate_flatrate','USD','Main Website\nDemo 10\nEnglish','194.39.218.10',NULL,'2020-04-12 14:10:39','2020-04-12 14:10:40',1,NULL,0.0000,0.0000,0.0000,0.0000,NULL,NULL,NULL,NULL,10.0000,10.0000,NULL,0,NULL),(11,'new','pending',NULL,'d1f25ce9aa0b7160a9d3d0d3e700f38e','Flat Rate - Fixed',0,1,140,0.0000,NULL,NULL,NULL,35294.0000,450.0000,NULL,NULL,NULL,0.0000,NULL,34844.0000,NULL,NULL,NULL,0.0000,NULL,NULL,NULL,1.0000,1.0000,NULL,NULL,NULL,NULL,NULL,NULL,NULL,NULL,0.0000,NULL,NULL,NULL,35294.0000,450.0000,NULL,NULL,NULL,0.0000,NULL,0.0000,0.0000,34844.0000,NULL,NULL,NULL,0.0000,NULL,NULL,NULL,NULL,NULL,NULL,NULL,NULL,90.0000,NULL,NULL,NULL,0,1,22,1,NULL,1,1,NULL,NULL,NULL,290,21,NULL,NULL,NULL,NULL,0.0000,34844.0000,35294.0000,NULL,0.0000,34844.0000,35294.0000,90000.0000,NULL,'000000005',NULL,'USD','test@gmail.com','Nguyen','Dong',NULL,NULL,NULL,NULL,NULL,NULL,NULL,'USD',NULL,NULL,'USD',NULL,NULL,NULL,NULL,NULL,'149.28.132.155','flatrate_flatrate','USD','Main Website\nDemo 1\nEnglish','113.20.98.96',NULL,'2020-04-20 06:42:24','2020-04-20 06:42:24',2,NULL,0.0000,0.0000,0.0000,0.0000,NULL,NULL,NULL,NULL,450.0000,450.0000,NULL,0,NULL),(12,'new','pending',NULL,'21732ffd965bb3a62e7a17ee1ac8e44b','Flat Rate - Fixed',0,1,140,0.0000,NULL,NULL,NULL,13759.0000,470.0000,NULL,NULL,NULL,0.0000,NULL,13289.0000,NULL,NULL,NULL,0.0000,NULL,NULL,NULL,1.0000,1.0000,NULL,NULL,NULL,NULL,NULL,NULL,NULL,NULL,0.0000,NULL,NULL,NULL,13759.0000,470.0000,NULL,NULL,NULL,0.0000,NULL,0.0000,0.0000,13289.0000,NULL,NULL,NULL,0.0000,NULL,NULL,NULL,NULL,NULL,NULL,NULL,NULL,94.0000,NULL,NULL,NULL,0,1,24,1,NULL,1,1,NULL,NULL,NULL,291,23,NULL,NULL,NULL,NULL,0.0000,13289.0000,13759.0000,NULL,0.0000,13289.0000,13759.0000,92000.0000,NULL,'000000006',NULL,'USD','test@gmail.com','Nguyen','Dong',NULL,NULL,NULL,NULL,NULL,NULL,NULL,'USD',NULL,NULL,'USD',NULL,NULL,NULL,NULL,NULL,'149.28.132.155','flatrate_flatrate','USD','Main Website\nDemo 1\nEnglish','113.20.98.96',NULL,'2020-04-20 15:15:09','2020-04-20 15:15:09',5,NULL,0.0000,0.0000,0.0000,0.0000,NULL,NULL,NULL,NULL,470.0000,470.0000,NULL,0,NULL),(13,'new','pending',NULL,'605e983f14c1c093cd5cfd932cf72d8f','Flat Rate - Fixed',0,27,NULL,0.0000,NULL,NULL,NULL,80.0000,5.0000,NULL,NULL,NULL,0.0000,NULL,75.0000,NULL,NULL,NULL,0.0000,NULL,NULL,NULL,1.0000,1.0000,NULL,NULL,NULL,NULL,NULL,NULL,NULL,NULL,0.0000,NULL,NULL,NULL,80.0000,5.0000,NULL,NULL,NULL,0.0000,NULL,0.0000,0.0000,75.0000,NULL,NULL,NULL,0.0000,NULL,NULL,NULL,NULL,NULL,NULL,NULL,NULL,1.0000,NULL,NULL,NULL,1,1,26,0,NULL,1,1,NULL,NULL,NULL,324,25,NULL,NULL,NULL,NULL,0.0000,75.0000,80.0000,NULL,0.0000,75.0000,80.0000,0.0000,NULL,'27000000004',NULL,'USD','lauri@ids.ee','dfsgdgfs','dfsgdgfs',NULL,NULL,NULL,NULL,NULL,NULL,NULL,'USD',NULL,NULL,'USD',NULL,NULL,NULL,NULL,NULL,'83.166.39.226','flatrate_flatrate','USD','Main Website\nDemo 10\nEnglish','83.166.39.226',NULL,'2020-04-24 10:48:46','2020-04-24 10:48:47',1,NULL,0.0000,0.0000,0.0000,0.0000,NULL,NULL,NULL,NULL,5.0000,5.0000,NULL,0,NULL),(14,'new','pending',NULL,'1c13184892bc15e57154686425109c75','Flat Rate - Fixed',0,1,NULL,0.0000,NULL,NULL,NULL,50.0000,10.0000,NULL,NULL,NULL,0.0000,NULL,40.0000,NULL,NULL,NULL,0.0000,NULL,NULL,NULL,1.0000,1.0000,NULL,NULL,NULL,NULL,NULL,NULL,NULL,NULL,0.0000,NULL,NULL,NULL,50.0000,10.0000,NULL,NULL,NULL,0.0000,NULL,0.0000,0.0000,40.0000,NULL,NULL,NULL,0.0000,NULL,NULL,NULL,NULL,NULL,NULL,NULL,NULL,2.0000,NULL,NULL,NULL,1,1,28,0,NULL,1,1,NULL,NULL,NULL,341,27,NULL,NULL,NULL,NULL,0.0000,40.0000,50.0000,NULL,0.0000,40.0000,50.0000,0.0000,NULL,'000000007',NULL,'USD','krutoymax@hotmail.com','Max','Popoff',NULL,NULL,NULL,NULL,NULL,NULL,NULL,'USD',NULL,NULL,'USD',NULL,NULL,NULL,NULL,NULL,'152.231.224.54','flatrate_flatrate','USD','Main Website\nDemo 1\nEnglish','152.231.224.54',NULL,'2020-04-26 22:24:41','2020-04-26 22:24:42',1,NULL,0.0000,0.0000,0.0000,0.0000,NULL,NULL,NULL,NULL,10.0000,10.0000,NULL,0,NULL),(15,'new','pending',NULL,'f50c16cdcdd5e8df9b5296824c78d37a',NULL,1,1,NULL,0.0000,NULL,NULL,NULL,89.0000,0.0000,NULL,NULL,NULL,0.0000,NULL,89.0000,NULL,NULL,NULL,0.0000,NULL,NULL,NULL,1.0000,1.0000,NULL,NULL,NULL,NULL,NULL,NULL,NULL,NULL,0.0000,NULL,NULL,NULL,89.0000,0.0000,NULL,NULL,NULL,0.0000,NULL,0.0000,0.0000,89.0000,NULL,NULL,NULL,0.0000,NULL,NULL,NULL,NULL,NULL,NULL,NULL,NULL,1.0000,NULL,NULL,NULL,1,1,29,0,NULL,1,1,NULL,NULL,NULL,355,NULL,NULL,NULL,NULL,NULL,0.0000,89.0000,89.0000,NULL,0.0000,89.0000,89.0000,0.0000,NULL,'000000008',NULL,'USD','maysamtibaa@gmail.com','المطيبع','ميساء',NULL,NULL,NULL,NULL,NULL,NULL,NULL,'USD',NULL,NULL,'USD',NULL,NULL,NULL,NULL,NULL,'197.15.62.7',NULL,'USD','Main Website\nDemo 1\nEnglish','197.15.62.7',NULL,'2020-04-27 22:19:13','2020-04-27 22:19:13',1,NULL,0.0000,0.0000,0.0000,0.0000,NULL,NULL,NULL,NULL,0.0000,0.0000,NULL,0,NULL),(16,'new','pending',NULL,'67b3c62d417ca79572d9fa7dd9cbf71a','Flat Rate - Fixed',0,1,NULL,0.0000,NULL,NULL,NULL,139.0000,5.0000,NULL,NULL,NULL,0.0000,NULL,134.0000,NULL,NULL,NULL,0.0000,NULL,NULL,NULL,1.0000,1.0000,NULL,NULL,NULL,NULL,NULL,NULL,NULL,NULL,0.0000,NULL,NULL,NULL,139.0000,5.0000,NULL,NULL,NULL,0.0000,NULL,0.0000,0.0000,134.0000,NULL,NULL,NULL,0.0000,NULL,NULL,NULL,NULL,NULL,NULL,NULL,NULL,1.0000,NULL,NULL,NULL,1,1,31,0,NULL,1,1,NULL,NULL,NULL,369,30,NULL,NULL,NULL,NULL,0.0000,134.0000,139.0000,NULL,0.0000,134.0000,139.0000,1000.0000,NULL,'000000009',NULL,'USD','paulo@paulo.com','paulo','paulo',NULL,NULL,NULL,NULL,NULL,NULL,NULL,'USD',NULL,NULL,'USD',NULL,NULL,NULL,NULL,NULL,'179.215.180.145','flatrate_flatrate','USD','Main Website\nDemo 1\nEnglish','179.215.180.145',NULL,'2020-04-29 13:27:47','2020-04-29 13:27:48',1,NULL,0.0000,0.0000,0.0000,0.0000,NULL,NULL,NULL,NULL,5.0000,5.0000,NULL,0,NULL),(17,'new','pending',NULL,'3d2bb89a7e81ceb493adc41b6724380a','Flat Rate - Fixed',0,16,NULL,0.0000,NULL,NULL,NULL,810.0000,10.0000,NULL,NULL,NULL,0.0000,NULL,800.0000,NULL,NULL,NULL,0.0000,NULL,NULL,NULL,1.0000,1.0000,NULL,NULL,NULL,NULL,NULL,NULL,NULL,NULL,0.0000,NULL,NULL,NULL,810.0000,10.0000,NULL,NULL,NULL,0.0000,NULL,0.0000,0.0000,800.0000,NULL,NULL,NULL,0.0000,NULL,NULL,NULL,NULL,NULL,NULL,NULL,NULL,2.0000,NULL,NULL,NULL,1,1,33,0,NULL,1,1,NULL,NULL,NULL,496,32,NULL,NULL,NULL,NULL,0.0000,800.0000,810.0000,NULL,0.0000,800.0000,810.0000,2000.0000,NULL,'16000000002',NULL,'USD','selvarajmca.k@gmail.com','Selvaraj','Kuppusamy',NULL,NULL,NULL,NULL,NULL,NULL,NULL,'USD',NULL,NULL,'USD',NULL,NULL,NULL,NULL,NULL,'157.50.101.63','flatrate_flatrate','USD','Main Website\nDemo 2\nEnglish','157.50.101.63',NULL,'2020-06-22 12:25:16','2020-06-22 12:25:17',1,NULL,0.0000,0.0000,0.0000,0.0000,NULL,NULL,NULL,NULL,10.0000,10.0000,NULL,0,NULL),(18,'new','pending',NULL,'18562be96ea6cf4cea0ce5850e740537','Flat Rate - Fixed',0,1,NULL,0.0000,NULL,NULL,NULL,330.0000,5.0000,NULL,NULL,NULL,0.0000,NULL,325.0000,NULL,NULL,NULL,0.0000,NULL,NULL,NULL,1.0000,1.0000,NULL,NULL,NULL,NULL,NULL,NULL,NULL,NULL,0.0000,NULL,NULL,NULL,330.0000,5.0000,NULL,NULL,NULL,0.0000,NULL,0.0000,0.0000,325.0000,NULL,NULL,NULL,0.0000,NULL,NULL,NULL,NULL,NULL,NULL,NULL,NULL,1.0000,NULL,NULL,NULL,1,1,35,0,NULL,1,1,NULL,NULL,NULL,579,34,NULL,NULL,NULL,NULL,0.0000,325.0000,330.0000,NULL,0.0000,325.0000,330.0000,1000.0000,NULL,'000000010',NULL,'USD','online@thechennaisilks.com','Karthikeyan','S',NULL,NULL,NULL,NULL,NULL,NULL,NULL,'USD',NULL,NULL,'USD',NULL,NULL,NULL,NULL,NULL,'103.125.155.2','flatrate_flatrate','USD','Main Website\nDemo 1\nEnglish','103.125.155.2',NULL,'2020-07-11 09:15:15','2020-07-11 09:15:15',1,NULL,0.0000,0.0000,0.0000,0.0000,NULL,NULL,NULL,NULL,5.0000,5.0000,NULL,0,NULL),(19,'new','pending',NULL,'b7906bf7a61ac9630ce75af6057d903d','Flat Rate - Fixed',0,37,NULL,0.0000,NULL,NULL,NULL,64.0000,5.0000,NULL,NULL,NULL,0.0000,NULL,59.0000,NULL,NULL,NULL,0.0000,NULL,NULL,NULL,1.0000,1.0000,NULL,NULL,NULL,NULL,NULL,NULL,NULL,NULL,0.0000,NULL,NULL,NULL,64.0000,5.0000,NULL,NULL,NULL,0.0000,NULL,0.0000,0.0000,59.0000,NULL,NULL,NULL,0.0000,NULL,NULL,NULL,NULL,NULL,NULL,NULL,NULL,1.0000,NULL,NULL,NULL,1,1,37,0,NULL,1,1,NULL,NULL,NULL,583,36,NULL,NULL,NULL,NULL,0.0000,59.0000,64.0000,NULL,0.0000,59.0000,64.0000,0.0000,NULL,'37000000001',NULL,'USD','anujrishi@yahoo.com','Web','Thinkers',NULL,NULL,NULL,NULL,NULL,NULL,NULL,'USD',NULL,NULL,'USD',NULL,NULL,NULL,NULL,NULL,'122.173.111.174','flatrate_flatrate','USD','Main Website\nDemo 15\nEnglish 15','122.173.111.174',NULL,'2020-07-12 12:01:26','2020-07-12 12:01:26',1,NULL,0.0000,0.0000,0.0000,0.0000,NULL,NULL,NULL,NULL,5.0000,5.0000,NULL,0,NULL),(20,'new','pending',NULL,'b8d86b077043ae6b461f00e2242abb83','Flat Rate - Fixed',0,1,NULL,0.0000,NULL,NULL,NULL,405.0000,5.0000,NULL,NULL,NULL,0.0000,NULL,400.0000,NULL,NULL,NULL,0.0000,NULL,NULL,NULL,1.0000,1.0000,NULL,NULL,NULL,NULL,NULL,NULL,NULL,NULL,0.0000,NULL,NULL,NULL,405.0000,5.0000,NULL,NULL,NULL,0.0000,NULL,0.0000,0.0000,400.0000,NULL,NULL,NULL,0.0000,NULL,NULL,NULL,NULL,NULL,NULL,NULL,NULL,1.0000,NULL,NULL,NULL,1,1,39,0,NULL,1,1,NULL,NULL,NULL,599,38,NULL,NULL,NULL,NULL,0.0000,400.0000,405.0000,NULL,0.0000,400.0000,405.0000,1000.0000,NULL,'000000011',NULL,'USD','ourour@hotmail.com','poiuwer','poqiweur',NULL,NULL,NULL,NULL,NULL,NULL,NULL,'USD',NULL,NULL,'USD',NULL,NULL,NULL,NULL,NULL,'82.34.154.27','flatrate_flatrate','USD','Main Website\nDemo 1\nEnglish','82.34.154.27',NULL,'2020-07-17 22:22:53','2020-07-17 22:22:53',1,NULL,0.0000,0.0000,0.0000,0.0000,NULL,NULL,NULL,NULL,5.0000,5.0000,NULL,0,NULL),(21,'new','pending',NULL,'80197f49ad5416c3db3321a65b553564','Flat Rate - Fixed',0,37,NULL,0.0000,NULL,NULL,NULL,64.0000,5.0000,NULL,NULL,NULL,0.0000,NULL,59.0000,NULL,NULL,NULL,0.0000,NULL,NULL,NULL,1.0000,1.0000,NULL,NULL,NULL,NULL,NULL,NULL,NULL,NULL,0.0000,NULL,NULL,NULL,64.0000,5.0000,NULL,NULL,NULL,0.0000,NULL,0.0000,0.0000,59.0000,NULL,NULL,NULL,0.0000,NULL,NULL,NULL,NULL,NULL,NULL,NULL,NULL,1.0000,NULL,NULL,NULL,1,1,41,0,NULL,1,1,NULL,NULL,NULL,612,40,NULL,NULL,NULL,NULL,0.0000,59.0000,64.0000,NULL,0.0000,59.0000,64.0000,0.0000,NULL,'37000000002',NULL,'USD','martkto@yopmail.com','aaa','aaa',NULL,NULL,NULL,NULL,NULL,NULL,NULL,'USD',NULL,NULL,'USD',NULL,NULL,NULL,NULL,NULL,'90.103.156.253','flatrate_flatrate','USD','Main Website\nDemo 15\nEnglish 15','90.103.156.253',NULL,'2020-07-23 10:10:03','2020-07-23 10:10:03',1,NULL,0.0000,0.0000,0.0000,0.0000,NULL,NULL,NULL,NULL,5.0000,5.0000,NULL,0,NULL),(22,'new','pending',NULL,'886ef9653a1b52778d66f6cd860ce00a','Flat Rate - Fixed',0,27,NULL,0.0000,NULL,NULL,NULL,37.0000,5.0000,NULL,NULL,NULL,0.0000,NULL,32.0000,NULL,NULL,NULL,0.0000,NULL,NULL,NULL,1.0000,1.0000,NULL,NULL,NULL,NULL,NULL,NULL,NULL,NULL,0.0000,NULL,NULL,NULL,37.0000,5.0000,NULL,NULL,NULL,0.0000,NULL,0.0000,0.0000,32.0000,NULL,NULL,NULL,0.0000,NULL,NULL,NULL,NULL,NULL,NULL,NULL,NULL,1.0000,NULL,NULL,NULL,1,1,43,0,NULL,1,1,NULL,NULL,NULL,651,42,NULL,NULL,NULL,NULL,0.0000,32.0000,37.0000,NULL,0.0000,32.0000,37.0000,0.0000,NULL,'27000000005',NULL,'USD','psjallah1@gmail.com','parvinder','singh',NULL,NULL,NULL,NULL,NULL,NULL,NULL,'USD',NULL,NULL,'USD',NULL,NULL,NULL,NULL,NULL,'2409:4055:696:ef3f:d976:25b3:8be0:2c17','flatrate_flatrate','USD','Main Website\nDemo 10\nEnglish 10','2409:4055:696:ef3f:d976:25b3:8be',NULL,'2020-08-07 17:47:49','2020-08-07 17:47:49',1,NULL,0.0000,0.0000,0.0000,0.0000,NULL,NULL,NULL,NULL,5.0000,5.0000,NULL,0,NULL),(23,'new','pending',NULL,'b099d6397d2d4c1fce3d823212c7a82f','Flat Rate - Fixed',0,1,NULL,0.0000,NULL,NULL,NULL,139.0000,5.0000,NULL,NULL,NULL,0.0000,NULL,134.0000,NULL,NULL,NULL,0.0000,NULL,NULL,NULL,1.0000,1.0000,NULL,NULL,NULL,NULL,NULL,NULL,NULL,NULL,0.0000,NULL,NULL,NULL,139.0000,5.0000,NULL,NULL,NULL,0.0000,NULL,0.0000,0.0000,134.0000,NULL,NULL,NULL,0.0000,NULL,NULL,NULL,NULL,NULL,NULL,NULL,NULL,1.0000,NULL,NULL,NULL,1,1,45,0,NULL,1,1,NULL,NULL,NULL,659,44,NULL,NULL,NULL,NULL,0.0000,134.0000,139.0000,NULL,0.0000,134.0000,139.0000,1000.0000,NULL,'000000012',NULL,'USD','navdip@gmail.com','Joao','Castro',NULL,NULL,NULL,NULL,NULL,NULL,NULL,'USD',NULL,NULL,'USD',NULL,NULL,NULL,NULL,NULL,'171.60.171.221','flatrate_flatrate','USD','Main Website\nDemo 1\nEnglish','171.60.171.221',NULL,'2020-08-12 12:44:22','2020-08-12 12:44:22',1,NULL,0.0000,0.0000,0.0000,0.0000,NULL,NULL,NULL,NULL,5.0000,5.0000,NULL,0,NULL),(24,'new','pending',NULL,'59ca302cb71a7eb86018fe492702d62c','Flat Rate - Fixed',0,18,NULL,0.0000,NULL,NULL,NULL,27.5700,5.0000,NULL,NULL,NULL,0.0000,NULL,22.5700,NULL,NULL,NULL,0.0000,NULL,NULL,NULL,1.0000,1.0000,NULL,NULL,NULL,NULL,NULL,NULL,NULL,NULL,0.0000,NULL,NULL,NULL,27.5700,5.0000,NULL,NULL,NULL,0.0000,NULL,0.0000,0.0000,22.5700,NULL,NULL,NULL,0.0000,NULL,NULL,NULL,NULL,NULL,NULL,NULL,NULL,1.0000,NULL,NULL,NULL,1,1,47,0,NULL,1,1,NULL,NULL,NULL,730,46,NULL,NULL,NULL,NULL,0.0000,22.5700,27.5700,NULL,0.0000,22.5700,27.5700,0.0000,NULL,'18000000001',NULL,'USD','admin@example.com','ALI','AWAAD',NULL,NULL,NULL,NULL,NULL,NULL,NULL,'USD',NULL,NULL,'USD',NULL,NULL,NULL,NULL,NULL,'45.243.238.177','flatrate_flatrate','USD','Main Website\nDemo 1\nArabic','45.243.238.177',NULL,'2020-09-16 12:01:44','2020-09-16 12:01:45',1,NULL,0.0000,0.0000,0.0000,0.0000,NULL,NULL,NULL,NULL,5.0000,5.0000,NULL,0,NULL),(25,'new','pending',NULL,'64238287386804e768a86d124d96a2b1','Flat Rate - Fixed',0,14,NULL,0.0000,NULL,NULL,NULL,218.0000,5.0000,NULL,NULL,NULL,0.0000,NULL,213.0000,NULL,NULL,NULL,0.0000,NULL,NULL,NULL,1.0000,1.0000,NULL,NULL,NULL,NULL,NULL,NULL,NULL,NULL,0.0000,NULL,NULL,NULL,218.0000,5.0000,NULL,NULL,NULL,0.0000,NULL,0.0000,0.0000,213.0000,NULL,NULL,NULL,0.0000,NULL,NULL,NULL,NULL,NULL,NULL,NULL,NULL,1.0000,NULL,NULL,NULL,1,1,49,0,NULL,1,1,NULL,NULL,NULL,748,48,NULL,NULL,NULL,NULL,0.0000,213.0000,218.0000,NULL,0.0000,213.0000,218.0000,1000.0000,NULL,'14000000002',NULL,'USD','test@test.com','Hhh','Njjj',NULL,NULL,NULL,NULL,NULL,NULL,NULL,'USD',NULL,NULL,'USD',NULL,NULL,NULL,NULL,NULL,'176.240.29.40','flatrate_flatrate','USD','Main Website\nDemo 5\nEnglish 5','176.240.29.40',NULL,'2020-09-21 12:58:20','2020-09-21 12:58:20',1,NULL,0.0000,0.0000,0.0000,0.0000,NULL,NULL,NULL,NULL,5.0000,5.0000,NULL,0,NULL),(26,'new','pending',NULL,'369c65db724bfca5749e72c94c82f62a','Flat Rate - Fixed',0,4,NULL,0.0000,NULL,NULL,NULL,60.0000,5.0000,NULL,NULL,NULL,0.0000,NULL,55.0000,NULL,NULL,NULL,0.0000,NULL,NULL,NULL,1.0000,1.0000,NULL,NULL,NULL,NULL,NULL,NULL,NULL,NULL,0.0000,NULL,NULL,NULL,60.0000,5.0000,NULL,NULL,NULL,0.0000,NULL,0.0000,0.0000,55.0000,NULL,NULL,NULL,0.0000,NULL,NULL,NULL,NULL,NULL,NULL,NULL,NULL,1.0000,NULL,NULL,NULL,1,1,51,0,NULL,1,1,NULL,NULL,NULL,751,50,NULL,NULL,NULL,NULL,0.0000,55.0000,60.0000,NULL,0.0000,55.0000,60.0000,0.0000,NULL,'4000000001',NULL,'USD','sas@dds.com','dsd','dsds',NULL,NULL,NULL,NULL,NULL,NULL,NULL,'USD',NULL,NULL,'USD',NULL,NULL,NULL,NULL,NULL,'123.201.94.239','flatrate_flatrate','USD','Main Website\nDemo 3\nEnglish 3','123.201.94.239',NULL,'2020-09-24 05:42:00','2020-09-24 05:42:01',1,NULL,0.0000,0.0000,0.0000,0.0000,NULL,NULL,NULL,NULL,5.0000,5.0000,NULL,0,NULL),(27,'new','pending',NULL,'8585412bf83a137992bf9a09a3a6e841','Flat Rate - Fixed',0,1,NULL,0.0000,NULL,NULL,NULL,1306.0000,10.0000,NULL,NULL,NULL,0.0000,NULL,1296.0000,NULL,NULL,NULL,0.0000,NULL,NULL,NULL,1.0000,1.0000,NULL,NULL,NULL,NULL,NULL,NULL,NULL,NULL,0.0000,NULL,NULL,NULL,1306.0000,10.0000,NULL,NULL,NULL,0.0000,NULL,0.0000,0.0000,1296.0000,NULL,NULL,NULL,0.0000,NULL,NULL,NULL,NULL,NULL,NULL,NULL,NULL,2.0000,NULL,NULL,NULL,1,1,53,0,NULL,1,1,NULL,NULL,NULL,766,52,NULL,NULL,NULL,NULL,0.0000,1296.0000,1306.0000,NULL,0.0000,1296.0000,1306.0000,2000.0000,NULL,'000000013',NULL,'USD','ashwini.reddy@esegna.com','ashwini','r',NULL,NULL,NULL,NULL,NULL,NULL,NULL,'USD',NULL,NULL,'USD',NULL,NULL,NULL,NULL,NULL,'183.83.146.57','flatrate_flatrate','USD','Main Website\nDemo 1\nEnglish','183.83.146.57',NULL,'2020-10-01 10:05:50','2020-10-01 10:05:50',1,NULL,0.0000,0.0000,0.0000,0.0000,NULL,NULL,NULL,NULL,10.0000,10.0000,NULL,0,NULL),(28,'new','pending',NULL,'dd4cbaaca68de90c39aa174068799a08','Flat Rate - Fixed',0,1,NULL,0.0000,NULL,NULL,NULL,80.0000,5.0000,NULL,NULL,NULL,0.0000,NULL,75.0000,NULL,NULL,NULL,0.0000,NULL,NULL,NULL,1.0000,1.0000,NULL,NULL,NULL,NULL,NULL,NULL,NULL,NULL,0.0000,NULL,NULL,NULL,80.0000,5.0000,NULL,NULL,NULL,0.0000,NULL,0.0000,0.0000,75.0000,NULL,NULL,NULL,0.0000,NULL,NULL,NULL,NULL,NULL,NULL,NULL,NULL,1.0000,NULL,NULL,NULL,1,1,55,0,NULL,1,1,NULL,NULL,NULL,767,54,NULL,NULL,NULL,NULL,0.0000,75.0000,80.0000,NULL,0.0000,75.0000,80.0000,0.0000,NULL,'000000014',NULL,'USD','ashwini.reddy@esegna.com','ashwini','r',NULL,NULL,NULL,NULL,NULL,NULL,NULL,'USD',NULL,NULL,'USD',NULL,NULL,NULL,NULL,NULL,'183.83.146.57','flatrate_flatrate','USD','Main Website\nDemo 1\nEnglish','183.83.146.57',NULL,'2020-10-01 10:12:57','2020-10-01 10:12:57',1,NULL,0.0000,0.0000,0.0000,0.0000,NULL,NULL,NULL,NULL,5.0000,5.0000,NULL,0,NULL),(29,'new','pending',NULL,'cb90d94cd6ffed42f196fffaafe428c9','Flat Rate - Fixed',0,1,NULL,0.0000,NULL,NULL,NULL,25.0000,5.0000,NULL,NULL,NULL,0.0000,NULL,20.0000,NULL,NULL,NULL,0.0000,NULL,NULL,NULL,1.0000,1.0000,NULL,NULL,NULL,NULL,NULL,NULL,NULL,NULL,0.0000,NULL,NULL,NULL,25.0000,5.0000,NULL,NULL,NULL,0.0000,NULL,0.0000,0.0000,20.0000,NULL,NULL,NULL,0.0000,NULL,NULL,NULL,NULL,NULL,NULL,NULL,NULL,1.0000,NULL,NULL,NULL,1,1,57,0,NULL,1,1,NULL,NULL,NULL,777,56,NULL,NULL,NULL,NULL,0.0000,20.0000,25.0000,NULL,0.0000,20.0000,25.0000,0.0000,NULL,'000000015',NULL,'USD','ashwini.reddy@esegna.com','ashwini','r',NULL,NULL,NULL,NULL,NULL,NULL,NULL,'USD',NULL,NULL,'USD',NULL,NULL,NULL,NULL,NULL,'183.83.146.192','flatrate_flatrate','USD','Main Website\nDemo 1\nEnglish','183.83.146.192',NULL,'2020-10-05 07:08:48','2020-10-05 07:08:48',1,NULL,0.0000,0.0000,0.0000,0.0000,NULL,NULL,NULL,NULL,5.0000,5.0000,NULL,0,NULL),(30,'new','pending',NULL,'b26b21aa20309d7c9401616fe7ccdd04','Flat Rate - Fixed',0,1,NULL,0.0000,NULL,NULL,NULL,139.0000,5.0000,NULL,NULL,NULL,0.0000,NULL,134.0000,NULL,NULL,NULL,0.0000,NULL,NULL,NULL,1.0000,1.0000,NULL,NULL,NULL,NULL,NULL,NULL,NULL,NULL,0.0000,NULL,NULL,NULL,139.0000,5.0000,NULL,NULL,NULL,0.0000,NULL,0.0000,0.0000,134.0000,NULL,NULL,NULL,0.0000,NULL,NULL,NULL,NULL,NULL,NULL,NULL,NULL,1.0000,NULL,NULL,NULL,1,1,59,0,NULL,1,1,NULL,NULL,NULL,778,58,NULL,NULL,NULL,NULL,0.0000,134.0000,139.0000,NULL,0.0000,134.0000,139.0000,1000.0000,NULL,'000000016',NULL,'USD','ashwini.reddy@esegna.com','ashwini','r',NULL,NULL,NULL,NULL,NULL,NULL,NULL,'USD',NULL,NULL,'USD',NULL,NULL,NULL,NULL,NULL,'183.83.146.192','flatrate_flatrate','USD','Main Website\nDemo 1\nEnglish','183.83.146.192',NULL,'2020-10-05 07:10:30','2020-10-05 07:10:30',1,NULL,0.0000,0.0000,0.0000,0.0000,NULL,NULL,NULL,NULL,5.0000,5.0000,NULL,0,NULL),(31,'new','pending',NULL,'4f6ecfd74d6f668ad893a5a7f3555ebf','Flat Rate - Fixed',0,4,NULL,0.0000,NULL,NULL,NULL,37.0000,5.0000,NULL,NULL,NULL,0.0000,NULL,32.0000,NULL,NULL,NULL,0.0000,NULL,NULL,NULL,1.0000,1.0000,NULL,NULL,NULL,NULL,NULL,NULL,NULL,NULL,0.0000,NULL,NULL,NULL,37.0000,5.0000,NULL,NULL,NULL,0.0000,NULL,0.0000,0.0000,32.0000,NULL,NULL,NULL,0.0000,NULL,NULL,NULL,NULL,NULL,NULL,NULL,NULL,1.0000,NULL,NULL,NULL,1,1,61,0,NULL,1,1,NULL,NULL,NULL,797,60,NULL,NULL,NULL,NULL,0.0000,32.0000,37.0000,NULL,0.0000,32.0000,37.0000,0.0000,NULL,'4000000002',NULL,'USD','ghgjghfghjh@ksjkshskj.com','sldjkfskfhk','skfksfhskjdh',NULL,NULL,NULL,NULL,NULL,NULL,NULL,'USD',NULL,NULL,'USD',NULL,NULL,NULL,NULL,NULL,'149.28.40.13','flatrate_flatrate','USD','Main Website\nDemo 3\nEnglish 3','2806:104e:1a:22cd:600a:95a8:6168',NULL,'2020-10-13 02:05:58','2020-10-13 02:05:58',1,NULL,0.0000,0.0000,0.0000,0.0000,NULL,NULL,NULL,NULL,5.0000,5.0000,NULL,0,NULL),(32,'new','pending',NULL,'0860dff52c2538cbf20b389d11902298','Flat Rate - Fixed',0,8,271,0.0000,NULL,NULL,NULL,80.0000,5.0000,NULL,NULL,NULL,0.0000,NULL,75.0000,NULL,NULL,NULL,0.0000,NULL,NULL,NULL,1.0000,1.0000,NULL,NULL,NULL,NULL,NULL,NULL,NULL,NULL,0.0000,NULL,NULL,NULL,80.0000,5.0000,NULL,NULL,NULL,0.0000,NULL,0.0000,0.0000,75.0000,NULL,NULL,NULL,0.0000,NULL,NULL,NULL,NULL,NULL,NULL,NULL,NULL,1.0000,NULL,NULL,NULL,0,1,63,1,NULL,1,1,NULL,NULL,NULL,811,62,NULL,NULL,NULL,NULL,0.0000,75.0000,80.0000,NULL,0.0000,75.0000,80.0000,0.0000,NULL,'8000000001',NULL,'USD','oxxygen97@gmail.com','test','test',NULL,NULL,NULL,NULL,NULL,NULL,NULL,'USD',NULL,NULL,'USD',NULL,NULL,NULL,NULL,NULL,'91.222.80.4','flatrate_flatrate','USD','Main Website\nDemo 6\nEnglish 6','91.222.80.4',NULL,'2020-10-20 06:52:32','2020-10-20 06:52:32',1,NULL,0.0000,0.0000,0.0000,0.0000,NULL,NULL,NULL,NULL,5.0000,5.0000,NULL,0,NULL),(33,'new','pending',NULL,'c02aeff94be6a7e10e2b024e62ddd8d2',NULL,1,4,NULL,0.0000,NULL,NULL,NULL,89.0000,0.0000,NULL,NULL,NULL,0.0000,NULL,89.0000,NULL,NULL,NULL,0.0000,NULL,NULL,NULL,1.0000,1.0000,NULL,NULL,NULL,NULL,NULL,NULL,NULL,NULL,0.0000,NULL,NULL,NULL,89.0000,0.0000,NULL,NULL,NULL,0.0000,NULL,0.0000,0.0000,89.0000,NULL,NULL,NULL,0.0000,NULL,NULL,NULL,NULL,NULL,NULL,NULL,NULL,1.0000,NULL,NULL,NULL,1,1,64,0,NULL,1,1,NULL,NULL,NULL,879,NULL,NULL,NULL,NULL,NULL,0.0000,89.0000,89.0000,NULL,0.0000,89.0000,89.0000,0.0000,NULL,'4000000003',NULL,'USD','ourira@hotmail.com','sdfgs','sdfg',NULL,NULL,NULL,NULL,NULL,NULL,NULL,'USD',NULL,NULL,'USD',NULL,NULL,NULL,NULL,NULL,'82.36.100.166',NULL,'USD','Main Website\nDemo 3\nEnglish 3','82.36.100.166',NULL,'2020-11-22 00:09:26','2020-11-22 00:09:27',1,NULL,0.0000,0.0000,0.0000,0.0000,NULL,NULL,NULL,NULL,0.0000,0.0000,NULL,0,NULL),(34,'new','pending',NULL,'83c56b81a85244edc970e6103843868d','Flat Rate - Fixed',0,10,NULL,0.0000,NULL,NULL,NULL,405.0000,5.0000,NULL,NULL,NULL,0.0000,NULL,400.0000,NULL,NULL,NULL,0.0000,NULL,NULL,NULL,1.0000,1.0000,NULL,NULL,NULL,NULL,NULL,NULL,NULL,NULL,0.0000,NULL,NULL,NULL,405.0000,5.0000,NULL,NULL,NULL,0.0000,NULL,0.0000,0.0000,400.0000,NULL,NULL,NULL,0.0000,NULL,NULL,NULL,NULL,NULL,NULL,NULL,NULL,1.0000,NULL,NULL,NULL,1,1,66,0,NULL,NULL,1,NULL,NULL,NULL,884,65,NULL,NULL,NULL,NULL,0.0000,400.0000,405.0000,NULL,0.0000,400.0000,405.0000,1000.0000,NULL,'10000000001',NULL,'USD','oqiwure@hotmailj.com','a;sldjf ',';alskdfj ',NULL,NULL,NULL,NULL,NULL,NULL,NULL,'USD',NULL,NULL,'USD',NULL,NULL,NULL,NULL,NULL,'82.36.100.166','flatrate_flatrate','USD','Main Website\nDemo 7\nEnglish 7','82.36.100.166',NULL,'2020-11-23 14:38:55','2020-11-23 14:38:57',1,NULL,0.0000,0.0000,0.0000,0.0000,NULL,NULL,NULL,NULL,5.0000,5.0000,NULL,0,NULL),(35,'new','pending',NULL,'943e4eacc33803a2966eb7fac879f122','Flat Rate - Fixed',0,10,NULL,0.0000,NULL,NULL,NULL,27.5700,5.0000,NULL,NULL,NULL,0.0000,NULL,22.5700,NULL,NULL,NULL,0.0000,NULL,NULL,NULL,1.0000,1.0000,NULL,NULL,NULL,NULL,NULL,NULL,NULL,NULL,0.0000,NULL,NULL,NULL,27.5700,5.0000,NULL,NULL,NULL,0.0000,NULL,0.0000,0.0000,22.5700,NULL,NULL,NULL,0.0000,NULL,NULL,NULL,NULL,NULL,NULL,NULL,NULL,1.0000,NULL,NULL,NULL,1,1,68,0,NULL,1,1,NULL,NULL,NULL,885,67,NULL,NULL,NULL,NULL,0.0000,22.5700,27.5700,NULL,0.0000,22.5700,27.5700,0.0000,NULL,'10000000002',NULL,'USD','marinapetrova07@gmail.com','Marina','Petrova',NULL,NULL,NULL,NULL,NULL,NULL,NULL,'USD',NULL,NULL,'USD',NULL,NULL,NULL,NULL,NULL,'149.28.40.13','flatrate_flatrate','USD','Main Website\nDemo 7\nEnglish 7','147.147.218.84, 149.28.40.13',NULL,'2020-11-23 14:39:26','2020-11-23 14:39:27',1,NULL,0.0000,0.0000,0.0000,0.0000,NULL,NULL,NULL,NULL,5.0000,5.0000,NULL,0,NULL),(36,'new','pending',NULL,'6d6a07163349becb13a989552afde0a0','Flat Rate - Fixed',0,10,NULL,0.0000,NULL,NULL,NULL,374.0000,5.0000,NULL,NULL,NULL,0.0000,NULL,369.0000,NULL,NULL,NULL,0.0000,NULL,NULL,NULL,1.0000,1.0000,NULL,NULL,NULL,NULL,NULL,NULL,NULL,NULL,0.0000,NULL,NULL,NULL,374.0000,5.0000,NULL,NULL,NULL,0.0000,NULL,0.0000,0.0000,369.0000,NULL,NULL,NULL,0.0000,NULL,NULL,NULL,NULL,NULL,NULL,NULL,NULL,1.0000,NULL,NULL,NULL,1,1,70,0,NULL,1,1,NULL,NULL,NULL,886,69,NULL,NULL,NULL,NULL,0.0000,369.0000,374.0000,NULL,0.0000,369.0000,374.0000,1000.0000,NULL,'10000000003',NULL,'USD','ksjfdghf@hotmail.com','Irina','Price',NULL,NULL,NULL,NULL,NULL,NULL,NULL,'USD',NULL,NULL,'USD',NULL,NULL,NULL,NULL,NULL,'82.36.100.166','flatrate_flatrate','USD','Main Website\nDemo 7\nEnglish 7','82.36.100.166',NULL,'2020-11-23 14:52:05','2020-11-23 14:52:06',1,NULL,0.0000,0.0000,0.0000,0.0000,NULL,NULL,NULL,NULL,5.0000,5.0000,NULL,0,NULL),(37,'new','pending',NULL,'7c971ff0a7bddadd402d3388fc622967','Flat Rate - Fixed',0,6,NULL,0.0000,NULL,NULL,NULL,37.0000,5.0000,NULL,NULL,NULL,0.0000,NULL,32.0000,NULL,NULL,NULL,0.0000,NULL,NULL,NULL,1.0000,1.0000,NULL,NULL,NULL,NULL,NULL,NULL,NULL,NULL,0.0000,NULL,NULL,NULL,37.0000,5.0000,NULL,NULL,NULL,0.0000,NULL,0.0000,0.0000,32.0000,NULL,NULL,NULL,0.0000,NULL,NULL,NULL,NULL,NULL,NULL,NULL,NULL,1.0000,NULL,NULL,NULL,1,1,72,0,NULL,1,1,NULL,NULL,NULL,960,71,NULL,NULL,NULL,NULL,0.0000,32.0000,37.0000,NULL,0.0000,32.0000,37.0000,0.0000,NULL,'6000000001',NULL,'USD','billko@visibleone.com','Bill','Ko',NULL,NULL,NULL,NULL,NULL,NULL,NULL,'USD',NULL,NULL,'USD',NULL,NULL,NULL,NULL,NULL,'149.28.40.13','flatrate_flatrate','USD','Main Website\nDemo 4\nEnglish 4','27.110.181.166, 149.28.40.13',NULL,'2020-12-26 07:40:55','2020-12-26 07:40:56',1,NULL,0.0000,0.0000,0.0000,0.0000,NULL,NULL,NULL,NULL,5.0000,5.0000,NULL,0,NULL),(38,'new','pending',NULL,'263026195a9a8cbbac1d4d211809711a','Flat Rate - Fixed',0,37,NULL,0.0000,NULL,NULL,NULL,67.0000,5.0000,NULL,NULL,NULL,0.0000,NULL,62.0000,NULL,NULL,NULL,0.0000,NULL,NULL,NULL,1.0000,1.0000,NULL,NULL,NULL,NULL,NULL,NULL,NULL,NULL,0.0000,NULL,NULL,NULL,67.0000,5.0000,NULL,NULL,NULL,0.0000,NULL,0.0000,0.0000,62.0000,NULL,NULL,NULL,0.0000,NULL,NULL,NULL,NULL,NULL,NULL,NULL,NULL,1.0000,NULL,NULL,NULL,1,1,74,0,NULL,1,1,NULL,NULL,NULL,1028,73,NULL,NULL,NULL,NULL,0.0000,62.0000,67.0000,NULL,0.0000,62.0000,67.0000,0.0000,NULL,'37000000003',NULL,'USD','test@gmail.com','test','test1',NULL,NULL,NULL,NULL,NULL,NULL,NULL,'USD',NULL,NULL,'USD',NULL,NULL,NULL,NULL,NULL,'149.28.40.13','flatrate_flatrate','USD','Main Website\nDemo 15\nEnglish 15','86.9.115.39, 149.28.40.13',NULL,'2021-01-24 20:14:39','2021-01-24 20:14:39',1,NULL,0.0000,0.0000,0.0000,0.0000,NULL,NULL,NULL,NULL,5.0000,5.0000,NULL,0,NULL),(39,'new','pending',NULL,'2ae24549fe626fe67515909d1c300ae2','Flat Rate - Fixed',0,16,NULL,0.0000,NULL,NULL,NULL,27.5700,5.0000,NULL,NULL,NULL,0.0000,NULL,22.5700,NULL,NULL,NULL,0.0000,NULL,NULL,NULL,1.0000,1.0000,NULL,NULL,NULL,NULL,NULL,NULL,NULL,NULL,0.0000,NULL,NULL,NULL,27.5700,5.0000,NULL,NULL,NULL,0.0000,NULL,0.0000,0.0000,22.5700,NULL,NULL,NULL,0.0000,NULL,NULL,NULL,NULL,NULL,NULL,NULL,NULL,1.0000,NULL,NULL,NULL,1,1,76,0,NULL,1,1,NULL,NULL,NULL,1049,75,NULL,NULL,NULL,NULL,0.0000,22.5700,27.5700,NULL,0.0000,22.5700,27.5700,0.0000,NULL,'16000000003',NULL,'USD','shadneycleofas@gmail.com','shadney','cleofas',NULL,NULL,NULL,NULL,NULL,NULL,NULL,'USD',NULL,NULL,'USD',NULL,NULL,NULL,NULL,NULL,'149.28.40.13','flatrate_flatrate','USD','Main Website\nDemo 2\nEnglish 2','103.77.233.73, 149.28.40.13',NULL,'2021-02-02 15:10:05','2021-02-02 15:10:05',1,NULL,0.0000,0.0000,0.0000,0.0000,NULL,NULL,NULL,NULL,5.0000,5.0000,NULL,0,NULL),(40,'canceled','canceled',NULL,'edeecbe32b608386e90ae7b2d79ddf2e','Flat Rate - Fixed',0,1,NULL,0.0000,0.0000,NULL,NULL,85.0000,5.0000,5.0000,NULL,NULL,0.0000,NULL,80.0000,80.0000,NULL,NULL,0.0000,0.0000,NULL,NULL,1.0000,1.0000,85.0000,NULL,NULL,NULL,NULL,NULL,NULL,NULL,0.0000,0.0000,NULL,NULL,85.0000,5.0000,5.0000,NULL,NULL,0.0000,NULL,0.0000,0.0000,80.0000,80.0000,NULL,NULL,0.0000,0.0000,NULL,NULL,85.0000,NULL,NULL,NULL,NULL,1.0000,NULL,NULL,NULL,1,1,78,0,NULL,NULL,NULL,NULL,NULL,NULL,1090,77,NULL,NULL,NULL,NULL,0.0000,80.0000,85.0000,NULL,0.0000,80.0000,85.0000,0.0000,NULL,'000000017',NULL,'KWD','test@admin.com','test','admn',NULL,NULL,NULL,NULL,NULL,NULL,NULL,'KWD',NULL,NULL,'KWD',NULL,NULL,NULL,NULL,NULL,'78.89.175.74','flatrate_flatrate','KWD','Main Website\nDemo 1\nEnglish',NULL,NULL,'2021-08-25 09:21:15','2021-08-25 09:21:17',1,NULL,0.0000,0.0000,0.0000,0.0000,NULL,NULL,NULL,NULL,5.0000,5.0000,NULL,0,NULL),(41,'canceled','canceled',NULL,'188311036d262764d59b7019809cd709','Flat Rate - Fixed',0,1,NULL,0.0000,0.0000,NULL,NULL,85.0000,5.0000,5.0000,NULL,NULL,0.0000,NULL,80.0000,80.0000,NULL,NULL,0.0000,0.0000,NULL,NULL,1.0000,1.0000,85.0000,NULL,NULL,NULL,NULL,NULL,NULL,NULL,0.0000,0.0000,NULL,NULL,85.0000,5.0000,5.0000,NULL,NULL,0.0000,NULL,0.0000,0.0000,80.0000,80.0000,NULL,NULL,0.0000,0.0000,NULL,NULL,85.0000,NULL,NULL,NULL,NULL,1.0000,NULL,NULL,NULL,1,1,80,0,NULL,NULL,NULL,NULL,NULL,NULL,1090,79,NULL,NULL,NULL,NULL,0.0000,80.0000,85.0000,NULL,0.0000,80.0000,85.0000,0.0000,NULL,'000000018',NULL,'KWD','test@admin.com','test','admn',NULL,NULL,NULL,NULL,NULL,NULL,NULL,'KWD',NULL,NULL,'KWD',NULL,NULL,NULL,NULL,NULL,'78.89.175.74','flatrate_flatrate','KWD','Main Website\nDemo 1\nEnglish',NULL,NULL,'2021-08-25 09:22:05','2021-08-25 09:22:07',1,NULL,0.0000,0.0000,0.0000,0.0000,NULL,NULL,NULL,NULL,5.0000,5.0000,NULL,0,NULL),(42,'canceled','canceled',NULL,'bcfe9f063d207758af6e08c16d3c25a8','Flat Rate - Fixed',0,1,NULL,0.0000,0.0000,NULL,NULL,85.0000,5.0000,5.0000,NULL,NULL,0.0000,NULL,80.0000,80.0000,NULL,NULL,0.0000,0.0000,NULL,NULL,1.0000,1.0000,85.0000,NULL,NULL,NULL,NULL,NULL,NULL,NULL,0.0000,0.0000,NULL,NULL,85.0000,5.0000,5.0000,NULL,NULL,0.0000,NULL,0.0000,0.0000,80.0000,80.0000,NULL,NULL,0.0000,0.0000,NULL,NULL,85.0000,NULL,NULL,NULL,NULL,1.0000,NULL,NULL,NULL,1,1,82,0,NULL,NULL,NULL,NULL,NULL,NULL,1090,81,NULL,NULL,NULL,NULL,0.0000,80.0000,85.0000,NULL,0.0000,80.0000,85.0000,0.0000,NULL,'000000019',NULL,'KWD','test@admin.com','test','admn',NULL,NULL,NULL,NULL,NULL,NULL,NULL,'KWD',NULL,NULL,'KWD',NULL,NULL,NULL,NULL,NULL,'78.89.175.74','flatrate_flatrate','KWD','Main Website\nDemo 1\nEnglish',NULL,NULL,'2021-08-25 09:27:23','2021-08-25 09:27:26',1,NULL,0.0000,0.0000,0.0000,0.0000,NULL,NULL,NULL,NULL,5.0000,5.0000,NULL,0,NULL),(43,'canceled','canceled',NULL,'3b8f60e044cbf775dda64abb996e59a0','Flat Rate - Fixed',0,18,381,0.0000,0.0000,NULL,NULL,62.0000,2.0000,2.0000,NULL,NULL,0.0000,NULL,60.0000,60.0000,NULL,NULL,0.0000,0.0000,NULL,NULL,1.0000,1.0000,62.0000,NULL,NULL,NULL,NULL,NULL,NULL,NULL,0.0000,0.0000,NULL,NULL,62.0000,2.0000,2.0000,NULL,NULL,0.0000,NULL,0.0000,0.0000,60.0000,60.0000,NULL,NULL,0.0000,0.0000,NULL,NULL,62.0000,NULL,NULL,NULL,NULL,1.0000,NULL,NULL,NULL,0,1,84,1,NULL,NULL,NULL,NULL,NULL,NULL,1091,83,NULL,NULL,NULL,NULL,0.0000,60.0000,62.0000,NULL,0.0000,60.0000,62.0000,0.0000,NULL,'18000000002',NULL,'KWD','mohammad.shabaan@gmail.com','mohamed','shaban',NULL,NULL,NULL,NULL,NULL,NULL,NULL,'KWD',NULL,NULL,'KWD',NULL,NULL,NULL,NULL,NULL,'78.89.175.74','flatrate_flatrate','KWD','Main Website\nDemo 1\nArabic',NULL,NULL,'2021-08-26 07:43:55','2021-08-26 07:43:58',1,NULL,0.0000,0.0000,0.0000,0.0000,NULL,NULL,NULL,NULL,2.0000,2.0000,NULL,0,NULL),(44,'pending_payment','pending_payment',NULL,'29f47fb7f93a303bd3594739528225a9','Flat Rate - Fixed',0,1,NULL,0.0000,NULL,0.0000,NULL,52.0000,2.0000,NULL,2.0000,NULL,0.0000,NULL,50.0000,NULL,50.0000,NULL,0.0000,NULL,0.0000,NULL,1.0000,1.0000,NULL,52.0000,0.0000,NULL,NULL,52.0000,NULL,NULL,0.0000,NULL,0.0000,NULL,52.0000,2.0000,NULL,2.0000,NULL,0.0000,NULL,0.0000,0.0000,50.0000,NULL,50.0000,NULL,0.0000,NULL,0.0000,NULL,NULL,52.0000,NULL,NULL,52.0000,1.0000,NULL,NULL,NULL,1,0,86,0,NULL,NULL,NULL,NULL,NULL,NULL,1093,85,NULL,NULL,NULL,NULL,0.0000,50.0000,0.0000,NULL,0.0000,50.0000,0.0000,0.0000,NULL,'000000020',NULL,'KWD','admin@gmail.com','mohamed','shaa',NULL,NULL,NULL,NULL,NULL,NULL,NULL,'KWD',NULL,NULL,'KWD',NULL,NULL,NULL,NULL,NULL,'188.70.3.190','flatrate_flatrate','KWD','Main Website\nDemo 1\nEnglish',NULL,NULL,'2021-09-01 19:21:25','2021-09-01 19:23:22',1,NULL,0.0000,0.0000,0.0000,0.0000,0.0000,0.0000,NULL,NULL,2.0000,2.0000,NULL,0,NULL),(45,'canceled','canceled',NULL,'dcb678b63ed2d82a11de5e095cc4f9af','Flat Rate - Fixed',0,1,383,0.0000,0.0000,NULL,NULL,82.0000,2.0000,2.0000,NULL,NULL,0.0000,NULL,80.0000,80.0000,NULL,NULL,0.0000,0.0000,NULL,NULL,1.0000,1.0000,82.0000,NULL,NULL,NULL,NULL,NULL,NULL,NULL,0.0000,0.0000,NULL,NULL,82.0000,2.0000,2.0000,NULL,NULL,0.0000,NULL,0.0000,0.0000,80.0000,80.0000,NULL,NULL,0.0000,0.0000,NULL,NULL,82.0000,NULL,NULL,NULL,NULL,1.0000,NULL,NULL,NULL,0,1,88,1,NULL,NULL,NULL,NULL,NULL,NULL,1094,87,NULL,NULL,NULL,NULL,0.0000,80.0000,82.0000,NULL,0.0000,80.0000,82.0000,0.0000,NULL,'000000021',NULL,'KWD','shaban@gmail.com','shaban','c1',NULL,NULL,NULL,NULL,NULL,NULL,NULL,'KWD',NULL,NULL,'KWD',NULL,NULL,NULL,NULL,NULL,'94.128.81.0','flatrate_flatrate','KWD','Main Website\nDemo 1\nEnglish',NULL,NULL,'2021-12-14 17:51:08','2021-12-14 17:53:00',1,0,0.0000,0.0000,0.0000,0.0000,NULL,NULL,NULL,NULL,2.0000,2.0000,NULL,0,NULL),(46,'canceled','canceled',NULL,'7f15d2704a94f7bd43dfcf0b97dac225','Flat Rate - Fixed',0,1,388,0.0000,0.0000,NULL,NULL,82.0000,2.0000,2.0000,NULL,NULL,0.0000,NULL,80.0000,80.0000,NULL,NULL,0.0000,0.0000,NULL,NULL,1.0000,1.0000,82.0000,NULL,NULL,NULL,NULL,NULL,NULL,NULL,0.0000,0.0000,NULL,NULL,82.0000,2.0000,2.0000,NULL,NULL,0.0000,NULL,0.0000,0.0000,80.0000,80.0000,NULL,NULL,0.0000,0.0000,NULL,NULL,82.0000,NULL,NULL,NULL,NULL,1.0000,NULL,NULL,NULL,0,1,90,1,NULL,NULL,NULL,NULL,NULL,NULL,1096,89,NULL,NULL,NULL,NULL,0.0000,80.0000,82.0000,NULL,0.0000,80.0000,82.0000,0.0000,NULL,'000000022',NULL,'KWD','shaban2@gmail.com','shaban','c1',NULL,NULL,NULL,NULL,NULL,NULL,NULL,'KWD',NULL,NULL,'KWD',NULL,NULL,NULL,NULL,NULL,'94.128.81.0','flatrate_flatrate','KWD','Main Website\nDemo 1\nEnglish',NULL,NULL,'2021-12-14 18:03:50','2021-12-14 18:04:22',1,NULL,0.0000,0.0000,0.0000,0.0000,NULL,NULL,NULL,NULL,2.0000,2.0000,NULL,0,NULL),(47,'pending_payment','pending_payment',NULL,'2f599bfecd3313c0f768417a050d1ff8','Flat Rate - Fixed',0,1,NULL,0.0000,NULL,NULL,NULL,82.0000,2.0000,NULL,NULL,NULL,0.0000,NULL,80.0000,NULL,NULL,NULL,0.0000,NULL,NULL,NULL,1.0000,1.0000,NULL,NULL,NULL,NULL,NULL,NULL,NULL,NULL,0.0000,NULL,NULL,NULL,82.0000,2.0000,NULL,NULL,NULL,0.0000,NULL,0.0000,0.0000,80.0000,NULL,NULL,NULL,0.0000,NULL,NULL,NULL,NULL,NULL,NULL,NULL,NULL,1.0000,NULL,NULL,NULL,1,1,92,0,NULL,NULL,NULL,NULL,NULL,NULL,1098,91,NULL,NULL,NULL,NULL,0.0000,80.0000,82.0000,NULL,0.0000,80.0000,82.0000,0.0000,NULL,'000000023',NULL,'KWD','m@sanam.co','tEST','tEST',NULL,NULL,NULL,NULL,NULL,NULL,NULL,'KWD',NULL,NULL,'KWD',NULL,NULL,NULL,NULL,NULL,'168.187.74.170','flatrate_flatrate','KWD','Main Website\nDemo 1\nEnglish',NULL,NULL,'2022-01-04 12:00:49','2022-01-04 12:00:49',1,NULL,0.0000,0.0000,0.0000,0.0000,NULL,NULL,NULL,NULL,2.0000,2.0000,NULL,0,NULL),(48,'pending_payment','pending_payment',NULL,'ac8fec18de5b0aa267c21ebf0090f1f9','Flat Rate - Fixed',0,1,NULL,0.0000,NULL,NULL,NULL,82.0000,2.0000,NULL,NULL,NULL,0.0000,NULL,80.0000,NULL,NULL,NULL,0.0000,NULL,NULL,NULL,1.0000,1.0000,NULL,NULL,NULL,NULL,NULL,NULL,NULL,NULL,0.0000,NULL,NULL,NULL,82.0000,2.0000,NULL,NULL,NULL,0.0000,NULL,0.0000,0.0000,80.0000,NULL,NULL,NULL,0.0000,NULL,NULL,NULL,NULL,NULL,NULL,NULL,NULL,1.0000,NULL,NULL,NULL,1,1,94,0,NULL,NULL,NULL,NULL,NULL,NULL,1099,93,NULL,NULL,NULL,NULL,0.0000,80.0000,82.0000,NULL,0.0000,80.0000,82.0000,0.0000,NULL,'000000024',NULL,'KWD','m@sanam.com','tEST','tEST',NULL,NULL,NULL,NULL,NULL,NULL,NULL,'KWD',NULL,NULL,'KWD',NULL,NULL,NULL,NULL,NULL,'168.187.74.170','flatrate_flatrate','KWD','Main Website\nDemo 1\nEnglish',NULL,NULL,'2022-01-16 13:17:44','2022-01-16 13:17:44',1,NULL,0.0000,0.0000,0.0000,0.0000,NULL,NULL,NULL,NULL,2.0000,2.0000,NULL,0,NULL),(49,'pending_payment','pending_payment',NULL,'6810385f11f839121620c147eb696ba4','Flat Rate - Fixed',0,1,NULL,0.0000,NULL,NULL,NULL,82.0000,2.0000,NULL,NULL,NULL,0.0000,NULL,80.0000,NULL,NULL,NULL,0.0000,NULL,NULL,NULL,1.0000,1.0000,NULL,NULL,NULL,NULL,NULL,NULL,NULL,NULL,0.0000,NULL,NULL,NULL,82.0000,2.0000,NULL,NULL,NULL,0.0000,NULL,0.0000,0.0000,80.0000,NULL,NULL,NULL,0.0000,NULL,NULL,NULL,NULL,NULL,NULL,NULL,NULL,1.0000,NULL,NULL,NULL,1,1,96,0,NULL,NULL,NULL,NULL,NULL,NULL,1099,95,NULL,NULL,NULL,NULL,0.0000,80.0000,82.0000,NULL,0.0000,80.0000,82.0000,0.0000,NULL,'000000025',NULL,'KWD','m@sanam.com','tEST','tEST',NULL,NULL,NULL,NULL,NULL,NULL,NULL,'KWD',NULL,NULL,'KWD',NULL,NULL,NULL,NULL,NULL,'168.187.74.170','flatrate_flatrate','KWD','Main Website\nDemo 1\nEnglish',NULL,NULL,'2022-01-16 13:19:20','2022-01-16 13:19:20',1,NULL,0.0000,0.0000,0.0000,0.0000,NULL,NULL,NULL,NULL,2.0000,2.0000,NULL,0,NULL);

--
-- Table structure for table `sales_order_address`
--

CREATE TABLE `sales_order_address` (
  `entity_id` int(10) unsigned NOT NULL AUTO_INCREMENT COMMENT 'Entity ID',
  `parent_id` int(10) unsigned DEFAULT NULL COMMENT 'Parent ID',
  `customer_address_id` int(11) DEFAULT NULL COMMENT 'Customer Address ID',
  `quote_address_id` int(11) DEFAULT NULL COMMENT 'Quote Address ID',
  `region_id` int(11) DEFAULT NULL COMMENT 'Region ID',
  `customer_id` int(11) DEFAULT NULL COMMENT 'Customer ID',
  `fax` varchar(255) DEFAULT NULL COMMENT 'Fax',
  `region` varchar(255) DEFAULT NULL COMMENT 'Region',
  `postcode` varchar(255) DEFAULT NULL COMMENT 'Postcode',
  `lastname` varchar(255) DEFAULT NULL COMMENT 'Lastname',
  `street` varchar(255) DEFAULT NULL COMMENT 'Street',
  `city` varchar(255) DEFAULT NULL COMMENT 'City',
  `email` varchar(255) DEFAULT NULL COMMENT 'Email',
  `telephone` varchar(255) DEFAULT NULL COMMENT 'Phone Number',
  `country_id` varchar(2) DEFAULT NULL COMMENT 'Country ID',
  `firstname` varchar(255) DEFAULT NULL COMMENT 'Firstname',
  `address_type` varchar(255) DEFAULT NULL COMMENT 'Address Type',
  `prefix` varchar(255) DEFAULT NULL COMMENT 'Prefix',
  `middlename` varchar(255) DEFAULT NULL COMMENT 'Middlename',
  `suffix` varchar(255) DEFAULT NULL COMMENT 'Suffix',
  `company` varchar(255) DEFAULT NULL COMMENT 'Company',
  `vat_id` text COMMENT 'Vat ID',
  `vat_is_valid` smallint(6) DEFAULT NULL COMMENT 'Vat Is Valid',
  `vat_request_id` text COMMENT 'Vat Request ID',
  `vat_request_date` text COMMENT 'Vat Request Date',
  `vat_request_success` smallint(6) DEFAULT NULL COMMENT 'Vat Request Success',
  `vertex_vat_country_code` varchar(255) DEFAULT NULL COMMENT 'Vertex Customer Vat Country',
  PRIMARY KEY (`entity_id`),
  KEY `SALES_ORDER_ADDRESS_PARENT_ID` (`parent_id`),
  CONSTRAINT `SALES_ORDER_ADDRESS_PARENT_ID_SALES_ORDER_ENTITY_ID` FOREIGN KEY (`parent_id`) REFERENCES `sales_order` (`entity_id`) ON DELETE CASCADE
) ENGINE=InnoDB AUTO_INCREMENT=97 DEFAULT CHARSET=utf8 COMMENT='Sales Flat Order Address';

--
-- Dumping data for table `sales_order_address`
--

INSERT INTO `sales_order_address` VALUES (1,1,NULL,50,NULL,NULL,NULL,NULL,'123456','themes','asasa\r\nsasa','asasa','tuyenpro@gmail.com','121212121212','TR','alo','shipping',NULL,NULL,NULL,'creative-alo-themes',NULL,NULL,NULL,NULL,NULL,NULL),(2,1,NULL,49,NULL,NULL,NULL,NULL,'123456','themes','asasa\r\nsasa','asasa','tuyenpro@gmail.com','121212121212','TR','alo','billing',NULL,NULL,NULL,'creative-alo-themes',NULL,NULL,NULL,NULL,NULL,NULL),(3,2,NULL,68,NULL,NULL,NULL,NULL,'12345','asas','sasa\r\nsasa','asasa','test@gmail.com','12121212121','VI','asas','shipping',NULL,NULL,NULL,'asasa',NULL,NULL,NULL,NULL,NULL,NULL),(4,2,NULL,67,NULL,NULL,NULL,NULL,'12345','asas','sasa\r\nsasa','asasa','test@gmail.com','12121212121','VI','asas','billing',NULL,NULL,NULL,'asasa',NULL,NULL,NULL,NULL,NULL,NULL),(5,3,NULL,88,NULL,NULL,NULL,NULL,'32323232','Le Quang','assa\r\nsasas','asa','milano@gmail.com','32323232','UG','Tuyen','shipping',NULL,NULL,NULL,'asasa',NULL,NULL,NULL,NULL,NULL,NULL),(6,3,NULL,87,NULL,NULL,NULL,NULL,'32323232','Le Quang','assa\r\nsasas','asa','milano@gmail.com','32323232','UG','Tuyen','billing',NULL,NULL,NULL,'asasa',NULL,NULL,NULL,NULL,NULL,NULL),(7,4,NULL,100,NULL,NULL,NULL,NULL,'32323232','Le Quang','assa\r\nsasas','asa','milano@gmail.com','32323232','UG','Tuyen','shipping',NULL,NULL,NULL,'asasa',NULL,NULL,NULL,NULL,NULL,NULL),(8,4,NULL,101,NULL,NULL,NULL,NULL,'32323232','Le Quang','assa\r\nsasas','asa','milano@gmail.com','32323232','UG','Tuyen','billing',NULL,NULL,NULL,'asasa',NULL,NULL,NULL,NULL,NULL,NULL),(9,5,NULL,153,1,NULL,NULL,'Alabama','07624','Trinidad','28220 Harrington Avenue','Closter','jutescycle@me.com','7138599627','US','Brian','shipping',NULL,NULL,NULL,NULL,NULL,NULL,NULL,NULL,NULL,NULL),(10,5,NULL,154,1,NULL,NULL,'Alabama','07624','Trinidad','28220 Harrington Avenue','Closter','jutescycle@me.com','7138599627','US','Brian','billing',NULL,NULL,NULL,NULL,NULL,NULL,NULL,NULL,NULL,NULL),(11,6,NULL,168,542,NULL,NULL,'Delhi','110020','a','a\na\na','New Delhi','singhvarun844@gmail.com','9999999999','IN','a','shipping',NULL,NULL,NULL,'PC Solutions Pvt Ltd',NULL,NULL,NULL,NULL,NULL,NULL),(12,6,NULL,169,542,NULL,NULL,'Delhi','110020','a','a\na\na','New Delhi','singhvarun844@gmail.com','9999999999','IN','a','billing',NULL,NULL,NULL,'PC Solutions Pvt Ltd',NULL,NULL,NULL,NULL,NULL,NULL),(13,7,NULL,191,NULL,NULL,NULL,NULL,'121212','admin','asa\nasasa\nasas','sasa','admin@gmail.com','1212121','AE','admin','shipping',NULL,NULL,NULL,'admin',NULL,NULL,NULL,NULL,NULL,NULL),(14,7,NULL,192,NULL,NULL,NULL,NULL,'121212','admin','asa\nasasa\nasas','sasa','admin@gmail.com','1212121','AE','admin','billing',NULL,NULL,NULL,'admin',NULL,NULL,NULL,NULL,NULL,NULL),(15,8,NULL,194,NULL,NULL,NULL,NULL,'212121','admin','asasa\nasas\nasasa','asasa','admin@gmail.com','1212121','TZ','admin','shipping',NULL,NULL,NULL,'ddsds',NULL,NULL,NULL,NULL,NULL,NULL),(16,8,NULL,195,NULL,NULL,NULL,NULL,'212121','admin','asasa\nasas\nasasa','asasa','admin@gmail.com','1212121','TZ','admin','billing',NULL,NULL,NULL,'ddsds',NULL,NULL,NULL,NULL,NULL,NULL),(17,9,NULL,265,NULL,NULL,NULL,NULL,'test','test','test','test','postmaster@hemplaza.eu','testset','TZ','tet','shipping',NULL,NULL,NULL,NULL,NULL,NULL,NULL,NULL,NULL,NULL),(18,9,NULL,266,NULL,NULL,NULL,NULL,'test','test','test','test','postmaster@hemplaza.eu','testset','TZ','tet','billing',NULL,NULL,NULL,NULL,NULL,NULL,NULL,NULL,NULL,NULL),(19,10,NULL,512,NULL,NULL,NULL,NULL,'12-123','ewfwFE','gergaeg','aregaerg','adada@dsf.ig','+48123123123','PL','ffwef','shipping',NULL,NULL,NULL,'WEFw',NULL,NULL,NULL,NULL,NULL,NULL),(20,10,NULL,513,NULL,NULL,NULL,NULL,'12-123','ewfwFE','gergaeg','aregaerg','adada@dsf.ig','+48123123123','PL','ffwef','billing',NULL,NULL,NULL,'WEFw',NULL,NULL,NULL,NULL,NULL,NULL),(21,11,2,599,NULL,NULL,NULL,'BG','100000','Dong','Ha Noi','Ha Noi','test@gmail.com','0987654321','VN','Nguyen','shipping',NULL,NULL,NULL,'SP',NULL,NULL,NULL,NULL,NULL,NULL),(22,11,NULL,600,NULL,NULL,NULL,'BG','100000','Dong','Ha Noi','Ha Noi','test@gmail.com','0987654321','VN','Nguyen','billing',NULL,NULL,NULL,'SP',NULL,NULL,NULL,NULL,NULL,NULL),(23,12,2,602,NULL,NULL,NULL,'BG','100000','Dong','Ha Noi','Ha Noi','test@gmail.com','0987654321','VN','Nguyen','shipping',NULL,NULL,NULL,'SP',NULL,NULL,NULL,NULL,NULL,NULL),(24,12,2,609,NULL,NULL,NULL,'BG','100000','Dong','Ha Noi','Ha Noi','test@gmail.com','0987654321','VN','Nguyen','billing',NULL,NULL,NULL,'SP',NULL,NULL,NULL,NULL,NULL,NULL),(25,13,NULL,669,340,NULL,NULL,'Harjumaa','12345','dfsgdgfs','gfhghf','gfdhghf','lauri@ids.ee','+37212345','EE','dfsgdgfs','shipping',NULL,NULL,NULL,'dfsgdgfs',NULL,NULL,NULL,NULL,NULL,NULL),(26,13,NULL,670,340,NULL,NULL,'Harjumaa','12345','dfsgdgfs','gfhghf','gfdhghf','lauri@ids.ee','+37212345','EE','dfsgdgfs','billing',NULL,NULL,NULL,'dfsgdgfs',NULL,NULL,NULL,NULL,NULL,NULL),(27,14,NULL,704,18,NULL,NULL,'Florida','33108','Popoff','Ave ce','Miami ','krutoymax@hotmail.com','70664323','US','Max','shipping',NULL,NULL,NULL,NULL,NULL,NULL,NULL,NULL,NULL,NULL),(28,14,NULL,705,18,NULL,NULL,'Florida','33108','Popoff','Ave ce','Miami ','krutoymax@hotmail.com','70664323','US','Max','billing',NULL,NULL,NULL,NULL,NULL,NULL,NULL,NULL,NULL,NULL),(29,15,NULL,735,NULL,NULL,NULL,NULL,'3093','ميساء','طريق الأفران كلم 6.5','صفاقس','maysamtibaa@gmail.com','53931621','TN','المطيبع','billing',NULL,NULL,NULL,NULL,NULL,NULL,NULL,NULL,NULL,NULL),(30,16,NULL,763,14,NULL,NULL,'Connecticut','103458','paulo','paulo','soapaulo','paulo@paulo.com','1123456789','US','paulo','shipping',NULL,NULL,NULL,'paulo',NULL,NULL,NULL,NULL,NULL,NULL),(31,16,NULL,764,14,NULL,NULL,'Connecticut','103458','paulo','paulo','soapaulo','paulo@paulo.com','1123456789','US','paulo','billing',NULL,NULL,NULL,'paulo',NULL,NULL,NULL,NULL,NULL,NULL),(32,17,NULL,1028,563,NULL,NULL,'Tamil Nadu','636004','Kuppusamy','Near IMA Hall','Salem','selvarajmca.k@gmail.com','07667208474','IN','Selvaraj','shipping',NULL,NULL,NULL,'Software',NULL,NULL,NULL,NULL,NULL,NULL),(33,17,NULL,1030,563,NULL,NULL,'Tamil Nadu','636004','Kuppusamy','Near IMA Hall','Salem','selvarajmca.k@gmail.com','07667208474','IN','Selvaraj','billing',NULL,NULL,NULL,'Software',NULL,NULL,NULL,NULL,NULL,NULL),(34,18,NULL,1207,563,NULL,NULL,'Tamil Nadu','641604','S','123','Tiruppur','online@thechennaisilks.com','80566634999','IN','Karthikeyan','shipping',NULL,NULL,NULL,'TCS',NULL,NULL,NULL,NULL,NULL,NULL),(35,18,NULL,1209,563,NULL,NULL,'Tamil Nadu','641604','S','123','Tiruppur','online@thechennaisilks.com','80566634999','IN','Karthikeyan','billing',NULL,NULL,NULL,'TCS',NULL,NULL,NULL,NULL,NULL,NULL),(36,19,NULL,1217,542,NULL,NULL,'Delhi','110001','Thinkers','1234\n1234','delhi','anujrishi@yahoo.com','1234567890','IN','Web','shipping',NULL,NULL,NULL,'Webthinkers',NULL,NULL,NULL,NULL,NULL,NULL),(37,19,NULL,1220,542,NULL,NULL,'Delhi','110001','Thinkers','1234\n1234','delhi','anujrishi@yahoo.com','1234567890','IN','Web','billing',NULL,NULL,NULL,'Webthinkers',NULL,NULL,NULL,NULL,NULL,NULL),(38,20,NULL,1252,52,NULL,NULL,'Puerto Rico','12345','poqiweur','12','london','ourour@hotmail.com','123412562','US','poiuwer','shipping',NULL,NULL,NULL,NULL,NULL,NULL,NULL,NULL,NULL,NULL),(39,20,NULL,1254,52,NULL,NULL,'Puerto Rico','12345','poqiweur','12','london','ourour@hotmail.com','123412562','US','poiuwer','billing',NULL,NULL,NULL,NULL,NULL,NULL,NULL,NULL,NULL,NULL),(40,21,NULL,1284,NULL,NULL,NULL,NULL,'59000','aaa','aaaa','aa','martkto@yopmail.com','0000000000','FR','aaa','shipping',NULL,NULL,NULL,'aaa',NULL,NULL,NULL,NULL,NULL,NULL),(41,21,NULL,1286,NULL,NULL,NULL,NULL,'59000','aaa','aaaa','aa','martkto@yopmail.com','0000000000','FR','aaa','billing',NULL,NULL,NULL,'aaa',NULL,NULL,NULL,NULL,NULL,NULL),(42,22,NULL,1366,25,NULL,NULL,'Iowa','12345-6789','singh','khanna\nkhanna\nkhanna','lowa','psjallah1@gmail.com','9781412936','US','parvinder','shipping',NULL,NULL,NULL,NULL,NULL,NULL,NULL,NULL,NULL,NULL),(43,22,NULL,1368,25,NULL,NULL,'Iowa','12345-6789','singh','khanna\nkhanna\nkhanna','lowa','psjallah1@gmail.com','9781412936','US','parvinder','billing',NULL,NULL,NULL,NULL,NULL,NULL,NULL,NULL,NULL,NULL),(44,23,NULL,1384,NULL,NULL,NULL,NULL,'4600','Castro','Tv. de Cramarinhos, 186\nTv. de Cramarinhos, 186','Porto','navdip@gmail.com','11156516516516','PT','Joao','shipping',NULL,NULL,NULL,NULL,NULL,NULL,NULL,NULL,NULL,NULL),(45,23,NULL,1386,NULL,NULL,NULL,NULL,'4600','Castro','Tv. de Cramarinhos, 186\nTv. de Cramarinhos, 186','Porto','navdip@gmail.com','11156516516516','PT','Joao','billing',NULL,NULL,NULL,NULL,NULL,NULL,NULL,NULL,NULL,NULL),(46,24,NULL,1532,NULL,NULL,NULL,NULL,'12345','AWAAD','98st sad zaghlol saqyt meki giza egypt\n98st sad zaghlol saqyt meki giza egypt','cairo','admin@example.com','01017523301','EG','ALI','shipping',NULL,NULL,NULL,NULL,NULL,NULL,NULL,NULL,NULL,NULL),(47,24,NULL,1534,NULL,NULL,NULL,NULL,'12345','AWAAD','98st sad zaghlol saqyt meki giza egypt\n98st sad zaghlol saqyt meki giza egypt','cairo','admin@example.com','01017523301','EG','ALI','billing',NULL,NULL,NULL,NULL,NULL,NULL,NULL,NULL,NULL,NULL),(48,25,NULL,1571,5,NULL,NULL,'Arkansas','55555','Njjj','Nnjjjj','Jjjjgf','test@test.com','0906544654334','US','Hhh','shipping',NULL,NULL,NULL,NULL,NULL,NULL,NULL,NULL,NULL,NULL),(49,25,NULL,1573,5,NULL,NULL,'Arkansas','55555','Njjj','Nnjjjj','Jjjjgf','test@test.com','0906544654334','US','Hhh','billing',NULL,NULL,NULL,NULL,NULL,NULL,NULL,NULL,NULL,NULL),(50,26,NULL,1580,4,NULL,NULL,'Arizona','23233','dsds','dsd\ndsds','dsds','sas@dds.com','8108989891','US','dsd','shipping',NULL,NULL,NULL,'dsdsd',NULL,NULL,NULL,NULL,NULL,NULL),(51,26,NULL,1582,4,NULL,NULL,'Arizona','23233','dsds','dsd\ndsds','dsds','sas@dds.com','8108989891','US','dsd','billing',NULL,NULL,NULL,'dsdsd',NULL,NULL,NULL,NULL,NULL,NULL),(52,27,NULL,1612,58,NULL,NULL,'Utah','84078','r','511 W Main St. Vernal, UT 84078','Vernal','ashwini.reddy@esegna.com','0987654321','US','ashwini','shipping',NULL,NULL,NULL,NULL,NULL,NULL,NULL,NULL,NULL,NULL),(53,27,NULL,1614,58,NULL,NULL,'Utah','84078','r','511 W Main St. Vernal, UT 84078','Vernal','ashwini.reddy@esegna.com','0987654321','US','ashwini','billing',NULL,NULL,NULL,NULL,NULL,NULL,NULL,NULL,NULL,NULL),(54,28,NULL,1616,58,NULL,NULL,'Utah','84078','r','511 W Main St. Vernal, UT 84078','Vernal','ashwini.reddy@esegna.com','0987654321','US','ashwini','shipping',NULL,NULL,NULL,NULL,NULL,NULL,NULL,NULL,NULL,NULL),(55,28,NULL,1618,58,NULL,NULL,'Utah','84078','r','511 W Main St. Vernal, UT 84078','Vernal','ashwini.reddy@esegna.com','0987654321','US','ashwini','billing',NULL,NULL,NULL,NULL,NULL,NULL,NULL,NULL,NULL,NULL),(56,29,NULL,1638,58,NULL,NULL,'Utah','84078','r','511 W Main St. Vernal, UT 84078','Vernal','ashwini.reddy@esegna.com','0987654321','US','ashwini','shipping',NULL,NULL,NULL,NULL,NULL,NULL,NULL,NULL,NULL,NULL),(57,29,NULL,1640,58,NULL,NULL,'Utah','84078','r','511 W Main St. Vernal, UT 84078','Vernal','ashwini.reddy@esegna.com','0987654321','US','ashwini','billing',NULL,NULL,NULL,NULL,NULL,NULL,NULL,NULL,NULL,NULL),(58,30,NULL,1642,58,NULL,NULL,'Utah','84078','r','511 W Main St. Vernal, UT 84078','Vernal','ashwini.reddy@esegna.com','0987654321','US','ashwini','shipping',NULL,NULL,NULL,NULL,NULL,NULL,NULL,NULL,NULL,NULL),(59,30,NULL,1644,58,NULL,NULL,'Utah','84078','r','511 W Main St. Vernal, UT 84078','Vernal','ashwini.reddy@esegna.com','0987654321','US','ashwini','billing',NULL,NULL,NULL,NULL,NULL,NULL,NULL,NULL,NULL,NULL),(60,31,NULL,1684,76,NULL,NULL,'Quebec','56562','skfksfhskjdh','dfgdffd','sfdsdf','ghgjghfghjh@ksjkshskj.com','56565484654','CA','sldjkfskfhk','shipping',NULL,NULL,NULL,'lksslkfhsk',NULL,NULL,NULL,NULL,NULL,NULL),(61,31,NULL,1686,76,NULL,NULL,'Quebec','56562','skfksfhskjdh','dfgdffd','sfdsdf','ghgjghfghjh@ksjkshskj.com','56565484654','CA','sldjkfskfhk','billing',NULL,NULL,NULL,'lksslkfhsk',NULL,NULL,NULL,NULL,NULL,NULL),(62,32,3,1714,3,NULL,NULL,'American Samoa','12345','test','234\n1231\n234','12345','oxxygen97@gmail.com','123','US','test','shipping',NULL,NULL,NULL,NULL,NULL,NULL,NULL,NULL,NULL,NULL),(63,32,NULL,1718,3,NULL,NULL,'American Samoa','12345','test','234\n1231\n234','12345','oxxygen97@gmail.com','123','US','test','billing',NULL,NULL,NULL,NULL,NULL,NULL,NULL,NULL,NULL,NULL),(64,33,NULL,1856,1,NULL,NULL,'Alabama','91103','sdfg','sdgf\nsdgf\nsdfg','sgdf','ourira@hotmail.com','0754000000','US','sdfgs','billing',NULL,NULL,NULL,'sfg',NULL,NULL,NULL,NULL,NULL,NULL),(65,34,NULL,1866,2,NULL,NULL,'Alaska','12036',';alskdfj ','a;lsdkfj','a;ksdfn ','oqiwure@hotmailj.com','074300002000002','US','a;sldjf ','shipping',NULL,NULL,NULL,NULL,NULL,NULL,NULL,NULL,NULL,NULL),(66,34,NULL,1870,2,NULL,NULL,'Alaska','12036',';alskdfj ','a;lsdkfj','a;ksdfn ','oqiwure@hotmailj.com','074300002000002','US','a;sldjf ','billing',NULL,NULL,NULL,NULL,NULL,NULL,NULL,NULL,NULL,NULL),(67,35,NULL,1869,2,NULL,NULL,'Alaska','N12 9UE','Petrova','Flat 2\nHenley House','London','marinapetrova07@gmail.com','07506568172','US','Marina','shipping',NULL,NULL,NULL,NULL,NULL,NULL,NULL,NULL,NULL,NULL),(68,35,NULL,1872,2,NULL,NULL,'Alaska','N12 9UE','Petrova','Flat 2\nHenley House','London','marinapetrova07@gmail.com','07506568172','US','Marina','billing',NULL,NULL,NULL,NULL,NULL,NULL,NULL,NULL,NULL,NULL),(69,36,NULL,1874,NULL,NULL,NULL,NULL,'N10 1LP','Price','Top Floor\n12 Greenham Road','London','ksjfdghf@hotmail.com','07540374395','GB','Irina','shipping',NULL,NULL,NULL,NULL,NULL,NULL,NULL,NULL,NULL,NULL),(70,36,NULL,1876,NULL,NULL,NULL,NULL,'N10 1LP','Price','Top Floor\n12 Greenham Road','London','ksjfdghf@hotmail.com','07540374395','GB','Irina','billing',NULL,NULL,NULL,NULL,NULL,NULL,NULL,NULL,NULL,NULL),(71,37,NULL,2028,NULL,NULL,NULL,'New Territories','00000','Ko','test','Kwai Chung','billko@visibleone.com','+85292291057','HK','Bill','shipping',NULL,NULL,NULL,NULL,NULL,NULL,NULL,NULL,NULL,NULL),(72,37,NULL,2030,NULL,NULL,NULL,'New Territories','00000','Ko','test','Kwai Chung','billko@visibleone.com','+85292291057','HK','Bill','billing',NULL,NULL,NULL,NULL,NULL,NULL,NULL,NULL,NULL,NULL),(73,38,NULL,2168,NULL,NULL,NULL,NULL,NULL,'test1','test 77\n102','trust','test@gmail.com','5408778344','GB','test','shipping',NULL,NULL,NULL,NULL,NULL,NULL,NULL,NULL,NULL,NULL),(74,38,NULL,2170,NULL,NULL,NULL,NULL,NULL,'test1','test 77\n102','trust','test@gmail.com','5408778344','GB','test','billing',NULL,NULL,NULL,NULL,NULL,NULL,NULL,NULL,NULL,NULL),(75,39,NULL,2212,43,NULL,NULL,'New York','10080','cleofas','new york\nss','new new','shadneycleofas@gmail.com','9724866021','US','shadney','shipping',NULL,NULL,NULL,'wemsap',NULL,NULL,NULL,NULL,NULL,NULL),(76,39,NULL,2214,43,NULL,NULL,'New York','10080','cleofas','new york\nss','new new','shadneycleofas@gmail.com','9724866021','US','shadney','billing',NULL,NULL,NULL,'wemsap',NULL,NULL,NULL,NULL,NULL,NULL),(77,40,NULL,2299,NULL,NULL,NULL,'sharq','15300','admn','151','sharq','test@admin.com','90025529','KW','test','shipping',NULL,NULL,NULL,'test',NULL,NULL,NULL,NULL,NULL,NULL),(78,40,NULL,2300,NULL,NULL,NULL,'sharq','15300','admn','151','sharq','test@admin.com','90025529','KW','test','billing',NULL,NULL,NULL,'test',NULL,NULL,NULL,NULL,NULL,NULL),(79,41,NULL,2299,NULL,NULL,NULL,'sharq','15300','admn','151','sharq','test@admin.com','90025529','KW','test','shipping',NULL,NULL,NULL,'test',NULL,NULL,NULL,NULL,NULL,NULL),(80,41,NULL,2301,NULL,NULL,NULL,'sharq','15300','admn','151','sharq','test@admin.com','90025529','KW','test','billing',NULL,NULL,NULL,'test',NULL,NULL,NULL,NULL,NULL,NULL),(81,42,NULL,2299,NULL,NULL,NULL,'sharq','15300','admn','151','sharq','test@admin.com','90025529','KW','test','shipping',NULL,NULL,NULL,'test',NULL,NULL,NULL,NULL,NULL,NULL),(82,42,NULL,2302,NULL,NULL,NULL,'sharq','15300','admn','151','sharq','test@admin.com','90025529','KW','test','billing',NULL,NULL,NULL,'test',NULL,NULL,NULL,NULL,NULL,NULL),(83,43,4,2304,NULL,NULL,NULL,'sharq','15300','shaban','151','kuwait','mohammad.shabaan@gmail.com','90025529','KW','mohamed','shipping',NULL,NULL,NULL,NULL,NULL,NULL,NULL,NULL,NULL,NULL),(84,43,NULL,2305,NULL,NULL,NULL,'sharq','15300','shaban','151','kuwait','mohammad.shabaan@gmail.com','90025529','KW','mohamed','billing',NULL,NULL,NULL,NULL,NULL,NULL,NULL,NULL,NULL,NULL),(85,44,NULL,2309,NULL,NULL,NULL,NULL,'15300','shaa','151','sharq','admin@gmail.com','90025529','KW','mohamed','shipping',NULL,NULL,NULL,NULL,NULL,NULL,NULL,NULL,NULL,NULL),(86,44,NULL,2310,NULL,NULL,NULL,NULL,'15300','shaa','151','sharq','admin@gmail.com','90025529','KW','mohamed','billing',NULL,NULL,NULL,NULL,NULL,NULL,NULL,NULL,NULL,NULL),(87,45,5,2312,NULL,NULL,NULL,NULL,'15600','c1','511','kuwait ','shaban@gmail.com','90025529','KW','shaban','shipping',NULL,NULL,NULL,NULL,NULL,NULL,NULL,NULL,NULL,NULL),(88,45,NULL,2315,NULL,NULL,NULL,NULL,'15600','c1','511','kuwait ','shaban@gmail.com','90025529','KW','shaban','billing',NULL,NULL,NULL,NULL,NULL,NULL,NULL,NULL,NULL,NULL),(89,46,6,2317,NULL,NULL,NULL,NULL,'15300','c1','151','kuait','shaban2@gmail.com','90025529','KW','shaban','shipping',NULL,NULL,NULL,NULL,NULL,NULL,NULL,NULL,NULL,NULL),(90,46,NULL,2318,NULL,NULL,NULL,NULL,'15300','c1','151','kuait','shaban2@gmail.com','90025529','KW','shaban','billing',NULL,NULL,NULL,NULL,NULL,NULL,NULL,NULL,NULL,NULL),(91,47,NULL,2322,NULL,NULL,NULL,NULL,'12233','tEST','SSS, HH, HH\nHH','SKK','m@sanam.co','66666666','KW','tEST','shipping',NULL,NULL,NULL,NULL,NULL,NULL,NULL,NULL,NULL,NULL),(92,47,NULL,2323,NULL,NULL,NULL,NULL,'12233','tEST','SSS, HH, HH\nHH','SKK','m@sanam.co','66666666','KW','tEST','billing',NULL,NULL,NULL,NULL,NULL,NULL,NULL,NULL,NULL,NULL),(93,48,NULL,2325,NULL,NULL,NULL,NULL,'12233','tEST','SSS, HH, HH\nHH','SKK','m@sanam.com','66666666','KW','tEST','shipping',NULL,NULL,NULL,NULL,NULL,NULL,NULL,NULL,NULL,NULL),(94,48,NULL,2326,NULL,NULL,NULL,NULL,'12233','tEST','SSS, HH, HH\nHH','SKK','m@sanam.com','66666666','KW','tEST','billing',NULL,NULL,NULL,NULL,NULL,NULL,NULL,NULL,NULL,NULL),(95,49,NULL,2325,NULL,NULL,NULL,NULL,'12233','tEST','SSS, HH, HH\nHH','SKK','m@sanam.com','66666666','KW','tEST','shipping',NULL,NULL,NULL,NULL,NULL,NULL,NULL,NULL,NULL,NULL),(96,49,NULL,2327,NULL,NULL,NULL,NULL,'12233','tEST','SSS, HH, HH\nHH','SKK','m@sanam.com','66666666','KW','tEST','billing',NULL,NULL,NULL,NULL,NULL,NULL,NULL,NULL,NULL,NULL);

--
-- Table structure for table `sales_order_aggregated_created`
--

CREATE TABLE `sales_order_aggregated_created` (
  `id` int(10) unsigned NOT NULL AUTO_INCREMENT COMMENT 'ID',
  `period` date DEFAULT NULL COMMENT 'Period',
  `store_id` smallint(5) unsigned DEFAULT NULL COMMENT 'Store ID',
  `order_status` varchar(50) NOT NULL COMMENT 'Order Status',
  `orders_count` int(11) NOT NULL DEFAULT '0' COMMENT 'Orders Count',
  `total_qty_ordered` decimal(12,4) NOT NULL DEFAULT '0.0000' COMMENT 'Total Qty Ordered',
  `total_qty_invoiced` decimal(12,4) NOT NULL DEFAULT '0.0000' COMMENT 'Total Qty Invoiced',
  `total_income_amount` decimal(20,4) NOT NULL DEFAULT '0.0000' COMMENT 'Total Income Amount',
  `total_revenue_amount` decimal(20,4) NOT NULL DEFAULT '0.0000' COMMENT 'Total Revenue Amount',
  `total_profit_amount` decimal(20,4) NOT NULL DEFAULT '0.0000' COMMENT 'Total Profit Amount',
  `total_invoiced_amount` decimal(20,4) NOT NULL DEFAULT '0.0000' COMMENT 'Total Invoiced Amount',
  `total_canceled_amount` decimal(20,4) NOT NULL DEFAULT '0.0000' COMMENT 'Total Canceled Amount',
  `total_paid_amount` decimal(20,4) NOT NULL DEFAULT '0.0000' COMMENT 'Total Paid Amount',
  `total_refunded_amount` decimal(20,4) NOT NULL DEFAULT '0.0000' COMMENT 'Total Refunded Amount',
  `total_tax_amount` decimal(20,4) NOT NULL DEFAULT '0.0000' COMMENT 'Total Tax Amount',
  `total_tax_amount_actual` decimal(20,4) NOT NULL DEFAULT '0.0000' COMMENT 'Total Tax Amount Actual',
  `total_shipping_amount` decimal(20,4) NOT NULL DEFAULT '0.0000' COMMENT 'Total Shipping Amount',
  `total_shipping_amount_actual` decimal(20,4) NOT NULL DEFAULT '0.0000' COMMENT 'Total Shipping Amount Actual',
  `total_discount_amount` decimal(20,4) NOT NULL DEFAULT '0.0000' COMMENT 'Total Discount Amount',
  `total_discount_amount_actual` decimal(20,4) NOT NULL DEFAULT '0.0000' COMMENT 'Total Discount Amount Actual',
  PRIMARY KEY (`id`),
  UNIQUE KEY `SALES_ORDER_AGGREGATED_CREATED_PERIOD_STORE_ID_ORDER_STATUS` (`period`,`store_id`,`order_status`),
  KEY `SALES_ORDER_AGGREGATED_CREATED_STORE_ID` (`store_id`),
  CONSTRAINT `SALES_ORDER_AGGREGATED_CREATED_STORE_ID_STORE_STORE_ID` FOREIGN KEY (`store_id`) REFERENCES `store` (`store_id`) ON DELETE SET NULL
) ENGINE=InnoDB DEFAULT CHARSET=utf8 COMMENT='Sales Order Aggregated Created';

--
-- Dumping data for table `sales_order_aggregated_created`
--


--
-- Table structure for table `sales_order_aggregated_updated`
--

CREATE TABLE `sales_order_aggregated_updated` (
  `id` int(10) unsigned NOT NULL AUTO_INCREMENT COMMENT 'ID',
  `period` date DEFAULT NULL COMMENT 'Period',
  `store_id` smallint(5) unsigned DEFAULT NULL COMMENT 'Store ID',
  `order_status` varchar(50) NOT NULL COMMENT 'Order Status',
  `orders_count` int(11) NOT NULL DEFAULT '0' COMMENT 'Orders Count',
  `total_qty_ordered` decimal(12,4) NOT NULL DEFAULT '0.0000' COMMENT 'Total Qty Ordered',
  `total_qty_invoiced` decimal(12,4) NOT NULL DEFAULT '0.0000' COMMENT 'Total Qty Invoiced',
  `total_income_amount` decimal(20,4) NOT NULL DEFAULT '0.0000' COMMENT 'Total Income Amount',
  `total_revenue_amount` decimal(20,4) NOT NULL DEFAULT '0.0000' COMMENT 'Total Revenue Amount',
  `total_profit_amount` decimal(20,4) NOT NULL DEFAULT '0.0000' COMMENT 'Total Profit Amount',
  `total_invoiced_amount` decimal(20,4) NOT NULL DEFAULT '0.0000' COMMENT 'Total Invoiced Amount',
  `total_canceled_amount` decimal(20,4) NOT NULL DEFAULT '0.0000' COMMENT 'Total Canceled Amount',
  `total_paid_amount` decimal(20,4) NOT NULL DEFAULT '0.0000' COMMENT 'Total Paid Amount',
  `total_refunded_amount` decimal(20,4) NOT NULL DEFAULT '0.0000' COMMENT 'Total Refunded Amount',
  `total_tax_amount` decimal(20,4) NOT NULL DEFAULT '0.0000' COMMENT 'Total Tax Amount',
  `total_tax_amount_actual` decimal(20,4) NOT NULL DEFAULT '0.0000' COMMENT 'Total Tax Amount Actual',
  `total_shipping_amount` decimal(20,4) NOT NULL DEFAULT '0.0000' COMMENT 'Total Shipping Amount',
  `total_shipping_amount_actual` decimal(20,4) NOT NULL DEFAULT '0.0000' COMMENT 'Total Shipping Amount Actual',
  `total_discount_amount` decimal(20,4) NOT NULL DEFAULT '0.0000' COMMENT 'Total Discount Amount',
  `total_discount_amount_actual` decimal(20,4) NOT NULL DEFAULT '0.0000' COMMENT 'Total Discount Amount Actual',
  PRIMARY KEY (`id`),
  UNIQUE KEY `SALES_ORDER_AGGREGATED_UPDATED_PERIOD_STORE_ID_ORDER_STATUS` (`period`,`store_id`,`order_status`),
  KEY `SALES_ORDER_AGGREGATED_UPDATED_STORE_ID` (`store_id`),
  CONSTRAINT `SALES_ORDER_AGGREGATED_UPDATED_STORE_ID_STORE_STORE_ID` FOREIGN KEY (`store_id`) REFERENCES `store` (`store_id`) ON DELETE SET NULL
) ENGINE=InnoDB DEFAULT CHARSET=utf8 COMMENT='Sales Order Aggregated Updated';

--
-- Dumping data for table `sales_order_aggregated_updated`
--


--
-- Table structure for table `sales_order_grid`
--

CREATE TABLE `sales_order_grid` (
  `entity_id` int(10) unsigned NOT NULL COMMENT 'Entity ID',
  `status` varchar(32) DEFAULT NULL COMMENT 'Status',
  `store_id` smallint(5) unsigned DEFAULT NULL COMMENT 'Store ID',
  `store_name` varchar(255) DEFAULT NULL COMMENT 'Store Name',
  `customer_id` int(10) unsigned DEFAULT NULL COMMENT 'Customer ID',
  `base_grand_total` decimal(20,4) DEFAULT NULL COMMENT 'Base Grand Total',
  `base_total_paid` decimal(20,4) DEFAULT NULL COMMENT 'Base Total Paid',
  `grand_total` decimal(20,4) DEFAULT NULL COMMENT 'Grand Total',
  `total_paid` decimal(20,4) DEFAULT NULL COMMENT 'Total Paid',
  `increment_id` varchar(50) DEFAULT NULL COMMENT 'Increment ID',
  `base_currency_code` varchar(3) DEFAULT NULL COMMENT 'Base Currency Code',
  `order_currency_code` varchar(255) DEFAULT NULL COMMENT 'Order Currency Code',
  `shipping_name` varchar(255) DEFAULT NULL COMMENT 'Shipping Name',
  `billing_name` varchar(255) DEFAULT NULL COMMENT 'Billing Name',
  `created_at` timestamp NULL DEFAULT NULL COMMENT 'Created At',
  `updated_at` timestamp NULL DEFAULT NULL COMMENT 'Updated At',
  `billing_address` varchar(255) DEFAULT NULL COMMENT 'Billing Address',
  `shipping_address` varchar(255) DEFAULT NULL COMMENT 'Shipping Address',
  `shipping_information` varchar(255) DEFAULT NULL COMMENT 'Shipping Method Name',
  `customer_email` varchar(255) DEFAULT NULL COMMENT 'Customer Email',
  `customer_group` varchar(255) DEFAULT NULL COMMENT 'Customer Group',
  `subtotal` decimal(20,4) DEFAULT NULL COMMENT 'Subtotal',
  `shipping_and_handling` decimal(20,4) DEFAULT NULL COMMENT 'Shipping and handling amount',
  `customer_name` varchar(255) DEFAULT NULL COMMENT 'Customer Name',
  `payment_method` varchar(255) DEFAULT NULL COMMENT 'Payment Method',
  `total_refunded` decimal(20,4) DEFAULT NULL COMMENT 'Total Refunded',
  `signifyd_guarantee_status` varchar(32) DEFAULT NULL COMMENT 'Signifyd Guarantee Disposition Status',
  `pickup_location_code` varchar(255) DEFAULT NULL COMMENT 'Pickup Location Code',
  PRIMARY KEY (`entity_id`),
  UNIQUE KEY `SALES_ORDER_GRID_INCREMENT_ID_STORE_ID` (`increment_id`,`store_id`),
  KEY `SALES_ORDER_GRID_STATUS` (`status`),
  KEY `SALES_ORDER_GRID_STORE_ID` (`store_id`),
  KEY `SALES_ORDER_GRID_BASE_GRAND_TOTAL` (`base_grand_total`),
  KEY `SALES_ORDER_GRID_BASE_TOTAL_PAID` (`base_total_paid`),
  KEY `SALES_ORDER_GRID_GRAND_TOTAL` (`grand_total`),
  KEY `SALES_ORDER_GRID_TOTAL_PAID` (`total_paid`),
  KEY `SALES_ORDER_GRID_SHIPPING_NAME` (`shipping_name`),
  KEY `SALES_ORDER_GRID_BILLING_NAME` (`billing_name`),
  KEY `SALES_ORDER_GRID_CREATED_AT` (`created_at`),
  KEY `SALES_ORDER_GRID_CUSTOMER_ID` (`customer_id`),
  KEY `SALES_ORDER_GRID_UPDATED_AT` (`updated_at`),
  KEY `SALES_ORDER_GRID_PICKUP_LOCATION_CODE` (`pickup_location_code`),
  FULLTEXT KEY `FTI_65B9E9925EC58F0C7C2E2F6379C233E7` (`increment_id`,`billing_name`,`shipping_name`,`shipping_address`,`billing_address`,`customer_name`,`customer_email`)
) ENGINE=InnoDB DEFAULT CHARSET=utf8 COMMENT='Sales Flat Order Grid';

--
-- Dumping data for table `sales_order_grid`
--

INSERT INTO `sales_order_grid` VALUES (1,'pending',1,'Main Website\r\nMain Website Store',NULL,330.0000,NULL,330.0000,NULL,'000000001','USD','USD','alo themes','alo themes','2016-04-17 00:30:10','2016-04-17 00:30:11','asasa\r\nsasa asasa 123456','asasa\r\nsasa asasa 123456','Flat Rate - Fixed','tuyenpro@gmail.com','0',325.0000,5.0000,'','checkmo',NULL,NULL,NULL),(2,'pending',1,'Main Website\r\nMain Website Store',NULL,437.0000,NULL,437.0000,NULL,'000000002','USD','USD','asas asas','asas asas','2016-04-25 05:17:01','2016-04-25 05:17:01','sasa\r\nsasa asasa 12345','sasa\r\nsasa asasa 12345','Flat Rate - Fixed','test@gmail.com','0',432.0000,5.0000,'','checkmo',NULL,NULL,NULL),(3,'pending',14,'Main Website\r\nDemo 5\r\nEnglish',2,702.0000,NULL,702.0000,NULL,'14000000001','USD','USD','Tuyen Le Quang','Tuyen Le Quang','2016-08-23 04:39:32','2016-08-23 04:39:32','assa\r\nsasas asa 32323232','assa\r\nsasas asa 32323232','Flat Rate - Fixed','milano@gmail.com','1',687.0000,15.0000,'Tuyen Le Quang','checkmo',NULL,NULL,NULL),(4,'pending',1,'Main Website\r\nDemo 1\r\nEnglish',2,704.0000,NULL,704.0000,NULL,'000000003','USD','USD','Tuyen Le Quang','Tuyen Le Quang','2017-02-21 02:36:18','2017-02-21 02:36:18','assa\r\nsasas asa 32323232','assa\r\nsasas asa 32323232','Flat Rate - Fixed','milano@gmail.com','1',694.0000,10.0000,'Tuyen Le Quang','checkmo',NULL,NULL,NULL),(5,'pending',1,'Main Website\nDemo 1\nEnglish',NULL,743.0000,NULL,743.0000,NULL,'000000004','USD','USD','Brian Trinidad','Brian Trinidad','2017-04-18 02:56:41','2017-04-18 02:56:41','28220 Harrington Avenue Closter Alabama 07624','28220 Harrington Avenue Closter Alabama 07624','Flat Rate - Fixed','jutescycle@me.com','0',738.0000,5.0000,'','checkmo',NULL,NULL,NULL),(6,'pending',16,'Main Website\nDemo 2\nEnglish',NULL,330.0000,NULL,330.0000,NULL,'16000000001','USD','USD','a a','a a','2018-05-23 05:52:58','2018-05-23 05:52:58','a\na\na New Delhi Delhi 110020','a\na\na New Delhi Delhi 110020','Flat Rate - Fixed','singhvarun844@gmail.com','0',325.0000,5.0000,'','checkmo',NULL,NULL,NULL),(7,'pending',27,'Main Website\nDemo 10\nEnglish',NULL,65520.0000,NULL,65520.0000,NULL,'27000000001','USD','USD','admin admin','admin admin','2019-05-28 10:07:15','2019-05-28 10:07:15','admin,asa\nasasa\nasas,sasa,121212','admin,asa\nasasa\nasas,sasa,121212','Flat Rate - Fixed','admin@gmail.com','0',62720.0000,2800.0000,'','checkmo',NULL,NULL,NULL),(8,'pending',27,'Main Website\nDemo 10\nEnglish',NULL,459900.0000,NULL,459900.0000,NULL,'27000000002','USD','USD','admin admin','admin admin','2019-05-29 00:51:12','2019-05-29 00:51:12','ddsds,asasa\nasas\nasasa,asasa,212121','ddsds,asasa\nasas\nasasa,asasa,212121','Flat Rate - Fixed','admin@gmail.com','0',457650.0000,2250.0000,'','checkmo',NULL,NULL,NULL),(9,'pending',38,'Main Website\nDemo 16\nEnglish',NULL,113.0000,NULL,79.8600,NULL,'38000000001','USD','EUR','tet test','tet test','2020-03-21 13:03:47','2020-03-21 13:03:48','test,test,test','test,test,test','Flat Rate - Fixed','postmaster@hemplaza.eu','0',103.0000,10.0000,'tet test','checkmo',NULL,NULL,NULL),(10,'pending',27,'Main Website\nDemo 10\nEnglish',NULL,160.0000,NULL,160.0000,NULL,'27000000003','USD','USD','ffwef ewfwFE','ffwef ewfwFE','2020-04-12 14:10:39','2020-04-12 14:10:40','WEFw,gergaeg,aregaerg,12-123','WEFw,gergaeg,aregaerg,12-123','Flat Rate - Fixed','adada@dsf.ig','0',150.0000,10.0000,'ffwef ewfwFE','checkmo',NULL,NULL,NULL),(11,'pending',1,'Main Website\nDemo 1\nEnglish',140,35294.0000,NULL,35294.0000,NULL,'000000005','USD','USD','Nguyen Dong','Nguyen Dong','2020-04-20 06:42:24','2020-04-20 06:42:24','SP,Ha Noi,Ha Noi,BG,100000','SP,Ha Noi,Ha Noi,BG,100000','Flat Rate - Fixed','test@gmail.com','1',34844.0000,450.0000,'Nguyen Dong','checkmo',NULL,NULL,NULL),(12,'pending',1,'Main Website\nDemo 1\nEnglish',140,13759.0000,NULL,13759.0000,NULL,'000000006','USD','USD','Nguyen Dong','Nguyen Dong','2020-04-20 15:15:09','2020-04-20 15:15:09','SP,Ha Noi,Ha Noi,BG,100000','SP,Ha Noi,Ha Noi,BG,100000','Flat Rate - Fixed','test@gmail.com','1',13289.0000,470.0000,'Nguyen Dong','checkmo',NULL,NULL,NULL),(13,'pending',27,'Main Website\nDemo 10\nEnglish',NULL,80.0000,NULL,80.0000,NULL,'27000000004','USD','USD','dfsgdgfs dfsgdgfs','dfsgdgfs dfsgdgfs','2020-04-24 10:48:46','2020-04-24 10:48:47','dfsgdgfs,gfhghf,gfdhghf,Harjumaa,12345','dfsgdgfs,gfhghf,gfdhghf,Harjumaa,12345','Flat Rate - Fixed','lauri@ids.ee','0',75.0000,5.0000,'dfsgdgfs dfsgdgfs','checkmo',NULL,NULL,NULL),(14,'pending',1,'Main Website\nDemo 1\nEnglish',NULL,50.0000,NULL,50.0000,NULL,'000000007','USD','USD','Max Popoff','Max Popoff','2020-04-26 22:24:41','2020-04-26 22:24:42','Ave ce,Miami ,Florida,33108','Ave ce,Miami ,Florida,33108','Flat Rate - Fixed','krutoymax@hotmail.com','0',40.0000,10.0000,'Max Popoff','checkmo',NULL,NULL,NULL),(15,'pending',1,'Main Website\nDemo 1\nEnglish',NULL,89.0000,NULL,89.0000,NULL,'000000008','USD','USD','','المطيبع ميساء','2020-04-27 22:19:13','2020-04-27 22:19:13','طريق الأفران كلم 6.5,صفاقس,3093','',NULL,'maysamtibaa@gmail.com','0',89.0000,0.0000,'المطيبع ميساء','checkmo',NULL,NULL,NULL),(16,'pending',1,'Main Website\nDemo 1\nEnglish',NULL,139.0000,NULL,139.0000,NULL,'000000009','USD','USD','paulo paulo','paulo paulo','2020-04-29 13:27:47','2020-04-29 13:27:48','paulo,paulo,soapaulo,Connecticut,103458','paulo,paulo,soapaulo,Connecticut,103458','Flat Rate - Fixed','paulo@paulo.com','0',134.0000,5.0000,'paulo paulo','checkmo',NULL,NULL,NULL),(17,'pending',16,'Main Website\nDemo 2\nEnglish',NULL,810.0000,NULL,810.0000,NULL,'16000000002','USD','USD','Selvaraj Kuppusamy','Selvaraj Kuppusamy','2020-06-22 12:25:16','2020-06-22 12:25:16','Software,Near IMA Hall,Salem,Tamil Nadu,636004','Software,Near IMA Hall,Salem,Tamil Nadu,636004','Flat Rate - Fixed','selvarajmca.k@gmail.com','0',800.0000,10.0000,'Selvaraj Kuppusamy','checkmo',NULL,NULL,NULL),(18,'pending',1,'Main Website\nDemo 1\nEnglish',NULL,330.0000,NULL,330.0000,NULL,'000000010','USD','USD','Karthikeyan S','Karthikeyan S','2020-07-11 09:15:15','2020-07-11 09:15:15','TCS,123,Tiruppur,Tamil Nadu,641604','TCS,123,Tiruppur,Tamil Nadu,641604','Flat Rate - Fixed','online@thechennaisilks.com','0',325.0000,5.0000,'Karthikeyan S','checkmo',NULL,NULL,NULL),(19,'pending',37,'Main Website\nDemo 15\nEnglish 15',NULL,64.0000,NULL,64.0000,NULL,'37000000001','USD','USD','Web Thinkers','Web Thinkers','2020-07-12 12:01:26','2020-07-12 12:01:26','Webthinkers,1234\n1234,delhi,Delhi,110001','Webthinkers,1234\n1234,delhi,Delhi,110001','Flat Rate - Fixed','anujrishi@yahoo.com','0',59.0000,5.0000,'Web Thinkers','checkmo',NULL,NULL,NULL),(20,'pending',1,'Main Website\nDemo 1\nEnglish',NULL,405.0000,NULL,405.0000,NULL,'000000011','USD','USD','poiuwer poqiweur','poiuwer poqiweur','2020-07-17 22:22:53','2020-07-17 22:22:53','12,london,Puerto Rico,12345','12,london,Puerto Rico,12345','Flat Rate - Fixed','ourour@hotmail.com','0',400.0000,5.0000,'poiuwer poqiweur','checkmo',NULL,NULL,NULL),(21,'pending',37,'Main Website\nDemo 15\nEnglish 15',NULL,64.0000,NULL,64.0000,NULL,'37000000002','USD','USD','aaa aaa','aaa aaa','2020-07-23 10:10:03','2020-07-23 10:10:03','aaa,aaaa,aa,59000','aaa,aaaa,aa,59000','Flat Rate - Fixed','martkto@yopmail.com','0',59.0000,5.0000,'aaa aaa','checkmo',NULL,NULL,NULL),(22,'pending',27,'Main Website\nDemo 10\nEnglish 10',NULL,37.0000,NULL,37.0000,NULL,'27000000005','USD','USD','parvinder singh','parvinder singh','2020-08-07 17:47:49','2020-08-07 17:47:49','khanna\nkhanna\nkhanna,lowa,Iowa,12345-6789','khanna\nkhanna\nkhanna,lowa,Iowa,12345-6789','Flat Rate - Fixed','psjallah1@gmail.com','0',32.0000,5.0000,'parvinder singh','checkmo',NULL,NULL,NULL),(23,'pending',1,'Main Website\nDemo 1\nEnglish',NULL,139.0000,NULL,139.0000,NULL,'000000012','USD','USD','Joao Castro','Joao Castro','2020-08-12 12:44:22','2020-08-12 12:44:22','Tv. de Cramarinhos, 186\nTv. de Cramarinhos, 186,Porto,4600','Tv. de Cramarinhos, 186\nTv. de Cramarinhos, 186,Porto,4600','Flat Rate - Fixed','navdip@gmail.com','0',134.0000,5.0000,'Joao Castro','checkmo',NULL,NULL,NULL),(24,'pending',18,'Main Website\nDemo 1\nArabic',NULL,27.5700,NULL,27.5700,NULL,'18000000001','USD','USD','ALI AWAAD','ALI AWAAD','2020-09-16 12:01:44','2020-09-16 12:01:44','98st sad zaghlol saqyt meki giza egypt\n98st sad zaghlol saqyt meki giza egypt,cairo,12345','98st sad zaghlol saqyt meki giza egypt\n98st sad zaghlol saqyt meki giza egypt,cairo,12345','Flat Rate - Fixed','admin@example.com','0',22.5700,5.0000,'ALI AWAAD','checkmo',NULL,NULL,NULL),(25,'pending',14,'Main Website\nDemo 5\nEnglish 5',NULL,218.0000,NULL,218.0000,NULL,'14000000002','USD','USD','Hhh Njjj','Hhh Njjj','2020-09-21 12:58:20','2020-09-21 12:58:20','Nnjjjj,Jjjjgf,Arkansas,55555','Nnjjjj,Jjjjgf,Arkansas,55555','Flat Rate - Fixed','test@test.com','0',213.0000,5.0000,'Hhh Njjj','checkmo',NULL,NULL,NULL),(26,'pending',4,'Main Website\nDemo 3\nEnglish 3',NULL,60.0000,NULL,60.0000,NULL,'4000000001','USD','USD','dsd dsds','dsd dsds','2020-09-24 05:42:00','2020-09-24 05:42:00','dsdsd,dsd\ndsds,dsds,Arizona,23233','dsdsd,dsd\ndsds,dsds,Arizona,23233','Flat Rate - Fixed','sas@dds.com','0',55.0000,5.0000,'dsd dsds','checkmo',NULL,NULL,NULL),(27,'pending',1,'Main Website\nDemo 1\nEnglish',NULL,1306.0000,NULL,1306.0000,NULL,'000000013','USD','USD','ashwini r','ashwini r','2020-10-01 10:05:50','2020-10-01 10:05:50','511 W Main St. Vernal, UT 84078,Vernal,Utah,84078','511 W Main St. Vernal, UT 84078,Vernal,Utah,84078','Flat Rate - Fixed','ashwini.reddy@esegna.com','0',1296.0000,10.0000,'ashwini r','checkmo',NULL,NULL,NULL),(28,'pending',1,'Main Website\nDemo 1\nEnglish',NULL,80.0000,NULL,80.0000,NULL,'000000014','USD','USD','ashwini r','ashwini r','2020-10-01 10:12:57','2020-10-01 10:12:57','511 W Main St. Vernal, UT 84078,Vernal,Utah,84078','511 W Main St. Vernal, UT 84078,Vernal,Utah,84078','Flat Rate - Fixed','ashwini.reddy@esegna.com','0',75.0000,5.0000,'ashwini r','checkmo',NULL,NULL,NULL),(29,'pending',1,'Main Website\nDemo 1\nEnglish',NULL,25.0000,NULL,25.0000,NULL,'000000015','USD','USD','ashwini r','ashwini r','2020-10-05 07:08:48','2020-10-05 07:08:48','511 W Main St. Vernal, UT 84078,Vernal,Utah,84078','511 W Main St. Vernal, UT 84078,Vernal,Utah,84078','Flat Rate - Fixed','ashwini.reddy@esegna.com','0',20.0000,5.0000,'ashwini r','checkmo',NULL,NULL,NULL),(30,'pending',1,'Main Website\nDemo 1\nEnglish',NULL,139.0000,NULL,139.0000,NULL,'000000016','USD','USD','ashwini r','ashwini r','2020-10-05 07:10:30','2020-10-05 07:10:30','511 W Main St. Vernal, UT 84078,Vernal,Utah,84078','511 W Main St. Vernal, UT 84078,Vernal,Utah,84078','Flat Rate - Fixed','ashwini.reddy@esegna.com','0',134.0000,5.0000,'ashwini r','checkmo',NULL,NULL,NULL),(31,'pending',4,'Main Website\nDemo 3\nEnglish 3',NULL,37.0000,NULL,37.0000,NULL,'4000000002','USD','USD','sldjkfskfhk skfksfhskjdh','sldjkfskfhk skfksfhskjdh','2020-10-13 02:05:58','2020-10-13 02:05:58','lksslkfhsk,dfgdffd,sfdsdf,Quebec,56562','lksslkfhsk,dfgdffd,sfdsdf,Quebec,56562','Flat Rate - Fixed','ghgjghfghjh@ksjkshskj.com','0',32.0000,5.0000,'sldjkfskfhk skfksfhskjdh','checkmo',NULL,NULL,NULL),(32,'pending',8,'Main Website\nDemo 6\nEnglish 6',271,80.0000,NULL,80.0000,NULL,'8000000001','USD','USD','test test','test test','2020-10-20 06:52:32','2020-10-20 06:52:32','234\n1231\n234,12345,American Samoa,12345','234\n1231\n234,12345,American Samoa,12345','Flat Rate - Fixed','oxxygen97@gmail.com','1',75.0000,5.0000,'test test','checkmo',NULL,NULL,NULL),(33,'pending',4,'Main Website\nDemo 3\nEnglish 3',NULL,89.0000,NULL,89.0000,NULL,'4000000003','USD','USD','','sdfgs sdfg','2020-11-22 00:09:26','2020-11-22 00:09:26','sfg,sdgf\nsdgf\nsdfg,sgdf,Alabama,91103','',NULL,'ourira@hotmail.com','0',89.0000,0.0000,'sdfgs sdfg','checkmo',NULL,NULL,NULL),(34,'pending',10,'Main Website\nDemo 7\nEnglish 7',NULL,405.0000,NULL,405.0000,NULL,'10000000001','USD','USD','a;sldjf  ;alskdfj','a;sldjf  ;alskdfj','2020-11-23 14:38:55','2020-11-23 14:38:55','a;lsdkfj,a;ksdfn ,Alaska,12036','a;lsdkfj,a;ksdfn ,Alaska,12036','Flat Rate - Fixed','oqiwure@hotmailj.com','0',400.0000,5.0000,'a;sldjf  ;alskdfj','checkmo',NULL,NULL,NULL),(35,'pending',10,'Main Website\nDemo 7\nEnglish 7',NULL,27.5700,NULL,27.5700,NULL,'10000000002','USD','USD','Marina Petrova','Marina Petrova','2020-11-23 14:39:26','2020-11-23 14:39:26','Flat 2\nHenley House,London,Alaska,N12 9UE','Flat 2\nHenley House,London,Alaska,N12 9UE','Flat Rate - Fixed','marinapetrova07@gmail.com','0',22.5700,5.0000,'Marina Petrova','checkmo',NULL,NULL,NULL),(36,'pending',10,'Main Website\nDemo 7\nEnglish 7',NULL,374.0000,NULL,374.0000,NULL,'10000000003','USD','USD','Irina Price','Irina Price','2020-11-23 14:52:05','2020-11-23 14:52:05','Top Floor\n12 Greenham Road,London,N10 1LP','Top Floor\n12 Greenham Road,London,N10 1LP','Flat Rate - Fixed','ksjfdghf@hotmail.com','0',369.0000,5.0000,'Irina Price','checkmo',NULL,NULL,NULL),(37,'pending',6,'Main Website\nDemo 4\nEnglish 4',NULL,37.0000,NULL,37.0000,NULL,'6000000001','USD','USD','Bill Ko','Bill Ko','2020-12-26 07:40:55','2020-12-26 07:40:55','test,Kwai Chung,New Territories,00000','test,Kwai Chung,New Territories,00000','Flat Rate - Fixed','billko@visibleone.com','0',32.0000,5.0000,'Bill Ko','checkmo',NULL,NULL,NULL),(38,'pending',37,'Main Website\nDemo 15\nEnglish 15',NULL,67.0000,NULL,67.0000,NULL,'37000000003','USD','USD','test test1','test test1','2021-01-24 20:14:39','2021-01-24 20:14:39','test 77\n102,trust','test 77\n102,trust','Flat Rate - Fixed','test@gmail.com','0',62.0000,5.0000,'test test1','checkmo',NULL,NULL,NULL),(39,'pending',16,'Main Website\nDemo 2\nEnglish 2',NULL,27.5700,NULL,27.5700,NULL,'16000000003','USD','USD','shadney cleofas','shadney cleofas','2021-02-02 15:10:05','2021-02-02 15:10:05','wemsap,new york\nss,new new,New York,10080','wemsap,new york\nss,new new,New York,10080','Flat Rate - Fixed','shadneycleofas@gmail.com','0',22.5700,5.0000,'shadney cleofas','checkmo',NULL,NULL,NULL),(40,'canceled',1,'Main Website\nDemo 1\nEnglish',NULL,85.0000,NULL,85.0000,NULL,'000000017','KWD','KWD','test admn','test admn','2021-08-25 09:21:15','2021-08-25 09:21:17','test,151,sharq,sharq,15300','test,151,sharq,sharq,15300','Flat Rate - Fixed','test@admin.com','0',80.0000,5.0000,'test admn','myfatoorah_gateway',NULL,NULL,NULL),(41,'canceled',1,'Main Website\nDemo 1\nEnglish',NULL,85.0000,NULL,85.0000,NULL,'000000018','KWD','KWD','test admn','test admn','2021-08-25 09:22:05','2021-08-25 09:22:07','test,151,sharq,sharq,15300','test,151,sharq,sharq,15300','Flat Rate - Fixed','test@admin.com','0',80.0000,5.0000,'test admn','myfatoorah_gateway',NULL,NULL,NULL),(42,'canceled',1,'Main Website\nDemo 1\nEnglish',NULL,85.0000,NULL,85.0000,NULL,'000000019','KWD','KWD','test admn','test admn','2021-08-25 09:27:23','2021-08-25 09:27:26','test,151,sharq,sharq,15300','test,151,sharq,sharq,15300','Flat Rate - Fixed','test@admin.com','0',80.0000,5.0000,'test admn','myfatoorah_gateway',NULL,NULL,NULL),(43,'canceled',18,'Main Website\nDemo 1\nArabic',381,62.0000,NULL,62.0000,NULL,'18000000002','KWD','KWD','mohamed shaban','mohamed shaban','2021-08-26 07:43:55','2021-08-26 07:43:58','151,kuwait,sharq,15300','151,kuwait,sharq,15300','Flat Rate - Fixed','mohammad.shabaan@gmail.com','1',60.0000,2.0000,'mohamed shaban','myfatoorah_gateway',NULL,NULL,NULL),(44,'pending_payment',1,'Main Website\nDemo 1\nEnglish',NULL,52.0000,52.0000,52.0000,52.0000,'000000020','KWD','KWD','mohamed shaa','mohamed shaa','2021-09-01 19:21:25','2021-09-01 19:23:22','151,sharq,15300','151,sharq,15300','Flat Rate - Fixed','admin@gmail.com','0',50.0000,2.0000,'mohamed shaa','myfatoorah_gateway',NULL,NULL,NULL),(45,'canceled',1,'Main Website\nDemo 1\nEnglish',383,82.0000,NULL,82.0000,NULL,'000000021','KWD','KWD','shaban c1','shaban c1','2021-12-14 17:51:08','2021-12-14 17:53:00','511,kuwait ,15600','511,kuwait ,15600','Flat Rate - Fixed','shaban@gmail.com','1',80.0000,2.0000,'shaban c1','myfatoorah_gateway',NULL,NULL,NULL),(46,'canceled',1,'Main Website\nDemo 1\nEnglish',388,82.0000,NULL,82.0000,NULL,'000000022','KWD','KWD','shaban c1','shaban c1','2021-12-14 18:03:50','2021-12-14 18:04:22','151,kuait,15300','151,kuait,15300','Flat Rate - Fixed','shaban2@gmail.com','1',80.0000,2.0000,'shaban c1','myfatoorah_gateway',NULL,NULL,NULL),(47,'pending_payment',1,'Main Website\nDemo 1\nEnglish',NULL,82.0000,NULL,82.0000,NULL,'000000023','KWD','KWD','tEST tEST','tEST tEST','2022-01-04 12:00:49','2022-01-04 12:00:49','SSS, HH, HH\nHH,SKK,12233','SSS, HH, HH\nHH,SKK,12233','Flat Rate - Fixed','m@sanam.co','0',80.0000,2.0000,'tEST tEST','myfatoorah_gateway',NULL,NULL,NULL),(48,'pending_payment',1,'Main Website\nDemo 1\nEnglish',NULL,82.0000,NULL,82.0000,NULL,'000000024','KWD','KWD','tEST tEST','tEST tEST','2022-01-16 13:17:44','2022-01-16 13:17:44','SSS, HH, HH\nHH,SKK,12233','SSS, HH, HH\nHH,SKK,12233','Flat Rate - Fixed','m@sanam.com','0',80.0000,2.0000,'tEST tEST','myfatoorah_gateway',NULL,NULL,NULL),(49,'pending_payment',1,'Main Website\nDemo 1\nEnglish',NULL,82.0000,NULL,82.0000,NULL,'000000025','KWD','KWD','tEST tEST','tEST tEST','2022-01-16 13:19:20','2022-01-16 13:19:20','SSS, HH, HH\nHH,SKK,12233','SSS, HH, HH\nHH,SKK,12233','Flat Rate - Fixed','m@sanam.com','0',80.0000,2.0000,'tEST tEST','myfatoorah_gateway',NULL,NULL,NULL);

--
