--
-- Host: localhost    Database: ops_v2
-- ------------------------------------------------------


--
-- Table structure for table `admin_analytics_usage_version_log`
--

CREATE TABLE `admin_analytics_usage_version_log` (
  `id` int(10) unsigned NOT NULL AUTO_INCREMENT COMMENT 'Log ID',
  `last_viewed_in_version` varchar(50) NOT NULL COMMENT 'Viewer last viewed on product version',
  PRIMARY KEY (`id`),
  UNIQUE KEY `ADMIN_ANALYTICS_USAGE_VERSION_LOG_LAST_VIEWED_IN_VERSION` (`last_viewed_in_version`)
) ENGINE=InnoDB AUTO_INCREMENT=2 DEFAULT CHARSET=utf8 COMMENT='Admin Notification Viewer Log Table';

--
-- Dumping data for table `admin_analytics_usage_version_log`
--

INSERT INTO `admin_analytics_usage_version_log` VALUES (1,'2.4.0');

--
-- Table structure for table `admin_system_messages`
--

CREATE TABLE `admin_system_messages` (
  `identity` varchar(100) NOT NULL COMMENT 'Message ID',
  `severity` smallint(5) unsigned NOT NULL DEFAULT '0' COMMENT 'Problem type',
  `created_at` timestamp NOT NULL DEFAULT CURRENT_TIMESTAMP COMMENT 'Create date',
  PRIMARY KEY (`identity`)
) ENGINE=InnoDB DEFAULT CHARSET=utf8 COMMENT='Admin System Messages';

--
-- Dumping data for table `admin_system_messages`
--


--
-- Table structure for table `admin_user_expiration`
--

CREATE TABLE `admin_user_expiration` (
  `user_id` int(10) unsigned NOT NULL COMMENT 'User ID',
  `expires_at` timestamp NOT NULL DEFAULT '0000-00-00 00:00:00' COMMENT 'User Expiration Date',
  PRIMARY KEY (`user_id`),
  CONSTRAINT `ADMIN_USER_EXPIRATION_USER_ID_ADMIN_USER_USER_ID` FOREIGN KEY (`user_id`) REFERENCES `admin_user` (`user_id`) ON DELETE CASCADE
) ENGINE=InnoDB DEFAULT CHARSET=utf8 COMMENT='Admin User expiration dates table';

--
-- Dumping data for table `admin_user_expiration`
--


--
-- Table structure for table `adminnotification_inbox`
--

CREATE TABLE `adminnotification_inbox` (
  `notification_id` int(10) unsigned NOT NULL AUTO_INCREMENT COMMENT 'Notification ID',
  `severity` smallint(5) unsigned NOT NULL DEFAULT '0' COMMENT 'Problem type',
  `date_added` timestamp NOT NULL DEFAULT CURRENT_TIMESTAMP COMMENT 'Create date',
  `title` varchar(255) NOT NULL COMMENT 'Title',
  `description` text COMMENT 'Description',
  `url` varchar(255) DEFAULT NULL COMMENT 'Url',
  `is_read` smallint(5) unsigned NOT NULL DEFAULT '0' COMMENT 'Flag if notification read',
  `is_remove` smallint(5) unsigned NOT NULL DEFAULT '0' COMMENT 'Flag if notification might be removed',
  PRIMARY KEY (`notification_id`),
  KEY `ADMINNOTIFICATION_INBOX_SEVERITY` (`severity`),
  KEY `ADMINNOTIFICATION_INBOX_IS_READ` (`is_read`),
  KEY `ADMINNOTIFICATION_INBOX_IS_REMOVE` (`is_remove`)
) ENGINE=InnoDB AUTO_INCREMENT=149 DEFAULT CHARSET=utf8 COMMENT='Adminnotification Inbox';

--
-- Dumping data for table `adminnotification_inbox`
--

INSERT INTO `adminnotification_inbox` VALUES (1,4,'2020-09-07 13:28:02','Disable Notice','To improve performance, collecting statistics for the Magento Report module is disabled by default. \nYou can enable it in System Config.','',0,1),(2,4,'2020-10-06 16:53:57','[Webinar] Is your site to ready to handle spikes in traffic and transactions? ','Your site speed can make or break your conversion rate this holiday season and beyond. Join us on October 15th for a fireside chat &quot;Is Your Website Ready for the 2020 Holiday Season?&quot; to learn what Commerce features you must have, and how to scale your webstore to maximize conversion rates. If you can&#039;t make the live webinar, be sure to register anyway and we&#039;ll send you the recording and slides afterward. Register today: https://bit.ly/33wzXbC','https://bit.ly/33wzXbC',0,1),(3,4,'2020-11-02 16:19:52','2021 Planning - reach out to us today to get your free site assessment to identify top conversion drivers.  ','Considering moving to Magento Commerce in 2021? Would you like a demo or free site assessment? Our team of experts would love to help. Get started now. https://bit.ly/3lcgILt','https://bit.ly/3lcgILt',0,1),(4,4,'2020-11-04 14:28:07','Please help prioritize our roadmap - SHORT survey','We are looking to better understand how we can help you manage all of your digital ecommerce from one place. Please help us prioritize our roadmap! Very short survey is here! http://selfserve.decipherinc.com/survey/selfserve/9d5/201000','http://selfserve.decipherinc.com/survey/selfserve/9d5/201000',0,1),(5,4,'2020-11-23 19:59:51','Upgrade to Magento Commerce quickly with Rapid Deployment Packages','Our experienced solution partners offer special design and implementation packages for businesses to upgrade their site quickly and cost effectively. Learn More: https://adobe.ly/3nqaXKx','https://adobe.ly/3nqaXKx',0,1),(6,4,'2020-12-01 22:02:47','[Video] Fuel Your Business Growth with Magento Commerce','Follow along as our friends at Goodacre Farm &amp; Supply transform their business into a cloud-based eCommerce machine with easy content creation, support for multiple web stores, and personalized product recommendations. Watch Now: https://bit.ly/3m8S2mW','https://bit.ly/3m8S2mW',0,1),(7,4,'2020-12-07 16:29:27','SURVEY: Business Financing and Support','Please complete if you are responsible for your business finances. We&#039;d like to hear from you about your past and future business financing needs. Strictly confidential.','http://selfserve.decipherinc.com/survey/selfserve/9d5/g30c/201100',0,1),(8,4,'2020-12-11 00:37:39','Experience the new Interactive Tour to compare Open Source and Magento Commerce.','Create closer consumer connections in the New Year. Explore our interactive product simulation and learn how Magento Commerce delivers everything you need to drive growth in an increasingly competitive online market. https://adobe.ly/3okS1wS','https://adobe.ly/3okS1wS',0,1),(9,4,'2021-01-08 21:35:55','Happy new year! Is Your Website Selling as Much as It Can? Watch our on-demand webinar and learn how to turn your website into a conversion machine.','Watch our on-demand webinar: Is Your Website Selling As Much As It Can? Digital Strategist Ereika Stimley and eCommerce Consultant Corey Gelato will walk you through a website self-assessment and live demo that will help you uncover opportunities to increase conversions and grow revenues. Watch now: https://bit.ly/2EAujMc','https://bit.ly/2EAujMc',0,1),(10,4,'2021-01-14 01:32:42','You&#039;re invited to our webinar: Is Magento Commerce or Open Source right for you? ','Magento Commerce and Magento Open Source may sound alike, but each offers sharply distinct benefits. To get the facts, sign up for our webinar Is Magento Commerce or Open Source right for you? at 10:00 AM PT on February 4th. Register now: http://bit.ly/3icfnTM','http://bit.ly/3icfnTM',0,1),(11,4,'2020-10-26 16:59:53','Click here to see the new Page Builder module for Magento 2 https://bit.ly/3ot9AMf','','https://bit.ly/3ot9AMf',0,1),(12,4,'2020-11-10 14:54:06','Check out the latest updates for 19 Magento 2 modules made in October 2020 https://bit.ly/3liOVZs','','https://bit.ly/3liOVZs',0,1),(13,4,'2020-11-16 22:10:53','Track checkout behavior with the new option in Firecheckout 1.12.1 release https://bit.ly/2HboxSu','','https://bit.ly/2HboxSu',0,1),(14,4,'2020-11-27 12:56:11','Discover Black Friday deals for Magento 2 extensions https://bit.ly/3o1oIzv','','https://bit.ly/3o1oIzv',0,1),(15,4,'2020-11-30 21:32:34','Argento 1.21 for Magento 2 is ready to use https://bit.ly/2KJpW3V','','https://bit.ly/2KJpW3V',0,1),(16,4,'2020-12-04 19:31:03','Fire Checkout 1.25.3 for Magento 2 and Fire Checkout 4.4.4 for Magento 1 are available for download https://bit.ly/2IcrmmG','','https://bit.ly/2IcrmmG',0,1),(17,4,'2020-12-09 12:08:44','Page Builder 1.0.4 for Magento 2 is ready for download https://bit.ly/3gwW8Ue','','https://bit.ly/3gwW8Ue',0,1),(18,4,'2020-12-16 19:53:36','PDF invoices 1.3.1 for Magento 2 is now available with 2 new great designs http://bit.ly/2KvZISq','','http://bit.ly/2KvZISq',0,1),(19,4,'2020-12-22 05:30:07','Take a look at our Christmas deals for Magento 2 extensions http://bit.ly/3ay1PjN','','http://bit.ly/3ay1PjN',0,1),(20,4,'2020-12-28 20:17:20','Argento 1.22.0 for Magento 2 is ready for download http://bit.ly/2WQFPsf','','http://bit.ly/2WQFPsf',0,1),(21,4,'2021-01-15 14:57:58','Fire Checkout 1.25.4 is available for download http://bit.ly/2XIZfQo','','http://bit.ly/2XIZfQo',0,1),(22,4,'2021-01-27 11:02:18','Please share your suggestions on the new forthcoming Argento theme design http://bit.ly/3iQRNw4','','http://bit.ly/3iQRNw4',0,1),(23,4,'2021-02-01 11:24:48','Argento 1.22.1 for Magento 2 is ready for download http://bit.ly/2NUkUmV','','http://bit.ly/2NUkUmV',0,1),(24,4,'2021-02-10 15:06:05','Magento Commerce 2.4.2 delivers important security updates and features to help secure and optimize your store','Magento Open Source 2.4.2, along with security-only patches 2.3.6-p1 and 2.4.1-p1, is now generally available. The latest release of Magento Open Source includes important security enhancements along with new functionality and platform quality improvements. With these important updates we strongly recommend that you upgrade to ensure your sites maintain the highest level of security. You can review the release notes for more information about all of the enhancements. Learn how this release can help you save time and maximize resources at Magento.com/blog. ','https://devdocs.magento.com/guides/v2.4/release-notes/bk-release-notes.html',0,1),(25,4,'2021-02-10 15:08:37','Register now for Summit 2021 and stay ahead of commerce trends ','Learn best practices from digital commerce experts during two days of live keynotes, sessions, and sneak peeks. Understand the latest digital commerce trends, discover industry best practices, and network with peers around the world. Register now!','https://summit.adobe.com/na/?utm_source=m1o&amp;utm_medium=rss&amp;utm_campaign=NA_210427_12576_RSS_EVTR_ACOM_FM_Summit_2021_M1_OS',0,1),(26,4,'2021-02-11 15:36:20','Use January 2021 software monthly updates to streamline your Magento 2 store http://bit.ly/376kkcp','','http://bit.ly/376kkcp',0,1),(27,4,'2021-02-15 13:40:09','Fire Checkout 1.25.7 is available for download http://bit.ly/3alxCDW','','http://bit.ly/3alxCDW',0,1),(28,2,'2021-02-18 11:27:38','Your export file is ready','You can pick up your file at export main page','',0,1),(29,2,'2021-02-20 12:55:47','Your export file is ready','You can pick up your file at export main page','',0,1),(30,2,'2021-02-22 09:33:29','Your export file is ready','You can pick up your file at export main page','',0,1),(31,2,'2021-02-22 13:10:30','Your export file is ready','You can pick up your file at export main page','',0,1),(32,4,'2021-02-22 23:52:27','Quarterly Business Planning - reach out to us today to get your free site assessment to ensure your commerce growth needs are being met in 2021.','Would you like a free site assessment? Our best-in-breed commerce solution gives your business unmatched agility and scalability. It&#039;s time to experience limitless eCommerce with no comprises. Learn more: https://bit.ly/3lcgILt','https://bit.ly/3lcgILt',0,1),(33,2,'2021-02-23 13:50:42','Your export file is ready','You can pick up your file at export main page','',0,1),(34,4,'2021-02-22 23:52:27','Quarterly Business Planning - reach out to us today to get your free site assessment.','Would you like a free site assessment? Our best-in-breed commerce solution gives your business unmatched agility and scalability. It&#039;s time to experience limitless eCommerce with no comprises. Learn more: https://bit.ly/3lcgILt','https://bit.ly/3lcgILt',0,1),(35,4,'2021-02-26 10:43:29','Argento 1.22.2 for Magento 2 is ready for download http://bit.ly/37RBH17','','http://bit.ly/37RBH17',0,1),(36,2,'2021-03-07 10:48:27','Your export file is ready','You can pick up your file at export main page','',0,1),(37,4,'2021-03-19 18:55:33','Prepare your Magento 2 store for Google Web Vitals test with Argento 1.22.3 release https://bit.ly/3r4dDyy','','https://bit.ly/3r4dDyy',0,1),(38,4,'2021-03-23 00:33:54','You&#039;re invited to our webinar this week: How digital commerce can scale B2B selling','Digital commerce is fast becoming the default way to buy—even for B2B customers. In just 8 weeks, Byrne Electrical, the leading manufacturer of power and data solutions for numerous industries, launched an eCommerce portal for more than 1,100 of their customers. To learn how they did it, join George Fabis, Director of IT for Byrne, and Slava Kravchuk, CEO &amp; Founder of Atwix, a Magento Commerce solutions partner, for a live discussion on Thursday, March 25. Register Now: https://bit.ly/3r1MCvG','https://bit.ly/3r1MCvG',0,1),(39,2,'2021-03-23 05:29:12','Your export file is ready','You can pick up your file at export main page','',0,1),(40,2,'2021-03-23 05:29:13','Your export file is ready','You can pick up your file at export main page','',0,1),(41,1,'2021-03-24 14:49:43','Error during export process occurred','Error during export process occurred. Please check logs for detail','',0,1),(42,2,'2021-03-24 14:49:43','Your export file is ready','You can pick up your file at export main page','',0,1),(43,2,'2021-04-01 12:40:19','Your export file is ready','You can pick up your file at export main page','',0,1),(44,2,'2021-04-01 12:40:19','Your export file is ready','You can pick up your file at export main page','',0,1),(45,4,'2021-04-01 16:51:10','Follow our 20% off deal, it has an Easter treat http://bit.ly/3sMMSR2','','http://bit.ly/3sMMSR2',0,1),(46,4,'2021-04-13 17:04:23','Check for monthly module updates roll-up for March https://bit.ly/3wV8RYG','','https://bit.ly/3wV8RYG',0,1),(47,4,'2021-04-16 18:55:45','Introducing the new Breeze Alternative JS Frontend for Magento 2 https://bit.ly/3smhDex','','https://bit.ly/3smhDex',0,1),(48,2,'2021-04-26 04:02:44','Your export file is ready','You can pick up your file at export main page','',0,1),(49,2,'2021-04-26 04:10:20','Your export file is ready','You can pick up your file at export main page','',0,1),(50,4,'2021-04-26 15:57:39','Argento 1.22.6 for Magento 2 is ready for download https://bit.ly/3tSuUNH','','https://bit.ly/3tSuUNH',0,1),(51,2,'2021-04-27 05:51:39','Your export file is ready','You can pick up your file at export main page','',0,1),(52,4,'2021-05-03 11:11:40','Start earning with Swissuplabs affiliate program https://bit.ly/3aOIJ8o','','https://bit.ly/3aOIJ8o',0,1),(53,4,'2021-05-11 20:44:41','Magento Open Source 2.4.2-p1 &amp; 2.3.7 deliver important security updates','The latest releases of Magento Open Source – 2.3.7 and 2.4.2-p1 – are now generally available. The latest release of Magento Open Source includes important security updates. With these important updates we strongly recommend that you upgrade to ensure your sites maintain the highest level of security. You can review the release notes for more information about all of the updates. Learn how this release can help you save time and maximize resources at Magento.com/blog.','https://devdocs.magento.com/guides/v2.3/release-notes/bk-release-notes.html ',0,1),(54,4,'2021-05-11 20:13:49','Check out the April updates for Magento 2 modules and themes https://bit.ly/3fb1uEb','','https://bit.ly/3fb1uEb',0,1),(55,4,'2021-05-19 13:12:24','Try new Argento and the Breeze releases to get maximum Magento 2  performance https://bit.ly/3f57nUR','','https://bit.ly/3f57nUR',0,1),(56,4,'2021-05-20 16:11:52','Important notice for Argento and AskIt users. The update required https://bit.ly/3ozJ6JF','',' https://bit.ly/3ozJ6JF',1,1),(57,4,'2021-05-20 16:11:52','Important notice for Argento and AskIt users. The update is required https://bit.ly/3ozJ6JF','',' https://bit.ly/3ozJ6JF',1,1),(58,4,'2021-05-26 22:04:18','Argento is getting faster with 1.22.10 release for Magento 2 https://bit.ly/3yIOtuo','','https://bit.ly/3yIOtuo',1,1),(59,4,'2021-06-08 12:49:56','Make your Magento 2 checkout faster with Fire Checkout 1.26 https://bit.ly/3pBlPav','','https://bit.ly/3pBlPav',0,1),(60,4,'2021-06-21 10:01:55','Argento 1.23 is now available with Theme Editor support for child themes and much more https://bit.ly/3zLnpeS','','https://bit.ly/3zLnpeS',0,1),(61,4,'2021-06-29 22:51:16','Fire Checkout 1.26.4 is available for download with improved Adobe Commerce compatability https://bit.ly/3h3reVe','','https://bit.ly/3h3reVe',0,1),(62,4,'2021-07-02 17:50:24','Have fun in the Sun with hot Magento 2 offers  https://bit.ly/36dC3xy','','https://bit.ly/36dC3xy',0,1),(63,4,'2021-07-08 12:26:59','Improve your store checokut with best Magento 2 one page checkout module  https://bit.ly/3r2jpCI','','https://bit.ly/3r2jpCI',0,1),(64,4,'2021-07-20 00:00:00','FLASH SALES - 15% OFF','15% EXTRA discount on ALL extensions. Flash sales 3 days only. Check it out &amp; get the code','https://www.mageplaza.com/deals/?utm_source=notification&amp;utm_medium=rss&amp;utm_campaign=july21',0,1),(65,4,'2021-07-20 15:09:18','Make your Magento 2 store faster with Breeze 1.4 https://bit.ly/3hOrfwy','','https://bit.ly/3hOrfwy',0,1),(66,4,'2021-07-22 00:00:00','LAST CHANCE - 15% OFF','15% EXTRA discount on ALL extensions. Last day to have it. Ends . Check it out &amp; get the code','https://www.mageplaza.com/deals/?utm_source=notification&amp;utm_medium=rss&amp;utm_campaign=july21',0,1),(67,4,'2021-07-26 10:11:29','Enhance Magento 2 checkout flexibility with the Fire Checkout 1.27 https://bit.ly/3iFUu3O','','https://bit.ly/3iFUu3O',0,1),(68,4,'2021-08-02 10:58:59','Argento is getting faster again with new 1.24.0 release and Breeze 1.4 https://bit.ly/3yiF1gT','','https://bit.ly/3yiF1gT',0,1),(69,4,'2021-08-10 17:53:11','Magento Open Source 2.4.3 available today!','Magento Open Source 2.4.3, along with security-only patches 2.4.2-p1 and 2.3.7-p2, is now generally available. Magento Open Source 2.4.3 includes 33 security and 370+ quality improvements, along with performance and scale enhancements.  With these important updates, we strongly recommend that you upgrade to maintain the highest level of security for your sites. Learn how this release can help you save time and maximize resources in our release blog. ','http://magento.com/blog/magento-news/get-ready-your-peak-season-adobe-commerce-243',0,1),(70,4,'2021-08-12 18:31:38','Faster, more accessible Magento 2 site with Breeze Turbo mode https://bit.ly/3CIssOw','','https://bit.ly/3CIssOw',0,1),(71,4,'2021-08-17 08:26:02','Fire Checkout 1.27.1 is now compatible with Magento 2.4.3  https://bit.ly/3iPi1Ro','','https://bit.ly/3iPi1Ro',0,1),(72,2,'2021-08-19 05:42:15','Your export file is ready','You can pick up your file at export main page','',0,1),(73,2,'2021-08-31 11:50:09','Your export file is ready','You can pick up your file at export main page','',0,1),(74,2,'2021-09-03 14:09:17','Your export file is ready','You can pick up your file at export main page','',0,1),(75,2,'2021-09-09 14:10:57','Your export file is ready','You can pick up your file at export main page','',0,1),(76,2,'2021-09-09 14:11:05','Your export file is ready','You can pick up your file at export main page','',1,1),(77,2,'2021-09-13 07:09:16','Your export file is ready','You can pick up your file at export main page','',1,1),(78,2,'2021-09-14 13:09:00','FireCheckout 1.28 allows to place billing address before shipping and much more https://bit.ly/3E8Oz1c','','https://bit.ly/3E8Oz1c',1,1),(79,4,'2021-10-01 14:44:47','New, Simplified Upgrade Process and Lifecycle Policy Helps Reduce Your TCO ','Adobe Commerce developed a new release strategy and updated its lifecycle policy in effort to help Merchants lower their total cost of ownership and accelerate their time to innovation. Learn more about how upgrades are now more predictable and easier to implement in our blog.','https://magento.com/blog/accelerating-innovation-through-simplified-release-strategy',1,1),(80,4,'2021-10-05 23:44:33','Argento 1.25 is now available with better Breeze support https://bit.ly/3ixeaYI','','https://bit.ly/3ixeaYI',1,1),(81,4,'2021-10-22 19:06:48','Magento Technology Stack Evaluation Survey','Please take a few minutes to fill out this survey https://forms.office.com/r/DLN8K3h2h0. We appreciate your effort to support the future of Adobe Commerce!','https://forms.office.com/r/DLN8K3h2h0',1,1),(82,4,'2021-10-26 00:26:41','Recaptcha 1.4.0 with Breeze integration is now available https://bit.ly/3jE5ccv','','https://bit.ly/3jE5ccv',1,1),(83,4,'2021-11-07 22:11:12','Argento 1.25.2 for Magento 2 is ready for download  https://bit.ly/3mUJaUM','','https://bit.ly/3mUJaUM',1,1),(84,2,'2021-11-08 10:44:33','Your export file is ready','You can pick up your file at export main page','',1,1),(85,2,'2021-11-08 10:44:46','Your export file is ready','You can pick up your file at export main page','',0,1),(86,4,'2021-11-10 17:46:53','Fire Checkout 1.28.5 for Magento 2 is ready for download  https://bit.ly/3HazoWP','','https://bit.ly/3HazoWP',0,1),(87,2,'2021-11-15 11:51:23','Your export file is ready','You can pick up your file at export main page','',0,1),(88,2,'2021-11-17 10:13:22','Your export file is ready','You can pick up your file at export main page','',0,1),(89,2,'2021-11-22 16:32:35','Check out the new Argento Marketplace design https://bit.ly/3HMJH3y','','https://bit.ly/3HMJH3y',0,1),(90,4,'2021-11-26 09:56:17','Get your black Friday deal at SwissUpLabs https://bit.ly/3rbH7OT','','https://bit.ly/3rbH7OT',0,1),(91,4,'2021-12-02 23:28:05','Fire Checkout 1.28.7 for Magento 2 is ready for download https://bit.ly/3ph3Bvg','','https://bit.ly/3ph3Bvg',0,1),(92,4,'2021-12-12 18:32:33','Make your Magento 2 store faster with Breeze 1.7.4 https://bit.ly/3GDOGlO','','https://bit.ly/3GDOGlO',0,1),(93,4,'2021-12-23 12:53:18','Grab your Christmas deals for Magento 2 website https://bit.ly/3Jbdbcd','','https://bit.ly/3Jbdbcd',1,0),(94,4,'2021-12-27 15:19:23','Introducing the new Fastest Template for Magento 2 https://bit.ly/3qvs4xs','','https://bit.ly/3qvs4xs',1,0),(95,4,'2022-01-05 16:46:55','Argento 1.27 for Magento 2 is ready for download https://bit.ly/3mZCp3Q','','https://bit.ly/3mZCp3Q',0,0),(96,2,'2022-01-11 05:31:27','Your export file is ready','You can pick up your file at export main page','',0,0),(97,2,'2022-01-11 05:31:30','Your export file is ready','You can pick up your file at export main page','',0,0),(98,2,'2022-01-11 05:31:58','Your export file is ready','You can pick up your file at export main page','',0,0),(99,2,'2022-01-11 05:39:25','Your export file is ready','You can pick up your file at export main page','',0,0),(100,4,'2022-01-12 18:45:40','Fire Checkout 1.28.8 for Magento 2 is ready for download https://bit.ly/3FkvcBS','','https://bit.ly/3FkvcBS',0,0),(101,2,'2022-01-19 14:04:56','Your export file is ready','You can pick up your file at export main page','',0,0),(102,2,'2022-01-19 14:04:59','Your export file is ready','You can pick up your file at export main page','',0,0),(103,2,'2022-01-20 06:06:55','Your export file is ready','You can pick up your file at export main page','',0,0),(104,2,'2022-02-17 16:49:28','Security update available for Adobe Commerce | APSB22-12','Adobe has released security updates for Adobe Commerce and Magento Open Source. These updates resolve vulnerabilities rated critical. Full details included in security bulletin.','https://helpx.adobe.com/security/products/magento/apsb22-12.html',0,0),(105,2,'2022-03-01 23:33:53','Magento Open Source 2.4.4 Coming April 12','To help ensure this release delivers the highest standards of security and quality, general availability of Magento Open Source is now planned for April 12. For more information, visit our DevBlog. ','https://community.magento.com/t5/Magento-DevBlog/Adobe-Commerce-2-4-4-Now-Coming-April-12/ba-p/492935',0,0),(106,2,'2022-01-31 22:46:06','Argento is getting faster again with new 1.28.0 release and Breeze 1.9 https://bit.ly/3ri00iV','','https://bit.ly/3ri00iV',0,0),(107,4,'2022-02-11 22:09:30','Everything is ready for the new Breeze Magento 2 frontend  https://bit.ly/3Bd1BK8','','https://bit.ly/3Bd1BK8',0,0),(108,2,'2022-02-19 17:57:08','See how to install the new security patch for Adobe vulnerability CVE-2022-24086 https://bit.ly/3JBtIFK','','https://bit.ly/3JBtIFK',0,0),(109,4,'2022-03-11 11:03:20','Improve Magento 2 checkout performance by upgrading Firecheckout to 1.28.9 release https://bit.ly/3vU6APf','','https://bit.ly/3vU6APf',0,0),(110,4,'2022-03-23 13:23:42','Argento 1.29 for Magento 2 is ready for download https://bit.ly/3ivjSK1','','https://bit.ly/3ivjSK1',0,0),(111,2,'2022-04-12 16:52:58','Magento Open Source 2.4.4 Available Now!','Magento Open Source 2.4.4 enables customers to future-proof and accelerate the growth of their digital commerce businesses. This release is our fastest and most scalable version ever, with increased GraphQL API coverage for several Admin features, as well as new capabilities to PWA Studio 12.3.  Learn how this release can help you save time and maximize resources in our release blog. ','https://business.adobe.com/blog/perspectives/future-proof-your-business-with-adobe-commerce-2-4-4',0,0),(112,1,'2022-04-12 09:59:23','Discover the Breeze Evolution - the new free Magento 2 template with the lightning-fast performance  https://bit.ly/3LWIB6H','','https://bit.ly/3LWIB6H',0,0),(113,4,'2022-04-15 13:19:16','Benefit from 20% off deals for Magento 2 sites. Click for Easter treat https://bit.ly/3M3qhJe','','https://bit.ly/3M3qhJe',0,0),(114,4,'2022-05-24 15:06:25','Prepared to upgrade to Magento Open Source 2.4.4?','With 2.3 end of support (EOS) in September and 2.4.0-2.4.3 EOS in November, it is critical to have an upgrade plan in place to make sure your site stays secure, performant and PCI-Compliant. Learn more about how Magento Open Source 2.4.4 will future-proof your business.','https://business.adobe.com/blog/perspectives/future-proof-your-business-with-adobe-commerce-2-4-4',0,0),(115,2,'2022-04-26 09:15:04','Argento 1.30 is now compatible wiht Magento 2.4.4 https://bit.ly/3rQjRWm','','https://bit.ly/3rQjRWm',0,0),(116,2,'2022-05-06 21:28:17','Check your modules and template compatibility with the latest Magento 2.4.4 https://bit.ly/37sLeic','','https://bit.ly/37sLeic',0,0),(117,4,'2022-05-31 10:14:44','Argento 1.31 for Magento 2 is ready for download https://bit.ly/3a9ipZ9','','https://bit.ly/3a9ipZ9',0,0),(118,4,'2022-06-13 00:23:50','See our monthly post about module updates made in April-May 2022 https://bit.ly/3OaKtKh','','https://bit.ly/3OaKtKh',0,0),(119,4,'2022-06-16 11:28:33','Make your Magento checkout fly with Firecheckout 1.28.13 https://bit.ly/3xuICJp','','https://bit.ly/3xuICJp',0,0),(120,4,'2022-06-27 11:34:58','Try fastest free Magento 2 template - Breeze Evolution 1.1 https://bit.ly/3bsePK8','','https://bit.ly/3bsePK8',0,0),(121,4,'2022-06-29 18:00:30','Check out the the full power of Magento 2 Breeze with Argento Stripes Breeze edition  https://bit.ly/3nokbc4','','https://bit.ly/3nokbc4',0,0),(122,4,'2022-07-04 13:27:13','Save up your money with hot summer discount for Magento 2 modules https://bit.ly/3bBrDxN','','https://bit.ly/3bBrDxN',0,0),(123,4,'2022-07-26 16:18:18','Expanded video library on the Adobe Commerce Experience League','Check out our expanded video library on the Adobe Commerce Experience League that now has a set of 35 short demo videos of our core Adobe Commerce capabilities and support tools.','https://experienceleague.adobe.com/docs/commerce-learn/tutorials/overview.html?lang=en',0,0),(124,4,'2022-07-27 16:29:29','Everyone&#039;s invited to partner within the fastest Breeze frontend for Magento 2 https://bit.ly/3PCPKva ','','https://bit.ly/3PCPKva ',0,0),(125,4,'2022-08-11 13:13:50','FAQ: How to configure &quot;read more&quot; in your Magento 2 blog post',' If you still don&#039;t know how to configure read more functionality in your magento 2 blog post, please read this article.\n                    Online documentation for Magento 2 blog extension is also available on our website. http://goo.gl/XOEdpy ','http://magefan.com/blog/add-read-more-tag-to-blog-post-content/?from=notification1',0,0),(126,2,'2022-08-16 02:44:59','Your export file is ready','You can pick up your file at export main page','',0,0),(127,2,'2022-08-16 02:45:09','Your export file is ready','You can pick up your file at export main page','',0,0),(128,2,'2022-08-16 02:45:18','Your export file is ready','You can pick up your file at export main page','',1,0),(129,2,'2022-08-16 02:45:27','Your export file is ready','You can pick up your file at export main page','',1,0),(130,2,'2022-08-16 02:45:36','Your export file is ready','You can pick up your file at export main page','',1,0),(131,3,'2022-08-21 13:02:35','New version 2.10.10 of Magefan Magento 2 Blog Extension is now available.',' You can download the new version from Magefan Store or update it via composer. Get us in touch if you need our help with an update or you have any questions.\n                                    https://magefan.com/magento2-blog-extension?version=2.10.10\n                                 ','https://magefan.com/magento2-blog-extension?version=2.10.10',0,0),(132,2,'2022-08-30 09:57:16','Your export file is ready','You can pick up your file at export main page','',0,0),(133,2,'2022-08-30 09:57:33','Your export file is ready','You can pick up your file at export main page','',0,0),(134,2,'2022-08-30 09:57:49','Your export file is ready','You can pick up your file at export main page','',0,0),(135,2,'2022-08-30 09:58:05','Your export file is ready','You can pick up your file at export main page','',0,0),(136,2,'2022-08-30 10:02:19','Your export file is ready','You can pick up your file at export main page','',0,0),(137,2,'2022-08-30 10:05:45','Your export file is ready','You can pick up your file at export main page','',0,0),(138,2,'2022-08-30 12:17:42','Your export file is ready','You can pick up your file at export main page','',0,0),(139,4,'2022-08-30 13:54:08','Argento 1.32 is now fully compatbile with Magento 2.4.5 https://bit.ly/3QZkMhJ','','https://bit.ly/3QZkMhJ',0,0),(140,2,'2022-08-30 13:28:46','Your export file is ready','You can pick up your file at export main page','',0,0),(141,2,'2022-08-30 16:32:41','Your export file is ready','You can pick up your file at export main page','',0,0),(142,4,'2022-09-08 00:00:00','New Magento 2 Google Shopping Feed Extension','Use Google Shopping Feed Extension to create feeds, track data in Google Analytics and Google Shopping Feed generation process.','https://magefan.com/magento-2-google-shopping-feed-extension?utm_source=admin-ntf&amp;utm_medium=gsfeed&amp;utm_campaign=google-shopping-feed',0,0),(143,4,'2022-09-13 00:00:00','NEW Magento 2 Product Tabs Extension!','Display videos, size charts, warranty info, related products, loyalty programs and other relevant information in product tabs to increase conversions. Visit magefan.com to learn more!','https://magefan.com/magento-2/extensions/product-tabs?utm_source=website&amp;utm_medium=admin-ntf&amp;utm_campaign=product-tabs ',0,0),(144,2,'2022-09-19 11:44:32','Your export file is ready','You can pick up your file at export main page','',0,0),(145,2,'2022-09-25 09:48:09','Your export file is ready','You can pick up your file at export main page','',0,0),(146,1,'2022-10-11 16:58:58','Magento Open Source Security Patches Now Available','Adobe is excited to announce that Magento Open Source security-only patches 2.4.5-p1 and 2.4.4-p2 are now available to our entire Commerce Community. In this release, you will find several security enhancements. Refer to the Readying your business for peak season shopping blog for more information and other exciting upgrades. ','https://business.adobe.com/blog/the-latest/readying-your-business-for-peak-season-shopping',0,0),(147,3,'2023-01-15 15:31:39','New version 2.10.11 of Magefan Magento 2 Blog Extension is now available.',' You can download the new version from Magefan Store or update it via composer. Get us in touch if you need our help with an update or you have any questions.\n                                    https://magefan.com/magento2-blog-extension?version=2.10.11\n                                 ','https://magefan.com/magento2-blog-extension?version=2.10.11',0,0),(148,4,'2023-01-11 00:00:00','NEW Point of Sale (POS) System for Magento 2! ','See all product details of this superb tool to keep track of your online and offline stores data in one place https://magefan.com/magento-pos-system','https://magefan.com/magento-pos-system?utm_source=website&amp;utm_medium=admin-ntf&amp;utm_campaign=ancmnt-pos',0,0);

--
-- Table structure for table `adobe_stock_asset`
--

CREATE TABLE `adobe_stock_asset` (
  `id` int(10) unsigned NOT NULL AUTO_INCREMENT COMMENT 'Entity ID',
  `media_gallery_id` int(10) unsigned DEFAULT NULL COMMENT 'Media gallery ID',
  `category_id` int(10) unsigned DEFAULT NULL COMMENT 'Category ID',
  `creator_id` int(10) unsigned DEFAULT NULL COMMENT 'Creator ID',
  `is_licensed` int(10) unsigned NOT NULL DEFAULT '0' COMMENT 'Is Licensed',
  `creation_date` varchar(255) DEFAULT NULL COMMENT 'Creation Date',
  PRIMARY KEY (`id`),
  KEY `ADOBE_STOCK_ASSET_MEDIA_GALLERY_ID_MEDIA_GALLERY_ASSET_ID` (`media_gallery_id`),
  KEY `ADOBE_STOCK_ASSET_ID` (`id`),
  KEY `ADOBE_STOCK_ASSET_CATEGORY_ID` (`category_id`),
  KEY `ADOBE_STOCK_ASSET_CREATOR_ID` (`creator_id`),
  CONSTRAINT `ADOBE_STOCK_ASSET_CATEGORY_ID_ADOBE_STOCK_CATEGORY_ID` FOREIGN KEY (`category_id`) REFERENCES `adobe_stock_category` (`id`) ON DELETE SET NULL,
  CONSTRAINT `ADOBE_STOCK_ASSET_CREATOR_ID_ADOBE_STOCK_CREATOR_ID` FOREIGN KEY (`creator_id`) REFERENCES `adobe_stock_creator` (`id`) ON DELETE SET NULL,
  CONSTRAINT `ADOBE_STOCK_ASSET_MEDIA_GALLERY_ID_MEDIA_GALLERY_ASSET_ID` FOREIGN KEY (`media_gallery_id`) REFERENCES `media_gallery_asset` (`id`) ON DELETE CASCADE
) ENGINE=InnoDB DEFAULT CHARSET=utf8 COMMENT='Adobe Stock Asset';

--
-- Dumping data for table `adobe_stock_asset`
--


--
-- Table structure for table `adobe_stock_category`
--

CREATE TABLE `adobe_stock_category` (
  `id` int(10) unsigned NOT NULL AUTO_INCREMENT COMMENT 'Entity ID',
  `name` varchar(255) DEFAULT NULL COMMENT 'Name',
  PRIMARY KEY (`id`),
  KEY `ADOBE_STOCK_CATEGORY_ID` (`id`)
) ENGINE=InnoDB DEFAULT CHARSET=utf8 COMMENT='Adobe Stock Category';

--
-- Dumping data for table `adobe_stock_category`
--


--
-- Table structure for table `adobe_stock_creator`
--

CREATE TABLE `adobe_stock_creator` (
  `id` int(10) unsigned NOT NULL AUTO_INCREMENT COMMENT 'ID',
  `name` varchar(255) DEFAULT NULL COMMENT 'Asset creator''s name',
  PRIMARY KEY (`id`),
  KEY `ADOBE_STOCK_CREATOR_ID` (`id`)
) ENGINE=InnoDB DEFAULT CHARSET=utf8 COMMENT='Adobe Stock Creator';

--
-- Dumping data for table `adobe_stock_creator`
--


--
-- Table structure for table `amazon_customer`
--

CREATE TABLE `amazon_customer` (
  `entity_id` int(10) unsigned NOT NULL AUTO_INCREMENT COMMENT 'Entity_id',
  `customer_id` int(10) unsigned NOT NULL COMMENT 'Customer_id',
  `amazon_id` varchar(255) NOT NULL COMMENT 'Amazon_id',
  PRIMARY KEY (`entity_id`),
  UNIQUE KEY `AMAZON_CUSTOMER_CUSTOMER_ID_AMAZON_ID` (`customer_id`,`amazon_id`),
  UNIQUE KEY `AMAZON_CUSTOMER_CUSTOMER_ID` (`customer_id`),
  CONSTRAINT `AMAZON_CUSTOMER_CUSTOMER_ID_CUSTOMER_ENTITY_ENTITY_ID` FOREIGN KEY (`customer_id`) REFERENCES `customer_entity` (`entity_id`) ON DELETE CASCADE
) ENGINE=InnoDB DEFAULT CHARSET=utf8 COMMENT='amazon_customer';

--
-- Dumping data for table `amazon_customer`
--


--
-- Table structure for table `amazon_pending_capture`
--

CREATE TABLE `amazon_pending_capture` (
  `entity_id` int(10) unsigned NOT NULL AUTO_INCREMENT COMMENT 'Entity_id',
  `capture_id` varchar(255) NOT NULL COMMENT 'Capture_id',
  `created_at` datetime NOT NULL COMMENT 'Created_at',
  `order_id` int(10) unsigned NOT NULL COMMENT 'order id',
  `payment_id` int(10) unsigned NOT NULL COMMENT 'payment id',
  PRIMARY KEY (`entity_id`),
  UNIQUE KEY `AMAZON_PENDING_CAPTURE_ORDER_ID_PAYMENT_ID_CAPTURE_ID` (`order_id`,`payment_id`,`capture_id`)
) ENGINE=InnoDB DEFAULT CHARSET=utf8 COMMENT='amazon_pending_capture';

--
-- Dumping data for table `amazon_pending_capture`
--


--
-- Table structure for table `amazon_pending_refund`
--

CREATE TABLE `amazon_pending_refund` (
  `entity_id` int(10) unsigned NOT NULL AUTO_INCREMENT COMMENT 'Entity_id',
  `refund_id` varchar(255) NOT NULL COMMENT 'Refund_id',
  `created_at` datetime NOT NULL COMMENT 'Created_at',
  `order_id` int(10) unsigned NOT NULL COMMENT 'Order_id',
  `payment_id` int(10) unsigned NOT NULL COMMENT 'Payment_id',
  PRIMARY KEY (`entity_id`),
  UNIQUE KEY `AMAZON_PENDING_REFUND_ORDER_ID_PAYMENT_ID_REFUND_ID` (`order_id`,`payment_id`,`refund_id`)
) ENGINE=InnoDB DEFAULT CHARSET=utf8 COMMENT='amazon_pending_refund';

--
-- Dumping data for table `amazon_pending_refund`
--


--
-- Table structure for table `amazon_quote`
--

CREATE TABLE `amazon_quote` (
  `entity_id` int(10) unsigned NOT NULL AUTO_INCREMENT COMMENT 'Entity ID',
  `quote_id` int(10) unsigned NOT NULL COMMENT 'Quote ID',
  `amazon_order_reference_id` varchar(255) NOT NULL COMMENT 'Amazon Order Reference ID',
  `sandbox_simulation_reference` varchar(255) DEFAULT NULL COMMENT 'Sandbox simulation reference',
  `confirmed` smallint(5) unsigned NOT NULL DEFAULT '0' COMMENT 'Quote confirmed with Amazon',
  PRIMARY KEY (`entity_id`),
  UNIQUE KEY `AMAZON_QUOTE_QUOTE_ID` (`quote_id`),
  CONSTRAINT `AMAZON_QUOTE_QUOTE_ID_QUOTE_ENTITY_ID` FOREIGN KEY (`quote_id`) REFERENCES `quote` (`entity_id`) ON DELETE CASCADE
) ENGINE=InnoDB DEFAULT CHARSET=utf8 COMMENT='amazon_quote';

--
-- Dumping data for table `amazon_quote`
--


--
-- Table structure for table `amazon_sales_order`
--

CREATE TABLE `amazon_sales_order` (
  `entity_id` int(10) unsigned NOT NULL AUTO_INCREMENT COMMENT 'Entity ID',
  `order_id` int(10) unsigned NOT NULL COMMENT 'Order ID',
  `amazon_order_reference_id` varchar(255) NOT NULL COMMENT 'Amazon Order Reference ID',
  PRIMARY KEY (`entity_id`),
  UNIQUE KEY `AMAZON_SALES_ORDER_ORDER_ID` (`order_id`),
  CONSTRAINT `AMAZON_SALES_ORDER_ORDER_ID_SALES_ORDER_ENTITY_ID` FOREIGN KEY (`order_id`) REFERENCES `sales_order` (`entity_id`) ON DELETE CASCADE
) ENGINE=InnoDB DEFAULT CHARSET=utf8 COMMENT='amazon_sales_order';

--
-- Dumping data for table `amazon_sales_order`
--


--
-- Table structure for table `ambab_estimatingdelivery`
--

CREATE TABLE `ambab_estimatingdelivery` (
  `estimatingdelivery_id` int(10) unsigned NOT NULL AUTO_INCREMENT COMMENT 'Entity Id',
  `city` varchar(255) DEFAULT NULL COMMENT 'City',
  `deliveryday` varchar(255) DEFAULT NULL COMMENT 'EstimatingDeliveryDays',
  `status` int(11) NOT NULL DEFAULT '0' COMMENT 'Status',
  `day` int(11) DEFAULT NULL COMMENT 'day',
  `created_at` timestamp NOT NULL DEFAULT CURRENT_TIMESTAMP ON UPDATE CURRENT_TIMESTAMP COMMENT 'Created At',
  PRIMARY KEY (`estimatingdelivery_id`)
) ENGINE=InnoDB AUTO_INCREMENT=18 DEFAULT CHARSET=utf8 COMMENT='Ambab EstimatingDelivery Table';

--
-- Dumping data for table `ambab_estimatingdelivery`
--

INSERT INTO `ambab_estimatingdelivery` VALUES (1,'Jeddah','Order now and get Delivery',1,3,'0000-00-00 00:00:00'),(2,'Dammam','Order now and get Delivery',1,3,'0000-00-00 00:00:00'),(3,'Riyadh','Order now and get Delivery',1,3,'0000-00-00 00:00:00'),(4,'Buraida','Order now and get Delivery',1,5,'0000-00-00 00:00:00'),(5,'Onaiza','Order now and get Delivery',1,5,'0000-00-00 00:00:00'),(6,'Khobar','Order now and get Delivery',1,3,'0000-00-00 00:00:00'),(7,'Dhahran','Order now and get Delivery',1,3,'0000-00-00 00:00:00'),(8,'Jubail','Order now and get Delivery',1,5,'0000-00-00 00:00:00'),(9,'Ar\'ar','Order now and get Delivery',1,5,'0000-00-00 00:00:00'),(10,'Tabuk','Order now and get Delivery',1,5,'0000-00-00 00:00:00'),(11,'Madinah','Order now and get Delivery',1,5,'0000-00-00 00:00:00'),(12,'Makkah','Order now and get Delivery',1,5,'0000-00-00 00:00:00'),(13,'Taif','Order now and get Delivery',1,5,'0000-00-00 00:00:00'),(14,'Yanbu','Order now and get Delivery',1,5,'0000-00-00 00:00:00'),(15,'Jazan','Order now and get Delivery',1,5,'0000-00-00 00:00:00'),(16,'Abha','Order now and get Delivery',1,5,'0000-00-00 00:00:00'),(17,'Khamis Mushait','Order now and get Delivery',1,5,'0000-00-00 00:00:00');

--
-- Table structure for table `ambab_subscribe`
--

CREATE TABLE `ambab_subscribe` (
  `subscribe_id` int(10) unsigned NOT NULL AUTO_INCREMENT COMMENT 'Entity Id',
  `issue_type` varchar(255) DEFAULT NULL COMMENT 'Type',
  `service_subscribe_id` varchar(255) DEFAULT NULL COMMENT 'Service Subscribe Id',
  `status` varchar(255) NOT NULL DEFAULT 'pending' COMMENT 'Status',
  `comment` mediumtext COMMENT 'Comment',
  `customer_id` int(11) DEFAULT NULL COMMENT 'Customer id',
  `customer_email` varchar(255) DEFAULT NULL COMMENT 'Customer email',
  `start_date` timestamp NOT NULL DEFAULT CURRENT_TIMESTAMP ON UPDATE CURRENT_TIMESTAMP COMMENT 'Start Date',
  PRIMARY KEY (`subscribe_id`)
) ENGINE=InnoDB AUTO_INCREMENT=28 DEFAULT CHARSET=utf8 COMMENT='Ambab Subscribe Table';

--
-- Dumping data for table `ambab_subscribe`
--

INSERT INTO `ambab_subscribe` VALUES (1,'test1','000000051','pending','test',1,'johndev10@example.com','2021-04-19 00:00:00'),(2,'test2','000000064','pending','My device is not working ',3,'johndev10ew@example.com','2021-04-19 00:00:00'),(3,'test1','000000155','pending','I am facing issue and my device is not working. ',3,'johndev10ew@example.com','2021-04-22 00:00:00'),(4,'test1','000000266','pending','zcsca',24,'smhanna@hoshangroup.com','2021-05-18 00:00:00'),(5,'test4','000000266','pending','cxbnnchfn',24,'smhanna@hoshangroup.com','2021-05-19 00:00:00'),(6,'test1','000000319','pending','45',20,'akabalan@hoshangroup.com','2021-05-26 00:00:00'),(7,'test1','000000554','pending','This is the test type - 1 issue 07-09-2021',21,'test@yopmail.com','2021-09-07 00:00:00'),(8,'test1','000000666','pending','hhh',28,'anurag@gmail.com','2021-10-07 00:00:00'),(9,'test1','2000000034','pending','Service 14-10-2021',1,'johndev10@mailinator.com','2021-10-14 00:00:00'),(10,NULL,'000000985','pending','test',39,'fayotaibi@gmail.com','2021-10-18 00:00:00'),(11,NULL,'000000985','pending','test',39,'fayotaibi@gmail.com','2021-10-18 00:00:00'),(12,'test1','2000000034','pending','test service ',1,'johndev10@mailinator.com','2021-10-20 00:00:00'),(13,'Paper Jam','000001070','pending','dfafa',1,'johndev10@mailinator.com','2021-10-24 00:00:00'),(14,'To replace consumables','000001258','pending','test',28,'anurag@gmail.com','2021-10-28 00:00:00'),(15,'Paper Jam','2000000034','pending','TEST ',1,'johndev10@mailinator.com','2021-10-29 00:00:00'),(16,'Too Slow','000001382','pending','dsfgh',38,'johndev11@mailinator.com','2021-11-02 00:00:00'),(17,'Paper Jam','2000000034','pending','Paper JAM - 08-11-2021 TESTED',1,'johndev10@mailinator.com','2021-11-08 00:00:00'),(18,NULL,NULL,'pending',NULL,NULL,NULL,'2021-11-08 00:00:00'),(19,'Toner Issue','000001559','pending','sdvdbd df',1,'johndev10@mailinator.com','2021-11-11 00:00:00'),(20,'Toner Issue','2000000034','pending','asfvaseg svg',1,'johndev10@mailinator.com','2021-11-11 00:00:00'),(21,'Toner Issue','2000000034','pending','asfvaseg svg',1,'johndev10@mailinator.com','2021-11-11 00:00:00'),(22,'Paper Jam','000001961','pending','lll',26,'abed.kabalan@gmail.com','2021-11-28 00:00:00'),(23,'Toner Issue','000000985','pending','test',39,'fayotaibi@gmail.com','2021-12-02 00:00:00'),(24,NULL,'2000000034','pending','ghsdhdf',1,'johndev10@mailinator.com','2021-12-10 00:00:00'),(25,NULL,'2000000034','pending','sdfsdgd',1,'johndev10@mailinator.com','2021-12-10 00:00:00'),(26,NULL,NULL,'pending',NULL,NULL,NULL,'2021-12-10 00:00:00'),(27,NULL,'2000000034','pending','rhtyrutyuy',1,'johndev10@mailinator.com','2021-12-10 00:00:00');

--
-- Table structure for table `authorization_role`
--

CREATE TABLE `authorization_role` (
  `role_id` int(10) unsigned NOT NULL AUTO_INCREMENT COMMENT 'Role ID',
  `parent_id` int(10) unsigned NOT NULL DEFAULT '0' COMMENT 'Parent Role ID',
  `tree_level` smallint(5) unsigned NOT NULL DEFAULT '0' COMMENT 'Role Tree Level',
  `sort_order` smallint(5) unsigned NOT NULL DEFAULT '0' COMMENT 'Role Sort Order',
  `role_type` varchar(1) NOT NULL DEFAULT '0' COMMENT 'Role Type',
  `user_id` int(10) unsigned NOT NULL DEFAULT '0' COMMENT 'User ID',
  `user_type` varchar(16) DEFAULT NULL COMMENT 'User Type',
  `role_name` varchar(50) DEFAULT NULL COMMENT 'Role Name',
  PRIMARY KEY (`role_id`),
  KEY `AUTHORIZATION_ROLE_PARENT_ID_SORT_ORDER` (`parent_id`,`sort_order`),
  KEY `AUTHORIZATION_ROLE_TREE_LEVEL` (`tree_level`)
) ENGINE=InnoDB AUTO_INCREMENT=57 DEFAULT CHARSET=utf8 COMMENT='Admin Role Table';

--
-- Dumping data for table `authorization_role`
--

INSERT INTO `authorization_role` VALUES (1,0,1,1,'G',0,'2','Administrators'),(7,0,1,0,'U',1,'1','11'),(8,0,1,0,'G',0,'2','Logistic Team'),(12,0,1,0,'U',2,'1','12'),(25,1,2,0,'U',10,'2','Abdurlahman'),(27,1,2,0,'U',11,'2','Fay'),(32,1,2,0,'U',7,'2','FAI'),(40,1,2,0,'U',14,'2','Mohammad'),(43,1,2,0,'U',20,'2','api'),(44,0,1,0,'U',3,'1','13'),(48,0,1,0,'G',0,'2','UIUX'),(50,1,2,0,'U',23,'2','aymen'),(55,1,2,0,'U',16,'2','admin'),(56,1,2,0,'U',24,'2','admin');

--
-- Table structure for table `authorization_rule`
--

CREATE TABLE `authorization_rule` (
  `rule_id` int(10) unsigned NOT NULL AUTO_INCREMENT COMMENT 'Rule ID',
  `role_id` int(10) unsigned NOT NULL DEFAULT '0' COMMENT 'Role ID',
  `resource_id` varchar(255) DEFAULT NULL COMMENT 'Resource ID',
  `privileges` varchar(20) DEFAULT NULL COMMENT 'Privileges',
  `permission` varchar(10) DEFAULT NULL COMMENT 'Permission',
  PRIMARY KEY (`rule_id`),
  KEY `AUTHORIZATION_RULE_RESOURCE_ID_ROLE_ID` (`resource_id`,`role_id`),
  KEY `AUTHORIZATION_RULE_ROLE_ID_RESOURCE_ID` (`role_id`,`resource_id`),
  CONSTRAINT `AUTHORIZATION_RULE_ROLE_ID_AUTHORIZATION_ROLE_ROLE_ID` FOREIGN KEY (`role_id`) REFERENCES `authorization_role` (`role_id`) ON DELETE CASCADE
) ENGINE=InnoDB AUTO_INCREMENT=3063 DEFAULT CHARSET=utf8 COMMENT='Admin Rule Table';

--
-- Dumping data for table `authorization_rule`
--

INSERT INTO `authorization_rule` VALUES (1,1,'Magento_Backend::all',NULL,'allow'),(2,7,'Magento_Backend::all',NULL,'allow'),(2018,8,'Magento_Backend::all',NULL,'deny'),(2019,8,'Magento_Backend::admin',NULL,'allow'),(2020,8,'Swissup_Core::swissup',NULL,'deny'),(2021,8,'Swissup_Core::services',NULL,'deny'),(2022,8,'Swissup_Core::installer_index',NULL,'deny'),(2023,8,'Swissup_Core::installer_form',NULL,'deny'),(2024,8,'Swissup_Core::installer_install',NULL,'deny'),(2025,8,'Swissup_Core::installer_upgrade',NULL,'deny'),(2026,8,'Swissup_Core::general',NULL,'deny'),(2027,8,'Swissup_Testimonials::testimonials',NULL,'deny'),(2028,8,'Swissup_Testimonials::save',NULL,'deny'),(2029,8,'Swissup_Testimonials::delete',NULL,'deny'),(2030,8,'Swissup_Testimonials::approve',NULL,'deny'),(2031,8,'Magento_Backend::dashboard',NULL,'deny'),(2032,8,'Ideo_Core::configuration',NULL,'deny'),(2033,8,'Ideo_StoreLocator::configuration',NULL,'deny'),(2034,8,'Ideo_StoreLocator::stores',NULL,'deny'),(2035,8,'Ideo_StoreLocator::categories',NULL,'deny'),(2036,8,'Tawk_Widget::tawk',NULL,'deny'),(2037,8,'Tawk_Widget::tawk_choose_widget',NULL,'deny'),(2038,8,'Tawk_Widget::tawk_go_to_dashboard',NULL,'deny'),(2039,8,'Magento_Analytics::analytics',NULL,'deny'),(2040,8,'Magento_Analytics::analytics_api',NULL,'deny'),(2041,8,'MGS_Brand::brand',NULL,'deny'),(2042,8,'MGS_Brand::manage_brand',NULL,'deny'),(2043,8,'MGS_Brand::edit_brand',NULL,'deny'),(2044,8,'MGS_Brand::save_brand',NULL,'deny'),(2045,8,'MGS_Brand::delete_brand',NULL,'deny'),(2046,8,'Magento_Sales::sales',NULL,'allow'),(2047,8,'Magento_Sales::sales_operation',NULL,'allow'),(2048,8,'Magento_Sales::sales_order',NULL,'allow'),(2049,8,'Magento_Sales::actions',NULL,'allow'),(2050,8,'Magento_Sales::create',NULL,'deny'),(2051,8,'Magento_Sales::actions_view',NULL,'allow'),(2052,8,'Magento_Sales::email',NULL,'deny'),(2053,8,'Magento_Sales::reorder',NULL,'deny'),(2054,8,'Magento_Sales::actions_edit',NULL,'deny'),(2055,8,'Magento_Sales::cancel',NULL,'allow'),(2056,8,'Magento_Sales::review_payment',NULL,'allow'),(2057,8,'Magento_Sales::capture',NULL,'allow'),(2058,8,'Magento_Sales::invoice',NULL,'allow'),(2059,8,'Magento_Sales::creditmemo',NULL,'allow'),(2060,8,'Magento_Sales::hold',NULL,'allow'),(2061,8,'Magento_Sales::unhold',NULL,'allow'),(2062,8,'Magento_Sales::ship',NULL,'allow'),(2063,8,'Magento_Sales::comment',NULL,'allow'),(2064,8,'Magento_Sales::emails',NULL,'allow'),(2065,8,'Magento_Paypal::authorization',NULL,'deny'),(2066,8,'Magento_Sales::sales_invoice',NULL,'deny'),(2067,8,'Magento_Sales::shipment',NULL,'allow'),(2068,8,'Magento_Sales::sales_creditmemo',NULL,'deny'),(2069,8,'Magento_Paypal::billing_agreement',NULL,'deny'),(2070,8,'Magento_Paypal::billing_agreement_actions',NULL,'deny'),(2071,8,'Magento_Paypal::billing_agreement_actions_view',NULL,'deny'),(2072,8,'Magento_Paypal::actions_manage',NULL,'deny'),(2073,8,'Magento_Paypal::use',NULL,'deny'),(2074,8,'Magento_Sales::transactions',NULL,'deny'),(2075,8,'Magento_Sales::transactions_fetch',NULL,'deny'),(2076,8,'Ambab_Services::service_calls',NULL,'deny'),(2077,8,'Ambab_Services::service_calls_post',NULL,'deny'),(2078,8,'Ambab_Services::service_calls_save',NULL,'deny'),(2079,8,'Ambab_Services::service_calls_post_delete',NULL,'deny'),(2080,8,'Ambab_Services::service_plans',NULL,'deny'),(2081,8,'Ambab_Services::service_plans_post',NULL,'deny'),(2082,8,'Ambab_Services::service_plans_save',NULL,'deny'),(2083,8,'Ambab_Services::service_plans_post_delete',NULL,'deny'),(2084,8,'Magento_Catalog::catalog',NULL,'deny'),(2085,8,'Magento_Catalog::catalog_inventory',NULL,'deny'),(2086,8,'Magento_Catalog::products',NULL,'deny'),(2087,8,'Magento_Catalog::update_attributes',NULL,'deny'),(2088,8,'Magento_Catalog::edit_product_design',NULL,'deny'),(2089,8,'Magento_Catalog::categories',NULL,'deny'),(2090,8,'Magento_Catalog::edit_category_design',NULL,'deny'),(2091,8,'Magento_Customer::customer',NULL,'deny'),(2092,8,'Magento_Customer::manage',NULL,'deny'),(2093,8,'Magento_Customer::actions',NULL,'deny'),(2094,8,'Magento_Customer::delete',NULL,'deny'),(2095,8,'Magento_Customer::reset_password',NULL,'deny'),(2096,8,'Magento_Customer::invalidate_tokens',NULL,'deny'),(2097,8,'Magento_Customer::online',NULL,'deny'),(2098,8,'Magento_Customer::group',NULL,'deny'),(2099,8,'Magento_LoginAsCustomer::login',NULL,'deny'),(2100,8,'Magento_LoginAsCustomer::login_button',NULL,'deny'),(2101,8,'Magento_LoginAsCustomerLog::login_log',NULL,'deny'),(2102,8,'Magento_Cart::cart',NULL,'deny'),(2103,8,'Magento_Cart::manage',NULL,'deny'),(2104,8,'Magento_Backend::marketing',NULL,'deny'),(2105,8,'Magento_CatalogRule::promo',NULL,'deny'),(2106,8,'Magento_CatalogRule::promo_catalog',NULL,'deny'),(2107,8,'Magento_SalesRule::quote',NULL,'deny'),(2108,8,'Dotdigitalgroup_Email::automation',NULL,'deny'),(2109,8,'Dotdigitalgroup_Email::automation_studio',NULL,'deny'),(2110,8,'Dotdigitalgroup_Chat::config',NULL,'deny'),(2111,8,'Dotdigitalgroup_Email::exclusion_rules',NULL,'deny'),(2112,8,'Mageplaza_Smtp::email_marketing_menu',NULL,'deny'),(2113,8,'Magento_Backend::marketing_communications',NULL,'deny'),(2114,8,'Magento_Email::template',NULL,'deny'),(2115,8,'Magento_Newsletter::template',NULL,'deny'),(2116,8,'Magento_Newsletter::queue',NULL,'deny'),(2117,8,'Magento_Newsletter::subscriber',NULL,'deny'),(2118,8,'Magento_Backend::marketing_seo',NULL,'deny'),(2119,8,'Magento_Search::search',NULL,'deny'),(2120,8,'Magento_Search::synonyms',NULL,'deny'),(2121,8,'Magento_UrlRewrite::urlrewrite',NULL,'deny'),(2122,8,'Magento_Sitemap::sitemap',NULL,'deny'),(2123,8,'Magento_Backend::marketing_user_content',NULL,'deny'),(2124,8,'Magento_Review::reviews_all',NULL,'deny'),(2125,8,'Magento_Review::pending',NULL,'deny'),(2126,8,'Yotpo_Yotpo::yotpo_report_reviews',NULL,'deny'),(2127,8,'Magento_Backend::myaccount',NULL,'deny'),(2128,8,'Mageplaza_Core::menu',NULL,'deny'),(2129,8,'Mageplaza_Smtp::smtp',NULL,'deny'),(2130,8,'Mageplaza_Smtp::log',NULL,'deny'),(2131,8,'Mageplaza_Smtp::abandoned_cart',NULL,'deny'),(2132,8,'Mageplaza_Core::documentation',NULL,'deny'),(2133,8,'Mageplaza_Core::userguide',NULL,'deny'),(2134,8,'Mageplaza_Core::activate',NULL,'deny'),(2135,8,'Magento_Backend::content',NULL,'deny'),(2136,8,'Magento_Backend::content_elements',NULL,'deny'),(2137,8,'Magento_Cms::page',NULL,'deny'),(2138,8,'Magento_Cms::save',NULL,'deny'),(2139,8,'Magento_Cms::save_design',NULL,'deny'),(2140,8,'Magento_Cms::page_delete',NULL,'deny'),(2141,8,'Magento_Cms::block',NULL,'deny'),(2142,8,'Magento_Widget::widget_instance',NULL,'deny'),(2143,8,'Magento_Cms::media_gallery',NULL,'deny'),(2144,8,'Magento_AdobeStockImageAdminUi::media_gallery',NULL,'deny'),(2145,8,'Magento_AdobeStockImageAdminUi::save_preview_images',NULL,'deny'),(2146,8,'Magento_AdobeStockImageAdminUi::license_images',NULL,'deny'),(2147,8,'Magento_Backend::design',NULL,'deny'),(2148,8,'Magento_Theme::theme',NULL,'deny'),(2149,8,'Magento_Backend::schedule',NULL,'deny'),(2150,8,'Mageplaza_Blog::blog',NULL,'deny'),(2151,8,'Mageplaza_Blog::post',NULL,'deny'),(2152,8,'Mageplaza_Blog::tag',NULL,'deny'),(2153,8,'Mageplaza_Blog::topic',NULL,'deny'),(2154,8,'Mageplaza_Blog::category',NULL,'deny'),(2155,8,'Mageplaza_Blog::author',NULL,'deny'),(2156,8,'Mageplaza_Blog::comment',NULL,'deny'),(2157,8,'Mageplaza_Blog::import',NULL,'deny'),(2158,8,'Magento_Backend::content_translation',NULL,'deny'),(2159,8,'Magento_Reports::report',NULL,'deny'),(2160,8,'Dotdigitalgroup_Email::reports',NULL,'deny'),(2161,8,'Dotdigitalgroup_Email::contact',NULL,'deny'),(2162,8,'Dotdigitalgroup_Email::order',NULL,'deny'),(2163,8,'Dotdigitalgroup_Email::review',NULL,'deny'),(2164,8,'Dotdigitalgroup_Email::wishlist',NULL,'deny'),(2165,8,'Dotdigitalgroup_Email::catalog',NULL,'deny'),(2166,8,'Dotdigitalgroup_Email::importer',NULL,'deny'),(2167,8,'Dotdigitalgroup_Email::campaign',NULL,'deny'),(2168,8,'Dotdigitalgroup_Email::cron',NULL,'deny'),(2169,8,'Dotdigitalgroup_Email::dashboard',NULL,'deny'),(2170,8,'Dotdigitalgroup_Email::automation_enrollment',NULL,'deny'),(2171,8,'Dotdigitalgroup_Email::logviewer',NULL,'deny'),(2172,8,'Dotdigitalgroup_Email::abandoned',NULL,'deny'),(2173,8,'Magento_Reports::report_marketing',NULL,'deny'),(2174,8,'Magento_Reports::shopcart',NULL,'deny'),(2175,8,'Magento_Reports::product',NULL,'deny'),(2176,8,'Magento_Reports::abandoned',NULL,'deny'),(2177,8,'Magento_Reports::report_search',NULL,'deny'),(2178,8,'Magento_Newsletter::problem',NULL,'deny'),(2179,8,'Magento_Reports::review',NULL,'deny'),(2180,8,'Magento_Reports::review_customer',NULL,'deny'),(2181,8,'Magento_Reports::review_product',NULL,'deny'),(2182,8,'Yotpo_Yotpo::yotpo_reviews_external',NULL,'deny'),(2183,8,'Magento_Reports::salesroot',NULL,'deny'),(2184,8,'Magento_Reports::salesroot_sales',NULL,'deny'),(2185,8,'Magento_Reports::tax',NULL,'deny'),(2186,8,'Magento_Reports::invoiced',NULL,'deny'),(2187,8,'Magento_Reports::shipping',NULL,'deny'),(2188,8,'Magento_Reports::refunded',NULL,'deny'),(2189,8,'Magento_Reports::coupons',NULL,'deny'),(2190,8,'Magento_Paypal::paypal_settlement_reports',NULL,'deny'),(2191,8,'Magento_Paypal::paypal_settlement_reports_view',NULL,'deny'),(2192,8,'Magento_Paypal::fetch',NULL,'deny'),(2193,8,'PayPal_Braintree::settlement_report',NULL,'deny'),(2194,8,'Magento_Reports::customers',NULL,'deny'),(2195,8,'Magento_Reports::totals',NULL,'deny'),(2196,8,'Magento_Reports::customers_orders',NULL,'deny'),(2197,8,'Magento_Reports::accounts',NULL,'deny'),(2198,8,'Magento_Reports::report_products',NULL,'deny'),(2199,8,'Magento_Reports::viewed',NULL,'deny'),(2200,8,'Magento_Reports::bestsellers',NULL,'deny'),(2201,8,'Magento_Reports::lowstock',NULL,'deny'),(2202,8,'Magento_Reports::sold',NULL,'deny'),(2203,8,'Magento_Reports::downloads',NULL,'deny'),(2204,8,'Magento_Reports::statistics',NULL,'deny'),(2205,8,'Magento_Reports::statistics_refresh',NULL,'deny'),(2206,8,'Magento_Analytics::business_intelligence',NULL,'deny'),(2207,8,'Magento_Analytics::advanced_reporting',NULL,'deny'),(2208,8,'Magento_Analytics::bi_essentials',NULL,'deny'),(2209,8,'Yotpo_Yotpo::yotpo_analytics_external',NULL,'deny'),(2210,8,'Magento_Backend::stores',NULL,'deny'),(2211,8,'Magento_Backend::stores_settings',NULL,'deny'),(2212,8,'Magento_Backend::store',NULL,'deny'),(2213,8,'Magento_Config::config',NULL,'deny'),(2214,8,'Magento_LoginAsCustomer::config_section',NULL,'deny'),(2215,8,'Magento_CatalogInventory::cataloginventory',NULL,'deny'),(2216,8,'Dotdigitalgroup_Email::config',NULL,'deny'),(2217,8,'MGS_Core::config',NULL,'deny'),(2218,8,'Magento_Newsletter::newsletter',NULL,'deny'),(2219,8,'Mageplaza_Blog::configuration',NULL,'deny'),(2220,8,'MGS_Brand::config_brand',NULL,'deny'),(2221,8,'Magento_Downloadable::downloadable',NULL,'deny'),(2222,8,'Magento_Contact::contact',NULL,'deny'),(2223,8,'Magento_Payment::payment_services',NULL,'deny'),(2224,8,'Magento_Payment::payment',NULL,'deny'),(2225,8,'Magento_GoogleAnalytics::google',NULL,'deny'),(2226,8,'Magento_Catalog::config_catalog',NULL,'deny'),(2227,8,'Magento_CatalogSearch::config_catalog_search',NULL,'deny'),(2228,8,'Mageplaza_Smtp::configuration',NULL,'deny'),(2229,8,'MobiSms_Notify::sms_config',NULL,'deny'),(2230,8,'Magento_Cms::config_cms',NULL,'deny'),(2231,8,'Mageplaza_SocialShare::configuration',NULL,'deny'),(2232,8,'Mageplaza_Smtp::email_marketing',NULL,'deny'),(2233,8,'Ibnab_MegaMenu::ibnab_mega_config',NULL,'deny'),(2234,8,'Magento_Shipping::config_shipping',NULL,'deny'),(2235,8,'Magento_Shipping::shipping_policy',NULL,'deny'),(2236,8,'Magento_Shipping::carriers',NULL,'deny'),(2237,8,'Magento_Multishipping::config_multishipping',NULL,'deny'),(2238,8,'Mageplaza_Core::marketplace',NULL,'deny'),(2239,8,'Mageplaza_Core::configuration',NULL,'deny'),(2240,8,'Magento_Securitytxt::config',NULL,'deny'),(2241,8,'Magento_ReCaptchaUi::config',NULL,'deny'),(2242,8,'Magento_Config::config_general',NULL,'deny'),(2243,8,'Magento_Config::web',NULL,'deny'),(2244,8,'Magento_Config::config_design',NULL,'deny'),(2245,8,'Magento_Customer::config_customer',NULL,'deny'),(2246,8,'Magenman_Mobilelogin::config',NULL,'deny'),(2247,8,'Webkul_GoogleMapPinAddress::config',NULL,'deny'),(2248,8,'Magento_Paypal::paypal',NULL,'deny'),(2249,8,'Magento_Tax::config_tax',NULL,'deny'),(2250,8,'Magento_Checkout::checkout',NULL,'deny'),(2251,8,'Magento_Persistent::persistent',NULL,'deny'),(2252,8,'Magento_Sales::config_sales',NULL,'deny'),(2253,8,'Magento_Sales::sales_email',NULL,'deny'),(2254,8,'Magento_Sales::sales_pdf',NULL,'deny'),(2255,8,'Magento_Sitemap::config_sitemap',NULL,'deny'),(2256,8,'Magento_Reports::reports',NULL,'deny'),(2257,8,'Yotpo_Core::config',NULL,'deny'),(2258,8,'Yotpo_Yotpo::config',NULL,'deny'),(2259,8,'Magento_Wishlist::config_wishlist',NULL,'deny'),(2260,8,'Magento_Config::config_system',NULL,'deny'),(2261,8,'Magento_SalesRule::config_promo',NULL,'deny'),(2262,8,'Magento_Config::trans_email',NULL,'deny'),(2263,8,'Magento_Config::config_admin',NULL,'deny'),(2264,8,'Magento_Config::dev',NULL,'deny'),(2265,8,'Magento_Config::currency',NULL,'deny'),(2266,8,'Magento_Rss::rss',NULL,'deny'),(2267,8,'Magento_Config::sendfriend',NULL,'deny'),(2268,8,'Magento_Analytics::analytics_settings',NULL,'deny'),(2269,8,'Swissup_Core::swissup_config',NULL,'deny'),(2270,8,'Swissup_Core::core_config',NULL,'deny'),(2271,8,'Swissup_Testimonials::config_testimonials',NULL,'deny'),(2272,8,'Magento_NewRelicReporting::config_newrelicreporting',NULL,'deny'),(2273,8,'Manadev_Core::global_configuration',NULL,'deny'),(2274,8,'Magento_CheckoutAgreements::checkoutagreement',NULL,'deny'),(2275,8,'Magento_Sales::order_statuses',NULL,'deny'),(2276,8,'Magento_InventoryApi::inventory',NULL,'deny'),(2277,8,'Magento_InventoryApi::source',NULL,'deny'),(2278,8,'Magento_InventoryApi::source_edit',NULL,'deny'),(2279,8,'Magento_InventoryApi::stock',NULL,'deny'),(2280,8,'Magento_InventoryApi::stock_edit',NULL,'deny'),(2281,8,'Magento_InventoryApi::stock_delete',NULL,'deny'),(2282,8,'Magento_InventoryApi::stock_source_link',NULL,'deny'),(2283,8,'Magento_InventoryInStorePickupApi::inStorePickup',NULL,'deny'),(2284,8,'Magento_InventoryInStorePickupApi::notify_orders_are_ready_for_pickup',NULL,'deny'),(2285,8,'Magento_InventorySalesApi::stock',NULL,'deny'),(2286,8,'Magento_Tax::manage_tax',NULL,'deny'),(2287,8,'Magento_CurrencySymbol::system_currency',NULL,'deny'),(2288,8,'Magento_CurrencySymbol::currency_rates',NULL,'deny'),(2289,8,'Magento_CurrencySymbol::symbols',NULL,'deny'),(2290,8,'Magento_Backend::stores_attributes',NULL,'deny'),(2291,8,'Magento_Catalog::attributes_attributes',NULL,'deny'),(2292,8,'Magento_Catalog::sets',NULL,'deny'),(2293,8,'Magento_Review::ratings',NULL,'deny'),(2294,8,'Magento_Swatches::iframe',NULL,'deny'),(2295,8,'Magento_Backend::stores_other_settings',NULL,'deny'),(2296,8,'Magento_Backend::system',NULL,'deny'),(2297,8,'Magento_AdobeIms::adobe_ims',NULL,'deny'),(2298,8,'Magento_AdobeIms::actions',NULL,'deny'),(2299,8,'Magento_AdobeIms::login',NULL,'deny'),(2300,8,'Magento_AdobeIms::logout',NULL,'deny'),(2301,8,'Magento_AdobeStockAsset::adobe_stock_asset',NULL,'deny'),(2302,8,'Magento_AdobeStockAsset::actions',NULL,'deny'),(2303,8,'Magento_AdobeStockAsset::actions_delete',NULL,'deny'),(2304,8,'Magento_AdobeStockAsset::actions_save',NULL,'deny'),(2305,8,'Magento_AdobeStockAsset::actions_view',NULL,'deny'),(2306,8,'Magento_AdobeStockAsset::actions_get',NULL,'deny'),(2307,8,'Magento_Backend::convert',NULL,'deny'),(2308,8,'Magento_ImportExport::import',NULL,'deny'),(2309,8,'Magento_ImportExport::export',NULL,'deny'),(2310,8,'Magento_TaxImportExport::import_export',NULL,'deny'),(2311,8,'MageModule_OrderImportExport::import_export',NULL,'deny'),(2312,8,'MageModule_OrderImportExport::import',NULL,'deny'),(2313,8,'MageModule_OrderImportExport::export',NULL,'deny'),(2314,8,'Magento_ImportExport::history',NULL,'deny'),(2315,8,'Magento_Backend::extensions',NULL,'deny'),(2316,8,'Magento_Backend::local',NULL,'deny'),(2317,8,'Magento_Backend::custom',NULL,'deny'),(2318,8,'Magento_Integration::extensions',NULL,'deny'),(2319,8,'Magento_Integration::integrations',NULL,'deny'),(2320,8,'Magento_Backend::tools',NULL,'deny'),(2321,8,'Magento_Backend::cache',NULL,'deny'),(2322,8,'Magento_Backend::main_actions',NULL,'deny'),(2323,8,'Magento_Backend::flush_cache_storage',NULL,'deny'),(2324,8,'Magento_Backend::flush_magento_cache',NULL,'deny'),(2325,8,'Magento_Backend::mass_actions',NULL,'deny'),(2326,8,'Magento_Backend::toggling_cache_type',NULL,'deny'),(2327,8,'Magento_Backend::refresh_cache_type',NULL,'deny'),(2328,8,'Magento_Backend::additional_cache_management',NULL,'deny'),(2329,8,'Magento_Backend::flush_catalog_images',NULL,'deny'),(2330,8,'Magento_Backend::flush_js_css',NULL,'deny'),(2331,8,'Magento_Backend::flush_static_files',NULL,'deny'),(2332,8,'Magento_Backup::backup',NULL,'deny'),(2333,8,'Magento_Backup::rollback',NULL,'deny'),(2334,8,'Magento_Indexer::index',NULL,'deny'),(2335,8,'Magento_Indexer::changeMode',NULL,'deny'),(2336,8,'Magento_Indexer::invalidate',NULL,'deny'),(2337,8,'Magento_User::acl',NULL,'deny'),(2338,8,'Magento_User::acl_users',NULL,'deny'),(2339,8,'Magento_User::locks',NULL,'deny'),(2340,8,'Magento_User::acl_roles',NULL,'deny'),(2341,8,'Magento_Logging::magento_logging',NULL,'deny'),(2342,8,'Magento_Logging::magento_logging_events',NULL,'deny'),(2343,8,'Magento_Logging::system_magento_logging_bulk_operations',NULL,'deny'),(2344,8,'Magento_Backend::system_other_settings',NULL,'deny'),(2345,8,'Magento_AdminNotification::adminnotification',NULL,'deny'),(2346,8,'Magento_AdminNotification::show_toolbar',NULL,'deny'),(2347,8,'Magento_AdminNotification::show_list',NULL,'deny'),(2348,8,'Magento_AdminNotification::mark_as_read',NULL,'deny'),(2349,8,'Magento_AdminNotification::adminnotification_remove',NULL,'deny'),(2350,8,'Magento_Variable::variable',NULL,'deny'),(2351,8,'Magento_EncryptionKey::crypt_key',NULL,'deny'),(2352,8,'Magento_Backend::global_search',NULL,'deny'),(2353,8,'Manadev_Core::manadev',NULL,'deny'),(2354,8,'Manadev_Core::general',NULL,'deny'),(2355,8,'Manadev_Core::extension_control',NULL,'deny'),(2356,8,'MobiSms_Notify::sms',NULL,'deny'),(2357,8,'MobiSms_Notify::config',NULL,'deny'),(2358,12,'Magento_Backend::all',NULL,'deny'),(2359,12,'Magento_Backend::admin',NULL,'allow'),(2360,12,'Swissup_Core::swissup',NULL,'deny'),(2361,12,'Swissup_Core::services',NULL,'deny'),(2362,12,'Swissup_Core::installer_index',NULL,'deny'),(2363,12,'Swissup_Core::installer_form',NULL,'deny'),(2364,12,'Swissup_Core::installer_install',NULL,'deny'),(2365,12,'Swissup_Core::installer_upgrade',NULL,'deny'),(2366,12,'Swissup_Core::general',NULL,'deny'),(2367,12,'Swissup_Testimonials::testimonials',NULL,'deny'),(2368,12,'Swissup_Testimonials::save',NULL,'deny'),(2369,12,'Swissup_Testimonials::delete',NULL,'deny'),(2370,12,'Swissup_Testimonials::approve',NULL,'deny'),(2371,12,'Magento_Backend::dashboard',NULL,'deny'),(2372,12,'Ideo_Core::configuration',NULL,'deny'),(2373,12,'Ideo_StoreLocator::configuration',NULL,'deny'),(2374,12,'Ideo_StoreLocator::stores',NULL,'deny'),(2375,12,'Ideo_StoreLocator::categories',NULL,'deny'),(2376,12,'Tawk_Widget::tawk',NULL,'deny'),(2377,12,'Tawk_Widget::tawk_choose_widget',NULL,'deny'),(2378,12,'Tawk_Widget::tawk_go_to_dashboard',NULL,'deny'),(2379,12,'Magento_Analytics::analytics',NULL,'allow'),(2380,12,'Magento_Analytics::analytics_api',NULL,'allow'),(2381,12,'MGS_Brand::brand',NULL,'deny'),(2382,12,'MGS_Brand::manage_brand',NULL,'deny'),(2383,12,'MGS_Brand::edit_brand',NULL,'deny'),(2384,12,'MGS_Brand::save_brand',NULL,'deny'),(2385,12,'MGS_Brand::delete_brand',NULL,'deny'),(2386,12,'Magento_Sales::sales',NULL,'deny'),(2387,12,'Magento_Sales::sales_operation',NULL,'deny'),(2388,12,'Magento_Sales::sales_order',NULL,'deny'),(2389,12,'Magento_Sales::actions',NULL,'deny'),(2390,12,'Magento_Sales::create',NULL,'deny'),(2391,12,'Magento_Sales::actions_view',NULL,'deny'),(2392,12,'Magento_Sales::email',NULL,'deny'),(2393,12,'Magento_Sales::reorder',NULL,'deny'),(2394,12,'Magento_Sales::actions_edit',NULL,'deny'),(2395,12,'Magento_Sales::cancel',NULL,'deny'),(2396,12,'Magento_Sales::review_payment',NULL,'deny'),(2397,12,'Magento_Sales::capture',NULL,'deny'),(2398,12,'Magento_Sales::invoice',NULL,'deny'),(2399,12,'Magento_Sales::creditmemo',NULL,'deny'),(2400,12,'Magento_Sales::hold',NULL,'deny'),(2401,12,'Magento_Sales::unhold',NULL,'deny'),(2402,12,'Magento_Sales::ship',NULL,'deny'),(2403,12,'Magento_Sales::comment',NULL,'deny'),(2404,12,'Magento_Sales::emails',NULL,'deny'),(2405,12,'Magento_Paypal::authorization',NULL,'deny'),(2406,12,'Magento_Sales::sales_invoice',NULL,'deny'),(2407,12,'Magento_Sales::shipment',NULL,'deny'),(2408,12,'Magento_Sales::sales_creditmemo',NULL,'deny'),(2409,12,'Magento_Paypal::billing_agreement',NULL,'deny'),(2410,12,'Magento_Paypal::billing_agreement_actions',NULL,'deny'),(2411,12,'Magento_Paypal::billing_agreement_actions_view',NULL,'deny'),(2412,12,'Magento_Paypal::actions_manage',NULL,'deny'),(2413,12,'Magento_Paypal::use',NULL,'deny'),(2414,12,'Magento_Sales::transactions',NULL,'deny'),(2415,12,'Magento_Sales::transactions_fetch',NULL,'deny'),(2416,12,'Ambab_Services::service_calls',NULL,'deny'),(2417,12,'Ambab_Services::service_calls_post',NULL,'deny'),(2418,12,'Ambab_Services::service_calls_save',NULL,'deny'),(2419,12,'Ambab_Services::service_calls_post_delete',NULL,'deny'),(2420,12,'Ambab_Services::service_plans',NULL,'deny'),(2421,12,'Ambab_Services::service_plans_post',NULL,'deny'),(2422,12,'Ambab_Services::service_plans_save',NULL,'deny'),(2423,12,'Ambab_Services::service_plans_post_delete',NULL,'deny'),(2424,12,'Magento_Catalog::catalog',NULL,'deny'),(2425,12,'Magento_Catalog::catalog_inventory',NULL,'deny'),(2426,12,'Magento_Catalog::products',NULL,'deny'),(2427,12,'Magento_Catalog::update_attributes',NULL,'deny'),(2428,12,'Magento_Catalog::edit_product_design',NULL,'deny'),(2429,12,'Magento_Catalog::categories',NULL,'deny'),(2430,12,'Magento_Catalog::edit_category_design',NULL,'deny'),(2431,12,'Magento_Customer::customer',NULL,'deny'),(2432,12,'Magento_Customer::manage',NULL,'deny'),(2433,12,'Magento_Customer::actions',NULL,'deny'),(2434,12,'Magento_Customer::delete',NULL,'deny'),(2435,12,'Magento_Customer::reset_password',NULL,'deny'),(2436,12,'Magento_Customer::invalidate_tokens',NULL,'deny'),(2437,12,'Magento_Customer::online',NULL,'deny'),(2438,12,'Magento_Customer::group',NULL,'deny'),(2439,12,'Magento_LoginAsCustomer::login',NULL,'deny'),(2440,12,'Magento_LoginAsCustomer::login_button',NULL,'deny'),(2441,12,'Magento_LoginAsCustomerLog::login_log',NULL,'deny'),(2442,12,'Magento_Cart::cart',NULL,'deny'),(2443,12,'Magento_Cart::manage',NULL,'deny'),(2444,12,'Magento_Backend::marketing',NULL,'deny'),(2445,12,'Magento_CatalogRule::promo',NULL,'deny'),(2446,12,'Magento_CatalogRule::promo_catalog',NULL,'deny'),(2447,12,'Magento_SalesRule::quote',NULL,'deny'),(2448,12,'Dotdigitalgroup_Email::automation',NULL,'deny'),(2449,12,'Dotdigitalgroup_Email::automation_studio',NULL,'deny'),(2450,12,'Dotdigitalgroup_Chat::config',NULL,'deny'),(2451,12,'Dotdigitalgroup_Email::exclusion_rules',NULL,'deny'),(2452,12,'Mageplaza_Smtp::email_marketing_menu',NULL,'deny'),(2453,12,'Magento_Backend::marketing_communications',NULL,'deny'),(2454,12,'Magento_Email::template',NULL,'deny'),(2455,12,'Magento_Newsletter::template',NULL,'deny'),(2456,12,'Magento_Newsletter::queue',NULL,'deny'),(2457,12,'Magento_Newsletter::subscriber',NULL,'deny'),(2458,12,'Magento_Backend::marketing_seo',NULL,'deny'),(2459,12,'Magento_Search::search',NULL,'deny'),(2460,12,'Magento_Search::synonyms',NULL,'deny'),(2461,12,'Magento_UrlRewrite::urlrewrite',NULL,'deny'),(2462,12,'Magento_Sitemap::sitemap',NULL,'deny'),(2463,12,'Magento_Backend::marketing_user_content',NULL,'deny'),(2464,12,'Magento_Review::reviews_all',NULL,'deny'),(2465,12,'Magento_Review::pending',NULL,'deny'),(2466,12,'Yotpo_Yotpo::yotpo_report_reviews',NULL,'deny'),(2467,12,'Magento_Backend::myaccount',NULL,'deny'),(2468,12,'Mageplaza_Core::menu',NULL,'deny'),(2469,12,'Mageplaza_Smtp::smtp',NULL,'deny'),(2470,12,'Mageplaza_Smtp::log',NULL,'deny'),(2471,12,'Mageplaza_Smtp::abandoned_cart',NULL,'deny'),(2472,12,'Mageplaza_Core::documentation',NULL,'deny'),(2473,12,'Mageplaza_Core::userguide',NULL,'deny'),(2474,12,'Mageplaza_Core::activate',NULL,'deny'),(2475,12,'Magento_Backend::content',NULL,'deny'),(2476,12,'Magento_Backend::content_elements',NULL,'deny'),(2477,12,'Magento_Cms::page',NULL,'deny'),(2478,12,'Magento_Cms::save',NULL,'deny'),(2479,12,'Magento_Cms::save_design',NULL,'deny'),(2480,12,'Magento_Cms::page_delete',NULL,'deny'),(2481,12,'Magento_Cms::block',NULL,'deny'),(2482,12,'Magento_Widget::widget_instance',NULL,'deny'),(2483,12,'Magento_Cms::media_gallery',NULL,'deny'),(2484,12,'Magento_AdobeStockImageAdminUi::media_gallery',NULL,'deny'),(2485,12,'Magento_AdobeStockImageAdminUi::save_preview_images',NULL,'deny'),(2486,12,'Magento_AdobeStockImageAdminUi::license_images',NULL,'deny'),(2487,12,'Magento_Backend::design',NULL,'deny'),(2488,12,'Magento_Theme::theme',NULL,'deny'),(2489,12,'Magento_Backend::schedule',NULL,'deny'),(2490,12,'Mageplaza_Blog::blog',NULL,'deny'),(2491,12,'Mageplaza_Blog::post',NULL,'deny'),(2492,12,'Mageplaza_Blog::tag',NULL,'deny'),(2493,12,'Mageplaza_Blog::topic',NULL,'deny'),(2494,12,'Mageplaza_Blog::category',NULL,'deny'),(2495,12,'Mageplaza_Blog::author',NULL,'deny'),(2496,12,'Mageplaza_Blog::comment',NULL,'deny'),(2497,12,'Mageplaza_Blog::import',NULL,'deny'),(2498,12,'Magento_Backend::content_translation',NULL,'deny'),(2499,12,'Magento_Reports::report',NULL,'deny'),(2500,12,'Dotdigitalgroup_Email::reports',NULL,'deny'),(2501,12,'Dotdigitalgroup_Email::contact',NULL,'deny'),(2502,12,'Dotdigitalgroup_Email::order',NULL,'deny'),(2503,12,'Dotdigitalgroup_Email::review',NULL,'deny'),(2504,12,'Dotdigitalgroup_Email::wishlist',NULL,'deny'),(2505,12,'Dotdigitalgroup_Email::catalog',NULL,'deny'),(2506,12,'Dotdigitalgroup_Email::importer',NULL,'deny'),(2507,12,'Dotdigitalgroup_Email::campaign',NULL,'deny'),(2508,12,'Dotdigitalgroup_Email::cron',NULL,'deny'),(2509,12,'Dotdigitalgroup_Email::dashboard',NULL,'deny'),(2510,12,'Dotdigitalgroup_Email::automation_enrollment',NULL,'deny'),(2511,12,'Dotdigitalgroup_Email::logviewer',NULL,'deny'),(2512,12,'Dotdigitalgroup_Email::abandoned',NULL,'deny'),(2513,12,'Magento_Reports::report_marketing',NULL,'deny'),(2514,12,'Magento_Reports::shopcart',NULL,'deny'),(2515,12,'Magento_Reports::product',NULL,'deny'),(2516,12,'Magento_Reports::abandoned',NULL,'deny'),(2517,12,'Magento_Reports::report_search',NULL,'deny'),(2518,12,'Magento_Newsletter::problem',NULL,'deny'),(2519,12,'Magento_Reports::review',NULL,'deny'),(2520,12,'Magento_Reports::review_customer',NULL,'deny'),(2521,12,'Magento_Reports::review_product',NULL,'deny'),(2522,12,'Yotpo_Yotpo::yotpo_reviews_external',NULL,'deny'),(2523,12,'Magento_Reports::salesroot',NULL,'deny'),(2524,12,'Magento_Reports::salesroot_sales',NULL,'deny'),(2525,12,'Magento_Reports::tax',NULL,'deny'),(2526,12,'Magento_Reports::invoiced',NULL,'deny'),(2527,12,'Magento_Reports::shipping',NULL,'deny'),(2528,12,'Magento_Reports::refunded',NULL,'deny'),(2529,12,'Magento_Reports::coupons',NULL,'deny'),(2530,12,'Magento_Paypal::paypal_settlement_reports',NULL,'deny'),(2531,12,'Magento_Paypal::paypal_settlement_reports_view',NULL,'deny'),(2532,12,'Magento_Paypal::fetch',NULL,'deny'),(2533,12,'PayPal_Braintree::settlement_report',NULL,'deny'),(2534,12,'Magento_Reports::customers',NULL,'deny'),(2535,12,'Magento_Reports::totals',NULL,'deny'),(2536,12,'Magento_Reports::customers_orders',NULL,'deny'),(2537,12,'Magento_Reports::accounts',NULL,'deny'),(2538,12,'Magento_Reports::report_products',NULL,'deny'),(2539,12,'Magento_Reports::viewed',NULL,'deny'),(2540,12,'Magento_Reports::bestsellers',NULL,'deny'),(2541,12,'Magento_Reports::lowstock',NULL,'deny'),(2542,12,'Magento_Reports::sold',NULL,'deny'),(2543,12,'Magento_Reports::downloads',NULL,'deny'),(2544,12,'Magento_Reports::statistics',NULL,'deny'),(2545,12,'Magento_Reports::statistics_refresh',NULL,'deny'),(2546,12,'Magento_Analytics::business_intelligence',NULL,'deny'),(2547,12,'Magento_Analytics::advanced_reporting',NULL,'deny'),(2548,12,'Magento_Analytics::bi_essentials',NULL,'deny'),(2549,12,'Yotpo_Yotpo::yotpo_analytics_external',NULL,'deny'),(2550,12,'Magento_Backend::stores',NULL,'deny'),(2551,12,'Magento_Backend::stores_settings',NULL,'deny'),(2552,12,'Magento_Backend::store',NULL,'deny'),(2553,12,'Magento_Config::config',NULL,'deny'),(2554,12,'Magento_LoginAsCustomer::config_section',NULL,'deny'),(2555,12,'Magento_CatalogInventory::cataloginventory',NULL,'deny'),(2556,12,'Dotdigitalgroup_Email::config',NULL,'deny'),(2557,12,'MGS_Core::config',NULL,'deny'),(2558,12,'Magento_Newsletter::newsletter',NULL,'deny'),(2559,12,'Mageplaza_Blog::configuration',NULL,'deny'),(2560,12,'MGS_Brand::config_brand',NULL,'deny'),(2561,12,'Magento_Downloadable::downloadable',NULL,'deny'),(2562,12,'Magento_Contact::contact',NULL,'deny'),(2563,12,'Magento_Payment::payment_services',NULL,'deny'),(2564,12,'Magento_Payment::payment',NULL,'deny'),(2565,12,'Magento_GoogleAnalytics::google',NULL,'deny'),(2566,12,'Magento_Catalog::config_catalog',NULL,'deny'),(2567,12,'Magento_CatalogSearch::config_catalog_search',NULL,'deny'),(2568,12,'Mageplaza_Smtp::configuration',NULL,'deny'),(2569,12,'MobiSms_Notify::sms_config',NULL,'deny'),(2570,12,'Magento_Cms::config_cms',NULL,'deny'),(2571,12,'Mageplaza_SocialShare::configuration',NULL,'deny'),(2572,12,'Mageplaza_Smtp::email_marketing',NULL,'deny'),(2573,12,'Ibnab_MegaMenu::ibnab_mega_config',NULL,'deny'),(2574,12,'Magento_Shipping::config_shipping',NULL,'deny'),(2575,12,'Magento_Shipping::shipping_policy',NULL,'deny'),(2576,12,'Magento_Shipping::carriers',NULL,'deny'),(2577,12,'Magento_Multishipping::config_multishipping',NULL,'deny'),(2578,12,'Mageplaza_Core::marketplace',NULL,'deny'),(2579,12,'Mageplaza_Core::configuration',NULL,'deny'),(2580,12,'Magento_Securitytxt::config',NULL,'deny'),(2581,12,'Magento_ReCaptchaUi::config',NULL,'deny'),(2582,12,'Magento_Config::config_general',NULL,'deny'),(2583,12,'Magento_Config::web',NULL,'deny'),(2584,12,'Magento_Config::config_design',NULL,'deny'),(2585,12,'Magento_Customer::config_customer',NULL,'deny'),(2586,12,'Magenman_Mobilelogin::config',NULL,'deny'),(2587,12,'Webkul_GoogleMapPinAddress::config',NULL,'deny'),(2588,12,'Magento_Paypal::paypal',NULL,'deny'),(2589,12,'Magento_Tax::config_tax',NULL,'deny'),(2590,12,'Magento_Checkout::checkout',NULL,'deny'),(2591,12,'Magento_Persistent::persistent',NULL,'deny'),(2592,12,'Magento_Sales::config_sales',NULL,'deny'),(2593,12,'Magento_Sales::sales_email',NULL,'deny'),(2594,12,'Magento_Sales::sales_pdf',NULL,'deny'),(2595,12,'Magento_Sitemap::config_sitemap',NULL,'deny'),(2596,12,'Magento_Reports::reports',NULL,'deny'),(2597,12,'Yotpo_Core::config',NULL,'deny'),(2598,12,'Yotpo_Yotpo::config',NULL,'deny'),(2599,12,'Magento_Wishlist::config_wishlist',NULL,'deny'),(2600,12,'Magento_Config::config_system',NULL,'deny'),(2601,12,'Magento_SalesRule::config_promo',NULL,'deny'),(2602,12,'Magento_Config::trans_email',NULL,'deny'),(2603,12,'Magento_Config::config_admin',NULL,'deny'),(2604,12,'Magento_Config::dev',NULL,'deny'),(2605,12,'Magento_Config::currency',NULL,'deny'),(2606,12,'Magento_Rss::rss',NULL,'deny'),(2607,12,'Magento_Config::sendfriend',NULL,'deny'),(2608,12,'Magento_Analytics::analytics_settings',NULL,'deny'),(2609,12,'Swissup_Core::swissup_config',NULL,'deny'),(2610,12,'Swissup_Core::core_config',NULL,'deny'),(2611,12,'Swissup_Testimonials::config_testimonials',NULL,'deny'),(2612,12,'Magento_NewRelicReporting::config_newrelicreporting',NULL,'deny'),(2613,12,'Manadev_Core::global_configuration',NULL,'deny'),(2614,12,'Magento_CheckoutAgreements::checkoutagreement',NULL,'deny'),(2615,12,'Magento_Sales::order_statuses',NULL,'deny'),(2616,12,'Magento_InventoryApi::inventory',NULL,'deny'),(2617,12,'Magento_InventoryApi::source',NULL,'deny'),(2618,12,'Magento_InventoryApi::source_edit',NULL,'deny'),(2619,12,'Magento_InventoryApi::stock',NULL,'deny'),(2620,12,'Magento_InventoryApi::stock_edit',NULL,'deny'),(2621,12,'Magento_InventoryApi::stock_delete',NULL,'deny'),(2622,12,'Magento_InventoryApi::stock_source_link',NULL,'deny'),(2623,12,'Magento_InventoryInStorePickupApi::inStorePickup',NULL,'deny'),(2624,12,'Magento_InventoryInStorePickupApi::notify_orders_are_ready_for_pickup',NULL,'deny'),(2625,12,'Magento_InventorySalesApi::stock',NULL,'deny'),(2626,12,'Magento_Tax::manage_tax',NULL,'deny'),(2627,12,'Magento_CurrencySymbol::system_currency',NULL,'deny'),(2628,12,'Magento_CurrencySymbol::currency_rates',NULL,'deny'),(2629,12,'Magento_CurrencySymbol::symbols',NULL,'deny'),(2630,12,'Magento_Backend::stores_attributes',NULL,'deny'),(2631,12,'Magento_Catalog::attributes_attributes',NULL,'deny'),(2632,12,'Magento_Catalog::sets',NULL,'deny'),(2633,12,'Magento_Review::ratings',NULL,'deny'),(2634,12,'Magento_Swatches::iframe',NULL,'deny'),(2635,12,'Magento_Backend::stores_other_settings',NULL,'deny'),(2636,12,'Magento_Backend::system',NULL,'deny'),(2637,12,'Magento_AdobeIms::adobe_ims',NULL,'deny'),(2638,12,'Magento_AdobeIms::actions',NULL,'deny'),(2639,12,'Magento_AdobeIms::login',NULL,'deny'),(2640,12,'Magento_AdobeIms::logout',NULL,'deny'),(2641,12,'Magento_AdobeStockAsset::adobe_stock_asset',NULL,'deny'),(2642,12,'Magento_AdobeStockAsset::actions',NULL,'deny'),(2643,12,'Magento_AdobeStockAsset::actions_delete',NULL,'deny'),(2644,12,'Magento_AdobeStockAsset::actions_save',NULL,'deny'),(2645,12,'Magento_AdobeStockAsset::actions_view',NULL,'deny'),(2646,12,'Magento_AdobeStockAsset::actions_get',NULL,'deny'),(2647,12,'Magento_Backend::convert',NULL,'deny'),(2648,12,'Magento_ImportExport::import',NULL,'deny'),(2649,12,'Magento_ImportExport::export',NULL,'deny'),(2650,12,'Magento_TaxImportExport::import_export',NULL,'deny'),(2651,12,'MageModule_OrderImportExport::import_export',NULL,'deny'),(2652,12,'MageModule_OrderImportExport::import',NULL,'deny'),(2653,12,'MageModule_OrderImportExport::export',NULL,'deny'),(2654,12,'Magento_ImportExport::history',NULL,'deny'),(2655,12,'Magento_Backend::extensions',NULL,'deny'),(2656,12,'Magento_Backend::local',NULL,'deny'),(2657,12,'Magento_Backend::custom',NULL,'deny'),(2658,12,'Magento_Integration::extensions',NULL,'deny'),(2659,12,'Magento_Integration::integrations',NULL,'deny'),(2660,12,'Magento_Backend::tools',NULL,'deny'),(2661,12,'Magento_Backend::cache',NULL,'deny'),(2662,12,'Magento_Backend::main_actions',NULL,'deny'),(2663,12,'Magento_Backend::flush_cache_storage',NULL,'deny'),(2664,12,'Magento_Backend::flush_magento_cache',NULL,'deny'),(2665,12,'Magento_Backend::mass_actions',NULL,'deny'),(2666,12,'Magento_Backend::toggling_cache_type',NULL,'deny'),(2667,12,'Magento_Backend::refresh_cache_type',NULL,'deny'),(2668,12,'Magento_Backend::additional_cache_management',NULL,'deny'),(2669,12,'Magento_Backend::flush_catalog_images',NULL,'deny'),(2670,12,'Magento_Backend::flush_js_css',NULL,'deny'),(2671,12,'Magento_Backend::flush_static_files',NULL,'deny'),(2672,12,'Magento_Backup::backup',NULL,'deny'),(2673,12,'Magento_Backup::rollback',NULL,'deny'),(2674,12,'Magento_Indexer::index',NULL,'deny'),(2675,12,'Magento_Indexer::changeMode',NULL,'deny'),(2676,12,'Magento_Indexer::invalidate',NULL,'deny'),(2677,12,'Magento_User::acl',NULL,'deny'),(2678,12,'Magento_User::acl_users',NULL,'deny'),(2679,12,'Magento_User::locks',NULL,'deny'),(2680,12,'Magento_User::acl_roles',NULL,'deny'),(2681,12,'Magento_Logging::magento_logging',NULL,'deny'),(2682,12,'Magento_Logging::magento_logging_events',NULL,'deny'),(2683,12,'Magento_Logging::system_magento_logging_bulk_operations',NULL,'deny'),(2684,12,'Magento_Backend::system_other_settings',NULL,'deny'),(2685,12,'Magento_AdminNotification::adminnotification',NULL,'deny'),(2686,12,'Magento_AdminNotification::show_toolbar',NULL,'deny'),(2687,12,'Magento_AdminNotification::show_list',NULL,'deny'),(2688,12,'Magento_AdminNotification::mark_as_read',NULL,'deny'),(2689,12,'Magento_AdminNotification::adminnotification_remove',NULL,'deny'),(2690,12,'Magento_Variable::variable',NULL,'deny'),(2691,12,'Magento_EncryptionKey::crypt_key',NULL,'deny'),(2692,12,'Magento_Backend::global_search',NULL,'deny'),(2693,12,'Manadev_Core::manadev',NULL,'deny'),(2694,12,'Manadev_Core::general',NULL,'deny'),(2695,12,'Manadev_Core::extension_control',NULL,'deny'),(2696,12,'MobiSms_Notify::sms',NULL,'deny'),(2697,12,'MobiSms_Notify::config',NULL,'deny'),(2698,44,'Magento_Backend::all',NULL,'allow'),(2699,48,'Magento_Backend::all',NULL,'deny'),(2700,48,'Magento_Backend::admin',NULL,'allow'),(2701,48,'Magento_Backend::dashboard',NULL,'allow'),(2702,48,'Swissup_Core::swissup',NULL,'deny'),(2703,48,'Swissup_Core::services',NULL,'deny'),(2704,48,'Swissup_Core::installer_index',NULL,'deny'),(2705,48,'Swissup_Core::installer_form',NULL,'deny'),(2706,48,'Swissup_Core::installer_install',NULL,'deny'),(2707,48,'Swissup_Core::installer_upgrade',NULL,'deny'),(2708,48,'Swissup_Core::general',NULL,'deny'),(2709,48,'Swissup_Testimonials::testimonials',NULL,'deny'),(2710,48,'Swissup_Testimonials::save',NULL,'deny'),(2711,48,'Swissup_Testimonials::delete',NULL,'deny'),(2712,48,'Swissup_Testimonials::approve',NULL,'deny'),(2713,48,'Ideo_Core::configuration',NULL,'allow'),(2714,48,'Ideo_StoreLocator::configuration',NULL,'allow'),(2715,48,'Ideo_StoreLocator::stores',NULL,'allow'),(2716,48,'Ideo_StoreLocator::categories',NULL,'allow'),(2717,48,'Webkul_CustomerSubaccount::manage',NULL,'deny'),(2718,48,'Magento_Analytics::analytics',NULL,'deny'),(2719,48,'Magento_Analytics::analytics_api',NULL,'deny'),(2720,48,'Tawk_Widget::tawk',NULL,'deny'),(2721,48,'Tawk_Widget::tawk_choose_widget',NULL,'deny'),(2722,48,'Tawk_Widget::tawk_go_to_dashboard',NULL,'deny'),(2723,48,'MGS_Brand::brand',NULL,'allow'),(2724,48,'MGS_Brand::manage_brand',NULL,'allow'),(2725,48,'MGS_Brand::edit_brand',NULL,'allow'),(2726,48,'MGS_Brand::save_brand',NULL,'allow'),(2727,48,'MGS_Brand::delete_brand',NULL,'allow'),(2728,48,'Magento_Sales::sales',NULL,'allow'),(2729,48,'Magento_Sales::sales_operation',NULL,'allow'),(2730,48,'Magento_Sales::sales_order',NULL,'allow'),(2731,48,'Magento_Sales::actions',NULL,'allow'),(2732,48,'Magento_Sales::create',NULL,'allow'),(2733,48,'Magento_Sales::actions_view',NULL,'allow'),(2734,48,'Magento_Sales::email',NULL,'allow'),(2735,48,'Magento_Sales::reorder',NULL,'allow'),(2736,48,'Magento_Sales::actions_edit',NULL,'allow'),(2737,48,'Magento_Sales::cancel',NULL,'allow'),(2738,48,'Magento_Sales::review_payment',NULL,'allow'),(2739,48,'Magento_Sales::capture',NULL,'allow'),(2740,48,'Magento_Sales::invoice',NULL,'allow'),(2741,48,'Magento_Sales::creditmemo',NULL,'allow'),(2742,48,'Magento_Sales::hold',NULL,'allow'),(2743,48,'Magento_Sales::unhold',NULL,'allow'),(2744,48,'Magento_Sales::ship',NULL,'allow'),(2745,48,'Magento_Sales::comment',NULL,'allow'),(2746,48,'Magento_Sales::emails',NULL,'allow'),(2747,48,'Magento_Paypal::authorization',NULL,'allow'),(2748,48,'Magento_Sales::sales_invoice',NULL,'allow'),(2749,48,'Magento_Sales::shipment',NULL,'allow'),(2750,48,'Magento_Sales::sales_creditmemo',NULL,'allow'),(2751,48,'Magento_Paypal::billing_agreement',NULL,'allow'),(2752,48,'Magento_Paypal::billing_agreement_actions',NULL,'allow'),(2753,48,'Magento_Paypal::billing_agreement_actions_view',NULL,'allow'),(2754,48,'Magento_Paypal::actions_manage',NULL,'allow'),(2755,48,'Magento_Paypal::use',NULL,'allow'),(2756,48,'Magento_Sales::transactions',NULL,'allow'),(2757,48,'Magento_Sales::transactions_fetch',NULL,'allow'),(2758,48,'Ambab_Services::service_calls',NULL,'allow'),(2759,48,'Ambab_Services::service_calls_post',NULL,'allow'),(2760,48,'Ambab_Services::service_calls_save',NULL,'allow'),(2761,48,'Ambab_Services::service_calls_post_delete',NULL,'allow'),(2762,48,'Ambab_Services::service_plans',NULL,'allow'),(2763,48,'Ambab_Services::service_plans_post',NULL,'allow'),(2764,48,'Ambab_Services::service_plans_save',NULL,'allow'),(2765,48,'Ambab_Services::service_plans_post_delete',NULL,'allow'),(2766,48,'Magento_Catalog::catalog',NULL,'allow'),(2767,48,'Magento_Catalog::catalog_inventory',NULL,'allow'),(2768,48,'Magento_Catalog::products',NULL,'allow'),(2769,48,'Magento_Catalog::update_attributes',NULL,'allow'),(2770,48,'Magento_Catalog::edit_product_design',NULL,'allow'),(2771,48,'Magento_Catalog::categories',NULL,'allow'),(2772,48,'Magento_Catalog::edit_category_design',NULL,'allow'),(2773,48,'Magento_Cart::cart',NULL,'allow'),(2774,48,'Magento_Cart::manage',NULL,'allow'),(2775,48,'Magento_Customer::customer',NULL,'allow'),(2776,48,'Magento_Customer::manage',NULL,'allow'),(2777,48,'Magento_Customer::actions',NULL,'allow'),(2778,48,'Magento_Customer::delete',NULL,'allow'),(2779,48,'Magento_Customer::reset_password',NULL,'allow'),(2780,48,'Magento_Customer::invalidate_tokens',NULL,'allow'),(2781,48,'Magento_Customer::online',NULL,'allow'),(2782,48,'Magento_Customer::group',NULL,'allow'),(2783,48,'Magento_LoginAsCustomer::login',NULL,'allow'),(2784,48,'Magento_LoginAsCustomer::login_button',NULL,'allow'),(2785,48,'Magento_LoginAsCustomer::allow_shopping_assistance',NULL,'allow'),(2786,48,'Magento_LoginAsCustomerLog::login_log',NULL,'allow'),(2787,48,'Magento_Backend::marketing',NULL,'allow'),(2788,48,'Magento_CatalogRule::promo',NULL,'allow'),(2789,48,'Magento_CatalogRule::promo_catalog',NULL,'allow'),(2790,48,'Magento_SalesRule::quote',NULL,'allow'),(2791,48,'Dotdigitalgroup_Email::automation',NULL,'allow'),(2792,48,'Dotdigitalgroup_Email::automation_studio',NULL,'allow'),(2793,48,'Dotdigitalgroup_Chat::config',NULL,'allow'),(2794,48,'Dotdigitalgroup_Email::exclusion_rules',NULL,'allow'),(2795,48,'Mageplaza_Smtp::email_marketing_menu',NULL,'allow'),(2796,48,'Magento_Backend::marketing_communications',NULL,'allow'),(2797,48,'Magento_Email::template',NULL,'allow'),(2798,48,'Magento_Newsletter::template',NULL,'allow'),(2799,48,'Magento_Newsletter::queue',NULL,'allow'),(2800,48,'Magento_Newsletter::subscriber',NULL,'allow'),(2801,48,'Magento_Backend::marketing_seo',NULL,'allow'),(2802,48,'Magento_Search::search',NULL,'allow'),(2803,48,'Magento_Search::synonyms',NULL,'allow'),(2804,48,'Magento_UrlRewrite::urlrewrite',NULL,'allow'),(2805,48,'Magento_Sitemap::sitemap',NULL,'allow'),(2806,48,'Magento_Backend::marketing_user_content',NULL,'allow'),(2807,48,'Magento_Review::reviews_all',NULL,'allow'),(2808,48,'Magento_Review::pending',NULL,'allow'),(2809,48,'Yotpo_Yotpo::yotpo_report_reviews',NULL,'allow'),(2810,48,'Magento_Backend::myaccount',NULL,'allow'),(2811,48,'Mageplaza_Core::menu',NULL,'deny'),(2812,48,'Mageplaza_Smtp::smtp',NULL,'deny'),(2813,48,'Mageplaza_Smtp::log',NULL,'deny'),(2814,48,'Mageplaza_Smtp::abandoned_cart',NULL,'deny'),(2815,48,'Mageplaza_Core::documentation',NULL,'deny'),(2816,48,'Mageplaza_Core::userguide',NULL,'deny'),(2817,48,'Mageplaza_Core::activate',NULL,'deny'),(2818,48,'Magento_Backend::content',NULL,'allow'),(2819,48,'Magento_Backend::content_elements',NULL,'allow'),(2820,48,'Magento_Cms::page',NULL,'allow'),(2821,48,'Magento_Cms::save',NULL,'allow'),(2822,48,'Magento_Cms::save_design',NULL,'allow'),(2823,48,'Magento_Cms::page_delete',NULL,'allow'),(2824,48,'Magento_Cms::block',NULL,'allow'),(2825,48,'Magento_Widget::widget_instance',NULL,'allow'),(2826,48,'Magento_Cms::media_gallery',NULL,'allow'),(2827,48,'Magento_AdobeStockImageAdminUi::media_gallery',NULL,'allow'),(2828,48,'Magento_AdobeStockImageAdminUi::save_preview_images',NULL,'allow'),(2829,48,'Magento_AdobeStockImageAdminUi::license_images',NULL,'allow'),(2830,48,'Magento_Backend::design',NULL,'allow'),(2831,48,'Magento_Theme::theme',NULL,'allow'),(2832,48,'Magento_Backend::schedule',NULL,'allow'),(2833,48,'Mageplaza_Blog::blog',NULL,'allow'),(2834,48,'Mageplaza_Blog::post',NULL,'allow'),(2835,48,'Mageplaza_Blog::tag',NULL,'allow'),(2836,48,'Mageplaza_Blog::topic',NULL,'allow'),(2837,48,'Mageplaza_Blog::category',NULL,'allow'),(2838,48,'Mageplaza_Blog::author',NULL,'allow'),(2839,48,'Mageplaza_Blog::comment',NULL,'allow'),(2840,48,'Mageplaza_Blog::import',NULL,'allow'),(2841,48,'Magento_Backend::content_translation',NULL,'allow'),(2842,48,'Magento_Reports::report',NULL,'allow'),(2843,48,'Dotdigitalgroup_Email::reports',NULL,'allow'),(2844,48,'Dotdigitalgroup_Email::contact',NULL,'allow'),(2845,48,'Dotdigitalgroup_Email::order',NULL,'allow'),(2846,48,'Dotdigitalgroup_Email::review',NULL,'allow'),(2847,48,'Dotdigitalgroup_Email::wishlist',NULL,'allow'),(2848,48,'Dotdigitalgroup_Email::catalog',NULL,'allow'),(2849,48,'Dotdigitalgroup_Email::importer',NULL,'allow'),(2850,48,'Dotdigitalgroup_Email::campaign',NULL,'allow'),(2851,48,'Dotdigitalgroup_Email::cron',NULL,'allow'),(2852,48,'Dotdigitalgroup_Email::dashboard',NULL,'allow'),(2853,48,'Dotdigitalgroup_Email::automation_enrollment',NULL,'allow'),(2854,48,'Dotdigitalgroup_Email::logviewer',NULL,'allow'),(2855,48,'Dotdigitalgroup_Email::abandoned',NULL,'allow'),(2856,48,'Magento_Reports::report_marketing',NULL,'allow'),(2857,48,'Magento_Reports::shopcart',NULL,'allow'),(2858,48,'Magento_Reports::product',NULL,'allow'),(2859,48,'Magento_Reports::abandoned',NULL,'allow'),(2860,48,'Magento_Reports::report_search',NULL,'allow'),(2861,48,'Magento_Newsletter::problem',NULL,'allow'),(2862,48,'Magento_Reports::review',NULL,'allow'),(2863,48,'Magento_Reports::review_customer',NULL,'allow'),(2864,48,'Magento_Reports::review_product',NULL,'allow'),(2865,48,'Yotpo_Yotpo::yotpo_reviews_external',NULL,'allow'),(2866,48,'Magento_Reports::salesroot',NULL,'allow'),(2867,48,'Magento_Reports::salesroot_sales',NULL,'allow'),(2868,48,'Magento_Reports::tax',NULL,'allow'),(2869,48,'Magento_Reports::invoiced',NULL,'allow'),(2870,48,'Magento_Reports::shipping',NULL,'allow'),(2871,48,'Magento_Reports::refunded',NULL,'allow'),(2872,48,'Magento_Reports::coupons',NULL,'allow'),(2873,48,'Magento_Paypal::paypal_settlement_reports',NULL,'allow'),(2874,48,'Magento_Paypal::paypal_settlement_reports_view',NULL,'allow'),(2875,48,'Magento_Paypal::fetch',NULL,'allow'),(2876,48,'PayPal_Braintree::settlement_report',NULL,'allow'),(2877,48,'Magento_Reports::customers',NULL,'allow'),(2878,48,'Magento_Reports::totals',NULL,'allow'),(2879,48,'Magento_Reports::customers_orders',NULL,'allow'),(2880,48,'Magento_Reports::accounts',NULL,'allow'),(2881,48,'Magento_Reports::report_products',NULL,'allow'),(2882,48,'Magento_Reports::viewed',NULL,'allow'),(2883,48,'Magento_Reports::bestsellers',NULL,'allow'),(2884,48,'Magento_Reports::lowstock',NULL,'allow'),(2885,48,'Magento_Reports::sold',NULL,'allow'),(2886,48,'Magento_Reports::downloads',NULL,'allow'),(2887,48,'Magento_Reports::statistics',NULL,'allow'),(2888,48,'Magento_Reports::statistics_refresh',NULL,'allow'),(2889,48,'Magento_Analytics::business_intelligence',NULL,'allow'),(2890,48,'Magento_Analytics::advanced_reporting',NULL,'allow'),(2891,48,'Magento_Analytics::bi_essentials',NULL,'allow'),(2892,48,'Yotpo_Yotpo::yotpo_analytics_external',NULL,'allow'),(2893,48,'Magento_Backend::stores',NULL,'deny'),(2894,48,'Magento_Backend::stores_settings',NULL,'deny'),(2895,48,'Magento_Backend::store',NULL,'deny'),(2896,48,'Magento_Config::config',NULL,'deny'),(2897,48,'Mageplaza_Blog::configuration',NULL,'deny'),(2898,48,'Magento_GoogleAnalytics::google',NULL,'deny'),(2899,48,'Magento_Contact::contact',NULL,'deny'),(2900,48,'Mageplaza_Smtp::email_marketing',NULL,'deny'),(2901,48,'Magento_LoginAsCustomer::config_section',NULL,'deny'),(2902,48,'Magento_Payment::payment_services',NULL,'deny'),(2903,48,'Magento_Payment::payment',NULL,'deny'),(2904,48,'Magento_CatalogInventory::cataloginventory',NULL,'deny'),(2905,48,'Magento_Catalog::config_catalog',NULL,'deny'),(2906,48,'Magento_CatalogSearch::config_catalog_search',NULL,'deny'),(2907,48,'Magento_Cms::config_cms',NULL,'deny'),(2908,48,'Magento_Newsletter::newsletter',NULL,'deny'),(2909,48,'Mageplaza_SocialShare::configuration',NULL,'deny'),(2910,48,'MobiSms_Notify::sms_config',NULL,'deny'),(2911,48,'Mageplaza_Smtp::configuration',NULL,'deny'),(2912,48,'Dotdigitalgroup_Email::config',NULL,'deny'),(2913,48,'Ibnab_MegaMenu::ibnab_mega_config',NULL,'deny'),(2914,48,'MGS_Brand::config_brand',NULL,'deny'),(2915,48,'MGS_Core::config',NULL,'deny'),(2916,48,'Magento_Downloadable::downloadable',NULL,'deny'),(2917,48,'Magento_Shipping::carriers',NULL,'deny'),(2918,48,'Magento_Shipping::config_shipping',NULL,'deny'),(2919,48,'Magento_Shipping::shipping_policy',NULL,'deny'),(2920,48,'Magento_Multishipping::config_multishipping',NULL,'deny'),(2921,48,'Mageplaza_Core::marketplace',NULL,'deny'),(2922,48,'Mageplaza_Core::configuration',NULL,'deny'),(2923,48,'Magento_ReCaptchaUi::config',NULL,'deny'),(2924,48,'Magento_Securitytxt::config',NULL,'deny'),(2925,48,'Magento_Config::config_general',NULL,'deny'),(2926,48,'Magento_Config::web',NULL,'deny'),(2927,48,'Mageplaza_PdfInvoice::configuration',NULL,'deny'),(2928,48,'Magento_Config::config_design',NULL,'deny'),(2929,48,'Magenman_Mobilelogin::config',NULL,'deny'),(2930,48,'Magento_Customer::config_customer',NULL,'deny'),(2931,48,'Magento_Paypal::paypal',NULL,'deny'),(2932,48,'Webkul_GoogleMapPinAddress::config',NULL,'deny'),(2933,48,'Webkul_CustomerSubaccount::config_customersubaccount',NULL,'deny'),(2934,48,'Magento_Tax::config_tax',NULL,'deny'),(2935,48,'Magento_Checkout::checkout',NULL,'deny'),(2936,48,'Magento_Sales::config_sales',NULL,'deny'),(2937,48,'Magento_Persistent::persistent',NULL,'deny'),(2938,48,'Magento_Sales::sales_email',NULL,'deny'),(2939,48,'Magento_Sales::sales_pdf',NULL,'deny'),(2940,48,'Magento_Sitemap::config_sitemap',NULL,'deny'),(2941,48,'Magento_Reports::reports',NULL,'deny'),(2942,48,'Magento_Wishlist::config_wishlist',NULL,'deny'),(2943,48,'Magento_Config::config_system',NULL,'deny'),(2944,48,'Yotpo_Core::config',NULL,'deny'),(2945,48,'Yotpo_Yotpo::config',NULL,'deny'),(2946,48,'Magento_SalesRule::config_promo',NULL,'deny'),(2947,48,'Magento_Config::config_admin',NULL,'deny'),(2948,48,'Magento_Config::trans_email',NULL,'deny'),(2949,48,'Magento_Config::dev',NULL,'deny'),(2950,48,'Magento_Config::currency',NULL,'deny'),(2951,48,'Magento_Rss::rss',NULL,'deny'),(2952,48,'Magento_Config::sendfriend',NULL,'deny'),(2953,48,'Magento_Analytics::analytics_settings',NULL,'deny'),(2954,48,'Swissup_Core::swissup_config',NULL,'deny'),(2955,48,'Swissup_Core::core_config',NULL,'deny'),(2956,48,'Swissup_Testimonials::config_testimonials',NULL,'deny'),(2957,48,'Magento_NewRelicReporting::config_newrelicreporting',NULL,'deny'),(2958,48,'Manadev_Core::global_configuration',NULL,'deny'),(2959,48,'Magento_CheckoutAgreements::checkoutagreement',NULL,'deny'),(2960,48,'Magento_Sales::order_statuses',NULL,'deny'),(2961,48,'Magento_InventoryApi::inventory',NULL,'deny'),(2962,48,'Magento_InventoryApi::source',NULL,'deny'),(2963,48,'Magento_InventoryApi::source_edit',NULL,'deny'),(2964,48,'Magento_InventoryApi::stock',NULL,'deny'),(2965,48,'Magento_InventoryApi::stock_edit',NULL,'deny'),(2966,48,'Magento_InventoryApi::stock_delete',NULL,'deny'),(2967,48,'Magento_InventoryApi::stock_source_link',NULL,'deny'),(2968,48,'Magento_InventoryInStorePickupApi::inStorePickup',NULL,'deny'),(2969,48,'Magento_InventoryInStorePickupApi::notify_orders_are_ready_for_pickup',NULL,'deny'),(2970,48,'Magento_InventorySalesApi::stock',NULL,'deny'),(2971,48,'Magento_Tax::manage_tax',NULL,'deny'),(2972,48,'Magento_CurrencySymbol::system_currency',NULL,'deny'),(2973,48,'Magento_CurrencySymbol::currency_rates',NULL,'deny'),(2974,48,'Magento_CurrencySymbol::symbols',NULL,'deny'),(2975,48,'Magento_Backend::stores_attributes',NULL,'deny'),(2976,48,'Magento_Catalog::attributes_attributes',NULL,'deny'),(2977,48,'Magento_Catalog::sets',NULL,'deny'),(2978,48,'Magento_Review::ratings',NULL,'deny'),(2979,48,'Magento_Swatches::iframe',NULL,'deny'),(2980,48,'Magento_Backend::stores_other_settings',NULL,'deny'),(2981,48,'Mageplaza_PdfInvoice::pdf_invoice',NULL,'deny'),(2982,48,'Mageplaza_PdfInvoice::template',NULL,'deny'),(2983,48,'Magento_Backend::system',NULL,'deny'),(2984,48,'Magento_AdobeIms::adobe_ims',NULL,'deny'),(2985,48,'Magento_AdobeIms::actions',NULL,'deny'),(2986,48,'Magento_AdobeIms::login',NULL,'deny'),(2987,48,'Magento_AdobeIms::logout',NULL,'deny'),(2988,48,'Magento_AdobeStockAsset::adobe_stock_asset',NULL,'deny'),(2989,48,'Magento_AdobeStockAsset::actions',NULL,'deny'),(2990,48,'Magento_AdobeStockAsset::actions_delete',NULL,'deny'),(2991,48,'Magento_AdobeStockAsset::actions_save',NULL,'deny'),(2992,48,'Magento_AdobeStockAsset::actions_view',NULL,'deny'),(2993,48,'Magento_AdobeStockAsset::actions_get',NULL,'deny'),(2994,48,'Magento_Backend::convert',NULL,'deny'),(2995,48,'Magento_ImportExport::import',NULL,'deny'),(2996,48,'Magento_ImportExport::export',NULL,'deny'),(2997,48,'Magento_TaxImportExport::import_export',NULL,'deny'),(2998,48,'MageModule_OrderImportExport::import_export',NULL,'deny'),(2999,48,'MageModule_OrderImportExport::import',NULL,'deny'),(3000,48,'MageModule_OrderImportExport::export',NULL,'deny'),(3001,48,'Magento_ImportExport::history',NULL,'deny'),(3002,48,'Magento_Backend::extensions',NULL,'deny'),(3003,48,'Magento_Backend::local',NULL,'deny'),(3004,48,'Magento_Backend::custom',NULL,'deny'),(3005,48,'Magento_Integration::extensions',NULL,'deny'),(3006,48,'Magento_Integration::integrations',NULL,'deny'),(3007,48,'Magento_Backend::tools',NULL,'deny'),(3008,48,'Magento_Backend::cache',NULL,'deny'),(3009,48,'Magento_Backend::main_actions',NULL,'deny'),(3010,48,'Magento_Backend::flush_cache_storage',NULL,'deny'),(3011,48,'Magento_Backend::flush_magento_cache',NULL,'deny'),(3012,48,'Magento_Backend::mass_actions',NULL,'deny'),(3013,48,'Magento_Backend::toggling_cache_type',NULL,'deny'),(3014,48,'Magento_Backend::refresh_cache_type',NULL,'deny'),(3015,48,'Magento_Backend::additional_cache_management',NULL,'deny'),(3016,48,'Magento_Backend::flush_catalog_images',NULL,'deny'),(3017,48,'Magento_Backend::flush_js_css',NULL,'deny'),(3018,48,'Magento_Backend::flush_static_files',NULL,'deny'),(3019,48,'Magento_Backup::backup',NULL,'deny'),(3020,48,'Magento_Backup::rollback',NULL,'deny'),(3021,48,'Magento_Indexer::index',NULL,'deny'),(3022,48,'Magento_Indexer::changeMode',NULL,'deny'),(3023,48,'Magento_Indexer::invalidate',NULL,'deny'),(3024,48,'Magento_User::acl',NULL,'deny'),(3025,48,'Magento_User::acl_users',NULL,'deny'),(3026,48,'Magento_User::locks',NULL,'deny'),(3027,48,'Magento_User::acl_roles',NULL,'deny'),(3028,48,'Magento_Logging::magento_logging',NULL,'deny'),(3029,48,'Magento_Logging::magento_logging_events',NULL,'deny'),(3030,48,'Magento_Logging::system_magento_logging_bulk_operations',NULL,'deny'),(3031,48,'Magento_Backend::system_other_settings',NULL,'deny'),(3032,48,'Magento_AdminNotification::adminnotification',NULL,'deny'),(3033,48,'Magento_AdminNotification::show_toolbar',NULL,'deny'),(3034,48,'Magento_AdminNotification::show_list',NULL,'deny'),(3035,48,'Magento_AdminNotification::mark_as_read',NULL,'deny'),(3036,48,'Magento_AdminNotification::adminnotification_remove',NULL,'deny'),(3037,48,'Magento_Variable::variable',NULL,'deny'),(3038,48,'Magento_EncryptionKey::crypt_key',NULL,'deny'),(3039,48,'Manadev_Core::manadev',NULL,'deny'),(3040,48,'Manadev_Core::general',NULL,'deny'),(3041,48,'Manadev_Core::extension_control',NULL,'deny'),(3042,48,'MobiSms_Notify::sms',NULL,'deny'),(3043,48,'MobiSms_Notify::config',NULL,'deny'),(3044,48,'Magento_Backend::global_search',NULL,'deny'),(3045,8,'Magento_MediaGalleryUiApi::insert_assets',NULL,'allow'),(3046,8,'Magento_MediaGalleryUiApi::upload_assets',NULL,'allow'),(3047,8,'Magento_MediaGalleryUiApi::edit_assets',NULL,'allow'),(3048,8,'Magento_MediaGalleryUiApi::delete_assets',NULL,'allow'),(3049,8,'Magento_MediaGalleryUiApi::create_folder',NULL,'allow'),(3050,8,'Magento_MediaGalleryUiApi::delete_folder',NULL,'allow'),(3051,12,'Magento_MediaGalleryUiApi::insert_assets',NULL,'allow'),(3052,12,'Magento_MediaGalleryUiApi::upload_assets',NULL,'allow'),(3053,12,'Magento_MediaGalleryUiApi::edit_assets',NULL,'allow'),(3054,12,'Magento_MediaGalleryUiApi::delete_assets',NULL,'allow'),(3055,12,'Magento_MediaGalleryUiApi::create_folder',NULL,'allow'),(3056,12,'Magento_MediaGalleryUiApi::delete_folder',NULL,'allow'),(3057,48,'Magento_MediaGalleryUiApi::insert_assets',NULL,'allow'),(3058,48,'Magento_MediaGalleryUiApi::upload_assets',NULL,'allow'),(3059,48,'Magento_MediaGalleryUiApi::edit_assets',NULL,'allow'),(3060,48,'Magento_MediaGalleryUiApi::delete_assets',NULL,'allow'),(3061,48,'Magento_MediaGalleryUiApi::create_folder',NULL,'allow'),(3062,48,'Magento_MediaGalleryUiApi::delete_folder',NULL,'allow');

--
-- Table structure for table `braintree_credit_prices`
--

CREATE TABLE `braintree_credit_prices` (
  `id` int(10) unsigned NOT NULL AUTO_INCREMENT COMMENT 'Row ID',
  `product_id` int(10) unsigned NOT NULL COMMENT 'Product Id',
  `term` int(11) NOT NULL COMMENT 'Credit Term',
  `monthly_payment` decimal(12,2) NOT NULL COMMENT 'Monthly Payment',
  `instalment_rate` decimal(12,2) NOT NULL COMMENT 'Instalment Rate',
  `cost_of_purchase` decimal(12,2) NOT NULL COMMENT 'Cost of purchase',
  `total_inc_interest` decimal(12,2) NOT NULL COMMENT 'Total Inc Interest',
  PRIMARY KEY (`id`),
  UNIQUE KEY `BRAINTREE_CREDIT_PRICES_PRODUCT_ID_TERM` (`product_id`,`term`),
  KEY `BRAINTREE_CREDIT_PRICES_PRODUCT_ID` (`product_id`)
) ENGINE=InnoDB DEFAULT CHARSET=utf8 COMMENT='Braintree credit rates';

--
-- Dumping data for table `braintree_credit_prices`
--


--
-- Table structure for table `braintree_transaction_details`
--

CREATE TABLE `braintree_transaction_details` (
  `entity_id` int(10) unsigned NOT NULL AUTO_INCREMENT COMMENT 'Entity ID',
  `order_id` int(10) unsigned NOT NULL COMMENT 'Order Id',
  `transaction_source` varchar(12) DEFAULT NULL COMMENT 'Transaction Source',
  PRIMARY KEY (`entity_id`),
  KEY `BRAINTREE_TRANSACTION_DETAILS_ORDER_ID` (`order_id`),
  CONSTRAINT `BRAINTREE_TRANSACTION_DETAILS_ORDER_ID_SALES_ORDER_ENTITY_ID` FOREIGN KEY (`order_id`) REFERENCES `sales_order` (`entity_id`) ON DELETE CASCADE
) ENGINE=InnoDB DEFAULT CHARSET=utf8 COMMENT='Braintree transaction details table';

--
-- Dumping data for table `braintree_transaction_details`
--


--
-- Table structure for table `cache`
--

CREATE TABLE `cache` (
  `id` varchar(200) NOT NULL COMMENT 'Cache Id',
  `data` mediumblob COMMENT 'Cache Data',
  `create_time` int(11) DEFAULT NULL COMMENT 'Cache Creation Time',
  `update_time` int(11) DEFAULT NULL COMMENT 'Time of Cache Updating',
  `expire_time` int(11) DEFAULT NULL COMMENT 'Cache Expiration Time',
  PRIMARY KEY (`id`),
  KEY `CACHE_EXPIRE_TIME` (`expire_time`)
) ENGINE=InnoDB DEFAULT CHARSET=utf8 COMMENT='Caches';

--
-- Dumping data for table `cache`
--


--
-- Table structure for table `cache_tag`
--

CREATE TABLE `cache_tag` (
  `tag` varchar(100) NOT NULL COMMENT 'Tag',
  `cache_id` varchar(200) NOT NULL COMMENT 'Cache Id',
  PRIMARY KEY (`tag`,`cache_id`),
  KEY `CACHE_TAG_CACHE_ID` (`cache_id`)
) ENGINE=InnoDB DEFAULT CHARSET=utf8 COMMENT='Tag Caches';

--
-- Dumping data for table `cache_tag`
--


--
-- Table structure for table `captcha_log`
--

CREATE TABLE `captcha_log` (
  `type` varchar(32) NOT NULL COMMENT 'Type',
  `value` varchar(255) NOT NULL COMMENT 'Value',
  `count` int(10) unsigned NOT NULL DEFAULT '0' COMMENT 'Count',
  `updated_at` timestamp NULL DEFAULT NULL COMMENT 'Update Time',
  PRIMARY KEY (`type`,`value`)
) ENGINE=InnoDB DEFAULT CHARSET=utf8 COMMENT='Count Login Attempts';

--
-- Dumping data for table `captcha_log`
--

INSERT INTO `captcha_log` VALUES ('1','155.138.113.73',2,'2022-08-17 11:09:25'),('1','170.133.103.93',2,'2022-06-07 20:07:28'),('1','188.236.138.222',4,'2022-10-31 19:08:13'),('1','188.48.212.72',2,'2021-12-23 08:43:47'),('1','188.50.148.189',1,'2022-11-14 16:54:52'),('1','223.178.197.177',2,'2021-12-23 14:07:09'),('1','41.236.189.212',3,'2023-02-27 11:02:14'),('1','5.156.246.4',2,'2022-09-12 11:27:07'),('1','5.163.115.86',1,'2022-08-09 06:23:39'),('1','50.61.43.45',1,'2021-12-21 18:43:53'),('1','78.95.2.172',2,'2022-06-07 20:02:50'),('1','93.169.140.6',1,'2022-09-11 14:33:29'),('2','abed.kabalan@gmai.com',1,'2022-01-09 08:02:29'),('2','abed.kabalan@gmal.com',1,'2021-12-21 18:43:53'),('2','admin',11,'2022-01-20 06:01:48'),('2','Admin100200300',2,'2022-09-07 14:51:52'),('2','admin123',10,'2023-02-27 11:02:14'),('2','admin1234',1,'2022-09-12 11:46:23'),('2','admin@worx.sa',2,'2022-04-10 08:40:25'),('2','adminnew',8,'2022-01-20 06:02:18'),('2','aftabahamd492',1,'2022-08-09 11:31:20'),('2','aftabahmad492',1,'2022-09-04 11:19:52'),('2','akabalan@hoshangroup.com',2,'2021-12-16 12:00:17'),('2','devweb',2,'2022-08-15 10:41:19'),('2','m.amer81993@gmai.com',2,'2021-12-23 08:48:18'),('2','m.amer81993@gmil.com',1,'2021-12-23 07:46:22'),('2','mohamed',6,'2022-06-07 09:49:31'),('2','opsadmin',4,'2022-10-31 19:07:47'),('2','radwan',1,'2022-06-07 20:07:28'),('2','TESTtest123',1,'2021-12-23 07:42:50');

--
-- Table structure for table `catalog_category_entity`
--

CREATE TABLE `catalog_category_entity` (
  `entity_id` int(10) unsigned NOT NULL AUTO_INCREMENT COMMENT 'Entity ID',
  `attribute_set_id` smallint(5) unsigned NOT NULL DEFAULT '0' COMMENT 'Attribute Set ID',
  `parent_id` int(10) unsigned NOT NULL DEFAULT '0' COMMENT 'Parent Category ID',
  `created_at` timestamp NOT NULL DEFAULT CURRENT_TIMESTAMP COMMENT 'Creation Time',
  `updated_at` timestamp NOT NULL DEFAULT CURRENT_TIMESTAMP ON UPDATE CURRENT_TIMESTAMP COMMENT 'Update Time',
  `path` varchar(255) NOT NULL COMMENT 'Tree Path',
  `position` int(11) NOT NULL COMMENT 'Position',
  `level` int(11) NOT NULL DEFAULT '0' COMMENT 'Tree Level',
  `children_count` int(11) NOT NULL COMMENT 'Child Count',
  PRIMARY KEY (`entity_id`),
  KEY `CATALOG_CATEGORY_ENTITY_LEVEL` (`level`),
  KEY `CATALOG_CATEGORY_ENTITY_PATH` (`path`)
) ENGINE=InnoDB AUTO_INCREMENT=107 DEFAULT CHARSET=utf8 COMMENT='Catalog Category Table';

--
-- Dumping data for table `catalog_category_entity`
--

INSERT INTO `catalog_category_entity` VALUES (1,3,0,'2020-09-07 13:26:58','2022-09-17 19:48:22','1',0,0,38),(2,3,1,'2020-09-07 13:27:14','2022-09-17 19:48:22','1/2',1,1,36),(15,3,2,'2021-02-19 10:24:48','2021-12-27 07:13:50','1/2/15',8,2,0),(20,3,2,'2021-02-25 12:57:54','2022-01-01 21:42:30','1/2/20',9,2,0),(24,3,2,'2021-04-18 16:41:34','2021-09-02 13:37:17','1/2/24',11,2,0),(25,3,2,'2021-04-18 16:42:17','2021-10-25 09:08:37','1/2/25',12,2,0),(26,3,2,'2021-04-19 07:56:09','2021-04-19 07:56:09','1/2/26',13,2,0),(29,3,1,'2021-05-17 11:02:45','2021-09-03 13:53:04','1/29',3,1,0),(39,3,2,'2021-05-25 11:20:17','2021-05-25 11:20:38','1/2/39',15,2,0),(41,3,2,'2021-09-03 13:54:25','2021-09-03 13:56:49','1/2/41',16,2,0),(42,3,2,'2021-09-03 14:15:08','2022-10-08 11:55:19','1/2/42',17,2,2),(47,3,2,'2022-03-20 20:49:07','2022-10-08 11:57:20','1/2/47',20,2,2),(48,3,2,'2022-03-22 08:28:52','2022-10-08 11:57:01','1/2/48',18,2,5),(53,3,2,'2022-08-10 20:21:31','2022-09-11 12:31:52','1/2/53',21,2,6),(54,3,53,'2022-08-10 20:21:31','2022-08-10 20:21:31','1/2/53/54',1,3,0),(75,3,2,'2022-08-10 20:22:04','2022-09-11 12:31:52','1/2/75',22,2,4),(76,3,75,'2022-08-10 20:22:04','2022-08-10 20:22:04','1/2/75/76',1,3,0),(77,3,75,'2022-08-10 20:22:04','2022-08-10 20:22:04','1/2/75/77',2,3,0),(78,3,75,'2022-08-10 20:22:04','2022-08-10 20:22:04','1/2/75/78',3,3,0),(79,3,75,'2022-08-10 20:22:04','2022-08-10 20:22:04','1/2/75/79',4,3,0),(80,3,53,'2022-08-10 20:22:04','2022-08-10 20:22:04','1/2/53/80',2,3,0),(81,3,53,'2022-08-10 20:22:04','2022-08-10 20:22:04','1/2/53/81',3,3,0),(82,3,53,'2022-08-10 20:22:04','2022-08-10 20:22:04','1/2/53/82',4,3,0),(83,3,2,'2022-08-10 20:23:07','2022-09-07 11:37:38','1/2/83',6,2,0),(84,3,2,'2022-08-10 20:23:07','2022-09-07 11:25:48','1/2/84',1,2,0),(85,3,53,'2022-08-10 20:23:07','2022-08-10 20:23:07','1/2/53/85',5,3,0),(86,3,53,'2022-08-10 20:23:07','2022-08-10 20:23:07','1/2/53/86',6,3,0),(88,3,48,'2022-09-01 10:09:46','2022-09-17 19:28:11','1/2/48/88',1,3,0),(90,3,42,'2022-09-07 11:04:06','2022-10-08 11:56:00','1/2/42/90',2,3,0),(91,3,48,'2022-09-07 11:09:14','2022-09-17 19:29:02','1/2/48/91',2,3,3),(95,3,42,'2022-09-10 15:51:09','2022-09-25 14:21:39','1/2/42/95',3,3,0),(98,3,91,'2022-09-11 12:26:54','2022-09-11 12:26:54','1/2/48/91/98',1,4,0),(99,3,91,'2022-09-11 12:27:21','2022-09-11 12:27:21','1/2/48/91/99',2,4,0),(100,3,91,'2022-09-11 12:27:52','2022-09-11 12:27:52','1/2/48/91/100',3,4,0),(101,3,47,'2022-09-11 12:29:25','2022-09-11 12:29:25','1/2/47/101',1,3,0),(102,3,47,'2022-09-11 12:29:51','2022-09-11 12:29:51','1/2/47/102',2,3,0),(104,3,2,'2022-09-11 12:31:36','2022-10-08 11:57:25','1/2/104',19,2,2),(105,3,104,'2022-09-11 12:32:17','2022-10-09 00:12:27','1/2/104/105',1,3,0),(106,3,104,'2022-09-11 12:34:08','2022-10-11 01:47:48','1/2/104/106',2,3,0);

--
-- Table structure for table `catalog_category_entity_datetime`
--

CREATE TABLE `catalog_category_entity_datetime` (
  `value_id` int(11) NOT NULL AUTO_INCREMENT COMMENT 'Value ID',
  `attribute_id` smallint(5) unsigned NOT NULL DEFAULT '0' COMMENT 'Attribute ID',
  `store_id` smallint(5) unsigned NOT NULL DEFAULT '0' COMMENT 'Store ID',
  `entity_id` int(10) unsigned NOT NULL DEFAULT '0' COMMENT 'Entity ID',
  `value` datetime DEFAULT NULL COMMENT 'Value',
  PRIMARY KEY (`value_id`),
  UNIQUE KEY `CATALOG_CATEGORY_ENTITY_DATETIME_ENTITY_ID_ATTRIBUTE_ID_STORE_ID` (`entity_id`,`attribute_id`,`store_id`),
  KEY `CATALOG_CATEGORY_ENTITY_DATETIME_ENTITY_ID` (`entity_id`),
  KEY `CATALOG_CATEGORY_ENTITY_DATETIME_ATTRIBUTE_ID` (`attribute_id`),
  KEY `CATALOG_CATEGORY_ENTITY_DATETIME_STORE_ID` (`store_id`),
  CONSTRAINT `CATALOG_CATEGORY_ENTITY_DATETIME_STORE_ID_STORE_STORE_ID` FOREIGN KEY (`store_id`) REFERENCES `store` (`store_id`) ON DELETE CASCADE,
  CONSTRAINT `CAT_CTGR_ENTT_DTIME_ATTR_ID_EAV_ATTR_ATTR_ID` FOREIGN KEY (`attribute_id`) REFERENCES `eav_attribute` (`attribute_id`) ON DELETE CASCADE,
  CONSTRAINT `CAT_CTGR_ENTT_DTIME_ENTT_ID_CAT_CTGR_ENTT_ENTT_ID` FOREIGN KEY (`entity_id`) REFERENCES `catalog_category_entity` (`entity_id`) ON DELETE CASCADE
) ENGINE=InnoDB AUTO_INCREMENT=87 DEFAULT CHARSET=utf8 COMMENT='Catalog Category Datetime Attribute Backend Table';

--
-- Dumping data for table `catalog_category_entity_datetime`
--

INSERT INTO `catalog_category_entity_datetime` VALUES (21,61,0,2,NULL),(22,62,0,2,NULL),(37,61,0,24,NULL),(38,62,0,24,NULL),(45,61,0,39,NULL),(46,62,0,39,NULL),(51,61,0,25,NULL),(52,62,0,25,NULL),(53,61,0,41,NULL),(54,62,0,41,NULL),(57,61,0,47,NULL),(58,62,0,47,NULL),(61,61,0,48,NULL),(62,62,0,48,NULL),(63,61,0,42,NULL),(64,62,0,42,NULL),(69,61,0,90,NULL),(70,62,0,90,NULL),(71,61,0,84,NULL),(72,62,0,84,NULL),(73,61,0,88,NULL),(74,62,0,88,NULL),(75,61,0,91,NULL),(76,62,0,91,NULL),(77,61,0,83,NULL),(78,62,0,83,NULL),(79,61,0,95,NULL),(80,62,0,95,NULL),(81,61,0,106,NULL),(82,62,0,106,NULL),(83,61,0,104,NULL),(84,62,0,104,NULL),(85,61,0,105,NULL),(86,62,0,105,NULL);

--
-- Table structure for table `catalog_category_entity_decimal`
--

CREATE TABLE `catalog_category_entity_decimal` (
  `value_id` int(11) NOT NULL AUTO_INCREMENT COMMENT 'Value ID',
  `attribute_id` smallint(5) unsigned NOT NULL DEFAULT '0' COMMENT 'Attribute ID',
  `store_id` smallint(5) unsigned NOT NULL DEFAULT '0' COMMENT 'Store ID',
  `entity_id` int(10) unsigned NOT NULL DEFAULT '0' COMMENT 'Entity ID',
  `value` decimal(20,6) DEFAULT NULL COMMENT 'Value',
  PRIMARY KEY (`value_id`),
  UNIQUE KEY `CATALOG_CATEGORY_ENTITY_DECIMAL_ENTITY_ID_ATTRIBUTE_ID_STORE_ID` (`entity_id`,`attribute_id`,`store_id`),
  KEY `CATALOG_CATEGORY_ENTITY_DECIMAL_ENTITY_ID` (`entity_id`),
  KEY `CATALOG_CATEGORY_ENTITY_DECIMAL_ATTRIBUTE_ID` (`attribute_id`),
  KEY `CATALOG_CATEGORY_ENTITY_DECIMAL_STORE_ID` (`store_id`),
  CONSTRAINT `CATALOG_CATEGORY_ENTITY_DECIMAL_STORE_ID_STORE_STORE_ID` FOREIGN KEY (`store_id`) REFERENCES `store` (`store_id`) ON DELETE CASCADE,
  CONSTRAINT `CAT_CTGR_ENTT_DEC_ATTR_ID_EAV_ATTR_ATTR_ID` FOREIGN KEY (`attribute_id`) REFERENCES `eav_attribute` (`attribute_id`) ON DELETE CASCADE,
  CONSTRAINT `CAT_CTGR_ENTT_DEC_ENTT_ID_CAT_CTGR_ENTT_ENTT_ID` FOREIGN KEY (`entity_id`) REFERENCES `catalog_category_entity` (`entity_id`) ON DELETE CASCADE
) ENGINE=InnoDB DEFAULT CHARSET=utf8 COMMENT='Catalog Category Decimal Attribute Backend Table';

--
-- Dumping data for table `catalog_category_entity_decimal`
--


--
-- Table structure for table `catalog_category_entity_int`
--

CREATE TABLE `catalog_category_entity_int` (
  `value_id` int(11) NOT NULL AUTO_INCREMENT COMMENT 'Value ID',
  `attribute_id` smallint(5) unsigned NOT NULL DEFAULT '0' COMMENT 'Attribute ID',
  `store_id` smallint(5) unsigned NOT NULL DEFAULT '0' COMMENT 'Store ID',
  `entity_id` int(10) unsigned NOT NULL DEFAULT '0' COMMENT 'Entity ID',
  `value` int(11) DEFAULT NULL COMMENT 'Value',
  PRIMARY KEY (`value_id`),
  UNIQUE KEY `CATALOG_CATEGORY_ENTITY_INT_ENTITY_ID_ATTRIBUTE_ID_STORE_ID` (`entity_id`,`attribute_id`,`store_id`),
  KEY `CATALOG_CATEGORY_ENTITY_INT_ENTITY_ID` (`entity_id`),
  KEY `CATALOG_CATEGORY_ENTITY_INT_ATTRIBUTE_ID` (`attribute_id`),
  KEY `CATALOG_CATEGORY_ENTITY_INT_STORE_ID` (`store_id`),
  CONSTRAINT `CATALOG_CATEGORY_ENTITY_INT_STORE_ID_STORE_STORE_ID` FOREIGN KEY (`store_id`) REFERENCES `store` (`store_id`) ON DELETE CASCADE,
  CONSTRAINT `CAT_CTGR_ENTT_INT_ATTR_ID_EAV_ATTR_ATTR_ID` FOREIGN KEY (`attribute_id`) REFERENCES `eav_attribute` (`attribute_id`) ON DELETE CASCADE,
  CONSTRAINT `CAT_CTGR_ENTT_INT_ENTT_ID_CAT_CTGR_ENTT_ENTT_ID` FOREIGN KEY (`entity_id`) REFERENCES `catalog_category_entity` (`entity_id`) ON DELETE CASCADE
) ENGINE=InnoDB AUTO_INCREMENT=1476 DEFAULT CHARSET=utf8 COMMENT='Catalog Category Integer Attribute Backend Table';

--
-- Dumping data for table `catalog_category_entity_int`
--

INSERT INTO `catalog_category_entity_int` VALUES (1,69,0,1,1),(2,69,0,2,1),(3,46,0,2,1),(317,46,0,15,1),(318,54,0,15,1),(319,69,0,15,0),(320,70,0,15,0),(321,71,0,15,0),(322,156,0,15,1),(323,157,0,15,1),(324,159,0,15,1),(325,161,0,15,1),(326,163,0,15,1),(327,165,0,15,1),(328,169,0,15,1),(329,170,0,15,1),(356,53,0,2,NULL),(357,54,0,2,1),(358,70,0,2,0),(359,71,0,2,0),(360,156,0,2,1),(361,157,0,2,1),(362,158,0,2,NULL),(363,159,0,2,1),(364,160,0,2,NULL),(365,161,0,2,1),(366,162,0,2,NULL),(367,163,0,2,1),(368,164,0,2,NULL),(369,165,0,2,1),(370,169,0,2,1),(371,170,0,2,1),(418,46,0,20,1),(419,54,0,20,1),(420,69,0,20,0),(421,70,0,20,0),(422,71,0,20,0),(423,156,0,20,1),(424,157,0,20,1),(425,159,0,20,1),(426,161,0,20,1),(427,163,0,20,1),(428,165,0,20,1),(429,169,0,20,1),(430,170,0,20,1),(485,46,0,24,1),(486,54,0,24,1),(487,69,0,24,0),(488,70,0,24,0),(489,71,0,24,0),(490,156,0,24,1),(491,157,0,24,1),(492,159,0,24,1),(493,161,0,24,1),(494,163,0,24,1),(495,165,0,24,1),(496,169,0,24,1),(497,170,0,24,1),(498,46,0,25,1),(499,54,0,25,1),(500,69,0,25,0),(501,70,0,25,0),(502,71,0,25,0),(503,156,0,25,1),(504,157,0,25,1),(505,159,0,25,1),(506,161,0,25,1),(507,163,0,25,1),(508,165,0,25,1),(509,169,0,25,1),(510,170,0,25,1),(511,46,0,26,1),(512,54,0,26,1),(513,69,0,26,0),(514,70,0,26,0),(515,71,0,26,0),(516,156,0,26,1),(517,157,0,26,1),(518,159,0,26,1),(519,161,0,26,1),(520,163,0,26,1),(521,165,0,26,1),(522,169,0,26,1),(523,170,0,26,1),(524,53,0,24,NULL),(525,158,0,24,NULL),(526,160,0,24,NULL),(527,162,0,24,NULL),(528,164,0,24,NULL),(565,46,0,29,1),(566,54,0,29,1),(567,69,0,29,1),(568,70,0,29,0),(569,71,0,29,0),(570,156,0,29,1),(571,157,0,29,1),(572,159,0,29,1),(573,161,0,29,1),(574,163,0,29,1),(575,165,0,29,1),(576,169,0,29,1),(577,170,0,29,1),(701,46,0,39,1),(702,54,0,39,1),(703,69,0,39,0),(704,70,0,39,0),(705,71,0,39,0),(706,156,0,39,1),(707,157,0,39,1),(708,159,0,39,1),(709,161,0,39,1),(710,163,0,39,1),(711,165,0,39,1),(712,169,0,39,1),(713,170,0,39,1),(714,53,0,39,NULL),(715,158,0,39,NULL),(716,160,0,39,NULL),(717,162,0,39,NULL),(718,164,0,39,NULL),(777,156,2,15,1),(778,157,2,15,1),(779,158,2,15,NULL),(780,159,2,15,1),(781,160,2,15,NULL),(782,161,2,15,1),(783,162,2,15,NULL),(784,163,2,15,1),(785,164,2,15,NULL),(786,165,2,15,1),(787,169,2,15,1),(788,170,2,15,1),(789,156,2,20,1),(790,157,2,20,1),(792,159,2,20,1),(794,161,2,20,1),(796,163,2,20,1),(798,165,2,20,1),(799,169,2,20,1),(800,170,2,20,1),(801,156,2,24,1),(802,157,2,24,1),(803,158,2,24,NULL),(804,159,2,24,1),(805,160,2,24,NULL),(806,161,2,24,1),(807,162,2,24,NULL),(808,163,2,24,1),(809,164,2,24,NULL),(810,165,2,24,1),(811,169,2,24,1),(812,170,2,24,1),(813,156,2,25,1),(814,157,2,25,1),(815,158,2,25,NULL),(816,159,2,25,1),(817,160,2,25,NULL),(818,161,2,25,1),(819,162,2,25,NULL),(820,163,2,25,1),(821,164,2,25,NULL),(822,165,2,25,1),(823,169,2,25,1),(824,170,2,25,1),(825,53,0,25,NULL),(826,158,0,25,NULL),(827,160,0,25,NULL),(828,162,0,25,NULL),(829,164,0,25,NULL),(843,46,0,41,1),(844,54,0,41,1),(845,69,0,41,0),(846,70,0,41,0),(847,71,0,41,0),(848,156,0,41,1),(849,157,0,41,1),(850,159,0,41,1),(851,161,0,41,1),(852,163,0,41,1),(853,165,0,41,1),(854,169,0,41,1),(855,170,0,41,1),(856,53,0,41,NULL),(857,158,0,41,NULL),(858,160,0,41,NULL),(859,162,0,41,NULL),(860,164,0,41,NULL),(861,46,0,42,1),(862,54,0,42,1),(863,69,0,42,1),(864,70,0,42,0),(865,71,0,42,0),(866,156,0,42,1),(867,157,0,42,1),(868,159,0,42,1),(869,161,0,42,1),(870,163,0,42,1),(871,165,0,42,1),(872,169,0,42,1),(873,170,0,42,1),(896,156,2,42,1),(897,157,2,42,1),(898,158,2,42,NULL),(899,159,2,42,1),(900,160,2,42,NULL),(901,161,2,42,1),(902,162,2,42,NULL),(903,163,2,42,1),(904,164,2,42,NULL),(905,165,2,42,1),(906,169,2,42,1),(907,170,2,42,1),(925,46,2,20,1),(926,69,2,20,0),(927,70,2,20,0),(928,71,2,20,0),(929,46,0,47,1),(930,54,0,47,1),(931,69,0,47,1),(932,70,0,47,0),(933,71,0,47,0),(934,156,0,47,1),(935,157,0,47,1),(936,159,0,47,1),(937,161,0,47,1),(938,163,0,47,1),(939,165,0,47,1),(940,169,0,47,1),(941,170,0,47,1),(942,53,0,47,NULL),(943,158,0,47,NULL),(944,160,0,47,NULL),(945,162,0,47,NULL),(946,164,0,47,NULL),(947,156,2,47,1),(948,157,2,47,1),(949,158,2,47,NULL),(950,159,2,47,1),(951,160,2,47,NULL),(952,161,2,47,1),(953,162,2,47,NULL),(954,163,2,47,1),(955,164,2,47,NULL),(956,165,2,47,1),(957,169,2,47,1),(958,170,2,47,1),(964,46,0,48,1),(965,54,0,48,1),(966,69,0,48,1),(967,70,0,48,0),(968,71,0,48,0),(969,156,0,48,1),(970,157,0,48,1),(971,159,0,48,1),(972,161,0,48,1),(973,163,0,48,1),(974,165,0,48,1),(975,169,0,48,1),(976,170,0,48,1),(977,53,0,48,NULL),(978,158,0,48,NULL),(979,160,0,48,NULL),(980,162,0,48,NULL),(981,164,0,48,NULL),(982,156,2,48,1),(983,157,2,48,1),(984,158,2,48,NULL),(985,159,2,48,1),(986,160,2,48,NULL),(987,161,2,48,1),(988,162,2,48,NULL),(989,163,2,48,1),(990,164,2,48,NULL),(991,165,2,48,1),(992,169,2,48,1),(993,170,2,48,1),(994,53,0,42,NULL),(995,158,0,42,NULL),(996,160,0,42,NULL),(997,162,0,42,NULL),(998,164,0,42,NULL),(999,156,1,48,1),(1000,157,1,48,1),(1001,158,1,48,NULL),(1002,159,1,48,1),(1003,160,1,48,NULL),(1004,161,1,48,1),(1005,162,1,48,NULL),(1006,163,1,48,1),(1007,164,1,48,NULL),(1008,165,1,48,1),(1009,169,1,48,1),(1010,170,1,48,1),(1011,156,1,47,1),(1012,157,1,47,1),(1013,158,1,47,NULL),(1014,159,1,47,1),(1015,160,1,47,NULL),(1016,161,1,47,1),(1017,162,1,47,NULL),(1018,163,1,47,1),(1019,164,1,47,NULL),(1020,165,1,47,1),(1021,169,1,47,1),(1022,170,1,47,1),(1023,156,1,42,1),(1024,157,1,42,1),(1025,158,1,42,NULL),(1026,159,1,42,1),(1027,160,1,42,NULL),(1028,161,1,42,1),(1029,162,1,42,NULL),(1030,163,1,42,1),(1031,164,1,42,NULL),(1032,165,1,42,1),(1033,169,1,42,1),(1034,170,1,42,1),(1047,46,0,53,0),(1048,54,0,53,0),(1049,69,0,53,0),(1050,46,0,54,1),(1051,54,0,54,1),(1052,69,0,54,0),(1113,46,0,75,0),(1114,54,0,75,0),(1115,69,0,75,0),(1116,46,0,76,1),(1117,54,0,76,1),(1118,69,0,76,0),(1119,46,0,77,1),(1120,54,0,77,1),(1121,69,0,77,0),(1122,46,0,78,1),(1123,54,0,78,1),(1124,69,0,78,0),(1125,46,0,79,1),(1126,54,0,79,1),(1127,69,0,79,0),(1128,46,0,80,1),(1129,54,0,80,1),(1130,69,0,80,0),(1131,46,0,81,1),(1132,54,0,81,1),(1133,69,0,81,0),(1134,46,0,82,1),(1135,54,0,82,1),(1136,69,0,82,0),(1137,46,0,83,0),(1138,54,0,83,0),(1139,69,0,83,1),(1140,46,0,84,0),(1141,54,0,84,0),(1142,69,0,84,1),(1143,46,0,85,1),(1144,54,0,85,0),(1145,69,0,85,0),(1146,46,0,86,1),(1147,54,0,86,0),(1148,69,0,86,0),(1163,46,0,88,1),(1164,54,0,88,1),(1165,69,0,88,1),(1166,70,0,88,0),(1167,71,0,88,0),(1168,156,0,88,1),(1169,157,0,88,1),(1170,159,0,88,1),(1171,161,0,88,1),(1172,163,0,88,1),(1173,165,0,88,1),(1174,169,0,88,1),(1175,170,0,88,1),(1176,372,0,88,1),(1177,372,0,42,0),(1197,46,0,90,1),(1198,54,0,90,1),(1199,69,0,90,1),(1200,70,0,90,0),(1201,71,0,90,0),(1202,156,0,90,1),(1203,157,0,90,1),(1204,159,0,90,1),(1205,161,0,90,1),(1206,163,0,90,1),(1207,165,0,90,1),(1208,169,0,90,1),(1209,170,0,90,1),(1210,372,0,90,0),(1216,53,0,90,NULL),(1217,158,0,90,NULL),(1218,160,0,90,NULL),(1219,162,0,90,NULL),(1220,164,0,90,NULL),(1221,46,0,91,1),(1222,54,0,91,1),(1223,69,0,91,1),(1224,70,0,91,0),(1225,71,0,91,0),(1226,156,0,91,1),(1227,157,0,91,1),(1228,159,0,91,1),(1229,161,0,91,1),(1230,163,0,91,1),(1231,165,0,91,1),(1232,169,0,91,1),(1233,170,0,91,1),(1234,372,0,91,1),(1235,53,0,84,NULL),(1236,70,0,84,0),(1237,71,0,84,0),(1238,156,0,84,1),(1239,157,0,84,1),(1240,158,0,84,NULL),(1241,159,0,84,1),(1242,160,0,84,NULL),(1243,161,0,84,1),(1244,162,0,84,NULL),(1245,163,0,84,1),(1246,164,0,84,NULL),(1247,165,0,84,1),(1248,169,0,84,1),(1249,170,0,84,1),(1250,372,0,84,1),(1251,53,0,88,NULL),(1252,158,0,88,NULL),(1253,160,0,88,NULL),(1254,162,0,88,NULL),(1255,164,0,88,NULL),(1256,53,0,91,NULL),(1257,158,0,91,NULL),(1258,160,0,91,NULL),(1259,162,0,91,NULL),(1260,164,0,91,NULL),(1275,372,0,48,0),(1290,53,0,83,NULL),(1291,70,0,83,0),(1292,71,0,83,0),(1293,156,0,83,1),(1294,157,0,83,1),(1295,158,0,83,NULL),(1296,159,0,83,1),(1297,160,0,83,NULL),(1298,161,0,83,1),(1299,162,0,83,NULL),(1300,163,0,83,1),(1301,164,0,83,NULL),(1302,165,0,83,1),(1303,169,0,83,1),(1304,170,0,83,1),(1305,372,0,83,1),(1309,372,0,47,0),(1310,46,0,95,1),(1311,54,0,95,1),(1312,69,0,95,1),(1319,53,0,95,NULL),(1320,70,0,95,0),(1321,71,0,95,0),(1322,156,0,95,1),(1323,157,0,95,1),(1324,158,0,95,NULL),(1325,159,0,95,1),(1326,160,0,95,NULL),(1327,161,0,95,1),(1328,162,0,95,NULL),(1329,163,0,95,1),(1330,164,0,95,NULL),(1331,165,0,95,1),(1332,169,0,95,1),(1333,170,0,95,1),(1334,372,0,95,1),(1335,46,0,98,1),(1336,54,0,98,1),(1337,69,0,98,1),(1338,70,0,98,0),(1339,71,0,98,0),(1340,156,0,98,1),(1341,157,0,98,1),(1342,159,0,98,1),(1343,161,0,98,1),(1344,163,0,98,1),(1345,165,0,98,1),(1346,169,0,98,1),(1347,170,0,98,1),(1348,372,0,98,1),(1349,46,0,99,1),(1350,54,0,99,1),(1351,69,0,99,1),(1352,70,0,99,0),(1353,71,0,99,0),(1354,156,0,99,1),(1355,157,0,99,1),(1356,159,0,99,1),(1357,161,0,99,1),(1358,163,0,99,1),(1359,165,0,99,1),(1360,169,0,99,1),(1361,170,0,99,1),(1362,372,0,99,1),(1363,46,0,100,1),(1364,54,0,100,1),(1365,69,0,100,1),(1366,70,0,100,0),(1367,71,0,100,0),(1368,156,0,100,1),(1369,157,0,100,1),(1370,159,0,100,1),(1371,161,0,100,1),(1372,163,0,100,1),(1373,165,0,100,1),(1374,169,0,100,1),(1375,170,0,100,1),(1376,372,0,100,1),(1377,46,0,101,1),(1378,54,0,101,1),(1379,69,0,101,1),(1380,70,0,101,0),(1381,71,0,101,0),(1382,156,0,101,1),(1383,157,0,101,1),(1384,159,0,101,1),(1385,161,0,101,1),(1386,163,0,101,1),(1387,165,0,101,1),(1388,169,0,101,1),(1389,170,0,101,1),(1390,372,0,101,1),(1391,46,0,102,1),(1392,54,0,102,1),(1393,69,0,102,1),(1394,70,0,102,0),(1395,71,0,102,0),(1396,156,0,102,1),(1397,157,0,102,1),(1398,159,0,102,1),(1399,161,0,102,1),(1400,163,0,102,1),(1401,165,0,102,1),(1402,169,0,102,1),(1403,170,0,102,1),(1404,372,0,102,1),(1419,46,0,104,1),(1420,54,0,104,1),(1421,69,0,104,1),(1422,70,0,104,0),(1423,71,0,104,0),(1424,156,0,104,1),(1425,157,0,104,1),(1426,159,0,104,1),(1427,161,0,104,1),(1428,163,0,104,1),(1429,165,0,104,1),(1430,169,0,104,1),(1431,170,0,104,1),(1432,372,0,104,0),(1433,46,0,105,1),(1434,54,0,105,1),(1435,69,0,105,1),(1436,70,0,105,0),(1437,71,0,105,0),(1438,156,0,105,1),(1439,157,0,105,1),(1440,159,0,105,1),(1441,161,0,105,1),(1442,163,0,105,1),(1443,165,0,105,1),(1444,169,0,105,1),(1445,170,0,105,1),(1446,372,0,105,1),(1447,46,0,106,1),(1448,54,0,106,1),(1449,69,0,106,1),(1450,70,0,106,0),(1451,71,0,106,0),(1452,156,0,106,1),(1453,157,0,106,1),(1454,159,0,106,1),(1455,161,0,106,1),(1456,163,0,106,1),(1457,165,0,106,1),(1458,169,0,106,1),(1459,170,0,106,1),(1460,372,0,106,1),(1461,53,0,106,NULL),(1462,158,0,106,NULL),(1463,160,0,106,NULL),(1464,162,0,106,NULL),(1465,164,0,106,NULL),(1466,53,0,104,NULL),(1467,158,0,104,NULL),(1468,160,0,104,NULL),(1469,162,0,104,NULL),(1470,164,0,104,NULL),(1471,53,0,105,NULL),(1472,158,0,105,NULL),(1473,160,0,105,NULL),(1474,162,0,105,NULL),(1475,164,0,105,NULL);

--
-- Table structure for table `catalog_category_entity_text`
--

CREATE TABLE `catalog_category_entity_text` (
  `value_id` int(11) NOT NULL AUTO_INCREMENT COMMENT 'Value ID',
  `attribute_id` smallint(5) unsigned NOT NULL DEFAULT '0' COMMENT 'Attribute ID',
  `store_id` smallint(5) unsigned NOT NULL DEFAULT '0' COMMENT 'Store ID',
  `entity_id` int(10) unsigned NOT NULL DEFAULT '0' COMMENT 'Entity ID',
  `value` mediumtext COMMENT 'Value',
  PRIMARY KEY (`value_id`),
  UNIQUE KEY `CATALOG_CATEGORY_ENTITY_TEXT_ENTITY_ID_ATTRIBUTE_ID_STORE_ID` (`entity_id`,`attribute_id`,`store_id`),
  KEY `CATALOG_CATEGORY_ENTITY_TEXT_ENTITY_ID` (`entity_id`),
  KEY `CATALOG_CATEGORY_ENTITY_TEXT_ATTRIBUTE_ID` (`attribute_id`),
  KEY `CATALOG_CATEGORY_ENTITY_TEXT_STORE_ID` (`store_id`),
  CONSTRAINT `CATALOG_CATEGORY_ENTITY_TEXT_STORE_ID_STORE_STORE_ID` FOREIGN KEY (`store_id`) REFERENCES `store` (`store_id`) ON DELETE CASCADE,
  CONSTRAINT `CAT_CTGR_ENTT_TEXT_ATTR_ID_EAV_ATTR_ATTR_ID` FOREIGN KEY (`attribute_id`) REFERENCES `eav_attribute` (`attribute_id`) ON DELETE CASCADE,
  CONSTRAINT `CAT_CTGR_ENTT_TEXT_ENTT_ID_CAT_CTGR_ENTT_ENTT_ID` FOREIGN KEY (`entity_id`) REFERENCES `catalog_category_entity` (`entity_id`) ON DELETE CASCADE
) ENGINE=InnoDB AUTO_INCREMENT=310 DEFAULT CHARSET=utf8 COMMENT='Catalog Category Text Attribute Backend Table';

--
-- Dumping data for table `catalog_category_entity_text`
--

INSERT INTO `catalog_category_entity_text` VALUES (52,47,0,2,NULL),(53,50,0,2,NULL),(54,51,0,2,NULL),(55,166,0,2,NULL),(84,47,0,24,NULL),(85,50,0,24,NULL),(86,51,0,24,NULL),(87,166,0,24,NULL),(101,47,0,39,NULL),(102,50,0,39,NULL),(103,51,0,39,NULL),(104,166,0,39,NULL),(115,166,2,15,NULL),(117,166,2,24,NULL),(118,166,2,25,NULL),(119,47,0,25,NULL),(120,50,0,25,NULL),(121,51,0,25,NULL),(122,166,0,25,NULL),(123,47,0,41,NULL),(124,50,0,41,NULL),(125,51,0,41,NULL),(126,166,0,41,NULL),(127,166,2,42,NULL),(133,50,0,47,'One Rate Printing '),(134,51,0,47,'One Rate Printing '),(135,47,0,47,NULL),(136,166,0,47,NULL),(137,166,2,47,NULL),(142,47,0,48,NULL),(143,50,0,48,NULL),(144,51,0,48,NULL),(145,166,0,48,NULL),(146,166,2,48,NULL),(147,47,0,42,NULL),(148,50,0,42,NULL),(149,51,0,42,NULL),(150,166,0,42,NULL),(151,166,1,48,NULL),(152,166,1,47,NULL),(153,166,1,42,NULL),(154,376,0,42,NULL),(155,380,0,42,NULL),(156,381,0,42,NULL),(157,382,0,42,NULL),(158,383,0,42,NULL),(159,384,0,42,NULL),(160,386,0,42,NULL),(161,387,0,42,NULL),(186,47,0,90,NULL),(187,50,0,90,NULL),(188,51,0,90,NULL),(189,166,0,90,NULL),(190,376,0,90,NULL),(191,380,0,90,NULL),(192,381,0,90,NULL),(193,382,0,90,NULL),(194,383,0,90,NULL),(195,384,0,90,NULL),(196,386,0,90,NULL),(197,387,0,90,NULL),(198,47,0,84,NULL),(199,50,0,84,NULL),(200,51,0,84,NULL),(201,166,0,84,NULL),(202,376,0,84,NULL),(203,380,0,84,NULL),(204,381,0,84,NULL),(205,382,0,84,NULL),(206,383,0,84,NULL),(207,384,0,84,NULL),(208,386,0,84,NULL),(209,387,0,84,NULL),(210,47,0,88,NULL),(211,50,0,88,NULL),(212,51,0,88,NULL),(213,166,0,88,NULL),(214,376,0,88,NULL),(215,380,0,88,NULL),(216,381,0,88,NULL),(217,382,0,88,NULL),(218,383,0,88,NULL),(219,384,0,88,NULL),(220,386,0,88,NULL),(221,387,0,88,NULL),(222,47,0,91,NULL),(223,50,0,91,NULL),(224,51,0,91,NULL),(225,166,0,91,NULL),(226,376,0,91,NULL),(227,380,0,91,NULL),(228,381,0,91,NULL),(229,382,0,91,NULL),(230,383,0,91,NULL),(231,384,0,91,NULL),(232,386,0,91,NULL),(233,387,0,91,NULL),(234,376,0,48,NULL),(235,380,0,48,NULL),(236,381,0,48,NULL),(237,382,0,48,NULL),(238,383,0,48,NULL),(239,384,0,48,NULL),(240,386,0,48,NULL),(241,387,0,48,NULL),(242,47,0,83,NULL),(243,50,0,83,NULL),(244,51,0,83,NULL),(245,166,0,83,NULL),(246,376,0,83,NULL),(247,380,0,83,NULL),(248,381,0,83,NULL),(249,382,0,83,NULL),(250,383,0,83,NULL),(251,384,0,83,NULL),(252,386,0,83,NULL),(253,387,0,83,NULL),(254,376,0,47,NULL),(255,380,0,47,NULL),(256,381,0,47,NULL),(257,382,0,47,NULL),(258,383,0,47,NULL),(259,384,0,47,NULL),(260,386,0,47,NULL),(261,387,0,47,NULL),(262,47,0,95,NULL),(263,50,0,95,NULL),(264,51,0,95,NULL),(265,166,0,95,NULL),(266,376,0,95,NULL),(267,380,0,95,NULL),(268,381,0,95,NULL),(269,382,0,95,NULL),(270,383,0,95,NULL),(271,384,0,95,NULL),(272,386,0,95,NULL),(273,387,0,95,NULL),(274,47,0,106,NULL),(275,50,0,106,NULL),(276,51,0,106,NULL),(277,166,0,106,NULL),(278,376,0,106,NULL),(279,380,0,106,NULL),(280,381,0,106,NULL),(281,382,0,106,NULL),(282,383,0,106,NULL),(283,384,0,106,NULL),(284,386,0,106,NULL),(285,387,0,106,NULL),(286,47,0,104,NULL),(287,50,0,104,NULL),(288,51,0,104,NULL),(289,166,0,104,NULL),(290,376,0,104,NULL),(291,380,0,104,NULL),(292,381,0,104,NULL),(293,382,0,104,NULL),(294,383,0,104,NULL),(295,384,0,104,NULL),(296,386,0,104,NULL),(297,387,0,104,NULL),(298,47,0,105,NULL),(299,50,0,105,NULL),(300,51,0,105,NULL),(301,166,0,105,NULL),(302,376,0,105,NULL),(303,380,0,105,NULL),(304,381,0,105,NULL),(305,382,0,105,NULL),(306,383,0,105,NULL),(307,384,0,105,NULL),(308,386,0,105,NULL),(309,387,0,105,NULL);

--
-- Table structure for table `catalog_category_entity_varchar`
--

CREATE TABLE `catalog_category_entity_varchar` (
  `value_id` int(11) NOT NULL AUTO_INCREMENT COMMENT 'Value ID',
  `attribute_id` smallint(5) unsigned NOT NULL DEFAULT '0' COMMENT 'Attribute ID',
  `store_id` smallint(5) unsigned NOT NULL DEFAULT '0' COMMENT 'Store ID',
  `entity_id` int(10) unsigned NOT NULL DEFAULT '0' COMMENT 'Entity ID',
  `value` varchar(255) DEFAULT NULL COMMENT 'Value',
  PRIMARY KEY (`value_id`),
  UNIQUE KEY `CATALOG_CATEGORY_ENTITY_VARCHAR_ENTITY_ID_ATTRIBUTE_ID_STORE_ID` (`entity_id`,`attribute_id`,`store_id`),
  KEY `CATALOG_CATEGORY_ENTITY_VARCHAR_ENTITY_ID` (`entity_id`),
  KEY `CATALOG_CATEGORY_ENTITY_VARCHAR_ATTRIBUTE_ID` (`attribute_id`),
  KEY `CATALOG_CATEGORY_ENTITY_VARCHAR_STORE_ID` (`store_id`),
  CONSTRAINT `CATALOG_CATEGORY_ENTITY_VARCHAR_STORE_ID_STORE_STORE_ID` FOREIGN KEY (`store_id`) REFERENCES `store` (`store_id`) ON DELETE CASCADE,
  CONSTRAINT `CAT_CTGR_ENTT_VCHR_ATTR_ID_EAV_ATTR_ATTR_ID` FOREIGN KEY (`attribute_id`) REFERENCES `eav_attribute` (`attribute_id`) ON DELETE CASCADE,
  CONSTRAINT `CAT_CTGR_ENTT_VCHR_ENTT_ID_CAT_CTGR_ENTT_ENTT_ID` FOREIGN KEY (`entity_id`) REFERENCES `catalog_category_entity` (`entity_id`) ON DELETE CASCADE
) ENGINE=InnoDB AUTO_INCREMENT=1005 DEFAULT CHARSET=utf8 COMMENT='Catalog Category Varchar Attribute Backend Table';

--
-- Dumping data for table `catalog_category_entity_varchar`
--

INSERT INTO `catalog_category_entity_varchar` VALUES (1,45,0,1,'Root Catalog'),(2,52,0,2,'PRODUCTS'),(3,45,0,2,'Default Category'),(135,45,0,15,'Top Bundles'),(136,52,0,15,'PRODUCTS'),(137,119,0,15,'top-bundles'),(138,120,0,15,'top-bundles'),(139,167,0,15,'column_mega_menu1'),(152,48,0,2,NULL),(153,49,0,2,NULL),(154,60,0,2,NULL),(155,63,0,2,NULL),(156,119,0,2,'default-category'),(157,120,0,2,NULL),(158,167,0,2,'column_mega_menu1'),(213,45,0,20,'Our Partners'),(214,52,0,20,'PRODUCTS'),(215,119,0,20,'toners-top-sellers'),(216,120,0,20,'toners-top-sellers'),(217,167,0,20,'column_mega_menu1'),(267,45,0,24,'Black Printing Plans'),(268,52,0,24,'PRODUCTS'),(269,119,0,24,'black-only'),(270,120,0,24,'black-only'),(271,167,0,24,'column_mega_menu1'),(272,45,0,25,'Colour Printing Plans'),(273,52,0,25,'PRODUCTS'),(274,119,0,25,'color-printing'),(275,120,0,25,'color-printing'),(276,167,0,25,'column_mega_menu1'),(277,45,0,26,'addon'),(278,52,0,26,'PRODUCTS'),(279,119,0,26,'addon'),(280,120,0,26,'addon'),(281,167,0,26,'column_mega_menu1'),(283,48,0,24,NULL),(284,49,0,24,NULL),(285,60,0,24,NULL),(286,63,0,24,NULL),(311,45,0,29,'Office Furniture.'),(312,52,0,29,'PRODUCTS'),(313,119,0,29,'office-furniture'),(314,167,0,29,'column_mega_menu1'),(370,45,0,39,'Discount Products. '),(371,52,0,39,'PRODUCTS'),(372,119,0,39,'discount-products'),(373,120,0,39,'discount-products'),(374,167,0,39,'column_mega_menu1'),(376,48,0,39,NULL),(377,49,0,39,NULL),(378,60,0,39,NULL),(379,63,0,39,NULL),(422,45,2,15,'أفضل مجموعات'),(423,167,2,15,'column_mega_menu1'),(424,45,2,20,'عملائنا'),(425,167,2,20,'column_mega_menu1'),(428,45,2,24,'للطباعة باللون الأسود'),(429,167,2,24,'column_mega_menu1'),(430,45,2,25,'للطباعة الملونة'),(431,167,2,25,'column_mega_menu1'),(433,48,0,25,NULL),(434,49,0,25,NULL),(435,60,0,25,NULL),(436,63,0,25,NULL),(449,45,0,41,'new test'),(450,52,0,41,'PRODUCTS'),(451,119,0,41,'new-test'),(452,120,0,41,'new-test'),(453,167,0,41,'column_mega_menu1'),(455,48,0,41,NULL),(456,49,0,41,NULL),(457,60,0,41,NULL),(458,63,0,41,NULL),(463,45,0,42,'Copiers & Printers'),(464,52,0,42,'PRODUCTS'),(465,119,0,42,'copiers-printers'),(466,120,0,42,'copiers-printers'),(467,167,0,42,'column_mega_menu1'),(482,45,2,42,'الطابعات والات التصوير'),(483,167,2,42,'column_mega_menu1'),(525,120,2,20,'toners-top-sellers'),(526,52,2,20,'PRODUCTS'),(527,119,2,20,'toners-top-sellers'),(537,45,0,47,'One Rate Printing '),(538,49,0,47,'One Rate Printing '),(539,52,0,47,'PAGE'),(540,119,0,47,'subscribe-index-index'),(541,120,0,47,'subscribe-index-index'),(542,167,0,47,'column_mega_menu1'),(546,48,0,47,NULL),(547,60,0,47,NULL),(548,63,0,47,NULL),(551,45,2,47,'طباعة بسعرواحد'),(552,167,2,47,'column_mega_menu1'),(558,45,0,48,'Toner'),(559,52,0,48,'PRODUCTS'),(560,119,0,48,'toners'),(561,120,0,48,'toners'),(562,167,0,48,'column_mega_menu1'),(566,48,0,48,'/media/wysiwyg/customer-support.png'),(567,49,0,48,NULL),(568,60,0,48,NULL),(569,63,0,48,NULL),(570,45,2,48,'الاحبار'),(571,167,2,48,'column_mega_menu1'),(579,48,0,42,NULL),(580,49,0,42,NULL),(581,60,0,42,NULL),(582,63,0,42,NULL),(583,45,1,48,'Toners'),(584,167,1,48,'column_mega_menu1'),(585,45,1,47,'One Rate Printing'),(586,167,1,47,'column_mega_menu1'),(589,45,1,42,'Copiers & Printers'),(590,167,1,42,'column_mega_menu1'),(608,45,0,53,'Collections'),(609,52,0,53,'PAGE'),(610,119,0,53,'collections'),(611,120,0,53,'collections'),(612,45,0,54,'New Luma Yoga Collection'),(613,119,0,54,'yoga-new'),(614,120,0,54,'collections/yoga-new'),(678,45,0,75,'Promotions'),(679,52,0,75,'PAGE'),(680,119,0,75,'promotions'),(681,120,0,75,'promotions'),(682,45,0,76,'Women Sale'),(683,119,0,76,'women-sale'),(684,120,0,76,'promotions/women-sale'),(685,45,0,77,'Men Sale'),(686,119,0,77,'men-sale'),(687,120,0,77,'promotions/men-sale'),(688,45,0,78,'Pants'),(689,119,0,78,'pants-all'),(690,120,0,78,'promotions/pants-all'),(691,45,0,79,'Tees'),(692,119,0,79,'tees-all'),(693,120,0,79,'promotions/tees-all'),(694,45,0,80,'Erin Recommends'),(695,119,0,80,'erin-recommends'),(696,120,0,80,'collections/erin-recommends'),(697,45,0,81,'Performance Fabrics'),(698,119,0,81,'performance-fabrics'),(699,120,0,81,'collections/performance-fabrics'),(700,45,0,82,'Eco Friendly'),(701,119,0,82,'eco-friendly'),(702,120,0,82,'collections/eco-friendly'),(703,45,0,83,'Sale'),(704,52,0,83,'PAGE'),(705,119,0,83,'sale'),(706,120,0,83,'sale'),(707,45,0,84,'What\'s New'),(708,52,0,84,'PAGE'),(709,119,0,84,'what-is-new'),(710,120,0,84,'what-is-new'),(711,45,0,85,'Performance Sportswear New'),(712,52,0,85,'PAGE'),(713,63,0,85,'1column'),(714,119,0,85,'performance-new'),(715,120,0,85,'collections/performance-new'),(716,45,0,86,'Eco Collection New'),(717,52,0,86,'PAGE'),(718,63,0,86,'1column'),(719,119,0,86,'eco-new'),(720,120,0,86,'collections/eco-new'),(728,45,0,88,'Black & White'),(729,52,0,88,'PRODUCTS'),(730,119,0,88,'black-white'),(731,120,0,88,'toners/black-white'),(732,167,0,88,'column_mega_menu1'),(733,374,0,88,'dropdown_simple'),(734,375,0,88,'left'),(736,373,0,42,NULL),(737,374,0,42,'dropdown_simple'),(738,375,0,42,'left'),(739,377,0,42,NULL),(740,378,0,42,NULL),(741,379,0,42,NULL),(742,385,0,42,NULL),(761,45,0,90,'Commercail Printers'),(762,52,0,90,'PRODUCTS'),(763,119,0,90,'commercial-printer'),(764,120,0,90,'copiers-printers/commercial-printer'),(765,167,0,90,'column_mega_menu1'),(766,374,0,90,'dropdown_simple'),(767,375,0,90,'left'),(779,48,0,90,NULL),(780,49,0,90,NULL),(781,60,0,90,NULL),(782,63,0,90,NULL),(783,373,0,90,NULL),(784,377,0,90,NULL),(785,378,0,90,NULL),(786,379,0,90,NULL),(787,385,0,90,NULL),(788,45,0,91,'Colour'),(789,52,0,91,'PRODUCTS'),(790,119,0,91,'colour'),(791,120,0,91,'toners/colour'),(792,167,0,91,'column_mega_menu1'),(793,374,0,91,'dropdown_simple'),(794,375,0,91,'left'),(796,48,0,84,NULL),(797,49,0,84,NULL),(798,60,0,84,NULL),(799,63,0,84,NULL),(800,167,0,84,'column_mega_menu1'),(801,373,0,84,NULL),(802,374,0,84,'dropdown_simple'),(803,375,0,84,'left'),(804,377,0,84,NULL),(805,378,0,84,NULL),(806,379,0,84,NULL),(807,385,0,84,NULL),(809,48,0,88,NULL),(810,49,0,88,NULL),(811,60,0,88,NULL),(812,63,0,88,NULL),(813,373,0,88,NULL),(814,377,0,88,NULL),(815,378,0,88,NULL),(816,379,0,88,NULL),(817,385,0,88,NULL),(819,48,0,91,NULL),(820,49,0,91,NULL),(821,60,0,91,NULL),(822,63,0,91,NULL),(823,373,0,91,NULL),(824,377,0,91,NULL),(825,378,0,91,NULL),(826,379,0,91,NULL),(827,385,0,91,NULL),(836,373,0,48,NULL),(837,374,0,48,'dropdown_simple'),(838,375,0,48,'left'),(839,377,0,48,NULL),(840,378,0,48,NULL),(841,379,0,48,NULL),(842,385,0,48,NULL),(852,48,0,83,NULL),(853,49,0,83,NULL),(854,60,0,83,NULL),(855,63,0,83,NULL),(856,167,0,83,'column_mega_menu1'),(857,373,0,83,NULL),(858,374,0,83,'dropdown_simple'),(859,375,0,83,'left'),(860,377,0,83,NULL),(861,378,0,83,NULL),(862,379,0,83,NULL),(863,385,0,83,NULL),(868,373,0,47,NULL),(869,374,0,47,'dropdown_simple'),(870,375,0,47,'left'),(871,377,0,47,NULL),(872,378,0,47,NULL),(873,379,0,47,NULL),(874,385,0,47,NULL),(876,45,0,95,'Multidunction Printers'),(877,119,0,95,'multifunctionprinters'),(878,120,0,95,'copiers-printers/multifunctionprinters'),(888,48,0,95,NULL),(889,49,0,95,NULL),(890,52,0,95,'PRODUCTS'),(891,60,0,95,NULL),(892,63,0,95,NULL),(893,167,0,95,'column_mega_menu1'),(894,373,0,95,NULL),(895,374,0,95,'dropdown_simple'),(896,375,0,95,'left'),(897,377,0,95,NULL),(898,378,0,95,NULL),(899,379,0,95,NULL),(900,385,0,95,NULL),(903,45,0,98,'Magenta'),(904,52,0,98,'PRODUCTS'),(905,119,0,98,'magenta'),(906,120,0,98,'toners/colour/magenta'),(907,167,0,98,'column_mega_menu1'),(908,374,0,98,'dropdown_simple'),(909,375,0,98,'left'),(910,45,0,99,'Yellow'),(911,52,0,99,'PRODUCTS'),(912,119,0,99,'yellow'),(913,120,0,99,'toners/colour/yellow'),(914,167,0,99,'column_mega_menu1'),(915,374,0,99,'dropdown_simple'),(916,375,0,99,'left'),(917,45,0,100,'Cyan'),(918,52,0,100,'PRODUCTS'),(919,119,0,100,'cyan'),(920,120,0,100,'toners/colour/cyan'),(921,167,0,100,'column_mega_menu1'),(922,374,0,100,'dropdown_simple'),(923,375,0,100,'left'),(924,45,0,101,'Black & White'),(925,52,0,101,'PRODUCTS'),(926,119,0,101,'black-white'),(927,120,0,101,'subscribe-index-index/black-white'),(928,167,0,101,'column_mega_menu1'),(929,374,0,101,'dropdown_simple'),(930,375,0,101,'left'),(931,45,0,102,'Colour '),(932,52,0,102,'PRODUCTS'),(933,119,0,102,'colour'),(934,120,0,102,'subscribe-index-index/colour'),(935,167,0,102,'column_mega_menu1'),(936,374,0,102,'dropdown_simple'),(937,375,0,102,'left'),(944,45,0,104,'Maintenance '),(945,52,0,104,'PRODUCTS'),(946,119,0,104,'maintenance'),(947,167,0,104,'column_mega_menu1'),(948,374,0,104,'dropdown_simple'),(949,375,0,104,'left'),(950,120,0,104,'maintenance'),(951,120,1,104,'maintenance'),(952,120,2,104,'maintenance'),(953,45,0,105,'Maintenance Call'),(954,52,0,105,'PRODUCTS'),(955,119,0,105,'maintenance-call'),(956,120,0,105,'maintenance/maintenance-call'),(957,167,0,105,'column_mega_menu1'),(958,374,0,105,'dropdown_simple'),(959,375,0,105,'left'),(960,120,1,105,'maintenance/maintenance-call'),(961,120,2,105,'maintenance/maintenance-call'),(962,45,0,106,'Maintenance Contract'),(963,52,0,106,'PRODUCTS'),(964,119,0,106,'maintenance-contract'),(965,120,0,106,'maintenance/maintenance-contract'),(966,167,0,106,'column_mega_menu1'),(967,374,0,106,'dropdown_simple'),(968,375,0,106,'left'),(969,120,1,106,'maintenance/maintenance-contract'),(970,120,2,106,'maintenance/maintenance-contract'),(972,48,0,106,NULL),(973,49,0,106,NULL),(974,60,0,106,NULL),(975,63,0,106,NULL),(976,373,0,106,'/services/plans/create/'),(977,377,0,106,NULL),(978,378,0,106,NULL),(979,379,0,106,NULL),(980,385,0,106,NULL),(986,48,0,104,NULL),(987,49,0,104,NULL),(988,60,0,104,NULL),(989,63,0,104,NULL),(990,373,0,104,NULL),(991,377,0,104,NULL),(992,378,0,104,NULL),(993,379,0,104,NULL),(994,385,0,104,NULL),(996,48,0,105,NULL),(997,49,0,105,NULL),(998,60,0,105,NULL),(999,63,0,105,NULL),(1000,373,0,105,'/services/calls/create/'),(1001,377,0,105,NULL),(1002,378,0,105,NULL),(1003,379,0,105,NULL),(1004,385,0,105,NULL);

--
-- Table structure for table `catalog_category_flat_cl`
--

CREATE TABLE `catalog_category_flat_cl` (
  `version_id` int(10) unsigned NOT NULL AUTO_INCREMENT COMMENT 'Version ID',
  `entity_id` int(10) unsigned NOT NULL DEFAULT '0' COMMENT 'Entity ID',
  PRIMARY KEY (`version_id`)
) ENGINE=InnoDB DEFAULT CHARSET=utf8 COMMENT='catalog_category_flat_cl';

--
-- Dumping data for table `catalog_category_flat_cl`
--


--
-- Table structure for table `catalog_category_flat_store_1`
--

CREATE TABLE `catalog_category_flat_store_1` (
  `entity_id` int(10) unsigned NOT NULL COMMENT 'entity_id',
  `attribute_set_id` smallint(5) unsigned NOT NULL DEFAULT '0' COMMENT 'attribute_set_id',
  `parent_id` int(10) unsigned NOT NULL DEFAULT '0' COMMENT 'parent_id',
  `created_at` timestamp NOT NULL DEFAULT CURRENT_TIMESTAMP COMMENT 'created_at',
  `updated_at` timestamp NOT NULL DEFAULT CURRENT_TIMESTAMP COMMENT 'updated_at',
  `path` varchar(255) NOT NULL DEFAULT '' COMMENT 'path',
  `position` int(11) NOT NULL COMMENT 'position',
  `level` int(11) NOT NULL DEFAULT '0' COMMENT 'level',
  `children_count` int(11) NOT NULL COMMENT 'children_count',
  `store_id` smallint(5) unsigned NOT NULL DEFAULT '0' COMMENT 'Store Id',
  `all_children` text COMMENT 'All Children',
  `available_sort_by` text COMMENT 'Available Product Listing Sort By',
  `category_is_link` int(11) DEFAULT NULL COMMENT 'Is Link',
  `children` text COMMENT 'Children',
  `custom_apply_to_products` int(11) DEFAULT NULL COMMENT 'Apply To Products',
  `custom_design` varchar(255) DEFAULT NULL COMMENT 'Custom Design',
  `custom_design_from` datetime DEFAULT NULL COMMENT 'Active From',
  `custom_design_to` datetime DEFAULT NULL COMMENT 'Active To',
  `custom_layout_update` text COMMENT 'Custom Layout Update',
  `custom_layout_update_file` varchar(255) DEFAULT NULL COMMENT 'Custom Layout Update',
  `custom_use_parent_settings` int(11) DEFAULT NULL COMMENT 'Use Parent Category Settings',
  `default_sort_by` varchar(255) DEFAULT NULL COMMENT 'Default Product Listing Sort By',
  `description` text COMMENT 'Description',
  `disabled_children` int(11) DEFAULT NULL COMMENT 'Disabled Category Children',
  `display_mode` varchar(255) DEFAULT NULL COMMENT 'Display Mode',
  `filter_price_range` decimal(12,4) DEFAULT NULL COMMENT 'Layered Navigation Price Step',
  `image` varchar(255) DEFAULT NULL COMMENT 'Image',
  `include_in_menu` int(11) DEFAULT NULL COMMENT 'Include in Navigation Menu',
  `is_active` int(11) DEFAULT NULL COMMENT 'Is Active',
  `is_anchor` int(11) DEFAULT NULL COMMENT 'Is Anchor',
  `label_value` text COMMENT 'Label',
  `landing_page` int(11) DEFAULT NULL COMMENT 'CMS Block',
  `level_column_count` varchar(255) DEFAULT NULL COMMENT 'Level Column Count',
  `meta_description` text COMMENT 'Meta Description',
  `meta_keywords` text COMMENT 'Meta Keywords',
  `meta_title` varchar(255) DEFAULT NULL COMMENT 'Page Title',
  `name` varchar(255) DEFAULT NULL COMMENT 'Name',
  `nbr_product_value` text COMMENT 'Numbers Products to Show',
  `page_layout` varchar(255) DEFAULT NULL COMMENT 'Page Layout',
  `path_in_store` text COMMENT 'Path In Store',
  `show_products` int(11) DEFAULT NULL COMMENT 'Show Products',
  `smartmenu_block_left` varchar(255) DEFAULT NULL COMMENT 'Static Block Left',
  `smartmenu_block_right` varchar(255) DEFAULT NULL COMMENT 'Static Block Right',
  `smartmenu_cat_bg` text COMMENT 'Background Image',
  `smartmenu_cat_column` varchar(255) DEFAULT NULL COMMENT 'Subcategory Columns',
  `smartmenu_cat_dropdown_width` text COMMENT 'Dropdown Menu Width',
  `smartmenu_cat_icon` text COMMENT 'Icon Font',
  `smartmenu_cat_imgicon` text COMMENT 'Icon Image',
  `smartmenu_cat_label` varchar(255) DEFAULT NULL COMMENT 'Category Label',
  `smartmenu_cat_position` varchar(255) DEFAULT NULL COMMENT 'Align Submenu',
  `smartmenu_cat_style` varchar(255) DEFAULT NULL COMMENT 'Category Menu Style',
  `smartmenu_cat_target` varchar(255) DEFAULT NULL COMMENT 'Custom URL',
  `smartmenu_show_on_cat` int(11) DEFAULT NULL COMMENT 'Display in Catalog Page',
  `smartmenu_static_bottom` text COMMENT 'Static Block Bottom',
  `smartmenu_static_left` text COMMENT 'Static Block Left',
  `smartmenu_static_right` text COMMENT 'Static Block Right',
  `smartmenu_static_top` text COMMENT 'Static Block Top',
  `static_block_bottom_value` int(11) DEFAULT NULL COMMENT 'Static Block Bottom Value',
  `static_block_left_value` int(11) DEFAULT NULL COMMENT 'Static Block Left Value',
  `static_block_right_value` int(11) DEFAULT NULL COMMENT 'Static Block Right Value',
  `static_block_top_value` int(11) DEFAULT NULL COMMENT 'Static Block Top Value',
  `url_key` varchar(255) DEFAULT NULL COMMENT 'URL Key',
  `url_path` varchar(255) DEFAULT NULL COMMENT 'Url Path',
  `use_label` int(11) DEFAULT NULL COMMENT 'Use Label',
  `use_static_block` int(11) DEFAULT NULL COMMENT 'Use Static Block',
  `use_static_block_bottom` int(11) DEFAULT NULL COMMENT 'Use Static Block Bottom',
  `use_static_block_left` int(11) DEFAULT NULL COMMENT 'Use Static Block Left',
  `use_static_block_right` int(11) DEFAULT NULL COMMENT 'Use Static Block Right',
  `use_static_block_top` int(11) DEFAULT NULL COMMENT 'Use Static Block Top',
  `use_thumbail` int(11) DEFAULT NULL COMMENT 'Use Thumbail',
  PRIMARY KEY (`entity_id`),
  KEY `CATALOG_CATEGORY_FLAT_STORE_1_TMP_STORE_ID` (`store_id`),
  KEY `CATALOG_CATEGORY_FLAT_STORE_1_TMP_PATH` (`path`),
  KEY `CATALOG_CATEGORY_FLAT_STORE_1_TMP_LEVEL` (`level`)
) ENGINE=InnoDB DEFAULT CHARSET=utf8 COMMENT='Catalog Category Flat';

--
-- Dumping data for table `catalog_category_flat_store_1`
--

INSERT INTO `catalog_category_flat_store_1` VALUES (1,3,0,'2020-09-07 13:26:58','2022-09-17 19:48:22','1',0,0,38,1,NULL,NULL,NULL,NULL,NULL,NULL,NULL,NULL,NULL,NULL,NULL,NULL,NULL,NULL,NULL,NULL,NULL,1,NULL,NULL,NULL,NULL,NULL,NULL,NULL,NULL,'Root Catalog',NULL,NULL,NULL,NULL,NULL,NULL,NULL,NULL,NULL,NULL,NULL,NULL,NULL,NULL,NULL,NULL,NULL,NULL,NULL,NULL,NULL,NULL,NULL,NULL,NULL,NULL,NULL,NULL,NULL,NULL,NULL,NULL,NULL),(2,3,1,'2020-09-07 13:27:14','2022-09-17 19:48:22','1/2',1,1,36,1,NULL,NULL,1,NULL,0,NULL,NULL,NULL,NULL,NULL,0,NULL,NULL,1,'PRODUCTS',NULL,NULL,1,1,1,NULL,NULL,'column_mega_menu1',NULL,NULL,NULL,'Default Category',NULL,NULL,NULL,NULL,NULL,NULL,NULL,NULL,NULL,NULL,NULL,NULL,NULL,NULL,NULL,NULL,NULL,NULL,NULL,NULL,NULL,NULL,NULL,NULL,'default-category',NULL,1,1,1,1,1,1,NULL),(15,3,2,'2021-02-19 10:24:48','2021-12-27 07:13:50','1/2/15',8,2,0,1,NULL,NULL,1,NULL,0,NULL,NULL,NULL,NULL,NULL,0,NULL,NULL,1,'PRODUCTS',NULL,NULL,0,1,1,NULL,NULL,'column_mega_menu1',NULL,NULL,NULL,'Top Bundles',NULL,NULL,NULL,NULL,NULL,NULL,NULL,NULL,NULL,NULL,NULL,NULL,NULL,NULL,NULL,NULL,NULL,NULL,NULL,NULL,NULL,NULL,NULL,NULL,'top-bundles','top-bundles',1,1,1,1,1,1,NULL),(20,3,2,'2021-02-25 12:57:54','2022-01-01 21:42:30','1/2/20',9,2,0,1,NULL,NULL,1,NULL,0,NULL,NULL,NULL,NULL,NULL,0,NULL,NULL,1,'PRODUCTS',NULL,NULL,0,1,1,NULL,NULL,'column_mega_menu1',NULL,NULL,NULL,'Our Partners',NULL,NULL,NULL,NULL,NULL,NULL,NULL,NULL,NULL,NULL,NULL,NULL,NULL,NULL,NULL,NULL,NULL,NULL,NULL,NULL,NULL,NULL,NULL,NULL,'toners-top-sellers','toners-top-sellers',1,1,1,1,1,1,NULL),(24,3,2,'2021-04-18 16:41:34','2021-09-02 13:37:17','1/2/24',11,2,0,1,NULL,NULL,1,NULL,0,NULL,NULL,NULL,NULL,NULL,0,NULL,NULL,1,'PRODUCTS',NULL,NULL,0,1,1,NULL,NULL,'column_mega_menu1',NULL,NULL,NULL,'Black Printing Plans',NULL,NULL,NULL,NULL,NULL,NULL,NULL,NULL,NULL,NULL,NULL,NULL,NULL,NULL,NULL,NULL,NULL,NULL,NULL,NULL,NULL,NULL,NULL,NULL,'black-only','black-only',1,1,1,1,1,1,NULL),(25,3,2,'2021-04-18 16:42:17','2021-10-25 09:08:37','1/2/25',12,2,0,1,NULL,NULL,1,NULL,0,NULL,NULL,NULL,NULL,NULL,0,NULL,NULL,1,'PRODUCTS',NULL,NULL,0,1,1,NULL,NULL,'column_mega_menu1',NULL,NULL,NULL,'Colour Printing Plans',NULL,NULL,NULL,NULL,NULL,NULL,NULL,NULL,NULL,NULL,NULL,NULL,NULL,NULL,NULL,NULL,NULL,NULL,NULL,NULL,NULL,NULL,NULL,NULL,'color-printing','color-printing',1,1,1,1,1,1,NULL),(26,3,2,'2021-04-19 07:56:09','2021-04-19 07:56:09','1/2/26',13,2,0,1,NULL,NULL,1,NULL,0,NULL,NULL,NULL,NULL,NULL,0,NULL,NULL,1,'PRODUCTS',NULL,NULL,0,1,1,NULL,NULL,'column_mega_menu1',NULL,NULL,NULL,'addon',NULL,NULL,NULL,NULL,NULL,NULL,NULL,NULL,NULL,NULL,NULL,NULL,NULL,NULL,NULL,NULL,NULL,NULL,NULL,NULL,NULL,NULL,NULL,NULL,'addon','addon',1,1,1,1,1,1,NULL),(39,3,2,'2021-05-25 11:20:17','2021-05-25 11:20:38','1/2/39',15,2,0,1,NULL,NULL,1,NULL,0,NULL,NULL,NULL,NULL,NULL,0,NULL,NULL,1,'PRODUCTS',NULL,NULL,0,1,1,NULL,NULL,'column_mega_menu1',NULL,NULL,NULL,'Discount Products. ',NULL,NULL,NULL,NULL,NULL,NULL,NULL,NULL,NULL,NULL,NULL,NULL,NULL,NULL,NULL,NULL,NULL,NULL,NULL,NULL,NULL,NULL,NULL,NULL,'discount-products','discount-products',1,1,1,1,1,1,NULL),(41,3,2,'2021-09-03 13:54:25','2021-09-03 13:56:49','1/2/41',16,2,0,1,NULL,NULL,1,NULL,0,NULL,NULL,NULL,NULL,NULL,0,NULL,NULL,1,'PRODUCTS',NULL,NULL,0,1,1,NULL,NULL,'column_mega_menu1',NULL,NULL,NULL,'new test',NULL,NULL,NULL,NULL,NULL,NULL,NULL,NULL,NULL,NULL,NULL,NULL,NULL,NULL,NULL,NULL,NULL,NULL,NULL,NULL,NULL,NULL,NULL,NULL,'new-test','new-test',1,1,1,1,1,1,NULL),(42,3,2,'2021-09-03 14:15:08','2022-10-08 11:55:19','1/2/42',17,2,2,1,NULL,NULL,1,NULL,0,NULL,NULL,NULL,NULL,NULL,0,NULL,NULL,1,'PRODUCTS',NULL,NULL,1,1,1,NULL,NULL,'column_mega_menu1',NULL,NULL,NULL,'Copiers & Printers',NULL,NULL,NULL,NULL,NULL,NULL,NULL,NULL,NULL,NULL,NULL,NULL,'left','dropdown_simple',NULL,0,NULL,NULL,NULL,NULL,NULL,NULL,NULL,NULL,'copiers-printers','copiers-printers',1,1,1,1,1,1,NULL),(47,3,2,'2022-03-20 20:49:07','2022-10-08 11:57:20','1/2/47',20,2,2,1,NULL,NULL,1,NULL,0,NULL,NULL,NULL,NULL,NULL,0,NULL,NULL,1,'PAGE',NULL,NULL,1,1,1,NULL,NULL,'column_mega_menu1','One Rate Printing ','One Rate Printing ','One Rate Printing ','One Rate Printing',NULL,NULL,NULL,NULL,NULL,NULL,NULL,NULL,NULL,NULL,NULL,NULL,'left','dropdown_simple',NULL,0,NULL,NULL,NULL,NULL,NULL,NULL,NULL,NULL,'subscribe-index-index','subscribe-index-index',1,1,1,1,1,1,NULL),(48,3,2,'2022-03-22 08:28:52','2022-10-08 11:57:01','1/2/48',18,2,5,1,NULL,NULL,1,NULL,0,NULL,NULL,NULL,NULL,NULL,0,NULL,NULL,1,'PRODUCTS',NULL,'/media/wysiwyg/customer-support.png',1,1,1,NULL,NULL,'column_mega_menu1',NULL,NULL,NULL,'Toners',NULL,NULL,NULL,NULL,NULL,NULL,NULL,NULL,NULL,NULL,NULL,NULL,'left','dropdown_simple',NULL,0,NULL,NULL,NULL,NULL,NULL,NULL,NULL,NULL,'toners','toners',1,1,1,1,1,1,NULL),(53,3,2,'2022-08-10 20:21:31','2022-09-11 12:31:52','1/2/53',21,2,6,1,NULL,NULL,NULL,NULL,NULL,NULL,NULL,NULL,NULL,NULL,NULL,NULL,NULL,NULL,'PAGE',NULL,NULL,0,0,0,NULL,NULL,NULL,NULL,NULL,NULL,'Collections',NULL,NULL,NULL,NULL,NULL,NULL,NULL,NULL,NULL,NULL,NULL,NULL,NULL,NULL,NULL,NULL,NULL,NULL,NULL,NULL,NULL,NULL,NULL,NULL,'collections','collections',NULL,NULL,NULL,NULL,NULL,NULL,NULL),(54,3,53,'2022-08-10 20:21:31','2022-08-10 20:21:31','1/2/53/54',1,3,0,1,NULL,NULL,NULL,NULL,NULL,NULL,NULL,NULL,NULL,NULL,NULL,NULL,NULL,NULL,NULL,NULL,NULL,0,1,1,NULL,NULL,NULL,NULL,NULL,NULL,'New Luma Yoga Collection',NULL,NULL,NULL,NULL,NULL,NULL,NULL,NULL,NULL,NULL,NULL,NULL,NULL,NULL,NULL,NULL,NULL,NULL,NULL,NULL,NULL,NULL,NULL,NULL,'yoga-new','collections/yoga-new',NULL,NULL,NULL,NULL,NULL,NULL,NULL),(75,3,2,'2022-08-10 20:22:04','2022-09-11 12:31:52','1/2/75',22,2,4,1,NULL,NULL,NULL,NULL,NULL,NULL,NULL,NULL,NULL,NULL,NULL,NULL,NULL,NULL,'PAGE',NULL,NULL,0,0,0,NULL,NULL,NULL,NULL,NULL,NULL,'Promotions',NULL,NULL,NULL,NULL,NULL,NULL,NULL,NULL,NULL,NULL,NULL,NULL,NULL,NULL,NULL,NULL,NULL,NULL,NULL,NULL,NULL,NULL,NULL,NULL,'promotions','promotions',NULL,NULL,NULL,NULL,NULL,NULL,NULL),(76,3,75,'2022-08-10 20:22:04','2022-08-10 20:22:04','1/2/75/76',1,3,0,1,NULL,NULL,NULL,NULL,NULL,NULL,NULL,NULL,NULL,NULL,NULL,NULL,NULL,NULL,NULL,NULL,NULL,0,1,1,NULL,NULL,NULL,NULL,NULL,NULL,'Women Sale',NULL,NULL,NULL,NULL,NULL,NULL,NULL,NULL,NULL,NULL,NULL,NULL,NULL,NULL,NULL,NULL,NULL,NULL,NULL,NULL,NULL,NULL,NULL,NULL,'women-sale','promotions/women-sale',NULL,NULL,NULL,NULL,NULL,NULL,NULL),(77,3,75,'2022-08-10 20:22:04','2022-08-10 20:22:04','1/2/75/77',2,3,0,1,NULL,NULL,NULL,NULL,NULL,NULL,NULL,NULL,NULL,NULL,NULL,NULL,NULL,NULL,NULL,NULL,NULL,0,1,1,NULL,NULL,NULL,NULL,NULL,NULL,'Men Sale',NULL,NULL,NULL,NULL,NULL,NULL,NULL,NULL,NULL,NULL,NULL,NULL,NULL,NULL,NULL,NULL,NULL,NULL,NULL,NULL,NULL,NULL,NULL,NULL,'men-sale','promotions/men-sale',NULL,NULL,NULL,NULL,NULL,NULL,NULL),(78,3,75,'2022-08-10 20:22:04','2022-08-10 20:22:04','1/2/75/78',3,3,0,1,NULL,NULL,NULL,NULL,NULL,NULL,NULL,NULL,NULL,NULL,NULL,NULL,NULL,NULL,NULL,NULL,NULL,0,1,1,NULL,NULL,NULL,NULL,NULL,NULL,'Pants',NULL,NULL,NULL,NULL,NULL,NULL,NULL,NULL,NULL,NULL,NULL,NULL,NULL,NULL,NULL,NULL,NULL,NULL,NULL,NULL,NULL,NULL,NULL,NULL,'pants-all','promotions/pants-all',NULL,NULL,NULL,NULL,NULL,NULL,NULL),(79,3,75,'2022-08-10 20:22:04','2022-08-10 20:22:04','1/2/75/79',4,3,0,1,NULL,NULL,NULL,NULL,NULL,NULL,NULL,NULL,NULL,NULL,NULL,NULL,NULL,NULL,NULL,NULL,NULL,0,1,1,NULL,NULL,NULL,NULL,NULL,NULL,'Tees',NULL,NULL,NULL,NULL,NULL,NULL,NULL,NULL,NULL,NULL,NULL,NULL,NULL,NULL,NULL,NULL,NULL,NULL,NULL,NULL,NULL,NULL,NULL,NULL,'tees-all','promotions/tees-all',NULL,NULL,NULL,NULL,NULL,NULL,NULL),(80,3,53,'2022-08-10 20:22:04','2022-08-10 20:22:04','1/2/53/80',2,3,0,1,NULL,NULL,NULL,NULL,NULL,NULL,NULL,NULL,NULL,NULL,NULL,NULL,NULL,NULL,NULL,NULL,NULL,0,1,1,NULL,NULL,NULL,NULL,NULL,NULL,'Erin Recommends',NULL,NULL,NULL,NULL,NULL,NULL,NULL,NULL,NULL,NULL,NULL,NULL,NULL,NULL,NULL,NULL,NULL,NULL,NULL,NULL,NULL,NULL,NULL,NULL,'erin-recommends','collections/erin-recommends',NULL,NULL,NULL,NULL,NULL,NULL,NULL),(81,3,53,'2022-08-10 20:22:04','2022-08-10 20:22:04','1/2/53/81',3,3,0,1,NULL,NULL,NULL,NULL,NULL,NULL,NULL,NULL,NULL,NULL,NULL,NULL,NULL,NULL,NULL,NULL,NULL,0,1,1,NULL,NULL,NULL,NULL,NULL,NULL,'Performance Fabrics',NULL,NULL,NULL,NULL,NULL,NULL,NULL,NULL,NULL,NULL,NULL,NULL,NULL,NULL,NULL,NULL,NULL,NULL,NULL,NULL,NULL,NULL,NULL,NULL,'performance-fabrics','collections/performance-fabrics',NULL,NULL,NULL,NULL,NULL,NULL,NULL),(82,3,53,'2022-08-10 20:22:04','2022-08-10 20:22:04','1/2/53/82',4,3,0,1,NULL,NULL,NULL,NULL,NULL,NULL,NULL,NULL,NULL,NULL,NULL,NULL,NULL,NULL,NULL,NULL,NULL,0,1,1,NULL,NULL,NULL,NULL,NULL,NULL,'Eco Friendly',NULL,NULL,NULL,NULL,NULL,NULL,NULL,NULL,NULL,NULL,NULL,NULL,NULL,NULL,NULL,NULL,NULL,NULL,NULL,NULL,NULL,NULL,NULL,NULL,'eco-friendly','collections/eco-friendly',NULL,NULL,NULL,NULL,NULL,NULL,NULL),(83,3,2,'2022-08-10 20:23:07','2022-09-07 11:37:38','1/2/83',6,2,0,1,NULL,NULL,1,NULL,0,NULL,NULL,NULL,NULL,NULL,0,NULL,NULL,1,'PAGE',NULL,NULL,1,0,0,NULL,NULL,'column_mega_menu1',NULL,NULL,NULL,'Sale',NULL,NULL,NULL,NULL,NULL,NULL,NULL,NULL,NULL,NULL,NULL,NULL,'left','dropdown_simple',NULL,1,NULL,NULL,NULL,NULL,NULL,NULL,NULL,NULL,'sale','sale',1,1,1,1,1,1,NULL),(84,3,2,'2022-08-10 20:23:07','2022-09-07 11:25:48','1/2/84',1,2,0,1,NULL,NULL,1,NULL,0,NULL,NULL,NULL,NULL,NULL,0,NULL,NULL,1,'PAGE',NULL,NULL,1,0,0,NULL,NULL,'column_mega_menu1',NULL,NULL,NULL,'What\'s New',NULL,NULL,NULL,NULL,NULL,NULL,NULL,NULL,NULL,NULL,NULL,NULL,'left','dropdown_simple',NULL,1,NULL,NULL,NULL,NULL,NULL,NULL,NULL,NULL,'what-is-new','what-is-new',1,1,1,1,1,1,NULL),(85,3,53,'2022-08-10 20:23:07','2022-08-10 20:23:07','1/2/53/85',5,3,0,1,NULL,NULL,NULL,NULL,NULL,NULL,NULL,NULL,NULL,NULL,NULL,NULL,NULL,NULL,'PAGE',NULL,NULL,0,1,0,NULL,NULL,NULL,NULL,NULL,NULL,'Performance Sportswear New',NULL,'1column',NULL,NULL,NULL,NULL,NULL,NULL,NULL,NULL,NULL,NULL,NULL,NULL,NULL,NULL,NULL,NULL,NULL,NULL,NULL,NULL,NULL,NULL,'performance-new','collections/performance-new',NULL,NULL,NULL,NULL,NULL,NULL,NULL),(86,3,53,'2022-08-10 20:23:07','2022-08-10 20:23:07','1/2/53/86',6,3,0,1,NULL,NULL,NULL,NULL,NULL,NULL,NULL,NULL,NULL,NULL,NULL,NULL,NULL,NULL,'PAGE',NULL,NULL,0,1,0,NULL,NULL,NULL,NULL,NULL,NULL,'Eco Collection New',NULL,'1column',NULL,NULL,NULL,NULL,NULL,NULL,NULL,NULL,NULL,NULL,NULL,NULL,NULL,NULL,NULL,NULL,NULL,NULL,NULL,NULL,NULL,NULL,'eco-new','collections/eco-new',NULL,NULL,NULL,NULL,NULL,NULL,NULL),(88,3,48,'2022-09-01 10:09:46','2022-09-17 19:28:11','1/2/48/88',1,3,0,1,NULL,NULL,1,NULL,0,NULL,NULL,NULL,NULL,NULL,0,NULL,NULL,1,'PRODUCTS',NULL,NULL,1,1,1,NULL,NULL,'column_mega_menu1',NULL,NULL,NULL,'Black & White',NULL,NULL,NULL,NULL,NULL,NULL,NULL,NULL,NULL,NULL,NULL,NULL,'left','dropdown_simple',NULL,1,NULL,NULL,NULL,NULL,NULL,NULL,NULL,NULL,'black-white','toners/black-white',1,1,1,1,1,1,NULL),(90,3,42,'2022-09-07 11:04:06','2022-10-08 11:56:00','1/2/42/90',2,3,0,1,NULL,NULL,1,NULL,0,NULL,NULL,NULL,NULL,NULL,0,NULL,NULL,1,'PRODUCTS',NULL,NULL,1,1,1,NULL,NULL,'column_mega_menu1',NULL,NULL,NULL,'Commercail Printers',NULL,NULL,NULL,NULL,NULL,NULL,NULL,NULL,NULL,NULL,NULL,NULL,'left','dropdown_simple',NULL,0,NULL,NULL,NULL,NULL,NULL,NULL,NULL,NULL,'commercial-printer','copiers-printers/commercial-printer',1,1,1,1,1,1,NULL),(91,3,48,'2022-09-07 11:09:14','2022-09-17 19:29:02','1/2/48/91',2,3,3,1,NULL,NULL,1,NULL,0,NULL,NULL,NULL,NULL,NULL,0,NULL,NULL,1,'PRODUCTS',NULL,NULL,1,1,1,NULL,NULL,'column_mega_menu1',NULL,NULL,NULL,'Colour',NULL,NULL,NULL,NULL,NULL,NULL,NULL,NULL,NULL,NULL,NULL,NULL,'left','dropdown_simple',NULL,1,NULL,NULL,NULL,NULL,NULL,NULL,NULL,NULL,'colour','toners/colour',1,1,1,1,1,1,NULL),(95,3,42,'2022-09-10 15:51:09','2022-09-25 14:21:39','1/2/42/95',3,3,0,1,NULL,NULL,1,NULL,0,NULL,NULL,NULL,NULL,NULL,0,NULL,NULL,1,'PRODUCTS',NULL,NULL,1,1,1,NULL,NULL,'column_mega_menu1',NULL,NULL,NULL,'Multidunction Printers',NULL,NULL,NULL,NULL,NULL,NULL,NULL,NULL,NULL,NULL,NULL,NULL,'left','dropdown_simple',NULL,1,NULL,NULL,NULL,NULL,NULL,NULL,NULL,NULL,'multifunctionprinters','copiers-printers/multifunctionprinters',1,1,1,1,1,1,NULL),(98,3,91,'2022-09-11 12:26:54','2022-09-11 12:26:54','1/2/48/91/98',1,4,0,1,NULL,NULL,1,NULL,0,NULL,NULL,NULL,NULL,NULL,0,NULL,NULL,1,'PRODUCTS',NULL,NULL,1,1,1,NULL,NULL,'column_mega_menu1',NULL,NULL,NULL,'Magenta',NULL,NULL,NULL,NULL,NULL,NULL,NULL,NULL,NULL,NULL,NULL,NULL,'left','dropdown_simple',NULL,1,NULL,NULL,NULL,NULL,NULL,NULL,NULL,NULL,'magenta','toners/colour/magenta',1,1,1,1,1,1,NULL),(99,3,91,'2022-09-11 12:27:21','2022-09-11 12:27:21','1/2/48/91/99',2,4,0,1,NULL,NULL,1,NULL,0,NULL,NULL,NULL,NULL,NULL,0,NULL,NULL,1,'PRODUCTS',NULL,NULL,1,1,1,NULL,NULL,'column_mega_menu1',NULL,NULL,NULL,'Yellow',NULL,NULL,NULL,NULL,NULL,NULL,NULL,NULL,NULL,NULL,NULL,NULL,'left','dropdown_simple',NULL,1,NULL,NULL,NULL,NULL,NULL,NULL,NULL,NULL,'yellow','toners/colour/yellow',1,1,1,1,1,1,NULL),(100,3,91,'2022-09-11 12:27:52','2022-09-11 12:27:52','1/2/48/91/100',3,4,0,1,NULL,NULL,1,NULL,0,NULL,NULL,NULL,NULL,NULL,0,NULL,NULL,1,'PRODUCTS',NULL,NULL,1,1,1,NULL,NULL,'column_mega_menu1',NULL,NULL,NULL,'Cyan',NULL,NULL,NULL,NULL,NULL,NULL,NULL,NULL,NULL,NULL,NULL,NULL,'left','dropdown_simple',NULL,1,NULL,NULL,NULL,NULL,NULL,NULL,NULL,NULL,'cyan','toners/colour/cyan',1,1,1,1,1,1,NULL),(101,3,47,'2022-09-11 12:29:25','2022-09-11 12:29:25','1/2/47/101',1,3,0,1,NULL,NULL,1,NULL,0,NULL,NULL,NULL,NULL,NULL,0,NULL,NULL,1,'PRODUCTS',NULL,NULL,1,1,1,NULL,NULL,'column_mega_menu1',NULL,NULL,NULL,'Black & White',NULL,NULL,NULL,NULL,NULL,NULL,NULL,NULL,NULL,NULL,NULL,NULL,'left','dropdown_simple',NULL,1,NULL,NULL,NULL,NULL,NULL,NULL,NULL,NULL,'black-white','subscribe-index-index/black-white',1,1,1,1,1,1,NULL),(102,3,47,'2022-09-11 12:29:51','2022-09-11 12:29:51','1/2/47/102',2,3,0,1,NULL,NULL,1,NULL,0,NULL,NULL,NULL,NULL,NULL,0,NULL,NULL,1,'PRODUCTS',NULL,NULL,1,1,1,NULL,NULL,'column_mega_menu1',NULL,NULL,NULL,'Colour ',NULL,NULL,NULL,NULL,NULL,NULL,NULL,NULL,NULL,NULL,NULL,NULL,'left','dropdown_simple',NULL,1,NULL,NULL,NULL,NULL,NULL,NULL,NULL,NULL,'colour','subscribe-index-index/colour',1,1,1,1,1,1,NULL),(104,3,2,'2022-09-11 12:31:36','2022-10-08 11:57:25','1/2/104',19,2,2,1,NULL,NULL,1,NULL,0,NULL,NULL,NULL,NULL,NULL,0,NULL,NULL,1,'PRODUCTS',NULL,NULL,1,1,1,NULL,NULL,'column_mega_menu1',NULL,NULL,NULL,'Maintenance ',NULL,NULL,NULL,NULL,NULL,NULL,NULL,NULL,NULL,NULL,NULL,NULL,'left','dropdown_simple',NULL,0,NULL,NULL,NULL,NULL,NULL,NULL,NULL,NULL,'maintenance','maintenance',1,1,1,1,1,1,NULL),(105,3,104,'2022-09-11 12:32:17','2022-10-09 00:12:27','1/2/104/105',1,3,0,1,NULL,NULL,1,NULL,0,NULL,NULL,NULL,NULL,NULL,0,NULL,NULL,1,'PRODUCTS',NULL,NULL,1,1,1,NULL,NULL,'column_mega_menu1',NULL,NULL,NULL,'Maintenance Call',NULL,NULL,NULL,NULL,NULL,NULL,NULL,NULL,NULL,NULL,NULL,NULL,'left','dropdown_simple','/services/calls/create/',1,NULL,NULL,NULL,NULL,NULL,NULL,NULL,NULL,'maintenance-call','maintenance/maintenance-call',1,1,1,1,1,1,NULL),(106,3,104,'2022-09-11 12:34:08','2022-10-11 01:47:48','1/2/104/106',2,3,0,1,NULL,NULL,1,NULL,0,NULL,NULL,NULL,NULL,NULL,0,NULL,NULL,1,'PRODUCTS',NULL,NULL,1,1,1,NULL,NULL,'column_mega_menu1',NULL,NULL,NULL,'Maintenance Contract',NULL,NULL,NULL,NULL,NULL,NULL,NULL,NULL,NULL,NULL,NULL,NULL,'left','dropdown_simple','/services/plans/create/',1,NULL,NULL,NULL,NULL,NULL,NULL,NULL,NULL,'maintenance-contract','maintenance/maintenance-contract',1,1,1,1,1,1,NULL);

--
-- Table structure for table `catalog_category_flat_store_2`
--

CREATE TABLE `catalog_category_flat_store_2` (
  `entity_id` int(10) unsigned NOT NULL COMMENT 'entity_id',
  `attribute_set_id` smallint(5) unsigned NOT NULL DEFAULT '0' COMMENT 'attribute_set_id',
  `parent_id` int(10) unsigned NOT NULL DEFAULT '0' COMMENT 'parent_id',
  `created_at` timestamp NOT NULL DEFAULT CURRENT_TIMESTAMP COMMENT 'created_at',
  `updated_at` timestamp NOT NULL DEFAULT CURRENT_TIMESTAMP COMMENT 'updated_at',
  `path` varchar(255) NOT NULL DEFAULT '' COMMENT 'path',
  `position` int(11) NOT NULL COMMENT 'position',
  `level` int(11) NOT NULL DEFAULT '0' COMMENT 'level',
  `children_count` int(11) NOT NULL COMMENT 'children_count',
  `store_id` smallint(5) unsigned NOT NULL DEFAULT '0' COMMENT 'Store Id',
  `all_children` text COMMENT 'All Children',
  `available_sort_by` text COMMENT 'Available Product Listing Sort By',
  `category_is_link` int(11) DEFAULT NULL COMMENT 'Is Link',
  `children` text COMMENT 'Children',
  `custom_apply_to_products` int(11) DEFAULT NULL COMMENT 'Apply To Products',
  `custom_design` varchar(255) DEFAULT NULL COMMENT 'Custom Design',
  `custom_design_from` datetime DEFAULT NULL COMMENT 'Active From',
  `custom_design_to` datetime DEFAULT NULL COMMENT 'Active To',
  `custom_layout_update` text COMMENT 'Custom Layout Update',
  `custom_layout_update_file` varchar(255) DEFAULT NULL COMMENT 'Custom Layout Update',
  `custom_use_parent_settings` int(11) DEFAULT NULL COMMENT 'Use Parent Category Settings',
  `default_sort_by` varchar(255) DEFAULT NULL COMMENT 'Default Product Listing Sort By',
  `description` text COMMENT 'Description',
  `disabled_children` int(11) DEFAULT NULL COMMENT 'Disabled Category Children',
  `display_mode` varchar(255) DEFAULT NULL COMMENT 'Display Mode',
  `filter_price_range` decimal(12,4) DEFAULT NULL COMMENT 'Layered Navigation Price Step',
  `image` varchar(255) DEFAULT NULL COMMENT 'Image',
  `include_in_menu` int(11) DEFAULT NULL COMMENT 'Include in Navigation Menu',
  `is_active` int(11) DEFAULT NULL COMMENT 'Is Active',
  `is_anchor` int(11) DEFAULT NULL COMMENT 'Is Anchor',
  `label_value` text COMMENT 'Label',
  `landing_page` int(11) DEFAULT NULL COMMENT 'CMS Block',
  `level_column_count` varchar(255) DEFAULT NULL COMMENT 'Level Column Count',
  `meta_description` text COMMENT 'Meta Description',
  `meta_keywords` text COMMENT 'Meta Keywords',
  `meta_title` varchar(255) DEFAULT NULL COMMENT 'Page Title',
  `name` varchar(255) DEFAULT NULL COMMENT 'Name',
  `nbr_product_value` text COMMENT 'Numbers Products to Show',
  `page_layout` varchar(255) DEFAULT NULL COMMENT 'Page Layout',
  `path_in_store` text COMMENT 'Path In Store',
  `show_products` int(11) DEFAULT NULL COMMENT 'Show Products',
  `smartmenu_block_left` varchar(255) DEFAULT NULL COMMENT 'Static Block Left',
  `smartmenu_block_right` varchar(255) DEFAULT NULL COMMENT 'Static Block Right',
  `smartmenu_cat_bg` text COMMENT 'Background Image',
  `smartmenu_cat_column` varchar(255) DEFAULT NULL COMMENT 'Subcategory Columns',
  `smartmenu_cat_dropdown_width` text COMMENT 'Dropdown Menu Width',
  `smartmenu_cat_icon` text COMMENT 'Icon Font',
  `smartmenu_cat_imgicon` text COMMENT 'Icon Image',
  `smartmenu_cat_label` varchar(255) DEFAULT NULL COMMENT 'Category Label',
  `smartmenu_cat_position` varchar(255) DEFAULT NULL COMMENT 'Align Submenu',
  `smartmenu_cat_style` varchar(255) DEFAULT NULL COMMENT 'Category Menu Style',
  `smartmenu_cat_target` varchar(255) DEFAULT NULL COMMENT 'Custom URL',
  `smartmenu_show_on_cat` int(11) DEFAULT NULL COMMENT 'Display in Catalog Page',
  `smartmenu_static_bottom` text COMMENT 'Static Block Bottom',
  `smartmenu_static_left` text COMMENT 'Static Block Left',
  `smartmenu_static_right` text COMMENT 'Static Block Right',
  `smartmenu_static_top` text COMMENT 'Static Block Top',
  `static_block_bottom_value` int(11) DEFAULT NULL COMMENT 'Static Block Bottom Value',
  `static_block_left_value` int(11) DEFAULT NULL COMMENT 'Static Block Left Value',
  `static_block_right_value` int(11) DEFAULT NULL COMMENT 'Static Block Right Value',
  `static_block_top_value` int(11) DEFAULT NULL COMMENT 'Static Block Top Value',
  `url_key` varchar(255) DEFAULT NULL COMMENT 'URL Key',
  `url_path` varchar(255) DEFAULT NULL COMMENT 'Url Path',
  `use_label` int(11) DEFAULT NULL COMMENT 'Use Label',
  `use_static_block` int(11) DEFAULT NULL COMMENT 'Use Static Block',
  `use_static_block_bottom` int(11) DEFAULT NULL COMMENT 'Use Static Block Bottom',
  `use_static_block_left` int(11) DEFAULT NULL COMMENT 'Use Static Block Left',
  `use_static_block_right` int(11) DEFAULT NULL COMMENT 'Use Static Block Right',
  `use_static_block_top` int(11) DEFAULT NULL COMMENT 'Use Static Block Top',
  `use_thumbail` int(11) DEFAULT NULL COMMENT 'Use Thumbail',
  PRIMARY KEY (`entity_id`),
  KEY `CATALOG_CATEGORY_FLAT_STORE_2_TMP_STORE_ID` (`store_id`),
  KEY `CATALOG_CATEGORY_FLAT_STORE_2_TMP_PATH` (`path`),
  KEY `CATALOG_CATEGORY_FLAT_STORE_2_TMP_LEVEL` (`level`)
) ENGINE=InnoDB DEFAULT CHARSET=utf8 COMMENT='Catalog Category Flat';

--
-- Dumping data for table `catalog_category_flat_store_2`
--

INSERT INTO `catalog_category_flat_store_2` VALUES (1,3,0,'2020-09-07 13:26:58','2022-09-17 19:48:22','1',0,0,38,2,NULL,NULL,NULL,NULL,NULL,NULL,NULL,NULL,NULL,NULL,NULL,NULL,NULL,NULL,NULL,NULL,NULL,1,NULL,NULL,NULL,NULL,NULL,NULL,NULL,NULL,'Root Catalog',NULL,NULL,NULL,NULL,NULL,NULL,NULL,NULL,NULL,NULL,NULL,NULL,NULL,NULL,NULL,NULL,NULL,NULL,NULL,NULL,NULL,NULL,NULL,NULL,NULL,NULL,NULL,NULL,NULL,NULL,NULL,NULL,NULL),(2,3,1,'2020-09-07 13:27:14','2022-09-17 19:48:22','1/2',1,1,36,2,NULL,NULL,1,NULL,0,NULL,NULL,NULL,NULL,NULL,0,NULL,NULL,1,'PRODUCTS',NULL,NULL,1,1,1,NULL,NULL,'column_mega_menu1',NULL,NULL,NULL,'Default Category',NULL,NULL,NULL,NULL,NULL,NULL,NULL,NULL,NULL,NULL,NULL,NULL,NULL,NULL,NULL,NULL,NULL,NULL,NULL,NULL,NULL,NULL,NULL,NULL,'default-category',NULL,1,1,1,1,1,1,NULL),(15,3,2,'2021-02-19 10:24:48','2021-12-27 07:13:50','1/2/15',8,2,0,2,NULL,NULL,1,NULL,0,NULL,NULL,NULL,NULL,NULL,0,NULL,NULL,1,'PRODUCTS',NULL,NULL,0,1,1,NULL,NULL,'column_mega_menu1',NULL,NULL,NULL,'أفضل مجموعات',NULL,NULL,NULL,NULL,NULL,NULL,NULL,NULL,NULL,NULL,NULL,NULL,NULL,NULL,NULL,NULL,NULL,NULL,NULL,NULL,NULL,NULL,NULL,NULL,'top-bundles','top-bundles',1,1,1,1,1,1,NULL),(20,3,2,'2021-02-25 12:57:54','2022-01-01 21:42:30','1/2/20',9,2,0,2,NULL,NULL,1,NULL,0,NULL,NULL,NULL,NULL,NULL,0,NULL,NULL,1,'PRODUCTS',NULL,NULL,0,1,1,NULL,NULL,'column_mega_menu1',NULL,NULL,NULL,'عملائنا',NULL,NULL,NULL,NULL,NULL,NULL,NULL,NULL,NULL,NULL,NULL,NULL,NULL,NULL,NULL,NULL,NULL,NULL,NULL,NULL,NULL,NULL,NULL,NULL,'toners-top-sellers','toners-top-sellers',1,1,1,1,1,1,NULL),(24,3,2,'2021-04-18 16:41:34','2021-09-02 13:37:17','1/2/24',11,2,0,2,NULL,NULL,1,NULL,0,NULL,NULL,NULL,NULL,NULL,0,NULL,NULL,1,'PRODUCTS',NULL,NULL,0,1,1,NULL,NULL,'column_mega_menu1',NULL,NULL,NULL,'للطباعة باللون الأسود',NULL,NULL,NULL,NULL,NULL,NULL,NULL,NULL,NULL,NULL,NULL,NULL,NULL,NULL,NULL,NULL,NULL,NULL,NULL,NULL,NULL,NULL,NULL,NULL,'black-only','black-only',1,1,1,1,1,1,NULL),(25,3,2,'2021-04-18 16:42:17','2021-10-25 09:08:37','1/2/25',12,2,0,2,NULL,NULL,1,NULL,0,NULL,NULL,NULL,NULL,NULL,0,NULL,NULL,1,'PRODUCTS',NULL,NULL,0,1,1,NULL,NULL,'column_mega_menu1',NULL,NULL,NULL,'للطباعة الملونة',NULL,NULL,NULL,NULL,NULL,NULL,NULL,NULL,NULL,NULL,NULL,NULL,NULL,NULL,NULL,NULL,NULL,NULL,NULL,NULL,NULL,NULL,NULL,NULL,'color-printing','color-printing',1,1,1,1,1,1,NULL),(26,3,2,'2021-04-19 07:56:09','2021-04-19 07:56:09','1/2/26',13,2,0,2,NULL,NULL,1,NULL,0,NULL,NULL,NULL,NULL,NULL,0,NULL,NULL,1,'PRODUCTS',NULL,NULL,0,1,1,NULL,NULL,'column_mega_menu1',NULL,NULL,NULL,'addon',NULL,NULL,NULL,NULL,NULL,NULL,NULL,NULL,NULL,NULL,NULL,NULL,NULL,NULL,NULL,NULL,NULL,NULL,NULL,NULL,NULL,NULL,NULL,NULL,'addon','addon',1,1,1,1,1,1,NULL),(39,3,2,'2021-05-25 11:20:17','2021-05-25 11:20:38','1/2/39',15,2,0,2,NULL,NULL,1,NULL,0,NULL,NULL,NULL,NULL,NULL,0,NULL,NULL,1,'PRODUCTS',NULL,NULL,0,1,1,NULL,NULL,'column_mega_menu1',NULL,NULL,NULL,'Discount Products. ',NULL,NULL,NULL,NULL,NULL,NULL,NULL,NULL,NULL,NULL,NULL,NULL,NULL,NULL,NULL,NULL,NULL,NULL,NULL,NULL,NULL,NULL,NULL,NULL,'discount-products','discount-products',1,1,1,1,1,1,NULL),(41,3,2,'2021-09-03 13:54:25','2021-09-03 13:56:49','1/2/41',16,2,0,2,NULL,NULL,1,NULL,0,NULL,NULL,NULL,NULL,NULL,0,NULL,NULL,1,'PRODUCTS',NULL,NULL,0,1,1,NULL,NULL,'column_mega_menu1',NULL,NULL,NULL,'new test',NULL,NULL,NULL,NULL,NULL,NULL,NULL,NULL,NULL,NULL,NULL,NULL,NULL,NULL,NULL,NULL,NULL,NULL,NULL,NULL,NULL,NULL,NULL,NULL,'new-test','new-test',1,1,1,1,1,1,NULL),(42,3,2,'2021-09-03 14:15:08','2022-10-08 11:55:19','1/2/42',17,2,2,2,NULL,NULL,1,NULL,0,NULL,NULL,NULL,NULL,NULL,0,NULL,NULL,1,'PRODUCTS',NULL,NULL,1,1,1,NULL,NULL,'column_mega_menu1',NULL,NULL,NULL,'الطابعات والات التصوير',NULL,NULL,NULL,NULL,NULL,NULL,NULL,NULL,NULL,NULL,NULL,NULL,'left','dropdown_simple',NULL,0,NULL,NULL,NULL,NULL,NULL,NULL,NULL,NULL,'copiers-printers','copiers-printers',1,1,1,1,1,1,NULL),(47,3,2,'2022-03-20 20:49:07','2022-10-08 11:57:20','1/2/47',20,2,2,2,NULL,NULL,1,NULL,0,NULL,NULL,NULL,NULL,NULL,0,NULL,NULL,1,'PAGE',NULL,NULL,1,1,1,NULL,NULL,'column_mega_menu1','One Rate Printing ','One Rate Printing ','One Rate Printing ','طباعة بسعرواحد',NULL,NULL,NULL,NULL,NULL,NULL,NULL,NULL,NULL,NULL,NULL,NULL,'left','dropdown_simple',NULL,0,NULL,NULL,NULL,NULL,NULL,NULL,NULL,NULL,'subscribe-index-index','subscribe-index-index',1,1,1,1,1,1,NULL),(48,3,2,'2022-03-22 08:28:52','2022-10-08 11:57:01','1/2/48',18,2,5,2,NULL,NULL,1,NULL,0,NULL,NULL,NULL,NULL,NULL,0,NULL,NULL,1,'PRODUCTS',NULL,'/media/wysiwyg/customer-support.png',1,1,1,NULL,NULL,'column_mega_menu1',NULL,NULL,NULL,'الاحبار',NULL,NULL,NULL,NULL,NULL,NULL,NULL,NULL,NULL,NULL,NULL,NULL,'left','dropdown_simple',NULL,0,NULL,NULL,NULL,NULL,NULL,NULL,NULL,NULL,'toners','toners',1,1,1,1,1,1,NULL),(53,3,2,'2022-08-10 20:21:31','2022-09-11 12:31:52','1/2/53',21,2,6,2,NULL,NULL,NULL,NULL,NULL,NULL,NULL,NULL,NULL,NULL,NULL,NULL,NULL,NULL,'PAGE',NULL,NULL,0,0,0,NULL,NULL,NULL,NULL,NULL,NULL,'Collections',NULL,NULL,NULL,NULL,NULL,NULL,NULL,NULL,NULL,NULL,NULL,NULL,NULL,NULL,NULL,NULL,NULL,NULL,NULL,NULL,NULL,NULL,NULL,NULL,'collections','collections',NULL,NULL,NULL,NULL,NULL,NULL,NULL),(54,3,53,'2022-08-10 20:21:31','2022-08-10 20:21:31','1/2/53/54',1,3,0,2,NULL,NULL,NULL,NULL,NULL,NULL,NULL,NULL,NULL,NULL,NULL,NULL,NULL,NULL,NULL,NULL,NULL,0,1,1,NULL,NULL,NULL,NULL,NULL,NULL,'New Luma Yoga Collection',NULL,NULL,NULL,NULL,NULL,NULL,NULL,NULL,NULL,NULL,NULL,NULL,NULL,NULL,NULL,NULL,NULL,NULL,NULL,NULL,NULL,NULL,NULL,NULL,'yoga-new','collections/yoga-new',NULL,NULL,NULL,NULL,NULL,NULL,NULL),(75,3,2,'2022-08-10 20:22:04','2022-09-11 12:31:52','1/2/75',22,2,4,2,NULL,NULL,NULL,NULL,NULL,NULL,NULL,NULL,NULL,NULL,NULL,NULL,NULL,NULL,'PAGE',NULL,NULL,0,0,0,NULL,NULL,NULL,NULL,NULL,NULL,'Promotions',NULL,NULL,NULL,NULL,NULL,NULL,NULL,NULL,NULL,NULL,NULL,NULL,NULL,NULL,NULL,NULL,NULL,NULL,NULL,NULL,NULL,NULL,NULL,NULL,'promotions','promotions',NULL,NULL,NULL,NULL,NULL,NULL,NULL),(76,3,75,'2022-08-10 20:22:04','2022-08-10 20:22:04','1/2/75/76',1,3,0,2,NULL,NULL,NULL,NULL,NULL,NULL,NULL,NULL,NULL,NULL,NULL,NULL,NULL,NULL,NULL,NULL,NULL,0,1,1,NULL,NULL,NULL,NULL,NULL,NULL,'Women Sale',NULL,NULL,NULL,NULL,NULL,NULL,NULL,NULL,NULL,NULL,NULL,NULL,NULL,NULL,NULL,NULL,NULL,NULL,NULL,NULL,NULL,NULL,NULL,NULL,'women-sale','promotions/women-sale',NULL,NULL,NULL,NULL,NULL,NULL,NULL),(77,3,75,'2022-08-10 20:22:04','2022-08-10 20:22:04','1/2/75/77',2,3,0,2,NULL,NULL,NULL,NULL,NULL,NULL,NULL,NULL,NULL,NULL,NULL,NULL,NULL,NULL,NULL,NULL,NULL,0,1,1,NULL,NULL,NULL,NULL,NULL,NULL,'Men Sale',NULL,NULL,NULL,NULL,NULL,NULL,NULL,NULL,NULL,NULL,NULL,NULL,NULL,NULL,NULL,NULL,NULL,NULL,NULL,NULL,NULL,NULL,NULL,NULL,'men-sale','promotions/men-sale',NULL,NULL,NULL,NULL,NULL,NULL,NULL),(78,3,75,'2022-08-10 20:22:04','2022-08-10 20:22:04','1/2/75/78',3,3,0,2,NULL,NULL,NULL,NULL,NULL,NULL,NULL,NULL,NULL,NULL,NULL,NULL,NULL,NULL,NULL,NULL,NULL,0,1,1,NULL,NULL,NULL,NULL,NULL,NULL,'Pants',NULL,NULL,NULL,NULL,NULL,NULL,NULL,NULL,NULL,NULL,NULL,NULL,NULL,NULL,NULL,NULL,NULL,NULL,NULL,NULL,NULL,NULL,NULL,NULL,'pants-all','promotions/pants-all',NULL,NULL,NULL,NULL,NULL,NULL,NULL),(79,3,75,'2022-08-10 20:22:04','2022-08-10 20:22:04','1/2/75/79',4,3,0,2,NULL,NULL,NULL,NULL,NULL,NULL,NULL,NULL,NULL,NULL,NULL,NULL,NULL,NULL,NULL,NULL,NULL,0,1,1,NULL,NULL,NULL,NULL,NULL,NULL,'Tees',NULL,NULL,NULL,NULL,NULL,NULL,NULL,NULL,NULL,NULL,NULL,NULL,NULL,NULL,NULL,NULL,NULL,NULL,NULL,NULL,NULL,NULL,NULL,NULL,'tees-all','promotions/tees-all',NULL,NULL,NULL,NULL,NULL,NULL,NULL),(80,3,53,'2022-08-10 20:22:04','2022-08-10 20:22:04','1/2/53/80',2,3,0,2,NULL,NULL,NULL,NULL,NULL,NULL,NULL,NULL,NULL,NULL,NULL,NULL,NULL,NULL,NULL,NULL,NULL,0,1,1,NULL,NULL,NULL,NULL,NULL,NULL,'Erin Recommends',NULL,NULL,NULL,NULL,NULL,NULL,NULL,NULL,NULL,NULL,NULL,NULL,NULL,NULL,NULL,NULL,NULL,NULL,NULL,NULL,NULL,NULL,NULL,NULL,'erin-recommends','collections/erin-recommends',NULL,NULL,NULL,NULL,NULL,NULL,NULL),(81,3,53,'2022-08-10 20:22:04','2022-08-10 20:22:04','1/2/53/81',3,3,0,2,NULL,NULL,NULL,NULL,NULL,NULL,NULL,NULL,NULL,NULL,NULL,NULL,NULL,NULL,NULL,NULL,NULL,0,1,1,NULL,NULL,NULL,NULL,NULL,NULL,'Performance Fabrics',NULL,NULL,NULL,NULL,NULL,NULL,NULL,NULL,NULL,NULL,NULL,NULL,NULL,NULL,NULL,NULL,NULL,NULL,NULL,NULL,NULL,NULL,NULL,NULL,'performance-fabrics','collections/performance-fabrics',NULL,NULL,NULL,NULL,NULL,NULL,NULL),(82,3,53,'2022-08-10 20:22:04','2022-08-10 20:22:04','1/2/53/82',4,3,0,2,NULL,NULL,NULL,NULL,NULL,NULL,NULL,NULL,NULL,NULL,NULL,NULL,NULL,NULL,NULL,NULL,NULL,0,1,1,NULL,NULL,NULL,NULL,NULL,NULL,'Eco Friendly',NULL,NULL,NULL,NULL,NULL,NULL,NULL,NULL,NULL,NULL,NULL,NULL,NULL,NULL,NULL,NULL,NULL,NULL,NULL,NULL,NULL,NULL,NULL,NULL,'eco-friendly','collections/eco-friendly',NULL,NULL,NULL,NULL,NULL,NULL,NULL),(83,3,2,'2022-08-10 20:23:07','2022-09-07 11:37:38','1/2/83',6,2,0,2,NULL,NULL,1,NULL,0,NULL,NULL,NULL,NULL,NULL,0,NULL,NULL,1,'PAGE',NULL,NULL,1,0,0,NULL,NULL,'column_mega_menu1',NULL,NULL,NULL,'Sale',NULL,NULL,NULL,NULL,NULL,NULL,NULL,NULL,NULL,NULL,NULL,NULL,'left','dropdown_simple',NULL,1,NULL,NULL,NULL,NULL,NULL,NULL,NULL,NULL,'sale','sale',1,1,1,1,1,1,NULL),(84,3,2,'2022-08-10 20:23:07','2022-09-07 11:25:48','1/2/84',1,2,0,2,NULL,NULL,1,NULL,0,NULL,NULL,NULL,NULL,NULL,0,NULL,NULL,1,'PAGE',NULL,NULL,1,0,0,NULL,NULL,'column_mega_menu1',NULL,NULL,NULL,'What\'s New',NULL,NULL,NULL,NULL,NULL,NULL,NULL,NULL,NULL,NULL,NULL,NULL,'left','dropdown_simple',NULL,1,NULL,NULL,NULL,NULL,NULL,NULL,NULL,NULL,'what-is-new','what-is-new',1,1,1,1,1,1,NULL),(85,3,53,'2022-08-10 20:23:07','2022-08-10 20:23:07','1/2/53/85',5,3,0,2,NULL,NULL,NULL,NULL,NULL,NULL,NULL,NULL,NULL,NULL,NULL,NULL,NULL,NULL,'PAGE',NULL,NULL,0,1,0,NULL,NULL,NULL,NULL,NULL,NULL,'Performance Sportswear New',NULL,'1column',NULL,NULL,NULL,NULL,NULL,NULL,NULL,NULL,NULL,NULL,NULL,NULL,NULL,NULL,NULL,NULL,NULL,NULL,NULL,NULL,NULL,NULL,'performance-new','collections/performance-new',NULL,NULL,NULL,NULL,NULL,NULL,NULL),(86,3,53,'2022-08-10 20:23:07','2022-08-10 20:23:07','1/2/53/86',6,3,0,2,NULL,NULL,NULL,NULL,NULL,NULL,NULL,NULL,NULL,NULL,NULL,NULL,NULL,NULL,'PAGE',NULL,NULL,0,1,0,NULL,NULL,NULL,NULL,NULL,NULL,'Eco Collection New',NULL,'1column',NULL,NULL,NULL,NULL,NULL,NULL,NULL,NULL,NULL,NULL,NULL,NULL,NULL,NULL,NULL,NULL,NULL,NULL,NULL,NULL,NULL,NULL,'eco-new','collections/eco-new',NULL,NULL,NULL,NULL,NULL,NULL,NULL),(88,3,48,'2022-09-01 10:09:46','2022-09-17 19:28:11','1/2/48/88',1,3,0,2,NULL,NULL,1,NULL,0,NULL,NULL,NULL,NULL,NULL,0,NULL,NULL,1,'PRODUCTS',NULL,NULL,1,1,1,NULL,NULL,'column_mega_menu1',NULL,NULL,NULL,'Black & White',NULL,NULL,NULL,NULL,NULL,NULL,NULL,NULL,NULL,NULL,NULL,NULL,'left','dropdown_simple',NULL,1,NULL,NULL,NULL,NULL,NULL,NULL,NULL,NULL,'black-white','toners/black-white',1,1,1,1,1,1,NULL),(90,3,42,'2022-09-07 11:04:06','2022-10-08 11:56:00','1/2/42/90',2,3,0,2,NULL,NULL,1,NULL,0,NULL,NULL,NULL,NULL,NULL,0,NULL,NULL,1,'PRODUCTS',NULL,NULL,1,1,1,NULL,NULL,'column_mega_menu1',NULL,NULL,NULL,'Commercail Printers',NULL,NULL,NULL,NULL,NULL,NULL,NULL,NULL,NULL,NULL,NULL,NULL,'left','dropdown_simple',NULL,0,NULL,NULL,NULL,NULL,NULL,NULL,NULL,NULL,'commercial-printer','copiers-printers/commercial-printer',1,1,1,1,1,1,NULL),(91,3,48,'2022-09-07 11:09:14','2022-09-17 19:29:02','1/2/48/91',2,3,3,2,NULL,NULL,1,NULL,0,NULL,NULL,NULL,NULL,NULL,0,NULL,NULL,1,'PRODUCTS',NULL,NULL,1,1,1,NULL,NULL,'column_mega_menu1',NULL,NULL,NULL,'Colour',NULL,NULL,NULL,NULL,NULL,NULL,NULL,NULL,NULL,NULL,NULL,NULL,'left','dropdown_simple',NULL,1,NULL,NULL,NULL,NULL,NULL,NULL,NULL,NULL,'colour','toners/colour',1,1,1,1,1,1,NULL),(95,3,42,'2022-09-10 15:51:09','2022-09-25 14:21:39','1/2/42/95',3,3,0,2,NULL,NULL,1,NULL,0,NULL,NULL,NULL,NULL,NULL,0,NULL,NULL,1,'PRODUCTS',NULL,NULL,1,1,1,NULL,NULL,'column_mega_menu1',NULL,NULL,NULL,'Multidunction Printers',NULL,NULL,NULL,NULL,NULL,NULL,NULL,NULL,NULL,NULL,NULL,NULL,'left','dropdown_simple',NULL,1,NULL,NULL,NULL,NULL,NULL,NULL,NULL,NULL,'multifunctionprinters','copiers-printers/multifunctionprinters',1,1,1,1,1,1,NULL),(98,3,91,'2022-09-11 12:26:54','2022-09-11 12:26:54','1/2/48/91/98',1,4,0,2,NULL,NULL,1,NULL,0,NULL,NULL,NULL,NULL,NULL,0,NULL,NULL,1,'PRODUCTS',NULL,NULL,1,1,1,NULL,NULL,'column_mega_menu1',NULL,NULL,NULL,'Magenta',NULL,NULL,NULL,NULL,NULL,NULL,NULL,NULL,NULL,NULL,NULL,NULL,'left','dropdown_simple',NULL,1,NULL,NULL,NULL,NULL,NULL,NULL,NULL,NULL,'magenta','toners/colour/magenta',1,1,1,1,1,1,NULL),(99,3,91,'2022-09-11 12:27:21','2022-09-11 12:27:21','1/2/48/91/99',2,4,0,2,NULL,NULL,1,NULL,0,NULL,NULL,NULL,NULL,NULL,0,NULL,NULL,1,'PRODUCTS',NULL,NULL,1,1,1,NULL,NULL,'column_mega_menu1',NULL,NULL,NULL,'Yellow',NULL,NULL,NULL,NULL,NULL,NULL,NULL,NULL,NULL,NULL,NULL,NULL,'left','dropdown_simple',NULL,1,NULL,NULL,NULL,NULL,NULL,NULL,NULL,NULL,'yellow','toners/colour/yellow',1,1,1,1,1,1,NULL),(100,3,91,'2022-09-11 12:27:52','2022-09-11 12:27:52','1/2/48/91/100',3,4,0,2,NULL,NULL,1,NULL,0,NULL,NULL,NULL,NULL,NULL,0,NULL,NULL,1,'PRODUCTS',NULL,NULL,1,1,1,NULL,NULL,'column_mega_menu1',NULL,NULL,NULL,'Cyan',NULL,NULL,NULL,NULL,NULL,NULL,NULL,NULL,NULL,NULL,NULL,NULL,'left','dropdown_simple',NULL,1,NULL,NULL,NULL,NULL,NULL,NULL,NULL,NULL,'cyan','toners/colour/cyan',1,1,1,1,1,1,NULL),(101,3,47,'2022-09-11 12:29:25','2022-09-11 12:29:25','1/2/47/101',1,3,0,2,NULL,NULL,1,NULL,0,NULL,NULL,NULL,NULL,NULL,0,NULL,NULL,1,'PRODUCTS',NULL,NULL,1,1,1,NULL,NULL,'column_mega_menu1',NULL,NULL,NULL,'Black & White',NULL,NULL,NULL,NULL,NULL,NULL,NULL,NULL,NULL,NULL,NULL,NULL,'left','dropdown_simple',NULL,1,NULL,NULL,NULL,NULL,NULL,NULL,NULL,NULL,'black-white','subscribe-index-index/black-white',1,1,1,1,1,1,NULL),(102,3,47,'2022-09-11 12:29:51','2022-09-11 12:29:51','1/2/47/102',2,3,0,2,NULL,NULL,1,NULL,0,NULL,NULL,NULL,NULL,NULL,0,NULL,NULL,1,'PRODUCTS',NULL,NULL,1,1,1,NULL,NULL,'column_mega_menu1',NULL,NULL,NULL,'Colour ',NULL,NULL,NULL,NULL,NULL,NULL,NULL,NULL,NULL,NULL,NULL,NULL,'left','dropdown_simple',NULL,1,NULL,NULL,NULL,NULL,NULL,NULL,NULL,NULL,'colour','subscribe-index-index/colour',1,1,1,1,1,1,NULL),(104,3,2,'2022-09-11 12:31:36','2022-10-08 11:57:25','1/2/104',19,2,2,2,NULL,NULL,1,NULL,0,NULL,NULL,NULL,NULL,NULL,0,NULL,NULL,1,'PRODUCTS',NULL,NULL,1,1,1,NULL,NULL,'column_mega_menu1',NULL,NULL,NULL,'Maintenance ',NULL,NULL,NULL,NULL,NULL,NULL,NULL,NULL,NULL,NULL,NULL,NULL,'left','dropdown_simple',NULL,0,NULL,NULL,NULL,NULL,NULL,NULL,NULL,NULL,'maintenance','maintenance',1,1,1,1,1,1,NULL),(105,3,104,'2022-09-11 12:32:17','2022-10-09 00:12:27','1/2/104/105',1,3,0,2,NULL,NULL,1,NULL,0,NULL,NULL,NULL,NULL,NULL,0,NULL,NULL,1,'PRODUCTS',NULL,NULL,1,1,1,NULL,NULL,'column_mega_menu1',NULL,NULL,NULL,'Maintenance Call',NULL,NULL,NULL,NULL,NULL,NULL,NULL,NULL,NULL,NULL,NULL,NULL,'left','dropdown_simple','/services/calls/create/',1,NULL,NULL,NULL,NULL,NULL,NULL,NULL,NULL,'maintenance-call','maintenance/maintenance-call',1,1,1,1,1,1,NULL),(106,3,104,'2022-09-11 12:34:08','2022-10-11 01:47:48','1/2/104/106',2,3,0,2,NULL,NULL,1,NULL,0,NULL,NULL,NULL,NULL,NULL,0,NULL,NULL,1,'PRODUCTS',NULL,NULL,1,1,1,NULL,NULL,'column_mega_menu1',NULL,NULL,NULL,'Maintenance Contract',NULL,NULL,NULL,NULL,NULL,NULL,NULL,NULL,NULL,NULL,NULL,NULL,'left','dropdown_simple','/services/plans/create/',1,NULL,NULL,NULL,NULL,NULL,NULL,NULL,NULL,'maintenance-contract','maintenance/maintenance-contract',1,1,1,1,1,1,NULL);

--
-- Table structure for table `catalog_category_product`
--

CREATE TABLE `catalog_category_product` (
  `entity_id` int(11) NOT NULL AUTO_INCREMENT COMMENT 'Entity ID',
  `category_id` int(10) unsigned NOT NULL DEFAULT '0' COMMENT 'Category ID',
  `product_id` int(10) unsigned NOT NULL DEFAULT '0' COMMENT 'Product ID',
  `position` int(11) NOT NULL DEFAULT '0' COMMENT 'Position',
  PRIMARY KEY (`entity_id`,`category_id`,`product_id`),
  UNIQUE KEY `CATALOG_CATEGORY_PRODUCT_CATEGORY_ID_PRODUCT_ID` (`category_id`,`product_id`),
  KEY `CATALOG_CATEGORY_PRODUCT_PRODUCT_ID` (`product_id`),
  CONSTRAINT `CAT_CTGR_PRD_CTGR_ID_CAT_CTGR_ENTT_ENTT_ID` FOREIGN KEY (`category_id`) REFERENCES `catalog_category_entity` (`entity_id`) ON DELETE CASCADE,
  CONSTRAINT `CAT_CTGR_PRD_PRD_ID_CAT_PRD_ENTT_ENTT_ID` FOREIGN KEY (`product_id`) REFERENCES `catalog_product_entity` (`entity_id`) ON DELETE CASCADE
) ENGINE=InnoDB AUTO_INCREMENT=21150 DEFAULT CHARSET=utf8 COMMENT='Catalog Product To Category Linkage Table';

--
-- Dumping data for table `catalog_category_product`
--

INSERT INTO `catalog_category_product` VALUES (4639,24,312,0),(4640,24,313,0),(4641,25,315,0),(4642,25,316,0),(4643,25,317,0),(4644,26,63,0),(4645,26,64,0),(4646,24,314,0),(7554,2,502,0),(7561,26,503,0),(8562,41,63,0),(8563,41,64,0),(8610,42,291,0),(8611,42,293,0),(8612,42,294,0),(8613,42,295,0),(8614,42,296,0),(8615,42,297,0),(8616,42,298,0),(10460,42,930,0),(10462,42,929,0),(10464,42,829,0),(10466,42,924,0),(10467,42,923,0),(10468,42,302,0),(10470,42,301,0),(13436,42,851,0),(15625,42,300,0),(15626,42,303,0),(15628,42,327,0),(15629,42,328,0),(15630,42,329,0),(15631,42,330,0),(15632,42,331,0),(15633,42,332,0),(15634,42,333,0),(15635,42,334,0),(15636,42,335,0),(15637,42,336,0),(15638,42,337,0),(15639,42,338,0),(15640,42,339,0),(15641,42,340,0),(15642,42,342,0),(15643,42,343,0),(15644,42,344,0),(15645,42,345,0),(15646,42,346,0),(15647,42,347,0),(15648,42,348,0),(15649,42,349,0),(15650,42,350,0),(15651,42,351,0),(15652,42,352,0),(15653,42,353,0),(15654,42,354,0),(15655,42,355,0),(15656,42,356,0),(15657,42,357,0),(15658,42,358,0),(15659,42,359,0),(15660,42,360,0),(15661,42,361,0),(15662,42,362,0),(15663,42,363,0),(15664,42,364,0),(15665,42,365,0),(15666,42,366,0),(15667,42,368,0),(15668,42,369,0),(15669,42,371,0),(15670,42,372,0),(15671,42,373,0),(15672,42,374,0),(15673,42,375,0),(15675,42,377,0),(15676,42,380,0),(15677,42,384,0),(15678,42,379,0),(15679,42,382,0),(15680,42,383,0),(15681,42,387,0),(15682,42,386,0),(15683,42,388,0),(15684,42,389,0),(15685,42,390,0),(15686,42,391,0),(15687,42,392,0),(15688,42,393,0),(15689,42,394,0),(15690,42,395,0),(15691,42,396,0),(15692,42,397,0),(15693,42,398,0),(15694,42,833,0),(15695,42,403,0),(15696,42,401,0),(15697,42,834,0),(15698,42,835,0),(15699,42,402,0),(15700,42,838,0),(15701,42,839,0),(15702,42,840,0),(15703,42,841,0),(15704,42,842,0),(15705,42,843,0),(15706,42,844,0),(15707,42,845,0),(15708,42,846,0),(15709,42,847,0),(15710,42,848,0),(15711,42,870,0),(15712,42,429,0),(15713,42,414,0),(15714,42,415,0),(15715,42,416,0),(15716,42,417,0),(15717,42,867,0),(15718,42,866,0),(15719,42,419,0),(15720,42,869,0),(15721,42,421,0),(15722,42,422,0),(15723,42,423,0),(15724,42,424,0),(15725,42,425,0),(15726,42,426,0),(15727,42,427,0),(15728,42,430,0),(15729,42,431,0),(15730,42,432,0),(15731,42,435,0),(15732,42,438,0),(15733,42,442,0),(15734,42,443,0),(15735,42,444,0),(15736,42,445,0),(15737,42,446,0),(15738,42,447,0),(15739,42,448,0),(15740,42,449,0),(15741,42,452,0),(15742,42,455,0),(15743,42,457,0),(15744,42,468,0),(15745,42,471,0),(15746,42,474,0),(15747,42,475,0),(15748,42,481,0),(15749,42,485,0),(15750,42,878,0),(15751,42,486,0),(15752,42,487,0),(15753,42,879,0),(15754,42,880,0),(15755,42,881,0),(15756,42,882,0),(15757,42,883,0),(15758,42,884,0),(15759,42,453,0),(15760,42,454,0),(15761,42,459,0),(15762,42,460,0),(15763,42,463,0),(15764,42,464,0),(15765,42,465,0),(15766,42,466,0),(15767,42,467,0),(15768,42,469,0),(15769,42,470,0),(15770,42,849,0),(15771,42,472,0),(15772,42,850,0),(15773,42,482,0),(15774,42,823,0),(15775,42,824,0),(15776,42,484,0),(15777,42,854,0),(15778,42,828,0),(15779,42,853,0),(15780,42,857,0),(15781,42,861,0),(15782,42,865,0),(15783,42,873,0),(15784,42,877,0),(15785,42,889,0),(15786,42,893,0),(15787,42,897,0),(15788,42,901,0),(15789,42,858,0),(15790,42,862,0),(15791,42,874,0),(15792,42,886,0),(15793,42,890,0),(15794,42,821,0),(15795,42,825,0),(15796,42,830,0),(15798,42,898,0),(15799,42,827,0),(15800,42,832,0),(15801,42,836,0),(15802,42,852,0),(15803,42,856,0),(15804,42,902,0),(15805,42,906,0),(15806,42,910,0),(15807,42,914,0),(15808,42,918,0),(15809,42,837,0),(15810,42,905,0),(15811,42,909,0),(15812,42,913,0),(15813,42,917,0),(15814,42,922,0),(15815,42,822,0),(15816,42,826,0),(15817,42,831,0),(15818,42,921,0),(15819,42,855,0),(15820,42,859,0),(15821,42,863,0),(15822,42,860,0),(15823,42,864,0),(15824,42,868,0),(15825,42,872,0),(15826,42,876,0),(15827,42,871,0),(15828,42,875,0),(15829,42,887,0),(15830,42,891,0),(15831,42,895,0),(15832,42,899,0),(15833,42,903,0),(15834,42,907,0),(15835,42,911,0),(15836,42,915,0),(15837,42,888,0),(15838,42,892,0),(15839,42,896,0),(15840,42,900,0),(15841,42,904,0),(15842,42,919,0),(15843,42,908,0),(15844,42,912,0),(15845,42,916,0),(15846,42,920,0),(15852,42,943,0),(21038,91,547,0),(21042,95,302,0),(21043,95,301,0),(21044,95,294,0),(21045,95,924,0),(21046,95,923,0),(21047,95,935,0),(21048,95,829,0),(21049,90,833,0),(21050,90,934,0),(21052,95,930,0),(21053,95,929,0),(21054,95,931,0),(21055,95,932,0),(21063,48,507,0),(21064,88,507,0),(21065,88,508,0),(21066,48,509,0),(21067,88,509,0),(21068,48,510,0),(21069,88,510,0),(21070,48,511,0),(21071,88,511,0),(21072,48,512,0),(21073,88,512,0),(21074,48,527,0),(21075,91,527,0),(21076,100,527,0),(21077,48,526,0),(21078,88,526,0),(21079,48,525,0),(21080,91,525,0),(21081,99,525,0),(21082,48,524,0),(21083,91,524,0),(21084,98,524,0),(21085,48,523,0),(21086,91,523,0),(21087,100,523,0),(21088,48,522,0),(21089,88,522,0),(21090,48,521,0),(21091,88,521,0),(21092,48,520,0),(21093,88,520,0),(21094,48,519,0),(21095,88,519,0),(21096,48,518,0),(21097,88,518,0),(21098,48,517,0),(21099,88,517,0),(21100,48,516,0),(21101,88,516,0),(21102,48,515,0),(21103,91,515,0),(21104,98,515,0),(21105,48,514,0),(21106,91,514,0),(21107,100,514,0),(21108,48,513,0),(21109,88,513,0),(21110,48,528,0),(21111,91,528,0),(21112,98,528,0),(21113,48,529,0),(21114,91,529,0),(21115,99,529,0),(21116,48,530,0),(21117,88,530,0),(21118,48,531,0),(21119,91,531,0),(21120,100,531,0),(21121,48,532,0),(21122,91,532,0),(21123,98,532,0),(21124,48,533,0),(21125,91,533,0),(21126,99,533,0),(21127,48,534,0),(21128,88,534,0),(21129,48,535,0),(21130,88,535,0),(21131,48,536,0),(21132,88,536,0),(21133,48,537,0),(21134,88,537,0),(21135,48,538,0),(21136,88,538,0),(21137,48,539,0),(21138,88,539,0),(21139,48,541,0),(21140,88,541,0),(21141,48,542,0),(21142,91,542,0),(21143,100,542,0),(21144,48,543,0),(21145,88,543,0),(21146,42,925,0),(21147,95,925,0),(21148,42,936,0),(21149,90,936,0);

--
-- Table structure for table `catalog_category_product_cl`
--

CREATE TABLE `catalog_category_product_cl` (
  `version_id` int(10) unsigned NOT NULL AUTO_INCREMENT COMMENT 'Version ID',
  `entity_id` int(10) unsigned NOT NULL DEFAULT '0' COMMENT 'Entity ID',
  PRIMARY KEY (`version_id`)
) ENGINE=InnoDB DEFAULT CHARSET=utf8 COMMENT='catalog_category_product_cl';

--
-- Dumping data for table `catalog_category_product_cl`
--


--
-- Table structure for table `catalog_category_product_index`
--

CREATE TABLE `catalog_category_product_index` (
  `category_id` int(10) unsigned NOT NULL DEFAULT '0' COMMENT 'Category ID',
  `product_id` int(10) unsigned NOT NULL DEFAULT '0' COMMENT 'Product ID',
  `position` int(11) DEFAULT NULL COMMENT 'Position',
  `is_parent` smallint(5) unsigned NOT NULL DEFAULT '0' COMMENT 'Is Parent',
  `store_id` smallint(5) unsigned NOT NULL DEFAULT '0' COMMENT 'Store ID',
  `visibility` smallint(5) unsigned NOT NULL COMMENT 'Visibility',
  PRIMARY KEY (`category_id`,`product_id`,`store_id`),
  KEY `CAT_CTGR_PRD_IDX_PRD_ID_STORE_ID_CTGR_ID_VISIBILITY` (`product_id`,`store_id`,`category_id`,`visibility`),
  KEY `CAT_CTGR_PRD_IDX_STORE_ID_CTGR_ID_VISIBILITY_IS_PARENT_POSITION` (`store_id`,`category_id`,`visibility`,`is_parent`,`position`)
) ENGINE=InnoDB DEFAULT CHARSET=utf8 COMMENT='Catalog Category Product Index';

--
-- Dumping data for table `catalog_category_product_index`
--


--
-- Table structure for table `catalog_category_product_index_replica`
--

CREATE TABLE `catalog_category_product_index_replica` (
  `category_id` int(10) unsigned NOT NULL DEFAULT '0' COMMENT 'Category ID',
  `product_id` int(10) unsigned NOT NULL DEFAULT '0' COMMENT 'Product ID',
  `position` int(11) DEFAULT NULL COMMENT 'Position',
  `is_parent` smallint(5) unsigned NOT NULL DEFAULT '0' COMMENT 'Is Parent',
  `store_id` smallint(5) unsigned NOT NULL DEFAULT '0' COMMENT 'Store ID',
  `visibility` smallint(5) unsigned NOT NULL COMMENT 'Visibility',
  PRIMARY KEY (`category_id`,`product_id`,`store_id`),
  KEY `CAT_CTGR_PRD_IDX_PRD_ID_STORE_ID_CTGR_ID_VISIBILITY` (`product_id`,`store_id`,`category_id`,`visibility`),
  KEY `CAT_CTGR_PRD_IDX_STORE_ID_CTGR_ID_VISIBILITY_IS_PARENT_POSITION` (`store_id`,`category_id`,`visibility`,`is_parent`,`position`)
) ENGINE=InnoDB DEFAULT CHARSET=utf8 COMMENT='Catalog Category Product Index';

--
-- Dumping data for table `catalog_category_product_index_replica`
--


--
-- Table structure for table `catalog_category_product_index_store1`
--

CREATE TABLE `catalog_category_product_index_store1` (
  `category_id` int(10) unsigned NOT NULL DEFAULT '0' COMMENT 'Category Id',
  `product_id` int(10) unsigned NOT NULL DEFAULT '0' COMMENT 'Product Id',
  `position` int(11) DEFAULT NULL COMMENT 'Position',
  `is_parent` smallint(5) unsigned NOT NULL DEFAULT '0' COMMENT 'Is Parent',
  `store_id` smallint(5) unsigned NOT NULL DEFAULT '0' COMMENT 'Store Id',
  `visibility` smallint(5) unsigned NOT NULL COMMENT 'Visibility',
  PRIMARY KEY (`category_id`,`product_id`,`store_id`),
  KEY `IDX_4B965DC45C352D6E4C9DC0FF50B1FCF5` (`product_id`,`store_id`,`category_id`,`visibility`),
  KEY `IDX_47AB760CD6A893ACEA69A9C2E0112C60` (`store_id`,`category_id`,`visibility`,`is_parent`,`position`)
) ENGINE=InnoDB DEFAULT CHARSET=utf8 COMMENT='Catalog Category Product Index Store1 Replica';

--
-- Dumping data for table `catalog_category_product_index_store1`
--

INSERT INTO `catalog_category_product_index_store1` VALUES (2,321,0,0,1,2),(2,322,0,0,1,2),(2,323,0,0,1,2),(2,64,10000,0,1,2),(2,312,10000,0,1,2),(2,313,10000,0,1,2),(2,314,10000,0,1,2),(2,315,10000,0,1,2),(2,316,10000,0,1,2),(2,317,10000,0,1,2),(2,506,0,0,1,4),(2,540,0,0,1,4),(2,544,0,0,1,4),(2,545,0,0,1,4),(2,546,0,0,1,4),(2,548,0,0,1,4),(2,549,0,0,1,4),(2,550,0,0,1,4),(2,551,0,0,1,4),(2,552,0,0,1,4),(2,553,0,0,1,4),(2,554,0,0,1,4),(2,555,0,0,1,4),(2,556,0,0,1,4),(2,557,0,0,1,4),(2,558,0,0,1,4),(2,559,0,0,1,4),(2,560,0,0,1,4),(2,561,0,0,1,4),(2,562,0,0,1,4),(2,563,0,0,1,4),(2,564,0,0,1,4),(2,565,0,0,1,4),(2,566,0,0,1,4),(2,567,0,0,1,4),(2,568,0,0,1,4),(2,569,0,0,1,4),(2,570,0,0,1,4),(2,571,0,0,1,4),(2,572,0,0,1,4),(2,573,0,0,1,4),(2,574,0,0,1,4),(2,575,0,0,1,4),(2,576,0,0,1,4),(2,577,0,0,1,4),(2,578,0,0,1,4),(2,579,0,0,1,4),(2,580,0,0,1,4),(2,581,0,0,1,4),(2,582,0,0,1,4),(2,583,0,0,1,4),(2,584,0,0,1,4),(2,585,0,0,1,4),(2,586,0,0,1,4),(2,587,0,0,1,4),(2,588,0,0,1,4),(2,589,0,0,1,4),(2,590,0,0,1,4),(2,591,0,0,1,4),(2,592,0,0,1,4),(2,593,0,0,1,4),(2,594,0,0,1,4),(2,595,0,0,1,4),(2,596,0,0,1,4),(2,597,0,0,1,4),(2,598,0,0,1,4),(2,599,0,0,1,4),(2,600,0,0,1,4),(2,601,0,0,1,4),(2,602,0,0,1,4),(2,603,0,0,1,4),(2,604,0,0,1,4),(2,605,0,0,1,4),(2,606,0,0,1,4),(2,607,0,0,1,4),(2,608,0,0,1,4),(2,609,0,0,1,4),(2,610,0,0,1,4),(2,611,0,0,1,4),(2,612,0,0,1,4),(2,613,0,0,1,4),(2,614,0,0,1,4),(2,615,0,0,1,4),(2,616,0,0,1,4),(2,617,0,0,1,4),(2,618,0,0,1,4),(2,619,0,0,1,4),(2,620,0,0,1,4),(2,621,0,0,1,4),(2,622,0,0,1,4),(2,623,0,0,1,4),(2,624,0,0,1,4),(2,625,0,0,1,4),(2,626,0,0,1,4),(2,627,0,0,1,4),(2,628,0,0,1,4),(2,629,0,0,1,4),(2,630,0,0,1,4),(2,631,0,0,1,4),(2,632,0,0,1,4),(2,633,0,0,1,4),(2,634,0,0,1,4),(2,635,0,0,1,4),(2,636,0,0,1,4),(2,637,0,0,1,4),(2,638,0,0,1,4),(2,639,0,0,1,4),(2,640,0,0,1,4),(2,641,0,0,1,4),(2,642,0,0,1,4),(2,643,0,0,1,4),(2,644,0,0,1,4),(2,645,0,0,1,4),(2,646,0,0,1,4),(2,647,0,0,1,4),(2,648,0,0,1,4),(2,649,0,0,1,4),(2,650,0,0,1,4),(2,651,0,0,1,4),(2,652,0,0,1,4),(2,653,0,0,1,4),(2,654,0,0,1,4),(2,655,0,0,1,4),(2,656,0,0,1,4),(2,657,0,0,1,4),(2,658,0,0,1,4),(2,659,0,0,1,4),(2,660,0,0,1,4),(2,661,0,0,1,4),(2,662,0,0,1,4),(2,663,0,0,1,4),(2,664,0,0,1,4),(2,665,0,0,1,4),(2,666,0,0,1,4),(2,667,0,0,1,4),(2,668,0,0,1,4),(2,669,0,0,1,4),(2,670,0,0,1,4),(2,671,0,0,1,4),(2,672,0,0,1,4),(2,673,0,0,1,4),(2,674,0,0,1,4),(2,675,0,0,1,4),(2,676,0,0,1,4),(2,677,0,0,1,4),(2,678,0,0,1,4),(2,679,0,0,1,4),(2,680,0,0,1,4),(2,681,0,0,1,4),(2,682,0,0,1,4),(2,683,0,0,1,4),(2,684,0,0,1,4),(2,685,0,0,1,4),(2,686,0,0,1,4),(2,687,0,0,1,4),(2,688,0,0,1,4),(2,689,0,0,1,4),(2,690,0,0,1,4),(2,691,0,0,1,4),(2,692,0,0,1,4),(2,693,0,0,1,4),(2,694,0,0,1,4),(2,695,0,0,1,4),(2,696,0,0,1,4),(2,697,0,0,1,4),(2,698,0,0,1,4),(2,699,0,0,1,4),(2,700,0,0,1,4),(2,701,0,0,1,4),(2,702,0,0,1,4),(2,703,0,0,1,4),(2,704,0,0,1,4),(2,705,0,0,1,4),(2,706,0,0,1,4),(2,707,0,0,1,4),(2,708,0,0,1,4),(2,709,0,0,1,4),(2,710,0,0,1,4),(2,711,0,0,1,4),(2,712,0,0,1,4),(2,713,0,0,1,4),(2,714,0,0,1,4),(2,715,0,0,1,4),(2,716,0,0,1,4),(2,717,0,0,1,4),(2,718,0,0,1,4),(2,719,0,0,1,4),(2,720,0,0,1,4),(2,721,0,0,1,4),(2,722,0,0,1,4),(2,723,0,0,1,4),(2,724,0,0,1,4),(2,725,0,0,1,4),(2,726,0,0,1,4),(2,727,0,0,1,4),(2,728,0,0,1,4),(2,729,0,0,1,4),(2,730,0,0,1,4),(2,731,0,0,1,4),(2,732,0,0,1,4),(2,733,0,0,1,4),(2,734,0,0,1,4),(2,735,0,0,1,4),(2,736,0,0,1,4),(2,737,0,0,1,4),(2,738,0,0,1,4),(2,739,0,0,1,4),(2,740,0,0,1,4),(2,741,0,0,1,4),(2,742,0,0,1,4),(2,743,0,0,1,4),(2,744,0,0,1,4),(2,745,0,0,1,4),(2,746,0,0,1,4),(2,747,0,0,1,4),(2,748,0,0,1,4),(2,749,0,0,1,4),(2,750,0,0,1,4),(2,751,0,0,1,4),(2,752,0,0,1,4),(2,753,0,0,1,4),(2,754,0,0,1,4),(2,755,0,0,1,4),(2,756,0,0,1,4),(2,757,0,0,1,4),(2,758,0,0,1,4),(2,759,0,0,1,4),(2,760,0,0,1,4),(2,761,0,0,1,4),(2,762,0,0,1,4),(2,763,0,0,1,4),(2,764,0,0,1,4),(2,765,0,0,1,4),(2,766,0,0,1,4),(2,767,0,0,1,4),(2,768,0,0,1,4),(2,769,0,0,1,4),(2,770,0,0,1,4),(2,771,0,0,1,4),(2,772,0,0,1,4),(2,773,0,0,1,4),(2,774,0,0,1,4),(2,775,0,0,1,4),(2,776,0,0,1,4),(2,777,0,0,1,4),(2,778,0,0,1,4),(2,779,0,0,1,4),(2,780,0,0,1,4),(2,781,0,0,1,4),(2,782,0,0,1,4),(2,783,0,0,1,4),(2,784,0,0,1,4),(2,785,0,0,1,4),(2,786,0,0,1,4),(2,787,0,0,1,4),(2,788,0,0,1,4),(2,789,0,0,1,4),(2,790,0,0,1,4),(2,791,0,0,1,4),(2,792,0,0,1,4),(2,793,0,0,1,4),(2,794,0,0,1,4),(2,795,0,0,1,4),(2,796,0,0,1,4),(2,797,0,0,1,4),(2,798,0,0,1,4),(2,799,0,0,1,4),(2,944,0,0,1,4),(2,63,10000,0,1,4),(2,294,10000,0,1,4),(2,301,10000,0,1,4),(2,302,10000,0,1,4),(2,503,10000,0,1,4),(2,507,10000,0,1,4),(2,508,10000,0,1,4),(2,509,10000,0,1,4),(2,510,10000,0,1,4),(2,511,10000,0,1,4),(2,512,10000,0,1,4),(2,513,10000,0,1,4),(2,514,10000,0,1,4),(2,515,10000,0,1,4),(2,516,10000,0,1,4),(2,517,10000,0,1,4),(2,518,10000,0,1,4),(2,519,10000,0,1,4),(2,520,10000,0,1,4),(2,521,10000,0,1,4),(2,522,10000,0,1,4),(2,523,10000,0,1,4),(2,524,10000,0,1,4),(2,525,10000,0,1,4),(2,526,10000,0,1,4),(2,527,10000,0,1,4),(2,528,10000,0,1,4),(2,529,10000,0,1,4),(2,530,10000,0,1,4),(2,531,10000,0,1,4),(2,532,10000,0,1,4),(2,533,10000,0,1,4),(2,534,10000,0,1,4),(2,535,10000,0,1,4),(2,536,10000,0,1,4),(2,537,10000,0,1,4),(2,538,10000,0,1,4),(2,539,10000,0,1,4),(2,541,10000,0,1,4),(2,542,10000,0,1,4),(2,543,10000,0,1,4),(2,547,10000,0,1,4),(2,829,10000,0,1,4),(2,833,10000,0,1,4),(2,923,10000,0,1,4),(2,924,10000,0,1,4),(2,929,10000,0,1,4),(2,930,10000,0,1,4),(2,931,10000,0,1,4),(2,932,10000,0,1,4),(2,934,10000,0,1,4),(2,935,10000,0,1,4),(2,502,0,1,1,4),(24,312,0,1,1,2),(24,313,0,1,1,2),(24,314,0,1,1,2),(25,315,0,1,1,2),(25,316,0,1,1,2),(25,317,0,1,1,2),(26,64,0,1,1,2),(26,63,0,1,1,4),(26,503,0,1,1,4),(41,64,0,1,1,2),(41,63,0,1,1,4),(42,931,10000,0,1,4),(42,932,10000,0,1,4),(42,934,10000,0,1,4),(42,935,10000,0,1,4),(42,294,0,1,1,4),(42,301,0,1,1,4),(42,302,0,1,1,4),(42,829,0,1,1,4),(42,833,0,1,1,4),(42,923,0,1,1,4),(42,924,0,1,1,4),(42,929,0,1,1,4),(42,930,0,1,1,4),(48,508,10000,0,1,4),(48,547,10000,0,1,4),(48,507,0,1,1,4),(48,509,0,1,1,4),(48,510,0,1,1,4),(48,511,0,1,1,4),(48,512,0,1,1,4),(48,513,0,1,1,4),(48,514,0,1,1,4),(48,515,0,1,1,4),(48,516,0,1,1,4),(48,517,0,1,1,4),(48,518,0,1,1,4),(48,519,0,1,1,4),(48,520,0,1,1,4),(48,521,0,1,1,4),(48,522,0,1,1,4),(48,523,0,1,1,4),(48,524,0,1,1,4),(48,525,0,1,1,4),(48,526,0,1,1,4),(48,527,0,1,1,4),(48,528,0,1,1,4),(48,529,0,1,1,4),(48,530,0,1,1,4),(48,531,0,1,1,4),(48,532,0,1,1,4),(48,533,0,1,1,4),(48,534,0,1,1,4),(48,535,0,1,1,4),(48,536,0,1,1,4),(48,537,0,1,1,4),(48,538,0,1,1,4),(48,539,0,1,1,4),(48,541,0,1,1,4),(48,542,0,1,1,4),(48,543,0,1,1,4),(88,507,0,1,1,4),(88,508,0,1,1,4),(88,509,0,1,1,4),(88,510,0,1,1,4),(88,511,0,1,1,4),(88,512,0,1,1,4),(88,513,0,1,1,4),(88,516,0,1,1,4),(88,517,0,1,1,4),(88,518,0,1,1,4),(88,519,0,1,1,4),(88,520,0,1,1,4),(88,521,0,1,1,4),(88,522,0,1,1,4),(88,526,0,1,1,4),(88,530,0,1,1,4),(88,534,0,1,1,4),(88,535,0,1,1,4),(88,536,0,1,1,4),(88,537,0,1,1,4),(88,538,0,1,1,4),(88,539,0,1,1,4),(88,541,0,1,1,4),(88,543,0,1,1,4),(90,833,0,1,1,4),(90,934,0,1,1,4),(91,514,0,1,1,4),(91,515,0,1,1,4),(91,523,0,1,1,4),(91,524,0,1,1,4),(91,525,0,1,1,4),(91,527,0,1,1,4),(91,528,0,1,1,4),(91,529,0,1,1,4),(91,531,0,1,1,4),(91,532,0,1,1,4),(91,533,0,1,1,4),(91,542,0,1,1,4),(91,547,0,1,1,4),(95,294,0,1,1,4),(95,301,0,1,1,4),(95,302,0,1,1,4),(95,829,0,1,1,4),(95,923,0,1,1,4),(95,924,0,1,1,4),(95,929,0,1,1,4),(95,930,0,1,1,4),(95,931,0,1,1,4),(95,932,0,1,1,4),(95,935,0,1,1,4),(98,515,0,1,1,4),(98,524,0,1,1,4),(98,528,0,1,1,4),(98,532,0,1,1,4),(99,525,0,1,1,4),(99,529,0,1,1,4),(99,533,0,1,1,4),(100,514,0,1,1,4),(100,523,0,1,1,4),(100,527,0,1,1,4),(100,531,0,1,1,4),(100,542,0,1,1,4);

--
-- Table structure for table `catalog_category_product_index_store1_replica`
--

CREATE TABLE `catalog_category_product_index_store1_replica` (
  `category_id` int(10) unsigned NOT NULL DEFAULT '0' COMMENT 'Category Id',
  `product_id` int(10) unsigned NOT NULL DEFAULT '0' COMMENT 'Product Id',
  `position` int(11) DEFAULT NULL COMMENT 'Position',
  `is_parent` smallint(5) unsigned NOT NULL DEFAULT '0' COMMENT 'Is Parent',
  `store_id` smallint(5) unsigned NOT NULL DEFAULT '0' COMMENT 'Store Id',
  `visibility` smallint(5) unsigned NOT NULL COMMENT 'Visibility',
  PRIMARY KEY (`category_id`,`product_id`,`store_id`),
  KEY `CAT_CTGR_PRD_IDX_STORE1_PRD_ID_STORE_ID_CTGR_ID_VISIBILITY` (`product_id`,`store_id`,`category_id`,`visibility`),
  KEY `IDX_216E521C8AD125E066D2B0BAB4A08412` (`store_id`,`category_id`,`visibility`,`is_parent`,`position`)
) ENGINE=InnoDB DEFAULT CHARSET=utf8 COMMENT='Catalog Category Product Index Store1';

--
-- Dumping data for table `catalog_category_product_index_store1_replica`
--

INSERT INTO `catalog_category_product_index_store1_replica` VALUES (2,321,0,0,1,2),(2,322,0,0,1,2),(2,323,0,0,1,2),(2,64,10000,0,1,2),(2,312,10000,0,1,2),(2,313,10000,0,1,2),(2,314,10000,0,1,2),(2,315,10000,0,1,2),(2,316,10000,0,1,2),(2,317,10000,0,1,2),(2,506,0,0,1,4),(2,540,0,0,1,4),(2,544,0,0,1,4),(2,545,0,0,1,4),(2,546,0,0,1,4),(2,548,0,0,1,4),(2,549,0,0,1,4),(2,550,0,0,1,4),(2,551,0,0,1,4),(2,552,0,0,1,4),(2,553,0,0,1,4),(2,554,0,0,1,4),(2,555,0,0,1,4),(2,556,0,0,1,4),(2,557,0,0,1,4),(2,558,0,0,1,4),(2,559,0,0,1,4),(2,560,0,0,1,4),(2,561,0,0,1,4),(2,562,0,0,1,4),(2,563,0,0,1,4),(2,564,0,0,1,4),(2,565,0,0,1,4),(2,566,0,0,1,4),(2,567,0,0,1,4),(2,568,0,0,1,4),(2,569,0,0,1,4),(2,570,0,0,1,4),(2,571,0,0,1,4),(2,572,0,0,1,4),(2,573,0,0,1,4),(2,574,0,0,1,4),(2,575,0,0,1,4),(2,576,0,0,1,4),(2,577,0,0,1,4),(2,578,0,0,1,4),(2,579,0,0,1,4),(2,580,0,0,1,4),(2,581,0,0,1,4),(2,582,0,0,1,4),(2,583,0,0,1,4),(2,584,0,0,1,4),(2,585,0,0,1,4),(2,586,0,0,1,4),(2,587,0,0,1,4),(2,588,0,0,1,4),(2,589,0,0,1,4),(2,590,0,0,1,4),(2,591,0,0,1,4),(2,592,0,0,1,4),(2,593,0,0,1,4),(2,594,0,0,1,4),(2,595,0,0,1,4),(2,596,0,0,1,4),(2,597,0,0,1,4),(2,598,0,0,1,4),(2,599,0,0,1,4),(2,600,0,0,1,4),(2,601,0,0,1,4),(2,602,0,0,1,4),(2,603,0,0,1,4),(2,604,0,0,1,4),(2,605,0,0,1,4),(2,606,0,0,1,4),(2,607,0,0,1,4),(2,608,0,0,1,4),(2,609,0,0,1,4),(2,610,0,0,1,4),(2,611,0,0,1,4),(2,612,0,0,1,4),(2,613,0,0,1,4),(2,614,0,0,1,4),(2,615,0,0,1,4),(2,616,0,0,1,4),(2,617,0,0,1,4),(2,618,0,0,1,4),(2,619,0,0,1,4),(2,620,0,0,1,4),(2,621,0,0,1,4),(2,622,0,0,1,4),(2,623,0,0,1,4),(2,624,0,0,1,4),(2,625,0,0,1,4),(2,626,0,0,1,4),(2,627,0,0,1,4),(2,628,0,0,1,4),(2,629,0,0,1,4),(2,630,0,0,1,4),(2,631,0,0,1,4),(2,632,0,0,1,4),(2,633,0,0,1,4),(2,634,0,0,1,4),(2,635,0,0,1,4),(2,636,0,0,1,4),(2,637,0,0,1,4),(2,638,0,0,1,4),(2,639,0,0,1,4),(2,640,0,0,1,4),(2,641,0,0,1,4),(2,642,0,0,1,4),(2,643,0,0,1,4),(2,644,0,0,1,4),(2,645,0,0,1,4),(2,646,0,0,1,4),(2,647,0,0,1,4),(2,648,0,0,1,4),(2,649,0,0,1,4),(2,650,0,0,1,4),(2,651,0,0,1,4),(2,652,0,0,1,4),(2,653,0,0,1,4),(2,654,0,0,1,4),(2,655,0,0,1,4),(2,656,0,0,1,4),(2,657,0,0,1,4),(2,658,0,0,1,4),(2,659,0,0,1,4),(2,660,0,0,1,4),(2,661,0,0,1,4),(2,662,0,0,1,4),(2,663,0,0,1,4),(2,664,0,0,1,4),(2,665,0,0,1,4),(2,666,0,0,1,4),(2,667,0,0,1,4),(2,668,0,0,1,4),(2,669,0,0,1,4),(2,670,0,0,1,4),(2,671,0,0,1,4),(2,672,0,0,1,4),(2,673,0,0,1,4),(2,674,0,0,1,4),(2,675,0,0,1,4),(2,676,0,0,1,4),(2,677,0,0,1,4),(2,678,0,0,1,4),(2,679,0,0,1,4),(2,680,0,0,1,4),(2,681,0,0,1,4),(2,682,0,0,1,4),(2,683,0,0,1,4),(2,684,0,0,1,4),(2,685,0,0,1,4),(2,686,0,0,1,4),(2,687,0,0,1,4),(2,688,0,0,1,4),(2,689,0,0,1,4),(2,690,0,0,1,4),(2,691,0,0,1,4),(2,692,0,0,1,4),(2,693,0,0,1,4),(2,694,0,0,1,4),(2,695,0,0,1,4),(2,696,0,0,1,4),(2,697,0,0,1,4),(2,698,0,0,1,4),(2,699,0,0,1,4),(2,700,0,0,1,4),(2,701,0,0,1,4),(2,702,0,0,1,4),(2,703,0,0,1,4),(2,704,0,0,1,4),(2,705,0,0,1,4),(2,706,0,0,1,4),(2,707,0,0,1,4),(2,708,0,0,1,4),(2,709,0,0,1,4),(2,710,0,0,1,4),(2,711,0,0,1,4),(2,712,0,0,1,4),(2,713,0,0,1,4),(2,714,0,0,1,4),(2,715,0,0,1,4),(2,716,0,0,1,4),(2,717,0,0,1,4),(2,718,0,0,1,4),(2,719,0,0,1,4),(2,720,0,0,1,4),(2,721,0,0,1,4),(2,722,0,0,1,4),(2,723,0,0,1,4),(2,724,0,0,1,4),(2,725,0,0,1,4),(2,726,0,0,1,4),(2,727,0,0,1,4),(2,728,0,0,1,4),(2,729,0,0,1,4),(2,730,0,0,1,4),(2,731,0,0,1,4),(2,732,0,0,1,4),(2,733,0,0,1,4),(2,734,0,0,1,4),(2,735,0,0,1,4),(2,736,0,0,1,4),(2,737,0,0,1,4),(2,738,0,0,1,4),(2,739,0,0,1,4),(2,740,0,0,1,4),(2,741,0,0,1,4),(2,742,0,0,1,4),(2,743,0,0,1,4),(2,744,0,0,1,4),(2,745,0,0,1,4),(2,746,0,0,1,4),(2,747,0,0,1,4),(2,748,0,0,1,4),(2,749,0,0,1,4),(2,750,0,0,1,4),(2,751,0,0,1,4),(2,752,0,0,1,4),(2,753,0,0,1,4),(2,754,0,0,1,4),(2,755,0,0,1,4),(2,756,0,0,1,4),(2,757,0,0,1,4),(2,758,0,0,1,4),(2,759,0,0,1,4),(2,760,0,0,1,4),(2,761,0,0,1,4),(2,762,0,0,1,4),(2,763,0,0,1,4),(2,764,0,0,1,4),(2,765,0,0,1,4),(2,766,0,0,1,4),(2,767,0,0,1,4),(2,768,0,0,1,4),(2,769,0,0,1,4),(2,770,0,0,1,4),(2,771,0,0,1,4),(2,772,0,0,1,4),(2,773,0,0,1,4),(2,774,0,0,1,4),(2,775,0,0,1,4),(2,776,0,0,1,4),(2,777,0,0,1,4),(2,778,0,0,1,4),(2,779,0,0,1,4),(2,780,0,0,1,4),(2,781,0,0,1,4),(2,782,0,0,1,4),(2,783,0,0,1,4),(2,784,0,0,1,4),(2,785,0,0,1,4),(2,786,0,0,1,4),(2,787,0,0,1,4),(2,788,0,0,1,4),(2,789,0,0,1,4),(2,790,0,0,1,4),(2,791,0,0,1,4),(2,792,0,0,1,4),(2,793,0,0,1,4),(2,794,0,0,1,4),(2,795,0,0,1,4),(2,796,0,0,1,4),(2,797,0,0,1,4),(2,798,0,0,1,4),(2,799,0,0,1,4),(2,944,0,0,1,4),(2,63,10000,0,1,4),(2,294,10000,0,1,4),(2,301,10000,0,1,4),(2,302,10000,0,1,4),(2,503,10000,0,1,4),(2,507,10000,0,1,4),(2,508,10000,0,1,4),(2,509,10000,0,1,4),(2,510,10000,0,1,4),(2,511,10000,0,1,4),(2,512,10000,0,1,4),(2,513,10000,0,1,4),(2,514,10000,0,1,4),(2,515,10000,0,1,4),(2,516,10000,0,1,4),(2,517,10000,0,1,4),(2,518,10000,0,1,4),(2,519,10000,0,1,4),(2,520,10000,0,1,4),(2,521,10000,0,1,4),(2,522,10000,0,1,4),(2,523,10000,0,1,4),(2,524,10000,0,1,4),(2,525,10000,0,1,4),(2,526,10000,0,1,4),(2,527,10000,0,1,4),(2,528,10000,0,1,4),(2,529,10000,0,1,4),(2,530,10000,0,1,4),(2,531,10000,0,1,4),(2,532,10000,0,1,4),(2,533,10000,0,1,4),(2,534,10000,0,1,4),(2,535,10000,0,1,4),(2,536,10000,0,1,4),(2,537,10000,0,1,4),(2,538,10000,0,1,4),(2,539,10000,0,1,4),(2,541,10000,0,1,4),(2,542,10000,0,1,4),(2,543,10000,0,1,4),(2,547,10000,0,1,4),(2,829,10000,0,1,4),(2,833,10000,0,1,4),(2,923,10000,0,1,4),(2,924,10000,0,1,4),(2,929,10000,0,1,4),(2,930,10000,0,1,4),(2,931,10000,0,1,4),(2,932,10000,0,1,4),(2,934,10000,0,1,4),(2,935,10000,0,1,4),(2,502,0,1,1,4),(24,312,0,1,1,2),(24,313,0,1,1,2),(24,314,0,1,1,2),(25,315,0,1,1,2),(25,316,0,1,1,2),(25,317,0,1,1,2),(26,64,0,1,1,2),(26,63,0,1,1,4),(26,503,0,1,1,4),(41,64,0,1,1,2),(41,63,0,1,1,4),(42,931,10000,0,1,4),(42,932,10000,0,1,4),(42,934,10000,0,1,4),(42,935,10000,0,1,4),(42,294,0,1,1,4),(42,301,0,1,1,4),(42,302,0,1,1,4),(42,829,0,1,1,4),(42,833,0,1,1,4),(42,923,0,1,1,4),(42,924,0,1,1,4),(42,929,0,1,1,4),(42,930,0,1,1,4),(48,508,10000,0,1,4),(48,547,10000,0,1,4),(48,507,0,1,1,4),(48,509,0,1,1,4),(48,510,0,1,1,4),(48,511,0,1,1,4),(48,512,0,1,1,4),(48,513,0,1,1,4),(48,514,0,1,1,4),(48,515,0,1,1,4),(48,516,0,1,1,4),(48,517,0,1,1,4),(48,518,0,1,1,4),(48,519,0,1,1,4),(48,520,0,1,1,4),(48,521,0,1,1,4),(48,522,0,1,1,4),(48,523,0,1,1,4),(48,524,0,1,1,4),(48,525,0,1,1,4),(48,526,0,1,1,4),(48,527,0,1,1,4),(48,528,0,1,1,4),(48,529,0,1,1,4),(48,530,0,1,1,4),(48,531,0,1,1,4),(48,532,0,1,1,4),(48,533,0,1,1,4),(48,534,0,1,1,4),(48,535,0,1,1,4),(48,536,0,1,1,4),(48,537,0,1,1,4),(48,538,0,1,1,4),(48,539,0,1,1,4),(48,541,0,1,1,4),(48,542,0,1,1,4),(48,543,0,1,1,4),(88,507,0,1,1,4),(88,508,0,1,1,4),(88,509,0,1,1,4),(88,510,0,1,1,4),(88,511,0,1,1,4),(88,512,0,1,1,4),(88,513,0,1,1,4),(88,516,0,1,1,4),(88,517,0,1,1,4),(88,518,0,1,1,4),(88,519,0,1,1,4),(88,520,0,1,1,4),(88,521,0,1,1,4),(88,522,0,1,1,4),(88,526,0,1,1,4),(88,530,0,1,1,4),(88,534,0,1,1,4),(88,535,0,1,1,4),(88,536,0,1,1,4),(88,537,0,1,1,4),(88,538,0,1,1,4),(88,539,0,1,1,4),(88,541,0,1,1,4),(88,543,0,1,1,4),(90,833,0,1,1,4),(90,934,0,1,1,4),(91,514,0,1,1,4),(91,515,0,1,1,4),(91,523,0,1,1,4),(91,524,0,1,1,4),(91,525,0,1,1,4),(91,527,0,1,1,4),(91,528,0,1,1,4),(91,529,0,1,1,4),(91,531,0,1,1,4),(91,532,0,1,1,4),(91,533,0,1,1,4),(91,542,0,1,1,4),(91,547,0,1,1,4),(95,294,0,1,1,4),(95,301,0,1,1,4),(95,302,0,1,1,4),(95,829,0,1,1,4),(95,923,0,1,1,4),(95,924,0,1,1,4),(95,929,0,1,1,4),(95,930,0,1,1,4),(95,931,0,1,1,4),(95,932,0,1,1,4),(95,935,0,1,1,4),(98,515,0,1,1,4),(98,524,0,1,1,4),(98,528,0,1,1,4),(98,532,0,1,1,4),(99,525,0,1,1,4),(99,529,0,1,1,4),(99,533,0,1,1,4),(100,514,0,1,1,4),(100,523,0,1,1,4),(100,527,0,1,1,4),(100,531,0,1,1,4),(100,542,0,1,1,4);

--
-- Table structure for table `catalog_category_product_index_store2`
--

CREATE TABLE `catalog_category_product_index_store2` (
  `category_id` int(10) unsigned NOT NULL DEFAULT '0' COMMENT 'Category Id',
  `product_id` int(10) unsigned NOT NULL DEFAULT '0' COMMENT 'Product Id',
  `position` int(11) DEFAULT NULL COMMENT 'Position',
  `is_parent` smallint(5) unsigned NOT NULL DEFAULT '0' COMMENT 'Is Parent',
  `store_id` smallint(5) unsigned NOT NULL DEFAULT '0' COMMENT 'Store Id',
  `visibility` smallint(5) unsigned NOT NULL COMMENT 'Visibility',
  PRIMARY KEY (`category_id`,`product_id`,`store_id`),
  KEY `IDX_87FCED52F67C72BB6992C79EB4DCFA8A` (`product_id`,`store_id`,`category_id`,`visibility`),
  KEY `IDX_15B841C92B67D986A980051DF109F9D1` (`store_id`,`category_id`,`visibility`,`is_parent`,`position`)
) ENGINE=InnoDB DEFAULT CHARSET=utf8 COMMENT='Catalog Category Product Index Store2 Replica';

--
-- Dumping data for table `catalog_category_product_index_store2`
--

INSERT INTO `catalog_category_product_index_store2` VALUES (2,321,0,0,2,2),(2,322,0,0,2,2),(2,64,10000,0,2,2),(2,312,10000,0,2,2),(2,313,10000,0,2,2),(2,314,10000,0,2,2),(2,315,10000,0,2,2),(2,316,10000,0,2,2),(2,317,10000,0,2,2),(2,323,0,0,2,4),(2,506,0,0,2,4),(2,540,0,0,2,4),(2,544,0,0,2,4),(2,545,0,0,2,4),(2,546,0,0,2,4),(2,548,0,0,2,4),(2,549,0,0,2,4),(2,550,0,0,2,4),(2,551,0,0,2,4),(2,552,0,0,2,4),(2,553,0,0,2,4),(2,554,0,0,2,4),(2,555,0,0,2,4),(2,556,0,0,2,4),(2,557,0,0,2,4),(2,558,0,0,2,4),(2,559,0,0,2,4),(2,560,0,0,2,4),(2,561,0,0,2,4),(2,562,0,0,2,4),(2,563,0,0,2,4),(2,564,0,0,2,4),(2,565,0,0,2,4),(2,566,0,0,2,4),(2,567,0,0,2,4),(2,568,0,0,2,4),(2,569,0,0,2,4),(2,570,0,0,2,4),(2,571,0,0,2,4),(2,572,0,0,2,4),(2,573,0,0,2,4),(2,574,0,0,2,4),(2,575,0,0,2,4),(2,576,0,0,2,4),(2,577,0,0,2,4),(2,578,0,0,2,4),(2,579,0,0,2,4),(2,580,0,0,2,4),(2,581,0,0,2,4),(2,582,0,0,2,4),(2,583,0,0,2,4),(2,584,0,0,2,4),(2,585,0,0,2,4),(2,586,0,0,2,4),(2,587,0,0,2,4),(2,588,0,0,2,4),(2,589,0,0,2,4),(2,590,0,0,2,4),(2,591,0,0,2,4),(2,592,0,0,2,4),(2,593,0,0,2,4),(2,594,0,0,2,4),(2,595,0,0,2,4),(2,596,0,0,2,4),(2,597,0,0,2,4),(2,598,0,0,2,4),(2,599,0,0,2,4),(2,600,0,0,2,4),(2,601,0,0,2,4),(2,602,0,0,2,4),(2,603,0,0,2,4),(2,604,0,0,2,4),(2,605,0,0,2,4),(2,606,0,0,2,4),(2,607,0,0,2,4),(2,608,0,0,2,4),(2,609,0,0,2,4),(2,610,0,0,2,4),(2,611,0,0,2,4),(2,612,0,0,2,4),(2,613,0,0,2,4),(2,614,0,0,2,4),(2,615,0,0,2,4),(2,616,0,0,2,4),(2,617,0,0,2,4),(2,618,0,0,2,4),(2,619,0,0,2,4),(2,620,0,0,2,4),(2,621,0,0,2,4),(2,622,0,0,2,4),(2,623,0,0,2,4),(2,624,0,0,2,4),(2,625,0,0,2,4),(2,626,0,0,2,4),(2,627,0,0,2,4),(2,628,0,0,2,4),(2,629,0,0,2,4),(2,630,0,0,2,4),(2,631,0,0,2,4),(2,632,0,0,2,4),(2,633,0,0,2,4),(2,634,0,0,2,4),(2,635,0,0,2,4),(2,636,0,0,2,4),(2,637,0,0,2,4),(2,638,0,0,2,4),(2,639,0,0,2,4),(2,640,0,0,2,4),(2,641,0,0,2,4),(2,642,0,0,2,4),(2,643,0,0,2,4),(2,644,0,0,2,4),(2,645,0,0,2,4),(2,646,0,0,2,4),(2,647,0,0,2,4),(2,648,0,0,2,4),(2,649,0,0,2,4),(2,650,0,0,2,4),(2,651,0,0,2,4),(2,652,0,0,2,4),(2,653,0,0,2,4),(2,654,0,0,2,4),(2,655,0,0,2,4),(2,656,0,0,2,4),(2,657,0,0,2,4),(2,658,0,0,2,4),(2,659,0,0,2,4),(2,660,0,0,2,4),(2,661,0,0,2,4),(2,662,0,0,2,4),(2,663,0,0,2,4),(2,664,0,0,2,4),(2,665,0,0,2,4),(2,666,0,0,2,4),(2,667,0,0,2,4),(2,668,0,0,2,4),(2,669,0,0,2,4),(2,670,0,0,2,4),(2,671,0,0,2,4),(2,672,0,0,2,4),(2,673,0,0,2,4),(2,674,0,0,2,4),(2,675,0,0,2,4),(2,676,0,0,2,4),(2,677,0,0,2,4),(2,678,0,0,2,4),(2,679,0,0,2,4),(2,680,0,0,2,4),(2,681,0,0,2,4),(2,682,0,0,2,4),(2,683,0,0,2,4),(2,684,0,0,2,4),(2,685,0,0,2,4),(2,686,0,0,2,4),(2,687,0,0,2,4),(2,688,0,0,2,4),(2,689,0,0,2,4),(2,690,0,0,2,4),(2,691,0,0,2,4),(2,692,0,0,2,4),(2,693,0,0,2,4),(2,694,0,0,2,4),(2,695,0,0,2,4),(2,696,0,0,2,4),(2,697,0,0,2,4),(2,698,0,0,2,4),(2,699,0,0,2,4),(2,700,0,0,2,4),(2,701,0,0,2,4),(2,702,0,0,2,4),(2,703,0,0,2,4),(2,704,0,0,2,4),(2,705,0,0,2,4),(2,706,0,0,2,4),(2,707,0,0,2,4),(2,708,0,0,2,4),(2,709,0,0,2,4),(2,710,0,0,2,4),(2,711,0,0,2,4),(2,712,0,0,2,4),(2,713,0,0,2,4),(2,714,0,0,2,4),(2,715,0,0,2,4),(2,716,0,0,2,4),(2,717,0,0,2,4),(2,718,0,0,2,4),(2,719,0,0,2,4),(2,720,0,0,2,4),(2,721,0,0,2,4),(2,722,0,0,2,4),(2,723,0,0,2,4),(2,724,0,0,2,4),(2,725,0,0,2,4),(2,726,0,0,2,4),(2,727,0,0,2,4),(2,728,0,0,2,4),(2,729,0,0,2,4),(2,730,0,0,2,4),(2,731,0,0,2,4),(2,732,0,0,2,4),(2,733,0,0,2,4),(2,734,0,0,2,4),(2,735,0,0,2,4),(2,736,0,0,2,4),(2,737,0,0,2,4),(2,738,0,0,2,4),(2,739,0,0,2,4),(2,740,0,0,2,4),(2,741,0,0,2,4),(2,742,0,0,2,4),(2,743,0,0,2,4),(2,744,0,0,2,4),(2,745,0,0,2,4),(2,746,0,0,2,4),(2,747,0,0,2,4),(2,748,0,0,2,4),(2,749,0,0,2,4),(2,750,0,0,2,4),(2,751,0,0,2,4),(2,752,0,0,2,4),(2,753,0,0,2,4),(2,754,0,0,2,4),(2,755,0,0,2,4),(2,756,0,0,2,4),(2,757,0,0,2,4),(2,758,0,0,2,4),(2,759,0,0,2,4),(2,760,0,0,2,4),(2,761,0,0,2,4),(2,762,0,0,2,4),(2,763,0,0,2,4),(2,764,0,0,2,4),(2,765,0,0,2,4),(2,766,0,0,2,4),(2,767,0,0,2,4),(2,768,0,0,2,4),(2,769,0,0,2,4),(2,770,0,0,2,4),(2,771,0,0,2,4),(2,772,0,0,2,4),(2,773,0,0,2,4),(2,774,0,0,2,4),(2,775,0,0,2,4),(2,776,0,0,2,4),(2,777,0,0,2,4),(2,778,0,0,2,4),(2,779,0,0,2,4),(2,780,0,0,2,4),(2,781,0,0,2,4),(2,782,0,0,2,4),(2,783,0,0,2,4),(2,784,0,0,2,4),(2,785,0,0,2,4),(2,786,0,0,2,4),(2,787,0,0,2,4),(2,788,0,0,2,4),(2,789,0,0,2,4),(2,790,0,0,2,4),(2,791,0,0,2,4),(2,792,0,0,2,4),(2,793,0,0,2,4),(2,794,0,0,2,4),(2,795,0,0,2,4),(2,796,0,0,2,4),(2,797,0,0,2,4),(2,798,0,0,2,4),(2,799,0,0,2,4),(2,944,0,0,2,4),(2,63,10000,0,2,4),(2,294,10000,0,2,4),(2,301,10000,0,2,4),(2,302,10000,0,2,4),(2,503,10000,0,2,4),(2,507,10000,0,2,4),(2,508,10000,0,2,4),(2,509,10000,0,2,4),(2,510,10000,0,2,4),(2,511,10000,0,2,4),(2,512,10000,0,2,4),(2,513,10000,0,2,4),(2,514,10000,0,2,4),(2,515,10000,0,2,4),(2,516,10000,0,2,4),(2,517,10000,0,2,4),(2,518,10000,0,2,4),(2,519,10000,0,2,4),(2,520,10000,0,2,4),(2,521,10000,0,2,4),(2,522,10000,0,2,4),(2,523,10000,0,2,4),(2,524,10000,0,2,4),(2,525,10000,0,2,4),(2,526,10000,0,2,4),(2,527,10000,0,2,4),(2,528,10000,0,2,4),(2,529,10000,0,2,4),(2,530,10000,0,2,4),(2,531,10000,0,2,4),(2,532,10000,0,2,4),(2,533,10000,0,2,4),(2,534,10000,0,2,4),(2,535,10000,0,2,4),(2,536,10000,0,2,4),(2,537,10000,0,2,4),(2,538,10000,0,2,4),(2,539,10000,0,2,4),(2,541,10000,0,2,4),(2,542,10000,0,2,4),(2,543,10000,0,2,4),(2,547,10000,0,2,4),(2,829,10000,0,2,4),(2,833,10000,0,2,4),(2,923,10000,0,2,4),(2,924,10000,0,2,4),(2,929,10000,0,2,4),(2,930,10000,0,2,4),(2,931,10000,0,2,4),(2,932,10000,0,2,4),(2,934,10000,0,2,4),(2,935,10000,0,2,4),(2,502,0,1,2,4),(24,312,0,1,2,2),(24,313,0,1,2,2),(24,314,0,1,2,2),(25,315,0,1,2,2),(25,316,0,1,2,2),(25,317,0,1,2,2),(26,64,0,1,2,2),(26,63,0,1,2,4),(26,503,0,1,2,4),(41,64,0,1,2,2),(41,63,0,1,2,4),(42,931,10000,0,2,4),(42,932,10000,0,2,4),(42,934,10000,0,2,4),(42,935,10000,0,2,4),(42,294,0,1,2,4),(42,301,0,1,2,4),(42,302,0,1,2,4),(42,829,0,1,2,4),(42,833,0,1,2,4),(42,923,0,1,2,4),(42,924,0,1,2,4),(42,929,0,1,2,4),(42,930,0,1,2,4),(48,508,10000,0,2,4),(48,547,10000,0,2,4),(48,507,0,1,2,4),(48,509,0,1,2,4),(48,510,0,1,2,4),(48,511,0,1,2,4),(48,512,0,1,2,4),(48,513,0,1,2,4),(48,514,0,1,2,4),(48,515,0,1,2,4),(48,516,0,1,2,4),(48,517,0,1,2,4),(48,518,0,1,2,4),(48,519,0,1,2,4),(48,520,0,1,2,4),(48,521,0,1,2,4),(48,522,0,1,2,4),(48,523,0,1,2,4),(48,524,0,1,2,4),(48,525,0,1,2,4),(48,526,0,1,2,4),(48,527,0,1,2,4),(48,528,0,1,2,4),(48,529,0,1,2,4),(48,530,0,1,2,4),(48,531,0,1,2,4),(48,532,0,1,2,4),(48,533,0,1,2,4),(48,534,0,1,2,4),(48,535,0,1,2,4),(48,536,0,1,2,4),(48,537,0,1,2,4),(48,538,0,1,2,4),(48,539,0,1,2,4),(48,541,0,1,2,4),(48,542,0,1,2,4),(48,543,0,1,2,4),(88,507,0,1,2,4),(88,508,0,1,2,4),(88,509,0,1,2,4),(88,510,0,1,2,4),(88,511,0,1,2,4),(88,512,0,1,2,4),(88,513,0,1,2,4),(88,516,0,1,2,4),(88,517,0,1,2,4),(88,518,0,1,2,4),(88,519,0,1,2,4),(88,520,0,1,2,4),(88,521,0,1,2,4),(88,522,0,1,2,4),(88,526,0,1,2,4),(88,530,0,1,2,4),(88,534,0,1,2,4),(88,535,0,1,2,4),(88,536,0,1,2,4),(88,537,0,1,2,4),(88,538,0,1,2,4),(88,539,0,1,2,4),(88,541,0,1,2,4),(88,543,0,1,2,4),(90,833,0,1,2,4),(90,934,0,1,2,4),(91,514,0,1,2,4),(91,515,0,1,2,4),(91,523,0,1,2,4),(91,524,0,1,2,4),(91,525,0,1,2,4),(91,527,0,1,2,4),(91,528,0,1,2,4),(91,529,0,1,2,4),(91,531,0,1,2,4),(91,532,0,1,2,4),(91,533,0,1,2,4),(91,542,0,1,2,4),(91,547,0,1,2,4),(95,294,0,1,2,4),(95,301,0,1,2,4),(95,302,0,1,2,4),(95,829,0,1,2,4),(95,923,0,1,2,4),(95,924,0,1,2,4),(95,929,0,1,2,4),(95,930,0,1,2,4),(95,931,0,1,2,4),(95,932,0,1,2,4),(95,935,0,1,2,4),(98,515,0,1,2,4),(98,524,0,1,2,4),(98,528,0,1,2,4),(98,532,0,1,2,4),(99,525,0,1,2,4),(99,529,0,1,2,4),(99,533,0,1,2,4),(100,514,0,1,2,4),(100,523,0,1,2,4),(100,527,0,1,2,4),(100,531,0,1,2,4),(100,542,0,1,2,4);

--
-- Table structure for table `catalog_category_product_index_store2_replica`
--

CREATE TABLE `catalog_category_product_index_store2_replica` (
  `category_id` int(10) unsigned NOT NULL DEFAULT '0' COMMENT 'Category Id',
  `product_id` int(10) unsigned NOT NULL DEFAULT '0' COMMENT 'Product Id',
  `position` int(11) DEFAULT NULL COMMENT 'Position',
  `is_parent` smallint(5) unsigned NOT NULL DEFAULT '0' COMMENT 'Is Parent',
  `store_id` smallint(5) unsigned NOT NULL DEFAULT '0' COMMENT 'Store Id',
  `visibility` smallint(5) unsigned NOT NULL COMMENT 'Visibility',
  PRIMARY KEY (`category_id`,`product_id`,`store_id`),
  KEY `CAT_CTGR_PRD_IDX_STORE2_PRD_ID_STORE_ID_CTGR_ID_VISIBILITY` (`product_id`,`store_id`,`category_id`,`visibility`),
  KEY `IDX_2AB6FE58F086547FA7E4590837296849` (`store_id`,`category_id`,`visibility`,`is_parent`,`position`)
) ENGINE=InnoDB DEFAULT CHARSET=utf8 COMMENT='Catalog Category Product Index Store2';

--
-- Dumping data for table `catalog_category_product_index_store2_replica`
--

INSERT INTO `catalog_category_product_index_store2_replica` VALUES (2,321,0,0,2,2),(2,322,0,0,2,2),(2,64,10000,0,2,2),(2,312,10000,0,2,2),(2,313,10000,0,2,2),(2,314,10000,0,2,2),(2,315,10000,0,2,2),(2,316,10000,0,2,2),(2,317,10000,0,2,2),(2,323,0,0,2,4),(2,506,0,0,2,4),(2,540,0,0,2,4),(2,544,0,0,2,4),(2,545,0,0,2,4),(2,546,0,0,2,4),(2,548,0,0,2,4),(2,549,0,0,2,4),(2,550,0,0,2,4),(2,551,0,0,2,4),(2,552,0,0,2,4),(2,553,0,0,2,4),(2,554,0,0,2,4),(2,555,0,0,2,4),(2,556,0,0,2,4),(2,557,0,0,2,4),(2,558,0,0,2,4),(2,559,0,0,2,4),(2,560,0,0,2,4),(2,561,0,0,2,4),(2,562,0,0,2,4),(2,563,0,0,2,4),(2,564,0,0,2,4),(2,565,0,0,2,4),(2,566,0,0,2,4),(2,567,0,0,2,4),(2,568,0,0,2,4),(2,569,0,0,2,4),(2,570,0,0,2,4),(2,571,0,0,2,4),(2,572,0,0,2,4),(2,573,0,0,2,4),(2,574,0,0,2,4),(2,575,0,0,2,4),(2,576,0,0,2,4),(2,577,0,0,2,4),(2,578,0,0,2,4),(2,579,0,0,2,4),(2,580,0,0,2,4),(2,581,0,0,2,4),(2,582,0,0,2,4),(2,583,0,0,2,4),(2,584,0,0,2,4),(2,585,0,0,2,4),(2,586,0,0,2,4),(2,587,0,0,2,4),(2,588,0,0,2,4),(2,589,0,0,2,4),(2,590,0,0,2,4),(2,591,0,0,2,4),(2,592,0,0,2,4),(2,593,0,0,2,4),(2,594,0,0,2,4),(2,595,0,0,2,4),(2,596,0,0,2,4),(2,597,0,0,2,4),(2,598,0,0,2,4),(2,599,0,0,2,4),(2,600,0,0,2,4),(2,601,0,0,2,4),(2,602,0,0,2,4),(2,603,0,0,2,4),(2,604,0,0,2,4),(2,605,0,0,2,4),(2,606,0,0,2,4),(2,607,0,0,2,4),(2,608,0,0,2,4),(2,609,0,0,2,4),(2,610,0,0,2,4),(2,611,0,0,2,4),(2,612,0,0,2,4),(2,613,0,0,2,4),(2,614,0,0,2,4),(2,615,0,0,2,4),(2,616,0,0,2,4),(2,617,0,0,2,4),(2,618,0,0,2,4),(2,619,0,0,2,4),(2,620,0,0,2,4),(2,621,0,0,2,4),(2,622,0,0,2,4),(2,623,0,0,2,4),(2,624,0,0,2,4),(2,625,0,0,2,4),(2,626,0,0,2,4),(2,627,0,0,2,4),(2,628,0,0,2,4),(2,629,0,0,2,4),(2,630,0,0,2,4),(2,631,0,0,2,4),(2,632,0,0,2,4),(2,633,0,0,2,4),(2,634,0,0,2,4),(2,635,0,0,2,4),(2,636,0,0,2,4),(2,637,0,0,2,4),(2,638,0,0,2,4),(2,639,0,0,2,4),(2,640,0,0,2,4),(2,641,0,0,2,4),(2,642,0,0,2,4),(2,643,0,0,2,4),(2,644,0,0,2,4),(2,645,0,0,2,4),(2,646,0,0,2,4),(2,647,0,0,2,4),(2,648,0,0,2,4),(2,649,0,0,2,4),(2,650,0,0,2,4),(2,651,0,0,2,4),(2,652,0,0,2,4),(2,653,0,0,2,4),(2,654,0,0,2,4),(2,655,0,0,2,4),(2,656,0,0,2,4),(2,657,0,0,2,4),(2,658,0,0,2,4),(2,659,0,0,2,4),(2,660,0,0,2,4),(2,661,0,0,2,4),(2,662,0,0,2,4),(2,663,0,0,2,4),(2,664,0,0,2,4),(2,665,0,0,2,4),(2,666,0,0,2,4),(2,667,0,0,2,4),(2,668,0,0,2,4),(2,669,0,0,2,4),(2,670,0,0,2,4),(2,671,0,0,2,4),(2,672,0,0,2,4),(2,673,0,0,2,4),(2,674,0,0,2,4),(2,675,0,0,2,4),(2,676,0,0,2,4),(2,677,0,0,2,4),(2,678,0,0,2,4),(2,679,0,0,2,4),(2,680,0,0,2,4),(2,681,0,0,2,4),(2,682,0,0,2,4),(2,683,0,0,2,4),(2,684,0,0,2,4),(2,685,0,0,2,4),(2,686,0,0,2,4),(2,687,0,0,2,4),(2,688,0,0,2,4),(2,689,0,0,2,4),(2,690,0,0,2,4),(2,691,0,0,2,4),(2,692,0,0,2,4),(2,693,0,0,2,4),(2,694,0,0,2,4),(2,695,0,0,2,4),(2,696,0,0,2,4),(2,697,0,0,2,4),(2,698,0,0,2,4),(2,699,0,0,2,4),(2,700,0,0,2,4),(2,701,0,0,2,4),(2,702,0,0,2,4),(2,703,0,0,2,4),(2,704,0,0,2,4),(2,705,0,0,2,4),(2,706,0,0,2,4),(2,707,0,0,2,4),(2,708,0,0,2,4),(2,709,0,0,2,4),(2,710,0,0,2,4),(2,711,0,0,2,4),(2,712,0,0,2,4),(2,713,0,0,2,4),(2,714,0,0,2,4),(2,715,0,0,2,4),(2,716,0,0,2,4),(2,717,0,0,2,4),(2,718,0,0,2,4),(2,719,0,0,2,4),(2,720,0,0,2,4),(2,721,0,0,2,4),(2,722,0,0,2,4),(2,723,0,0,2,4),(2,724,0,0,2,4),(2,725,0,0,2,4),(2,726,0,0,2,4),(2,727,0,0,2,4),(2,728,0,0,2,4),(2,729,0,0,2,4),(2,730,0,0,2,4),(2,731,0,0,2,4),(2,732,0,0,2,4),(2,733,0,0,2,4),(2,734,0,0,2,4),(2,735,0,0,2,4),(2,736,0,0,2,4),(2,737,0,0,2,4),(2,738,0,0,2,4),(2,739,0,0,2,4),(2,740,0,0,2,4),(2,741,0,0,2,4),(2,742,0,0,2,4),(2,743,0,0,2,4),(2,744,0,0,2,4),(2,745,0,0,2,4),(2,746,0,0,2,4),(2,747,0,0,2,4),(2,748,0,0,2,4),(2,749,0,0,2,4),(2,750,0,0,2,4),(2,751,0,0,2,4),(2,752,0,0,2,4),(2,753,0,0,2,4),(2,754,0,0,2,4),(2,755,0,0,2,4),(2,756,0,0,2,4),(2,757,0,0,2,4),(2,758,0,0,2,4),(2,759,0,0,2,4),(2,760,0,0,2,4),(2,761,0,0,2,4),(2,762,0,0,2,4),(2,763,0,0,2,4),(2,764,0,0,2,4),(2,765,0,0,2,4),(2,766,0,0,2,4),(2,767,0,0,2,4),(2,768,0,0,2,4),(2,769,0,0,2,4),(2,770,0,0,2,4),(2,771,0,0,2,4),(2,772,0,0,2,4),(2,773,0,0,2,4),(2,774,0,0,2,4),(2,775,0,0,2,4),(2,776,0,0,2,4),(2,777,0,0,2,4),(2,778,0,0,2,4),(2,779,0,0,2,4),(2,780,0,0,2,4),(2,781,0,0,2,4),(2,782,0,0,2,4),(2,783,0,0,2,4),(2,784,0,0,2,4),(2,785,0,0,2,4),(2,786,0,0,2,4),(2,787,0,0,2,4),(2,788,0,0,2,4),(2,789,0,0,2,4),(2,790,0,0,2,4),(2,791,0,0,2,4),(2,792,0,0,2,4),(2,793,0,0,2,4),(2,794,0,0,2,4),(2,795,0,0,2,4),(2,796,0,0,2,4),(2,797,0,0,2,4),(2,798,0,0,2,4),(2,799,0,0,2,4),(2,944,0,0,2,4),(2,63,10000,0,2,4),(2,294,10000,0,2,4),(2,301,10000,0,2,4),(2,302,10000,0,2,4),(2,503,10000,0,2,4),(2,507,10000,0,2,4),(2,508,10000,0,2,4),(2,509,10000,0,2,4),(2,510,10000,0,2,4),(2,511,10000,0,2,4),(2,512,10000,0,2,4),(2,513,10000,0,2,4),(2,514,10000,0,2,4),(2,515,10000,0,2,4),(2,516,10000,0,2,4),(2,517,10000,0,2,4),(2,518,10000,0,2,4),(2,519,10000,0,2,4),(2,520,10000,0,2,4),(2,521,10000,0,2,4),(2,522,10000,0,2,4),(2,523,10000,0,2,4),(2,524,10000,0,2,4),(2,525,10000,0,2,4),(2,526,10000,0,2,4),(2,527,10000,0,2,4),(2,528,10000,0,2,4),(2,529,10000,0,2,4),(2,530,10000,0,2,4),(2,531,10000,0,2,4),(2,532,10000,0,2,4),(2,533,10000,0,2,4),(2,534,10000,0,2,4),(2,535,10000,0,2,4),(2,536,10000,0,2,4),(2,537,10000,0,2,4),(2,538,10000,0,2,4),(2,539,10000,0,2,4),(2,541,10000,0,2,4),(2,542,10000,0,2,4),(2,543,10000,0,2,4),(2,547,10000,0,2,4),(2,829,10000,0,2,4),(2,833,10000,0,2,4),(2,923,10000,0,2,4),(2,924,10000,0,2,4),(2,929,10000,0,2,4),(2,930,10000,0,2,4),(2,931,10000,0,2,4),(2,932,10000,0,2,4),(2,934,10000,0,2,4),(2,935,10000,0,2,4),(2,502,0,1,2,4),(24,312,0,1,2,2),(24,313,0,1,2,2),(24,314,0,1,2,2),(25,315,0,1,2,2),(25,316,0,1,2,2),(25,317,0,1,2,2),(26,64,0,1,2,2),(26,63,0,1,2,4),(26,503,0,1,2,4),(41,64,0,1,2,2),(41,63,0,1,2,4),(42,931,10000,0,2,4),(42,932,10000,0,2,4),(42,934,10000,0,2,4),(42,935,10000,0,2,4),(42,294,0,1,2,4),(42,301,0,1,2,4),(42,302,0,1,2,4),(42,829,0,1,2,4),(42,833,0,1,2,4),(42,923,0,1,2,4),(42,924,0,1,2,4),(42,929,0,1,2,4),(42,930,0,1,2,4),(48,508,10000,0,2,4),(48,547,10000,0,2,4),(48,507,0,1,2,4),(48,509,0,1,2,4),(48,510,0,1,2,4),(48,511,0,1,2,4),(48,512,0,1,2,4),(48,513,0,1,2,4),(48,514,0,1,2,4),(48,515,0,1,2,4),(48,516,0,1,2,4),(48,517,0,1,2,4),(48,518,0,1,2,4),(48,519,0,1,2,4),(48,520,0,1,2,4),(48,521,0,1,2,4),(48,522,0,1,2,4),(48,523,0,1,2,4),(48,524,0,1,2,4),(48,525,0,1,2,4),(48,526,0,1,2,4),(48,527,0,1,2,4),(48,528,0,1,2,4),(48,529,0,1,2,4),(48,530,0,1,2,4),(48,531,0,1,2,4),(48,532,0,1,2,4),(48,533,0,1,2,4),(48,534,0,1,2,4),(48,535,0,1,2,4),(48,536,0,1,2,4),(48,537,0,1,2,4),(48,538,0,1,2,4),(48,539,0,1,2,4),(48,541,0,1,2,4),(48,542,0,1,2,4),(48,543,0,1,2,4),(88,507,0,1,2,4),(88,508,0,1,2,4),(88,509,0,1,2,4),(88,510,0,1,2,4),(88,511,0,1,2,4),(88,512,0,1,2,4),(88,513,0,1,2,4),(88,516,0,1,2,4),(88,517,0,1,2,4),(88,518,0,1,2,4),(88,519,0,1,2,4),(88,520,0,1,2,4),(88,521,0,1,2,4),(88,522,0,1,2,4),(88,526,0,1,2,4),(88,530,0,1,2,4),(88,534,0,1,2,4),(88,535,0,1,2,4),(88,536,0,1,2,4),(88,537,0,1,2,4),(88,538,0,1,2,4),(88,539,0,1,2,4),(88,541,0,1,2,4),(88,543,0,1,2,4),(90,833,0,1,2,4),(90,934,0,1,2,4),(91,514,0,1,2,4),(91,515,0,1,2,4),(91,523,0,1,2,4),(91,524,0,1,2,4),(91,525,0,1,2,4),(91,527,0,1,2,4),(91,528,0,1,2,4),(91,529,0,1,2,4),(91,531,0,1,2,4),(91,532,0,1,2,4),(91,533,0,1,2,4),(91,542,0,1,2,4),(91,547,0,1,2,4),(95,294,0,1,2,4),(95,301,0,1,2,4),(95,302,0,1,2,4),(95,829,0,1,2,4),(95,923,0,1,2,4),(95,924,0,1,2,4),(95,929,0,1,2,4),(95,930,0,1,2,4),(95,931,0,1,2,4),(95,932,0,1,2,4),(95,935,0,1,2,4),(98,515,0,1,2,4),(98,524,0,1,2,4),(98,528,0,1,2,4),(98,532,0,1,2,4),(99,525,0,1,2,4),(99,529,0,1,2,4),(99,533,0,1,2,4),(100,514,0,1,2,4),(100,523,0,1,2,4),(100,527,0,1,2,4),(100,531,0,1,2,4),(100,542,0,1,2,4);

--
-- Table structure for table `catalog_category_product_index_tmp`
--

CREATE TABLE `catalog_category_product_index_tmp` (
  `category_id` int(10) unsigned NOT NULL DEFAULT '0' COMMENT 'Category ID',
  `product_id` int(10) unsigned NOT NULL DEFAULT '0' COMMENT 'Product ID',
  `position` int(11) NOT NULL DEFAULT '0' COMMENT 'Position',
  `is_parent` smallint(5) unsigned NOT NULL DEFAULT '0' COMMENT 'Is Parent',
  `store_id` smallint(5) unsigned NOT NULL DEFAULT '0' COMMENT 'Store ID',
  `visibility` smallint(5) unsigned NOT NULL COMMENT 'Visibility',
  PRIMARY KEY (`category_id`,`product_id`,`store_id`),
  KEY `CAT_CTGR_PRD_IDX_TMP_PRD_ID_CTGR_ID_STORE_ID` (`product_id`,`category_id`,`store_id`)
) ENGINE=InnoDB DEFAULT CHARSET=utf8 COMMENT='Catalog Category Product Indexer temporary table';

--
-- Dumping data for table `catalog_category_product_index_tmp`
--


--
-- Table structure for table `catalog_compare_item`
--

CREATE TABLE `catalog_compare_item` (
  `catalog_compare_item_id` int(10) unsigned NOT NULL AUTO_INCREMENT COMMENT 'Compare Item ID',
  `visitor_id` int(10) unsigned NOT NULL DEFAULT '0' COMMENT 'Visitor ID',
  `customer_id` int(10) unsigned DEFAULT NULL COMMENT 'Customer ID',
  `product_id` int(10) unsigned NOT NULL DEFAULT '0' COMMENT 'Product ID',
  `store_id` smallint(5) unsigned DEFAULT NULL COMMENT 'Store ID',
  `list_id` int(10) unsigned DEFAULT NULL COMMENT 'List ID',
  PRIMARY KEY (`catalog_compare_item_id`),
  KEY `CATALOG_COMPARE_ITEM_PRODUCT_ID` (`product_id`),
  KEY `CATALOG_COMPARE_ITEM_VISITOR_ID_PRODUCT_ID` (`visitor_id`,`product_id`),
  KEY `CATALOG_COMPARE_ITEM_CUSTOMER_ID_PRODUCT_ID` (`customer_id`,`product_id`),
  KEY `CATALOG_COMPARE_ITEM_STORE_ID` (`store_id`),
  KEY `CATALOG_COMPARE_ITEM_LIST_ID_CATALOG_COMPARE_LIST_LIST_ID` (`list_id`),
  CONSTRAINT `CATALOG_COMPARE_ITEM_CUSTOMER_ID_CUSTOMER_ENTITY_ENTITY_ID` FOREIGN KEY (`customer_id`) REFERENCES `customer_entity` (`entity_id`) ON DELETE CASCADE,
  CONSTRAINT `CATALOG_COMPARE_ITEM_LIST_ID_CATALOG_COMPARE_LIST_LIST_ID` FOREIGN KEY (`list_id`) REFERENCES `catalog_compare_list` (`list_id`) ON DELETE CASCADE,
  CONSTRAINT `CATALOG_COMPARE_ITEM_PRODUCT_ID_CATALOG_PRODUCT_ENTITY_ENTITY_ID` FOREIGN KEY (`product_id`) REFERENCES `catalog_product_entity` (`entity_id`) ON DELETE CASCADE,
  CONSTRAINT `CATALOG_COMPARE_ITEM_STORE_ID_STORE_STORE_ID` FOREIGN KEY (`store_id`) REFERENCES `store` (`store_id`) ON DELETE SET NULL
) ENGINE=InnoDB AUTO_INCREMENT=143 DEFAULT CHARSET=utf8 COMMENT='Catalog Compare Table';

--
-- Dumping data for table `catalog_compare_item`
--

INSERT INTO `catalog_compare_item` VALUES (136,9665,NULL,929,1,NULL),(137,9689,NULL,934,1,NULL),(141,9701,NULL,294,1,NULL),(142,9703,NULL,931,1,NULL);

--
-- Table structure for table `catalog_compare_list`
--

CREATE TABLE `catalog_compare_list` (
  `list_id` int(10) unsigned NOT NULL AUTO_INCREMENT COMMENT 'Compare List ID',
  `list_id_mask` varchar(32) DEFAULT NULL COMMENT 'Masked ID',
  `customer_id` int(10) unsigned DEFAULT NULL COMMENT 'Customer ID',
  PRIMARY KEY (`list_id`),
  UNIQUE KEY `CATALOG_COMPARE_LIST_CUSTOMER_ID` (`customer_id`),
  KEY `CATALOG_COMPARE_LIST_LIST_ID_MASK` (`list_id_mask`),
  CONSTRAINT `CATALOG_COMPARE_LIST_CUSTOMER_ID_CUSTOMER_ENTITY_ENTITY_ID` FOREIGN KEY (`customer_id`) REFERENCES `customer_entity` (`entity_id`) ON DELETE CASCADE
) ENGINE=InnoDB DEFAULT CHARSET=utf8 COMMENT='Catalog Compare List with hash Table';

--
-- Dumping data for table `catalog_compare_list`
--


--
-- Table structure for table `catalog_eav_attribute`
--

CREATE TABLE `catalog_eav_attribute` (
  `attribute_id` smallint(5) unsigned NOT NULL COMMENT 'Attribute ID',
  `frontend_input_renderer` varchar(255) DEFAULT NULL COMMENT 'Frontend Input Renderer',
  `is_global` smallint(5) unsigned NOT NULL DEFAULT '1' COMMENT 'Is Global',
  `is_visible` smallint(5) unsigned NOT NULL DEFAULT '1' COMMENT 'Is Visible',
  `is_searchable` smallint(5) unsigned NOT NULL DEFAULT '0' COMMENT 'Is Searchable',
  `is_filterable` smallint(5) unsigned NOT NULL DEFAULT '0' COMMENT 'Is Filterable',
  `is_comparable` smallint(5) unsigned NOT NULL DEFAULT '0' COMMENT 'Is Comparable',
  `is_visible_on_front` smallint(5) unsigned NOT NULL DEFAULT '0' COMMENT 'Is Visible On Front',
  `is_html_allowed_on_front` smallint(5) unsigned NOT NULL DEFAULT '0' COMMENT 'Is HTML Allowed On Front',
  `is_used_for_price_rules` smallint(5) unsigned NOT NULL DEFAULT '0' COMMENT 'Is Used For Price Rules',
  `is_filterable_in_search` smallint(5) unsigned NOT NULL DEFAULT '0' COMMENT 'Is Filterable In Search',
  `used_in_product_listing` smallint(5) unsigned NOT NULL DEFAULT '0' COMMENT 'Is Used In Product Listing',
  `used_for_sort_by` smallint(5) unsigned NOT NULL DEFAULT '0' COMMENT 'Is Used For Sorting',
  `apply_to` varchar(255) DEFAULT NULL COMMENT 'Apply To',
  `is_visible_in_advanced_search` smallint(5) unsigned NOT NULL DEFAULT '0' COMMENT 'Is Visible In Advanced Search',
  `position` int(11) NOT NULL DEFAULT '0' COMMENT 'Position',
  `is_wysiwyg_enabled` smallint(5) unsigned NOT NULL DEFAULT '0' COMMENT 'Is WYSIWYG Enabled',
  `is_used_for_promo_rules` smallint(5) unsigned NOT NULL DEFAULT '0' COMMENT 'Is Used For Promo Rules',
  `is_required_in_admin_store` smallint(5) unsigned NOT NULL DEFAULT '0' COMMENT 'Is Required In Admin Store',
  `is_used_in_grid` smallint(5) unsigned NOT NULL DEFAULT '0' COMMENT 'Is Used in Grid',
  `is_visible_in_grid` smallint(5) unsigned NOT NULL DEFAULT '0' COMMENT 'Is Visible in Grid',
  `is_filterable_in_grid` smallint(5) unsigned NOT NULL DEFAULT '0' COMMENT 'Is Filterable in Grid',
  `search_weight` float NOT NULL DEFAULT '1' COMMENT 'Search Weight',
  `additional_data` text COMMENT 'Additional swatch attributes data',
  `is_pagebuilder_enabled` tinyint(1) NOT NULL DEFAULT '0' COMMENT 'Is PageBuilder Enabled',
  `filter_style` varchar(255) DEFAULT NULL COMMENT 'Filter Style',
  PRIMARY KEY (`attribute_id`),
  KEY `CATALOG_EAV_ATTRIBUTE_USED_FOR_SORT_BY` (`used_for_sort_by`),
  KEY `CATALOG_EAV_ATTRIBUTE_USED_IN_PRODUCT_LISTING` (`used_in_product_listing`),
  CONSTRAINT `CATALOG_EAV_ATTRIBUTE_ATTRIBUTE_ID_EAV_ATTRIBUTE_ATTRIBUTE_ID` FOREIGN KEY (`attribute_id`) REFERENCES `eav_attribute` (`attribute_id`) ON DELETE CASCADE
) ENGINE=InnoDB DEFAULT CHARSET=utf8 COMMENT='Catalog EAV Attribute Table';

--
-- Dumping data for table `catalog_eav_attribute`
--

INSERT INTO `catalog_eav_attribute` VALUES (45,NULL,0,1,0,0,0,0,0,0,0,0,0,NULL,0,0,0,0,0,0,0,0,1,NULL,0,NULL),(46,NULL,0,1,0,0,0,0,0,0,0,0,0,NULL,0,0,0,0,0,0,0,0,1,NULL,0,NULL),(47,NULL,0,1,0,0,0,0,1,0,0,0,0,NULL,0,0,1,0,0,0,0,0,1,NULL,0,NULL),(48,NULL,0,1,0,0,0,0,0,0,0,0,0,NULL,0,0,0,0,0,0,0,0,1,NULL,0,NULL),(49,NULL,0,1,0,0,0,0,0,0,0,0,0,NULL,0,0,0,0,0,0,0,0,1,NULL,0,NULL),(50,NULL,0,1,0,0,0,0,0,0,0,0,0,NULL,0,0,0,0,0,0,0,0,1,NULL,0,NULL),(51,NULL,0,1,0,0,0,0,0,0,0,0,0,NULL,0,0,0,0,0,0,0,0,1,NULL,0,NULL),(52,NULL,0,1,0,0,0,0,0,0,0,0,0,NULL,0,0,0,0,0,0,0,0,1,NULL,0,NULL),(53,NULL,0,1,0,0,0,0,0,0,0,0,0,NULL,0,0,0,0,0,0,0,0,1,NULL,0,NULL),(54,NULL,1,1,0,0,0,0,0,0,0,0,0,NULL,0,0,0,0,0,0,0,0,1,NULL,0,NULL),(55,NULL,1,0,0,0,0,0,0,0,0,0,0,NULL,0,0,0,0,0,0,0,0,1,NULL,0,NULL),(57,NULL,1,0,0,0,0,0,0,0,0,0,0,NULL,0,0,0,0,0,0,0,0,1,NULL,0,NULL),(58,NULL,1,0,0,0,0,0,0,0,0,0,0,NULL,0,0,0,0,0,0,0,0,1,NULL,0,NULL),(59,NULL,1,0,0,0,0,0,0,0,0,0,0,NULL,0,0,0,0,0,0,0,0,1,NULL,0,NULL),(60,NULL,0,1,0,0,0,0,0,0,0,0,0,NULL,0,0,0,0,0,0,0,0,1,NULL,0,NULL),(61,NULL,0,1,0,0,0,0,0,0,0,0,0,NULL,0,0,0,0,0,0,0,0,1,NULL,0,NULL),(62,NULL,0,1,0,0,0,0,0,0,0,0,0,NULL,0,0,0,0,0,0,0,0,1,NULL,0,NULL),(63,NULL,0,1,0,0,0,0,0,0,0,0,0,NULL,0,0,0,0,0,0,0,0,1,NULL,0,NULL),(64,NULL,0,0,0,0,0,0,0,0,0,0,0,NULL,0,0,0,0,0,0,0,0,1,NULL,0,NULL),(65,NULL,1,0,0,0,0,0,0,0,0,0,0,NULL,0,0,0,0,0,0,0,0,1,NULL,0,NULL),(66,NULL,1,0,0,0,0,0,0,0,0,0,0,NULL,0,0,0,0,0,0,0,0,1,NULL,0,NULL),(67,'Magento\\Catalog\\Block\\Adminhtml\\Category\\Helper\\Sortby\\Available',0,1,0,0,0,0,0,0,0,0,0,NULL,0,0,0,0,0,0,0,0,1,NULL,0,NULL),(68,'Magento\\Catalog\\Block\\Adminhtml\\Category\\Helper\\Sortby\\DefaultSortby',0,1,0,0,0,0,0,0,0,0,0,NULL,0,0,0,0,0,0,0,0,1,NULL,0,NULL),(69,NULL,0,1,0,0,0,0,0,0,0,0,0,NULL,0,0,0,0,0,0,0,0,1,NULL,0,NULL),(70,NULL,0,1,0,0,0,0,0,0,0,0,0,NULL,0,0,0,0,0,0,0,0,1,NULL,0,NULL),(71,NULL,0,1,0,0,0,0,0,0,0,0,0,NULL,0,0,0,0,0,0,0,0,1,NULL,0,NULL),(72,'Magento\\Catalog\\Block\\Adminhtml\\Category\\Helper\\Pricestep',0,1,0,0,0,0,0,0,0,0,0,NULL,0,0,0,0,0,0,0,0,1,NULL,0,NULL),(73,NULL,0,1,1,0,0,0,0,0,0,1,0,NULL,0,0,0,0,0,0,0,0,10,NULL,0,NULL),(74,NULL,1,1,1,0,1,1,0,0,0,1,0,NULL,1,0,0,1,0,0,0,0,6,NULL,0,NULL),(75,NULL,0,1,0,0,1,0,1,0,0,0,0,NULL,0,0,1,0,0,0,0,0,1,NULL,1,NULL),(76,NULL,0,1,0,0,1,0,1,0,0,1,0,NULL,0,0,1,0,0,1,0,0,1,NULL,0,NULL),(77,NULL,1,1,0,1,0,0,0,0,0,1,1,'simple,virtual,downloadable,configurable,bundle',0,0,0,0,0,0,0,0,1,NULL,0,NULL),(78,NULL,1,1,0,0,0,0,0,0,0,1,0,'simple,virtual,downloadable,configurable,bundle',0,0,0,0,0,1,0,1,1,NULL,0,NULL),(79,NULL,2,1,0,0,0,0,0,0,0,1,0,'simple,virtual,downloadable,configurable,bundle',0,0,0,0,0,1,0,0,1,NULL,0,NULL),(80,NULL,2,1,0,0,0,0,0,0,0,1,0,'simple,virtual,downloadable,configurable,bundle',0,0,0,0,0,1,0,0,1,NULL,0,NULL),(81,NULL,1,1,0,0,0,0,0,0,0,0,0,'simple,virtual,downloadable',0,0,0,0,0,1,0,1,1,NULL,0,NULL),(82,'Magento\\Catalog\\Block\\Adminhtml\\Product\\Helper\\Form\\Weight',1,1,0,0,0,0,0,0,0,0,0,'simple,virtual,downloadable,configurable,bundle',0,0,0,0,0,1,0,1,1,NULL,0,NULL),(83,NULL,1,1,0,1,1,0,0,0,0,0,0,'simple,configurable',0,0,0,0,0,1,0,1,1,NULL,0,NULL),(84,NULL,0,1,0,0,0,0,0,0,0,0,0,NULL,0,0,0,0,0,1,0,1,1,NULL,0,NULL),(85,NULL,0,1,0,0,0,0,0,0,0,0,0,NULL,0,0,0,0,0,1,0,1,1,NULL,0,NULL),(86,NULL,0,1,0,0,0,0,0,0,0,0,0,NULL,0,0,0,0,0,1,0,1,1,NULL,0,NULL),(87,NULL,0,1,0,0,0,0,0,0,0,1,0,NULL,0,0,0,0,0,0,0,0,1,NULL,0,NULL),(88,NULL,0,1,0,0,0,0,0,0,0,1,0,NULL,0,0,0,0,0,0,0,0,1,NULL,0,NULL),(89,NULL,0,1,0,0,0,0,0,0,0,1,0,NULL,0,0,0,0,0,0,0,0,1,NULL,0,NULL),(90,NULL,1,1,0,0,0,0,0,0,0,0,0,NULL,0,0,0,0,0,0,0,0,1,NULL,0,NULL),(91,NULL,1,0,0,0,0,0,0,0,0,0,0,NULL,0,0,0,0,0,0,0,0,1,NULL,0,NULL),(92,NULL,2,1,0,0,0,0,0,0,0,0,0,'simple,virtual,downloadable,bundle',0,0,0,0,0,0,0,0,1,NULL,0,NULL),(93,NULL,1,1,0,0,0,0,1,0,0,0,0,'simple,virtual,configurable',0,0,0,1,0,1,0,1,1,'{\"swatch_input_type\":\"visual\",\"update_product_preview_image\":\"1\",\"use_product_image_for_swatch\":\"0\"}',0,NULL),(94,NULL,2,1,0,0,0,0,0,0,0,1,0,NULL,0,0,0,0,0,1,0,0,1,NULL,0,NULL),(95,NULL,2,1,0,0,0,0,0,0,0,1,0,NULL,0,0,0,0,0,1,0,0,1,NULL,0,NULL),(96,NULL,1,1,0,0,0,0,0,0,0,0,0,NULL,0,0,0,0,0,0,0,0,1,NULL,0,NULL),(97,'Magento\\Framework\\Data\\Form\\Element\\Hidden',2,1,1,0,0,0,0,0,0,1,0,NULL,0,0,0,0,1,0,0,0,1,NULL,0,NULL),(98,NULL,1,0,0,0,0,0,0,0,0,0,0,'simple,virtual,downloadable,configurable,bundle',0,0,0,0,0,0,0,0,1,NULL,0,NULL),(99,NULL,0,1,0,0,0,0,0,0,0,0,0,NULL,0,0,0,0,1,0,0,0,1,NULL,0,NULL),(100,NULL,0,1,0,0,0,0,0,0,0,0,0,NULL,0,0,0,0,0,1,0,1,1,NULL,0,NULL),(101,NULL,0,1,0,0,0,0,0,0,0,0,0,NULL,0,0,0,0,0,1,0,0,1,NULL,0,NULL),(102,NULL,0,1,0,0,0,0,0,0,0,0,0,NULL,0,0,0,0,0,1,0,0,1,NULL,0,NULL),(103,NULL,0,0,0,0,0,0,0,0,0,0,0,NULL,0,0,0,0,0,0,0,0,1,NULL,0,NULL),(104,NULL,0,1,0,0,0,0,0,0,0,0,0,NULL,0,0,0,0,0,1,0,0,1,NULL,0,NULL),(105,'Magento\\Catalog\\Block\\Adminhtml\\Product\\Helper\\Form\\Category',1,1,0,0,0,0,0,0,0,0,0,NULL,0,0,0,0,0,0,0,0,1,NULL,0,NULL),(106,NULL,0,1,0,0,0,0,0,0,0,0,0,NULL,0,0,0,0,0,0,0,0,1,NULL,0,NULL),(107,NULL,1,0,0,0,0,0,0,0,0,1,0,NULL,0,0,0,0,0,0,0,0,1,NULL,0,NULL),(108,NULL,1,0,0,0,0,0,0,0,0,0,0,NULL,0,0,0,0,0,0,0,0,1,NULL,0,NULL),(109,NULL,0,0,0,0,0,0,0,0,0,1,0,NULL,0,0,0,0,0,0,0,0,1,NULL,0,NULL),(110,NULL,0,0,0,0,0,0,0,0,0,1,0,NULL,0,0,0,0,0,0,0,0,1,NULL,0,NULL),(111,NULL,0,0,0,0,0,0,0,0,0,1,0,NULL,0,0,0,0,0,0,0,0,1,NULL,0,NULL),(112,NULL,1,0,0,0,0,0,0,0,0,0,0,NULL,0,0,0,0,0,0,0,0,1,NULL,0,NULL),(113,NULL,1,0,0,0,0,0,0,0,0,0,0,NULL,0,0,0,0,0,0,0,0,1,NULL,0,NULL),(114,NULL,2,1,0,0,0,0,0,0,0,0,0,'simple,bundle,configurable,grouped',0,0,0,0,0,1,0,1,1,NULL,0,NULL),(115,'Magento\\CatalogInventory\\Block\\Adminhtml\\Form\\Field\\Stock',1,1,0,0,0,0,0,0,0,0,0,NULL,0,0,0,0,0,0,0,0,1,NULL,0,NULL),(116,NULL,0,1,0,0,0,0,0,0,0,0,0,NULL,0,0,0,0,0,1,0,0,1,NULL,0,NULL),(117,NULL,0,1,0,0,0,0,0,0,0,0,0,NULL,0,0,0,0,0,0,0,0,1,NULL,0,NULL),(118,NULL,0,1,0,0,0,0,0,0,0,0,0,NULL,0,0,0,0,0,0,0,0,1,NULL,0,NULL),(119,NULL,0,1,1,0,0,0,0,0,0,0,0,NULL,0,0,0,0,0,0,0,0,1,NULL,0,NULL),(120,NULL,0,0,0,0,0,0,0,0,0,0,0,NULL,0,0,0,0,0,0,0,0,1,NULL,0,NULL),(121,NULL,0,1,1,0,0,0,0,0,0,1,0,NULL,0,0,0,0,0,1,0,1,1,NULL,0,NULL),(122,NULL,0,0,0,0,0,0,0,0,0,0,0,NULL,0,0,0,0,0,0,0,0,1,NULL,0,NULL),(123,'Magento\\Msrp\\Block\\Adminhtml\\Product\\Helper\\Form\\Type',1,1,0,0,0,0,0,0,0,1,0,'simple,virtual,downloadable,bundle,configurable',0,0,0,0,0,1,0,1,1,NULL,0,NULL),(124,'Magento\\Msrp\\Block\\Adminhtml\\Product\\Helper\\Form\\Type\\Price',2,1,0,0,0,0,0,0,0,1,0,'simple,virtual,downloadable,bundle,configurable',0,0,0,0,0,0,0,0,1,NULL,0,NULL),(125,NULL,1,0,0,0,0,0,0,0,0,1,0,'downloadable',0,0,0,0,0,0,0,0,1,NULL,0,NULL),(126,NULL,0,0,0,0,0,0,0,0,0,0,0,'downloadable',0,0,0,0,0,0,0,0,1,NULL,0,NULL),(127,NULL,0,0,0,0,0,0,0,0,0,0,0,'downloadable',0,0,0,0,0,0,0,0,1,NULL,0,NULL),(128,NULL,1,0,0,0,0,0,0,0,0,1,0,'downloadable',0,0,0,0,0,0,0,0,1,NULL,0,NULL),(129,'Magento\\GiftMessage\\Block\\Adminhtml\\Product\\Helper\\Form\\Config',1,1,0,0,0,0,0,0,0,0,0,NULL,0,0,0,0,0,1,0,0,1,NULL,0,NULL),(130,NULL,1,1,0,0,0,0,0,0,0,1,0,'bundle',0,0,0,0,0,0,0,0,1,NULL,0,NULL),(131,NULL,1,1,0,0,0,0,0,0,0,0,0,'bundle',0,0,0,0,0,0,0,0,1,NULL,0,NULL),(132,NULL,1,1,0,0,0,0,0,0,0,1,0,'bundle',0,0,0,0,0,0,0,0,1,NULL,0,NULL),(133,NULL,1,1,0,0,0,0,0,0,0,1,0,'bundle',0,0,0,0,0,0,0,0,1,NULL,0,NULL),(134,NULL,1,1,0,0,0,0,0,0,0,1,0,'bundle',0,0,0,0,0,0,0,0,1,NULL,0,NULL),(135,NULL,0,1,0,0,0,0,0,0,0,1,0,NULL,0,0,0,0,0,0,0,0,1,NULL,0,NULL),(136,NULL,2,1,0,0,0,0,0,0,0,1,0,'simple,virtual,downloadable,configurable,bundle',0,0,0,0,0,1,0,1,1,NULL,0,NULL),(154,NULL,0,1,0,0,0,0,0,0,0,0,0,NULL,0,0,0,0,0,0,0,0,1,NULL,0,NULL),(155,NULL,0,1,0,0,0,0,0,0,0,0,0,NULL,0,0,0,0,0,0,0,0,1,NULL,0,NULL),(156,NULL,0,1,0,0,0,0,0,0,0,0,0,NULL,0,0,0,0,0,0,0,0,1,NULL,0,NULL),(157,NULL,0,1,0,0,0,0,0,0,0,0,0,NULL,0,0,0,0,0,0,0,0,1,NULL,0,NULL),(158,NULL,0,1,0,0,0,0,0,0,0,0,0,NULL,0,0,0,0,0,0,0,0,1,NULL,0,NULL),(159,NULL,0,1,0,0,0,0,0,0,0,0,0,NULL,0,0,0,0,0,0,0,0,1,NULL,0,NULL),(160,NULL,0,1,0,0,0,0,0,0,0,0,0,NULL,0,0,0,0,0,0,0,0,1,NULL,0,NULL),(161,NULL,0,1,0,0,0,0,0,0,0,0,0,NULL,0,0,0,0,0,0,0,0,1,NULL,0,NULL),(162,NULL,0,1,0,0,0,0,0,0,0,0,0,NULL,0,0,0,0,0,0,0,0,1,NULL,0,NULL),(163,NULL,0,1,0,0,0,0,0,0,0,0,0,NULL,0,0,0,0,0,0,0,0,1,NULL,0,NULL),(164,NULL,0,1,0,0,0,0,0,0,0,0,0,NULL,0,0,0,0,0,0,0,0,1,NULL,0,NULL),(165,NULL,0,1,0,0,0,0,0,0,0,0,0,NULL,0,0,0,0,0,0,0,0,1,NULL,0,NULL),(166,NULL,0,1,0,0,0,0,0,0,0,0,0,NULL,0,0,0,0,0,0,0,0,1,NULL,0,NULL),(167,NULL,0,1,0,0,0,0,0,0,0,0,0,NULL,0,0,0,0,0,0,0,0,1,NULL,0,NULL),(168,NULL,0,1,0,0,0,0,0,0,0,0,0,NULL,0,0,0,0,0,0,0,0,1,NULL,0,NULL),(169,NULL,0,1,0,0,0,0,0,0,0,0,0,NULL,0,0,0,0,0,0,0,0,1,NULL,0,NULL),(170,NULL,0,1,0,0,0,0,0,0,0,0,0,NULL,0,0,0,0,0,0,0,0,1,NULL,0,NULL),(174,NULL,1,1,0,0,0,0,0,0,0,1,0,NULL,0,0,0,0,0,0,0,0,1,NULL,0,NULL),(211,NULL,1,1,1,0,0,1,0,0,1,1,0,'simple,configurable,virtual,downloadable,bundle',1,0,0,0,0,1,0,1,1,NULL,0,NULL),(212,NULL,0,1,1,0,1,0,0,0,0,0,0,NULL,0,0,0,0,0,0,0,0,7,NULL,0,NULL),(213,NULL,1,1,0,0,0,0,1,0,0,0,0,NULL,0,0,1,0,0,0,0,0,1,NULL,0,NULL),(214,NULL,1,1,1,0,0,1,0,0,0,1,0,NULL,0,0,0,0,0,1,0,1,1,NULL,0,NULL),(215,NULL,1,1,0,0,0,1,0,0,1,1,0,NULL,0,0,0,0,0,0,0,1,1,NULL,0,NULL),(216,NULL,0,1,0,0,0,1,0,0,0,0,0,NULL,0,0,0,0,0,0,0,0,1,NULL,0,NULL),(217,NULL,0,1,0,1,0,0,0,0,1,0,0,NULL,0,0,0,0,0,0,0,1,1,NULL,0,NULL),(218,NULL,0,1,0,1,0,1,0,0,1,0,0,NULL,0,0,0,0,0,0,0,1,1,NULL,0,NULL),(219,NULL,1,1,0,1,0,1,0,0,0,0,0,NULL,0,0,0,0,0,0,0,0,1,NULL,0,NULL),(220,NULL,0,1,0,1,0,1,0,0,1,0,0,NULL,0,3,0,0,0,0,0,1,1,NULL,0,NULL),(222,NULL,0,1,0,0,1,1,0,0,0,0,0,NULL,0,0,0,0,0,0,0,0,1,NULL,0,NULL),(223,NULL,0,1,0,0,1,1,0,0,0,0,0,NULL,0,0,0,0,0,0,0,0,1,NULL,0,NULL),(224,NULL,0,1,0,0,1,1,0,0,0,0,0,NULL,0,0,0,0,0,0,0,0,1,NULL,0,NULL),(225,NULL,1,1,0,0,1,1,0,0,0,0,0,NULL,0,0,0,0,0,0,0,0,1,NULL,0,NULL),(226,NULL,1,1,0,0,1,1,0,0,0,0,0,NULL,0,0,0,0,0,0,0,0,1,NULL,0,NULL),(227,NULL,0,1,0,0,1,1,0,0,0,0,0,NULL,0,0,0,0,0,0,0,0,1,NULL,0,NULL),(228,NULL,0,1,0,0,1,1,0,0,0,0,0,NULL,0,0,0,0,0,0,0,0,1,NULL,0,NULL),(229,NULL,0,1,0,0,1,1,0,0,0,0,0,NULL,0,0,0,0,0,0,0,0,1,NULL,0,NULL),(230,NULL,0,1,0,0,1,1,0,0,0,0,0,NULL,0,0,0,0,0,0,0,0,1,NULL,0,NULL),(231,NULL,0,1,0,0,1,1,0,0,0,0,0,NULL,0,0,0,0,0,0,0,0,1,NULL,0,NULL),(232,NULL,0,1,0,0,1,1,0,0,0,0,0,NULL,0,0,0,0,0,0,0,0,1,NULL,0,NULL),(233,NULL,0,1,0,0,1,1,0,0,0,0,0,NULL,0,0,0,0,0,0,0,0,1,NULL,0,NULL),(234,NULL,0,1,0,0,1,1,0,0,0,0,0,NULL,0,0,0,0,0,0,0,0,1,NULL,0,NULL),(235,NULL,0,1,0,0,1,1,0,0,0,0,0,NULL,0,0,0,0,0,0,0,0,1,NULL,0,NULL),(236,NULL,0,1,0,0,1,1,0,0,0,0,0,NULL,0,0,0,0,0,0,0,0,1,NULL,0,NULL),(237,NULL,0,1,0,0,1,1,0,0,0,0,0,NULL,0,0,0,0,0,0,0,0,1,NULL,0,NULL),(238,NULL,0,1,0,0,1,1,0,0,0,0,0,NULL,0,0,0,0,0,0,0,0,1,NULL,0,NULL),(239,NULL,1,1,0,0,1,0,0,0,0,0,0,NULL,0,0,0,0,0,0,0,0,1,NULL,0,NULL),(240,NULL,1,1,0,0,1,1,0,0,0,0,0,NULL,0,0,0,0,0,0,0,0,1,NULL,0,NULL),(241,NULL,1,1,0,0,1,1,0,0,0,0,0,NULL,0,0,0,0,0,0,0,0,1,NULL,0,NULL),(242,NULL,1,1,0,0,0,1,0,0,0,0,0,NULL,0,0,0,0,0,0,0,0,1,NULL,0,NULL),(243,NULL,1,1,0,0,0,1,1,0,0,0,0,NULL,0,0,0,0,0,0,0,0,1,NULL,0,NULL),(244,NULL,1,1,0,0,0,1,1,0,0,0,0,NULL,0,0,0,0,0,0,0,0,1,NULL,0,NULL),(245,NULL,1,1,0,0,0,1,1,0,0,0,0,NULL,0,0,0,0,0,0,0,0,1,NULL,0,NULL),(246,NULL,0,1,0,0,0,1,1,0,0,0,0,NULL,0,0,0,0,0,0,0,0,1,NULL,0,NULL),(247,NULL,1,1,0,0,0,1,1,0,0,0,0,NULL,0,0,0,0,0,0,0,0,1,NULL,0,NULL),(248,NULL,1,1,0,0,0,1,0,0,0,0,0,NULL,0,0,0,0,0,0,0,0,1,NULL,0,NULL),(249,NULL,0,1,0,0,0,1,1,0,0,0,0,NULL,0,0,1,0,0,0,0,0,1,NULL,0,NULL),(250,NULL,0,1,0,0,0,1,1,0,0,0,0,NULL,0,0,1,0,0,0,0,0,1,NULL,0,NULL),(252,NULL,0,1,0,0,0,1,1,0,0,0,0,NULL,0,0,0,0,0,0,0,0,1,NULL,0,NULL),(253,NULL,1,1,0,0,0,1,1,0,0,0,0,NULL,0,0,0,0,0,0,0,0,1,NULL,0,NULL),(254,NULL,0,1,0,0,0,1,1,0,0,0,0,NULL,0,0,0,0,0,0,0,0,1,NULL,0,NULL),(255,NULL,0,1,0,0,0,1,1,0,0,0,0,NULL,0,0,0,0,0,0,0,0,1,NULL,0,NULL),(256,NULL,0,1,0,0,0,1,1,0,0,0,0,NULL,0,0,0,0,0,0,0,0,1,NULL,0,NULL),(257,NULL,0,1,0,0,0,1,1,0,0,0,0,NULL,0,0,0,0,0,0,0,0,1,NULL,0,NULL),(258,NULL,1,1,0,0,0,1,1,0,0,0,0,NULL,0,0,0,0,0,0,0,0,1,NULL,0,NULL),(259,NULL,1,1,0,0,0,1,1,0,0,0,0,NULL,0,0,0,0,0,0,0,0,1,NULL,0,NULL),(260,NULL,1,1,0,0,0,1,1,0,0,0,0,NULL,0,0,0,0,0,0,0,0,1,NULL,0,NULL),(261,NULL,1,1,0,0,0,1,1,0,0,0,0,NULL,0,0,0,0,0,0,0,0,1,NULL,0,NULL),(262,NULL,0,1,0,0,0,1,1,0,0,0,0,NULL,0,0,0,0,0,0,0,0,1,NULL,0,NULL),(263,NULL,0,1,0,0,0,1,1,0,0,0,0,NULL,0,0,0,0,0,0,0,0,1,NULL,0,NULL),(264,NULL,1,1,0,0,0,1,1,0,0,0,0,NULL,0,0,0,0,0,0,0,0,1,NULL,0,NULL),(265,NULL,1,1,0,0,0,1,1,0,0,0,0,NULL,0,0,0,0,0,0,0,0,1,NULL,0,NULL),(266,NULL,1,1,0,0,0,1,1,0,0,0,0,NULL,0,0,0,0,0,0,0,0,1,NULL,0,NULL),(267,NULL,1,1,0,0,0,1,1,0,0,0,0,NULL,0,0,0,0,0,0,0,0,1,NULL,0,NULL),(268,NULL,1,1,0,0,0,1,1,0,0,0,0,NULL,0,0,0,0,0,0,0,0,1,NULL,0,NULL),(269,NULL,1,1,0,0,0,1,1,0,0,0,0,NULL,0,0,0,0,0,0,0,0,1,NULL,0,NULL),(270,NULL,1,1,0,0,0,1,1,0,0,0,0,NULL,0,0,0,0,0,0,0,0,1,NULL,0,NULL),(271,NULL,1,1,0,0,0,1,1,0,0,0,0,NULL,0,0,0,0,0,0,0,0,1,NULL,0,NULL),(272,NULL,1,1,0,0,0,1,1,0,0,0,0,NULL,0,0,0,0,0,0,0,0,1,NULL,0,NULL),(273,NULL,1,1,0,0,0,1,1,0,0,0,0,NULL,0,0,0,0,0,0,0,0,1,NULL,0,NULL),(274,NULL,1,1,0,0,0,1,1,0,0,0,0,NULL,0,0,0,0,0,0,0,0,1,NULL,0,NULL),(276,NULL,1,1,0,0,0,1,1,0,0,0,0,NULL,0,0,0,0,0,0,0,0,1,NULL,0,NULL),(277,NULL,0,1,0,0,0,1,1,0,0,0,0,NULL,0,0,0,0,0,0,0,0,1,NULL,0,NULL),(278,NULL,1,1,0,0,0,1,1,0,0,0,0,NULL,0,0,0,0,0,0,0,0,1,NULL,0,NULL),(279,NULL,0,1,0,0,0,1,1,0,0,0,0,NULL,0,0,0,0,0,0,0,0,1,NULL,0,NULL),(280,NULL,1,1,0,0,0,1,1,0,0,0,0,NULL,0,0,0,0,0,0,0,0,1,NULL,0,NULL),(281,NULL,1,1,0,0,0,1,1,0,0,0,0,NULL,0,0,0,0,0,0,0,0,1,NULL,0,NULL),(282,NULL,1,1,0,0,0,1,1,0,0,0,0,NULL,0,0,0,0,0,0,0,0,1,NULL,0,NULL),(283,NULL,1,1,0,0,0,1,1,0,0,0,0,NULL,0,0,0,0,0,0,0,0,1,NULL,0,NULL),(284,NULL,0,1,0,0,0,1,1,0,0,0,0,NULL,0,0,0,0,0,0,0,0,1,NULL,0,NULL),(285,NULL,1,1,0,0,0,1,1,0,0,0,0,NULL,0,0,0,0,0,0,0,0,1,NULL,0,NULL),(286,NULL,1,1,0,0,0,1,1,0,0,0,0,NULL,0,0,0,0,0,0,0,0,1,NULL,0,NULL),(287,NULL,1,1,0,0,0,1,1,0,0,0,0,NULL,0,0,0,0,0,0,0,0,1,NULL,0,NULL),(288,NULL,1,1,0,0,0,1,0,0,0,0,0,NULL,0,0,0,0,0,0,0,0,1,NULL,0,NULL),(289,NULL,0,1,0,0,0,1,1,0,0,0,0,NULL,0,0,0,0,0,0,0,0,1,NULL,0,NULL),(290,NULL,1,1,0,0,0,1,1,0,0,0,0,NULL,0,0,0,0,0,0,0,0,1,NULL,0,NULL),(291,NULL,1,1,0,0,0,1,1,0,0,0,0,NULL,0,0,0,0,0,0,0,0,1,NULL,0,NULL),(292,NULL,1,1,0,0,0,0,1,0,0,1,0,NULL,0,0,0,1,0,0,0,0,1,'{\"swatch_input_type\":\"text\",\"update_product_preview_image\":\"1\",\"use_product_image_for_swatch\":0}',0,NULL),(293,NULL,1,1,0,0,0,1,1,0,0,0,0,NULL,0,0,0,0,0,0,0,0,1,NULL,0,NULL),(294,NULL,1,1,0,0,0,1,1,0,0,0,0,NULL,0,0,0,0,0,0,0,0,1,NULL,0,NULL),(295,NULL,0,1,0,0,0,1,1,0,0,0,0,NULL,0,0,0,0,0,0,0,0,1,NULL,0,NULL),(299,NULL,0,1,0,0,0,0,1,0,0,0,0,NULL,0,0,0,0,0,1,1,1,1,NULL,0,NULL),(300,NULL,0,1,0,0,0,0,1,0,0,0,0,NULL,0,0,0,0,0,1,1,1,1,NULL,0,NULL),(301,NULL,1,1,1,0,0,1,0,0,0,0,0,NULL,0,0,0,0,0,0,0,0,1,NULL,0,NULL),(302,NULL,1,1,0,0,0,0,1,0,0,0,0,NULL,0,0,0,0,0,0,0,0,1,NULL,0,NULL),(303,NULL,0,1,0,0,0,1,1,0,0,0,0,NULL,0,0,0,0,0,0,0,0,1,NULL,0,NULL),(304,NULL,0,1,0,0,0,1,1,0,0,0,0,NULL,0,0,0,0,0,0,0,0,1,NULL,0,NULL),(305,NULL,1,1,0,0,0,1,1,0,0,0,0,NULL,0,0,0,0,0,0,0,0,1,NULL,0,NULL),(306,NULL,0,1,0,0,0,1,1,0,0,0,0,NULL,0,0,0,0,0,0,0,0,1,NULL,0,NULL),(307,NULL,1,1,0,0,0,1,1,0,0,0,0,NULL,0,0,0,0,0,0,0,0,1,NULL,0,NULL),(308,NULL,1,1,0,0,0,1,1,0,0,0,0,NULL,0,0,0,0,0,0,0,0,1,NULL,0,NULL),(309,NULL,1,1,0,0,0,1,1,0,0,0,0,NULL,0,0,0,0,0,0,0,0,1,NULL,0,NULL),(312,NULL,1,1,0,0,0,0,1,0,0,1,0,NULL,0,0,0,0,0,1,0,0,1,NULL,0,NULL),(313,NULL,1,1,0,0,0,1,1,0,1,0,0,NULL,0,0,0,0,0,1,1,1,1,NULL,0,NULL),(314,NULL,0,1,0,0,0,0,1,0,0,0,0,NULL,0,0,0,0,0,1,1,1,1,NULL,0,NULL),(315,NULL,0,1,0,0,0,0,1,0,0,0,0,NULL,0,0,0,0,0,1,1,1,1,NULL,0,NULL),(317,NULL,1,1,0,0,0,1,1,0,0,0,0,NULL,0,0,0,0,0,0,1,0,1,NULL,0,NULL),(318,NULL,0,1,0,0,0,1,1,0,0,0,0,NULL,0,0,0,0,0,0,1,0,1,NULL,0,NULL),(319,NULL,0,1,0,0,0,1,1,0,0,0,0,NULL,0,0,0,0,0,0,1,0,1,NULL,0,NULL),(320,NULL,0,1,0,0,0,1,1,0,0,0,0,NULL,0,0,0,0,0,0,1,0,1,NULL,0,NULL),(321,NULL,0,1,0,0,0,1,1,0,0,0,0,NULL,0,0,0,0,0,0,1,0,1,NULL,0,NULL),(322,NULL,0,1,0,0,0,1,1,0,0,0,0,NULL,0,0,0,0,0,0,1,0,1,NULL,0,NULL),(323,NULL,0,1,0,0,0,1,1,0,0,0,0,NULL,0,0,0,0,0,0,1,0,1,NULL,0,NULL),(324,NULL,0,1,0,0,0,0,1,0,0,0,0,NULL,0,0,0,0,0,0,1,0,1,NULL,0,NULL),(325,NULL,0,1,0,0,0,1,1,0,0,0,0,NULL,0,0,0,0,0,0,1,0,1,NULL,0,NULL),(326,NULL,0,1,0,0,0,0,1,0,0,0,0,NULL,0,0,0,1,0,0,1,0,1,NULL,0,NULL),(327,NULL,0,1,0,0,0,1,1,0,0,0,0,NULL,0,0,0,0,0,0,1,0,1,NULL,0,NULL),(328,NULL,0,1,0,0,0,1,1,0,0,0,0,NULL,0,0,0,0,0,0,1,0,1,NULL,0,NULL),(329,NULL,0,1,0,0,0,1,1,0,0,0,0,NULL,0,0,0,0,0,0,1,0,1,NULL,0,NULL),(330,NULL,0,1,0,0,0,1,1,0,0,0,0,NULL,0,0,0,0,0,0,1,0,1,NULL,0,NULL),(331,NULL,0,1,0,0,0,1,1,0,0,0,0,NULL,0,0,0,0,0,0,1,0,1,NULL,0,NULL),(332,NULL,0,1,0,0,0,1,1,0,0,0,0,NULL,0,0,0,0,0,0,1,0,1,NULL,0,NULL),(333,NULL,0,1,0,0,0,1,1,0,0,0,0,NULL,0,0,0,0,0,0,1,0,1,NULL,0,NULL),(334,NULL,0,1,0,0,0,1,1,0,0,0,0,NULL,0,0,0,0,0,0,1,0,1,NULL,0,NULL),(335,NULL,0,1,0,0,0,0,1,0,0,0,0,NULL,0,0,0,0,0,1,1,1,1,NULL,0,NULL),(336,NULL,1,1,1,1,0,0,0,0,1,1,0,NULL,0,2,0,0,0,0,0,1,1,NULL,0,NULL),(337,NULL,0,1,0,0,0,0,1,0,0,0,0,NULL,0,0,0,0,0,1,1,1,1,NULL,0,NULL),(339,NULL,0,1,0,1,0,0,1,0,1,1,0,NULL,0,0,0,0,0,1,1,1,1,NULL,0,NULL),(340,NULL,1,1,0,0,0,0,1,0,0,0,0,NULL,0,0,0,1,0,0,1,0,1,NULL,0,NULL),(341,NULL,0,1,0,0,0,0,1,0,0,1,0,NULL,0,0,0,0,0,1,1,1,1,NULL,0,NULL),(343,NULL,1,1,0,1,1,1,1,0,0,0,0,NULL,0,0,0,1,0,0,0,0,1,NULL,0,NULL),(344,NULL,1,1,0,1,0,1,1,0,0,0,0,NULL,0,0,0,1,0,0,0,0,1,NULL,0,NULL),(345,NULL,1,1,0,1,0,1,1,0,0,0,0,NULL,0,0,0,1,0,0,0,0,1,NULL,0,NULL),(346,NULL,1,1,0,1,0,1,1,0,0,0,0,NULL,0,0,0,1,0,0,0,0,1,NULL,0,NULL),(347,NULL,1,1,0,1,0,1,1,0,0,0,0,NULL,0,0,0,1,0,0,0,0,1,NULL,0,NULL),(348,NULL,1,1,0,1,0,1,1,0,0,0,0,NULL,0,0,0,1,0,0,0,0,1,NULL,0,NULL),(349,NULL,1,1,0,0,0,1,1,0,0,0,0,NULL,0,0,0,1,0,0,0,0,1,NULL,0,NULL),(350,NULL,1,1,0,1,0,0,1,0,0,0,0,NULL,0,0,0,1,0,0,0,0,1,NULL,0,NULL),(351,NULL,1,1,0,1,0,0,1,0,0,0,0,NULL,0,0,0,1,0,0,0,0,1,NULL,0,NULL),(352,NULL,1,1,0,1,0,0,1,0,0,0,0,NULL,0,0,0,1,0,0,0,0,1,NULL,0,NULL),(353,NULL,1,1,0,1,0,0,1,0,0,0,0,NULL,0,0,0,1,0,0,0,0,1,NULL,0,NULL),(354,NULL,1,1,0,1,0,1,1,0,0,0,0,NULL,0,0,0,1,0,0,0,0,1,NULL,0,NULL),(355,NULL,1,1,0,1,0,1,1,0,0,0,0,NULL,0,0,0,1,0,0,0,0,1,NULL,0,NULL),(356,NULL,1,1,0,1,0,1,1,0,0,0,0,NULL,0,0,0,1,0,0,0,0,1,NULL,0,NULL),(357,NULL,1,1,0,1,0,1,1,0,0,0,0,NULL,0,0,0,1,0,0,0,0,1,NULL,0,NULL),(358,NULL,1,1,0,1,0,1,1,0,0,0,0,NULL,0,0,0,1,0,0,0,0,1,NULL,0,NULL),(359,NULL,1,1,0,1,0,1,1,0,0,0,0,NULL,0,0,0,1,0,0,0,0,1,NULL,0,NULL),(360,NULL,1,1,0,1,0,1,1,0,0,0,0,NULL,0,0,0,1,0,0,0,0,1,NULL,0,NULL),(361,NULL,0,1,0,0,0,0,0,0,0,1,0,NULL,0,0,0,0,0,0,0,0,1,NULL,0,NULL),(372,NULL,0,1,0,0,0,1,0,0,0,0,0,NULL,0,0,0,0,0,0,0,0,1,NULL,0,NULL),(373,NULL,0,1,0,0,0,1,0,0,0,0,0,NULL,0,0,0,0,0,0,0,0,1,NULL,0,NULL),(374,NULL,0,1,0,0,0,1,0,0,0,0,0,NULL,0,0,0,0,0,0,0,0,1,NULL,0,NULL),(375,NULL,0,1,0,0,0,1,0,0,0,0,0,NULL,0,0,0,0,0,0,0,0,1,NULL,0,NULL),(376,NULL,0,1,0,0,0,1,1,0,0,0,0,NULL,0,0,0,0,0,0,0,0,1,NULL,0,NULL),(377,NULL,0,1,0,0,0,1,0,0,0,0,0,NULL,0,0,0,0,0,0,0,0,1,NULL,0,NULL),(378,NULL,0,1,0,0,0,1,0,0,0,0,0,NULL,0,0,0,0,0,0,0,0,1,NULL,0,NULL),(379,NULL,0,1,0,0,0,1,0,0,0,0,0,NULL,0,0,0,0,0,0,0,0,1,NULL,0,NULL),(380,NULL,0,1,0,0,0,1,1,0,0,0,0,NULL,0,0,1,0,0,0,0,0,1,NULL,0,NULL),(381,NULL,0,1,0,0,0,1,1,0,0,0,0,NULL,0,0,1,0,0,0,0,0,1,NULL,0,NULL),(382,NULL,0,1,0,0,0,1,1,0,0,0,0,NULL,0,0,1,0,0,0,0,0,1,NULL,0,NULL),(383,NULL,0,1,0,0,0,1,1,0,0,0,0,NULL,0,0,1,0,0,0,0,0,1,NULL,0,NULL),(384,NULL,0,1,0,0,0,1,0,0,0,0,0,NULL,0,0,0,0,0,0,0,0,1,NULL,0,NULL),(385,NULL,0,1,0,0,0,1,0,0,0,0,0,NULL,0,0,0,0,0,0,0,0,1,NULL,0,NULL),(386,NULL,0,1,0,0,0,1,0,0,0,0,0,NULL,0,0,0,0,0,0,0,0,1,NULL,0,NULL),(387,NULL,0,1,0,0,0,1,0,0,0,0,0,NULL,0,0,0,0,0,0,0,0,1,NULL,0,NULL),(388,NULL,1,1,1,0,1,0,0,0,0,0,0,'simple,downloadable,virtual,bundle,configurable',1,0,0,0,0,0,0,0,1,NULL,0,NULL),(389,NULL,1,1,0,0,0,0,0,0,0,0,0,'simple,downloadable,virtual,bundle,configurable',0,0,0,0,0,0,0,0,1,NULL,0,NULL),(390,NULL,0,1,1,0,0,0,1,0,0,0,0,NULL,1,0,0,0,0,1,1,1,1,NULL,0,NULL),(391,NULL,0,1,1,0,0,0,1,0,0,0,0,NULL,1,0,0,0,0,1,1,1,1,NULL,0,NULL),(392,NULL,0,1,1,0,0,0,1,0,0,0,0,NULL,1,0,0,0,0,1,1,1,1,NULL,0,NULL);

--
