-- Table structure for table `sales_order_address`
--

CREATE TABLE `sales_order_address` (
  `entity_id` int(10) unsigned NOT NULL AUTO_INCREMENT COMMENT 'Entity ID',
  `parent_id` int(10) unsigned DEFAULT NULL COMMENT 'Parent ID',
  `customer_address_id` int(11) DEFAULT NULL COMMENT 'Customer Address ID',
  `quote_address_id` int(11) DEFAULT NULL COMMENT 'Quote Address ID',
  `region_id` int(11) DEFAULT NULL COMMENT 'Region ID',
  `customer_id` int(11) DEFAULT NULL COMMENT 'Customer ID',
  `fax` varchar(255) DEFAULT NULL COMMENT 'Fax',
  `region` varchar(255) DEFAULT NULL COMMENT 'Region',
  `postcode` varchar(255) DEFAULT NULL COMMENT 'Postcode',
  `lastname` varchar(255) DEFAULT NULL COMMENT 'Lastname',
  `street` varchar(255) DEFAULT NULL COMMENT 'Street',
  `city` varchar(255) DEFAULT NULL COMMENT 'City',
  `email` varchar(255) DEFAULT NULL COMMENT 'Email',
  `telephone` varchar(255) DEFAULT NULL COMMENT 'Phone Number',
  `country_id` varchar(2) DEFAULT NULL COMMENT 'Country ID',
  `firstname` varchar(255) DEFAULT NULL COMMENT 'Firstname',
  `address_type` varchar(255) DEFAULT NULL COMMENT 'Address Type',
  `prefix` varchar(255) DEFAULT NULL COMMENT 'Prefix',
  `middlename` varchar(255) DEFAULT NULL COMMENT 'Middlename',
  `suffix` varchar(255) DEFAULT NULL COMMENT 'Suffix',
  `company` varchar(255) DEFAULT NULL COMMENT 'Company',
  `vat_id` text COMMENT 'Vat ID',
  `vat_is_valid` smallint(6) DEFAULT NULL COMMENT 'Vat Is Valid',
  `vat_request_id` text COMMENT 'Vat Request ID',
  `vat_request_date` text COMMENT 'Vat Request Date',
  `vat_request_success` smallint(6) DEFAULT NULL COMMENT 'Vat Request Success',
  `vertex_vat_country_code` varchar(255) DEFAULT NULL COMMENT 'Vertex Customer Vat Country',
  `latitude` decimal(10,4) DEFAULT NULL COMMENT 'latitude of address',
  `longitude` decimal(10,4) DEFAULT NULL COMMENT 'longitude of address',
  PRIMARY KEY (`entity_id`),
  KEY `SALES_ORDER_ADDRESS_PARENT_ID` (`parent_id`),
  CONSTRAINT `SALES_ORDER_ADDRESS_PARENT_ID_SALES_ORDER_ENTITY_ID` FOREIGN KEY (`parent_id`) REFERENCES `sales_order` (`entity_id`) ON DELETE CASCADE
) ENGINE=InnoDB AUTO_INCREMENT=80 DEFAULT CHARSET=utf8 COMMENT='Sales Flat Order Address';

--
-- Dumping data for table `sales_order_address`
--

INSERT INTO `sales_order_address` VALUES (1,1,1,6,NULL,NULL,NULL,'Riyadh Province','19970','Amer','Quai','Al-Quwaiyah','m.amer81993@gmail.com','562086624','SA','Mohamed','shipping',NULL,NULL,NULL,NULL,NULL,NULL,NULL,NULL,NULL,NULL,NULL,NULL),(2,1,NULL,7,NULL,NULL,NULL,'Riyadh Province','19970','Amer','Quai','Al-Quwaiyah','m.amer81993@gmail.com','562086624','SA','Mohamed','billing',NULL,NULL,NULL,NULL,NULL,NULL,NULL,NULL,NULL,NULL,NULL,NULL),(3,2,1,9,NULL,NULL,NULL,'Riyadh Province','19970','Amer','Quai','Al-Quwaiyah','m.amer81993@gmail.com','562086624','SA','Mohamed','shipping',NULL,NULL,NULL,NULL,NULL,NULL,NULL,NULL,NULL,NULL,NULL,NULL),(4,2,1,15,NULL,NULL,NULL,'Riyadh Province','19970','Amer','Quai','Al-Quwaiyah','m.amer81993@gmail.com','562086624','SA','Mohamed','billing',NULL,NULL,NULL,NULL,NULL,NULL,NULL,NULL,NULL,NULL,NULL,NULL),(5,3,1,16,NULL,NULL,NULL,'Riyadh Province',NULL,'Amer','Quai','Jeddah','m.amer81993@gmail.com','562086624','SA','Mohamed','billing',NULL,NULL,NULL,NULL,NULL,NULL,NULL,NULL,NULL,NULL,NULL,NULL),(6,4,1,23,NULL,NULL,NULL,'Riyadh Province','19970','Amer','Quai','Al-Quwaiyah','m.amer81993@gmail.com','562086624','SA','Mohamed','shipping',NULL,NULL,NULL,NULL,NULL,NULL,NULL,NULL,NULL,NULL,NULL,NULL),(7,4,1,24,NULL,NULL,NULL,'Riyadh Province','19970','Amer','Quai','Al-Quwaiyah','m.amer81993@gmail.com','562086624','SA','Mohamed','billing',NULL,NULL,NULL,NULL,NULL,NULL,NULL,NULL,NULL,NULL,NULL,NULL),(8,5,1,36,NULL,NULL,NULL,'Riyadh Province','19970','Amer','Quai','Al-Quwaiyah','m.amer81993@gmail.com','562086624','SA','Mohamed','shipping',NULL,NULL,NULL,NULL,NULL,NULL,NULL,NULL,NULL,NULL,NULL,NULL),(9,5,1,37,NULL,NULL,NULL,'Riyadh Province','19970','Amer','Quai','Al-Quwaiyah','m.amer81993@gmail.com','562086624','SA','Mohamed','billing',NULL,NULL,NULL,NULL,NULL,NULL,NULL,NULL,NULL,NULL,NULL,NULL),(10,6,1,36,NULL,NULL,NULL,'Riyadh Province','19970','Amer','Quai','Al-Quwaiyah','m.amer81993@gmail.com','562086624','SA','Mohamed','shipping',NULL,NULL,NULL,NULL,NULL,NULL,NULL,NULL,NULL,NULL,NULL,NULL),(11,6,1,46,NULL,NULL,NULL,'Riyadh Province','19970','Amer','Quai','Al-Quwaiyah','m.amer81993@gmail.com','562086624','SA','Mohamed','billing',NULL,NULL,NULL,NULL,NULL,NULL,NULL,NULL,NULL,NULL,NULL,NULL),(12,7,1,36,NULL,NULL,NULL,'Riyadh Province','19970','Amer','Quai','Al-Quwaiyah','m.amer81993@gmail.com','562086624','SA','Mohamed','shipping',NULL,NULL,NULL,NULL,NULL,NULL,NULL,NULL,NULL,NULL,NULL,NULL),(13,7,1,49,NULL,NULL,NULL,'Riyadh Province','19970','Amer','Quai','Al-Quwaiyah','m.amer81993@gmail.com','562086624','SA','Mohamed','billing',NULL,NULL,NULL,NULL,NULL,NULL,NULL,NULL,NULL,NULL,NULL,NULL),(14,8,1,36,NULL,NULL,NULL,'Riyadh Province','19970','Amer','Quai','Al-Quwaiyah','m.amer81993@gmail.com','562086624','SA','Mohamed','shipping',NULL,NULL,NULL,NULL,NULL,NULL,NULL,NULL,NULL,NULL,NULL,NULL),(15,8,1,52,NULL,NULL,NULL,'Riyadh Province','19970','Amer','Quai','Al-Quwaiyah','m.amer81993@gmail.com','562086624','SA','Mohamed','billing',NULL,NULL,NULL,NULL,NULL,NULL,NULL,NULL,NULL,NULL,NULL,NULL),(16,9,2,19,NULL,NULL,NULL,NULL,NULL,'alduhaim','اتتاتتاات','تنتننت','falduhaim@hoshangroup.com','080808088','SA','fai','shipping',NULL,NULL,NULL,NULL,NULL,NULL,NULL,NULL,NULL,NULL,NULL,NULL),(17,9,NULL,59,NULL,NULL,NULL,NULL,NULL,'alduhaim','اتتاتتاات','تنتننت','falduhaim@hoshangroup.com','080808088','SA','fai','billing',NULL,NULL,NULL,NULL,NULL,NULL,NULL,NULL,NULL,NULL,NULL,NULL),(18,10,4,81,NULL,NULL,NULL,NULL,NULL,'test','aljawhara','Dammam','12test12@mailinator.com','507876277','SA','test','shipping',NULL,NULL,NULL,NULL,NULL,NULL,NULL,NULL,NULL,NULL,NULL,NULL),(19,10,4,90,NULL,NULL,NULL,NULL,NULL,'test','aljawhara','Dammam','12test12@mailinator.com','507876277','SA','test','billing',NULL,NULL,NULL,NULL,NULL,NULL,NULL,NULL,NULL,NULL,NULL,NULL),(20,11,4,81,NULL,NULL,NULL,NULL,NULL,'test','aljawhara','Dammam','12test12@mailinator.com','507876277','SA','test','shipping',NULL,NULL,NULL,NULL,NULL,NULL,NULL,NULL,NULL,NULL,NULL,NULL),(21,11,4,91,NULL,NULL,NULL,NULL,NULL,'test','aljawhara','Dammam','12test12@mailinator.com','507876277','SA','test','billing',NULL,NULL,NULL,NULL,NULL,NULL,NULL,NULL,NULL,NULL,NULL,NULL),(22,12,4,81,NULL,NULL,NULL,NULL,NULL,'test','aljawhara','Dammam','12test12@mailinator.com','507876277','SA','test','shipping',NULL,NULL,NULL,NULL,NULL,NULL,NULL,NULL,NULL,NULL,NULL,NULL),(23,12,4,92,NULL,NULL,NULL,NULL,NULL,'test','aljawhara','Dammam','12test12@mailinator.com','507876277','SA','test','billing',NULL,NULL,NULL,NULL,NULL,NULL,NULL,NULL,NULL,NULL,NULL,NULL),(24,13,4,99,NULL,NULL,NULL,NULL,NULL,'test','aljawhara','Jeddah','12test12@mailinator.com','507876277','SA','test','billing',NULL,NULL,NULL,NULL,NULL,NULL,NULL,NULL,NULL,NULL,NULL,NULL),(25,14,5,106,NULL,NULL,NULL,NULL,NULL,'alika','office 1, 5th Floor, Goldmine Plaza, Ichra Firozpur Road Lahore.','lahore','aftabahmad492@gmail.com','402830033','SA','aftab','shipping',NULL,NULL,NULL,NULL,NULL,NULL,NULL,NULL,NULL,NULL,NULL,NULL),(26,14,NULL,109,NULL,NULL,NULL,NULL,NULL,'alika','office 1, 5th Floor, Goldmine Plaza, Ichra Firozpur Road Lahore.','lahore','aftabahmad492@gmail.com','402830033','SA','aftab','billing',NULL,NULL,NULL,NULL,NULL,NULL,NULL,NULL,NULL,NULL,NULL,NULL),(27,15,5,106,NULL,NULL,NULL,NULL,NULL,'alika','office 1, 5th Floor, Goldmine Plaza, Ichra Firozpur Road Lahore.','lahore','aftabahmad492@gmail.com','402830033','SA','aftab','shipping',NULL,NULL,NULL,NULL,NULL,NULL,NULL,NULL,NULL,NULL,NULL,NULL),(28,15,5,110,NULL,NULL,NULL,NULL,NULL,'alika','office 1, 5th Floor, Goldmine Plaza, Ichra Firozpur Road Lahore.','lahore','aftabahmad492@gmail.com','402830033','SA','aftab','billing',NULL,NULL,NULL,NULL,NULL,NULL,NULL,NULL,NULL,NULL,NULL,NULL),(29,16,5,106,NULL,NULL,NULL,NULL,NULL,'alika','office 1, 5th Floor, Goldmine Plaza, Ichra Firozpur Road Lahore.','lahore','aftabahmad492@gmail.com','402830033','SA','aftab','shipping',NULL,NULL,NULL,NULL,NULL,NULL,NULL,NULL,NULL,NULL,NULL,NULL),(30,16,5,111,NULL,NULL,NULL,NULL,NULL,'alika','office 1, 5th Floor, Goldmine Plaza, Ichra Firozpur Road Lahore.','lahore','aftabahmad492@gmail.com','402830033','SA','aftab','billing',NULL,NULL,NULL,NULL,NULL,NULL,NULL,NULL,NULL,NULL,NULL,NULL),(31,17,5,115,NULL,NULL,NULL,NULL,NULL,'alika','office 1, 5th Floor, Goldmine Plaza, Ichra Firozpur Road Lahore.','lahore','aftabahmad492@gmail.com','402830033','SA','aftab','shipping',NULL,NULL,NULL,NULL,NULL,NULL,NULL,NULL,NULL,NULL,NULL,NULL),(32,17,5,116,NULL,NULL,NULL,NULL,NULL,'alika','office 1, 5th Floor, Goldmine Plaza, Ichra Firozpur Road Lahore.','lahore','aftabahmad492@gmail.com','402830033','SA','aftab','billing',NULL,NULL,NULL,NULL,NULL,NULL,NULL,NULL,NULL,NULL,NULL,NULL),(33,18,5,115,NULL,NULL,NULL,NULL,NULL,'alika','office 1, 5th Floor, Goldmine Plaza, Ichra Firozpur Road Lahore.','lahore','aftabahmad492@gmail.com','402830033','SA','aftab','shipping',NULL,NULL,NULL,NULL,NULL,NULL,NULL,NULL,NULL,NULL,NULL,NULL),(34,18,5,129,NULL,NULL,NULL,NULL,NULL,'alika','office 1, 5th Floor, Goldmine Plaza, Ichra Firozpur Road Lahore.','lahore','aftabahmad492@gmail.com','402830033','SA','aftab','billing',NULL,NULL,NULL,NULL,NULL,NULL,NULL,NULL,NULL,NULL,NULL,NULL),(35,19,4,122,NULL,NULL,NULL,NULL,NULL,'test','aljawhara','Dammam','12test12@mailinator.com','507876277','SA','test','shipping',NULL,NULL,NULL,NULL,NULL,NULL,NULL,NULL,NULL,NULL,NULL,NULL),(36,19,4,138,NULL,NULL,NULL,NULL,NULL,'test','aljawhara','Dammam','12test12@mailinator.com','507876277','SA','test','billing',NULL,NULL,NULL,NULL,NULL,NULL,NULL,NULL,NULL,NULL,NULL,NULL),(37,20,1,36,NULL,NULL,NULL,'Riyadh Province','19970','Amer','Quai','Al-Quwaiyah','m.amer81993@gmail.com','562086624','SA','Mohamed','shipping',NULL,NULL,NULL,NULL,NULL,NULL,NULL,NULL,NULL,NULL,NULL,NULL),(38,20,1,149,NULL,NULL,NULL,'Riyadh Province','19970','Amer','Quai','Al-Quwaiyah','m.amer81993@gmail.com','562086624','SA','Mohamed','billing',NULL,NULL,NULL,NULL,NULL,NULL,NULL,NULL,NULL,NULL,NULL,NULL),(39,21,6,146,NULL,NULL,NULL,NULL,NULL,'shaban','moha','shatq','mohammad.shabaan@gmail.com','900255592','SA','mohamed','shipping',NULL,NULL,NULL,NULL,NULL,NULL,NULL,NULL,NULL,NULL,NULL,NULL),(40,21,NULL,152,NULL,NULL,NULL,NULL,NULL,'shaban','moha','shatq','mohammad.shabaan@gmail.com','900255592','SA','mohamed','billing',NULL,NULL,NULL,NULL,NULL,NULL,NULL,NULL,NULL,NULL,NULL,NULL),(41,22,6,146,NULL,NULL,NULL,NULL,NULL,'shaban','moha','shatq','mohammad.shabaan@gmail.com','900255592','SA','mohamed','shipping',NULL,NULL,NULL,NULL,NULL,NULL,NULL,NULL,NULL,NULL,NULL,NULL),(42,22,6,153,NULL,NULL,NULL,NULL,NULL,'shaban','moha','shatq','mohammad.shabaan@gmail.com','900255592','SA','mohamed','billing',NULL,NULL,NULL,NULL,NULL,NULL,NULL,NULL,NULL,NULL,NULL,NULL),(43,23,6,154,NULL,NULL,NULL,NULL,NULL,'shaban','moha','shatq','mohammad.shabaan@gmail.com','900255592','SA','mohamed','billing',NULL,NULL,NULL,NULL,NULL,NULL,NULL,NULL,NULL,NULL,NULL,NULL),(44,24,6,146,NULL,NULL,NULL,NULL,NULL,'shaban','moha','shatq','mohammad.shabaan@gmail.com','900255592','SA','mohamed','shipping',NULL,NULL,NULL,NULL,NULL,NULL,NULL,NULL,NULL,NULL,NULL,NULL),(45,24,6,155,NULL,NULL,NULL,NULL,NULL,'shaban','moha','shatq','mohammad.shabaan@gmail.com','900255592','SA','mohamed','billing',NULL,NULL,NULL,NULL,NULL,NULL,NULL,NULL,NULL,NULL,NULL,NULL),(46,25,6,146,NULL,NULL,NULL,NULL,NULL,'shaban','moha','shatq','mohammad.shabaan@gmail.com','900255592','SA','mohamed','shipping',NULL,NULL,NULL,NULL,NULL,NULL,NULL,NULL,NULL,NULL,NULL,NULL),(47,25,6,156,NULL,NULL,NULL,NULL,NULL,'shaban','moha','shatq','mohammad.shabaan@gmail.com','900255592','SA','mohamed','billing',NULL,NULL,NULL,NULL,NULL,NULL,NULL,NULL,NULL,NULL,NULL,NULL),(48,26,6,146,NULL,NULL,NULL,NULL,NULL,'shaban','moha','shatq','mohammad.shabaan@gmail.com','900255592','SA','mohamed','shipping',NULL,NULL,NULL,NULL,NULL,NULL,NULL,NULL,NULL,NULL,NULL,NULL),(49,26,6,159,NULL,NULL,NULL,NULL,NULL,'shaban','moha','shatq','mohammad.shabaan@gmail.com','900255592','SA','mohamed','billing',NULL,NULL,NULL,NULL,NULL,NULL,NULL,NULL,NULL,NULL,NULL,NULL),(50,27,6,146,NULL,NULL,NULL,NULL,NULL,'shaban','moha','shatq','mohammad.shabaan@gmail.com','900255592','SA','mohamed','shipping',NULL,NULL,NULL,NULL,NULL,NULL,NULL,NULL,NULL,NULL,NULL,NULL),(51,27,6,160,NULL,NULL,NULL,NULL,NULL,'shaban','moha','shatq','mohammad.shabaan@gmail.com','900255592','SA','mohamed','billing',NULL,NULL,NULL,NULL,NULL,NULL,NULL,NULL,NULL,NULL,NULL,NULL),(52,28,6,146,NULL,NULL,NULL,NULL,NULL,'shaban','moha','shatq','mohammad.shabaan@gmail.com','900255592','SA','mohamed','shipping',NULL,NULL,NULL,NULL,NULL,NULL,NULL,NULL,NULL,NULL,NULL,NULL),(53,28,6,161,NULL,NULL,NULL,NULL,NULL,'shaban','moha','shatq','mohammad.shabaan@gmail.com','900255592','SA','mohamed','billing',NULL,NULL,NULL,NULL,NULL,NULL,NULL,NULL,NULL,NULL,NULL,NULL),(54,29,6,146,NULL,NULL,NULL,NULL,NULL,'shaban','moha','shatq','mohammad.shabaan@gmail.com','900255592','SA','mohamed','shipping',NULL,NULL,NULL,NULL,NULL,NULL,NULL,NULL,NULL,NULL,NULL,NULL),(55,29,6,164,NULL,NULL,NULL,NULL,NULL,'shaban','moha','shatq','mohammad.shabaan@gmail.com','900255592','SA','mohamed','billing',NULL,NULL,NULL,NULL,NULL,NULL,NULL,NULL,NULL,NULL,NULL,NULL),(56,30,6,146,NULL,NULL,NULL,NULL,NULL,'shaban','moha','shatq','mohammad.shabaan@gmail.com','900255592','SA','mohamed','shipping',NULL,NULL,NULL,NULL,NULL,NULL,NULL,NULL,NULL,NULL,NULL,NULL),(57,30,6,165,NULL,NULL,NULL,NULL,NULL,'shaban','moha','shatq','mohammad.shabaan@gmail.com','900255592','SA','mohamed','billing',NULL,NULL,NULL,NULL,NULL,NULL,NULL,NULL,NULL,NULL,NULL,NULL),(58,31,6,146,NULL,NULL,NULL,NULL,NULL,'shaban','moha','shatq','mohammad.shabaan@gmail.com','900255592','SA','mohamed','shipping',NULL,NULL,NULL,NULL,NULL,NULL,NULL,NULL,NULL,NULL,NULL,NULL),(59,31,6,166,NULL,NULL,NULL,NULL,NULL,'shaban','moha','shatq','mohammad.shabaan@gmail.com','900255592','SA','mohamed','billing',NULL,NULL,NULL,NULL,NULL,NULL,NULL,NULL,NULL,NULL,NULL,NULL),(60,32,6,146,NULL,NULL,NULL,NULL,NULL,'shaban','moha','shatq','mohammad.shabaan@gmail.com','900255592','SA','mohamed','shipping',NULL,NULL,NULL,NULL,NULL,NULL,NULL,NULL,NULL,NULL,NULL,NULL),(61,32,6,169,NULL,NULL,NULL,NULL,NULL,'shaban','moha','shatq','mohammad.shabaan@gmail.com','900255592','SA','mohamed','billing',NULL,NULL,NULL,NULL,NULL,NULL,NULL,NULL,NULL,NULL,NULL,NULL),(62,33,6,146,NULL,NULL,NULL,NULL,NULL,'shaban','moha','shatq','mohammad.shabaan@gmail.com','900255592','SA','mohamed','shipping',NULL,NULL,NULL,NULL,NULL,NULL,NULL,NULL,NULL,NULL,NULL,NULL),(63,33,6,170,NULL,NULL,NULL,NULL,NULL,'shaban','moha','shatq','mohammad.shabaan@gmail.com','900255592','SA','mohamed','billing',NULL,NULL,NULL,NULL,NULL,NULL,NULL,NULL,NULL,NULL,NULL,NULL),(64,34,6,146,NULL,NULL,NULL,NULL,NULL,'shaban','moha','shatq','mohammad.shabaan@gmail.com','900255592','SA','mohamed','shipping',NULL,NULL,NULL,NULL,NULL,NULL,NULL,NULL,NULL,NULL,NULL,NULL),(65,34,6,171,NULL,NULL,NULL,NULL,NULL,'shaban','moha','shatq','mohammad.shabaan@gmail.com','900255592','SA','mohamed','billing',NULL,NULL,NULL,NULL,NULL,NULL,NULL,NULL,NULL,NULL,NULL,NULL),(66,35,6,146,NULL,NULL,NULL,NULL,NULL,'shaban','moha','shatq','mohammad.shabaan@gmail.com','900255592','SA','mohamed','shipping',NULL,NULL,NULL,NULL,NULL,NULL,NULL,NULL,NULL,NULL,NULL,NULL),(67,35,6,172,NULL,NULL,NULL,NULL,NULL,'shaban','moha','shatq','mohammad.shabaan@gmail.com','900255592','SA','mohamed','billing',NULL,NULL,NULL,NULL,NULL,NULL,NULL,NULL,NULL,NULL,NULL,NULL),(68,36,6,146,NULL,NULL,NULL,NULL,NULL,'shaban','moha','shatq','mohammad.shabaan@gmail.com','900255592','SA','mohamed','shipping',NULL,NULL,NULL,NULL,NULL,NULL,NULL,NULL,NULL,NULL,NULL,NULL),(69,36,6,173,NULL,NULL,NULL,NULL,NULL,'shaban','moha','shatq','mohammad.shabaan@gmail.com','900255592','SA','mohamed','billing',NULL,NULL,NULL,NULL,NULL,NULL,NULL,NULL,NULL,NULL,NULL,NULL),(70,37,6,146,NULL,NULL,NULL,NULL,NULL,'shaban','moha','shatq','mohammad.shabaan@gmail.com','900255592','SA','mohamed','shipping',NULL,NULL,NULL,NULL,NULL,NULL,NULL,NULL,NULL,NULL,NULL,NULL),(71,37,6,174,NULL,NULL,NULL,NULL,NULL,'shaban','moha','shatq','mohammad.shabaan@gmail.com','900255592','SA','mohamed','billing',NULL,NULL,NULL,NULL,NULL,NULL,NULL,NULL,NULL,NULL,NULL,NULL),(72,38,6,146,NULL,NULL,NULL,NULL,NULL,'shaban','moha','shatq','mohammad.shabaan@gmail.com','900255592','SA','mohamed','shipping',NULL,NULL,NULL,NULL,NULL,NULL,NULL,NULL,NULL,NULL,NULL,NULL),(73,38,6,175,NULL,NULL,NULL,NULL,NULL,'shaban','moha','shatq','mohammad.shabaan@gmail.com','900255592','SA','mohamed','billing',NULL,NULL,NULL,NULL,NULL,NULL,NULL,NULL,NULL,NULL,NULL,NULL),(74,39,6,146,NULL,NULL,NULL,NULL,NULL,'shaban','moha','shatq','mohammad.shabaan@gmail.com','900255592','SA','mohamed','shipping',NULL,NULL,NULL,NULL,NULL,NULL,NULL,NULL,NULL,NULL,NULL,NULL),(75,39,6,176,NULL,NULL,NULL,NULL,NULL,'shaban','moha','shatq','mohammad.shabaan@gmail.com','900255592','SA','mohamed','billing',NULL,NULL,NULL,NULL,NULL,NULL,NULL,NULL,NULL,NULL,NULL,NULL),(76,40,6,146,NULL,NULL,NULL,NULL,NULL,'shaban','moha','shatq','mohammad.shabaan@gmail.com','900255592','SA','mohamed','shipping',NULL,NULL,NULL,NULL,NULL,NULL,NULL,NULL,NULL,NULL,NULL,NULL),(77,40,6,181,NULL,NULL,NULL,NULL,NULL,'shaban','moha','shatq','mohammad.shabaan@gmail.com','900255592','SA','mohamed','billing',NULL,NULL,NULL,NULL,NULL,NULL,NULL,NULL,NULL,NULL,NULL,NULL),(78,41,6,146,NULL,NULL,NULL,NULL,NULL,'shaban','moha','shatq','mohammad.shabaan@gmail.com','900255592','SA','mohamed','shipping',NULL,NULL,NULL,NULL,NULL,NULL,NULL,NULL,NULL,NULL,NULL,NULL),(79,41,6,182,NULL,NULL,NULL,NULL,NULL,'shaban','moha','shatq','mohammad.shabaan@gmail.com','900255592','SA','mohamed','billing',NULL,NULL,NULL,NULL,NULL,NULL,NULL,NULL,NULL,NULL,NULL,NULL);

--
-- Table structure for table `sales_order_aggregated_created`
--

CREATE TABLE `sales_order_aggregated_created` (
  `id` int(10) unsigned NOT NULL AUTO_INCREMENT COMMENT 'ID',
  `period` date DEFAULT NULL COMMENT 'Period',
  `store_id` smallint(5) unsigned DEFAULT NULL COMMENT 'Store ID',
  `order_status` varchar(50) NOT NULL COMMENT 'Order Status',
  `orders_count` int(11) NOT NULL DEFAULT '0' COMMENT 'Orders Count',
  `total_qty_ordered` decimal(12,4) NOT NULL DEFAULT '0.0000' COMMENT 'Total Qty Ordered',
  `total_qty_invoiced` decimal(12,4) NOT NULL DEFAULT '0.0000' COMMENT 'Total Qty Invoiced',
  `total_income_amount` decimal(20,4) NOT NULL DEFAULT '0.0000' COMMENT 'Total Income Amount',
  `total_revenue_amount` decimal(20,4) NOT NULL DEFAULT '0.0000' COMMENT 'Total Revenue Amount',
  `total_profit_amount` decimal(20,4) NOT NULL DEFAULT '0.0000' COMMENT 'Total Profit Amount',
  `total_invoiced_amount` decimal(20,4) NOT NULL DEFAULT '0.0000' COMMENT 'Total Invoiced Amount',
  `total_canceled_amount` decimal(20,4) NOT NULL DEFAULT '0.0000' COMMENT 'Total Canceled Amount',
  `total_paid_amount` decimal(20,4) NOT NULL DEFAULT '0.0000' COMMENT 'Total Paid Amount',
  `total_refunded_amount` decimal(20,4) NOT NULL DEFAULT '0.0000' COMMENT 'Total Refunded Amount',
  `total_tax_amount` decimal(20,4) NOT NULL DEFAULT '0.0000' COMMENT 'Total Tax Amount',
  `total_tax_amount_actual` decimal(20,4) NOT NULL DEFAULT '0.0000' COMMENT 'Total Tax Amount Actual',
  `total_shipping_amount` decimal(20,4) NOT NULL DEFAULT '0.0000' COMMENT 'Total Shipping Amount',
  `total_shipping_amount_actual` decimal(20,4) NOT NULL DEFAULT '0.0000' COMMENT 'Total Shipping Amount Actual',
  `total_discount_amount` decimal(20,4) NOT NULL DEFAULT '0.0000' COMMENT 'Total Discount Amount',
  `total_discount_amount_actual` decimal(20,4) NOT NULL DEFAULT '0.0000' COMMENT 'Total Discount Amount Actual',
  PRIMARY KEY (`id`),
  UNIQUE KEY `SALES_ORDER_AGGREGATED_CREATED_PERIOD_STORE_ID_ORDER_STATUS` (`period`,`store_id`,`order_status`),
  KEY `SALES_ORDER_AGGREGATED_CREATED_STORE_ID` (`store_id`),
  CONSTRAINT `SALES_ORDER_AGGREGATED_CREATED_STORE_ID_STORE_STORE_ID` FOREIGN KEY (`store_id`) REFERENCES `store` (`store_id`) ON DELETE SET NULL
) ENGINE=InnoDB AUTO_INCREMENT=19 DEFAULT CHARSET=utf8 COMMENT='Sales Order Aggregated Created';

--
-- Dumping data for table `sales_order_aggregated_created`
--

INSERT INTO `sales_order_aggregated_created` VALUES (7,'2022-01-06',1,'complete',1,1.0000,1.0000,138.0000,85.0000,85.0000,138.0000,0.0000,138.0000,0.0000,18.0000,18.0000,35.0000,35.0000,0.0000,0.0000),(8,'2022-01-09',1,'complete',1,1.0000,1.0000,373.7500,290.0000,290.0000,373.7500,0.0000,373.7500,0.0000,48.7500,48.7500,35.0000,35.0000,0.0000,0.0000),(9,'2022-01-12',1,'complete',1,1.0000,1.0000,2225.2500,1900.0000,1900.0000,2225.2500,0.0000,2225.2500,0.0000,290.2500,290.2500,35.0000,35.0000,0.0000,0.0000),(10,'2022-06-06',1,'holded',1,1.0000,0.0000,16295.5000,0.0000,0.0000,0.0000,0.0000,0.0000,0.0000,2125.5000,0.0000,70.0000,0.0000,0.0000,0.0000),(11,'2022-08-05',1,'canceled',1,2.0000,0.0000,53716.5000,0.0000,0.0000,0.0000,0.0000,0.0000,0.0000,7006.5000,0.0000,10.0000,0.0000,0.0000,0.0000),(14,'2022-01-06',0,'complete',1,1.0000,1.0000,138.0000,85.0000,85.0000,138.0000,0.0000,138.0000,0.0000,18.0000,18.0000,35.0000,35.0000,0.0000,0.0000),(15,'2022-01-09',0,'complete',1,1.0000,1.0000,373.7500,290.0000,290.0000,373.7500,0.0000,373.7500,0.0000,48.7500,48.7500,35.0000,35.0000,0.0000,0.0000),(16,'2022-01-12',0,'complete',1,1.0000,1.0000,2225.2500,1900.0000,1900.0000,2225.2500,0.0000,2225.2500,0.0000,290.2500,290.2500,35.0000,35.0000,0.0000,0.0000),(17,'2022-06-06',0,'holded',1,1.0000,0.0000,16295.5000,0.0000,0.0000,0.0000,0.0000,0.0000,0.0000,2125.5000,0.0000,70.0000,0.0000,0.0000,0.0000),(18,'2022-08-05',0,'canceled',1,2.0000,0.0000,53716.5000,0.0000,0.0000,0.0000,0.0000,0.0000,0.0000,7006.5000,0.0000,10.0000,0.0000,0.0000,0.0000);

--
-- Table structure for table `sales_order_aggregated_updated`
--

CREATE TABLE `sales_order_aggregated_updated` (
  `id` int(10) unsigned NOT NULL AUTO_INCREMENT COMMENT 'ID',
  `period` date DEFAULT NULL COMMENT 'Period',
  `store_id` smallint(5) unsigned DEFAULT NULL COMMENT 'Store ID',
  `order_status` varchar(50) NOT NULL COMMENT 'Order Status',
  `orders_count` int(11) NOT NULL DEFAULT '0' COMMENT 'Orders Count',
  `total_qty_ordered` decimal(12,4) NOT NULL DEFAULT '0.0000' COMMENT 'Total Qty Ordered',
  `total_qty_invoiced` decimal(12,4) NOT NULL DEFAULT '0.0000' COMMENT 'Total Qty Invoiced',
  `total_income_amount` decimal(20,4) NOT NULL DEFAULT '0.0000' COMMENT 'Total Income Amount',
  `total_revenue_amount` decimal(20,4) NOT NULL DEFAULT '0.0000' COMMENT 'Total Revenue Amount',
  `total_profit_amount` decimal(20,4) NOT NULL DEFAULT '0.0000' COMMENT 'Total Profit Amount',
  `total_invoiced_amount` decimal(20,4) NOT NULL DEFAULT '0.0000' COMMENT 'Total Invoiced Amount',
  `total_canceled_amount` decimal(20,4) NOT NULL DEFAULT '0.0000' COMMENT 'Total Canceled Amount',
  `total_paid_amount` decimal(20,4) NOT NULL DEFAULT '0.0000' COMMENT 'Total Paid Amount',
  `total_refunded_amount` decimal(20,4) NOT NULL DEFAULT '0.0000' COMMENT 'Total Refunded Amount',
  `total_tax_amount` decimal(20,4) NOT NULL DEFAULT '0.0000' COMMENT 'Total Tax Amount',
  `total_tax_amount_actual` decimal(20,4) NOT NULL DEFAULT '0.0000' COMMENT 'Total Tax Amount Actual',
  `total_shipping_amount` decimal(20,4) NOT NULL DEFAULT '0.0000' COMMENT 'Total Shipping Amount',
  `total_shipping_amount_actual` decimal(20,4) NOT NULL DEFAULT '0.0000' COMMENT 'Total Shipping Amount Actual',
  `total_discount_amount` decimal(20,4) NOT NULL DEFAULT '0.0000' COMMENT 'Total Discount Amount',
  `total_discount_amount_actual` decimal(20,4) NOT NULL DEFAULT '0.0000' COMMENT 'Total Discount Amount Actual',
  PRIMARY KEY (`id`),
  UNIQUE KEY `SALES_ORDER_AGGREGATED_UPDATED_PERIOD_STORE_ID_ORDER_STATUS` (`period`,`store_id`,`order_status`),
  KEY `SALES_ORDER_AGGREGATED_UPDATED_STORE_ID` (`store_id`),
  CONSTRAINT `SALES_ORDER_AGGREGATED_UPDATED_STORE_ID_STORE_STORE_ID` FOREIGN KEY (`store_id`) REFERENCES `store` (`store_id`) ON DELETE SET NULL
) ENGINE=InnoDB AUTO_INCREMENT=19 DEFAULT CHARSET=utf8 COMMENT='Sales Order Aggregated Updated';

--
-- Dumping data for table `sales_order_aggregated_updated`
--

INSERT INTO `sales_order_aggregated_updated` VALUES (7,'2022-01-06',1,'complete',1,1.0000,1.0000,138.0000,85.0000,85.0000,138.0000,0.0000,138.0000,0.0000,18.0000,18.0000,35.0000,35.0000,0.0000,0.0000),(8,'2022-01-09',1,'complete',1,1.0000,1.0000,373.7500,290.0000,290.0000,373.7500,0.0000,373.7500,0.0000,48.7500,48.7500,35.0000,35.0000,0.0000,0.0000),(9,'2022-01-12',1,'complete',1,1.0000,1.0000,2225.2500,1900.0000,1900.0000,2225.2500,0.0000,2225.2500,0.0000,290.2500,290.2500,35.0000,35.0000,0.0000,0.0000),(10,'2022-06-23',1,'holded',1,1.0000,0.0000,16295.5000,0.0000,0.0000,0.0000,0.0000,0.0000,0.0000,2125.5000,0.0000,70.0000,0.0000,0.0000,0.0000),(11,'2022-08-05',1,'canceled',1,2.0000,0.0000,53716.5000,0.0000,0.0000,0.0000,0.0000,0.0000,0.0000,7006.5000,0.0000,10.0000,0.0000,0.0000,0.0000),(14,'2022-01-06',0,'complete',1,1.0000,1.0000,138.0000,85.0000,85.0000,138.0000,0.0000,138.0000,0.0000,18.0000,18.0000,35.0000,35.0000,0.0000,0.0000),(15,'2022-01-09',0,'complete',1,1.0000,1.0000,373.7500,290.0000,290.0000,373.7500,0.0000,373.7500,0.0000,48.7500,48.7500,35.0000,35.0000,0.0000,0.0000),(16,'2022-01-12',0,'complete',1,1.0000,1.0000,2225.2500,1900.0000,1900.0000,2225.2500,0.0000,2225.2500,0.0000,290.2500,290.2500,35.0000,35.0000,0.0000,0.0000),(17,'2022-06-23',0,'holded',1,1.0000,0.0000,16295.5000,0.0000,0.0000,0.0000,0.0000,0.0000,0.0000,2125.5000,0.0000,70.0000,0.0000,0.0000,0.0000),(18,'2022-08-05',0,'canceled',1,2.0000,0.0000,53716.5000,0.0000,0.0000,0.0000,0.0000,0.0000,0.0000,7006.5000,0.0000,10.0000,0.0000,0.0000,0.0000);

--
-- Table structure for table `sales_order_grid`
--

CREATE TABLE `sales_order_grid` (
  `entity_id` int(10) unsigned NOT NULL COMMENT 'Entity ID',
  `status` varchar(32) DEFAULT NULL COMMENT 'Status',
  `store_id` smallint(5) unsigned DEFAULT NULL COMMENT 'Store ID',
  `store_name` varchar(255) DEFAULT NULL COMMENT 'Store Name',
  `customer_id` int(10) unsigned DEFAULT NULL COMMENT 'Customer ID',
  `base_grand_total` decimal(20,4) DEFAULT NULL COMMENT 'Base Grand Total',
  `base_total_paid` decimal(20,4) DEFAULT NULL COMMENT 'Base Total Paid',
  `grand_total` decimal(20,4) DEFAULT NULL COMMENT 'Grand Total',
  `total_paid` decimal(20,4) DEFAULT NULL COMMENT 'Total Paid',
  `increment_id` varchar(50) DEFAULT NULL COMMENT 'Increment ID',
  `base_currency_code` varchar(3) DEFAULT NULL COMMENT 'Base Currency Code',
  `order_currency_code` varchar(255) DEFAULT NULL COMMENT 'Order Currency Code',
  `shipping_name` varchar(255) DEFAULT NULL COMMENT 'Shipping Name',
  `billing_name` varchar(255) DEFAULT NULL COMMENT 'Billing Name',
  `created_at` timestamp NULL DEFAULT NULL COMMENT 'Created At',
  `updated_at` timestamp NULL DEFAULT NULL COMMENT 'Updated At',
  `billing_address` varchar(255) DEFAULT NULL COMMENT 'Billing Address',
  `shipping_address` varchar(255) DEFAULT NULL COMMENT 'Shipping Address',
  `shipping_information` varchar(255) DEFAULT NULL COMMENT 'Shipping Method Name',
  `customer_email` varchar(255) DEFAULT NULL COMMENT 'Customer Email',
  `customer_group` varchar(255) DEFAULT NULL COMMENT 'Customer Group',
  `subtotal` decimal(20,4) DEFAULT NULL COMMENT 'Subtotal',
  `shipping_and_handling` decimal(20,4) DEFAULT NULL COMMENT 'Shipping and handling amount',
  `customer_name` varchar(255) DEFAULT NULL COMMENT 'Customer Name',
  `payment_method` varchar(255) DEFAULT NULL COMMENT 'Payment Method',
  `total_refunded` decimal(20,4) DEFAULT NULL COMMENT 'Total Refunded',
  `pickup_location_code` varchar(255) DEFAULT NULL COMMENT 'Pickup Location Code',
  `id_subscription` varchar(255) DEFAULT NULL COMMENT 'subscription id',
  `month_subscription` varchar(255) DEFAULT NULL COMMENT 'subscription month',
  `total_month` varchar(255) DEFAULT NULL COMMENT 'total month',
  `start_date` varchar(255) DEFAULT NULL COMMENT 'start date',
  `end_date` varchar(255) DEFAULT NULL COMMENT 'end date',
  `expire_sub` varchar(255) DEFAULT NULL COMMENT 'end date',
  `end_due` varchar(255) DEFAULT NULL COMMENT 'end due',
  `review_email` varchar(255) DEFAULT NULL COMMENT 'Review Email',
  PRIMARY KEY (`entity_id`),
  UNIQUE KEY `SALES_ORDER_GRID_INCREMENT_ID_STORE_ID` (`increment_id`,`store_id`),
  KEY `SALES_ORDER_GRID_STATUS` (`status`),
  KEY `SALES_ORDER_GRID_STORE_ID` (`store_id`),
  KEY `SALES_ORDER_GRID_BASE_GRAND_TOTAL` (`base_grand_total`),
  KEY `SALES_ORDER_GRID_BASE_TOTAL_PAID` (`base_total_paid`),
  KEY `SALES_ORDER_GRID_GRAND_TOTAL` (`grand_total`),
  KEY `SALES_ORDER_GRID_TOTAL_PAID` (`total_paid`),
  KEY `SALES_ORDER_GRID_SHIPPING_NAME` (`shipping_name`),
  KEY `SALES_ORDER_GRID_BILLING_NAME` (`billing_name`),
  KEY `SALES_ORDER_GRID_CREATED_AT` (`created_at`),
  KEY `SALES_ORDER_GRID_CUSTOMER_ID` (`customer_id`),
  KEY `SALES_ORDER_GRID_UPDATED_AT` (`updated_at`),
  KEY `SALES_ORDER_GRID_PICKUP_LOCATION_CODE` (`pickup_location_code`),
  FULLTEXT KEY `FTI_65B9E9925EC58F0C7C2E2F6379C233E7` (`increment_id`,`billing_name`,`shipping_name`,`shipping_address`,`billing_address`,`customer_name`,`customer_email`)
) ENGINE=InnoDB DEFAULT CHARSET=utf8 COMMENT='Sales Order';

--
-- Dumping data for table `sales_order_grid`
--

INSERT INTO `sales_order_grid` VALUES (1,'complete',1,'Main Website\nWorx\nEnglish',1,138.0000,138.0000,138.0000,138.0000,'000002476','SAR','SAR','Mohamed Amer','Mohamed Amer','2022-01-06 05:21:41','2022-01-06 06:46:18','Quai,Al-Quwaiyah,Riyadh Province,19970','Quai,Al-Quwaiyah,Riyadh Province,19970','Best Way - Table Rate','m.amer81993@gmail.com','1',85.0000,35.0000,'Mohamed Amer','cashondelivery',NULL,NULL,NULL,NULL,NULL,NULL,NULL,NULL,NULL,NULL),(2,'complete',1,'Main Website\nWorx\nEnglish',1,373.7500,373.7500,373.7500,373.7500,'000002477','SAR','SAR','Mohamed Amer','Mohamed Amer','2022-01-09 11:59:14','2022-01-09 12:17:30','Quai,Al-Quwaiyah,Riyadh Province,19970','Quai,Al-Quwaiyah,Riyadh Province,19970','Best Way - Table Rate','m.amer81993@gmail.com','1',290.0000,35.0000,'Mohamed Amer','cashondelivery',NULL,NULL,NULL,NULL,NULL,NULL,NULL,NULL,NULL,NULL),(3,'pending',1,'Main Website\nWorx\nEnglish',1,57.5000,NULL,57.5000,NULL,'000002478','SAR','SAR','','Mohamed Amer','2022-01-09 12:26:54','2022-01-09 12:26:54','Quai,Jeddah,Riyadh Province','',NULL,'m.amer81993@gmail.com','1',50.0000,0.0000,'Mohamed Amer','cashondelivery',NULL,NULL,NULL,NULL,NULL,NULL,NULL,NULL,NULL,NULL),(4,'complete',1,'Main Website\nWorx\nEnglish',1,2225.2500,2225.2500,2225.2500,2225.2500,'000002479','SAR','SAR','Mohamed Amer','Mohamed Amer','2022-01-12 12:21:14','2022-01-12 12:24:35','Quai,Al-Quwaiyah,Riyadh Province,19970','Quai,Al-Quwaiyah,Riyadh Province,19970','Best Way - Table Rate','m.amer81993@gmail.com','1',1900.0000,35.0000,'Mohamed Amer','HyperPay_Mada',NULL,NULL,NULL,NULL,NULL,NULL,NULL,NULL,NULL,NULL),(5,'pending',2,'Main Website\nWorx\nعربي',1,139.1500,NULL,139.1500,NULL,'2000000059','SAR','SAR','Mohamed Amer','Mohamed Amer','2022-01-19 07:44:08','2022-01-19 07:44:08','Quai,Al-Quwaiyah,Riyadh Province,19970','Quai,Al-Quwaiyah,Riyadh Province,19970','افضل طريقه - معدل الجدول','m.amer81993@gmail.com','1',86.0000,35.0000,'Mohamed Amer','HyperPay_Mada',NULL,NULL,NULL,NULL,NULL,NULL,NULL,NULL,NULL,NULL),(6,'pending',2,'Main Website\nWorx\nعربي',1,139.1500,NULL,139.1500,NULL,'2000000060','SAR','SAR','Mohamed Amer','Mohamed Amer','2022-01-19 07:46:11','2022-01-19 07:46:11','Quai,Al-Quwaiyah,Riyadh Province,19970','Quai,Al-Quwaiyah,Riyadh Province,19970','افضل طريقه - معدل الجدول','m.amer81993@gmail.com','1',86.0000,35.0000,'Mohamed Amer','HyperPay_Mada',NULL,NULL,NULL,NULL,NULL,NULL,NULL,NULL,NULL,NULL),(7,'pending',2,'Main Website\nWorx\nعربي',1,139.1500,NULL,139.1500,NULL,'2000000061','SAR','SAR','Mohamed Amer','Mohamed Amer','2022-01-19 07:47:52','2022-01-19 07:47:52','Quai,Al-Quwaiyah,Riyadh Province,19970','Quai,Al-Quwaiyah,Riyadh Province,19970','افضل طريقه - معدل الجدول','m.amer81993@gmail.com','1',86.0000,35.0000,'Mohamed Amer','HyperPay_Mada',NULL,NULL,NULL,NULL,NULL,NULL,NULL,NULL,NULL,NULL),(8,'onlineprocessing',1,'Main Website\nWorx\nEnglish',1,138.0000,NULL,138.0000,NULL,'000002480','SAR','SAR','Mohamed Amer','Mohamed Amer','2022-01-19 08:36:44','2022-01-19 08:39:06','Quai,Al-Quwaiyah,Riyadh Province,19970','Quai,Al-Quwaiyah,Riyadh Province,19970','Best Way - Table Rate','m.amer81993@gmail.com','1',85.0000,35.0000,'Mohamed Amer','HyperPay_Mada',NULL,NULL,NULL,NULL,NULL,NULL,NULL,NULL,NULL,NULL),(9,'holded',1,'Main Website\nWorx\nEnglish',2,16295.5000,NULL,16295.5000,NULL,'000002481','SAR','SAR','fai alduhaim','fai alduhaim','2022-06-06 07:24:58','2022-06-23 18:29:27','اتتاتتاات,تنتننت','اتتاتتاات,تنتننت','Best Way - Table Rate','falduhaim@hoshangroup.com','1',14100.0000,70.0000,'fai alduhaim','HyperPay_Mada',NULL,NULL,NULL,NULL,NULL,NULL,NULL,NULL,NULL,NULL),(10,'pending',1,'Main Website\nWorx\nEnglish',3,59472.2500,NULL,59472.2500,NULL,'000002482','SAR','SAR','test test','test test','2022-08-03 18:56:56','2022-08-03 18:56:56','aljawhara,Dammam','aljawhara,Dammam','Flat Rate - Fixed','12test12@mailinator.com','1',51700.0000,15.0000,'test test','HyperPay_Mada',NULL,NULL,NULL,NULL,NULL,NULL,NULL,NULL,NULL,NULL),(11,'pending',1,'Main Website\nWorx\nEnglish',3,59472.2500,NULL,59472.2500,NULL,'000002483','SAR','SAR','test test','test test','2022-08-03 18:58:37','2022-08-03 18:58:37','aljawhara,Dammam','aljawhara,Dammam','Flat Rate - Fixed','12test12@mailinator.com','1',51700.0000,15.0000,'test test','HyperPay_Mada',NULL,NULL,NULL,NULL,NULL,NULL,NULL,NULL,NULL,NULL),(12,'pending',1,'Main Website\nWorx\nEnglish',3,59472.2500,NULL,59472.2500,NULL,'000002484','SAR','SAR','test test','test test','2022-08-03 18:59:45','2022-08-03 18:59:45','aljawhara,Dammam','aljawhara,Dammam','Flat Rate - Fixed','12test12@mailinator.com','1',51700.0000,15.0000,'test test','HyperPay_Mada',NULL,NULL,NULL,NULL,NULL,NULL,NULL,NULL,NULL,NULL),(13,'pending',1,'Main Website\nWorx\nEnglish',3,0.0000,NULL,0.0000,NULL,'000002485','SAR','SAR','','test test','2022-08-04 17:59:22','2022-08-04 17:59:23','aljawhara,Jeddah','',NULL,'12test12@mailinator.com','1',0.0000,0.0000,'test test','cashondelivery',NULL,NULL,NULL,NULL,NULL,NULL,NULL,NULL,NULL,NULL),(14,'canceled',1,'Main Website\nWorx\nEnglish',4,53716.5000,NULL,53716.5000,NULL,'000002486','SAR','SAR','aftab alika','aftab alika','2022-08-05 11:44:44','2022-08-05 12:34:50','office 1, 5th Floor, Goldmine Plaza, Ichra Firozpur Road Lahore.,lahore','office 1, 5th Floor, Goldmine Plaza, Ichra Firozpur Road Lahore.,lahore','Flat Rate - Fixed','aftabahmad492@gmail.com','1',46700.0000,10.0000,'aftab alika','HyperPay_Master',NULL,NULL,NULL,NULL,NULL,NULL,NULL,NULL,NULL,NULL),(15,'pending',1,'Main Website\nWorx\nEnglish',4,53716.5000,NULL,53716.5000,NULL,'000002487','SAR','SAR','aftab alika','aftab alika','2022-08-05 11:49:19','2022-08-05 11:49:19','office 1, 5th Floor, Goldmine Plaza, Ichra Firozpur Road Lahore.,lahore','office 1, 5th Floor, Goldmine Plaza, Ichra Firozpur Road Lahore.,lahore','Flat Rate - Fixed','aftabahmad492@gmail.com','1',46700.0000,10.0000,'aftab alika','HyperPay_Master',NULL,NULL,NULL,NULL,NULL,NULL,NULL,NULL,NULL,NULL),(16,'pending',1,'Main Website\nWorx\nEnglish',4,81385.5000,NULL,81385.5000,NULL,'000002488','SAR','SAR','aftab alika','aftab alika','2022-08-05 11:52:11','2022-08-05 11:52:11','office 1, 5th Floor, Goldmine Plaza, Ichra Firozpur Road Lahore.,lahore','office 1, 5th Floor, Goldmine Plaza, Ichra Firozpur Road Lahore.,lahore','Best Way - Table Rate','aftabahmad492@gmail.com','1',70700.0000,70.0000,'aftab alika','HyperPay_Master',NULL,NULL,NULL,NULL,NULL,NULL,NULL,NULL,NULL,NULL),(17,'pending',1,'Main Website\nWorx\nEnglish',4,27605.7500,NULL,27605.7500,NULL,'000002489','SAR','SAR','aftab alika','aftab alika','2022-08-05 12:05:34','2022-08-05 12:05:34','office 1, 5th Floor, Goldmine Plaza, Ichra Firozpur Road Lahore.,lahore','office 1, 5th Floor, Goldmine Plaza, Ichra Firozpur Road Lahore.,lahore','Flat Rate - Fixed','aftabahmad492@gmail.com','1',24000.0000,5.0000,'aftab alika','HyperPay_Master',NULL,NULL,NULL,NULL,NULL,NULL,NULL,NULL,NULL,NULL),(18,'onlineprocessing',1,'Main Website\nWorx\nEnglish',4,34856.5000,NULL,34856.5000,NULL,'000002490','SAR','SAR','aftab alika','aftab alika','2022-08-07 10:00:26','2022-08-07 10:04:55','office 1, 5th Floor, Goldmine Plaza, Ichra Firozpur Road Lahore.,lahore','office 1, 5th Floor, Goldmine Plaza, Ichra Firozpur Road Lahore.,lahore','Flat Rate - Fixed','aftabahmad492@gmail.com','1',30300.0000,10.0000,'aftab alika','HyperPay_Master',NULL,NULL,NULL,NULL,NULL,NULL,NULL,NULL,NULL,NULL),(19,'pending',1,'Main Website\nWorx\nEnglish',3,26775.4500,NULL,26775.4500,NULL,'000002491','SAR','SAR','test test','test test','2022-08-07 13:00:28','2022-08-07 13:00:28','aljawhara,Dammam','aljawhara,Dammam','Flat Rate - Fixed','12test12@mailinator.com','1',23268.0000,15.0000,'test test','HyperPay_Master',NULL,NULL,NULL,NULL,NULL,NULL,NULL,NULL,NULL,NULL),(20,'onlineprocessing',1,'Main Website\nWorx\nEnglish',1,5801.7500,NULL,5801.7500,NULL,'000002492','SAR','SAR','Mohamed Amer','Mohamed Amer','2022-08-23 01:18:20','2022-08-23 01:24:37','Quai,Al-Quwaiyah,Riyadh Province,19970','Quai,Al-Quwaiyah,Riyadh Province,19970','Flat Rate - Fixed','m.amer81993@gmail.com','1',6300.0000,5.0000,'Mohamed Amer','HyperPay_Mada',NULL,NULL,NULL,NULL,NULL,NULL,NULL,NULL,NULL,NULL),(21,'pending',1,'Main Website\nWorx\nEnglish',7,20889.7500,NULL,20889.7500,NULL,'000002493','SAR','SAR','mohamed shaban','mohamed shaban','2022-08-24 13:41:41','2022-08-24 13:41:41','moha,shatq','moha,shatq','Flat Rate - Fixed','mohammad.shabaan@gmail.com','1',22700.0000,5.0000,'mohamed shaban','HyperPay_Mada',NULL,NULL,NULL,NULL,NULL,NULL,NULL,NULL,NULL,NULL),(22,'onlineprocessing',1,'Main Website\nWorx\nEnglish',7,20889.7500,NULL,20889.7500,NULL,'000002494','SAR','SAR','mohamed shaban','mohamed shaban','2022-08-25 12:19:34','2022-08-25 12:20:38','moha,shatq','moha,shatq','Flat Rate - Fixed','mohammad.shabaan@gmail.com','1',22700.0000,5.0000,'mohamed shaban','HyperPay_Mada',NULL,NULL,NULL,NULL,NULL,NULL,NULL,NULL,NULL,NULL),(23,'onlineprocessing',1,'Main Website\nWorx\nEnglish',7,1610.0000,NULL,1610.0000,NULL,'000002495','SAR','SAR','','mohamed shaban','2022-08-25 12:21:47','2022-08-25 12:23:14','moha,shatq','',NULL,'mohammad.shabaan@gmail.com','1',1750.0000,0.0000,'mohamed shaban','HyperPay_Mada',NULL,NULL,'000002495',NULL,NULL,NULL,NULL,NULL,NULL,NULL),(24,'canceled',1,'Main Website\nWorx\nEnglish',7,20889.7500,NULL,20889.7500,NULL,'000002496','SAR','SAR','mohamed shaban','mohamed shaban','2022-08-25 12:27:06','2022-08-25 12:28:33','moha,shatq','moha,shatq','Flat Rate - Fixed','mohammad.shabaan@gmail.com','1',22700.0000,5.0000,'mohamed shaban','HyperPay_Mada',NULL,NULL,NULL,NULL,NULL,NULL,NULL,NULL,NULL,NULL),(25,'onlineprocessing',1,'Main Website\nWorx\nEnglish',7,20889.7500,NULL,20889.7500,NULL,'000002497','SAR','SAR','mohamed shaban','mohamed shaban','2022-08-25 12:31:33','2022-08-25 12:31:57','moha,shatq','moha,shatq','Flat Rate - Fixed','mohammad.shabaan@gmail.com','1',22700.0000,5.0000,'mohamed shaban','HyperPay_Mada',NULL,NULL,NULL,NULL,NULL,NULL,NULL,NULL,NULL,NULL),(26,'pending',1,'Main Website\nWorx\nEnglish',7,20889.7500,NULL,20889.7500,NULL,'000002498','SAR','SAR','mohamed shaban','mohamed shaban','2022-08-29 08:53:44','2022-08-29 08:53:44','moha,shatq','moha,shatq','Flat Rate - Fixed','mohammad.shabaan@gmail.com','1',22700.0000,5.0000,'mohamed shaban','HyperPay_Mada',NULL,NULL,NULL,NULL,NULL,NULL,NULL,NULL,NULL,NULL),(27,'onlineprocessing',1,'Main Website\nWorx\nEnglish',7,20889.7500,NULL,20889.7500,NULL,'000002499','SAR','SAR','mohamed shaban','mohamed shaban','2022-08-29 08:59:44','2022-08-29 09:29:53','moha,shatq','moha,shatq','Flat Rate - Fixed','mohammad.shabaan@gmail.com','1',22700.0000,5.0000,'mohamed shaban','HyperPay_Mada',NULL,NULL,NULL,NULL,NULL,NULL,NULL,NULL,NULL,NULL),(28,'pending',1,'Main Website\nWorx\nEnglish',7,20889.7500,NULL,20889.7500,NULL,'000002500','SAR','SAR','mohamed shaban','mohamed shaban','2022-08-29 08:59:52','2022-08-29 08:59:52','moha,shatq','moha,shatq','Flat Rate - Fixed','mohammad.shabaan@gmail.com','1',22700.0000,5.0000,'mohamed shaban','HyperPay_Mada',NULL,NULL,NULL,NULL,NULL,NULL,NULL,NULL,NULL,NULL),(29,'pending',1,'Main Website\nWorx\nEnglish',7,20889.7500,NULL,20889.7500,NULL,'000002501','SAR','SAR','mohamed shaban','mohamed shaban','2022-08-29 09:03:12','2022-08-29 09:03:12','moha,shatq','moha,shatq','Flat Rate - Fixed','mohammad.shabaan@gmail.com','1',22700.0000,5.0000,'mohamed shaban','HyperPay_Mada',NULL,NULL,NULL,NULL,NULL,NULL,NULL,NULL,NULL,NULL),(30,'pending',1,'Main Website\nWorx\nEnglish',7,20889.7500,NULL,20889.7500,NULL,'000002502','SAR','SAR','mohamed shaban','mohamed shaban','2022-08-29 09:04:59','2022-08-29 09:04:59','moha,shatq','moha,shatq','Flat Rate - Fixed','mohammad.shabaan@gmail.com','1',22700.0000,5.0000,'mohamed shaban','HyperPay_Visa',NULL,NULL,NULL,NULL,NULL,NULL,NULL,NULL,NULL,NULL),(31,'pending',1,'Main Website\nWorx\nEnglish',7,20889.7500,NULL,20889.7500,NULL,'000002503','SAR','SAR','mohamed shaban','mohamed shaban','2022-08-29 09:05:08','2022-08-29 09:05:09','moha,shatq','moha,shatq','Flat Rate - Fixed','mohammad.shabaan@gmail.com','1',22700.0000,5.0000,'mohamed shaban','HyperPay_Visa',NULL,NULL,NULL,NULL,NULL,NULL,NULL,NULL,NULL,NULL),(32,'onlineprocessing',1,'Main Website\nWorx\nEnglish',7,20889.7500,NULL,20889.7500,NULL,'000002504','SAR','SAR','mohamed shaban','mohamed shaban','2022-08-29 09:56:50','2022-08-29 09:57:28','moha,shatq','moha,shatq','Flat Rate - Fixed','mohammad.shabaan@gmail.com','1',22700.0000,5.0000,'mohamed shaban','HyperPay_Mada',NULL,NULL,NULL,NULL,NULL,NULL,NULL,NULL,NULL,NULL),(33,'pending',1,'Main Website\nWorx\nEnglish',7,20889.7500,NULL,20889.7500,NULL,'000002505','SAR','SAR','mohamed shaban','mohamed shaban','2022-08-29 09:56:59','2022-08-29 09:56:59','moha,shatq','moha,shatq','Flat Rate - Fixed','mohammad.shabaan@gmail.com','1',22700.0000,5.0000,'mohamed shaban','HyperPay_Mada',NULL,NULL,NULL,NULL,NULL,NULL,NULL,NULL,NULL,NULL),(34,'onlineprocessing',1,'Main Website\nWorx\nEnglish',7,20889.7500,NULL,20889.7500,NULL,'000002506','SAR','SAR','mohamed shaban','mohamed shaban','2022-08-29 10:00:26','2022-08-29 10:01:34','moha,shatq','moha,shatq','Flat Rate - Fixed','mohammad.shabaan@gmail.com','1',22700.0000,5.0000,'mohamed shaban','HyperPay_Visa',NULL,NULL,NULL,NULL,NULL,NULL,NULL,NULL,NULL,NULL),(35,'pending',1,'Main Website\nWorx\nEnglish',7,20889.7500,NULL,20889.7500,NULL,'000002507','SAR','SAR','mohamed shaban','mohamed shaban','2022-08-29 10:00:35','2022-08-29 10:00:35','moha,shatq','moha,shatq','Flat Rate - Fixed','mohammad.shabaan@gmail.com','1',22700.0000,5.0000,'mohamed shaban','HyperPay_Visa',NULL,NULL,NULL,NULL,NULL,NULL,NULL,NULL,NULL,NULL),(36,'onlineprocessing',1,'Main Website\nWorx\nEnglish',7,20889.7500,NULL,20889.7500,NULL,'000002508','SAR','SAR','mohamed shaban','mohamed shaban','2022-08-29 10:45:16','2022-08-29 10:46:07','moha,shatq','moha,shatq','Flat Rate - Fixed','mohammad.shabaan@gmail.com','1',22700.0000,5.0000,'mohamed shaban','HyperPay_Visa',NULL,NULL,NULL,NULL,NULL,NULL,NULL,NULL,NULL,NULL),(37,'pending',1,'Main Website\nWorx\nEnglish',7,20889.7500,NULL,20889.7500,NULL,'000002509','SAR','SAR','mohamed shaban','mohamed shaban','2022-08-29 10:45:23','2022-08-29 10:45:23','moha,shatq','moha,shatq','Flat Rate - Fixed','mohammad.shabaan@gmail.com','1',22700.0000,5.0000,'mohamed shaban','HyperPay_Visa',NULL,NULL,NULL,NULL,NULL,NULL,NULL,NULL,NULL,NULL),(38,'onlineprocessing',1,'Main Website\nWorx\nEnglish',7,20889.7500,NULL,20889.7500,NULL,'000002510','SAR','SAR','mohamed shaban','mohamed shaban','2022-08-30 10:04:20','2022-08-30 10:05:24','moha,shatq','moha,shatq','Flat Rate - Fixed','mohammad.shabaan@gmail.com','1',22700.0000,5.0000,'mohamed shaban','HyperPay_Mada',NULL,NULL,NULL,NULL,NULL,NULL,NULL,NULL,NULL,NULL),(39,'pending',1,'Main Website\nWorx\nEnglish',7,20889.7500,NULL,20889.7500,NULL,'000002511','SAR','SAR','mohamed shaban','mohamed shaban','2022-08-30 10:04:28','2022-08-30 10:04:28','moha,shatq','moha,shatq','Flat Rate - Fixed','mohammad.shabaan@gmail.com','1',22700.0000,5.0000,'mohamed shaban','HyperPay_Mada',NULL,NULL,NULL,NULL,NULL,NULL,NULL,NULL,NULL,NULL),(40,'onlineprocessing',1,'Main Website\nWorx\nEnglish',7,206.3100,NULL,206.3100,NULL,'000002512','SAR','SAR','mohamed shaban','mohamed shaban','2022-09-05 10:13:25','2022-09-05 10:14:34','moha,shatq','moha,shatq','Flat Rate - Fixed','mohammad.shabaan@gmail.com','1',218.0000,5.0000,'mohamed shaban','HyperPay_Visa',NULL,NULL,NULL,NULL,NULL,NULL,NULL,NULL,NULL,NULL),(41,'onlineprocessing',1,'Main Website\nWorx\nEnglish',7,12977.7500,NULL,12977.7500,NULL,'000002513','SAR','SAR','mohamed shaban','mohamed shaban','2022-09-05 10:15:39','2022-09-05 10:16:06','moha,shatq','moha,shatq','Flat Rate - Fixed','mohammad.shabaan@gmail.com','1',14100.0000,5.0000,'mohamed shaban','HyperPay_Mada',NULL,NULL,NULL,NULL,NULL,NULL,NULL,NULL,NULL,NULL);

--
-- Table structure for table `sales_order_item`
--

CREATE TABLE `sales_order_item` (
  `item_id` int(10) unsigned NOT NULL AUTO_INCREMENT COMMENT 'Item ID',
  `order_id` int(10) unsigned NOT NULL DEFAULT '0' COMMENT 'Order ID',
  `parent_item_id` int(10) unsigned DEFAULT NULL COMMENT 'Parent Item ID',
  `quote_item_id` int(10) unsigned DEFAULT NULL COMMENT 'Quote Item ID',
  `store_id` smallint(5) unsigned DEFAULT NULL COMMENT 'Store ID',
  `created_at` timestamp NOT NULL DEFAULT CURRENT_TIMESTAMP COMMENT 'Created At',
  `updated_at` timestamp NOT NULL DEFAULT CURRENT_TIMESTAMP ON UPDATE CURRENT_TIMESTAMP COMMENT 'Updated At',
  `product_id` int(10) unsigned DEFAULT NULL COMMENT 'Product ID',
  `product_type` varchar(255) DEFAULT NULL COMMENT 'Product Type',
  `product_options` text COMMENT 'Product Options',
  `weight` decimal(12,4) DEFAULT '0.0000' COMMENT 'Weight',
  `is_virtual` smallint(5) unsigned DEFAULT NULL COMMENT 'Is Virtual',
  `sku` varchar(255) DEFAULT NULL COMMENT 'Sku',
  `name` varchar(255) DEFAULT NULL COMMENT 'Name',
  `description` text COMMENT 'Description',
  `applied_rule_ids` text COMMENT 'Applied Rule Ids',
  `additional_data` text COMMENT 'Additional Data',
  `is_qty_decimal` smallint(5) unsigned DEFAULT NULL COMMENT 'Is Qty Decimal',
  `no_discount` smallint(5) unsigned NOT NULL DEFAULT '0' COMMENT 'No Discount',
  `qty_backordered` decimal(12,4) DEFAULT '0.0000' COMMENT 'Qty Backordered',
  `qty_canceled` decimal(12,4) DEFAULT '0.0000' COMMENT 'Qty Canceled',
  `qty_invoiced` decimal(12,4) DEFAULT '0.0000' COMMENT 'Qty Invoiced',
  `qty_ordered` decimal(12,4) DEFAULT '0.0000' COMMENT 'Qty Ordered',
  `qty_refunded` decimal(12,4) DEFAULT '0.0000' COMMENT 'Qty Refunded',
  `qty_shipped` decimal(12,4) DEFAULT '0.0000' COMMENT 'Qty Shipped',
  `base_cost` decimal(12,4) DEFAULT '0.0000' COMMENT 'Base Cost',
  `price` decimal(12,4) NOT NULL DEFAULT '0.0000' COMMENT 'Price',
  `base_price` decimal(12,4) NOT NULL DEFAULT '0.0000' COMMENT 'Base Price',
  `original_price` decimal(12,4) DEFAULT NULL COMMENT 'Original Price',
  `base_original_price` decimal(12,4) DEFAULT NULL COMMENT 'Base Original Price',
  `tax_percent` decimal(12,4) DEFAULT '0.0000' COMMENT 'Tax Percent',
  `tax_amount` decimal(20,4) DEFAULT '0.0000' COMMENT 'Tax Amount',
  `base_tax_amount` decimal(20,4) DEFAULT '0.0000' COMMENT 'Base Tax Amount',
  `tax_invoiced` decimal(20,4) DEFAULT '0.0000' COMMENT 'Tax Invoiced',
  `base_tax_invoiced` decimal(20,4) DEFAULT '0.0000' COMMENT 'Base Tax Invoiced',
  `discount_percent` decimal(12,4) DEFAULT '0.0000' COMMENT 'Discount Percent',
  `discount_amount` decimal(20,4) DEFAULT '0.0000' COMMENT 'Discount Amount',
  `base_discount_amount` decimal(20,4) DEFAULT '0.0000' COMMENT 'Base Discount Amount',
  `discount_invoiced` decimal(20,4) DEFAULT '0.0000' COMMENT 'Discount Invoiced',
  `base_discount_invoiced` decimal(20,4) DEFAULT '0.0000' COMMENT 'Base Discount Invoiced',
  `amount_refunded` decimal(20,4) DEFAULT '0.0000' COMMENT 'Amount Refunded',
  `base_amount_refunded` decimal(20,4) DEFAULT '0.0000' COMMENT 'Base Amount Refunded',
  `row_total` decimal(20,4) NOT NULL DEFAULT '0.0000' COMMENT 'Row Total',
  `base_row_total` decimal(20,4) NOT NULL DEFAULT '0.0000' COMMENT 'Base Row Total',
  `row_invoiced` decimal(20,4) NOT NULL DEFAULT '0.0000' COMMENT 'Row Invoiced',
  `base_row_invoiced` decimal(20,4) NOT NULL DEFAULT '0.0000' COMMENT 'Base Row Invoiced',
  `row_weight` decimal(12,4) DEFAULT '0.0000' COMMENT 'Row Weight',
  `base_tax_before_discount` decimal(20,4) DEFAULT NULL COMMENT 'Base Tax Before Discount',
  `tax_before_discount` decimal(20,4) DEFAULT NULL COMMENT 'Tax Before Discount',
  `ext_order_item_id` varchar(255) DEFAULT NULL COMMENT 'Ext Order Item ID',
  `locked_do_invoice` smallint(5) unsigned DEFAULT NULL COMMENT 'Locked Do Invoice',
  `locked_do_ship` smallint(5) unsigned DEFAULT NULL COMMENT 'Locked Do Ship',
  `price_incl_tax` decimal(20,4) DEFAULT NULL COMMENT 'Price Incl Tax',
  `base_price_incl_tax` decimal(20,4) DEFAULT NULL COMMENT 'Base Price Incl Tax',
  `row_total_incl_tax` decimal(20,4) DEFAULT NULL COMMENT 'Row Total Incl Tax',
  `base_row_total_incl_tax` decimal(20,4) DEFAULT NULL COMMENT 'Base Row Total Incl Tax',
  `discount_tax_compensation_amount` decimal(20,4) DEFAULT NULL COMMENT 'Discount Tax Compensation Amount',
  `base_discount_tax_compensation_amount` decimal(20,4) DEFAULT NULL COMMENT 'Base Discount Tax Compensation Amount',
  `discount_tax_compensation_invoiced` decimal(20,4) DEFAULT NULL COMMENT 'Discount Tax Compensation Invoiced',
  `base_discount_tax_compensation_invoiced` decimal(20,4) DEFAULT NULL COMMENT 'Base Discount Tax Compensation Invoiced',
  `discount_tax_compensation_refunded` decimal(20,4) DEFAULT NULL COMMENT 'Discount Tax Compensation Refunded',
  `base_discount_tax_compensation_refunded` decimal(20,4) DEFAULT NULL COMMENT 'Base Discount Tax Compensation Refunded',
  `tax_canceled` decimal(12,4) DEFAULT NULL COMMENT 'Tax Canceled',
  `discount_tax_compensation_canceled` decimal(20,4) DEFAULT NULL COMMENT 'Discount Tax Compensation Canceled',
  `tax_refunded` decimal(20,4) DEFAULT NULL COMMENT 'Tax Refunded',
  `base_tax_refunded` decimal(20,4) DEFAULT NULL COMMENT 'Base Tax Refunded',
  `discount_refunded` decimal(20,4) DEFAULT NULL COMMENT 'Discount Refunded',
  `base_discount_refunded` decimal(20,4) DEFAULT NULL COMMENT 'Base Discount Refunded',
  `gift_message_id` int(11) DEFAULT NULL COMMENT 'Gift Message ID',
  `gift_message_available` int(11) DEFAULT NULL COMMENT 'Gift Message Available',
  `free_shipping` smallint(5) unsigned NOT NULL DEFAULT '0' COMMENT 'Free Shipping',
  `weee_tax_applied` text COMMENT 'Weee Tax Applied',
  `weee_tax_applied_amount` decimal(12,4) DEFAULT NULL COMMENT 'Weee Tax Applied Amount',
  `weee_tax_applied_row_amount` decimal(12,4) DEFAULT NULL COMMENT 'Weee Tax Applied Row Amount',
  `weee_tax_disposition` decimal(12,4) DEFAULT NULL COMMENT 'Weee Tax Disposition',
  `weee_tax_row_disposition` decimal(12,4) DEFAULT NULL COMMENT 'Weee Tax Row Disposition',
  `base_weee_tax_applied_amount` decimal(12,4) DEFAULT NULL COMMENT 'Base Weee Tax Applied Amount',
  `base_weee_tax_applied_row_amnt` decimal(12,4) DEFAULT NULL COMMENT 'Base Weee Tax Applied Row Amnt',
  `base_weee_tax_disposition` decimal(12,4) DEFAULT NULL COMMENT 'Base Weee Tax Disposition',
  `base_weee_tax_row_disposition` decimal(12,4) DEFAULT NULL COMMENT 'Base Weee Tax Row Disposition',
  PRIMARY KEY (`item_id`),
  KEY `SALES_ORDER_ITEM_ORDER_ID` (`order_id`),
  KEY `SALES_ORDER_ITEM_STORE_ID` (`store_id`),
  CONSTRAINT `SALES_ORDER_ITEM_ORDER_ID_SALES_ORDER_ENTITY_ID` FOREIGN KEY (`order_id`) REFERENCES `sales_order` (`entity_id`) ON DELETE CASCADE,
  CONSTRAINT `SALES_ORDER_ITEM_STORE_ID_STORE_STORE_ID` FOREIGN KEY (`store_id`) REFERENCES `store` (`store_id`) ON DELETE SET NULL
) ENGINE=InnoDB AUTO_INCREMENT=50 DEFAULT CHARSET=utf8 COMMENT='Sales Flat Order Item';

--
-- Dumping data for table `sales_order_item`
--

INSERT INTO `sales_order_item` VALUES (1,1,NULL,3,1,'2022-01-06 05:21:41','2022-01-06 06:46:18',767,'simple','{\"info_buyRequest\":{\"uenc\":\"aHR0cHM6Ly9zdGctcnVoLndvcnguc2EvdG9uZXJzLmh0bWw_cD0z\",\"product\":\"767\",\"qty\":1}}',10.0000,0,'201190168','Sharp MX-B20FT1 Black Toner',NULL,NULL,NULL,0,0,NULL,0.0000,1.0000,1.0000,0.0000,1.0000,NULL,85.0000,85.0000,85.0000,85.0000,15.0000,12.7500,12.7500,12.7500,12.7500,0.0000,0.0000,0.0000,0.0000,0.0000,0.0000,0.0000,85.0000,85.0000,85.0000,85.0000,10.0000,NULL,NULL,NULL,NULL,NULL,97.7500,97.7500,97.7500,97.7500,0.0000,0.0000,0.0000,0.0000,NULL,NULL,NULL,NULL,NULL,NULL,NULL,NULL,NULL,NULL,0,'[]',NULL,NULL,NULL,NULL,NULL,NULL,NULL,NULL),(2,2,NULL,7,1,'2022-01-09 11:59:14','2022-01-09 12:17:29',757,'simple','{\"info_buyRequest\":{\"uenc\":\"aHR0cHM6Ly9zdGctcnVoLndvcnguc2EvdG9uZXJzLmh0bWw_cD00\",\"product\":\"757\",\"qty\":1}}',10.0000,0,'2011900192','Konica Minolta Yellow Toner for MC1600 Series',NULL,NULL,NULL,0,0,NULL,0.0000,1.0000,1.0000,0.0000,1.0000,NULL,290.0000,290.0000,290.0000,290.0000,15.0000,43.5000,43.5000,43.5000,43.5000,0.0000,0.0000,0.0000,0.0000,0.0000,0.0000,0.0000,290.0000,290.0000,290.0000,290.0000,10.0000,NULL,NULL,NULL,NULL,NULL,333.5000,333.5000,333.5000,333.5000,0.0000,0.0000,0.0000,0.0000,NULL,NULL,NULL,NULL,NULL,NULL,NULL,NULL,NULL,NULL,0,'[]',NULL,NULL,NULL,NULL,NULL,NULL,NULL,NULL),(3,3,NULL,8,1,'2022-01-09 12:26:54','2022-01-09 12:26:54',321,'virtual','{\"info_buyRequest\":{\"qty\":1}}',NULL,1,'service-call-type-1','Service Call Type 1',NULL,NULL,NULL,0,0,NULL,0.0000,0.0000,1.0000,0.0000,0.0000,NULL,50.0000,50.0000,50.0000,50.0000,15.0000,7.5000,7.5000,0.0000,0.0000,0.0000,0.0000,0.0000,0.0000,0.0000,0.0000,0.0000,50.0000,50.0000,0.0000,0.0000,0.0000,NULL,NULL,NULL,NULL,NULL,57.5000,57.5000,57.5000,57.5000,0.0000,0.0000,NULL,NULL,NULL,NULL,NULL,NULL,NULL,NULL,NULL,NULL,NULL,NULL,0,NULL,NULL,NULL,NULL,NULL,NULL,NULL,NULL,NULL),(4,4,NULL,10,1,'2022-01-12 12:21:14','2022-01-12 12:24:33',931,'simple','{\"info_buyRequest\":{\"uenc\":\"aHR0cHM6Ly9zdGctcnVoLndvcnguc2EvY29waWVycy1wcmludGVycy5odG1s\",\"product\":\"931\",\"qty\":1}}',10.0000,0,'20109021','44 Prints Per Minute A4 Black Multifunction Printer with Network',NULL,NULL,NULL,0,0,NULL,0.0000,1.0000,1.0000,0.0000,1.0000,NULL,1900.0000,1900.0000,1900.0000,1900.0000,15.0000,285.0000,285.0000,285.0000,285.0000,0.0000,0.0000,0.0000,0.0000,0.0000,0.0000,0.0000,1900.0000,1900.0000,1900.0000,1900.0000,10.0000,NULL,NULL,NULL,NULL,NULL,2185.0000,2185.0000,2185.0000,2185.0000,0.0000,0.0000,0.0000,0.0000,NULL,NULL,NULL,NULL,NULL,NULL,NULL,NULL,NULL,NULL,0,'[]',NULL,NULL,NULL,NULL,NULL,NULL,NULL,NULL),(5,5,NULL,14,2,'2022-01-19 07:44:08','2022-01-19 07:44:08',714,'simple','{\"info_buyRequest\":{\"uenc\":\"aHR0cHM6Ly9zdGctcnVoLndvcnguc2EvdG9uZXJzLmh0bWw_cD0yJnByaWNlPTg1LTIzMA,,\",\"product\":\"714\",\"qty\":1}}',10.0000,0,'2011900149','كونيكا مينولتا TNP-22K حبر أسود',NULL,NULL,NULL,0,0,NULL,0.0000,0.0000,1.0000,0.0000,0.0000,NULL,86.0000,86.0000,86.0000,86.0000,15.0000,12.9000,12.9000,0.0000,0.0000,0.0000,0.0000,0.0000,0.0000,0.0000,0.0000,0.0000,86.0000,86.0000,0.0000,0.0000,10.0000,NULL,NULL,NULL,NULL,NULL,98.9000,98.9000,98.9000,98.9000,0.0000,0.0000,NULL,NULL,NULL,NULL,NULL,NULL,NULL,NULL,NULL,NULL,NULL,NULL,0,NULL,NULL,NULL,NULL,NULL,NULL,NULL,NULL,NULL),(6,6,NULL,14,2,'2022-01-19 07:46:11','2022-01-19 07:46:11',714,'simple','{\"info_buyRequest\":{\"uenc\":\"aHR0cHM6Ly9zdGctcnVoLndvcnguc2EvdG9uZXJzLmh0bWw_cD0yJnByaWNlPTg1LTIzMA,,\",\"product\":\"714\",\"qty\":1}}',10.0000,0,'2011900149','كونيكا مينولتا TNP-22K حبر أسود',NULL,NULL,NULL,0,0,NULL,0.0000,0.0000,1.0000,0.0000,0.0000,NULL,86.0000,86.0000,86.0000,86.0000,15.0000,12.9000,12.9000,0.0000,0.0000,0.0000,0.0000,0.0000,0.0000,0.0000,0.0000,0.0000,86.0000,86.0000,0.0000,0.0000,10.0000,NULL,NULL,NULL,NULL,NULL,98.9000,98.9000,98.9000,98.9000,0.0000,0.0000,NULL,NULL,NULL,NULL,NULL,NULL,NULL,NULL,NULL,NULL,NULL,NULL,0,NULL,NULL,NULL,NULL,NULL,NULL,NULL,NULL,NULL),(7,7,NULL,14,2,'2022-01-19 07:47:52','2022-01-19 07:47:52',714,'simple','{\"info_buyRequest\":{\"uenc\":\"aHR0cHM6Ly9zdGctcnVoLndvcnguc2EvdG9uZXJzLmh0bWw_cD0yJnByaWNlPTg1LTIzMA,,\",\"product\":\"714\",\"qty\":1}}',10.0000,0,'2011900149','كونيكا مينولتا TNP-22K حبر أسود',NULL,NULL,NULL,0,0,NULL,0.0000,0.0000,1.0000,0.0000,0.0000,NULL,86.0000,86.0000,86.0000,86.0000,15.0000,12.9000,12.9000,0.0000,0.0000,0.0000,0.0000,0.0000,0.0000,0.0000,0.0000,0.0000,86.0000,86.0000,0.0000,0.0000,10.0000,NULL,NULL,NULL,NULL,NULL,98.9000,98.9000,98.9000,98.9000,0.0000,0.0000,NULL,NULL,NULL,NULL,NULL,NULL,NULL,NULL,NULL,NULL,NULL,NULL,0,NULL,NULL,NULL,NULL,NULL,NULL,NULL,NULL,NULL),(8,8,NULL,16,1,'2022-01-19 08:36:44','2022-01-19 08:36:44',767,'simple','{\"info_buyRequest\":{\"uenc\":\"aHR0cHM6Ly9zdGctcnVoLndvcnguc2EvdG9uZXJzLmh0bWw_cHJpY2U9ODUtMTE4\",\"product\":\"767\",\"qty\":1}}',10.0000,0,'201190168','Sharp MX-B20FT1 Black Toner',NULL,NULL,NULL,0,0,NULL,0.0000,0.0000,1.0000,0.0000,0.0000,NULL,85.0000,85.0000,85.0000,85.0000,15.0000,12.7500,12.7500,0.0000,0.0000,0.0000,0.0000,0.0000,0.0000,0.0000,0.0000,0.0000,85.0000,85.0000,0.0000,0.0000,10.0000,NULL,NULL,NULL,NULL,NULL,97.7500,97.7500,97.7500,97.7500,0.0000,0.0000,NULL,NULL,NULL,NULL,NULL,NULL,NULL,NULL,NULL,NULL,NULL,NULL,0,NULL,NULL,NULL,NULL,NULL,NULL,NULL,NULL,NULL),(9,9,NULL,20,1,'2022-06-06 07:24:58','2022-06-06 07:24:58',936,'simple','{\"info_buyRequest\":{\"uenc\":\"aHR0cHM6Ly9vZmZpY2V0ZWNoLnNhL2RlZmF1bHQvYml6aHViLWMzMzIwaS1hNC1jb2xvdXItbXVsdGlmdW5jdGlvbi1wcmludGVyLXdpdGgtbmV0d29yay1hbmQtaGlnaC1zdGFuZC5odG1s\",\"product\":\"936\",\"selected_configurable_option\":\"\",\"related_product\":\"\",\"item\":\"936\",\"qty\":\"1\"}}',NULL,0,'2010900156','33 Prints Per Minute A4 Colour Multifunction Printer With Network',NULL,NULL,NULL,0,0,NULL,0.0000,0.0000,1.0000,0.0000,0.0000,NULL,14100.0000,14100.0000,14100.0000,14100.0000,15.0000,2115.0000,2115.0000,0.0000,0.0000,0.0000,0.0000,0.0000,0.0000,0.0000,0.0000,0.0000,14100.0000,14100.0000,0.0000,0.0000,0.0000,NULL,NULL,NULL,NULL,NULL,16215.0000,16215.0000,16215.0000,16215.0000,0.0000,0.0000,NULL,NULL,NULL,NULL,NULL,NULL,NULL,NULL,NULL,NULL,NULL,NULL,0,NULL,NULL,NULL,NULL,NULL,NULL,NULL,NULL,NULL),(10,10,NULL,36,1,'2022-08-03 18:56:56','2022-08-03 18:56:56',930,'simple','{\"info_buyRequest\":{\"uenc\":\"aHR0cHM6Ly9vZmZpY2V0ZWNoLnNhL2RlZmF1bHQvYml6aHViLWMyMjZpLmh0bWw,\",\"product\":\"930\",\"selected_configurable_option\":\"\",\"related_product\":\"\",\"item\":\"930\",\"qty\":\"1\"}}',10.0000,0,'2010900158','22 Prints Per Minute A3 / A4 Colour Multifunction Copier With Network',NULL,NULL,NULL,0,0,NULL,0.0000,0.0000,2.0000,0.0000,0.0000,NULL,22700.0000,22700.0000,22700.0000,22700.0000,15.0000,6810.0000,6810.0000,0.0000,0.0000,0.0000,0.0000,0.0000,0.0000,0.0000,0.0000,0.0000,45400.0000,45400.0000,0.0000,0.0000,20.0000,NULL,NULL,NULL,NULL,NULL,26105.0000,26105.0000,52210.0000,52210.0000,0.0000,0.0000,NULL,NULL,NULL,NULL,NULL,NULL,NULL,NULL,NULL,NULL,NULL,NULL,0,NULL,NULL,NULL,NULL,NULL,NULL,NULL,NULL,NULL),(11,10,NULL,43,1,'2022-08-03 18:56:56','2022-08-03 18:56:56',924,'simple','{\"info_buyRequest\":{\"uenc\":\"aHR0cHM6Ly9vZmZpY2V0ZWNoLnNhL2RlZmF1bHQv\",\"product\":\"924\",\"qty\":1}}',10.0000,0,'2010901131','28 Prints Per Minute A3 / A4 Black Multifunction Copier With Network',NULL,NULL,NULL,0,0,NULL,0.0000,0.0000,1.0000,0.0000,0.0000,NULL,6300.0000,6300.0000,6300.0000,6300.0000,15.0000,945.0000,945.0000,0.0000,0.0000,0.0000,0.0000,0.0000,0.0000,0.0000,0.0000,0.0000,6300.0000,6300.0000,0.0000,0.0000,10.0000,NULL,NULL,NULL,NULL,NULL,7245.0000,7245.0000,7245.0000,7245.0000,0.0000,0.0000,NULL,NULL,NULL,NULL,NULL,NULL,NULL,NULL,NULL,NULL,NULL,NULL,0,NULL,NULL,NULL,NULL,NULL,NULL,NULL,NULL,NULL),(12,11,NULL,36,1,'2022-08-03 18:58:37','2022-08-03 18:58:37',930,'simple','{\"info_buyRequest\":{\"uenc\":\"aHR0cHM6Ly9vZmZpY2V0ZWNoLnNhL2RlZmF1bHQvYml6aHViLWMyMjZpLmh0bWw,\",\"product\":\"930\",\"selected_configurable_option\":\"\",\"related_product\":\"\",\"item\":\"930\",\"qty\":\"1\"}}',10.0000,0,'2010900158','22 Prints Per Minute A3 / A4 Colour Multifunction Copier With Network',NULL,NULL,NULL,0,0,NULL,0.0000,0.0000,2.0000,0.0000,0.0000,NULL,22700.0000,22700.0000,22700.0000,22700.0000,15.0000,6810.0000,6810.0000,0.0000,0.0000,0.0000,0.0000,0.0000,0.0000,0.0000,0.0000,0.0000,45400.0000,45400.0000,0.0000,0.0000,20.0000,NULL,NULL,NULL,NULL,NULL,26105.0000,26105.0000,52210.0000,52210.0000,0.0000,0.0000,NULL,NULL,NULL,NULL,NULL,NULL,NULL,NULL,NULL,NULL,NULL,NULL,0,NULL,NULL,NULL,NULL,NULL,NULL,NULL,NULL,NULL),(13,11,NULL,43,1,'2022-08-03 18:58:37','2022-08-03 18:58:37',924,'simple','{\"info_buyRequest\":{\"uenc\":\"aHR0cHM6Ly9vZmZpY2V0ZWNoLnNhL2RlZmF1bHQv\",\"product\":\"924\",\"qty\":1}}',10.0000,0,'2010901131','28 Prints Per Minute A3 / A4 Black Multifunction Copier With Network',NULL,NULL,NULL,0,0,NULL,0.0000,0.0000,1.0000,0.0000,0.0000,NULL,6300.0000,6300.0000,6300.0000,6300.0000,15.0000,945.0000,945.0000,0.0000,0.0000,0.0000,0.0000,0.0000,0.0000,0.0000,0.0000,0.0000,6300.0000,6300.0000,0.0000,0.0000,10.0000,NULL,NULL,NULL,NULL,NULL,7245.0000,7245.0000,7245.0000,7245.0000,0.0000,0.0000,NULL,NULL,NULL,NULL,NULL,NULL,NULL,NULL,NULL,NULL,NULL,NULL,0,NULL,NULL,NULL,NULL,NULL,NULL,NULL,NULL,NULL),(14,12,NULL,36,1,'2022-08-03 18:59:45','2022-08-03 18:59:45',930,'simple','{\"info_buyRequest\":{\"uenc\":\"aHR0cHM6Ly9vZmZpY2V0ZWNoLnNhL2RlZmF1bHQvYml6aHViLWMyMjZpLmh0bWw,\",\"product\":\"930\",\"selected_configurable_option\":\"\",\"related_product\":\"\",\"item\":\"930\",\"qty\":\"1\"}}',10.0000,0,'2010900158','22 Prints Per Minute A3 / A4 Colour Multifunction Copier With Network',NULL,NULL,NULL,0,0,NULL,0.0000,0.0000,2.0000,0.0000,0.0000,NULL,22700.0000,22700.0000,22700.0000,22700.0000,15.0000,6810.0000,6810.0000,0.0000,0.0000,0.0000,0.0000,0.0000,0.0000,0.0000,0.0000,0.0000,45400.0000,45400.0000,0.0000,0.0000,20.0000,NULL,NULL,NULL,NULL,NULL,26105.0000,26105.0000,52210.0000,52210.0000,0.0000,0.0000,NULL,NULL,NULL,NULL,NULL,NULL,NULL,NULL,NULL,NULL,NULL,NULL,0,NULL,NULL,NULL,NULL,NULL,NULL,NULL,NULL,NULL),(15,12,NULL,43,1,'2022-08-03 18:59:45','2022-08-03 18:59:45',924,'simple','{\"info_buyRequest\":{\"uenc\":\"aHR0cHM6Ly9vZmZpY2V0ZWNoLnNhL2RlZmF1bHQv\",\"product\":\"924\",\"qty\":1}}',10.0000,0,'2010901131','28 Prints Per Minute A3 / A4 Black Multifunction Copier With Network',NULL,NULL,NULL,0,0,NULL,0.0000,0.0000,1.0000,0.0000,0.0000,NULL,6300.0000,6300.0000,6300.0000,6300.0000,15.0000,945.0000,945.0000,0.0000,0.0000,0.0000,0.0000,0.0000,0.0000,0.0000,0.0000,0.0000,6300.0000,6300.0000,0.0000,0.0000,10.0000,NULL,NULL,NULL,NULL,NULL,7245.0000,7245.0000,7245.0000,7245.0000,0.0000,0.0000,NULL,NULL,NULL,NULL,NULL,NULL,NULL,NULL,NULL,NULL,NULL,NULL,0,NULL,NULL,NULL,NULL,NULL,NULL,NULL,NULL,NULL),(16,13,NULL,46,1,'2022-08-04 17:59:22','2022-08-04 17:59:22',322,'virtual','{\"info_buyRequest\":{\"qty\":1}}',NULL,1,'service-plan-type-1','Print Pack Pro',NULL,NULL,NULL,0,0,NULL,0.0000,0.0000,1.0000,0.0000,0.0000,NULL,0.0000,0.0000,0.0000,0.0000,15.0000,0.0000,0.0000,0.0000,0.0000,0.0000,0.0000,0.0000,0.0000,0.0000,0.0000,0.0000,0.0000,0.0000,0.0000,0.0000,0.0000,NULL,NULL,NULL,NULL,NULL,0.0000,0.0000,0.0000,0.0000,0.0000,0.0000,NULL,NULL,NULL,NULL,NULL,NULL,NULL,NULL,NULL,NULL,NULL,NULL,0,NULL,NULL,NULL,NULL,NULL,NULL,NULL,NULL,NULL),(17,14,NULL,53,1,'2022-08-05 11:44:44','2022-08-05 11:44:44',930,'simple','{\"info_buyRequest\":{\"uenc\":\"aHR0cHM6Ly9vZmZpY2V0ZWNoLnNhL2RlZmF1bHQvYml6aHViLWMyMjZpLmh0bWw,\",\"product\":\"930\",\"selected_configurable_option\":\"\",\"related_product\":\"\",\"item\":\"930\",\"qty\":\"2\"}}',10.0000,0,'2010900158','22 Prints Per Minute A3 / A4 Colour Multifunction Copier With Network',NULL,NULL,NULL,0,0,NULL,0.0000,0.0000,1.0000,0.0000,0.0000,NULL,22700.0000,22700.0000,22700.0000,22700.0000,15.0000,3405.0000,3405.0000,0.0000,0.0000,0.0000,0.0000,0.0000,0.0000,0.0000,0.0000,0.0000,22700.0000,22700.0000,0.0000,0.0000,10.0000,NULL,NULL,NULL,NULL,NULL,26105.0000,26105.0000,26105.0000,26105.0000,0.0000,0.0000,NULL,NULL,NULL,NULL,NULL,NULL,NULL,NULL,NULL,NULL,NULL,NULL,0,NULL,NULL,NULL,NULL,NULL,NULL,NULL,NULL,NULL),(18,14,NULL,54,1,'2022-08-05 11:44:44','2022-08-05 11:44:44',929,'simple','{\"info_buyRequest\":{\"uenc\":\"aHR0cHM6Ly9vZmZpY2V0ZWNoLnNhL2RlZmF1bHQv\",\"product\":\"929\",\"qty\":1}}',10.0000,0,'201090013','26 Prints Per Minute A3 / A4 Colour Multifunction Copier With Network',NULL,NULL,NULL,0,0,NULL,0.0000,0.0000,1.0000,0.0000,0.0000,NULL,24000.0000,24000.0000,24000.0000,24000.0000,15.0000,3600.0000,3600.0000,0.0000,0.0000,0.0000,0.0000,0.0000,0.0000,0.0000,0.0000,0.0000,24000.0000,24000.0000,0.0000,0.0000,10.0000,NULL,NULL,NULL,NULL,NULL,27600.0000,27600.0000,27600.0000,27600.0000,0.0000,0.0000,NULL,NULL,NULL,NULL,NULL,NULL,NULL,NULL,NULL,NULL,NULL,NULL,0,NULL,NULL,NULL,NULL,NULL,NULL,NULL,NULL,NULL),(19,15,NULL,53,1,'2022-08-05 11:49:19','2022-08-05 11:49:19',930,'simple','{\"info_buyRequest\":{\"uenc\":\"aHR0cHM6Ly9vZmZpY2V0ZWNoLnNhL2RlZmF1bHQvYml6aHViLWMyMjZpLmh0bWw,\",\"product\":\"930\",\"selected_configurable_option\":\"\",\"related_product\":\"\",\"item\":\"930\",\"qty\":\"2\"}}',10.0000,0,'2010900158','22 Prints Per Minute A3 / A4 Colour Multifunction Copier With Network',NULL,NULL,NULL,0,0,NULL,0.0000,0.0000,1.0000,0.0000,0.0000,NULL,22700.0000,22700.0000,22700.0000,22700.0000,15.0000,3405.0000,3405.0000,0.0000,0.0000,0.0000,0.0000,0.0000,0.0000,0.0000,0.0000,0.0000,22700.0000,22700.0000,0.0000,0.0000,10.0000,NULL,NULL,NULL,NULL,NULL,26105.0000,26105.0000,26105.0000,26105.0000,0.0000,0.0000,NULL,NULL,NULL,NULL,NULL,NULL,NULL,NULL,NULL,NULL,NULL,NULL,0,NULL,NULL,NULL,NULL,NULL,NULL,NULL,NULL,NULL),(20,15,NULL,54,1,'2022-08-05 11:49:19','2022-08-05 11:49:19',929,'simple','{\"info_buyRequest\":{\"uenc\":\"aHR0cHM6Ly9vZmZpY2V0ZWNoLnNhL2RlZmF1bHQv\",\"product\":\"929\",\"qty\":1}}',10.0000,0,'201090013','26 Prints Per Minute A3 / A4 Colour Multifunction Copier With Network',NULL,NULL,NULL,0,0,NULL,0.0000,0.0000,1.0000,0.0000,0.0000,NULL,24000.0000,24000.0000,24000.0000,24000.0000,15.0000,3600.0000,3600.0000,0.0000,0.0000,0.0000,0.0000,0.0000,0.0000,0.0000,0.0000,0.0000,24000.0000,24000.0000,0.0000,0.0000,10.0000,NULL,NULL,NULL,NULL,NULL,27600.0000,27600.0000,27600.0000,27600.0000,0.0000,0.0000,NULL,NULL,NULL,NULL,NULL,NULL,NULL,NULL,NULL,NULL,NULL,NULL,0,NULL,NULL,NULL,NULL,NULL,NULL,NULL,NULL,NULL),(21,16,NULL,53,1,'2022-08-05 11:52:11','2022-08-05 11:52:11',930,'simple','{\"info_buyRequest\":{\"uenc\":\"aHR0cHM6Ly9vZmZpY2V0ZWNoLnNhL2RlZmF1bHQvYml6aHViLWMyMjZpLmh0bWw,\",\"product\":\"930\",\"selected_configurable_option\":\"\",\"related_product\":\"\",\"item\":\"930\",\"qty\":\"2\"}}',10.0000,0,'2010900158','22 Prints Per Minute A3 / A4 Colour Multifunction Copier With Network',NULL,NULL,NULL,0,0,NULL,0.0000,0.0000,1.0000,0.0000,0.0000,NULL,22700.0000,22700.0000,22700.0000,22700.0000,15.0000,3405.0000,3405.0000,0.0000,0.0000,0.0000,0.0000,0.0000,0.0000,0.0000,0.0000,0.0000,22700.0000,22700.0000,0.0000,0.0000,10.0000,NULL,NULL,NULL,NULL,NULL,26105.0000,26105.0000,26105.0000,26105.0000,0.0000,0.0000,NULL,NULL,NULL,NULL,NULL,NULL,NULL,NULL,NULL,NULL,NULL,NULL,0,NULL,NULL,NULL,NULL,NULL,NULL,NULL,NULL,NULL),(22,16,NULL,54,1,'2022-08-05 11:52:11','2022-08-05 11:52:11',929,'simple','{\"info_buyRequest\":{\"uenc\":\"aHR0cHM6Ly9vZmZpY2V0ZWNoLnNhL2RlZmF1bHQv\",\"product\":\"929\",\"qty\":1}}',10.0000,0,'201090013','26 Prints Per Minute A3 / A4 Colour Multifunction Copier With Network',NULL,NULL,NULL,0,0,NULL,0.0000,0.0000,2.0000,0.0000,0.0000,NULL,24000.0000,24000.0000,24000.0000,24000.0000,15.0000,7200.0000,7200.0000,0.0000,0.0000,0.0000,0.0000,0.0000,0.0000,0.0000,0.0000,0.0000,48000.0000,48000.0000,0.0000,0.0000,20.0000,NULL,NULL,NULL,NULL,NULL,27600.0000,27600.0000,55200.0000,55200.0000,0.0000,0.0000,NULL,NULL,NULL,NULL,NULL,NULL,NULL,NULL,NULL,NULL,NULL,NULL,0,NULL,NULL,NULL,NULL,NULL,NULL,NULL,NULL,NULL),(23,17,NULL,56,1,'2022-08-05 12:05:34','2022-08-05 12:05:34',929,'simple','{\"info_buyRequest\":{\"uenc\":\"aHR0cHM6Ly9vZmZpY2V0ZWNoLnNhL2RlZmF1bHQvYml6aHViLWMyNjZpLmh0bWw,\",\"product\":\"929\",\"selected_configurable_option\":\"\",\"related_product\":\"\",\"item\":\"929\",\"qty\":\"1\"}}',10.0000,0,'201090013','26 Prints Per Minute A3 / A4 Colour Multifunction Copier With Network',NULL,NULL,NULL,0,0,NULL,0.0000,0.0000,1.0000,0.0000,0.0000,NULL,24000.0000,24000.0000,24000.0000,24000.0000,15.0000,3600.0000,3600.0000,0.0000,0.0000,0.0000,0.0000,0.0000,0.0000,0.0000,0.0000,0.0000,24000.0000,24000.0000,0.0000,0.0000,10.0000,NULL,NULL,NULL,NULL,NULL,27600.0000,27600.0000,27600.0000,27600.0000,0.0000,0.0000,NULL,NULL,NULL,NULL,NULL,NULL,NULL,NULL,NULL,NULL,NULL,NULL,0,NULL,NULL,NULL,NULL,NULL,NULL,NULL,NULL,NULL),(24,18,NULL,56,1,'2022-08-07 10:00:26','2022-08-07 10:00:26',929,'simple','{\"info_buyRequest\":{\"uenc\":\"aHR0cHM6Ly9vZmZpY2V0ZWNoLnNhL2RlZmF1bHQvYml6aHViLWMyNjZpLmh0bWw,\",\"product\":\"929\",\"selected_configurable_option\":\"\",\"related_product\":\"\",\"item\":\"929\",\"qty\":\"1\"}}',10.0000,0,'201090013','26 Prints Per Minute A3 / A4 Colour Multifunction Copier With Network',NULL,NULL,NULL,0,0,NULL,0.0000,0.0000,1.0000,0.0000,0.0000,NULL,24000.0000,24000.0000,24000.0000,24000.0000,15.0000,3600.0000,3600.0000,0.0000,0.0000,0.0000,0.0000,0.0000,0.0000,0.0000,0.0000,0.0000,24000.0000,24000.0000,0.0000,0.0000,10.0000,NULL,NULL,NULL,NULL,NULL,27600.0000,27600.0000,27600.0000,27600.0000,0.0000,0.0000,NULL,NULL,NULL,NULL,NULL,NULL,NULL,NULL,NULL,NULL,NULL,NULL,0,NULL,NULL,NULL,NULL,NULL,NULL,NULL,NULL,NULL),(25,18,NULL,65,1,'2022-08-07 10:00:26','2022-08-07 10:00:26',924,'simple','{\"info_buyRequest\":{\"uenc\":\"aHR0cHM6Ly9vZmZpY2V0ZWNoLnNhL2RlZmF1bHQvc2hhcnAtYnAtMjBtMjguaHRtbA,,\",\"product\":\"924\",\"selected_configurable_option\":\"\",\"related_product\":\"\",\"item\":\"924\",\"qty\":\"1\"}}',10.0000,0,'2010901131','28 Prints Per Minute A3 / A4 Black Multifunction Copier With Network',NULL,NULL,NULL,0,0,NULL,0.0000,0.0000,1.0000,0.0000,0.0000,NULL,6300.0000,6300.0000,6300.0000,6300.0000,15.0000,945.0000,945.0000,0.0000,0.0000,0.0000,0.0000,0.0000,0.0000,0.0000,0.0000,0.0000,6300.0000,6300.0000,0.0000,0.0000,10.0000,NULL,NULL,NULL,NULL,NULL,7245.0000,7245.0000,7245.0000,7245.0000,0.0000,0.0000,NULL,NULL,NULL,NULL,NULL,NULL,NULL,NULL,NULL,NULL,NULL,NULL,0,NULL,NULL,NULL,NULL,NULL,NULL,NULL,NULL,NULL),(26,19,NULL,59,1,'2022-08-07 13:00:28','2022-08-07 13:00:28',930,'simple','{\"info_buyRequest\":{\"uenc\":\"aHR0cHM6Ly9vZmZpY2V0ZWNoLnNhL2RlZmF1bHQvY29waWVycy1wcmludGVycy5odG1s\",\"product\":\"930\",\"qty\":1}}',10.0000,0,'2010900158','22 Prints Per Minute A3 / A4 Colour Multifunction Copier With Network',NULL,NULL,NULL,0,0,NULL,0.0000,0.0000,1.0000,0.0000,0.0000,NULL,22700.0000,22700.0000,22700.0000,22700.0000,15.0000,3405.0000,3405.0000,0.0000,0.0000,0.0000,0.0000,0.0000,0.0000,0.0000,0.0000,0.0000,22700.0000,22700.0000,0.0000,0.0000,10.0000,NULL,NULL,NULL,NULL,NULL,26105.0000,26105.0000,26105.0000,26105.0000,0.0000,0.0000,NULL,NULL,NULL,NULL,NULL,NULL,NULL,NULL,NULL,NULL,NULL,NULL,0,NULL,NULL,NULL,NULL,NULL,NULL,NULL,NULL,NULL),(27,19,NULL,69,1,'2022-08-07 13:00:28','2022-08-07 13:00:29',617,'simple','{\"info_buyRequest\":{\"uenc\":\"aHR0cHM6Ly9vZmZpY2V0ZWNoLnNhL2RlZmF1bHQvc2hhcnAtdG9uZXItZHgtMjVmdC1iYS5odG1s\",\"product\":\"617\",\"selected_configurable_option\":\"\",\"related_product\":\"\",\"item\":\"617\",\"options\":{\"128\":\"\"},\"qty\":\"2.0000\"}}',10.0000,0,'201190115','Sharp DX-25FT-BA Large Black Toner',NULL,NULL,NULL,0,0,NULL,0.0000,0.0000,2.0000,0.0000,0.0000,NULL,284.0000,284.0000,284.0000,284.0000,15.0000,85.2000,85.2000,0.0000,0.0000,0.0000,0.0000,0.0000,0.0000,0.0000,0.0000,0.0000,568.0000,568.0000,0.0000,0.0000,20.0000,NULL,NULL,NULL,NULL,NULL,326.6000,326.6000,653.2000,653.2000,0.0000,0.0000,NULL,NULL,NULL,NULL,NULL,NULL,NULL,NULL,NULL,NULL,NULL,NULL,0,NULL,NULL,NULL,NULL,NULL,NULL,NULL,NULL,NULL),(28,20,NULL,38,1,'2022-08-23 01:18:20','2022-08-23 01:18:20',924,'simple','{\"info_buyRequest\":{\"uenc\":\"aHR0cHM6Ly9vZmZpY2V0ZWNoLnNhL2RlZmF1bHQv\",\"product\":\"924\",\"qty\":1}}',10.0000,0,'2010901131','28 Prints Per Minute A3 / A4 Black Multifunction Copier With Network',NULL,'9,10',NULL,0,0,NULL,0.0000,0.0000,1.0000,0.0000,0.0000,NULL,6300.0000,6300.0000,6300.0000,6300.0000,15.0000,756.0000,756.0000,0.0000,0.0000,20.0000,1260.0000,1260.0000,0.0000,0.0000,0.0000,0.0000,6300.0000,6300.0000,0.0000,0.0000,0.0000,NULL,NULL,NULL,NULL,NULL,7245.0000,7245.0000,7245.0000,7245.0000,0.0000,0.0000,NULL,NULL,NULL,NULL,NULL,NULL,NULL,NULL,NULL,NULL,NULL,NULL,0,NULL,NULL,NULL,NULL,NULL,NULL,NULL,NULL,NULL),(29,21,NULL,77,1,'2022-08-24 13:41:41','2022-08-24 13:41:41',930,'simple','{\"info_buyRequest\":{\"uenc\":\"aHR0cHM6Ly9vcHMuZG90LXplcm9uZS5jb20vZGVmYXVsdC9jb3BpZXJzLXByaW50ZXJzLmh0bWw,\",\"product\":\"930\",\"qty\":1}}',10.0000,0,'2010900158','22 Prints Per Minute A3 / A4 Colour Multifunction Copier With Network',NULL,'9,10',NULL,0,0,NULL,0.0000,0.0000,1.0000,0.0000,0.0000,NULL,22700.0000,22700.0000,22700.0000,22700.0000,15.0000,2724.0000,2724.0000,0.0000,0.0000,20.0000,4540.0000,4540.0000,0.0000,0.0000,0.0000,0.0000,22700.0000,22700.0000,0.0000,0.0000,0.0000,NULL,NULL,NULL,NULL,NULL,26105.0000,26105.0000,26105.0000,26105.0000,0.0000,0.0000,NULL,NULL,NULL,NULL,NULL,NULL,NULL,NULL,NULL,NULL,NULL,NULL,0,NULL,NULL,NULL,NULL,NULL,NULL,NULL,NULL,NULL),(30,22,NULL,77,1,'2022-08-25 12:19:34','2022-08-25 12:19:34',930,'simple','{\"info_buyRequest\":{\"uenc\":\"aHR0cHM6Ly9vcHMuZG90LXplcm9uZS5jb20vZGVmYXVsdC9jb3BpZXJzLXByaW50ZXJzLmh0bWw,\",\"product\":\"930\",\"qty\":1}}',10.0000,0,'2010900158','22 Prints Per Minute A3 / A4 Colour Multifunction Copier With Network',NULL,'9,10',NULL,0,0,NULL,0.0000,0.0000,1.0000,0.0000,0.0000,NULL,22700.0000,22700.0000,22700.0000,22700.0000,15.0000,2724.0000,2724.0000,0.0000,0.0000,20.0000,4540.0000,4540.0000,0.0000,0.0000,0.0000,0.0000,22700.0000,22700.0000,0.0000,0.0000,0.0000,NULL,NULL,NULL,NULL,NULL,26105.0000,26105.0000,26105.0000,26105.0000,0.0000,0.0000,NULL,NULL,NULL,NULL,NULL,NULL,NULL,NULL,NULL,NULL,NULL,NULL,0,NULL,NULL,NULL,NULL,NULL,NULL,NULL,NULL,NULL),(31,23,NULL,79,1,'2022-08-25 12:21:47','2022-08-25 12:21:49',317,'virtual','{\"info_buyRequest\":{\"product\":\"317\",\"qty\":\"1.0000\",\"options\":{\"9\":\"23\"}},\"options\":[{\"label\":\"Month\",\"value\":\"24 month\",\"print_value\":\"24 month\",\"option_id\":\"9\",\"option_type\":\"drop_down\",\"option_value\":\"23\",\"custom_view\":false}]}',NULL,1,'Premium Pack-Colour','Premium Pack',NULL,'9,10',NULL,0,0,NULL,0.0000,0.0000,1.0000,0.0000,0.0000,NULL,1750.0000,1750.0000,1750.0000,1750.0000,15.0000,210.0000,210.0000,0.0000,0.0000,20.0000,350.0000,350.0000,0.0000,0.0000,0.0000,0.0000,1750.0000,1750.0000,0.0000,0.0000,0.0000,NULL,NULL,NULL,NULL,NULL,2012.5000,2012.5000,2012.5000,2012.5000,0.0000,0.0000,NULL,NULL,NULL,NULL,NULL,NULL,NULL,NULL,NULL,NULL,NULL,NULL,0,NULL,NULL,NULL,NULL,NULL,NULL,NULL,NULL,NULL),(32,24,NULL,80,1,'2022-08-25 12:27:06','2022-08-25 12:27:06',930,'simple','{\"info_buyRequest\":{\"uenc\":\"aHR0cHM6Ly9vcHMuZG90LXplcm9uZS5jb20vZGVmYXVsdC9jb3BpZXJzLXByaW50ZXJzLmh0bWw,\",\"product\":\"930\",\"qty\":1}}',10.0000,0,'2010900158','22 Prints Per Minute A3 / A4 Colour Multifunction Copier With Network',NULL,'9,10',NULL,0,0,NULL,0.0000,0.0000,1.0000,0.0000,0.0000,NULL,22700.0000,22700.0000,22700.0000,22700.0000,15.0000,2724.0000,2724.0000,0.0000,0.0000,20.0000,4540.0000,4540.0000,0.0000,0.0000,0.0000,0.0000,22700.0000,22700.0000,0.0000,0.0000,0.0000,NULL,NULL,NULL,NULL,NULL,26105.0000,26105.0000,26105.0000,26105.0000,0.0000,0.0000,NULL,NULL,NULL,NULL,NULL,NULL,NULL,NULL,NULL,NULL,NULL,NULL,0,NULL,NULL,NULL,NULL,NULL,NULL,NULL,NULL,NULL),(33,25,NULL,80,1,'2022-08-25 12:31:33','2022-08-25 12:31:33',930,'simple','{\"info_buyRequest\":{\"uenc\":\"aHR0cHM6Ly9vcHMuZG90LXplcm9uZS5jb20vZGVmYXVsdC9jb3BpZXJzLXByaW50ZXJzLmh0bWw,\",\"product\":\"930\",\"qty\":1}}',10.0000,0,'2010900158','22 Prints Per Minute A3 / A4 Colour Multifunction Copier With Network',NULL,'9,10',NULL,0,0,NULL,0.0000,0.0000,1.0000,0.0000,0.0000,NULL,22700.0000,22700.0000,22700.0000,22700.0000,15.0000,2724.0000,2724.0000,0.0000,0.0000,20.0000,4540.0000,4540.0000,0.0000,0.0000,0.0000,0.0000,22700.0000,22700.0000,0.0000,0.0000,0.0000,NULL,NULL,NULL,NULL,NULL,26105.0000,26105.0000,26105.0000,26105.0000,0.0000,0.0000,NULL,NULL,NULL,NULL,NULL,NULL,NULL,NULL,NULL,NULL,NULL,NULL,0,NULL,NULL,NULL,NULL,NULL,NULL,NULL,NULL,NULL),(34,26,NULL,81,1,'2022-08-29 08:53:44','2022-08-29 08:53:44',930,'simple','{\"info_buyRequest\":{\"uenc\":\"aHR0cHM6Ly9vcHMuZG90LXplcm9uZS5jb20vZGVmYXVsdC9jb3BpZXJzLXByaW50ZXJzLmh0bWw,\",\"product\":\"930\",\"qty\":\"1.0000\"}}',10.0000,0,'2010900158','22 Prints Per Minute A3 / A4 Colour Multifunction Copier With Network',NULL,'9,10',NULL,0,0,NULL,0.0000,0.0000,1.0000,0.0000,0.0000,NULL,22700.0000,22700.0000,22700.0000,22700.0000,15.0000,2724.0000,2724.0000,0.0000,0.0000,20.0000,4540.0000,4540.0000,0.0000,0.0000,0.0000,0.0000,22700.0000,22700.0000,0.0000,0.0000,0.0000,NULL,NULL,NULL,NULL,NULL,26105.0000,26105.0000,26105.0000,26105.0000,0.0000,0.0000,NULL,NULL,NULL,NULL,NULL,NULL,NULL,NULL,NULL,NULL,NULL,NULL,0,NULL,NULL,NULL,NULL,NULL,NULL,NULL,NULL,NULL),(35,27,NULL,81,1,'2022-08-29 08:59:44','2022-08-29 08:59:44',930,'simple','{\"info_buyRequest\":{\"uenc\":\"aHR0cHM6Ly9vcHMuZG90LXplcm9uZS5jb20vZGVmYXVsdC9jb3BpZXJzLXByaW50ZXJzLmh0bWw,\",\"product\":\"930\",\"qty\":\"1.0000\"}}',10.0000,0,'2010900158','22 Prints Per Minute A3 / A4 Colour Multifunction Copier With Network',NULL,'9,10',NULL,0,0,NULL,0.0000,0.0000,1.0000,0.0000,0.0000,NULL,22700.0000,22700.0000,22700.0000,22700.0000,15.0000,2724.0000,2724.0000,0.0000,0.0000,20.0000,4540.0000,4540.0000,0.0000,0.0000,0.0000,0.0000,22700.0000,22700.0000,0.0000,0.0000,0.0000,NULL,NULL,NULL,NULL,NULL,26105.0000,26105.0000,26105.0000,26105.0000,0.0000,0.0000,NULL,NULL,NULL,NULL,NULL,NULL,NULL,NULL,NULL,NULL,NULL,NULL,0,NULL,NULL,NULL,NULL,NULL,NULL,NULL,NULL,NULL),(36,28,NULL,81,1,'2022-08-29 08:59:52','2022-08-29 08:59:52',930,'simple','{\"info_buyRequest\":{\"uenc\":\"aHR0cHM6Ly9vcHMuZG90LXplcm9uZS5jb20vZGVmYXVsdC9jb3BpZXJzLXByaW50ZXJzLmh0bWw,\",\"product\":\"930\",\"qty\":\"1.0000\"}}',10.0000,0,'2010900158','22 Prints Per Minute A3 / A4 Colour Multifunction Copier With Network',NULL,'9,10',NULL,0,0,NULL,0.0000,0.0000,1.0000,0.0000,0.0000,NULL,22700.0000,22700.0000,22700.0000,22700.0000,15.0000,2724.0000,2724.0000,0.0000,0.0000,20.0000,4540.0000,4540.0000,0.0000,0.0000,0.0000,0.0000,22700.0000,22700.0000,0.0000,0.0000,0.0000,NULL,NULL,NULL,NULL,NULL,26105.0000,26105.0000,26105.0000,26105.0000,0.0000,0.0000,NULL,NULL,NULL,NULL,NULL,NULL,NULL,NULL,NULL,NULL,NULL,NULL,0,NULL,NULL,NULL,NULL,NULL,NULL,NULL,NULL,NULL),(37,29,NULL,81,1,'2022-08-29 09:03:12','2022-08-29 09:03:12',930,'simple','{\"info_buyRequest\":{\"uenc\":\"aHR0cHM6Ly9vcHMuZG90LXplcm9uZS5jb20vZGVmYXVsdC9jb3BpZXJzLXByaW50ZXJzLmh0bWw,\",\"product\":\"930\",\"qty\":\"1.0000\"}}',10.0000,0,'2010900158','22 Prints Per Minute A3 / A4 Colour Multifunction Copier With Network',NULL,'9,10',NULL,0,0,NULL,0.0000,0.0000,1.0000,0.0000,0.0000,NULL,22700.0000,22700.0000,22700.0000,22700.0000,15.0000,2724.0000,2724.0000,0.0000,0.0000,20.0000,4540.0000,4540.0000,0.0000,0.0000,0.0000,0.0000,22700.0000,22700.0000,0.0000,0.0000,0.0000,NULL,NULL,NULL,NULL,NULL,26105.0000,26105.0000,26105.0000,26105.0000,0.0000,0.0000,NULL,NULL,NULL,NULL,NULL,NULL,NULL,NULL,NULL,NULL,NULL,NULL,0,NULL,NULL,NULL,NULL,NULL,NULL,NULL,NULL,NULL),(38,30,NULL,81,1,'2022-08-29 09:04:59','2022-08-29 09:04:59',930,'simple','{\"info_buyRequest\":{\"uenc\":\"aHR0cHM6Ly9vcHMuZG90LXplcm9uZS5jb20vZGVmYXVsdC9jb3BpZXJzLXByaW50ZXJzLmh0bWw,\",\"product\":\"930\",\"qty\":\"1.0000\"}}',10.0000,0,'2010900158','22 Prints Per Minute A3 / A4 Colour Multifunction Copier With Network',NULL,'9,10',NULL,0,0,NULL,0.0000,0.0000,1.0000,0.0000,0.0000,NULL,22700.0000,22700.0000,22700.0000,22700.0000,15.0000,2724.0000,2724.0000,0.0000,0.0000,20.0000,4540.0000,4540.0000,0.0000,0.0000,0.0000,0.0000,22700.0000,22700.0000,0.0000,0.0000,0.0000,NULL,NULL,NULL,NULL,NULL,26105.0000,26105.0000,26105.0000,26105.0000,0.0000,0.0000,NULL,NULL,NULL,NULL,NULL,NULL,NULL,NULL,NULL,NULL,NULL,NULL,0,NULL,NULL,NULL,NULL,NULL,NULL,NULL,NULL,NULL),(39,31,NULL,81,1,'2022-08-29 09:05:09','2022-08-29 09:05:09',930,'simple','{\"info_buyRequest\":{\"uenc\":\"aHR0cHM6Ly9vcHMuZG90LXplcm9uZS5jb20vZGVmYXVsdC9jb3BpZXJzLXByaW50ZXJzLmh0bWw,\",\"product\":\"930\",\"qty\":\"1.0000\"}}',10.0000,0,'2010900158','22 Prints Per Minute A3 / A4 Colour Multifunction Copier With Network',NULL,'9,10',NULL,0,0,NULL,0.0000,0.0000,1.0000,0.0000,0.0000,NULL,22700.0000,22700.0000,22700.0000,22700.0000,15.0000,2724.0000,2724.0000,0.0000,0.0000,20.0000,4540.0000,4540.0000,0.0000,0.0000,0.0000,0.0000,22700.0000,22700.0000,0.0000,0.0000,0.0000,NULL,NULL,NULL,NULL,NULL,26105.0000,26105.0000,26105.0000,26105.0000,0.0000,0.0000,NULL,NULL,NULL,NULL,NULL,NULL,NULL,NULL,NULL,NULL,NULL,NULL,0,NULL,NULL,NULL,NULL,NULL,NULL,NULL,NULL,NULL),(40,32,NULL,81,1,'2022-08-29 09:56:50','2022-08-29 09:56:50',930,'simple','{\"info_buyRequest\":{\"uenc\":\"aHR0cHM6Ly9vcHMuZG90LXplcm9uZS5jb20vZGVmYXVsdC9jb3BpZXJzLXByaW50ZXJzLmh0bWw,\",\"product\":\"930\",\"qty\":\"1.0000\"}}',10.0000,0,'2010900158','22 Prints Per Minute A3 / A4 Colour Multifunction Copier With Network',NULL,'9,10',NULL,0,0,NULL,0.0000,0.0000,1.0000,0.0000,0.0000,NULL,22700.0000,22700.0000,22700.0000,22700.0000,15.0000,2724.0000,2724.0000,0.0000,0.0000,20.0000,4540.0000,4540.0000,0.0000,0.0000,0.0000,0.0000,22700.0000,22700.0000,0.0000,0.0000,0.0000,NULL,NULL,NULL,NULL,NULL,26105.0000,26105.0000,26105.0000,26105.0000,0.0000,0.0000,NULL,NULL,NULL,NULL,NULL,NULL,NULL,NULL,NULL,NULL,NULL,NULL,0,NULL,NULL,NULL,NULL,NULL,NULL,NULL,NULL,NULL),(41,33,NULL,81,1,'2022-08-29 09:56:59','2022-08-29 09:56:59',930,'simple','{\"info_buyRequest\":{\"uenc\":\"aHR0cHM6Ly9vcHMuZG90LXplcm9uZS5jb20vZGVmYXVsdC9jb3BpZXJzLXByaW50ZXJzLmh0bWw,\",\"product\":\"930\",\"qty\":\"1.0000\"}}',10.0000,0,'2010900158','22 Prints Per Minute A3 / A4 Colour Multifunction Copier With Network',NULL,'9,10',NULL,0,0,NULL,0.0000,0.0000,1.0000,0.0000,0.0000,NULL,22700.0000,22700.0000,22700.0000,22700.0000,15.0000,2724.0000,2724.0000,0.0000,0.0000,20.0000,4540.0000,4540.0000,0.0000,0.0000,0.0000,0.0000,22700.0000,22700.0000,0.0000,0.0000,0.0000,NULL,NULL,NULL,NULL,NULL,26105.0000,26105.0000,26105.0000,26105.0000,0.0000,0.0000,NULL,NULL,NULL,NULL,NULL,NULL,NULL,NULL,NULL,NULL,NULL,NULL,0,NULL,NULL,NULL,NULL,NULL,NULL,NULL,NULL,NULL),(42,34,NULL,82,1,'2022-08-29 10:00:26','2022-08-29 10:00:26',930,'simple','{\"info_buyRequest\":{\"uenc\":\"aHR0cHM6Ly9vcHMuZG90LXplcm9uZS5jb20vZGVmYXVsdC9jb3BpZXJzLXByaW50ZXJzLmh0bWw,\",\"product\":\"930\",\"qty\":\"1.0000\"}}',10.0000,0,'2010900158','22 Prints Per Minute A3 / A4 Colour Multifunction Copier With Network',NULL,'9,10',NULL,0,0,NULL,0.0000,0.0000,1.0000,0.0000,0.0000,NULL,22700.0000,22700.0000,22700.0000,22700.0000,15.0000,2724.0000,2724.0000,0.0000,0.0000,20.0000,4540.0000,4540.0000,0.0000,0.0000,0.0000,0.0000,22700.0000,22700.0000,0.0000,0.0000,0.0000,NULL,NULL,NULL,NULL,NULL,26105.0000,26105.0000,26105.0000,26105.0000,0.0000,0.0000,NULL,NULL,NULL,NULL,NULL,NULL,NULL,NULL,NULL,NULL,NULL,NULL,0,NULL,NULL,NULL,NULL,NULL,NULL,NULL,NULL,NULL),(43,35,NULL,82,1,'2022-08-29 10:00:35','2022-08-29 10:00:35',930,'simple','{\"info_buyRequest\":{\"uenc\":\"aHR0cHM6Ly9vcHMuZG90LXplcm9uZS5jb20vZGVmYXVsdC9jb3BpZXJzLXByaW50ZXJzLmh0bWw,\",\"product\":\"930\",\"qty\":\"1.0000\"}}',10.0000,0,'2010900158','22 Prints Per Minute A3 / A4 Colour Multifunction Copier With Network',NULL,'9,10',NULL,0,0,NULL,0.0000,0.0000,1.0000,0.0000,0.0000,NULL,22700.0000,22700.0000,22700.0000,22700.0000,15.0000,2724.0000,2724.0000,0.0000,0.0000,20.0000,4540.0000,4540.0000,0.0000,0.0000,0.0000,0.0000,22700.0000,22700.0000,0.0000,0.0000,0.0000,NULL,NULL,NULL,NULL,NULL,26105.0000,26105.0000,26105.0000,26105.0000,0.0000,0.0000,NULL,NULL,NULL,NULL,NULL,NULL,NULL,NULL,NULL,NULL,NULL,NULL,0,NULL,NULL,NULL,NULL,NULL,NULL,NULL,NULL,NULL),(44,36,NULL,83,1,'2022-08-29 10:45:16','2022-08-29 10:45:16',930,'simple','{\"info_buyRequest\":{\"uenc\":\"aHR0cHM6Ly9vcHMuZG90LXplcm9uZS5jb20vZGVmYXVsdC9jb3BpZXJzLXByaW50ZXJzLmh0bWw,\",\"product\":\"930\",\"qty\":\"1.0000\"}}',10.0000,0,'2010900158','22 Prints Per Minute A3 / A4 Colour Multifunction Copier With Network',NULL,'9,10',NULL,0,0,NULL,0.0000,0.0000,1.0000,0.0000,0.0000,NULL,22700.0000,22700.0000,22700.0000,22700.0000,15.0000,2724.0000,2724.0000,0.0000,0.0000,20.0000,4540.0000,4540.0000,0.0000,0.0000,0.0000,0.0000,22700.0000,22700.0000,0.0000,0.0000,0.0000,NULL,NULL,NULL,NULL,NULL,26105.0000,26105.0000,26105.0000,26105.0000,0.0000,0.0000,NULL,NULL,NULL,NULL,NULL,NULL,NULL,NULL,NULL,NULL,NULL,NULL,0,NULL,NULL,NULL,NULL,NULL,NULL,NULL,NULL,NULL),(45,37,NULL,83,1,'2022-08-29 10:45:23','2022-08-29 10:45:23',930,'simple','{\"info_buyRequest\":{\"uenc\":\"aHR0cHM6Ly9vcHMuZG90LXplcm9uZS5jb20vZGVmYXVsdC9jb3BpZXJzLXByaW50ZXJzLmh0bWw,\",\"product\":\"930\",\"qty\":\"1.0000\"}}',10.0000,0,'2010900158','22 Prints Per Minute A3 / A4 Colour Multifunction Copier With Network',NULL,'9,10',NULL,0,0,NULL,0.0000,0.0000,1.0000,0.0000,0.0000,NULL,22700.0000,22700.0000,22700.0000,22700.0000,15.0000,2724.0000,2724.0000,0.0000,0.0000,20.0000,4540.0000,4540.0000,0.0000,0.0000,0.0000,0.0000,22700.0000,22700.0000,0.0000,0.0000,0.0000,NULL,NULL,NULL,NULL,NULL,26105.0000,26105.0000,26105.0000,26105.0000,0.0000,0.0000,NULL,NULL,NULL,NULL,NULL,NULL,NULL,NULL,NULL,NULL,NULL,NULL,0,NULL,NULL,NULL,NULL,NULL,NULL,NULL,NULL,NULL),(46,38,NULL,73,1,'2022-08-30 10:04:20','2022-08-30 10:04:20',930,'simple','{\"info_buyRequest\":{\"uenc\":\"aHR0cHM6Ly9vcHMuZG90LXplcm9uZS5jb20vZGVmYXVsdC9jb3BpZXJzLXByaW50ZXJzLmh0bWw,\",\"product\":\"930\",\"qty\":\"1.0000\"}}',10.0000,0,'2010900158','22 Prints Per Minute A3 / A4 Colour Multifunction Copier With Network',NULL,'9,10',NULL,0,0,NULL,0.0000,0.0000,1.0000,0.0000,0.0000,NULL,22700.0000,22700.0000,22700.0000,22700.0000,15.0000,2724.0000,2724.0000,0.0000,0.0000,20.0000,4540.0000,4540.0000,0.0000,0.0000,0.0000,0.0000,22700.0000,22700.0000,0.0000,0.0000,0.0000,NULL,NULL,NULL,NULL,NULL,26105.0000,26105.0000,26105.0000,26105.0000,0.0000,0.0000,NULL,NULL,NULL,NULL,NULL,NULL,NULL,NULL,NULL,NULL,NULL,NULL,0,NULL,NULL,NULL,NULL,NULL,NULL,NULL,NULL,NULL),(47,39,NULL,73,1,'2022-08-30 10:04:28','2022-08-30 10:04:28',930,'simple','{\"info_buyRequest\":{\"uenc\":\"aHR0cHM6Ly9vcHMuZG90LXplcm9uZS5jb20vZGVmYXVsdC9jb3BpZXJzLXByaW50ZXJzLmh0bWw,\",\"product\":\"930\",\"qty\":\"1.0000\"}}',10.0000,0,'2010900158','22 Prints Per Minute A3 / A4 Colour Multifunction Copier With Network',NULL,'9,10',NULL,0,0,NULL,0.0000,0.0000,1.0000,0.0000,0.0000,NULL,22700.0000,22700.0000,22700.0000,22700.0000,15.0000,2724.0000,2724.0000,0.0000,0.0000,20.0000,4540.0000,4540.0000,0.0000,0.0000,0.0000,0.0000,22700.0000,22700.0000,0.0000,0.0000,0.0000,NULL,NULL,NULL,NULL,NULL,26105.0000,26105.0000,26105.0000,26105.0000,0.0000,0.0000,NULL,NULL,NULL,NULL,NULL,NULL,NULL,NULL,NULL,NULL,NULL,NULL,0,NULL,NULL,NULL,NULL,NULL,NULL,NULL,NULL,NULL),(48,40,NULL,75,1,'2022-09-05 10:13:25','2022-09-05 10:13:25',944,'simple','{\"info_buyRequest\":{\"uenc\":\"aHR0cHM6Ly9vcHMuZG90LXplcm9uZS5jb20v\",\"product\":\"944\",\"qty\":1}}',10.0000,0,'20119001111','Konica Minolta TN628 Black Toner',NULL,'9,10',NULL,0,0,NULL,0.0000,0.0000,1.0000,0.0000,0.0000,NULL,218.0000,218.0000,218.0000,218.0000,15.0000,26.1600,26.1600,0.0000,0.0000,20.0000,43.6000,43.6000,0.0000,0.0000,0.0000,0.0000,218.0000,218.0000,0.0000,0.0000,0.0000,NULL,NULL,NULL,NULL,NULL,250.7000,250.7000,250.7000,250.7000,0.0000,0.0000,NULL,NULL,NULL,NULL,NULL,NULL,NULL,NULL,NULL,NULL,NULL,NULL,0,NULL,NULL,NULL,NULL,NULL,NULL,NULL,NULL,NULL),(49,41,NULL,76,1,'2022-09-05 10:15:39','2022-09-05 10:15:39',936,'simple','{\"info_buyRequest\":{\"uenc\":\"aHR0cHM6Ly9vcHMuZG90LXplcm9uZS5jb20vZGVmYXVsdC8,\",\"product\":\"936\",\"qty\":1}}',NULL,0,'2010900156','33 Prints Per Minute A4 Colour Multifunction Printer With Network',NULL,'9,10',NULL,0,0,NULL,0.0000,0.0000,1.0000,0.0000,0.0000,NULL,14100.0000,14100.0000,14100.0000,14100.0000,15.0000,1692.0000,1692.0000,0.0000,0.0000,20.0000,2820.0000,2820.0000,0.0000,0.0000,0.0000,0.0000,14100.0000,14100.0000,0.0000,0.0000,0.0000,NULL,NULL,NULL,NULL,NULL,16215.0000,16215.0000,16215.0000,16215.0000,0.0000,0.0000,NULL,NULL,NULL,NULL,NULL,NULL,NULL,NULL,NULL,NULL,NULL,NULL,0,NULL,NULL,NULL,NULL,NULL,NULL,NULL,NULL,NULL);

--
-- Table structure for table `sales_order_payment`
--

CREATE TABLE `sales_order_payment` (
  `entity_id` int(10) unsigned NOT NULL AUTO_INCREMENT COMMENT 'Entity ID',
  `parent_id` int(10) unsigned NOT NULL COMMENT 'Parent ID',
  `base_shipping_captured` decimal(20,4) DEFAULT NULL COMMENT 'Base Shipping Captured',
  `shipping_captured` decimal(20,4) DEFAULT NULL COMMENT 'Shipping Captured',
  `amount_refunded` decimal(20,4) DEFAULT NULL COMMENT 'Amount Refunded',
  `base_amount_paid` decimal(20,4) DEFAULT NULL COMMENT 'Base Amount Paid',
  `amount_canceled` decimal(20,4) DEFAULT NULL COMMENT 'Amount Canceled',
  `base_amount_authorized` decimal(20,4) DEFAULT NULL COMMENT 'Base Amount Authorized',
  `base_amount_paid_online` decimal(20,4) DEFAULT NULL COMMENT 'Base Amount Paid Online',
  `base_amount_refunded_online` decimal(20,4) DEFAULT NULL COMMENT 'Base Amount Refunded Online',
  `base_shipping_amount` decimal(20,4) DEFAULT NULL COMMENT 'Base Shipping Amount',
  `shipping_amount` decimal(20,4) DEFAULT NULL COMMENT 'Shipping Amount',
  `amount_paid` decimal(20,4) DEFAULT NULL COMMENT 'Amount Paid',
  `amount_authorized` decimal(20,4) DEFAULT NULL COMMENT 'Amount Authorized',
  `base_amount_ordered` decimal(20,4) DEFAULT NULL COMMENT 'Base Amount Ordered',
  `base_shipping_refunded` decimal(20,4) DEFAULT NULL COMMENT 'Base Shipping Refunded',
  `shipping_refunded` decimal(20,4) DEFAULT NULL COMMENT 'Shipping Refunded',
  `base_amount_refunded` decimal(20,4) DEFAULT NULL COMMENT 'Base Amount Refunded',
  `amount_ordered` decimal(20,4) DEFAULT NULL COMMENT 'Amount Ordered',
  `base_amount_canceled` decimal(20,4) DEFAULT NULL COMMENT 'Base Amount Canceled',
  `quote_payment_id` int(11) DEFAULT NULL COMMENT 'Quote Payment ID',
  `additional_data` text COMMENT 'Additional Data',
  `cc_exp_month` varchar(12) DEFAULT NULL COMMENT 'Cc Exp Month',
  `cc_ss_start_year` varchar(12) DEFAULT NULL COMMENT 'Cc Ss Start Year',
  `echeck_bank_name` varchar(128) DEFAULT NULL COMMENT 'Echeck Bank Name',
  `method` varchar(128) DEFAULT NULL COMMENT 'Method',
  `cc_debug_request_body` varchar(32) DEFAULT NULL COMMENT 'Cc Debug Request Body',
  `cc_secure_verify` varchar(32) DEFAULT NULL COMMENT 'Cc Secure Verify',
  `protection_eligibility` varchar(32) DEFAULT NULL COMMENT 'Protection Eligibility',
  `cc_approval` varchar(32) DEFAULT NULL COMMENT 'Cc Approval',
  `cc_last_4` varchar(100) DEFAULT NULL COMMENT 'Cc Last 4',
  `cc_status_description` varchar(32) DEFAULT NULL COMMENT 'Cc Status Description',
  `echeck_type` varchar(32) DEFAULT NULL COMMENT 'Echeck Type',
  `cc_debug_response_serialized` varchar(32) DEFAULT NULL COMMENT 'Cc Debug Response Serialized',
  `cc_ss_start_month` varchar(128) DEFAULT NULL COMMENT 'Cc Ss Start Month',
  `echeck_account_type` varchar(255) DEFAULT NULL COMMENT 'Echeck Account Type',
  `last_trans_id` varchar(255) DEFAULT NULL COMMENT 'Last Trans ID',
  `cc_cid_status` varchar(32) DEFAULT NULL COMMENT 'Cc Cid Status',
  `cc_owner` varchar(128) DEFAULT NULL COMMENT 'Cc Owner',
  `cc_type` varchar(32) DEFAULT NULL COMMENT 'Cc Type',
  `po_number` varchar(32) DEFAULT NULL COMMENT 'Po Number',
  `cc_exp_year` varchar(4) DEFAULT NULL COMMENT 'Cc Exp Year',
  `cc_status` varchar(4) DEFAULT NULL COMMENT 'Cc Status',
  `echeck_routing_number` varchar(32) DEFAULT NULL COMMENT 'Echeck Routing Number',
  `account_status` varchar(32) DEFAULT NULL COMMENT 'Account Status',
  `anet_trans_method` varchar(32) DEFAULT NULL COMMENT 'Anet Trans Method',
  `cc_debug_response_body` varchar(32) DEFAULT NULL COMMENT 'Cc Debug Response Body',
  `cc_ss_issue` varchar(32) DEFAULT NULL COMMENT 'Cc Ss Issue',
  `echeck_account_name` varchar(32) DEFAULT NULL COMMENT 'Echeck Account Name',
  `cc_avs_status` varchar(32) DEFAULT NULL COMMENT 'Cc Avs Status',
  `cc_number_enc` varchar(128) DEFAULT NULL,
  `cc_trans_id` varchar(32) DEFAULT NULL COMMENT 'Cc Trans ID',
  `address_status` varchar(32) DEFAULT NULL COMMENT 'Address Status',
  `additional_information` text COMMENT 'Additional Information',
  PRIMARY KEY (`entity_id`),
  KEY `SALES_ORDER_PAYMENT_PARENT_ID` (`parent_id`),
  CONSTRAINT `SALES_ORDER_PAYMENT_PARENT_ID_SALES_ORDER_ENTITY_ID` FOREIGN KEY (`parent_id`) REFERENCES `sales_order` (`entity_id`) ON DELETE CASCADE
) ENGINE=InnoDB AUTO_INCREMENT=42 DEFAULT CHARSET=utf8 COMMENT='Sales Flat Order Payment';

--
-- Dumping data for table `sales_order_payment`
--

INSERT INTO `sales_order_payment` VALUES (1,1,35.0000,35.0000,NULL,138.0000,NULL,NULL,NULL,NULL,35.0000,35.0000,138.0000,NULL,138.0000,NULL,NULL,NULL,138.0000,NULL,NULL,NULL,NULL,NULL,NULL,'cashondelivery',NULL,NULL,NULL,NULL,NULL,NULL,NULL,NULL,NULL,NULL,NULL,NULL,NULL,NULL,NULL,NULL,NULL,NULL,NULL,NULL,NULL,NULL,NULL,NULL,NULL,NULL,NULL,'{\"method_title\":\"Cash On Delivery\",\"instructions\":null}'),(2,2,35.0000,35.0000,NULL,373.7500,NULL,NULL,NULL,NULL,35.0000,35.0000,373.7500,NULL,373.7500,NULL,NULL,NULL,373.7500,NULL,NULL,NULL,NULL,'0',NULL,'cashondelivery',NULL,NULL,NULL,NULL,NULL,NULL,NULL,NULL,'0',NULL,NULL,NULL,NULL,NULL,NULL,'0',NULL,NULL,NULL,NULL,NULL,NULL,NULL,NULL,NULL,NULL,NULL,'{\"method_title\":\"Cash On Delivery\",\"instructions\":null}'),(3,3,NULL,NULL,NULL,NULL,NULL,NULL,NULL,NULL,0.0000,0.0000,NULL,NULL,57.5000,NULL,NULL,NULL,57.5000,NULL,NULL,NULL,NULL,NULL,NULL,'cashondelivery',NULL,NULL,NULL,NULL,NULL,NULL,NULL,NULL,NULL,NULL,NULL,NULL,NULL,NULL,NULL,NULL,NULL,NULL,NULL,NULL,NULL,NULL,NULL,NULL,NULL,NULL,NULL,'{\"method_title\":\"Cash On Delivery\",\"instructions\":null}'),(4,4,35.0000,35.0000,NULL,2225.2500,NULL,NULL,2225.2500,NULL,35.0000,35.0000,2225.2500,NULL,2225.2500,NULL,NULL,NULL,2225.2500,NULL,NULL,NULL,NULL,NULL,NULL,'HyperPay_Mada',NULL,NULL,NULL,NULL,NULL,NULL,NULL,NULL,NULL,NULL,'8ac7a4a07e4bd2d9017e4e3cfadf5425',NULL,NULL,NULL,NULL,NULL,NULL,NULL,NULL,NULL,NULL,NULL,NULL,NULL,NULL,NULL,NULL,'{\"method_title\":\"MADA\",\"payment_type\":\"DB\",\"currency\":\"SAR\",\"checkoutId\":\"8ac7a4a07e4bd2d9017e4e3cfadf5425\"}'),(5,5,NULL,NULL,NULL,NULL,NULL,NULL,NULL,NULL,35.0000,35.0000,NULL,NULL,139.1500,NULL,NULL,NULL,139.1500,NULL,NULL,NULL,NULL,'0',NULL,'HyperPay_Mada',NULL,NULL,NULL,NULL,NULL,NULL,NULL,NULL,'0',NULL,NULL,NULL,NULL,NULL,NULL,'0',NULL,NULL,NULL,NULL,NULL,NULL,NULL,NULL,NULL,NULL,NULL,'{\"method_title\":\"\\u0645\\u062f\\u0649\",\"payment_type\":\"DB\",\"currency\":\"SAR\"}'),(6,6,NULL,NULL,NULL,NULL,NULL,NULL,NULL,NULL,35.0000,35.0000,NULL,NULL,139.1500,NULL,NULL,NULL,139.1500,NULL,NULL,NULL,NULL,'0',NULL,'HyperPay_Mada',NULL,NULL,NULL,NULL,NULL,NULL,NULL,NULL,'0',NULL,NULL,NULL,NULL,NULL,NULL,'0',NULL,NULL,NULL,NULL,NULL,NULL,NULL,NULL,NULL,NULL,NULL,'{\"method_title\":\"\\u0645\\u062f\\u0649\",\"payment_type\":\"DB\",\"currency\":\"SAR\"}'),(7,7,NULL,NULL,NULL,NULL,NULL,NULL,NULL,NULL,35.0000,35.0000,NULL,NULL,139.1500,NULL,NULL,NULL,139.1500,NULL,NULL,NULL,NULL,'0',NULL,'HyperPay_Mada',NULL,NULL,NULL,NULL,NULL,NULL,NULL,NULL,'0',NULL,NULL,NULL,NULL,NULL,NULL,'0',NULL,NULL,NULL,NULL,NULL,NULL,NULL,NULL,NULL,NULL,NULL,'{\"method_title\":\"\\u0645\\u062f\\u0649\",\"payment_type\":\"DB\",\"currency\":\"SAR\"}'),(8,8,NULL,NULL,NULL,NULL,NULL,NULL,NULL,NULL,35.0000,35.0000,NULL,NULL,138.0000,NULL,NULL,NULL,138.0000,NULL,NULL,NULL,NULL,'0',NULL,'HyperPay_Mada',NULL,NULL,NULL,NULL,NULL,NULL,NULL,NULL,'0',NULL,NULL,NULL,NULL,NULL,NULL,'0',NULL,NULL,NULL,NULL,NULL,NULL,NULL,NULL,NULL,NULL,NULL,'{\"method_title\":\"MADA\",\"payment_type\":\"DB\",\"currency\":\"SAR\",\"checkoutId\":\"8ac7a4a17e6fdd31017e717cf8376292\"}'),(9,9,NULL,NULL,NULL,NULL,NULL,NULL,NULL,NULL,70.0000,70.0000,NULL,NULL,16295.5000,NULL,NULL,NULL,16295.5000,NULL,NULL,NULL,NULL,NULL,NULL,'HyperPay_Mada',NULL,NULL,NULL,NULL,NULL,NULL,NULL,NULL,NULL,NULL,NULL,NULL,NULL,NULL,NULL,NULL,NULL,NULL,NULL,NULL,NULL,NULL,NULL,NULL,NULL,NULL,NULL,'{\"method_title\":\"MADA\",\"payment_type\":\"DB\",\"currency\":\"SAR\"}'),(10,10,NULL,NULL,NULL,NULL,NULL,NULL,NULL,NULL,15.0000,15.0000,NULL,NULL,59472.2500,NULL,NULL,NULL,59472.2500,NULL,NULL,NULL,NULL,NULL,NULL,'HyperPay_Mada',NULL,NULL,NULL,NULL,NULL,NULL,NULL,NULL,NULL,NULL,NULL,NULL,NULL,NULL,NULL,NULL,NULL,NULL,NULL,NULL,NULL,NULL,NULL,NULL,NULL,NULL,NULL,'{\"method_title\":\"mada\",\"payment_type\":\"DB\",\"currency\":\"SAR\"}'),(11,11,NULL,NULL,NULL,NULL,NULL,NULL,NULL,NULL,15.0000,15.0000,NULL,NULL,59472.2500,NULL,NULL,NULL,59472.2500,NULL,NULL,NULL,NULL,'0',NULL,'HyperPay_Mada',NULL,NULL,NULL,NULL,NULL,NULL,NULL,NULL,'0',NULL,NULL,NULL,NULL,NULL,NULL,'0',NULL,NULL,NULL,NULL,NULL,NULL,NULL,NULL,NULL,NULL,NULL,'{\"method_title\":\"mada\",\"payment_type\":\"DB\",\"currency\":\"SAR\"}'),(12,12,NULL,NULL,NULL,NULL,NULL,NULL,NULL,NULL,15.0000,15.0000,NULL,NULL,59472.2500,NULL,NULL,NULL,59472.2500,NULL,NULL,NULL,NULL,'0',NULL,'HyperPay_Mada',NULL,NULL,NULL,NULL,NULL,NULL,NULL,NULL,'0',NULL,NULL,NULL,NULL,NULL,NULL,'0',NULL,NULL,NULL,NULL,NULL,NULL,NULL,NULL,NULL,NULL,NULL,'{\"method_title\":\"mada\",\"payment_type\":\"DB\",\"currency\":\"SAR\"}'),(13,13,NULL,NULL,NULL,NULL,NULL,NULL,NULL,NULL,0.0000,0.0000,NULL,NULL,0.0000,NULL,NULL,NULL,0.0000,NULL,NULL,NULL,NULL,NULL,NULL,'cashondelivery',NULL,NULL,NULL,NULL,NULL,NULL,NULL,NULL,NULL,NULL,NULL,NULL,NULL,NULL,NULL,NULL,NULL,NULL,NULL,NULL,NULL,NULL,NULL,NULL,NULL,NULL,NULL,'{\"method_title\":\"Cash On Delivery\",\"instructions\":null}'),(14,14,NULL,NULL,NULL,NULL,NULL,NULL,NULL,NULL,10.0000,10.0000,NULL,NULL,53716.5000,NULL,NULL,NULL,53716.5000,NULL,NULL,NULL,NULL,NULL,NULL,'HyperPay_Master',NULL,NULL,NULL,NULL,NULL,NULL,NULL,NULL,NULL,NULL,NULL,NULL,NULL,NULL,NULL,NULL,NULL,NULL,NULL,NULL,NULL,NULL,NULL,NULL,NULL,NULL,NULL,'{\"method_title\":\"MASTERCARD\",\"payment_type\":\"DB\",\"currency\":\"SAR\",\"checkoutId\":\"8ac7a49f826bf38801826dd511307ce9\"}'),(15,15,NULL,NULL,NULL,NULL,NULL,NULL,NULL,NULL,10.0000,10.0000,NULL,NULL,53716.5000,NULL,NULL,NULL,53716.5000,NULL,NULL,NULL,NULL,'0',NULL,'HyperPay_Master',NULL,NULL,NULL,NULL,NULL,NULL,NULL,NULL,'0',NULL,NULL,NULL,NULL,NULL,NULL,'0',NULL,NULL,NULL,NULL,NULL,NULL,NULL,NULL,NULL,NULL,NULL,'{\"method_title\":\"MASTERCARD\",\"payment_type\":\"DB\",\"currency\":\"SAR\"}'),(16,16,NULL,NULL,NULL,NULL,NULL,NULL,NULL,NULL,70.0000,70.0000,NULL,NULL,81385.5000,NULL,NULL,NULL,81385.5000,NULL,NULL,NULL,NULL,'0',NULL,'HyperPay_Master',NULL,NULL,NULL,NULL,NULL,NULL,NULL,NULL,'0',NULL,NULL,NULL,NULL,NULL,NULL,'0',NULL,NULL,NULL,NULL,NULL,NULL,NULL,NULL,NULL,NULL,NULL,'{\"method_title\":\"MASTERCARD\",\"payment_type\":\"DB\",\"currency\":\"SAR\"}'),(17,17,NULL,NULL,NULL,NULL,NULL,NULL,NULL,NULL,5.0000,5.0000,NULL,NULL,27605.7500,NULL,NULL,NULL,27605.7500,NULL,NULL,NULL,NULL,'0',NULL,'HyperPay_Master',NULL,NULL,NULL,NULL,NULL,NULL,NULL,NULL,'0',NULL,NULL,NULL,NULL,NULL,NULL,'0',NULL,NULL,NULL,NULL,NULL,NULL,NULL,NULL,NULL,NULL,NULL,'{\"method_title\":\"MASTERCARD\",\"payment_type\":\"DB\",\"currency\":\"SAR\"}'),(18,18,NULL,NULL,NULL,NULL,NULL,NULL,NULL,NULL,10.0000,10.0000,NULL,NULL,34856.5000,NULL,NULL,NULL,34856.5000,NULL,NULL,NULL,NULL,'0',NULL,'HyperPay_Master',NULL,NULL,NULL,NULL,NULL,NULL,NULL,NULL,'0',NULL,NULL,NULL,NULL,NULL,NULL,'0',NULL,NULL,NULL,NULL,NULL,NULL,NULL,NULL,NULL,NULL,NULL,'{\"method_title\":\"MASTERCARD\",\"payment_type\":\"DB\",\"currency\":\"SAR\",\"checkoutId\":\"8ac7a49f826e21fd018277c2a65d7d3e\"}'),(19,19,NULL,NULL,NULL,NULL,NULL,NULL,NULL,NULL,15.0000,15.0000,NULL,NULL,26775.4500,NULL,NULL,NULL,26775.4500,NULL,NULL,NULL,NULL,'0',NULL,'HyperPay_Master',NULL,NULL,NULL,NULL,NULL,NULL,NULL,NULL,'0',NULL,NULL,NULL,NULL,NULL,NULL,'0',NULL,NULL,NULL,NULL,NULL,NULL,NULL,NULL,NULL,NULL,NULL,'{\"method_title\":\"MASTERCARD\",\"payment_type\":\"DB\",\"currency\":\"SAR\"}'),(20,20,NULL,NULL,NULL,NULL,NULL,NULL,NULL,NULL,5.0000,5.0000,NULL,NULL,5801.7500,NULL,NULL,NULL,5801.7500,NULL,NULL,NULL,NULL,'0',NULL,'HyperPay_Mada',NULL,NULL,NULL,NULL,NULL,NULL,NULL,NULL,'0',NULL,NULL,NULL,NULL,NULL,NULL,'0',NULL,NULL,NULL,NULL,NULL,NULL,NULL,NULL,NULL,NULL,NULL,'{\"method_title\":\"mada\",\"payment_type\":\"DB\",\"currency\":\"SAR\",\"checkoutId\":\"8ac7a4a282c7974f0182c84cea483a3c\"}'),(21,21,NULL,NULL,NULL,NULL,NULL,NULL,NULL,NULL,5.0000,5.0000,NULL,NULL,20889.7500,NULL,NULL,NULL,20889.7500,NULL,NULL,NULL,NULL,NULL,NULL,'HyperPay_Mada',NULL,NULL,NULL,NULL,NULL,NULL,NULL,NULL,NULL,NULL,NULL,NULL,NULL,NULL,NULL,NULL,NULL,NULL,NULL,NULL,NULL,NULL,NULL,NULL,NULL,NULL,NULL,'{\"method_title\":\"mada\",\"payment_type\":\"DB\",\"currency\":\"SAR\"}'),(22,22,NULL,NULL,NULL,NULL,NULL,NULL,NULL,NULL,5.0000,5.0000,NULL,NULL,20889.7500,NULL,NULL,NULL,20889.7500,NULL,NULL,NULL,NULL,'0',NULL,'HyperPay_Mada',NULL,NULL,NULL,NULL,NULL,NULL,NULL,NULL,'0',NULL,NULL,NULL,NULL,NULL,NULL,'0',NULL,NULL,NULL,NULL,NULL,NULL,NULL,NULL,NULL,NULL,NULL,'{\"method_title\":\"mada\",\"payment_type\":\"DB\",\"currency\":\"SAR\",\"checkoutId\":\"8ac7a49f82d4eb990182d4f255be1c0c\"}'),(23,23,NULL,NULL,NULL,NULL,NULL,NULL,NULL,NULL,0.0000,0.0000,NULL,NULL,1610.0000,NULL,NULL,NULL,1610.0000,NULL,NULL,NULL,NULL,'0',NULL,'HyperPay_Mada',NULL,NULL,NULL,NULL,NULL,NULL,NULL,NULL,'0',NULL,NULL,NULL,NULL,NULL,NULL,'0',NULL,NULL,NULL,NULL,NULL,NULL,NULL,NULL,NULL,NULL,NULL,'{\"method_title\":\"mada\",\"payment_type\":\"DB\",\"currency\":\"SAR\",\"checkoutId\":\"8ac7a4a082d441830182d4f4c8334693\"}'),(24,24,NULL,NULL,NULL,NULL,NULL,NULL,NULL,NULL,5.0000,5.0000,NULL,NULL,20889.7500,NULL,NULL,NULL,20889.7500,NULL,NULL,NULL,NULL,'0',NULL,'HyperPay_Mada',NULL,NULL,NULL,NULL,NULL,NULL,NULL,NULL,'0',NULL,NULL,NULL,NULL,NULL,NULL,'0',NULL,NULL,NULL,NULL,NULL,NULL,NULL,NULL,NULL,NULL,NULL,'{\"method_title\":\"mada\",\"payment_type\":\"DB\",\"currency\":\"SAR\",\"checkoutId\":\"8ac7a4a082d441830182d4f9aa085337\"}'),(25,25,NULL,NULL,NULL,NULL,NULL,NULL,NULL,NULL,5.0000,5.0000,NULL,NULL,20889.7500,NULL,NULL,NULL,20889.7500,NULL,NULL,NULL,NULL,'0',NULL,'HyperPay_Mada',NULL,NULL,NULL,NULL,NULL,NULL,NULL,NULL,'0',NULL,NULL,NULL,NULL,NULL,NULL,'0',NULL,NULL,NULL,NULL,NULL,NULL,NULL,NULL,NULL,NULL,NULL,'{\"method_title\":\"mada\",\"payment_type\":\"DB\",\"currency\":\"SAR\",\"checkoutId\":\"8ac7a4a182d4f5c70182d4fcbbf6094d\"}'),(26,26,NULL,NULL,NULL,NULL,NULL,NULL,NULL,NULL,5.0000,5.0000,NULL,NULL,20889.7500,NULL,NULL,NULL,20889.7500,NULL,NULL,NULL,NULL,'0',NULL,'HyperPay_Mada',NULL,NULL,NULL,NULL,NULL,NULL,NULL,NULL,'0',NULL,NULL,NULL,NULL,NULL,NULL,'0',NULL,NULL,NULL,NULL,NULL,NULL,NULL,NULL,NULL,NULL,NULL,'{\"method_title\":\"mada\",\"payment_type\":\"DB\",\"currency\":\"SAR\"}'),(27,27,NULL,NULL,NULL,NULL,NULL,NULL,NULL,NULL,5.0000,5.0000,NULL,NULL,20889.7500,NULL,NULL,NULL,20889.7500,NULL,NULL,NULL,NULL,'0',NULL,'HyperPay_Mada',NULL,NULL,NULL,NULL,NULL,NULL,NULL,NULL,'0',NULL,NULL,NULL,NULL,NULL,NULL,'0',NULL,NULL,NULL,NULL,NULL,NULL,NULL,NULL,NULL,NULL,NULL,'{\"method_title\":\"mada\",\"payment_type\":\"DB\",\"currency\":\"SAR\",\"checkoutId\":\"8ac7a4a182e78c940182e8d4daa35e9a\"}'),(28,28,NULL,NULL,NULL,NULL,NULL,NULL,NULL,NULL,5.0000,5.0000,NULL,NULL,20889.7500,NULL,NULL,NULL,20889.7500,NULL,NULL,NULL,NULL,'0',NULL,'HyperPay_Mada',NULL,NULL,NULL,NULL,NULL,NULL,NULL,NULL,'0',NULL,NULL,NULL,NULL,NULL,NULL,'0',NULL,NULL,NULL,NULL,NULL,NULL,NULL,NULL,NULL,NULL,NULL,'{\"method_title\":\"mada\",\"payment_type\":\"DB\",\"currency\":\"SAR\"}'),(29,29,NULL,NULL,NULL,NULL,NULL,NULL,NULL,NULL,5.0000,5.0000,NULL,NULL,20889.7500,NULL,NULL,NULL,20889.7500,NULL,NULL,NULL,NULL,'0',NULL,'HyperPay_Mada',NULL,NULL,NULL,NULL,NULL,NULL,NULL,NULL,'0',NULL,NULL,NULL,NULL,NULL,NULL,'0',NULL,NULL,NULL,NULL,NULL,NULL,NULL,NULL,NULL,NULL,NULL,'{\"method_title\":\"mada\",\"payment_type\":\"DB\",\"currency\":\"SAR\"}'),(30,30,NULL,NULL,NULL,NULL,NULL,NULL,NULL,NULL,5.0000,5.0000,NULL,NULL,20889.7500,NULL,NULL,NULL,20889.7500,NULL,NULL,NULL,NULL,'0',NULL,'HyperPay_Visa',NULL,NULL,NULL,NULL,NULL,NULL,NULL,NULL,'0',NULL,NULL,NULL,NULL,NULL,NULL,'0',NULL,NULL,NULL,NULL,NULL,NULL,NULL,NULL,NULL,NULL,NULL,'{\"method_title\":\"VISA\",\"payment_type\":\"DB\",\"currency\":\"SAR\"}'),(31,31,NULL,NULL,NULL,NULL,NULL,NULL,NULL,NULL,5.0000,5.0000,NULL,NULL,20889.7500,NULL,NULL,NULL,20889.7500,NULL,NULL,NULL,NULL,'0',NULL,'HyperPay_Visa',NULL,NULL,NULL,NULL,NULL,NULL,NULL,NULL,'0',NULL,NULL,NULL,NULL,NULL,NULL,'0',NULL,NULL,NULL,NULL,NULL,NULL,NULL,NULL,NULL,NULL,NULL,'{\"method_title\":\"VISA\",\"payment_type\":\"DB\",\"currency\":\"SAR\"}'),(32,32,NULL,NULL,NULL,NULL,NULL,NULL,NULL,NULL,5.0000,5.0000,NULL,NULL,20889.7500,NULL,NULL,NULL,20889.7500,NULL,NULL,NULL,NULL,'0',NULL,'HyperPay_Mada',NULL,NULL,NULL,NULL,NULL,NULL,NULL,NULL,'0',NULL,NULL,NULL,NULL,NULL,NULL,'0',NULL,NULL,NULL,NULL,NULL,NULL,NULL,NULL,NULL,NULL,NULL,'{\"method_title\":\"mada\",\"payment_type\":\"DB\",\"currency\":\"SAR\",\"checkoutId\":\"8ac7a49f82e78c960182e908b1ea4d3b\"}'),(33,33,NULL,NULL,NULL,NULL,NULL,NULL,NULL,NULL,5.0000,5.0000,NULL,NULL,20889.7500,NULL,NULL,NULL,20889.7500,NULL,NULL,NULL,NULL,'0',NULL,'HyperPay_Mada',NULL,NULL,NULL,NULL,NULL,NULL,NULL,NULL,'0',NULL,NULL,NULL,NULL,NULL,NULL,'0',NULL,NULL,NULL,NULL,NULL,NULL,NULL,NULL,NULL,NULL,NULL,'{\"method_title\":\"mada\",\"payment_type\":\"DB\",\"currency\":\"SAR\"}'),(34,34,NULL,NULL,NULL,NULL,NULL,NULL,NULL,NULL,5.0000,5.0000,NULL,NULL,20889.7500,NULL,NULL,NULL,20889.7500,NULL,NULL,NULL,NULL,'0',NULL,'HyperPay_Visa',NULL,NULL,NULL,NULL,NULL,NULL,NULL,NULL,'0',NULL,NULL,NULL,NULL,NULL,NULL,'0',NULL,NULL,NULL,NULL,NULL,NULL,NULL,NULL,NULL,NULL,NULL,'{\"method_title\":\"VISA\",\"payment_type\":\"DB\",\"currency\":\"SAR\",\"checkoutId\":\"8ac7a4a182e78c940182e90c5ec45b0e\"}'),(35,35,NULL,NULL,NULL,NULL,NULL,NULL,NULL,NULL,5.0000,5.0000,NULL,NULL,20889.7500,NULL,NULL,NULL,20889.7500,NULL,NULL,NULL,NULL,'0',NULL,'HyperPay_Visa',NULL,NULL,NULL,NULL,NULL,NULL,NULL,NULL,'0',NULL,NULL,NULL,NULL,NULL,NULL,'0',NULL,NULL,NULL,NULL,NULL,NULL,NULL,NULL,NULL,NULL,NULL,'{\"method_title\":\"VISA\",\"payment_type\":\"DB\",\"currency\":\"SAR\"}'),(36,36,NULL,NULL,NULL,NULL,NULL,NULL,NULL,NULL,5.0000,5.0000,NULL,NULL,20889.7500,NULL,NULL,NULL,20889.7500,NULL,NULL,NULL,NULL,'0',NULL,'HyperPay_Visa',NULL,NULL,NULL,NULL,NULL,NULL,NULL,NULL,'0',NULL,NULL,NULL,NULL,NULL,NULL,'0',NULL,NULL,NULL,NULL,NULL,NULL,NULL,NULL,NULL,NULL,NULL,'{\"method_title\":\"VISA\",\"payment_type\":\"DB\",\"currency\":\"SAR\",\"checkoutId\":\"8ac7a4a082e795d00182e93538c675e7\"}'),(37,37,NULL,NULL,NULL,NULL,NULL,NULL,NULL,NULL,5.0000,5.0000,NULL,NULL,20889.7500,NULL,NULL,NULL,20889.7500,NULL,NULL,NULL,NULL,'0',NULL,'HyperPay_Visa',NULL,NULL,NULL,NULL,NULL,NULL,NULL,NULL,'0',NULL,NULL,NULL,NULL,NULL,NULL,'0',NULL,NULL,NULL,NULL,NULL,NULL,NULL,NULL,NULL,NULL,NULL,'{\"method_title\":\"VISA\",\"payment_type\":\"DB\",\"currency\":\"SAR\"}'),(38,38,NULL,NULL,NULL,NULL,NULL,NULL,NULL,NULL,5.0000,5.0000,NULL,NULL,20889.7500,NULL,NULL,NULL,20889.7500,NULL,NULL,NULL,NULL,'0',NULL,'HyperPay_Mada',NULL,NULL,NULL,NULL,NULL,NULL,NULL,NULL,'0',NULL,NULL,NULL,NULL,NULL,NULL,'0',NULL,NULL,NULL,NULL,NULL,NULL,NULL,NULL,NULL,NULL,NULL,'{\"method_title\":\"mada\",\"payment_type\":\"DB\",\"currency\":\"SAR\",\"checkoutId\":\"8ac7a4a282ecbbd30182ee3647ae33db\"}'),(39,39,NULL,NULL,NULL,NULL,NULL,NULL,NULL,NULL,5.0000,5.0000,NULL,NULL,20889.7500,NULL,NULL,NULL,20889.7500,NULL,NULL,NULL,NULL,'0',NULL,'HyperPay_Mada',NULL,NULL,NULL,NULL,NULL,NULL,NULL,NULL,'0',NULL,NULL,NULL,NULL,NULL,NULL,'0',NULL,NULL,NULL,NULL,NULL,NULL,NULL,NULL,NULL,NULL,NULL,'{\"method_title\":\"mada\",\"payment_type\":\"DB\",\"currency\":\"SAR\"}'),(40,40,NULL,NULL,NULL,NULL,NULL,NULL,NULL,NULL,5.0000,5.0000,NULL,NULL,206.3100,NULL,NULL,NULL,206.3100,NULL,NULL,NULL,NULL,'0',NULL,'HyperPay_Visa',NULL,NULL,NULL,NULL,NULL,NULL,NULL,NULL,'0',NULL,NULL,NULL,NULL,NULL,NULL,'0',NULL,NULL,NULL,NULL,NULL,NULL,NULL,NULL,NULL,NULL,NULL,'{\"method_title\":\"VISA\",\"payment_type\":\"DB\",\"currency\":\"SAR\",\"checkoutId\":\"8ac7a4a0830cf93f01830d24cca5642d\"}'),(41,41,NULL,NULL,NULL,NULL,NULL,NULL,NULL,NULL,5.0000,5.0000,NULL,NULL,12977.7500,NULL,NULL,NULL,12977.7500,NULL,NULL,NULL,NULL,'0',NULL,'HyperPay_Mada',NULL,NULL,NULL,NULL,NULL,NULL,NULL,NULL,'0',NULL,NULL,NULL,NULL,NULL,NULL,'0',NULL,NULL,NULL,NULL,NULL,NULL,NULL,NULL,NULL,NULL,NULL,'{\"method_title\":\"mada\",\"payment_type\":\"DB\",\"currency\":\"SAR\",\"checkoutId\":\"8ac7a49f830cf62801830d2646dc711f\"}');

--
-- Table structure for table `sales_order_status`
--

CREATE TABLE `sales_order_status` (
  `status` varchar(32) NOT NULL COMMENT 'Status',
  `label` varchar(128) NOT NULL COMMENT 'Label',
  PRIMARY KEY (`status`)
) ENGINE=InnoDB DEFAULT CHARSET=utf8 COMMENT='Sales Order Status Table';

--
-- Dumping data for table `sales_order_status`
--

INSERT INTO `sales_order_status` VALUES ('canceled','Canceled'),('closed','Closed'),('CODOrderConfirmed','COD-Confirmed'),('codprocessing','Processing'),('complete','Complete'),('fraud','Suspected Fraud'),('holded','On Hold'),('onlineprocessing','Processing'),('payment_review','Payment Review'),('paypal_canceled_reversal','PayPal Canceled Reversal'),('paypal_reversed','PayPal Reversed'),('pending','Pending for Payment'),('pending_payment','Pending Payment'),('pending_paypal','Pending PayPal'),('processing','Processing'),('Shipped','Shipped');

--
-- Table structure for table `sales_order_status_history`
--

CREATE TABLE `sales_order_status_history` (
  `entity_id` int(10) unsigned NOT NULL AUTO_INCREMENT COMMENT 'Entity ID',
  `parent_id` int(10) unsigned NOT NULL COMMENT 'Parent ID',
  `is_customer_notified` int(11) DEFAULT NULL COMMENT 'Is Customer Notified',
  `is_visible_on_front` smallint(5) unsigned NOT NULL DEFAULT '0' COMMENT 'Is Visible On Front',
  `comment` text COMMENT 'Comment',
  `status` varchar(32) DEFAULT NULL COMMENT 'Status',
  `created_at` timestamp NOT NULL DEFAULT CURRENT_TIMESTAMP COMMENT 'Created At',
  `entity_name` varchar(32) DEFAULT NULL COMMENT 'Shows what entity history is bind to.',
  PRIMARY KEY (`entity_id`),
  KEY `SALES_ORDER_STATUS_HISTORY_PARENT_ID` (`parent_id`),
  KEY `SALES_ORDER_STATUS_HISTORY_CREATED_AT` (`created_at`),
  CONSTRAINT `SALES_ORDER_STATUS_HISTORY_PARENT_ID_SALES_ORDER_ENTITY_ID` FOREIGN KEY (`parent_id`) REFERENCES `sales_order` (`entity_id`) ON DELETE CASCADE
) ENGINE=InnoDB AUTO_INCREMENT=61 DEFAULT CHARSET=utf8 COMMENT='Sales Flat Order Status History';

--
-- Dumping data for table `sales_order_status_history`
--

INSERT INTO `sales_order_status_history` VALUES (1,2,0,0,NULL,'codprocessing','2022-01-09 12:03:24','order'),(2,3,0,1,'Order Placed by Store Administrator','pending','2022-01-09 12:26:54','order'),(3,3,0,0,'Order Placed by Abdurlahman Kabalan using Admin Panel','pending','2022-01-09 12:26:54','order'),(4,4,1,0,NULL,'pending','2022-01-12 12:21:14','order'),(5,4,NULL,0,'Request successfully processed in \'Merchant in Integrator Test Mode\'','pending','2022-01-12 12:22:10','order'),(6,4,NULL,0,'Captured amount of SAR2,225.25 online. Transaction ID: \"8ac7a4a07e4bd2d9017e4e3cfadf5425\"','Shipped','2022-01-12 12:24:35','invoice'),(7,5,1,0,NULL,'pending','2022-01-19 07:44:08','order'),(8,6,1,0,NULL,'pending','2022-01-19 07:46:11','order'),(9,7,1,0,NULL,'pending','2022-01-19 07:47:52','order'),(10,8,1,0,NULL,'pending','2022-01-19 08:36:44','order'),(11,8,NULL,0,'Request successfully processed in \'Merchant in Integrator Test Mode\'','pending','2022-01-19 08:39:03','order'),(12,9,1,0,NULL,'pending','2022-06-06 07:24:58','order'),(13,10,1,0,NULL,'pending','2022-08-03 18:56:56','order'),(14,11,1,0,NULL,'pending','2022-08-03 18:58:37','order'),(15,12,1,0,NULL,'pending','2022-08-03 18:59:45','order'),(16,13,0,1,'Order Placed by Store Administrator','pending','2022-08-04 17:59:22','order'),(17,13,0,0,'Order Placed by mohamed nagar using Admin Panel','pending','2022-08-04 17:59:22','order'),(18,14,1,0,NULL,'pending','2022-08-05 11:44:44','order'),(19,15,1,0,NULL,'pending','2022-08-05 11:49:19','order'),(20,16,1,0,NULL,'pending','2022-08-05 11:52:11','order'),(21,17,1,0,NULL,'pending','2022-08-05 12:05:34','order'),(22,14,NULL,0,'Previously pending transaction timed out','canceled','2022-08-05 12:34:51','order'),(23,18,1,0,NULL,'pending','2022-08-07 10:00:26','order'),(24,18,NULL,0,'Request successfully processed in \'Merchant in Integrator Test Mode\'','pending','2022-08-07 10:04:48','order'),(25,19,1,0,NULL,'pending','2022-08-07 13:00:28','order'),(26,20,1,0,NULL,'pending','2022-08-23 01:18:20','order'),(27,20,NULL,0,'Request successfully processed in \'Merchant in Integrator Test Mode\'','pending','2022-08-23 01:24:26','order'),(28,21,1,0,NULL,'pending','2022-08-24 13:41:41','order'),(29,22,1,0,NULL,'pending','2022-08-25 12:19:34','order'),(30,22,NULL,0,'Request successfully processed in \'Merchant in Integrator Test Mode\'','pending','2022-08-25 12:20:36','order'),(31,23,1,0,NULL,'pending','2022-08-25 12:21:47','order'),(32,23,NULL,0,'Request successfully processed in \'Merchant in Integrator Test Mode\'','pending','2022-08-25 12:23:14','order'),(33,23,NULL,0,'Could not create an invoice,The items has virtual product','processing','2022-08-25 12:23:14','order'),(34,24,1,0,NULL,'pending','2022-08-25 12:27:06','order'),(35,24,NULL,0,'request contains no cc/bank account holder','canceled','2022-08-25 12:28:34','order'),(36,25,1,0,NULL,'pending','2022-08-25 12:31:33','order'),(37,25,NULL,0,'Request successfully processed in \'Merchant in Integrator Test Mode\'','pending','2022-08-25 12:31:55','order'),(38,26,1,0,NULL,'pending','2022-08-29 08:53:44','order'),(39,27,1,0,NULL,'pending','2022-08-29 08:59:44','order'),(40,28,1,0,NULL,'pending','2022-08-29 08:59:52','order'),(41,29,1,0,NULL,'pending','2022-08-29 09:03:12','order'),(42,30,1,0,NULL,'pending','2022-08-29 09:04:59','order'),(43,31,1,0,NULL,'pending','2022-08-29 09:05:09','order'),(44,27,NULL,0,'Request successfully processed in \'Merchant in Integrator Test Mode\'','pending','2022-08-29 09:29:49','order'),(45,32,1,0,NULL,'pending','2022-08-29 09:56:50','order'),(46,33,1,0,NULL,'pending','2022-08-29 09:56:59','order'),(47,32,NULL,0,'Request successfully processed in \'Merchant in Integrator Test Mode\'','pending','2022-08-29 09:57:23','order'),(48,34,1,0,NULL,'pending','2022-08-29 10:00:26','order'),(49,35,1,0,NULL,'pending','2022-08-29 10:00:35','order'),(50,34,NULL,0,'Request successfully processed in \'Merchant in Integrator Test Mode\'','pending','2022-08-29 10:01:30','order'),(51,36,1,0,NULL,'pending','2022-08-29 10:45:16','order'),(52,37,1,0,NULL,'pending','2022-08-29 10:45:23','order'),(53,36,NULL,0,'Request successfully processed in \'Merchant in Integrator Test Mode\'','pending','2022-08-29 10:46:02','order'),(54,38,1,0,NULL,'pending','2022-08-30 10:04:20','order'),(55,39,1,0,NULL,'pending','2022-08-30 10:04:28','order'),(56,38,NULL,0,'Request successfully processed in \'Merchant in Integrator Test Mode\'','pending','2022-08-30 10:05:19','order'),(57,40,1,0,NULL,'pending','2022-09-05 10:13:25','order'),(58,40,NULL,0,'Request successfully processed in \'Merchant in Integrator Test Mode\'','pending','2022-09-05 10:14:28','order'),(59,41,1,0,NULL,'pending','2022-09-05 10:15:39','order'),(60,41,NULL,0,'Request successfully processed in \'Merchant in Integrator Test Mode\'','pending','2022-09-05 10:16:02','order');

--
-- Table structure for table `sales_order_status_label`
--

CREATE TABLE `sales_order_status_label` (
  `status` varchar(32) NOT NULL COMMENT 'Status',
  `store_id` smallint(5) unsigned NOT NULL COMMENT 'Store ID',
  `label` varchar(128) NOT NULL COMMENT 'Label',
  PRIMARY KEY (`status`,`store_id`),
  KEY `SALES_ORDER_STATUS_LABEL_STORE_ID` (`store_id`),
  CONSTRAINT `SALES_ORDER_STATUS_LABEL_STATUS_SALES_ORDER_STATUS_STATUS` FOREIGN KEY (`status`) REFERENCES `sales_order_status` (`status`) ON DELETE CASCADE,
  CONSTRAINT `SALES_ORDER_STATUS_LABEL_STORE_ID_STORE_STORE_ID` FOREIGN KEY (`store_id`) REFERENCES `store` (`store_id`) ON DELETE CASCADE
) ENGINE=InnoDB DEFAULT CHARSET=utf8 COMMENT='Sales Order Status Label Table';

--
-- Dumping data for table `sales_order_status_label`
--

INSERT INTO `sales_order_status_label` VALUES ('codprocessing',1,'Processing'),('codprocessing',2,'Processing'),('onlineprocessing',1,'Processing'),('pending',1,'Pending for Payment'),('pending_payment',1,'Pending Payment'),('Shipped',1,'Shipped'),('Shipped',2,'شحنها');

--
-- Table structure for table `sales_order_status_state`
--

CREATE TABLE `sales_order_status_state` (
  `status` varchar(32) NOT NULL COMMENT 'Status',
  `state` varchar(32) NOT NULL COMMENT 'Label',
  `is_default` smallint(5) unsigned NOT NULL DEFAULT '0' COMMENT 'Is Default',
  `visible_on_front` smallint(5) unsigned NOT NULL DEFAULT '0' COMMENT 'Visible on front',
  PRIMARY KEY (`status`,`state`),
  CONSTRAINT `SALES_ORDER_STATUS_STATE_STATUS_SALES_ORDER_STATUS_STATUS` FOREIGN KEY (`status`) REFERENCES `sales_order_status` (`status`) ON DELETE CASCADE
) ENGINE=InnoDB DEFAULT CHARSET=utf8 COMMENT='Sales Order Status Table';

--
-- Dumping data for table `sales_order_status_state`
--

INSERT INTO `sales_order_status_state` VALUES ('canceled','canceled',1,1),('closed','closed',1,1),('CODOrderConfirmed','new',0,1),('codprocessing','new',0,1),('complete','complete',1,1),('holded','holded',1,1),('onlineprocessing','payment_review',1,1),('payment_review','payment_review',0,1),('pending','canceled',0,1),('pending','new',1,1),('pending','processing',0,1),('pending_payment','pending_payment',1,0),('processing','canceled',0,1),('processing','processing',0,1),('Shipped','processing',1,1);

--
-- Table structure for table `sales_order_tax`
--

CREATE TABLE `sales_order_tax` (
  `tax_id` int(10) unsigned NOT NULL AUTO_INCREMENT COMMENT 'Tax ID',
  `order_id` int(10) unsigned NOT NULL COMMENT 'Order ID',
  `code` varchar(255) DEFAULT NULL COMMENT 'Code',
  `title` varchar(255) DEFAULT NULL COMMENT 'Title',
  `percent` decimal(12,4) DEFAULT NULL COMMENT 'Percent',
  `amount` decimal(20,4) DEFAULT NULL COMMENT 'Amount',
  `priority` int(11) NOT NULL COMMENT 'Priority',
  `position` int(11) NOT NULL COMMENT 'Position',
  `base_amount` decimal(20,4) DEFAULT NULL COMMENT 'Base Amount',
  `process` smallint(6) NOT NULL COMMENT 'Process',
  `base_real_amount` decimal(20,4) DEFAULT NULL COMMENT 'Base Real Amount',
  PRIMARY KEY (`tax_id`),
  KEY `SALES_ORDER_TAX_ORDER_ID_PRIORITY_POSITION` (`order_id`,`priority`,`position`)
) ENGINE=InnoDB AUTO_INCREMENT=41 DEFAULT CHARSET=utf8 COMMENT='Sales Order Tax Table';

--
-- Dumping data for table `sales_order_tax`
--

INSERT INTO `sales_order_tax` VALUES (1,1,'arebic','Tax',15.0000,18.0000,0,0,18.0000,0,18.0000),(2,2,'arebic','Tax',15.0000,48.7500,0,0,48.7500,0,48.7500),(3,3,'arebic','Tax',15.0000,7.5000,0,0,7.5000,0,7.5000),(4,4,'arebic','Tax',15.0000,290.2500,0,0,290.2500,0,290.2500),(5,5,'arebic','Tax',15.0000,18.1500,0,0,18.1500,0,18.1500),(6,6,'arebic','Tax',15.0000,18.1500,0,0,18.1500,0,18.1500),(7,7,'arebic','Tax',15.0000,18.1500,0,0,18.1500,0,18.1500),(8,8,'arebic','Tax',15.0000,18.0000,0,0,18.0000,0,18.0000),(9,9,'arebic','Tax',15.0000,2125.5000,0,0,2125.5000,0,2125.5000),(10,10,'arebic','Tax',15.0000,7757.2500,0,0,7757.2500,0,7757.2500),(11,11,'arebic','Tax',15.0000,7757.2500,0,0,7757.2500,0,7757.2500),(12,12,'arebic','Tax',15.0000,7757.2500,0,0,7757.2500,0,7757.2500),(13,14,'arebic','Tax',15.0000,7006.5000,0,0,7006.5000,0,7006.5000),(14,15,'arebic','Tax',15.0000,7006.5000,0,0,7006.5000,0,7006.5000),(15,16,'arebic','Tax',15.0000,10615.5000,0,0,10615.5000,0,10615.5000),(16,17,'arebic','Tax',15.0000,3600.7500,0,0,3600.7500,0,3600.7500),(17,18,'arebic','Tax',15.0000,4546.5000,0,0,4546.5000,0,4546.5000),(18,19,'arebic','Tax',15.0000,3492.4500,0,0,3492.4500,0,3492.4500),(19,20,'arebic','Tax',15.0000,756.7500,0,0,756.7500,0,756.7500),(20,21,'arebic','Tax',15.0000,2724.7500,0,0,2724.7500,0,2724.7500),(21,22,'arebic','Tax',15.0000,2724.7500,0,0,2724.7500,0,2724.7500),(22,23,'arebic','Tax',15.0000,210.0000,0,0,210.0000,0,210.0000),(23,24,'arebic','Tax',15.0000,2724.7500,0,0,2724.7500,0,2724.7500),(24,25,'arebic','Tax',15.0000,2724.7500,0,0,2724.7500,0,2724.7500),(25,26,'arebic','Tax',15.0000,2724.7500,0,0,2724.7500,0,2724.7500),(26,27,'arebic','Tax',15.0000,2724.7500,0,0,2724.7500,0,2724.7500),(27,28,'arebic','Tax',15.0000,2724.7500,0,0,2724.7500,0,2724.7500),(28,29,'arebic','Tax',15.0000,2724.7500,0,0,2724.7500,0,2724.7500),(29,30,'arebic','Tax',15.0000,2724.7500,0,0,2724.7500,0,2724.7500),(30,31,'arebic','Tax',15.0000,2724.7500,0,0,2724.7500,0,2724.7500),(31,32,'arebic','Tax',15.0000,2724.7500,0,0,2724.7500,0,2724.7500),(32,33,'arebic','Tax',15.0000,2724.7500,0,0,2724.7500,0,2724.7500),(33,34,'arebic','Tax',15.0000,2724.7500,0,0,2724.7500,0,2724.7500),(34,35,'arebic','Tax',15.0000,2724.7500,0,0,2724.7500,0,2724.7500),(35,36,'arebic','Tax',15.0000,2724.7500,0,0,2724.7500,0,2724.7500),(36,37,'arebic','Tax',15.0000,2724.7500,0,0,2724.7500,0,2724.7500),(37,38,'arebic','Tax',15.0000,2724.7500,0,0,2724.7500,0,2724.7500),(38,39,'arebic','Tax',15.0000,2724.7500,0,0,2724.7500,0,2724.7500),(39,40,'arebic','Tax',15.0000,26.9100,0,0,26.9100,0,26.9100),(40,41,'arebic','Tax',15.0000,1692.7500,0,0,1692.7500,0,1692.7500);

--
-- Table structure for table `sales_order_tax_item`
--

CREATE TABLE `sales_order_tax_item` (
  `tax_item_id` int(10) unsigned NOT NULL AUTO_INCREMENT COMMENT 'Tax Item ID',
  `tax_id` int(10) unsigned NOT NULL COMMENT 'Tax ID',
  `item_id` int(10) unsigned DEFAULT NULL COMMENT 'Item ID',
  `tax_percent` decimal(12,4) NOT NULL COMMENT 'Real Tax Percent For Item',
  `amount` decimal(20,4) NOT NULL COMMENT 'Tax amount for the item and tax rate',
  `base_amount` decimal(20,4) NOT NULL COMMENT 'Base tax amount for the item and tax rate',
  `real_amount` decimal(20,4) NOT NULL COMMENT 'Real tax amount for the item and tax rate',
  `real_base_amount` decimal(20,4) NOT NULL COMMENT 'Real base tax amount for the item and tax rate',
  `associated_item_id` int(10) unsigned DEFAULT NULL COMMENT 'Id of the associated item',
  `taxable_item_type` varchar(32) NOT NULL COMMENT 'Type of the taxable item',
  PRIMARY KEY (`tax_item_id`),
  UNIQUE KEY `SALES_ORDER_TAX_ITEM_TAX_ID_ITEM_ID` (`tax_id`,`item_id`),
  KEY `SALES_ORDER_TAX_ITEM_ASSOCIATED_ITEM_ID_SALES_ORDER_ITEM_ITEM_ID` (`associated_item_id`),
  KEY `SALES_ORDER_TAX_ITEM_ITEM_ID` (`item_id`),
  CONSTRAINT `SALES_ORDER_TAX_ITEM_ASSOCIATED_ITEM_ID_SALES_ORDER_ITEM_ITEM_ID` FOREIGN KEY (`associated_item_id`) REFERENCES `sales_order_item` (`item_id`) ON DELETE CASCADE,
  CONSTRAINT `SALES_ORDER_TAX_ITEM_ITEM_ID_SALES_ORDER_ITEM_ITEM_ID` FOREIGN KEY (`item_id`) REFERENCES `sales_order_item` (`item_id`) ON DELETE CASCADE,
  CONSTRAINT `SALES_ORDER_TAX_ITEM_TAX_ID_SALES_ORDER_TAX_TAX_ID` FOREIGN KEY (`tax_id`) REFERENCES `sales_order_tax` (`tax_id`) ON DELETE CASCADE
) ENGINE=InnoDB AUTO_INCREMENT=89 DEFAULT CHARSET=utf8 COMMENT='Sales Order Tax Item';

--
-- Dumping data for table `sales_order_tax_item`
--

INSERT INTO `sales_order_tax_item` VALUES (1,1,1,15.0000,12.7500,12.7500,12.7500,12.7500,NULL,'product'),(2,1,NULL,15.0000,5.2500,5.2500,5.2500,5.2500,NULL,'shipping'),(3,2,2,15.0000,43.5000,43.5000,43.5000,43.5000,NULL,'product'),(4,2,NULL,15.0000,5.2500,5.2500,5.2500,5.2500,NULL,'shipping'),(5,3,3,15.0000,7.5000,7.5000,7.5000,7.5000,NULL,'product'),(6,3,NULL,15.0000,0.0000,0.0000,0.0000,0.0000,NULL,'shipping'),(7,4,4,15.0000,285.0000,285.0000,285.0000,285.0000,NULL,'product'),(8,4,NULL,15.0000,5.2500,5.2500,5.2500,5.2500,NULL,'shipping'),(9,5,5,15.0000,12.9000,12.9000,12.9000,12.9000,NULL,'product'),(10,5,NULL,15.0000,5.2500,5.2500,5.2500,5.2500,NULL,'shipping'),(11,6,6,15.0000,12.9000,12.9000,12.9000,12.9000,NULL,'product'),(12,6,NULL,15.0000,5.2500,5.2500,5.2500,5.2500,NULL,'shipping'),(13,7,7,15.0000,12.9000,12.9000,12.9000,12.9000,NULL,'product'),(14,7,NULL,15.0000,5.2500,5.2500,5.2500,5.2500,NULL,'shipping'),(15,8,8,15.0000,12.7500,12.7500,12.7500,12.7500,NULL,'product'),(16,8,NULL,15.0000,5.2500,5.2500,5.2500,5.2500,NULL,'shipping'),(17,9,9,15.0000,2115.0000,2115.0000,2115.0000,2115.0000,NULL,'product'),(18,9,NULL,15.0000,10.5000,10.5000,10.5000,10.5000,NULL,'shipping'),(19,10,10,15.0000,6810.0000,6810.0000,6810.0000,6810.0000,NULL,'product'),(20,10,11,15.0000,945.0000,945.0000,945.0000,945.0000,NULL,'product'),(21,10,NULL,15.0000,2.2500,2.2500,2.2500,2.2500,NULL,'shipping'),(22,11,12,15.0000,6810.0000,6810.0000,6810.0000,6810.0000,NULL,'product'),(23,11,13,15.0000,945.0000,945.0000,945.0000,945.0000,NULL,'product'),(24,11,NULL,15.0000,2.2500,2.2500,2.2500,2.2500,NULL,'shipping'),(25,12,14,15.0000,6810.0000,6810.0000,6810.0000,6810.0000,NULL,'product'),(26,12,15,15.0000,945.0000,945.0000,945.0000,945.0000,NULL,'product'),(27,12,NULL,15.0000,2.2500,2.2500,2.2500,2.2500,NULL,'shipping'),(28,13,17,15.0000,3405.0000,3405.0000,3405.0000,3405.0000,NULL,'product'),(29,13,18,15.0000,3600.0000,3600.0000,3600.0000,3600.0000,NULL,'product'),(30,13,NULL,15.0000,1.5000,1.5000,1.5000,1.5000,NULL,'shipping'),(31,14,19,15.0000,3405.0000,3405.0000,3405.0000,3405.0000,NULL,'product'),(32,14,20,15.0000,3600.0000,3600.0000,3600.0000,3600.0000,NULL,'product'),(33,14,NULL,15.0000,1.5000,1.5000,1.5000,1.5000,NULL,'shipping'),(34,15,21,15.0000,3405.0000,3405.0000,3405.0000,3405.0000,NULL,'product'),(35,15,22,15.0000,7200.0000,7200.0000,7200.0000,7200.0000,NULL,'product'),(36,15,NULL,15.0000,10.5000,10.5000,10.5000,10.5000,NULL,'shipping'),(37,16,23,15.0000,3600.0000,3600.0000,3600.0000,3600.0000,NULL,'product'),(38,16,NULL,15.0000,0.7500,0.7500,0.7500,0.7500,NULL,'shipping'),(39,17,24,15.0000,3600.0000,3600.0000,3600.0000,3600.0000,NULL,'product'),(40,17,25,15.0000,945.0000,945.0000,945.0000,945.0000,NULL,'product'),(41,17,NULL,15.0000,1.5000,1.5000,1.5000,1.5000,NULL,'shipping'),(42,18,26,15.0000,3405.0000,3405.0000,3405.0000,3405.0000,NULL,'product'),(43,18,27,15.0000,85.2000,85.2000,85.2000,85.2000,NULL,'product'),(44,18,NULL,15.0000,2.2500,2.2500,2.2500,2.2500,NULL,'shipping'),(45,19,28,15.0000,756.0000,756.0000,756.0000,756.0000,NULL,'product'),(46,19,NULL,15.0000,0.7500,0.7500,0.7500,0.7500,NULL,'shipping'),(47,20,29,15.0000,2724.0000,2724.0000,2724.0000,2724.0000,NULL,'product'),(48,20,NULL,15.0000,0.7500,0.7500,0.7500,0.7500,NULL,'shipping'),(49,21,30,15.0000,2724.0000,2724.0000,2724.0000,2724.0000,NULL,'product'),(50,21,NULL,15.0000,0.7500,0.7500,0.7500,0.7500,NULL,'shipping'),(51,22,31,15.0000,210.0000,210.0000,210.0000,210.0000,NULL,'product'),(52,22,NULL,15.0000,0.0000,0.0000,0.0000,0.0000,NULL,'shipping'),(53,23,32,15.0000,2724.0000,2724.0000,2724.0000,2724.0000,NULL,'product'),(54,23,NULL,15.0000,0.7500,0.7500,0.7500,0.7500,NULL,'shipping'),(55,24,33,15.0000,2724.0000,2724.0000,2724.0000,2724.0000,NULL,'product'),(56,24,NULL,15.0000,0.7500,0.7500,0.7500,0.7500,NULL,'shipping'),(57,25,34,15.0000,2724.0000,2724.0000,2724.0000,2724.0000,NULL,'product'),(58,25,NULL,15.0000,0.7500,0.7500,0.7500,0.7500,NULL,'shipping'),(59,26,35,15.0000,2724.0000,2724.0000,2724.0000,2724.0000,NULL,'product'),(60,26,NULL,15.0000,0.7500,0.7500,0.7500,0.7500,NULL,'shipping'),(61,27,36,15.0000,2724.0000,2724.0000,2724.0000,2724.0000,NULL,'product'),(62,27,NULL,15.0000,0.7500,0.7500,0.7500,0.7500,NULL,'shipping'),(63,28,37,15.0000,2724.0000,2724.0000,2724.0000,2724.0000,NULL,'product'),(64,28,NULL,15.0000,0.7500,0.7500,0.7500,0.7500,NULL,'shipping'),(65,29,38,15.0000,2724.0000,2724.0000,2724.0000,2724.0000,NULL,'product'),(66,29,NULL,15.0000,0.7500,0.7500,0.7500,0.7500,NULL,'shipping'),(67,30,39,15.0000,2724.0000,2724.0000,2724.0000,2724.0000,NULL,'product'),(68,30,NULL,15.0000,0.7500,0.7500,0.7500,0.7500,NULL,'shipping'),(69,31,40,15.0000,2724.0000,2724.0000,2724.0000,2724.0000,NULL,'product'),(70,31,NULL,15.0000,0.7500,0.7500,0.7500,0.7500,NULL,'shipping'),(71,32,41,15.0000,2724.0000,2724.0000,2724.0000,2724.0000,NULL,'product'),(72,32,NULL,15.0000,0.7500,0.7500,0.7500,0.7500,NULL,'shipping'),(73,33,42,15.0000,2724.0000,2724.0000,2724.0000,2724.0000,NULL,'product'),(74,33,NULL,15.0000,0.7500,0.7500,0.7500,0.7500,NULL,'shipping'),(75,34,43,15.0000,2724.0000,2724.0000,2724.0000,2724.0000,NULL,'product'),(76,34,NULL,15.0000,0.7500,0.7500,0.7500,0.7500,NULL,'shipping'),(77,35,44,15.0000,2724.0000,2724.0000,2724.0000,2724.0000,NULL,'product'),(78,35,NULL,15.0000,0.7500,0.7500,0.7500,0.7500,NULL,'shipping'),(79,36,45,15.0000,2724.0000,2724.0000,2724.0000,2724.0000,NULL,'product'),(80,36,NULL,15.0000,0.7500,0.7500,0.7500,0.7500,NULL,'shipping'),(81,37,46,15.0000,2724.0000,2724.0000,2724.0000,2724.0000,NULL,'product'),(82,37,NULL,15.0000,0.7500,0.7500,0.7500,0.7500,NULL,'shipping'),(83,38,47,15.0000,2724.0000,2724.0000,2724.0000,2724.0000,NULL,'product'),(84,38,NULL,15.0000,0.7500,0.7500,0.7500,0.7500,NULL,'shipping'),(85,39,48,15.0000,26.1600,26.1600,26.1600,26.1600,NULL,'product'),(86,39,NULL,15.0000,0.7500,0.7500,0.7500,0.7500,NULL,'shipping'),(87,40,49,15.0000,1692.0000,1692.0000,1692.0000,1692.0000,NULL,'product'),(88,40,NULL,15.0000,0.7500,0.7500,0.7500,0.7500,NULL,'shipping');

--
-- Table structure for table `sales_payment_transaction`
--

CREATE TABLE `sales_payment_transaction` (
  `transaction_id` int(10) unsigned NOT NULL AUTO_INCREMENT COMMENT 'Transaction ID',
  `parent_id` int(10) unsigned DEFAULT NULL COMMENT 'Parent ID',
  `order_id` int(10) unsigned NOT NULL DEFAULT '0' COMMENT 'Order ID',
  `payment_id` int(10) unsigned NOT NULL DEFAULT '0' COMMENT 'Payment ID',
  `txn_id` varchar(100) DEFAULT NULL COMMENT 'Txn ID',
  `parent_txn_id` varchar(100) DEFAULT NULL COMMENT 'Parent Txn ID',
  `txn_type` varchar(15) DEFAULT NULL COMMENT 'Txn Type',
  `is_closed` smallint(5) unsigned NOT NULL DEFAULT '1' COMMENT 'Is Closed',
  `additional_information` blob COMMENT 'Additional Information',
  `created_at` timestamp NOT NULL DEFAULT CURRENT_TIMESTAMP COMMENT 'Created At',
  PRIMARY KEY (`transaction_id`),
  UNIQUE KEY `SALES_PAYMENT_TRANSACTION_ORDER_ID_PAYMENT_ID_TXN_ID` (`order_id`,`payment_id`,`txn_id`),
  KEY `SALES_PAYMENT_TRANSACTION_PARENT_ID` (`parent_id`),
  KEY `SALES_PAYMENT_TRANSACTION_PAYMENT_ID` (`payment_id`),
  CONSTRAINT `FK_B99FF1A06402D725EBDB0F3A7ECD47A2` FOREIGN KEY (`parent_id`) REFERENCES `sales_payment_transaction` (`transaction_id`) ON DELETE CASCADE,
  CONSTRAINT `SALES_PAYMENT_TRANSACTION_ORDER_ID_SALES_ORDER_ENTITY_ID` FOREIGN KEY (`order_id`) REFERENCES `sales_order` (`entity_id`) ON DELETE CASCADE,
  CONSTRAINT `SALES_PAYMENT_TRANSACTION_PAYMENT_ID_SALES_ORDER_PAYMENT_ENTT_ID` FOREIGN KEY (`payment_id`) REFERENCES `sales_order_payment` (`entity_id`) ON DELETE CASCADE
) ENGINE=InnoDB AUTO_INCREMENT=2 DEFAULT CHARSET=utf8 COMMENT='Sales Payment Transaction';

--
-- Dumping data for table `sales_payment_transaction`
--

INSERT INTO `sales_payment_transaction` VALUES (1,NULL,4,4,'8ac7a4a07e4bd2d9017e4e3cfadf5425',NULL,'capture',1,_binary 'null','2022-01-12 12:24:35');

--
-- Table structure for table `sales_refunded_aggregated`
--

CREATE TABLE `sales_refunded_aggregated` (
  `id` int(10) unsigned NOT NULL AUTO_INCREMENT COMMENT 'ID',
  `period` date DEFAULT NULL COMMENT 'Period',
  `store_id` smallint(5) unsigned DEFAULT NULL COMMENT 'Store ID',
  `order_status` varchar(50) NOT NULL COMMENT 'Order Status',
  `orders_count` int(11) NOT NULL DEFAULT '0' COMMENT 'Orders Count',
  `refunded` decimal(20,4) DEFAULT NULL COMMENT 'Refunded',
  `online_refunded` decimal(20,4) DEFAULT NULL COMMENT 'Online Refunded',
  `offline_refunded` decimal(20,4) DEFAULT NULL COMMENT 'Offline Refunded',
  PRIMARY KEY (`id`),
  UNIQUE KEY `SALES_REFUNDED_AGGREGATED_PERIOD_STORE_ID_ORDER_STATUS` (`period`,`store_id`,`order_status`),
  KEY `SALES_REFUNDED_AGGREGATED_STORE_ID` (`store_id`),
  CONSTRAINT `SALES_REFUNDED_AGGREGATED_STORE_ID_STORE_STORE_ID` FOREIGN KEY (`store_id`) REFERENCES `store` (`store_id`) ON DELETE SET NULL
) ENGINE=InnoDB DEFAULT CHARSET=utf8 COMMENT='Sales Refunded Aggregated';

--
-- Dumping data for table `sales_refunded_aggregated`
--


--
-- Table structure for table `sales_refunded_aggregated_order`
--

CREATE TABLE `sales_refunded_aggregated_order` (
  `id` int(10) unsigned NOT NULL AUTO_INCREMENT COMMENT 'ID',
  `period` date DEFAULT NULL COMMENT 'Period',
  `store_id` smallint(5) unsigned DEFAULT NULL COMMENT 'Store ID',
  `order_status` varchar(50) DEFAULT NULL COMMENT 'Order Status',
  `orders_count` int(11) NOT NULL DEFAULT '0' COMMENT 'Orders Count',
  `refunded` decimal(20,4) DEFAULT NULL COMMENT 'Refunded',
  `online_refunded` decimal(20,4) DEFAULT NULL COMMENT 'Online Refunded',
  `offline_refunded` decimal(20,4) DEFAULT NULL COMMENT 'Offline Refunded',
  PRIMARY KEY (`id`),
  UNIQUE KEY `SALES_REFUNDED_AGGREGATED_ORDER_PERIOD_STORE_ID_ORDER_STATUS` (`period`,`store_id`,`order_status`),
  KEY `SALES_REFUNDED_AGGREGATED_ORDER_STORE_ID` (`store_id`),
  CONSTRAINT `SALES_REFUNDED_AGGREGATED_ORDER_STORE_ID_STORE_STORE_ID` FOREIGN KEY (`store_id`) REFERENCES `store` (`store_id`) ON DELETE SET NULL
) ENGINE=InnoDB DEFAULT CHARSET=utf8 COMMENT='Sales Refunded Aggregated Order';

--
-- Dumping data for table `sales_refunded_aggregated_order`
--


--
-- Table structure for table `sales_sequence_meta`
--

CREATE TABLE `sales_sequence_meta` (
  `meta_id` int(10) unsigned NOT NULL AUTO_INCREMENT COMMENT 'ID',
  `entity_type` varchar(32) NOT NULL COMMENT 'Prefix',
  `store_id` smallint(5) unsigned NOT NULL COMMENT 'Store ID',
  `sequence_table` varchar(64) NOT NULL COMMENT 'table for sequence',
  PRIMARY KEY (`meta_id`),
  UNIQUE KEY `SALES_SEQUENCE_META_ENTITY_TYPE_STORE_ID` (`entity_type`,`store_id`)
) ENGINE=InnoDB AUTO_INCREMENT=13 DEFAULT CHARSET=utf8 COMMENT='sales_sequence_meta';

--
-- Dumping data for table `sales_sequence_meta`
--

INSERT INTO `sales_sequence_meta` VALUES (1,'order',0,'sequence_order_0'),(2,'invoice',0,'sequence_invoice_0'),(3,'creditmemo',0,'sequence_creditmemo_0'),(4,'shipment',0,'sequence_shipment_0'),(5,'order',1,'sequence_order_1'),(6,'invoice',1,'sequence_invoice_1'),(7,'creditmemo',1,'sequence_creditmemo_1'),(8,'shipment',1,'sequence_shipment_1'),(9,'order',2,'sequence_order_2'),(10,'invoice',2,'sequence_invoice_2'),(11,'creditmemo',2,'sequence_creditmemo_2'),(12,'shipment',2,'sequence_shipment_2');

--
-- Table structure for table `sales_sequence_profile`
--

CREATE TABLE `sales_sequence_profile` (
  `profile_id` int(10) unsigned NOT NULL AUTO_INCREMENT COMMENT 'ID',
  `meta_id` int(10) unsigned NOT NULL COMMENT 'Meta_id',
  `prefix` varchar(32) DEFAULT NULL COMMENT 'Prefix',
  `suffix` varchar(32) DEFAULT NULL COMMENT 'Suffix',
  `start_value` int(10) unsigned NOT NULL DEFAULT '1' COMMENT 'Start value for sequence',
  `step` int(10) unsigned NOT NULL DEFAULT '1' COMMENT 'Step for sequence',
  `max_value` int(10) unsigned NOT NULL COMMENT 'MaxValue for sequence',
  `warning_value` int(10) unsigned NOT NULL COMMENT 'WarningValue for sequence',
  `is_active` tinyint(1) NOT NULL DEFAULT '0' COMMENT 'isActive flag',
  PRIMARY KEY (`profile_id`),
  UNIQUE KEY `SALES_SEQUENCE_PROFILE_META_ID_PREFIX_SUFFIX` (`meta_id`,`prefix`,`suffix`),
  CONSTRAINT `SALES_SEQUENCE_PROFILE_META_ID_SALES_SEQUENCE_META_META_ID` FOREIGN KEY (`meta_id`) REFERENCES `sales_sequence_meta` (`meta_id`) ON DELETE CASCADE
) ENGINE=InnoDB AUTO_INCREMENT=13 DEFAULT CHARSET=utf8 COMMENT='sales_sequence_profile';

--
-- Dumping data for table `sales_sequence_profile`
--

INSERT INTO `sales_sequence_profile` VALUES (1,1,NULL,NULL,1,1,4294967295,4294966295,1),(2,2,NULL,NULL,1,1,4294967295,4294966295,1),(3,3,NULL,NULL,1,1,4294967295,4294966295,1),(4,4,NULL,NULL,1,1,4294967295,4294966295,1),(5,5,NULL,NULL,1,1,4294967295,4294966295,1),(6,6,NULL,NULL,1,1,4294967295,4294966295,1),(7,7,NULL,NULL,1,1,4294967295,4294966295,1),(8,8,NULL,NULL,1,1,4294967295,4294966295,1),(9,9,'2',NULL,1,1,4294967295,4294966295,1),(10,10,'2',NULL,1,1,4294967295,4294966295,1),(11,11,'2',NULL,1,1,4294967295,4294966295,1),(12,12,'2',NULL,1,1,4294967295,4294966295,1);

--
-- Table structure for table `sales_shipment`
--

CREATE TABLE `sales_shipment` (
  `entity_id` int(10) unsigned NOT NULL AUTO_INCREMENT COMMENT 'Entity ID',
  `store_id` smallint(5) unsigned DEFAULT NULL COMMENT 'Store ID',
  `total_weight` decimal(12,4) DEFAULT NULL COMMENT 'Total Weight',
  `total_qty` decimal(12,4) DEFAULT NULL COMMENT 'Total Qty',
  `email_sent` smallint(5) unsigned DEFAULT NULL COMMENT 'Email Sent',
  `send_email` smallint(5) unsigned DEFAULT NULL COMMENT 'Send Email',
  `order_id` int(10) unsigned NOT NULL COMMENT 'Order ID',
  `customer_id` int(11) DEFAULT NULL COMMENT 'Customer ID',
  `shipping_address_id` int(11) DEFAULT NULL COMMENT 'Shipping Address ID',
  `billing_address_id` int(11) DEFAULT NULL COMMENT 'Billing Address ID',
  `shipment_status` int(11) DEFAULT NULL COMMENT 'Shipment Status',
  `increment_id` varchar(50) DEFAULT NULL COMMENT 'Increment ID',
  `created_at` timestamp NOT NULL DEFAULT CURRENT_TIMESTAMP COMMENT 'Created At',
  `updated_at` timestamp NOT NULL DEFAULT CURRENT_TIMESTAMP ON UPDATE CURRENT_TIMESTAMP COMMENT 'Updated At',
  `packages` text COMMENT 'Packed Products in Packages',
  `shipping_label` mediumblob COMMENT 'Shipping Label Content',
  `customer_note` text COMMENT 'Customer Note',
  `customer_note_notify` smallint(5) unsigned DEFAULT NULL COMMENT 'Customer Note Notify',
  PRIMARY KEY (`entity_id`),
  UNIQUE KEY `SALES_SHIPMENT_INCREMENT_ID_STORE_ID` (`increment_id`,`store_id`),
  KEY `SALES_SHIPMENT_STORE_ID` (`store_id`),
  KEY `SALES_SHIPMENT_TOTAL_QTY` (`total_qty`),
  KEY `SALES_SHIPMENT_ORDER_ID` (`order_id`),
  KEY `SALES_SHIPMENT_CREATED_AT` (`created_at`),
  KEY `SALES_SHIPMENT_UPDATED_AT` (`updated_at`),
  KEY `SALES_SHIPMENT_SEND_EMAIL` (`send_email`),
  KEY `SALES_SHIPMENT_EMAIL_SENT` (`email_sent`),
  CONSTRAINT `SALES_SHIPMENT_ORDER_ID_SALES_ORDER_ENTITY_ID` FOREIGN KEY (`order_id`) REFERENCES `sales_order` (`entity_id`) ON DELETE CASCADE,
  CONSTRAINT `SALES_SHIPMENT_STORE_ID_STORE_STORE_ID` FOREIGN KEY (`store_id`) REFERENCES `store` (`store_id`) ON DELETE SET NULL
) ENGINE=InnoDB AUTO_INCREMENT=4 DEFAULT CHARSET=utf8 COMMENT='Sales Flat Shipment';

--
-- Dumping data for table `sales_shipment`
--

INSERT INTO `sales_shipment` VALUES (1,1,NULL,1.0000,NULL,NULL,1,1,1,2,NULL,'000000155','2022-01-06 06:44:10','2022-01-06 06:44:10','[]',NULL,NULL,NULL),(2,1,NULL,1.0000,NULL,NULL,2,1,3,4,NULL,'000000156','2022-01-09 12:13:56','2022-01-09 12:13:56','[]',NULL,NULL,NULL),(3,1,NULL,1.0000,NULL,NULL,4,1,6,7,NULL,'000000157','2022-01-12 12:24:22','2022-01-12 12:24:22','[]',NULL,NULL,NULL);

--
-- Table structure for table `sales_shipment_comment`
--

CREATE TABLE `sales_shipment_comment` (
  `entity_id` int(10) unsigned NOT NULL AUTO_INCREMENT COMMENT 'Entity ID',
  `parent_id` int(10) unsigned NOT NULL COMMENT 'Parent ID',
  `is_customer_notified` int(11) DEFAULT NULL COMMENT 'Is Customer Notified',
  `is_visible_on_front` smallint(5) unsigned NOT NULL DEFAULT '0' COMMENT 'Is Visible On Front',
  `comment` text COMMENT 'Comment',
  `created_at` timestamp NOT NULL DEFAULT CURRENT_TIMESTAMP COMMENT 'Created At',
  PRIMARY KEY (`entity_id`),
  KEY `SALES_SHIPMENT_COMMENT_CREATED_AT` (`created_at`),
  KEY `SALES_SHIPMENT_COMMENT_PARENT_ID` (`parent_id`),
  CONSTRAINT `SALES_SHIPMENT_COMMENT_PARENT_ID_SALES_SHIPMENT_ENTITY_ID` FOREIGN KEY (`parent_id`) REFERENCES `sales_shipment` (`entity_id`) ON DELETE CASCADE
) ENGINE=InnoDB DEFAULT CHARSET=utf8 COMMENT='Sales Flat Shipment Comment';

--
-- Dumping data for table `sales_shipment_comment`
--


--
-- Table structure for table `sales_shipment_grid`
--

CREATE TABLE `sales_shipment_grid` (
  `entity_id` int(10) unsigned NOT NULL COMMENT 'Entity ID',
  `increment_id` varchar(50) DEFAULT NULL COMMENT 'Increment ID',
  `store_id` smallint(5) unsigned DEFAULT NULL COMMENT 'Store ID',
  `order_increment_id` varchar(32) NOT NULL COMMENT 'Order Increment ID',
  `order_id` int(10) unsigned NOT NULL COMMENT 'Order ID',
  `order_created_at` timestamp NOT NULL DEFAULT CURRENT_TIMESTAMP COMMENT 'Order Increment ID',
  `customer_name` varchar(128) NOT NULL COMMENT 'Customer Name',
  `total_qty` decimal(12,4) DEFAULT NULL COMMENT 'Total Qty',
  `shipment_status` int(11) DEFAULT NULL COMMENT 'Shipment Status',
  `order_status` varchar(32) DEFAULT NULL COMMENT 'Order',
  `billing_address` varchar(255) DEFAULT NULL COMMENT 'Billing Address',
  `shipping_address` varchar(255) DEFAULT NULL COMMENT 'Shipping Address',
  `billing_name` varchar(128) DEFAULT NULL COMMENT 'Billing Name',
  `shipping_name` varchar(128) DEFAULT NULL COMMENT 'Shipping Name',
  `customer_email` varchar(128) DEFAULT NULL COMMENT 'Customer Email',
  `customer_group_id` int(11) DEFAULT NULL,
  `payment_method` varchar(32) DEFAULT NULL COMMENT 'Payment Method',
  `shipping_information` varchar(255) DEFAULT NULL COMMENT 'Shipping Method Name',
  `created_at` timestamp NULL DEFAULT NULL COMMENT 'Created At',
  `updated_at` timestamp NULL DEFAULT NULL COMMENT 'Updated At',
  PRIMARY KEY (`entity_id`),
  UNIQUE KEY `SALES_SHIPMENT_GRID_INCREMENT_ID_STORE_ID` (`increment_id`,`store_id`),
  KEY `SALES_SHIPMENT_GRID_STORE_ID` (`store_id`),
  KEY `SALES_SHIPMENT_GRID_TOTAL_QTY` (`total_qty`),
  KEY `SALES_SHIPMENT_GRID_ORDER_INCREMENT_ID` (`order_increment_id`),
  KEY `SALES_SHIPMENT_GRID_SHIPMENT_STATUS` (`shipment_status`),
  KEY `SALES_SHIPMENT_GRID_ORDER_STATUS` (`order_status`),
  KEY `SALES_SHIPMENT_GRID_CREATED_AT` (`created_at`),
  KEY `SALES_SHIPMENT_GRID_UPDATED_AT` (`updated_at`),
  KEY `SALES_SHIPMENT_GRID_ORDER_CREATED_AT` (`order_created_at`),
  KEY `SALES_SHIPMENT_GRID_SHIPPING_NAME` (`shipping_name`),
  KEY `SALES_SHIPMENT_GRID_BILLING_NAME` (`billing_name`),
  KEY `SALES_SHIPMENT_GRID_ORDER_ID` (`order_id`),
  FULLTEXT KEY `FTI_086B40C8955F167B8EA76653437879B4` (`increment_id`,`order_increment_id`,`shipping_name`,`customer_name`,`customer_email`,`billing_address`,`shipping_address`)
) ENGINE=InnoDB DEFAULT CHARSET=utf8 COMMENT='Sales Flat Shipment Grid';

--
-- Dumping data for table `sales_shipment_grid`
--

INSERT INTO `sales_shipment_grid` VALUES (1,'000000155',1,'000002476',1,'2022-01-06 05:21:41','Mohamed Amer',1.0000,NULL,'Shipped','Quai,Al-Quwaiyah,Riyadh Province,19970','Quai,Al-Quwaiyah,Riyadh Province,19970','Mohamed Amer','Mohamed Amer','m.amer81993@gmail.com',1,'cashondelivery','Best Way - Table Rate','2022-01-06 06:44:10','2022-01-06 06:44:10'),(2,'000000156',1,'000002477',2,'2022-01-09 11:59:14','Mohamed Amer',1.0000,NULL,'Shipped','Quai,Al-Quwaiyah,Riyadh Province,19970','Quai,Al-Quwaiyah,Riyadh Province,19970','Mohamed Amer','Mohamed Amer','m.amer81993@gmail.com',1,'cashondelivery','Best Way - Table Rate','2022-01-09 12:13:56','2022-01-09 12:13:56'),(3,'000000157',1,'000002479',4,'2022-01-12 12:21:14','Mohamed Amer',1.0000,NULL,'Shipped','Quai,Al-Quwaiyah,Riyadh Province,19970','Quai,Al-Quwaiyah,Riyadh Province,19970','Mohamed Amer','Mohamed Amer','m.amer81993@gmail.com',1,'HyperPay_Mada','Best Way - Table Rate','2022-01-12 12:24:22','2022-01-12 12:24:22');

--
-- Table structure for table `sales_shipment_item`
--

CREATE TABLE `sales_shipment_item` (
  `entity_id` int(10) unsigned NOT NULL AUTO_INCREMENT COMMENT 'Entity ID',
  `parent_id` int(10) unsigned NOT NULL COMMENT 'Parent ID',
  `row_total` decimal(20,4) DEFAULT NULL COMMENT 'Row Total',
  `price` decimal(20,4) DEFAULT NULL COMMENT 'Price',
  `weight` decimal(12,4) DEFAULT NULL COMMENT 'Weight',
  `qty` decimal(12,4) DEFAULT NULL COMMENT 'Qty',
  `product_id` int(11) DEFAULT NULL COMMENT 'Product ID',
  `order_item_id` int(11) DEFAULT NULL COMMENT 'Order Item ID',
  `additional_data` text COMMENT 'Additional Data',
  `description` text COMMENT 'Description',
  `name` varchar(255) DEFAULT NULL COMMENT 'Name',
  `sku` varchar(255) DEFAULT NULL COMMENT 'Sku',
  PRIMARY KEY (`entity_id`),
  KEY `SALES_SHIPMENT_ITEM_PARENT_ID` (`parent_id`),
  CONSTRAINT `SALES_SHIPMENT_ITEM_PARENT_ID_SALES_SHIPMENT_ENTITY_ID` FOREIGN KEY (`parent_id`) REFERENCES `sales_shipment` (`entity_id`) ON DELETE CASCADE
) ENGINE=InnoDB AUTO_INCREMENT=4 DEFAULT CHARSET=utf8 COMMENT='Sales Flat Shipment Item';

--
-- Dumping data for table `sales_shipment_item`
--

INSERT INTO `sales_shipment_item` VALUES (1,1,NULL,85.0000,10.0000,1.0000,767,1,NULL,NULL,'Sharp MX-B20FT1 Black Toner','201190168'),(2,2,NULL,290.0000,10.0000,1.0000,757,2,NULL,NULL,'Konica Minolta Yellow Toner for MC1600 Series','2011900192'),(3,3,NULL,1900.0000,10.0000,1.0000,931,4,NULL,NULL,'44 Prints Per Minute A4 Black Multifunction Printer with Network','20109021');

--
-- Table structure for table `sales_shipment_track`
--

CREATE TABLE `sales_shipment_track` (
  `entity_id` int(10) unsigned NOT NULL AUTO_INCREMENT COMMENT 'Entity ID',
  `parent_id` int(10) unsigned NOT NULL COMMENT 'Parent ID',
  `weight` decimal(12,4) DEFAULT NULL COMMENT 'Weight',
  `qty` decimal(12,4) DEFAULT NULL COMMENT 'Qty',
  `order_id` int(10) unsigned NOT NULL COMMENT 'Order ID',
  `track_number` text COMMENT 'Number',
  `description` text COMMENT 'Description',
  `title` varchar(255) DEFAULT NULL COMMENT 'Title',
  `carrier_code` varchar(32) DEFAULT NULL COMMENT 'Carrier Code',
  `created_at` timestamp NOT NULL DEFAULT CURRENT_TIMESTAMP COMMENT 'Created At',
  `updated_at` timestamp NOT NULL DEFAULT CURRENT_TIMESTAMP ON UPDATE CURRENT_TIMESTAMP COMMENT 'Updated At',
  PRIMARY KEY (`entity_id`),
  KEY `SALES_SHIPMENT_TRACK_PARENT_ID` (`parent_id`),
  KEY `SALES_SHIPMENT_TRACK_ORDER_ID` (`order_id`),
  KEY `SALES_SHIPMENT_TRACK_CREATED_AT` (`created_at`),
  CONSTRAINT `SALES_SHIPMENT_TRACK_PARENT_ID_SALES_SHIPMENT_ENTITY_ID` FOREIGN KEY (`parent_id`) REFERENCES `sales_shipment` (`entity_id`) ON DELETE CASCADE
) ENGINE=InnoDB DEFAULT CHARSET=utf8 COMMENT='Sales Flat Shipment Track';

--
-- Dumping data for table `sales_shipment_track`
--


--
-- Table structure for table `sales_shipping_aggregated`
--

CREATE TABLE `sales_shipping_aggregated` (
  `id` int(10) unsigned NOT NULL AUTO_INCREMENT COMMENT 'ID',
  `period` date DEFAULT NULL COMMENT 'Period',
  `store_id` smallint(5) unsigned DEFAULT NULL COMMENT 'Store ID',
  `order_status` varchar(50) DEFAULT NULL COMMENT 'Order Status',
  `shipping_description` varchar(255) DEFAULT NULL COMMENT 'Shipping Description',
  `orders_count` int(11) NOT NULL DEFAULT '0' COMMENT 'Orders Count',
  `total_shipping` decimal(20,4) DEFAULT NULL COMMENT 'Total Shipping',
  `total_shipping_actual` decimal(20,4) DEFAULT NULL COMMENT 'Total Shipping Actual',
  PRIMARY KEY (`id`),
  UNIQUE KEY `SALES_SHPP_AGGRED_PERIOD_STORE_ID_ORDER_STS_SHPP_DESCRIPTION` (`period`,`store_id`,`order_status`,`shipping_description`),
  KEY `SALES_SHIPPING_AGGREGATED_STORE_ID` (`store_id`),
  CONSTRAINT `SALES_SHIPPING_AGGREGATED_STORE_ID_STORE_STORE_ID` FOREIGN KEY (`store_id`) REFERENCES `store` (`store_id`) ON DELETE SET NULL
) ENGINE=InnoDB AUTO_INCREMENT=13 DEFAULT CHARSET=utf8 COMMENT='Sales Shipping Aggregated';

--
-- Dumping data for table `sales_shipping_aggregated`
--

INSERT INTO `sales_shipping_aggregated` VALUES (7,'2022-01-06',1,'complete','Best Way - Table Rate',1,35.0000,35.0000),(8,'2022-01-09',1,'complete','Best Way - Table Rate',1,35.0000,35.0000),(9,'2022-01-12',1,'complete','Best Way - Table Rate',1,35.0000,35.0000),(10,'2022-01-06',0,'complete','Best Way - Table Rate',1,35.0000,35.0000),(11,'2022-01-09',0,'complete','Best Way - Table Rate',1,35.0000,35.0000),(12,'2022-01-12',0,'complete','Best Way - Table Rate',1,35.0000,35.0000);

--
-- Table structure for table `sales_shipping_aggregated_order`
--

CREATE TABLE `sales_shipping_aggregated_order` (
  `id` int(10) unsigned NOT NULL AUTO_INCREMENT COMMENT 'ID',
  `period` date DEFAULT NULL COMMENT 'Period',
  `store_id` smallint(5) unsigned DEFAULT NULL COMMENT 'Store ID',
  `order_status` varchar(50) DEFAULT NULL COMMENT 'Order Status',
  `shipping_description` varchar(255) DEFAULT NULL COMMENT 'Shipping Description',
  `orders_count` int(11) NOT NULL DEFAULT '0' COMMENT 'Orders Count',
  `total_shipping` decimal(20,4) DEFAULT NULL COMMENT 'Total Shipping',
  `total_shipping_actual` decimal(20,4) DEFAULT NULL COMMENT 'Total Shipping Actual',
  PRIMARY KEY (`id`),
  UNIQUE KEY `UNQ_C05FAE47282EEA68654D0924E946761F` (`period`,`store_id`,`order_status`,`shipping_description`),
  KEY `SALES_SHIPPING_AGGREGATED_ORDER_STORE_ID` (`store_id`),
  CONSTRAINT `SALES_SHIPPING_AGGREGATED_ORDER_STORE_ID_STORE_STORE_ID` FOREIGN KEY (`store_id`) REFERENCES `store` (`store_id`) ON DELETE SET NULL
) ENGINE=InnoDB AUTO_INCREMENT=19 DEFAULT CHARSET=utf8 COMMENT='Sales Shipping Aggregated Order';

--
-- Dumping data for table `sales_shipping_aggregated_order`
--

INSERT INTO `sales_shipping_aggregated_order` VALUES (7,'2022-08-05',1,'canceled','Flat Rate - Fixed',1,10.0000,NULL),(8,'2022-01-06',1,'complete','Best Way - Table Rate',1,35.0000,35.0000),(9,'2022-01-09',1,'complete','Best Way - Table Rate',1,35.0000,35.0000),(10,'2022-01-12',1,'complete','Best Way - Table Rate',1,35.0000,35.0000),(11,'2022-06-06',1,'holded','Best Way - Table Rate',1,70.0000,NULL),(14,'2022-08-05',0,'canceled','Flat Rate - Fixed',1,10.0000,NULL),(15,'2022-01-06',0,'complete','Best Way - Table Rate',1,35.0000,35.0000),(16,'2022-01-09',0,'complete','Best Way - Table Rate',1,35.0000,35.0000),(17,'2022-01-12',0,'complete','Best Way - Table Rate',1,35.0000,35.0000),(18,'2022-06-06',0,'holded','Best Way - Table Rate',1,70.0000,NULL);

--
-- Table structure for table `salesrule`
--

CREATE TABLE `salesrule` (
  `rule_id` int(10) unsigned NOT NULL AUTO_INCREMENT COMMENT 'Entity ID',
  `name` varchar(255) DEFAULT NULL COMMENT 'Name',
  `description` text COMMENT 'Description',
  `from_date` date DEFAULT NULL COMMENT 'From',
  `to_date` date DEFAULT NULL COMMENT 'To',
  `uses_per_customer` int(11) NOT NULL DEFAULT '0' COMMENT 'Uses Per Customer',
  `is_active` smallint(6) NOT NULL DEFAULT '0' COMMENT 'Is Active',
  `conditions_serialized` mediumtext COMMENT 'Conditions Serialized',
  `actions_serialized` mediumtext COMMENT 'Actions Serialized',
  `stop_rules_processing` smallint(6) NOT NULL DEFAULT '1' COMMENT 'Stop Rules Processing',
  `is_advanced` smallint(5) unsigned NOT NULL DEFAULT '1' COMMENT 'Is Advanced',
  `product_ids` text COMMENT 'Product Ids',
  `sort_order` int(10) unsigned NOT NULL DEFAULT '0' COMMENT 'Sort Order',
  `simple_action` varchar(32) DEFAULT NULL COMMENT 'Simple Action',
  `discount_amount` decimal(12,4) NOT NULL DEFAULT '0.0000' COMMENT 'Discount Amount',
  `discount_qty` decimal(12,4) DEFAULT NULL COMMENT 'Discount Qty',
  `discount_step` int(10) unsigned NOT NULL DEFAULT '0' COMMENT 'Discount Step',
  `apply_to_shipping` smallint(5) unsigned NOT NULL DEFAULT '0' COMMENT 'Apply To Shipping',
  `times_used` int(10) unsigned NOT NULL DEFAULT '0' COMMENT 'Times Used',
  `is_rss` smallint(6) NOT NULL DEFAULT '0' COMMENT 'Is Rss',
  `coupon_type` smallint(5) unsigned NOT NULL DEFAULT '1' COMMENT 'Coupon Type',
  `use_auto_generation` smallint(6) NOT NULL DEFAULT '0' COMMENT 'Use Auto Generation',
  `uses_per_coupon` int(11) NOT NULL DEFAULT '0' COMMENT 'User Per Coupon',
  `simple_free_shipping` smallint(5) unsigned NOT NULL DEFAULT '0' COMMENT 'Simple Free Shipping',
  PRIMARY KEY (`rule_id`),
  KEY `SALESRULE_IS_ACTIVE_SORT_ORDER_TO_DATE_FROM_DATE` (`is_active`,`sort_order`,`to_date`,`from_date`)
) ENGINE=InnoDB AUTO_INCREMENT=12 DEFAULT CHARSET=utf8 COMMENT='Salesrule';

--
-- Dumping data for table `salesrule`
--

INSERT INTO `salesrule` VALUES (1,'test coupon','','2021-04-14','2022-04-28',100,1,'{\"type\":\"Magento\\\\SalesRule\\\\Model\\\\Rule\\\\Condition\\\\Combine\",\"attribute\":null,\"operator\":null,\"value\":\"1\",\"is_value_processed\":null,\"aggregator\":\"all\",\"conditions\":[{\"type\":\"Magento\\\\SalesRule\\\\Model\\\\Rule\\\\Condition\\\\Address\",\"attribute\":\"base_subtotal\",\"operator\":\">\",\"value\":\"100\",\"is_value_processed\":false}]}','{\"type\":\"Magento\\\\SalesRule\\\\Model\\\\Rule\\\\Condition\\\\Product\\\\Combine\",\"attribute\":null,\"operator\":null,\"value\":\"1\",\"is_value_processed\":null,\"aggregator\":\"all\"}',0,1,NULL,0,'by_fixed',100.0000,1.0000,0,0,10,1,2,0,100,0),(2,'samircart1','','2021-05-25','2021-05-31',3,0,'{\"type\":\"Magento\\\\SalesRule\\\\Model\\\\Rule\\\\Condition\\\\Combine\",\"attribute\":null,\"operator\":null,\"value\":\"1\",\"is_value_processed\":null,\"aggregator\":\"all\"}','{\"type\":\"Magento\\\\SalesRule\\\\Model\\\\Rule\\\\Condition\\\\Product\\\\Combine\",\"attribute\":null,\"operator\":null,\"value\":\"1\",\"is_value_processed\":null,\"aggregator\":\"all\"}',0,1,NULL,0,'by_percent',30.0000,2.0000,3,0,0,1,2,0,3,0),(3,'Get 15% off','Get 15% off','2021-05-18','2021-05-31',0,0,'{\"type\":\"Magento\\\\SalesRule\\\\Model\\\\Rule\\\\Condition\\\\Combine\",\"attribute\":null,\"operator\":null,\"value\":\"1\",\"is_value_processed\":null,\"aggregator\":\"all\",\"conditions\":[{\"type\":\"Magento\\\\SalesRule\\\\Model\\\\Rule\\\\Condition\\\\Address\",\"attribute\":\"base_subtotal_with_discount\",\"operator\":\">=\",\"value\":\"2000\",\"is_value_processed\":false}]}','{\"type\":\"Magento\\\\SalesRule\\\\Model\\\\Rule\\\\Condition\\\\Product\\\\Combine\",\"attribute\":null,\"operator\":null,\"value\":\"1\",\"is_value_processed\":null,\"aggregator\":\"all\"}',0,1,NULL,1,'by_percent',15.0000,NULL,0,0,1,1,1,0,0,0),(4,'Free Shipping','','2021-05-18','2021-05-31',0,0,'{\"type\":\"Magento\\\\SalesRule\\\\Model\\\\Rule\\\\Condition\\\\Combine\",\"attribute\":null,\"operator\":null,\"value\":\"1\",\"is_value_processed\":null,\"aggregator\":\"all\",\"conditions\":[{\"type\":\"Magento\\\\SalesRule\\\\Model\\\\Rule\\\\Condition\\\\Address\",\"attribute\":\"base_subtotal_with_discount\",\"operator\":\">\",\"value\":\"3000\",\"is_value_processed\":false}]}','{\"type\":\"Magento\\\\SalesRule\\\\Model\\\\Rule\\\\Condition\\\\Product\\\\Combine\",\"attribute\":null,\"operator\":null,\"value\":\"1\",\"is_value_processed\":null,\"aggregator\":\"all\",\"conditions\":[{\"type\":\"Magento\\\\SalesRule\\\\Model\\\\Rule\\\\Condition\\\\Product\",\"attribute\":\"quote_item_price\",\"operator\":\">=\",\"value\":\"2000\",\"is_value_processed\":false,\"attribute_scope\":\"\"}]}',0,1,NULL,1,'by_percent',0.0000,NULL,0,0,0,1,1,0,0,2),(5,'20% Off on above 1000','20% Off on above 1000','2021-05-18','2021-10-31',1000,1,'{\"type\":\"Magento\\\\SalesRule\\\\Model\\\\Rule\\\\Condition\\\\Combine\",\"attribute\":null,\"operator\":null,\"value\":\"1\",\"is_value_processed\":null,\"aggregator\":\"all\",\"conditions\":[{\"type\":\"Magento\\\\SalesRule\\\\Model\\\\Rule\\\\Condition\\\\Address\",\"attribute\":\"base_subtotal_with_discount\",\"operator\":\">=\",\"value\":\"2000\",\"is_value_processed\":false},{\"type\":\"Magento\\\\SalesRule\\\\Model\\\\Rule\\\\Condition\\\\Product\\\\Found\",\"attribute\":null,\"operator\":null,\"value\":\"1\",\"is_value_processed\":null,\"aggregator\":\"all\",\"conditions\":[{\"type\":\"Magento\\\\SalesRule\\\\Model\\\\Rule\\\\Condition\\\\Product\",\"attribute\":\"attribute_set_id\",\"operator\":\"==\",\"value\":\"11\",\"is_value_processed\":false,\"attribute_scope\":\"\"}]}]}','{\"type\":\"Magento\\\\SalesRule\\\\Model\\\\Rule\\\\Condition\\\\Product\\\\Combine\",\"attribute\":null,\"operator\":null,\"value\":\"1\",\"is_value_processed\":null,\"aggregator\":\"all\"}',0,1,NULL,1,'by_percent',20.0000,NULL,0,0,2,1,2,0,10000,0),(6,'10% off ','','2021-09-14','2021-09-30',1,1,'{\"type\":\"Magento\\\\SalesRule\\\\Model\\\\Rule\\\\Condition\\\\Combine\",\"attribute\":null,\"operator\":null,\"value\":\"1\",\"is_value_processed\":null,\"aggregator\":\"all\",\"conditions\":[{\"type\":\"Magento\\\\SalesRule\\\\Model\\\\Rule\\\\Condition\\\\Address\",\"attribute\":\"base_subtotal\",\"operator\":\">=\",\"value\":\"1000\",\"is_value_processed\":false}]}','{\"type\":\"Magento\\\\SalesRule\\\\Model\\\\Rule\\\\Condition\\\\Product\\\\Combine\",\"attribute\":null,\"operator\":null,\"value\":\"1\",\"is_value_processed\":null,\"aggregator\":\"all\"}',0,1,NULL,0,'by_fixed',50.0000,NULL,0,0,3,1,1,0,0,0),(7,'-100 SR on Cart','','2021-10-06','2021-10-09',1,1,'{\"type\":\"Magento\\\\SalesRule\\\\Model\\\\Rule\\\\Condition\\\\Combine\",\"attribute\":null,\"operator\":null,\"value\":\"1\",\"is_value_processed\":null,\"aggregator\":\"all\",\"conditions\":[{\"type\":\"Magento\\\\SalesRule\\\\Model\\\\Rule\\\\Condition\\\\Address\",\"attribute\":\"base_subtotal\",\"operator\":\">=\",\"value\":\"2000\",\"is_value_processed\":false}]}','{\"type\":\"Magento\\\\SalesRule\\\\Model\\\\Rule\\\\Condition\\\\Product\\\\Combine\",\"attribute\":null,\"operator\":null,\"value\":\"1\",\"is_value_processed\":null,\"aggregator\":\"all\"}',0,1,NULL,1,'cart_fixed',100.0000,NULL,0,0,0,1,2,0,1,0),(8,'Buy 3 tee shirts and get the 4th free','Buy 3 tee shirts and get the 4th free',NULL,NULL,0,1,'{\"type\":\"Magento\\\\SalesRule\\\\Model\\\\Rule\\\\Condition\\\\Combine\",\"attribute\":null,\"operator\":null,\"value\":\"1\",\"is_value_processed\":null,\"aggregator\":\"all\",\"conditions\":[{\"type\":\"Magento\\\\SalesRule\\\\Model\\\\Rule\\\\Condition\\\\Product\\\\Found\",\"attribute\":null,\"operator\":null,\"value\":\"1\",\"is_value_processed\":null,\"aggregator\":\"all\",\"conditions\":[{\"type\":\"Magento\\\\SalesRule\\\\Model\\\\Rule\\\\Condition\\\\Product\",\"attribute\":\"category_ids\",\"operator\":\"()\",\"value\":\"71,62\",\"is_value_processed\":false,\"attribute_scope\":null}]}]}','{\"type\":\"Magento\\\\SalesRule\\\\Model\\\\Rule\\\\Condition\\\\Product\\\\Combine\",\"attribute\":null,\"operator\":null,\"value\":\"1\",\"is_value_processed\":null,\"aggregator\":\"all\"}',0,1,NULL,0,'buy_x_get_y',1.0000,NULL,3,0,0,1,1,0,0,0),(9,'Spend $50 or more - shipping is free!','Free shipping on any purchase over $50',NULL,NULL,0,1,'{\"type\":\"Magento\\\\SalesRule\\\\Model\\\\Rule\\\\Condition\\\\Combine\",\"attribute\":null,\"operator\":null,\"value\":\"1\",\"is_value_processed\":null,\"aggregator\":\"all\",\"conditions\":[{\"type\":\"Magento\\\\SalesRule\\\\Model\\\\Rule\\\\Condition\\\\Address\",\"attribute\":\"base_subtotal\",\"operator\":\">=\",\"value\":\"50\",\"is_value_processed\":false}]}','{\"type\":\"Magento\\\\SalesRule\\\\Model\\\\Rule\\\\Condition\\\\Product\\\\Combine\",\"attribute\":null,\"operator\":null,\"value\":\"1\",\"is_value_processed\":null,\"aggregator\":\"all\"}',0,1,NULL,0,'by_percent',0.0000,NULL,0,0,0,1,1,0,0,2),(10,'20% OFF Ever $200-plus purchase!*','Shopping cart price rule for the cart over $200. Does not applied on other sales items',NULL,NULL,0,1,'{\"type\":\"Magento\\\\SalesRule\\\\Model\\\\Rule\\\\Condition\\\\Combine\",\"attribute\":null,\"operator\":null,\"value\":\"1\",\"is_value_processed\":null,\"aggregator\":\"all\",\"conditions\":[{\"type\":\"Magento\\\\SalesRule\\\\Model\\\\Rule\\\\Condition\\\\Address\",\"attribute\":\"base_subtotal\",\"operator\":\">=\",\"value\":\"200\",\"is_value_processed\":false}]}','{\"type\":\"Magento\\\\SalesRule\\\\Model\\\\Rule\\\\Condition\\\\Product\\\\Combine\",\"attribute\":null,\"operator\":null,\"value\":\"1\",\"is_value_processed\":null,\"aggregator\":\"all\",\"conditions\":[{\"type\":\"Magento\\\\SalesRule\\\\Model\\\\Rule\\\\Condition\\\\Product\\\\Combine\",\"attribute\":null,\"operator\":null,\"value\":\"0\",\"is_value_processed\":null,\"aggregator\":\"all\",\"conditions\":[{\"type\":\"Magento\\\\SalesRule\\\\Model\\\\Rule\\\\Condition\\\\Product\",\"attribute\":\"category_ids\",\"operator\":\"==\",\"value\":\"52\",\"is_value_processed\":false,\"attribute_scope\":null},{\"type\":\"Magento\\\\SalesRule\\\\Model\\\\Rule\\\\Condition\\\\Product\",\"attribute\":\"sale\",\"operator\":\"==\",\"value\":\"1\",\"is_value_processed\":false,\"attribute_scope\":null}]}]}',0,1,NULL,0,'by_percent',20.0000,NULL,0,0,0,1,1,0,0,0),(11,'$4 Luma water bottle (save 70%)','Use promo code H20 at checkout',NULL,NULL,1,1,'{\"type\":\"Magento\\\\SalesRule\\\\Model\\\\Rule\\\\Condition\\\\Combine\",\"attribute\":null,\"operator\":null,\"value\":\"1\",\"is_value_processed\":null,\"aggregator\":\"all\",\"conditions\":[{\"type\":\"Magento\\\\SalesRule\\\\Model\\\\Rule\\\\Condition\\\\Product\\\\Found\",\"attribute\":null,\"operator\":null,\"value\":\"1\",\"is_value_processed\":null,\"aggregator\":\"all\"}]}','{\"type\":\"Magento\\\\SalesRule\\\\Model\\\\Rule\\\\Condition\\\\Product\\\\Combine\",\"attribute\":null,\"operator\":null,\"value\":\"1\",\"is_value_processed\":null,\"aggregator\":\"all\",\"conditions\":[{\"type\":\"Magento\\\\SalesRule\\\\Model\\\\Rule\\\\Condition\\\\Product\",\"attribute\":\"sku\",\"operator\":\"==\",\"value\":\"24-UG06\",\"is_value_processed\":false,\"attribute_scope\":null}]}',0,1,NULL,0,'by_percent',70.0000,NULL,0,0,0,1,2,0,0,0);

--
-- Table structure for table `salesrule_coupon`
--

CREATE TABLE `salesrule_coupon` (
  `coupon_id` int(10) unsigned NOT NULL AUTO_INCREMENT COMMENT 'Coupon ID',
  `rule_id` int(10) unsigned NOT NULL COMMENT 'Rule ID',
  `code` varchar(255) DEFAULT NULL COMMENT 'Code',
  `usage_limit` int(10) unsigned DEFAULT NULL COMMENT 'Usage Limit',
  `usage_per_customer` int(10) unsigned DEFAULT NULL COMMENT 'Usage Per Customer',
  `times_used` int(10) unsigned NOT NULL DEFAULT '0' COMMENT 'Times Used',
  `expiration_date` datetime DEFAULT NULL COMMENT 'Expiration Date',
  `is_primary` smallint(5) unsigned DEFAULT NULL COMMENT 'Is Primary',
  `created_at` timestamp NULL DEFAULT NULL COMMENT 'Coupon Code Creation Date',
  `type` smallint(6) DEFAULT '0' COMMENT 'Coupon Code Type',
  `generated_by_dotmailer` smallint(6) DEFAULT NULL COMMENT '1 = Generated by dotmailer',
  PRIMARY KEY (`coupon_id`),
  UNIQUE KEY `SALESRULE_COUPON_CODE` (`code`),
  UNIQUE KEY `SALESRULE_COUPON_RULE_ID_IS_PRIMARY` (`rule_id`,`is_primary`),
  KEY `SALESRULE_COUPON_RULE_ID` (`rule_id`),
  CONSTRAINT `SALESRULE_COUPON_RULE_ID_SALESRULE_RULE_ID` FOREIGN KEY (`rule_id`) REFERENCES `salesrule` (`rule_id`) ON DELETE CASCADE
) ENGINE=InnoDB AUTO_INCREMENT=7 DEFAULT CHARSET=utf8 COMMENT='Salesrule Coupon';

--
-- Dumping data for table `salesrule_coupon`
--

INSERT INTO `salesrule_coupon` VALUES (1,1,'test1234',100,100,10,NULL,1,NULL,0,NULL),(2,2,'samsam',3,3,0,NULL,1,NULL,0,NULL),(4,5,'get10',10000,1000,2,NULL,1,NULL,0,NULL),(5,7,'100SR',1,1,0,NULL,1,NULL,0,NULL),(6,11,'H20',NULL,1,0,NULL,1,NULL,0,NULL);

--
-- Table structure for table `salesrule_coupon_aggregated`
--

CREATE TABLE `salesrule_coupon_aggregated` (
  `id` int(10) unsigned NOT NULL AUTO_INCREMENT COMMENT 'ID',
  `period` date NOT NULL COMMENT 'Period',
  `store_id` smallint(5) unsigned DEFAULT NULL COMMENT 'Store ID',
  `order_status` varchar(50) DEFAULT NULL COMMENT 'Order Status',
  `coupon_code` varchar(50) DEFAULT NULL COMMENT 'Coupon Code',
  `coupon_uses` int(11) NOT NULL DEFAULT '0' COMMENT 'Coupon Uses',
  `subtotal_amount` decimal(20,4) NOT NULL DEFAULT '0.0000' COMMENT 'Subtotal Amount',
  `discount_amount` decimal(12,4) NOT NULL DEFAULT '0.0000' COMMENT 'Discount Amount',
  `total_amount` decimal(20,4) NOT NULL DEFAULT '0.0000' COMMENT 'Total Amount',
  `subtotal_amount_actual` decimal(20,4) NOT NULL DEFAULT '0.0000' COMMENT 'Subtotal Amount Actual',
  `discount_amount_actual` decimal(12,4) NOT NULL DEFAULT '0.0000' COMMENT 'Discount Amount Actual',
  `total_amount_actual` decimal(20,4) NOT NULL DEFAULT '0.0000' COMMENT 'Total Amount Actual',
  `rule_name` varchar(255) DEFAULT NULL COMMENT 'Rule Name',
  PRIMARY KEY (`id`),
  UNIQUE KEY `SALESRULE_COUPON_AGGRED_PERIOD_STORE_ID_ORDER_STS_COUPON_CODE` (`period`,`store_id`,`order_status`,`coupon_code`),
  KEY `SALESRULE_COUPON_AGGREGATED_STORE_ID` (`store_id`),
  KEY `SALESRULE_COUPON_AGGREGATED_RULE_NAME` (`rule_name`),
  CONSTRAINT `SALESRULE_COUPON_AGGREGATED_STORE_ID_STORE_STORE_ID` FOREIGN KEY (`store_id`) REFERENCES `store` (`store_id`) ON DELETE CASCADE
) ENGINE=InnoDB DEFAULT CHARSET=utf8 COMMENT='Coupon Aggregated';

--
-- Dumping data for table `salesrule_coupon_aggregated`
--


--
-- Table structure for table `salesrule_coupon_aggregated_order`
--

CREATE TABLE `salesrule_coupon_aggregated_order` (
  `id` int(10) unsigned NOT NULL AUTO_INCREMENT COMMENT 'ID',
  `period` date NOT NULL COMMENT 'Period',
  `store_id` smallint(5) unsigned DEFAULT NULL COMMENT 'Store ID',
  `order_status` varchar(50) DEFAULT NULL COMMENT 'Order Status',
  `coupon_code` varchar(50) DEFAULT NULL COMMENT 'Coupon Code',
  `coupon_uses` int(11) NOT NULL DEFAULT '0' COMMENT 'Coupon Uses',
  `subtotal_amount` decimal(20,4) NOT NULL DEFAULT '0.0000' COMMENT 'Subtotal Amount',
  `discount_amount` decimal(12,4) NOT NULL DEFAULT '0.0000' COMMENT 'Discount Amount',
  `total_amount` decimal(20,4) NOT NULL DEFAULT '0.0000' COMMENT 'Total Amount',
  `rule_name` varchar(255) DEFAULT NULL COMMENT 'Rule Name',
  PRIMARY KEY (`id`),
  UNIQUE KEY `UNQ_1094D1FBBCBB11704A29DEF3ACC37D2B` (`period`,`store_id`,`order_status`,`coupon_code`),
  KEY `SALESRULE_COUPON_AGGREGATED_ORDER_STORE_ID` (`store_id`),
  KEY `SALESRULE_COUPON_AGGREGATED_ORDER_RULE_NAME` (`rule_name`),
  CONSTRAINT `SALESRULE_COUPON_AGGREGATED_ORDER_STORE_ID_STORE_STORE_ID` FOREIGN KEY (`store_id`) REFERENCES `store` (`store_id`) ON DELETE CASCADE
) ENGINE=InnoDB DEFAULT CHARSET=utf8 COMMENT='Coupon Aggregated Order';

--
-- Dumping data for table `salesrule_coupon_aggregated_order`
--


--
-- Table structure for table `salesrule_coupon_aggregated_updated`
--

CREATE TABLE `salesrule_coupon_aggregated_updated` (
  `id` int(10) unsigned NOT NULL AUTO_INCREMENT COMMENT 'ID',
  `period` date NOT NULL COMMENT 'Period',
  `store_id` smallint(5) unsigned DEFAULT NULL COMMENT 'Store ID',
  `order_status` varchar(50) DEFAULT NULL COMMENT 'Order Status',
  `coupon_code` varchar(50) DEFAULT NULL COMMENT 'Coupon Code',
  `coupon_uses` int(11) NOT NULL DEFAULT '0' COMMENT 'Coupon Uses',
  `subtotal_amount` decimal(20,4) NOT NULL DEFAULT '0.0000' COMMENT 'Subtotal Amount',
  `discount_amount` decimal(12,4) NOT NULL DEFAULT '0.0000' COMMENT 'Discount Amount',
  `total_amount` decimal(20,4) NOT NULL DEFAULT '0.0000' COMMENT 'Total Amount',
  `subtotal_amount_actual` decimal(20,4) NOT NULL DEFAULT '0.0000' COMMENT 'Subtotal Amount Actual',
  `discount_amount_actual` decimal(12,4) NOT NULL DEFAULT '0.0000' COMMENT 'Discount Amount Actual',
  `total_amount_actual` decimal(20,4) NOT NULL DEFAULT '0.0000' COMMENT 'Total Amount Actual',
  `rule_name` varchar(255) DEFAULT NULL COMMENT 'Rule Name',
  PRIMARY KEY (`id`),
  UNIQUE KEY `UNQ_7196FA120A4F0F84E1B66605E87E213E` (`period`,`store_id`,`order_status`,`coupon_code`),
  KEY `SALESRULE_COUPON_AGGREGATED_UPDATED_STORE_ID` (`store_id`),
  KEY `SALESRULE_COUPON_AGGREGATED_UPDATED_RULE_NAME` (`rule_name`),
  CONSTRAINT `SALESRULE_COUPON_AGGREGATED_UPDATED_STORE_ID_STORE_STORE_ID` FOREIGN KEY (`store_id`) REFERENCES `store` (`store_id`) ON DELETE CASCADE
) ENGINE=InnoDB DEFAULT CHARSET=utf8 COMMENT='Salesrule Coupon Aggregated Updated';

--
-- Dumping data for table `salesrule_coupon_aggregated_updated`
--


--
-- Table structure for table `salesrule_coupon_usage`
--

CREATE TABLE `salesrule_coupon_usage` (
  `coupon_id` int(10) unsigned NOT NULL COMMENT 'Coupon ID',
  `customer_id` int(10) unsigned NOT NULL COMMENT 'Customer ID',
  `times_used` int(10) unsigned NOT NULL DEFAULT '0' COMMENT 'Times Used',
  PRIMARY KEY (`coupon_id`,`customer_id`),
  KEY `SALESRULE_COUPON_USAGE_CUSTOMER_ID` (`customer_id`),
  CONSTRAINT `SALESRULE_COUPON_USAGE_COUPON_ID_SALESRULE_COUPON_COUPON_ID` FOREIGN KEY (`coupon_id`) REFERENCES `salesrule_coupon` (`coupon_id`) ON DELETE CASCADE,
  CONSTRAINT `SALESRULE_COUPON_USAGE_CUSTOMER_ID_CUSTOMER_ENTITY_ENTITY_ID` FOREIGN KEY (`customer_id`) REFERENCES `customer_entity` (`entity_id`) ON DELETE CASCADE
) ENGINE=InnoDB DEFAULT CHARSET=utf8 COMMENT='Salesrule Coupon Usage';

--
-- Dumping data for table `salesrule_coupon_usage`
--

INSERT INTO `salesrule_coupon_usage` VALUES (1,1,5),(4,38,1);

--
-- Table structure for table `salesrule_customer`
--

CREATE TABLE `salesrule_customer` (
  `rule_customer_id` int(10) unsigned NOT NULL AUTO_INCREMENT COMMENT 'Rule Customer ID',
  `rule_id` int(10) unsigned NOT NULL DEFAULT '0' COMMENT 'Rule ID',
  `customer_id` int(10) unsigned NOT NULL DEFAULT '0' COMMENT 'Customer ID',
  `times_used` smallint(5) unsigned NOT NULL DEFAULT '0' COMMENT 'Times Used',
  PRIMARY KEY (`rule_customer_id`),
  KEY `SALESRULE_CUSTOMER_RULE_ID_CUSTOMER_ID` (`rule_id`,`customer_id`),
  KEY `SALESRULE_CUSTOMER_CUSTOMER_ID_RULE_ID` (`customer_id`,`rule_id`),
  CONSTRAINT `SALESRULE_CUSTOMER_CUSTOMER_ID_CUSTOMER_ENTITY_ENTITY_ID` FOREIGN KEY (`customer_id`) REFERENCES `customer_entity` (`entity_id`) ON DELETE CASCADE,
  CONSTRAINT `SALESRULE_CUSTOMER_RULE_ID_SALESRULE_RULE_ID` FOREIGN KEY (`rule_id`) REFERENCES `salesrule` (`rule_id`) ON DELETE CASCADE
) ENGINE=InnoDB AUTO_INCREMENT=11 DEFAULT CHARSET=utf8 COMMENT='Salesrule Customer';

--
-- Dumping data for table `salesrule_customer`
--

INSERT INTO `salesrule_customer` VALUES (2,1,1,5),(6,6,1,1),(7,6,33,1),(8,6,28,1),(10,5,38,1);

--
-- Table structure for table `salesrule_customer_group`
--

CREATE TABLE `salesrule_customer_group` (
  `rule_id` int(10) unsigned NOT NULL COMMENT 'Rule ID',
  `customer_group_id` int(10) unsigned NOT NULL COMMENT 'Customer Group ID',
  PRIMARY KEY (`rule_id`,`customer_group_id`),
  KEY `SALESRULE_CUSTOMER_GROUP_CUSTOMER_GROUP_ID` (`customer_group_id`),
  CONSTRAINT `SALESRULE_CSTR_GROUP_CSTR_GROUP_ID_CSTR_GROUP_CSTR_GROUP_ID` FOREIGN KEY (`customer_group_id`) REFERENCES `customer_group` (`customer_group_id`) ON DELETE CASCADE,
  CONSTRAINT `SALESRULE_CUSTOMER_GROUP_RULE_ID_SALESRULE_RULE_ID` FOREIGN KEY (`rule_id`) REFERENCES `salesrule` (`rule_id`) ON DELETE CASCADE
) ENGINE=InnoDB DEFAULT CHARSET=utf8 COMMENT='Sales Rules To Customer Groups Relations';

--
-- Dumping data for table `salesrule_customer_group`
--

INSERT INTO `salesrule_customer_group` VALUES (1,0),(3,0),(4,0),(5,0),(7,0),(8,0),(9,0),(10,0),(11,0),(1,1),(2,1),(3,1),(4,1),(5,1),(6,1),(7,1),(8,1),(9,1),(10,1),(11,1),(1,2),(2,2),(3,2),(4,2),(5,2),(7,2),(8,2),(9,2),(10,2),(11,2),(1,3),(2,3),(3,3),(4,3),(5,3),(7,3),(8,3),(9,3),(10,3),(11,3),(1,4),(2,4),(3,4),(4,4),(5,4),(7,4),(8,4),(9,4),(10,4),(11,4),(1,5),(5,5),(7,5),(8,5),(9,5),(10,5),(11,5),(8,6),(9,6),(10,6),(11,6);

--
-- Table structure for table `salesrule_label`
--

CREATE TABLE `salesrule_label` (
  `label_id` int(10) unsigned NOT NULL AUTO_INCREMENT COMMENT 'Label ID',
  `rule_id` int(10) unsigned NOT NULL COMMENT 'Rule ID',
  `store_id` smallint(5) unsigned NOT NULL COMMENT 'Store ID',
  `label` varchar(255) DEFAULT NULL COMMENT 'Label',
  PRIMARY KEY (`label_id`),
  UNIQUE KEY `SALESRULE_LABEL_RULE_ID_STORE_ID` (`rule_id`,`store_id`),
  KEY `SALESRULE_LABEL_STORE_ID` (`store_id`),
  CONSTRAINT `SALESRULE_LABEL_RULE_ID_SALESRULE_RULE_ID` FOREIGN KEY (`rule_id`) REFERENCES `salesrule` (`rule_id`) ON DELETE CASCADE,
  CONSTRAINT `SALESRULE_LABEL_STORE_ID_STORE_STORE_ID` FOREIGN KEY (`store_id`) REFERENCES `store` (`store_id`) ON DELETE CASCADE
) ENGINE=InnoDB DEFAULT CHARSET=utf8 COMMENT='Salesrule Label';

--
-- Dumping data for table `salesrule_label`
--


--
-- Table structure for table `salesrule_product_attribute`
--

CREATE TABLE `salesrule_product_attribute` (
  `rule_id` int(10) unsigned NOT NULL COMMENT 'Rule ID',
  `website_id` smallint(5) unsigned NOT NULL COMMENT 'Website ID',
  `customer_group_id` int(10) unsigned NOT NULL COMMENT 'Customer Group ID',
  `attribute_id` smallint(5) unsigned NOT NULL COMMENT 'Attribute ID',
  PRIMARY KEY (`rule_id`,`website_id`,`customer_group_id`,`attribute_id`),
  KEY `SALESRULE_PRODUCT_ATTRIBUTE_WEBSITE_ID` (`website_id`),
  KEY `SALESRULE_PRODUCT_ATTRIBUTE_CUSTOMER_GROUP_ID` (`customer_group_id`),
  KEY `SALESRULE_PRODUCT_ATTRIBUTE_ATTRIBUTE_ID` (`attribute_id`),
  CONSTRAINT `SALESRULE_PRD_ATTR_ATTR_ID_EAV_ATTR_ATTR_ID` FOREIGN KEY (`attribute_id`) REFERENCES `eav_attribute` (`attribute_id`) ON DELETE CASCADE,
  CONSTRAINT `SALESRULE_PRD_ATTR_CSTR_GROUP_ID_CSTR_GROUP_CSTR_GROUP_ID` FOREIGN KEY (`customer_group_id`) REFERENCES `customer_group` (`customer_group_id`) ON DELETE CASCADE,
  CONSTRAINT `SALESRULE_PRODUCT_ATTRIBUTE_RULE_ID_SALESRULE_RULE_ID` FOREIGN KEY (`rule_id`) REFERENCES `salesrule` (`rule_id`) ON DELETE CASCADE,
  CONSTRAINT `SALESRULE_PRODUCT_ATTRIBUTE_WEBSITE_ID_STORE_WEBSITE_WEBSITE_ID` FOREIGN KEY (`website_id`) REFERENCES `store_website` (`website_id`) ON DELETE CASCADE
) ENGINE=InnoDB DEFAULT CHARSET=utf8 COMMENT='Salesrule Product Attribute';

--
-- Dumping data for table `salesrule_product_attribute`
--

INSERT INTO `salesrule_product_attribute` VALUES (8,1,0,105),(8,1,1,105),(8,1,2,105),(8,1,3,105),(8,1,4,105),(8,1,5,105),(8,1,6,105),(10,1,0,105),(10,1,0,353),(10,1,1,105),(10,1,1,353),(10,1,2,105),(10,1,2,353),(10,1,3,105),(10,1,3,353),(10,1,4,105),(10,1,4,353),(10,1,5,105),(10,1,5,353),(10,1,6,105),(10,1,6,353),(11,1,0,74),(11,1,1,74),(11,1,2,74),(11,1,3,74),(11,1,4,74),(11,1,5,74),(11,1,6,74);

--
-- Table structure for table `salesrule_website`
--

CREATE TABLE `salesrule_website` (
  `rule_id` int(10) unsigned NOT NULL COMMENT 'Rule ID',
  `website_id` smallint(5) unsigned NOT NULL COMMENT 'Website ID',
  PRIMARY KEY (`rule_id`,`website_id`),
  KEY `SALESRULE_WEBSITE_WEBSITE_ID` (`website_id`),
  CONSTRAINT `SALESRULE_WEBSITE_RULE_ID_SALESRULE_RULE_ID` FOREIGN KEY (`rule_id`) REFERENCES `salesrule` (`rule_id`) ON DELETE CASCADE,
  CONSTRAINT `SALESRULE_WEBSITE_WEBSITE_ID_STORE_WEBSITE_WEBSITE_ID` FOREIGN KEY (`website_id`) REFERENCES `store_website` (`website_id`) ON DELETE CASCADE
) ENGINE=InnoDB DEFAULT CHARSET=utf8 COMMENT='Sales Rules To Websites Relations';

--
-- Dumping data for table `salesrule_website`
--

INSERT INTO `salesrule_website` VALUES (1,1),(2,1),(3,1),(4,1),(5,1),(6,1),(7,1),(8,1),(9,1),(10,1),(11,1);

--
-- Table structure for table `search_query`
--

CREATE TABLE `search_query` (
  `query_id` int(10) unsigned NOT NULL AUTO_INCREMENT COMMENT 'Query ID',
  `query_text` varchar(255) DEFAULT NULL COMMENT 'Query text',
  `num_results` int(10) unsigned NOT NULL DEFAULT '0' COMMENT 'Num results',
  `popularity` int(10) unsigned NOT NULL DEFAULT '0' COMMENT 'Popularity',
  `redirect` varchar(255) DEFAULT NULL COMMENT 'Redirect',
  `store_id` smallint(5) unsigned NOT NULL DEFAULT '0' COMMENT 'Store ID',
  `display_in_terms` smallint(6) NOT NULL DEFAULT '1' COMMENT 'Display in terms',
  `is_active` smallint(6) DEFAULT '1' COMMENT 'Active status',
  `is_processed` smallint(6) DEFAULT '0' COMMENT 'Processed status',
  `updated_at` timestamp NOT NULL DEFAULT CURRENT_TIMESTAMP ON UPDATE CURRENT_TIMESTAMP COMMENT 'Updated at',
  PRIMARY KEY (`query_id`),
  UNIQUE KEY `SEARCH_QUERY_QUERY_TEXT_STORE_ID` (`query_text`,`store_id`),
  KEY `SEARCH_QUERY_QUERY_TEXT_STORE_ID_POPULARITY` (`query_text`,`store_id`,`popularity`),
  KEY `SEARCH_QUERY_STORE_ID` (`store_id`),
  KEY `SEARCH_QUERY_IS_PROCESSED` (`is_processed`),
  KEY `SEARCH_QUERY_STORE_ID_POPULARITY` (`store_id`,`popularity`),
  CONSTRAINT `SEARCH_QUERY_STORE_ID_STORE_STORE_ID` FOREIGN KEY (`store_id`) REFERENCES `store` (`store_id`) ON DELETE CASCADE
) ENGINE=InnoDB AUTO_INCREMENT=1622 DEFAULT CHARSET=utf8 COMMENT='Search query table';

--
-- Dumping data for table `search_query`
--

INSERT INTO `search_query` VALUES (1,'test',298,6,NULL,1,1,1,0,'2021-08-06 04:48:17'),(3,'Konica Minolta',215,7,NULL,1,1,1,0,'2021-11-26 06:52:48'),(5,'458e',0,1,NULL,1,1,1,0,'2021-03-01 09:22:14'),(6,'Sharp MXM-754N Mono A3 MFP',0,1,NULL,1,1,1,0,'2021-03-03 07:04:38'),(7,'sharp',84,15,NULL,1,1,1,0,'2022-07-27 07:27:00'),(11,'hoshan',0,1,NULL,1,1,1,0,'2021-03-09 06:01:45'),(15,'konika',0,1,NULL,1,1,1,0,'2021-03-09 10:58:38'),(19,'Konica Minolta Bizhub',215,32,NULL,1,1,1,0,'2021-11-02 06:42:15'),(23,'copers',0,1,NULL,1,1,1,0,'2021-03-26 11:02:44'),(25,'copiers',196,2,NULL,1,1,1,0,'2021-10-05 10:11:01'),(27,'Konica',215,28,NULL,1,1,1,0,'2021-12-08 07:54:10'),(31,'C266',4,6,NULL,1,1,1,0,'2021-12-13 12:19:51'),(39,'266i',324,3,NULL,1,1,1,0,'2021-09-14 12:38:36'),(41,'226i',0,2,NULL,1,1,1,0,'2021-11-26 14:42:47'),(43,'287',4,2,NULL,1,1,1,0,'2021-05-21 14:58:43'),(49,'api',0,2,NULL,1,1,1,0,'2021-04-08 15:49:14'),(61,'k',2,0,NULL,1,1,1,0,'2021-04-14 05:14:02'),(62,'hub',0,1,NULL,1,1,1,0,'2021-04-14 05:14:14'),(64,'Sharp Toner MX-23FT-CA',0,1,NULL,1,1,1,0,'2021-04-14 07:35:26'),(66,'201190133',0,3,NULL,1,1,1,0,'2021-04-14 07:36:13'),(72,'Konica Minolta Bizhub C3100P',0,5,NULL,1,1,1,0,'2021-04-19 06:37:40'),(78,'toner',295,7,NULL,1,1,1,0,'2022-07-27 07:26:50'),(94,'konik',0,4,NULL,1,1,1,0,'2021-05-24 07:55:53'),(120,'KM Bizhub 658e',200,1,NULL,1,1,1,0,'2021-05-11 13:36:23'),(122,'koni',0,2,NULL,1,1,1,0,'2021-05-21 15:10:23'),(124,'copie',66,2,NULL,1,1,1,0,'2021-04-22 09:56:18'),(132,'mx-850et',50,5,NULL,1,1,1,0,'2021-11-25 10:18:35'),(140,'sharp toner',263,1,NULL,1,1,1,0,'2021-04-26 16:38:23'),(142,'machine',0,1,NULL,1,1,1,0,'2021-04-26 16:45:53'),(144,'print',73,2,NULL,1,1,1,0,'2021-04-26 16:46:26'),(157,'Bizhub 36',200,2,NULL,1,1,1,0,'2021-05-21 14:59:55'),(159,'mono',37,1,NULL,1,1,1,0,'2021-05-09 08:23:48'),(161,'dsad',0,1,NULL,1,1,1,0,'2021-05-10 13:03:16'),(169,'kon',297,1,NULL,1,1,1,0,'2021-06-04 13:20:50'),(171,'ko',317,1,NULL,1,1,1,0,'2021-11-02 06:43:47'),(173,'mxm-265',0,3,NULL,1,1,1,0,'2021-11-21 12:16:26'),(181,'printer',2,9,NULL,1,1,1,0,'2022-09-15 13:37:59'),(183,'tonner',0,1,NULL,1,1,1,0,'2021-05-17 18:20:07'),(191,'c1000',0,1,NULL,1,1,1,0,'2021-05-18 04:50:39'),(193,'monolta',0,1,NULL,1,1,1,0,'2021-05-18 04:50:51'),(195,'minolta',201,6,NULL,1,1,1,0,'2021-05-26 12:31:51'),(203,'226',1,4,NULL,1,1,1,0,'2022-07-27 07:26:05'),(205,'300',15,3,NULL,1,1,1,0,'2021-05-19 16:50:57'),(207,'360',0,2,NULL,1,1,1,0,'2021-05-19 16:52:00'),(209,'360ه',0,2,NULL,1,1,1,0,'2021-05-19 14:43:53'),(213,'360i',0,2,NULL,1,1,1,0,'2021-05-19 14:44:30'),(219,'1204',0,1,NULL,1,1,1,0,'2021-05-19 14:44:43'),(223,'300i',0,1,NULL,1,1,1,0,'2021-05-19 16:51:10'),(230,'C260i',0,1,NULL,1,1,1,0,'2021-05-21 14:54:05'),(232,'mxm265',0,8,NULL,1,1,1,0,'2021-11-21 12:16:15'),(234,'tn118',1,8,NULL,1,1,1,0,'2021-12-26 10:19:51'),(236,'tn225',1,1,NULL,1,1,1,0,'2021-05-21 14:54:47'),(238,'91ft',0,1,NULL,1,1,1,0,'2021-05-21 14:55:08'),(240,'91ftba',0,1,NULL,1,1,1,0,'2021-05-21 14:55:18'),(242,'ft91ba',0,1,NULL,1,1,1,0,'2021-05-21 14:55:25'),(244,'ft91bb',0,1,NULL,1,1,1,0,'2021-05-21 14:55:34'),(246,'tn116',1,2,NULL,1,1,1,0,'2021-11-25 09:33:26'),(252,'265',0,5,NULL,1,1,1,0,'2021-12-15 05:54:07'),(254,'bizhub',206,12,NULL,1,1,1,0,'2021-11-25 10:09:01'),(266,'mxm 265',0,2,NULL,1,1,1,0,'2021-10-26 07:24:36'),(268,'C4450',0,1,NULL,1,1,1,0,'2021-05-21 15:02:42'),(271,'mxm356',0,1,NULL,1,1,1,0,'2021-05-21 15:03:08'),(273,'mxm356v',0,1,NULL,1,1,1,0,'2021-05-21 15:03:23'),(275,'mxm265v',1,20,NULL,1,1,1,0,'2021-06-04 07:37:10'),(277,'C367',0,1,NULL,1,1,1,0,'2021-05-21 15:05:11'),(279,'c450',0,1,NULL,1,1,1,0,'2021-05-21 15:05:19'),(281,'c450i',5,3,NULL,1,1,1,0,'2021-06-04 07:04:09'),(286,'tnp51c',1,1,NULL,1,1,1,0,'2021-05-21 15:55:43'),(288,'samir',1,2,NULL,1,1,1,0,'2021-05-22 11:50:45'),(290,'samie',0,1,NULL,1,1,1,0,'2021-05-22 11:50:34'),(303,'c266i',5,11,NULL,1,1,1,0,'2021-11-26 10:01:52'),(313,'MXM',297,7,NULL,1,1,1,0,'2021-06-04 07:00:51'),(315,'265v',0,1,NULL,1,1,1,0,'2021-05-25 12:10:39'),(323,'C3100P',2,1,NULL,1,1,1,0,'2021-05-25 12:21:47'),(348,'mxm31',0,1,NULL,1,1,1,0,'2021-05-26 06:50:05'),(351,'mxm315nv',1,5,NULL,1,1,1,0,'2021-06-03 05:48:39'),(356,'m',0,1,NULL,1,1,1,0,'2021-05-26 06:51:32'),(371,'Sharp MX-M264',79,1,NULL,1,1,1,0,'2021-05-31 08:38:52'),(373,'mx-m265',60,4,NULL,1,1,1,0,'2021-06-01 05:00:42'),(381,'mx-m',60,2,NULL,1,1,1,0,'2021-06-01 05:00:24'),(391,'201190140',1,1,NULL,1,1,1,0,'2021-06-01 07:28:00'),(405,'Konica Minolta Toner',303,2,NULL,1,1,1,0,'2021-11-23 18:17:01'),(421,'Konica Minolta bizhub 226',200,1,NULL,1,1,1,0,'2021-06-04 07:19:46'),(426,'Digital printing',59,1,NULL,1,1,1,0,'2021-06-09 14:17:55'),(429,'MXM-265V',0,1,NULL,1,1,1,0,'2021-06-30 14:47:35'),(431,'MX-M265V',61,1,NULL,1,1,1,0,'2021-06-30 14:47:46'),(436,'prisssnter',0,2,NULL,1,1,1,0,'2021-07-20 10:43:30'),(440,'store',0,1,NULL,1,1,1,0,'2021-07-20 12:26:29'),(447,'bizhub',201,1,NULL,2,1,1,0,'2021-08-17 05:03:58'),(451,'Konica Minolta bizhub 266i Mono A3 MFP',220,1,NULL,1,1,1,0,'2021-08-25 09:20:58'),(453,'Sharp MX-M5050',79,1,NULL,1,1,1,0,'2021-08-25 09:24:12'),(455,'20119001',1,1,NULL,1,1,1,0,'2021-09-06 05:30:59'),(459,'201190023',1,1,NULL,1,1,1,0,'2021-09-07 07:00:37'),(461,'C3070L',4,3,NULL,1,1,1,0,'2021-11-25 10:34:55'),(463,'https://stg-ruh.worx.sa/',0,2,NULL,1,1,1,0,'2021-12-21 17:43:26'),(467,'KM Bizhub 4000i',212,6,NULL,1,1,1,0,'2021-09-13 08:46:59'),(479,'2010900153',0,6,NULL,1,1,1,0,'2021-09-13 08:46:15'),(483,'2010900154',1,3,NULL,1,1,1,0,'2021-11-22 11:52:55'),(487,'2010901131',1,1,NULL,1,1,1,0,'2021-09-08 11:34:12'),(501,'KM Bizhub 4000i',212,3,NULL,2,1,1,0,'2021-09-13 11:57:31'),(508,'KM Toner TN323',301,2,NULL,1,1,1,0,'2021-12-08 17:29:49'),(510,'4020i',2,7,NULL,1,1,1,0,'2021-12-01 14:06:12'),(518,'sharp 265',87,3,NULL,1,1,1,0,'2021-12-13 10:58:05'),(522,'sharp mxm265',87,1,NULL,1,1,1,0,'2021-09-14 12:28:40'),(524,'20m28',2,6,NULL,1,1,1,0,'2021-10-18 12:11:45'),(526,'sharp 20m28',87,2,NULL,1,1,1,0,'2021-09-14 12:32:43'),(528,'20M20A',0,3,NULL,1,1,1,0,'2021-09-14 12:30:21'),(534,'20m208',0,1,NULL,1,1,1,0,'2021-09-14 12:30:40'),(540,'bp20m28',1,2,NULL,1,1,1,0,'2021-10-18 12:11:20'),(545,'20ft',324,0,NULL,1,1,1,0,'2021-09-14 12:39:16'),(548,'Sub 250',8,1,NULL,1,1,1,0,'2021-09-17 07:50:39'),(550,'Sharp BP-20C20T A3 Color Copier with Network',222,1,NULL,1,1,1,0,'2021-09-17 10:44:30'),(553,'201090123',1,1,NULL,1,1,1,0,'2021-09-17 10:45:34'),(555,'tn822',0,1,NULL,1,1,1,0,'2021-09-20 18:20:41'),(557,'tn228',0,13,NULL,1,1,1,0,'2021-10-06 08:24:10'),(561,'tn320',1,1,NULL,1,1,1,0,'2021-09-28 07:48:40'),(563,'tn222',1,2,NULL,1,1,1,0,'2021-12-26 09:17:18'),(565,'tn 222',4,1,NULL,1,1,1,0,'2021-09-28 07:51:59'),(567,'222',326,0,NULL,1,1,1,0,'2021-09-28 07:52:37'),(568,'ft201',1,1,NULL,1,1,1,0,'2021-09-28 07:55:13'),(570,'61ft',326,0,NULL,1,1,1,0,'2021-09-28 07:55:52'),(571,'sdffsdf',0,1,NULL,1,1,1,0,'2021-10-02 06:01:24'),(573,'sdffsdff',0,3,NULL,1,1,1,0,'2021-10-02 06:01:53'),(579,'sdff',326,0,NULL,1,1,1,0,'2021-10-02 06:02:05'),(580,'max 850',0,5,NULL,1,1,1,0,'2021-10-02 08:05:12'),(594,'Sharp MX-M4050',0,1,NULL,1,1,1,0,'2021-10-02 08:57:52'),(595,'820',326,0,NULL,1,1,1,0,'2021-10-04 11:51:36'),(597,'228',326,0,NULL,1,1,1,0,'2021-10-04 11:51:55'),(629,'521',325,0,NULL,1,1,1,0,'2021-10-06 09:49:52'),(630,'tn323',1,1,NULL,1,1,1,0,'2021-10-06 10:20:25'),(632,'AR-016et',16,1,NULL,1,1,1,0,'2021-10-09 13:54:03'),(634,'3320',326,0,NULL,1,1,1,0,'2021-10-12 07:11:09'),(636,'Konica Minolta bizhub 3320',214,5,NULL,1,1,1,0,'2021-10-27 06:47:34'),(638,'3020',322,0,NULL,1,1,1,0,'2021-10-21 13:35:02'),(639,'3020',326,0,NULL,2,1,1,0,'2021-10-12 14:03:03'),(640,'y',326,0,NULL,2,1,1,0,'2021-10-12 14:06:09'),(642,'c7000',4,4,NULL,1,1,1,0,'2021-10-17 11:04:36'),(648,'c1070',4,2,NULL,1,1,1,0,'2021-10-17 11:06:11'),(653,'TN228Y',1,3,NULL,1,1,1,0,'2021-10-17 11:48:28'),(657,'TN228K',1,1,NULL,1,1,1,0,'2021-10-17 11:47:50'),(660,'TNP80Y',1,1,NULL,1,1,1,0,'2021-10-17 11:49:39'),(662,'mx-3051',50,5,NULL,1,1,1,0,'2021-11-21 12:23:13'),(667,'c3300',0,1,NULL,1,1,1,0,'2021-10-18 12:04:05'),(669,'c3300i',5,4,NULL,1,1,1,0,'2021-12-15 06:45:57'),(674,'5500',322,0,NULL,1,1,1,0,'2021-10-18 12:08:12'),(675,'4456',322,0,NULL,1,1,1,0,'2021-10-18 12:08:41'),(678,'3300',322,0,NULL,1,1,1,0,'2021-10-18 12:09:51'),(685,'tnp38',1,3,NULL,1,1,1,0,'2021-10-19 10:35:12'),(691,'yth',321,0,NULL,1,1,1,0,'2021-10-19 12:49:53'),(698,'yth',321,0,NULL,2,1,1,0,'2021-10-19 13:04:44'),(699,'zfd',321,0,NULL,1,1,1,0,'2021-10-19 23:37:58'),(700,'TN228C',1,1,NULL,1,1,1,0,'2021-10-20 06:21:37'),(702,'TNP37',1,4,NULL,1,1,1,0,'2021-10-20 14:19:44'),(709,'TN325',1,1,NULL,1,1,1,0,'2021-10-20 14:19:57'),(711,'TN213Y',1,1,NULL,1,1,1,0,'2021-10-20 14:20:20'),(713,'MX-850FT',49,2,NULL,1,1,1,0,'2021-10-21 11:50:43'),(728,'33 Prints Per Minute A4 Color Printer With Network',111,9,NULL,1,1,1,0,'2021-11-25 12:52:04'),(737,'2010900155',0,5,NULL,1,1,1,0,'2021-10-24 06:02:25'),(743,'201190046',1,1,NULL,1,1,1,0,'2021-10-24 05:41:19'),(749,'c226',4,8,NULL,1,1,1,0,'2021-12-07 09:00:54'),(750,'tn 116',4,1,NULL,1,1,1,0,'2021-10-26 07:23:55'),(782,'tn622',0,2,NULL,1,1,1,0,'2021-10-31 11:43:52'),(786,'tn622y',1,1,NULL,1,1,1,0,'2021-10-31 11:44:06'),(798,'c8000',4,8,NULL,1,1,1,0,'2021-11-02 16:07:31'),(815,'bizhub sdfkjsdklsd',0,3,NULL,1,1,1,0,'2021-11-02 16:08:15'),(820,'bvhghghghg',0,1,NULL,1,1,1,0,'2021-11-02 16:10:17'),(822,'+bizhub',206,2,NULL,1,1,1,0,'2021-11-02 16:12:56'),(824,'bizhub sdfsdgvsdfhfdhdf',206,2,NULL,1,1,1,0,'2021-11-02 16:13:06'),(832,'kohh',317,0,NULL,1,1,1,0,'2021-11-03 05:57:14'),(841,'20C20T',5,3,NULL,1,1,1,0,'2021-11-29 06:28:25'),(843,'3051',5,1,NULL,1,1,1,0,'2022-01-05 09:16:27'),(848,'\"MX-3051\"',5,1,NULL,1,1,1,0,'2021-11-21 12:23:26'),(850,'\"3051\"',5,1,NULL,1,1,1,0,'2021-11-21 12:23:40'),(852,'5618',318,0,NULL,1,1,1,0,'2021-11-21 12:24:08'),(853,'\"5618\"',2,2,NULL,1,1,1,0,'2021-11-21 16:14:58'),(855,'\"266\"',1,2,NULL,1,1,1,0,'2021-11-25 10:42:30'),(857,'\"c266\"',4,7,NULL,1,1,1,0,'2021-11-25 10:42:37'),(859,'2640',318,0,NULL,1,1,1,0,'2021-11-21 12:30:57'),(860,'\"2640\"',0,1,NULL,1,1,1,0,'2021-11-21 12:31:38'),(862,'\"6051\"',4,2,NULL,1,1,1,0,'2021-11-21 12:32:52'),(864,'6051',318,0,NULL,1,1,1,0,'2021-11-21 12:32:08'),(869,'Bizhub 558e',206,2,NULL,1,1,1,0,'2021-11-21 19:11:17'),(873,'\"558e\"',1,2,NULL,1,1,1,0,'2021-11-22 09:31:56'),(875,'\"bizhub 558e\"',1,1,NULL,1,1,1,0,'2021-11-21 19:12:12'),(877,'\"bizhub558e\"',0,1,NULL,1,1,1,0,'2021-11-21 19:12:22'),(879,'\"hub 558e\"',0,1,NULL,1,1,1,0,'2021-11-21 19:12:40'),(881,'minute',14,1,NULL,1,1,1,0,'2021-11-22 06:34:45'),(885,'558e',318,0,NULL,1,1,1,0,'2021-11-22 09:31:29'),(890,'8800500315',0,1,NULL,1,1,1,0,'2021-11-22 11:53:40'),(892,'201090120',0,3,NULL,1,1,1,0,'2021-11-22 12:51:55'),(898,'\"201090120\"',0,1,NULL,1,1,1,0,'2021-11-22 12:52:08'),(900,'ssss',318,0,NULL,1,1,1,0,'2021-11-23 09:13:35'),(901,'\"754e\"',1,2,NULL,1,1,1,0,'2021-11-23 11:18:14'),(905,'\"konica minolta\"',215,2,NULL,1,1,1,0,'2021-11-23 11:21:15'),(911,'\"toners\"',0,3,NULL,1,1,1,0,'2021-11-23 18:26:29'),(914,'toners',0,1,NULL,1,1,1,0,'2021-11-23 18:27:08'),(915,'Bizhub C226',206,1,NULL,1,1,1,0,'2021-11-24 10:27:18'),(917,'\"Bizhub C226\"',4,1,NULL,1,1,1,0,'2021-11-24 10:27:31'),(919,'\"TN323\"',1,1,NULL,1,1,1,0,'2021-11-25 06:51:24'),(921,'Sharp AR-205',87,1,NULL,1,1,1,0,'2021-11-25 07:25:09'),(924,'\"226\"',1,1,NULL,1,1,1,0,'2021-11-25 09:32:46'),(928,'C654E',4,5,NULL,1,1,1,0,'2021-11-25 10:10:00'),(930,'\'\'C654E\'\'',4,1,NULL,1,1,1,0,'2021-11-25 09:39:37'),(932,'\'C654E\'',4,2,NULL,1,1,1,0,'2021-11-25 09:40:28'),(939,'C1100',4,5,NULL,1,1,1,0,'2021-11-25 10:17:20'),(943,'1100',318,0,NULL,1,1,1,0,'2021-11-25 10:00:04'),(944,'\"1100\"',1,1,NULL,1,1,1,0,'2021-11-25 10:00:27'),(958,'ؤ654ث',0,1,NULL,1,1,1,0,'2021-11-25 10:09:50'),(964,'M315',318,0,NULL,1,1,1,0,'2021-11-25 10:11:57'),(965,'210',318,0,NULL,1,1,1,0,'2021-11-25 10:11:57'),(968,'\"C266i\"',5,6,NULL,1,1,1,0,'2021-11-26 10:02:02'),(970,'MX-M315',50,5,NULL,1,1,1,0,'2021-11-25 10:18:53'),(972,'\"Mx-m315\"',1,2,NULL,1,1,1,0,'2021-11-25 10:16:12'),(982,'\'\'MX-m315\'\'',50,4,NULL,1,1,1,0,'2021-11-25 10:20:42'),(984,'\"C1100\"',4,1,NULL,1,1,1,0,'2021-11-25 10:17:36'),(990,'\'MX-m315\'',50,2,NULL,1,1,1,0,'2021-11-25 10:18:01'),(996,'\"MX-850et\"',1,1,NULL,1,1,1,0,'2021-11-25 10:18:41'),(999,'\"850et\"',1,1,NULL,1,1,1,0,'2021-11-25 10:18:50'),(1002,'\"Bizhub 850et\"',0,1,NULL,1,1,1,0,'2021-11-25 10:19:46'),(1004,'\"Bizhub C266\"',4,3,NULL,1,1,1,0,'2021-11-25 10:30:11'),(1007,'MX3051',1,1,NULL,1,1,1,0,'2021-11-25 10:21:06'),(1009,'\"Konica Minolta C1100\"',0,1,NULL,1,1,1,0,'2021-11-25 10:21:15'),(1012,'\"Bizhub C1100\"',0,1,NULL,1,1,1,0,'2021-11-25 10:21:45'),(1017,'Konica Minolta Bizhub C266',215,1,NULL,1,1,1,0,'2021-11-25 10:25:45'),(1019,'Toner for C266',294,1,NULL,1,1,1,0,'2021-11-25 10:26:14'),(1022,'toner c266',294,2,NULL,1,1,1,0,'2021-12-07 13:18:34'),(1024,'Bizhub C266',206,2,NULL,1,1,1,0,'2021-11-25 10:50:17'),(1026,'78C5XK0',4,1,NULL,1,1,1,0,'2021-11-25 10:28:03'),(1039,'\"TN223\"',0,1,NULL,1,1,1,0,'2021-11-25 10:32:41'),(1041,'TN223',0,2,NULL,1,1,1,0,'2021-11-25 10:33:14'),(1043,'\"TN223M\"',1,1,NULL,1,1,1,0,'2021-11-25 10:33:02'),(1047,'MXM-M315',1,1,NULL,1,1,1,0,'2021-11-25 10:34:16'),(1057,'\'c266\'',4,2,NULL,1,1,1,0,'2021-11-25 10:39:27'),(1061,'266',318,0,NULL,1,1,1,0,'2021-11-25 10:42:09'),(1067,'MXM-3051',5,2,NULL,1,1,1,0,'2021-11-25 10:50:47'),(1069,'MXM-m3051',1,1,NULL,1,1,1,0,'2021-11-25 10:48:36'),(1071,'C 266',1,1,NULL,1,1,1,0,'2021-11-25 10:50:01'),(1078,'bizhub 754',206,2,NULL,1,1,1,0,'2021-11-25 10:55:42'),(1082,'78C5XY0',1,2,NULL,1,1,1,0,'2021-12-08 10:43:54'),(1085,'A4 Black Multifunction Printer With Network',207,1,NULL,1,1,1,0,'2021-11-25 12:50:59'),(1091,'26 Prints Per Minute',21,1,NULL,1,1,1,0,'2021-11-25 12:52:37'),(1093,'26',318,0,NULL,1,1,1,0,'2021-11-25 12:53:37'),(1094,'eC226',0,1,NULL,1,1,1,0,'2021-11-25 13:09:41'),(1100,'\"C226\"',4,2,NULL,1,1,1,0,'2021-11-25 13:11:14'),(1109,'Mx-m5135',50,1,NULL,1,1,1,0,'2021-11-25 13:33:55'),(1114,'Sharp MX-20FT-YA Yellow Toner',318,0,NULL,1,1,1,0,'2021-11-26 06:25:21'),(1115,'Konica Minolta TN228Y Yellow Toner',303,2,NULL,1,1,1,0,'2021-11-26 06:53:55'),(1123,'2010900158',1,1,NULL,1,1,1,0,'2021-11-26 06:57:13'),(1125,'km-toner-tn228c',301,1,NULL,1,1,1,0,'2021-11-26 06:57:49'),(1127,'Lexmark 78C5XK0 Magenta Toner',296,3,NULL,1,1,1,0,'2021-11-26 07:41:00'),(1129,'Konica Minolta TN228C Cyan Toner',303,5,NULL,1,1,1,0,'2021-11-26 09:11:53'),(1133,'tesst',0,1,NULL,1,1,1,0,'2021-11-26 07:33:29'),(1135,'33 Prints Per Minute A4 Colour Printer With Network',14,5,NULL,1,1,1,0,'2021-11-26 09:58:58'),(1153,'Mx-m3515',50,1,NULL,1,1,1,0,'2021-11-26 09:32:52'),(1155,'195',1,1,NULL,1,1,1,0,'2021-11-26 09:34:16'),(1157,'Lexmark 78C5XK0 Black Toner',301,3,NULL,1,1,1,0,'2021-11-26 16:18:19'),(1173,'C3320i',5,4,NULL,1,1,1,0,'2022-01-07 11:11:12'),(1176,'C226i',5,4,NULL,1,1,1,0,'2022-01-12 12:08:45'),(1178,'Mx521ade',2,2,NULL,1,1,1,0,'2022-01-07 10:13:37'),(1181,'Konika Minolta C226',215,1,NULL,1,1,1,0,'2021-11-26 13:33:31'),(1184,'10000 pages',1,1,NULL,1,1,1,0,'2021-11-26 13:35:12'),(1189,'Mx-Mx315',50,1,NULL,1,1,1,0,'2021-11-26 14:43:04'),(1194,'3051',5,1,NULL,2,1,1,0,'2021-11-28 08:04:05'),(1196,'5632',0,2,NULL,2,1,1,0,'2021-11-28 08:06:04'),(1198,'5631',1,2,NULL,2,1,1,0,'2021-11-28 08:12:46'),(1202,'sharp 5631',87,1,NULL,2,1,1,0,'2021-11-28 08:06:16'),(1204,'AR-5631',16,2,NULL,2,1,1,0,'2021-12-08 11:12:59'),(1206,'20c20t',5,1,NULL,2,1,1,0,'2021-11-28 08:07:59'),(1208,'BP-20c20t',14,1,NULL,2,1,1,0,'2021-11-28 08:08:11'),(1210,'FT30YA',1,1,NULL,2,1,1,0,'2021-11-28 08:10:03'),(1212,'BP-FT30YA',14,1,NULL,2,1,1,0,'2021-11-28 08:10:10'),(1214,'tn228',0,2,NULL,2,1,1,0,'2021-11-28 08:12:39'),(1216,'tn228c',1,1,NULL,2,1,1,0,'2021-11-28 08:10:47'),(1222,'FT20MA',1,1,NULL,2,1,1,0,'2021-11-28 08:15:20'),(1226,'BP-FT20MA',14,2,NULL,1,1,1,0,'2021-11-29 06:22:26'),(1227,'FT20MA',1,3,NULL,1,1,1,0,'2021-11-29 06:27:50'),(1236,'FT20MA6',0,1,NULL,1,1,1,0,'2021-11-29 06:25:51'),(1239,'FT2',311,0,NULL,1,1,1,0,'2021-11-29 06:26:15'),(1242,'5631',1,2,NULL,1,1,1,0,'2021-11-29 11:18:30'),(1246,'BP-20C20T',14,1,NULL,1,1,1,0,'2021-11-29 06:28:51'),(1248,'5131',0,2,NULL,1,1,1,0,'2021-11-29 11:18:09'),(1254,'AR-5631',16,4,NULL,1,1,1,0,'2021-12-09 11:40:22'),(1256,'CX522',0,3,NULL,1,1,1,0,'2021-12-08 11:45:24'),(1262,'3061',4,1,NULL,1,1,1,0,'2021-12-01 07:10:42'),(1264,'MX-3061',50,1,NULL,1,1,1,0,'2021-12-01 07:11:01'),(1266,'Bizhub 4020i',206,1,NULL,2,1,1,0,'2021-12-01 14:02:42'),(1268,'4020i',2,2,NULL,2,1,1,0,'2021-12-01 14:06:27'),(1274,'6026',0,1,NULL,2,1,1,0,'2021-12-02 06:46:58'),(1276,'j',311,0,NULL,1,1,1,0,'2021-12-02 08:31:17'),(1286,'konica',2,2,NULL,2,1,1,0,'2021-12-08 07:54:18'),(1291,'konica minolta',2,1,NULL,2,1,1,0,'2021-12-08 07:54:28'),(1293,'4050i',0,3,NULL,1,1,1,0,'2021-12-08 11:03:34'),(1299,'78C5XY02',0,1,NULL,1,1,1,0,'2021-12-08 10:44:08'),(1301,'33 prints',14,1,NULL,1,1,1,0,'2021-12-08 10:44:31'),(1303,'33 prints',0,2,NULL,2,1,1,0,'2021-12-08 11:01:59'),(1309,'78c5xy0',1,1,NULL,2,1,1,0,'2021-12-08 11:07:41'),(1315,'Bizhub 958',206,2,NULL,2,1,1,0,'2021-12-08 11:15:24'),(1319,'Bizhub 958',206,1,NULL,1,1,1,0,'2021-12-08 11:15:45'),(1321,'lexmark CX522',7,2,NULL,1,1,1,0,'2021-12-08 11:45:38'),(1327,'\"TN233\"',0,1,NULL,1,1,1,0,'2021-12-08 17:28:41'),(1333,'toner',294,1,NULL,2,1,1,0,'2021-12-09 10:03:53'),(1340,'a3/a4',14,2,NULL,1,1,1,0,'2021-12-10 08:43:32'),(1342,'a3/a4',14,3,NULL,2,1,1,0,'2021-12-10 08:45:54'),(1349,'C3351 Printers',7,2,NULL,2,1,1,0,'2021-12-13 08:47:01'),(1357,'KM BIzhub 266',214,1,NULL,1,1,1,0,'2021-12-13 12:19:04'),(1361,'5050',4,4,NULL,1,1,1,0,'2021-12-14 12:27:57'),(1371,'367',1,1,NULL,1,1,1,0,'2021-12-14 12:28:08'),(1375,'3100',4,1,NULL,1,1,1,0,'2021-12-15 05:56:52'),(1377,'3110',4,3,NULL,1,1,1,0,'2021-12-15 07:50:48'),(1383,'365',0,1,NULL,1,1,1,0,'2021-12-15 06:58:32'),(1385,'356',0,4,NULL,1,1,1,0,'2021-12-15 07:00:43'),(1393,'\"356\"',0,1,NULL,1,1,1,0,'2021-12-15 07:01:04'),(1395,'\"Mx-M356\"',1,2,NULL,1,1,1,0,'2021-12-15 07:01:48'),(1397,'MX-M356',50,1,NULL,1,1,1,0,'2021-12-15 07:01:26'),(1403,'33 prin',3,1,NULL,1,1,1,0,'2021-12-15 14:19:32'),(1407,'Bizhub C3320i طابعة A4 متعددة الوظائف مع شبكة وقاعدة عالية -',212,1,NULL,2,1,1,0,'2021-12-23 16:00:58'),(1409,'tn323',1,1,NULL,2,1,1,0,'2021-12-26 08:39:36'),(1411,'tn516',1,1,NULL,1,1,1,0,'2021-12-26 09:08:24'),(1415,'tn225',1,1,NULL,2,1,1,0,'2021-12-26 09:34:20'),(1417,'tn812',1,1,NULL,1,1,1,0,'2021-12-26 09:45:28'),(1419,'tn912',1,1,NULL,1,1,1,0,'2021-12-26 10:05:31'),(1423,'tn223c',1,1,NULL,1,1,1,0,'2021-12-26 11:18:56'),(1425,'tn223m',1,1,NULL,1,1,1,0,'2021-12-26 11:41:16'),(1427,'238ft',1,2,NULL,1,1,1,0,'2021-12-26 12:10:49'),(1431,'Sharp AR-6023N',87,1,NULL,1,1,1,0,'2021-12-26 12:12:39'),(1433,'Sharp AR-6023',87,1,NULL,1,1,1,0,'2021-12-26 12:12:52'),(1435,'MX-237FT',50,1,NULL,1,1,1,0,'2021-12-26 12:21:20'),(1437,'237FT',1,2,NULL,1,1,1,0,'2021-12-26 12:21:38'),(1441,'315FT',1,1,NULL,1,1,1,0,'2021-12-26 12:30:58'),(1443,'561FT',1,1,NULL,1,1,1,0,'2021-12-26 12:44:37'),(1445,'754FT',1,1,NULL,1,1,1,0,'2021-12-26 12:57:31'),(1447,'753FT',1,1,NULL,1,1,1,0,'2021-12-26 13:23:18'),(1449,'20FT-CA',16,1,NULL,2,1,1,0,'2021-12-27 06:29:12'),(1451,'20FT',8,1,NULL,2,1,1,0,'2021-12-27 06:29:24'),(1453,'DX-20FT-CA Cyan Toner',294,1,NULL,2,1,1,0,'2021-12-27 06:30:02'),(1455,'DX-20FT-CA Cyan Toner',294,1,NULL,1,1,1,0,'2021-12-27 06:35:27'),(1457,'Sharp DX-20FT-CA Cyan Toner',299,1,NULL,1,1,1,0,'2021-12-27 06:35:41'),(1459,'TN328Y',1,3,NULL,1,1,1,0,'2022-03-23 07:10:19'),(1463,'TN213C',2,3,NULL,2,1,1,0,'2021-12-27 11:22:12'),(1467,'TN213C',1,1,NULL,1,1,1,0,'2021-12-27 11:21:56'),(1471,'2010900156',1,1,NULL,1,1,1,0,'2021-12-28 11:57:21'),(1473,'c300i',4,1,NULL,1,1,1,0,'2022-01-02 12:27:11'),(1475,'4000i',2,1,NULL,1,1,1,0,'2022-01-02 12:27:29'),(1479,'lex',0,1,NULL,2,1,1,0,'2022-01-04 13:16:34'),(1481,'lexmark',7,1,NULL,2,1,1,0,'2022-01-04 13:16:43'),(1489,'C226i',5,2,NULL,2,1,1,0,'2022-01-07 13:30:48'),(1493,'MX521ade',2,1,NULL,2,1,1,0,'2022-01-07 13:30:21'),(1499,'c458',4,1,NULL,1,1,1,0,'2022-01-12 12:05:22'),(1501,'konica minolta c458',215,1,NULL,1,1,1,0,'2022-01-12 12:06:09'),(1505,'ar-265',16,1,NULL,1,1,1,0,'2022-01-12 12:11:48'),(1507,'c458',4,1,NULL,2,1,1,0,'2022-01-13 07:51:21'),(1509,'Copiers Media Outputs',8,2,NULL,1,1,1,0,'2022-01-16 12:01:11'),(1513,'tn628',0,2,NULL,1,1,1,0,'2022-01-16 12:16:21'),(1517,'450i',1,1,NULL,1,1,1,0,'2022-01-18 17:49:44'),(1519,'TNP81C',1,7,NULL,1,1,1,0,'2022-03-22 06:39:33'),(1533,'Contact Us',0,1,NULL,1,1,1,0,'2022-03-22 09:33:01'),(1535,'TN321Y',1,3,NULL,1,1,1,0,'2022-03-23 07:01:03'),(1539,'TN321Y',1,5,NULL,2,1,1,0,'2022-03-23 07:10:09'),(1550,'TN328Y',1,1,NULL,2,1,1,0,'2022-03-23 07:10:13'),(1554,'tn613',0,2,NULL,1,1,1,0,'2022-06-12 08:39:06'),(1560,'226فى118',0,1,NULL,1,1,1,0,'2022-07-27 07:26:13'),(1564,'copy',0,1,NULL,1,1,1,0,'2022-07-27 07:26:36'),(1565,'copier',0,1,NULL,1,1,1,0,'2022-08-30 10:14:07'),(1566,'ةبح',0,1,NULL,1,1,1,0,'2022-09-07 12:34:32'),(1568,'mfp',0,3,NULL,1,1,1,0,'2022-09-07 12:34:46'),(1579,'20c20',0,3,NULL,1,1,1,0,'2022-09-25 09:17:40'),(1585,'Multi',0,1,NULL,1,1,1,0,'2022-09-27 20:48:56'),(1587,'Multifun',0,2,NULL,1,1,1,0,'2022-09-27 20:48:57'),(1591,'Multifunc',0,1,NULL,1,1,1,0,'2022-09-27 20:48:58'),(1593,'Multifunct',11,1,NULL,1,1,1,0,'2022-09-27 20:49:00'),(1595,'Multifunction',11,2,NULL,1,1,1,0,'2022-09-27 20:49:02'),(1599,'Multifunction printer',13,1,NULL,1,1,1,0,'2022-09-27 20:49:07'),(1601,'Multifunction printer I',13,1,NULL,1,1,1,0,'2022-09-27 20:49:13'),(1603,'Multifunction printer I Come',13,1,NULL,1,1,1,0,'2022-09-27 20:49:14'),(1605,'Multifunction printer I Comerc',13,2,NULL,1,1,1,0,'2022-09-27 20:49:16'),(1609,'Multifunction printer I Commercial',13,1,NULL,1,1,1,0,'2022-09-27 20:49:20'),(1611,'Multifunction printer I Commercial Printe',13,1,NULL,1,1,1,0,'2022-09-27 20:49:21'),(1613,'Multifunction printer I Commercial Printer',13,2,NULL,1,1,1,0,'2022-09-27 20:49:23'),(1617,'Multifunction printer I Commercial Printer I',13,1,NULL,1,1,1,0,'2022-09-27 20:49:25'),(1619,'Multifunction printer I Commercial Printer I OT',13,1,NULL,1,1,1,0,'2022-09-27 20:49:26'),(1621,'Multifunction printer I Commercial Printer I OTech',13,2,NULL,1,1,1,0,'2022-09-27 20:49:28');

--
-- Table structure for table `search_synonyms`
--

CREATE TABLE `search_synonyms` (
  `group_id` bigint(20) unsigned NOT NULL AUTO_INCREMENT COMMENT 'Synonyms Group ID',
  `synonyms` text NOT NULL COMMENT 'list of synonyms making up this group',
  `store_id` smallint(5) unsigned NOT NULL DEFAULT '0' COMMENT 'Store ID - identifies the store view these synonyms belong to',
  `website_id` smallint(5) unsigned NOT NULL DEFAULT '0' COMMENT 'Website ID - identifies the website ID these synonyms belong to',
  PRIMARY KEY (`group_id`),
  KEY `SEARCH_SYNONYMS_STORE_ID` (`store_id`),
  KEY `SEARCH_SYNONYMS_WEBSITE_ID` (`website_id`),
  FULLTEXT KEY `SEARCH_SYNONYMS_SYNONYMS` (`synonyms`),
  CONSTRAINT `SEARCH_SYNONYMS_STORE_ID_STORE_STORE_ID` FOREIGN KEY (`store_id`) REFERENCES `store` (`store_id`) ON DELETE CASCADE,
  CONSTRAINT `SEARCH_SYNONYMS_WEBSITE_ID_STORE_WEBSITE_WEBSITE_ID` FOREIGN KEY (`website_id`) REFERENCES `store_website` (`website_id`) ON DELETE CASCADE
) ENGINE=InnoDB DEFAULT CHARSET=utf8 COMMENT='table storing various synonyms groups';

--
-- Dumping data for table `search_synonyms`
--


--
-- Table structure for table `sendfriend_log`
--

CREATE TABLE `sendfriend_log` (
  `log_id` int(10) unsigned NOT NULL AUTO_INCREMENT COMMENT 'Log ID',
  `ip` bigint(20) unsigned NOT NULL DEFAULT '0' COMMENT 'Customer IP address',
  `time` int(10) unsigned NOT NULL DEFAULT '0' COMMENT 'Log time',
  `website_id` smallint(5) unsigned NOT NULL DEFAULT '0' COMMENT 'Website ID',
  PRIMARY KEY (`log_id`),
  KEY `SENDFRIEND_LOG_IP` (`ip`),
  KEY `SENDFRIEND_LOG_TIME` (`time`)
) ENGINE=InnoDB DEFAULT CHARSET=utf8 COMMENT='Send to friend function log storage table';

--
-- Dumping data for table `sendfriend_log`
--


--
-- Table structure for table `sequence_creditmemo_0`
--

CREATE TABLE `sequence_creditmemo_0` (
  `sequence_value` int(10) unsigned NOT NULL AUTO_INCREMENT,
  PRIMARY KEY (`sequence_value`)
) ENGINE=InnoDB DEFAULT CHARSET=utf8mb4 COLLATE=utf8mb4_unicode_ci;

--
-- Dumping data for table `sequence_creditmemo_0`
--


--
-- Table structure for table `sequence_creditmemo_1`
--

CREATE TABLE `sequence_creditmemo_1` (
  `sequence_value` int(10) unsigned NOT NULL AUTO_INCREMENT,
  PRIMARY KEY (`sequence_value`)
) ENGINE=InnoDB DEFAULT CHARSET=utf8mb4 COLLATE=utf8mb4_unicode_ci;

--
-- Dumping data for table `sequence_creditmemo_1`
--


--
-- Table structure for table `sequence_creditmemo_2`
--

CREATE TABLE `sequence_creditmemo_2` (
  `sequence_value` int(10) unsigned NOT NULL AUTO_INCREMENT,
  PRIMARY KEY (`sequence_value`)
) ENGINE=InnoDB DEFAULT CHARSET=utf8mb4 COLLATE=utf8mb4_unicode_ci;

--
-- Dumping data for table `sequence_creditmemo_2`
--


--
-- Table structure for table `sequence_invoice_0`
--

CREATE TABLE `sequence_invoice_0` (
  `sequence_value` int(10) unsigned NOT NULL AUTO_INCREMENT,
  PRIMARY KEY (`sequence_value`)
) ENGINE=InnoDB DEFAULT CHARSET=utf8mb4 COLLATE=utf8mb4_unicode_ci;

--
-- Dumping data for table `sequence_invoice_0`
--


--
-- Table structure for table `sequence_invoice_1`
--

CREATE TABLE `sequence_invoice_1` (
  `sequence_value` int(10) unsigned NOT NULL AUTO_INCREMENT,
  PRIMARY KEY (`sequence_value`)
) ENGINE=InnoDB AUTO_INCREMENT=190 DEFAULT CHARSET=utf8mb4 COLLATE=utf8mb4_unicode_ci;

--
-- Dumping data for table `sequence_invoice_1`
--

INSERT INTO `sequence_invoice_1` VALUES (1),(2),(3),(4),(5),(6),(7),(8),(9),(10),(11),(12),(13),(14),(15),(16),(17),(18),(19),(20),(21),(22),(23),(24),(25),(26),(27),(28),(29),(30),(31),(32),(33),(34),(35),(36),(37),(38),(39),(40),(41),(42),(43),(44),(45),(46),(47),(48),(49),(50),(51),(52),(53),(54),(55),(56),(57),(58),(59),(60),(61),(62),(63),(64),(65),(66),(67),(68),(69),(70),(71),(72),(73),(74),(75),(76),(77),(78),(79),(80),(81),(82),(83),(84),(85),(86),(87),(88),(89),(90),(91),(92),(93),(94),(95),(96),(97),(98),(99),(100),(101),(102),(103),(104),(105),(106),(107),(108),(109),(110),(111),(112),(113),(114),(115),(116),(117),(118),(119),(120),(121),(122),(123),(124),(126),(127),(128),(129),(130),(131),(132),(133),(134),(135),(136),(137),(138),(139),(140),(141),(142),(143),(144),(145),(147),(151),(154),(156),(158),(161),(163),(165),(166),(167),(168),(169),(170),(171),(172),(173),(174),(175),(176),(177),(178),(179),(180),(181),(182),(183),(184),(185),(186),(187),(188),(189);

--
-- Table structure for table `sequence_invoice_2`
--

CREATE TABLE `sequence_invoice_2` (
  `sequence_value` int(10) unsigned NOT NULL AUTO_INCREMENT,
  PRIMARY KEY (`sequence_value`)
) ENGINE=InnoDB AUTO_INCREMENT=5 DEFAULT CHARSET=utf8mb4 COLLATE=utf8mb4_unicode_ci;

--
-- Dumping data for table `sequence_invoice_2`
--

INSERT INTO `sequence_invoice_2` VALUES (1),(2),(3),(4);

--
-- Table structure for table `sequence_order_0`
--

CREATE TABLE `sequence_order_0` (
  `sequence_value` int(10) unsigned NOT NULL AUTO_INCREMENT,
  PRIMARY KEY (`sequence_value`)
) ENGINE=InnoDB DEFAULT CHARSET=utf8mb4 COLLATE=utf8mb4_unicode_ci;

--
-- Dumping data for table `sequence_order_0`
--


--
-- Table structure for table `sequence_order_1`
--

CREATE TABLE `sequence_order_1` (
  `sequence_value` int(10) unsigned NOT NULL AUTO_INCREMENT,
  PRIMARY KEY (`sequence_value`)
) ENGINE=InnoDB AUTO_INCREMENT=2514 DEFAULT CHARSET=utf8mb4 COLLATE=utf8mb4_unicode_ci;

--
-- Dumping data for table `sequence_order_1`
--

INSERT INTO `sequence_order_1` VALUES (1),(2),(3),(4),(5),(6),(7),(8),(9),(10),(11),(12),(13),(14),(15),(16),(17),(18),(19),(20),(21),(22),(23),(24),(25),(26),(27),(28),(29),(30),(31),(32),(33),(34),(35),(36),(37),(38),(39),(40),(41),(42),(43),(44),(45),(46),(47),(48),(49),(50),(51),(52),(53),(54),(55),(56),(57),(58),(59),(60),(61),(62),(63),(64),(65),(66),(67),(68),(69),(70),(71),(72),(73),(74),(75),(76),(77),(78),(79),(80),(81),(82),(83),(84),(85),(86),(87),(88),(89),(90),(91),(92),(93),(94),(95),(96),(97),(98),(99),(100),(101),(102),(103),(104),(105),(106),(107),(108),(109),(110),(111),(112),(113),(114),(115),(116),(117),(118),(119),(120),(121),(122),(123),(124),(125),(126),(127),(128),(129),(130),(131),(132),(133),(134),(135),(136),(137),(138),(139),(140),(141),(142),(143),(144),(145),(146),(147),(148),(149),(150),(151),(152),(153),(154),(155),(156),(157),(158),(159),(160),(161),(162),(163),(164),(165),(166),(167),(168),(169),(170),(171),(172),(173),(174),(175),(176),(177),(178),(179),(180),(181),(182),(183),(184),(185),(186),(187),(188),(189),(190),(191),(192),(193),(194),(195),(196),(197),(198),(199),(200),(201),(202),(203),(204),(205),(206),(207),(208),(209),(210),(211),(212),(213),(214),(215),(216),(217),(218),(219),(220),(221),(222),(223),(224),(225),(226),(227),(228),(229),(230),(231),(232),(233),(234),(235),(236),(237),(238),(239),(240),(241),(242),(243),(244),(245),(246),(247),(248),(249),(250),(251),(252),(253),(254),(255),(256),(257),(258),(259),(260),(261),(262),(263),(264),(265),(266),(267),(268),(269),(270),(271),(272),(273),(274),(275),(276),(277),(278),(279),(280),(281),(282),(283),(284),(285),(286),(287),(288),(289),(290),(291),(292),(293),(294),(295),(296),(297),(298),(299),(300),(301),(302),(303),(304),(305),(306),(307),(308),(309),(310),(311),(312),(313),(314),(315),(316),(317),(318),(319),(320),(321),(322),(323),(324),(325),(326),(327),(328),(329),(330),(331),(332),(333),(334),(335),(336),(337),(338),(339),(340),(341),(342),(343),(344),(345),(346),(347),(348),(349),(350),(351),(352),(353),(354),(355),(356),(357),(358),(359),(360),(361),(362),(363),(364),(365),(366),(367),(368),(369),(370),(371),(372),(373),(374),(375),(376),(377),(378),(379),(380),(381),(382),(383),(384),(385),(386),(387),(388),(389),(390),(391),(392),(393),(394),(395),(396),(397),(398),(399),(400),(401),(402),(403),(404),(405),(406),(407),(408),(409),(410),(411),(412),(413),(414),(415),(416),(417),(418),(419),(420),(421),(422),(423),(424),(425),(426),(427),(428),(429),(430),(431),(432),(433),(434),(435),(436),(437),(438),(439),(440),(441),(442),(443),(444),(445),(446),(447),(448),(449),(450),(451),(452),(453),(454),(455),(456),(457),(458),(459),(460),(461),(462),(463),(464),(465),(466),(467),(468),(469),(470),(471),(472),(473),(474),(475),(476),(477),(478),(479),(480),(481),(482),(483),(484),(485),(486),(487),(488),(489),(490),(491),(492),(493),(494),(495),(496),(497),(498),(499),(500),(501),(502),(503),(504),(505),(506),(507),(508),(509),(510),(511),(512),(513),(514),(515),(516),(517),(518),(519),(520),(521),(522),(523),(524),(525),(526),(527),(528),(529),(530),(531),(532),(533),(534),(535),(536),(537),(538),(539),(540),(541),(542),(543),(544),(545),(546),(547),(548),(549),(550),(551),(552),(553),(554),(555),(556),(557),(558),(559),(560),(561),(562),(563),(564),(565),(566),(567),(568),(569),(570),(571),(572),(573),(574),(575),(576),(577),(578),(579),(580),(581),(582),(583),(584),(585),(586),(587),(588),(589),(590),(591),(592),(593),(594),(595),(596),(597),(598),(599),(600),(601),(602),(603),(604),(605),(606),(607),(608),(609),(610),(611),(612),(613),(614),(615),(616),(617),(618),(619),(620),(621),(622),(623),(624),(625),(626),(627),(628),(629),(630),(631),(632),(633),(634),(635),(636),(637),(638),(639),(640),(641),(642),(643),(644),(645),(646),(647),(648),(649),(650),(651),(652),(653),(654),(655),(656),(657),(658),(659),(660),(661),(662),(663),(664),(665),(666),(667),(668),(669),(670),(671),(672),(673),(674),(675),(676),(677),(678),(679),(680),(681),(682),(683),(684),(685),(686),(687),(688),(689),(690),(691),(692),(693),(694),(695),(696),(697),(698),(699),(700),(701),(702),(703),(704),(705),(706),(707),(708),(709),(710),(711),(712),(713),(714),(715),(716),(717),(718),(719),(720),(721),(722),(723),(724),(725),(726),(727),(728),(729),(730),(731),(732),(733),(734),(735),(736),(737),(738),(739),(740),(741),(742),(743),(744),(745),(746),(747),(748),(749),(750),(751),(752),(753),(754),(755),(756),(757),(758),(759),(760),(761),(762),(763),(764),(765),(766),(767),(768),(769),(770),(771),(772),(773),(774),(775),(776),(777),(778),(779),(780),(781),(782),(783),(784),(785),(786),(787),(788),(789),(790),(791),(792),(793),(794),(795),(796),(797),(798),(799),(800),(801),(802),(803),(804),(805),(806),(807),(808),(809),(810),(811),(812),(813),(814),(815),(816),(817),(818),(819),(820),(821),(822),(823),(824),(825),(826),(827),(828),(829),(830),(831),(832),(833),(834),(835),(836),(837),(838),(839),(840),(841),(842),(843),(844),(845),(846),(847),(848),(849),(850),(851),(852),(853),(854),(855),(856),(857),(858),(859),(860),(861),(862),(863),(864),(865),(866),(867),(868),(869),(870),(871),(872),(873),(874),(875),(876),(877),(878),(879),(880),(881),(882),(883),(884),(885),(886),(887),(888),(889),(890),(891),(892),(893),(894),(895),(896),(897),(898),(899),(900),(901),(902),(903),(904),(905),(906),(907),(908),(909),(910),(911),(912),(913),(914),(915),(916),(917),(918),(919),(920),(921),(922),(923),(924),(925),(926),(927),(928),(929),(930),(931),(932),(933),(934),(935),(936),(937),(938),(939),(940),(941),(942),(943),(944),(945),(946),(947),(948),(949),(950),(951),(952),(953),(954),(955),(956),(957),(958),(959),(960),(961),(962),(963),(964),(965),(966),(967),(968),(969),(970),(971),(972),(973),(974),(975),(976),(977),(978),(979),(980),(981),(982),(983),(984),(985),(986),(987),(988),(989),(990),(991),(992),(993),(994),(995),(996),(997),(998),(999),(1000),(1001),(1002),(1003),(1004),(1005),(1006),(1007),(1008),(1009),(1010),(1011),(1012),(1013),(1014),(1015),(1016),(1017),(1018),(1019),(1020),(1021),(1022),(1023),(1024),(1025),(1026),(1027),(1028),(1029),(1030),(1031),(1032),(1033),(1034),(1035),(1036),(1037),(1038),(1039),(1040),(1041),(1042),(1043),(1044),(1045),(1046),(1047),(1048),(1049),(1050),(1051),(1052),(1053),(1054),(1055),(1056),(1057),(1058),(1059),(1060),(1061),(1062),(1063),(1064),(1065),(1066),(1067),(1068),(1069),(1070),(1071),(1072),(1073),(1074),(1075),(1076),(1077),(1078),(1079),(1080),(1081),(1082),(1083),(1084),(1085),(1086),(1087),(1088),(1089),(1090),(1091),(1092),(1093),(1094),(1095),(1096),(1097),(1098),(1099),(1100),(1101),(1102),(1103),(1104),(1105),(1106),(1107),(1108),(1109),(1110),(1111),(1112),(1113),(1114),(1115),(1116),(1117),(1118),(1119),(1120),(1121),(1122),(1123),(1124),(1125),(1126),(1127),(1128),(1129),(1130),(1131),(1132),(1133),(1134),(1135),(1136),(1137),(1138),(1139),(1140),(1141),(1142),(1143),(1144),(1145),(1146),(1147),(1148),(1149),(1150),(1151),(1152),(1153),(1154),(1155),(1156),(1157),(1158),(1159),(1160),(1161),(1162),(1163),(1164),(1165),(1166),(1167),(1168),(1169),(1170),(1171),(1172),(1173),(1174),(1175),(1176),(1177),(1178),(1179),(1180),(1181),(1182),(1183),(1184),(1185),(1186),(1187),(1188),(1189),(1190),(1191),(1192),(1193),(1194),(1195),(1196),(1197),(1198),(1199),(1200),(1201),(1202),(1203),(1204),(1205),(1206),(1207),(1208),(1209),(1210),(1211),(1212),(1213),(1214),(1215),(1216),(1217),(1218),(1219),(1220),(1221),(1222),(1223),(1224),(1225),(1226),(1227),(1228),(1229),(1230),(1231),(1232),(1233),(1234),(1235),(1236),(1237),(1238),(1239),(1240),(1241),(1242),(1243),(1244),(1245),(1246),(1247),(1248),(1249),(1250),(1251),(1252),(1253),(1254),(1255),(1256),(1257),(1258),(1259),(1260),(1261),(1262),(1263),(1264),(1265),(1266),(1267),(1268),(1269),(1270),(1271),(1272),(1273),(1274),(1275),(1276),(1277),(1278),(1279),(1280),(1281),(1282),(1283),(1284),(1285),(1286),(1287),(1288),(1289),(1290),(1291),(1292),(1293),(1294),(1295),(1296),(1297),(1298),(1299),(1300),(1301),(1302),(1303),(1304),(1305),(1306),(1307),(1308),(1309),(1310),(1311),(1312),(1313),(1314),(1315),(1316),(1317),(1318),(1319),(1320),(1321),(1322),(1323),(1324),(1325),(1326),(1327),(1328),(1329),(1330),(1331),(1332),(1333),(1334),(1335),(1336),(1337),(1338),(1339),(1340),(1341),(1342),(1343),(1344),(1345),(1346),(1347),(1348),(1349),(1350),(1351),(1352),(1353),(1354),(1355),(1356),(1357),(1358),(1359),(1360),(1361),(1362),(1363),(1364),(1365),(1366),(1367),(1368),(1369),(1370),(1371),(1372),(1373),(1374),(1375),(1376),(1377),(1378),(1379),(1380),(1381),(1382),(1383),(1384),(1385),(1386),(1387),(1388),(1389),(1390),(1391),(1392),(1393),(1394),(1395),(1396),(1397),(1398),(1399),(1400),(1401),(1402),(1403),(1404),(1405),(1406),(1407),(1408),(1409),(1410),(1411),(1412),(1413),(1414),(1415),(1416),(1417),(1418),(1419),(1420),(1421),(1422),(1423),(1424),(1425),(1426),(1427),(1428),(1429),(1430),(1431),(1432),(1433),(1434),(1435),(1436),(1437),(1438),(1439),(1440),(1441),(1442),(1443),(1444),(1445),(1446),(1447),(1448),(1449),(1450),(1451),(1452),(1453),(1454),(1455),(1456),(1457),(1458),(1459),(1460),(1461),(1462),(1463),(1464),(1465),(1466),(1467),(1468),(1469),(1470),(1471),(1472),(1473),(1474),(1475),(1476),(1477),(1478),(1479),(1480),(1481),(1482),(1483),(1484),(1485),(1486),(1487),(1488),(1489),(1490),(1491),(1492),(1493),(1494),(1495),(1496),(1497),(1498),(1499),(1500),(1501),(1502),(1503),(1504),(1505),(1506),(1507),(1508),(1509),(1510),(1511),(1512),(1513),(1514),(1515),(1516),(1517),(1518),(1519),(1520),(1521),(1522),(1523),(1524),(1525),(1526),(1527),(1528),(1529),(1530),(1531),(1532),(1533),(1534),(1535),(1536),(1537),(1538),(1539),(1540),(1541),(1542),(1543),(1544),(1545),(1546),(1547),(1548),(1549),(1550),(1551),(1552),(1553),(1554),(1555),(1556),(1557),(1558),(1559),(1560),(1561),(1562),(1563),(1564),(1565),(1566),(1567),(1568),(1569),(1570),(1571),(1572),(1573),(1574),(1575),(1576),(1577),(1578),(1579),(1580),(1581),(1582),(1583),(1584),(1585),(1586),(1587),(1588),(1589),(1590),(1591),(1592),(1593),(1594),(1595),(1596),(1597),(1598),(1599),(1600),(1601),(1602),(1603),(1604),(1605),(1606),(1607),(1608),(1609),(1610),(1611),(1612),(1613),(1614),(1615),(1616),(1617),(1618),(1619),(1620),(1621),(1622),(1623),(1624),(1625),(1626),(1627),(1628),(1629),(1630),(1631),(1632),(1633),(1634),(1635),(1636),(1637),(1638),(1639),(1640),(1641),(1642),(1643),(1644),(1645),(1646),(1647),(1648),(1649),(1650),(1651),(1652),(1653),(1654),(1655),(1656),(1657),(1658),(1659),(1660),(1661),(1662),(1663),(1664),(1665),(1666),(1667),(1668),(1669),(1670),(1671),(1672),(1673),(1674),(1675),(1676),(1677),(1678),(1679),(1680),(1681),(1682),(1683),(1684),(1685),(1686),(1687),(1688),(1689),(1690),(1691),(1692),(1693),(1694),(1695),(1696),(1697),(1698),(1699),(1700),(1701),(1702),(1703),(1704),(1705),(1706),(1707),(1708),(1709),(1710),(1711),(1712),(1713),(1714),(1715),(1716),(1717),(1718),(1719),(1720),(1721),(1722),(1723),(1724),(1725),(1726),(1727),(1728),(1729),(1730),(1731),(1732),(1733),(1734),(1735),(1736),(1737),(1738),(1739),(1740),(1741),(1742),(1743),(1744),(1745),(1746),(1747),(1748),(1749),(1750),(1751),(1752),(1753),(1754),(1755),(1756),(1757),(1758),(1759),(1760),(1761),(1762),(1763),(1764),(1765),(1766),(1767),(1768),(1769),(1770),(1771),(1772),(1773),(1774),(1775),(1776),(1777),(1778),(1779),(1780),(1781),(1782),(1783),(1784),(1785),(1786),(1787),(1788),(1789),(1790),(1791),(1792),(1793),(1794),(1795),(1796),(1797),(1798),(1799),(1800),(1801),(1802),(1803),(1804),(1805),(1806),(1807),(1808),(1809),(1810),(1811),(1812),(1813),(1814),(1815),(1816),(1817),(1818),(1819),(1820),(1821),(1822),(1823),(1824),(1825),(1826),(1827),(1828),(1829),(1830),(1831),(1832),(1833),(1834),(1835),(1836),(1837),(1838),(1839),(1840),(1841),(1842),(1843),(1844),(1845),(1846),(1847),(1848),(1849),(1850),(1851),(1852),(1853),(1854),(1855),(1856),(1857),(1858),(1859),(1860),(1861),(1862),(1863),(1864),(1865),(1866),(1867),(1868),(1869),(1870),(1871),(1872),(1873),(1874),(1875),(1876),(1877),(1878),(1879),(1880),(1881),(1882),(1883),(1884),(1885),(1886),(1887),(1888),(1889),(1890),(1891),(1892),(1893),(1894),(1895),(1896),(1897),(1898),(1899),(1900),(1901),(1902),(1903),(1904),(1905),(1906),(1907),(1908),(1909),(1910),(1911),(1912),(1913),(1914),(1915),(1916),(1917),(1918),(1919),(1920),(1921),(1922),(1923),(1924),(1925),(1926),(1927),(1928),(1929),(1930),(1931),(1932),(1933),(1934),(1935),(1936),(1937),(1938),(1939),(1940),(1941),(1942),(1943),(1944),(1945),(1946),(1947),(1948),(1949),(1950),(1951),(1952),(1953),(1954),(1955),(1956),(1957),(1958),(1959),(1960),(1961),(1962),(1963),(1964),(1965),(1966),(1967),(1968),(1969),(1970),(1971),(1972),(1973),(1974),(1975),(1976),(1977),(1978),(1979),(1980),(1981),(1982),(1983),(1984),(1985),(1986),(1987),(1988),(1989),(1990),(1991),(1992),(1993),(1994),(1995),(1996),(1997),(1998),(1999),(2000),(2001),(2002),(2003),(2004),(2005),(2006),(2007),(2008),(2009),(2010),(2011),(2012),(2013),(2014),(2015),(2016),(2017),(2018),(2019),(2020),(2021),(2022),(2023),(2024),(2025),(2026),(2027),(2028),(2029),(2030),(2031),(2032),(2033),(2034),(2035),(2036),(2037),(2038),(2039),(2040),(2041),(2042),(2043),(2044),(2045),(2046),(2047),(2048),(2049),(2050),(2051),(2052),(2053),(2054),(2055),(2056),(2057),(2058),(2059),(2060),(2061),(2062),(2063),(2064),(2065),(2066),(2067),(2068),(2069),(2070),(2071),(2072),(2073),(2074),(2075),(2076),(2077),(2078),(2079),(2080),(2081),(2082),(2083),(2084),(2085),(2086),(2087),(2088),(2089),(2090),(2091),(2092),(2093),(2094),(2095),(2096),(2097),(2098),(2099),(2100),(2101),(2102),(2103),(2104),(2105),(2106),(2107),(2108),(2109),(2110),(2111),(2112),(2113),(2114),(2115),(2116),(2117),(2118),(2119),(2120),(2121),(2122),(2123),(2124),(2125),(2126),(2127),(2128),(2129),(2130),(2131),(2132),(2133),(2134),(2135),(2136),(2137),(2138),(2139),(2140),(2141),(2142),(2143),(2144),(2145),(2146),(2147),(2148),(2149),(2150),(2151),(2152),(2153),(2154),(2155),(2156),(2157),(2158),(2159),(2160),(2161),(2162),(2163),(2164),(2165),(2166),(2167),(2168),(2169),(2170),(2171),(2172),(2173),(2174),(2175),(2176),(2177),(2178),(2179),(2180),(2181),(2182),(2183),(2184),(2185),(2186),(2187),(2188),(2189),(2190),(2191),(2192),(2193),(2194),(2195),(2196),(2197),(2198),(2199),(2200),(2201),(2202),(2203),(2204),(2205),(2206),(2207),(2208),(2209),(2210),(2211),(2212),(2213),(2214),(2215),(2216),(2217),(2218),(2219),(2220),(2221),(2222),(2223),(2224),(2225),(2226),(2227),(2228),(2229),(2230),(2231),(2232),(2233),(2234),(2235),(2236),(2237),(2238),(2239),(2240),(2241),(2242),(2243),(2244),(2245),(2246),(2247),(2248),(2249),(2250),(2251),(2252),(2253),(2254),(2255),(2256),(2257),(2258),(2259),(2260),(2261),(2262),(2263),(2264),(2265),(2266),(2267),(2268),(2269),(2270),(2271),(2272),(2273),(2274),(2275),(2276),(2277),(2278),(2279),(2280),(2281),(2282),(2283),(2284),(2285),(2286),(2287),(2288),(2289),(2290),(2291),(2292),(2293),(2294),(2295),(2296),(2297),(2298),(2299),(2300),(2301),(2302),(2303),(2304),(2305),(2306),(2307),(2308),(2309),(2310),(2311),(2312),(2313),(2314),(2315),(2316),(2317),(2318),(2319),(2320),(2321),(2322),(2323),(2324),(2325),(2326),(2327),(2328),(2329),(2330),(2331),(2332),(2333),(2334),(2335),(2336),(2337),(2338),(2339),(2340),(2341),(2342),(2343),(2344),(2345),(2346),(2347),(2348),(2349),(2350),(2351),(2352),(2353),(2354),(2355),(2356),(2357),(2358),(2359),(2360),(2361),(2362),(2363),(2364),(2365),(2366),(2367),(2368),(2369),(2370),(2371),(2372),(2373),(2374),(2375),(2376),(2377),(2378),(2379),(2380),(2381),(2382),(2383),(2384),(2385),(2386),(2387),(2388),(2389),(2390),(2391),(2392),(2393),(2394),(2395),(2396),(2397),(2398),(2399),(2400),(2401),(2402),(2403),(2404),(2405),(2406),(2407),(2408),(2409),(2410),(2411),(2412),(2413),(2414),(2415),(2416),(2417),(2418),(2419),(2420),(2421),(2422),(2423),(2424),(2425),(2426),(2427),(2428),(2429),(2430),(2431),(2432),(2433),(2434),(2435),(2436),(2437),(2438),(2439),(2440),(2441),(2442),(2443),(2444),(2445),(2446),(2447),(2448),(2449),(2450),(2451),(2452),(2453),(2454),(2455),(2456),(2457),(2458),(2459),(2460),(2461),(2462),(2463),(2464),(2465),(2466),(2467),(2468),(2469),(2470),(2471),(2472),(2473),(2474),(2475),(2476),(2477),(2478),(2479),(2480),(2481),(2482),(2483),(2484),(2485),(2486),(2487),(2488),(2489),(2490),(2491),(2492),(2493),(2494),(2495),(2496),(2497),(2498),(2499),(2500),(2501),(2502),(2503),(2504),(2505),(2506),(2507),(2508),(2509),(2510),(2511),(2512),(2513);

--
-- Table structure for table `sequence_order_2`
--

CREATE TABLE `sequence_order_2` (
  `sequence_value` int(10) unsigned NOT NULL AUTO_INCREMENT,
  PRIMARY KEY (`sequence_value`)
) ENGINE=InnoDB AUTO_INCREMENT=62 DEFAULT CHARSET=utf8mb4 COLLATE=utf8mb4_unicode_ci;

--
-- Dumping data for table `sequence_order_2`
--

INSERT INTO `sequence_order_2` VALUES (1),(2),(3),(4),(5),(6),(7),(8),(9),(10),(11),(12),(13),(14),(15),(16),(17),(18),(19),(20),(21),(22),(23),(24),(25),(26),(27),(28),(29),(30),(31),(32),(33),(34),(35),(36),(37),(38),(39),(40),(41),(42),(43),(44),(45),(46),(47),(48),(49),(50),(51),(52),(53),(54),(55),(56),(57),(58),(59),(60),(61);

--
-- Table structure for table `sequence_shipment_0`
--

CREATE TABLE `sequence_shipment_0` (
  `sequence_value` int(10) unsigned NOT NULL AUTO_INCREMENT,
  PRIMARY KEY (`sequence_value`)
) ENGINE=InnoDB DEFAULT CHARSET=utf8mb4 COLLATE=utf8mb4_unicode_ci;

--
-- Dumping data for table `sequence_shipment_0`
--


--
-- Table structure for table `sequence_shipment_1`
--

CREATE TABLE `sequence_shipment_1` (
  `sequence_value` int(10) unsigned NOT NULL AUTO_INCREMENT,
  PRIMARY KEY (`sequence_value`)
) ENGINE=InnoDB AUTO_INCREMENT=158 DEFAULT CHARSET=utf8mb4 COLLATE=utf8mb4_unicode_ci;

--
-- Dumping data for table `sequence_shipment_1`
--

INSERT INTO `sequence_shipment_1` VALUES (1),(2),(7),(10),(12),(13),(14),(15),(16),(17),(18),(19),(20),(21),(22),(23),(24),(25),(26),(27),(28),(29),(30),(31),(32),(33),(34),(35),(36),(37),(38),(39),(40),(41),(42),(43),(44),(45),(46),(47),(48),(49),(50),(51),(52),(53),(54),(55),(56),(57),(58),(59),(60),(61),(62),(63),(64),(65),(66),(67),(68),(69),(70),(71),(72),(73),(74),(75),(76),(77),(78),(79),(80),(81),(82),(83),(84),(85),(86),(87),(88),(89),(90),(91),(92),(93),(94),(95),(96),(97),(98),(99),(100),(101),(102),(103),(104),(105),(106),(107),(108),(109),(110),(111),(112),(113),(114),(115),(116),(117),(118),(119),(120),(121),(122),(123),(124),(125),(126),(127),(128),(129),(131),(132),(133),(134),(135),(136),(137),(138),(139),(140),(141),(142),(143),(144),(145),(146),(147),(148),(149),(150),(151),(152),(153),(154),(155),(156),(157);

--
-- Table structure for table `sequence_shipment_2`
--

CREATE TABLE `sequence_shipment_2` (
  `sequence_value` int(10) unsigned NOT NULL AUTO_INCREMENT,
  PRIMARY KEY (`sequence_value`)
) ENGINE=InnoDB AUTO_INCREMENT=5 DEFAULT CHARSET=utf8mb4 COLLATE=utf8mb4_unicode_ci;

--
-- Dumping data for table `sequence_shipment_2`
--

INSERT INTO `sequence_shipment_2` VALUES (1),(2),(3),(4);

--
-- Table structure for table `service_calls`
--

CREATE TABLE `service_calls` (
  `service_call_id` int(10) unsigned NOT NULL AUTO_INCREMENT COMMENT 'Service call id',
  `status` smallint(5) unsigned NOT NULL DEFAULT '1' COMMENT 'Status',
  `customer_id` int(10) unsigned NOT NULL COMMENT 'Customer id',
  `name` varchar(255) NOT NULL DEFAULT '' COMMENT 'Name',
  `email_id` varchar(255) NOT NULL DEFAULT '' COMMENT 'Email Id',
  `phone_number` varchar(20) NOT NULL DEFAULT '' COMMENT 'Phone Number',
  `company_name` varchar(255) NOT NULL DEFAULT '' COMMENT 'Company Name',
  `skus` varchar(255) NOT NULL DEFAULT '' COMMENT 'Skus',
  `payment_status` smallint(5) unsigned NOT NULL DEFAULT '1' COMMENT 'Payment Status',
  `quote_id` int(10) unsigned NOT NULL COMMENT 'Quote id',
  `order_id` int(10) unsigned DEFAULT NULL COMMENT 'Order id',
  `service_call_type` varchar(255) DEFAULT NULL COMMENT 'Call type',
  `quoted_price` decimal(10,2) DEFAULT NULL COMMENT 'Quoted price',
  `quotation` text COMMENT 'Quotation',
  `comments` text COMMENT 'Customer Comments',
  `created_at` timestamp NOT NULL DEFAULT CURRENT_TIMESTAMP COMMENT 'Created At',
  `expires_at` timestamp NULL DEFAULT NULL COMMENT 'Expires At',
  `updated_at` timestamp NOT NULL DEFAULT CURRENT_TIMESTAMP ON UPDATE CURRENT_TIMESTAMP COMMENT 'Modified At',
  `increment_id` varchar(20) NOT NULL DEFAULT '' COMMENT 'Increment id',
  `issue_types` varchar(255) NOT NULL DEFAULT '' COMMENT 'Issue Types',
  `have_agreement` varchar(10) NOT NULL DEFAULT '' COMMENT 'Have Agreement',
  `service_report` text COMMENT 'Service Report',
  `store_view` varchar(255) NOT NULL DEFAULT '' COMMENT 'Store View',
  `city` varchar(255) NOT NULL DEFAULT '' COMMENT 'city',
  `street` varchar(255) NOT NULL DEFAULT '' COMMENT 'street',
  `country_id` varchar(255) NOT NULL DEFAULT '' COMMENT 'country_id',
  `region` varchar(255) NOT NULL DEFAULT '' COMMENT 'region',
  `longitude` varchar(255) NOT NULL DEFAULT '' COMMENT 'longitude',
  `latitude` varchar(255) NOT NULL DEFAULT '' COMMENT 'latitude',
  `clusternumber` varchar(255) NOT NULL DEFAULT '' COMMENT 'Cluster Number',
  PRIMARY KEY (`service_call_id`),
  KEY `SERVICE_CALLS_QUOTE_ID_QUOTE_ENTITY_ID` (`quote_id`),
  KEY `SERVICE_CALLS_SERVICE_CALL_ID` (`service_call_id`),
  CONSTRAINT `SERVICE_CALLS_QUOTE_ID_QUOTE_ENTITY_ID` FOREIGN KEY (`quote_id`) REFERENCES `quote` (`entity_id`) ON DELETE CASCADE
) ENGINE=InnoDB AUTO_INCREMENT=5 DEFAULT CHARSET=utf8 COMMENT='Service Calls';

--
-- Dumping data for table `service_calls`
--

INSERT INTO `service_calls` VALUES (1,5,1,'Mohamed Amer','m.amer81993@gmail.com','562086624','','201090010',2,6,3,NULL,0.00,NULL,NULL,'2022-01-09 12:20:02',NULL,'2022-01-09 12:29:27','000000001','Toner Issue','no',NULL,'1','Jeddah','Quai','SA','Riyadh Province','','',''),(2,2,3,'test test','12test12@mailinator.com','507876277','','2010900132',1,29,NULL,NULL,500.00,'[{\"name\":\"WhatsApp Image 2022-08-04 at 8.11.52 PM.jpeg\",\"type\":\"image\\/jpeg\",\"tmp_name\":\"\\/tmp\\/phpUqWPhF\",\"error\":\"0\",\"size\":\"34414\",\"path\":\"\\/var\\/www\\/html\\/pub\\/media\\/uploaded_quotations\\/\",\"file\":\"WhatsApp_Image_2022-08-04_at_8.11.52_PM.jpeg\",\"previewType\":\"image\",\"id\":\"V2hhdHNBcHAgSW1hZ2UgMjAyMi0wOC0wNCBhdCA4LjExLjUyIFBNLmpwZWc,\"}]',NULL,'2022-08-04 17:30:00',NULL,'2022-08-04 17:37:59','000000002','Other','do_not_kno','[{\"name\":\"WhatsApp Image 2022-08-04 at 8.11.52 PM.jpeg\",\"type\":\"image\\/jpeg\",\"tmp_name\":\"\\/tmp\\/phpJUjPpw\",\"error\":\"0\",\"size\":\"34414\",\"path\":\"\\/var\\/www\\/html\\/pub\\/media\\/uploaded_quotations\\/\",\"file\":\"WhatsApp_Image_2022-08-04_at_8.11.52_PM_1.jpeg\",\"previewType\":\"image\",\"id\":\"V2hhdHNBcHAgSW1hZ2UgMjAyMi0wOC0wNCBhdCA4LjExLjUyIFBNLmpwZWc,\"}]','1','Jeddah','aljawhara','SA','','','',''),(3,1,3,'test test','12test12@mailinator.com','507876277','','20109004',1,36,NULL,NULL,NULL,NULL,NULL,'2022-08-06 16:10:43',NULL,'2022-08-06 16:10:43','000000003','Too Slow','yes',NULL,'1','Jeddah','aljawhara','SA','','','',''),(4,1,4,'aftab alika','aftabahmad492@gmail.com','561352183','','2010900137',1,43,NULL,NULL,5000.00,'[{\"name\":\"Breath Final Art.jpg\",\"type\":\"image\\/jpeg\",\"tmp_name\":\"\\/tmp\\/php10rFOk\",\"error\":\"0\",\"size\":\"416181\",\"path\":\"\\/var\\/www\\/html\\/pub\\/media\\/uploaded_quotations\\/\",\"file\":\"Breath_Final_Art.jpg\",\"previewType\":\"image\",\"id\":\"QnJlYXRoIEZpbmFsIEFydC5qcGc,\"}]','ok','2022-08-09 11:35:37',NULL,'2022-08-09 11:37:44','000000004','Toner Issue','no','[{\"name\":\"Breath Final Art.jpg\",\"type\":\"image\\/jpeg\",\"tmp_name\":\"\\/tmp\\/phphtmfRn\",\"error\":\"0\",\"size\":\"416181\",\"path\":\"\\/var\\/www\\/html\\/pub\\/media\\/uploaded_quotations\\/\",\"file\":\"Breath_Final_Art_1.jpg\",\"previewType\":\"image\",\"id\":\"QnJlYXRoIEZpbmFsIEFydC5qcGc,\"}]','1','Jeddah','office 1, 5th Floor, Goldmine Plaza, Ichra Firozpur Road Lahore.','SA','','','','');

--
-- Table structure for table `service_plans`
--

CREATE TABLE `service_plans` (
  `service_plan_id` int(10) unsigned NOT NULL AUTO_INCREMENT COMMENT 'Maintenance Plans id',
  `status` smallint(5) unsigned NOT NULL DEFAULT '1' COMMENT 'Status',
  `customer_id` int(10) unsigned NOT NULL COMMENT 'Customer id',
  `name` varchar(255) NOT NULL DEFAULT '' COMMENT 'Name',
  `email_id` varchar(255) NOT NULL DEFAULT '' COMMENT 'Email Id',
  `phone_number` varchar(20) NOT NULL DEFAULT '' COMMENT 'Phone Number',
  `company_name` varchar(255) NOT NULL DEFAULT '' COMMENT 'Company Name',
  `skus` varchar(255) NOT NULL DEFAULT '' COMMENT 'Skus',
  `payment_status` smallint(5) unsigned NOT NULL DEFAULT '1' COMMENT 'Payment Status',
  `quote_id` int(10) unsigned NOT NULL COMMENT 'Quote id',
  `order_id` int(10) unsigned DEFAULT NULL COMMENT 'Order id',
  `service_plan_type` varchar(255) NOT NULL DEFAULT '' COMMENT 'Plan type',
  `quoted_price` decimal(10,2) DEFAULT NULL COMMENT 'Quoted price',
  `quotation` text COMMENT 'Quotation',
  `service_agreement` text COMMENT 'Service Agreement',
  `comments` text COMMENT 'Customer Comments',
  `created_at` timestamp NOT NULL DEFAULT CURRENT_TIMESTAMP COMMENT 'Created At',
  `expires_at` datetime DEFAULT NULL COMMENT 'Expires At',
  `updated_at` timestamp NOT NULL DEFAULT CURRENT_TIMESTAMP ON UPDATE CURRENT_TIMESTAMP COMMENT 'Modified At',
  `increment_id` varchar(20) NOT NULL DEFAULT '' COMMENT 'Increment id',
  `qtys` varchar(255) NOT NULL DEFAULT '' COMMENT 'Quantities',
  `starts_at` datetime DEFAULT NULL COMMENT 'Starts At',
  `clusternumber` varchar(255) NOT NULL DEFAULT '' COMMENT 'Cluster Number',
  `store_view` varchar(255) NOT NULL DEFAULT '' COMMENT 'Store View',
  `city` varchar(255) NOT NULL DEFAULT '' COMMENT 'city',
  `street` varchar(255) NOT NULL DEFAULT '' COMMENT 'street',
  `country_id` varchar(255) NOT NULL DEFAULT '' COMMENT 'country_id',
  `region` varchar(255) NOT NULL DEFAULT '' COMMENT 'region',
  `longitude` varchar(255) NOT NULL DEFAULT '' COMMENT 'longitude',
  `latitude` varchar(255) NOT NULL DEFAULT '' COMMENT 'latitude',
  `brand` varchar(255) NOT NULL DEFAULT '' COMMENT 'Brand',
  `series` varchar(255) NOT NULL DEFAULT '' COMMENT 'Series',
  `model` varchar(20) NOT NULL DEFAULT '' COMMENT 'Model',
  PRIMARY KEY (`service_plan_id`),
  KEY `SERVICE_PLANS_QUOTE_ID_QUOTE_ENTITY_ID` (`quote_id`),
  KEY `SERVICE_PLANS_SERVICE_PLAN_ID` (`service_plan_id`),
  CONSTRAINT `SERVICE_PLANS_QUOTE_ID_QUOTE_ENTITY_ID` FOREIGN KEY (`quote_id`) REFERENCES `quote` (`entity_id`) ON DELETE CASCADE
) ENGINE=InnoDB AUTO_INCREMENT=4 DEFAULT CHARSET=utf8 COMMENT='Maintenance Plans';

--
-- Dumping data for table `service_plans`
--

INSERT INTO `service_plans` VALUES (2,1,3,'test test','12test12@mailinator.com','507876277','','20109004',1,30,NULL,'service-plan-type-1',NULL,NULL,NULL,NULL,'2022-08-04 17:42:54',NULL,'2022-08-04 17:42:54','000000002','1',NULL,'','1','Jeddah','aljawhara','SA','','','','Konica Minolta','Bizhub','306i'),(3,4,3,'test test','12test12@mailinator.com','507876277','','20109004',1,31,13,'service-plan-type-1',1500.00,'[{\"name\":\"WhatsApp Image 2022-08-04 at 8.11.52 PM.jpeg\",\"type\":\"image\\/jpeg\",\"tmp_name\":\"\\/tmp\\/php4fhBpy\",\"error\":\"0\",\"size\":\"34414\",\"path\":\"\\/var\\/www\\/html\\/pub\\/media\\/uploaded_quotations\\/\",\"file\":\"WhatsApp_Image_2022-08-04_at_8.11.52_PM_2.jpeg\",\"previewType\":\"image\",\"id\":\"V2hhdHNBcHAgSW1hZ2UgMjAyMi0wOC0wNCBhdCA4LjExLjUyIFBNLmpwZWc,\"}]','[{\"name\":\"receipt (1).pdf\",\"type\":\"application\\/pdf\",\"tmp_name\":\"\\/tmp\\/phpw7fRbE\",\"error\":\"0\",\"size\":\"47929\",\"path\":\"\\/var\\/www\\/html\\/pub\\/media\\/uploaded_quotations\\/\",\"file\":\"receipt_1_.pdf\",\"previewType\":\"document\",\"id\":\"cmVjZWlwdCAoMSkucGRm\"}]',NULL,'2022-08-04 17:43:00',NULL,'2022-08-04 17:59:23','000000003','1',NULL,'','1','Jeddah','aljawhara','SA','','','','Konica Minolta','Bizhub','306i');

--
-- Table structure for table `session`
--

CREATE TABLE `session` (
  `session_id` varchar(255) NOT NULL COMMENT 'Session Id',
  `session_expires` int(10) unsigned NOT NULL DEFAULT '0' COMMENT 'Date of Session Expiration',
  `session_data` mediumblob NOT NULL COMMENT 'Session Data',
  PRIMARY KEY (`session_id`)
) ENGINE=InnoDB DEFAULT CHARSET=utf8 COMMENT='Database Sessions Storage';

--
-- Dumping data for table `session`
--


--
-- Table structure for table `setup_module`
--

CREATE TABLE `setup_module` (
  `module` varchar(50) NOT NULL COMMENT 'Module',
  `schema_version` varchar(50) DEFAULT NULL COMMENT 'Schema Version',
  `data_version` varchar(50) DEFAULT NULL COMMENT 'Data Version',
  PRIMARY KEY (`module`)
) ENGINE=InnoDB DEFAULT CHARSET=utf8 COMMENT='Module versions registry';

--
-- Dumping data for table `setup_module`
--

INSERT INTO `setup_module` VALUES ('Amazon_Core','4.2.2','4.2.2'),('Amazon_Login','4.2.2','4.2.2'),('Amazon_Payment','4.2.2','4.2.2'),('Ambab_Attributes','1.0.0','1.0.0'),('Ambab_Chekoutlogin','1.0.0','1.0.0'),('Ambab_DiscountFilter','1.0.0','1.0.0'),('Ambab_EstimatingDelivery','1.0.0','1.0.0'),('Ambab_PriceDecimal','2.1.0','2.1.0'),('Ambab_Services','1.0.1','1.0.1'),('Ambab_Subscribe','2.1.2','2.1.2'),('Bss_ThemeFixed','1.0.0','1.0.0'),('Dotdigitalgroup_Chat','1.5.0','1.5.0'),('Dotdigitalgroup_Email','4.12.0','4.12.0'),('Dotdigitalgroup_Sms','1.1.1','1.1.1'),('Hyperpay_Extension','2.0.0','2.0.0'),('Ibnab_CloudZoomy','1.0.0','1.0.0'),('Ibnab_MegaMenu','1.1.0','1.1.0'),('Ideo_StoreLocator','2.0.5','2.0.5'),('Klarna_Core','6.2.4','6.2.4'),('Klarna_Kp','7.3.7','7.3.7'),('Klarna_KpGraphQl','0.9.7','0.9.7'),('Klarna_Onsitemessaging','1.0.6','1.0.6'),('Klarna_Ordermanagement','6.2.5','6.2.5'),('MageBig_AjaxCart','2.0.0','2.0.0'),('MageBig_Ajaxcompare','2.0.0','2.0.0'),('MageBig_AjaxFilter','2.0.0','2.0.0'),('MageBig_AjaxInfiniteScroll','2.0.0','2.0.0'),('MageBig_AjaxSearch','2.0.0','2.0.0'),('MageBig_Ajaxwishlist','2.0.0','2.0.0'),('MageBig_ExtendPageBuilder','2.0.0','2.0.0'),('MageBig_MbFrame','2.0.1','2.0.1'),('MageBig_MbLib','2.0.0','2.0.0'),('MageBig_NewsPopup','2.0.0','2.0.0'),('MageBig_QuickView','2.0.0','2.0.0'),('MageBig_Shopbybrand','2.0.1','2.0.1'),('MageBig_SmartMenu','2.0.1','2.0.1'),('MageBig_SocialLogin','3.0.0','3.0.0'),('MageBig_SyntaxCms','3.0.0','3.0.0'),('MageBig_WidgetPlus','2.0.0','2.0.0'),('MageBig_WysiwygFiles','2.0.0','2.0.0'),('Magefan_Blog','2.10.9','2.10.9'),('Magefan_Community','2.1.10','2.1.10'),('MageHost_PerformanceDashboard','1.0.0','1.0.0'),('MageModule_Core','1.1.5','1.1.5'),('MageModule_OrderImportExport','1.2.0','1.2.0'),('Magenman_Mobilelogin','2.1.2','2.1.2'),('Magento_ComposerRootUpdatePlugin','0.1.0','0.1.0'),('Magento_GoogleShoppingAds','4.0.1','4.0.1'),('Magento_Securitytxt','1.0.0','1.0.0'),('Mageplaza_Blog','2.5.2','2.5.2'),('Mageplaza_Core','1.0.0','1.0.0'),('Mageplaza_PdfInvoice','1.1.0','1.1.0'),('Mageplaza_Smtp','1.2.5','1.2.5'),('Mageplaza_SocialShare','1.0.0','1.0.0'),('Magepow_CancelOrder','1.0.0','1.0.0'),('Magepow_Layerednav','1.0.0','1.0.0'),('MageWorx_PaymentRestriction','1.0.0','1.0.0'),('Manadev_Core','3','3'),('Manadev_ElasticSearch','1','1'),('Manadev_LayeredNavigation','28','28'),('Manadev_ProductCollection','1','1'),('MGS_Brand','2.0.1','2.0.1'),('MGS_Core','0.1.0','0.1.0'),('MobiSms_Notify','2.0.0','2.0.0'),('PayPal_Braintree','4.0.3','4.0.3'),('Rbj_CategoryWidget','2.1.1','2.1.1'),('ReviewRating_Outright','1.0.0','1.0.0'),('ReviewRating_Servicecall','1.0.0','1.0.0'),('ReviewRating_Serviceplan','1.0.0','1.0.0'),('ReviewRating_Subscription','1.0.0','1.0.0'),('Sagistri_CspWhitelist','1.0.0','1.0.0'),('SR_CustomerSession','2.0.0','2.0.0'),('SV_ClusterNumber','1.0.0','1.0.0'),('Swissup_Core','1.2.1','1.2.1'),('Swissup_Testimonials','1.0.0','1.0.0'),('Tawk_Widget','1.5.1','1.5.1'),('Vertex_AddressValidation','100.5.0','100.5.0'),('Webkul_GoogleMapPinAddress','3.0.0','3.0.0'),('Worx_Device','1.0.0','1.0.0'),('Worx_DeviceImport','1.0.0','1.0.0'),('Yotpo_Yotpo','3.2.0','3.2.0');

--
-- Table structure for table `shipping_tablerate`
--

CREATE TABLE `shipping_tablerate` (
  `pk` int(10) unsigned NOT NULL AUTO_INCREMENT COMMENT 'Primary key',
  `website_id` int(11) NOT NULL DEFAULT '0' COMMENT 'Website ID',
  `dest_country_id` varchar(4) NOT NULL DEFAULT '0' COMMENT 'Destination coutry ISO/2 or ISO/3 code',
  `dest_region_id` int(11) NOT NULL DEFAULT '0' COMMENT 'Destination Region ID',
  `dest_zip` varchar(10) NOT NULL DEFAULT '*' COMMENT 'Destination Post Code (Zip)',
  `condition_name` varchar(30) NOT NULL COMMENT 'Rate Condition name',
  `condition_value` decimal(12,4) NOT NULL DEFAULT '0.0000' COMMENT 'Rate condition value',
  `price` decimal(12,4) NOT NULL DEFAULT '0.0000' COMMENT 'Price',
  `cost` decimal(12,4) NOT NULL DEFAULT '0.0000' COMMENT 'Cost',
  PRIMARY KEY (`pk`),
  UNIQUE KEY `UNQ_D60821CDB2AFACEE1566CFC02D0D4CAA` (`website_id`,`dest_country_id`,`dest_region_id`,`dest_zip`,`condition_name`,`condition_value`)
) ENGINE=InnoDB AUTO_INCREMENT=34 DEFAULT CHARSET=utf8 COMMENT='Shipping Tablerate';

--
-- Dumping data for table `shipping_tablerate`
--

INSERT INTO `shipping_tablerate` VALUES (5,1,'0',0,'*','package_weight',100.0000,20.0000,0.0000),(6,1,'0',0,'*','package_weight',300.0000,25.0000,0.0000),(7,1,'0',0,'*','package_weight',400.0000,30.0000,0.0000),(8,1,'0',0,'*','package_weight',500.0000,35.0000,0.0000),(9,1,'0',0,'*','package_weight',1000.0000,50.0000,0.0000),(23,1,'0',0,'*','package_value_with_discount',1.0000,35.0000,0.0000),(24,1,'0',0,'*','package_value_with_discount',3001.0000,70.0000,0.0000),(25,1,'US',0,'*','package_value_with_discount',0.0000,15.0000,0.0000),(26,1,'US',0,'*','package_value_with_discount',50.0000,10.0000,0.0000),(27,1,'US',0,'*','package_value_with_discount',100.0000,5.0000,0.0000),(28,1,'US',2,'*','package_value_with_discount',0.0000,20.0000,0.0000),(29,1,'US',2,'*','package_value_with_discount',50.0000,15.0000,0.0000),(30,1,'US',2,'*','package_value_with_discount',100.0000,10.0000,0.0000),(31,1,'US',21,'*','package_value_with_discount',0.0000,20.0000,0.0000),(32,1,'US',21,'*','package_value_with_discount',50.0000,15.0000,0.0000),(33,1,'US',21,'*','package_value_with_discount',100.0000,10.0000,0.0000);

--
-- Table structure for table `sitemap`
--

CREATE TABLE `sitemap` (
  `sitemap_id` int(10) unsigned NOT NULL AUTO_INCREMENT COMMENT 'Sitemap ID',
  `sitemap_type` varchar(32) DEFAULT NULL COMMENT 'Sitemap Type',
  `sitemap_filename` varchar(32) DEFAULT NULL COMMENT 'Sitemap Filename',
  `sitemap_path` varchar(255) DEFAULT NULL COMMENT 'Sitemap Path',
  `sitemap_time` timestamp NULL DEFAULT NULL COMMENT 'Sitemap Time',
  `store_id` smallint(5) unsigned NOT NULL DEFAULT '0' COMMENT 'Store ID',
  PRIMARY KEY (`sitemap_id`),
  KEY `SITEMAP_STORE_ID` (`store_id`),
  CONSTRAINT `SITEMAP_STORE_ID_STORE_STORE_ID` FOREIGN KEY (`store_id`) REFERENCES `store` (`store_id`) ON DELETE CASCADE
) ENGINE=InnoDB DEFAULT CHARSET=utf8 COMMENT='XML Sitemap';

--
-- Dumping data for table `sitemap`
--


--
-- Table structure for table `sms_forgot_otp`
--

CREATE TABLE `sms_forgot_otp` (
  `id` int(10) unsigned NOT NULL AUTO_INCREMENT COMMENT 'Code ID',
  `created_time` date DEFAULT NULL COMMENT 'Created Time',
  `mobile` varchar(255) DEFAULT NULL COMMENT 'Mobile Number',
  `email` varchar(255) DEFAULT NULL COMMENT 'Customer Email',
  `ipaddress` varchar(255) DEFAULT NULL COMMENT 'IP Address',
  `random_code` varchar(255) DEFAULT NULL COMMENT 'Random Code',
  `is_verify` int(11) DEFAULT NULL COMMENT 'Is verify',
  PRIMARY KEY (`id`)
) ENGINE=InnoDB DEFAULT CHARSET=utf8 COMMENT='sms_forgot_otp';

--
-- Dumping data for table `sms_forgot_otp`
--


--
-- Table structure for table `sms_login_otp`
--

CREATE TABLE `sms_login_otp` (
  `id` int(10) unsigned NOT NULL AUTO_INCREMENT COMMENT 'Code ID',
  `random_code` varchar(255) DEFAULT NULL COMMENT 'Random Code',
  `created_time` date DEFAULT NULL COMMENT 'Created Time',
  `mobile` varchar(255) DEFAULT NULL COMMENT 'Mobile Number',
  `is_verify` int(11) DEFAULT NULL COMMENT 'Is verify',
  PRIMARY KEY (`id`)
) ENGINE=InnoDB AUTO_INCREMENT=4 DEFAULT CHARSET=utf8 COMMENT='sms_login_otp';

--
