(6328,NULL,NULL,'2022-08-10 20:21:28','2022-08-10 20:21:21'),(6329,NULL,NULL,'2022-08-10 20:21:28','2022-08-10 20:21:21'),(6330,NULL,NULL,'2022-08-10 20:21:28','2022-08-10 20:21:21'),(6331,NULL,NULL,'2022-08-10 20:21:28','2022-08-10 20:21:21'),(6332,NULL,NULL,'2022-08-10 20:21:28','2022-08-10 20:21:21'),(6333,NULL,NULL,'2022-08-10 20:21:28','2022-08-10 20:21:21'),(6334,NULL,NULL,'2022-08-10 20:21:28','2022-08-10 20:21:21'),(6335,NULL,NULL,'2022-08-10 20:21:28','2022-08-10 20:21:21'),(6336,NULL,NULL,'2022-08-10 20:21:28','2022-08-10 20:21:21'),(6337,NULL,NULL,'2022-08-10 20:21:28','2022-08-10 20:21:21'),(6338,NULL,NULL,'2022-08-10 20:21:28','2022-08-10 20:21:21'),(6339,NULL,NULL,'2022-08-10 20:21:28','2022-08-10 20:21:21'),(6340,NULL,NULL,'2022-08-10 20:21:28','2022-08-10 20:21:21'),(6341,NULL,NULL,'2022-08-10 20:21:28','2022-08-10 20:21:21'),(6342,NULL,NULL,'2022-08-10 20:21:28','2022-08-10 20:21:21'),(6343,NULL,NULL,'2022-08-10 20:21:28','2022-08-10 20:21:21'),(6344,NULL,NULL,'2022-08-10 20:21:28','2022-08-10 20:21:21'),(6345,NULL,NULL,'2022-08-10 20:21:28','2022-08-10 20:21:21'),(6346,NULL,NULL,'2022-08-10 20:21:28','2022-08-10 20:21:21'),(6347,NULL,NULL,'2022-08-10 20:21:28','2022-08-10 20:21:21'),(6348,NULL,NULL,'2022-08-10 20:21:28','2022-08-10 20:21:21'),(6349,NULL,NULL,'2022-08-10 20:21:28','2022-08-10 20:21:21'),(6350,NULL,NULL,'2022-08-10 20:21:28','2022-08-10 20:21:21'),(6351,NULL,NULL,'2022-08-10 20:21:28','2022-08-10 20:21:21'),(6352,NULL,NULL,'2022-08-10 20:21:28','2022-08-10 20:21:21'),(6353,NULL,NULL,'2022-08-10 20:21:28','2022-08-10 20:21:21'),(6354,NULL,NULL,'2022-08-10 20:21:28','2022-08-10 20:21:21'),(6355,NULL,NULL,'2022-08-10 20:21:28','2022-08-10 20:21:21'),(6356,NULL,NULL,'2022-08-10 20:21:28','2022-08-10 20:21:21'),(6357,NULL,NULL,'2022-08-10 20:21:28','2022-08-10 20:21:21'),(6358,NULL,NULL,'2022-08-10 20:21:28','2022-08-10 20:21:21'),(6359,NULL,NULL,'2022-08-10 20:21:28','2022-08-10 20:21:21'),(6360,NULL,NULL,'2022-08-10 20:21:28','2022-08-10 20:21:21'),(6361,NULL,NULL,'2022-08-10 20:21:28','2022-08-10 20:21:21'),(6362,NULL,NULL,'2022-08-10 20:21:28','2022-08-10 20:21:21'),(6363,NULL,NULL,'2022-08-10 20:21:28','2022-08-10 20:21:21'),(6364,NULL,NULL,'2022-08-10 20:21:28','2022-08-10 20:21:21'),(6365,NULL,NULL,'2022-08-10 20:21:28','2022-08-10 20:21:21'),(6366,NULL,NULL,'2022-08-10 20:21:28','2022-08-10 20:21:21'),(6367,NULL,NULL,'2022-08-10 20:21:28','2022-08-10 20:21:21'),(6368,NULL,NULL,'2022-08-10 20:21:28','2022-08-10 20:21:21'),(6369,NULL,NULL,'2022-08-10 20:21:28','2022-08-10 20:21:21'),(6370,NULL,NULL,'2022-08-10 20:21:28','2022-08-10 20:21:21'),(6371,NULL,NULL,'2022-08-10 20:21:28','2022-08-10 20:21:21'),(6372,NULL,NULL,'2022-08-10 20:21:28','2022-08-10 20:21:21'),(6373,NULL,NULL,'2022-08-10 20:21:28','2022-08-10 20:21:21'),(6374,NULL,NULL,'2022-08-10 20:21:28','2022-08-10 20:21:21'),(6375,NULL,NULL,'2022-08-10 20:21:28','2022-08-10 20:21:21'),(6376,NULL,NULL,'2022-08-10 20:21:28','2022-08-10 20:21:21'),(6377,NULL,NULL,'2022-08-10 20:21:28','2022-08-10 20:21:21'),(6378,NULL,NULL,'2022-08-10 20:21:28','2022-08-10 20:21:21'),(6379,NULL,NULL,'2022-08-10 20:21:28','2022-08-10 20:21:21'),(6380,NULL,NULL,'2022-08-10 20:21:28','2022-08-10 20:21:21'),(6381,NULL,NULL,'2022-08-10 20:21:28','2022-08-10 20:21:21'),(6382,NULL,NULL,'2022-08-10 20:21:28','2022-08-10 20:21:21'),(6383,NULL,NULL,'2022-08-10 20:21:28','2022-08-10 20:21:21'),(6384,NULL,NULL,'2022-08-10 20:21:28','2022-08-10 20:21:21'),(6385,NULL,NULL,'2022-08-10 20:21:28','2022-08-10 20:21:21'),(6386,NULL,NULL,'2022-08-10 20:21:28','2022-08-10 20:21:21'),(6387,NULL,NULL,'2022-08-10 20:21:28','2022-08-10 20:21:21'),(6388,NULL,NULL,'2022-08-10 20:21:28','2022-08-10 20:21:21'),(6389,NULL,NULL,'2022-08-10 20:21:28','2022-08-10 20:21:21'),(6390,NULL,NULL,'2022-08-10 20:21:28','2022-08-10 20:21:21'),(6391,NULL,NULL,'2022-08-10 20:21:28','2022-08-10 20:21:21'),(6392,NULL,NULL,'2022-08-10 20:21:28','2022-08-10 20:21:21'),(6393,NULL,NULL,'2022-08-10 20:21:28','2022-08-10 20:21:21'),(6394,NULL,NULL,'2022-08-10 20:21:28','2022-08-10 20:21:21'),(6395,NULL,NULL,'2022-08-10 20:21:28','2022-08-10 20:21:21'),(6396,NULL,NULL,'2022-08-10 20:21:28','2022-08-10 20:21:21'),(6397,NULL,NULL,'2022-08-10 20:21:28','2022-08-10 20:21:21'),(6398,NULL,NULL,'2022-08-10 20:21:28','2022-08-10 20:21:21'),(6399,NULL,NULL,'2022-08-10 20:21:28','2022-08-10 20:21:21'),(6400,NULL,NULL,'2022-08-10 20:21:28','2022-08-10 20:21:21'),(6401,NULL,NULL,'2022-08-10 20:21:28','2022-08-10 20:21:21'),(6402,NULL,NULL,'2022-08-10 20:21:28','2022-08-10 20:21:21'),(6403,NULL,NULL,'2022-08-10 20:21:28','2022-08-10 20:21:21'),(6404,NULL,NULL,'2022-08-10 20:21:28','2022-08-10 20:21:21'),(6405,NULL,NULL,'2022-08-10 20:21:28','2022-08-10 20:21:21'),(6406,NULL,NULL,'2022-08-10 20:21:28','2022-08-10 20:21:21'),(6407,NULL,NULL,'2022-08-10 20:21:28','2022-08-10 20:21:21'),(6408,NULL,NULL,'2022-08-10 20:21:28','2022-08-10 20:21:21'),(6409,NULL,NULL,'2022-08-10 20:21:28','2022-08-10 20:21:21'),(6410,NULL,NULL,'2022-08-10 20:21:28','2022-08-10 20:21:21'),(6411,NULL,NULL,'2022-08-10 20:21:28','2022-08-10 20:21:21'),(6412,NULL,NULL,'2022-08-10 20:21:28','2022-08-10 20:21:21'),(6413,NULL,NULL,'2022-08-10 20:21:28','2022-08-10 20:21:21'),(6414,NULL,NULL,'2022-08-10 20:21:28','2022-08-10 20:21:21'),(6415,NULL,NULL,'2022-08-10 20:21:28','2022-08-10 20:21:21'),(6416,NULL,NULL,'2022-08-10 20:21:28','2022-08-10 20:21:21'),(6417,NULL,NULL,'2022-08-10 20:21:28','2022-08-10 20:21:21'),(6418,NULL,NULL,'2022-08-10 20:21:28','2022-08-10 20:21:21'),(6419,NULL,NULL,'2022-08-10 20:21:28','2022-08-10 20:21:21'),(6420,NULL,NULL,'2022-08-10 20:21:28','2022-08-10 20:21:21'),(6421,NULL,NULL,'2022-08-10 20:21:28','2022-08-10 20:21:21'),(6422,NULL,NULL,'2022-08-10 20:21:28','2022-08-10 20:21:21'),(6423,NULL,NULL,'2022-08-10 20:21:28','2022-08-10 20:21:21'),(6424,NULL,NULL,'2022-08-10 20:21:28','2022-08-10 20:21:21'),(6425,NULL,NULL,'2022-08-10 20:21:28','2022-08-10 20:21:21'),(6426,NULL,NULL,'2022-08-10 20:21:28','2022-08-10 20:21:21'),(6427,NULL,NULL,'2022-08-10 20:21:28','2022-08-10 20:21:21'),(6428,NULL,NULL,'2022-08-10 20:21:28','2022-08-10 20:21:21'),(6429,NULL,NULL,'2022-08-10 20:21:28','2022-08-10 20:21:21'),(6430,NULL,NULL,'2022-08-10 20:21:28','2022-08-10 20:21:21'),(6431,NULL,NULL,'2022-08-10 20:21:28','2022-08-10 20:21:21'),(6432,NULL,NULL,'2022-08-10 20:21:28','2022-08-10 20:21:21'),(6433,NULL,NULL,'2022-08-10 20:21:28','2022-08-10 20:21:21'),(6434,NULL,NULL,'2022-08-10 20:21:28','2022-08-10 20:21:21'),(6435,NULL,NULL,'2022-08-10 20:21:28','2022-08-10 20:21:21'),(6436,NULL,NULL,'2022-08-10 20:21:28','2022-08-10 20:21:21'),(6437,NULL,NULL,'2022-08-10 20:21:28','2022-08-10 20:21:21'),(6438,NULL,NULL,'2022-08-10 20:21:28','2022-08-10 20:21:21'),(6439,NULL,NULL,'2022-08-10 20:21:28','2022-08-10 20:21:21'),(6440,NULL,NULL,'2022-08-10 20:21:28','2022-08-10 20:21:21'),(6441,NULL,NULL,'2022-08-10 20:21:28','2022-08-10 20:21:21'),(6442,NULL,NULL,'2022-08-10 20:21:28','2022-08-10 20:21:21'),(6443,NULL,NULL,'2022-08-10 20:21:28','2022-08-10 20:21:21'),(6444,NULL,NULL,'2022-08-10 20:21:28','2022-08-10 20:21:21'),(6445,NULL,NULL,'2022-08-10 20:21:28','2022-08-10 20:21:21'),(6446,NULL,NULL,'2022-08-10 20:21:28','2022-08-10 20:21:21'),(6447,NULL,NULL,'2022-08-10 20:21:28','2022-08-10 20:21:21'),(6448,NULL,NULL,'2022-08-10 20:21:28','2022-08-10 20:21:21'),(6449,NULL,NULL,'2022-08-10 20:21:28','2022-08-10 20:21:21'),(6450,NULL,NULL,'2022-08-10 20:21:28','2022-08-10 20:21:21'),(6451,NULL,NULL,'2022-08-10 20:21:28','2022-08-10 20:21:21'),(6452,NULL,NULL,'2022-08-10 20:21:28','2022-08-10 20:21:21'),(6453,NULL,NULL,'2022-08-10 20:21:28','2022-08-10 20:21:21'),(6454,NULL,NULL,'2022-08-10 20:21:28','2022-08-10 20:21:21'),(6455,NULL,NULL,'2022-08-10 20:21:28','2022-08-10 20:21:21'),(6456,NULL,NULL,'2022-08-10 20:21:28','2022-08-10 20:21:21'),(6457,NULL,NULL,'2022-08-10 20:21:28','2022-08-10 20:21:21'),(6458,NULL,NULL,'2022-08-10 20:21:28','2022-08-10 20:21:21'),(6459,NULL,NULL,'2022-08-10 20:21:28','2022-08-10 20:21:21'),(6460,NULL,NULL,'2022-08-10 20:21:28','2022-08-10 20:21:21'),(6461,NULL,NULL,'2022-08-10 20:21:28','2022-08-10 20:21:21'),(6462,NULL,NULL,'2022-08-10 20:21:28','2022-08-10 20:21:21'),(6463,NULL,NULL,'2022-08-10 20:21:28','2022-08-10 20:21:21'),(6464,NULL,NULL,'2022-08-10 20:21:28','2022-08-10 20:21:21'),(6465,NULL,NULL,'2022-08-10 20:21:28','2022-08-10 20:21:21'),(6466,NULL,NULL,'2022-08-10 20:21:28','2022-08-10 20:21:21'),(6467,NULL,NULL,'2022-08-10 20:21:28','2022-08-10 20:21:21'),(6468,NULL,NULL,'2022-08-10 20:21:28','2022-08-10 20:21:21'),(6469,NULL,NULL,'2022-08-10 20:21:28','2022-08-10 20:21:21'),(6470,NULL,NULL,'2022-08-10 20:21:28','2022-08-10 20:21:21'),(6471,NULL,NULL,'2022-08-10 20:21:28','2022-08-10 20:21:21'),(6472,NULL,NULL,'2022-08-10 20:21:28','2022-08-10 20:21:21'),(6473,NULL,NULL,'2022-08-10 20:21:28','2022-08-10 20:21:21'),(6474,NULL,NULL,'2022-08-10 20:21:28','2022-08-10 20:21:21'),(6475,NULL,NULL,'2022-08-10 20:21:28','2022-08-10 20:21:21'),(6476,NULL,NULL,'2022-08-10 20:21:28','2022-08-10 20:21:21'),(6477,NULL,NULL,'2022-08-10 20:21:28','2022-08-10 20:21:21'),(6478,NULL,NULL,'2022-08-10 20:21:28','2022-08-10 20:21:21'),(6479,NULL,NULL,'2022-08-10 20:21:28','2022-08-10 20:21:21'),(6480,NULL,NULL,'2022-08-10 20:21:28','2022-08-10 20:21:21'),(6481,NULL,NULL,'2022-08-10 20:21:28','2022-08-10 20:21:21'),(6482,NULL,NULL,'2022-08-10 20:21:28','2022-08-10 20:21:21'),(6483,NULL,NULL,'2022-08-10 20:21:28','2022-08-10 20:21:21'),(6484,NULL,NULL,'2022-08-10 20:21:28','2022-08-10 20:21:21'),(6485,NULL,NULL,'2022-08-10 20:21:28','2022-08-10 20:21:21'),(6486,NULL,NULL,'2022-08-10 20:21:28','2022-08-10 20:21:21'),(6487,NULL,NULL,'2022-08-10 20:21:28','2022-08-10 20:21:21'),(6488,NULL,NULL,'2022-08-10 20:21:28','2022-08-10 20:21:21'),(6489,NULL,NULL,'2022-08-10 20:21:28','2022-08-10 20:21:21'),(6490,NULL,NULL,'2022-08-10 20:21:28','2022-08-10 20:21:21'),(6491,NULL,NULL,'2022-08-10 20:21:28','2022-08-10 20:21:21'),(6492,NULL,NULL,'2022-08-10 20:21:28','2022-08-10 20:21:21'),(6493,NULL,NULL,'2022-08-10 20:21:28','2022-08-10 20:21:21'),(6494,NULL,NULL,'2022-08-10 20:21:28','2022-08-10 20:21:21'),(6495,NULL,NULL,'2022-08-10 20:21:28','2022-08-10 20:21:21'),(6496,NULL,NULL,'2022-08-10 20:21:28','2022-08-10 20:21:21'),(6497,NULL,NULL,'2022-08-10 20:21:28','2022-08-10 20:21:21'),(6498,NULL,NULL,'2022-08-10 20:21:28','2022-08-10 20:21:21'),(6499,NULL,NULL,'2022-08-10 20:21:28','2022-08-10 20:21:21'),(6500,NULL,NULL,'2022-08-10 20:21:28','2022-08-10 20:21:21'),(6501,NULL,NULL,'2022-08-10 20:21:28','2022-08-10 20:21:21'),(6502,NULL,NULL,'2022-08-10 20:21:28','2022-08-10 20:21:21'),(6503,NULL,NULL,'2022-08-10 20:21:28','2022-08-10 20:21:21'),(6504,NULL,NULL,'2022-08-10 20:21:28','2022-08-10 20:21:21'),(6505,NULL,NULL,'2022-08-10 20:21:28','2022-08-10 20:21:21'),(6506,NULL,NULL,'2022-08-10 20:21:28','2022-08-10 20:21:21'),(6507,NULL,NULL,'2022-08-10 20:21:28','2022-08-10 20:21:21'),(6508,NULL,NULL,'2022-08-10 20:21:28','2022-08-10 20:21:21'),(6509,NULL,NULL,'2022-08-10 20:21:28','2022-08-10 20:21:21'),(6510,NULL,NULL,'2022-08-10 20:21:28','2022-08-10 20:21:21'),(6511,NULL,NULL,'2022-08-10 20:21:28','2022-08-10 20:21:21'),(6512,NULL,NULL,'2022-08-10 20:21:28','2022-08-10 20:21:21'),(6513,NULL,NULL,'2022-08-10 20:21:28','2022-08-10 20:21:21'),(6514,NULL,NULL,'2022-08-10 20:21:28','2022-08-10 20:21:21'),(6515,NULL,NULL,'2022-08-10 20:21:28','2022-08-10 20:21:21'),(6516,NULL,NULL,'2022-08-10 20:21:28','2022-08-10 20:21:21'),(6517,NULL,NULL,'2022-08-10 20:21:28','2022-08-10 20:21:21'),(6518,NULL,NULL,'2022-08-10 20:21:28','2022-08-10 20:21:21'),(6519,NULL,NULL,'2022-08-10 20:21:28','2022-08-10 20:21:21'),(6520,NULL,NULL,'2022-08-10 20:21:28','2022-08-10 20:21:21'),(6521,NULL,NULL,'2022-08-10 20:21:28','2022-08-10 20:21:21'),(6522,NULL,NULL,'2022-08-10 20:21:28','2022-08-10 20:21:21'),(6523,NULL,NULL,'2022-08-10 20:21:28','2022-08-10 20:21:21'),(6524,NULL,NULL,'2022-08-10 20:21:28','2022-08-10 20:21:21'),(6525,NULL,NULL,'2022-08-10 20:21:28','2022-08-10 20:21:21'),(6526,NULL,NULL,'2022-08-10 20:21:28','2022-08-10 20:21:21'),(6527,NULL,NULL,'2022-08-10 20:21:28','2022-08-10 20:21:21'),(6528,NULL,NULL,'2022-08-10 20:21:28','2022-08-10 20:21:21'),(6529,NULL,NULL,'2022-08-10 20:21:28','2022-08-10 20:21:21'),(6530,NULL,NULL,'2022-08-10 20:21:28','2022-08-10 20:21:21'),(6531,NULL,NULL,'2022-08-10 20:21:28','2022-08-10 20:21:21'),(6532,NULL,NULL,'2022-08-10 20:21:28','2022-08-10 20:21:21'),(6533,NULL,NULL,'2022-08-10 20:21:28','2022-08-10 20:21:21'),(6534,NULL,NULL,'2022-08-10 20:21:28','2022-08-10 20:21:21'),(6535,NULL,NULL,'2022-08-10 20:21:28','2022-08-10 20:21:21'),(6536,NULL,NULL,'2022-08-10 20:21:28','2022-08-10 20:21:21'),(6537,NULL,NULL,'2022-08-10 20:21:28','2022-08-10 20:21:21'),(6538,NULL,NULL,'2022-08-10 20:21:28','2022-08-10 20:21:21'),(6539,NULL,NULL,'2022-08-10 20:21:28','2022-08-10 20:21:21'),(6540,NULL,NULL,'2022-08-10 20:21:28','2022-08-10 20:21:21'),(6541,NULL,NULL,'2022-08-10 20:21:28','2022-08-10 20:21:21'),(6542,NULL,NULL,'2022-08-10 20:21:28','2022-08-10 20:21:21'),(6543,NULL,NULL,'2022-08-10 20:21:28','2022-08-10 20:21:21'),(6544,NULL,NULL,'2022-08-10 20:21:28','2022-08-10 20:21:21'),(6545,NULL,NULL,'2022-08-10 20:21:28','2022-08-10 20:21:21'),(6546,NULL,NULL,'2022-08-10 20:21:28','2022-08-10 20:21:21'),(6547,NULL,NULL,'2022-08-10 20:21:28','2022-08-10 20:21:21'),(6548,NULL,NULL,'2022-08-10 20:21:28','2022-08-10 20:21:21'),(6549,NULL,NULL,'2022-08-10 20:21:28','2022-08-10 20:21:21'),(6550,NULL,NULL,'2022-08-10 20:21:28','2022-08-10 20:21:21'),(6551,NULL,NULL,'2022-08-10 20:21:28','2022-08-10 20:21:21'),(6552,NULL,NULL,'2022-08-10 20:21:28','2022-08-10 20:21:21'),(6553,NULL,NULL,'2022-08-10 20:21:28','2022-08-10 20:21:21'),(6554,NULL,NULL,'2022-08-10 20:21:28','2022-08-10 20:21:21'),(6555,NULL,NULL,'2022-08-10 20:21:28','2022-08-10 20:21:21'),(6556,NULL,NULL,'2022-08-10 20:21:28','2022-08-10 20:21:21'),(6557,NULL,NULL,'2022-08-10 20:21:28','2022-08-10 20:21:21'),(6558,NULL,NULL,'2022-08-10 20:21:28','2022-08-10 20:21:21'),(6559,NULL,NULL,'2022-08-10 20:21:28','2022-08-10 20:21:21'),(6560,NULL,NULL,'2022-08-10 20:21:28','2022-08-10 20:21:21'),(6561,NULL,NULL,'2022-08-10 20:21:28','2022-08-10 20:21:21'),(6562,NULL,NULL,'2022-08-10 20:21:28','2022-08-10 20:21:21'),(6563,NULL,NULL,'2022-08-10 20:21:28','2022-08-10 20:21:21'),(6564,NULL,NULL,'2022-08-10 20:21:28','2022-08-10 20:21:21'),(6565,NULL,NULL,'2022-08-10 20:21:28','2022-08-10 20:21:21'),(6566,NULL,NULL,'2022-08-10 20:21:28','2022-08-10 20:21:21'),(6567,NULL,NULL,'2022-08-10 20:21:28','2022-08-10 20:21:21'),(6568,NULL,NULL,'2022-08-10 20:21:28','2022-08-10 20:21:21'),(6569,NULL,NULL,'2022-08-10 20:21:28','2022-08-10 20:21:21'),(6570,NULL,NULL,'2022-08-10 20:21:28','2022-08-10 20:21:21'),(6571,NULL,NULL,'2022-08-10 20:21:28','2022-08-10 20:21:21'),(6572,NULL,NULL,'2022-08-10 20:21:28','2022-08-10 20:21:21'),(6573,NULL,NULL,'2022-08-10 20:21:28','2022-08-10 20:21:21'),(6574,NULL,NULL,'2022-08-10 20:21:28','2022-08-10 20:21:21'),(6575,NULL,NULL,'2022-08-10 20:21:28','2022-08-10 20:21:21'),(6576,NULL,NULL,'2022-08-10 20:21:28','2022-08-10 20:21:21'),(6577,NULL,NULL,'2022-08-10 20:21:28','2022-08-10 20:21:21'),(6578,NULL,NULL,'2022-08-10 20:21:28','2022-08-10 20:21:21'),(6579,NULL,NULL,'2022-08-10 20:21:28','2022-08-10 20:21:21'),(6580,NULL,NULL,'2022-08-10 20:21:28','2022-08-10 20:21:21'),(6581,NULL,NULL,'2022-08-10 20:21:28','2022-08-10 20:21:21'),(6582,NULL,NULL,'2022-08-10 20:21:28','2022-08-10 20:21:21'),(6583,NULL,NULL,'2022-08-10 20:21:28','2022-08-10 20:21:21'),(6584,NULL,NULL,'2022-08-10 20:21:28','2022-08-10 20:21:21'),(6585,NULL,NULL,'2022-08-10 20:21:28','2022-08-10 20:21:21'),(6586,NULL,NULL,'2022-08-10 20:21:28','2022-08-10 20:21:21'),(6587,NULL,NULL,'2022-08-10 20:21:28','2022-08-10 20:21:21'),(6588,NULL,NULL,'2022-08-10 20:21:28','2022-08-10 20:21:21'),(6589,NULL,NULL,'2022-08-10 20:21:28','2022-08-10 20:21:21'),(6590,NULL,NULL,'2022-08-10 20:21:28','2022-08-10 20:21:21'),(6591,NULL,NULL,'2022-08-10 20:21:28','2022-08-10 20:21:21'),(6592,NULL,NULL,'2022-08-10 20:21:28','2022-08-10 20:21:21'),(6593,NULL,NULL,'2022-08-10 20:21:28','2022-08-10 20:21:21'),(6594,NULL,NULL,'2022-08-10 20:21:28','2022-08-10 20:21:21'),(6595,NULL,NULL,'2022-08-10 20:21:28','2022-08-10 20:21:21'),(6596,NULL,NULL,'2022-08-10 20:21:28','2022-08-10 20:21:21'),(6597,NULL,NULL,'2022-08-10 20:21:28','2022-08-10 20:21:21'),(6598,NULL,NULL,'2022-08-10 20:21:28','2022-08-10 20:21:21'),(6599,NULL,NULL,'2022-08-10 20:21:28','2022-08-10 20:21:21'),(6600,NULL,NULL,'2022-08-10 20:21:28','2022-08-10 20:21:21'),(6601,NULL,NULL,'2022-08-10 20:21:28','2022-08-10 20:21:21'),(6602,NULL,NULL,'2022-08-10 20:21:28','2022-08-10 20:21:21'),(6603,NULL,NULL,'2022-08-10 20:21:28','2022-08-10 20:21:21'),(6604,NULL,NULL,'2022-08-10 20:21:28','2022-08-10 20:21:21'),(6605,NULL,NULL,'2022-08-10 20:21:28','2022-08-10 20:21:21'),(6606,NULL,NULL,'2022-08-10 20:21:28','2022-08-10 20:21:21'),(6607,NULL,NULL,'2022-08-10 20:21:28','2022-08-10 20:21:21'),(6608,NULL,NULL,'2022-08-10 20:21:28','2022-08-10 20:21:21'),(6609,NULL,NULL,'2022-08-10 20:21:28','2022-08-10 20:21:21'),(6610,NULL,NULL,'2022-08-10 20:21:28','2022-08-10 20:21:21'),(6611,NULL,NULL,'2022-08-10 20:21:28','2022-08-10 20:21:21'),(6612,NULL,NULL,'2022-08-10 20:21:28','2022-08-10 20:21:21'),(6613,NULL,NULL,'2022-08-10 20:21:28','2022-08-10 20:21:21'),(6614,NULL,NULL,'2022-08-10 20:21:28','2022-08-10 20:21:21'),(6615,NULL,NULL,'2022-08-10 20:21:28','2022-08-10 20:21:21'),(6616,NULL,NULL,'2022-08-10 20:21:28','2022-08-10 20:21:21'),(6617,NULL,NULL,'2022-08-10 20:21:28','2022-08-10 20:21:21'),(6618,NULL,NULL,'2022-08-10 20:21:28','2022-08-10 20:21:21'),(6619,NULL,NULL,'2022-08-10 20:21:28','2022-08-10 20:21:21'),(6620,NULL,NULL,'2022-08-10 20:21:28','2022-08-10 20:21:21'),(6621,NULL,NULL,'2022-08-10 20:21:28','2022-08-10 20:21:21'),(6622,NULL,NULL,'2022-08-10 20:21:28','2022-08-10 20:21:21'),(6623,NULL,NULL,'2022-08-10 20:21:28','2022-08-10 20:21:21'),(6624,NULL,NULL,'2022-08-10 20:21:28','2022-08-10 20:21:21'),(6625,NULL,NULL,'2022-08-10 20:21:28','2022-08-10 20:21:21'),(6626,NULL,NULL,'2022-08-10 20:21:28','2022-08-10 20:21:21'),(6627,NULL,NULL,'2022-08-10 20:21:28','2022-08-10 20:21:21'),(6628,NULL,NULL,'2022-08-10 20:21:28','2022-08-10 20:21:21'),(6629,NULL,NULL,'2022-08-10 20:21:28','2022-08-10 20:21:21'),(6630,NULL,NULL,'2022-08-10 20:21:28','2022-08-10 20:21:21'),(6631,NULL,NULL,'2022-08-10 20:21:28','2022-08-10 20:21:21'),(6632,NULL,NULL,'2022-08-10 20:21:28','2022-08-10 20:21:21'),(6633,NULL,NULL,'2022-08-10 20:21:28','2022-08-10 20:21:21'),(6634,NULL,NULL,'2022-08-10 20:21:28','2022-08-10 20:21:21'),(6635,NULL,NULL,'2022-08-10 20:21:28','2022-08-10 20:21:21'),(6636,NULL,NULL,'2022-08-10 20:21:28','2022-08-10 20:21:21'),(6637,NULL,NULL,'2022-08-10 20:21:28','2022-08-10 20:21:21'),(6638,NULL,NULL,'2022-08-10 20:21:28','2022-08-10 20:21:21'),(6639,NULL,NULL,'2022-08-10 20:21:28','2022-08-10 20:21:21'),(6640,NULL,NULL,'2022-08-10 20:21:28','2022-08-10 20:21:21'),(6641,NULL,NULL,'2022-08-10 20:21:28','2022-08-10 20:21:21'),(6642,NULL,NULL,'2022-08-10 20:21:28','2022-08-10 20:21:21'),(6643,NULL,NULL,'2022-08-10 20:21:28','2022-08-10 20:21:21'),(6644,NULL,NULL,'2022-08-10 20:21:28','2022-08-10 20:21:21'),(6645,NULL,NULL,'2022-08-10 20:21:28','2022-08-10 20:21:21'),(6646,NULL,NULL,'2022-08-10 20:21:28','2022-08-10 20:21:21'),(6647,NULL,NULL,'2022-08-10 20:21:28','2022-08-10 20:21:21'),(6648,NULL,NULL,'2022-08-10 20:21:28','2022-08-10 20:21:21'),(6649,NULL,NULL,'2022-08-10 20:21:28','2022-08-10 20:21:21'),(6650,NULL,NULL,'2022-08-10 20:21:28','2022-08-10 20:21:21'),(6651,NULL,NULL,'2022-08-10 20:21:28','2022-08-10 20:21:21'),(6652,NULL,NULL,'2022-08-10 20:21:28','2022-08-10 20:21:21'),(6653,NULL,NULL,'2022-08-10 20:21:28','2022-08-10 20:21:21'),(6654,NULL,NULL,'2022-08-10 20:21:28','2022-08-10 20:21:21'),(6655,NULL,NULL,'2022-08-10 20:21:28','2022-08-10 20:21:21'),(6656,NULL,NULL,'2022-08-10 20:21:28','2022-08-10 20:21:21'),(6657,NULL,NULL,'2022-08-10 20:21:28','2022-08-10 20:21:21'),(6658,NULL,NULL,'2022-08-10 20:21:28','2022-08-10 20:21:21'),(6659,NULL,NULL,'2022-08-10 20:21:28','2022-08-10 20:21:21'),(6660,NULL,NULL,'2022-08-10 20:21:28','2022-08-10 20:21:21'),(6661,NULL,NULL,'2022-08-10 20:21:28','2022-08-10 20:21:21'),(6662,NULL,NULL,'2022-08-10 20:21:28','2022-08-10 20:21:21'),(6663,NULL,NULL,'2022-08-10 20:21:28','2022-08-10 20:21:21'),(6664,NULL,NULL,'2022-08-10 20:21:28','2022-08-10 20:21:21'),(6665,NULL,NULL,'2022-08-10 20:21:28','2022-08-10 20:21:21'),(6666,NULL,NULL,'2022-08-10 20:21:28','2022-08-10 20:21:21'),(6667,NULL,NULL,'2022-08-10 20:21:28','2022-08-10 20:21:21'),(6668,NULL,NULL,'2022-08-10 20:21:28','2022-08-10 20:21:21'),(6669,NULL,NULL,'2022-08-10 20:21:28','2022-08-10 20:21:21'),(6670,NULL,NULL,'2022-08-10 20:21:28','2022-08-10 20:21:21'),(6671,NULL,NULL,'2022-08-10 20:21:28','2022-08-10 20:21:21'),(6672,NULL,NULL,'2022-08-10 20:21:28','2022-08-10 20:21:21'),(6673,NULL,NULL,'2022-08-10 20:21:28','2022-08-10 20:21:21'),(6674,NULL,NULL,'2022-08-10 20:21:28','2022-08-10 20:21:21'),(6675,NULL,NULL,'2022-08-10 20:21:28','2022-08-10 20:21:21'),(6676,NULL,NULL,'2022-08-10 20:21:28','2022-08-10 20:21:21'),(6677,NULL,NULL,'2022-08-10 20:21:28','2022-08-10 20:21:21'),(6678,NULL,NULL,'2022-08-10 20:21:28','2022-08-10 20:21:21'),(6679,NULL,NULL,'2022-08-10 20:21:28','2022-08-10 20:21:21'),(6680,NULL,NULL,'2022-08-10 20:21:28','2022-08-10 20:21:21'),(6681,NULL,NULL,'2022-08-10 20:21:28','2022-08-10 20:21:21'),(6682,NULL,NULL,'2022-08-10 20:21:28','2022-08-10 20:21:21'),(6683,NULL,NULL,'2022-08-10 20:21:28','2022-08-10 20:21:21'),(6684,NULL,NULL,'2022-08-10 20:21:28','2022-08-10 20:21:21'),(6685,NULL,NULL,'2022-08-10 20:21:28','2022-08-10 20:21:21'),(6686,NULL,NULL,'2022-08-10 20:21:28','2022-08-10 20:21:21'),(6687,NULL,NULL,'2022-08-10 20:21:28','2022-08-10 20:21:21'),(6688,NULL,NULL,'2022-08-10 20:21:28','2022-08-10 20:21:21'),(6689,NULL,NULL,'2022-08-10 20:21:28','2022-08-10 20:21:21'),(6690,NULL,NULL,'2022-08-10 20:21:28','2022-08-10 20:21:21'),(6691,NULL,NULL,'2022-08-10 20:21:28','2022-08-10 20:21:21'),(6692,NULL,NULL,'2022-08-10 20:21:28','2022-08-10 20:21:21'),(6693,NULL,NULL,'2022-08-10 20:21:28','2022-08-10 20:21:21'),(6694,NULL,NULL,'2022-08-10 20:21:28','2022-08-10 20:21:21'),(6695,NULL,NULL,'2022-08-10 20:21:28','2022-08-10 20:21:21'),(6696,NULL,NULL,'2022-08-10 20:21:28','2022-08-10 20:21:21'),(6697,NULL,NULL,'2022-08-10 20:21:28','2022-08-10 20:21:21'),(6698,NULL,NULL,'2022-08-10 20:21:28','2022-08-10 20:21:21'),(6699,NULL,NULL,'2022-08-10 20:21:28','2022-08-10 20:21:21'),(6700,NULL,NULL,'2022-08-10 20:21:28','2022-08-10 20:21:21'),(6701,NULL,NULL,'2022-08-10 20:21:28','2022-08-10 20:21:21'),(6702,NULL,NULL,'2022-08-10 20:21:28','2022-08-10 20:21:21'),(6703,NULL,NULL,'2022-08-10 20:21:28','2022-08-10 20:21:21'),(6704,NULL,NULL,'2022-08-10 20:21:28','2022-08-10 20:21:21'),(6705,NULL,NULL,'2022-08-10 20:21:28','2022-08-10 20:21:21'),(6706,NULL,NULL,'2022-08-10 20:21:28','2022-08-10 20:21:21'),(6707,NULL,NULL,'2022-08-10 20:21:28','2022-08-10 20:21:21'),(6708,NULL,NULL,'2022-08-10 20:21:28','2022-08-10 20:21:21'),(6709,NULL,NULL,'2022-08-10 20:21:28','2022-08-10 20:21:21'),(6710,NULL,NULL,'2022-08-10 20:21:28','2022-08-10 20:21:21'),(6711,NULL,NULL,'2022-08-10 20:21:28','2022-08-10 20:21:21'),(6712,NULL,NULL,'2022-08-10 20:21:28','2022-08-10 20:21:21'),(6713,NULL,NULL,'2022-08-10 20:21:28','2022-08-10 20:21:21'),(6714,NULL,NULL,'2022-08-10 20:21:28','2022-08-10 20:21:21'),(6715,NULL,NULL,'2022-08-10 20:21:28','2022-08-10 20:21:21'),(6716,NULL,NULL,'2022-08-10 20:21:28','2022-08-10 20:21:21'),(6717,NULL,NULL,'2022-08-10 20:21:28','2022-08-10 20:21:21'),(6718,NULL,NULL,'2022-08-10 20:21:28','2022-08-10 20:21:21'),(6719,NULL,NULL,'2022-08-10 20:21:28','2022-08-10 20:21:21'),(6720,NULL,NULL,'2022-08-10 20:21:28','2022-08-10 20:21:21'),(6721,NULL,NULL,'2022-08-10 20:21:28','2022-08-10 20:21:21'),(6722,NULL,NULL,'2022-08-10 20:21:28','2022-08-10 20:21:21'),(6723,NULL,NULL,'2022-08-10 20:21:28','2022-08-10 20:21:21'),(6724,NULL,NULL,'2022-08-10 20:21:28','2022-08-10 20:21:21'),(6725,NULL,NULL,'2022-08-10 20:21:28','2022-08-10 20:21:21'),(6726,NULL,NULL,'2022-08-10 20:21:28','2022-08-10 20:21:21'),(6727,NULL,NULL,'2022-08-10 20:21:28','2022-08-10 20:21:21'),(6728,NULL,NULL,'2022-08-10 20:21:28','2022-08-10 20:21:21'),(6729,NULL,NULL,'2022-08-10 20:21:28','2022-08-10 20:21:21'),(6730,NULL,NULL,'2022-08-10 20:21:28','2022-08-10 20:21:21'),(6731,NULL,NULL,'2022-08-10 20:21:28','2022-08-10 20:21:21'),(6732,NULL,NULL,'2022-08-10 20:21:28','2022-08-10 20:21:21'),(6733,NULL,NULL,'2022-08-10 20:21:28','2022-08-10 20:21:21'),(6734,NULL,NULL,'2022-08-10 20:21:28','2022-08-10 20:21:21'),(6735,NULL,NULL,'2022-08-10 20:21:28','2022-08-10 20:21:21'),(6736,NULL,NULL,'2022-08-10 20:21:28','2022-08-10 20:21:21'),(6737,NULL,NULL,'2022-08-10 20:21:28','2022-08-10 20:21:21'),(6738,NULL,NULL,'2022-08-10 20:21:28','2022-08-10 20:21:21'),(6739,NULL,NULL,'2022-08-10 20:21:28','2022-08-10 20:21:21'),(6740,NULL,NULL,'2022-08-10 20:21:28','2022-08-10 20:21:21'),(6741,NULL,NULL,'2022-08-10 20:21:28','2022-08-10 20:21:21'),(6742,NULL,NULL,'2022-08-10 20:21:28','2022-08-10 20:21:21'),(6743,NULL,NULL,'2022-08-10 20:21:28','2022-08-10 20:21:21'),(6744,NULL,NULL,'2022-08-10 20:21:28','2022-08-10 20:21:21'),(6745,NULL,NULL,'2022-08-10 20:21:28','2022-08-10 20:21:21'),(6746,NULL,NULL,'2022-08-10 20:21:28','2022-08-10 20:21:21'),(6747,NULL,NULL,'2022-08-10 20:21:28','2022-08-10 20:21:21'),(6748,NULL,NULL,'2022-08-10 20:21:28','2022-08-10 20:21:21'),(6749,NULL,NULL,'2022-08-10 20:21:28','2022-08-10 20:21:21'),(6750,NULL,NULL,'2022-08-10 20:21:28','2022-08-10 20:21:21'),(6751,NULL,NULL,'2022-08-10 20:21:28','2022-08-10 20:21:21'),(6752,NULL,NULL,'2022-08-10 20:21:28','2022-08-10 20:21:21'),(6753,NULL,NULL,'2022-08-10 20:21:28','2022-08-10 20:21:21'),(6754,NULL,NULL,'2022-08-10 20:21:28','2022-08-10 20:21:21'),(6755,NULL,NULL,'2022-08-10 20:21:28','2022-08-10 20:21:21'),(6756,NULL,NULL,'2022-08-10 20:21:28','2022-08-10 20:21:21'),(6757,NULL,NULL,'2022-08-10 20:21:28','2022-08-10 20:21:21'),(6758,NULL,NULL,'2022-08-10 20:21:28','2022-08-10 20:21:21'),(6759,NULL,NULL,'2022-08-10 20:21:28','2022-08-10 20:21:21'),(6760,NULL,NULL,'2022-08-10 20:21:28','2022-08-10 20:21:21'),(6761,NULL,NULL,'2022-08-10 20:21:28','2022-08-10 20:21:21'),(6762,NULL,NULL,'2022-08-10 20:21:28','2022-08-10 20:21:21'),(6763,NULL,NULL,'2022-08-10 20:21:28','2022-08-10 20:21:21'),(6764,NULL,NULL,'2022-08-10 20:21:28','2022-08-10 20:21:21'),(6765,NULL,NULL,'2022-08-10 20:21:28','2022-08-10 20:21:21'),(6766,NULL,NULL,'2022-08-10 20:21:28','2022-08-10 20:21:21'),(6767,NULL,NULL,'2022-08-10 20:21:28','2022-08-10 20:21:21'),(6768,NULL,NULL,'2022-08-10 20:21:28','2022-08-10 20:21:21'),(6769,NULL,NULL,'2022-08-10 20:21:28','2022-08-10 20:21:21'),(6770,NULL,NULL,'2022-08-10 20:21:28','2022-08-10 20:21:21'),(6771,NULL,NULL,'2022-08-10 20:21:28','2022-08-10 20:21:21'),(6772,NULL,NULL,'2022-08-10 20:21:28','2022-08-10 20:21:21'),(6773,NULL,NULL,'2022-08-10 20:21:28','2022-08-10 20:21:21'),(6774,NULL,NULL,'2022-08-10 20:21:28','2022-08-10 20:21:21'),(6775,NULL,NULL,'2022-08-10 20:21:28','2022-08-10 20:21:21'),(6776,NULL,NULL,'2022-08-10 20:21:28','2022-08-10 20:21:21'),(6777,NULL,NULL,'2022-08-10 20:21:28','2022-08-10 20:21:21'),(6778,NULL,NULL,'2022-08-10 20:21:28','2022-08-10 20:21:21'),(6779,NULL,NULL,'2022-08-10 20:21:28','2022-08-10 20:21:21'),(6780,NULL,NULL,'2022-08-10 20:21:28','2022-08-10 20:21:21'),(6781,NULL,NULL,'2022-08-10 20:21:28','2022-08-10 20:21:21'),(6782,NULL,NULL,'2022-08-10 20:21:28','2022-08-10 20:21:21'),(6783,NULL,NULL,'2022-08-10 20:21:28','2022-08-10 20:21:21'),(6784,NULL,NULL,'2022-08-10 20:21:28','2022-08-10 20:21:21'),(6785,NULL,NULL,'2022-08-10 20:21:28','2022-08-10 20:21:21'),(6786,NULL,NULL,'2022-08-10 20:21:28','2022-08-10 20:21:21'),(6787,NULL,NULL,'2022-08-10 20:21:28','2022-08-10 20:21:21'),(6788,NULL,NULL,'2022-08-10 20:21:28','2022-08-10 20:21:21'),(6789,NULL,NULL,'2022-08-10 20:21:28','2022-08-10 20:21:21'),(6790,NULL,NULL,'2022-08-10 20:21:28','2022-08-10 20:21:21'),(6791,NULL,NULL,'2022-08-10 20:21:28','2022-08-10 20:21:21'),(6792,NULL,NULL,'2022-08-10 20:21:28','2022-08-10 20:21:21'),(6793,NULL,NULL,'2022-08-10 20:21:28','2022-08-10 20:21:21'),(6794,NULL,NULL,'2022-08-10 20:21:28','2022-08-10 20:21:21'),(6795,NULL,NULL,'2022-08-10 20:21:28','2022-08-10 20:21:21'),(6796,NULL,NULL,'2022-08-10 20:21:28','2022-08-10 20:21:21'),(6797,NULL,NULL,'2022-08-10 20:21:28','2022-08-10 20:21:21'),(6798,NULL,NULL,'2022-08-10 20:21:28','2022-08-10 20:21:21'),(6799,NULL,NULL,'2022-08-10 20:21:28','2022-08-10 20:21:21'),(6800,NULL,NULL,'2022-08-10 20:21:28','2022-08-10 20:21:21'),(6801,NULL,NULL,'2022-08-10 20:21:28','2022-08-10 20:21:21'),(6802,NULL,NULL,'2022-08-10 20:21:28','2022-08-10 20:21:21'),(6803,NULL,NULL,'2022-08-10 20:21:28','2022-08-10 20:21:21'),(6804,NULL,NULL,'2022-08-10 20:21:28','2022-08-10 20:21:21'),(6805,NULL,NULL,'2022-08-10 20:21:28','2022-08-10 20:21:21'),(6806,NULL,NULL,'2022-08-10 20:21:28','2022-08-10 20:21:21'),(6807,NULL,NULL,'2022-08-10 20:21:28','2022-08-10 20:21:21'),(6808,NULL,NULL,'2022-08-10 20:21:28','2022-08-10 20:21:21'),(6809,NULL,NULL,'2022-08-10 20:21:28','2022-08-10 20:21:21'),(6810,NULL,NULL,'2022-08-10 20:21:28','2022-08-10 20:21:21'),(6811,NULL,NULL,'2022-08-10 20:21:28','2022-08-10 20:21:21'),(6812,NULL,NULL,'2022-08-10 20:21:28','2022-08-10 20:21:21'),(6813,NULL,NULL,'2022-08-10 20:21:28','2022-08-10 20:21:21'),(6814,NULL,NULL,'2022-08-10 20:21:28','2022-08-10 20:21:21'),(6815,NULL,NULL,'2022-08-10 20:21:28','2022-08-10 20:21:21'),(6816,NULL,NULL,'2022-08-10 20:21:28','2022-08-10 20:21:21'),(6817,NULL,NULL,'2022-08-10 20:21:28','2022-08-10 20:21:21'),(6818,NULL,NULL,'2022-08-10 20:21:28','2022-08-10 20:21:21'),(6819,NULL,NULL,'2022-08-10 20:21:28','2022-08-10 20:21:21'),(6820,NULL,NULL,'2022-08-10 20:21:28','2022-08-10 20:21:21'),(6821,NULL,NULL,'2022-08-10 20:21:28','2022-08-10 20:21:21'),(6822,NULL,NULL,'2022-08-10 20:21:28','2022-08-10 20:21:21'),(6823,NULL,NULL,'2022-08-10 20:21:28','2022-08-10 20:21:21'),(6824,NULL,NULL,'2022-08-10 20:21:28','2022-08-10 20:21:21'),(6825,NULL,NULL,'2022-08-10 20:21:28','2022-08-10 20:21:21'),(6826,NULL,NULL,'2022-08-10 20:21:28','2022-08-10 20:21:21'),(6827,NULL,NULL,'2022-08-10 20:21:28','2022-08-10 20:21:21'),(6828,NULL,NULL,'2022-08-10 20:21:28','2022-08-10 20:21:21'),(6829,NULL,NULL,'2022-08-10 20:21:28','2022-08-10 20:21:21'),(6830,NULL,NULL,'2022-08-10 20:21:28','2022-08-10 20:21:21'),(6831,NULL,NULL,'2022-08-10 20:21:28','2022-08-10 20:21:21'),(6832,NULL,NULL,'2022-08-10 20:21:28','2022-08-10 20:21:21'),(6833,NULL,NULL,'2022-08-10 20:21:28','2022-08-10 20:21:21'),(6834,NULL,NULL,'2022-08-10 20:21:28','2022-08-10 20:21:21'),(6835,NULL,NULL,'2022-08-10 20:21:28','2022-08-10 20:21:21'),(6836,NULL,NULL,'2022-08-10 20:21:28','2022-08-10 20:21:21'),(6837,NULL,NULL,'2022-08-10 20:21:28','2022-08-10 20:21:21'),(6838,NULL,NULL,'2022-08-10 20:21:28','2022-08-10 20:21:21'),(6839,NULL,NULL,'2022-08-10 20:21:28','2022-08-10 20:21:21'),(6840,NULL,NULL,'2022-08-10 20:21:28','2022-08-10 20:21:21'),(6841,NULL,NULL,'2022-08-10 20:21:28','2022-08-10 20:21:21'),(6842,NULL,NULL,'2022-08-10 20:21:28','2022-08-10 20:21:21'),(6843,NULL,NULL,'2022-08-10 20:21:28','2022-08-10 20:21:21'),(6844,NULL,NULL,'2022-08-10 20:21:28','2022-08-10 20:21:21'),(6845,NULL,NULL,'2022-08-10 20:21:28','2022-08-10 20:21:21'),(6846,NULL,NULL,'2022-08-10 20:21:28','2022-08-10 20:21:21'),(6847,NULL,NULL,'2022-08-10 20:21:28','2022-08-10 20:21:21'),(6848,NULL,NULL,'2022-08-10 20:21:28','2022-08-10 20:21:21'),(6849,NULL,NULL,'2022-08-10 20:21:28','2022-08-10 20:21:21'),(6850,NULL,NULL,'2022-08-10 20:21:28','2022-08-10 20:21:21'),(6851,NULL,NULL,'2022-08-10 20:21:28','2022-08-10 20:21:21'),(6852,NULL,NULL,'2022-08-10 20:21:28','2022-08-10 20:21:21'),(6853,NULL,NULL,'2022-08-10 20:21:28','2022-08-10 20:21:21'),(6854,NULL,NULL,'2022-08-10 20:21:28','2022-08-10 20:21:21'),(6855,NULL,NULL,'2022-08-10 20:21:28','2022-08-10 20:21:21'),(6856,NULL,NULL,'2022-08-10 20:21:28','2022-08-10 20:21:21'),(6857,NULL,NULL,'2022-08-10 20:21:28','2022-08-10 20:21:21'),(6858,NULL,NULL,'2022-08-10 20:21:28','2022-08-10 20:21:21'),(6859,NULL,NULL,'2022-08-10 20:21:28','2022-08-10 20:21:21'),(6860,NULL,NULL,'2022-08-10 20:21:28','2022-08-10 20:21:21'),(6861,NULL,NULL,'2022-08-10 20:21:28','2022-08-10 20:21:21'),(6862,NULL,NULL,'2022-08-10 20:21:28','2022-08-10 20:21:21'),(6863,NULL,NULL,'2022-08-10 20:21:28','2022-08-10 20:21:21'),(6864,NULL,NULL,'2022-08-10 20:21:28','2022-08-10 20:21:21'),(6865,NULL,NULL,'2022-08-10 20:21:28','2022-08-10 20:21:21'),(6866,NULL,NULL,'2022-08-10 20:21:28','2022-08-10 20:21:21'),(6867,NULL,NULL,'2022-08-10 20:21:28','2022-08-10 20:21:21'),(6868,NULL,NULL,'2022-08-10 20:21:28','2022-08-10 20:21:21'),(6869,NULL,NULL,'2022-08-10 20:21:28','2022-08-10 20:21:21'),(6870,NULL,NULL,'2022-08-10 20:21:28','2022-08-10 20:21:21'),(6871,NULL,NULL,'2022-08-10 20:21:28','2022-08-10 20:21:21'),(6872,NULL,NULL,'2022-08-10 20:21:28','2022-08-10 20:21:21'),(6873,NULL,NULL,'2022-08-10 20:21:28','2022-08-10 20:21:21'),(6874,NULL,NULL,'2022-08-10 20:21:28','2022-08-10 20:21:21'),(6875,NULL,NULL,'2022-08-10 20:21:28','2022-08-10 20:21:21'),(6876,NULL,NULL,'2022-08-10 20:21:28','2022-08-10 20:21:21'),(6877,NULL,NULL,'2022-08-10 20:21:28','2022-08-10 20:21:21'),(6878,NULL,NULL,'2022-08-10 20:21:28','2022-08-10 20:21:21'),(6879,NULL,NULL,'2022-08-10 20:21:28','2022-08-10 20:21:21'),(6880,NULL,NULL,'2022-08-10 20:21:28','2022-08-10 20:21:21'),(6881,NULL,NULL,'2022-08-10 20:21:28','2022-08-10 20:21:21'),(6882,NULL,NULL,'2022-08-10 20:21:28','2022-08-10 20:21:21'),(6883,NULL,NULL,'2022-08-10 20:21:28','2022-08-10 20:21:21'),(6884,NULL,NULL,'2022-08-10 20:21:28','2022-08-10 20:21:21'),(6885,NULL,NULL,'2022-08-10 20:21:28','2022-08-10 20:21:21'),(6886,NULL,NULL,'2022-08-10 20:21:28','2022-08-10 20:21:21'),(6887,NULL,NULL,'2022-08-10 20:21:28','2022-08-10 20:21:21'),(6888,NULL,NULL,'2022-08-10 20:21:28','2022-08-10 20:21:21'),(6889,NULL,NULL,'2022-08-10 20:21:28','2022-08-10 20:21:21'),(6890,NULL,NULL,'2022-08-10 20:21:28','2022-08-10 20:21:21'),(6891,NULL,NULL,'2022-08-10 20:21:28','2022-08-10 20:21:21'),(6892,NULL,NULL,'2022-08-10 20:21:28','2022-08-10 20:21:21'),(6893,NULL,NULL,'2022-08-10 20:21:28','2022-08-10 20:21:21'),(6894,NULL,NULL,'2022-08-10 20:21:28','2022-08-10 20:21:21'),(6895,NULL,NULL,'2022-08-10 20:21:28','2022-08-10 20:21:21'),(6896,NULL,NULL,'2022-08-10 20:21:28','2022-08-10 20:21:21'),(6897,NULL,NULL,'2022-08-10 20:21:28','2022-08-10 20:21:21'),(6898,NULL,NULL,'2022-08-10 20:21:28','2022-08-10 20:21:21'),(6899,NULL,NULL,'2022-08-10 20:21:28','2022-08-10 20:21:21'),(6900,NULL,NULL,'2022-08-10 20:21:28','2022-08-10 20:21:21'),(6901,NULL,NULL,'2022-08-10 20:21:28','2022-08-10 20:21:21'),(6902,NULL,NULL,'2022-08-10 20:21:28','2022-08-10 20:21:21'),(6903,NULL,NULL,'2022-08-10 20:21:28','2022-08-10 20:21:21'),(6904,NULL,NULL,'2022-08-10 20:21:28','2022-08-10 20:21:21'),(6905,NULL,NULL,'2022-08-10 20:21:28','2022-08-10 20:21:21'),(6906,NULL,NULL,'2022-08-10 20:21:28','2022-08-10 20:21:21'),(6907,NULL,NULL,'2022-08-10 20:21:28','2022-08-10 20:21:21'),(6908,NULL,NULL,'2022-08-10 20:21:28','2022-08-10 20:21:21'),(6909,NULL,NULL,'2022-08-10 20:21:28','2022-08-10 20:21:21'),(6910,NULL,NULL,'2022-08-10 20:21:28','2022-08-10 20:21:21'),(6911,NULL,NULL,'2022-08-10 20:21:28','2022-08-10 20:21:21'),(6912,NULL,NULL,'2022-08-10 20:21:28','2022-08-10 20:21:21'),(6913,NULL,NULL,'2022-08-10 20:21:28','2022-08-10 20:21:21'),(6914,NULL,NULL,'2022-08-10 20:21:28','2022-08-10 20:21:21'),(6915,NULL,NULL,'2022-08-10 20:21:28','2022-08-10 20:21:21'),(6916,NULL,NULL,'2022-08-10 20:21:28','2022-08-10 20:21:21'),(6917,NULL,NULL,'2022-08-10 20:21:28','2022-08-10 20:21:21'),(6918,NULL,NULL,'2022-08-10 20:21:28','2022-08-10 20:21:21'),(6919,NULL,NULL,'2022-08-10 20:21:28','2022-08-10 20:21:21'),(6920,NULL,NULL,'2022-08-10 20:21:28','2022-08-10 20:21:21'),(6921,NULL,NULL,'2022-08-10 20:21:28','2022-08-10 20:21:21'),(6922,NULL,NULL,'2022-08-10 20:21:28','2022-08-10 20:21:21'),(6923,NULL,NULL,'2022-08-10 20:21:28','2022-08-10 20:21:21'),(6924,NULL,NULL,'2022-08-10 20:21:28','2022-08-10 20:21:21'),(6925,NULL,NULL,'2022-08-10 20:21:28','2022-08-10 20:21:21'),(6926,NULL,NULL,'2022-08-10 20:21:28','2022-08-10 20:21:21'),(6927,NULL,NULL,'2022-08-10 20:21:28','2022-08-10 20:21:21'),(6928,NULL,NULL,'2022-08-10 20:21:28','2022-08-10 20:21:21'),(6929,NULL,NULL,'2022-08-10 20:21:28','2022-08-10 20:21:21'),(6930,NULL,NULL,'2022-08-10 20:21:28','2022-08-10 20:21:21'),(6931,NULL,NULL,'2022-08-10 20:21:28','2022-08-10 20:21:21'),(6932,NULL,NULL,'2022-08-10 20:21:28','2022-08-10 20:21:21'),(6933,NULL,NULL,'2022-08-10 20:21:28','2022-08-10 20:21:21'),(6934,NULL,NULL,'2022-08-10 20:21:28','2022-08-10 20:21:21'),(6935,NULL,NULL,'2022-08-10 20:21:28','2022-08-10 20:21:21'),(6936,NULL,NULL,'2022-08-10 20:21:28','2022-08-10 20:21:21'),(6937,NULL,NULL,'2022-08-10 20:21:28','2022-08-10 20:21:21'),(6938,NULL,NULL,'2022-08-10 20:21:28','2022-08-10 20:21:21'),(6939,NULL,NULL,'2022-08-10 20:21:28','2022-08-10 20:21:21'),(6940,NULL,NULL,'2022-08-10 20:21:28','2022-08-10 20:21:21'),(6941,NULL,NULL,'2022-08-10 20:21:28','2022-08-10 20:21:21'),(6942,NULL,NULL,'2022-08-10 20:21:28','2022-08-10 20:21:21'),(6943,NULL,NULL,'2022-08-10 20:21:28','2022-08-10 20:21:21'),(6944,NULL,NULL,'2022-08-10 20:21:28','2022-08-10 20:21:21'),(6945,NULL,NULL,'2022-08-10 20:21:28','2022-08-10 20:21:21'),(6946,NULL,NULL,'2022-08-10 20:21:28','2022-08-10 20:21:21'),(6947,NULL,NULL,'2022-08-10 20:21:28','2022-08-10 20:21:21'),(6948,NULL,NULL,'2022-08-10 20:21:28','2022-08-10 20:21:21'),(6949,NULL,NULL,'2022-08-10 20:21:28','2022-08-10 20:21:21'),(6950,NULL,NULL,'2022-08-10 20:21:28','2022-08-10 20:21:21'),(6951,NULL,NULL,'2022-08-10 20:21:28','2022-08-10 20:21:21'),(6952,NULL,NULL,'2022-08-10 20:21:28','2022-08-10 20:21:21'),(6953,NULL,NULL,'2022-08-10 20:21:28','2022-08-10 20:21:21'),(6954,NULL,NULL,'2022-08-10 20:21:28','2022-08-10 20:21:21'),(6955,NULL,NULL,'2022-08-10 20:21:28','2022-08-10 20:21:21'),(6956,NULL,NULL,'2022-08-10 20:21:28','2022-08-10 20:21:21'),(6957,NULL,NULL,'2022-08-10 20:21:28','2022-08-10 20:21:21'),(6958,NULL,NULL,'2022-08-10 20:21:28','2022-08-10 20:21:21'),(6959,NULL,NULL,'2022-08-10 20:21:28','2022-08-10 20:21:21'),(6960,NULL,NULL,'2022-08-10 20:21:28','2022-08-10 20:21:21'),(6961,NULL,NULL,'2022-08-10 20:21:28','2022-08-10 20:21:21'),(6962,NULL,NULL,'2022-08-10 20:21:28','2022-08-10 20:21:21'),(6963,NULL,NULL,'2022-08-10 20:21:28','2022-08-10 20:21:21'),(6964,NULL,NULL,'2022-08-10 20:21:28','2022-08-10 20:21:21'),(6965,NULL,NULL,'2022-08-10 20:21:28','2022-08-10 20:21:21'),(6966,NULL,NULL,'2022-08-10 20:21:28','2022-08-10 20:21:21'),(6967,NULL,NULL,'2022-08-10 20:21:28','2022-08-10 20:21:21'),(6968,NULL,NULL,'2022-08-10 20:21:28','2022-08-10 20:21:21'),(6969,NULL,NULL,'2022-08-10 20:21:28','2022-08-10 20:21:21'),(6970,NULL,NULL,'2022-08-10 20:21:28','2022-08-10 20:21:21'),(6971,NULL,NULL,'2022-08-10 20:21:28','2022-08-10 20:21:21'),(6972,NULL,NULL,'2022-08-10 20:21:28','2022-08-10 20:21:21'),(6973,NULL,NULL,'2022-08-10 20:21:28','2022-08-10 20:21:21'),(6974,NULL,NULL,'2022-08-10 20:21:28','2022-08-10 20:21:21'),(6975,NULL,NULL,'2022-08-10 20:21:28','2022-08-10 20:21:21'),(6976,NULL,NULL,'2022-08-10 20:21:28','2022-08-10 20:21:21'),(6977,NULL,NULL,'2022-08-10 20:21:28','2022-08-10 20:21:21'),(6978,NULL,NULL,'2022-08-10 20:21:28','2022-08-10 20:21:21'),(6979,NULL,NULL,'2022-08-10 20:21:28','2022-08-10 20:21:21'),(6980,NULL,NULL,'2022-08-10 20:21:28','2022-08-10 20:21:21'),(6981,NULL,NULL,'2022-08-10 20:21:28','2022-08-10 20:21:21'),(6982,NULL,NULL,'2022-08-10 20:21:28','2022-08-10 20:21:21'),(6983,NULL,NULL,'2022-08-10 20:21:28','2022-08-10 20:21:21'),(6984,NULL,NULL,'2022-08-10 20:21:28','2022-08-10 20:21:21'),(6985,NULL,NULL,'2022-08-10 20:21:28','2022-08-10 20:21:21'),(6986,NULL,NULL,'2022-08-10 20:21:28','2022-08-10 20:21:21'),(6987,NULL,NULL,'2022-08-10 20:21:28','2022-08-10 20:21:21'),(6988,NULL,NULL,'2022-08-10 20:21:28','2022-08-10 20:21:21'),(6989,NULL,NULL,'2022-08-10 20:21:28','2022-08-10 20:21:21'),(6990,NULL,NULL,'2022-08-10 20:21:28','2022-08-10 20:21:21'),(6991,NULL,NULL,'2022-08-10 20:21:28','2022-08-10 20:21:21'),(6992,NULL,NULL,'2022-08-10 20:21:28','2022-08-10 20:21:21'),(6993,NULL,NULL,'2022-08-10 20:21:28','2022-08-10 20:21:21'),(6994,NULL,NULL,'2022-08-10 20:21:28','2022-08-10 20:21:21'),(6995,NULL,NULL,'2022-08-10 20:21:28','2022-08-10 20:21:21'),(6996,NULL,NULL,'2022-08-10 20:21:28','2022-08-10 20:21:21'),(6997,NULL,NULL,'2022-08-10 20:21:28','2022-08-10 20:21:21'),(6998,NULL,NULL,'2022-08-10 20:21:28','2022-08-10 20:21:21'),(6999,NULL,NULL,'2022-08-10 20:21:28','2022-08-10 20:21:21'),(7000,NULL,NULL,'2022-08-10 20:21:28','2022-08-10 20:21:21'),(7001,NULL,NULL,'2022-08-10 20:21:28','2022-08-10 20:21:21'),(7002,NULL,NULL,'2022-08-10 20:21:28','2022-08-10 20:21:21'),(7003,NULL,NULL,'2022-08-10 20:21:28','2022-08-10 20:21:21'),(7004,NULL,NULL,'2022-08-10 20:21:28','2022-08-10 20:21:21'),(7005,NULL,NULL,'2022-08-10 20:21:28','2022-08-10 20:21:21'),(7006,NULL,NULL,'2022-08-10 20:21:28','2022-08-10 20:21:21'),(7007,NULL,NULL,'2022-08-10 20:21:28','2022-08-10 20:21:21'),(7008,NULL,NULL,'2022-08-10 20:21:28','2022-08-10 20:21:21'),(7009,NULL,NULL,'2022-08-10 20:21:28','2022-08-10 20:21:21'),(7010,NULL,NULL,'2022-08-10 20:21:28','2022-08-10 20:21:21'),(7011,NULL,NULL,'2022-08-10 20:21:28','2022-08-10 20:21:21'),(7012,NULL,NULL,'2022-08-10 20:21:28','2022-08-10 20:21:21'),(7013,NULL,NULL,'2022-08-10 20:21:28','2022-08-10 20:21:21'),(7014,NULL,NULL,'2022-08-10 20:21:28','2022-08-10 20:21:21'),(7015,NULL,NULL,'2022-08-10 20:21:28','2022-08-10 20:21:21'),(7016,NULL,NULL,'2022-08-10 20:21:28','2022-08-10 20:21:21'),(7017,NULL,NULL,'2022-08-10 20:21:28','2022-08-10 20:21:21'),(7018,NULL,NULL,'2022-08-10 20:21:28','2022-08-10 20:21:21'),(7019,NULL,NULL,'2022-08-10 20:21:28','2022-08-10 20:21:21'),(7020,NULL,NULL,'2022-08-10 20:21:28','2022-08-10 20:21:21'),(7021,NULL,NULL,'2022-08-10 20:21:28','2022-08-10 20:21:21'),(7022,NULL,NULL,'2022-08-10 20:21:28','2022-08-10 20:21:21'),(7023,NULL,NULL,'2022-08-10 20:21:28','2022-08-10 20:21:21'),(7024,NULL,NULL,'2022-08-10 20:21:28','2022-08-10 20:21:21'),(7025,NULL,NULL,'2022-08-10 20:21:28','2022-08-10 20:21:21'),(7026,NULL,NULL,'2022-08-10 20:21:28','2022-08-10 20:21:21'),(7027,NULL,NULL,'2022-08-10 20:21:28','2022-08-10 20:21:21'),(7028,NULL,NULL,'2022-08-10 20:21:28','2022-08-10 20:21:21'),(7029,NULL,NULL,'2022-08-10 20:21:28','2022-08-10 20:21:21'),(7030,NULL,NULL,'2022-08-10 20:21:28','2022-08-10 20:21:21'),(7031,NULL,NULL,'2022-08-10 20:21:28','2022-08-10 20:21:21'),(7032,NULL,NULL,'2022-08-10 20:21:28','2022-08-10 20:21:21'),(7033,NULL,NULL,'2022-08-10 20:21:28','2022-08-10 20:21:21'),(7034,NULL,NULL,'2022-08-10 20:21:28','2022-08-10 20:21:21'),(7035,NULL,NULL,'2022-08-10 20:21:28','2022-08-10 20:21:21'),(7036,NULL,NULL,'2022-08-10 20:21:28','2022-08-10 20:21:21'),(7037,NULL,NULL,'2022-08-10 20:21:28','2022-08-10 20:21:21'),(7038,NULL,NULL,'2022-08-10 20:21:28','2022-08-10 20:21:21'),(7039,NULL,NULL,'2022-08-10 20:21:28','2022-08-10 20:21:21'),(7040,NULL,NULL,'2022-08-10 20:21:28','2022-08-10 20:21:21'),(7041,NULL,NULL,'2022-08-10 20:21:28','2022-08-10 20:21:21'),(7042,NULL,NULL,'2022-08-10 20:21:28','2022-08-10 20:21:21'),(7043,NULL,NULL,'2022-08-10 20:21:28','2022-08-10 20:21:21'),(7044,NULL,NULL,'2022-08-10 20:21:28','2022-08-10 20:21:21'),(7045,NULL,NULL,'2022-08-10 20:21:28','2022-08-10 20:21:21'),(7046,NULL,NULL,'2022-08-10 20:21:28','2022-08-10 20:21:21'),(7047,NULL,NULL,'2022-08-10 20:21:28','2022-08-10 20:21:21'),(7048,NULL,NULL,'2022-08-10 20:21:28','2022-08-10 20:21:21'),(7049,NULL,NULL,'2022-08-10 20:21:28','2022-08-10 20:21:21'),(7050,NULL,NULL,'2022-08-10 20:21:28','2022-08-10 20:21:21'),(7051,NULL,NULL,'2022-08-10 20:21:28','2022-08-10 20:21:21'),(7052,NULL,NULL,'2022-08-10 20:21:28','2022-08-10 20:21:21'),(7053,NULL,NULL,'2022-08-10 20:21:28','2022-08-10 20:21:21'),(7054,NULL,NULL,'2022-08-10 20:21:28','2022-08-10 20:21:21'),(7055,NULL,NULL,'2022-08-10 20:21:28','2022-08-10 20:21:21'),(7056,NULL,NULL,'2022-08-10 20:21:28','2022-08-10 20:21:21'),(7057,NULL,NULL,'2022-08-10 20:21:28','2022-08-10 20:21:21'),(7058,NULL,NULL,'2022-08-10 20:21:28','2022-08-10 20:21:21'),(7059,NULL,NULL,'2022-08-10 20:21:28','2022-08-10 20:21:21'),(7060,NULL,NULL,'2022-08-10 20:21:28','2022-08-10 20:21:21'),(7061,NULL,NULL,'2022-08-10 20:21:28','2022-08-10 20:21:21'),(7062,NULL,NULL,'2022-08-10 20:21:28','2022-08-10 20:21:21'),(7063,NULL,NULL,'2022-08-10 20:21:28','2022-08-10 20:21:21'),(7064,NULL,NULL,'2022-08-10 20:21:28','2022-08-10 20:21:21'),(7065,NULL,NULL,'2022-08-10 20:21:28','2022-08-10 20:21:21'),(7066,NULL,NULL,'2022-08-10 20:21:28','2022-08-10 20:21:21'),(7067,NULL,NULL,'2022-08-10 20:21:28','2022-08-10 20:21:21'),(7068,NULL,NULL,'2022-08-10 20:21:28','2022-08-10 20:21:21'),(7069,NULL,NULL,'2022-08-10 20:21:28','2022-08-10 20:21:21'),(7070,NULL,NULL,'2022-08-10 20:21:28','2022-08-10 20:21:21'),(7071,NULL,NULL,'2022-08-10 20:21:28','2022-08-10 20:21:21'),(7072,NULL,NULL,'2022-08-10 20:21:28','2022-08-10 20:21:21'),(7073,NULL,NULL,'2022-08-10 20:21:28','2022-08-10 20:21:21'),(7074,NULL,NULL,'2022-08-10 20:21:28','2022-08-10 20:21:21'),(7075,NULL,NULL,'2022-08-10 20:21:28','2022-08-10 20:21:21'),(7076,NULL,NULL,'2022-08-10 20:21:28','2022-08-10 20:21:21'),(7077,NULL,NULL,'2022-08-10 20:21:28','2022-08-10 20:21:21'),(7078,NULL,NULL,'2022-08-10 20:21:28','2022-08-10 20:21:21'),(7079,NULL,NULL,'2022-08-10 20:21:28','2022-08-10 20:21:21'),(7080,NULL,NULL,'2022-08-10 20:21:28','2022-08-10 20:21:21'),(7081,NULL,NULL,'2022-08-10 20:21:28','2022-08-10 20:21:21'),(7082,NULL,NULL,'2022-08-10 20:21:28','2022-08-10 20:21:21'),(7083,NULL,NULL,'2022-08-10 20:21:28','2022-08-10 20:21:21'),(7084,NULL,NULL,'2022-08-10 20:21:28','2022-08-10 20:21:21'),(7085,NULL,NULL,'2022-08-10 20:21:28','2022-08-10 20:21:21'),(7086,NULL,NULL,'2022-08-10 20:21:28','2022-08-10 20:21:21'),(7087,NULL,NULL,'2022-08-10 20:21:28','2022-08-10 20:21:21'),(7088,NULL,NULL,'2022-08-10 20:21:28','2022-08-10 20:21:21'),(7089,NULL,NULL,'2022-08-10 20:21:28','2022-08-10 20:21:21'),(7090,NULL,NULL,'2022-08-10 20:21:28','2022-08-10 20:21:21'),(7091,NULL,NULL,'2022-08-10 20:21:28','2022-08-10 20:21:21'),(7092,NULL,NULL,'2022-08-10 20:21:28','2022-08-10 20:21:21'),(7093,NULL,NULL,'2022-08-10 20:21:28','2022-08-10 20:21:21'),(7094,NULL,NULL,'2022-08-10 20:21:28','2022-08-10 20:21:21'),(7095,NULL,NULL,'2022-08-10 20:21:28','2022-08-10 20:21:21'),(7096,NULL,NULL,'2022-08-10 20:21:28','2022-08-10 20:21:21'),(7097,NULL,NULL,'2022-08-10 20:21:28','2022-08-10 20:21:21'),(7098,NULL,NULL,'2022-08-10 20:21:28','2022-08-10 20:21:21'),(7099,NULL,NULL,'2022-08-10 20:21:28','2022-08-10 20:21:21'),(7100,NULL,NULL,'2022-08-10 20:21:28','2022-08-10 20:21:21'),(7101,NULL,NULL,'2022-08-10 20:21:28','2022-08-10 20:21:21'),(7102,NULL,NULL,'2022-08-10 20:21:28','2022-08-10 20:21:21'),(7103,NULL,NULL,'2022-08-10 20:21:28','2022-08-10 20:21:21'),(7104,NULL,NULL,'2022-08-10 20:21:28','2022-08-10 20:21:21'),(7105,NULL,NULL,'2022-08-10 20:21:28','2022-08-10 20:21:21'),(7106,NULL,NULL,'2022-08-10 20:21:28','2022-08-10 20:21:21'),(7107,NULL,NULL,'2022-08-10 20:21:28','2022-08-10 20:21:21'),(7108,NULL,NULL,'2022-08-10 20:21:28','2022-08-10 20:21:21'),(7109,NULL,NULL,'2022-08-10 20:21:28','2022-08-10 20:21:21'),(7110,NULL,NULL,'2022-08-10 20:21:28','2022-08-10 20:21:21'),(7111,NULL,NULL,'2022-08-10 20:21:28','2022-08-10 20:21:21'),(7112,NULL,NULL,'2022-08-10 20:21:28','2022-08-10 20:21:21'),(7113,NULL,NULL,'2022-08-10 20:21:28','2022-08-10 20:21:21'),(7114,NULL,NULL,'2022-08-10 20:21:28','2022-08-10 20:21:21'),(7115,NULL,NULL,'2022-08-10 20:21:28','2022-08-10 20:21:21'),(7116,NULL,NULL,'2022-08-10 20:21:28','2022-08-10 20:21:21'),(7117,NULL,NULL,'2022-08-10 20:21:28','2022-08-10 20:21:21'),(7118,NULL,NULL,'2022-08-10 20:21:28','2022-08-10 20:21:21'),(7119,NULL,NULL,'2022-08-10 20:21:28','2022-08-10 20:21:21'),(7120,NULL,NULL,'2022-08-10 20:21:28','2022-08-10 20:21:21'),(7121,NULL,NULL,'2022-08-10 20:21:28','2022-08-10 20:21:21'),(7122,NULL,NULL,'2022-08-10 20:21:28','2022-08-10 20:21:21'),(7123,NULL,NULL,'2022-08-10 20:21:28','2022-08-10 20:21:21'),(7124,NULL,NULL,'2022-08-10 20:21:28','2022-08-10 20:21:21'),(7125,NULL,NULL,'2022-08-10 20:21:28','2022-08-10 20:21:21'),(7126,NULL,NULL,'2022-08-10 20:21:28','2022-08-10 20:21:21'),(7127,NULL,NULL,'2022-08-10 20:21:28','2022-08-10 20:21:21'),(7128,NULL,NULL,'2022-08-10 20:21:28','2022-08-10 20:21:21'),(7129,NULL,NULL,'2022-08-10 20:21:28','2022-08-10 20:21:21'),(7130,NULL,NULL,'2022-08-10 20:21:28','2022-08-10 20:21:21'),(7131,NULL,NULL,'2022-08-10 20:21:28','2022-08-10 20:21:21'),(7132,NULL,NULL,'2022-08-10 20:21:28','2022-08-10 20:21:21'),(7133,NULL,NULL,'2022-08-10 20:21:28','2022-08-10 20:21:21'),(7134,NULL,NULL,'2022-08-10 20:21:28','2022-08-10 20:21:21'),(7135,NULL,NULL,'2022-08-10 20:21:28','2022-08-10 20:21:21'),(7136,NULL,NULL,'2022-08-10 20:21:28','2022-08-10 20:21:21'),(7137,NULL,NULL,'2022-08-10 20:21:28','2022-08-10 20:21:21'),(7138,NULL,NULL,'2022-08-10 20:21:28','2022-08-10 20:21:21'),(7139,NULL,NULL,'2022-08-10 20:21:28','2022-08-10 20:21:21'),(7140,NULL,NULL,'2022-08-10 20:21:28','2022-08-10 20:21:21'),(7141,NULL,NULL,'2022-08-10 20:21:28','2022-08-10 20:21:21'),(7142,NULL,NULL,'2022-08-10 20:21:28','2022-08-10 20:21:21'),(7143,NULL,NULL,'2022-08-10 20:21:28','2022-08-10 20:21:21'),(7144,NULL,NULL,'2022-08-10 20:21:28','2022-08-10 20:21:21'),(7145,NULL,NULL,'2022-08-10 20:21:28','2022-08-10 20:21:21'),(7146,NULL,NULL,'2022-08-10 20:21:28','2022-08-10 20:21:21'),(7147,NULL,NULL,'2022-08-10 20:21:28','2022-08-10 20:21:21'),(7148,NULL,NULL,'2022-08-10 20:21:28','2022-08-10 20:21:21'),(7149,NULL,NULL,'2022-08-10 20:21:28','2022-08-10 20:21:21'),(7150,NULL,NULL,'2022-08-10 20:21:28','2022-08-10 20:21:21'),(7151,NULL,NULL,'2022-08-10 20:21:28','2022-08-10 20:21:21'),(7152,NULL,NULL,'2022-08-10 20:21:28','2022-08-10 20:21:21'),(7153,NULL,NULL,'2022-08-10 20:21:28','2022-08-10 20:21:21'),(7154,NULL,NULL,'2022-08-10 20:21:28','2022-08-10 20:21:21'),(7155,NULL,NULL,'2022-08-10 20:21:28','2022-08-10 20:21:21'),(7156,NULL,NULL,'2022-08-10 20:21:28','2022-08-10 20:21:21'),(7157,NULL,NULL,'2022-08-10 20:21:28','2022-08-10 20:21:21'),(7158,NULL,NULL,'2022-08-10 20:21:28','2022-08-10 20:21:21'),(7159,NULL,NULL,'2022-08-10 20:21:28','2022-08-10 20:21:21'),(7160,NULL,NULL,'2022-08-10 20:21:28','2022-08-10 20:21:21'),(7161,NULL,NULL,'2022-08-10 20:21:28','2022-08-10 20:21:21'),(7162,NULL,NULL,'2022-08-10 20:21:28','2022-08-10 20:21:21'),(7163,NULL,NULL,'2022-08-10 20:21:28','2022-08-10 20:21:21'),(7164,NULL,NULL,'2022-08-10 20:21:28','2022-08-10 20:21:21'),(7165,NULL,NULL,'2022-08-10 20:21:28','2022-08-10 20:21:21'),(7166,NULL,NULL,'2022-08-10 20:21:28','2022-08-10 20:21:21'),(7167,NULL,NULL,'2022-08-10 20:21:28','2022-08-10 20:21:21'),(7168,NULL,NULL,'2022-08-10 20:21:28','2022-08-10 20:21:21'),(7169,NULL,NULL,'2022-08-10 20:21:28','2022-08-10 20:21:21'),(7170,NULL,NULL,'2022-08-10 20:21:28','2022-08-10 20:21:21'),(7171,NULL,NULL,'2022-08-10 20:21:28','2022-08-10 20:21:21'),(7172,NULL,NULL,'2022-08-10 20:21:28','2022-08-10 20:21:21'),(7173,NULL,NULL,'2022-08-10 20:21:28','2022-08-10 20:21:21'),(7174,NULL,NULL,'2022-08-10 20:21:28','2022-08-10 20:21:21'),(7175,NULL,NULL,'2022-08-10 20:21:28','2022-08-10 20:21:21'),(7176,NULL,NULL,'2022-08-10 20:21:28','2022-08-10 20:21:21'),(7177,NULL,NULL,'2022-08-10 20:21:28','2022-08-10 20:21:21'),(7178,NULL,NULL,'2022-08-10 20:21:28','2022-08-10 20:21:21'),(7179,NULL,NULL,'2022-08-10 20:21:28','2022-08-10 20:21:21'),(7180,NULL,NULL,'2022-08-10 20:21:28','2022-08-10 20:21:21'),(7181,NULL,NULL,'2022-08-10 20:21:28','2022-08-10 20:21:21'),(7182,NULL,NULL,'2022-08-10 20:21:28','2022-08-10 20:21:21'),(7183,NULL,NULL,'2022-08-10 20:21:28','2022-08-10 20:21:21'),(7184,NULL,NULL,'2022-08-10 20:21:28','2022-08-10 20:21:21'),(7185,NULL,NULL,'2022-08-10 20:21:28','2022-08-10 20:21:21'),(7186,NULL,NULL,'2022-08-10 20:21:28','2022-08-10 20:21:21'),(7187,NULL,NULL,'2022-08-10 20:21:28','2022-08-10 20:21:21'),(7188,NULL,NULL,'2022-08-10 20:21:28','2022-08-10 20:21:21'),(7189,NULL,NULL,'2022-08-10 20:21:28','2022-08-10 20:21:21'),(7190,NULL,NULL,'2022-08-10 20:21:28','2022-08-10 20:21:21'),(7191,NULL,NULL,'2022-08-10 20:21:28','2022-08-10 20:21:21'),(7192,NULL,NULL,'2022-08-10 20:21:28','2022-08-10 20:21:21'),(7193,NULL,NULL,'2022-08-10 20:21:28','2022-08-10 20:21:21'),(7194,NULL,NULL,'2022-08-10 20:21:28','2022-08-10 20:21:21'),(7195,NULL,NULL,'2022-08-10 20:21:28','2022-08-10 20:21:21'),(7196,NULL,NULL,'2022-08-10 20:21:28','2022-08-10 20:21:21'),(7197,NULL,NULL,'2022-08-10 20:21:28','2022-08-10 20:21:21'),(7198,NULL,NULL,'2022-08-10 20:21:28','2022-08-10 20:21:21'),(7199,NULL,NULL,'2022-08-10 20:21:28','2022-08-10 20:21:21'),(7200,NULL,NULL,'2022-08-10 20:21:28','2022-08-10 20:21:21'),(7201,NULL,NULL,'2022-08-10 20:21:28','2022-08-10 20:21:21'),(7202,NULL,NULL,'2022-08-10 20:21:28','2022-08-10 20:21:21'),(7203,NULL,NULL,'2022-08-10 20:21:28','2022-08-10 20:21:21'),(7204,NULL,NULL,'2022-08-10 20:21:28','2022-08-10 20:21:21'),(7205,NULL,NULL,'2022-08-10 20:21:28','2022-08-10 20:21:21'),(7206,NULL,NULL,'2022-08-10 20:21:28','2022-08-10 20:21:21'),(7207,NULL,NULL,'2022-08-10 20:21:28','2022-08-10 20:21:21'),(7208,NULL,NULL,'2022-08-10 20:21:28','2022-08-10 20:21:21'),(7209,NULL,NULL,'2022-08-10 20:21:28','2022-08-10 20:21:21'),(7210,NULL,NULL,'2022-08-10 20:21:28','2022-08-10 20:21:21'),(7211,NULL,NULL,'2022-08-10 20:21:28','2022-08-10 20:21:21'),(7212,NULL,NULL,'2022-08-10 20:21:28','2022-08-10 20:21:21'),(7213,NULL,NULL,'2022-08-10 20:21:28','2022-08-10 20:21:21'),(7214,NULL,NULL,'2022-08-10 20:21:28','2022-08-10 20:21:21'),(7215,NULL,NULL,'2022-08-10 20:21:28','2022-08-10 20:21:21'),(7216,NULL,NULL,'2022-08-10 20:21:28','2022-08-10 20:21:21'),(7217,NULL,NULL,'2022-08-10 20:21:28','2022-08-10 20:21:21'),(7218,NULL,NULL,'2022-08-10 20:21:28','2022-08-10 20:21:21'),(7219,NULL,NULL,'2022-08-10 20:21:28','2022-08-10 20:21:21'),(7220,NULL,NULL,'2022-08-10 20:21:28','2022-08-10 20:21:21'),(7221,NULL,NULL,'2022-08-10 20:21:28','2022-08-10 20:21:21'),(7222,NULL,NULL,'2022-08-10 20:21:28','2022-08-10 20:21:21'),(7223,NULL,NULL,'2022-08-10 20:21:28','2022-08-10 20:21:21'),(7224,NULL,NULL,'2022-08-10 20:21:28','2022-08-10 20:21:21'),(7225,NULL,NULL,'2022-08-10 20:21:28','2022-08-10 20:21:21'),(7226,NULL,NULL,'2022-08-10 20:21:28','2022-08-10 20:21:21'),(7227,NULL,NULL,'2022-08-10 20:21:28','2022-08-10 20:21:21'),(7228,NULL,NULL,'2022-08-10 20:21:28','2022-08-10 20:21:21'),(7229,NULL,NULL,'2022-08-10 20:21:28','2022-08-10 20:21:21'),(7230,NULL,NULL,'2022-08-10 20:21:28','2022-08-10 20:21:21'),(7231,NULL,NULL,'2022-08-10 20:21:28','2022-08-10 20:21:21'),(7232,NULL,NULL,'2022-08-10 20:21:28','2022-08-10 20:21:21'),(7233,NULL,NULL,'2022-08-10 20:21:28','2022-08-10 20:21:21'),(7234,NULL,NULL,'2022-08-10 20:21:28','2022-08-10 20:21:21'),(7235,NULL,NULL,'2022-08-10 20:21:28','2022-08-10 20:21:21'),(7236,NULL,NULL,'2022-08-10 20:21:28','2022-08-10 20:21:21'),(7237,NULL,NULL,'2022-08-10 20:21:28','2022-08-10 20:21:21'),(7238,NULL,NULL,'2022-08-10 20:21:28','2022-08-10 20:21:21'),(7239,NULL,NULL,'2022-08-10 20:21:28','2022-08-10 20:21:21'),(7240,NULL,NULL,'2022-08-10 20:21:28','2022-08-10 20:21:21'),(7241,NULL,NULL,'2022-08-10 20:21:28','2022-08-10 20:21:21'),(7242,NULL,NULL,'2022-08-10 20:21:28','2022-08-10 20:21:21'),(7243,NULL,NULL,'2022-08-10 20:21:28','2022-08-10 20:21:21'),(7244,NULL,NULL,'2022-08-10 20:21:28','2022-08-10 20:21:21'),(7245,NULL,NULL,'2022-08-10 20:21:28','2022-08-10 20:21:21'),(7246,NULL,NULL,'2022-08-10 20:21:28','2022-08-10 20:21:21'),(7247,NULL,NULL,'2022-08-10 20:21:28','2022-08-10 20:21:21'),(7248,NULL,NULL,'2022-08-10 20:21:28','2022-08-10 20:21:21'),(7249,NULL,NULL,'2022-08-10 20:21:28','2022-08-10 20:21:21'),(7250,NULL,NULL,'2022-08-10 20:21:28','2022-08-10 20:21:21'),(7251,NULL,NULL,'2022-08-10 20:21:28','2022-08-10 20:21:21'),(7252,NULL,NULL,'2022-08-10 20:21:28','2022-08-10 20:21:21'),(7253,NULL,NULL,'2022-08-10 20:21:28','2022-08-10 20:21:21'),(7254,NULL,NULL,'2022-08-10 20:21:28','2022-08-10 20:21:21'),(7255,NULL,NULL,'2022-08-10 20:21:28','2022-08-10 20:21:21'),(7256,NULL,NULL,'2022-08-10 20:21:28','2022-08-10 20:21:21'),(7257,NULL,NULL,'2022-08-10 20:21:28','2022-08-10 20:21:21'),(7258,NULL,NULL,'2022-08-10 20:21:28','2022-08-10 20:21:21'),(7259,NULL,NULL,'2022-08-10 20:21:28','2022-08-10 20:21:21'),(7260,NULL,NULL,'2022-08-10 20:21:28','2022-08-10 20:21:21'),(7261,NULL,NULL,'2022-08-10 20:21:28','2022-08-10 20:21:21'),(7262,NULL,NULL,'2022-08-10 20:21:28','2022-08-10 20:21:21'),(7263,NULL,NULL,'2022-08-10 20:21:28','2022-08-10 20:21:21'),(7264,NULL,NULL,'2022-08-10 20:21:28','2022-08-10 20:21:21'),(7265,NULL,NULL,'2022-08-10 20:21:28','2022-08-10 20:21:21'),(7266,NULL,NULL,'2022-08-10 20:21:28','2022-08-10 20:21:21'),(7267,NULL,NULL,'2022-08-10 20:21:28','2022-08-10 20:21:21'),(7268,NULL,NULL,'2022-08-10 20:21:28','2022-08-10 20:21:21'),(7269,NULL,NULL,'2022-08-10 20:21:28','2022-08-10 20:21:21'),(7270,NULL,NULL,'2022-08-10 20:21:28','2022-08-10 20:21:21'),(7271,NULL,NULL,'2022-08-10 20:21:28','2022-08-10 20:21:21'),(7272,NULL,NULL,'2022-08-10 20:21:28','2022-08-10 20:21:21'),(7273,NULL,NULL,'2022-08-10 20:21:28','2022-08-10 20:21:21'),(7274,NULL,NULL,'2022-08-10 20:21:28','2022-08-10 20:21:21'),(7275,NULL,NULL,'2022-08-10 20:21:28','2022-08-10 20:21:21'),(7276,NULL,NULL,'2022-08-10 20:21:28','2022-08-10 20:21:21'),(7277,NULL,NULL,'2022-08-10 20:21:28','2022-08-10 20:21:21'),(7278,NULL,NULL,'2022-08-10 20:21:28','2022-08-10 20:21:21'),(7279,NULL,NULL,'2022-08-10 20:21:28','2022-08-10 20:21:21'),(7280,NULL,NULL,'2022-08-10 20:21:28','2022-08-10 20:21:21'),(7281,NULL,NULL,'2022-08-10 20:21:28','2022-08-10 20:21:21'),(7282,NULL,NULL,'2022-08-10 20:21:28','2022-08-10 20:21:21'),(7283,NULL,NULL,'2022-08-10 20:21:28','2022-08-10 20:21:21'),(7284,NULL,NULL,'2022-08-10 20:21:28','2022-08-10 20:21:21'),(7285,NULL,NULL,'2022-08-10 20:21:28','2022-08-10 20:21:21'),(7286,NULL,NULL,'2022-08-10 20:21:28','2022-08-10 20:21:21'),(7287,NULL,NULL,'2022-08-10 20:21:28','2022-08-10 20:21:21'),(7288,NULL,NULL,'2022-08-10 20:21:28','2022-08-10 20:21:21'),(7289,NULL,NULL,'2022-08-10 20:21:28','2022-08-10 20:21:21'),(7290,NULL,NULL,'2022-08-10 20:21:28','2022-08-10 20:21:21'),(7291,NULL,NULL,'2022-08-10 20:21:28','2022-08-10 20:21:21'),(7292,NULL,NULL,'2022-08-10 20:21:28','2022-08-10 20:21:21'),(7293,NULL,NULL,'2022-08-10 20:21:28','2022-08-10 20:21:21'),(7294,NULL,NULL,'2022-08-10 20:21:28','2022-08-10 20:21:21'),(7295,NULL,NULL,'2022-08-10 20:21:28','2022-08-10 20:21:21'),(7296,NULL,NULL,'2022-08-10 20:21:28','2022-08-10 20:21:21'),(7297,NULL,NULL,'2022-08-10 20:21:28','2022-08-10 20:21:21'),(7298,NULL,NULL,'2022-08-10 20:21:28','2022-08-10 20:21:21'),(7299,NULL,NULL,'2022-08-10 20:21:28','2022-08-10 20:21:21'),(7300,NULL,NULL,'2022-08-10 20:21:28','2022-08-10 20:21:21'),(7301,NULL,NULL,'2022-08-10 20:21:28','2022-08-10 20:21:21'),(7302,NULL,NULL,'2022-08-10 20:21:28','2022-08-10 20:21:21'),(7303,NULL,NULL,'2022-08-10 20:21:28','2022-08-10 20:21:21'),(7304,NULL,NULL,'2022-08-10 20:21:28','2022-08-10 20:21:21'),(7305,NULL,NULL,'2022-08-10 20:21:28','2022-08-10 20:21:21'),(7306,NULL,NULL,'2022-08-10 20:21:28','2022-08-10 20:21:21'),(7307,NULL,NULL,'2022-08-10 20:21:28','2022-08-10 20:21:21'),(7308,NULL,NULL,'2022-08-10 20:21:28','2022-08-10 20:21:21'),(7309,NULL,NULL,'2022-08-10 20:21:28','2022-08-10 20:21:21'),(7310,NULL,NULL,'2022-08-10 20:21:28','2022-08-10 20:21:21'),(7311,NULL,NULL,'2022-08-10 20:21:28','2022-08-10 20:21:21'),(7312,NULL,NULL,'2022-08-10 20:21:28','2022-08-10 20:21:21'),(7313,NULL,NULL,'2022-08-10 20:21:28','2022-08-10 20:21:21'),(7314,NULL,NULL,'2022-08-10 20:21:28','2022-08-10 20:21:21'),(7315,NULL,NULL,'2022-08-10 20:21:28','2022-08-10 20:21:21'),(7316,NULL,NULL,'2022-08-10 20:21:28','2022-08-10 20:21:21'),(7317,NULL,NULL,'2022-08-10 20:21:28','2022-08-10 20:21:21'),(7318,NULL,NULL,'2022-08-10 20:21:28','2022-08-10 20:21:21'),(7319,NULL,NULL,'2022-08-10 20:21:28','2022-08-10 20:21:21'),(7320,NULL,NULL,'2022-08-10 20:21:28','2022-08-10 20:21:21'),(7321,NULL,NULL,'2022-08-10 20:21:28','2022-08-10 20:21:21'),(7322,NULL,NULL,'2022-08-10 20:21:28','2022-08-10 20:21:21'),(7323,NULL,NULL,'2022-08-10 20:21:28','2022-08-10 20:21:21'),(7324,NULL,NULL,'2022-08-10 20:21:28','2022-08-10 20:21:21'),(7325,NULL,NULL,'2022-08-10 20:21:28','2022-08-10 20:21:21'),(7326,NULL,NULL,'2022-08-10 20:21:28','2022-08-10 20:21:21'),(7327,NULL,NULL,'2022-08-10 20:21:28','2022-08-10 20:21:21'),(7328,NULL,NULL,'2022-08-10 20:21:28','2022-08-10 20:21:21'),(7329,NULL,NULL,'2022-08-10 20:21:28','2022-08-10 20:21:21'),(7330,NULL,NULL,'2022-08-10 20:21:28','2022-08-10 20:21:21'),(7331,NULL,NULL,'2022-08-10 20:21:28','2022-08-10 20:21:21'),(7332,NULL,NULL,'2022-08-10 20:21:28','2022-08-10 20:21:21'),(7333,NULL,NULL,'2022-08-10 20:21:28','2022-08-10 20:21:21'),(7334,NULL,NULL,'2022-08-10 20:21:28','2022-08-10 20:21:21'),(7335,NULL,NULL,'2022-08-10 20:21:28','2022-08-10 20:21:21'),(7336,NULL,NULL,'2022-08-10 20:21:28','2022-08-10 20:21:21'),(7337,NULL,NULL,'2022-08-10 20:21:28','2022-08-10 20:21:21'),(7338,NULL,NULL,'2022-08-10 20:21:28','2022-08-10 20:21:21'),(7339,NULL,NULL,'2022-08-10 20:21:28','2022-08-10 20:21:21'),(7340,NULL,NULL,'2022-08-10 20:21:28','2022-08-10 20:21:21'),(7341,NULL,NULL,'2022-08-10 20:21:28','2022-08-10 20:21:21'),(7342,NULL,NULL,'2022-08-10 20:21:28','2022-08-10 20:21:21'),(7343,NULL,NULL,'2022-08-10 20:21:28','2022-08-10 20:21:21'),(7344,NULL,NULL,'2022-08-10 20:21:28','2022-08-10 20:21:21'),(7345,NULL,NULL,'2022-08-10 20:21:28','2022-08-10 20:21:21'),(7346,NULL,NULL,'2022-08-10 20:21:28','2022-08-10 20:21:21'),(7347,NULL,NULL,'2022-08-10 20:21:28','2022-08-10 20:21:21'),(7348,NULL,NULL,'2022-08-10 20:21:28','2022-08-10 20:21:21'),(7349,NULL,NULL,'2022-08-10 20:21:28','2022-08-10 20:21:21'),(7350,NULL,NULL,'2022-08-10 20:21:28','2022-08-10 20:21:21'),(7351,NULL,NULL,'2022-08-10 20:21:28','2022-08-10 20:21:21'),(7352,NULL,NULL,'2022-08-10 20:21:28','2022-08-10 20:21:21'),(7353,NULL,NULL,'2022-08-10 20:21:28','2022-08-10 20:21:21'),(7354,NULL,NULL,'2022-08-10 20:21:28','2022-08-10 20:21:21'),(7355,NULL,NULL,'2022-08-10 20:21:28','2022-08-10 20:21:21'),(7356,NULL,NULL,'2022-08-10 20:21:28','2022-08-10 20:21:21'),(7357,NULL,NULL,'2022-08-10 20:21:28','2022-08-10 20:21:21'),(7358,NULL,NULL,'2022-08-10 20:21:28','2022-08-10 20:21:21'),(7359,NULL,NULL,'2022-08-10 20:21:28','2022-08-10 20:21:21'),(7360,NULL,NULL,'2022-08-10 20:21:28','2022-08-10 20:21:21'),(7361,NULL,NULL,'2022-08-10 20:21:28','2022-08-10 20:21:21'),(7362,NULL,NULL,'2022-08-10 20:21:28','2022-08-10 20:21:21'),(7363,NULL,NULL,'2022-08-10 20:21:28','2022-08-10 20:21:21'),(7364,NULL,NULL,'2022-08-10 20:21:28','2022-08-10 20:21:21'),(7365,NULL,NULL,'2022-08-10 20:21:28','2022-08-10 20:21:21'),(7366,NULL,NULL,'2022-08-10 20:21:28','2022-08-10 20:21:21'),(7367,NULL,NULL,'2022-08-10 20:21:28','2022-08-10 20:21:21'),(7368,NULL,NULL,'2022-08-10 20:21:28','2022-08-10 20:21:21'),(7369,NULL,NULL,'2022-08-10 20:21:28','2022-08-10 20:21:21'),(7370,NULL,NULL,'2022-08-10 20:21:28','2022-08-10 20:21:21'),(7371,NULL,NULL,'2022-08-10 20:21:28','2022-08-10 20:21:21'),(7372,NULL,NULL,'2022-08-10 20:21:28','2022-08-10 20:21:21'),(7373,NULL,NULL,'2022-08-10 20:21:28','2022-08-10 20:21:21'),(7374,NULL,NULL,'2022-08-10 20:21:28','2022-08-10 20:21:21'),(7375,NULL,NULL,'2022-08-10 20:21:28','2022-08-10 20:21:21'),(7376,NULL,NULL,'2022-08-10 20:21:28','2022-08-10 20:21:21'),(7377,NULL,NULL,'2022-08-10 20:21:28','2022-08-10 20:21:21'),(7378,NULL,NULL,'2022-08-10 20:21:28','2022-08-10 20:21:21'),(7379,NULL,NULL,'2022-08-10 20:21:28','2022-08-10 20:21:21'),(7380,NULL,NULL,'2022-08-10 20:21:28','2022-08-10 20:21:21'),(7381,NULL,NULL,'2022-08-10 20:21:28','2022-08-10 20:21:21'),(7382,NULL,NULL,'2022-08-10 20:21:28','2022-08-10 20:21:21'),(7383,NULL,NULL,'2022-08-10 20:21:28','2022-08-10 20:21:21'),(7384,NULL,NULL,'2022-08-10 20:21:28','2022-08-10 20:21:21'),(7385,NULL,NULL,'2022-08-10 20:21:28','2022-08-10 20:21:21'),(7386,NULL,NULL,'2022-08-10 20:21:28','2022-08-10 20:21:21'),(7387,NULL,NULL,'2022-08-10 20:21:28','2022-08-10 20:21:21'),(7388,NULL,NULL,'2022-08-10 20:21:28','2022-08-10 20:21:21'),(7389,NULL,NULL,'2022-08-10 20:21:28','2022-08-10 20:21:21'),(7390,NULL,NULL,'2022-08-10 20:21:28','2022-08-10 20:21:21'),(7391,NULL,NULL,'2022-08-10 20:21:28','2022-08-10 20:21:21'),(7392,NULL,NULL,'2022-08-10 20:21:28','2022-08-10 20:21:21'),(7393,NULL,NULL,'2022-08-10 20:21:28','2022-08-10 20:21:21'),(7394,NULL,NULL,'2022-08-10 20:21:28','2022-08-10 20:21:21'),(7395,NULL,NULL,'2022-08-10 20:21:28','2022-08-10 20:21:21'),(7396,NULL,NULL,'2022-08-10 20:21:28','2022-08-10 20:21:21'),(7397,NULL,NULL,'2022-08-10 20:21:28','2022-08-10 20:21:21'),(7398,NULL,NULL,'2022-08-10 20:21:28','2022-08-10 20:21:21'),(7399,NULL,NULL,'2022-08-10 20:21:28','2022-08-10 20:21:21'),(7400,NULL,NULL,'2022-08-10 20:21:28','2022-08-10 20:21:21'),(7401,NULL,NULL,'2022-08-10 20:21:28','2022-08-10 20:21:21'),(7402,NULL,NULL,'2022-08-10 20:21:28','2022-08-10 20:21:21'),(7403,NULL,NULL,'2022-08-10 20:21:28','2022-08-10 20:21:21'),(7404,NULL,NULL,'2022-08-10 20:21:28','2022-08-10 20:21:21'),(7405,NULL,NULL,'2022-08-10 20:21:28','2022-08-10 20:21:21'),(7406,NULL,NULL,'2022-08-10 20:21:28','2022-08-10 20:21:21'),(7407,NULL,NULL,'2022-08-10 20:21:28','2022-08-10 20:21:21'),(7408,NULL,NULL,'2022-08-10 20:21:28','2022-08-10 20:21:21'),(7409,NULL,NULL,'2022-08-10 20:21:28','2022-08-10 20:21:21'),(7410,NULL,NULL,'2022-08-10 20:21:28','2022-08-10 20:21:21'),(7411,NULL,NULL,'2022-08-10 20:21:28','2022-08-10 20:21:21'),(7412,NULL,NULL,'2022-08-10 20:21:28','2022-08-10 20:21:21'),(7413,NULL,NULL,'2022-08-10 20:21:28','2022-08-10 20:21:21'),(7414,NULL,NULL,'2022-08-10 20:21:28','2022-08-10 20:21:21'),(7415,NULL,NULL,'2022-08-10 20:21:28','2022-08-10 20:21:21'),(7416,NULL,NULL,'2022-08-10 20:21:28','2022-08-10 20:21:21'),(7417,NULL,NULL,'2022-08-10 20:21:28','2022-08-10 20:21:21'),(7418,NULL,NULL,'2022-08-10 20:21:28','2022-08-10 20:21:21'),(7419,NULL,NULL,'2022-08-10 20:21:28','2022-08-10 20:21:21'),(7420,NULL,NULL,'2022-08-10 20:21:28','2022-08-10 20:21:21'),(7421,NULL,NULL,'2022-08-10 20:21:28','2022-08-10 20:21:21'),(7422,NULL,NULL,'2022-08-10 20:21:28','2022-08-10 20:21:21'),(7423,NULL,NULL,'2022-08-10 20:21:28','2022-08-10 20:21:21'),(7424,NULL,NULL,'2022-08-10 20:21:28','2022-08-10 20:21:21'),(7425,NULL,NULL,'2022-08-10 20:21:28','2022-08-10 20:21:21'),(7426,NULL,NULL,'2022-08-10 20:21:28','2022-08-10 20:21:21'),(7427,NULL,NULL,'2022-08-10 20:21:28','2022-08-10 20:21:21'),(7428,NULL,NULL,'2022-08-10 20:21:28','2022-08-10 20:21:21'),(7429,NULL,NULL,'2022-08-10 20:21:28','2022-08-10 20:21:21'),(7430,NULL,NULL,'2022-08-10 20:21:28','2022-08-10 20:21:21'),(7431,NULL,NULL,'2022-08-10 20:21:28','2022-08-10 20:21:21'),(7432,NULL,NULL,'2022-08-10 20:21:28','2022-08-10 20:21:21'),(7433,NULL,NULL,'2022-08-10 20:21:28','2022-08-10 20:21:21'),(7434,NULL,NULL,'2022-08-10 20:21:28','2022-08-10 20:21:21'),(7435,NULL,NULL,'2022-08-10 20:21:28','2022-08-10 20:21:21'),(7436,NULL,NULL,'2022-08-10 20:21:28','2022-08-10 20:21:21'),(7437,NULL,NULL,'2022-08-10 20:21:28','2022-08-10 20:21:21'),(7438,NULL,NULL,'2022-08-10 20:21:28','2022-08-10 20:21:21'),(7439,NULL,NULL,'2022-08-10 20:21:28','2022-08-10 20:21:21'),(7440,NULL,NULL,'2022-08-10 20:21:28','2022-08-10 20:21:21'),(7441,NULL,NULL,'2022-08-10 20:21:28','2022-08-10 20:21:21'),(7442,NULL,NULL,'2022-08-10 20:21:28','2022-08-10 20:21:21'),(7443,NULL,NULL,'2022-08-10 20:21:28','2022-08-10 20:21:21'),(7444,NULL,NULL,'2022-08-10 20:21:28','2022-08-10 20:21:21'),(7445,NULL,NULL,'2022-08-10 20:21:28','2022-08-10 20:21:21'),(7446,NULL,NULL,'2022-08-10 20:21:28','2022-08-10 20:21:21'),(7447,NULL,NULL,'2022-08-10 20:21:28','2022-08-10 20:21:21'),(7448,NULL,NULL,'2022-08-10 20:21:28','2022-08-10 20:21:21'),(7449,NULL,NULL,'2022-08-10 20:21:28','2022-08-10 20:21:21'),(7450,NULL,NULL,'2022-08-10 20:21:28','2022-08-10 20:21:21'),(7451,NULL,NULL,'2022-08-10 20:21:28','2022-08-10 20:21:21'),(7452,NULL,NULL,'2022-08-10 20:21:28','2022-08-10 20:21:21'),(7453,NULL,NULL,'2022-08-10 20:21:28','2022-08-10 20:21:21'),(7454,NULL,NULL,'2022-08-10 20:21:28','2022-08-10 20:21:21'),(7455,NULL,NULL,'2022-08-10 20:21:28','2022-08-10 20:21:21'),(7456,NULL,NULL,'2022-08-10 20:21:28','2022-08-10 20:21:21'),(7457,NULL,NULL,'2022-08-10 20:21:28','2022-08-10 20:21:21'),(7458,NULL,NULL,'2022-08-10 20:21:28','2022-08-10 20:21:21'),(7459,NULL,NULL,'2022-08-10 20:21:28','2022-08-10 20:21:21'),(7460,NULL,NULL,'2022-08-10 20:21:28','2022-08-10 20:21:21'),(7461,NULL,NULL,'2022-08-10 20:21:28','2022-08-10 20:21:21'),(7462,NULL,NULL,'2022-08-10 20:21:28','2022-08-10 20:21:21'),(7463,NULL,NULL,'2022-08-10 20:21:28','2022-08-10 20:21:21'),(7464,NULL,NULL,'2022-08-10 20:21:28','2022-08-10 20:21:21'),(7465,NULL,NULL,'2022-08-10 20:21:28','2022-08-10 20:21:21'),(7466,NULL,NULL,'2022-08-10 20:21:28','2022-08-10 20:21:21'),(7467,NULL,NULL,'2022-08-10 20:21:28','2022-08-10 20:21:21'),(7468,NULL,NULL,'2022-08-10 20:21:28','2022-08-10 20:21:21'),(7469,NULL,NULL,'2022-08-10 20:21:28','2022-08-10 20:21:21'),(7470,NULL,NULL,'2022-08-10 20:21:28','2022-08-10 20:21:21'),(7471,NULL,NULL,'2022-08-10 20:21:28','2022-08-10 20:21:21'),(7472,NULL,NULL,'2022-08-10 20:21:28','2022-08-10 20:21:21'),(7473,NULL,NULL,'2022-08-10 20:21:28','2022-08-10 20:21:21'),(7474,NULL,NULL,'2022-08-10 20:21:28','2022-08-10 20:21:21'),(7475,NULL,NULL,'2022-08-10 20:21:28','2022-08-10 20:21:21'),(7476,NULL,NULL,'2022-08-10 20:21:28','2022-08-10 20:21:21'),(7477,NULL,NULL,'2022-08-10 20:21:28','2022-08-10 20:21:21'),(7478,NULL,NULL,'2022-08-10 20:21:28','2022-08-10 20:21:21'),(7479,NULL,NULL,'2022-08-10 20:21:28','2022-08-10 20:21:21'),(7480,NULL,NULL,'2022-08-10 20:21:28','2022-08-10 20:21:21'),(7481,NULL,NULL,'2022-08-10 20:21:28','2022-08-10 20:21:21'),(7482,NULL,NULL,'2022-08-10 20:21:28','2022-08-10 20:21:21'),(7483,NULL,NULL,'2022-08-10 20:21:28','2022-08-10 20:21:21'),(7484,NULL,NULL,'2022-08-10 20:21:28','2022-08-10 20:21:21'),(7485,NULL,NULL,'2022-08-10 20:21:28','2022-08-10 20:21:21'),(7486,NULL,NULL,'2022-08-10 20:21:28','2022-08-10 20:21:21'),(7487,NULL,NULL,'2022-08-10 20:21:28','2022-08-10 20:21:21'),(7488,NULL,NULL,'2022-08-10 20:21:28','2022-08-10 20:21:21'),(7489,NULL,NULL,'2022-08-10 20:21:28','2022-08-10 20:21:21'),(7490,NULL,NULL,'2022-08-10 20:21:28','2022-08-10 20:21:21'),(7491,NULL,NULL,'2022-08-10 20:21:28','2022-08-10 20:21:21'),(7492,NULL,NULL,'2022-08-10 20:21:28','2022-08-10 20:21:21'),(7493,NULL,NULL,'2022-08-10 20:21:28','2022-08-10 20:21:21'),(7494,NULL,NULL,'2022-08-10 20:21:28','2022-08-10 20:21:21'),(7495,NULL,NULL,'2022-08-10 20:21:28','2022-08-10 20:21:21'),(7496,NULL,NULL,'2022-08-10 20:21:28','2022-08-10 20:21:21'),(7497,NULL,NULL,'2022-08-10 20:21:28','2022-08-10 20:21:21'),(7498,NULL,NULL,'2022-08-10 20:21:28','2022-08-10 20:21:21'),(7499,NULL,NULL,'2022-08-10 20:21:28','2022-08-10 20:21:21'),(7500,NULL,NULL,'2022-08-10 20:21:28','2022-08-10 20:21:21'),(7501,NULL,NULL,'2022-08-10 20:21:28','2022-08-10 20:21:21'),(7502,NULL,NULL,'2022-08-10 20:21:28','2022-08-10 20:21:21'),(7503,NULL,NULL,'2022-08-10 20:21:28','2022-08-10 20:21:21'),(7504,NULL,NULL,'2022-08-10 20:21:28','2022-08-10 20:21:21'),(7505,NULL,NULL,'2022-08-10 20:21:28','2022-08-10 20:21:21'),(7506,NULL,NULL,'2022-08-10 20:21:28','2022-08-10 20:21:21'),(7507,NULL,NULL,'2022-08-10 20:21:28','2022-08-10 20:21:21'),(7508,NULL,NULL,'2022-08-10 20:21:28','2022-08-10 20:21:21'),(7509,NULL,NULL,'2022-08-10 20:21:28','2022-08-10 20:21:21'),(7510,NULL,NULL,'2022-08-10 20:21:28','2022-08-10 20:21:21'),(7511,NULL,NULL,'2022-08-10 20:21:28','2022-08-10 20:21:21'),(7512,NULL,NULL,'2022-08-10 20:21:28','2022-08-10 20:21:21'),(7513,NULL,NULL,'2022-08-10 20:21:28','2022-08-10 20:21:21'),(7514,NULL,NULL,'2022-08-10 20:21:28','2022-08-10 20:21:21'),(7515,NULL,NULL,'2022-08-10 20:21:28','2022-08-10 20:21:21'),(7516,NULL,NULL,'2022-08-10 20:21:28','2022-08-10 20:21:21'),(7517,NULL,NULL,'2022-08-10 20:21:28','2022-08-10 20:21:21'),(7518,NULL,NULL,'2022-08-10 20:21:28','2022-08-10 20:21:21'),(7519,NULL,NULL,'2022-08-10 20:21:28','2022-08-10 20:21:21'),(7520,NULL,NULL,'2022-08-10 20:21:28','2022-08-10 20:21:21'),(7521,NULL,NULL,'2022-08-10 20:21:28','2022-08-10 20:21:21'),(7522,NULL,NULL,'2022-08-10 20:21:28','2022-08-10 20:21:21'),(7523,NULL,NULL,'2022-08-10 20:21:28','2022-08-10 20:21:21'),(7524,NULL,NULL,'2022-08-10 20:21:28','2022-08-10 20:21:21'),(7525,NULL,NULL,'2022-08-10 20:21:28','2022-08-10 20:21:21'),(7526,NULL,NULL,'2022-08-10 20:21:28','2022-08-10 20:21:21'),(7527,NULL,NULL,'2022-08-10 20:21:28','2022-08-10 20:21:21'),(7528,NULL,NULL,'2022-08-10 20:21:28','2022-08-10 20:21:21'),(7529,NULL,NULL,'2022-08-10 20:21:28','2022-08-10 20:21:21'),(7530,NULL,NULL,'2022-08-10 20:21:28','2022-08-10 20:21:21'),(7531,NULL,NULL,'2022-08-10 20:21:28','2022-08-10 20:21:21'),(7532,NULL,NULL,'2022-08-10 20:21:28','2022-08-10 20:21:21'),(7533,NULL,NULL,'2022-08-10 20:21:28','2022-08-10 20:21:21'),(7534,NULL,NULL,'2022-08-10 20:21:28','2022-08-10 20:21:21'),(7535,NULL,NULL,'2022-08-10 20:21:28','2022-08-10 20:21:21'),(7536,NULL,NULL,'2022-08-10 20:21:28','2022-08-10 20:21:21'),(7537,NULL,NULL,'2022-08-10 20:21:28','2022-08-10 20:21:21'),(7538,NULL,NULL,'2022-08-10 20:21:28','2022-08-10 20:21:21'),(7539,NULL,NULL,'2022-08-10 20:21:28','2022-08-10 20:21:21'),(7540,NULL,NULL,'2022-08-10 20:21:28','2022-08-10 20:21:21'),(7541,NULL,NULL,'2022-08-10 20:21:28','2022-08-10 20:21:21'),(7542,NULL,NULL,'2022-08-10 20:21:28','2022-08-10 20:21:21'),(7543,NULL,NULL,'2022-08-10 20:21:28','2022-08-10 20:21:21'),(7544,NULL,NULL,'2022-08-10 20:21:28','2022-08-10 20:21:21'),(7545,NULL,NULL,'2022-08-10 20:21:28','2022-08-10 20:21:21'),(7546,NULL,NULL,'2022-08-10 20:21:28','2022-08-10 20:21:21'),(7547,NULL,NULL,'2022-08-10 20:21:28','2022-08-10 20:21:21'),(7548,NULL,NULL,'2022-08-10 20:21:28','2022-08-10 20:21:21'),(7549,NULL,NULL,'2022-08-10 20:21:28','2022-08-10 20:21:21'),(7550,NULL,NULL,'2022-08-10 20:21:28','2022-08-10 20:21:21'),(7551,NULL,NULL,'2022-08-10 20:21:28','2022-08-10 20:21:21'),(7552,NULL,NULL,'2022-08-10 20:21:28','2022-08-10 20:21:21'),(7553,NULL,NULL,'2022-08-10 20:21:28','2022-08-10 20:21:21'),(7554,NULL,NULL,'2022-08-10 20:21:28','2022-08-10 20:21:21'),(7555,NULL,NULL,'2022-08-10 20:21:28','2022-08-10 20:21:21'),(7556,NULL,NULL,'2022-08-10 20:21:28','2022-08-10 20:21:21'),(7557,NULL,NULL,'2022-08-10 20:21:28','2022-08-10 20:21:21'),(7558,NULL,NULL,'2022-08-10 20:21:28','2022-08-10 20:21:21'),(7559,NULL,NULL,'2022-08-10 20:21:28','2022-08-10 20:21:21'),(7560,NULL,NULL,'2022-08-10 20:21:28','2022-08-10 20:21:21'),(7561,NULL,NULL,'2022-08-10 20:21:28','2022-08-10 20:21:21'),(7562,NULL,NULL,'2022-08-10 20:21:28','2022-08-10 20:21:21'),(7563,NULL,NULL,'2022-08-10 20:21:28','2022-08-10 20:21:21'),(7564,NULL,NULL,'2022-08-10 20:21:28','2022-08-10 20:21:21'),(7565,NULL,NULL,'2022-08-10 20:21:28','2022-08-10 20:21:21'),(7566,NULL,NULL,'2022-08-10 20:21:28','2022-08-10 20:21:21'),(7567,NULL,NULL,'2022-08-10 20:21:28','2022-08-10 20:21:21'),(7568,NULL,NULL,'2022-08-10 20:21:28','2022-08-10 20:21:21'),(7569,NULL,NULL,'2022-08-10 20:21:28','2022-08-10 20:21:21'),(7570,NULL,NULL,'2022-08-10 20:21:28','2022-08-10 20:21:21'),(7571,NULL,NULL,'2022-08-10 20:21:28','2022-08-10 20:21:21'),(7572,NULL,NULL,'2022-08-10 20:21:28','2022-08-10 20:21:21'),(7573,NULL,NULL,'2022-08-10 20:21:28','2022-08-10 20:21:21'),(7574,NULL,NULL,'2022-08-10 20:21:28','2022-08-10 20:21:21'),(7575,NULL,NULL,'2022-08-10 20:21:28','2022-08-10 20:21:21'),(7576,NULL,NULL,'2022-08-10 20:21:28','2022-08-10 20:21:21'),(7577,NULL,NULL,'2022-08-10 20:21:28','2022-08-10 20:21:21'),(7578,NULL,NULL,'2022-08-10 20:21:28','2022-08-10 20:21:21'),(7579,NULL,NULL,'2022-08-10 20:21:28','2022-08-10 20:21:21'),(7580,NULL,NULL,'2022-08-10 20:21:28','2022-08-10 20:21:21'),(7581,NULL,NULL,'2022-08-10 20:21:28','2022-08-10 20:21:21'),(7582,NULL,NULL,'2022-08-10 20:21:28','2022-08-10 20:21:21'),(7583,NULL,NULL,'2022-08-10 20:21:28','2022-08-10 20:21:21'),(7584,NULL,NULL,'2022-08-10 20:21:28','2022-08-10 20:21:21'),(7585,NULL,NULL,'2022-08-10 20:21:28','2022-08-10 20:21:21'),(7586,NULL,NULL,'2022-08-10 20:21:28','2022-08-10 20:21:21'),(7587,NULL,NULL,'2022-08-10 20:21:28','2022-08-10 20:21:21'),(7588,NULL,NULL,'2022-08-10 20:21:28','2022-08-10 20:21:21'),(7589,NULL,NULL,'2022-08-10 20:21:28','2022-08-10 20:21:21'),(7590,NULL,NULL,'2022-08-10 20:21:28','2022-08-10 20:21:21'),(7591,NULL,NULL,'2022-08-10 20:21:28','2022-08-10 20:21:21'),(7592,NULL,NULL,'2022-08-10 20:21:28','2022-08-10 20:21:21'),(7593,NULL,NULL,'2022-08-10 20:21:28','2022-08-10 20:21:21'),(7594,NULL,NULL,'2022-08-10 20:21:28','2022-08-10 20:21:21'),(7595,NULL,NULL,'2022-08-10 20:21:28','2022-08-10 20:21:21'),(7596,NULL,NULL,'2022-08-10 20:21:28','2022-08-10 20:21:21'),(7597,NULL,NULL,'2022-08-10 20:21:28','2022-08-10 20:21:21'),(7598,NULL,NULL,'2022-08-10 20:21:28','2022-08-10 20:21:21'),(7599,NULL,NULL,'2022-08-10 20:21:28','2022-08-10 20:21:21'),(7600,NULL,NULL,'2022-08-10 20:21:28','2022-08-10 20:21:21'),(7601,NULL,NULL,'2022-08-10 20:21:28','2022-08-10 20:21:21'),(7602,NULL,NULL,'2022-08-10 20:21:28','2022-08-10 20:21:21'),(7603,NULL,NULL,'2022-08-10 20:21:28','2022-08-10 20:21:21'),(7604,NULL,NULL,'2022-08-10 20:21:28','2022-08-10 20:21:21'),(7605,NULL,NULL,'2022-08-10 20:21:28','2022-08-10 20:21:21'),(7606,NULL,NULL,'2022-08-10 20:21:28','2022-08-10 20:21:21'),(7607,NULL,NULL,'2022-08-10 20:21:28','2022-08-10 20:21:21'),(7608,NULL,NULL,'2022-08-10 20:21:28','2022-08-10 20:21:21'),(7609,NULL,NULL,'2022-08-10 20:21:28','2022-08-10 20:21:21'),(7610,NULL,NULL,'2022-08-10 20:21:28','2022-08-10 20:21:21'),(7611,NULL,NULL,'2022-08-10 20:21:28','2022-08-10 20:21:21'),(7612,NULL,NULL,'2022-08-10 20:21:28','2022-08-10 20:21:21'),(7613,NULL,NULL,'2022-08-10 20:21:28','2022-08-10 20:21:21'),(7614,NULL,NULL,'2022-08-10 20:21:28','2022-08-10 20:21:21'),(7615,NULL,NULL,'2022-08-10 20:21:28','2022-08-10 20:21:21'),(7616,NULL,NULL,'2022-08-10 20:21:28','2022-08-10 20:21:21'),(7617,NULL,NULL,'2022-08-10 20:21:28','2022-08-10 20:21:21'),(7618,NULL,NULL,'2022-08-10 20:21:28','2022-08-10 20:21:21'),(7619,NULL,NULL,'2022-08-10 20:21:28','2022-08-10 20:21:21'),(7620,NULL,NULL,'2022-08-10 20:21:28','2022-08-10 20:21:21'),(7621,NULL,NULL,'2022-08-10 20:21:28','2022-08-10 20:21:21'),(7622,NULL,NULL,'2022-08-10 20:21:28','2022-08-10 20:21:21'),(7623,NULL,NULL,'2022-08-10 20:21:28','2022-08-10 20:21:21'),(7624,NULL,NULL,'2022-08-10 20:21:28','2022-08-10 20:21:21'),(7625,NULL,NULL,'2022-08-10 20:21:28','2022-08-10 20:21:21'),(7626,NULL,NULL,'2022-08-10 20:21:28','2022-08-10 20:21:21'),(7627,NULL,NULL,'2022-08-10 20:21:28','2022-08-10 20:21:21'),(7628,NULL,NULL,'2022-08-10 20:21:28','2022-08-10 20:21:21'),(7629,NULL,NULL,'2022-08-10 20:21:28','2022-08-10 20:21:21'),(7630,NULL,NULL,'2022-08-10 20:21:28','2022-08-10 20:21:21'),(7631,NULL,NULL,'2022-08-10 20:21:28','2022-08-10 20:21:21'),(7632,NULL,NULL,'2022-08-10 20:21:28','2022-08-10 20:21:21'),(7633,NULL,NULL,'2022-08-10 20:21:28','2022-08-10 20:21:21'),(7634,NULL,NULL,'2022-08-10 20:21:28','2022-08-10 20:21:21'),(7635,NULL,NULL,'2022-08-10 20:21:28','2022-08-10 20:21:21'),(7636,NULL,NULL,'2022-08-10 20:21:28','2022-08-10 20:21:21'),(7637,NULL,NULL,'2022-08-10 20:21:28','2022-08-10 20:21:21'),(7638,NULL,NULL,'2022-08-10 20:21:28','2022-08-10 20:21:21'),(7639,NULL,NULL,'2022-08-10 20:21:28','2022-08-10 20:21:21'),(7640,NULL,NULL,'2022-08-10 20:21:28','2022-08-10 20:21:21'),(7641,NULL,NULL,'2022-08-10 20:21:28','2022-08-10 20:21:21'),(7642,NULL,NULL,'2022-08-10 20:21:28','2022-08-10 20:21:21'),(7643,NULL,NULL,'2022-08-10 20:21:28','2022-08-10 20:21:21'),(7644,NULL,NULL,'2022-08-10 20:21:28','2022-08-10 20:21:21'),(7645,NULL,NULL,'2022-08-10 20:21:28','2022-08-10 20:21:21'),(7646,NULL,NULL,'2022-08-10 20:21:28','2022-08-10 20:21:21'),(7647,NULL,NULL,'2022-08-10 20:21:28','2022-08-10 20:21:21'),(7648,NULL,NULL,'2022-08-10 20:21:28','2022-08-10 20:21:21'),(7649,NULL,NULL,'2022-08-10 20:21:28','2022-08-10 20:21:21'),(7650,NULL,NULL,'2022-08-10 20:21:28','2022-08-10 20:21:21'),(7651,NULL,NULL,'2022-08-10 20:21:28','2022-08-10 20:21:21'),(7652,NULL,NULL,'2022-08-10 20:21:28','2022-08-10 20:21:21'),(7653,NULL,NULL,'2022-08-10 20:21:28','2022-08-10 20:21:21'),(7654,NULL,NULL,'2022-08-10 20:21:28','2022-08-10 20:21:21'),(7655,NULL,NULL,'2022-08-10 20:21:28','2022-08-10 20:21:21'),(7656,NULL,NULL,'2022-08-10 20:21:28','2022-08-10 20:21:21'),(7657,NULL,NULL,'2022-08-10 20:21:28','2022-08-10 20:21:21'),(7658,NULL,NULL,'2022-08-10 20:21:28','2022-08-10 20:21:21'),(7659,NULL,NULL,'2022-08-10 20:21:28','2022-08-10 20:21:21'),(7660,NULL,NULL,'2022-08-10 20:21:28','2022-08-10 20:21:21'),(7661,NULL,NULL,'2022-08-10 20:21:28','2022-08-10 20:21:21'),(7662,NULL,NULL,'2022-08-10 20:21:28','2022-08-10 20:21:21'),(7663,NULL,NULL,'2022-08-10 20:21:28','2022-08-10 20:21:21'),(7664,NULL,NULL,'2022-08-10 20:21:28','2022-08-10 20:21:21'),(7665,NULL,NULL,'2022-08-10 20:21:28','2022-08-10 20:21:21'),(7666,NULL,NULL,'2022-08-10 20:21:28','2022-08-10 20:21:21'),(7667,NULL,NULL,'2022-08-10 20:21:28','2022-08-10 20:21:21'),(7668,NULL,NULL,'2022-08-10 20:21:28','2022-08-10 20:21:21'),(7669,NULL,NULL,'2022-08-10 20:21:28','2022-08-10 20:21:21'),(7670,NULL,NULL,'2022-08-10 20:21:28','2022-08-10 20:21:21'),(7671,NULL,NULL,'2022-08-10 20:21:28','2022-08-10 20:21:21'),(7672,NULL,NULL,'2022-08-10 20:21:28','2022-08-10 20:21:21'),(7673,NULL,NULL,'2022-08-10 20:21:28','2022-08-10 20:21:21'),(7674,NULL,NULL,'2022-08-10 20:21:28','2022-08-10 20:21:21'),(7675,NULL,NULL,'2022-08-10 20:21:28','2022-08-10 20:21:21'),(7676,NULL,NULL,'2022-08-10 20:21:28','2022-08-10 20:21:21'),(7677,NULL,NULL,'2022-08-10 20:21:28','2022-08-10 20:21:21'),(7678,NULL,NULL,'2022-08-10 20:21:28','2022-08-10 20:21:21'),(7679,NULL,NULL,'2022-08-10 20:21:28','2022-08-10 20:21:21'),(7680,NULL,NULL,'2022-08-10 20:21:28','2022-08-10 20:21:21'),(7681,NULL,NULL,'2022-08-10 20:21:28','2022-08-10 20:21:21'),(7682,NULL,NULL,'2022-08-10 20:21:28','2022-08-10 20:21:21'),(7683,NULL,NULL,'2022-08-10 20:21:28','2022-08-10 20:21:21'),(7684,NULL,NULL,'2022-08-10 20:21:28','2022-08-10 20:21:21'),(7685,NULL,NULL,'2022-08-10 20:21:28','2022-08-10 20:21:21'),(7686,NULL,NULL,'2022-08-10 20:21:28','2022-08-10 20:21:21'),(7687,NULL,NULL,'2022-08-10 20:21:28','2022-08-10 20:21:21'),(7688,NULL,NULL,'2022-08-10 20:21:28','2022-08-10 20:21:21'),(7689,NULL,NULL,'2022-08-10 20:21:28','2022-08-10 20:21:21'),(7690,NULL,NULL,'2022-08-10 20:21:28','2022-08-10 20:21:21'),(7691,NULL,NULL,'2022-08-10 20:21:28','2022-08-10 20:21:21'),(7692,NULL,NULL,'2022-08-10 20:21:28','2022-08-10 20:21:21'),(7693,NULL,NULL,'2022-08-10 20:21:28','2022-08-10 20:21:21'),(7694,NULL,NULL,'2022-08-10 20:21:28','2022-08-10 20:21:21'),(7695,NULL,NULL,'2022-08-10 20:21:28','2022-08-10 20:21:21'),(7696,NULL,NULL,'2022-08-10 20:21:28','2022-08-10 20:21:21'),(7697,NULL,NULL,'2022-08-10 20:21:28','2022-08-10 20:21:21'),(7698,NULL,NULL,'2022-08-10 20:21:28','2022-08-10 20:21:21'),(7699,NULL,NULL,'2022-08-10 20:21:28','2022-08-10 20:21:21'),(7700,NULL,NULL,'2022-08-10 20:21:28','2022-08-10 20:21:21'),(7701,NULL,NULL,'2022-08-10 20:21:28','2022-08-10 20:21:21'),(7702,NULL,NULL,'2022-08-10 20:21:28','2022-08-10 20:21:21'),(7703,NULL,NULL,'2022-08-10 20:21:28','2022-08-10 20:21:21'),(7704,NULL,NULL,'2022-08-10 20:21:28','2022-08-10 20:21:21'),(7705,NULL,NULL,'2022-08-10 20:21:28','2022-08-10 20:21:21'),(7706,NULL,NULL,'2022-08-10 20:21:28','2022-08-10 20:21:21'),(7707,NULL,NULL,'2022-08-10 20:21:28','2022-08-10 20:21:21'),(7708,NULL,NULL,'2022-08-10 20:21:28','2022-08-10 20:21:21'),(7709,NULL,NULL,'2022-08-10 20:21:28','2022-08-10 20:21:21'),(7710,NULL,NULL,'2022-08-10 20:21:28','2022-08-10 20:21:21'),(7711,NULL,NULL,'2022-08-10 20:21:28','2022-08-10 20:21:21'),(7712,NULL,NULL,'2022-08-10 20:21:28','2022-08-10 20:21:21'),(7713,NULL,NULL,'2022-08-10 20:21:28','2022-08-10 20:21:21'),(7714,NULL,NULL,'2022-08-10 20:21:28','2022-08-10 20:21:21'),(7715,NULL,NULL,'2022-08-10 20:21:28','2022-08-10 20:21:21'),(7716,NULL,NULL,'2022-08-10 20:21:28','2022-08-10 20:21:21'),(7717,NULL,NULL,'2022-08-10 20:21:28','2022-08-10 20:21:21'),(7718,NULL,NULL,'2022-08-10 20:21:28','2022-08-10 20:21:21'),(7719,NULL,NULL,'2022-08-10 20:21:28','2022-08-10 20:21:21'),(7720,NULL,NULL,'2022-08-10 20:21:28','2022-08-10 20:21:21'),(7721,NULL,NULL,'2022-08-10 20:21:28','2022-08-10 20:21:21'),(7722,NULL,NULL,'2022-08-10 20:21:28','2022-08-10 20:21:21'),(7723,NULL,NULL,'2022-08-10 20:21:28','2022-08-10 20:21:21'),(7724,NULL,NULL,'2022-08-10 20:21:28','2022-08-10 20:21:21'),(7725,NULL,NULL,'2022-08-10 20:21:28','2022-08-10 20:21:21'),(7726,NULL,NULL,'2022-08-10 20:21:28','2022-08-10 20:21:21'),(7727,NULL,NULL,'2022-08-10 20:21:28','2022-08-10 20:21:21'),(7728,NULL,NULL,'2022-08-10 20:21:28','2022-08-10 20:21:21'),(7729,NULL,NULL,'2022-08-10 20:21:28','2022-08-10 20:21:21'),(7730,NULL,NULL,'2022-08-10 20:21:28','2022-08-10 20:21:21'),(7731,NULL,NULL,'2022-08-10 20:21:28','2022-08-10 20:21:21'),(7732,NULL,NULL,'2022-08-10 20:21:28','2022-08-10 20:21:21'),(7733,NULL,NULL,'2022-08-10 20:21:28','2022-08-10 20:21:21'),(7734,NULL,NULL,'2022-08-10 20:21:28','2022-08-10 20:21:21'),(7735,NULL,NULL,'2022-08-10 20:21:28','2022-08-10 20:21:21'),(7736,NULL,NULL,'2022-08-10 20:21:28','2022-08-10 20:21:21'),(7737,NULL,NULL,'2022-08-10 20:21:28','2022-08-10 20:21:21'),(7738,NULL,NULL,'2022-08-10 20:21:28','2022-08-10 20:21:21'),(7739,NULL,NULL,'2022-08-10 20:21:28','2022-08-10 20:21:21'),(7740,NULL,NULL,'2022-08-10 20:21:28','2022-08-10 20:21:21'),(7741,NULL,NULL,'2022-08-10 20:21:28','2022-08-10 20:21:21'),(7742,NULL,NULL,'2022-08-10 20:21:28','2022-08-10 20:21:21'),(7743,NULL,NULL,'2022-08-10 20:21:28','2022-08-10 20:21:21'),(7744,NULL,NULL,'2022-08-10 20:21:28','2022-08-10 20:21:21'),(7745,NULL,NULL,'2022-08-10 20:21:28','2022-08-10 20:21:21'),(7746,NULL,NULL,'2022-08-10 20:21:28','2022-08-10 20:21:21'),(7747,NULL,NULL,'2022-08-10 20:21:28','2022-08-10 20:21:21'),(7748,NULL,NULL,'2022-08-10 20:21:28','2022-08-10 20:21:21'),(7749,NULL,NULL,'2022-08-10 20:21:28','2022-08-10 20:21:21'),(7750,NULL,NULL,'2022-08-10 20:21:28','2022-08-10 20:21:21'),(7751,NULL,NULL,'2022-08-10 20:21:28','2022-08-10 20:21:21'),(7752,NULL,NULL,'2022-08-10 20:21:28','2022-08-10 20:21:21'),(7753,NULL,NULL,'2022-08-10 20:21:28','2022-08-10 20:21:21'),(7754,NULL,NULL,'2022-08-10 20:21:28','2022-08-10 20:21:21'),(7755,NULL,NULL,'2022-08-10 20:21:28','2022-08-10 20:21:21'),(7756,NULL,NULL,'2022-08-10 20:21:28','2022-08-10 20:21:21'),(7757,NULL,NULL,'2022-08-10 20:21:28','2022-08-10 20:21:21'),(7758,NULL,NULL,'2022-08-10 20:21:28','2022-08-10 20:21:21'),(7759,NULL,NULL,'2022-08-10 20:21:28','2022-08-10 20:21:21'),(7760,NULL,NULL,'2022-08-10 20:21:28','2022-08-10 20:21:21'),(7761,NULL,NULL,'2022-08-10 20:21:28','2022-08-10 20:21:21'),(7762,NULL,NULL,'2022-08-10 20:21:28','2022-08-10 20:21:21'),(7763,NULL,NULL,'2022-08-10 20:21:28','2022-08-10 20:21:21'),(7764,NULL,NULL,'2022-08-10 20:21:28','2022-08-10 20:21:21'),(7765,NULL,NULL,'2022-08-10 20:21:28','2022-08-10 20:21:21'),(7766,NULL,NULL,'2022-08-10 20:21:28','2022-08-10 20:21:21'),(7767,NULL,NULL,'2022-08-10 20:21:28','2022-08-10 20:21:21'),(7768,NULL,NULL,'2022-08-10 20:21:28','2022-08-10 20:21:21'),(7769,NULL,NULL,'2022-08-10 20:21:28','2022-08-10 20:21:21'),(7770,NULL,NULL,'2022-08-10 20:21:28','2022-08-10 20:21:21'),(7771,NULL,NULL,'2022-08-10 20:21:28','2022-08-10 20:21:21'),(7772,NULL,NULL,'2022-08-10 20:21:28','2022-08-10 20:21:21'),(7773,NULL,NULL,'2022-08-10 20:21:28','2022-08-10 20:21:21'),(7774,NULL,NULL,'2022-08-10 20:21:28','2022-08-10 20:21:21'),(7775,NULL,NULL,'2022-08-10 20:21:28','2022-08-10 20:21:21'),(7776,NULL,NULL,'2022-08-10 20:21:28','2022-08-10 20:21:21'),(7777,NULL,NULL,'2022-08-10 20:21:28','2022-08-10 20:21:21'),(7778,NULL,NULL,'2022-08-10 20:21:28','2022-08-10 20:21:21'),(7779,NULL,NULL,'2022-08-10 20:21:28','2022-08-10 20:21:21'),(7780,NULL,NULL,'2022-08-10 20:21:28','2022-08-10 20:21:21'),(7781,NULL,NULL,'2022-08-10 20:21:28','2022-08-10 20:21:21'),(7782,NULL,NULL,'2022-08-10 20:21:28','2022-08-10 20:21:21'),(7783,NULL,NULL,'2022-08-10 20:21:28','2022-08-10 20:21:21'),(7784,NULL,NULL,'2022-08-10 20:21:28','2022-08-10 20:21:21'),(7785,NULL,NULL,'2022-08-10 20:21:28','2022-08-10 20:21:21'),(7786,NULL,NULL,'2022-08-10 20:21:28','2022-08-10 20:21:21'),(7787,NULL,NULL,'2022-08-10 20:21:28','2022-08-10 20:21:21'),(7788,NULL,NULL,'2022-08-10 20:21:28','2022-08-10 20:21:21'),(7789,NULL,NULL,'2022-08-10 20:21:28','2022-08-10 20:21:21'),(7790,NULL,NULL,'2022-08-10 20:21:28','2022-08-10 20:21:21'),(7791,NULL,NULL,'2022-08-10 20:21:28','2022-08-10 20:21:21'),(7792,NULL,NULL,'2022-08-10 20:21:28','2022-08-10 20:21:21'),(7793,NULL,NULL,'2022-08-10 20:21:28','2022-08-10 20:21:21'),(7794,NULL,NULL,'2022-08-10 20:21:28','2022-08-10 20:21:21'),(7795,NULL,NULL,'2022-08-10 20:21:28','2022-08-10 20:21:21'),(7796,NULL,NULL,'2022-08-10 20:21:28','2022-08-10 20:21:21'),(7797,NULL,NULL,'2022-08-10 20:21:28','2022-08-10 20:21:21'),(7798,NULL,NULL,'2022-08-10 20:21:28','2022-08-10 20:21:21'),(7799,NULL,NULL,'2022-08-10 20:21:28','2022-08-10 20:21:21'),(7800,NULL,NULL,'2022-08-10 20:21:28','2022-08-10 20:21:21'),(7801,NULL,NULL,'2022-08-10 20:21:28','2022-08-10 20:21:21'),(7802,NULL,NULL,'2022-08-10 20:21:28','2022-08-10 20:21:21'),(7803,NULL,NULL,'2022-08-10 20:21:28','2022-08-10 20:21:21'),(7804,NULL,NULL,'2022-08-10 20:21:28','2022-08-10 20:21:21'),(7805,NULL,NULL,'2022-08-10 20:21:28','2022-08-10 20:21:21'),(7806,NULL,NULL,'2022-08-10 20:21:28','2022-08-10 20:21:21'),(7807,NULL,NULL,'2022-08-10 20:21:28','2022-08-10 20:21:21'),(7808,NULL,NULL,'2022-08-10 20:21:28','2022-08-10 20:21:21'),(7809,NULL,NULL,'2022-08-10 20:21:28','2022-08-10 20:21:21'),(7810,NULL,NULL,'2022-08-10 20:21:28','2022-08-10 20:21:21'),(7811,NULL,NULL,'2022-08-10 20:21:28','2022-08-10 20:21:21'),(7812,NULL,NULL,'2022-08-10 20:21:28','2022-08-10 20:21:21'),(7813,NULL,NULL,'2022-08-10 20:21:28','2022-08-10 20:21:21'),(7814,NULL,NULL,'2022-08-10 20:21:28','2022-08-10 20:21:21'),(7815,NULL,NULL,'2022-08-10 20:21:28','2022-08-10 20:21:21'),(7816,NULL,NULL,'2022-08-10 20:21:28','2022-08-10 20:21:21'),(7817,NULL,NULL,'2022-08-10 20:21:28','2022-08-10 20:21:21'),(7818,NULL,NULL,'2022-08-10 20:21:28','2022-08-10 20:21:21'),(7819,NULL,NULL,'2022-08-10 20:21:28','2022-08-10 20:21:21'),(7820,NULL,NULL,'2022-08-10 20:21:28','2022-08-10 20:21:21'),(7821,NULL,NULL,'2022-08-10 20:21:28','2022-08-10 20:21:21'),(7822,NULL,NULL,'2022-08-10 20:21:28','2022-08-10 20:21:21'),(7823,NULL,NULL,'2022-08-10 20:21:28','2022-08-10 20:21:21'),(7824,NULL,NULL,'2022-08-10 20:21:28','2022-08-10 20:21:21'),(7825,NULL,NULL,'2022-08-10 20:21:28','2022-08-10 20:21:21'),(7826,NULL,NULL,'2022-08-10 20:21:28','2022-08-10 20:21:21'),(7827,NULL,NULL,'2022-08-10 20:21:28','2022-08-10 20:21:21'),(7828,NULL,NULL,'2022-08-10 20:21:28','2022-08-10 20:21:21'),(7829,NULL,NULL,'2022-08-10 20:21:28','2022-08-10 20:21:21'),(7830,NULL,NULL,'2022-08-10 20:21:28','2022-08-10 20:21:21'),(7831,NULL,NULL,'2022-08-10 20:21:28','2022-08-10 20:21:21'),(7832,NULL,NULL,'2022-08-10 20:21:28','2022-08-10 20:21:21'),(7833,NULL,NULL,'2022-08-10 20:21:28','2022-08-10 20:21:21'),(7834,NULL,NULL,'2022-08-10 20:21:28','2022-08-10 20:21:21'),(7835,NULL,NULL,'2022-08-10 20:21:28','2022-08-10 20:21:21'),(7836,NULL,NULL,'2022-08-10 20:21:28','2022-08-10 20:21:21'),(7837,NULL,NULL,'2022-08-10 20:21:28','2022-08-10 20:21:21'),(7838,NULL,NULL,'2022-08-10 20:21:28','2022-08-10 20:21:21'),(7839,NULL,NULL,'2022-08-10 20:21:28','2022-08-10 20:21:21'),(7840,NULL,NULL,'2022-08-10 20:21:28','2022-08-10 20:21:21'),(7841,NULL,NULL,'2022-08-10 20:21:28','2022-08-10 20:21:21'),(7842,NULL,NULL,'2022-08-10 20:21:28','2022-08-10 20:21:21'),(7843,NULL,NULL,'2022-08-10 20:21:28','2022-08-10 20:21:21'),(7844,NULL,NULL,'2022-08-10 20:21:28','2022-08-10 20:21:21'),(7845,NULL,NULL,'2022-08-10 20:21:28','2022-08-10 20:21:21'),(7846,NULL,NULL,'2022-08-10 20:21:28','2022-08-10 20:21:21'),(7847,NULL,NULL,'2022-08-10 20:21:28','2022-08-10 20:21:21'),(7848,NULL,NULL,'2022-08-10 20:21:28','2022-08-10 20:21:21'),(7849,NULL,NULL,'2022-08-10 20:21:28','2022-08-10 20:21:21'),(7850,NULL,NULL,'2022-08-10 20:21:28','2022-08-10 20:21:21'),(7851,NULL,NULL,'2022-08-10 20:21:28','2022-08-10 20:21:21'),(7852,NULL,NULL,'2022-08-10 20:21:28','2022-08-10 20:21:21'),(7853,NULL,NULL,'2022-08-10 20:21:28','2022-08-10 20:21:21'),(7854,NULL,NULL,'2022-08-10 20:21:28','2022-08-10 20:21:21'),(7855,NULL,NULL,'2022-08-10 20:21:28','2022-08-10 20:21:21'),(7856,NULL,NULL,'2022-08-10 20:21:28','2022-08-10 20:21:21'),(7857,NULL,NULL,'2022-08-10 20:21:28','2022-08-10 20:21:21'),(7858,NULL,NULL,'2022-08-10 20:21:28','2022-08-10 20:21:21'),(7859,NULL,NULL,'2022-08-10 20:21:28','2022-08-10 20:21:21'),(7860,NULL,NULL,'2022-08-10 20:21:28','2022-08-10 20:21:21'),(7861,NULL,NULL,'2022-08-10 20:21:28','2022-08-10 20:21:21'),(7862,NULL,NULL,'2022-08-10 20:21:28','2022-08-10 20:21:21'),(7863,NULL,NULL,'2022-08-10 20:21:28','2022-08-10 20:21:21'),(7864,NULL,NULL,'2022-08-10 20:21:28','2022-08-10 20:21:21'),(7865,NULL,NULL,'2022-08-10 20:21:28','2022-08-10 20:21:21'),(7866,NULL,NULL,'2022-08-10 20:21:28','2022-08-10 20:21:21'),(7867,NULL,NULL,'2022-08-10 20:21:28','2022-08-10 20:21:21'),(7868,NULL,NULL,'2022-08-10 20:21:28','2022-08-10 20:21:21'),(7869,NULL,NULL,'2022-08-10 20:21:28','2022-08-10 20:21:21'),(7870,NULL,NULL,'2022-08-10 20:21:28','2022-08-10 20:21:21'),(7871,NULL,NULL,'2022-08-10 20:21:28','2022-08-10 20:21:21'),(7872,NULL,NULL,'2022-08-10 20:21:28','2022-08-10 20:21:21'),(7873,NULL,NULL,'2022-08-10 20:21:28','2022-08-10 20:21:21'),(7874,NULL,NULL,'2022-08-10 20:21:28','2022-08-10 20:21:21'),(7875,NULL,NULL,'2022-08-10 20:21:28','2022-08-10 20:21:21'),(7876,NULL,NULL,'2022-08-10 20:21:28','2022-08-10 20:21:21'),(7877,NULL,NULL,'2022-08-10 20:21:28','2022-08-10 20:21:21'),(7878,NULL,NULL,'2022-08-10 20:21:28','2022-08-10 20:21:21'),(7879,NULL,NULL,'2022-08-10 20:21:28','2022-08-10 20:21:21'),(7880,NULL,NULL,'2022-08-10 20:21:28','2022-08-10 20:21:21'),(7881,NULL,NULL,'2022-08-10 20:21:28','2022-08-10 20:21:21'),(7882,NULL,NULL,'2022-08-10 20:21:28','2022-08-10 20:21:21'),(7883,NULL,NULL,'2022-08-10 20:21:28','2022-08-10 20:21:21'),(7884,NULL,NULL,'2022-08-10 20:21:28','2022-08-10 20:21:21'),(7885,NULL,NULL,'2022-08-10 20:21:28','2022-08-10 20:21:21'),(7886,NULL,NULL,'2022-08-10 20:21:28','2022-08-10 20:21:21'),(7887,NULL,NULL,'2022-08-10 20:21:28','2022-08-10 20:21:21'),(7888,NULL,NULL,'2022-08-10 20:21:28','2022-08-10 20:21:21'),(7889,NULL,NULL,'2022-08-10 20:21:28','2022-08-10 20:21:21'),(7890,NULL,NULL,'2022-08-10 20:21:28','2022-08-10 20:21:21'),(7891,NULL,NULL,'2022-08-10 20:21:28','2022-08-10 20:21:21'),(7892,NULL,NULL,'2022-08-10 20:21:28','2022-08-10 20:21:21'),(7893,NULL,NULL,'2022-08-10 20:21:28','2022-08-10 20:21:21'),(7894,NULL,NULL,'2022-08-10 20:21:28','2022-08-10 20:21:21'),(7895,NULL,NULL,'2022-08-10 20:21:28','2022-08-10 20:21:21'),(7896,NULL,NULL,'2022-08-10 20:21:28','2022-08-10 20:21:21'),(7897,NULL,NULL,'2022-08-10 20:21:28','2022-08-10 20:21:21'),(7898,NULL,NULL,'2022-08-10 20:21:28','2022-08-10 20:21:21'),(7899,NULL,NULL,'2022-08-10 20:21:28','2022-08-10 20:21:21'),(7900,NULL,NULL,'2022-08-10 20:21:28','2022-08-10 20:21:21'),(7901,NULL,NULL,'2022-08-10 20:21:28','2022-08-10 20:21:21'),(7902,NULL,NULL,'2022-08-10 20:21:28','2022-08-10 20:21:21'),(7903,NULL,NULL,'2022-08-10 20:21:28','2022-08-10 20:21:21'),(7904,NULL,NULL,'2022-08-10 20:21:28','2022-08-10 20:21:21'),(7905,NULL,NULL,'2022-08-10 20:21:28','2022-08-10 20:21:21'),(7906,NULL,NULL,'2022-08-10 20:21:28','2022-08-10 20:21:21'),(7907,NULL,NULL,'2022-08-10 20:21:28','2022-08-10 20:21:21'),(7908,NULL,NULL,'2022-08-10 20:21:28','2022-08-10 20:21:21'),(7909,NULL,NULL,'2022-08-10 20:21:28','2022-08-10 20:21:21'),(7910,NULL,NULL,'2022-08-10 20:21:28','2022-08-10 20:21:21'),(7911,NULL,NULL,'2022-08-10 20:21:28','2022-08-10 20:21:21'),(7912,NULL,NULL,'2022-08-10 20:21:28','2022-08-10 20:21:21'),(7913,NULL,NULL,'2022-08-10 20:21:28','2022-08-10 20:21:21'),(7914,NULL,NULL,'2022-08-10 20:21:28','2022-08-10 20:21:21'),(7915,NULL,NULL,'2022-08-10 20:21:28','2022-08-10 20:21:21'),(7916,NULL,NULL,'2022-08-10 20:21:28','2022-08-10 20:21:21'),(7917,NULL,NULL,'2022-08-10 20:21:28','2022-08-10 20:21:21'),(7918,NULL,NULL,'2022-08-10 20:21:28','2022-08-10 20:21:21'),(7919,NULL,NULL,'2022-08-10 20:21:28','2022-08-10 20:21:21'),(7920,NULL,NULL,'2022-08-10 20:21:28','2022-08-10 20:21:21'),(7921,NULL,NULL,'2022-08-10 20:21:28','2022-08-10 20:21:21'),(7922,NULL,NULL,'2022-08-10 20:21:28','2022-08-10 20:21:21'),(7923,NULL,NULL,'2022-08-10 20:21:28','2022-08-10 20:21:21'),(7924,NULL,NULL,'2022-08-10 20:21:28','2022-08-10 20:21:21'),(7925,NULL,NULL,'2022-08-10 20:21:28','2022-08-10 20:21:21'),(7926,NULL,NULL,'2022-08-10 20:21:28','2022-08-10 20:21:21'),(7927,NULL,NULL,'2022-08-10 20:21:28','2022-08-10 20:21:21'),(7928,NULL,NULL,'2022-08-10 20:21:28','2022-08-10 20:21:21'),(7929,NULL,NULL,'2022-08-10 20:21:28','2022-08-10 20:21:21'),(7930,NULL,NULL,'2022-08-10 20:21:28','2022-08-10 20:21:21'),(7931,NULL,NULL,'2022-08-10 20:21:28','2022-08-10 20:21:21'),(7932,NULL,NULL,'2022-08-10 20:21:28','2022-08-10 20:21:21'),(7933,NULL,NULL,'2022-08-10 20:21:28','2022-08-10 20:21:21'),(7934,NULL,NULL,'2022-08-10 20:21:28','2022-08-10 20:21:21'),(7935,NULL,NULL,'2022-08-10 20:21:28','2022-08-10 20:21:21'),(7936,NULL,NULL,'2022-08-10 20:21:28','2022-08-10 20:21:21'),(7937,NULL,NULL,'2022-08-10 20:21:28','2022-08-10 20:21:21'),(7938,NULL,NULL,'2022-08-10 20:21:28','2022-08-10 20:21:21'),(7939,NULL,NULL,'2022-08-10 20:21:28','2022-08-10 20:21:21'),(7940,NULL,NULL,'2022-08-10 20:21:28','2022-08-10 20:21:21'),(7941,NULL,NULL,'2022-08-10 20:21:28','2022-08-10 20:21:21'),(7942,NULL,NULL,'2022-08-10 20:21:28','2022-08-10 20:21:21'),(7943,NULL,NULL,'2022-08-10 20:21:28','2022-08-10 20:21:21'),(7944,NULL,NULL,'2022-08-10 20:21:28','2022-08-10 20:21:21'),(7945,NULL,NULL,'2022-08-10 20:21:28','2022-08-10 20:21:21'),(7946,NULL,NULL,'2022-08-10 20:21:28','2022-08-10 20:21:21'),(7947,NULL,NULL,'2022-08-10 20:21:28','2022-08-10 20:21:21'),(7948,NULL,NULL,'2022-08-10 20:21:28','2022-08-10 20:21:21'),(7949,NULL,NULL,'2022-08-10 20:21:28','2022-08-10 20:21:21'),(7950,NULL,NULL,'2022-08-10 20:21:28','2022-08-10 20:21:21'),(7951,NULL,NULL,'2022-08-10 20:21:28','2022-08-10 20:21:21'),(7952,NULL,NULL,'2022-08-10 20:21:28','2022-08-10 20:21:21'),(7953,NULL,NULL,'2022-08-10 20:21:28','2022-08-10 20:21:21'),(7954,NULL,NULL,'2022-08-10 20:21:28','2022-08-10 20:21:21'),(7955,NULL,NULL,'2022-08-10 20:21:28','2022-08-10 20:21:21'),(7956,NULL,NULL,'2022-08-10 20:21:28','2022-08-10 20:21:21'),(7957,NULL,NULL,'2022-08-10 20:21:28','2022-08-10 20:21:21'),(7958,NULL,NULL,'2022-08-10 20:21:28','2022-08-10 20:21:21'),(7959,NULL,NULL,'2022-08-10 20:21:28','2022-08-10 20:21:21'),(7960,NULL,NULL,'2022-08-10 20:21:28','2022-08-10 20:21:21'),(7961,NULL,NULL,'2022-08-10 20:21:28','2022-08-10 20:21:21'),(7962,NULL,NULL,'2022-08-10 20:21:28','2022-08-10 20:21:21'),(7963,NULL,NULL,'2022-08-10 20:21:28','2022-08-10 20:21:21'),(7964,NULL,NULL,'2022-08-10 20:21:28','2022-08-10 20:21:21'),(7965,NULL,NULL,'2022-08-10 20:21:28','2022-08-10 20:21:21'),(7966,NULL,NULL,'2022-08-10 20:21:28','2022-08-10 20:21:21'),(7967,NULL,NULL,'2022-08-10 20:21:28','2022-08-10 20:21:21'),(7968,NULL,NULL,'2022-08-10 20:21:28','2022-08-10 20:21:21'),(7969,NULL,NULL,'2022-08-10 20:21:28','2022-08-10 20:21:21'),(7970,NULL,NULL,'2022-08-10 20:21:28','2022-08-10 20:21:21'),(7971,NULL,NULL,'2022-08-10 20:21:28','2022-08-10 20:21:21'),(7972,NULL,NULL,'2022-08-10 20:21:28','2022-08-10 20:21:21'),(7973,NULL,NULL,'2022-08-10 20:21:28','2022-08-10 20:21:21'),(7974,NULL,NULL,'2022-08-10 20:21:28','2022-08-10 20:21:21'),(7975,NULL,NULL,'2022-08-10 20:21:28','2022-08-10 20:21:21'),(7976,NULL,NULL,'2022-08-10 20:21:28','2022-08-10 20:21:21'),(7977,NULL,NULL,'2022-08-10 20:21:28','2022-08-10 20:21:21'),(7978,NULL,NULL,'2022-08-10 20:21:28','2022-08-10 20:21:21'),(7979,NULL,NULL,'2022-08-10 20:21:28','2022-08-10 20:21:21'),(7980,NULL,NULL,'2022-08-10 20:21:28','2022-08-10 20:21:21'),(7981,NULL,NULL,'2022-08-10 20:21:28','2022-08-10 20:21:21'),(7982,NULL,NULL,'2022-08-10 20:21:28','2022-08-10 20:21:21'),(7983,NULL,NULL,'2022-08-10 20:21:28','2022-08-10 20:21:21'),(7984,NULL,NULL,'2022-08-10 20:21:28','2022-08-10 20:21:21'),(7985,NULL,NULL,'2022-08-10 20:21:28','2022-08-10 20:21:21'),(7986,NULL,NULL,'2022-08-10 20:21:28','2022-08-10 20:21:21'),(7987,NULL,NULL,'2022-08-10 20:21:28','2022-08-10 20:21:21'),(7988,NULL,NULL,'2022-08-10 20:21:28','2022-08-10 20:21:21'),(7989,NULL,NULL,'2022-08-10 20:21:28','2022-08-10 20:21:21'),(7990,NULL,NULL,'2022-08-10 20:21:28','2022-08-10 20:21:21'),(7991,NULL,NULL,'2022-08-10 20:21:28','2022-08-10 20:21:21'),(7992,NULL,NULL,'2022-08-10 20:21:28','2022-08-10 20:21:21'),(7993,NULL,NULL,'2022-08-10 20:21:28','2022-08-10 20:21:21'),(7994,NULL,NULL,'2022-08-10 20:21:28','2022-08-10 20:21:21'),(7995,NULL,NULL,'2022-08-10 20:21:28','2022-08-10 20:21:21'),(7996,NULL,NULL,'2022-08-10 20:21:28','2022-08-10 20:21:21'),(7997,NULL,NULL,'2022-08-10 20:21:28','2022-08-10 20:21:21'),(7998,NULL,NULL,'2022-08-10 20:21:28','2022-08-10 20:21:21'),(7999,NULL,NULL,'2022-08-10 20:21:28','2022-08-10 20:21:21'),(8000,NULL,NULL,'2022-08-10 20:21:28','2022-08-10 20:21:21'),(8001,NULL,NULL,'2022-08-10 20:21:28','2022-08-10 20:21:21'),(8002,NULL,NULL,'2022-08-10 20:21:28','2022-08-10 20:21:21'),(8003,NULL,NULL,'2022-08-10 20:21:28','2022-08-10 20:21:21'),(8004,NULL,NULL,'2022-08-10 20:21:28','2022-08-10 20:21:21'),(8005,NULL,NULL,'2022-08-10 20:21:28','2022-08-10 20:21:21'),(8006,NULL,NULL,'2022-08-10 20:21:28','2022-08-10 20:21:21'),(8007,NULL,NULL,'2022-08-10 20:21:28','2022-08-10 20:21:21'),(8008,NULL,NULL,'2022-08-10 20:21:28','2022-08-10 20:21:21'),(8009,NULL,NULL,'2022-08-10 20:21:28','2022-08-10 20:21:21'),(8010,NULL,NULL,'2022-08-10 20:21:28','2022-08-10 20:21:21'),(8011,NULL,NULL,'2022-08-10 20:21:28','2022-08-10 20:21:21'),(8012,NULL,NULL,'2022-08-10 20:21:28','2022-08-10 20:21:21'),(8013,NULL,NULL,'2022-08-10 20:21:28','2022-08-10 20:21:21'),(8014,NULL,NULL,'2022-08-10 20:21:28','2022-08-10 20:21:21'),(8015,NULL,NULL,'2022-08-10 20:21:28','2022-08-10 20:21:21'),(8016,NULL,NULL,'2022-08-10 20:21:28','2022-08-10 20:21:21'),(8017,NULL,NULL,'2022-08-10 20:21:28','2022-08-10 20:21:21'),(8018,NULL,NULL,'2022-08-10 20:21:28','2022-08-10 20:21:21'),(8019,NULL,NULL,'2022-08-10 20:21:28','2022-08-10 20:21:21'),(8020,NULL,NULL,'2022-08-10 20:21:28','2022-08-10 20:21:21'),(8021,NULL,NULL,'2022-08-10 20:21:28','2022-08-10 20:21:21'),(8022,NULL,NULL,'2022-08-10 20:21:28','2022-08-10 20:21:21'),(8023,NULL,NULL,'2022-08-10 20:21:28','2022-08-10 20:21:21'),(8024,NULL,NULL,'2022-08-10 20:21:28','2022-08-10 20:21:21'),(8025,NULL,NULL,'2022-08-10 20:21:28','2022-08-10 20:21:21'),(8026,NULL,NULL,'2022-08-10 20:21:28','2022-08-10 20:21:21'),(8027,NULL,NULL,'2022-08-10 20:21:28','2022-08-10 20:21:21'),(8028,NULL,NULL,'2022-08-10 20:21:28','2022-08-10 20:21:21'),(8029,NULL,NULL,'2022-08-10 20:21:28','2022-08-10 20:21:21'),(8030,NULL,NULL,'2022-08-10 20:21:28','2022-08-10 20:21:21'),(8031,NULL,NULL,'2022-08-10 20:21:28','2022-08-10 20:21:21'),(8032,NULL,NULL,'2022-08-10 20:21:28','2022-08-10 20:21:21'),(8033,NULL,NULL,'2022-08-10 20:21:28','2022-08-10 20:21:21'),(8034,NULL,NULL,'2022-08-10 20:21:28','2022-08-10 20:21:21'),(8035,NULL,NULL,'2022-08-10 20:21:28','2022-08-10 20:21:21'),(8036,NULL,NULL,'2022-08-10 20:21:28','2022-08-10 20:21:21'),(8037,NULL,NULL,'2022-08-10 20:21:28','2022-08-10 20:21:21'),(8038,NULL,NULL,'2022-08-10 20:21:28','2022-08-10 20:21:21'),(8039,NULL,NULL,'2022-08-10 20:21:28','2022-08-10 20:21:21'),(8040,NULL,NULL,'2022-08-10 20:21:28','2022-08-10 20:21:21'),(8041,NULL,NULL,'2022-08-10 20:21:28','2022-08-10 20:21:21'),(8042,NULL,NULL,'2022-08-10 20:21:28','2022-08-10 20:21:21'),(8043,NULL,NULL,'2022-08-10 20:21:28','2022-08-10 20:21:21'),(8044,NULL,NULL,'2022-08-10 20:21:28','2022-08-10 20:21:21'),(8045,NULL,NULL,'2022-08-10 20:21:28','2022-08-10 20:21:21'),(8046,NULL,NULL,'2022-08-10 20:21:28','2022-08-10 20:21:21'),(8047,NULL,NULL,'2022-08-10 20:21:28','2022-08-10 20:21:21'),(8048,NULL,NULL,'2022-08-10 20:21:28','2022-08-10 20:21:21'),(8049,NULL,NULL,'2022-08-10 20:21:28','2022-08-10 20:21:21'),(8050,NULL,NULL,'2022-08-10 20:21:28','2022-08-10 20:21:21'),(8051,NULL,NULL,'2022-08-10 20:21:28','2022-08-10 20:21:21'),(8052,NULL,NULL,'2022-08-10 20:21:28','2022-08-10 20:21:21'),(8053,NULL,NULL,'2022-08-10 20:21:28','2022-08-10 20:21:21'),(8054,NULL,NULL,'2022-08-10 20:21:28','2022-08-10 20:21:21'),(8055,NULL,NULL,'2022-08-10 20:21:28','2022-08-10 20:21:21'),(8056,NULL,NULL,'2022-08-10 20:21:28','2022-08-10 20:21:21'),(8057,NULL,NULL,'2022-08-10 20:21:28','2022-08-10 20:21:21'),(8058,NULL,NULL,'2022-08-10 20:21:28','2022-08-10 20:21:21'),(8059,NULL,NULL,'2022-08-10 20:21:28','2022-08-10 20:21:21'),(8060,NULL,NULL,'2022-08-10 20:21:28','2022-08-10 20:21:21'),(8061,NULL,NULL,'2022-08-10 20:21:28','2022-08-10 20:21:21'),(8062,NULL,NULL,'2022-08-10 20:21:28','2022-08-10 20:21:21'),(8063,NULL,NULL,'2022-08-10 20:21:28','2022-08-10 20:21:21'),(8064,NULL,NULL,'2022-08-10 20:21:28','2022-08-10 20:21:21'),(8065,NULL,NULL,'2022-08-10 20:21:28','2022-08-10 20:21:21'),(8066,NULL,NULL,'2022-08-10 20:21:28','2022-08-10 20:21:21'),(8067,NULL,NULL,'2022-08-10 20:21:28','2022-08-10 20:21:21'),(8068,NULL,NULL,'2022-08-10 20:21:28','2022-08-10 20:21:21'),(8069,NULL,NULL,'2022-08-10 20:21:28','2022-08-10 20:21:21'),(8070,NULL,NULL,'2022-08-10 20:21:28','2022-08-10 20:21:21'),(8071,NULL,NULL,'2022-08-10 20:21:28','2022-08-10 20:21:21'),(8072,NULL,NULL,'2022-08-10 20:21:28','2022-08-10 20:21:21'),(8073,NULL,NULL,'2022-08-10 20:21:28','2022-08-10 20:21:21'),(8074,NULL,NULL,'2022-08-10 20:21:28','2022-08-10 20:21:21'),(8075,NULL,NULL,'2022-08-10 20:21:28','2022-08-10 20:21:21'),(8076,NULL,NULL,'2022-08-10 20:21:28','2022-08-10 20:21:21'),(8077,NULL,NULL,'2022-08-10 20:21:28','2022-08-10 20:21:21'),(8078,NULL,NULL,'2022-08-10 20:21:28','2022-08-10 20:21:21'),(8079,NULL,NULL,'2022-08-10 20:21:28','2022-08-10 20:21:21'),(8080,NULL,NULL,'2022-08-10 20:21:28','2022-08-10 20:21:21'),(8081,NULL,NULL,'2022-08-10 20:21:28','2022-08-10 20:21:21'),(8082,NULL,NULL,'2022-08-10 20:21:28','2022-08-10 20:21:21'),(8083,NULL,NULL,'2022-08-10 20:21:28','2022-08-10 20:21:21'),(8084,NULL,NULL,'2022-08-10 20:21:28','2022-08-10 20:21:21'),(8085,NULL,NULL,'2022-08-10 20:21:28','2022-08-10 20:21:21'),(8086,NULL,NULL,'2022-08-10 20:21:28','2022-08-10 20:21:21'),(8087,NULL,NULL,'2022-08-10 20:21:28','2022-08-10 20:21:21'),(8088,NULL,NULL,'2022-08-10 20:21:28','2022-08-10 20:21:21'),(8089,NULL,NULL,'2022-08-10 20:21:28','2022-08-10 20:21:21'),(8090,NULL,NULL,'2022-08-10 20:21:28','2022-08-10 20:21:21'),(8091,NULL,NULL,'2022-08-10 20:21:28','2022-08-10 20:21:21'),(8092,NULL,NULL,'2022-08-10 20:21:28','2022-08-10 20:21:21'),(8093,NULL,NULL,'2022-08-10 20:21:28','2022-08-10 20:21:21'),(8094,NULL,NULL,'2022-08-10 20:21:28','2022-08-10 20:21:21'),(8095,NULL,NULL,'2022-08-10 20:21:28','2022-08-10 20:21:21'),(8096,NULL,NULL,'2022-08-10 20:21:28','2022-08-10 20:21:21'),(8097,NULL,NULL,'2022-08-10 20:21:28','2022-08-10 20:21:21'),(8098,NULL,NULL,'2022-08-10 20:21:28','2022-08-10 20:21:21'),(8099,NULL,NULL,'2022-08-10 20:21:28','2022-08-10 20:21:21'),(8100,NULL,NULL,'2022-08-10 20:21:28','2022-08-10 20:21:21'),(8101,NULL,NULL,'2022-08-10 20:21:28','2022-08-10 20:21:21'),(8102,NULL,NULL,'2022-08-10 20:21:28','2022-08-10 20:21:21'),(8103,NULL,NULL,'2022-08-10 20:21:28','2022-08-10 20:21:21'),(8104,NULL,NULL,'2022-08-10 20:21:28','2022-08-10 20:21:21'),(8105,NULL,NULL,'2022-08-10 20:21:28','2022-08-10 20:21:21'),(8106,NULL,NULL,'2022-08-10 20:21:28','2022-08-10 20:21:21'),(8107,NULL,NULL,'2022-08-10 20:21:28','2022-08-10 20:21:21'),(8108,NULL,NULL,'2022-08-10 20:21:28','2022-08-10 20:21:21'),(8109,NULL,NULL,'2022-08-10 20:21:28','2022-08-10 20:21:21'),(8110,NULL,NULL,'2022-08-10 20:21:28','2022-08-10 20:21:21'),(8111,NULL,NULL,'2022-08-10 20:21:28','2022-08-10 20:21:21'),(8112,NULL,NULL,'2022-08-10 20:21:28','2022-08-10 20:21:21'),(8113,NULL,NULL,'2022-08-10 20:21:28','2022-08-10 20:21:21'),(8114,NULL,NULL,'2022-08-10 20:21:28','2022-08-10 20:21:21'),(8115,NULL,NULL,'2022-08-10 20:21:28','2022-08-10 20:21:21'),(8116,NULL,NULL,'2022-08-10 20:21:28','2022-08-10 20:21:21'),(8117,NULL,NULL,'2022-08-10 20:21:28','2022-08-10 20:21:21'),(8118,NULL,NULL,'2022-08-10 20:21:28','2022-08-10 20:21:21'),(8119,NULL,NULL,'2022-08-10 20:21:28','2022-08-10 20:21:21'),(8120,NULL,NULL,'2022-08-10 20:21:28','2022-08-10 20:21:21'),(8121,NULL,NULL,'2022-08-10 20:21:28','2022-08-10 20:21:21'),(8122,NULL,NULL,'2022-08-10 20:21:28','2022-08-10 20:21:21'),(8123,NULL,NULL,'2022-08-10 20:21:28','2022-08-10 20:21:21'),(8124,NULL,NULL,'2022-08-10 20:21:28','2022-08-10 20:21:21'),(8125,NULL,NULL,'2022-08-10 20:21:28','2022-08-10 20:21:21'),(8126,NULL,NULL,'2022-08-10 20:21:28','2022-08-10 20:21:21'),(8127,NULL,NULL,'2022-08-10 20:21:28','2022-08-10 20:21:21'),(8128,NULL,NULL,'2022-08-10 20:21:28','2022-08-10 20:21:21'),(8129,NULL,NULL,'2022-08-10 20:21:28','2022-08-10 20:21:21'),(8130,NULL,NULL,'2022-08-10 20:21:28','2022-08-10 20:21:21'),(8131,NULL,NULL,'2022-08-10 20:21:28','2022-08-10 20:21:21'),(8132,NULL,NULL,'2022-08-10 20:21:28','2022-08-10 20:21:21'),(8133,NULL,NULL,'2022-08-10 20:21:28','2022-08-10 20:21:21'),(8134,NULL,NULL,'2022-08-10 20:21:28','2022-08-10 20:21:21'),(8135,NULL,NULL,'2022-08-10 20:21:28','2022-08-10 20:21:21'),(8136,NULL,NULL,'2022-08-10 20:21:28','2022-08-10 20:21:21'),(8137,NULL,NULL,'2022-08-10 20:21:28','2022-08-10 20:21:21'),(8138,NULL,NULL,'2022-08-10 20:21:28','2022-08-10 20:21:21'),(8139,NULL,NULL,'2022-08-10 20:21:28','2022-08-10 20:21:21'),(8140,NULL,NULL,'2022-08-10 20:21:28','2022-08-10 20:21:21'),(8141,NULL,NULL,'2022-08-10 20:21:28','2022-08-10 20:21:21'),(8142,NULL,NULL,'2022-08-10 20:21:28','2022-08-10 20:21:21'),(8143,NULL,NULL,'2022-08-10 20:21:28','2022-08-10 20:21:21'),(8144,NULL,NULL,'2022-08-10 20:21:28','2022-08-10 20:21:21'),(8145,NULL,NULL,'2022-08-10 20:21:28','2022-08-10 20:21:21'),(8146,NULL,NULL,'2022-08-10 20:21:28','2022-08-10 20:21:21'),(8147,NULL,NULL,'2022-08-10 20:21:28','2022-08-10 20:21:21'),(8148,NULL,NULL,'2022-08-10 20:21:28','2022-08-10 20:21:21'),(8149,NULL,NULL,'2022-08-10 20:21:28','2022-08-10 20:21:21'),(8150,NULL,NULL,'2022-08-10 20:21:28','2022-08-10 20:21:21'),(8151,NULL,NULL,'2022-08-10 20:21:28','2022-08-10 20:21:21'),(8152,NULL,NULL,'2022-08-10 20:21:28','2022-08-10 20:21:21'),(8153,NULL,NULL,'2022-08-10 20:21:28','2022-08-10 20:21:21'),(8154,NULL,NULL,'2022-08-10 20:21:28','2022-08-10 20:21:21'),(8155,NULL,NULL,'2022-08-10 20:21:28','2022-08-10 20:21:21'),(8156,NULL,NULL,'2022-08-10 20:21:28','2022-08-10 20:21:21'),(8157,NULL,NULL,'2022-08-10 20:21:28','2022-08-10 20:21:21'),(8158,NULL,NULL,'2022-08-10 20:21:28','2022-08-10 20:21:21'),(8159,NULL,NULL,'2022-08-10 20:21:28','2022-08-10 20:21:21'),(8160,NULL,NULL,'2022-08-10 20:21:28','2022-08-10 20:21:21'),(8161,NULL,NULL,'2022-08-10 20:21:28','2022-08-10 20:21:21'),(8162,NULL,NULL,'2022-08-10 20:21:28','2022-08-10 20:21:21'),(8163,NULL,NULL,'2022-08-10 20:21:28','2022-08-10 20:21:21'),(8164,NULL,NULL,'2022-08-10 20:21:28','2022-08-10 20:21:21'),(8165,NULL,NULL,'2022-08-10 20:21:28','2022-08-10 20:21:21'),(8166,NULL,NULL,'2022-08-10 20:21:28','2022-08-10 20:21:21'),(8167,NULL,NULL,'2022-08-10 20:21:28','2022-08-10 20:21:21'),(8168,NULL,NULL,'2022-08-10 20:21:28','2022-08-10 20:21:21'),(8169,NULL,NULL,'2022-08-10 20:21:28','2022-08-10 20:21:21'),(8170,NULL,NULL,'2022-08-10 20:21:28','2022-08-10 20:21:21'),(8171,NULL,NULL,'2022-08-10 20:21:28','2022-08-10 20:21:21'),(8172,NULL,NULL,'2022-08-10 20:21:28','2022-08-10 20:21:21'),(8173,NULL,NULL,'2022-08-10 20:21:28','2022-08-10 20:21:21'),(8174,NULL,NULL,'2022-08-10 20:21:28','2022-08-10 20:21:21'),(8175,NULL,NULL,'2022-08-10 20:21:28','2022-08-10 20:21:21'),(8176,NULL,NULL,'2022-08-10 20:21:28','2022-08-10 20:21:21'),(8177,NULL,NULL,'2022-08-10 20:21:28','2022-08-10 20:21:21'),(8178,NULL,NULL,'2022-08-10 20:21:28','2022-08-10 20:21:21'),(8179,NULL,NULL,'2022-08-10 20:21:28','2022-08-10 20:21:21'),(8180,NULL,NULL,'2022-08-10 20:21:28','2022-08-10 20:21:21'),(8181,NULL,NULL,'2022-08-10 20:21:28','2022-08-10 20:21:21'),(8182,NULL,NULL,'2022-08-10 20:21:28','2022-08-10 20:21:21'),(8183,NULL,NULL,'2022-08-10 20:21:28','2022-08-10 20:21:21'),(8184,NULL,NULL,'2022-08-10 20:21:28','2022-08-10 20:21:21'),(8185,NULL,NULL,'2022-08-10 20:21:28','2022-08-10 20:21:21'),(8186,NULL,NULL,'2022-08-10 20:21:28','2022-08-10 20:21:21'),(8187,NULL,NULL,'2022-08-10 20:21:28','2022-08-10 20:21:21'),(8188,NULL,NULL,'2022-08-10 20:21:28','2022-08-10 20:21:21'),(8189,NULL,NULL,'2022-08-10 20:21:28','2022-08-10 20:21:21'),(8190,NULL,NULL,'2022-08-10 20:21:28','2022-08-10 20:21:21'),(8191,NULL,NULL,'2022-08-10 20:21:28','2022-08-10 20:21:21'),(8192,NULL,NULL,'2022-08-10 20:21:28','2022-08-10 20:21:21'),(8193,NULL,NULL,'2022-08-10 20:21:28','2022-08-10 20:21:21'),(8194,NULL,NULL,'2022-08-10 20:21:28','2022-08-10 20:21:21'),(8195,NULL,NULL,'2022-08-10 20:21:28','2022-08-10 20:21:21'),(8196,NULL,NULL,'2022-08-10 20:21:28','2022-08-10 20:21:21'),(8197,NULL,NULL,'2022-08-10 20:21:28','2022-08-10 20:21:21'),(8198,NULL,NULL,'2022-08-10 20:21:28','2022-08-10 20:21:21'),(8199,NULL,NULL,'2022-08-10 20:21:28','2022-08-10 20:21:21'),(8200,NULL,NULL,'2022-08-10 20:21:28','2022-08-10 20:21:21'),(8201,NULL,NULL,'2022-08-10 20:21:28','2022-08-10 20:21:21'),(8202,NULL,NULL,'2022-08-10 20:21:28','2022-08-10 20:21:21'),(8203,NULL,NULL,'2022-08-10 20:21:28','2022-08-10 20:21:21'),(8204,NULL,NULL,'2022-08-10 20:21:28','2022-08-10 20:21:21'),(8205,NULL,NULL,'2022-08-10 20:21:28','2022-08-10 20:21:21'),(8206,NULL,NULL,'2022-08-10 20:21:28','2022-08-10 20:21:21'),(8207,NULL,NULL,'2022-08-10 20:21:28','2022-08-10 20:21:21'),(8208,NULL,NULL,'2022-08-10 20:21:28','2022-08-10 20:21:21'),(8209,NULL,NULL,'2022-08-10 20:21:28','2022-08-10 20:21:21'),(8210,NULL,NULL,'2022-08-10 20:21:28','2022-08-10 20:21:21'),(8211,NULL,NULL,'2022-08-10 20:21:28','2022-08-10 20:21:21'),(8212,NULL,NULL,'2022-08-10 20:21:28','2022-08-10 20:21:21'),(8213,NULL,NULL,'2022-08-10 20:21:28','2022-08-10 20:21:21'),(8214,NULL,NULL,'2022-08-10 20:21:28','2022-08-10 20:21:21'),(8215,NULL,NULL,'2022-08-10 20:21:28','2022-08-10 20:21:21'),(8216,NULL,NULL,'2022-08-10 20:21:28','2022-08-10 20:21:21'),(8217,NULL,NULL,'2022-08-10 20:21:28','2022-08-10 20:21:21'),(8218,NULL,NULL,'2022-08-10 20:21:28','2022-08-10 20:21:21'),(8219,NULL,NULL,'2022-08-10 20:21:28','2022-08-10 20:21:21'),(8220,NULL,NULL,'2022-08-10 20:21:28','2022-08-10 20:21:21'),(8221,NULL,NULL,'2022-08-10 20:21:28','2022-08-10 20:21:21'),(8222,NULL,NULL,'2022-08-10 20:21:28','2022-08-10 20:21:21'),(8223,NULL,NULL,'2022-08-10 20:21:28','2022-08-10 20:21:21'),(8224,NULL,NULL,'2022-08-10 20:21:28','2022-08-10 20:21:21'),(8225,NULL,NULL,'2022-08-10 20:21:28','2022-08-10 20:21:21'),(8226,NULL,NULL,'2022-08-10 20:21:28','2022-08-10 20:21:21'),(8227,NULL,NULL,'2022-08-10 20:21:28','2022-08-10 20:21:21'),(8228,NULL,NULL,'2022-08-10 20:21:28','2022-08-10 20:21:21'),(8229,NULL,NULL,'2022-08-10 20:21:28','2022-08-10 20:21:21'),(8230,NULL,NULL,'2022-08-10 20:21:28','2022-08-10 20:21:21'),(8231,NULL,NULL,'2022-08-10 20:21:28','2022-08-10 20:21:21'),(8232,NULL,NULL,'2022-08-10 20:21:28','2022-08-10 20:21:21'),(8233,NULL,NULL,'2022-08-10 20:21:28','2022-08-10 20:21:21'),(8234,NULL,NULL,'2022-08-10 20:21:28','2022-08-10 20:21:21'),(8235,NULL,NULL,'2022-08-10 20:21:28','2022-08-10 20:21:21'),(8236,NULL,NULL,'2022-08-10 20:21:28','2022-08-10 20:21:21'),(8237,NULL,NULL,'2022-08-10 20:21:28','2022-08-10 20:21:21'),(8238,NULL,NULL,'2022-08-10 20:21:28','2022-08-10 20:21:21'),(8239,NULL,NULL,'2022-08-10 20:21:28','2022-08-10 20:21:21'),(8240,NULL,NULL,'2022-08-10 20:21:28','2022-08-10 20:21:21'),(8241,NULL,NULL,'2022-08-10 20:21:28','2022-08-10 20:21:21'),(8242,NULL,NULL,'2022-08-10 20:21:28','2022-08-10 20:21:21'),(8243,NULL,NULL,'2022-08-10 20:21:28','2022-08-10 20:21:21'),(8244,NULL,NULL,'2022-08-10 20:21:28','2022-08-10 20:21:21'),(8245,NULL,NULL,'2022-08-10 20:21:28','2022-08-10 20:21:21'),(8246,NULL,NULL,'2022-08-10 20:21:28','2022-08-10 20:21:21'),(8247,NULL,NULL,'2022-08-10 20:21:28','2022-08-10 20:21:21'),(8248,NULL,NULL,'2022-08-10 20:21:28','2022-08-10 20:21:21'),(8249,NULL,NULL,'2022-08-10 20:21:28','2022-08-10 20:21:21'),(8250,NULL,NULL,'2022-08-10 20:21:28','2022-08-10 20:21:21'),(8251,NULL,NULL,'2022-08-10 20:21:28','2022-08-10 20:21:21'),(8252,NULL,NULL,'2022-08-10 20:21:28','2022-08-10 20:21:21'),(8253,NULL,NULL,'2022-08-10 20:21:28','2022-08-10 20:21:21'),(8254,NULL,NULL,'2022-08-10 20:21:28','2022-08-10 20:21:21'),(8255,NULL,NULL,'2022-08-10 20:21:28','2022-08-10 20:21:21'),(8256,NULL,NULL,'2022-08-10 20:21:28','2022-08-10 20:21:21'),(8257,NULL,NULL,'2022-08-10 20:21:28','2022-08-10 20:21:21'),(8258,NULL,NULL,'2022-08-10 20:21:28','2022-08-10 20:21:21'),(8259,NULL,NULL,'2022-08-10 20:21:28','2022-08-10 20:21:21'),(8260,NULL,NULL,'2022-08-10 20:21:28','2022-08-10 20:21:21'),(8261,NULL,NULL,'2022-08-10 20:21:28','2022-08-10 20:21:21'),(8262,NULL,NULL,'2022-08-10 20:21:28','2022-08-10 20:21:21'),(8263,NULL,NULL,'2022-08-10 20:21:28','2022-08-10 20:21:21'),(8264,NULL,NULL,'2022-08-10 20:21:28','2022-08-10 20:21:21'),(8265,NULL,NULL,'2022-08-10 20:21:28','2022-08-10 20:21:21'),(8266,NULL,NULL,'2022-08-10 20:21:28','2022-08-10 20:21:21'),(8267,NULL,NULL,'2022-08-10 20:21:28','2022-08-10 20:21:21'),(8268,NULL,NULL,'2022-08-10 20:21:28','2022-08-10 20:21:21'),(8269,NULL,NULL,'2022-08-10 20:21:28','2022-08-10 20:21:21'),(8270,NULL,NULL,'2022-08-10 20:21:28','2022-08-10 20:21:21'),(8271,NULL,NULL,'2022-08-10 20:21:28','2022-08-10 20:21:21'),(8272,NULL,NULL,'2022-08-10 20:21:28','2022-08-10 20:21:21'),(8273,NULL,NULL,'2022-08-10 20:21:28','2022-08-10 20:21:21'),(8274,NULL,NULL,'2022-08-10 20:21:28','2022-08-10 20:21:21'),(8275,NULL,NULL,'2022-08-10 20:21:28','2022-08-10 20:21:21'),(8276,NULL,NULL,'2022-08-10 20:21:28','2022-08-10 20:21:21'),(8277,NULL,NULL,'2022-08-10 20:21:28','2022-08-10 20:21:21'),(8278,NULL,NULL,'2022-08-10 20:21:28','2022-08-10 20:21:21'),(8279,NULL,NULL,'2022-08-10 20:21:28','2022-08-10 20:21:21'),(8280,NULL,NULL,'2022-08-10 20:21:28','2022-08-10 20:21:21'),(8281,NULL,NULL,'2022-08-10 20:21:28','2022-08-10 20:21:21'),(8282,NULL,NULL,'2022-08-10 20:21:28','2022-08-10 20:21:21'),(8283,NULL,NULL,'2022-08-10 20:21:28','2022-08-10 20:21:21'),(8284,NULL,NULL,'2022-08-10 20:21:28','2022-08-10 20:21:21'),(8285,NULL,NULL,'2022-08-10 20:21:28','2022-08-10 20:21:21'),(8286,NULL,NULL,'2022-08-10 20:21:28','2022-08-10 20:21:21'),(8287,NULL,NULL,'2022-08-10 20:21:28','2022-08-10 20:21:21'),(8288,NULL,NULL,'2022-08-10 20:21:28','2022-08-10 20:21:21'),(8289,NULL,NULL,'2022-08-10 20:21:28','2022-08-10 20:21:21'),(8290,NULL,NULL,'2022-08-10 20:21:28','2022-08-10 20:21:21'),(8291,NULL,NULL,'2022-08-10 20:21:28','2022-08-10 20:21:21'),(8292,NULL,NULL,'2022-08-10 20:21:28','2022-08-10 20:21:21'),(8293,NULL,NULL,'2022-08-10 20:21:28','2022-08-10 20:21:21'),(8294,NULL,NULL,'2022-08-10 20:21:28','2022-08-10 20:21:21'),(8295,NULL,NULL,'2022-08-10 20:21:28','2022-08-10 20:21:21'),(8296,NULL,NULL,'2022-08-10 20:21:28','2022-08-10 20:21:21'),(8297,NULL,NULL,'2022-08-10 20:21:28','2022-08-10 20:21:21'),(8298,NULL,NULL,'2022-08-10 20:21:28','2022-08-10 20:21:21'),(8299,NULL,NULL,'2022-08-10 20:21:28','2022-08-10 20:21:21'),(8300,NULL,NULL,'2022-08-10 20:21:28','2022-08-10 20:21:21'),(8301,NULL,NULL,'2022-08-10 20:21:28','2022-08-10 20:21:21'),(8302,NULL,NULL,'2022-08-10 20:21:28','2022-08-10 20:21:21'),(8303,NULL,NULL,'2022-08-10 20:21:28','2022-08-10 20:21:21'),(8304,NULL,NULL,'2022-08-10 20:21:28','2022-08-10 20:21:21'),(8305,NULL,NULL,'2022-08-10 20:21:28','2022-08-10 20:21:21'),(8306,NULL,NULL,'2022-08-10 20:21:28','2022-08-10 20:21:21'),(8307,NULL,NULL,'2022-08-10 20:21:28','2022-08-10 20:21:21'),(8308,NULL,NULL,'2022-08-10 20:21:28','2022-08-10 20:21:21'),(8309,NULL,NULL,'2022-08-10 20:21:28','2022-08-10 20:21:21'),(8310,NULL,NULL,'2022-08-10 20:21:28','2022-08-10 20:21:21'),(8311,NULL,NULL,'2022-08-10 20:21:28','2022-08-10 20:21:21'),(8312,NULL,NULL,'2022-08-10 20:21:28','2022-08-10 20:21:21'),(8313,NULL,NULL,'2022-08-10 20:21:28','2022-08-10 20:21:21'),(8314,NULL,NULL,'2022-08-10 20:21:28','2022-08-10 20:21:21'),(8315,NULL,NULL,'2022-08-10 20:21:28','2022-08-10 20:21:21'),(8316,NULL,NULL,'2022-08-10 20:21:28','2022-08-10 20:21:21'),(8317,NULL,NULL,'2022-08-10 20:21:28','2022-08-10 20:21:21'),(8318,NULL,NULL,'2022-08-10 20:21:28','2022-08-10 20:21:21'),(8319,NULL,NULL,'2022-08-10 20:21:28','2022-08-10 20:21:21'),(8320,NULL,NULL,'2022-08-10 20:21:28','2022-08-10 20:21:21'),(8321,NULL,NULL,'2022-08-10 20:21:28','2022-08-10 20:21:21'),(8322,NULL,NULL,'2022-08-10 20:21:28','2022-08-10 20:21:21'),(8323,NULL,NULL,'2022-08-10 20:21:28','2022-08-10 20:21:21'),(8324,NULL,NULL,'2022-08-10 20:21:28','2022-08-10 20:21:21'),(8325,NULL,NULL,'2022-08-10 20:21:28','2022-08-10 20:21:21'),(8326,NULL,NULL,'2022-08-10 20:21:28','2022-08-10 20:21:21'),(8327,NULL,NULL,'2022-08-10 20:21:28','2022-08-10 20:21:21'),(8328,NULL,NULL,'2022-08-10 20:21:28','2022-08-10 20:21:21'),(8329,NULL,NULL,'2022-08-10 20:21:28','2022-08-10 20:21:21'),(8330,NULL,NULL,'2022-08-10 20:21:28','2022-08-10 20:21:21'),(8331,NULL,NULL,'2022-08-10 20:21:28','2022-08-10 20:21:21'),(8332,NULL,NULL,'2022-08-10 20:21:28','2022-08-10 20:21:21'),(8333,NULL,NULL,'2022-08-10 20:21:28','2022-08-10 20:21:21'),(8334,NULL,NULL,'2022-08-10 20:21:28','2022-08-10 20:21:21'),(8335,NULL,NULL,'2022-08-10 20:21:28','2022-08-10 20:21:21'),(8336,NULL,NULL,'2022-08-10 20:21:28','2022-08-10 20:21:21'),(8337,NULL,NULL,'2022-08-10 20:21:28','2022-08-10 20:21:21'),(8338,NULL,NULL,'2022-08-10 20:21:28','2022-08-10 20:21:21'),(8339,NULL,NULL,'2022-08-10 20:21:28','2022-08-10 20:21:21'),(8340,NULL,NULL,'2022-08-10 20:21:28','2022-08-10 20:21:21'),(8341,NULL,NULL,'2022-08-10 20:21:28','2022-08-10 20:21:21'),(8342,NULL,NULL,'2022-08-10 20:21:28','2022-08-10 20:21:21'),(8343,NULL,NULL,'2022-08-10 20:21:28','2022-08-10 20:21:21'),(8344,NULL,NULL,'2022-08-10 20:21:28','2022-08-10 20:21:21'),(8345,NULL,NULL,'2022-08-10 20:21:28','2022-08-10 20:21:21'),(8346,NULL,NULL,'2022-08-10 20:21:28','2022-08-10 20:21:21'),(8347,NULL,NULL,'2022-08-10 20:21:28','2022-08-10 20:21:21'),(8348,NULL,NULL,'2022-08-10 20:21:28','2022-08-10 20:21:21'),(8349,NULL,NULL,'2022-08-10 20:21:28','2022-08-10 20:21:21'),(8350,NULL,NULL,'2022-08-10 20:21:28','2022-08-10 20:21:21'),(8351,NULL,NULL,'2022-08-10 20:21:28','2022-08-10 20:21:21'),(8352,NULL,NULL,'2022-08-10 20:21:28','2022-08-10 20:21:21'),(8353,NULL,NULL,'2022-08-10 20:21:28','2022-08-10 20:21:21'),(8354,NULL,NULL,'2022-08-10 20:21:28','2022-08-10 20:21:21'),(8355,NULL,NULL,'2022-08-10 20:21:28','2022-08-10 20:21:21'),(8356,NULL,NULL,'2022-08-10 20:21:28','2022-08-10 20:21:21'),(8357,NULL,NULL,'2022-08-10 20:21:28','2022-08-10 20:21:21'),(8358,NULL,NULL,'2022-08-10 20:21:28','2022-08-10 20:21:21'),(8359,NULL,NULL,'2022-08-10 20:21:28','2022-08-10 20:21:21'),(8360,NULL,NULL,'2022-08-10 20:21:28','2022-08-10 20:21:21'),(8361,NULL,NULL,'2022-08-10 20:21:28','2022-08-10 20:21:21'),(8362,NULL,NULL,'2022-08-10 20:21:28','2022-08-10 20:21:21'),(8363,NULL,NULL,'2022-08-10 20:21:28','2022-08-10 20:21:21'),(8364,NULL,NULL,'2022-08-10 20:21:28','2022-08-10 20:21:21'),(8365,NULL,NULL,'2022-08-10 20:21:28','2022-08-10 20:21:21'),(8366,NULL,NULL,'2022-08-10 20:21:28','2022-08-10 20:21:21'),(8367,NULL,NULL,'2022-08-10 20:21:28','2022-08-10 20:21:21'),(8368,NULL,NULL,'2022-08-10 20:21:28','2022-08-10 20:21:21'),(8369,NULL,NULL,'2022-08-10 20:21:28','2022-08-10 20:21:21'),(8370,NULL,NULL,'2022-08-10 20:21:28','2022-08-10 20:21:21'),(8371,NULL,NULL,'2022-08-10 20:21:28','2022-08-10 20:21:21'),(8372,NULL,NULL,'2022-08-10 20:21:28','2022-08-10 20:21:21'),(8373,NULL,NULL,'2022-08-10 20:21:28','2022-08-10 20:21:21'),(8374,NULL,NULL,'2022-08-10 20:21:28','2022-08-10 20:21:21'),(8375,NULL,NULL,'2022-08-10 20:21:28','2022-08-10 20:21:21'),(8376,NULL,NULL,'2022-08-10 20:21:28','2022-08-10 20:21:21'),(8377,NULL,NULL,'2022-08-10 20:21:28','2022-08-10 20:21:21'),(8378,NULL,NULL,'2022-08-10 20:21:28','2022-08-10 20:21:21'),(8379,NULL,NULL,'2022-08-10 20:21:28','2022-08-10 20:21:21'),(8380,NULL,NULL,'2022-08-10 20:21:28','2022-08-10 20:21:21'),(8381,NULL,NULL,'2022-08-10 20:21:28','2022-08-10 20:21:21'),(8382,NULL,NULL,'2022-08-10 20:21:28','2022-08-10 20:21:21'),(8383,NULL,NULL,'2022-08-10 20:21:28','2022-08-10 20:21:21'),(8384,NULL,NULL,'2022-08-10 20:21:28','2022-08-10 20:21:21'),(8385,NULL,NULL,'2022-08-10 20:21:28','2022-08-10 20:21:21'),(8386,NULL,NULL,'2022-08-10 20:21:28','2022-08-10 20:21:21'),(8387,NULL,NULL,'2022-08-10 20:21:28','2022-08-10 20:21:21'),(8388,NULL,NULL,'2022-08-10 20:21:28','2022-08-10 20:21:21'),(8389,NULL,NULL,'2022-08-10 20:21:28','2022-08-10 20:21:21'),(8390,NULL,NULL,'2022-08-10 20:21:28','2022-08-10 20:21:21'),(8391,NULL,NULL,'2022-08-10 20:21:28','2022-08-10 20:21:21'),(8392,NULL,NULL,'2022-08-10 20:21:28','2022-08-10 20:21:21'),(8393,NULL,NULL,'2022-08-10 20:21:28','2022-08-10 20:21:21'),(8394,NULL,NULL,'2022-08-10 20:21:28','2022-08-10 20:21:21'),(8395,NULL,NULL,'2022-08-10 20:21:28','2022-08-10 20:21:21'),(8396,NULL,NULL,'2022-08-10 20:21:28','2022-08-10 20:21:21'),(8397,NULL,NULL,'2022-08-10 20:21:28','2022-08-10 20:21:21'),(8398,NULL,NULL,'2022-08-10 20:21:28','2022-08-10 20:21:21'),(8399,NULL,NULL,'2022-08-10 20:21:28','2022-08-10 20:21:21'),(8400,NULL,NULL,'2022-08-10 20:21:28','2022-08-10 20:21:21'),(8401,NULL,NULL,'2022-08-10 20:21:28','2022-08-10 20:21:21'),(8402,NULL,NULL,'2022-08-10 20:21:28','2022-08-10 20:21:21'),(8403,NULL,NULL,'2022-08-10 20:21:28','2022-08-10 20:21:21'),(8404,NULL,NULL,'2022-08-10 20:21:28','2022-08-10 20:21:21'),(8405,NULL,NULL,'2022-08-10 20:21:28','2022-08-10 20:21:21'),(8406,NULL,NULL,'2022-08-10 20:21:28','2022-08-10 20:21:21'),(8407,NULL,NULL,'2022-08-10 20:21:28','2022-08-10 20:21:21'),(8408,NULL,NULL,'2022-08-10 20:21:28','2022-08-10 20:21:21'),(8409,NULL,NULL,'2022-08-10 20:21:28','2022-08-10 20:21:21'),(8410,NULL,NULL,'2022-08-10 20:21:28','2022-08-10 20:21:21'),(8411,NULL,NULL,'2022-08-10 20:21:28','2022-08-10 20:21:21'),(8412,NULL,NULL,'2022-08-10 20:21:28','2022-08-10 20:21:21'),(8413,NULL,NULL,'2022-08-10 20:21:28','2022-08-10 20:21:21'),(8414,NULL,NULL,'2022-08-10 20:21:28','2022-08-10 20:21:21'),(8415,NULL,NULL,'2022-08-10 20:21:28','2022-08-10 20:21:21'),(8416,NULL,NULL,'2022-08-10 20:21:28','2022-08-10 20:21:21'),(8417,NULL,NULL,'2022-08-10 20:21:28','2022-08-10 20:21:21'),(8418,NULL,NULL,'2022-08-10 20:21:28','2022-08-10 20:21:21'),(8419,NULL,NULL,'2022-08-10 20:21:28','2022-08-10 20:21:21'),(8420,NULL,NULL,'2022-08-10 20:21:28','2022-08-10 20:21:21'),(8421,NULL,NULL,'2022-08-10 20:21:28','2022-08-10 20:21:21'),(8422,NULL,NULL,'2022-08-10 20:21:28','2022-08-10 20:21:21'),(8423,NULL,NULL,'2022-08-10 20:21:28','2022-08-10 20:21:21'),(8424,NULL,NULL,'2022-08-10 20:21:28','2022-08-10 20:21:21'),(8425,NULL,NULL,'2022-08-10 20:21:28','2022-08-10 20:21:21'),(8426,NULL,NULL,'2022-08-10 20:21:28','2022-08-10 20:21:21'),(8427,NULL,NULL,'2022-08-10 20:21:28','2022-08-10 20:21:21'),(8428,NULL,NULL,'2022-08-10 20:21:28','2022-08-10 20:21:21'),(8429,NULL,NULL,'2022-08-10 20:21:28','2022-08-10 20:21:21'),(8430,NULL,NULL,'2022-08-10 20:21:28','2022-08-10 20:21:21'),(8431,NULL,NULL,'2022-08-10 20:21:28','2022-08-10 20:21:21'),(8432,NULL,NULL,'2022-08-10 20:21:28','2022-08-10 20:21:21'),(8433,NULL,NULL,'2022-08-10 20:21:28','2022-08-10 20:21:21'),(8434,NULL,NULL,'2022-08-10 20:21:28','2022-08-10 20:21:21'),(8435,NULL,NULL,'2022-08-10 20:21:28','2022-08-10 20:21:21'),(8436,NULL,NULL,'2022-08-10 20:21:28','2022-08-10 20:21:21'),(8437,NULL,NULL,'2022-08-10 20:21:28','2022-08-10 20:21:21'),(8438,NULL,NULL,'2022-08-10 20:21:28','2022-08-10 20:21:21'),(8439,NULL,NULL,'2022-08-10 20:21:28','2022-08-10 20:21:21'),(8440,NULL,NULL,'2022-08-10 20:21:28','2022-08-10 20:21:21'),(8441,NULL,NULL,'2022-08-10 20:21:28','2022-08-10 20:21:21'),(8442,NULL,NULL,'2022-08-10 20:21:28','2022-08-10 20:21:21'),(8443,NULL,NULL,'2022-08-10 20:21:28','2022-08-10 20:21:21'),(8444,NULL,NULL,'2022-08-10 20:21:28','2022-08-10 20:21:21'),(8445,NULL,NULL,'2022-08-10 20:21:28','2022-08-10 20:21:21'),(8446,NULL,NULL,'2022-08-10 20:21:28','2022-08-10 20:21:21'),(8447,NULL,NULL,'2022-08-10 20:21:28','2022-08-10 20:21:21'),(8448,NULL,NULL,'2022-08-10 20:21:28','2022-08-10 20:21:21'),(8449,NULL,NULL,'2022-08-10 20:21:28','2022-08-10 20:21:21'),(8450,NULL,NULL,'2022-08-10 20:21:28','2022-08-10 20:21:21'),(8451,NULL,NULL,'2022-08-10 20:21:28','2022-08-10 20:21:21'),(8452,NULL,NULL,'2022-08-10 20:21:28','2022-08-10 20:21:21'),(8453,NULL,NULL,'2022-08-10 20:21:28','2022-08-10 20:21:21'),(8454,NULL,NULL,'2022-08-10 20:21:28','2022-08-10 20:21:21'),(8455,NULL,NULL,'2022-08-10 20:21:28','2022-08-10 20:21:21'),(8456,NULL,NULL,'2022-08-10 20:21:28','2022-08-10 20:21:21'),(8457,NULL,NULL,'2022-08-10 20:21:28','2022-08-10 20:21:21'),(8458,NULL,NULL,'2022-08-10 20:21:28','2022-08-10 20:21:21'),(8459,NULL,NULL,'2022-08-10 20:21:28','2022-08-10 20:21:21'),(8460,NULL,NULL,'2022-08-10 20:21:28','2022-08-10 20:21:21'),(8461,NULL,NULL,'2022-08-10 20:21:28','2022-08-10 20:21:21'),(8462,NULL,NULL,'2022-08-10 20:21:28','2022-08-10 20:21:21'),(8463,NULL,NULL,'2022-08-10 20:21:28','2022-08-10 20:21:21'),(8464,NULL,NULL,'2022-08-10 20:21:28','2022-08-10 20:21:21'),(8465,NULL,NULL,'2022-08-10 20:21:28','2022-08-10 20:21:21'),(8466,NULL,NULL,'2022-08-10 20:21:28','2022-08-10 20:21:21'),(8467,NULL,NULL,'2022-08-10 20:21:28','2022-08-10 20:21:21'),(8468,NULL,NULL,'2022-08-10 20:21:28','2022-08-10 20:21:21'),(8469,NULL,NULL,'2022-08-10 20:21:28','2022-08-10 20:21:21'),(8470,NULL,NULL,'2022-08-10 20:21:28','2022-08-10 20:21:21'),(8471,NULL,NULL,'2022-08-10 20:21:28','2022-08-10 20:21:21'),(8472,NULL,NULL,'2022-08-10 20:21:28','2022-08-10 20:21:21'),(8473,NULL,NULL,'2022-08-10 20:21:28','2022-08-10 20:21:21'),(8474,NULL,NULL,'2022-08-10 20:21:28','2022-08-10 20:21:21'),(8475,NULL,NULL,'2022-08-10 20:21:28','2022-08-10 20:21:21'),(8476,NULL,NULL,'2022-08-10 20:21:28','2022-08-10 20:21:21'),(8477,NULL,NULL,'2022-08-10 20:21:28','2022-08-10 20:21:21'),(8478,NULL,NULL,'2022-08-10 20:21:28','2022-08-10 20:21:21'),(8479,NULL,NULL,'2022-08-10 20:21:28','2022-08-10 20:21:21'),(8480,NULL,NULL,'2022-08-10 20:21:28','2022-08-10 20:21:21'),(8481,NULL,NULL,'2022-08-10 20:21:28','2022-08-10 20:21:21'),(8482,NULL,NULL,'2022-08-10 20:21:28','2022-08-10 20:21:21'),(8483,NULL,NULL,'2022-08-10 20:21:28','2022-08-10 20:21:21'),(8484,NULL,NULL,'2022-08-10 20:21:28','2022-08-10 20:21:21'),(8485,NULL,NULL,'2022-08-10 20:21:28','2022-08-10 20:21:21'),(8486,NULL,NULL,'2022-08-10 20:21:28','2022-08-10 20:21:21'),(8487,NULL,NULL,'2022-08-10 20:21:28','2022-08-10 20:21:21'),(8488,NULL,NULL,'2022-08-10 20:21:28','2022-08-10 20:21:21'),(8489,NULL,NULL,'2022-08-10 20:21:28','2022-08-10 20:21:21'),(8490,NULL,NULL,'2022-08-10 20:21:28','2022-08-10 20:21:21'),(8491,NULL,NULL,'2022-08-10 20:21:28','2022-08-10 20:21:21'),(8492,NULL,NULL,'2022-08-10 20:21:28','2022-08-10 20:21:21'),(8493,NULL,NULL,'2022-08-10 20:21:28','2022-08-10 20:21:21'),(8494,NULL,NULL,'2022-08-10 20:21:28','2022-08-10 20:21:21'),(8495,NULL,NULL,'2022-08-10 20:21:28','2022-08-10 20:21:21'),(8496,NULL,NULL,'2022-08-10 20:21:28','2022-08-10 20:21:21'),(8497,NULL,NULL,'2022-08-10 20:21:28','2022-08-10 20:21:21'),(8498,NULL,NULL,'2022-08-10 20:21:28','2022-08-10 20:21:21'),(8499,NULL,NULL,'2022-08-10 20:21:28','2022-08-10 20:21:21'),(8500,NULL,NULL,'2022-08-10 20:21:28','2022-08-10 20:21:21'),(8501,NULL,NULL,'2022-08-10 20:21:28','2022-08-10 20:21:21'),(8502,NULL,NULL,'2022-08-10 20:21:28','2022-08-10 20:21:21'),(8503,NULL,NULL,'2022-08-10 20:21:28','2022-08-10 20:21:21'),(8504,NULL,NULL,'2022-08-10 20:21:28','2022-08-10 20:21:21'),(8505,NULL,NULL,'2022-08-10 20:21:28','2022-08-10 20:21:21'),(8506,NULL,NULL,'2022-08-10 20:21:28','2022-08-10 20:21:21'),(8507,NULL,NULL,'2022-08-10 20:21:28','2022-08-10 20:21:21'),(8508,NULL,NULL,'2022-08-10 20:21:28','2022-08-10 20:21:21'),(8509,NULL,NULL,'2022-08-10 20:21:28','2022-08-10 20:21:21'),(8510,NULL,NULL,'2022-08-10 20:21:28','2022-08-10 20:21:21'),(8511,NULL,NULL,'2022-08-10 20:21:28','2022-08-10 20:21:21'),(8512,NULL,NULL,'2022-08-10 20:21:28','2022-08-10 20:21:21'),(8513,NULL,NULL,'2022-08-10 20:21:28','2022-08-10 20:21:21'),(8514,NULL,NULL,'2022-08-10 20:21:28','2022-08-10 20:21:21'),(8515,NULL,NULL,'2022-08-10 20:21:28','2022-08-10 20:21:21'),(8516,NULL,NULL,'2022-08-10 20:21:28','2022-08-10 20:21:21'),(8517,NULL,NULL,'2022-08-10 20:21:28','2022-08-10 20:21:21'),(8518,NULL,NULL,'2022-08-10 20:21:28','2022-08-10 20:21:21'),(8519,NULL,NULL,'2022-08-10 20:21:28','2022-08-10 20:21:21'),(8520,NULL,NULL,'2022-08-10 20:21:28','2022-08-10 20:21:21'),(8521,NULL,NULL,'2022-08-10 20:21:28','2022-08-10 20:21:21'),(8522,NULL,NULL,'2022-08-10 20:21:28','2022-08-10 20:21:21'),(8523,NULL,NULL,'2022-08-10 20:21:28','2022-08-10 20:21:21'),(8524,NULL,NULL,'2022-08-10 20:21:28','2022-08-10 20:21:21'),(8525,NULL,NULL,'2022-08-10 20:21:28','2022-08-10 20:21:21'),(8526,NULL,NULL,'2022-08-10 20:21:28','2022-08-10 20:21:21'),(8527,NULL,NULL,'2022-08-10 20:21:28','2022-08-10 20:21:21'),(8528,NULL,NULL,'2022-08-10 20:21:28','2022-08-10 20:21:21'),(8529,NULL,NULL,'2022-08-10 20:21:28','2022-08-10 20:21:21'),(8530,NULL,NULL,'2022-08-10 20:21:28','2022-08-10 20:21:21'),(8531,NULL,NULL,'2022-08-10 20:21:28','2022-08-10 20:21:21'),(8532,NULL,NULL,'2022-08-10 20:21:28','2022-08-10 20:21:21'),(8533,NULL,NULL,'2022-08-10 20:21:28','2022-08-10 20:21:21'),(8534,NULL,NULL,'2022-08-10 20:21:28','2022-08-10 20:21:21'),(8535,NULL,NULL,'2022-08-10 20:21:28','2022-08-10 20:21:21'),(8536,NULL,NULL,'2022-08-10 20:21:28','2022-08-10 20:21:21'),(8537,NULL,NULL,'2022-08-10 20:21:28','2022-08-10 20:21:21'),(8538,NULL,NULL,'2022-08-10 20:21:28','2022-08-10 20:21:21'),(8539,NULL,NULL,'2022-08-10 20:21:28','2022-08-10 20:21:21'),(8540,NULL,NULL,'2022-08-10 20:21:28','2022-08-10 20:21:21'),(8541,NULL,NULL,'2022-08-10 20:21:28','2022-08-10 20:21:21'),(8542,NULL,NULL,'2022-08-10 20:21:28','2022-08-10 20:21:21'),(8543,NULL,NULL,'2022-08-10 20:21:28','2022-08-10 20:21:21'),(8544,NULL,NULL,'2022-08-10 20:21:28','2022-08-10 20:21:21'),(8545,NULL,NULL,'2022-08-10 20:21:28','2022-08-10 20:21:21'),(8546,NULL,NULL,'2022-08-10 20:21:28','2022-08-10 20:21:21'),(8547,NULL,NULL,'2022-08-10 20:21:28','2022-08-10 20:21:21'),(8548,NULL,NULL,'2022-08-10 20:21:28','2022-08-10 20:21:21'),(8549,NULL,NULL,'2022-08-10 20:21:28','2022-08-10 20:21:21'),(8550,NULL,NULL,'2022-08-10 20:21:28','2022-08-10 20:21:21'),(8551,NULL,NULL,'2022-08-10 20:21:28','2022-08-10 20:21:21'),(8552,NULL,NULL,'2022-08-10 20:21:28','2022-08-10 20:21:21'),(8553,NULL,NULL,'2022-08-10 20:21:28','2022-08-10 20:21:21'),(8554,NULL,NULL,'2022-08-10 20:21:28','2022-08-10 20:21:21'),(8555,NULL,NULL,'2022-08-10 20:21:28','2022-08-10 20:21:21'),(8556,NULL,NULL,'2022-08-10 20:21:28','2022-08-10 20:21:21'),(8557,NULL,NULL,'2022-08-10 20:21:28','2022-08-10 20:21:21'),(8558,NULL,NULL,'2022-08-10 20:21:28','2022-08-10 20:21:21'),(8559,NULL,NULL,'2022-08-10 20:21:28','2022-08-10 20:21:21'),(8560,NULL,NULL,'2022-08-10 20:21:28','2022-08-10 20:21:21'),(8561,NULL,NULL,'2022-08-10 20:21:28','2022-08-10 20:21:21'),(8562,NULL,NULL,'2022-08-10 20:21:28','2022-08-10 20:21:21'),(8563,NULL,NULL,'2022-08-10 20:21:28','2022-08-10 20:21:21'),(8564,NULL,NULL,'2022-08-10 20:21:28','2022-08-10 20:21:21'),(8565,NULL,NULL,'2022-08-10 20:21:28','2022-08-10 20:21:21'),(8566,NULL,NULL,'2022-08-10 20:21:28','2022-08-10 20:21:21'),(8567,NULL,NULL,'2022-08-10 20:21:28','2022-08-10 20:21:21'),(8568,NULL,NULL,'2022-08-10 20:21:28','2022-08-10 20:21:21'),(8569,NULL,NULL,'2022-08-10 20:21:28','2022-08-10 20:21:21'),(8570,NULL,NULL,'2022-08-10 20:21:28','2022-08-10 20:21:21'),(8571,NULL,NULL,'2022-08-10 20:21:28','2022-08-10 20:21:21'),(8572,NULL,NULL,'2022-08-10 20:21:28','2022-08-10 20:21:21'),(8573,NULL,NULL,'2022-08-10 20:21:28','2022-08-10 20:21:21'),(8574,NULL,NULL,'2022-08-10 20:21:28','2022-08-10 20:21:21'),(8575,NULL,NULL,'2022-08-10 20:21:28','2022-08-10 20:21:21'),(8576,NULL,NULL,'2022-08-10 20:21:28','2022-08-10 20:21:21'),(8577,NULL,NULL,'2022-08-10 20:21:28','2022-08-10 20:21:21'),(8578,NULL,NULL,'2022-08-10 20:21:28','2022-08-10 20:21:21'),(8579,NULL,NULL,'2022-08-10 20:21:28','2022-08-10 20:21:21'),(8580,NULL,NULL,'2022-08-10 20:21:28','2022-08-10 20:21:21'),(8581,NULL,NULL,'2022-08-10 20:21:28','2022-08-10 20:21:21'),(8582,NULL,NULL,'2022-08-10 20:21:28','2022-08-10 20:21:21'),(8583,NULL,NULL,'2022-08-10 20:21:28','2022-08-10 20:21:21'),(8584,NULL,NULL,'2022-08-10 20:21:28','2022-08-10 20:21:21'),(8585,NULL,NULL,'2022-08-10 20:21:28','2022-08-10 20:21:21'),(8586,NULL,NULL,'2022-08-10 20:21:28','2022-08-10 20:21:21'),(8587,NULL,NULL,'2022-08-10 20:21:28','2022-08-10 20:21:21'),(8588,NULL,NULL,'2022-08-10 20:21:28','2022-08-10 20:21:21'),(8589,NULL,NULL,'2022-08-10 20:21:28','2022-08-10 20:21:21'),(8590,NULL,NULL,'2022-08-10 20:21:28','2022-08-10 20:21:21'),(8591,NULL,NULL,'2022-08-10 20:21:28','2022-08-10 20:21:21'),(8592,NULL,NULL,'2022-08-10 20:21:28','2022-08-10 20:21:21'),(8593,NULL,NULL,'2022-08-10 20:21:28','2022-08-10 20:21:21'),(8594,NULL,NULL,'2022-08-10 20:21:28','2022-08-10 20:21:21'),(8595,NULL,NULL,'2022-08-10 20:21:28','2022-08-10 20:21:21'),(8596,NULL,NULL,'2022-08-10 20:21:28','2022-08-10 20:21:21'),(8597,NULL,NULL,'2022-08-10 20:21:28','2022-08-10 20:21:21'),(8598,NULL,NULL,'2022-08-10 20:21:28','2022-08-10 20:21:21'),(8599,NULL,NULL,'2022-08-10 20:21:28','2022-08-10 20:21:21'),(8600,NULL,NULL,'2022-08-10 20:21:28','2022-08-10 20:21:21'),(8601,NULL,NULL,'2022-08-10 20:21:28','2022-08-10 20:21:21'),(8602,NULL,NULL,'2022-08-10 20:21:28','2022-08-10 20:21:21'),(8603,NULL,NULL,'2022-08-10 20:21:28','2022-08-10 20:21:21'),(8604,NULL,NULL,'2022-08-10 20:21:28','2022-08-10 20:21:21'),(8605,NULL,NULL,'2022-08-10 20:21:28','2022-08-10 20:21:21'),(8606,NULL,NULL,'2022-08-10 20:21:28','2022-08-10 20:21:21'),(8607,NULL,NULL,'2022-08-10 20:21:28','2022-08-10 20:21:21'),(8608,NULL,NULL,'2022-08-10 20:21:28','2022-08-10 20:21:21'),(8609,NULL,NULL,'2022-08-10 20:21:28','2022-08-10 20:21:21'),(8610,NULL,NULL,'2022-08-10 20:21:28','2022-08-10 20:21:21'),(8611,NULL,NULL,'2022-08-10 20:21:28','2022-08-10 20:21:21'),(8612,NULL,NULL,'2022-08-10 20:21:28','2022-08-10 20:21:21'),(8613,NULL,NULL,'2022-08-10 20:21:28','2022-08-10 20:21:21'),(8614,NULL,NULL,'2022-08-10 20:21:28','2022-08-10 20:21:21'),(8615,NULL,NULL,'2022-08-10 20:21:28','2022-08-10 20:21:21'),(8616,NULL,NULL,'2022-08-10 20:21:28','2022-08-10 20:21:21'),(8617,NULL,NULL,'2022-08-10 20:21:28','2022-08-10 20:21:21'),(8618,NULL,NULL,'2022-08-10 20:21:28','2022-08-10 20:21:21'),(8619,NULL,NULL,'2022-08-10 20:21:28','2022-08-10 20:21:21'),(8620,NULL,NULL,'2022-08-10 20:21:28','2022-08-10 20:21:21'),(8621,NULL,NULL,'2022-08-10 20:21:28','2022-08-10 20:21:21'),(8622,NULL,NULL,'2022-08-10 20:21:28','2022-08-10 20:21:21'),(8623,NULL,NULL,'2022-08-10 20:21:28','2022-08-10 20:21:21'),(8624,NULL,NULL,'2022-08-10 20:21:28','2022-08-10 20:21:21'),(8625,NULL,NULL,'2022-08-10 20:21:28','2022-08-10 20:21:21'),(8626,NULL,NULL,'2022-08-10 20:21:28','2022-08-10 20:21:21'),(8627,NULL,NULL,'2022-08-10 20:21:28','2022-08-10 20:21:21'),(8628,NULL,NULL,'2022-08-10 20:21:28','2022-08-10 20:21:21'),(8629,NULL,NULL,'2022-08-10 20:21:28','2022-08-10 20:21:21'),(8630,NULL,NULL,'2022-08-10 20:21:28','2022-08-10 20:21:21'),(8631,NULL,NULL,'2022-08-10 20:21:28','2022-08-10 20:21:21'),(8632,NULL,NULL,'2022-08-10 20:21:28','2022-08-10 20:21:21'),(8633,NULL,NULL,'2022-08-10 20:21:28','2022-08-10 20:21:21'),(8634,NULL,NULL,'2022-08-10 20:21:28','2022-08-10 20:21:21'),(8635,NULL,NULL,'2022-08-10 20:21:28','2022-08-10 20:21:21'),(8636,NULL,NULL,'2022-08-10 20:21:28','2022-08-10 20:21:21'),(8637,NULL,NULL,'2022-08-10 20:21:28','2022-08-10 20:21:21'),(8638,NULL,NULL,'2022-08-10 20:21:28','2022-08-10 20:21:21'),(8639,NULL,NULL,'2022-08-10 20:21:28','2022-08-10 20:21:21'),(8640,NULL,NULL,'2022-08-10 20:21:28','2022-08-10 20:21:21'),(8641,NULL,NULL,'2022-08-10 20:21:28','2022-08-10 20:21:21'),(8642,NULL,NULL,'2022-08-10 20:21:28','2022-08-10 20:21:21'),(8643,NULL,NULL,'2022-08-10 20:21:28','2022-08-10 20:21:21'),(8644,NULL,NULL,'2022-08-10 20:21:28','2022-08-10 20:21:21'),(8645,NULL,NULL,'2022-08-10 20:21:28','2022-08-10 20:21:21'),(8646,NULL,NULL,'2022-08-10 20:21:28','2022-08-10 20:21:21'),(8647,NULL,NULL,'2022-08-10 20:21:28','2022-08-10 20:21:21'),(8648,NULL,NULL,'2022-08-10 20:21:28','2022-08-10 20:21:21'),(8649,NULL,NULL,'2022-08-10 20:21:28','2022-08-10 20:21:21'),(8650,NULL,NULL,'2022-08-10 20:21:28','2022-08-10 20:21:21'),(8651,NULL,NULL,'2022-08-10 20:21:28','2022-08-10 20:21:21'),(8652,NULL,NULL,'2022-08-10 20:21:28','2022-08-10 20:21:21'),(8653,NULL,NULL,'2022-08-10 20:21:28','2022-08-10 20:21:21'),(8654,NULL,NULL,'2022-08-10 20:21:28','2022-08-10 20:21:21'),(8655,NULL,NULL,'2022-08-10 20:21:28','2022-08-10 20:21:21'),(8656,NULL,NULL,'2022-08-10 20:21:28','2022-08-10 20:21:21'),(8657,NULL,NULL,'2022-08-10 20:21:28','2022-08-10 20:21:21'),(8658,NULL,NULL,'2022-08-10 20:21:28','2022-08-10 20:21:21'),(8659,NULL,NULL,'2022-08-10 20:21:28','2022-08-10 20:21:21'),(8660,NULL,NULL,'2022-08-10 20:21:28','2022-08-10 20:21:21'),(8661,NULL,NULL,'2022-08-10 20:21:28','2022-08-10 20:21:21'),(8662,NULL,NULL,'2022-08-10 20:21:28','2022-08-10 20:21:21'),(8663,NULL,NULL,'2022-08-10 20:21:28','2022-08-10 20:21:21'),(8664,NULL,NULL,'2022-08-10 20:21:28','2022-08-10 20:21:21'),(8665,NULL,NULL,'2022-08-10 20:21:28','2022-08-10 20:21:21'),(8666,NULL,NULL,'2022-08-10 20:21:28','2022-08-10 20:21:21'),(8667,NULL,NULL,'2022-08-10 20:21:28','2022-08-10 20:21:21'),(8668,NULL,NULL,'2022-08-10 20:21:28','2022-08-10 20:21:21'),(8669,NULL,NULL,'2022-08-10 20:21:28','2022-08-10 20:21:21'),(8670,NULL,NULL,'2022-08-10 20:21:28','2022-08-10 20:21:21'),(8671,NULL,NULL,'2022-08-10 20:21:28','2022-08-10 20:21:21'),(8672,NULL,NULL,'2022-08-10 20:21:28','2022-08-10 20:21:21'),(8673,NULL,NULL,'2022-08-10 20:21:28','2022-08-10 20:21:21'),(8674,NULL,NULL,'2022-08-10 20:21:28','2022-08-10 20:21:21'),(8675,NULL,NULL,'2022-08-10 20:21:28','2022-08-10 20:21:21'),(8676,NULL,NULL,'2022-08-10 20:21:28','2022-08-10 20:21:21'),(8677,NULL,NULL,'2022-08-10 20:21:28','2022-08-10 20:21:21'),(8678,NULL,NULL,'2022-08-10 20:21:28','2022-08-10 20:21:21'),(8679,NULL,NULL,'2022-08-10 20:21:28','2022-08-10 20:21:21'),(8680,NULL,NULL,'2022-08-10 20:21:28','2022-08-10 20:21:21'),(8681,NULL,NULL,'2022-08-10 20:21:28','2022-08-10 20:21:21'),(8682,NULL,NULL,'2022-08-10 20:21:28','2022-08-10 20:21:21'),(8683,NULL,NULL,'2022-08-10 20:21:28','2022-08-10 20:21:21'),(8684,NULL,NULL,'2022-08-10 20:21:28','2022-08-10 20:21:21'),(8685,NULL,NULL,'2022-08-10 20:21:28','2022-08-10 20:21:21'),(8686,NULL,NULL,'2022-08-10 20:21:28','2022-08-10 20:21:21'),(8687,NULL,NULL,'2022-08-10 20:21:28','2022-08-10 20:21:21'),(8688,NULL,NULL,'2022-08-10 20:21:28','2022-08-10 20:21:21'),(8689,NULL,NULL,'2022-08-10 20:21:28','2022-08-10 20:21:21'),(8690,NULL,NULL,'2022-08-10 20:21:28','2022-08-10 20:21:21'),(8691,NULL,NULL,'2022-08-10 20:21:28','2022-08-10 20:21:21'),(8692,NULL,NULL,'2022-08-10 20:21:28','2022-08-10 20:21:21'),(8693,NULL,NULL,'2022-08-10 20:21:28','2022-08-10 20:21:21'),(8694,NULL,NULL,'2022-08-10 20:21:28','2022-08-10 20:21:21'),(8695,NULL,NULL,'2022-08-10 20:21:28','2022-08-10 20:21:21'),(8696,NULL,NULL,'2022-08-10 20:21:28','2022-08-10 20:21:21'),(8697,NULL,NULL,'2022-08-10 20:21:28','2022-08-10 20:21:21'),(8698,NULL,NULL,'2022-08-10 20:21:28','2022-08-10 20:21:21'),(8699,NULL,NULL,'2022-08-10 20:21:28','2022-08-10 20:21:21'),(8700,NULL,NULL,'2022-08-10 20:21:28','2022-08-10 20:21:21'),(8701,NULL,NULL,'2022-08-10 20:21:28','2022-08-10 20:21:21'),(8702,NULL,NULL,'2022-08-10 20:21:28','2022-08-10 20:21:21'),(8703,NULL,NULL,'2022-08-10 20:21:28','2022-08-10 20:21:21'),(8704,NULL,NULL,'2022-08-10 20:21:28','2022-08-10 20:21:21'),(8705,NULL,NULL,'2022-08-10 20:21:28','2022-08-10 20:21:21'),(8706,NULL,NULL,'2022-08-10 20:21:28','2022-08-10 20:21:21'),(8707,NULL,NULL,'2022-08-10 20:21:28','2022-08-10 20:21:21'),(8708,NULL,NULL,'2022-08-10 20:21:28','2022-08-10 20:21:21'),(8709,NULL,NULL,'2022-08-10 20:21:28','2022-08-10 20:21:21'),(8710,NULL,NULL,'2022-08-10 20:21:28','2022-08-10 20:21:21'),(8711,NULL,NULL,'2022-08-10 20:21:28','2022-08-10 20:21:21'),(8712,NULL,NULL,'2022-08-10 20:21:28','2022-08-10 20:21:21'),(8713,NULL,NULL,'2022-08-10 20:21:28','2022-08-10 20:21:21'),(8714,NULL,NULL,'2022-08-10 20:21:28','2022-08-10 20:21:21'),(8715,NULL,NULL,'2022-08-10 20:21:28','2022-08-10 20:21:21'),(8716,NULL,NULL,'2022-08-10 20:21:28','2022-08-10 20:21:21'),(8717,NULL,NULL,'2022-08-10 20:21:28','2022-08-10 20:21:21'),(8718,NULL,NULL,'2022-08-10 20:21:28','2022-08-10 20:21:21'),(8719,NULL,NULL,'2022-08-10 20:21:28','2022-08-10 20:21:21'),(8720,NULL,NULL,'2022-08-10 20:21:28','2022-08-10 20:21:21'),(8721,NULL,NULL,'2022-08-10 20:21:28','2022-08-10 20:21:21'),(8722,NULL,NULL,'2022-08-10 20:21:28','2022-08-10 20:21:21'),(8723,NULL,NULL,'2022-08-10 20:21:28','2022-08-10 20:21:21'),(8724,NULL,NULL,'2022-08-10 20:21:28','2022-08-10 20:21:21'),(8725,NULL,NULL,'2022-08-10 20:21:28','2022-08-10 20:21:21'),(8726,NULL,NULL,'2022-08-10 20:21:28','2022-08-10 20:21:21'),(8727,NULL,NULL,'2022-08-10 20:21:28','2022-08-10 20:21:21'),(8728,NULL,NULL,'2022-08-10 20:21:28','2022-08-10 20:21:21'),(8729,NULL,NULL,'2022-08-10 20:21:28','2022-08-10 20:21:21'),(8730,NULL,NULL,'2022-08-10 20:21:28','2022-08-10 20:21:21'),(8731,NULL,NULL,'2022-08-10 20:21:28','2022-08-10 20:21:21'),(8732,NULL,NULL,'2022-08-10 20:21:28','2022-08-10 20:21:21'),(8733,NULL,NULL,'2022-08-10 20:21:28','2022-08-10 20:21:21'),(8734,NULL,NULL,'2022-08-10 20:21:28','2022-08-10 20:21:21'),(8735,NULL,NULL,'2022-08-10 20:21:28','2022-08-10 20:21:21'),(8736,NULL,NULL,'2022-08-10 20:21:28','2022-08-10 20:21:21'),(8737,NULL,NULL,'2022-08-10 20:21:28','2022-08-10 20:21:21'),(8738,NULL,NULL,'2022-08-10 20:21:28','2022-08-10 20:21:21'),(8739,NULL,NULL,'2022-08-10 20:21:28','2022-08-10 20:21:21'),(8740,NULL,NULL,'2022-08-10 20:21:28','2022-08-10 20:21:21'),(8741,NULL,NULL,'2022-08-10 20:21:28','2022-08-10 20:21:21'),(8742,NULL,NULL,'2022-08-10 20:21:28','2022-08-10 20:21:21'),(8743,NULL,NULL,'2022-08-10 20:21:28','2022-08-10 20:21:21'),(8744,NULL,NULL,'2022-08-10 20:21:28','2022-08-10 20:21:21'),(8745,NULL,NULL,'2022-08-10 20:21:28','2022-08-10 20:21:21'),(8746,NULL,NULL,'2022-08-10 20:21:28','2022-08-10 20:21:21'),(8747,NULL,NULL,'2022-08-10 20:21:28','2022-08-10 20:21:21'),(8748,NULL,NULL,'2022-08-10 20:21:28','2022-08-10 20:21:21'),(8749,NULL,NULL,'2022-08-10 20:21:28','2022-08-10 20:21:21'),(8750,NULL,NULL,'2022-08-10 20:21:28','2022-08-10 20:21:21'),(8751,NULL,NULL,'2022-08-10 20:21:28','2022-08-10 20:21:21'),(8752,NULL,NULL,'2022-08-10 20:21:28','2022-08-10 20:21:21'),(8753,NULL,NULL,'2022-08-10 20:21:28','2022-08-10 20:21:21'),(8754,NULL,NULL,'2022-08-10 20:21:28','2022-08-10 20:21:21'),(8755,NULL,NULL,'2022-08-10 20:21:28','2022-08-10 20:21:21'),(8756,NULL,NULL,'2022-08-10 20:21:28','2022-08-10 20:21:21'),(8757,NULL,NULL,'2022-08-10 20:21:28','2022-08-10 20:21:21'),(8758,NULL,NULL,'2022-08-10 20:21:28','2022-08-10 20:21:21'),(8759,NULL,NULL,'2022-08-10 20:21:28','2022-08-10 20:21:21'),(8760,NULL,NULL,'2022-08-10 20:21:28','2022-08-10 20:21:21'),(8761,NULL,NULL,'2022-08-10 20:21:28','2022-08-10 20:21:21'),(8762,NULL,NULL,'2022-08-10 20:21:28','2022-08-10 20:21:21'),(8763,NULL,NULL,'2022-08-10 20:21:28','2022-08-10 20:21:21'),(8764,NULL,NULL,'2022-08-10 20:21:28','2022-08-10 20:21:21'),(8765,NULL,NULL,'2022-08-10 20:21:28','2022-08-10 20:21:21'),(8766,NULL,NULL,'2022-08-10 20:21:28','2022-08-10 20:21:21'),(8767,NULL,NULL,'2022-08-10 20:21:28','2022-08-10 20:21:21'),(8768,NULL,NULL,'2022-08-10 20:21:28','2022-08-10 20:21:21'),(8769,NULL,NULL,'2022-08-10 20:21:28','2022-08-10 20:21:21'),(8770,NULL,NULL,'2022-08-10 20:21:28','2022-08-10 20:21:21'),(8771,NULL,NULL,'2022-08-10 20:21:28','2022-08-10 20:21:21'),(8772,NULL,NULL,'2022-08-10 20:21:28','2022-08-10 20:21:21'),(8773,NULL,NULL,'2022-08-10 20:21:28','2022-08-10 20:21:21'),(8774,NULL,NULL,'2022-08-10 20:21:28','2022-08-10 20:21:21'),(8775,NULL,NULL,'2022-08-10 20:21:28','2022-08-10 20:21:21'),(8776,NULL,NULL,'2022-08-10 20:21:28','2022-08-10 20:21:21'),(8777,NULL,NULL,'2022-08-10 20:21:28','2022-08-10 20:21:21'),(8778,NULL,NULL,'2022-08-10 20:21:28','2022-08-10 20:21:21'),(8779,NULL,NULL,'2022-08-10 20:21:28','2022-08-10 20:21:21'),(8780,NULL,NULL,'2022-08-10 20:21:28','2022-08-10 20:21:21'),(8781,NULL,NULL,'2022-08-10 20:21:28','2022-08-10 20:21:21'),(8782,NULL,NULL,'2022-08-10 20:21:28','2022-08-10 20:21:21'),(8783,NULL,NULL,'2022-08-10 20:21:28','2022-08-10 20:21:21'),(8784,NULL,NULL,'2022-08-10 20:21:28','2022-08-10 20:21:21'),(8785,NULL,NULL,'2022-08-10 20:21:28','2022-08-10 20:21:21'),(8786,NULL,NULL,'2022-08-10 20:21:28','2022-08-10 20:21:21'),(8787,NULL,NULL,'2022-08-10 20:21:28','2022-08-10 20:21:21'),(8788,NULL,NULL,'2022-08-10 20:21:28','2022-08-10 20:21:21'),(8789,NULL,NULL,'2022-08-10 20:21:28','2022-08-10 20:21:21'),(8790,NULL,NULL,'2022-08-10 20:21:28','2022-08-10 20:21:21'),(8791,NULL,NULL,'2022-08-10 20:21:28','2022-08-10 20:21:21'),(8792,NULL,NULL,'2022-08-10 20:21:28','2022-08-10 20:21:21'),(8793,NULL,NULL,'2022-08-10 20:21:28','2022-08-10 20:21:21'),(8794,NULL,NULL,'2022-08-10 20:21:28','2022-08-10 20:21:21'),(8795,NULL,NULL,'2022-08-10 20:21:28','2022-08-10 20:21:21'),(8796,NULL,NULL,'2022-08-10 20:21:28','2022-08-10 20:21:21'),(8797,NULL,NULL,'2022-08-10 20:21:28','2022-08-10 20:21:21'),(8798,NULL,NULL,'2022-08-10 20:21:28','2022-08-10 20:21:21'),(8799,NULL,NULL,'2022-08-10 20:21:28','2022-08-10 20:21:21'),(8800,NULL,NULL,'2022-08-10 20:21:28','2022-08-10 20:21:21'),(8801,NULL,NULL,'2022-08-10 20:21:28','2022-08-10 20:21:21'),(8802,NULL,NULL,'2022-08-10 20:21:28','2022-08-10 20:21:21'),(8803,NULL,NULL,'2022-08-10 20:21:28','2022-08-10 20:21:21'),(8804,NULL,NULL,'2022-08-10 20:21:28','2022-08-10 20:21:21'),(8805,NULL,NULL,'2022-08-10 20:21:28','2022-08-10 20:21:21'),(8806,NULL,NULL,'2022-08-10 20:21:28','2022-08-10 20:21:21'),(8807,NULL,NULL,'2022-08-10 20:21:28','2022-08-10 20:21:21'),(8808,NULL,NULL,'2022-08-10 20:21:28','2022-08-10 20:21:21'),(8809,NULL,NULL,'2022-08-10 20:21:28','2022-08-10 20:21:21'),(8810,NULL,NULL,'2022-08-10 20:21:28','2022-08-10 20:21:21'),(8811,NULL,NULL,'2022-08-10 20:21:28','2022-08-10 20:21:21'),(8812,NULL,NULL,'2022-08-10 20:21:28','2022-08-10 20:21:21'),(8813,NULL,NULL,'2022-08-10 20:21:28','2022-08-10 20:21:21'),(8814,NULL,NULL,'2022-08-10 20:21:28','2022-08-10 20:21:21'),(8815,NULL,NULL,'2022-08-10 20:21:28','2022-08-10 20:21:21'),(8816,NULL,NULL,'2022-08-10 20:21:28','2022-08-10 20:21:21'),(8817,NULL,NULL,'2022-08-10 20:21:28','2022-08-10 20:21:21'),(8818,NULL,NULL,'2022-08-10 20:21:28','2022-08-10 20:21:21'),(8819,NULL,NULL,'2022-08-10 20:21:28','2022-08-10 20:21:21'),(8820,NULL,NULL,'2022-08-10 20:21:28','2022-08-10 20:21:21'),(8821,NULL,NULL,'2022-08-10 20:21:28','2022-08-10 20:21:21'),(8822,NULL,NULL,'2022-08-10 20:21:28','2022-08-10 20:21:21'),(8823,NULL,NULL,'2022-08-10 20:21:28','2022-08-10 20:21:21'),(8824,NULL,NULL,'2022-08-10 20:21:28','2022-08-10 20:21:21'),(8825,NULL,NULL,'2022-08-10 20:21:28','2022-08-10 20:21:21'),(8826,NULL,NULL,'2022-08-10 20:21:28','2022-08-10 20:21:21'),(8827,NULL,NULL,'2022-08-10 20:21:28','2022-08-10 20:21:21'),(8828,NULL,NULL,'2022-08-10 20:21:28','2022-08-10 20:21:21'),(8829,NULL,NULL,'2022-08-10 20:21:28','2022-08-10 20:21:21'),(8830,NULL,NULL,'2022-08-10 20:21:28','2022-08-10 20:21:21'),(8831,NULL,NULL,'2022-08-10 20:21:28','2022-08-10 20:21:21'),(8832,NULL,NULL,'2022-08-10 20:21:28','2022-08-10 20:21:21'),(8833,NULL,NULL,'2022-08-10 20:21:28','2022-08-10 20:21:21'),(8834,NULL,NULL,'2022-08-10 20:21:28','2022-08-10 20:21:21'),(8835,NULL,NULL,'2022-08-10 20:21:28','2022-08-10 20:21:21'),(8836,NULL,NULL,'2022-08-10 20:21:28','2022-08-10 20:21:21'),(8837,NULL,NULL,'2022-08-10 20:21:28','2022-08-10 20:21:21'),(8838,NULL,NULL,'2022-08-10 20:21:28','2022-08-10 20:21:21'),(8839,NULL,NULL,'2022-08-10 20:21:28','2022-08-10 20:21:21'),(8840,NULL,NULL,'2022-08-10 20:21:28','2022-08-10 20:21:21'),(8841,NULL,NULL,'2022-08-10 20:21:28','2022-08-10 20:21:21'),(8842,NULL,NULL,'2022-08-10 20:21:28','2022-08-10 20:21:21'),(8843,NULL,NULL,'2022-08-10 20:21:28','2022-08-10 20:21:21'),(8844,NULL,NULL,'2022-08-10 20:21:28','2022-08-10 20:21:21'),(8845,NULL,NULL,'2022-08-10 20:21:28','2022-08-10 20:21:21'),(8846,NULL,NULL,'2022-08-10 20:21:28','2022-08-10 20:21:21'),(8847,NULL,NULL,'2022-08-10 20:21:28','2022-08-10 20:21:21'),(8848,NULL,NULL,'2022-08-10 20:21:28','2022-08-10 20:21:21'),(8849,NULL,NULL,'2022-08-10 20:21:28','2022-08-10 20:21:21'),(8850,NULL,NULL,'2022-08-10 20:21:28','2022-08-10 20:21:21'),(8851,NULL,NULL,'2022-08-10 20:21:28','2022-08-10 20:21:21'),(8852,NULL,NULL,'2022-08-10 20:21:28','2022-08-10 20:21:21'),(8853,NULL,NULL,'2022-08-10 20:21:28','2022-08-10 20:21:21'),(8854,NULL,NULL,'2022-08-10 20:21:28','2022-08-10 20:21:21'),(8855,NULL,NULL,'2022-08-10 20:21:28','2022-08-10 20:21:21'),(8856,NULL,NULL,'2022-08-10 20:21:28','2022-08-10 20:21:21'),(8857,NULL,NULL,'2022-08-10 20:21:28','2022-08-10 20:21:21'),(8858,NULL,NULL,'2022-08-10 20:21:28','2022-08-10 20:21:21'),(8859,NULL,NULL,'2022-08-10 20:21:28','2022-08-10 20:21:21'),(8860,NULL,NULL,'2022-08-10 20:21:28','2022-08-10 20:21:21'),(8861,NULL,NULL,'2022-08-10 20:21:28','2022-08-10 20:21:21'),(8862,NULL,NULL,'2022-08-10 20:21:28','2022-08-10 20:21:21'),(8863,NULL,NULL,'2022-08-10 20:21:28','2022-08-10 20:21:21'),(8864,NULL,NULL,'2022-08-10 20:21:28','2022-08-10 20:21:21'),(8865,NULL,NULL,'2022-08-10 20:21:28','2022-08-10 20:21:21'),(8866,NULL,NULL,'2022-08-10 20:21:28','2022-08-10 20:21:21'),(8867,NULL,NULL,'2022-08-10 20:21:28','2022-08-10 20:21:21'),(8868,NULL,NULL,'2022-08-10 20:21:28','2022-08-10 20:21:21'),(8869,NULL,NULL,'2022-08-10 20:21:28','2022-08-10 20:21:21'),(8870,NULL,NULL,'2022-08-10 20:21:28','2022-08-10 20:21:21'),(8871,NULL,NULL,'2022-08-10 20:21:28','2022-08-10 20:21:21'),(8872,NULL,NULL,'2022-08-10 20:21:28','2022-08-10 20:21:21'),(8873,NULL,NULL,'2022-08-10 20:21:28','2022-08-10 20:21:21'),(8874,NULL,NULL,'2022-08-10 20:21:28','2022-08-10 20:21:21'),(8875,NULL,NULL,'2022-08-10 20:21:28','2022-08-10 20:21:21'),(8876,NULL,NULL,'2022-08-10 20:21:28','2022-08-10 20:21:21'),(8877,NULL,NULL,'2022-08-10 20:21:28','2022-08-10 20:21:21'),(8878,NULL,NULL,'2022-08-10 20:21:28','2022-08-10 20:21:21'),(8879,NULL,NULL,'2022-08-10 20:21:28','2022-08-10 20:21:21'),(8880,NULL,NULL,'2022-08-10 20:21:28','2022-08-10 20:21:21'),(8881,NULL,NULL,'2022-08-10 20:21:28','2022-08-10 20:21:21'),(8882,NULL,NULL,'2022-08-10 20:21:28','2022-08-10 20:21:21'),(8883,NULL,NULL,'2022-08-10 20:21:28','2022-08-10 20:21:21'),(8884,NULL,NULL,'2022-08-10 20:21:28','2022-08-10 20:21:21'),(8885,NULL,NULL,'2022-08-10 20:21:28','2022-08-10 20:21:21'),(8886,NULL,NULL,'2022-08-10 20:21:28','2022-08-10 20:21:21'),(8887,NULL,NULL,'2022-08-10 20:21:28','2022-08-10 20:21:21'),(8888,NULL,NULL,'2022-08-10 20:21:28','2022-08-10 20:21:21'),(8889,NULL,NULL,'2022-08-10 20:21:28','2022-08-10 20:21:21'),(8890,NULL,NULL,'2022-08-10 20:21:28','2022-08-10 20:21:21'),(8891,NULL,NULL,'2022-08-10 20:21:28','2022-08-10 20:21:21'),(8892,NULL,NULL,'2022-08-10 20:21:28','2022-08-10 20:21:21'),(8893,NULL,NULL,'2022-08-10 20:21:28','2022-08-10 20:21:21'),(8894,NULL,NULL,'2022-08-10 20:21:28','2022-08-10 20:21:21'),(8895,NULL,NULL,'2022-08-10 20:21:28','2022-08-10 20:21:21'),(8896,NULL,NULL,'2022-08-10 20:21:28','2022-08-10 20:21:21'),(8897,NULL,NULL,'2022-08-10 20:21:28','2022-08-10 20:21:21'),(8898,NULL,NULL,'2022-08-10 20:21:28','2022-08-10 20:21:21'),(8899,NULL,NULL,'2022-08-10 20:21:28','2022-08-10 20:21:21'),(8900,NULL,NULL,'2022-08-10 20:21:28','2022-08-10 20:21:21'),(8901,NULL,NULL,'2022-08-10 20:21:28','2022-08-10 20:21:21'),(8902,NULL,NULL,'2022-08-10 20:21:28','2022-08-10 20:21:21'),(8903,NULL,NULL,'2022-08-10 20:21:28','2022-08-10 20:21:21'),(8904,NULL,NULL,'2022-08-10 20:21:28','2022-08-10 20:21:21'),(8905,NULL,NULL,'2022-08-10 20:21:28','2022-08-10 20:21:21'),(8906,NULL,NULL,'2022-08-10 20:21:28','2022-08-10 20:21:21'),(8907,NULL,NULL,'2022-08-10 20:21:28','2022-08-10 20:21:21'),(8908,NULL,NULL,'2022-08-10 20:21:28','2022-08-10 20:21:21'),(8909,NULL,NULL,'2022-08-10 20:21:28','2022-08-10 20:21:21'),(8910,NULL,NULL,'2022-08-10 20:21:28','2022-08-10 20:21:21'),(8911,NULL,NULL,'2022-08-10 20:21:28','2022-08-10 20:21:21'),(8912,NULL,NULL,'2022-08-10 20:21:28','2022-08-10 20:21:21'),(8913,NULL,NULL,'2022-08-10 20:21:28','2022-08-10 20:21:21'),(8914,NULL,NULL,'2022-08-10 20:21:28','2022-08-10 20:21:21'),(8915,NULL,NULL,'2022-08-10 20:21:28','2022-08-10 20:21:21'),(8916,NULL,NULL,'2022-08-10 20:21:28','2022-08-10 20:21:21'),(8917,NULL,NULL,'2022-08-10 20:21:28','2022-08-10 20:21:21'),(8918,NULL,NULL,'2022-08-10 20:21:28','2022-08-10 20:21:21'),(8919,NULL,NULL,'2022-08-10 20:21:28','2022-08-10 20:21:21'),(8920,NULL,NULL,'2022-08-10 20:21:28','2022-08-10 20:21:21'),(8921,NULL,NULL,'2022-08-10 20:21:28','2022-08-10 20:21:21'),(8922,NULL,NULL,'2022-08-10 20:21:28','2022-08-10 20:21:21'),(8923,NULL,NULL,'2022-08-10 20:21:28','2022-08-10 20:21:21'),(8924,NULL,NULL,'2022-08-10 20:21:28','2022-08-10 20:21:21'),(8925,NULL,NULL,'2022-08-10 20:21:28','2022-08-10 20:21:21'),(8926,NULL,NULL,'2022-08-10 20:21:28','2022-08-10 20:21:21'),(8927,NULL,NULL,'2022-08-10 20:21:28','2022-08-10 20:21:21'),(8928,NULL,NULL,'2022-08-10 20:21:28','2022-08-10 20:21:21'),(8929,NULL,NULL,'2022-08-10 20:21:28','2022-08-10 20:21:21'),(8930,NULL,NULL,'2022-08-10 20:21:28','2022-08-10 20:21:21'),(8931,NULL,NULL,'2022-08-10 20:21:28','2022-08-10 20:21:21'),(8932,NULL,NULL,'2022-08-10 20:21:28','2022-08-10 20:21:21'),(8933,NULL,NULL,'2022-08-10 20:21:28','2022-08-10 20:21:21'),(8934,NULL,NULL,'2022-08-10 20:21:28','2022-08-10 20:21:21'),(8935,NULL,NULL,'2022-08-10 20:21:28','2022-08-10 20:21:21'),(8936,NULL,NULL,'2022-08-10 20:21:28','2022-08-10 20:21:21'),(8937,NULL,NULL,'2022-08-10 20:21:28','2022-08-10 20:21:21'),(8938,NULL,NULL,'2022-08-10 20:21:28','2022-08-10 20:21:21'),(8939,NULL,NULL,'2022-08-10 20:21:28','2022-08-10 20:21:21'),(8940,NULL,NULL,'2022-08-10 20:21:28','2022-08-10 20:21:21'),(8941,NULL,NULL,'2022-08-10 20:21:28','2022-08-10 20:21:21'),(8942,NULL,NULL,'2022-08-10 20:21:28','2022-08-10 20:21:21'),(8943,NULL,NULL,'2022-08-10 20:21:28','2022-08-10 20:21:21'),(8944,NULL,NULL,'2022-08-10 20:21:28','2022-08-10 20:21:21'),(8945,NULL,NULL,'2022-08-10 20:21:28','2022-08-10 20:21:21'),(8946,NULL,NULL,'2022-08-10 20:21:28','2022-08-10 20:21:21'),(8947,NULL,NULL,'2022-08-10 20:21:28','2022-08-10 20:21:21'),(8948,NULL,NULL,'2022-08-10 20:21:28','2022-08-10 20:21:21'),(8949,NULL,NULL,'2022-08-10 20:21:28','2022-08-10 20:21:21'),(8950,NULL,NULL,'2022-08-10 20:21:28','2022-08-10 20:21:21'),(8951,NULL,NULL,'2022-08-10 20:21:28','2022-08-10 20:21:21'),(8952,NULL,NULL,'2022-08-10 20:21:28','2022-08-10 20:21:21'),(8953,NULL,NULL,'2022-08-10 20:21:28','2022-08-10 20:21:21'),(8954,NULL,NULL,'2022-08-10 20:21:28','2022-08-10 20:21:21'),(8955,NULL,NULL,'2022-08-10 20:21:28','2022-08-10 20:21:21'),(8956,NULL,NULL,'2022-08-10 20:21:28','2022-08-10 20:21:21'),(8957,NULL,NULL,'2022-08-10 20:21:28','2022-08-10 20:21:21'),(8958,NULL,NULL,'2022-08-10 20:21:28','2022-08-10 20:21:21'),(8959,NULL,NULL,'2022-08-10 20:21:28','2022-08-10 20:21:21'),(8960,NULL,NULL,'2022-08-10 20:21:28','2022-08-10 20:21:21'),(8961,NULL,NULL,'2022-08-10 20:21:28','2022-08-10 20:21:21'),(8962,NULL,NULL,'2022-08-10 20:21:28','2022-08-10 20:21:21'),(8963,NULL,NULL,'2022-08-10 20:21:28','2022-08-10 20:21:21'),(8964,NULL,NULL,'2022-08-10 20:21:28','2022-08-10 20:21:21'),(8965,NULL,NULL,'2022-08-10 20:21:28','2022-08-10 20:21:21'),(8966,NULL,NULL,'2022-08-10 20:21:28','2022-08-10 20:21:21'),(8967,NULL,NULL,'2022-08-10 20:21:28','2022-08-10 20:21:21'),(8968,NULL,NULL,'2022-08-10 20:21:28','2022-08-10 20:21:21'),(8969,NULL,NULL,'2022-08-10 20:21:28','2022-08-10 20:21:21'),(8970,NULL,NULL,'2022-08-10 20:21:28','2022-08-10 20:21:21'),(8971,NULL,NULL,'2022-08-10 20:21:28','2022-08-10 20:21:21'),(8972,NULL,NULL,'2022-08-10 20:21:28','2022-08-10 20:21:21'),(8973,NULL,NULL,'2022-08-10 20:21:28','2022-08-10 20:21:21'),(8974,NULL,NULL,'2022-08-10 20:21:28','2022-08-10 20:21:21'),(8975,NULL,NULL,'2022-08-10 20:21:28','2022-08-10 20:21:21'),(8976,NULL,NULL,'2022-08-10 20:21:28','2022-08-10 20:21:21'),(8977,NULL,NULL,'2022-08-10 20:21:28','2022-08-10 20:21:21'),(8978,NULL,NULL,'2022-08-10 20:21:28','2022-08-10 20:21:21'),(8979,NULL,NULL,'2022-08-10 20:21:28','2022-08-10 20:21:21'),(8980,NULL,NULL,'2022-08-10 20:21:28','2022-08-10 20:21:21'),(8981,NULL,NULL,'2022-08-10 20:21:28','2022-08-10 20:21:21'),(8982,NULL,NULL,'2022-08-10 20:21:28','2022-08-10 20:21:21'),(8983,NULL,NULL,'2022-08-10 20:21:28','2022-08-10 20:21:21'),(8984,NULL,NULL,'2022-08-10 20:21:28','2022-08-10 20:21:21'),(8985,NULL,NULL,'2022-08-10 20:21:28','2022-08-10 20:21:21'),(8986,NULL,NULL,'2022-08-10 20:21:28','2022-08-10 20:21:21'),(8987,NULL,NULL,'2022-08-10 20:21:28','2022-08-10 20:21:21'),(8988,NULL,NULL,'2022-08-10 20:21:28','2022-08-10 20:21:21'),(8989,NULL,NULL,'2022-08-10 20:21:28','2022-08-10 20:21:21'),(8990,NULL,NULL,'2022-08-10 20:21:28','2022-08-10 20:21:21'),(8991,NULL,NULL,'2022-08-10 20:21:28','2022-08-10 20:21:21'),(8992,NULL,NULL,'2022-08-10 20:21:28','2022-08-10 20:21:21'),(8993,NULL,NULL,'2022-08-10 20:21:28','2022-08-10 20:21:21'),(8994,NULL,NULL,'2022-08-10 20:21:28','2022-08-10 20:21:21'),(8995,NULL,NULL,'2022-08-10 20:21:28','2022-08-10 20:21:21'),(8996,NULL,NULL,'2022-08-10 20:21:28','2022-08-10 20:21:21'),(8997,NULL,NULL,'2022-08-10 20:21:28','2022-08-10 20:21:21'),(8998,NULL,NULL,'2022-08-10 20:21:28','2022-08-10 20:21:21'),(8999,NULL,NULL,'2022-08-10 20:21:28','2022-08-10 20:21:21'),(9000,NULL,NULL,'2022-08-10 20:21:28','2022-08-10 20:21:21'),(9001,NULL,NULL,'2022-08-10 20:21:28','2022-08-10 20:21:21'),(9002,NULL,NULL,'2022-08-10 20:21:28','2022-08-10 20:21:21'),(9003,NULL,NULL,'2022-08-10 20:21:28','2022-08-10 20:21:21'),(9004,NULL,NULL,'2022-08-10 20:21:28','2022-08-10 20:21:21'),(9005,NULL,NULL,'2022-08-10 20:21:28','2022-08-10 20:21:21'),(9006,NULL,NULL,'2022-08-10 20:21:28','2022-08-10 20:21:21'),(9007,NULL,NULL,'2022-08-10 20:21:28','2022-08-10 20:21:21'),(9008,NULL,NULL,'2022-08-10 20:21:28','2022-08-10 20:21:21'),(9009,NULL,NULL,'2022-08-10 20:21:28','2022-08-10 20:21:21'),(9010,NULL,NULL,'2022-08-10 20:21:28','2022-08-10 20:21:21'),(9011,NULL,NULL,'2022-08-10 20:21:28','2022-08-10 20:21:21'),(9012,NULL,NULL,'2022-08-10 20:21:28','2022-08-10 20:21:21'),(9013,NULL,NULL,'2022-08-10 20:21:28','2022-08-10 20:21:21'),(9014,NULL,NULL,'2022-08-10 20:21:28','2022-08-10 20:21:21'),(9015,NULL,NULL,'2022-08-10 20:21:28','2022-08-10 20:21:21'),(9016,NULL,NULL,'2022-08-10 20:21:28','2022-08-10 20:21:21'),(9017,NULL,NULL,'2022-08-10 20:21:28','2022-08-10 20:21:21'),(9018,NULL,NULL,'2022-08-10 20:21:28','2022-08-10 20:21:21'),(9019,NULL,NULL,'2022-08-10 20:21:28','2022-08-10 20:21:21'),(9020,NULL,NULL,'2022-08-10 20:21:28','2022-08-10 20:21:21'),(9021,NULL,NULL,'2022-08-10 20:21:28','2022-08-10 20:21:21'),(9022,NULL,NULL,'2022-08-10 20:21:28','2022-08-10 20:21:21'),(9023,NULL,NULL,'2022-08-10 20:21:28','2022-08-10 20:21:21'),(9024,NULL,NULL,'2022-08-10 20:21:28','2022-08-10 20:21:21'),(9025,NULL,NULL,'2022-08-10 20:21:28','2022-08-10 20:21:21'),(9026,NULL,NULL,'2022-08-10 20:21:28','2022-08-10 20:21:21'),(9027,NULL,NULL,'2022-08-10 20:21:28','2022-08-10 20:21:21'),(9028,NULL,NULL,'2022-08-10 20:21:28','2022-08-10 20:21:21'),(9029,NULL,NULL,'2022-08-10 20:21:28','2022-08-10 20:21:21'),(9030,NULL,NULL,'2022-08-10 20:21:28','2022-08-10 20:21:21'),(9031,NULL,NULL,'2022-08-10 20:21:28','2022-08-10 20:21:21'),(9032,NULL,NULL,'2022-08-10 20:21:28','2022-08-10 20:21:21'),(9033,NULL,NULL,'2022-08-10 20:21:28','2022-08-10 20:21:21'),(9034,NULL,NULL,'2022-08-10 20:21:28','2022-08-10 20:21:21'),(9035,NULL,NULL,'2022-08-10 20:21:28','2022-08-10 20:21:21'),(9036,NULL,NULL,'2022-08-10 20:21:28','2022-08-10 20:21:21'),(9037,NULL,NULL,'2022-08-10 20:21:28','2022-08-10 20:21:21'),(9038,NULL,NULL,'2022-08-10 20:21:28','2022-08-10 20:21:21'),(9039,NULL,NULL,'2022-08-10 20:21:28','2022-08-10 20:21:21'),(9040,NULL,NULL,'2022-08-10 20:21:28','2022-08-10 20:21:21'),(9041,NULL,NULL,'2022-08-10 20:21:28','2022-08-10 20:21:21'),(9042,NULL,NULL,'2022-08-10 20:21:28','2022-08-10 20:21:21'),(9043,NULL,NULL,'2022-08-10 20:21:28','2022-08-10 20:21:21'),(9044,NULL,NULL,'2022-08-10 20:21:28','2022-08-10 20:21:21'),(9045,NULL,NULL,'2022-08-10 20:21:28','2022-08-10 20:21:21'),(9046,NULL,NULL,'2022-08-10 20:21:28','2022-08-10 20:21:21'),(9047,NULL,NULL,'2022-08-10 20:21:28','2022-08-10 20:21:21'),(9048,NULL,NULL,'2022-08-10 20:21:28','2022-08-10 20:21:21'),(9049,NULL,NULL,'2022-08-10 20:21:28','2022-08-10 20:21:21'),(9050,NULL,NULL,'2022-08-10 20:21:28','2022-08-10 20:21:21'),(9051,NULL,NULL,'2022-08-10 20:21:28','2022-08-10 20:21:21'),(9052,NULL,NULL,'2022-08-10 20:21:28','2022-08-10 20:21:21'),(9053,NULL,NULL,'2022-08-10 20:21:28','2022-08-10 20:21:21'),(9054,NULL,NULL,'2022-08-10 20:21:28','2022-08-10 20:21:21'),(9055,NULL,NULL,'2022-08-10 20:21:28','2022-08-10 20:21:21'),(9056,NULL,NULL,'2022-08-10 20:21:28','2022-08-10 20:21:21'),(9057,NULL,NULL,'2022-08-10 20:21:28','2022-08-10 20:21:21'),(9058,NULL,NULL,'2022-08-10 20:21:28','2022-08-10 20:21:21'),(9059,NULL,NULL,'2022-08-10 20:21:28','2022-08-10 20:21:21'),(9060,NULL,NULL,'2022-08-10 20:21:28','2022-08-10 20:21:21'),(9061,NULL,NULL,'2022-08-10 20:21:28','2022-08-10 20:21:21'),(9062,NULL,NULL,'2022-08-10 20:21:28','2022-08-10 20:21:21'),(9063,NULL,NULL,'2022-08-10 20:21:28','2022-08-10 20:21:21'),(9064,NULL,NULL,'2022-08-10 20:21:28','2022-08-10 20:21:21'),(9065,NULL,NULL,'2022-08-10 20:21:28','2022-08-10 20:21:21'),(9066,NULL,NULL,'2022-08-10 20:21:28','2022-08-10 20:21:21'),(9067,NULL,NULL,'2022-08-10 20:21:28','2022-08-10 20:21:21'),(9068,NULL,NULL,'2022-08-10 20:21:28','2022-08-10 20:21:21'),(9069,NULL,NULL,'2022-08-10 20:21:28','2022-08-10 20:21:21'),(9070,NULL,NULL,'2022-08-10 20:21:28','2022-08-10 20:21:21'),(9071,NULL,NULL,'2022-08-10 20:21:28','2022-08-10 20:21:21'),(9072,NULL,NULL,'2022-08-10 20:21:28','2022-08-10 20:21:21'),(9073,NULL,NULL,'2022-08-10 20:21:28','2022-08-10 20:21:21'),(9074,NULL,NULL,'2022-08-10 20:21:28','2022-08-10 20:21:21'),(9075,NULL,NULL,'2022-08-10 20:21:28','2022-08-10 20:21:21'),(9076,NULL,NULL,'2022-08-10 20:21:28','2022-08-10 20:21:21'),(9077,NULL,NULL,'2022-08-10 20:21:28','2022-08-10 20:21:21'),(9078,NULL,NULL,'2022-08-10 20:21:28','2022-08-10 20:21:21'),(9079,NULL,NULL,'2022-08-10 20:21:28','2022-08-10 20:21:21'),(9080,NULL,NULL,'2022-08-10 20:21:28','2022-08-10 20:21:21'),(9081,NULL,NULL,'2022-08-10 20:21:28','2022-08-10 20:21:21'),(9082,NULL,NULL,'2022-08-10 20:21:28','2022-08-10 20:21:21'),(9083,NULL,NULL,'2022-08-10 20:21:28','2022-08-10 20:21:21'),(9084,NULL,NULL,'2022-08-10 20:21:28','2022-08-10 20:21:21'),(9085,NULL,NULL,'2022-08-10 20:21:28','2022-08-10 20:21:21'),(9086,NULL,NULL,'2022-08-10 20:21:28','2022-08-10 20:21:21'),(9087,NULL,NULL,'2022-08-10 20:21:28','2022-08-10 20:21:21'),(9088,NULL,NULL,'2022-08-10 20:21:28','2022-08-10 20:21:21'),(9089,NULL,NULL,'2022-08-10 20:21:28','2022-08-10 20:21:21'),(9090,NULL,NULL,'2022-08-10 20:21:28','2022-08-10 20:21:21'),(9091,NULL,NULL,'2022-08-10 20:21:28','2022-08-10 20:21:21'),(9092,NULL,NULL,'2022-08-10 20:21:28','2022-08-10 20:21:21'),(9093,NULL,NULL,'2022-08-10 20:21:28','2022-08-10 20:21:21'),(9094,NULL,NULL,'2022-08-10 20:21:28','2022-08-10 20:21:21'),(9095,NULL,NULL,'2022-08-10 20:21:28','2022-08-10 20:21:21'),(9096,NULL,NULL,'2022-08-10 20:21:28','2022-08-10 20:21:21'),(9097,NULL,NULL,'2022-08-10 20:21:28','2022-08-10 20:21:21'),(9098,NULL,NULL,'2022-08-10 20:21:28','2022-08-10 20:21:21'),(9099,NULL,NULL,'2022-08-10 20:21:28','2022-08-10 20:21:21'),(9100,NULL,NULL,'2022-08-10 20:21:28','2022-08-10 20:21:21'),(9101,NULL,NULL,'2022-08-10 20:21:28','2022-08-10 20:21:21'),(9102,NULL,NULL,'2022-08-10 20:21:28','2022-08-10 20:21:21'),(9103,NULL,NULL,'2022-08-10 20:21:28','2022-08-10 20:21:21'),(9104,NULL,NULL,'2022-08-10 20:21:28','2022-08-10 20:21:21'),(9105,NULL,NULL,'2022-08-10 20:21:28','2022-08-10 20:21:21'),(9106,NULL,NULL,'2022-08-10 20:21:28','2022-08-10 20:21:21'),(9107,NULL,NULL,'2022-08-10 20:21:28','2022-08-10 20:21:21'),(9108,NULL,NULL,'2022-08-10 20:21:28','2022-08-10 20:21:21'),(9109,NULL,NULL,'2022-08-10 20:21:28','2022-08-10 20:21:21'),(9110,NULL,NULL,'2022-08-10 20:21:28','2022-08-10 20:21:21'),(9111,NULL,NULL,'2022-08-10 20:21:28','2022-08-10 20:21:21'),(9112,NULL,NULL,'2022-08-10 20:21:28','2022-08-10 20:21:21'),(9113,NULL,NULL,'2022-08-10 20:21:28','2022-08-10 20:21:21'),(9114,NULL,NULL,'2022-08-10 20:21:28','2022-08-10 20:21:21'),(9115,NULL,NULL,'2022-08-10 20:21:28','2022-08-10 20:21:21'),(9116,NULL,NULL,'2022-08-10 20:21:28','2022-08-10 20:21:21'),(9117,NULL,NULL,'2022-08-10 20:21:28','2022-08-10 20:21:21'),(9118,NULL,NULL,'2022-08-10 20:21:28','2022-08-10 20:21:21'),(9119,NULL,NULL,'2022-08-10 20:21:28','2022-08-10 20:21:21'),(9120,NULL,NULL,'2022-08-10 20:21:28','2022-08-10 20:21:21'),(9121,NULL,NULL,'2022-08-10 20:21:28','2022-08-10 20:21:21'),(9122,NULL,NULL,'2022-08-10 20:21:28','2022-08-10 20:21:21'),(9123,NULL,NULL,'2022-08-10 20:21:28','2022-08-10 20:21:21'),(9124,NULL,NULL,'2022-08-10 20:21:28','2022-08-10 20:21:21'),(9125,NULL,NULL,'2022-08-10 20:21:28','2022-08-10 20:21:21'),(9126,NULL,NULL,'2022-08-10 20:21:28','2022-08-10 20:21:21'),(9127,NULL,NULL,'2022-08-10 20:21:28','2022-08-10 20:21:21'),(9128,NULL,NULL,'2022-08-10 20:21:28','2022-08-10 20:21:21'),(9129,NULL,NULL,'2022-08-10 20:21:28','2022-08-10 20:21:21'),(9130,NULL,NULL,'2022-08-10 20:21:28','2022-08-10 20:21:21'),(9131,NULL,NULL,'2022-08-10 20:21:28','2022-08-10 20:21:21'),(9132,NULL,NULL,'2022-08-10 20:21:28','2022-08-10 20:21:21'),(9133,NULL,NULL,'2022-08-10 20:21:28','2022-08-10 20:21:21'),(9134,NULL,NULL,'2022-08-10 20:21:28','2022-08-10 20:21:21'),(9135,NULL,NULL,'2022-08-10 20:21:28','2022-08-10 20:21:21'),(9136,NULL,NULL,'2022-08-10 20:21:28','2022-08-10 20:21:21'),(9137,NULL,NULL,'2022-08-10 20:21:28','2022-08-10 20:21:21'),(9138,NULL,NULL,'2022-08-10 20:21:28','2022-08-10 20:21:21'),(9139,NULL,NULL,'2022-08-10 20:21:28','2022-08-10 20:21:21'),(9140,NULL,NULL,'2022-08-10 20:21:28','2022-08-10 20:21:21'),(9141,NULL,NULL,'2022-08-10 20:21:28','2022-08-10 20:21:21'),(9142,NULL,NULL,'2022-08-10 20:21:28','2022-08-10 20:21:21'),(9143,NULL,NULL,'2022-08-10 20:21:28','2022-08-10 20:21:21'),(9144,NULL,NULL,'2022-08-10 20:21:28','2022-08-10 20:21:21'),(9145,NULL,NULL,'2022-08-10 20:21:28','2022-08-10 20:21:21'),(9146,NULL,NULL,'2022-08-10 20:21:28','2022-08-10 20:21:21'),(9147,NULL,NULL,'2022-08-10 20:21:28','2022-08-10 20:21:21'),(9148,NULL,NULL,'2022-08-10 20:21:28','2022-08-10 20:21:21'),(9149,NULL,NULL,'2022-08-10 20:21:28','2022-08-10 20:21:21'),(9150,NULL,NULL,'2022-08-10 20:21:28','2022-08-10 20:21:21'),(9151,NULL,NULL,'2022-08-10 20:21:28','2022-08-10 20:21:21'),(9152,NULL,NULL,'2022-08-10 20:21:28','2022-08-10 20:21:21'),(9153,NULL,NULL,'2022-08-10 20:21:28','2022-08-10 20:21:21'),(9154,NULL,NULL,'2022-08-10 20:21:28','2022-08-10 20:21:21'),(9155,NULL,NULL,'2022-08-10 20:21:28','2022-08-10 20:21:21'),(9156,NULL,NULL,'2022-08-10 20:21:28','2022-08-10 20:21:21'),(9157,NULL,NULL,'2022-08-10 20:21:28','2022-08-10 20:21:21'),(9158,NULL,NULL,'2022-08-10 20:21:28','2022-08-10 20:21:21'),(9159,NULL,NULL,'2022-08-10 20:21:28','2022-08-10 20:21:21'),(9160,NULL,NULL,'2022-08-10 20:21:28','2022-08-10 20:21:21'),(9161,NULL,NULL,'2022-08-10 20:21:28','2022-08-10 20:21:21'),(9162,NULL,NULL,'2022-08-10 20:21:28','2022-08-10 20:21:21'),(9163,NULL,NULL,'2022-08-10 20:21:28','2022-08-10 20:21:21'),(9164,NULL,NULL,'2022-08-10 20:21:28','2022-08-10 20:21:21'),(9165,NULL,NULL,'2022-08-10 20:21:28','2022-08-10 20:21:21'),(9166,NULL,NULL,'2022-08-10 20:21:28','2022-08-10 20:21:21'),(9167,NULL,NULL,'2022-08-10 20:21:28','2022-08-10 20:21:21'),(9168,NULL,NULL,'2022-08-10 20:21:28','2022-08-10 20:21:21'),(9169,NULL,NULL,'2022-08-10 20:21:28','2022-08-10 20:21:21'),(9170,NULL,NULL,'2022-08-10 20:21:28','2022-08-10 20:21:21'),(9171,NULL,NULL,'2022-08-10 20:21:28','2022-08-10 20:21:21'),(9172,NULL,NULL,'2022-08-10 20:21:28','2022-08-10 20:21:21'),(9173,NULL,NULL,'2022-08-10 20:21:28','2022-08-10 20:21:21'),(9174,NULL,NULL,'2022-08-10 20:21:28','2022-08-10 20:21:21'),(9175,NULL,NULL,'2022-08-10 20:21:28','2022-08-10 20:21:21'),(9176,NULL,NULL,'2022-08-10 20:21:28','2022-08-10 20:21:21'),(9177,NULL,NULL,'2022-08-10 20:21:28','2022-08-10 20:21:21'),(9178,NULL,NULL,'2022-08-10 20:21:28','2022-08-10 20:21:21'),(9179,NULL,NULL,'2022-08-10 20:21:28','2022-08-10 20:21:21'),(9180,NULL,NULL,'2022-08-10 20:21:28','2022-08-10 20:21:21'),(9181,NULL,NULL,'2022-08-10 20:21:28','2022-08-10 20:21:21'),(9182,NULL,NULL,'2022-08-10 20:21:28','2022-08-10 20:21:21'),(9183,NULL,NULL,'2022-08-10 20:21:28','2022-08-10 20:21:21'),(9184,NULL,NULL,'2022-08-10 20:21:28','2022-08-10 20:21:21'),(9185,NULL,NULL,'2022-08-10 20:21:28','2022-08-10 20:21:21'),(9186,NULL,NULL,'2022-08-10 20:21:28','2022-08-10 20:21:21'),(9187,NULL,NULL,'2022-08-10 20:21:28','2022-08-10 20:21:21'),(9188,NULL,NULL,'2022-08-10 20:21:28','2022-08-10 20:21:21'),(9189,NULL,NULL,'2022-08-10 20:21:28','2022-08-10 20:21:21'),(9190,NULL,NULL,'2022-08-10 20:21:28','2022-08-10 20:21:21'),(9191,NULL,NULL,'2022-08-10 20:21:28','2022-08-10 20:21:21'),(9192,NULL,NULL,'2022-08-10 20:21:28','2022-08-10 20:21:21'),(9193,NULL,NULL,'2022-08-10 20:21:28','2022-08-10 20:21:21'),(9194,NULL,NULL,'2022-08-10 20:21:28','2022-08-10 20:21:21'),(9195,NULL,NULL,'2022-08-10 20:21:28','2022-08-10 20:21:21'),(9196,NULL,NULL,'2022-08-10 20:21:28','2022-08-10 20:21:21'),(9197,NULL,NULL,'2022-08-10 20:21:28','2022-08-10 20:21:21'),(9198,NULL,NULL,'2022-08-10 20:21:28','2022-08-10 20:21:21'),(9199,NULL,NULL,'2022-08-10 20:21:28','2022-08-10 20:21:21'),(9200,NULL,NULL,'2022-08-10 20:21:28','2022-08-10 20:21:21'),(9201,NULL,NULL,'2022-08-10 20:21:28','2022-08-10 20:21:21'),(9202,NULL,NULL,'2022-08-10 20:21:28','2022-08-10 20:21:21'),(9203,NULL,NULL,'2022-08-10 20:21:28','2022-08-10 20:21:21'),(9204,NULL,NULL,'2022-08-10 20:21:28','2022-08-10 20:21:21'),(9205,NULL,NULL,'2022-08-10 20:21:28','2022-08-10 20:21:21'),(9206,NULL,NULL,'2022-08-10 20:21:28','2022-08-10 20:21:21'),(9207,NULL,NULL,'2022-08-10 20:21:28','2022-08-10 20:21:21'),(9208,NULL,NULL,'2022-08-10 20:21:28','2022-08-10 20:21:21'),(9209,NULL,NULL,'2022-08-10 20:21:28','2022-08-10 20:21:21'),(9210,NULL,NULL,'2022-08-10 20:21:28','2022-08-10 20:21:21'),(9211,NULL,NULL,'2022-08-10 20:21:28','2022-08-10 20:21:21'),(9212,NULL,NULL,'2022-08-10 20:21:28','2022-08-10 20:21:21'),(9213,NULL,NULL,'2022-08-10 20:21:28','2022-08-10 20:21:21'),(9214,NULL,NULL,'2022-08-10 20:21:28','2022-08-10 20:21:21'),(9215,NULL,NULL,'2022-08-10 20:21:28','2022-08-10 20:21:21'),(9216,NULL,NULL,'2022-08-10 20:21:28','2022-08-10 20:21:21'),(9217,NULL,NULL,'2022-08-10 20:21:28','2022-08-10 20:21:21'),(9218,NULL,NULL,'2022-08-10 20:21:28','2022-08-10 20:21:21'),(9219,NULL,NULL,'2022-08-10 20:21:28','2022-08-10 20:21:21'),(9220,NULL,NULL,'2022-08-10 20:21:28','2022-08-10 20:21:21'),(9221,NULL,NULL,'2022-08-10 20:21:28','2022-08-10 20:21:21'),(9222,NULL,NULL,'2022-08-10 20:21:28','2022-08-10 20:21:21'),(9223,NULL,NULL,'2022-08-10 20:21:28','2022-08-10 20:21:21'),(9224,NULL,NULL,'2022-08-10 20:21:28','2022-08-10 20:21:21'),(9225,NULL,NULL,'2022-08-10 20:21:28','2022-08-10 20:21:21'),(9226,NULL,NULL,'2022-08-10 20:21:28','2022-08-10 20:21:21'),(9227,NULL,NULL,'2022-08-10 20:21:28','2022-08-10 20:21:21'),(9228,NULL,NULL,'2022-08-10 20:21:28','2022-08-10 20:21:21'),(9229,NULL,NULL,'2022-08-10 20:21:28','2022-08-10 20:21:21'),(9230,NULL,NULL,'2022-08-10 20:21:28','2022-08-10 20:21:21'),(9231,NULL,NULL,'2022-08-10 20:21:28','2022-08-10 20:21:21'),(9232,NULL,NULL,'2022-08-10 20:21:28','2022-08-10 20:21:21'),(9233,NULL,NULL,'2022-08-10 20:21:28','2022-08-10 20:21:21'),(9234,NULL,NULL,'2022-08-10 20:21:28','2022-08-10 20:21:21'),(9235,NULL,NULL,'2022-08-10 20:21:28','2022-08-10 20:21:21'),(9236,NULL,NULL,'2022-08-10 20:21:28','2022-08-10 20:21:21'),(9237,NULL,NULL,'2022-08-10 20:21:28','2022-08-10 20:21:21'),(9238,NULL,NULL,'2022-08-10 20:21:28','2022-08-10 20:21:21'),(9239,NULL,NULL,'2022-08-10 20:21:28','2022-08-10 20:21:21'),(9240,NULL,NULL,'2022-08-10 20:21:28','2022-08-10 20:21:21'),(9241,NULL,NULL,'2022-08-10 20:21:28','2022-08-10 20:21:21'),(9242,NULL,NULL,'2022-08-10 20:21:28','2022-08-10 20:21:21'),(9243,NULL,NULL,'2022-08-10 20:21:28','2022-08-10 20:21:21'),(9244,NULL,NULL,'2022-08-10 20:21:28','2022-08-10 20:21:21'),(9245,NULL,NULL,'2022-08-10 20:21:28','2022-08-10 20:21:21'),(9246,NULL,NULL,'2022-08-10 20:21:28','2022-08-10 20:21:21'),(9247,NULL,NULL,'2022-08-10 20:21:28','2022-08-10 20:21:21'),(9248,NULL,NULL,'2022-08-10 20:21:28','2022-08-10 20:21:21'),(9249,NULL,NULL,'2022-08-10 20:21:28','2022-08-10 20:21:21'),(9250,NULL,NULL,'2022-08-10 20:21:28','2022-08-10 20:21:21'),(9251,NULL,NULL,'2022-08-10 20:21:28','2022-08-10 20:21:21'),(9252,NULL,NULL,'2022-08-10 20:21:28','2022-08-10 20:21:21'),(9253,NULL,NULL,'2022-08-10 20:21:28','2022-08-10 20:21:21'),(9254,NULL,NULL,'2022-08-10 20:21:28','2022-08-10 20:21:21'),(9255,NULL,NULL,'2022-08-10 20:21:28','2022-08-10 20:21:21'),(9256,NULL,NULL,'2022-08-10 20:21:28','2022-08-10 20:21:21'),(9257,NULL,NULL,'2022-08-10 20:21:28','2022-08-10 20:21:21'),(9258,NULL,NULL,'2022-08-10 20:21:28','2022-08-10 20:21:21'),(9259,NULL,NULL,'2022-08-10 20:21:28','2022-08-10 20:21:21'),(9260,NULL,NULL,'2022-08-10 20:21:28','2022-08-10 20:21:21'),(9261,NULL,NULL,'2022-08-10 20:21:28','2022-08-10 20:21:21'),(9262,NULL,NULL,'2022-08-10 20:21:28','2022-08-10 20:21:21'),(9263,NULL,NULL,'2022-08-10 20:21:28','2022-08-10 20:21:21'),(9264,NULL,NULL,'2022-08-10 20:21:28','2022-08-10 20:21:21'),(9265,NULL,NULL,'2022-08-10 20:21:28','2022-08-10 20:21:21'),(9266,NULL,NULL,'2022-08-10 20:21:28','2022-08-10 20:21:21'),(9267,NULL,NULL,'2022-08-10 20:21:28','2022-08-10 20:21:21'),(9268,NULL,NULL,'2022-08-10 20:21:28','2022-08-10 20:21:21'),(9269,NULL,NULL,'2022-08-10 20:21:28','2022-08-10 20:21:21'),(9270,NULL,NULL,'2022-08-10 20:21:28','2022-08-10 20:21:21'),(9271,NULL,NULL,'2022-08-10 20:21:28','2022-08-10 20:21:21'),(9272,NULL,NULL,'2022-08-10 20:21:28','2022-08-10 20:21:21'),(9273,NULL,NULL,'2022-08-10 20:21:28','2022-08-10 20:21:21'),(9274,NULL,NULL,'2022-08-10 20:21:28','2022-08-10 20:21:21'),(9275,NULL,NULL,'2022-08-10 20:21:28','2022-08-10 20:21:21'),(9276,NULL,NULL,'2022-08-10 20:21:28','2022-08-10 20:21:21'),(9277,NULL,NULL,'2022-08-10 20:21:28','2022-08-10 20:21:21'),(9278,NULL,NULL,'2022-08-10 20:21:28','2022-08-10 20:21:21'),(9279,NULL,NULL,'2022-08-10 20:21:28','2022-08-10 20:21:21'),(9280,NULL,NULL,'2022-08-10 20:21:28','2022-08-10 20:21:21'),(9281,NULL,NULL,'2022-08-10 20:21:28','2022-08-10 20:21:21'),(9282,NULL,NULL,'2022-08-10 20:21:28','2022-08-10 20:21:21'),(9283,NULL,NULL,'2022-08-10 20:21:28','2022-08-10 20:21:21'),(9284,NULL,NULL,'2022-08-10 20:21:28','2022-08-10 20:21:21'),(9285,NULL,NULL,'2022-08-10 20:21:28','2022-08-10 20:21:21'),(9286,NULL,NULL,'2022-08-10 20:21:28','2022-08-10 20:21:21'),(9287,NULL,NULL,'2022-08-10 20:21:28','2022-08-10 20:21:21'),(9288,NULL,NULL,'2022-08-10 20:21:28','2022-08-10 20:21:21'),(9289,NULL,NULL,'2022-08-10 20:21:28','2022-08-10 20:21:21'),(9290,NULL,NULL,'2022-08-10 20:21:28','2022-08-10 20:21:21'),(9291,NULL,NULL,'2022-08-10 20:21:28','2022-08-10 20:21:21'),(9292,NULL,NULL,'2022-08-10 20:21:28','2022-08-10 20:21:21'),(9293,NULL,NULL,'2022-08-10 20:21:28','2022-08-10 20:21:21'),(9294,NULL,NULL,'2022-08-10 20:21:28','2022-08-10 20:21:21'),(9295,NULL,NULL,'2022-08-10 20:21:28','2022-08-10 20:21:21'),(9296,NULL,NULL,'2022-08-10 20:21:28','2022-08-10 20:21:21'),(9297,NULL,NULL,'2022-08-10 20:21:28','2022-08-10 20:21:21'),(9298,NULL,NULL,'2022-08-10 20:21:28','2022-08-10 20:21:21'),(9299,NULL,NULL,'2022-08-10 20:21:28','2022-08-10 20:21:21'),(9300,NULL,NULL,'2022-08-10 20:21:28','2022-08-10 20:21:21'),(9301,NULL,NULL,'2022-08-10 20:21:28','2022-08-10 20:21:21'),(9302,NULL,NULL,'2022-08-10 20:21:28','2022-08-10 20:21:21'),(9303,NULL,NULL,'2022-08-10 20:21:28','2022-08-10 20:21:21'),(9304,NULL,NULL,'2022-08-10 20:21:28','2022-08-10 20:21:21'),(9305,NULL,NULL,'2022-08-10 20:21:28','2022-08-10 20:21:21'),(9306,NULL,NULL,'2022-08-10 20:21:28','2022-08-10 20:21:21'),(9307,NULL,NULL,'2022-08-10 20:21:28','2022-08-10 20:21:21'),(9308,NULL,NULL,'2022-08-10 20:21:28','2022-08-10 20:21:21'),(9309,NULL,NULL,'2022-08-10 20:21:28','2022-08-10 20:21:21'),(9310,NULL,NULL,'2022-08-10 20:21:28','2022-08-10 20:21:21'),(9311,NULL,NULL,'2022-08-10 20:21:28','2022-08-10 20:21:21'),(9312,NULL,NULL,'2022-08-10 20:21:28','2022-08-10 20:21:21'),(9313,NULL,NULL,'2022-08-10 20:21:28','2022-08-10 20:21:21'),(9314,NULL,NULL,'2022-08-10 20:21:28','2022-08-10 20:21:21'),(9315,NULL,NULL,'2022-08-10 20:21:28','2022-08-10 20:21:21'),(9316,NULL,NULL,'2022-08-10 20:21:28','2022-08-10 20:21:21'),(9317,NULL,NULL,'2022-08-10 20:21:28','2022-08-10 20:21:21'),(9318,NULL,NULL,'2022-08-10 20:21:28','2022-08-10 20:21:21'),(9319,NULL,NULL,'2022-08-10 20:21:28','2022-08-10 20:21:21'),(9320,NULL,NULL,'2022-08-10 20:21:28','2022-08-10 20:21:21'),(9321,NULL,NULL,'2022-08-10 20:21:28','2022-08-10 20:21:21'),(9322,NULL,NULL,'2022-08-10 20:21:28','2022-08-10 20:21:21'),(9323,NULL,NULL,'2022-08-10 20:21:28','2022-08-10 20:21:21'),(9324,NULL,NULL,'2022-08-10 20:21:28','2022-08-10 20:21:21'),(9325,NULL,NULL,'2022-08-10 20:21:28','2022-08-10 20:21:21'),(9326,NULL,NULL,'2022-08-10 20:21:28','2022-08-10 20:21:21'),(9327,NULL,NULL,'2022-08-10 20:21:28','2022-08-10 20:21:21'),(9328,NULL,NULL,'2022-08-10 20:21:28','2022-08-10 20:21:21'),(9329,NULL,NULL,'2022-08-10 20:21:28','2022-08-10 20:21:21'),(9330,NULL,NULL,'2022-08-10 20:21:28','2022-08-10 20:21:21'),(9331,NULL,NULL,'2022-08-10 20:21:28','2022-08-10 20:21:21'),(9332,NULL,NULL,'2022-08-10 20:21:28','2022-08-10 20:21:21'),(9333,NULL,NULL,'2022-08-10 20:21:28','2022-08-10 20:21:21'),(9334,NULL,NULL,'2022-08-10 20:21:28','2022-08-10 20:21:21'),(9335,NULL,NULL,'2022-08-10 20:21:28','2022-08-10 20:21:21'),(9336,NULL,NULL,'2022-08-10 20:21:28','2022-08-10 20:21:21'),(9337,NULL,NULL,'2022-08-10 20:21:28','2022-08-10 20:21:21'),(9338,NULL,NULL,'2022-08-10 20:21:28','2022-08-10 20:21:21'),(9339,NULL,NULL,'2022-08-10 20:21:28','2022-08-10 20:21:21'),(9340,NULL,NULL,'2022-08-10 20:21:28','2022-08-10 20:21:21'),(9341,NULL,NULL,'2022-08-10 20:21:28','2022-08-10 20:21:21'),(9342,NULL,NULL,'2022-08-10 20:21:28','2022-08-10 20:21:21'),(9343,NULL,NULL,'2022-08-10 20:21:28','2022-08-10 20:21:21'),(9344,NULL,NULL,'2022-08-10 20:21:28','2022-08-10 20:21:21'),(9345,NULL,NULL,'2022-08-10 20:21:28','2022-08-10 20:21:21'),(9346,NULL,NULL,'2022-08-10 20:21:28','2022-08-10 20:21:21'),(9347,NULL,NULL,'2022-08-10 20:21:28','2022-08-10 20:21:21'),(9348,NULL,NULL,'2022-08-10 20:21:28','2022-08-10 20:21:21'),(9349,NULL,NULL,'2022-08-10 20:21:28','2022-08-10 20:21:21'),(9350,NULL,NULL,'2022-08-10 20:21:28','2022-08-10 20:21:21'),(9351,NULL,NULL,'2022-08-10 20:21:28','2022-08-10 20:21:21'),(9352,NULL,NULL,'2022-08-10 20:21:28','2022-08-10 20:21:21'),(9353,NULL,NULL,'2022-08-10 20:21:28','2022-08-10 20:21:21'),(9354,NULL,NULL,'2022-08-10 20:21:28','2022-08-10 20:21:21'),(9355,NULL,NULL,'2022-08-10 20:21:28','2022-08-10 20:21:21'),(9356,NULL,NULL,'2022-08-10 20:21:28','2022-08-10 20:21:21'),(9357,NULL,NULL,'2022-08-10 20:21:28','2022-08-10 20:21:21'),(9358,NULL,NULL,'2022-08-10 20:21:28','2022-08-10 20:21:21'),(9359,NULL,NULL,'2022-08-10 20:21:28','2022-08-10 20:21:21'),(9360,NULL,NULL,'2022-08-10 20:21:28','2022-08-10 20:21:21'),(9361,NULL,NULL,'2022-08-10 20:21:28','2022-08-10 20:21:21'),(9362,NULL,NULL,'2022-08-10 20:21:28','2022-08-10 20:21:21'),(9363,NULL,NULL,'2022-08-10 20:21:28','2022-08-10 20:21:21'),(9364,NULL,NULL,'2022-08-10 20:21:28','2022-08-10 20:21:21'),(9365,NULL,NULL,'2022-08-10 20:21:28','2022-08-10 20:21:21'),(9366,NULL,NULL,'2022-08-10 20:21:28','2022-08-10 20:21:21'),(9367,NULL,NULL,'2022-08-10 20:21:28','2022-08-10 20:21:21'),(9368,NULL,NULL,'2022-08-10 20:21:28','2022-08-10 20:21:21'),(9369,NULL,NULL,'2022-08-10 20:21:28','2022-08-10 20:21:21'),(9370,NULL,NULL,'2022-08-10 20:21:28','2022-08-10 20:21:21'),(9371,NULL,NULL,'2022-08-10 20:21:28','2022-08-10 20:21:21'),(9372,NULL,NULL,'2022-08-10 20:21:28','2022-08-10 20:21:21'),(9373,NULL,NULL,'2022-08-10 20:21:28','2022-08-10 20:21:21'),(9374,NULL,NULL,'2022-08-10 20:21:28','2022-08-10 20:21:21'),(9375,NULL,NULL,'2022-08-10 20:21:28','2022-08-10 20:21:21'),(9376,NULL,NULL,'2022-08-10 20:21:28','2022-08-10 20:21:21'),(9377,NULL,NULL,'2022-08-10 20:21:28','2022-08-10 20:21:21'),(9378,NULL,NULL,'2022-08-10 20:21:28','2022-08-10 20:21:21'),(9379,NULL,NULL,'2022-08-10 20:21:28','2022-08-10 20:21:21'),(9380,NULL,NULL,'2022-08-10 20:21:28','2022-08-10 20:21:21'),(9381,NULL,NULL,'2022-08-10 20:21:28','2022-08-10 20:21:21'),(9382,NULL,NULL,'2022-08-10 20:21:28','2022-08-10 20:21:21'),(9383,NULL,NULL,'2022-08-10 20:21:28','2022-08-10 20:21:21'),(9384,NULL,NULL,'2022-08-10 20:21:28','2022-08-10 20:21:21'),(9385,NULL,NULL,'2022-08-10 20:21:28','2022-08-10 20:21:21'),(9386,NULL,NULL,'2022-08-10 20:21:28','2022-08-10 20:21:21'),(9387,NULL,NULL,'2022-08-10 20:21:28','2022-08-10 20:21:21'),(9388,NULL,NULL,'2022-08-10 20:21:28','2022-08-10 20:21:21'),(9389,NULL,NULL,'2022-08-10 20:21:28','2022-08-10 20:21:21'),(9390,NULL,NULL,'2022-08-10 20:21:28','2022-08-10 20:21:21'),(9391,NULL,NULL,'2022-08-10 20:21:28','2022-08-10 20:21:21'),(9392,NULL,NULL,'2022-08-10 20:21:28','2022-08-10 20:21:21'),(9393,NULL,NULL,'2022-08-10 20:21:28','2022-08-10 20:21:21'),(9394,NULL,NULL,'2022-08-10 20:21:28','2022-08-10 20:21:21'),(9395,NULL,NULL,'2022-08-10 20:21:28','2022-08-10 20:21:21'),(9396,NULL,NULL,'2022-08-10 20:21:28','2022-08-10 20:21:21'),(9397,NULL,NULL,'2022-08-10 20:21:28','2022-08-10 20:21:21'),(9398,NULL,NULL,'2022-08-10 20:21:28','2022-08-10 20:21:21'),(9399,NULL,NULL,'2022-08-10 20:21:28','2022-08-10 20:21:21'),(9400,NULL,NULL,'2022-08-10 20:21:28','2022-08-10 20:21:21'),(9401,NULL,NULL,'2022-08-10 20:21:28','2022-08-10 20:21:21'),(9402,NULL,NULL,'2022-08-10 20:21:28','2022-08-10 20:21:21'),(9403,NULL,NULL,'2022-08-10 20:21:28','2022-08-10 20:21:21'),(9404,NULL,NULL,'2022-08-10 20:21:28','2022-08-10 20:21:21'),(9405,NULL,NULL,'2022-08-10 20:21:28','2022-08-10 20:21:21'),(9406,NULL,NULL,'2022-08-10 20:21:28','2022-08-10 20:21:21'),(9407,NULL,NULL,'2022-08-10 20:21:28','2022-08-10 20:21:21'),(9408,NULL,NULL,'2022-08-10 20:21:28','2022-08-10 20:21:21'),(9409,NULL,NULL,'2022-08-10 20:21:28','2022-08-10 20:21:21'),(9410,NULL,NULL,'2022-08-10 20:21:28','2022-08-10 20:21:21'),(9411,NULL,NULL,'2022-08-10 20:21:28','2022-08-10 20:21:21'),(9412,NULL,NULL,'2022-08-10 20:21:28','2022-08-10 20:21:21'),(9413,NULL,NULL,'2022-08-10 20:21:28','2022-08-10 20:21:21'),(9414,NULL,NULL,'2022-08-10 20:21:28','2022-08-10 20:21:21'),(9415,NULL,NULL,'2022-08-10 20:21:28','2022-08-10 20:21:21'),(9416,NULL,NULL,'2022-08-10 20:21:28','2022-08-10 20:21:21'),(9417,NULL,NULL,'2022-08-10 20:21:28','2022-08-10 20:21:21'),(9418,NULL,NULL,'2022-08-10 20:21:28','2022-08-10 20:21:21'),(9419,NULL,NULL,'2022-08-10 20:21:28','2022-08-10 20:21:21'),(9420,NULL,NULL,'2022-08-10 20:21:28','2022-08-10 20:21:21'),(9421,NULL,NULL,'2022-08-10 20:21:28','2022-08-10 20:21:21'),(9422,NULL,NULL,'2022-08-10 20:21:28','2022-08-10 20:21:21'),(9423,NULL,NULL,'2022-08-10 20:21:28','2022-08-10 20:21:21'),(9424,NULL,NULL,'2022-08-10 20:21:28','2022-08-10 20:21:21'),(9425,NULL,NULL,'2022-08-10 20:21:28','2022-08-10 20:21:21'),(9426,NULL,NULL,'2022-08-10 20:21:28','2022-08-10 20:21:21'),(9427,NULL,NULL,'2022-08-10 20:21:28','2022-08-10 20:21:21'),(9428,NULL,NULL,'2022-08-10 20:21:28','2022-08-10 20:21:21'),(9429,NULL,NULL,'2022-08-10 20:21:28','2022-08-10 20:21:21'),(9430,NULL,NULL,'2022-08-10 20:21:28','2022-08-10 20:21:21'),(9431,NULL,NULL,'2022-08-10 20:21:28','2022-08-10 20:21:21'),(9432,NULL,NULL,'2022-08-10 20:21:28','2022-08-10 20:21:21'),(9433,NULL,NULL,'2022-08-10 20:21:28','2022-08-10 20:21:21'),(9434,NULL,NULL,'2022-08-10 20:21:28','2022-08-10 20:21:21'),(9435,NULL,NULL,'2022-08-10 20:21:28','2022-08-10 20:21:21'),(9436,NULL,NULL,'2022-08-10 20:21:28','2022-08-10 20:21:21'),(9437,NULL,NULL,'2022-08-10 20:21:28','2022-08-10 20:21:21'),(9438,NULL,NULL,'2022-08-10 20:21:28','2022-08-10 20:21:21'),(9439,NULL,NULL,'2022-08-10 20:21:28','2022-08-10 20:21:21'),(9440,NULL,NULL,'2022-08-10 20:21:28','2022-08-10 20:21:21'),(9441,NULL,NULL,'2022-08-10 20:21:28','2022-08-10 20:21:21'),(9442,NULL,NULL,'2022-08-10 20:21:28','2022-08-10 20:21:21'),(9443,NULL,NULL,'2022-08-10 20:21:28','2022-08-10 20:21:21'),(9444,NULL,NULL,'2022-08-10 20:21:28','2022-08-10 20:21:21'),(9445,NULL,NULL,'2022-08-10 20:21:28','2022-08-10 20:21:21'),(9446,NULL,NULL,'2022-08-10 20:21:28','2022-08-10 20:21:21'),(9447,NULL,NULL,'2022-08-10 20:21:28','2022-08-10 20:21:21'),(9448,NULL,NULL,'2022-08-10 20:21:28','2022-08-10 20:21:21'),(9449,NULL,NULL,'2022-08-10 20:21:28','2022-08-10 20:21:21'),(9450,NULL,NULL,'2022-08-10 20:21:28','2022-08-10 20:21:21'),(9451,NULL,NULL,'2022-08-10 20:21:28','2022-08-10 20:21:21'),(9452,NULL,NULL,'2022-08-10 20:21:28','2022-08-10 20:21:21'),(9453,NULL,NULL,'2022-08-10 20:21:28','2022-08-10 20:21:21'),(9454,NULL,NULL,'2022-08-10 20:21:28','2022-08-10 20:21:21'),(9455,NULL,NULL,'2022-08-10 20:21:28','2022-08-10 20:21:21'),(9456,NULL,NULL,'2022-08-10 20:21:28','2022-08-10 20:21:21'),(9457,NULL,NULL,'2022-08-10 20:21:28','2022-08-10 20:21:21'),(9458,NULL,NULL,'2022-08-10 20:21:28','2022-08-10 20:21:21'),(9459,NULL,NULL,'2022-08-10 20:21:28','2022-08-10 20:21:21'),(9460,NULL,NULL,'2022-08-10 20:21:28','2022-08-10 20:21:21'),(9461,NULL,NULL,'2022-08-10 20:21:28','2022-08-10 20:21:21'),(9462,NULL,NULL,'2022-08-10 20:21:28','2022-08-10 20:21:21'),(9463,NULL,NULL,'2022-08-10 20:21:28','2022-08-10 20:21:21'),(9464,NULL,NULL,'2022-08-10 20:21:28','2022-08-10 20:21:21'),(9465,NULL,NULL,'2022-08-10 20:21:28','2022-08-10 20:21:21'),(9466,NULL,NULL,'2022-08-10 20:21:28','2022-08-10 20:21:21'),(9467,NULL,NULL,'2022-08-10 20:21:28','2022-08-10 20:21:21'),(9468,NULL,NULL,'2022-08-10 20:21:28','2022-08-10 20:21:21'),(9469,NULL,NULL,'2022-08-10 20:21:28','2022-08-10 20:21:21'),(9470,NULL,NULL,'2022-08-10 20:21:28','2022-08-10 20:21:21'),(9471,NULL,NULL,'2022-08-10 20:21:28','2022-08-10 20:21:21'),(9472,NULL,NULL,'2022-08-10 20:21:28','2022-08-10 20:21:21'),(9473,NULL,NULL,'2022-08-10 20:21:28','2022-08-10 20:21:21'),(9474,NULL,NULL,'2022-08-10 20:21:28','2022-08-10 20:21:21'),(9475,NULL,NULL,'2022-08-10 20:21:28','2022-08-10 20:21:21'),(9476,NULL,NULL,'2022-08-10 20:21:28','2022-08-10 20:21:21'),(9477,NULL,NULL,'2022-08-10 20:21:28','2022-08-10 20:21:21'),(9478,NULL,NULL,'2022-08-10 20:21:28','2022-08-10 20:21:21'),(9479,NULL,NULL,'2022-08-10 20:21:28','2022-08-10 20:21:21'),(9480,NULL,NULL,'2022-08-10 20:21:28','2022-08-10 20:21:21'),(9481,NULL,NULL,'2022-08-10 20:21:28','2022-08-10 20:21:21'),(9482,NULL,NULL,'2022-08-10 20:21:28','2022-08-10 20:21:21'),(9483,NULL,NULL,'2022-08-10 20:21:28','2022-08-10 20:21:21'),(9484,NULL,NULL,'2022-08-10 20:21:28','2022-08-10 20:21:21'),(9485,NULL,NULL,'2022-08-10 20:21:28','2022-08-10 20:21:21'),(9486,NULL,NULL,'2022-08-10 20:21:28','2022-08-10 20:21:21'),(9487,NULL,NULL,'2022-08-10 20:21:28','2022-08-10 20:21:21'),(9488,NULL,NULL,'2022-08-10 20:21:28','2022-08-10 20:21:21'),(9489,NULL,NULL,'2022-08-10 20:21:28','2022-08-10 20:21:21'),(9490,NULL,NULL,'2022-08-10 20:21:28','2022-08-10 20:21:21'),(9491,NULL,NULL,'2022-08-10 20:21:28','2022-08-10 20:21:21'),(9492,NULL,NULL,'2022-08-10 20:21:28','2022-08-10 20:21:21'),(9493,NULL,NULL,'2022-08-10 20:21:28','2022-08-10 20:21:21'),(9494,NULL,NULL,'2022-08-10 20:21:28','2022-08-10 20:21:21'),(9495,NULL,NULL,'2022-08-10 20:21:28','2022-08-10 20:21:21'),(9496,NULL,NULL,'2022-08-10 20:21:28','2022-08-10 20:21:21'),(9497,NULL,NULL,'2022-08-10 20:21:28','2022-08-10 20:21:21'),(9498,NULL,NULL,'2022-08-10 20:21:28','2022-08-10 20:21:21'),(9499,NULL,NULL,'2022-08-10 20:21:28','2022-08-10 20:21:21'),(9500,NULL,NULL,'2022-08-10 20:21:28','2022-08-10 20:21:21'),(9501,NULL,NULL,'2022-08-10 20:21:28','2022-08-10 20:21:21'),(9502,NULL,NULL,'2022-08-10 20:21:28','2022-08-10 20:21:21'),(9503,NULL,NULL,'2022-08-10 20:21:28','2022-08-10 20:21:21'),(9504,NULL,NULL,'2022-08-10 20:21:28','2022-08-10 20:21:21'),(9505,NULL,NULL,'2022-08-10 20:21:28','2022-08-10 20:21:21'),(9506,NULL,NULL,'2022-08-10 20:21:28','2022-08-10 20:21:21'),(9507,NULL,NULL,'2022-08-10 20:21:28','2022-08-10 20:21:21'),(9508,NULL,NULL,'2022-08-10 20:21:28','2022-08-10 20:21:21'),(9509,NULL,NULL,'2022-08-10 20:21:28','2022-08-10 20:21:21'),(9510,NULL,NULL,'2022-08-10 20:21:28','2022-08-10 20:21:21'),(9511,NULL,NULL,'2022-08-10 20:21:28','2022-08-10 20:21:21'),(9512,NULL,NULL,'2022-08-10 20:21:28','2022-08-10 20:21:21'),(9513,NULL,NULL,'2022-08-10 20:21:28','2022-08-10 20:21:21'),(9514,NULL,NULL,'2022-08-10 20:21:28','2022-08-10 20:21:21'),(9515,NULL,NULL,'2022-08-10 20:21:28','2022-08-10 20:21:21'),(9516,NULL,NULL,'2022-08-10 20:21:28','2022-08-10 20:21:21'),(9517,NULL,NULL,'2022-08-10 20:21:28','2022-08-10 20:21:21'),(9518,NULL,NULL,'2022-08-10 20:21:28','2022-08-10 20:21:21'),(9519,NULL,NULL,'2022-08-10 20:21:28','2022-08-10 20:21:21'),(9520,NULL,NULL,'2022-08-10 20:21:28','2022-08-10 20:21:21'),(9521,NULL,NULL,'2022-08-10 20:21:28','2022-08-10 20:21:21'),(9522,NULL,NULL,'2022-08-10 20:21:28','2022-08-10 20:21:21'),(9523,NULL,NULL,'2022-08-10 20:21:28','2022-08-10 20:21:21'),(9524,NULL,NULL,'2022-08-10 20:21:28','2022-08-10 20:21:21'),(9525,NULL,NULL,'2022-08-10 20:21:28','2022-08-10 20:21:21'),(9526,NULL,NULL,'2022-08-10 20:21:28','2022-08-10 20:21:21'),(9527,NULL,NULL,'2022-08-10 20:21:28','2022-08-10 20:21:21'),(9528,NULL,NULL,'2022-08-10 20:21:28','2022-08-10 20:21:21'),(9529,NULL,NULL,'2022-08-10 20:21:28','2022-08-10 20:21:21'),(9530,NULL,NULL,'2022-08-10 20:21:28','2022-08-10 20:21:21'),(9531,NULL,NULL,'2022-08-10 20:21:28','2022-08-10 20:21:21'),(9532,NULL,NULL,'2022-08-10 20:21:28','2022-08-10 20:21:21'),(9533,NULL,NULL,'2022-08-10 20:21:28','2022-08-10 20:21:21'),(9534,NULL,NULL,'2022-08-10 20:21:28','2022-08-10 20:21:21'),(9535,NULL,NULL,'2022-08-10 20:21:28','2022-08-10 20:21:21'),(9536,NULL,NULL,'2022-08-10 20:21:28','2022-08-10 20:21:21'),(9537,NULL,NULL,'2022-08-10 20:21:28','2022-08-10 20:21:21'),(9538,NULL,NULL,'2022-08-10 20:21:28','2022-08-10 20:21:21'),(9539,NULL,NULL,'2022-08-10 20:21:28','2022-08-10 20:21:21'),(9540,NULL,NULL,'2022-08-10 20:21:28','2022-08-10 20:21:21'),(9541,NULL,NULL,'2022-08-10 20:21:28','2022-08-10 20:21:21'),(9542,NULL,NULL,'2022-08-10 20:21:28','2022-08-10 20:21:21'),(9543,NULL,NULL,'2022-08-10 20:21:28','2022-08-10 20:21:21'),(9544,NULL,NULL,'2022-08-10 20:21:28','2022-08-10 20:21:21'),(9545,NULL,NULL,'2022-08-10 20:21:28','2022-08-10 20:21:21'),(9546,NULL,NULL,'2022-08-10 20:21:28','2022-08-10 20:21:21'),(9547,NULL,NULL,'2022-08-10 20:21:28','2022-08-10 20:21:21'),(9548,NULL,NULL,'2022-08-10 20:21:28','2022-08-10 20:21:21'),(9549,NULL,NULL,'2022-08-10 20:21:28','2022-08-10 20:21:21'),(9550,3,NULL,'2022-08-10 20:21:28','2022-08-10 20:21:21'),(9551,NULL,NULL,'2022-08-10 20:21:28','2022-08-10 20:21:21'),(9552,NULL,NULL,'2022-08-10 20:21:28','2022-08-10 20:21:21'),(9553,NULL,NULL,'2022-08-10 20:21:28','2022-08-10 20:21:21'),(9554,NULL,NULL,'2022-08-10 20:21:28','2022-08-10 20:21:21'),(9555,3,NULL,'2022-08-10 20:21:28','2022-08-10 20:21:21'),(9556,3,NULL,'2022-08-10 20:21:28','2022-08-10 20:21:21'),(9557,3,NULL,'2022-08-10 20:21:28','2022-08-10 20:21:21'),(9558,3,NULL,'2022-08-10 20:21:28','2022-08-10 20:21:21'),(9559,3,NULL,'2022-08-10 20:21:28','2022-08-10 20:21:21'),(9560,NULL,NULL,'2022-08-10 20:21:28','2022-08-10 20:21:21'),(9561,3,NULL,'2022-08-10 20:21:28','2022-08-10 20:21:21'),(9562,NULL,NULL,'2022-08-10 20:21:28','2022-08-10 20:21:21'),(9563,NULL,NULL,'2022-08-10 20:21:28','2022-08-10 20:21:21'),(9564,3,NULL,'2022-08-10 20:21:28','2022-08-10 20:21:21'),(9565,3,NULL,'2022-08-10 20:21:28','2022-08-10 20:21:21'),(9566,NULL,NULL,'2022-08-10 20:21:28','2022-08-10 20:21:21'),(9567,NULL,NULL,'2022-08-10 20:21:28','2022-08-10 20:21:21'),(9568,3,NULL,'2022-08-10 20:21:28','2022-08-10 20:21:21'),(9569,1,NULL,'2022-08-10 20:21:28','2022-08-10 20:21:21'),(9570,1,NULL,'2022-08-10 20:21:28','2022-08-10 20:21:21'),(9571,NULL,NULL,'2022-08-10 20:21:28','2022-08-10 20:21:21'),(9572,NULL,NULL,'2022-08-10 20:21:28','2022-08-10 20:21:21'),(9573,1,NULL,'2022-08-10 20:21:28','2022-08-10 20:21:21'),(9574,NULL,NULL,'2022-08-10 20:21:28','2022-08-10 20:21:21'),(9575,NULL,NULL,'2022-08-10 20:21:28','2022-08-10 20:21:21'),(9576,NULL,NULL,'2022-08-10 20:21:28','2022-08-10 20:21:21'),(9577,NULL,NULL,'2022-08-10 20:21:28','2022-08-10 20:21:21'),(9578,NULL,NULL,'2022-08-10 20:21:28','2022-08-10 20:21:21'),(9579,NULL,NULL,'2022-08-10 20:21:28','2022-08-10 20:21:21'),(9580,NULL,NULL,'2022-08-10 20:21:28','2022-08-10 20:21:21'),(9581,NULL,NULL,'2022-08-10 20:21:28','2022-08-10 20:21:21'),(9582,NULL,NULL,'2022-08-10 20:21:28','2022-08-10 20:21:21'),(9583,NULL,NULL,'2022-08-10 20:21:28','2022-08-10 20:21:21'),(9584,NULL,NULL,'2022-08-10 20:21:28','2022-08-10 20:21:21'),(9585,NULL,NULL,'2022-08-10 20:21:28','2022-08-10 20:21:21'),(9586,NULL,NULL,'2022-08-10 20:21:28','2022-08-10 20:21:21'),(9587,NULL,NULL,'2022-08-10 20:21:28','2022-08-10 20:21:21'),(9588,NULL,NULL,'2022-08-10 20:21:28','2022-08-10 20:21:21'),(9589,NULL,NULL,'2022-08-10 20:21:28','2022-08-10 20:21:21'),(9590,NULL,NULL,'2022-08-10 20:21:28','2022-08-10 20:21:21'),(9591,NULL,NULL,'2022-08-10 20:21:28','2022-08-10 20:21:21'),(9592,NULL,NULL,'2022-08-10 20:21:28','2022-08-10 20:21:21'),(9593,NULL,NULL,'2022-08-10 20:21:28','2022-08-10 20:21:21'),(9594,NULL,NULL,'2022-08-10 20:21:28','2022-08-10 20:21:21'),(9595,NULL,NULL,'2022-08-10 20:21:28','2022-08-10 20:21:21'),(9596,NULL,NULL,'2022-08-10 20:21:28','2022-08-10 20:21:21'),(9597,3,NULL,'2022-08-10 20:21:28','2022-08-10 20:21:21'),(9598,NULL,NULL,'2022-08-10 20:21:28','2022-08-10 20:21:21'),(9599,1,NULL,'2022-08-10 20:21:28','2022-08-10 20:21:21'),(9600,1,NULL,'2022-08-10 20:21:28','2022-08-10 20:21:21'),(9601,NULL,NULL,'2022-08-10 20:21:28','2022-08-10 20:21:21'),(9602,3,NULL,'2022-08-10 20:21:28','2022-08-10 20:21:21'),(9603,3,NULL,'2022-08-10 20:21:28','2022-08-10 20:21:21'),(9604,3,NULL,'2022-08-10 20:21:28','2022-08-10 20:21:21'),(9605,3,NULL,'2022-08-10 20:21:28','2022-08-10 20:21:21'),(9606,3,NULL,'2022-08-10 20:21:28','2022-08-10 20:21:21'),(9607,NULL,NULL,'2022-08-10 20:21:28','2022-08-10 20:21:21'),(9608,3,NULL,'2022-08-10 20:21:28','2022-08-10 20:21:21'),(9609,3,NULL,'2022-08-10 20:21:28','2022-08-10 20:21:21'),(9610,1,NULL,'2022-08-10 20:21:28','2022-08-10 20:21:21'),(9611,1,NULL,'2022-08-10 20:21:28','2022-08-10 20:21:21'),(9612,1,NULL,'2022-08-10 20:21:28','2022-08-10 20:21:21'),(9613,1,NULL,'2022-08-10 20:21:28','2022-08-10 20:21:21'),(9614,1,NULL,'2022-08-10 20:21:28','2022-08-10 20:21:21'),(9615,1,NULL,'2022-08-10 20:21:28','2022-08-10 20:21:21'),(9616,1,NULL,'2022-08-10 20:21:28','2022-08-10 20:21:21'),(9617,1,NULL,'2022-08-10 20:21:28','2022-08-10 20:21:21'),(9618,1,NULL,'2022-08-10 20:21:28','2022-08-10 20:21:21'),(9619,1,NULL,'2022-08-10 20:21:28','2022-08-10 20:21:21'),(9620,1,NULL,'2022-08-10 20:21:28','2022-08-10 20:21:21'),(9621,1,NULL,'2022-08-10 20:21:28','2022-08-10 20:21:21'),(9622,1,NULL,'2022-08-10 20:21:28','2022-08-10 20:21:21'),(9623,1,NULL,'2022-08-10 20:21:28','2022-08-10 20:21:21'),(9624,3,NULL,'2022-08-10 20:21:28','2022-08-10 20:21:21'),(9625,NULL,NULL,'2022-08-10 20:21:28','2022-08-10 20:21:21'),(9626,NULL,NULL,'2022-08-10 20:21:28','2022-08-10 20:21:21'),(9627,NULL,NULL,'2022-08-10 20:21:28','2022-08-10 20:21:21'),(9628,3,NULL,'2022-08-10 20:21:28','2022-08-10 20:21:21'),(9629,3,NULL,'2022-08-10 20:21:28','2022-08-10 20:21:21'),(9630,1,NULL,'2022-08-10 20:21:28','2022-08-10 20:21:21'),(9631,3,NULL,'2022-08-10 20:21:28','2022-08-10 20:21:21'),(9632,3,NULL,'2022-08-10 20:21:28','2022-08-10 20:21:21'),(9633,1,NULL,'2022-08-10 20:21:28','2022-08-10 20:21:21'),(9634,1,NULL,'2022-08-10 20:21:28','2022-08-10 20:21:21'),(9635,3,NULL,'2022-08-10 20:21:28','2022-08-10 20:21:21'),(9636,1,NULL,'2022-08-10 20:21:28','2022-08-10 20:21:21'),(9637,1,NULL,'2022-08-10 20:21:28','2022-08-10 20:21:21'),(9638,NULL,NULL,'2022-08-10 20:21:28','2022-08-10 20:21:21'),(9639,3,NULL,'2022-08-10 20:21:28','2022-08-10 20:21:21'),(9640,3,NULL,'2022-08-10 20:21:28','2022-08-10 20:21:21'),(9641,3,NULL,'2022-08-10 20:21:28','2022-08-10 20:21:21'),(9642,3,NULL,'2022-08-10 20:21:28','2022-08-10 20:21:21'),(9643,NULL,NULL,'2022-08-10 20:21:28','2022-08-10 20:21:21'),(9644,4,NULL,'2022-08-10 20:21:28','2022-08-10 20:21:21'),(9645,3,NULL,'2022-08-10 20:21:28','2022-08-10 20:21:21'),(9646,4,NULL,'2022-08-10 20:21:28','2022-08-10 20:21:21'),(9647,4,NULL,'2022-08-10 20:21:28','2022-08-10 20:21:21'),(9648,3,NULL,'2022-08-10 20:21:28','2022-08-10 20:21:21'),(9649,3,NULL,'2022-08-10 20:21:28','2022-08-10 20:21:21'),(9650,3,NULL,'2022-08-10 20:21:28','2022-08-10 20:21:21'),(9651,3,NULL,'2022-08-10 20:21:28','2022-08-10 20:21:21'),(9652,4,NULL,'2022-08-10 20:21:28','2022-08-10 20:21:21'),(9653,NULL,NULL,'2022-08-10 20:21:28','2022-08-10 20:21:21'),(9654,1,NULL,'2022-08-10 20:21:28','2022-08-10 20:21:21'),(9655,NULL,NULL,'2022-08-10 20:21:28','2022-08-10 20:21:21'),(9656,3,NULL,'2022-08-10 20:21:28','2022-08-10 20:21:21'),(9657,NULL,NULL,'2022-08-10 20:21:28','2022-08-10 20:21:21'),(9658,NULL,NULL,'2022-08-10 20:21:28','2022-08-10 20:21:21'),(9659,NULL,NULL,'2022-08-10 20:21:28','2022-08-10 20:21:21'),(9660,4,NULL,'2022-08-10 20:21:28','2022-08-10 20:21:21'),(9661,NULL,NULL,'2022-08-10 20:44:33','2022-08-10 20:44:33'),(9662,NULL,NULL,'2022-08-10 21:12:58','2022-08-10 21:12:55'),(9663,NULL,NULL,'2022-08-11 07:36:33','2022-08-11 07:36:31'),(9664,NULL,NULL,'2022-08-11 13:25:14','2022-08-11 13:25:14'),(9665,NULL,NULL,'2022-08-11 21:15:48','2022-08-11 21:15:48'),(9666,7,NULL,'2022-08-22 08:46:03','2022-08-22 08:43:52'),(9667,NULL,NULL,'2022-08-22 09:58:00','2022-08-22 09:57:56'),(9668,NULL,NULL,'2022-08-22 10:01:01','2022-08-22 10:01:01'),(9669,1,NULL,'2022-08-23 01:33:36','2022-08-23 01:33:37'),(9670,NULL,NULL,'2022-08-23 13:07:23','2022-08-23 13:05:17'),(9671,7,NULL,'2022-08-24 13:41:43','2022-08-24 13:38:12'),(9672,7,NULL,'2022-08-25 12:17:00','2022-08-25 12:12:30'),(9673,7,NULL,'2022-08-25 13:27:45','2022-08-25 13:27:47'),(9674,7,NULL,'2022-08-25 12:27:07','2022-08-25 12:17:47'),(9675,7,NULL,'2022-08-29 09:05:02','2022-08-29 08:49:30'),(9676,7,NULL,'2022-08-29 09:50:17','2022-08-29 09:50:16'),(9677,7,NULL,'2022-08-29 10:00:28','2022-08-29 09:55:28'),(9678,7,NULL,'2022-08-29 10:45:18','2022-08-29 10:42:24'),(9679,7,NULL,'2022-08-30 10:38:03','2022-08-30 10:38:05'),(9680,7,NULL,'2022-08-30 10:47:58','2022-08-30 10:47:57'),(9681,3,NULL,'2022-08-31 17:58:24','2022-08-31 17:50:20'),(9682,3,NULL,'2022-09-01 10:21:27','2022-09-01 09:43:32'),(9683,7,NULL,'2022-09-04 00:46:01','2022-09-04 00:46:03'),(9684,NULL,NULL,'2022-09-04 11:26:07','2022-09-04 11:26:07'),(9685,7,NULL,'2022-09-05 10:15:41','2022-09-05 10:06:59'),(9686,NULL,NULL,'2022-09-06 13:17:06','2022-09-06 13:17:06'),(9687,NULL,NULL,'2022-09-07 15:14:39','2022-09-07 14:53:53'),(9688,NULL,NULL,'2022-09-12 11:25:59','2022-09-12 11:25:59'),(9689,NULL,NULL,'2022-09-18 11:26:01','2022-09-18 11:26:01'),(9690,NULL,NULL,'2022-09-18 12:39:01','2022-09-18 12:39:01'),(9691,NULL,NULL,'2022-09-19 17:16:13','2022-09-19 17:16:12'),(9692,NULL,NULL,'2022-09-21 11:04:58','2022-09-21 10:35:36'),(9693,NULL,NULL,'2022-09-21 12:20:33','2022-09-21 12:20:33'),(9694,NULL,NULL,'2022-09-25 14:19:29','2022-09-25 11:58:31'),(9695,NULL,NULL,'2022-09-25 15:04:04','2022-09-25 14:25:04'),(9696,NULL,NULL,'2022-09-25 22:53:24','2022-09-25 22:53:24'),(9697,NULL,NULL,'2022-09-26 01:08:34','2022-09-26 01:08:34'),(9698,3,NULL,'2022-09-26 07:40:01','2022-09-26 07:26:27'),(9699,NULL,NULL,'2022-09-26 08:14:27','2022-09-26 08:13:57'),(9700,3,NULL,'2022-09-26 09:50:37','2022-09-26 09:50:36'),(9701,NULL,NULL,'2022-09-26 17:33:44','2022-09-26 17:30:21'),(9702,NULL,NULL,'2022-09-26 23:51:15','2022-09-26 23:51:15'),(9703,NULL,NULL,'2022-09-27 07:05:56','2022-09-27 07:05:56'),(9704,NULL,NULL,'2022-09-27 07:35:43','2022-09-27 07:35:43'),(9705,7,NULL,'2022-09-28 02:28:06','2022-09-28 02:28:07'),(9706,NULL,NULL,'2022-09-28 21:07:07','2022-09-28 21:07:07'),(9707,NULL,NULL,'2022-10-02 12:09:19','2022-10-02 12:09:19'),(9708,NULL,NULL,'2022-10-09 00:09:06','2022-10-08 23:42:47'),(9709,NULL,NULL,'2022-10-09 10:38:24','2022-10-09 09:48:27'),(9710,NULL,NULL,'2022-10-09 12:38:13','2022-10-09 12:38:13'),(9711,7,NULL,'2022-10-11 01:53:26','2022-10-11 01:52:17'),(9712,NULL,NULL,'2022-10-11 08:43:16','2022-10-11 08:42:57'),(9713,NULL,NULL,'2022-10-11 10:04:12','2022-10-11 10:04:09'),(9714,NULL,NULL,'2022-12-06 23:02:56','2022-12-06 23:02:56');

--
-- Table structure for table `design_change`
--

CREATE TABLE `design_change` (
  `design_change_id` int(11) NOT NULL AUTO_INCREMENT COMMENT 'Design Change ID',
  `store_id` smallint(5) unsigned NOT NULL DEFAULT '0' COMMENT 'Store ID',
  `design` varchar(255) DEFAULT NULL COMMENT 'Design',
  `date_from` date DEFAULT NULL COMMENT 'First Date of Design Activity',
  `date_to` date DEFAULT NULL COMMENT 'Last Date of Design Activity',
  PRIMARY KEY (`design_change_id`),
  KEY `DESIGN_CHANGE_STORE_ID` (`store_id`),
  CONSTRAINT `DESIGN_CHANGE_STORE_ID_STORE_STORE_ID` FOREIGN KEY (`store_id`) REFERENCES `store` (`store_id`) ON DELETE CASCADE
) ENGINE=InnoDB DEFAULT CHARSET=utf8 COMMENT='Design Changes';

--
-- Dumping data for table `design_change`
--


--
-- Table structure for table `design_config_dummy_cl`
--

CREATE TABLE `design_config_dummy_cl` (
  `version_id` int(10) unsigned NOT NULL AUTO_INCREMENT COMMENT 'Version ID',
  `entity_id` int(10) unsigned NOT NULL DEFAULT '0' COMMENT 'Entity ID',
  PRIMARY KEY (`version_id`)
) ENGINE=InnoDB DEFAULT CHARSET=utf8 COMMENT='design_config_dummy_cl';

--
-- Dumping data for table `design_config_dummy_cl`
--


--
-- Table structure for table `design_config_grid_flat`
--

CREATE TABLE `design_config_grid_flat` (
  `entity_id` int(10) unsigned NOT NULL COMMENT 'Entity ID',
  `store_website_id` int(11) DEFAULT NULL COMMENT 'Store_website_id',
  `store_group_id` int(11) DEFAULT NULL COMMENT 'Store_group_id',
  `store_id` int(11) DEFAULT NULL COMMENT 'Store_id',
  `theme_theme_id` varchar(255) DEFAULT NULL COMMENT 'Theme_theme_id',
  PRIMARY KEY (`entity_id`),
  KEY `DESIGN_CONFIG_GRID_FLAT_STORE_WEBSITE_ID` (`store_website_id`),
  KEY `DESIGN_CONFIG_GRID_FLAT_STORE_GROUP_ID` (`store_group_id`),
  KEY `DESIGN_CONFIG_GRID_FLAT_STORE_ID` (`store_id`),
  FULLTEXT KEY `DESIGN_CONFIG_GRID_FLAT_THEME_THEME_ID` (`theme_theme_id`)
) ENGINE=InnoDB DEFAULT CHARSET=utf8 COMMENT='design_config_grid_flat';

--
-- Dumping data for table `design_config_grid_flat`
--

INSERT INTO `design_config_grid_flat` VALUES (0,NULL,NULL,NULL,'8'),(1,1,NULL,NULL,'8'),(2,1,1,1,'8'),(3,1,1,2,'8');

--
-- Table structure for table `directory_country`
--

CREATE TABLE `directory_country` (
  `country_id` varchar(2) NOT NULL COMMENT 'Country ID in ISO-2',
  `iso2_code` varchar(2) DEFAULT NULL COMMENT 'Country ISO-2 format',
  `iso3_code` varchar(3) DEFAULT NULL COMMENT 'Country ISO-3',
  PRIMARY KEY (`country_id`)
) ENGINE=InnoDB DEFAULT CHARSET=utf8 COMMENT='Directory Country';

--
-- Dumping data for table `directory_country`
--

INSERT INTO `directory_country` VALUES ('AD','AD','AND'),('AE','AE','ARE'),('AF','AF','AFG'),('AG','AG','ATG'),('AI','AI','AIA'),('AL','AL','ALB'),('AM','AM','ARM'),('AN','AN','ANT'),('AO','AO','AGO'),('AQ','AQ','ATA'),('AR','AR','ARG'),('AS','AS','ASM'),('AT','AT','AUT'),('AU','AU','AUS'),('AW','AW','ABW'),('AX','AX','ALA'),('AZ','AZ','AZE'),('BA','BA','BIH'),('BB','BB','BRB'),('BD','BD','BGD'),('BE','BE','BEL'),('BF','BF','BFA'),('BG','BG','BGR'),('BH','BH','BHR'),('BI','BI','BDI'),('BJ','BJ','BEN'),('BL','BL','BLM'),('BM','BM','BMU'),('BN','BN','BRN'),('BO','BO','BOL'),('BQ','BQ','BES'),('BR','BR','BRA'),('BS','BS','BHS'),('BT','BT','BTN'),('BV','BV','BVT'),('BW','BW','BWA'),('BY','BY','BLR'),('BZ','BZ','BLZ'),('CA','CA','CAN'),('CC','CC','CCK'),('CD','CD','COD'),('CF','CF','CAF'),('CG','CG','COG'),('CH','CH','CHE'),('CI','CI','CIV'),('CK','CK','COK'),('CL','CL','CHL'),('CM','CM','CMR'),('CN','CN','CHN'),('CO','CO','COL'),('CR','CR','CRI'),('CU','CU','CUB'),('CV','CV','CPV'),('CW','CW','CUW'),('CX','CX','CXR'),('CY','CY','CYP'),('CZ','CZ','CZE'),('DE','DE','DEU'),('DJ','DJ','DJI'),('DK','DK','DNK'),('DM','DM','DMA'),('DO','DO','DOM'),('DZ','DZ','DZA'),('EC','EC','ECU'),('EE','EE','EST'),('EG','EG','EGY'),('EH','EH','ESH'),('ER','ER','ERI'),('ES','ES','ESP'),('ET','ET','ETH'),('FI','FI','FIN'),('FJ','FJ','FJI'),('FK','FK','FLK'),('FM','FM','FSM'),('FO','FO','FRO'),('FR','FR','FRA'),('GA','GA','GAB'),('GB','GB','GBR'),('GD','GD','GRD'),('GE','GE','GEO'),('GF','GF','GUF'),('GG','GG','GGY'),('GH','GH','GHA'),('GI','GI','GIB'),('GL','GL','GRL'),('GM','GM','GMB'),('GN','GN','GIN'),('GP','GP','GLP'),('GQ','GQ','GNQ'),('GR','GR','GRC'),('GS','GS','SGS'),('GT','GT','GTM'),('GU','GU','GUM'),('GW','GW','GNB'),('GY','GY','GUY'),('HK','HK','HKG'),('HM','HM','HMD'),('HN','HN','HND'),('HR','HR','HRV'),('HT','HT','HTI'),('HU','HU','HUN'),('ID','ID','IDN'),('IE','IE','IRL'),('IL','IL','ISR'),('IM','IM','IMN'),('IN','IN','IND'),('IO','IO','IOT'),('IQ','IQ','IRQ'),('IR','IR','IRN'),('IS','IS','ISL'),('IT','IT','ITA'),('JE','JE','JEY'),('JM','JM','JAM'),('JO','JO','JOR'),('JP','JP','JPN'),('KE','KE','KEN'),('KG','KG','KGZ'),('KH','KH','KHM'),('KI','KI','KIR'),('KM','KM','COM'),('KN','KN','KNA'),('KP','KP','PRK'),('KR','KR','KOR'),('KW','KW','KWT'),('KY','KY','CYM'),('KZ','KZ','KAZ'),('LA','LA','LAO'),('LB','LB','LBN'),('LC','LC','LCA'),('LI','LI','LIE'),('LK','LK','LKA'),('LR','LR','LBR'),('LS','LS','LSO'),('LT','LT','LTU'),('LU','LU','LUX'),('LV','LV','LVA'),('LY','LY','LBY'),('MA','MA','MAR'),('MC','MC','MCO'),('MD','MD','MDA'),('ME','ME','MNE'),('MF','MF','MAF'),('MG','MG','MDG'),('MH','MH','MHL'),('MK','MK','MKD'),('ML','ML','MLI'),('MM','MM','MMR'),('MN','MN','MNG'),('MO','MO','MAC'),('MP','MP','MNP'),('MQ','MQ','MTQ'),('MR','MR','MRT'),('MS','MS','MSR'),('MT','MT','MLT'),('MU','MU','MUS'),('MV','MV','MDV'),('MW','MW','MWI'),('MX','MX','MEX'),('MY','MY','MYS'),('MZ','MZ','MOZ'),('NA','NA','NAM'),('NC','NC','NCL'),('NE','NE','NER'),('NF','NF','NFK'),('NG','NG','NGA'),('NI','NI','NIC'),('NL','NL','NLD'),('NO','NO','NOR'),('NP','NP','NPL'),('NR','NR','NRU'),('NU','NU','NIU'),('NZ','NZ','NZL'),('OM','OM','OMN'),('PA','PA','PAN'),('PE','PE','PER'),('PF','PF','PYF'),('PG','PG','PNG'),('PH','PH','PHL'),('PK','PK','PAK'),('PL','PL','POL'),('PM','PM','SPM'),('PN','PN','PCN'),('PS','PS','PSE'),('PT','PT','PRT'),('PW','PW','PLW'),('PY','PY','PRY'),('QA','QA','QAT'),('RE','RE','REU'),('RO','RO','ROU'),('RS','RS','SRB'),('RU','RU','RUS'),('RW','RW','RWA'),('SA','SA','SAU'),('SB','SB','SLB'),('SC','SC','SYC'),('SD','SD','SDN'),('SE','SE','SWE'),('SG','SG','SGP'),('SH','SH','SHN'),('SI','SI','SVN'),('SJ','SJ','SJM'),('SK','SK','SVK'),('SL','SL','SLE'),('SM','SM','SMR'),('SN','SN','SEN'),('SO','SO','SOM'),('SR','SR','SUR'),('ST','ST','STP'),('SV','SV','SLV'),('SX','SX','SXM'),('SY','SY','SYR'),('SZ','SZ','SWZ'),('TC','TC','TCA'),('TD','TD','TCD'),('TF','TF','ATF'),('TG','TG','TGO'),('TH','TH','THA'),('TJ','TJ','TJK'),('TK','TK','TKL'),('TL','TL','TLS'),('TM','TM','TKM'),('TN','TN','TUN'),('TO','TO','TON'),('TR','TR','TUR'),('TT','TT','TTO'),('TV','TV','TUV'),('TW','TW','TWN'),('TZ','TZ','TZA'),('UA','UA','UKR'),('UG','UG','UGA'),('UM','UM','UMI'),('US','US','USA'),('UY','UY','URY'),('UZ','UZ','UZB'),('VA','VA','VAT'),('VC','VC','VCT'),('VE','VE','VEN'),('VG','VG','VGB'),('VI','VI','VIR'),('VN','VN','VNM'),('VU','VU','VUT'),('WF','WF','WLF'),('WS','WS','WSM'),('XK','XK','XKX'),('YE','YE','YEM'),('YT','YT','MYT'),('ZA','ZA','ZAF'),('ZM','ZM','ZMB'),('ZW','ZW','ZWE');

--
-- Table structure for table `directory_country_format`
--

CREATE TABLE `directory_country_format` (
  `country_format_id` int(10) unsigned NOT NULL AUTO_INCREMENT COMMENT 'Country Format ID',
  `country_id` varchar(2) DEFAULT NULL COMMENT 'Country ID in ISO-2',
  `type` varchar(30) DEFAULT NULL COMMENT 'Country Format Type',
  `format` text NOT NULL COMMENT 'Country Format',
  PRIMARY KEY (`country_format_id`),
  UNIQUE KEY `DIRECTORY_COUNTRY_FORMAT_COUNTRY_ID_TYPE` (`country_id`,`type`)
) ENGINE=InnoDB DEFAULT CHARSET=utf8 COMMENT='Directory Country Format';

--
-- Dumping data for table `directory_country_format`
--


--
-- Table structure for table `directory_country_region`
--

CREATE TABLE `directory_country_region` (
  `region_id` int(10) unsigned NOT NULL AUTO_INCREMENT COMMENT 'Region ID',
  `country_id` varchar(4) NOT NULL DEFAULT '0' COMMENT 'Country ID in ISO-2',
  `code` varchar(32) DEFAULT NULL COMMENT 'Region code',
  `default_name` varchar(255) DEFAULT NULL COMMENT 'Region Name',
  PRIMARY KEY (`region_id`),
  KEY `DIRECTORY_COUNTRY_REGION_COUNTRY_ID` (`country_id`)
) ENGINE=InnoDB AUTO_INCREMENT=1101 DEFAULT CHARSET=utf8 COMMENT='Directory Country Region';

--
-- Dumping data for table `directory_country_region`
--

INSERT INTO `directory_country_region` VALUES (1,'US','AL','Alabama'),(2,'US','AK','Alaska'),(3,'US','AS','American Samoa'),(4,'US','AZ','Arizona'),(5,'US','AR','Arkansas'),(6,'US','AE','Armed Forces Africa'),(7,'US','AA','Armed Forces Americas'),(8,'US','AE','Armed Forces Canada'),(9,'US','AE','Armed Forces Europe'),(10,'US','AE','Armed Forces Middle East'),(11,'US','AP','Armed Forces Pacific'),(12,'US','CA','California'),(13,'US','CO','Colorado'),(14,'US','CT','Connecticut'),(15,'US','DE','Delaware'),(16,'US','DC','District of Columbia'),(17,'US','FM','Federated States Of Micronesia'),(18,'US','FL','Florida'),(19,'US','GA','Georgia'),(20,'US','GU','Guam'),(21,'US','HI','Hawaii'),(22,'US','ID','Idaho'),(23,'US','IL','Illinois'),(24,'US','IN','Indiana'),(25,'US','IA','Iowa'),(26,'US','KS','Kansas'),(27,'US','KY','Kentucky'),(28,'US','LA','Louisiana'),(29,'US','ME','Maine'),(30,'US','MH','Marshall Islands'),(31,'US','MD','Maryland'),(32,'US','MA','Massachusetts'),(33,'US','MI','Michigan'),(34,'US','MN','Minnesota'),(35,'US','MS','Mississippi'),(36,'US','MO','Missouri'),(37,'US','MT','Montana'),(38,'US','NE','Nebraska'),(39,'US','NV','Nevada'),(40,'US','NH','New Hampshire'),(41,'US','NJ','New Jersey'),(42,'US','NM','New Mexico'),(43,'US','NY','New York'),(44,'US','NC','North Carolina'),(45,'US','ND','North Dakota'),(46,'US','MP','Northern Mariana Islands'),(47,'US','OH','Ohio'),(48,'US','OK','Oklahoma'),(49,'US','OR','Oregon'),(50,'US','PW','Palau'),(51,'US','PA','Pennsylvania'),(52,'US','PR','Puerto Rico'),(53,'US','RI','Rhode Island'),(54,'US','SC','South Carolina'),(55,'US','SD','South Dakota'),(56,'US','TN','Tennessee'),(57,'US','TX','Texas'),(58,'US','UT','Utah'),(59,'US','VT','Vermont'),(60,'US','VI','Virgin Islands'),(61,'US','VA','Virginia'),(62,'US','WA','Washington'),(63,'US','WV','West Virginia'),(64,'US','WI','Wisconsin'),(65,'US','WY','Wyoming'),(66,'CA','AB','Alberta'),(67,'CA','BC','British Columbia'),(68,'CA','MB','Manitoba'),(69,'CA','NL','Newfoundland and Labrador'),(70,'CA','NB','New Brunswick'),(71,'CA','NS','Nova Scotia'),(72,'CA','NT','Northwest Territories'),(73,'CA','NU','Nunavut'),(74,'CA','ON','Ontario'),(75,'CA','PE','Prince Edward Island'),(76,'CA','QC','Quebec'),(77,'CA','SK','Saskatchewan'),(78,'CA','YT','Yukon Territory'),(79,'DE','NDS','Niedersachsen'),(80,'DE','BAW','Baden-Württemberg'),(81,'DE','BAY','Bayern'),(82,'DE','BER','Berlin'),(83,'DE','BRG','Brandenburg'),(84,'DE','BRE','Bremen'),(85,'DE','HAM','Hamburg'),(86,'DE','HES','Hessen'),(87,'DE','MEC','Mecklenburg-Vorpommern'),(88,'DE','NRW','Nordrhein-Westfalen'),(89,'DE','RHE','Rheinland-Pfalz'),(90,'DE','SAR','Saarland'),(91,'DE','SAS','Sachsen'),(92,'DE','SAC','Sachsen-Anhalt'),(93,'DE','SCN','Schleswig-Holstein'),(94,'DE','THE','Thüringen'),(95,'AT','WI','Wien'),(96,'AT','NO','Niederösterreich'),(97,'AT','OO','Oberösterreich'),(98,'AT','SB','Salzburg'),(99,'AT','KN','Kärnten'),(100,'AT','ST','Steiermark'),(101,'AT','TI','Tirol'),(102,'AT','BL','Burgenland'),(103,'AT','VB','Vorarlberg'),(104,'CH','AG','Aargau'),(105,'CH','AI','Appenzell Innerrhoden'),(106,'CH','AR','Appenzell Ausserrhoden'),(107,'CH','BE','Bern'),(108,'CH','BL','Basel-Landschaft'),(109,'CH','BS','Basel-Stadt'),(110,'CH','FR','Freiburg'),(111,'CH','GE','Genf'),(112,'CH','GL','Glarus'),(113,'CH','GR','Graubünden'),(114,'CH','JU','Jura'),(115,'CH','LU','Luzern'),(116,'CH','NE','Neuenburg'),(117,'CH','NW','Nidwalden'),(118,'CH','OW','Obwalden'),(119,'CH','SG','St. Gallen'),(120,'CH','SH','Schaffhausen'),(121,'CH','SO','Solothurn'),(122,'CH','SZ','Schwyz'),(123,'CH','TG','Thurgau'),(124,'CH','TI','Tessin'),(125,'CH','UR','Uri'),(126,'CH','VD','Waadt'),(127,'CH','VS','Wallis'),(128,'CH','ZG','Zug'),(129,'CH','ZH','Zürich'),(130,'ES','A Coruсa','A Coruña'),(131,'ES','Alava','Alava'),(132,'ES','Albacete','Albacete'),(133,'ES','Alicante','Alicante'),(134,'ES','Almeria','Almeria'),(135,'ES','Asturias','Asturias'),(136,'ES','Avila','Avila'),(137,'ES','Badajoz','Badajoz'),(138,'ES','Baleares','Baleares'),(139,'ES','Barcelona','Barcelona'),(140,'ES','Burgos','Burgos'),(141,'ES','Caceres','Caceres'),(142,'ES','Cadiz','Cadiz'),(143,'ES','Cantabria','Cantabria'),(144,'ES','Castellon','Castellon'),(145,'ES','Ceuta','Ceuta'),(146,'ES','Ciudad Real','Ciudad Real'),(147,'ES','Cordoba','Cordoba'),(148,'ES','Cuenca','Cuenca'),(149,'ES','Girona','Girona'),(150,'ES','Granada','Granada'),(151,'ES','Guadalajara','Guadalajara'),(152,'ES','Guipuzcoa','Guipuzcoa'),(153,'ES','Huelva','Huelva'),(154,'ES','Huesca','Huesca'),(155,'ES','Jaen','Jaen'),(156,'ES','La Rioja','La Rioja'),(157,'ES','Las Palmas','Las Palmas'),(158,'ES','Leon','Leon'),(159,'ES','Lleida','Lleida'),(160,'ES','Lugo','Lugo'),(161,'ES','Madrid','Madrid'),(162,'ES','Malaga','Malaga'),(163,'ES','Melilla','Melilla'),(164,'ES','Murcia','Murcia'),(165,'ES','Navarra','Navarra'),(166,'ES','Ourense','Ourense'),(167,'ES','Palencia','Palencia'),(168,'ES','Pontevedra','Pontevedra'),(169,'ES','Salamanca','Salamanca'),(170,'ES','Santa Cruz de Tenerife','Santa Cruz de Tenerife'),(171,'ES','Segovia','Segovia'),(172,'ES','Sevilla','Sevilla'),(173,'ES','Soria','Soria'),(174,'ES','Tarragona','Tarragona'),(175,'ES','Teruel','Teruel'),(176,'ES','Toledo','Toledo'),(177,'ES','Valencia','Valencia'),(178,'ES','Valladolid','Valladolid'),(179,'ES','Vizcaya','Vizcaya'),(180,'ES','Zamora','Zamora'),(181,'ES','Zaragoza','Zaragoza'),(182,'FR','1','Ain'),(183,'FR','2','Aisne'),(184,'FR','3','Allier'),(185,'FR','4','Alpes-de-Haute-Provence'),(186,'FR','5','Hautes-Alpes'),(187,'FR','6','Alpes-Maritimes'),(188,'FR','7','Ardèche'),(189,'FR','8','Ardennes'),(190,'FR','9','Ariège'),(191,'FR','10','Aube'),(192,'FR','11','Aude'),(193,'FR','12','Aveyron'),(194,'FR','13','Bouches-du-Rhône'),(195,'FR','14','Calvados'),(196,'FR','15','Cantal'),(197,'FR','16','Charente'),(198,'FR','17','Charente-Maritime'),(199,'FR','18','Cher'),(200,'FR','19','Corrèze'),(201,'FR','2A','Corse-du-Sud'),(202,'FR','2B','Haute-Corse'),(203,'FR','21','Côte-d\'Or'),(204,'FR','22','Côtes-d\'Armor'),(205,'FR','23','Creuse'),(206,'FR','24','Dordogne'),(207,'FR','25','Doubs'),(208,'FR','26','Drôme'),(209,'FR','27','Eure'),(210,'FR','28','Eure-et-Loir'),(211,'FR','29','Finistère'),(212,'FR','30','Gard'),(213,'FR','31','Haute-Garonne'),(214,'FR','32','Gers'),(215,'FR','33','Gironde'),(216,'FR','34','Hérault'),(217,'FR','35','Ille-et-Vilaine'),(218,'FR','36','Indre'),(219,'FR','37','Indre-et-Loire'),(220,'FR','38','Isère'),(221,'FR','39','Jura'),(222,'FR','40','Landes'),(223,'FR','41','Loir-et-Cher'),(224,'FR','42','Loire'),(225,'FR','43','Haute-Loire'),(226,'FR','44','Loire-Atlantique'),(227,'FR','45','Loiret'),(228,'FR','46','Lot'),(229,'FR','47','Lot-et-Garonne'),(230,'FR','48','Lozère'),(231,'FR','49','Maine-et-Loire'),(232,'FR','50','Manche'),(233,'FR','51','Marne'),(234,'FR','52','Haute-Marne'),(235,'FR','53','Mayenne'),(236,'FR','54','Meurthe-et-Moselle'),(237,'FR','55','Meuse'),(238,'FR','56','Morbihan'),(239,'FR','57','Moselle'),(240,'FR','58','Nièvre'),(241,'FR','59','Nord'),(242,'FR','60','Oise'),(243,'FR','61','Orne'),(244,'FR','62','Pas-de-Calais'),(245,'FR','63','Puy-de-Dôme'),(246,'FR','64','Pyrénées-Atlantiques'),(247,'FR','65','Hautes-Pyrénées'),(248,'FR','66','Pyrénées-Orientales'),(249,'FR','67','Bas-Rhin'),(250,'FR','68','Haut-Rhin'),(251,'FR','69','Rhône'),(252,'FR','70','Haute-Saône'),(253,'FR','71','Saône-et-Loire'),(254,'FR','72','Sarthe'),(255,'FR','73','Savoie'),(256,'FR','74','Haute-Savoie'),(257,'FR','75','Paris'),(258,'FR','76','Seine-Maritime'),(259,'FR','77','Seine-et-Marne'),(260,'FR','78','Yvelines'),(261,'FR','79','Deux-Sèvres'),(262,'FR','80','Somme'),(263,'FR','81','Tarn'),(264,'FR','82','Tarn-et-Garonne'),(265,'FR','83','Var'),(266,'FR','84','Vaucluse'),(267,'FR','85','Vendée'),(268,'FR','86','Vienne'),(269,'FR','87','Haute-Vienne'),(270,'FR','88','Vosges'),(271,'FR','89','Yonne'),(272,'FR','90','Territoire-de-Belfort'),(273,'FR','91','Essonne'),(274,'FR','92','Hauts-de-Seine'),(275,'FR','93','Seine-Saint-Denis'),(276,'FR','94','Val-de-Marne'),(277,'FR','95','Val-d\'Oise'),(278,'RO','AB','Alba'),(279,'RO','AR','Arad'),(280,'RO','AG','Argeş'),(281,'RO','BC','Bacău'),(282,'RO','BH','Bihor'),(283,'RO','BN','Bistriţa-Năsăud'),(284,'RO','BT','Botoşani'),(285,'RO','BV','Braşov'),(286,'RO','BR','Brăila'),(287,'RO','B','Bucureşti'),(288,'RO','BZ','Buzău'),(289,'RO','CS','Caraş-Severin'),(290,'RO','CL','Călăraşi'),(291,'RO','CJ','Cluj'),(292,'RO','CT','Constanţa'),(293,'RO','CV','Covasna'),(294,'RO','DB','Dâmboviţa'),(295,'RO','DJ','Dolj'),(296,'RO','GL','Galaţi'),(297,'RO','GR','Giurgiu'),(298,'RO','GJ','Gorj'),(299,'RO','HR','Harghita'),(300,'RO','HD','Hunedoara'),(301,'RO','IL','Ialomiţa'),(302,'RO','IS','Iaşi'),(303,'RO','IF','Ilfov'),(304,'RO','MM','Maramureş'),(305,'RO','MH','Mehedinţi'),(306,'RO','MS','Mureş'),(307,'RO','NT','Neamţ'),(308,'RO','OT','Olt'),(309,'RO','PH','Prahova'),(310,'RO','SM','Satu-Mare'),(311,'RO','SJ','Sălaj'),(312,'RO','SB','Sibiu'),(313,'RO','SV','Suceava'),(314,'RO','TR','Teleorman'),(315,'RO','TM','Timiş'),(316,'RO','TL','Tulcea'),(317,'RO','VS','Vaslui'),(318,'RO','VL','Vâlcea'),(319,'RO','VN','Vrancea'),(320,'FI','Lappi','Lappi'),(321,'FI','Pohjois-Pohjanmaa','Pohjois-Pohjanmaa'),(322,'FI','Kainuu','Kainuu'),(323,'FI','Pohjois-Karjala','Pohjois-Karjala'),(324,'FI','Pohjois-Savo','Pohjois-Savo'),(325,'FI','Etelä-Savo','Etelä-Savo'),(326,'FI','Etelä-Pohjanmaa','Etelä-Pohjanmaa'),(327,'FI','Pohjanmaa','Pohjanmaa'),(328,'FI','Pirkanmaa','Pirkanmaa'),(329,'FI','Satakunta','Satakunta'),(330,'FI','Keski-Pohjanmaa','Keski-Pohjanmaa'),(331,'FI','Keski-Suomi','Keski-Suomi'),(332,'FI','Varsinais-Suomi','Varsinais-Suomi'),(333,'FI','Etelä-Karjala','Etelä-Karjala'),(334,'FI','Päijät-Häme','Päijät-Häme'),(335,'FI','Kanta-Häme','Kanta-Häme'),(336,'FI','Uusimaa','Uusimaa'),(337,'FI','Itä-Uusimaa','Itä-Uusimaa'),(338,'FI','Kymenlaakso','Kymenlaakso'),(339,'FI','Ahvenanmaa','Ahvenanmaa'),(340,'EE','EE-37','Harjumaa'),(341,'EE','EE-39','Hiiumaa'),(342,'EE','EE-44','Ida-Virumaa'),(343,'EE','EE-49','Jõgevamaa'),(344,'EE','EE-51','Järvamaa'),(345,'EE','EE-57','Läänemaa'),(346,'EE','EE-59','Lääne-Virumaa'),(347,'EE','EE-65','Põlvamaa'),(348,'EE','EE-67','Pärnumaa'),(349,'EE','EE-70','Raplamaa'),(350,'EE','EE-74','Saaremaa'),(351,'EE','EE-78','Tartumaa'),(352,'EE','EE-82','Valgamaa'),(353,'EE','EE-84','Viljandimaa'),(354,'EE','EE-86','Võrumaa'),(355,'LV','LV-DGV','Daugavpils'),(356,'LV','LV-JEL','Jelgava'),(357,'LV','Jēkabpils','Jēkabpils'),(358,'LV','LV-JUR','Jūrmala'),(359,'LV','LV-LPX','Liepāja'),(360,'LV','LV-LE','Liepājas novads'),(361,'LV','LV-REZ','Rēzekne'),(362,'LV','LV-RIX','Rīga'),(363,'LV','LV-RI','Rīgas novads'),(364,'LV','Valmiera','Valmiera'),(365,'LV','LV-VEN','Ventspils'),(366,'LV','Aglonas novads','Aglonas novads'),(367,'LV','LV-AI','Aizkraukles novads'),(368,'LV','Aizputes novads','Aizputes novads'),(369,'LV','Aknīstes novads','Aknīstes novads'),(370,'LV','Alojas novads','Alojas novads'),(371,'LV','Alsungas novads','Alsungas novads'),(372,'LV','LV-AL','Alūksnes novads'),(373,'LV','Amatas novads','Amatas novads'),(374,'LV','Apes novads','Apes novads'),(375,'LV','Auces novads','Auces novads'),(376,'LV','Babītes novads','Babītes novads'),(377,'LV','Baldones novads','Baldones novads'),(378,'LV','Baltinavas novads','Baltinavas novads'),(379,'LV','LV-BL','Balvu novads'),(380,'LV','LV-BU','Bauskas novads'),(381,'LV','Beverīnas novads','Beverīnas novads'),(382,'LV','Brocēnu novads','Brocēnu novads'),(383,'LV','Burtnieku novads','Burtnieku novads'),(384,'LV','Carnikavas novads','Carnikavas novads'),(385,'LV','Cesvaines novads','Cesvaines novads'),(386,'LV','Ciblas novads','Ciblas novads'),(387,'LV','LV-CE','Cēsu novads'),(388,'LV','Dagdas novads','Dagdas novads'),(389,'LV','LV-DA','Daugavpils novads'),(390,'LV','LV-DO','Dobeles novads'),(391,'LV','Dundagas novads','Dundagas novads'),(392,'LV','Durbes novads','Durbes novads'),(393,'LV','Engures novads','Engures novads'),(394,'LV','Garkalnes novads','Garkalnes novads'),(395,'LV','Grobiņas novads','Grobiņas novads'),(396,'LV','LV-GU','Gulbenes novads'),(397,'LV','Iecavas novads','Iecavas novads'),(398,'LV','Ikšķiles novads','Ikšķiles novads'),(399,'LV','Ilūkstes novads','Ilūkstes novads'),(400,'LV','Inčukalna novads','Inčukalna novads'),(401,'LV','Jaunjelgavas novads','Jaunjelgavas novads'),(402,'LV','Jaunpiebalgas novads','Jaunpiebalgas novads'),(403,'LV','Jaunpils novads','Jaunpils novads'),(404,'LV','LV-JL','Jelgavas novads'),(405,'LV','LV-JK','Jēkabpils novads'),(406,'LV','Kandavas novads','Kandavas novads'),(407,'LV','Kokneses novads','Kokneses novads'),(408,'LV','Krimuldas novads','Krimuldas novads'),(409,'LV','Krustpils novads','Krustpils novads'),(410,'LV','LV-KR','Krāslavas novads'),(411,'LV','LV-KU','Kuldīgas novads'),(412,'LV','Kārsavas novads','Kārsavas novads'),(413,'LV','Lielvārdes novads','Lielvārdes novads'),(414,'LV','LV-LM','Limbažu novads'),(415,'LV','Lubānas novads','Lubānas novads'),(416,'LV','LV-LU','Ludzas novads'),(417,'LV','Līgatnes novads','Līgatnes novads'),(418,'LV','Līvānu novads','Līvānu novads'),(419,'LV','LV-MA','Madonas novads'),(420,'LV','Mazsalacas novads','Mazsalacas novads'),(421,'LV','Mālpils novads','Mālpils novads'),(422,'LV','Mārupes novads','Mārupes novads'),(423,'LV','Naukšēnu novads','Naukšēnu novads'),(424,'LV','Neretas novads','Neretas novads'),(425,'LV','Nīcas novads','Nīcas novads'),(426,'LV','LV-OG','Ogres novads'),(427,'LV','Olaines novads','Olaines novads'),(428,'LV','Ozolnieku novads','Ozolnieku novads'),(429,'LV','LV-PR','Preiļu novads'),(430,'LV','Priekules novads','Priekules novads'),(431,'LV','Priekuļu novads','Priekuļu novads'),(432,'LV','Pārgaujas novads','Pārgaujas novads'),(433,'LV','Pāvilostas novads','Pāvilostas novads'),(434,'LV','Pļaviņu novads','Pļaviņu novads'),(435,'LV','Raunas novads','Raunas novads'),(436,'LV','Riebiņu novads','Riebiņu novads'),(437,'LV','Rojas novads','Rojas novads'),(438,'LV','Ropažu novads','Ropažu novads'),(439,'LV','Rucavas novads','Rucavas novads'),(440,'LV','Rugāju novads','Rugāju novads'),(441,'LV','Rundāles novads','Rundāles novads'),(442,'LV','LV-RE','Rēzeknes novads'),(443,'LV','Rūjienas novads','Rūjienas novads'),(444,'LV','Salacgrīvas novads','Salacgrīvas novads'),(445,'LV','Salas novads','Salas novads'),(446,'LV','Salaspils novads','Salaspils novads'),(447,'LV','LV-SA','Saldus novads'),(448,'LV','Saulkrastu novads','Saulkrastu novads'),(449,'LV','Siguldas novads','Siguldas novads'),(450,'LV','Skrundas novads','Skrundas novads'),(451,'LV','Skrīveru novads','Skrīveru novads'),(452,'LV','Smiltenes novads','Smiltenes novads'),(453,'LV','Stopiņu novads','Stopiņu novads'),(454,'LV','Strenču novads','Strenču novads'),(455,'LV','Sējas novads','Sējas novads'),(456,'LV','LV-TA','Talsu novads'),(457,'LV','LV-TU','Tukuma novads'),(458,'LV','Tērvetes novads','Tērvetes novads'),(459,'LV','Vaiņodes novads','Vaiņodes novads'),(460,'LV','LV-VK','Valkas novads'),(461,'LV','LV-VM','Valmieras novads'),(462,'LV','Varakļānu novads','Varakļānu novads'),(463,'LV','Vecpiebalgas novads','Vecpiebalgas novads'),(464,'LV','Vecumnieku novads','Vecumnieku novads'),(465,'LV','LV-VE','Ventspils novads'),(466,'LV','Viesītes novads','Viesītes novads'),(467,'LV','Viļakas novads','Viļakas novads'),(468,'LV','Viļānu novads','Viļānu novads'),(469,'LV','Vārkavas novads','Vārkavas novads'),(470,'LV','Zilupes novads','Zilupes novads'),(471,'LV','Ādažu novads','Ādažu novads'),(472,'LV','Ērgļu novads','Ērgļu novads'),(473,'LV','Ķeguma novads','Ķeguma novads'),(474,'LV','Ķekavas novads','Ķekavas novads'),(475,'LT','LT-AL','Alytaus Apskritis'),(476,'LT','LT-KU','Kauno Apskritis'),(477,'LT','LT-KL','Klaipėdos Apskritis'),(478,'LT','LT-MR','Marijampolės Apskritis'),(479,'LT','LT-PN','Panevėžio Apskritis'),(480,'LT','LT-SA','Šiaulių Apskritis'),(481,'LT','LT-TA','Tauragės Apskritis'),(482,'LT','LT-TE','Telšių Apskritis'),(483,'LT','LT-UT','Utenos Apskritis'),(484,'LT','LT-VL','Vilniaus Apskritis'),(485,'BR','AC','Acre'),(486,'BR','AL','Alagoas'),(487,'BR','AP','Amapá'),(488,'BR','AM','Amazonas'),(489,'BR','BA','Bahia'),(490,'BR','CE','Ceará'),(491,'BR','ES','Espírito Santo'),(492,'BR','GO','Goiás'),(493,'BR','MA','Maranhão'),(494,'BR','MT','Mato Grosso'),(495,'BR','MS','Mato Grosso do Sul'),(496,'BR','MG','Minas Gerais'),(497,'BR','PA','Pará'),(498,'BR','PB','Paraíba'),(499,'BR','PR','Paraná'),(500,'BR','PE','Pernambuco'),(501,'BR','PI','Piauí'),(502,'BR','RJ','Rio de Janeiro'),(503,'BR','RN','Rio Grande do Norte'),(504,'BR','RS','Rio Grande do Sul'),(505,'BR','RO','Rondônia'),(506,'BR','RR','Roraima'),(507,'BR','SC','Santa Catarina'),(508,'BR','SP','São Paulo'),(509,'BR','SE','Sergipe'),(510,'BR','TO','Tocantins'),(511,'BR','DF','Distrito Federal'),(512,'HR','HR-01','Zagrebačka županija'),(513,'HR','HR-02','Krapinsko-zagorska županija'),(514,'HR','HR-03','Sisačko-moslavačka županija'),(515,'HR','HR-04','Karlovačka županija'),(516,'HR','HR-05','Varaždinska županija'),(517,'HR','HR-06','Koprivničko-križevačka županija'),(518,'HR','HR-07','Bjelovarsko-bilogorska županija'),(519,'HR','HR-08','Primorsko-goranska županija'),(520,'HR','HR-09','Ličko-senjska županija'),(521,'HR','HR-10','Virovitičko-podravska županija'),(522,'HR','HR-11','Požeško-slavonska županija'),(523,'HR','HR-12','Brodsko-posavska županija'),(524,'HR','HR-13','Zadarska županija'),(525,'HR','HR-14','Osječko-baranjska županija'),(526,'HR','HR-15','Šibensko-kninska županija'),(527,'HR','HR-16','Vukovarsko-srijemska županija'),(528,'HR','HR-17','Splitsko-dalmatinska županija'),(529,'HR','HR-18','Istarska županija'),(530,'HR','HR-19','Dubrovačko-neretvanska županija'),(531,'HR','HR-20','Međimurska županija'),(532,'HR','HR-21','Grad Zagreb'),(533,'IN','AN','Andaman and Nicobar Islands'),(534,'IN','AP','Andhra Pradesh'),(535,'IN','AR','Arunachal Pradesh'),(536,'IN','AS','Assam'),(537,'IN','BR','Bihar'),(538,'IN','CH','Chandigarh'),(539,'IN','CT','Chhattisgarh'),(540,'IN','DN','Dadra and Nagar Haveli'),(541,'IN','DD','Daman and Diu'),(542,'IN','DL','Delhi'),(543,'IN','GA','Goa'),(544,'IN','GJ','Gujarat'),(545,'IN','HR','Haryana'),(546,'IN','HP','Himachal Pradesh'),(547,'IN','JK','Jammu and Kashmir'),(548,'IN','JH','Jharkhand'),(549,'IN','KA','Karnataka'),(550,'IN','KL','Kerala'),(551,'IN','LD','Lakshadweep'),(552,'IN','MP','Madhya Pradesh'),(553,'IN','MH','Maharashtra'),(554,'IN','MN','Manipur'),(555,'IN','ML','Meghalaya'),(556,'IN','MZ','Mizoram'),(557,'IN','NL','Nagaland'),(558,'IN','OR','Odisha'),(559,'IN','PY','Puducherry'),(560,'IN','PB','Punjab'),(561,'IN','RJ','Rajasthan'),(562,'IN','SK','Sikkim'),(563,'IN','TN','Tamil Nadu'),(564,'IN','TG','Telangana'),(565,'IN','TR','Tripura'),(566,'IN','UP','Uttar Pradesh'),(567,'IN','UT','Uttarakhand'),(568,'IN','WB','West Bengal'),(569,'AU','ACT','Australian Capital Territory'),(570,'AU','NSW','New South Wales'),(571,'AU','VIC','Victoria'),(572,'AU','QLD','Queensland'),(573,'AU','SA','South Australia'),(574,'AU','TAS','Tasmania'),(575,'AU','WA','Western Australia'),(576,'AU','NT','Northern Territory'),(577,'BE','VAN','Antwerpen'),(578,'BE','WBR','Brabant wallon'),(579,'BE','BRU','Brussels-Capital Region'),(580,'BE','WHT','Hainaut'),(581,'BE','VLI','Limburg'),(582,'BE','WLG','Liège'),(583,'BE','WLX','Luxembourg'),(584,'BE','WNA','Namur'),(585,'BE','VOV','Oost-Vlaanderen'),(586,'BE','VBR','Vlaams-Brabant'),(587,'BE','VWV','West-Vlaanderen'),(588,'CN','CN-AH','Anhui Sheng'),(589,'CN','CN-BJ','Beijing Shi'),(590,'CN','CN-CQ','Chongqing Shi'),(591,'CN','CN-FJ','Fujian Sheng'),(592,'CN','CN-GS','Gansu Sheng'),(593,'CN','CN-GD','Guangdong Sheng'),(594,'CN','CN-GX','Guangxi Zhuangzu Zizhiqu'),(595,'CN','CN-GZ','Guizhou Sheng'),(596,'CN','CN-HI','Hainan Sheng'),(597,'CN','CN-HE','Hebei Sheng'),(598,'CN','CN-HL','Heilongjiang Sheng'),(599,'CN','CN-HA','Henan Sheng'),(600,'CN','CN-HK','Hong Kong SAR'),(601,'CN','CN-HB','Hubei Sheng'),(602,'CN','CN-HN','Hunan Sheng'),(603,'CN','CN-JS','Jiangsu Sheng'),(604,'CN','CN-JX','Jiangxi Sheng'),(605,'CN','CN-JL','Jilin Sheng'),(606,'CN','CN-LN','Liaoning Sheng'),(607,'CN','CN-MO','Macao SAR'),(608,'CN','CN-NM','Nei Mongol Zizhiqu'),(609,'CN','CN-NX','Ningxia Huizi Zizhiqu'),(610,'CN','CN-QH','Qinghai Sheng'),(611,'CN','CN-SN','Shaanxi Sheng'),(612,'CN','CN-SD','Shandong Sheng'),(613,'CN','CN-SH','Shanghai Shi'),(614,'CN','CN-SX','Shanxi Sheng'),(615,'CN','CN-SC','Sichuan Sheng'),(616,'CN','CN-TW','Taiwan Sheng'),(617,'CN','CN-TJ','Tianjin Shi'),(618,'CN','CN-XJ','Xinjiang Uygur Zizhiqu'),(619,'CN','CN-XZ','Xizang Zizhiqu'),(620,'CN','CN-YN','Yunnan Sheng'),(621,'CN','CN-ZJ','Zhejiang Sheng'),(622,'CO','CO-AMA','Amazonas'),(623,'CO','CO-ANT','Antioquia'),(624,'CO','CO-ARA','Arauca'),(625,'CO','CO-ATL','Atlántico'),(626,'CO','CO-BOL','Bolívar'),(627,'CO','CO-BOY','Boyacá'),(628,'CO','CO-CAL','Caldas'),(629,'CO','CO-CAQ','Caquetá'),(630,'CO','CO-CAS','Casanare'),(631,'CO','CO-CAU','Cauca'),(632,'CO','CO-CES','Cesar'),(633,'CO','CO-CHO','Chocó'),(634,'CO','CO-COR','Córdoba'),(635,'CO','CO-CUN','Cundinamarca'),(636,'CO','CO-GUA','Guainía'),(637,'CO','CO-GUV','Guaviare'),(638,'CO','CO-HUL','Huila'),(639,'CO','CO-LAG','La Guajira'),(640,'CO','CO-MAG','Magdalena'),(641,'CO','CO-MET','Meta'),(642,'CO','CO-NAR','Nariño'),(643,'CO','CO-NSA','Norte de Santander'),(644,'CO','CO-PUT','Putumayo'),(645,'CO','CO-QUI','Quindío'),(646,'CO','CO-RIS','Risaralda'),(647,'CO','CO-SAP','San Andrés y Providencia'),(648,'CO','CO-SAN','Santander'),(649,'CO','CO-SUC','Sucre'),(650,'CO','CO-TOL','Tolima'),(651,'CO','CO-VAC','Valle del Cauca'),(652,'CO','CO-VAU','Vaupés'),(653,'CO','CO-VID','Vichada'),(654,'IT','AG','Agrigento'),(655,'IT','AL','Alessandria'),(656,'IT','AN','Ancona'),(657,'IT','AO','Aosta'),(658,'IT','AQ','L\'Aquila'),(659,'IT','AR','Arezzo'),(660,'IT','AP','Ascoli-Piceno'),(661,'IT','AT','Asti'),(662,'IT','AV','Avellino'),(663,'IT','BA','Bari'),(664,'IT','BT','Barletta-Andria-Trani'),(665,'IT','BL','Belluno'),(666,'IT','BN','Benevento'),(667,'IT','BG','Bergamo'),(668,'IT','BI','Biella'),(669,'IT','BO','Bologna'),(670,'IT','BZ','Bolzano'),(671,'IT','BS','Brescia'),(672,'IT','BR','Brindisi'),(673,'IT','CA','Cagliari'),(674,'IT','CL','Caltanissetta'),(675,'IT','CB','Campobasso'),(676,'IT','CI','Carbonia Iglesias'),(677,'IT','CE','Caserta'),(678,'IT','CT','Catania'),(679,'IT','CZ','Catanzaro'),(680,'IT','CH','Chieti'),(681,'IT','CO','Como'),(682,'IT','CS','Cosenza'),(683,'IT','CR','Cremona'),(684,'IT','KR','Crotone'),(685,'IT','CN','Cuneo'),(686,'IT','EN','Enna'),(687,'IT','FM','Fermo'),(688,'IT','FE','Ferrara'),(689,'IT','FI','Firenze'),(690,'IT','FG','Foggia'),(691,'IT','FC','Forli-Cesena'),(692,'IT','FR','Frosinone'),(693,'IT','GE','Genova'),(694,'IT','GO','Gorizia'),(695,'IT','GR','Grosseto'),(696,'IT','IM','Imperia'),(697,'IT','IS','Isernia'),(698,'IT','SP','La-Spezia'),(699,'IT','LT','Latina'),(700,'IT','LE','Lecce'),(701,'IT','LC','Lecco'),(702,'IT','LI','Livorno'),(703,'IT','LO','Lodi'),(704,'IT','LU','Lucca'),(705,'IT','MC','Macerata'),(706,'IT','MN','Mantova'),(707,'IT','MS','Massa-Carrara'),(708,'IT','MT','Matera'),(709,'IT','VS','Medio Campidano'),(710,'IT','ME','Messina'),(711,'IT','MI','Milano'),(712,'IT','MO','Modena'),(713,'IT','MB','Monza-Brianza'),(714,'IT','NA','Napoli'),(715,'IT','NO','Novara'),(716,'IT','NU','Nuoro'),(717,'IT','OG','Ogliastra'),(718,'IT','OT','Olbia Tempio'),(719,'IT','OR','Oristano'),(720,'IT','PD','Padova'),(721,'IT','PA','Palermo'),(722,'IT','PR','Parma'),(723,'IT','PV','Pavia'),(724,'IT','PG','Perugia'),(725,'IT','PU','Pesaro-Urbino'),(726,'IT','PE','Pescara'),(727,'IT','PC','Piacenza'),(728,'IT','PI','Pisa'),(729,'IT','PT','Pistoia'),(730,'IT','PN','Pordenone'),(731,'IT','PZ','Potenza'),(732,'IT','PO','Prato'),(733,'IT','RG','Ragusa'),(734,'IT','RA','Ravenna'),(735,'IT','RC','Reggio-Calabria'),(736,'IT','RE','Reggio-Emilia'),(737,'IT','RI','Rieti'),(738,'IT','RN','Rimini'),(739,'IT','RM','Roma'),(740,'IT','RO','Rovigo'),(741,'IT','SA','Salerno'),(742,'IT','SS','Sassari'),(743,'IT','SV','Savona'),(744,'IT','SI','Siena'),(745,'IT','SR','Siracusa'),(746,'IT','SO','Sondrio'),(747,'IT','TA','Taranto'),(748,'IT','TE','Teramo'),(749,'IT','TR','Terni'),(750,'IT','TO','Torino'),(751,'IT','TP','Trapani'),(752,'IT','TN','Trento'),(753,'IT','TV','Treviso'),(754,'IT','TS','Trieste'),(755,'IT','UD','Udine'),(756,'IT','VA','Varese'),(757,'IT','VE','Venezia'),(758,'IT','VB','Verbania'),(759,'IT','VC','Vercelli'),(760,'IT','VR','Verona'),(761,'IT','VV','Vibo-Valentia'),(762,'IT','VI','Vicenza'),(763,'IT','VT','Viterbo'),(764,'MX','AGU','Aguascalientes'),(765,'MX','BCN','Baja California'),(766,'MX','BCS','Baja California Sur'),(767,'MX','CAM','Campeche'),(768,'MX','CHP','Chiapas'),(769,'MX','CHH','Chihuahua'),(770,'MX','CMX','Ciudad de México'),(771,'MX','COA','Coahuila'),(772,'MX','COL','Colima'),(773,'MX','DUR','Durango'),(774,'MX','MEX','Estado de México'),(775,'MX','GUA','Guanajuato'),(776,'MX','GRO','Guerrero'),(777,'MX','HID','Hidalgo'),(778,'MX','JAL','Jalisco'),(779,'MX','MIC','Michoacán'),(780,'MX','MOR','Morelos'),(781,'MX','NAY','Nayarit'),(782,'MX','NLE','Nuevo León'),(783,'MX','OAX','Oaxaca'),(784,'MX','PUE','Puebla'),(785,'MX','QUE','Querétaro'),(786,'MX','ROO','Quintana Roo'),(787,'MX','SLP','San Luis Potosí'),(788,'MX','SIN','Sinaloa'),(789,'MX','SON','Sonora'),(790,'MX','TAB','Tabasco'),(791,'MX','TAM','Tamaulipas'),(792,'MX','TLA','Tlaxcala'),(793,'MX','VER','Veracruz'),(794,'MX','YUC','Yucatán'),(795,'MX','ZAC','Zacatecas'),(796,'PL','PL-02','dolnośląskie'),(797,'PL','PL-04','kujawsko-pomorskie'),(798,'PL','PL-06','lubelskie'),(799,'PL','PL-08','lubuskie'),(800,'PL','PL-10','łódzkie'),(801,'PL','PL-12','małopolskie'),(802,'PL','PL-14','mazowieckie'),(803,'PL','PL-16','opolskie'),(804,'PL','PL-18','podkarpackie'),(805,'PL','PL-20','podlaskie'),(806,'PL','PL-22','pomorskie'),(807,'PL','PL-24','śląskie'),(808,'PL','PL-26','świętokrzyskie'),(809,'PL','PL-28','warmińsko-mazurskie'),(810,'PL','PL-30','wielkopolskie'),(811,'PL','PL-32','zachodniopomorskie'),(812,'BG','BG-01','Blagoevgrad'),(813,'BG','BG-02','Burgas'),(814,'BG','BG-03','Varna'),(815,'BG','BG-04','Veliko Tarnovo'),(816,'BG','BG-05','Vidin'),(817,'BG','BG-06','Vratsa'),(818,'BG','BG-07','Gabrovo'),(819,'BG','BG-08','Dobrich'),(820,'BG','BG-09','Kardzhali'),(821,'BG','BG-10','Kyustendil'),(822,'BG','BG-11','Lovech'),(823,'BG','BG-12','Montana'),(824,'BG','BG-13','Pazardzhik'),(825,'BG','BG-14','Pernik'),(826,'BG','BG-15','Pleven'),(827,'BG','BG-16','Plovdiv'),(828,'BG','BG-17','Razgrad'),(829,'BG','BG-18','Ruse'),(830,'BG','BG-19','Silistra'),(831,'BG','BG-20','Sliven'),(832,'BG','BG-21','Smolyan'),(833,'BG','BG-22','Sofia City'),(834,'BG','BG-23','Sofia Province'),(835,'BG','BG-24','Stara Zagora'),(836,'BG','BG-25','Targovishte'),(837,'BG','BG-26','Haskovo'),(838,'BG','BG-27','Shumen'),(839,'BG','BG-28','Yambol'),(840,'AL','AL-01','Berat'),(841,'AL','AL-09','Dibër'),(842,'AL','AL-02','Durrës'),(843,'AL','AL-03','Elbasan'),(844,'AL','AL-04','Fier'),(845,'AL','AL-05','Gjirokastër'),(846,'AL','AL-06','Korçë'),(847,'AL','AL-07','Kukës'),(848,'AL','AL-08','Lezhë'),(849,'AL','AL-10','Shkodër'),(850,'AL','AL-11','Tiranë'),(851,'AL','AL-12','Vlorë'),(852,'AR','AR-C','Ciudad Autónoma de Buenos Aires'),(853,'AR','AR-B','Buenos Aires'),(854,'AR','AR-K','Catamarca'),(855,'AR','AR-H','Chaco'),(856,'AR','AR-U','Chubut'),(857,'AR','AR-X','Córdoba'),(858,'AR','AR-W','Corrientes'),(859,'AR','AR-E','Entre Ríos'),(860,'AR','AR-P','Formosa'),(861,'AR','AR-Y','Jujuy'),(862,'AR','AR-L','La Pampa'),(863,'AR','AR-F','La Rioja'),(864,'AR','AR-M','Mendoza'),(865,'AR','AR-N','Misiones'),(866,'AR','AR-Q','Neuquén'),(867,'AR','AR-R','Río Negro'),(868,'AR','AR-A','Salta'),(869,'AR','AR-J','San Juan'),(870,'AR','AR-D','San Luis'),(871,'AR','AR-Z','Santa Cruz'),(872,'AR','AR-S','Santa Fe'),(873,'AR','AR-G','Santiago del Estero'),(874,'AR','AR-V','Tierra del Fuego'),(875,'AR','AR-T','Tucumán'),(876,'BO','BO-C','Cochabamba'),(877,'BO','BO-H','Chuquisaca'),(878,'BO','BO-B','El Beni'),(879,'BO','BO-L','La Paz'),(880,'BO','BO-O','Oruro'),(881,'BO','BO-N','Pando'),(882,'BO','BO-P','Potosí'),(883,'BO','BO-S','Santa Cruz'),(884,'BO','BO-T','Tarija'),(885,'CL','CL-AI','Aisén del General Carlos Ibañez del Campo'),(886,'CL','CL-AN','Antofagasta'),(887,'CL','CL-AP','Arica y Parinacota'),(888,'CL','CL-AR','La Araucanía'),(889,'CL','CL-AT','Atacama'),(890,'CL','CL-BI','Biobío'),(891,'CL','CL-CO','Coquimbo'),(892,'CL','CL-LI','Libertador General Bernardo O\'Higgins'),(893,'CL','CL-LL','Los Lagos'),(894,'CL','CL-LR','Los Ríos'),(895,'CL','CL-MA','Magallanes'),(896,'CL','CL-ML','Maule'),(897,'CL','CL-NB','Ñuble'),(898,'CL','CL-RM','Región Metropolitana de Santiago'),(899,'CL','CL-TA','Tarapacá'),(900,'CL','CL-VS','Valparaíso'),(901,'DK','DK-84','Hovedstaden'),(902,'DK','DK-82','Midtjylland'),(903,'DK','DK-81','Nordjylland'),(904,'DK','DK-85','Sjælland'),(905,'DK','DK-83','Syddanmark'),(906,'EC','EC-A','Azuay'),(907,'EC','EC-B','Bolívar'),(908,'EC','EC-F','Cañar'),(909,'EC','EC-C','Carchi'),(910,'EC','EC-H','Chimborazo'),(911,'EC','EC-X','Cotopaxi'),(912,'EC','EC-O','El Oro'),(913,'EC','EC-E','Esmeraldas'),(914,'EC','EC-W','Galápagos'),(915,'EC','EC-G','Guayas'),(916,'EC','EC-I','Imbabura'),(917,'EC','EC-L','Loja'),(918,'EC','EC-R','Los Ríos'),(919,'EC','EC-M','Manabí'),(920,'EC','EC-S','Morona Santiago'),(921,'EC','EC-N','Napo'),(922,'EC','EC-D','Orellana'),(923,'EC','EC-Y','Pastaza'),(924,'EC','EC-P','Pichincha'),(925,'EC','EC-SE','Santa Elena'),(926,'EC','EC-SD','Santo Domingo de los Tsáchilas'),(927,'EC','EC-U','Sucumbíos'),(928,'EC','EC-T','Tungurahua'),(929,'EC','EC-Z','Zamora Chinchipe'),(930,'GR','GR-A','Anatolikí Makedonía kai Thráki'),(931,'GR','GR-I','Attikí'),(932,'GR','GR-G','Dytikí Elláda'),(933,'GR','GR-C','Dytikí Makedonía'),(934,'GR','GR-F','Ionía Nísia'),(935,'GR','GR-D','Ípeiros'),(936,'GR','GR-B','Kentrikí Makedonía'),(937,'GR','GR-M','Kríti'),(938,'GR','GR-L','Nótio Aigaío'),(939,'GR','GR-J','Pelopónnisos'),(940,'GR','GR-H','Stereá Elláda'),(941,'GR','GR-E','Thessalía'),(942,'GR','GR-K','Vóreio Aigaío'),(943,'GR','GR-69','Ágion Óros'),(944,'GY','GY-BA','Barima-Waini'),(945,'GY','GY-CU','Cuyuni-Mazaruni'),(946,'GY','GY-DE','Demerara-Mahaica'),(947,'GY','GY-EB','East Berbice-Corentyne'),(948,'GY','GY-ES','Essequibo Islands-West Demerara'),(949,'GY','GY-MA','Mahaica-Berbice'),(950,'GY','GY-PM','Pomeroon-Supenaam'),(951,'GY','GY-PT','Potaro-Siparuni'),(952,'GY','GY-UD','Upper Demerara-Berbice'),(953,'GY','GY-UT','Upper Takutu-Upper Essequibo'),(954,'IS','IS-01','Höfuðborgarsvæði'),(955,'IS','IS-02','Suðurnes'),(956,'IS','IS-03','Vesturland'),(957,'IS','IS-04','Vestfirðir'),(958,'IS','IS-05','Norðurland vestra'),(959,'IS','IS-06','Norðurland eystra'),(960,'IS','IS-07','Austurland'),(961,'IS','IS-08','Suðurland'),(962,'PY','PY-ASU','Asunción'),(963,'PY','PY-16','Alto Paraguay'),(964,'PY','PY-10','Alto Paraná'),(965,'PY','PY-13','Amambay'),(966,'PY','PY-19','Boquerón'),(967,'PY','PY-5','Caaguazú'),(968,'PY','PY-6','Caazapá'),(969,'PY','PY-14','Canindeyú'),(970,'PY','PY-11','Central'),(971,'PY','PY-1','Concepción'),(972,'PY','PY-3','Cordillera'),(973,'PY','PY-4','Guairá'),(974,'PY','PY-7','Itapúa'),(975,'PY','PY-8','Misiones'),(976,'PY','PY-12','Ñeembucú'),(977,'PY','PY-9','Paraguarí'),(978,'PY','PY-15','Presidente Hayes'),(979,'PY','PY-2','San Pedro'),(980,'PE','PE-LMA','Municipalidad Metropolitana de Lima'),(981,'PE','PE-AMA','Amazonas'),(982,'PE','PE-ANC','Ancash'),(983,'PE','PE-APU','Apurímac'),(984,'PE','PE-ARE','Arequipa'),(985,'PE','PE-AYA','Ayacucho'),(986,'PE','PE-CAJ','Cajamarca'),(987,'PE','PE-CUS','Cusco'),(988,'PE','PE-CAL','El Callao'),(989,'PE','PE-HUV','Huancavelica'),(990,'PE','PE-HUC','Huánuco'),(991,'PE','PE-ICA','Ica'),(992,'PE','PE-JUN','Junín'),(993,'PE','PE-LAL','La Libertad'),(994,'PE','PE-LAM','Lambayeque'),(995,'PE','PE-LIM','Lima'),(996,'PE','PE-LOR','Loreto'),(997,'PE','PE-MDD','Madre de Dios'),(998,'PE','PE-MOQ','Moquegua'),(999,'PE','PE-PAS','Pasco'),(1000,'PE','PE-PIU','Piura'),(1001,'PE','PE-PUN','Puno'),(1002,'PE','PE-SAM','San Martín'),(1003,'PE','PE-TAC','Tacna'),(1004,'PE','PE-TUM','Tumbes'),(1005,'PE','PE-UCA','Ucayali'),(1006,'PT','PT-01','Aveiro'),(1007,'PT','PT-02','Beja'),(1008,'PT','PT-03','Braga'),(1009,'PT','PT-04','Bragança'),(1010,'PT','PT-05','Castelo Branco'),(1011,'PT','PT-06','Coimbra'),(1012,'PT','PT-07','Évora'),(1013,'PT','PT-08','Faro'),(1014,'PT','PT-09','Guarda'),(1015,'PT','PT-10','Leiria'),(1016,'PT','PT-11','Lisboa'),(1017,'PT','PT-12','Portalegre'),(1018,'PT','PT-13','Porto'),(1019,'PT','PT-14','Santarém'),(1020,'PT','PT-15','Setúbal'),(1021,'PT','PT-16','Viana do Castelo'),(1022,'PT','PT-17','Vila Real'),(1023,'PT','PT-18','Viseu'),(1024,'PT','PT-20','Região Autónoma dos Açores'),(1025,'PT','PT-30','Região Autónoma da Madeira'),(1026,'SR','SR-BR','Brokopondo'),(1027,'SR','SR-CM','Commewijne'),(1028,'SR','SR-CR','Coronie'),(1029,'SR','SR-MA','Marowijne'),(1030,'SR','SR-NI','Nickerie'),(1031,'SR','SR-PR','Para'),(1032,'SR','SR-PM','Paramaribo'),(1033,'SR','SR-SA','Saramacca'),(1034,'SR','SR-SI','Sipaliwini'),(1035,'SR','SR-WA','Wanica'),(1036,'SE','SE-K','Blekinge län'),(1037,'SE','SE-W','Dalarnas län'),(1038,'SE','SE-I','Gotlands län'),(1039,'SE','SE-X','Gävleborgs län'),(1040,'SE','SE-N','Hallands län'),(1041,'SE','SE-Z','Jämtlands län'),(1042,'SE','SE-F','Jönköpings län'),(1043,'SE','SE-H','Kalmar län'),(1044,'SE','SE-G','Kronobergs län'),(1045,'SE','SE-BD','Norrbottens län'),(1046,'SE','SE-M','Skåne län'),(1047,'SE','SE-AB','Stockholms län'),(1048,'SE','SE-D','Södermanlands län'),(1049,'SE','SE-C','Uppsala län'),(1050,'SE','SE-S','Värmlands län'),(1051,'SE','SE-AC','Västerbottens län'),(1052,'SE','SE-Y','Västernorrlands län'),(1053,'SE','SE-U','Västmanlands län'),(1054,'SE','SE-O','Västra Götalands län'),(1055,'SE','SE-T','Örebro län'),(1056,'SE','SE-E','Östergötlands län'),(1057,'UY','UY-AR','Artigas'),(1058,'UY','UY-CA','Canelones'),(1059,'UY','UY-CL','Cerro Largo'),(1060,'UY','UY-CO','Colonia'),(1061,'UY','UY-DU','Durazno'),(1062,'UY','UY-FS','Flores'),(1063,'UY','UY-FD','Florida'),(1064,'UY','UY-LA','Lavalleja'),(1065,'UY','UY-MA','Maldonado'),(1066,'UY','UY-MO','Montevideo'),(1067,'UY','UY-PA','Paysandu'),(1068,'UY','UY-RN','Río Negro'),(1069,'UY','UY-RV','Rivera'),(1070,'UY','UY-RO','Rocha'),(1071,'UY','UY-SA','Salto'),(1072,'UY','UY-SJ','San José'),(1073,'UY','UY-SO','Soriano'),(1074,'UY','UY-TA','Tacuarembó'),(1075,'UY','UY-TT','Treinta y Tres'),(1076,'VE','VE-W','Dependencias Federales'),(1077,'VE','VE-A','Distrito Capital'),(1078,'VE','VE-Z','Amazonas'),(1079,'VE','VE-B','Anzoátegui'),(1080,'VE','VE-C','Apure'),(1081,'VE','VE-D','Aragua'),(1082,'VE','VE-E','Barinas'),(1083,'VE','VE-F','Bolívar'),(1084,'VE','VE-G','Carabobo'),(1085,'VE','VE-H','Cojedes'),(1086,'VE','VE-Y','Delta Amacuro'),(1087,'VE','VE-I','Falcón'),(1088,'VE','VE-J','Guárico'),(1089,'VE','VE-K','Lara'),(1090,'VE','VE-L','Mérida'),(1091,'VE','VE-M','Miranda'),(1092,'VE','VE-N','Monagas'),(1093,'VE','VE-O','Nueva Esparta'),(1094,'VE','VE-P','Portuguesa'),(1095,'VE','VE-R','Sucre'),(1096,'VE','VE-S','Táchira'),(1097,'VE','VE-T','Trujillo'),(1098,'VE','VE-X','Vargas'),(1099,'VE','VE-U','Yaracuy'),(1100,'VE','VE-V','Zulia');

--
-- Table structure for table `directory_country_region_name`
--

CREATE TABLE `directory_country_region_name` (
  `locale` varchar(16) NOT NULL COMMENT 'Locale',
  `region_id` int(10) unsigned NOT NULL DEFAULT '0' COMMENT 'Region ID',
  `name` varchar(255) DEFAULT NULL COMMENT 'Region Name',
  PRIMARY KEY (`locale`,`region_id`),
  KEY `DIRECTORY_COUNTRY_REGION_NAME_REGION_ID` (`region_id`),
  CONSTRAINT `DIR_COUNTRY_REGION_NAME_REGION_ID_DIR_COUNTRY_REGION_REGION_ID` FOREIGN KEY (`region_id`) REFERENCES `directory_country_region` (`region_id`) ON DELETE CASCADE
) ENGINE=InnoDB DEFAULT CHARSET=utf8 COMMENT='Directory Country Region Name';

--
-- Dumping data for table `directory_country_region_name`
--

INSERT INTO `directory_country_region_name` VALUES ('en_US',1,'Alabama'),('en_US',2,'Alaska'),('en_US',3,'American Samoa'),('en_US',4,'Arizona'),('en_US',5,'Arkansas'),('en_US',6,'Armed Forces Africa'),('en_US',7,'Armed Forces Americas'),('en_US',8,'Armed Forces Canada'),('en_US',9,'Armed Forces Europe'),('en_US',10,'Armed Forces Middle East'),('en_US',11,'Armed Forces Pacific'),('en_US',12,'California'),('en_US',13,'Colorado'),('en_US',14,'Connecticut'),('en_US',15,'Delaware'),('en_US',16,'District of Columbia'),('en_US',17,'Federated States Of Micronesia'),('en_US',18,'Florida'),('en_US',19,'Georgia'),('en_US',20,'Guam'),('en_US',21,'Hawaii'),('en_US',22,'Idaho'),('en_US',23,'Illinois'),('en_US',24,'Indiana'),('en_US',25,'Iowa'),('en_US',26,'Kansas'),('en_US',27,'Kentucky'),('en_US',28,'Louisiana'),('en_US',29,'Maine'),('en_US',30,'Marshall Islands'),('en_US',31,'Maryland'),('en_US',32,'Massachusetts'),('en_US',33,'Michigan'),('en_US',34,'Minnesota'),('en_US',35,'Mississippi'),('en_US',36,'Missouri'),('en_US',37,'Montana'),('en_US',38,'Nebraska'),('en_US',39,'Nevada'),('en_US',40,'New Hampshire'),('en_US',41,'New Jersey'),('en_US',42,'New Mexico'),('en_US',43,'New York'),('en_US',44,'North Carolina'),('en_US',45,'North Dakota'),('en_US',46,'Northern Mariana Islands'),('en_US',47,'Ohio'),('en_US',48,'Oklahoma'),('en_US',49,'Oregon'),('en_US',50,'Palau'),('en_US',51,'Pennsylvania'),('en_US',52,'Puerto Rico'),('en_US',53,'Rhode Island'),('en_US',54,'South Carolina'),('en_US',55,'South Dakota'),('en_US',56,'Tennessee'),('en_US',57,'Texas'),('en_US',58,'Utah'),('en_US',59,'Vermont'),('en_US',60,'Virgin Islands'),('en_US',61,'Virginia'),('en_US',62,'Washington'),('en_US',63,'West Virginia'),('en_US',64,'Wisconsin'),('en_US',65,'Wyoming'),('en_US',66,'Alberta'),('en_US',67,'British Columbia'),('en_US',68,'Manitoba'),('en_US',69,'Newfoundland and Labrador'),('en_US',70,'New Brunswick'),('en_US',71,'Nova Scotia'),('en_US',72,'Northwest Territories'),('en_US',73,'Nunavut'),('en_US',74,'Ontario'),('en_US',75,'Prince Edward Island'),('en_US',76,'Quebec'),('en_US',77,'Saskatchewan'),('en_US',78,'Yukon Territory'),('en_US',79,'Niedersachsen'),('en_US',80,'Baden-Württemberg'),('en_US',81,'Bayern'),('en_US',82,'Berlin'),('en_US',83,'Brandenburg'),('en_US',84,'Bremen'),('en_US',85,'Hamburg'),('en_US',86,'Hessen'),('en_US',87,'Mecklenburg-Vorpommern'),('en_US',88,'Nordrhein-Westfalen'),('en_US',89,'Rheinland-Pfalz'),('en_US',90,'Saarland'),('en_US',91,'Sachsen'),('en_US',92,'Sachsen-Anhalt'),('en_US',93,'Schleswig-Holstein'),('en_US',94,'Thüringen'),('en_US',95,'Wien'),('en_US',96,'Niederösterreich'),('en_US',97,'Oberösterreich'),('en_US',98,'Salzburg'),('en_US',99,'Kärnten'),('en_US',100,'Steiermark'),('en_US',101,'Tirol'),('en_US',102,'Burgenland'),('en_US',103,'Vorarlberg'),('en_US',104,'Aargau'),('en_US',105,'Appenzell Innerrhoden'),('en_US',106,'Appenzell Ausserrhoden'),('en_US',107,'Bern'),('en_US',108,'Basel-Landschaft'),('en_US',109,'Basel-Stadt'),('en_US',110,'Freiburg'),('en_US',111,'Genf'),('en_US',112,'Glarus'),('en_US',113,'Graubünden'),('en_US',114,'Jura'),('en_US',115,'Luzern'),('en_US',116,'Neuenburg'),('en_US',117,'Nidwalden'),('en_US',118,'Obwalden'),('en_US',119,'St. Gallen'),('en_US',120,'Schaffhausen'),('en_US',121,'Solothurn'),('en_US',122,'Schwyz'),('en_US',123,'Thurgau'),('en_US',124,'Tessin'),('en_US',125,'Uri'),('en_US',126,'Waadt'),('en_US',127,'Wallis'),('en_US',128,'Zug'),('en_US',129,'Zürich'),('en_US',130,'A Coruña'),('en_US',131,'Alava'),('en_US',132,'Albacete'),('en_US',133,'Alicante'),('en_US',134,'Almeria'),('en_US',135,'Asturias'),('en_US',136,'Avila'),('en_US',137,'Badajoz'),('en_US',138,'Baleares'),('en_US',139,'Barcelona'),('en_US',140,'Burgos'),('en_US',141,'Caceres'),('en_US',142,'Cadiz'),('en_US',143,'Cantabria'),('en_US',144,'Castellon'),('en_US',145,'Ceuta'),('en_US',146,'Ciudad Real'),('en_US',147,'Cordoba'),('en_US',148,'Cuenca'),('en_US',149,'Girona'),('en_US',150,'Granada'),('en_US',151,'Guadalajara'),('en_US',152,'Guipuzcoa'),('en_US',153,'Huelva'),('en_US',154,'Huesca'),('en_US',155,'Jaen'),('en_US',156,'La Rioja'),('en_US',157,'Las Palmas'),('en_US',158,'Leon'),('en_US',159,'Lleida'),('en_US',160,'Lugo'),('en_US',161,'Madrid'),('en_US',162,'Malaga'),('en_US',163,'Melilla'),('en_US',164,'Murcia'),('en_US',165,'Navarra'),('en_US',166,'Ourense'),('en_US',167,'Palencia'),('en_US',168,'Pontevedra'),('en_US',169,'Salamanca'),('en_US',170,'Santa Cruz de Tenerife'),('en_US',171,'Segovia'),('en_US',172,'Sevilla'),('en_US',173,'Soria'),('en_US',174,'Tarragona'),('en_US',175,'Teruel'),('en_US',176,'Toledo'),('en_US',177,'Valencia'),('en_US',178,'Valladolid'),('en_US',179,'Vizcaya'),('en_US',180,'Zamora'),('en_US',181,'Zaragoza'),('en_US',182,'Ain'),('en_US',183,'Aisne'),('en_US',184,'Allier'),('en_US',185,'Alpes-de-Haute-Provence'),('en_US',186,'Hautes-Alpes'),('en_US',187,'Alpes-Maritimes'),('en_US',188,'Ardèche'),('en_US',189,'Ardennes'),('en_US',190,'Ariège'),('en_US',191,'Aube'),('en_US',192,'Aude'),('en_US',193,'Aveyron'),('en_US',194,'Bouches-du-Rhône'),('en_US',195,'Calvados'),('en_US',196,'Cantal'),('en_US',197,'Charente'),('en_US',198,'Charente-Maritime'),('en_US',199,'Cher'),('en_US',200,'Corrèze'),('en_US',201,'Corse-du-Sud'),('en_US',202,'Haute-Corse'),('en_US',203,'Côte-d\'Or'),('en_US',204,'Côtes-d\'Armor'),('en_US',205,'Creuse'),('en_US',206,'Dordogne'),('en_US',207,'Doubs'),('en_US',208,'Drôme'),('en_US',209,'Eure'),('en_US',210,'Eure-et-Loir'),('en_US',211,'Finistère'),('en_US',212,'Gard'),('en_US',213,'Haute-Garonne'),('en_US',214,'Gers'),('en_US',215,'Gironde'),('en_US',216,'Hérault'),('en_US',217,'Ille-et-Vilaine'),('en_US',218,'Indre'),('en_US',219,'Indre-et-Loire'),('en_US',220,'Isère'),('en_US',221,'Jura'),('en_US',222,'Landes'),('en_US',223,'Loir-et-Cher'),('en_US',224,'Loire'),('en_US',225,'Haute-Loire'),('en_US',226,'Loire-Atlantique'),('en_US',227,'Loiret'),('en_US',228,'Lot'),('en_US',229,'Lot-et-Garonne'),('en_US',230,'Lozère'),('en_US',231,'Maine-et-Loire'),('en_US',232,'Manche'),('en_US',233,'Marne'),('en_US',234,'Haute-Marne'),('en_US',235,'Mayenne'),('en_US',236,'Meurthe-et-Moselle'),('en_US',237,'Meuse'),('en_US',238,'Morbihan'),('en_US',239,'Moselle'),('en_US',240,'Nièvre'),('en_US',241,'Nord'),('en_US',242,'Oise'),('en_US',243,'Orne'),('en_US',244,'Pas-de-Calais'),('en_US',245,'Puy-de-Dôme'),('en_US',246,'Pyrénées-Atlantiques'),('en_US',247,'Hautes-Pyrénées'),('en_US',248,'Pyrénées-Orientales'),('en_US',249,'Bas-Rhin'),('en_US',250,'Haut-Rhin'),('en_US',251,'Rhône'),('en_US',252,'Haute-Saône'),('en_US',253,'Saône-et-Loire'),('en_US',254,'Sarthe'),('en_US',255,'Savoie'),('en_US',256,'Haute-Savoie'),('en_US',257,'Paris'),('en_US',258,'Seine-Maritime'),('en_US',259,'Seine-et-Marne'),('en_US',260,'Yvelines'),('en_US',261,'Deux-Sèvres'),('en_US',262,'Somme'),('en_US',263,'Tarn'),('en_US',264,'Tarn-et-Garonne'),('en_US',265,'Var'),('en_US',266,'Vaucluse'),('en_US',267,'Vendée'),('en_US',268,'Vienne'),('en_US',269,'Haute-Vienne'),('en_US',270,'Vosges'),('en_US',271,'Yonne'),('en_US',272,'Territoire-de-Belfort'),('en_US',273,'Essonne'),('en_US',274,'Hauts-de-Seine'),('en_US',275,'Seine-Saint-Denis'),('en_US',276,'Val-de-Marne'),('en_US',277,'Val-d\'Oise'),('en_US',278,'Alba'),('en_US',279,'Arad'),('en_US',280,'Argeş'),('en_US',281,'Bacău'),('en_US',282,'Bihor'),('en_US',283,'Bistriţa-Năsăud'),('en_US',284,'Botoşani'),('en_US',285,'Braşov'),('en_US',286,'Brăila'),('en_US',287,'Bucureşti'),('en_US',288,'Buzău'),('en_US',289,'Caraş-Severin'),('en_US',290,'Călăraşi'),('en_US',291,'Cluj'),('en_US',292,'Constanţa'),('en_US',293,'Covasna'),('en_US',294,'Dâmboviţa'),('en_US',295,'Dolj'),('en_US',296,'Galaţi'),('en_US',297,'Giurgiu'),('en_US',298,'Gorj'),('en_US',299,'Harghita'),('en_US',300,'Hunedoara'),('en_US',301,'Ialomiţa'),('en_US',302,'Iaşi'),('en_US',303,'Ilfov'),('en_US',304,'Maramureş'),('en_US',305,'Mehedinţi'),('en_US',306,'Mureş'),('en_US',307,'Neamţ'),('en_US',308,'Olt'),('en_US',309,'Prahova'),('en_US',310,'Satu-Mare'),('en_US',311,'Sălaj'),('en_US',312,'Sibiu'),('en_US',313,'Suceava'),('en_US',314,'Teleorman'),('en_US',315,'Timiş'),('en_US',316,'Tulcea'),('en_US',317,'Vaslui'),('en_US',318,'Vâlcea'),('en_US',319,'Vrancea'),('en_US',320,'Lappi'),('en_US',321,'Pohjois-Pohjanmaa'),('en_US',322,'Kainuu'),('en_US',323,'Pohjois-Karjala'),('en_US',324,'Pohjois-Savo'),('en_US',325,'Etelä-Savo'),('en_US',326,'Etelä-Pohjanmaa'),('en_US',327,'Pohjanmaa'),('en_US',328,'Pirkanmaa'),('en_US',329,'Satakunta'),('en_US',330,'Keski-Pohjanmaa'),('en_US',331,'Keski-Suomi'),('en_US',332,'Varsinais-Suomi'),('en_US',333,'Etelä-Karjala'),('en_US',334,'Päijät-Häme'),('en_US',335,'Kanta-Häme'),('en_US',336,'Uusimaa'),('en_US',337,'Itä-Uusimaa'),('en_US',338,'Kymenlaakso'),('en_US',339,'Ahvenanmaa'),('en_US',340,'Harjumaa'),('en_US',341,'Hiiumaa'),('en_US',342,'Ida-Virumaa'),('en_US',343,'Jõgevamaa'),('en_US',344,'Järvamaa'),('en_US',345,'Läänemaa'),('en_US',346,'Lääne-Virumaa'),('en_US',347,'Põlvamaa'),('en_US',348,'Pärnumaa'),('en_US',349,'Raplamaa'),('en_US',350,'Saaremaa'),('en_US',351,'Tartumaa'),('en_US',352,'Valgamaa'),('en_US',353,'Viljandimaa'),('en_US',354,'Võrumaa'),('en_US',355,'Daugavpils'),('en_US',356,'Jelgava'),('en_US',357,'Jēkabpils'),('en_US',358,'Jūrmala'),('en_US',359,'Liepāja'),('en_US',360,'Liepājas novads'),('en_US',361,'Rēzekne'),('en_US',362,'Rīga'),('en_US',363,'Rīgas novads'),('en_US',364,'Valmiera'),('en_US',365,'Ventspils'),('en_US',366,'Aglonas novads'),('en_US',367,'Aizkraukles novads'),('en_US',368,'Aizputes novads'),('en_US',369,'Aknīstes novads'),('en_US',370,'Alojas novads'),('en_US',371,'Alsungas novads'),('en_US',372,'Alūksnes novads'),('en_US',373,'Amatas novads'),('en_US',374,'Apes novads'),('en_US',375,'Auces novads'),('en_US',376,'Babītes novads'),('en_US',377,'Baldones novads'),('en_US',378,'Baltinavas novads'),('en_US',379,'Balvu novads'),('en_US',380,'Bauskas novads'),('en_US',381,'Beverīnas novads'),('en_US',382,'Brocēnu novads'),('en_US',383,'Burtnieku novads'),('en_US',384,'Carnikavas novads'),('en_US',385,'Cesvaines novads'),('en_US',386,'Ciblas novads'),('en_US',387,'Cēsu novads'),('en_US',388,'Dagdas novads'),('en_US',389,'Daugavpils novads'),('en_US',390,'Dobeles novads'),('en_US',391,'Dundagas novads'),('en_US',392,'Durbes novads'),('en_US',393,'Engures novads'),('en_US',394,'Garkalnes novads'),('en_US',395,'Grobiņas novads'),('en_US',396,'Gulbenes novads'),('en_US',397,'Iecavas novads'),('en_US',398,'Ikšķiles novads'),('en_US',399,'Ilūkstes novads'),('en_US',400,'Inčukalna novads'),('en_US',401,'Jaunjelgavas novads'),('en_US',402,'Jaunpiebalgas novads'),('en_US',403,'Jaunpils novads'),('en_US',404,'Jelgavas novads'),('en_US',405,'Jēkabpils novads'),('en_US',406,'Kandavas novads'),('en_US',407,'Kokneses novads'),('en_US',408,'Krimuldas novads'),('en_US',409,'Krustpils novads'),('en_US',410,'Krāslavas novads'),('en_US',411,'Kuldīgas novads'),('en_US',412,'Kārsavas novads'),('en_US',413,'Lielvārdes novads'),('en_US',414,'Limbažu novads'),('en_US',415,'Lubānas novads'),('en_US',416,'Ludzas novads'),('en_US',417,'Līgatnes novads'),('en_US',418,'Līvānu novads'),('en_US',419,'Madonas novads'),('en_US',420,'Mazsalacas novads'),('en_US',421,'Mālpils novads'),('en_US',422,'Mārupes novads'),('en_US',423,'Naukšēnu novads'),('en_US',424,'Neretas novads'),('en_US',425,'Nīcas novads'),('en_US',426,'Ogres novads'),('en_US',427,'Olaines novads'),('en_US',428,'Ozolnieku novads'),('en_US',429,'Preiļu novads'),('en_US',430,'Priekules novads'),('en_US',431,'Priekuļu novads'),('en_US',432,'Pārgaujas novads'),('en_US',433,'Pāvilostas novads'),('en_US',434,'Pļaviņu novads'),('en_US',435,'Raunas novads'),('en_US',436,'Riebiņu novads'),('en_US',437,'Rojas novads'),('en_US',438,'Ropažu novads'),('en_US',439,'Rucavas novads'),('en_US',440,'Rugāju novads'),('en_US',441,'Rundāles novads'),('en_US',442,'Rēzeknes novads'),('en_US',443,'Rūjienas novads'),('en_US',444,'Salacgrīvas novads'),('en_US',445,'Salas novads'),('en_US',446,'Salaspils novads'),('en_US',447,'Saldus novads'),('en_US',448,'Saulkrastu novads'),('en_US',449,'Siguldas novads'),('en_US',450,'Skrundas novads'),('en_US',451,'Skrīveru novads'),('en_US',452,'Smiltenes novads'),('en_US',453,'Stopiņu novads'),('en_US',454,'Strenču novads'),('en_US',455,'Sējas novads'),('en_US',456,'Talsu novads'),('en_US',457,'Tukuma novads'),('en_US',458,'Tērvetes novads'),('en_US',459,'Vaiņodes novads'),('en_US',460,'Valkas novads'),('en_US',461,'Valmieras novads'),('en_US',462,'Varakļānu novads'),('en_US',463,'Vecpiebalgas novads'),('en_US',464,'Vecumnieku novads'),('en_US',465,'Ventspils novads'),('en_US',466,'Viesītes novads'),('en_US',467,'Viļakas novads'),('en_US',468,'Viļānu novads'),('en_US',469,'Vārkavas novads'),('en_US',470,'Zilupes novads'),('en_US',471,'Ādažu novads'),('en_US',472,'Ērgļu novads'),('en_US',473,'Ķeguma novads'),('en_US',474,'Ķekavas novads'),('en_US',475,'Alytaus Apskritis'),('en_US',476,'Kauno Apskritis'),('en_US',477,'Klaipėdos Apskritis'),('en_US',478,'Marijampolės Apskritis'),('en_US',479,'Panevėžio Apskritis'),('en_US',480,'Šiaulių Apskritis'),('en_US',481,'Tauragės Apskritis'),('en_US',482,'Telšių Apskritis'),('en_US',483,'Utenos Apskritis'),('en_US',484,'Vilniaus Apskritis'),('en_US',485,'Acre'),('en_US',486,'Alagoas'),('en_US',487,'Amapá'),('en_US',488,'Amazonas'),('en_US',489,'Bahia'),('en_US',490,'Ceará'),('en_US',491,'Espírito Santo'),('en_US',492,'Goiás'),('en_US',493,'Maranhão'),('en_US',494,'Mato Grosso'),('en_US',495,'Mato Grosso do Sul'),('en_US',496,'Minas Gerais'),('en_US',497,'Pará'),('en_US',498,'Paraíba'),('en_US',499,'Paraná'),('en_US',500,'Pernambuco'),('en_US',501,'Piauí'),('en_US',502,'Rio de Janeiro'),('en_US',503,'Rio Grande do Norte'),('en_US',504,'Rio Grande do Sul'),('en_US',505,'Rondônia'),('en_US',506,'Roraima'),('en_US',507,'Santa Catarina'),('en_US',508,'São Paulo'),('en_US',509,'Sergipe'),('en_US',510,'Tocantins'),('en_US',511,'Distrito Federal'),('en_US',512,'Zagrebačka županija'),('en_US',513,'Krapinsko-zagorska županija'),('en_US',514,'Sisačko-moslavačka županija'),('en_US',515,'Karlovačka županija'),('en_US',516,'Varaždinska županija'),('en_US',517,'Koprivničko-križevačka županija'),('en_US',518,'Bjelovarsko-bilogorska županija'),('en_US',519,'Primorsko-goranska županija'),('en_US',520,'Ličko-senjska županija'),('en_US',521,'Virovitičko-podravska županija'),('en_US',522,'Požeško-slavonska županija'),('en_US',523,'Brodsko-posavska županija'),('en_US',524,'Zadarska županija'),('en_US',525,'Osječko-baranjska županija'),('en_US',526,'Šibensko-kninska županija'),('en_US',527,'Vukovarsko-srijemska županija'),('en_US',528,'Splitsko-dalmatinska županija'),('en_US',529,'Istarska županija'),('en_US',530,'Dubrovačko-neretvanska županija'),('en_US',531,'Međimurska županija'),('en_US',532,'Grad Zagreb'),('en_US',533,'Andaman and Nicobar Islands'),('en_US',534,'Andhra Pradesh'),('en_US',535,'Arunachal Pradesh'),('en_US',536,'Assam'),('en_US',537,'Bihar'),('en_US',538,'Chandigarh'),('en_US',539,'Chhattisgarh'),('en_US',540,'Dadra and Nagar Haveli'),('en_US',541,'Daman and Diu'),('en_US',542,'Delhi'),('en_US',543,'Goa'),('en_US',544,'Gujarat'),('en_US',545,'Haryana'),('en_US',546,'Himachal Pradesh'),('en_US',547,'Jammu and Kashmir'),('en_US',548,'Jharkhand'),('en_US',549,'Karnataka'),('en_US',550,'Kerala'),('en_US',551,'Lakshadweep'),('en_US',552,'Madhya Pradesh'),('en_US',553,'Maharashtra'),('en_US',554,'Manipur'),('en_US',555,'Meghalaya'),('en_US',556,'Mizoram'),('en_US',557,'Nagaland'),('en_US',558,'Odisha'),('en_US',559,'Puducherry'),('en_US',560,'Punjab'),('en_US',561,'Rajasthan'),('en_US',562,'Sikkim'),('en_US',563,'Tamil Nadu'),('en_US',564,'Telangana'),('en_US',565,'Tripura'),('en_US',566,'Uttar Pradesh'),('en_US',567,'Uttarakhand'),('en_US',568,'West Bengal'),('en_US',569,'Australian Capital Territory'),('en_US',570,'New South Wales'),('en_US',571,'Victoria'),('en_US',572,'Queensland'),('en_US',573,'South Australia'),('en_US',574,'Tasmania'),('en_US',575,'Western Australia'),('en_US',576,'Northern Territory'),('en_US',577,'Antwerpen'),('en_US',578,'Brabant wallon'),('en_US',579,'Brussels-Capital Region'),('en_US',580,'Hainaut'),('en_US',581,'Limburg'),('en_US',582,'Liège'),('en_US',583,'Luxembourg'),('en_US',584,'Namur'),('en_US',585,'Oost-Vlaanderen'),('en_US',586,'Vlaams-Brabant'),('en_US',587,'West-Vlaanderen'),('en_US',588,'Anhui Sheng'),('en_US',589,'Beijing Shi'),('en_US',590,'Chongqing Shi'),('en_US',591,'Fujian Sheng'),('en_US',592,'Gansu Sheng'),('en_US',593,'Guangdong Sheng'),('en_US',594,'Guangxi Zhuangzu Zizhiqu'),('en_US',595,'Guizhou Sheng'),('en_US',596,'Hainan Sheng'),('en_US',597,'Hebei Sheng'),('en_US',598,'Heilongjiang Sheng'),('en_US',599,'Henan Sheng'),('en_US',600,'Hong Kong SAR'),('en_US',601,'Hubei Sheng'),('en_US',602,'Hunan Sheng'),('en_US',603,'Jiangsu Sheng'),('en_US',604,'Jiangxi Sheng'),('en_US',605,'Jilin Sheng'),('en_US',606,'Liaoning Sheng'),('en_US',607,'Macao SAR'),('en_US',608,'Nei Mongol Zizhiqu'),('en_US',609,'Ningxia Huizi Zizhiqu'),('en_US',610,'Qinghai Sheng'),('en_US',611,'Shaanxi Sheng'),('en_US',612,'Shandong Sheng'),('en_US',613,'Shanghai Shi'),('en_US',614,'Shanxi Sheng'),('en_US',615,'Sichuan Sheng'),('en_US',616,'Taiwan Sheng'),('en_US',617,'Tianjin Shi'),('en_US',618,'Xinjiang Uygur Zizhiqu'),('en_US',619,'Xizang Zizhiqu'),('en_US',620,'Yunnan Sheng'),('en_US',621,'Zhejiang Sheng'),('en_US',622,'Amazonas'),('en_US',623,'Antioquia'),('en_US',624,'Arauca'),('en_US',625,'Atlántico'),('en_US',626,'Bolívar'),('en_US',627,'Boyacá'),('en_US',628,'Caldas'),('en_US',629,'Caquetá'),('en_US',630,'Casanare'),('en_US',631,'Cauca'),('en_US',632,'Cesar'),('en_US',633,'Chocó'),('en_US',634,'Córdoba'),('en_US',635,'Cundinamarca'),('en_US',636,'Guainía'),('en_US',637,'Guaviare'),('en_US',638,'Huila'),('en_US',639,'La Guajira'),('en_US',640,'Magdalena'),('en_US',641,'Meta'),('en_US',642,'Nariño'),('en_US',643,'Norte de Santander'),('en_US',644,'Putumayo'),('en_US',645,'Quindío'),('en_US',646,'Risaralda'),('en_US',647,'San Andrés y Providencia'),('en_US',648,'Santander'),('en_US',649,'Sucre'),('en_US',650,'Tolima'),('en_US',651,'Valle del Cauca'),('en_US',652,'Vaupés'),('en_US',653,'Vichada'),('en_US',654,'Agrigento'),('en_US',655,'Alessandria'),('en_US',656,'Ancona'),('en_US',657,'Aosta'),('en_US',658,'L\'Aquila'),('en_US',659,'Arezzo'),('en_US',660,'Ascoli-Piceno'),('en_US',661,'Asti'),('en_US',662,'Avellino'),('en_US',663,'Bari'),('en_US',664,'Barletta-Andria-Trani'),('en_US',665,'Belluno'),('en_US',666,'Benevento'),('en_US',667,'Bergamo'),('en_US',668,'Biella'),('en_US',669,'Bologna'),('en_US',670,'Bolzano'),('en_US',671,'Brescia'),('en_US',672,'Brindisi'),('en_US',673,'Cagliari'),('en_US',674,'Caltanissetta'),('en_US',675,'Campobasso'),('en_US',676,'Carbonia Iglesias'),('en_US',677,'Caserta'),('en_US',678,'Catania'),('en_US',679,'Catanzaro'),('en_US',680,'Chieti'),('en_US',681,'Como'),('en_US',682,'Cosenza'),('en_US',683,'Cremona'),('en_US',684,'Crotone'),('en_US',685,'Cuneo'),('en_US',686,'Enna'),('en_US',687,'Fermo'),('en_US',688,'Ferrara'),('en_US',689,'Firenze'),('en_US',690,'Foggia'),('en_US',691,'Forli-Cesena'),('en_US',692,'Frosinone'),('en_US',693,'Genova'),('en_US',694,'Gorizia'),('en_US',695,'Grosseto'),('en_US',696,'Imperia'),('en_US',697,'Isernia'),('en_US',698,'La-Spezia'),('en_US',699,'Latina'),('en_US',700,'Lecce'),('en_US',701,'Lecco'),('en_US',702,'Livorno'),('en_US',703,'Lodi'),('en_US',704,'Lucca'),('en_US',705,'Macerata'),('en_US',706,'Mantova'),('en_US',707,'Massa-Carrara'),('en_US',708,'Matera'),('en_US',709,'Medio Campidano'),('en_US',710,'Messina'),('en_US',711,'Milano'),('en_US',712,'Modena'),('en_US',713,'Monza-Brianza'),('en_US',714,'Napoli'),('en_US',715,'Novara'),('en_US',716,'Nuoro'),('en_US',717,'Ogliastra'),('en_US',718,'Olbia Tempio'),('en_US',719,'Oristano'),('en_US',720,'Padova'),('en_US',721,'Palermo'),('en_US',722,'Parma'),('en_US',723,'Pavia'),('en_US',724,'Perugia'),('en_US',725,'Pesaro-Urbino'),('en_US',726,'Pescara'),('en_US',727,'Piacenza'),('en_US',728,'Pisa'),('en_US',729,'Pistoia'),('en_US',730,'Pordenone'),('en_US',731,'Potenza'),('en_US',732,'Prato'),('en_US',733,'Ragusa'),('en_US',734,'Ravenna'),('en_US',735,'Reggio-Calabria'),('en_US',736,'Reggio-Emilia'),('en_US',737,'Rieti'),('en_US',738,'Rimini'),('en_US',739,'Roma'),('en_US',740,'Rovigo'),('en_US',741,'Salerno'),('en_US',742,'Sassari'),('en_US',743,'Savona'),('en_US',744,'Siena'),('en_US',745,'Siracusa'),('en_US',746,'Sondrio'),('en_US',747,'Taranto'),('en_US',748,'Teramo'),('en_US',749,'Terni'),('en_US',750,'Torino'),('en_US',751,'Trapani'),('en_US',752,'Trento'),('en_US',753,'Treviso'),('en_US',754,'Trieste'),('en_US',755,'Udine'),('en_US',756,'Varese'),('en_US',757,'Venezia'),('en_US',758,'Verbania'),('en_US',759,'Vercelli'),('en_US',760,'Verona'),('en_US',761,'Vibo-Valentia'),('en_US',762,'Vicenza'),('en_US',763,'Viterbo'),('en_US',764,'Aguascalientes'),('en_US',765,'Baja California'),('en_US',766,'Baja California Sur'),('en_US',767,'Campeche'),('en_US',768,'Chiapas'),('en_US',769,'Chihuahua'),('en_US',770,'Ciudad de México'),('en_US',771,'Coahuila'),('en_US',772,'Colima'),('en_US',773,'Durango'),('en_US',774,'Estado de México'),('en_US',775,'Guanajuato'),('en_US',776,'Guerrero'),('en_US',777,'Hidalgo'),('en_US',778,'Jalisco'),('en_US',779,'Michoacán'),('en_US',780,'Morelos'),('en_US',781,'Nayarit'),('en_US',782,'Nuevo León'),('en_US',783,'Oaxaca'),('en_US',784,'Puebla'),('en_US',785,'Querétaro'),('en_US',786,'Quintana Roo'),('en_US',787,'San Luis Potosí'),('en_US',788,'Sinaloa'),('en_US',789,'Sonora'),('en_US',790,'Tabasco'),('en_US',791,'Tamaulipas'),('en_US',792,'Tlaxcala'),('en_US',793,'Veracruz'),('en_US',794,'Yucatán'),('en_US',795,'Zacatecas'),('en_US',796,'dolnośląskie'),('en_US',797,'kujawsko-pomorskie'),('en_US',798,'lubelskie'),('en_US',799,'lubuskie'),('en_US',800,'łódzkie'),('en_US',801,'małopolskie'),('en_US',802,'mazowieckie'),('en_US',803,'opolskie'),('en_US',804,'podkarpackie'),('en_US',805,'podlaskie'),('en_US',806,'pomorskie'),('en_US',807,'śląskie'),('en_US',808,'świętokrzyskie'),('en_US',809,'warmińsko-mazurskie'),('en_US',810,'wielkopolskie'),('en_US',811,'zachodniopomorskie'),('en_US',812,'Blagoevgrad'),('en_US',813,'Burgas'),('en_US',814,'Varna'),('en_US',815,'Veliko Tarnovo'),('en_US',816,'Vidin'),('en_US',817,'Vratsa'),('en_US',818,'Gabrovo'),('en_US',819,'Dobrich'),('en_US',820,'Kardzhali'),('en_US',821,'Kyustendil'),('en_US',822,'Lovech'),('en_US',823,'Montana'),('en_US',824,'Pazardzhik'),('en_US',825,'Pernik'),('en_US',826,'Pleven'),('en_US',827,'Plovdiv'),('en_US',828,'Razgrad'),('en_US',829,'Ruse'),('en_US',830,'Silistra'),('en_US',831,'Sliven'),('en_US',832,'Smolyan'),('en_US',833,'Sofia City'),('en_US',834,'Sofia Province'),('en_US',835,'Stara Zagora'),('en_US',836,'Targovishte'),('en_US',837,'Haskovo'),('en_US',838,'Shumen'),('en_US',839,'Yambol'),('en_US',840,'Berat'),('en_US',841,'Dibër'),('en_US',842,'Durrës'),('en_US',843,'Elbasan'),('en_US',844,'Fier'),('en_US',845,'Gjirokastër'),('en_US',846,'Korçë'),('en_US',847,'Kukës'),('en_US',848,'Lezhë'),('en_US',849,'Shkodër'),('en_US',850,'Tiranë'),('en_US',851,'Vlorë'),('en_US',852,'Ciudad Autónoma de Buenos Aires'),('en_US',853,'Buenos Aires'),('en_US',854,'Catamarca'),('en_US',855,'Chaco'),('en_US',856,'Chubut'),('en_US',857,'Córdoba'),('en_US',858,'Corrientes'),('en_US',859,'Entre Ríos'),('en_US',860,'Formosa'),('en_US',861,'Jujuy'),('en_US',862,'La Pampa'),('en_US',863,'La Rioja'),('en_US',864,'Mendoza'),('en_US',865,'Misiones'),('en_US',866,'Neuquén'),('en_US',867,'Río Negro'),('en_US',868,'Salta'),('en_US',869,'San Juan'),('en_US',870,'San Luis'),('en_US',871,'Santa Cruz'),('en_US',872,'Santa Fe'),('en_US',873,'Santiago del Estero'),('en_US',874,'Tierra del Fuego'),('en_US',875,'Tucumán'),('en_US',876,'Cochabamba'),('en_US',877,'Chuquisaca'),('en_US',878,'El Beni'),('en_US',879,'La Paz'),('en_US',880,'Oruro'),('en_US',881,'Pando'),('en_US',882,'Potosí'),('en_US',883,'Santa Cruz'),('en_US',884,'Tarija'),('en_US',885,'Aisén del General Carlos Ibañez del Campo'),('en_US',886,'Antofagasta'),('en_US',887,'Arica y Parinacota'),('en_US',888,'La Araucanía'),('en_US',889,'Atacama'),('en_US',890,'Biobío'),('en_US',891,'Coquimbo'),('en_US',892,'Libertador General Bernardo O\'Higgins'),('en_US',893,'Los Lagos'),('en_US',894,'Los Ríos'),('en_US',895,'Magallanes'),('en_US',896,'Maule'),('en_US',897,'Ñuble'),('en_US',898,'Región Metropolitana de Santiago'),('en_US',899,'Tarapacá'),('en_US',900,'Valparaíso'),('en_US',901,'Hovedstaden'),('en_US',902,'Midtjylland'),('en_US',903,'Nordjylland'),('en_US',904,'Sjælland'),('en_US',905,'Syddanmark'),('en_US',906,'Azuay'),('en_US',907,'Bolívar'),('en_US',908,'Cañar'),('en_US',909,'Carchi'),('en_US',910,'Chimborazo'),('en_US',911,'Cotopaxi'),('en_US',912,'El Oro'),('en_US',913,'Esmeraldas'),('en_US',914,'Galápagos'),('en_US',915,'Guayas'),('en_US',916,'Imbabura'),('en_US',917,'Loja'),('en_US',918,'Los Ríos'),('en_US',919,'Manabí'),('en_US',920,'Morona Santiago'),('en_US',921,'Napo'),('en_US',922,'Orellana'),('en_US',923,'Pastaza'),('en_US',924,'Pichincha'),('en_US',925,'Santa Elena'),('en_US',926,'Santo Domingo de los Tsáchilas'),('en_US',927,'Sucumbíos'),('en_US',928,'Tungurahua'),('en_US',929,'Zamora Chinchipe'),('en_US',930,'Anatolikí Makedonía kai Thráki'),('en_US',931,'Attikí'),('en_US',932,'Dytikí Elláda'),('en_US',933,'Dytikí Makedonía'),('en_US',934,'Ionía Nísia'),('en_US',935,'Ípeiros'),('en_US',936,'Kentrikí Makedonía'),('en_US',937,'Kríti'),('en_US',938,'Nótio Aigaío'),('en_US',939,'Pelopónnisos'),('en_US',940,'Stereá Elláda'),('en_US',941,'Thessalía'),('en_US',942,'Vóreio Aigaío'),('en_US',943,'Ágion Óros'),('en_US',944,'Barima-Waini'),('en_US',945,'Cuyuni-Mazaruni'),('en_US',946,'Demerara-Mahaica'),('en_US',947,'East Berbice-Corentyne'),('en_US',948,'Essequibo Islands-West Demerara'),('en_US',949,'Mahaica-Berbice'),('en_US',950,'Pomeroon-Supenaam'),('en_US',951,'Potaro-Siparuni'),('en_US',952,'Upper Demerara-Berbice'),('en_US',953,'Upper Takutu-Upper Essequibo'),('en_US',954,'Höfuðborgarsvæði'),('en_US',955,'Suðurnes'),('en_US',956,'Vesturland'),('en_US',957,'Vestfirðir'),('en_US',958,'Norðurland vestra'),('en_US',959,'Norðurland eystra'),('en_US',960,'Austurland'),('en_US',961,'Suðurland'),('en_US',962,'Asunción'),('en_US',963,'Alto Paraguay'),('en_US',964,'Alto Paraná'),('en_US',965,'Amambay'),('en_US',966,'Boquerón'),('en_US',967,'Caaguazú'),('en_US',968,'Caazapá'),('en_US',969,'Canindeyú'),('en_US',970,'Central'),('en_US',971,'Concepción'),('en_US',972,'Cordillera'),('en_US',973,'Guairá'),('en_US',974,'Itapúa'),('en_US',975,'Misiones'),('en_US',976,'Ñeembucú'),('en_US',977,'Paraguarí'),('en_US',978,'Presidente Hayes'),('en_US',979,'San Pedro'),('en_US',980,'Municipalidad Metropolitana de Lima'),('en_US',981,'Amazonas'),('en_US',982,'Ancash'),('en_US',983,'Apurímac'),('en_US',984,'Arequipa'),('en_US',985,'Ayacucho'),('en_US',986,'Cajamarca'),('en_US',987,'Cusco'),('en_US',988,'El Callao'),('en_US',989,'Huancavelica'),('en_US',990,'Huánuco'),('en_US',991,'Ica'),('en_US',992,'Junín'),('en_US',993,'La Libertad'),('en_US',994,'Lambayeque'),('en_US',995,'Lima'),('en_US',996,'Loreto'),('en_US',997,'Madre de Dios'),('en_US',998,'Moquegua'),('en_US',999,'Pasco'),('en_US',1000,'Piura'),('en_US',1001,'Puno'),('en_US',1002,'San Martín'),('en_US',1003,'Tacna'),('en_US',1004,'Tumbes'),('en_US',1005,'Ucayali'),('en_US',1006,'Aveiro'),('en_US',1007,'Beja'),('en_US',1008,'Braga'),('en_US',1009,'Bragança'),('en_US',1010,'Castelo Branco'),('en_US',1011,'Coimbra'),('en_US',1012,'Évora'),('en_US',1013,'Faro'),('en_US',1014,'Guarda'),('en_US',1015,'Leiria'),('en_US',1016,'Lisboa'),('en_US',1017,'Portalegre'),('en_US',1018,'Porto'),('en_US',1019,'Santarém'),('en_US',1020,'Setúbal'),('en_US',1021,'Viana do Castelo'),('en_US',1022,'Vila Real'),('en_US',1023,'Viseu'),('en_US',1024,'Região Autónoma dos Açores'),('en_US',1025,'Região Autónoma da Madeira'),('en_US',1026,'Brokopondo'),('en_US',1027,'Commewijne'),('en_US',1028,'Coronie'),('en_US',1029,'Marowijne'),('en_US',1030,'Nickerie'),('en_US',1031,'Para'),('en_US',1032,'Paramaribo'),('en_US',1033,'Saramacca'),('en_US',1034,'Sipaliwini'),('en_US',1035,'Wanica'),('en_US',1036,'Blekinge län'),('en_US',1037,'Dalarnas län'),('en_US',1038,'Gotlands län'),('en_US',1039,'Gävleborgs län'),('en_US',1040,'Hallands län'),('en_US',1041,'Jämtlands län'),('en_US',1042,'Jönköpings län'),('en_US',1043,'Kalmar län'),('en_US',1044,'Kronobergs län'),('en_US',1045,'Norrbottens län'),('en_US',1046,'Skåne län'),('en_US',1047,'Stockholms län'),('en_US',1048,'Södermanlands län'),('en_US',1049,'Uppsala län'),('en_US',1050,'Värmlands län'),('en_US',1051,'Västerbottens län'),('en_US',1052,'Västernorrlands län'),('en_US',1053,'Västmanlands län'),('en_US',1054,'Västra Götalands län'),('en_US',1055,'Örebro län'),('en_US',1056,'Östergötlands län'),('en_US',1057,'Artigas'),('en_US',1058,'Canelones'),('en_US',1059,'Cerro Largo'),('en_US',1060,'Colonia'),('en_US',1061,'Durazno'),('en_US',1062,'Flores'),('en_US',1063,'Florida'),('en_US',1064,'Lavalleja'),('en_US',1065,'Maldonado'),('en_US',1066,'Montevideo'),('en_US',1067,'Paysandu'),('en_US',1068,'Río Negro'),('en_US',1069,'Rivera'),('en_US',1070,'Rocha'),('en_US',1071,'Salto'),('en_US',1072,'San José'),('en_US',1073,'Soriano'),('en_US',1074,'Tacuarembó'),('en_US',1075,'Treinta y Tres'),('en_US',1076,'Dependencias Federales'),('en_US',1077,'Distrito Capital'),('en_US',1078,'Amazonas'),('en_US',1079,'Anzoátegui'),('en_US',1080,'Apure'),('en_US',1081,'Aragua'),('en_US',1082,'Barinas'),('en_US',1083,'Bolívar'),('en_US',1084,'Carabobo'),('en_US',1085,'Cojedes'),('en_US',1086,'Delta Amacuro'),('en_US',1087,'Falcón'),('en_US',1088,'Guárico'),('en_US',1089,'Lara'),('en_US',1090,'Mérida'),('en_US',1091,'Miranda'),('en_US',1092,'Monagas'),('en_US',1093,'Nueva Esparta'),('en_US',1094,'Portuguesa'),('en_US',1095,'Sucre'),('en_US',1096,'Táchira'),('en_US',1097,'Trujillo'),('en_US',1098,'Vargas'),('en_US',1099,'Yaracuy'),('en_US',1100,'Zulia');

--
