-- Dumping data for table `sales_creditmemo`
--

INSERT INTO `sales_creditmemo` VALUES (1,1,NULL,0.0000,0.0000,0.0000,1.0000,39.6400,NULL,34.6400,5.0000,34.6400,NULL,5.0000,0.0000,1.0000,0.0000,32.0000,0.0000,32.0000,0.0000,39.6400,NULL,2.6400,0.0000,2.6400,2,NULL,NULL,NULL,2,3,4,NULL,'USD','USD','USD','USD',NULL,'000000001','2022-08-10 15:31:36','2022-08-10 15:31:36',0.0000,0.0000,NULL,NULL,5.0000,5.0000,NULL,NULL,NULL);

--
-- Table structure for table `sales_creditmemo_comment`
--

CREATE TABLE `sales_creditmemo_comment` (
  `entity_id` int(10) unsigned NOT NULL AUTO_INCREMENT COMMENT 'Entity ID',
  `parent_id` int(10) unsigned NOT NULL COMMENT 'Parent ID',
  `is_customer_notified` int(11) DEFAULT NULL COMMENT 'Is Customer Notified',
  `is_visible_on_front` smallint(5) unsigned NOT NULL DEFAULT '0' COMMENT 'Is Visible On Front',
  `comment` text COMMENT 'Comment',
  `created_at` timestamp NOT NULL DEFAULT CURRENT_TIMESTAMP COMMENT 'Created At',
  PRIMARY KEY (`entity_id`),
  KEY `SALES_CREDITMEMO_COMMENT_CREATED_AT` (`created_at`),
  KEY `SALES_CREDITMEMO_COMMENT_PARENT_ID` (`parent_id`),
  CONSTRAINT `SALES_CREDITMEMO_COMMENT_PARENT_ID_SALES_CREDITMEMO_ENTITY_ID` FOREIGN KEY (`parent_id`) REFERENCES `sales_creditmemo` (`entity_id`) ON DELETE CASCADE
) ENGINE=InnoDB DEFAULT CHARSET=utf8 COMMENT='Sales Flat Creditmemo Comment';

--
-- Dumping data for table `sales_creditmemo_comment`
--


--
-- Table structure for table `sales_creditmemo_grid`
--

CREATE TABLE `sales_creditmemo_grid` (
  `entity_id` int(10) unsigned NOT NULL COMMENT 'Entity ID',
  `increment_id` varchar(50) DEFAULT NULL COMMENT 'Increment ID',
  `created_at` timestamp NULL DEFAULT NULL COMMENT 'Created At',
  `updated_at` timestamp NULL DEFAULT NULL COMMENT 'Updated At',
  `order_id` int(10) unsigned NOT NULL COMMENT 'Order ID',
  `order_increment_id` varchar(50) DEFAULT NULL COMMENT 'Order Increment ID',
  `order_created_at` timestamp NULL DEFAULT NULL COMMENT 'Order Created At',
  `billing_name` varchar(255) DEFAULT NULL COMMENT 'Billing Name',
  `state` int(11) DEFAULT NULL COMMENT 'Status',
  `base_grand_total` decimal(20,4) DEFAULT NULL COMMENT 'Base Grand Total',
  `order_status` varchar(32) DEFAULT NULL COMMENT 'Order Status',
  `store_id` smallint(5) unsigned DEFAULT NULL COMMENT 'Store ID',
  `billing_address` varchar(255) DEFAULT NULL COMMENT 'Billing Address',
  `shipping_address` varchar(255) DEFAULT NULL COMMENT 'Shipping Address',
  `customer_name` varchar(128) NOT NULL COMMENT 'Customer Name',
  `customer_email` varchar(128) DEFAULT NULL COMMENT 'Customer Email',
  `customer_group_id` smallint(6) DEFAULT NULL COMMENT 'Customer Group ID',
  `payment_method` varchar(32) DEFAULT NULL COMMENT 'Payment Method',
  `shipping_information` varchar(255) DEFAULT NULL COMMENT 'Shipping Method Name',
  `subtotal` decimal(20,4) DEFAULT NULL COMMENT 'Subtotal',
  `shipping_and_handling` decimal(20,4) DEFAULT NULL COMMENT 'Shipping and handling amount',
  `adjustment_positive` decimal(20,4) DEFAULT NULL COMMENT 'Adjustment Positive',
  `adjustment_negative` decimal(20,4) DEFAULT NULL COMMENT 'Adjustment Negative',
  `order_base_grand_total` decimal(20,4) DEFAULT NULL COMMENT 'Order Grand Total',
  PRIMARY KEY (`entity_id`),
  UNIQUE KEY `SALES_CREDITMEMO_GRID_INCREMENT_ID_STORE_ID` (`increment_id`,`store_id`),
  KEY `SALES_CREDITMEMO_GRID_ORDER_INCREMENT_ID` (`order_increment_id`),
  KEY `SALES_CREDITMEMO_GRID_CREATED_AT` (`created_at`),
  KEY `SALES_CREDITMEMO_GRID_UPDATED_AT` (`updated_at`),
  KEY `SALES_CREDITMEMO_GRID_ORDER_CREATED_AT` (`order_created_at`),
  KEY `SALES_CREDITMEMO_GRID_STATE` (`state`),
  KEY `SALES_CREDITMEMO_GRID_BILLING_NAME` (`billing_name`),
  KEY `SALES_CREDITMEMO_GRID_ORDER_STATUS` (`order_status`),
  KEY `SALES_CREDITMEMO_GRID_BASE_GRAND_TOTAL` (`base_grand_total`),
  KEY `SALES_CREDITMEMO_GRID_STORE_ID` (`store_id`),
  KEY `SALES_CREDITMEMO_GRID_ORDER_BASE_GRAND_TOTAL` (`order_base_grand_total`),
  KEY `SALES_CREDITMEMO_GRID_ORDER_ID` (`order_id`),
  FULLTEXT KEY `FTI_32B7BA885941A8254EE84AE650ABDC86` (`increment_id`,`order_increment_id`,`billing_name`,`billing_address`,`shipping_address`,`customer_name`,`customer_email`)
) ENGINE=InnoDB DEFAULT CHARSET=utf8 COMMENT='Sales Flat Creditmemo Grid';

--
-- Dumping data for table `sales_creditmemo_grid`
--

INSERT INTO `sales_creditmemo_grid` VALUES (1,'000000001','2022-08-10 15:31:36','2022-08-10 15:31:36',2,'000000002','2022-08-10 15:31:36','Veronica Costello',2,39.6400,'closed',1,'6146 Honey Bluff Parkway,Calder,Michigan,49628-7978','6146 Honey Bluff Parkway,Calder,Michigan,49628-7978','Veronica Costello','roni_cost@example.com',1,'checkmo','Flat Rate - Fixed',32.0000,5.0000,NULL,NULL,39.6400);

--
-- Table structure for table `sales_creditmemo_item`
--

CREATE TABLE `sales_creditmemo_item` (
  `entity_id` int(10) unsigned NOT NULL AUTO_INCREMENT COMMENT 'Entity ID',
  `parent_id` int(10) unsigned NOT NULL COMMENT 'Parent ID',
  `base_price` decimal(12,4) DEFAULT NULL COMMENT 'Base Price',
  `tax_amount` decimal(12,4) DEFAULT NULL COMMENT 'Tax Amount',
  `base_row_total` decimal(12,4) DEFAULT NULL COMMENT 'Base Row Total',
  `discount_amount` decimal(12,4) DEFAULT NULL COMMENT 'Discount Amount',
  `row_total` decimal(12,4) DEFAULT NULL COMMENT 'Row Total',
  `base_discount_amount` decimal(12,4) DEFAULT NULL COMMENT 'Base Discount Amount',
  `price_incl_tax` decimal(12,4) DEFAULT NULL COMMENT 'Price Incl Tax',
  `base_tax_amount` decimal(12,4) DEFAULT NULL COMMENT 'Base Tax Amount',
  `base_price_incl_tax` decimal(12,4) DEFAULT NULL COMMENT 'Base Price Incl Tax',
  `qty` decimal(12,4) DEFAULT NULL COMMENT 'Qty',
  `base_cost` decimal(12,4) DEFAULT NULL COMMENT 'Base Cost',
  `price` decimal(12,4) DEFAULT NULL COMMENT 'Price',
  `base_row_total_incl_tax` decimal(12,4) DEFAULT NULL COMMENT 'Base Row Total Incl Tax',
  `row_total_incl_tax` decimal(12,4) DEFAULT NULL COMMENT 'Row Total Incl Tax',
  `product_id` int(11) DEFAULT NULL COMMENT 'Product ID',
  `order_item_id` int(11) DEFAULT NULL COMMENT 'Order Item ID',
  `additional_data` text COMMENT 'Additional Data',
  `description` text COMMENT 'Description',
  `sku` varchar(255) DEFAULT NULL COMMENT 'Sku',
  `name` varchar(255) DEFAULT NULL COMMENT 'Name',
  `discount_tax_compensation_amount` decimal(12,4) DEFAULT NULL COMMENT 'Discount Tax Compensation Amount',
  `base_discount_tax_compensation_amount` decimal(12,4) DEFAULT NULL COMMENT 'Base Discount Tax Compensation Amount',
  `tax_ratio` text COMMENT 'Ratio of tax in the creditmemo item over tax of the order item',
  `weee_tax_applied` text COMMENT 'Weee Tax Applied',
  `weee_tax_applied_amount` decimal(12,4) DEFAULT NULL COMMENT 'Weee Tax Applied Amount',
  `weee_tax_applied_row_amount` decimal(12,4) DEFAULT NULL COMMENT 'Weee Tax Applied Row Amount',
  `weee_tax_disposition` decimal(12,4) DEFAULT NULL COMMENT 'Weee Tax Disposition',
  `weee_tax_row_disposition` decimal(12,4) DEFAULT NULL COMMENT 'Weee Tax Row Disposition',
  `base_weee_tax_applied_amount` decimal(12,4) DEFAULT NULL COMMENT 'Base Weee Tax Applied Amount',
  `base_weee_tax_applied_row_amnt` decimal(12,4) DEFAULT NULL COMMENT 'Base Weee Tax Applied Row Amnt',
  `base_weee_tax_disposition` decimal(12,4) DEFAULT NULL COMMENT 'Base Weee Tax Disposition',
  `base_weee_tax_row_disposition` decimal(12,4) DEFAULT NULL COMMENT 'Base Weee Tax Row Disposition',
  PRIMARY KEY (`entity_id`),
  KEY `SALES_CREDITMEMO_ITEM_PARENT_ID` (`parent_id`),
  CONSTRAINT `SALES_CREDITMEMO_ITEM_PARENT_ID_SALES_CREDITMEMO_ENTITY_ID` FOREIGN KEY (`parent_id`) REFERENCES `sales_creditmemo` (`entity_id`) ON DELETE CASCADE
) ENGINE=InnoDB AUTO_INCREMENT=2 DEFAULT CHARSET=utf8 COMMENT='Sales Flat Creditmemo Item';

--
-- Dumping data for table `sales_creditmemo_item`
--

INSERT INTO `sales_creditmemo_item` VALUES (1,1,32.0000,2.6400,32.0000,NULL,32.0000,NULL,34.6400,2.6400,34.6400,1.0000,NULL,32.0000,34.6400,34.6400,1498,2,NULL,NULL,'WS08-XS-Blue','Minerva LumaTech&trade; V-Tee',0.0000,0.0000,NULL,'[]',NULL,0.0000,NULL,0.0000,NULL,NULL,NULL,0.0000);

--
-- Table structure for table `sales_invoice`
--

CREATE TABLE `sales_invoice` (
  `entity_id` int(10) unsigned NOT NULL AUTO_INCREMENT COMMENT 'Entity ID',
  `store_id` smallint(5) unsigned DEFAULT NULL COMMENT 'Store ID',
  `base_grand_total` decimal(20,4) DEFAULT NULL COMMENT 'Base Grand Total',
  `shipping_tax_amount` decimal(20,4) DEFAULT NULL COMMENT 'Shipping Tax Amount',
  `tax_amount` decimal(20,4) DEFAULT NULL COMMENT 'Tax Amount',
  `base_tax_amount` decimal(20,4) DEFAULT NULL COMMENT 'Base Tax Amount',
  `store_to_order_rate` decimal(20,4) DEFAULT NULL COMMENT 'Store To Order Rate',
  `base_shipping_tax_amount` decimal(20,4) DEFAULT NULL COMMENT 'Base Shipping Tax Amount',
  `base_discount_amount` decimal(20,4) DEFAULT NULL COMMENT 'Base Discount Amount',
  `base_to_order_rate` decimal(20,4) DEFAULT NULL COMMENT 'Base To Order Rate',
  `grand_total` decimal(20,4) DEFAULT NULL COMMENT 'Grand Total',
  `shipping_amount` decimal(20,4) DEFAULT NULL COMMENT 'Shipping Amount',
  `subtotal_incl_tax` decimal(20,4) DEFAULT NULL COMMENT 'Subtotal Incl Tax',
  `base_subtotal_incl_tax` decimal(20,4) DEFAULT NULL COMMENT 'Base Subtotal Incl Tax',
  `store_to_base_rate` decimal(20,4) DEFAULT NULL COMMENT 'Store To Base Rate',
  `base_shipping_amount` decimal(20,4) DEFAULT NULL COMMENT 'Base Shipping Amount',
  `total_qty` decimal(12,4) DEFAULT NULL COMMENT 'Total Qty',
  `base_to_global_rate` decimal(20,4) DEFAULT NULL COMMENT 'Base To Global Rate',
  `subtotal` decimal(20,4) DEFAULT NULL COMMENT 'Subtotal',
  `base_subtotal` decimal(20,4) DEFAULT NULL COMMENT 'Base Subtotal',
  `discount_amount` decimal(20,4) DEFAULT NULL COMMENT 'Discount Amount',
  `billing_address_id` int(11) DEFAULT NULL COMMENT 'Billing Address ID',
  `is_used_for_refund` smallint(5) unsigned DEFAULT NULL COMMENT 'Is Used For Refund',
  `order_id` int(10) unsigned NOT NULL COMMENT 'Order ID',
  `email_sent` smallint(5) unsigned DEFAULT NULL COMMENT 'Email Sent',
  `send_email` smallint(5) unsigned DEFAULT NULL COMMENT 'Send Email',
  `can_void_flag` smallint(5) unsigned DEFAULT NULL COMMENT 'Can Void Flag',
  `state` int(11) DEFAULT NULL COMMENT 'State',
  `shipping_address_id` int(11) DEFAULT NULL COMMENT 'Shipping Address ID',
  `store_currency_code` varchar(3) DEFAULT NULL COMMENT 'Store Currency Code',
  `transaction_id` varchar(255) DEFAULT NULL COMMENT 'Transaction ID',
  `order_currency_code` varchar(3) DEFAULT NULL COMMENT 'Order Currency Code',
  `base_currency_code` varchar(3) DEFAULT NULL COMMENT 'Base Currency Code',
  `global_currency_code` varchar(3) DEFAULT NULL COMMENT 'Global Currency Code',
  `increment_id` varchar(50) DEFAULT NULL COMMENT 'Increment ID',
  `created_at` timestamp NOT NULL DEFAULT CURRENT_TIMESTAMP COMMENT 'Created At',
  `updated_at` timestamp NOT NULL DEFAULT CURRENT_TIMESTAMP ON UPDATE CURRENT_TIMESTAMP COMMENT 'Updated At',
  `discount_tax_compensation_amount` decimal(20,4) DEFAULT NULL COMMENT 'Discount Tax Compensation Amount',
  `base_discount_tax_compensation_amount` decimal(20,4) DEFAULT NULL COMMENT 'Base Discount Tax Compensation Amount',
  `shipping_discount_tax_compensation_amount` decimal(20,4) DEFAULT NULL COMMENT 'Shipping Discount Tax Compensation Amount',
  `base_shipping_discount_tax_compensation_amnt` decimal(20,4) DEFAULT NULL COMMENT 'Base Shipping Discount Tax Compensation Amount',
  `shipping_incl_tax` decimal(20,4) DEFAULT NULL COMMENT 'Shipping Incl Tax',
  `base_shipping_incl_tax` decimal(20,4) DEFAULT NULL COMMENT 'Base Shipping Incl Tax',
  `base_total_refunded` decimal(20,4) DEFAULT NULL COMMENT 'Base Total Refunded',
  `discount_description` varchar(255) DEFAULT NULL COMMENT 'Discount Description',
  `customer_note` text COMMENT 'Customer Note',
  `customer_note_notify` smallint(5) unsigned DEFAULT NULL COMMENT 'Customer Note Notify',
  PRIMARY KEY (`entity_id`),
  UNIQUE KEY `SALES_INVOICE_INCREMENT_ID_STORE_ID` (`increment_id`,`store_id`),
  KEY `SALES_INVOICE_STORE_ID` (`store_id`),
  KEY `SALES_INVOICE_GRAND_TOTAL` (`grand_total`),
  KEY `SALES_INVOICE_ORDER_ID` (`order_id`),
  KEY `SALES_INVOICE_STATE` (`state`),
  KEY `SALES_INVOICE_CREATED_AT` (`created_at`),
  KEY `SALES_INVOICE_UPDATED_AT` (`updated_at`),
  KEY `SALES_INVOICE_SEND_EMAIL` (`send_email`),
  KEY `SALES_INVOICE_EMAIL_SENT` (`email_sent`),
  CONSTRAINT `SALES_INVOICE_ORDER_ID_SALES_ORDER_ENTITY_ID` FOREIGN KEY (`order_id`) REFERENCES `sales_order` (`entity_id`) ON DELETE CASCADE,
  CONSTRAINT `SALES_INVOICE_STORE_ID_STORE_STORE_ID` FOREIGN KEY (`store_id`) REFERENCES `store` (`store_id`) ON DELETE SET NULL
) ENGINE=InnoDB AUTO_INCREMENT=3 DEFAULT CHARSET=utf8 COMMENT='Sales Flat Invoice';

--
-- Dumping data for table `sales_invoice`
--

INSERT INTO `sales_invoice` VALUES (1,1,36.3900,0.0000,2.3900,2.3900,0.0000,0.0000,0.0000,1.0000,36.3900,5.0000,31.3900,31.3900,0.0000,5.0000,1.0000,1.0000,29.0000,29.0000,0.0000,2,NULL,1,NULL,NULL,0,2,1,'USD',NULL,'USD','USD','USD','000000001','2022-08-10 15:31:35','2022-08-10 15:31:35',0.0000,0.0000,0.0000,0.0000,5.0000,5.0000,NULL,NULL,NULL,NULL),(2,1,39.6400,0.0000,2.6400,2.6400,0.0000,0.0000,0.0000,1.0000,39.6400,5.0000,34.6400,34.6400,0.0000,5.0000,1.0000,1.0000,32.0000,32.0000,0.0000,4,NULL,2,NULL,NULL,0,2,3,'USD',NULL,'USD','USD','USD','000000002','2022-08-10 15:31:36','2022-08-10 15:31:36',0.0000,0.0000,0.0000,0.0000,5.0000,5.0000,NULL,NULL,NULL,NULL);

--
-- Table structure for table `sales_invoice_comment`
--

CREATE TABLE `sales_invoice_comment` (
  `entity_id` int(10) unsigned NOT NULL AUTO_INCREMENT COMMENT 'Entity ID',
  `parent_id` int(10) unsigned NOT NULL COMMENT 'Parent ID',
  `is_customer_notified` smallint(5) unsigned DEFAULT NULL COMMENT 'Is Customer Notified',
  `is_visible_on_front` smallint(5) unsigned NOT NULL DEFAULT '0' COMMENT 'Is Visible On Front',
  `comment` text COMMENT 'Comment',
  `created_at` timestamp NOT NULL DEFAULT CURRENT_TIMESTAMP COMMENT 'Created At',
  PRIMARY KEY (`entity_id`),
  KEY `SALES_INVOICE_COMMENT_CREATED_AT` (`created_at`),
  KEY `SALES_INVOICE_COMMENT_PARENT_ID` (`parent_id`),
  CONSTRAINT `SALES_INVOICE_COMMENT_PARENT_ID_SALES_INVOICE_ENTITY_ID` FOREIGN KEY (`parent_id`) REFERENCES `sales_invoice` (`entity_id`) ON DELETE CASCADE
) ENGINE=InnoDB DEFAULT CHARSET=utf8 COMMENT='Sales Flat Invoice Comment';

--
-- Dumping data for table `sales_invoice_comment`
--


--
-- Table structure for table `sales_invoice_grid`
--

CREATE TABLE `sales_invoice_grid` (
  `entity_id` int(10) unsigned NOT NULL COMMENT 'Entity ID',
  `increment_id` varchar(50) DEFAULT NULL COMMENT 'Increment ID',
  `state` int(11) DEFAULT NULL COMMENT 'State',
  `store_id` smallint(5) unsigned DEFAULT NULL COMMENT 'Store ID',
  `store_name` varchar(255) DEFAULT NULL COMMENT 'Store Name',
  `order_id` int(10) unsigned NOT NULL COMMENT 'Order ID',
  `order_increment_id` varchar(50) DEFAULT NULL COMMENT 'Order Increment ID',
  `order_created_at` timestamp NULL DEFAULT NULL COMMENT 'Order Created At',
  `customer_name` varchar(255) DEFAULT NULL COMMENT 'Customer Name',
  `customer_email` varchar(255) DEFAULT NULL COMMENT 'Customer Email',
  `customer_group_id` int(11) DEFAULT NULL,
  `payment_method` varchar(128) DEFAULT NULL COMMENT 'Payment Method',
  `store_currency_code` varchar(3) DEFAULT NULL COMMENT 'Store Currency Code',
  `order_currency_code` varchar(3) DEFAULT NULL COMMENT 'Order Currency Code',
  `base_currency_code` varchar(3) DEFAULT NULL COMMENT 'Base Currency Code',
  `global_currency_code` varchar(3) DEFAULT NULL COMMENT 'Global Currency Code',
  `billing_name` varchar(255) DEFAULT NULL COMMENT 'Billing Name',
  `billing_address` varchar(255) DEFAULT NULL COMMENT 'Billing Address',
  `shipping_address` varchar(255) DEFAULT NULL COMMENT 'Shipping Address',
  `shipping_information` varchar(255) DEFAULT NULL COMMENT 'Shipping Method Name',
  `subtotal` decimal(20,4) DEFAULT NULL COMMENT 'Subtotal',
  `shipping_and_handling` decimal(20,4) DEFAULT NULL COMMENT 'Shipping and handling amount',
  `grand_total` decimal(20,4) DEFAULT NULL COMMENT 'Grand Total',
  `created_at` timestamp NULL DEFAULT NULL COMMENT 'Created At',
  `updated_at` timestamp NULL DEFAULT NULL COMMENT 'Updated At',
  `base_grand_total` decimal(20,4) DEFAULT NULL COMMENT 'Base Grand Total',
  PRIMARY KEY (`entity_id`),
  UNIQUE KEY `SALES_INVOICE_GRID_INCREMENT_ID_STORE_ID` (`increment_id`,`store_id`),
  KEY `SALES_INVOICE_GRID_STORE_ID` (`store_id`),
  KEY `SALES_INVOICE_GRID_GRAND_TOTAL` (`grand_total`),
  KEY `SALES_INVOICE_GRID_ORDER_ID` (`order_id`),
  KEY `SALES_INVOICE_GRID_STATE` (`state`),
  KEY `SALES_INVOICE_GRID_ORDER_INCREMENT_ID` (`order_increment_id`),
  KEY `SALES_INVOICE_GRID_CREATED_AT` (`created_at`),
  KEY `SALES_INVOICE_GRID_UPDATED_AT` (`updated_at`),
  KEY `SALES_INVOICE_GRID_ORDER_CREATED_AT` (`order_created_at`),
  KEY `SALES_INVOICE_GRID_BILLING_NAME` (`billing_name`),
  KEY `SALES_INVOICE_GRID_BASE_GRAND_TOTAL` (`base_grand_total`),
  FULLTEXT KEY `FTI_95D9C924DD6A8734EB8B5D01D60F90DE` (`increment_id`,`order_increment_id`,`billing_name`,`billing_address`,`shipping_address`,`customer_name`,`customer_email`)
) ENGINE=InnoDB DEFAULT CHARSET=utf8 COMMENT='Sales Flat Invoice Grid';

--
-- Dumping data for table `sales_invoice_grid`
--

INSERT INTO `sales_invoice_grid` VALUES (1,'000000001',2,1,'Main Website\nMain Website Store\nDefault Store View',1,'000000001','2022-08-10 15:31:35','Veronica Costello','roni_cost@example.com',1,'checkmo','USD','USD','USD','USD','Veronica Costello','6146 Honey Bluff Parkway,Calder,Michigan,49628-7978','6146 Honey Bluff Parkway,Calder,Michigan,49628-7978','Flat Rate - Fixed',29.0000,5.0000,36.3900,'2022-08-10 15:31:35','2022-08-10 15:31:35',36.3900),(2,'000000002',2,1,'Main Website\nMain Website Store\nDefault Store View',2,'000000002','2022-08-10 15:31:36','Veronica Costello','roni_cost@example.com',1,'checkmo','USD','USD','USD','USD','Veronica Costello','6146 Honey Bluff Parkway,Calder,Michigan,49628-7978','6146 Honey Bluff Parkway,Calder,Michigan,49628-7978','Flat Rate - Fixed',32.0000,5.0000,39.6400,'2022-08-10 15:31:36','2022-08-10 15:31:36',39.6400);

--
-- Table structure for table `sales_invoice_item`
--

CREATE TABLE `sales_invoice_item` (
  `entity_id` int(10) unsigned NOT NULL AUTO_INCREMENT COMMENT 'Entity ID',
  `parent_id` int(10) unsigned NOT NULL COMMENT 'Parent ID',
  `base_price` decimal(12,4) DEFAULT NULL COMMENT 'Base Price',
  `tax_amount` decimal(12,4) DEFAULT NULL COMMENT 'Tax Amount',
  `base_row_total` decimal(20,4) DEFAULT NULL COMMENT 'Base Row Total',
  `discount_amount` decimal(12,4) DEFAULT NULL COMMENT 'Discount Amount',
  `row_total` decimal(20,4) DEFAULT NULL COMMENT 'Row Total',
  `base_discount_amount` decimal(12,4) DEFAULT NULL COMMENT 'Base Discount Amount',
  `price_incl_tax` decimal(12,4) DEFAULT NULL COMMENT 'Price Incl Tax',
  `base_tax_amount` decimal(12,4) DEFAULT NULL COMMENT 'Base Tax Amount',
  `base_price_incl_tax` decimal(12,4) DEFAULT NULL COMMENT 'Base Price Incl Tax',
  `qty` decimal(12,4) DEFAULT NULL COMMENT 'Qty',
  `base_cost` decimal(12,4) DEFAULT NULL COMMENT 'Base Cost',
  `price` decimal(12,4) DEFAULT NULL COMMENT 'Price',
  `base_row_total_incl_tax` decimal(12,4) DEFAULT NULL COMMENT 'Base Row Total Incl Tax',
  `row_total_incl_tax` decimal(12,4) DEFAULT NULL COMMENT 'Row Total Incl Tax',
  `product_id` int(11) DEFAULT NULL COMMENT 'Product ID',
  `order_item_id` int(11) DEFAULT NULL COMMENT 'Order Item ID',
  `additional_data` text COMMENT 'Additional Data',
  `description` text COMMENT 'Description',
  `sku` varchar(255) DEFAULT NULL COMMENT 'Sku',
  `name` varchar(255) DEFAULT NULL COMMENT 'Name',
  `discount_tax_compensation_amount` decimal(12,4) DEFAULT NULL COMMENT 'Discount Tax Compensation Amount',
  `base_discount_tax_compensation_amount` decimal(12,4) DEFAULT NULL COMMENT 'Base Discount Tax Compensation Amount',
  `tax_ratio` text COMMENT 'Ratio of tax invoiced over tax of the order item',
  `weee_tax_applied` text COMMENT 'Weee Tax Applied',
  `weee_tax_applied_amount` decimal(12,4) DEFAULT NULL COMMENT 'Weee Tax Applied Amount',
  `weee_tax_applied_row_amount` decimal(12,4) DEFAULT NULL COMMENT 'Weee Tax Applied Row Amount',
  `weee_tax_disposition` decimal(12,4) DEFAULT NULL COMMENT 'Weee Tax Disposition',
  `weee_tax_row_disposition` decimal(12,4) DEFAULT NULL COMMENT 'Weee Tax Row Disposition',
  `base_weee_tax_applied_amount` decimal(12,4) DEFAULT NULL COMMENT 'Base Weee Tax Applied Amount',
  `base_weee_tax_applied_row_amnt` decimal(12,4) DEFAULT NULL COMMENT 'Base Weee Tax Applied Row Amnt',
  `base_weee_tax_disposition` decimal(12,4) DEFAULT NULL COMMENT 'Base Weee Tax Disposition',
  `base_weee_tax_row_disposition` decimal(12,4) DEFAULT NULL COMMENT 'Base Weee Tax Row Disposition',
  PRIMARY KEY (`entity_id`),
  KEY `SALES_INVOICE_ITEM_PARENT_ID` (`parent_id`),
  CONSTRAINT `SALES_INVOICE_ITEM_PARENT_ID_SALES_INVOICE_ENTITY_ID` FOREIGN KEY (`parent_id`) REFERENCES `sales_invoice` (`entity_id`) ON DELETE CASCADE
) ENGINE=InnoDB AUTO_INCREMENT=3 DEFAULT CHARSET=utf8 COMMENT='Sales Flat Invoice Item';

--
-- Dumping data for table `sales_invoice_item`
--

INSERT INTO `sales_invoice_item` VALUES (1,1,29.0000,2.3900,29.0000,NULL,29.0000,NULL,31.3900,2.3900,31.3900,1.0000,NULL,29.0000,31.3900,31.3900,1434,1,NULL,NULL,'WS03-XS-Red','Iris Workout Top',0.0000,0.0000,NULL,'[]',NULL,0.0000,NULL,0.0000,NULL,NULL,NULL,0.0000),(2,2,32.0000,2.6400,32.0000,NULL,32.0000,NULL,34.6400,2.6400,34.6400,1.0000,NULL,32.0000,34.6400,34.6400,1498,2,NULL,NULL,'WS08-XS-Blue','Minerva LumaTech&trade; V-Tee',0.0000,0.0000,NULL,'[]',NULL,0.0000,NULL,0.0000,NULL,NULL,NULL,0.0000);

--
-- Table structure for table `sales_invoiced_aggregated`
--

CREATE TABLE `sales_invoiced_aggregated` (
  `id` int(10) unsigned NOT NULL AUTO_INCREMENT COMMENT 'ID',
  `period` date DEFAULT NULL COMMENT 'Period',
  `store_id` smallint(5) unsigned DEFAULT NULL COMMENT 'Store ID',
  `order_status` varchar(50) DEFAULT NULL COMMENT 'Order Status',
  `orders_count` int(11) NOT NULL DEFAULT '0' COMMENT 'Orders Count',
  `orders_invoiced` decimal(12,4) DEFAULT NULL COMMENT 'Orders Invoiced',
  `invoiced` decimal(12,4) DEFAULT NULL COMMENT 'Invoiced',
  `invoiced_captured` decimal(12,4) DEFAULT NULL COMMENT 'Invoiced Captured',
  `invoiced_not_captured` decimal(12,4) DEFAULT NULL COMMENT 'Invoiced Not Captured',
  PRIMARY KEY (`id`),
  UNIQUE KEY `SALES_INVOICED_AGGREGATED_PERIOD_STORE_ID_ORDER_STATUS` (`period`,`store_id`,`order_status`),
  KEY `SALES_INVOICED_AGGREGATED_STORE_ID` (`store_id`),
  CONSTRAINT `SALES_INVOICED_AGGREGATED_STORE_ID_STORE_STORE_ID` FOREIGN KEY (`store_id`) REFERENCES `store` (`store_id`) ON DELETE SET NULL
) ENGINE=InnoDB DEFAULT CHARSET=utf8 COMMENT='Sales Invoiced Aggregated';

--
-- Dumping data for table `sales_invoiced_aggregated`
--


--
-- Table structure for table `sales_invoiced_aggregated_order`
--

CREATE TABLE `sales_invoiced_aggregated_order` (
  `id` int(10) unsigned NOT NULL AUTO_INCREMENT COMMENT 'ID',
  `period` date DEFAULT NULL COMMENT 'Period',
  `store_id` smallint(5) unsigned DEFAULT NULL COMMENT 'Store ID',
  `order_status` varchar(50) NOT NULL COMMENT 'Order Status',
  `orders_count` int(11) NOT NULL DEFAULT '0' COMMENT 'Orders Count',
  `orders_invoiced` decimal(12,4) DEFAULT NULL COMMENT 'Orders Invoiced',
  `invoiced` decimal(12,4) DEFAULT NULL COMMENT 'Invoiced',
  `invoiced_captured` decimal(12,4) DEFAULT NULL COMMENT 'Invoiced Captured',
  `invoiced_not_captured` decimal(12,4) DEFAULT NULL COMMENT 'Invoiced Not Captured',
  PRIMARY KEY (`id`),
  UNIQUE KEY `SALES_INVOICED_AGGREGATED_ORDER_PERIOD_STORE_ID_ORDER_STATUS` (`period`,`store_id`,`order_status`),
  KEY `SALES_INVOICED_AGGREGATED_ORDER_STORE_ID` (`store_id`),
  CONSTRAINT `SALES_INVOICED_AGGREGATED_ORDER_STORE_ID_STORE_STORE_ID` FOREIGN KEY (`store_id`) REFERENCES `store` (`store_id`) ON DELETE SET NULL
) ENGINE=InnoDB DEFAULT CHARSET=utf8 COMMENT='Sales Invoiced Aggregated Order';

--
-- Dumping data for table `sales_invoiced_aggregated_order`
--


--
-- Table structure for table `sales_order_address`
--

CREATE TABLE `sales_order_address` (
  `entity_id` int(10) unsigned NOT NULL AUTO_INCREMENT COMMENT 'Entity ID',
  `parent_id` int(10) unsigned DEFAULT NULL COMMENT 'Parent ID',
  `customer_address_id` int(11) DEFAULT NULL COMMENT 'Customer Address ID',
  `quote_address_id` int(11) DEFAULT NULL COMMENT 'Quote Address ID',
  `region_id` int(11) DEFAULT NULL COMMENT 'Region ID',
  `customer_id` int(11) DEFAULT NULL COMMENT 'Customer ID',
  `fax` varchar(255) DEFAULT NULL COMMENT 'Fax',
  `region` varchar(255) DEFAULT NULL COMMENT 'Region',
  `postcode` varchar(255) DEFAULT NULL COMMENT 'Postcode',
  `lastname` varchar(255) DEFAULT NULL COMMENT 'Lastname',
  `street` varchar(255) DEFAULT NULL COMMENT 'Street',
  `city` varchar(255) DEFAULT NULL COMMENT 'City',
  `email` varchar(255) DEFAULT NULL COMMENT 'Email',
  `telephone` varchar(255) DEFAULT NULL COMMENT 'Phone Number',
  `country_id` varchar(2) DEFAULT NULL COMMENT 'Country ID',
  `firstname` varchar(255) DEFAULT NULL COMMENT 'Firstname',
  `address_type` varchar(255) DEFAULT NULL COMMENT 'Address Type',
  `prefix` varchar(255) DEFAULT NULL COMMENT 'Prefix',
  `middlename` varchar(255) DEFAULT NULL COMMENT 'Middlename',
  `suffix` varchar(255) DEFAULT NULL COMMENT 'Suffix',
  `company` varchar(255) DEFAULT NULL COMMENT 'Company',
  `vat_id` text COMMENT 'Vat ID',
  `vat_is_valid` smallint(6) DEFAULT NULL COMMENT 'Vat Is Valid',
  `vat_request_id` text COMMENT 'Vat Request ID',
  `vat_request_date` text COMMENT 'Vat Request Date',
  `vat_request_success` smallint(6) DEFAULT NULL COMMENT 'Vat Request Success',
  `vertex_vat_country_code` varchar(255) DEFAULT NULL COMMENT 'Vertex Customer Vat Country',
  PRIMARY KEY (`entity_id`),
  KEY `SALES_ORDER_ADDRESS_PARENT_ID` (`parent_id`),
  CONSTRAINT `SALES_ORDER_ADDRESS_PARENT_ID_SALES_ORDER_ENTITY_ID` FOREIGN KEY (`parent_id`) REFERENCES `sales_order` (`entity_id`) ON DELETE CASCADE
) ENGINE=InnoDB AUTO_INCREMENT=5 DEFAULT CHARSET=utf8 COMMENT='Sales Flat Order Address';

--
-- Dumping data for table `sales_order_address`
--

INSERT INTO `sales_order_address` VALUES (1,1,1,2,33,NULL,NULL,'Michigan','49628-7978','Costello','6146 Honey Bluff Parkway','Calder','roni_cost@example.com','(555) 229-3326','US','Veronica','shipping',NULL,NULL,NULL,NULL,NULL,NULL,NULL,NULL,NULL,NULL),(2,1,1,1,33,NULL,NULL,'Michigan','49628-7978','Costello','6146 Honey Bluff Parkway','Calder','roni_cost@example.com','(555) 229-3326','US','Veronica','billing',NULL,NULL,NULL,NULL,NULL,NULL,NULL,NULL,NULL,NULL),(3,2,1,4,33,NULL,NULL,'Michigan','49628-7978','Costello','6146 Honey Bluff Parkway','Calder','roni_cost@example.com','(555) 229-3326','US','Veronica','shipping',NULL,NULL,NULL,NULL,NULL,NULL,NULL,NULL,NULL,NULL),(4,2,1,3,33,NULL,NULL,'Michigan','49628-7978','Costello','6146 Honey Bluff Parkway','Calder','roni_cost@example.com','(555) 229-3326','US','Veronica','billing',NULL,NULL,NULL,NULL,NULL,NULL,NULL,NULL,NULL,NULL);

--
-- Table structure for table `sales_order_aggregated_created`
--

CREATE TABLE `sales_order_aggregated_created` (
  `id` int(10) unsigned NOT NULL AUTO_INCREMENT COMMENT 'ID',
  `period` date DEFAULT NULL COMMENT 'Period',
  `store_id` smallint(5) unsigned DEFAULT NULL COMMENT 'Store ID',
  `order_status` varchar(50) NOT NULL COMMENT 'Order Status',
  `orders_count` int(11) NOT NULL DEFAULT '0' COMMENT 'Orders Count',
  `total_qty_ordered` decimal(12,4) NOT NULL DEFAULT '0.0000' COMMENT 'Total Qty Ordered',
  `total_qty_invoiced` decimal(12,4) NOT NULL DEFAULT '0.0000' COMMENT 'Total Qty Invoiced',
  `total_income_amount` decimal(20,4) NOT NULL DEFAULT '0.0000' COMMENT 'Total Income Amount',
  `total_revenue_amount` decimal(20,4) NOT NULL DEFAULT '0.0000' COMMENT 'Total Revenue Amount',
  `total_profit_amount` decimal(20,4) NOT NULL DEFAULT '0.0000' COMMENT 'Total Profit Amount',
  `total_invoiced_amount` decimal(20,4) NOT NULL DEFAULT '0.0000' COMMENT 'Total Invoiced Amount',
  `total_canceled_amount` decimal(20,4) NOT NULL DEFAULT '0.0000' COMMENT 'Total Canceled Amount',
  `total_paid_amount` decimal(20,4) NOT NULL DEFAULT '0.0000' COMMENT 'Total Paid Amount',
  `total_refunded_amount` decimal(20,4) NOT NULL DEFAULT '0.0000' COMMENT 'Total Refunded Amount',
  `total_tax_amount` decimal(20,4) NOT NULL DEFAULT '0.0000' COMMENT 'Total Tax Amount',
  `total_tax_amount_actual` decimal(20,4) NOT NULL DEFAULT '0.0000' COMMENT 'Total Tax Amount Actual',
  `total_shipping_amount` decimal(20,4) NOT NULL DEFAULT '0.0000' COMMENT 'Total Shipping Amount',
  `total_shipping_amount_actual` decimal(20,4) NOT NULL DEFAULT '0.0000' COMMENT 'Total Shipping Amount Actual',
  `total_discount_amount` decimal(20,4) NOT NULL DEFAULT '0.0000' COMMENT 'Total Discount Amount',
  `total_discount_amount_actual` decimal(20,4) NOT NULL DEFAULT '0.0000' COMMENT 'Total Discount Amount Actual',
  PRIMARY KEY (`id`),
  UNIQUE KEY `SALES_ORDER_AGGREGATED_CREATED_PERIOD_STORE_ID_ORDER_STATUS` (`period`,`store_id`,`order_status`),
  KEY `SALES_ORDER_AGGREGATED_CREATED_STORE_ID` (`store_id`),
  CONSTRAINT `SALES_ORDER_AGGREGATED_CREATED_STORE_ID_STORE_STORE_ID` FOREIGN KEY (`store_id`) REFERENCES `store` (`store_id`) ON DELETE SET NULL
) ENGINE=InnoDB DEFAULT CHARSET=utf8 COMMENT='Sales Order Aggregated Created';

--
-- Dumping data for table `sales_order_aggregated_created`
--


--
-- Table structure for table `sales_order_aggregated_updated`
--

CREATE TABLE `sales_order_aggregated_updated` (
  `id` int(10) unsigned NOT NULL AUTO_INCREMENT COMMENT 'ID',
  `period` date DEFAULT NULL COMMENT 'Period',
  `store_id` smallint(5) unsigned DEFAULT NULL COMMENT 'Store ID',
  `order_status` varchar(50) NOT NULL COMMENT 'Order Status',
  `orders_count` int(11) NOT NULL DEFAULT '0' COMMENT 'Orders Count',
  `total_qty_ordered` decimal(12,4) NOT NULL DEFAULT '0.0000' COMMENT 'Total Qty Ordered',
  `total_qty_invoiced` decimal(12,4) NOT NULL DEFAULT '0.0000' COMMENT 'Total Qty Invoiced',
  `total_income_amount` decimal(20,4) NOT NULL DEFAULT '0.0000' COMMENT 'Total Income Amount',
  `total_revenue_amount` decimal(20,4) NOT NULL DEFAULT '0.0000' COMMENT 'Total Revenue Amount',
  `total_profit_amount` decimal(20,4) NOT NULL DEFAULT '0.0000' COMMENT 'Total Profit Amount',
  `total_invoiced_amount` decimal(20,4) NOT NULL DEFAULT '0.0000' COMMENT 'Total Invoiced Amount',
  `total_canceled_amount` decimal(20,4) NOT NULL DEFAULT '0.0000' COMMENT 'Total Canceled Amount',
  `total_paid_amount` decimal(20,4) NOT NULL DEFAULT '0.0000' COMMENT 'Total Paid Amount',
  `total_refunded_amount` decimal(20,4) NOT NULL DEFAULT '0.0000' COMMENT 'Total Refunded Amount',
  `total_tax_amount` decimal(20,4) NOT NULL DEFAULT '0.0000' COMMENT 'Total Tax Amount',
  `total_tax_amount_actual` decimal(20,4) NOT NULL DEFAULT '0.0000' COMMENT 'Total Tax Amount Actual',
  `total_shipping_amount` decimal(20,4) NOT NULL DEFAULT '0.0000' COMMENT 'Total Shipping Amount',
  `total_shipping_amount_actual` decimal(20,4) NOT NULL DEFAULT '0.0000' COMMENT 'Total Shipping Amount Actual',
  `total_discount_amount` decimal(20,4) NOT NULL DEFAULT '0.0000' COMMENT 'Total Discount Amount',
  `total_discount_amount_actual` decimal(20,4) NOT NULL DEFAULT '0.0000' COMMENT 'Total Discount Amount Actual',
  PRIMARY KEY (`id`),
  UNIQUE KEY `SALES_ORDER_AGGREGATED_UPDATED_PERIOD_STORE_ID_ORDER_STATUS` (`period`,`store_id`,`order_status`),
  KEY `SALES_ORDER_AGGREGATED_UPDATED_STORE_ID` (`store_id`),
  CONSTRAINT `SALES_ORDER_AGGREGATED_UPDATED_STORE_ID_STORE_STORE_ID` FOREIGN KEY (`store_id`) REFERENCES `store` (`store_id`) ON DELETE SET NULL
) ENGINE=InnoDB DEFAULT CHARSET=utf8 COMMENT='Sales Order Aggregated Updated';

--
-- Dumping data for table `sales_order_aggregated_updated`
--


--
-- Table structure for table `sales_order_grid`
--

CREATE TABLE `sales_order_grid` (
  `entity_id` int(10) unsigned NOT NULL COMMENT 'Entity ID',
  `status` varchar(32) DEFAULT NULL COMMENT 'Status',
  `store_id` smallint(5) unsigned DEFAULT NULL COMMENT 'Store ID',
  `store_name` varchar(255) DEFAULT NULL COMMENT 'Store Name',
  `customer_id` int(10) unsigned DEFAULT NULL COMMENT 'Customer ID',
  `base_grand_total` decimal(20,4) DEFAULT NULL COMMENT 'Base Grand Total',
  `base_total_paid` decimal(20,4) DEFAULT NULL COMMENT 'Base Total Paid',
  `grand_total` decimal(20,4) DEFAULT NULL COMMENT 'Grand Total',
  `total_paid` decimal(20,4) DEFAULT NULL COMMENT 'Total Paid',
  `increment_id` varchar(50) DEFAULT NULL COMMENT 'Increment ID',
  `base_currency_code` varchar(3) DEFAULT NULL COMMENT 'Base Currency Code',
  `order_currency_code` varchar(255) DEFAULT NULL COMMENT 'Order Currency Code',
  `shipping_name` varchar(255) DEFAULT NULL COMMENT 'Shipping Name',
  `billing_name` varchar(255) DEFAULT NULL COMMENT 'Billing Name',
  `created_at` timestamp NULL DEFAULT NULL COMMENT 'Created At',
  `updated_at` timestamp NULL DEFAULT NULL COMMENT 'Updated At',
  `billing_address` varchar(255) DEFAULT NULL COMMENT 'Billing Address',
  `shipping_address` varchar(255) DEFAULT NULL COMMENT 'Shipping Address',
  `shipping_information` varchar(255) DEFAULT NULL COMMENT 'Shipping Method Name',
  `customer_email` varchar(255) DEFAULT NULL COMMENT 'Customer Email',
  `customer_group` varchar(255) DEFAULT NULL COMMENT 'Customer Group',
  `subtotal` decimal(20,4) DEFAULT NULL COMMENT 'Subtotal',
  `shipping_and_handling` decimal(20,4) DEFAULT NULL COMMENT 'Shipping and handling amount',
  `customer_name` varchar(255) DEFAULT NULL COMMENT 'Customer Name',
  `payment_method` varchar(255) DEFAULT NULL COMMENT 'Payment Method',
  `total_refunded` decimal(20,4) DEFAULT NULL COMMENT 'Total Refunded',
  `pickup_location_code` varchar(255) DEFAULT NULL COMMENT 'Pickup Location Code',
  PRIMARY KEY (`entity_id`),
  UNIQUE KEY `SALES_ORDER_GRID_INCREMENT_ID_STORE_ID` (`increment_id`,`store_id`),
  KEY `SALES_ORDER_GRID_STATUS` (`status`),
  KEY `SALES_ORDER_GRID_STORE_ID` (`store_id`),
  KEY `SALES_ORDER_GRID_BASE_GRAND_TOTAL` (`base_grand_total`),
  KEY `SALES_ORDER_GRID_BASE_TOTAL_PAID` (`base_total_paid`),
  KEY `SALES_ORDER_GRID_GRAND_TOTAL` (`grand_total`),
  KEY `SALES_ORDER_GRID_TOTAL_PAID` (`total_paid`),
  KEY `SALES_ORDER_GRID_SHIPPING_NAME` (`shipping_name`),
  KEY `SALES_ORDER_GRID_BILLING_NAME` (`billing_name`),
  KEY `SALES_ORDER_GRID_CREATED_AT` (`created_at`),
  KEY `SALES_ORDER_GRID_CUSTOMER_ID` (`customer_id`),
  KEY `SALES_ORDER_GRID_UPDATED_AT` (`updated_at`),
  KEY `SALES_ORDER_GRID_PICKUP_LOCATION_CODE` (`pickup_location_code`),
  FULLTEXT KEY `FTI_65B9E9925EC58F0C7C2E2F6379C233E7` (`increment_id`,`billing_name`,`shipping_name`,`shipping_address`,`billing_address`,`customer_name`,`customer_email`)
) ENGINE=InnoDB DEFAULT CHARSET=utf8 COMMENT='Sales Flat Order Grid';

--
-- Dumping data for table `sales_order_grid`
--

INSERT INTO `sales_order_grid` VALUES (1,'processing',1,'Main Website\nMain Website Store\nDefault Store View',1,36.3900,36.3900,36.3900,36.3900,'000000001','USD','USD','Veronica Costello','Veronica Costello','2022-08-10 15:31:35','2022-08-10 15:31:36','6146 Honey Bluff Parkway,Calder,Michigan,49628-7978','6146 Honey Bluff Parkway,Calder,Michigan,49628-7978','Flat Rate - Fixed','roni_cost@example.com','1',29.0000,5.0000,'Veronica Costello','checkmo',NULL,NULL),(2,'closed',1,'Main Website\nMain Website Store\nDefault Store View',1,39.6400,39.6400,39.6400,39.6400,'000000002','USD','USD','Veronica Costello','Veronica Costello','2022-08-10 15:31:36','2022-08-10 15:31:36','6146 Honey Bluff Parkway,Calder,Michigan,49628-7978','6146 Honey Bluff Parkway,Calder,Michigan,49628-7978','Flat Rate - Fixed','roni_cost@example.com','1',32.0000,5.0000,'Veronica Costello','checkmo',39.6400,NULL);

--
-- Table structure for table `sales_order_item`
--

CREATE TABLE `sales_order_item` (
  `item_id` int(10) unsigned NOT NULL AUTO_INCREMENT COMMENT 'Item ID',
  `order_id` int(10) unsigned NOT NULL DEFAULT '0' COMMENT 'Order ID',
  `parent_item_id` int(10) unsigned DEFAULT NULL COMMENT 'Parent Item ID',
  `quote_item_id` int(10) unsigned DEFAULT NULL COMMENT 'Quote Item ID',
  `store_id` smallint(5) unsigned DEFAULT NULL COMMENT 'Store ID',
  `created_at` timestamp NOT NULL DEFAULT CURRENT_TIMESTAMP COMMENT 'Created At',
  `updated_at` timestamp NOT NULL DEFAULT CURRENT_TIMESTAMP ON UPDATE CURRENT_TIMESTAMP COMMENT 'Updated At',
  `product_id` int(10) unsigned DEFAULT NULL COMMENT 'Product ID',
  `product_type` varchar(255) DEFAULT NULL COMMENT 'Product Type',
  `product_options` text COMMENT 'Product Options',
  `weight` decimal(12,4) DEFAULT '0.0000' COMMENT 'Weight',
  `is_virtual` smallint(5) unsigned DEFAULT NULL COMMENT 'Is Virtual',
  `sku` varchar(255) DEFAULT NULL COMMENT 'Sku',
  `name` varchar(255) DEFAULT NULL COMMENT 'Name',
  `description` text COMMENT 'Description',
  `applied_rule_ids` text COMMENT 'Applied Rule Ids',
  `additional_data` text COMMENT 'Additional Data',
  `is_qty_decimal` smallint(5) unsigned DEFAULT NULL COMMENT 'Is Qty Decimal',
  `no_discount` smallint(5) unsigned NOT NULL DEFAULT '0' COMMENT 'No Discount',
  `qty_backordered` decimal(12,4) DEFAULT '0.0000' COMMENT 'Qty Backordered',
  `qty_canceled` decimal(12,4) DEFAULT '0.0000' COMMENT 'Qty Canceled',
  `qty_invoiced` decimal(12,4) DEFAULT '0.0000' COMMENT 'Qty Invoiced',
  `qty_ordered` decimal(12,4) DEFAULT '0.0000' COMMENT 'Qty Ordered',
  `qty_refunded` decimal(12,4) DEFAULT '0.0000' COMMENT 'Qty Refunded',
  `qty_shipped` decimal(12,4) DEFAULT '0.0000' COMMENT 'Qty Shipped',
  `base_cost` decimal(12,4) DEFAULT '0.0000' COMMENT 'Base Cost',
  `price` decimal(12,4) NOT NULL DEFAULT '0.0000' COMMENT 'Price',
  `base_price` decimal(12,4) NOT NULL DEFAULT '0.0000' COMMENT 'Base Price',
  `original_price` decimal(12,4) DEFAULT NULL COMMENT 'Original Price',
  `base_original_price` decimal(12,4) DEFAULT NULL COMMENT 'Base Original Price',
  `tax_percent` decimal(12,4) DEFAULT '0.0000' COMMENT 'Tax Percent',
  `tax_amount` decimal(20,4) DEFAULT '0.0000' COMMENT 'Tax Amount',
  `base_tax_amount` decimal(20,4) DEFAULT '0.0000' COMMENT 'Base Tax Amount',
  `tax_invoiced` decimal(20,4) DEFAULT '0.0000' COMMENT 'Tax Invoiced',
  `base_tax_invoiced` decimal(20,4) DEFAULT '0.0000' COMMENT 'Base Tax Invoiced',
  `discount_percent` decimal(12,4) DEFAULT '0.0000' COMMENT 'Discount Percent',
  `discount_amount` decimal(20,4) DEFAULT '0.0000' COMMENT 'Discount Amount',
  `base_discount_amount` decimal(20,4) DEFAULT '0.0000' COMMENT 'Base Discount Amount',
  `discount_invoiced` decimal(20,4) DEFAULT '0.0000' COMMENT 'Discount Invoiced',
  `base_discount_invoiced` decimal(20,4) DEFAULT '0.0000' COMMENT 'Base Discount Invoiced',
  `amount_refunded` decimal(20,4) DEFAULT '0.0000' COMMENT 'Amount Refunded',
  `base_amount_refunded` decimal(20,4) DEFAULT '0.0000' COMMENT 'Base Amount Refunded',
  `row_total` decimal(20,4) NOT NULL DEFAULT '0.0000' COMMENT 'Row Total',
  `base_row_total` decimal(20,4) NOT NULL DEFAULT '0.0000' COMMENT 'Base Row Total',
  `row_invoiced` decimal(20,4) NOT NULL DEFAULT '0.0000' COMMENT 'Row Invoiced',
  `base_row_invoiced` decimal(20,4) NOT NULL DEFAULT '0.0000' COMMENT 'Base Row Invoiced',
  `row_weight` decimal(12,4) DEFAULT '0.0000' COMMENT 'Row Weight',
  `base_tax_before_discount` decimal(20,4) DEFAULT NULL COMMENT 'Base Tax Before Discount',
  `tax_before_discount` decimal(20,4) DEFAULT NULL COMMENT 'Tax Before Discount',
  `ext_order_item_id` varchar(255) DEFAULT NULL COMMENT 'Ext Order Item ID',
  `locked_do_invoice` smallint(5) unsigned DEFAULT NULL COMMENT 'Locked Do Invoice',
  `locked_do_ship` smallint(5) unsigned DEFAULT NULL COMMENT 'Locked Do Ship',
  `price_incl_tax` decimal(20,4) DEFAULT NULL COMMENT 'Price Incl Tax',
  `base_price_incl_tax` decimal(20,4) DEFAULT NULL COMMENT 'Base Price Incl Tax',
  `row_total_incl_tax` decimal(20,4) DEFAULT NULL COMMENT 'Row Total Incl Tax',
  `base_row_total_incl_tax` decimal(20,4) DEFAULT NULL COMMENT 'Base Row Total Incl Tax',
  `discount_tax_compensation_amount` decimal(20,4) DEFAULT NULL COMMENT 'Discount Tax Compensation Amount',
  `base_discount_tax_compensation_amount` decimal(20,4) DEFAULT NULL COMMENT 'Base Discount Tax Compensation Amount',
  `discount_tax_compensation_invoiced` decimal(20,4) DEFAULT NULL COMMENT 'Discount Tax Compensation Invoiced',
  `base_discount_tax_compensation_invoiced` decimal(20,4) DEFAULT NULL COMMENT 'Base Discount Tax Compensation Invoiced',
  `discount_tax_compensation_refunded` decimal(20,4) DEFAULT NULL COMMENT 'Discount Tax Compensation Refunded',
  `base_discount_tax_compensation_refunded` decimal(20,4) DEFAULT NULL COMMENT 'Base Discount Tax Compensation Refunded',
  `tax_canceled` decimal(12,4) DEFAULT NULL COMMENT 'Tax Canceled',
  `discount_tax_compensation_canceled` decimal(20,4) DEFAULT NULL COMMENT 'Discount Tax Compensation Canceled',
  `tax_refunded` decimal(20,4) DEFAULT NULL COMMENT 'Tax Refunded',
  `base_tax_refunded` decimal(20,4) DEFAULT NULL COMMENT 'Base Tax Refunded',
  `discount_refunded` decimal(20,4) DEFAULT NULL COMMENT 'Discount Refunded',
  `base_discount_refunded` decimal(20,4) DEFAULT NULL COMMENT 'Base Discount Refunded',
  `weee_tax_applied` text COMMENT 'Weee Tax Applied',
  `weee_tax_applied_amount` decimal(12,4) DEFAULT NULL COMMENT 'Weee Tax Applied Amount',
  `weee_tax_applied_row_amount` decimal(12,4) DEFAULT NULL COMMENT 'Weee Tax Applied Row Amount',
  `weee_tax_disposition` decimal(12,4) DEFAULT NULL COMMENT 'Weee Tax Disposition',
  `weee_tax_row_disposition` decimal(12,4) DEFAULT NULL COMMENT 'Weee Tax Row Disposition',
  `base_weee_tax_applied_amount` decimal(12,4) DEFAULT NULL COMMENT 'Base Weee Tax Applied Amount',
  `base_weee_tax_applied_row_amnt` decimal(12,4) DEFAULT NULL COMMENT 'Base Weee Tax Applied Row Amnt',
  `base_weee_tax_disposition` decimal(12,4) DEFAULT NULL COMMENT 'Base Weee Tax Disposition',
  `base_weee_tax_row_disposition` decimal(12,4) DEFAULT NULL COMMENT 'Base Weee Tax Row Disposition',
  `gift_message_id` int(11) DEFAULT NULL COMMENT 'Gift Message ID',
  `gift_message_available` int(11) DEFAULT NULL COMMENT 'Gift Message Available',
  `free_shipping` smallint(5) unsigned NOT NULL DEFAULT '0' COMMENT 'Free Shipping',
  PRIMARY KEY (`item_id`),
  KEY `SALES_ORDER_ITEM_ORDER_ID` (`order_id`),
  KEY `SALES_ORDER_ITEM_STORE_ID` (`store_id`),
  CONSTRAINT `SALES_ORDER_ITEM_ORDER_ID_SALES_ORDER_ENTITY_ID` FOREIGN KEY (`order_id`) REFERENCES `sales_order` (`entity_id`) ON DELETE CASCADE,
  CONSTRAINT `SALES_ORDER_ITEM_STORE_ID_STORE_STORE_ID` FOREIGN KEY (`store_id`) REFERENCES `store` (`store_id`) ON DELETE SET NULL
) ENGINE=InnoDB AUTO_INCREMENT=3 DEFAULT CHARSET=utf8 COMMENT='Sales Flat Order Item';

--
-- Dumping data for table `sales_order_item`
--

INSERT INTO `sales_order_item` VALUES (1,1,NULL,NULL,1,'2022-08-10 15:31:35','2022-08-10 15:31:36',1434,'configurable','{\"info_buyRequest\":{\"qty\":1,\"super_attribute\":{\"142\":\"166\",\"93\":\"58\"},\"options\":[]},\"attributes_info\":[{\"label\":\"Size\",\"value\":\"XS\",\"option_id\":142,\"option_value\":\"166\"},{\"label\":\"Color\",\"value\":\"Red\",\"option_id\":93,\"option_value\":\"58\"}],\"simple_name\":\"Iris Workout Top-XS-Red\",\"simple_sku\":\"WS03-XS-Red\",\"product_calculations\":1,\"shipment_type\":0}',1.0000,NULL,'WS03-XS-Red','Iris Workout Top',NULL,'1',NULL,0,0,NULL,0.0000,1.0000,1.0000,0.0000,1.0000,NULL,29.0000,29.0000,29.0000,29.0000,8.2500,2.3900,2.3900,2.3900,2.3900,0.0000,0.0000,0.0000,0.0000,0.0000,0.0000,0.0000,29.0000,29.0000,29.0000,29.0000,1.0000,NULL,NULL,NULL,NULL,NULL,31.3900,31.3900,31.3900,31.3900,0.0000,0.0000,0.0000,0.0000,NULL,NULL,NULL,NULL,NULL,NULL,NULL,NULL,NULL,NULL,NULL,NULL,NULL,NULL,NULL,NULL,NULL,NULL,NULL,0),(2,2,NULL,NULL,1,'2022-08-10 15:31:36','2022-08-10 15:31:36',1498,'configurable','{\"info_buyRequest\":{\"qty\":\"1.0000\",\"super_attribute\":{\"142\":\"166\",\"93\":\"50\"},\"options\":[]},\"attributes_info\":[{\"label\":\"Size\",\"value\":\"XS\",\"option_id\":142,\"option_value\":\"166\"},{\"label\":\"Color\",\"value\":\"Blue\",\"option_id\":93,\"option_value\":\"50\"}],\"simple_name\":\"Minerva LumaTech&trade; V-Tee-XS-Blue\",\"simple_sku\":\"WS08-XS-Blue\",\"product_calculations\":1,\"shipment_type\":0}',1.0000,NULL,'WS08-XS-Blue','Minerva LumaTech&trade; V-Tee',NULL,'1',NULL,0,0,NULL,0.0000,1.0000,1.0000,1.0000,1.0000,NULL,32.0000,32.0000,32.0000,32.0000,8.2500,2.6400,2.6400,2.6400,2.6400,0.0000,0.0000,0.0000,0.0000,0.0000,32.0000,32.0000,32.0000,32.0000,32.0000,32.0000,1.0000,NULL,NULL,NULL,NULL,NULL,34.6400,34.6400,34.6400,34.6400,0.0000,0.0000,0.0000,0.0000,0.0000,0.0000,NULL,NULL,2.6400,2.6400,0.0000,0.0000,'[]',NULL,NULL,NULL,NULL,NULL,NULL,NULL,NULL,NULL,NULL,0);

--
-- Table structure for table `sales_order_status`
--

CREATE TABLE `sales_order_status` (
  `status` varchar(32) NOT NULL COMMENT 'Status',
  `label` varchar(128) NOT NULL COMMENT 'Label',
  PRIMARY KEY (`status`)
) ENGINE=InnoDB DEFAULT CHARSET=utf8 COMMENT='Sales Order Status Table';

--
-- Dumping data for table `sales_order_status`
--

INSERT INTO `sales_order_status` VALUES ('canceled','Canceled'),('closed','Closed'),('complete','Complete'),('fraud','Suspected Fraud'),('holded','On Hold'),('payment_review','Payment Review'),('paypal_canceled_reversal','PayPal Canceled Reversal'),('paypal_reversed','PayPal Reversed'),('pending','Pending'),('pending_payment','Pending Payment'),('pending_paypal','Pending PayPal'),('processing','Processing');

--
-- Table structure for table `sales_order_status_history`
--

CREATE TABLE `sales_order_status_history` (
  `entity_id` int(10) unsigned NOT NULL AUTO_INCREMENT COMMENT 'Entity ID',
  `parent_id` int(10) unsigned NOT NULL COMMENT 'Parent ID',
  `is_customer_notified` int(11) DEFAULT NULL COMMENT 'Is Customer Notified',
  `is_visible_on_front` smallint(5) unsigned NOT NULL DEFAULT '0' COMMENT 'Is Visible On Front',
  `comment` text COMMENT 'Comment',
  `status` varchar(32) DEFAULT NULL COMMENT 'Status',
  `created_at` timestamp NOT NULL DEFAULT CURRENT_TIMESTAMP COMMENT 'Created At',
  `entity_name` varchar(32) DEFAULT NULL COMMENT 'Shows what entity history is bind to.',
  PRIMARY KEY (`entity_id`),
  KEY `SALES_ORDER_STATUS_HISTORY_PARENT_ID` (`parent_id`),
  KEY `SALES_ORDER_STATUS_HISTORY_CREATED_AT` (`created_at`),
  CONSTRAINT `SALES_ORDER_STATUS_HISTORY_PARENT_ID_SALES_ORDER_ENTITY_ID` FOREIGN KEY (`parent_id`) REFERENCES `sales_order` (`entity_id`) ON DELETE CASCADE
) ENGINE=InnoDB AUTO_INCREMENT=2 DEFAULT CHARSET=utf8 COMMENT='Sales Flat Order Status History';

--
-- Dumping data for table `sales_order_status_history`
--

INSERT INTO `sales_order_status_history` VALUES (1,2,1,0,'We refunded $39.64 offline.','closed','2022-08-10 15:31:36','creditmemo');

--
-- Table structure for table `sales_order_status_label`
--

CREATE TABLE `sales_order_status_label` (
  `status` varchar(32) NOT NULL COMMENT 'Status',
  `store_id` smallint(5) unsigned NOT NULL COMMENT 'Store ID',
  `label` varchar(128) NOT NULL COMMENT 'Label',
  PRIMARY KEY (`status`,`store_id`),
  KEY `SALES_ORDER_STATUS_LABEL_STORE_ID` (`store_id`),
  CONSTRAINT `SALES_ORDER_STATUS_LABEL_STATUS_SALES_ORDER_STATUS_STATUS` FOREIGN KEY (`status`) REFERENCES `sales_order_status` (`status`) ON DELETE CASCADE,
  CONSTRAINT `SALES_ORDER_STATUS_LABEL_STORE_ID_STORE_STORE_ID` FOREIGN KEY (`store_id`) REFERENCES `store` (`store_id`) ON DELETE CASCADE
) ENGINE=InnoDB DEFAULT CHARSET=utf8 COMMENT='Sales Order Status Label Table';

--
-- Dumping data for table `sales_order_status_label`
--


--
-- Table structure for table `sales_order_status_state`
--

CREATE TABLE `sales_order_status_state` (
  `status` varchar(32) NOT NULL COMMENT 'Status',
  `state` varchar(32) NOT NULL COMMENT 'Label',
  `is_default` smallint(5) unsigned NOT NULL DEFAULT '0' COMMENT 'Is Default',
  `visible_on_front` smallint(5) unsigned NOT NULL DEFAULT '0' COMMENT 'Visible on front',
  PRIMARY KEY (`status`,`state`),
  CONSTRAINT `SALES_ORDER_STATUS_STATE_STATUS_SALES_ORDER_STATUS_STATUS` FOREIGN KEY (`status`) REFERENCES `sales_order_status` (`status`) ON DELETE CASCADE
) ENGINE=InnoDB DEFAULT CHARSET=utf8 COMMENT='Sales Order Status Table';

--
-- Dumping data for table `sales_order_status_state`
--

INSERT INTO `sales_order_status_state` VALUES ('canceled','canceled',1,1),('closed','closed',1,1),('complete','complete',1,1),('fraud','payment_review',0,1),('fraud','processing',0,1),('holded','holded',1,1),('payment_review','payment_review',1,1),('pending','new',1,1),('pending_payment','pending_payment',1,0),('processing','processing',1,1);

--
-- Table structure for table `sales_order_tax`
--

CREATE TABLE `sales_order_tax` (
  `tax_id` int(10) unsigned NOT NULL AUTO_INCREMENT COMMENT 'Tax ID',
  `order_id` int(10) unsigned NOT NULL COMMENT 'Order ID',
  `code` varchar(255) DEFAULT NULL COMMENT 'Code',
  `title` varchar(255) DEFAULT NULL COMMENT 'Title',
  `percent` decimal(12,4) DEFAULT NULL COMMENT 'Percent',
  `amount` decimal(20,4) DEFAULT NULL COMMENT 'Amount',
  `priority` int(11) NOT NULL COMMENT 'Priority',
  `position` int(11) NOT NULL COMMENT 'Position',
  `base_amount` decimal(20,4) DEFAULT NULL COMMENT 'Base Amount',
  `process` smallint(6) NOT NULL COMMENT 'Process',
  `base_real_amount` decimal(20,4) DEFAULT NULL COMMENT 'Base Real Amount',
  PRIMARY KEY (`tax_id`),
  KEY `SALES_ORDER_TAX_ORDER_ID_PRIORITY_POSITION` (`order_id`,`priority`,`position`)
) ENGINE=InnoDB AUTO_INCREMENT=3 DEFAULT CHARSET=utf8 COMMENT='Sales Order Tax Table';

--
-- Dumping data for table `sales_order_tax`
--

INSERT INTO `sales_order_tax` VALUES (1,1,'US-MI-*-Rate 1','US-MI-*-Rate 1',8.2500,2.3900,0,0,2.3900,0,2.3900),(2,2,'US-MI-*-Rate 1','US-MI-*-Rate 1',8.2500,2.6400,0,0,2.6400,0,2.6400);

--
-- Table structure for table `sales_order_tax_item`
--

CREATE TABLE `sales_order_tax_item` (
  `tax_item_id` int(10) unsigned NOT NULL AUTO_INCREMENT COMMENT 'Tax Item ID',
  `tax_id` int(10) unsigned NOT NULL COMMENT 'Tax ID',
  `item_id` int(10) unsigned DEFAULT NULL COMMENT 'Item ID',
  `tax_percent` decimal(12,4) NOT NULL COMMENT 'Real Tax Percent For Item',
  `amount` decimal(20,4) NOT NULL COMMENT 'Tax amount for the item and tax rate',
  `base_amount` decimal(20,4) NOT NULL COMMENT 'Base tax amount for the item and tax rate',
  `real_amount` decimal(20,4) NOT NULL COMMENT 'Real tax amount for the item and tax rate',
  `real_base_amount` decimal(20,4) NOT NULL COMMENT 'Real base tax amount for the item and tax rate',
  `associated_item_id` int(10) unsigned DEFAULT NULL COMMENT 'Id of the associated item',
  `taxable_item_type` varchar(32) NOT NULL COMMENT 'Type of the taxable item',
  PRIMARY KEY (`tax_item_id`),
  UNIQUE KEY `SALES_ORDER_TAX_ITEM_TAX_ID_ITEM_ID` (`tax_id`,`item_id`),
  KEY `SALES_ORDER_TAX_ITEM_ASSOCIATED_ITEM_ID_SALES_ORDER_ITEM_ITEM_ID` (`associated_item_id`),
  KEY `SALES_ORDER_TAX_ITEM_ITEM_ID` (`item_id`),
  CONSTRAINT `SALES_ORDER_TAX_ITEM_ASSOCIATED_ITEM_ID_SALES_ORDER_ITEM_ITEM_ID` FOREIGN KEY (`associated_item_id`) REFERENCES `sales_order_item` (`item_id`) ON DELETE CASCADE,
  CONSTRAINT `SALES_ORDER_TAX_ITEM_ITEM_ID_SALES_ORDER_ITEM_ITEM_ID` FOREIGN KEY (`item_id`) REFERENCES `sales_order_item` (`item_id`) ON DELETE CASCADE,
  CONSTRAINT `SALES_ORDER_TAX_ITEM_TAX_ID_SALES_ORDER_TAX_TAX_ID` FOREIGN KEY (`tax_id`) REFERENCES `sales_order_tax` (`tax_id`) ON DELETE CASCADE
) ENGINE=InnoDB AUTO_INCREMENT=3 DEFAULT CHARSET=utf8 COMMENT='Sales Order Tax Item';

--
-- Dumping data for table `sales_order_tax_item`
--

INSERT INTO `sales_order_tax_item` VALUES (1,1,NULL,8.2500,2.3900,2.3900,2.3900,2.3900,NULL,'product'),(2,2,NULL,8.2500,2.6400,2.6400,2.6400,2.6400,NULL,'product');

--
-- Table structure for table `sales_payment_transaction`
--

CREATE TABLE `sales_payment_transaction` (
  `transaction_id` int(10) unsigned NOT NULL AUTO_INCREMENT COMMENT 'Transaction ID',
  `parent_id` int(10) unsigned DEFAULT NULL COMMENT 'Parent ID',
  `order_id` int(10) unsigned NOT NULL DEFAULT '0' COMMENT 'Order ID',
  `payment_id` int(10) unsigned NOT NULL DEFAULT '0' COMMENT 'Payment ID',
  `txn_id` varchar(100) DEFAULT NULL COMMENT 'Txn ID',
  `parent_txn_id` varchar(100) DEFAULT NULL COMMENT 'Parent Txn ID',
  `txn_type` varchar(15) DEFAULT NULL COMMENT 'Txn Type',
  `is_closed` smallint(5) unsigned NOT NULL DEFAULT '1' COMMENT 'Is Closed',
  `additional_information` blob COMMENT 'Additional Information',
  `created_at` timestamp NOT NULL DEFAULT CURRENT_TIMESTAMP COMMENT 'Created At',
  PRIMARY KEY (`transaction_id`),
  UNIQUE KEY `SALES_PAYMENT_TRANSACTION_ORDER_ID_PAYMENT_ID_TXN_ID` (`order_id`,`payment_id`,`txn_id`),
  KEY `SALES_PAYMENT_TRANSACTION_PARENT_ID` (`parent_id`),
  KEY `SALES_PAYMENT_TRANSACTION_PAYMENT_ID` (`payment_id`),
  CONSTRAINT `FK_B99FF1A06402D725EBDB0F3A7ECD47A2` FOREIGN KEY (`parent_id`) REFERENCES `sales_payment_transaction` (`transaction_id`) ON DELETE CASCADE,
  CONSTRAINT `SALES_PAYMENT_TRANSACTION_ORDER_ID_SALES_ORDER_ENTITY_ID` FOREIGN KEY (`order_id`) REFERENCES `sales_order` (`entity_id`) ON DELETE CASCADE,
  CONSTRAINT `SALES_PAYMENT_TRANSACTION_PAYMENT_ID_SALES_ORDER_PAYMENT_ENTT_ID` FOREIGN KEY (`payment_id`) REFERENCES `sales_order_payment` (`entity_id`) ON DELETE CASCADE
) ENGINE=InnoDB DEFAULT CHARSET=utf8 COMMENT='Sales Payment Transaction';

--
-- Dumping data for table `sales_payment_transaction`
--


--
-- Table structure for table `sales_refunded_aggregated`
--

CREATE TABLE `sales_refunded_aggregated` (
  `id` int(10) unsigned NOT NULL AUTO_INCREMENT COMMENT 'ID',
  `period` date DEFAULT NULL COMMENT 'Period',
  `store_id` smallint(5) unsigned DEFAULT NULL COMMENT 'Store ID',
  `order_status` varchar(50) NOT NULL COMMENT 'Order Status',
  `orders_count` int(11) NOT NULL DEFAULT '0' COMMENT 'Orders Count',
  `refunded` decimal(20,4) DEFAULT NULL COMMENT 'Refunded',
  `online_refunded` decimal(20,4) DEFAULT NULL COMMENT 'Online Refunded',
  `offline_refunded` decimal(20,4) DEFAULT NULL COMMENT 'Offline Refunded',
  PRIMARY KEY (`id`),
  UNIQUE KEY `SALES_REFUNDED_AGGREGATED_PERIOD_STORE_ID_ORDER_STATUS` (`period`,`store_id`,`order_status`),
  KEY `SALES_REFUNDED_AGGREGATED_STORE_ID` (`store_id`),
  CONSTRAINT `SALES_REFUNDED_AGGREGATED_STORE_ID_STORE_STORE_ID` FOREIGN KEY (`store_id`) REFERENCES `store` (`store_id`) ON DELETE SET NULL
) ENGINE=InnoDB DEFAULT CHARSET=utf8 COMMENT='Sales Refunded Aggregated';

--
-- Dumping data for table `sales_refunded_aggregated`
--


--
-- Table structure for table `sales_refunded_aggregated_order`
--

CREATE TABLE `sales_refunded_aggregated_order` (
  `id` int(10) unsigned NOT NULL AUTO_INCREMENT COMMENT 'ID',
  `period` date DEFAULT NULL COMMENT 'Period',
  `store_id` smallint(5) unsigned DEFAULT NULL COMMENT 'Store ID',
  `order_status` varchar(50) DEFAULT NULL COMMENT 'Order Status',
  `orders_count` int(11) NOT NULL DEFAULT '0' COMMENT 'Orders Count',
  `refunded` decimal(20,4) DEFAULT NULL COMMENT 'Refunded',
  `online_refunded` decimal(20,4) DEFAULT NULL COMMENT 'Online Refunded',
  `offline_refunded` decimal(20,4) DEFAULT NULL COMMENT 'Offline Refunded',
  PRIMARY KEY (`id`),
  UNIQUE KEY `SALES_REFUNDED_AGGREGATED_ORDER_PERIOD_STORE_ID_ORDER_STATUS` (`period`,`store_id`,`order_status`),
  KEY `SALES_REFUNDED_AGGREGATED_ORDER_STORE_ID` (`store_id`),
  CONSTRAINT `SALES_REFUNDED_AGGREGATED_ORDER_STORE_ID_STORE_STORE_ID` FOREIGN KEY (`store_id`) REFERENCES `store` (`store_id`) ON DELETE SET NULL
) ENGINE=InnoDB DEFAULT CHARSET=utf8 COMMENT='Sales Refunded Aggregated Order';

--
-- Dumping data for table `sales_refunded_aggregated_order`
--


--
-- Table structure for table `sales_sequence_meta`
--

CREATE TABLE `sales_sequence_meta` (
  `meta_id` int(10) unsigned NOT NULL AUTO_INCREMENT COMMENT 'ID',
  `entity_type` varchar(32) NOT NULL COMMENT 'Prefix',
  `store_id` smallint(5) unsigned NOT NULL COMMENT 'Store ID',
  `sequence_table` varchar(64) NOT NULL COMMENT 'table for sequence',
  PRIMARY KEY (`meta_id`),
  UNIQUE KEY `SALES_SEQUENCE_META_ENTITY_TYPE_STORE_ID` (`entity_type`,`store_id`)
) ENGINE=InnoDB AUTO_INCREMENT=9 DEFAULT CHARSET=utf8 COMMENT='sales_sequence_meta';

--
-- Dumping data for table `sales_sequence_meta`
--

INSERT INTO `sales_sequence_meta` VALUES (1,'order',0,'sequence_order_0'),(2,'invoice',0,'sequence_invoice_0'),(3,'creditmemo',0,'sequence_creditmemo_0'),(4,'shipment',0,'sequence_shipment_0'),(5,'order',1,'sequence_order_1'),(6,'invoice',1,'sequence_invoice_1'),(7,'creditmemo',1,'sequence_creditmemo_1'),(8,'shipment',1,'sequence_shipment_1');

--
-- Table structure for table `sales_sequence_profile`
--

CREATE TABLE `sales_sequence_profile` (
  `profile_id` int(10) unsigned NOT NULL AUTO_INCREMENT COMMENT 'ID',
  `meta_id` int(10) unsigned NOT NULL COMMENT 'Meta_id',
  `prefix` varchar(32) DEFAULT NULL COMMENT 'Prefix',
  `suffix` varchar(32) DEFAULT NULL COMMENT 'Suffix',
  `start_value` int(10) unsigned NOT NULL DEFAULT '1' COMMENT 'Start value for sequence',
  `step` int(10) unsigned NOT NULL DEFAULT '1' COMMENT 'Step for sequence',
  `max_value` int(10) unsigned NOT NULL COMMENT 'MaxValue for sequence',
  `warning_value` int(10) unsigned NOT NULL COMMENT 'WarningValue for sequence',
  `is_active` tinyint(1) NOT NULL DEFAULT '0' COMMENT 'isActive flag',
  PRIMARY KEY (`profile_id`),
  UNIQUE KEY `SALES_SEQUENCE_PROFILE_META_ID_PREFIX_SUFFIX` (`meta_id`,`prefix`,`suffix`),
  CONSTRAINT `SALES_SEQUENCE_PROFILE_META_ID_SALES_SEQUENCE_META_META_ID` FOREIGN KEY (`meta_id`) REFERENCES `sales_sequence_meta` (`meta_id`) ON DELETE CASCADE
) ENGINE=InnoDB AUTO_INCREMENT=9 DEFAULT CHARSET=utf8 COMMENT='sales_sequence_profile';

--
-- Dumping data for table `sales_sequence_profile`
--

INSERT INTO `sales_sequence_profile` VALUES (1,1,NULL,NULL,1,1,4294967295,4294966295,1),(2,2,NULL,NULL,1,1,4294967295,4294966295,1),(3,3,NULL,NULL,1,1,4294967295,4294966295,1),(4,4,NULL,NULL,1,1,4294967295,4294966295,1),(5,5,NULL,NULL,1,1,4294967295,4294966295,1),(6,6,NULL,NULL,1,1,4294967295,4294966295,1),(7,7,NULL,NULL,1,1,4294967295,4294966295,1),(8,8,NULL,NULL,1,1,4294967295,4294966295,1);

--
-- Table structure for table `sales_shipment`
--

CREATE TABLE `sales_shipment` (
  `entity_id` int(10) unsigned NOT NULL AUTO_INCREMENT COMMENT 'Entity ID',
  `store_id` smallint(5) unsigned DEFAULT NULL COMMENT 'Store ID',
  `total_weight` decimal(12,4) DEFAULT NULL COMMENT 'Total Weight',
  `total_qty` decimal(12,4) DEFAULT NULL COMMENT 'Total Qty',
  `email_sent` smallint(5) unsigned DEFAULT NULL COMMENT 'Email Sent',
  `send_email` smallint(5) unsigned DEFAULT NULL COMMENT 'Send Email',
  `order_id` int(10) unsigned NOT NULL COMMENT 'Order ID',
  `customer_id` int(11) DEFAULT NULL COMMENT 'Customer ID',
  `shipping_address_id` int(11) DEFAULT NULL COMMENT 'Shipping Address ID',
  `billing_address_id` int(11) DEFAULT NULL COMMENT 'Billing Address ID',
  `shipment_status` int(11) DEFAULT NULL COMMENT 'Shipment Status',
  `increment_id` varchar(50) DEFAULT NULL COMMENT 'Increment ID',
  `created_at` timestamp NOT NULL DEFAULT CURRENT_TIMESTAMP COMMENT 'Created At',
  `updated_at` timestamp NOT NULL DEFAULT CURRENT_TIMESTAMP ON UPDATE CURRENT_TIMESTAMP COMMENT 'Updated At',
  `packages` text COMMENT 'Packed Products in Packages',
  `shipping_label` mediumblob COMMENT 'Shipping Label Content',
  `customer_note` text COMMENT 'Customer Note',
  `customer_note_notify` smallint(5) unsigned DEFAULT NULL COMMENT 'Customer Note Notify',
  PRIMARY KEY (`entity_id`),
  UNIQUE KEY `SALES_SHIPMENT_INCREMENT_ID_STORE_ID` (`increment_id`,`store_id`),
  KEY `SALES_SHIPMENT_STORE_ID` (`store_id`),
  KEY `SALES_SHIPMENT_TOTAL_QTY` (`total_qty`),
  KEY `SALES_SHIPMENT_ORDER_ID` (`order_id`),
  KEY `SALES_SHIPMENT_CREATED_AT` (`created_at`),
  KEY `SALES_SHIPMENT_UPDATED_AT` (`updated_at`),
  KEY `SALES_SHIPMENT_SEND_EMAIL` (`send_email`),
  KEY `SALES_SHIPMENT_EMAIL_SENT` (`email_sent`),
  CONSTRAINT `SALES_SHIPMENT_ORDER_ID_SALES_ORDER_ENTITY_ID` FOREIGN KEY (`order_id`) REFERENCES `sales_order` (`entity_id`) ON DELETE CASCADE,
  CONSTRAINT `SALES_SHIPMENT_STORE_ID_STORE_STORE_ID` FOREIGN KEY (`store_id`) REFERENCES `store` (`store_id`) ON DELETE SET NULL
) ENGINE=InnoDB AUTO_INCREMENT=3 DEFAULT CHARSET=utf8 COMMENT='Sales Flat Shipment';

--
-- Dumping data for table `sales_shipment`
--

INSERT INTO `sales_shipment` VALUES (1,1,NULL,1.0000,NULL,NULL,1,1,1,2,NULL,'000000001','2022-08-10 15:31:36','2022-08-10 15:31:36','[]',NULL,NULL,NULL),(2,1,NULL,1.0000,NULL,NULL,2,1,3,4,NULL,'000000002','2022-08-10 15:31:36','2022-08-10 15:31:36','[]',NULL,NULL,NULL);

--
-- Table structure for table `sales_shipment_comment`
--

CREATE TABLE `sales_shipment_comment` (
  `entity_id` int(10) unsigned NOT NULL AUTO_INCREMENT COMMENT 'Entity ID',
  `parent_id` int(10) unsigned NOT NULL COMMENT 'Parent ID',
  `is_customer_notified` int(11) DEFAULT NULL COMMENT 'Is Customer Notified',
  `is_visible_on_front` smallint(5) unsigned NOT NULL DEFAULT '0' COMMENT 'Is Visible On Front',
  `comment` text COMMENT 'Comment',
  `created_at` timestamp NOT NULL DEFAULT CURRENT_TIMESTAMP COMMENT 'Created At',
  PRIMARY KEY (`entity_id`),
  KEY `SALES_SHIPMENT_COMMENT_CREATED_AT` (`created_at`),
  KEY `SALES_SHIPMENT_COMMENT_PARENT_ID` (`parent_id`),
  CONSTRAINT `SALES_SHIPMENT_COMMENT_PARENT_ID_SALES_SHIPMENT_ENTITY_ID` FOREIGN KEY (`parent_id`) REFERENCES `sales_shipment` (`entity_id`) ON DELETE CASCADE
) ENGINE=InnoDB DEFAULT CHARSET=utf8 COMMENT='Sales Flat Shipment Comment';

--
-- Dumping data for table `sales_shipment_comment`
--


--
-- Table structure for table `sales_shipment_grid`
--

CREATE TABLE `sales_shipment_grid` (
  `entity_id` int(10) unsigned NOT NULL COMMENT 'Entity ID',
  `increment_id` varchar(50) DEFAULT NULL COMMENT 'Increment ID',
  `store_id` smallint(5) unsigned DEFAULT NULL COMMENT 'Store ID',
  `order_increment_id` varchar(32) NOT NULL COMMENT 'Order Increment ID',
  `order_id` int(10) unsigned NOT NULL COMMENT 'Order ID',
  `order_created_at` timestamp NOT NULL DEFAULT CURRENT_TIMESTAMP COMMENT 'Order Increment ID',
  `customer_name` varchar(128) NOT NULL COMMENT 'Customer Name',
  `total_qty` decimal(12,4) DEFAULT NULL COMMENT 'Total Qty',
  `shipment_status` int(11) DEFAULT NULL COMMENT 'Shipment Status',
  `order_status` varchar(32) DEFAULT NULL COMMENT 'Order',
  `billing_address` varchar(255) DEFAULT NULL COMMENT 'Billing Address',
  `shipping_address` varchar(255) DEFAULT NULL COMMENT 'Shipping Address',
  `billing_name` varchar(128) DEFAULT NULL COMMENT 'Billing Name',
  `shipping_name` varchar(128) DEFAULT NULL COMMENT 'Shipping Name',
  `customer_email` varchar(128) DEFAULT NULL COMMENT 'Customer Email',
  `customer_group_id` int(11) DEFAULT NULL,
  `payment_method` varchar(32) DEFAULT NULL COMMENT 'Payment Method',
  `shipping_information` varchar(255) DEFAULT NULL COMMENT 'Shipping Method Name',
  `created_at` timestamp NULL DEFAULT NULL COMMENT 'Created At',
  `updated_at` timestamp NULL DEFAULT NULL COMMENT 'Updated At',
  PRIMARY KEY (`entity_id`),
  UNIQUE KEY `SALES_SHIPMENT_GRID_INCREMENT_ID_STORE_ID` (`increment_id`,`store_id`),
  KEY `SALES_SHIPMENT_GRID_STORE_ID` (`store_id`),
  KEY `SALES_SHIPMENT_GRID_TOTAL_QTY` (`total_qty`),
  KEY `SALES_SHIPMENT_GRID_ORDER_INCREMENT_ID` (`order_increment_id`),
  KEY `SALES_SHIPMENT_GRID_SHIPMENT_STATUS` (`shipment_status`),
  KEY `SALES_SHIPMENT_GRID_ORDER_STATUS` (`order_status`),
  KEY `SALES_SHIPMENT_GRID_CREATED_AT` (`created_at`),
  KEY `SALES_SHIPMENT_GRID_UPDATED_AT` (`updated_at`),
  KEY `SALES_SHIPMENT_GRID_ORDER_CREATED_AT` (`order_created_at`),
  KEY `SALES_SHIPMENT_GRID_SHIPPING_NAME` (`shipping_name`),
  KEY `SALES_SHIPMENT_GRID_BILLING_NAME` (`billing_name`),
  KEY `SALES_SHIPMENT_GRID_ORDER_ID` (`order_id`),
  FULLTEXT KEY `FTI_086B40C8955F167B8EA76653437879B4` (`increment_id`,`order_increment_id`,`shipping_name`,`customer_name`,`customer_email`,`billing_address`,`shipping_address`)
) ENGINE=InnoDB DEFAULT CHARSET=utf8 COMMENT='Sales Flat Shipment Grid';

--
-- Dumping data for table `sales_shipment_grid`
--

INSERT INTO `sales_shipment_grid` VALUES (1,'000000001',1,'000000001',1,'2022-08-10 15:31:35','Veronica Costello',1.0000,NULL,'processing','6146 Honey Bluff Parkway,Calder,Michigan,49628-7978','6146 Honey Bluff Parkway,Calder,Michigan,49628-7978','Veronica Costello','Veronica Costello','roni_cost@example.com',1,'checkmo','Flat Rate - Fixed','2022-08-10 15:31:36','2022-08-10 15:31:36'),(2,'000000002',1,'000000002',2,'2022-08-10 15:31:36','Veronica Costello',1.0000,NULL,'processing','6146 Honey Bluff Parkway,Calder,Michigan,49628-7978','6146 Honey Bluff Parkway,Calder,Michigan,49628-7978','Veronica Costello','Veronica Costello','roni_cost@example.com',1,'checkmo','Flat Rate - Fixed','2022-08-10 15:31:36','2022-08-10 15:31:36');

--
-- Table structure for table `sales_shipment_item`
--

CREATE TABLE `sales_shipment_item` (
  `entity_id` int(10) unsigned NOT NULL AUTO_INCREMENT COMMENT 'Entity ID',
  `parent_id` int(10) unsigned NOT NULL COMMENT 'Parent ID',
  `row_total` decimal(20,4) DEFAULT NULL COMMENT 'Row Total',
  `price` decimal(20,4) DEFAULT NULL COMMENT 'Price',
  `weight` decimal(12,4) DEFAULT NULL COMMENT 'Weight',
  `qty` decimal(12,4) DEFAULT NULL COMMENT 'Qty',
  `product_id` int(11) DEFAULT NULL COMMENT 'Product ID',
  `order_item_id` int(11) DEFAULT NULL COMMENT 'Order Item ID',
  `additional_data` text COMMENT 'Additional Data',
  `description` text COMMENT 'Description',
  `name` varchar(255) DEFAULT NULL COMMENT 'Name',
  `sku` varchar(255) DEFAULT NULL COMMENT 'Sku',
  PRIMARY KEY (`entity_id`),
  KEY `SALES_SHIPMENT_ITEM_PARENT_ID` (`parent_id`),
  CONSTRAINT `SALES_SHIPMENT_ITEM_PARENT_ID_SALES_SHIPMENT_ENTITY_ID` FOREIGN KEY (`parent_id`) REFERENCES `sales_shipment` (`entity_id`) ON DELETE CASCADE
) ENGINE=InnoDB AUTO_INCREMENT=3 DEFAULT CHARSET=utf8 COMMENT='Sales Flat Shipment Item';

--
-- Dumping data for table `sales_shipment_item`
--

INSERT INTO `sales_shipment_item` VALUES (1,1,NULL,29.0000,1.0000,1.0000,1434,1,NULL,NULL,'Iris Workout Top','WS03-XS-Red'),(2,2,NULL,32.0000,1.0000,1.0000,1498,2,NULL,NULL,'Minerva LumaTech&trade; V-Tee','WS08-XS-Blue');

--
-- Table structure for table `sales_shipment_track`
--

CREATE TABLE `sales_shipment_track` (
  `entity_id` int(10) unsigned NOT NULL AUTO_INCREMENT COMMENT 'Entity ID',
  `parent_id` int(10) unsigned NOT NULL COMMENT 'Parent ID',
  `weight` decimal(12,4) DEFAULT NULL COMMENT 'Weight',
  `qty` decimal(12,4) DEFAULT NULL COMMENT 'Qty',
  `order_id` int(10) unsigned NOT NULL COMMENT 'Order ID',
  `track_number` text COMMENT 'Number',
  `description` text COMMENT 'Description',
  `title` varchar(255) DEFAULT NULL COMMENT 'Title',
  `carrier_code` varchar(32) DEFAULT NULL COMMENT 'Carrier Code',
  `created_at` timestamp NOT NULL DEFAULT CURRENT_TIMESTAMP COMMENT 'Created At',
  `updated_at` timestamp NOT NULL DEFAULT CURRENT_TIMESTAMP ON UPDATE CURRENT_TIMESTAMP COMMENT 'Updated At',
  PRIMARY KEY (`entity_id`),
  KEY `SALES_SHIPMENT_TRACK_PARENT_ID` (`parent_id`),
  KEY `SALES_SHIPMENT_TRACK_ORDER_ID` (`order_id`),
  KEY `SALES_SHIPMENT_TRACK_CREATED_AT` (`created_at`),
  CONSTRAINT `SALES_SHIPMENT_TRACK_PARENT_ID_SALES_SHIPMENT_ENTITY_ID` FOREIGN KEY (`parent_id`) REFERENCES `sales_shipment` (`entity_id`) ON DELETE CASCADE
) ENGINE=InnoDB DEFAULT CHARSET=utf8 COMMENT='Sales Flat Shipment Track';

--
-- Dumping data for table `sales_shipment_track`
--


--
-- Table structure for table `sales_shipping_aggregated`
--

CREATE TABLE `sales_shipping_aggregated` (
  `id` int(10) unsigned NOT NULL AUTO_INCREMENT COMMENT 'ID',
  `period` date DEFAULT NULL COMMENT 'Period',
  `store_id` smallint(5) unsigned DEFAULT NULL COMMENT 'Store ID',
  `order_status` varchar(50) DEFAULT NULL COMMENT 'Order Status',
  `shipping_description` varchar(255) DEFAULT NULL COMMENT 'Shipping Description',
  `orders_count` int(11) NOT NULL DEFAULT '0' COMMENT 'Orders Count',
  `total_shipping` decimal(20,4) DEFAULT NULL COMMENT 'Total Shipping',
  `total_shipping_actual` decimal(20,4) DEFAULT NULL COMMENT 'Total Shipping Actual',
  PRIMARY KEY (`id`),
  UNIQUE KEY `SALES_SHPP_AGGRED_PERIOD_STORE_ID_ORDER_STS_SHPP_DESCRIPTION` (`period`,`store_id`,`order_status`,`shipping_description`),
  KEY `SALES_SHIPPING_AGGREGATED_STORE_ID` (`store_id`),
  CONSTRAINT `SALES_SHIPPING_AGGREGATED_STORE_ID_STORE_STORE_ID` FOREIGN KEY (`store_id`) REFERENCES `store` (`store_id`) ON DELETE SET NULL
) ENGINE=InnoDB DEFAULT CHARSET=utf8 COMMENT='Sales Shipping Aggregated';

--
-- Dumping data for table `sales_shipping_aggregated`
--


--
-- Table structure for table `sales_shipping_aggregated_order`
--

CREATE TABLE `sales_shipping_aggregated_order` (
  `id` int(10) unsigned NOT NULL AUTO_INCREMENT COMMENT 'ID',
  `period` date DEFAULT NULL COMMENT 'Period',
  `store_id` smallint(5) unsigned DEFAULT NULL COMMENT 'Store ID',
  `order_status` varchar(50) DEFAULT NULL COMMENT 'Order Status',
  `shipping_description` varchar(255) DEFAULT NULL COMMENT 'Shipping Description',
  `orders_count` int(11) NOT NULL DEFAULT '0' COMMENT 'Orders Count',
  `total_shipping` decimal(20,4) DEFAULT NULL COMMENT 'Total Shipping',
  `total_shipping_actual` decimal(20,4) DEFAULT NULL COMMENT 'Total Shipping Actual',
  PRIMARY KEY (`id`),
  UNIQUE KEY `UNQ_C05FAE47282EEA68654D0924E946761F` (`period`,`store_id`,`order_status`,`shipping_description`),
  KEY `SALES_SHIPPING_AGGREGATED_ORDER_STORE_ID` (`store_id`),
  CONSTRAINT `SALES_SHIPPING_AGGREGATED_ORDER_STORE_ID_STORE_STORE_ID` FOREIGN KEY (`store_id`) REFERENCES `store` (`store_id`) ON DELETE SET NULL
) ENGINE=InnoDB DEFAULT CHARSET=utf8 COMMENT='Sales Shipping Aggregated Order';

--
-- Dumping data for table `sales_shipping_aggregated_order`
--


--
-- Table structure for table `salesrule`
--

CREATE TABLE `salesrule` (
  `rule_id` int(10) unsigned NOT NULL AUTO_INCREMENT COMMENT 'Entity ID',
  `name` varchar(255) DEFAULT NULL COMMENT 'Name',
  `description` text COMMENT 'Description',
  `from_date` date DEFAULT NULL COMMENT 'From',
  `to_date` date DEFAULT NULL COMMENT 'To',
  `uses_per_customer` int(11) NOT NULL DEFAULT '0' COMMENT 'Uses Per Customer',
  `is_active` smallint(6) NOT NULL DEFAULT '0' COMMENT 'Is Active',
  `conditions_serialized` mediumtext COMMENT 'Conditions Serialized',
  `actions_serialized` mediumtext COMMENT 'Actions Serialized',
  `stop_rules_processing` smallint(6) NOT NULL DEFAULT '1' COMMENT 'Stop Rules Processing',
  `is_advanced` smallint(5) unsigned NOT NULL DEFAULT '1' COMMENT 'Is Advanced',
  `product_ids` text COMMENT 'Product Ids',
  `sort_order` int(10) unsigned NOT NULL DEFAULT '0' COMMENT 'Sort Order',
  `simple_action` varchar(32) DEFAULT NULL COMMENT 'Simple Action',
  `discount_amount` decimal(12,4) NOT NULL DEFAULT '0.0000' COMMENT 'Discount Amount',
  `discount_qty` decimal(12,4) DEFAULT NULL COMMENT 'Discount Qty',
  `discount_step` int(10) unsigned NOT NULL DEFAULT '0' COMMENT 'Discount Step',
  `apply_to_shipping` smallint(5) unsigned NOT NULL DEFAULT '0' COMMENT 'Apply To Shipping',
  `times_used` int(10) unsigned NOT NULL DEFAULT '0' COMMENT 'Times Used',
  `is_rss` smallint(6) NOT NULL DEFAULT '0' COMMENT 'Is Rss',
  `coupon_type` smallint(5) unsigned NOT NULL DEFAULT '1' COMMENT 'Coupon Type',
  `use_auto_generation` smallint(6) NOT NULL DEFAULT '0' COMMENT 'Use Auto Generation',
  `uses_per_coupon` int(11) NOT NULL DEFAULT '0' COMMENT 'User Per Coupon',
  `simple_free_shipping` smallint(5) unsigned NOT NULL DEFAULT '0' COMMENT 'Simple Free Shipping',
  PRIMARY KEY (`rule_id`),
  KEY `SALESRULE_IS_ACTIVE_SORT_ORDER_TO_DATE_FROM_DATE` (`is_active`,`sort_order`,`to_date`,`from_date`)
) ENGINE=InnoDB AUTO_INCREMENT=5 DEFAULT CHARSET=utf8 COMMENT='Salesrule';

--
-- Dumping data for table `salesrule`
--

INSERT INTO `salesrule` VALUES (1,'Buy 3 tee shirts and get the 4th free','Buy 3 tee shirts and get the 4th free',NULL,NULL,0,1,'{\"type\":\"Magento\\\\SalesRule\\\\Model\\\\Rule\\\\Condition\\\\Combine\",\"attribute\":null,\"operator\":null,\"value\":\"1\",\"is_value_processed\":null,\"aggregator\":\"all\",\"conditions\":[{\"type\":\"Magento\\\\SalesRule\\\\Model\\\\Rule\\\\Condition\\\\Product\\\\Found\",\"attribute\":null,\"operator\":null,\"value\":\"1\",\"is_value_processed\":null,\"aggregator\":\"all\",\"conditions\":[{\"type\":\"Magento\\\\SalesRule\\\\Model\\\\Rule\\\\Condition\\\\Product\",\"attribute\":\"category_ids\",\"operator\":\"()\",\"value\":\"25,16\",\"is_value_processed\":false,\"attribute_scope\":null}]}]}','{\"type\":\"Magento\\\\SalesRule\\\\Model\\\\Rule\\\\Condition\\\\Product\\\\Combine\",\"attribute\":null,\"operator\":null,\"value\":\"1\",\"is_value_processed\":null,\"aggregator\":\"all\"}',0,1,NULL,0,'buy_x_get_y',1.0000,NULL,3,0,0,1,1,0,0,0),(2,'Spend $50 or more - shipping is free!','Free shipping on any purchase over $50',NULL,NULL,0,1,'{\"type\":\"Magento\\\\SalesRule\\\\Model\\\\Rule\\\\Condition\\\\Combine\",\"attribute\":null,\"operator\":null,\"value\":\"1\",\"is_value_processed\":null,\"aggregator\":\"all\",\"conditions\":[{\"type\":\"Magento\\\\SalesRule\\\\Model\\\\Rule\\\\Condition\\\\Address\",\"attribute\":\"base_subtotal\",\"operator\":\">=\",\"value\":\"50\",\"is_value_processed\":false}]}','{\"type\":\"Magento\\\\SalesRule\\\\Model\\\\Rule\\\\Condition\\\\Product\\\\Combine\",\"attribute\":null,\"operator\":null,\"value\":\"1\",\"is_value_processed\":null,\"aggregator\":\"all\"}',0,1,NULL,0,'by_percent',0.0000,NULL,0,0,0,1,1,0,0,2),(3,'20% OFF Ever $200-plus purchase!*','Shopping cart price rule for the cart over $200. Does not applied on other sales items',NULL,NULL,0,1,'{\"type\":\"Magento\\\\SalesRule\\\\Model\\\\Rule\\\\Condition\\\\Combine\",\"attribute\":null,\"operator\":null,\"value\":\"1\",\"is_value_processed\":null,\"aggregator\":\"all\",\"conditions\":[{\"type\":\"Magento\\\\SalesRule\\\\Model\\\\Rule\\\\Condition\\\\Address\",\"attribute\":\"base_subtotal\",\"operator\":\">=\",\"value\":\"200\",\"is_value_processed\":false}]}','{\"type\":\"Magento\\\\SalesRule\\\\Model\\\\Rule\\\\Condition\\\\Product\\\\Combine\",\"attribute\":null,\"operator\":null,\"value\":\"1\",\"is_value_processed\":null,\"aggregator\":\"all\",\"conditions\":[{\"type\":\"Magento\\\\SalesRule\\\\Model\\\\Rule\\\\Condition\\\\Product\\\\Combine\",\"attribute\":null,\"operator\":null,\"value\":\"0\",\"is_value_processed\":null,\"aggregator\":\"all\",\"conditions\":[{\"type\":\"Magento\\\\SalesRule\\\\Model\\\\Rule\\\\Condition\\\\Product\",\"attribute\":\"category_ids\",\"operator\":\"==\",\"value\":\"6\",\"is_value_processed\":false,\"attribute_scope\":null},{\"type\":\"Magento\\\\SalesRule\\\\Model\\\\Rule\\\\Condition\\\\Product\",\"attribute\":\"sale\",\"operator\":\"==\",\"value\":\"1\",\"is_value_processed\":false,\"attribute_scope\":null}]}]}',0,1,NULL,0,'by_percent',20.0000,NULL,0,0,0,1,1,0,0,0),(4,'$4 Luma water bottle (save 70%)','Use promo code H20 at checkout',NULL,NULL,1,1,'{\"type\":\"Magento\\\\SalesRule\\\\Model\\\\Rule\\\\Condition\\\\Combine\",\"attribute\":null,\"operator\":null,\"value\":\"1\",\"is_value_processed\":null,\"aggregator\":\"all\",\"conditions\":[{\"type\":\"Magento\\\\SalesRule\\\\Model\\\\Rule\\\\Condition\\\\Product\\\\Found\",\"attribute\":null,\"operator\":null,\"value\":\"1\",\"is_value_processed\":null,\"aggregator\":\"all\"}]}','{\"type\":\"Magento\\\\SalesRule\\\\Model\\\\Rule\\\\Condition\\\\Product\\\\Combine\",\"attribute\":null,\"operator\":null,\"value\":\"1\",\"is_value_processed\":null,\"aggregator\":\"all\",\"conditions\":[{\"type\":\"Magento\\\\SalesRule\\\\Model\\\\Rule\\\\Condition\\\\Product\",\"attribute\":\"sku\",\"operator\":\"==\",\"value\":\"24-UG06\",\"is_value_processed\":false,\"attribute_scope\":null}]}',0,1,NULL,0,'by_percent',70.0000,NULL,0,0,0,1,2,0,0,0);

--
-- Table structure for table `salesrule_coupon`
--

CREATE TABLE `salesrule_coupon` (
  `coupon_id` int(10) unsigned NOT NULL AUTO_INCREMENT COMMENT 'Coupon ID',
  `rule_id` int(10) unsigned NOT NULL COMMENT 'Rule ID',
  `code` varchar(255) DEFAULT NULL COMMENT 'Code',
  `usage_limit` int(10) unsigned DEFAULT NULL COMMENT 'Usage Limit',
  `usage_per_customer` int(10) unsigned DEFAULT NULL COMMENT 'Usage Per Customer',
  `times_used` int(10) unsigned NOT NULL DEFAULT '0' COMMENT 'Times Used',
  `expiration_date` datetime DEFAULT NULL COMMENT 'Expiration Date',
  `is_primary` smallint(5) unsigned DEFAULT NULL COMMENT 'Is Primary',
  `created_at` timestamp NULL DEFAULT NULL COMMENT 'Coupon Code Creation Date',
  `type` smallint(6) DEFAULT '0' COMMENT 'Coupon Code Type',
  `generated_by_dotmailer` smallint(6) DEFAULT NULL COMMENT '1 = Generated by dotmailer',
  PRIMARY KEY (`coupon_id`),
  UNIQUE KEY `SALESRULE_COUPON_CODE` (`code`),
  UNIQUE KEY `SALESRULE_COUPON_RULE_ID_IS_PRIMARY` (`rule_id`,`is_primary`),
  KEY `SALESRULE_COUPON_RULE_ID` (`rule_id`),
  CONSTRAINT `SALESRULE_COUPON_RULE_ID_SALESRULE_RULE_ID` FOREIGN KEY (`rule_id`) REFERENCES `salesrule` (`rule_id`) ON DELETE CASCADE
) ENGINE=InnoDB AUTO_INCREMENT=2 DEFAULT CHARSET=utf8 COMMENT='Salesrule Coupon';

--
-- Dumping data for table `salesrule_coupon`
--

INSERT INTO `salesrule_coupon` VALUES (1,4,'H20',NULL,1,0,NULL,1,NULL,0,NULL);

--
-- Table structure for table `salesrule_coupon_aggregated`
--

CREATE TABLE `salesrule_coupon_aggregated` (
  `id` int(10) unsigned NOT NULL AUTO_INCREMENT COMMENT 'ID',
  `period` date NOT NULL COMMENT 'Period',
  `store_id` smallint(5) unsigned DEFAULT NULL COMMENT 'Store ID',
  `order_status` varchar(50) DEFAULT NULL COMMENT 'Order Status',
  `coupon_code` varchar(50) DEFAULT NULL COMMENT 'Coupon Code',
  `coupon_uses` int(11) NOT NULL DEFAULT '0' COMMENT 'Coupon Uses',
  `subtotal_amount` decimal(20,4) NOT NULL DEFAULT '0.0000' COMMENT 'Subtotal Amount',
  `discount_amount` decimal(12,4) NOT NULL DEFAULT '0.0000' COMMENT 'Discount Amount',
  `total_amount` decimal(20,4) NOT NULL DEFAULT '0.0000' COMMENT 'Total Amount',
  `subtotal_amount_actual` decimal(20,4) NOT NULL DEFAULT '0.0000' COMMENT 'Subtotal Amount Actual',
  `discount_amount_actual` decimal(12,4) NOT NULL DEFAULT '0.0000' COMMENT 'Discount Amount Actual',
  `total_amount_actual` decimal(20,4) NOT NULL DEFAULT '0.0000' COMMENT 'Total Amount Actual',
  `rule_name` varchar(255) DEFAULT NULL COMMENT 'Rule Name',
  PRIMARY KEY (`id`),
  UNIQUE KEY `SALESRULE_COUPON_AGGRED_PERIOD_STORE_ID_ORDER_STS_COUPON_CODE` (`period`,`store_id`,`order_status`,`coupon_code`),
  KEY `SALESRULE_COUPON_AGGREGATED_STORE_ID` (`store_id`),
  KEY `SALESRULE_COUPON_AGGREGATED_RULE_NAME` (`rule_name`),
  CONSTRAINT `SALESRULE_COUPON_AGGREGATED_STORE_ID_STORE_STORE_ID` FOREIGN KEY (`store_id`) REFERENCES `store` (`store_id`) ON DELETE CASCADE
) ENGINE=InnoDB DEFAULT CHARSET=utf8 COMMENT='Coupon Aggregated';

--
-- Dumping data for table `salesrule_coupon_aggregated`
--


--
-- Table structure for table `salesrule_coupon_aggregated_order`
--

CREATE TABLE `salesrule_coupon_aggregated_order` (
  `id` int(10) unsigned NOT NULL AUTO_INCREMENT COMMENT 'ID',
  `period` date NOT NULL COMMENT 'Period',
  `store_id` smallint(5) unsigned DEFAULT NULL COMMENT 'Store ID',
  `order_status` varchar(50) DEFAULT NULL COMMENT 'Order Status',
  `coupon_code` varchar(50) DEFAULT NULL COMMENT 'Coupon Code',
  `coupon_uses` int(11) NOT NULL DEFAULT '0' COMMENT 'Coupon Uses',
  `subtotal_amount` decimal(20,4) NOT NULL DEFAULT '0.0000' COMMENT 'Subtotal Amount',
  `discount_amount` decimal(12,4) NOT NULL DEFAULT '0.0000' COMMENT 'Discount Amount',
  `total_amount` decimal(20,4) NOT NULL DEFAULT '0.0000' COMMENT 'Total Amount',
  `rule_name` varchar(255) DEFAULT NULL COMMENT 'Rule Name',
  PRIMARY KEY (`id`),
  UNIQUE KEY `UNQ_1094D1FBBCBB11704A29DEF3ACC37D2B` (`period`,`store_id`,`order_status`,`coupon_code`),
  KEY `SALESRULE_COUPON_AGGREGATED_ORDER_STORE_ID` (`store_id`),
  KEY `SALESRULE_COUPON_AGGREGATED_ORDER_RULE_NAME` (`rule_name`),
  CONSTRAINT `SALESRULE_COUPON_AGGREGATED_ORDER_STORE_ID_STORE_STORE_ID` FOREIGN KEY (`store_id`) REFERENCES `store` (`store_id`) ON DELETE CASCADE
) ENGINE=InnoDB DEFAULT CHARSET=utf8 COMMENT='Coupon Aggregated Order';

--
-- Dumping data for table `salesrule_coupon_aggregated_order`
--


--
-- Table structure for table `salesrule_coupon_aggregated_updated`
--

CREATE TABLE `salesrule_coupon_aggregated_updated` (
  `id` int(10) unsigned NOT NULL AUTO_INCREMENT COMMENT 'ID',
  `period` date NOT NULL COMMENT 'Period',
  `store_id` smallint(5) unsigned DEFAULT NULL COMMENT 'Store ID',
  `order_status` varchar(50) DEFAULT NULL COMMENT 'Order Status',
  `coupon_code` varchar(50) DEFAULT NULL COMMENT 'Coupon Code',
  `coupon_uses` int(11) NOT NULL DEFAULT '0' COMMENT 'Coupon Uses',
  `subtotal_amount` decimal(20,4) NOT NULL DEFAULT '0.0000' COMMENT 'Subtotal Amount',
  `discount_amount` decimal(12,4) NOT NULL DEFAULT '0.0000' COMMENT 'Discount Amount',
  `total_amount` decimal(20,4) NOT NULL DEFAULT '0.0000' COMMENT 'Total Amount',
  `subtotal_amount_actual` decimal(20,4) NOT NULL DEFAULT '0.0000' COMMENT 'Subtotal Amount Actual',
  `discount_amount_actual` decimal(12,4) NOT NULL DEFAULT '0.0000' COMMENT 'Discount Amount Actual',
  `total_amount_actual` decimal(20,4) NOT NULL DEFAULT '0.0000' COMMENT 'Total Amount Actual',
  `rule_name` varchar(255) DEFAULT NULL COMMENT 'Rule Name',
  PRIMARY KEY (`id`),
  UNIQUE KEY `UNQ_7196FA120A4F0F84E1B66605E87E213E` (`period`,`store_id`,`order_status`,`coupon_code`),
  KEY `SALESRULE_COUPON_AGGREGATED_UPDATED_STORE_ID` (`store_id`),
  KEY `SALESRULE_COUPON_AGGREGATED_UPDATED_RULE_NAME` (`rule_name`),
  CONSTRAINT `SALESRULE_COUPON_AGGREGATED_UPDATED_STORE_ID_STORE_STORE_ID` FOREIGN KEY (`store_id`) REFERENCES `store` (`store_id`) ON DELETE CASCADE
) ENGINE=InnoDB DEFAULT CHARSET=utf8 COMMENT='Salesrule Coupon Aggregated Updated';

--
-- Dumping data for table `salesrule_coupon_aggregated_updated`
--


--
-- Table structure for table `salesrule_coupon_usage`
--

CREATE TABLE `salesrule_coupon_usage` (
  `coupon_id` int(10) unsigned NOT NULL COMMENT 'Coupon ID',
  `customer_id` int(10) unsigned NOT NULL COMMENT 'Customer ID',
  `times_used` int(10) unsigned NOT NULL DEFAULT '0' COMMENT 'Times Used',
  PRIMARY KEY (`coupon_id`,`customer_id`),
  KEY `SALESRULE_COUPON_USAGE_CUSTOMER_ID` (`customer_id`),
  CONSTRAINT `SALESRULE_COUPON_USAGE_COUPON_ID_SALESRULE_COUPON_COUPON_ID` FOREIGN KEY (`coupon_id`) REFERENCES `salesrule_coupon` (`coupon_id`) ON DELETE CASCADE,
  CONSTRAINT `SALESRULE_COUPON_USAGE_CUSTOMER_ID_CUSTOMER_ENTITY_ENTITY_ID` FOREIGN KEY (`customer_id`) REFERENCES `customer_entity` (`entity_id`) ON DELETE CASCADE
) ENGINE=InnoDB DEFAULT CHARSET=utf8 COMMENT='Salesrule Coupon Usage';

--
-- Dumping data for table `salesrule_coupon_usage`
--


--
-- Table structure for table `salesrule_customer`
--

CREATE TABLE `salesrule_customer` (
  `rule_customer_id` int(10) unsigned NOT NULL AUTO_INCREMENT COMMENT 'Rule Customer ID',
  `rule_id` int(10) unsigned NOT NULL DEFAULT '0' COMMENT 'Rule ID',
  `customer_id` int(10) unsigned NOT NULL DEFAULT '0' COMMENT 'Customer ID',
  `times_used` smallint(5) unsigned NOT NULL DEFAULT '0' COMMENT 'Times Used',
  PRIMARY KEY (`rule_customer_id`),
  KEY `SALESRULE_CUSTOMER_RULE_ID_CUSTOMER_ID` (`rule_id`,`customer_id`),
  KEY `SALESRULE_CUSTOMER_CUSTOMER_ID_RULE_ID` (`customer_id`,`rule_id`),
  CONSTRAINT `SALESRULE_CUSTOMER_CUSTOMER_ID_CUSTOMER_ENTITY_ENTITY_ID` FOREIGN KEY (`customer_id`) REFERENCES `customer_entity` (`entity_id`) ON DELETE CASCADE,
  CONSTRAINT `SALESRULE_CUSTOMER_RULE_ID_SALESRULE_RULE_ID` FOREIGN KEY (`rule_id`) REFERENCES `salesrule` (`rule_id`) ON DELETE CASCADE
) ENGINE=InnoDB DEFAULT CHARSET=utf8 COMMENT='Salesrule Customer';

--
-- Dumping data for table `salesrule_customer`
--


--
-- Table structure for table `salesrule_customer_group`
--

CREATE TABLE `salesrule_customer_group` (
  `rule_id` int(10) unsigned NOT NULL COMMENT 'Rule ID',
  `customer_group_id` int(10) unsigned NOT NULL COMMENT 'Customer Group ID',
  PRIMARY KEY (`rule_id`,`customer_group_id`),
  KEY `SALESRULE_CUSTOMER_GROUP_CUSTOMER_GROUP_ID` (`customer_group_id`),
  CONSTRAINT `SALESRULE_CSTR_GROUP_CSTR_GROUP_ID_CSTR_GROUP_CSTR_GROUP_ID` FOREIGN KEY (`customer_group_id`) REFERENCES `customer_group` (`customer_group_id`) ON DELETE CASCADE,
  CONSTRAINT `SALESRULE_CUSTOMER_GROUP_RULE_ID_SALESRULE_RULE_ID` FOREIGN KEY (`rule_id`) REFERENCES `salesrule` (`rule_id`) ON DELETE CASCADE
) ENGINE=InnoDB DEFAULT CHARSET=utf8 COMMENT='Sales Rules To Customer Groups Relations';

--
-- Dumping data for table `salesrule_customer_group`
--

INSERT INTO `salesrule_customer_group` VALUES (1,0),(2,0),(3,0),(4,0),(1,1),(2,1),(3,1),(4,1),(1,2),(2,2),(3,2),(4,2),(1,3),(2,3),(3,3),(4,3);

--
-- Table structure for table `salesrule_label`
--

CREATE TABLE `salesrule_label` (
  `label_id` int(10) unsigned NOT NULL AUTO_INCREMENT COMMENT 'Label ID',
  `rule_id` int(10) unsigned NOT NULL COMMENT 'Rule ID',
  `store_id` smallint(5) unsigned NOT NULL COMMENT 'Store ID',
  `label` varchar(255) DEFAULT NULL COMMENT 'Label',
  PRIMARY KEY (`label_id`),
  UNIQUE KEY `SALESRULE_LABEL_RULE_ID_STORE_ID` (`rule_id`,`store_id`),
  KEY `SALESRULE_LABEL_STORE_ID` (`store_id`),
  CONSTRAINT `SALESRULE_LABEL_RULE_ID_SALESRULE_RULE_ID` FOREIGN KEY (`rule_id`) REFERENCES `salesrule` (`rule_id`) ON DELETE CASCADE,
  CONSTRAINT `SALESRULE_LABEL_STORE_ID_STORE_STORE_ID` FOREIGN KEY (`store_id`) REFERENCES `store` (`store_id`) ON DELETE CASCADE
) ENGINE=InnoDB DEFAULT CHARSET=utf8 COMMENT='Salesrule Label';

--
-- Dumping data for table `salesrule_label`
--


--
-- Table structure for table `salesrule_product_attribute`
--

CREATE TABLE `salesrule_product_attribute` (
  `rule_id` int(10) unsigned NOT NULL COMMENT 'Rule ID',
  `website_id` smallint(5) unsigned NOT NULL COMMENT 'Website ID',
  `customer_group_id` int(10) unsigned NOT NULL COMMENT 'Customer Group ID',
  `attribute_id` smallint(5) unsigned NOT NULL COMMENT 'Attribute ID',
  PRIMARY KEY (`rule_id`,`website_id`,`customer_group_id`,`attribute_id`),
  KEY `SALESRULE_PRODUCT_ATTRIBUTE_WEBSITE_ID` (`website_id`),
  KEY `SALESRULE_PRODUCT_ATTRIBUTE_CUSTOMER_GROUP_ID` (`customer_group_id`),
  KEY `SALESRULE_PRODUCT_ATTRIBUTE_ATTRIBUTE_ID` (`attribute_id`),
  CONSTRAINT `SALESRULE_PRD_ATTR_ATTR_ID_EAV_ATTR_ATTR_ID` FOREIGN KEY (`attribute_id`) REFERENCES `eav_attribute` (`attribute_id`) ON DELETE CASCADE,
  CONSTRAINT `SALESRULE_PRD_ATTR_CSTR_GROUP_ID_CSTR_GROUP_CSTR_GROUP_ID` FOREIGN KEY (`customer_group_id`) REFERENCES `customer_group` (`customer_group_id`) ON DELETE CASCADE,
  CONSTRAINT `SALESRULE_PRODUCT_ATTRIBUTE_RULE_ID_SALESRULE_RULE_ID` FOREIGN KEY (`rule_id`) REFERENCES `salesrule` (`rule_id`) ON DELETE CASCADE,
  CONSTRAINT `SALESRULE_PRODUCT_ATTRIBUTE_WEBSITE_ID_STORE_WEBSITE_WEBSITE_ID` FOREIGN KEY (`website_id`) REFERENCES `store_website` (`website_id`) ON DELETE CASCADE
) ENGINE=InnoDB DEFAULT CHARSET=utf8 COMMENT='Salesrule Product Attribute';

--
-- Dumping data for table `salesrule_product_attribute`
--

INSERT INTO `salesrule_product_attribute` VALUES (1,1,0,105),(1,1,1,105),(1,1,2,105),(1,1,3,105),(3,1,0,105),(3,1,0,147),(3,1,1,105),(3,1,1,147),(3,1,2,105),(3,1,2,147),(3,1,3,105),(3,1,3,147),(4,1,0,74),(4,1,1,74),(4,1,2,74),(4,1,3,74);

--
-- Table structure for table `salesrule_website`
--

CREATE TABLE `salesrule_website` (
  `rule_id` int(10) unsigned NOT NULL COMMENT 'Rule ID',
  `website_id` smallint(5) unsigned NOT NULL COMMENT 'Website ID',
  PRIMARY KEY (`rule_id`,`website_id`),
  KEY `SALESRULE_WEBSITE_WEBSITE_ID` (`website_id`),
  CONSTRAINT `SALESRULE_WEBSITE_RULE_ID_SALESRULE_RULE_ID` FOREIGN KEY (`rule_id`) REFERENCES `salesrule` (`rule_id`) ON DELETE CASCADE,
  CONSTRAINT `SALESRULE_WEBSITE_WEBSITE_ID_STORE_WEBSITE_WEBSITE_ID` FOREIGN KEY (`website_id`) REFERENCES `store_website` (`website_id`) ON DELETE CASCADE
) ENGINE=InnoDB DEFAULT CHARSET=utf8 COMMENT='Sales Rules To Websites Relations';

--
-- Dumping data for table `salesrule_website`
--

INSERT INTO `salesrule_website` VALUES (1,1),(2,1),(3,1),(4,1);

--
-- Table structure for table `search_query`
--

CREATE TABLE `search_query` (
  `query_id` int(10) unsigned NOT NULL AUTO_INCREMENT COMMENT 'Query ID',
  `query_text` varchar(255) DEFAULT NULL COMMENT 'Query text',
  `num_results` int(10) unsigned NOT NULL DEFAULT '0' COMMENT 'Num results',
  `popularity` int(10) unsigned NOT NULL DEFAULT '0' COMMENT 'Popularity',
  `redirect` varchar(255) DEFAULT NULL COMMENT 'Redirect',
  `store_id` smallint(5) unsigned NOT NULL DEFAULT '0' COMMENT 'Store ID',
  `display_in_terms` smallint(6) NOT NULL DEFAULT '1' COMMENT 'Display in terms',
  `is_active` smallint(6) DEFAULT '1' COMMENT 'Active status',
  `is_processed` smallint(6) DEFAULT '0' COMMENT 'Processed status',
  `updated_at` timestamp NOT NULL DEFAULT CURRENT_TIMESTAMP ON UPDATE CURRENT_TIMESTAMP COMMENT 'Updated at',
  PRIMARY KEY (`query_id`),
  UNIQUE KEY `SEARCH_QUERY_QUERY_TEXT_STORE_ID` (`query_text`,`store_id`),
  KEY `SEARCH_QUERY_QUERY_TEXT_STORE_ID_POPULARITY` (`query_text`,`store_id`,`popularity`),
  KEY `SEARCH_QUERY_STORE_ID` (`store_id`),
  KEY `SEARCH_QUERY_IS_PROCESSED` (`is_processed`),
  KEY `SEARCH_QUERY_STORE_ID_POPULARITY` (`store_id`,`popularity`),
  CONSTRAINT `SEARCH_QUERY_STORE_ID_STORE_STORE_ID` FOREIGN KEY (`store_id`) REFERENCES `store` (`store_id`) ON DELETE CASCADE
) ENGINE=InnoDB AUTO_INCREMENT=4 DEFAULT CHARSET=utf8 COMMENT='Search query table';

--
-- Dumping data for table `search_query`
--

INSERT INTO `search_query` VALUES (1,'pack',5,1,NULL,1,1,1,0,'2022-08-10 16:12:42'),(3,'Backpack',5,1,NULL,1,1,1,0,'2022-08-10 16:13:09');

--
-- Table structure for table `search_synonyms`
--

CREATE TABLE `search_synonyms` (
  `group_id` bigint(20) unsigned NOT NULL AUTO_INCREMENT COMMENT 'Synonyms Group ID',
  `synonyms` text NOT NULL COMMENT 'list of synonyms making up this group',
  `store_id` smallint(5) unsigned NOT NULL DEFAULT '0' COMMENT 'Store ID - identifies the store view these synonyms belong to',
  `website_id` smallint(5) unsigned NOT NULL DEFAULT '0' COMMENT 'Website ID - identifies the website ID these synonyms belong to',
  PRIMARY KEY (`group_id`),
  KEY `SEARCH_SYNONYMS_STORE_ID` (`store_id`),
  KEY `SEARCH_SYNONYMS_WEBSITE_ID` (`website_id`),
  FULLTEXT KEY `SEARCH_SYNONYMS_SYNONYMS` (`synonyms`),
  CONSTRAINT `SEARCH_SYNONYMS_STORE_ID_STORE_STORE_ID` FOREIGN KEY (`store_id`) REFERENCES `store` (`store_id`) ON DELETE CASCADE,
  CONSTRAINT `SEARCH_SYNONYMS_WEBSITE_ID_STORE_WEBSITE_WEBSITE_ID` FOREIGN KEY (`website_id`) REFERENCES `store_website` (`website_id`) ON DELETE CASCADE
) ENGINE=InnoDB DEFAULT CHARSET=utf8 COMMENT='table storing various synonyms groups';

--
-- Dumping data for table `search_synonyms`
--


--
-- Table structure for table `sendfriend_log`
--

CREATE TABLE `sendfriend_log` (
  `log_id` int(10) unsigned NOT NULL AUTO_INCREMENT COMMENT 'Log ID',
  `ip` bigint(20) unsigned NOT NULL DEFAULT '0' COMMENT 'Customer IP address',
  `time` int(10) unsigned NOT NULL DEFAULT '0' COMMENT 'Log time',
  `website_id` smallint(5) unsigned NOT NULL DEFAULT '0' COMMENT 'Website ID',
  PRIMARY KEY (`log_id`),
  KEY `SENDFRIEND_LOG_IP` (`ip`),
  KEY `SENDFRIEND_LOG_TIME` (`time`)
) ENGINE=InnoDB DEFAULT CHARSET=utf8 COMMENT='Send to friend function log storage table';

--
-- Dumping data for table `sendfriend_log`
--


--
-- Table structure for table `sequence_creditmemo_0`
--

CREATE TABLE `sequence_creditmemo_0` (
  `sequence_value` int(10) unsigned NOT NULL AUTO_INCREMENT,
  PRIMARY KEY (`sequence_value`)
) ENGINE=InnoDB DEFAULT CHARSET=utf8;

--
-- Dumping data for table `sequence_creditmemo_0`
--


--
-- Table structure for table `sequence_creditmemo_1`
--

CREATE TABLE `sequence_creditmemo_1` (
  `sequence_value` int(10) unsigned NOT NULL AUTO_INCREMENT,
  PRIMARY KEY (`sequence_value`)
) ENGINE=InnoDB AUTO_INCREMENT=2 DEFAULT CHARSET=utf8;

--
-- Dumping data for table `sequence_creditmemo_1`
--

INSERT INTO `sequence_creditmemo_1` VALUES (1);

--
-- Table structure for table `sequence_invoice_0`
--

CREATE TABLE `sequence_invoice_0` (
  `sequence_value` int(10) unsigned NOT NULL AUTO_INCREMENT,
  PRIMARY KEY (`sequence_value`)
) ENGINE=InnoDB DEFAULT CHARSET=utf8;

--
-- Dumping data for table `sequence_invoice_0`
--


--
-- Table structure for table `sequence_invoice_1`
--

CREATE TABLE `sequence_invoice_1` (
  `sequence_value` int(10) unsigned NOT NULL AUTO_INCREMENT,
  PRIMARY KEY (`sequence_value`)
) ENGINE=InnoDB AUTO_INCREMENT=3 DEFAULT CHARSET=utf8;

--
-- Dumping data for table `sequence_invoice_1`
--

INSERT INTO `sequence_invoice_1` VALUES (1),(2);

--
-- Table structure for table `sequence_order_0`
--

CREATE TABLE `sequence_order_0` (
  `sequence_value` int(10) unsigned NOT NULL AUTO_INCREMENT,
  PRIMARY KEY (`sequence_value`)
) ENGINE=InnoDB DEFAULT CHARSET=utf8;

--
-- Dumping data for table `sequence_order_0`
--


--
-- Table structure for table `sequence_order_1`
--

CREATE TABLE `sequence_order_1` (
  `sequence_value` int(10) unsigned NOT NULL AUTO_INCREMENT,
  PRIMARY KEY (`sequence_value`)
) ENGINE=InnoDB AUTO_INCREMENT=3 DEFAULT CHARSET=utf8;

--
-- Dumping data for table `sequence_order_1`
--

INSERT INTO `sequence_order_1` VALUES (1),(2);

--
-- Table structure for table `sequence_shipment_0`
--

CREATE TABLE `sequence_shipment_0` (
  `sequence_value` int(10) unsigned NOT NULL AUTO_INCREMENT,
  PRIMARY KEY (`sequence_value`)
) ENGINE=InnoDB DEFAULT CHARSET=utf8;

--
-- Dumping data for table `sequence_shipment_0`
--


--
-- Table structure for table `sequence_shipment_1`
--

CREATE TABLE `sequence_shipment_1` (
  `sequence_value` int(10) unsigned NOT NULL AUTO_INCREMENT,
  PRIMARY KEY (`sequence_value`)
) ENGINE=InnoDB AUTO_INCREMENT=3 DEFAULT CHARSET=utf8;

--
-- Dumping data for table `sequence_shipment_1`
--

INSERT INTO `sequence_shipment_1` VALUES (1),(2);

--
-- Table structure for table `setup_module`
--

CREATE TABLE `setup_module` (
  `module` varchar(50) NOT NULL COMMENT 'Module',
  `schema_version` varchar(50) DEFAULT NULL COMMENT 'Schema Version',
  `data_version` varchar(50) DEFAULT NULL COMMENT 'Data Version',
  PRIMARY KEY (`module`)
) ENGINE=InnoDB DEFAULT CHARSET=utf8 COMMENT='Module versions registry';

--
-- Dumping data for table `setup_module`
--

INSERT INTO `setup_module` VALUES ('Amazon_Core','4.2.2','4.2.2'),('Amazon_Login','4.2.2','4.2.2'),('Amazon_Payment','4.2.2','4.2.2'),('Dotdigitalgroup_Chat','1.5.0','1.5.0'),('Dotdigitalgroup_Email','4.12.0','4.12.0'),('Dotdigitalgroup_Sms','1.1.1','1.1.1'),('Klarna_Core','6.2.4','6.2.4'),('Klarna_Kp','7.3.7','7.3.7'),('Klarna_KpGraphQl','0.9.7','0.9.7'),('Klarna_Onsitemessaging','1.0.6','1.0.6'),('Klarna_Ordermanagement','6.2.5','6.2.5'),('MageBig_AjaxCart','2.0.0','2.0.0'),('MageBig_Ajaxcompare','2.0.0','2.0.0'),('MageBig_AjaxFilter','2.0.0','2.0.0'),('MageBig_AjaxInfiniteScroll','2.0.0','2.0.0'),('MageBig_AjaxSearch','2.0.0','2.0.0'),('MageBig_Ajaxwishlist','2.0.0','2.0.0'),('MageBig_ExtendPageBuilder','2.0.0','2.0.0'),('MageBig_MbFrame','2.0.1','2.0.1'),('MageBig_MbLib','2.0.0','2.0.0'),('MageBig_NewsPopup','2.0.0','2.0.0'),('MageBig_QuickView','2.0.0','2.0.0'),('MageBig_Shopbybrand','2.0.1','2.0.1'),('MageBig_SmartMenu','2.0.1','2.0.1'),('MageBig_SocialLogin','3.0.0','3.0.0'),('MageBig_SyntaxCms','3.0.0','3.0.0'),('MageBig_WidgetPlus','2.0.0','2.0.0'),('MageBig_WysiwygFiles','2.0.0','2.0.0'),('Magefan_Blog','2.10.9','2.10.9'),('Magefan_Community','2.1.10','2.1.10'),('Magento_ComposerRootUpdatePlugin','0.1.0','0.1.0'),('Magento_GoogleShoppingAds','4.0.1','4.0.1'),('Magento_Securitytxt','1.0.0','1.0.0'),('PayPal_Braintree','4.0.3','4.0.3'),('Vertex_AddressValidation','100.5.0','100.5.0'),('Yotpo_Yotpo','3.2.0','3.2.0');

--
-- Table structure for table `shipping_tablerate`
--

CREATE TABLE `shipping_tablerate` (
  `pk` int(10) unsigned NOT NULL AUTO_INCREMENT COMMENT 'Primary key',
  `website_id` int(11) NOT NULL DEFAULT '0' COMMENT 'Website ID',
  `dest_country_id` varchar(4) NOT NULL DEFAULT '0' COMMENT 'Destination coutry ISO/2 or ISO/3 code',
  `dest_region_id` int(11) NOT NULL DEFAULT '0' COMMENT 'Destination Region ID',
  `dest_zip` varchar(10) NOT NULL DEFAULT '*' COMMENT 'Destination Post Code (Zip)',
  `condition_name` varchar(30) NOT NULL COMMENT 'Rate Condition name',
  `condition_value` decimal(12,4) NOT NULL DEFAULT '0.0000' COMMENT 'Rate condition value',
  `price` decimal(12,4) NOT NULL DEFAULT '0.0000' COMMENT 'Price',
  `cost` decimal(12,4) NOT NULL DEFAULT '0.0000' COMMENT 'Cost',
  PRIMARY KEY (`pk`),
  UNIQUE KEY `UNQ_D60821CDB2AFACEE1566CFC02D0D4CAA` (`website_id`,`dest_country_id`,`dest_region_id`,`dest_zip`,`condition_name`,`condition_value`)
) ENGINE=InnoDB AUTO_INCREMENT=10 DEFAULT CHARSET=utf8 COMMENT='Shipping Tablerate';

--
-- Dumping data for table `shipping_tablerate`
--

INSERT INTO `shipping_tablerate` VALUES (1,1,'US',0,'*','package_value_with_discount',0.0000,15.0000,0.0000),(2,1,'US',0,'*','package_value_with_discount',50.0000,10.0000,0.0000),(3,1,'US',0,'*','package_value_with_discount',100.0000,5.0000,0.0000),(4,1,'US',2,'*','package_value_with_discount',0.0000,20.0000,0.0000),(5,1,'US',2,'*','package_value_with_discount',50.0000,15.0000,0.0000),(6,1,'US',2,'*','package_value_with_discount',100.0000,10.0000,0.0000),(7,1,'US',21,'*','package_value_with_discount',0.0000,20.0000,0.0000),(8,1,'US',21,'*','package_value_with_discount',50.0000,15.0000,0.0000),(9,1,'US',21,'*','package_value_with_discount',100.0000,10.0000,0.0000);

--
-- Table structure for table `sitemap`
--

CREATE TABLE `sitemap` (
  `sitemap_id` int(10) unsigned NOT NULL AUTO_INCREMENT COMMENT 'Sitemap ID',
  `sitemap_type` varchar(32) DEFAULT NULL COMMENT 'Sitemap Type',
  `sitemap_filename` varchar(32) DEFAULT NULL COMMENT 'Sitemap Filename',
  `sitemap_path` varchar(255) DEFAULT NULL COMMENT 'Sitemap Path',
  `sitemap_time` timestamp NULL DEFAULT NULL COMMENT 'Sitemap Time',
  `store_id` smallint(5) unsigned NOT NULL DEFAULT '0' COMMENT 'Store ID',
  PRIMARY KEY (`sitemap_id`),
  KEY `SITEMAP_STORE_ID` (`store_id`),
  CONSTRAINT `SITEMAP_STORE_ID_STORE_STORE_ID` FOREIGN KEY (`store_id`) REFERENCES `store` (`store_id`) ON DELETE CASCADE
) ENGINE=InnoDB DEFAULT CHARSET=utf8 COMMENT='XML Sitemap';

--
-- Dumping data for table `sitemap`
--


--
-- Table structure for table `store`
--

CREATE TABLE `store` (
  `store_id` smallint(5) unsigned NOT NULL AUTO_INCREMENT COMMENT 'Store ID',
  `code` varchar(32) DEFAULT NULL COMMENT 'Code',
  `website_id` smallint(5) unsigned NOT NULL DEFAULT '0' COMMENT 'Website ID',
  `group_id` smallint(5) unsigned NOT NULL DEFAULT '0' COMMENT 'Group ID',
  `name` varchar(255) NOT NULL COMMENT 'Store Name',
  `sort_order` smallint(5) unsigned NOT NULL DEFAULT '0' COMMENT 'Store Sort Order',
  `is_active` smallint(5) unsigned NOT NULL DEFAULT '0' COMMENT 'Store Activity',
  PRIMARY KEY (`store_id`),
  UNIQUE KEY `STORE_CODE` (`code`),
  KEY `STORE_WEBSITE_ID` (`website_id`),
  KEY `STORE_IS_ACTIVE_SORT_ORDER` (`is_active`,`sort_order`),
  KEY `STORE_GROUP_ID` (`group_id`),
  CONSTRAINT `STORE_GROUP_ID_STORE_GROUP_GROUP_ID` FOREIGN KEY (`group_id`) REFERENCES `store_group` (`group_id`) ON DELETE CASCADE,
  CONSTRAINT `STORE_WEBSITE_ID_STORE_WEBSITE_WEBSITE_ID` FOREIGN KEY (`website_id`) REFERENCES `store_website` (`website_id`) ON DELETE CASCADE
) ENGINE=InnoDB AUTO_INCREMENT=2 DEFAULT CHARSET=utf8 COMMENT='Stores';

--
-- Dumping data for table `store`
--

INSERT INTO `store` VALUES (0,'admin',0,0,'Admin',0,1),(1,'default',1,1,'Default Store View',0,1);

--
-- Table structure for table `store_group`
--

CREATE TABLE `store_group` (
  `group_id` smallint(5) unsigned NOT NULL AUTO_INCREMENT COMMENT 'Group ID',
  `website_id` smallint(5) unsigned NOT NULL DEFAULT '0' COMMENT 'Website ID',
  `name` varchar(255) NOT NULL COMMENT 'Store Group Name',
  `root_category_id` int(10) unsigned NOT NULL DEFAULT '0' COMMENT 'Root Category ID',
  `default_store_id` smallint(5) unsigned NOT NULL DEFAULT '0' COMMENT 'Default Store ID',
  `code` varchar(32) DEFAULT NULL COMMENT 'Store group unique code',
  PRIMARY KEY (`group_id`),
  UNIQUE KEY `STORE_GROUP_CODE` (`code`),
  KEY `STORE_GROUP_WEBSITE_ID` (`website_id`),
  KEY `STORE_GROUP_DEFAULT_STORE_ID` (`default_store_id`),
  CONSTRAINT `STORE_GROUP_WEBSITE_ID_STORE_WEBSITE_WEBSITE_ID` FOREIGN KEY (`website_id`) REFERENCES `store_website` (`website_id`) ON DELETE CASCADE
) ENGINE=InnoDB AUTO_INCREMENT=2 DEFAULT CHARSET=utf8 COMMENT='Store Groups';

--
-- Dumping data for table `store_group`
--

INSERT INTO `store_group` VALUES (0,0,'Default',0,0,'default'),(1,1,'Main Website Store',2,1,'main_website_store');

--
-- Table structure for table `store_website`
--

CREATE TABLE `store_website` (
  `website_id` smallint(5) unsigned NOT NULL AUTO_INCREMENT COMMENT 'Website ID',
  `code` varchar(32) DEFAULT NULL COMMENT 'Code',
  `name` varchar(64) DEFAULT NULL COMMENT 'Website Name',
  `sort_order` smallint(5) unsigned NOT NULL DEFAULT '0' COMMENT 'Sort Order',
  `default_group_id` smallint(5) unsigned NOT NULL DEFAULT '0' COMMENT 'Default Group ID',
  `is_default` smallint(5) unsigned DEFAULT '0' COMMENT 'Defines Is Website Default',
  PRIMARY KEY (`website_id`),
  UNIQUE KEY `STORE_WEBSITE_CODE` (`code`),
  KEY `STORE_WEBSITE_SORT_ORDER` (`sort_order`),
  KEY `STORE_WEBSITE_DEFAULT_GROUP_ID` (`default_group_id`)
) ENGINE=InnoDB AUTO_INCREMENT=2 DEFAULT CHARSET=utf8 COMMENT='Websites';

--
-- Dumping data for table `store_website`
--

INSERT INTO `store_website` VALUES (0,'admin','Admin',0,0,0),(1,'base','Main Website',0,1,1);

--
-- Table structure for table `tax_calculation`
--

CREATE TABLE `tax_calculation` (
  `tax_calculation_id` int(11) NOT NULL AUTO_INCREMENT COMMENT 'Tax Calculation ID',
  `tax_calculation_rate_id` int(11) NOT NULL COMMENT 'Tax Calculation Rate ID',
  `tax_calculation_rule_id` int(11) NOT NULL COMMENT 'Tax Calculation Rule ID',
  `customer_tax_class_id` smallint(6) NOT NULL COMMENT 'Customer Tax Class ID',
  `product_tax_class_id` smallint(6) NOT NULL COMMENT 'Product Tax Class ID',
  PRIMARY KEY (`tax_calculation_id`),
  KEY `TAX_CALCULATION_TAX_CALCULATION_RULE_ID` (`tax_calculation_rule_id`),
  KEY `TAX_CALCULATION_CUSTOMER_TAX_CLASS_ID` (`customer_tax_class_id`),
  KEY `TAX_CALCULATION_PRODUCT_TAX_CLASS_ID` (`product_tax_class_id`),
  KEY `TAX_CALC_TAX_CALC_RATE_ID_CSTR_TAX_CLASS_ID_PRD_TAX_CLASS_ID` (`tax_calculation_rate_id`,`customer_tax_class_id`,`product_tax_class_id`),
  CONSTRAINT `TAX_CALCULATION_CUSTOMER_TAX_CLASS_ID_TAX_CLASS_CLASS_ID` FOREIGN KEY (`customer_tax_class_id`) REFERENCES `tax_class` (`class_id`) ON DELETE CASCADE,
  CONSTRAINT `TAX_CALCULATION_PRODUCT_TAX_CLASS_ID_TAX_CLASS_CLASS_ID` FOREIGN KEY (`product_tax_class_id`) REFERENCES `tax_class` (`class_id`) ON DELETE CASCADE,
  CONSTRAINT `TAX_CALC_TAX_CALC_RATE_ID_TAX_CALC_RATE_TAX_CALC_RATE_ID` FOREIGN KEY (`tax_calculation_rate_id`) REFERENCES `tax_calculation_rate` (`tax_calculation_rate_id`) ON DELETE CASCADE,
  CONSTRAINT `TAX_CALC_TAX_CALC_RULE_ID_TAX_CALC_RULE_TAX_CALC_RULE_ID` FOREIGN KEY (`tax_calculation_rule_id`) REFERENCES `tax_calculation_rule` (`tax_calculation_rule_id`) ON DELETE CASCADE
) ENGINE=InnoDB AUTO_INCREMENT=2 DEFAULT CHARSET=utf8 COMMENT='Tax Calculation';

--
-- Dumping data for table `tax_calculation`
--

INSERT INTO `tax_calculation` VALUES (1,3,1,3,2);

--
-- Table structure for table `tax_calculation_rate`
--

CREATE TABLE `tax_calculation_rate` (
  `tax_calculation_rate_id` int(11) NOT NULL AUTO_INCREMENT COMMENT 'Tax Calculation Rate ID',
  `tax_country_id` varchar(2) NOT NULL COMMENT 'Tax Country ID',
  `tax_region_id` int(11) NOT NULL COMMENT 'Tax Region ID',
  `tax_postcode` varchar(21) DEFAULT NULL COMMENT 'Tax Postcode',
  `code` varchar(255) NOT NULL COMMENT 'Code',
  `rate` decimal(12,4) NOT NULL COMMENT 'Rate',
  `zip_is_range` smallint(6) DEFAULT NULL COMMENT 'Zip Is Range',
  `zip_from` int(10) unsigned DEFAULT NULL COMMENT 'Zip From',
  `zip_to` int(10) unsigned DEFAULT NULL COMMENT 'Zip To',
  PRIMARY KEY (`tax_calculation_rate_id`),
  KEY `TAX_CALCULATION_RATE_TAX_COUNTRY_ID_TAX_REGION_ID_TAX_POSTCODE` (`tax_country_id`,`tax_region_id`,`tax_postcode`),
  KEY `TAX_CALCULATION_RATE_CODE` (`code`),
  KEY `IDX_CA799F1E2CB843495F601E56C84A626D` (`tax_calculation_rate_id`,`tax_country_id`,`tax_region_id`,`zip_is_range`,`tax_postcode`)
) ENGINE=InnoDB AUTO_INCREMENT=4 DEFAULT CHARSET=utf8 COMMENT='Tax Calculation Rate';

--
-- Dumping data for table `tax_calculation_rate`
--

INSERT INTO `tax_calculation_rate` VALUES (1,'US',12,'*','US-CA-*-Rate 1',8.2500,NULL,NULL,NULL),(2,'US',43,'*','US-NY-*-Rate 1',8.3750,NULL,NULL,NULL),(3,'US',33,'*','US-MI-*-Rate 1',8.2500,NULL,NULL,NULL);

--
-- Table structure for table `tax_calculation_rate_title`
--

CREATE TABLE `tax_calculation_rate_title` (
  `tax_calculation_rate_title_id` int(11) NOT NULL AUTO_INCREMENT COMMENT 'Tax Calculation Rate Title ID',
  `tax_calculation_rate_id` int(11) NOT NULL COMMENT 'Tax Calculation Rate ID',
  `store_id` smallint(5) unsigned NOT NULL COMMENT 'Store ID',
  `value` varchar(255) NOT NULL COMMENT 'Value',
  PRIMARY KEY (`tax_calculation_rate_title_id`),
  KEY `TAX_CALCULATION_RATE_TITLE_TAX_CALCULATION_RATE_ID_STORE_ID` (`tax_calculation_rate_id`,`store_id`),
  KEY `TAX_CALCULATION_RATE_TITLE_STORE_ID` (`store_id`),
  CONSTRAINT `FK_37FB965F786AD5897BB3AE90470C42AB` FOREIGN KEY (`tax_calculation_rate_id`) REFERENCES `tax_calculation_rate` (`tax_calculation_rate_id`) ON DELETE CASCADE,
  CONSTRAINT `TAX_CALCULATION_RATE_TITLE_STORE_ID_STORE_STORE_ID` FOREIGN KEY (`store_id`) REFERENCES `store` (`store_id`) ON DELETE CASCADE
) ENGINE=InnoDB DEFAULT CHARSET=utf8 COMMENT='Tax Calculation Rate Title';

--
-- Dumping data for table `tax_calculation_rate_title`
--


--
-- Table structure for table `tax_calculation_rule`
--

CREATE TABLE `tax_calculation_rule` (
  `tax_calculation_rule_id` int(11) NOT NULL AUTO_INCREMENT COMMENT 'Tax Calculation Rule ID',
  `code` varchar(255) NOT NULL COMMENT 'Code',
  `priority` int(11) NOT NULL COMMENT 'Priority',
  `position` int(11) NOT NULL COMMENT 'Position',
  `calculate_subtotal` int(11) NOT NULL COMMENT 'Calculate off subtotal option',
  PRIMARY KEY (`tax_calculation_rule_id`),
  KEY `TAX_CALCULATION_RULE_PRIORITY_POSITION` (`priority`,`position`),
  KEY `TAX_CALCULATION_RULE_CODE` (`code`)
) ENGINE=InnoDB AUTO_INCREMENT=2 DEFAULT CHARSET=utf8 COMMENT='Tax Calculation Rule';

--
-- Dumping data for table `tax_calculation_rule`
--

INSERT INTO `tax_calculation_rule` VALUES (1,'Rule1',0,0,0);

--
-- Table structure for table `tax_class`
--

CREATE TABLE `tax_class` (
  `class_id` smallint(6) NOT NULL AUTO_INCREMENT COMMENT 'Class ID',
  `class_name` varchar(255) NOT NULL COMMENT 'Class Name',
  `class_type` varchar(8) NOT NULL DEFAULT 'CUSTOMER' COMMENT 'Class Type',
  PRIMARY KEY (`class_id`)
) ENGINE=InnoDB AUTO_INCREMENT=10 DEFAULT CHARSET=utf8 COMMENT='Tax Class';

--
-- Dumping data for table `tax_class`
--

INSERT INTO `tax_class` VALUES (2,'Taxable Goods','PRODUCT'),(3,'Retail Customer','CUSTOMER'),(4,'Refund Adjustments','PRODUCT'),(5,'Gift Options','PRODUCT'),(6,'Order Gift Wrapping','PRODUCT'),(7,'Item Gift Wrapping','PRODUCT'),(8,'Printed Gift Card','PRODUCT'),(9,'Reward Points','PRODUCT');

--
-- Table structure for table `tax_order_aggregated_created`
--

CREATE TABLE `tax_order_aggregated_created` (
  `id` int(10) unsigned NOT NULL AUTO_INCREMENT COMMENT 'ID',
  `period` date DEFAULT NULL COMMENT 'Period',
  `store_id` smallint(5) unsigned DEFAULT NULL COMMENT 'Store ID',
  `code` varchar(255) NOT NULL COMMENT 'Code',
  `order_status` varchar(50) NOT NULL COMMENT 'Order Status',
  `percent` float DEFAULT NULL COMMENT 'Percent',
  `orders_count` int(10) unsigned NOT NULL DEFAULT '0' COMMENT 'Orders Count',
  `tax_base_amount_sum` float DEFAULT NULL COMMENT 'Tax Base Amount Sum',
  PRIMARY KEY (`id`),
  UNIQUE KEY `TAX_ORDER_AGGRED_CREATED_PERIOD_STORE_ID_CODE_PERCENT_ORDER_STS` (`period`,`store_id`,`code`,`percent`,`order_status`),
  KEY `TAX_ORDER_AGGREGATED_CREATED_STORE_ID` (`store_id`),
  CONSTRAINT `TAX_ORDER_AGGREGATED_CREATED_STORE_ID_STORE_STORE_ID` FOREIGN KEY (`store_id`) REFERENCES `store` (`store_id`) ON DELETE CASCADE
) ENGINE=InnoDB DEFAULT CHARSET=utf8 COMMENT='Tax Order Aggregation';

--
-- Dumping data for table `tax_order_aggregated_created`
--


--
-- Table structure for table `tax_order_aggregated_updated`
--

CREATE TABLE `tax_order_aggregated_updated` (
  `id` int(10) unsigned NOT NULL AUTO_INCREMENT COMMENT 'ID',
  `period` date DEFAULT NULL COMMENT 'Period',
  `store_id` smallint(5) unsigned DEFAULT NULL COMMENT 'Store ID',
  `code` varchar(255) NOT NULL COMMENT 'Code',
  `order_status` varchar(50) NOT NULL COMMENT 'Order Status',
  `percent` float DEFAULT NULL COMMENT 'Percent',
  `orders_count` int(10) unsigned NOT NULL DEFAULT '0' COMMENT 'Orders Count',
  `tax_base_amount_sum` float DEFAULT NULL COMMENT 'Tax Base Amount Sum',
  PRIMARY KEY (`id`),
  UNIQUE KEY `TAX_ORDER_AGGRED_UPDATED_PERIOD_STORE_ID_CODE_PERCENT_ORDER_STS` (`period`,`store_id`,`code`,`percent`,`order_status`),
  KEY `TAX_ORDER_AGGREGATED_UPDATED_STORE_ID` (`store_id`),
  CONSTRAINT `TAX_ORDER_AGGREGATED_UPDATED_STORE_ID_STORE_STORE_ID` FOREIGN KEY (`store_id`) REFERENCES `store` (`store_id`) ON DELETE CASCADE
) ENGINE=InnoDB DEFAULT CHARSET=utf8 COMMENT='Tax Order Aggregated Updated';

--
-- Dumping data for table `tax_order_aggregated_updated`
--


--
-- Table structure for table `theme`
--

CREATE TABLE `theme` (
  `theme_id` int(10) unsigned NOT NULL AUTO_INCREMENT COMMENT 'Theme identifier',
  `parent_id` int(11) DEFAULT NULL COMMENT 'Parent ID',
  `theme_path` varchar(255) DEFAULT NULL COMMENT 'Theme Path',
  `theme_title` varchar(255) NOT NULL COMMENT 'Theme Title',
  `preview_image` varchar(255) DEFAULT NULL COMMENT 'Preview Image',
  `is_featured` tinyint(1) NOT NULL DEFAULT '0' COMMENT 'Is Theme Featured',
  `area` varchar(255) NOT NULL COMMENT 'Theme Area',
  `type` smallint(6) NOT NULL COMMENT 'Theme type: 0:physical, 1:virtual, 2:staging',
  `code` text COMMENT 'Full theme code, including package',
  PRIMARY KEY (`theme_id`)
) ENGINE=InnoDB AUTO_INCREMENT=10 DEFAULT CHARSET=utf8 COMMENT='Core theme';

--
-- Dumping data for table `theme`
--

INSERT INTO `theme` VALUES (1,NULL,'Magento/blank','Magento Blank','preview_image_62f3cee1f3a04.jpeg',0,'frontend',0,'Magento/blank'),(2,NULL,'Magento/backend','Magento 2 backend',NULL,0,'adminhtml',0,'Magento/backend'),(3,1,'Magento/luma','Magento Luma','preview_image_62f3cee212235.jpeg',0,'frontend',0,'Magento/luma'),(4,1,'MageBig/martfury_layout01','Martfury - 01 Market','preview_image_62f3d2aceca55.jpeg',0,'frontend',0,'MageBig/martfury_layout01'),(5,4,'MageBig/martfury_layout02','Martfury - 02 Electronic','preview_image_62f3d2ad10cbb.jpeg',0,'frontend',0,'MageBig/martfury_layout02'),(6,4,'MageBig/martfury_layout03','Martfury - 03 Organic','preview_image_62f3d2ad2278b.jpeg',0,'frontend',0,'MageBig/martfury_layout03'),(7,4,'MageBig/martfury_layout04','Martfury - 04 Furniture','preview_image_62f3d2ad315af.jpeg',0,'frontend',0,'MageBig/martfury_layout04'),(8,4,'MageBig/martfury_layout05','Martfury - 05 Market','preview_image_62f3d2ad45f7e.jpeg',0,'frontend',0,'MageBig/martfury_layout05'),(9,4,'MageBig/martfury_layout06','Martfury - 06 Kids','preview_image_62f3d2ad5b08c.jpeg',0,'frontend',0,'MageBig/martfury_layout06');

--
-- Table structure for table `theme_file`
--

CREATE TABLE `theme_file` (
  `theme_files_id` int(10) unsigned NOT NULL AUTO_INCREMENT COMMENT 'Theme files identifier',
  `theme_id` int(10) unsigned NOT NULL COMMENT 'Theme ID',
  `file_path` varchar(255) DEFAULT NULL COMMENT 'Relative path to file',
  `file_type` varchar(32) NOT NULL COMMENT 'File Type',
  `content` longtext NOT NULL COMMENT 'File Content',
  `sort_order` smallint(6) NOT NULL DEFAULT '0' COMMENT 'Sort Order',
  `is_temporary` tinyint(1) NOT NULL DEFAULT '0' COMMENT 'Is Temporary File',
  PRIMARY KEY (`theme_files_id`),
  KEY `THEME_FILE_THEME_ID_THEME_THEME_ID` (`theme_id`),
  CONSTRAINT `THEME_FILE_THEME_ID_THEME_THEME_ID` FOREIGN KEY (`theme_id`) REFERENCES `theme` (`theme_id`) ON DELETE CASCADE
) ENGINE=InnoDB DEFAULT CHARSET=utf8 COMMENT='Core theme files';

--
-- Dumping data for table `theme_file`
--


--
-- Table structure for table `translation`
--

CREATE TABLE `translation` (
  `key_id` int(10) unsigned NOT NULL AUTO_INCREMENT COMMENT 'Key ID of Translation',
  `string` varchar(255) NOT NULL DEFAULT 'Translate String' COMMENT 'Translation String',
  `store_id` smallint(5) unsigned NOT NULL DEFAULT '0' COMMENT 'Store ID',
  `translate` varchar(255) DEFAULT NULL COMMENT 'Translate',
  `locale` varchar(20) NOT NULL DEFAULT 'en_US' COMMENT 'Locale',
  `crc_string` bigint(20) NOT NULL DEFAULT '1591228201' COMMENT 'Translation String CRC32 Hash',
  PRIMARY KEY (`key_id`),
  UNIQUE KEY `TRANSLATION_STORE_ID_LOCALE_CRC_STRING_STRING` (`store_id`,`locale`,`crc_string`,`string`),
  CONSTRAINT `TRANSLATION_STORE_ID_STORE_STORE_ID` FOREIGN KEY (`store_id`) REFERENCES `store` (`store_id`) ON DELETE CASCADE
) ENGINE=InnoDB DEFAULT CHARSET=utf8 COMMENT='Translations';

--
-- Dumping data for table `translation`
--


--
-- Table structure for table `ui_bookmark`
--

CREATE TABLE `ui_bookmark` (
  `bookmark_id` int(10) unsigned NOT NULL AUTO_INCREMENT COMMENT 'Bookmark identifier',
  `user_id` int(10) unsigned NOT NULL COMMENT 'User ID',
  `namespace` varchar(255) NOT NULL COMMENT 'Bookmark namespace',
  `identifier` varchar(255) NOT NULL COMMENT 'Bookmark Identifier',
  `current` smallint(6) NOT NULL COMMENT 'Mark current bookmark per user and identifier',
  `title` varchar(255) DEFAULT NULL COMMENT 'Bookmark title',
  `config` longtext COMMENT 'Bookmark config',
  `created_at` datetime NOT NULL DEFAULT CURRENT_TIMESTAMP COMMENT 'Bookmark created at',
  `updated_at` datetime NOT NULL DEFAULT CURRENT_TIMESTAMP ON UPDATE CURRENT_TIMESTAMP COMMENT 'Bookmark updated at',
  PRIMARY KEY (`bookmark_id`),
  KEY `UI_BOOKMARK_USER_ID_NAMESPACE_IDENTIFIER` (`user_id`,`namespace`,`identifier`),
  CONSTRAINT `UI_BOOKMARK_USER_ID_ADMIN_USER_USER_ID` FOREIGN KEY (`user_id`) REFERENCES `admin_user` (`user_id`) ON DELETE CASCADE
) ENGINE=InnoDB DEFAULT CHARSET=utf8 COMMENT='Bookmark';

--
-- Dumping data for table `ui_bookmark`
--


--
-- Table structure for table `url_rewrite`
--

CREATE TABLE `url_rewrite` (
  `url_rewrite_id` int(10) unsigned NOT NULL AUTO_INCREMENT COMMENT 'Rewrite ID',
  `entity_type` varchar(32) NOT NULL COMMENT 'Entity type code',
  `entity_id` int(10) unsigned NOT NULL COMMENT 'Entity ID',
  `request_path` varchar(255) DEFAULT NULL COMMENT 'Request Path',
  `target_path` varchar(255) DEFAULT NULL COMMENT 'Target Path',
  `redirect_type` smallint(5) unsigned NOT NULL DEFAULT '0' COMMENT 'Redirect Type',
  `store_id` smallint(5) unsigned NOT NULL COMMENT 'Store ID',
  `description` varchar(255) DEFAULT NULL COMMENT 'Description',
  `is_autogenerated` smallint(5) unsigned NOT NULL DEFAULT '0' COMMENT 'Is rewrite generated automatically flag',
  `metadata` varchar(255) DEFAULT NULL COMMENT 'Meta data for url rewrite',
  PRIMARY KEY (`url_rewrite_id`),
  UNIQUE KEY `URL_REWRITE_REQUEST_PATH_STORE_ID` (`request_path`,`store_id`),
  KEY `URL_REWRITE_TARGET_PATH` (`target_path`),
  KEY `URL_REWRITE_STORE_ID_ENTITY_ID` (`store_id`,`entity_id`),
  KEY `URL_REWRITE_ENTITY_ID` (`entity_id`)
) ENGINE=InnoDB AUTO_INCREMENT=824 DEFAULT CHARSET=utf8 COMMENT='Url Rewrites';

--
-- Dumping data for table `url_rewrite`
--

INSERT INTO `url_rewrite` VALUES (1,'cms-page',1,'no-route','cms/page/view/page_id/1',0,1,NULL,1,NULL),(2,'cms-page',2,'home','cms/page/view/page_id/2',0,1,NULL,1,NULL),(3,'cms-page',3,'enable-cookies','cms/page/view/page_id/3',0,1,NULL,1,NULL),(4,'cms-page',4,'privacy-policy-cookie-restriction-mode','cms/page/view/page_id/4',0,1,NULL,1,NULL),(5,'category',3,'gear.html','catalog/category/view/id/3',0,1,NULL,1,NULL),(6,'category',4,'gear/bags.html','catalog/category/view/id/4',0,1,NULL,1,NULL),(7,'category',5,'gear/fitness-equipment.html','catalog/category/view/id/5',0,1,NULL,1,NULL),(8,'category',6,'gear/watches.html','catalog/category/view/id/6',0,1,NULL,1,NULL),(9,'category',7,'collections.html','catalog/category/view/id/7',0,1,NULL,1,NULL),(10,'category',8,'collections/yoga-new.html','catalog/category/view/id/8',0,1,NULL,1,NULL),(11,'product',1,'joust-duffle-bag.html','catalog/product/view/id/1',0,1,NULL,1,NULL),(12,'product',1,'gear/joust-duffle-bag.html','catalog/product/view/id/1/category/3',0,1,NULL,1,'{\"category_id\":\"3\"}'),(13,'product',1,'gear/bags/joust-duffle-bag.html','catalog/product/view/id/1/category/4',0,1,NULL,1,'{\"category_id\":\"4\"}'),(14,'product',2,'strive-shoulder-pack.html','catalog/product/view/id/2',0,1,NULL,1,NULL),(15,'product',2,'gear/strive-shoulder-pack.html','catalog/product/view/id/2/category/3',0,1,NULL,1,'{\"category_id\":\"3\"}'),(16,'product',2,'collections/strive-shoulder-pack.html','catalog/product/view/id/2/category/7',0,1,NULL,1,'{\"category_id\":\"7\"}'),(17,'product',2,'gear/bags/strive-shoulder-pack.html','catalog/product/view/id/2/category/4',0,1,NULL,1,'{\"category_id\":\"4\"}'),(18,'product',3,'crown-summit-backpack.html','catalog/product/view/id/3',0,1,NULL,1,NULL),(19,'product',3,'gear/crown-summit-backpack.html','catalog/product/view/id/3/category/3',0,1,NULL,1,'{\"category_id\":\"3\"}'),(20,'product',3,'gear/bags/crown-summit-backpack.html','catalog/product/view/id/3/category/4',0,1,NULL,1,'{\"category_id\":\"4\"}'),(21,'product',4,'wayfarer-messenger-bag.html','catalog/product/view/id/4',0,1,NULL,1,NULL),(22,'product',4,'gear/wayfarer-messenger-bag.html','catalog/product/view/id/4/category/3',0,1,NULL,1,'{\"category_id\":\"3\"}'),(23,'product',4,'collections/wayfarer-messenger-bag.html','catalog/product/view/id/4/category/7',0,1,NULL,1,'{\"category_id\":\"7\"}'),(24,'product',4,'gear/bags/wayfarer-messenger-bag.html','catalog/product/view/id/4/category/4',0,1,NULL,1,'{\"category_id\":\"4\"}'),(25,'product',4,'collections/yoga-new/wayfarer-messenger-bag.html','catalog/product/view/id/4/category/8',0,1,NULL,1,'{\"category_id\":\"8\"}'),(26,'product',5,'rival-field-messenger.html','catalog/product/view/id/5',0,1,NULL,1,NULL),(27,'product',5,'gear/rival-field-messenger.html','catalog/product/view/id/5/category/3',0,1,NULL,1,'{\"category_id\":\"3\"}'),(28,'product',5,'collections/rival-field-messenger.html','catalog/product/view/id/5/category/7',0,1,NULL,1,'{\"category_id\":\"7\"}'),(29,'product',5,'gear/bags/rival-field-messenger.html','catalog/product/view/id/5/category/4',0,1,NULL,1,'{\"category_id\":\"4\"}'),(30,'product',5,'collections/yoga-new/rival-field-messenger.html','catalog/product/view/id/5/category/8',0,1,NULL,1,'{\"category_id\":\"8\"}'),(31,'product',6,'fusion-backpack.html','catalog/product/view/id/6',0,1,NULL,1,NULL),(32,'product',6,'gear/fusion-backpack.html','catalog/product/view/id/6/category/3',0,1,NULL,1,'{\"category_id\":\"3\"}'),(33,'product',6,'gear/bags/fusion-backpack.html','catalog/product/view/id/6/category/4',0,1,NULL,1,'{\"category_id\":\"4\"}'),(34,'product',7,'impulse-duffle.html','catalog/product/view/id/7',0,1,NULL,1,NULL),(35,'product',7,'gear/impulse-duffle.html','catalog/product/view/id/7/category/3',0,1,NULL,1,'{\"category_id\":\"3\"}'),(36,'product',7,'gear/bags/impulse-duffle.html','catalog/product/view/id/7/category/4',0,1,NULL,1,'{\"category_id\":\"4\"}'),(37,'product',8,'voyage-yoga-bag.html','catalog/product/view/id/8',0,1,NULL,1,NULL),(38,'product',8,'gear/voyage-yoga-bag.html','catalog/product/view/id/8/category/3',0,1,NULL,1,'{\"category_id\":\"3\"}'),(39,'product',8,'gear/bags/voyage-yoga-bag.html','catalog/product/view/id/8/category/4',0,1,NULL,1,'{\"category_id\":\"4\"}'),(40,'product',9,'compete-track-tote.html','catalog/product/view/id/9',0,1,NULL,1,NULL),(41,'product',9,'gear/compete-track-tote.html','catalog/product/view/id/9/category/3',0,1,NULL,1,'{\"category_id\":\"3\"}'),(42,'product',9,'gear/bags/compete-track-tote.html','catalog/product/view/id/9/category/4',0,1,NULL,1,'{\"category_id\":\"4\"}'),(43,'product',10,'savvy-shoulder-tote.html','catalog/product/view/id/10',0,1,NULL,1,NULL),(44,'product',10,'gear/savvy-shoulder-tote.html','catalog/product/view/id/10/category/3',0,1,NULL,1,'{\"category_id\":\"3\"}'),(45,'product',10,'collections/savvy-shoulder-tote.html','catalog/product/view/id/10/category/7',0,1,NULL,1,'{\"category_id\":\"7\"}'),(46,'product',10,'gear/bags/savvy-shoulder-tote.html','catalog/product/view/id/10/category/4',0,1,NULL,1,'{\"category_id\":\"4\"}'),(47,'product',11,'endeavor-daytrip-backpack.html','catalog/product/view/id/11',0,1,NULL,1,NULL),(48,'product',11,'gear/endeavor-daytrip-backpack.html','catalog/product/view/id/11/category/3',0,1,NULL,1,'{\"category_id\":\"3\"}'),(49,'product',11,'collections/endeavor-daytrip-backpack.html','catalog/product/view/id/11/category/7',0,1,NULL,1,'{\"category_id\":\"7\"}'),(50,'product',11,'gear/bags/endeavor-daytrip-backpack.html','catalog/product/view/id/11/category/4',0,1,NULL,1,'{\"category_id\":\"4\"}'),(51,'product',12,'driven-backpack.html','catalog/product/view/id/12',0,1,NULL,1,NULL),(52,'product',12,'gear/driven-backpack.html','catalog/product/view/id/12/category/3',0,1,NULL,1,'{\"category_id\":\"3\"}'),(53,'product',12,'gear/bags/driven-backpack.html','catalog/product/view/id/12/category/4',0,1,NULL,1,'{\"category_id\":\"4\"}'),(54,'product',13,'overnight-duffle.html','catalog/product/view/id/13',0,1,NULL,1,NULL),(55,'product',13,'gear/overnight-duffle.html','catalog/product/view/id/13/category/3',0,1,NULL,1,'{\"category_id\":\"3\"}'),(56,'product',13,'collections/overnight-duffle.html','catalog/product/view/id/13/category/7',0,1,NULL,1,'{\"category_id\":\"7\"}'),(57,'product',13,'gear/bags/overnight-duffle.html','catalog/product/view/id/13/category/4',0,1,NULL,1,'{\"category_id\":\"4\"}'),(58,'product',13,'collections/yoga-new/overnight-duffle.html','catalog/product/view/id/13/category/8',0,1,NULL,1,'{\"category_id\":\"8\"}'),(59,'product',14,'push-it-messenger-bag.html','catalog/product/view/id/14',0,1,NULL,1,NULL),(60,'product',14,'gear/push-it-messenger-bag.html','catalog/product/view/id/14/category/3',0,1,NULL,1,'{\"category_id\":\"3\"}'),(61,'product',14,'collections/push-it-messenger-bag.html','catalog/product/view/id/14/category/7',0,1,NULL,1,'{\"category_id\":\"7\"}'),(62,'product',14,'gear/bags/push-it-messenger-bag.html','catalog/product/view/id/14/category/4',0,1,NULL,1,'{\"category_id\":\"4\"}'),(63,'product',15,'affirm-water-bottle.html','catalog/product/view/id/15',0,1,NULL,1,NULL),(64,'product',15,'gear/affirm-water-bottle.html','catalog/product/view/id/15/category/3',0,1,NULL,1,'{\"category_id\":\"3\"}'),(65,'product',15,'gear/fitness-equipment/affirm-water-bottle.html','catalog/product/view/id/15/category/5',0,1,NULL,1,'{\"category_id\":\"5\"}'),(66,'product',16,'dual-handle-cardio-ball.html','catalog/product/view/id/16',0,1,NULL,1,NULL),(67,'product',16,'gear/dual-handle-cardio-ball.html','catalog/product/view/id/16/category/3',0,1,NULL,1,'{\"category_id\":\"3\"}'),(68,'product',16,'collections/dual-handle-cardio-ball.html','catalog/product/view/id/16/category/7',0,1,NULL,1,'{\"category_id\":\"7\"}'),(69,'product',16,'gear/fitness-equipment/dual-handle-cardio-ball.html','catalog/product/view/id/16/category/5',0,1,NULL,1,'{\"category_id\":\"5\"}'),(70,'product',17,'zing-jump-rope.html','catalog/product/view/id/17',0,1,NULL,1,NULL),(71,'product',17,'gear/zing-jump-rope.html','catalog/product/view/id/17/category/3',0,1,NULL,1,'{\"category_id\":\"3\"}'),(72,'product',17,'gear/fitness-equipment/zing-jump-rope.html','catalog/product/view/id/17/category/5',0,1,NULL,1,'{\"category_id\":\"5\"}'),(73,'product',18,'pursuit-lumaflex-trade-tone-band.html','catalog/product/view/id/18',0,1,NULL,1,NULL),(74,'product',18,'gear/pursuit-lumaflex-trade-tone-band.html','catalog/product/view/id/18/category/3',0,1,NULL,1,'{\"category_id\":\"3\"}'),(75,'product',18,'gear/fitness-equipment/pursuit-lumaflex-trade-tone-band.html','catalog/product/view/id/18/category/5',0,1,NULL,1,'{\"category_id\":\"5\"}'),(76,'product',19,'go-get-r-pushup-grips.html','catalog/product/view/id/19',0,1,NULL,1,NULL),(77,'product',19,'gear/go-get-r-pushup-grips.html','catalog/product/view/id/19/category/3',0,1,NULL,1,'{\"category_id\":\"3\"}'),(78,'product',19,'collections/go-get-r-pushup-grips.html','catalog/product/view/id/19/category/7',0,1,NULL,1,'{\"category_id\":\"7\"}'),(79,'product',19,'gear/fitness-equipment/go-get-r-pushup-grips.html','catalog/product/view/id/19/category/5',0,1,NULL,1,'{\"category_id\":\"5\"}'),(80,'product',19,'collections/yoga-new/go-get-r-pushup-grips.html','catalog/product/view/id/19/category/8',0,1,NULL,1,'{\"category_id\":\"8\"}'),(81,'product',20,'quest-lumaflex-trade-band.html','catalog/product/view/id/20',0,1,NULL,1,NULL),(82,'product',20,'gear/quest-lumaflex-trade-band.html','catalog/product/view/id/20/category/3',0,1,NULL,1,'{\"category_id\":\"3\"}'),(83,'product',20,'gear/fitness-equipment/quest-lumaflex-trade-band.html','catalog/product/view/id/20/category/5',0,1,NULL,1,'{\"category_id\":\"5\"}'),(84,'product',21,'sprite-foam-yoga-brick.html','catalog/product/view/id/21',0,1,NULL,1,NULL),(85,'product',21,'gear/sprite-foam-yoga-brick.html','catalog/product/view/id/21/category/3',0,1,NULL,1,'{\"category_id\":\"3\"}'),(86,'product',21,'gear/fitness-equipment/sprite-foam-yoga-brick.html','catalog/product/view/id/21/category/5',0,1,NULL,1,'{\"category_id\":\"5\"}'),(87,'product',22,'sprite-foam-roller.html','catalog/product/view/id/22',0,1,NULL,1,NULL),(88,'product',22,'gear/sprite-foam-roller.html','catalog/product/view/id/22/category/3',0,1,NULL,1,'{\"category_id\":\"3\"}'),(89,'product',22,'gear/fitness-equipment/sprite-foam-roller.html','catalog/product/view/id/22/category/5',0,1,NULL,1,'{\"category_id\":\"5\"}'),(90,'product',23,'harmony-lumaflex-trade-strength-band-kit.html','catalog/product/view/id/23',0,1,NULL,1,NULL),(91,'product',23,'gear/harmony-lumaflex-trade-strength-band-kit.html','catalog/product/view/id/23/category/3',0,1,NULL,1,'{\"category_id\":\"3\"}'),(92,'product',23,'gear/fitness-equipment/harmony-lumaflex-trade-strength-band-kit.html','catalog/product/view/id/23/category/5',0,1,NULL,1,'{\"category_id\":\"5\"}'),(93,'product',36,'aim-analog-watch.html','catalog/product/view/id/36',0,1,NULL,1,NULL),(94,'product',36,'gear/aim-analog-watch.html','catalog/product/view/id/36/category/3',0,1,NULL,1,'{\"category_id\":\"3\"}'),(95,'product',36,'gear/watches/aim-analog-watch.html','catalog/product/view/id/36/category/6',0,1,NULL,1,'{\"category_id\":\"6\"}'),(96,'product',37,'endurance-watch.html','catalog/product/view/id/37',0,1,NULL,1,NULL),(97,'product',37,'gear/endurance-watch.html','catalog/product/view/id/37/category/3',0,1,NULL,1,'{\"category_id\":\"3\"}'),(98,'product',37,'gear/watches/endurance-watch.html','catalog/product/view/id/37/category/6',0,1,NULL,1,'{\"category_id\":\"6\"}'),(99,'product',38,'summit-watch.html','catalog/product/view/id/38',0,1,NULL,1,NULL),(100,'product',38,'gear/summit-watch.html','catalog/product/view/id/38/category/3',0,1,NULL,1,'{\"category_id\":\"3\"}'),(101,'product',38,'collections/summit-watch.html','catalog/product/view/id/38/category/7',0,1,NULL,1,'{\"category_id\":\"7\"}'),(102,'product',38,'gear/watches/summit-watch.html','catalog/product/view/id/38/category/6',0,1,NULL,1,'{\"category_id\":\"6\"}'),(103,'product',38,'collections/yoga-new/summit-watch.html','catalog/product/view/id/38/category/8',0,1,NULL,1,'{\"category_id\":\"8\"}'),(104,'product',39,'cruise-dual-analog-watch.html','catalog/product/view/id/39',0,1,NULL,1,NULL),(105,'product',39,'gear/cruise-dual-analog-watch.html','catalog/product/view/id/39/category/3',0,1,NULL,1,'{\"category_id\":\"3\"}'),(106,'product',39,'collections/cruise-dual-analog-watch.html','catalog/product/view/id/39/category/7',0,1,NULL,1,'{\"category_id\":\"7\"}'),(107,'product',39,'gear/watches/cruise-dual-analog-watch.html','catalog/product/view/id/39/category/6',0,1,NULL,1,'{\"category_id\":\"6\"}'),(108,'product',39,'collections/yoga-new/cruise-dual-analog-watch.html','catalog/product/view/id/39/category/8',0,1,NULL,1,'{\"category_id\":\"8\"}'),(109,'product',40,'dash-digital-watch.html','catalog/product/view/id/40',0,1,NULL,1,NULL),(110,'product',40,'gear/dash-digital-watch.html','catalog/product/view/id/40/category/3',0,1,NULL,1,'{\"category_id\":\"3\"}'),(111,'product',40,'collections/dash-digital-watch.html','catalog/product/view/id/40/category/7',0,1,NULL,1,'{\"category_id\":\"7\"}'),(112,'product',40,'gear/watches/dash-digital-watch.html','catalog/product/view/id/40/category/6',0,1,NULL,1,'{\"category_id\":\"6\"}'),(113,'product',40,'collections/yoga-new/dash-digital-watch.html','catalog/product/view/id/40/category/8',0,1,NULL,1,'{\"category_id\":\"8\"}'),(114,'product',41,'luma-analog-watch.html','catalog/product/view/id/41',0,1,NULL,1,NULL),(115,'product',41,'gear/luma-analog-watch.html','catalog/product/view/id/41/category/3',0,1,NULL,1,'{\"category_id\":\"3\"}'),(116,'product',41,'gear/watches/luma-analog-watch.html','catalog/product/view/id/41/category/6',0,1,NULL,1,'{\"category_id\":\"6\"}'),(117,'product',42,'bolo-sport-watch.html','catalog/product/view/id/42',0,1,NULL,1,NULL),(118,'product',42,'gear/bolo-sport-watch.html','catalog/product/view/id/42/category/3',0,1,NULL,1,'{\"category_id\":\"3\"}'),(119,'product',42,'gear/watches/bolo-sport-watch.html','catalog/product/view/id/42/category/6',0,1,NULL,1,'{\"category_id\":\"6\"}'),(120,'product',43,'clamber-watch.html','catalog/product/view/id/43',0,1,NULL,1,NULL),(121,'product',43,'gear/clamber-watch.html','catalog/product/view/id/43/category/3',0,1,NULL,1,'{\"category_id\":\"3\"}'),(122,'product',43,'gear/watches/clamber-watch.html','catalog/product/view/id/43/category/6',0,1,NULL,1,'{\"category_id\":\"6\"}'),(123,'product',44,'didi-sport-watch.html','catalog/product/view/id/44',0,1,NULL,1,NULL),(124,'product',44,'gear/didi-sport-watch.html','catalog/product/view/id/44/category/3',0,1,NULL,1,'{\"category_id\":\"3\"}'),(125,'product',44,'collections/didi-sport-watch.html','catalog/product/view/id/44/category/7',0,1,NULL,1,'{\"category_id\":\"7\"}'),(126,'product',44,'gear/watches/didi-sport-watch.html','catalog/product/view/id/44/category/6',0,1,NULL,1,'{\"category_id\":\"6\"}'),(127,'product',44,'collections/yoga-new/didi-sport-watch.html','catalog/product/view/id/44/category/8',0,1,NULL,1,'{\"category_id\":\"8\"}'),(128,'category',9,'training.html','catalog/category/view/id/9',0,1,NULL,1,NULL),(129,'category',10,'training/training-video.html','catalog/category/view/id/10',0,1,NULL,1,NULL),(130,'product',45,'beginner-s-yoga.html','catalog/product/view/id/45',0,1,NULL,1,NULL),(131,'product',45,'training/beginner-s-yoga.html','catalog/product/view/id/45/category/9',0,1,NULL,1,'{\"category_id\":\"9\"}'),(132,'product',45,'training/training-video/beginner-s-yoga.html','catalog/product/view/id/45/category/10',0,1,NULL,1,'{\"category_id\":\"10\"}'),(133,'product',46,'lifelong-fitness-iv.html','catalog/product/view/id/46',0,1,NULL,1,NULL),(134,'product',46,'training/lifelong-fitness-iv.html','catalog/product/view/id/46/category/9',0,1,NULL,1,'{\"category_id\":\"9\"}'),(135,'product',46,'training/training-video/lifelong-fitness-iv.html','catalog/product/view/id/46/category/10',0,1,NULL,1,'{\"category_id\":\"10\"}'),(136,'product',47,'yoga-adventure.html','catalog/product/view/id/47',0,1,NULL,1,NULL),(137,'product',47,'training/yoga-adventure.html','catalog/product/view/id/47/category/9',0,1,NULL,1,'{\"category_id\":\"9\"}'),(138,'product',47,'training/training-video/yoga-adventure.html','catalog/product/view/id/47/category/10',0,1,NULL,1,'{\"category_id\":\"10\"}'),(139,'product',48,'solo-power-circuit.html','catalog/product/view/id/48',0,1,NULL,1,NULL),(140,'product',48,'training/solo-power-circuit.html','catalog/product/view/id/48/category/9',0,1,NULL,1,'{\"category_id\":\"9\"}'),(141,'product',48,'training/training-video/solo-power-circuit.html','catalog/product/view/id/48/category/10',0,1,NULL,1,'{\"category_id\":\"10\"}'),(142,'product',49,'advanced-pilates-yoga-strength.html','catalog/product/view/id/49',0,1,NULL,1,NULL),(143,'product',49,'training/advanced-pilates-yoga-strength.html','catalog/product/view/id/49/category/9',0,1,NULL,1,'{\"category_id\":\"9\"}'),(144,'product',49,'training/training-video/advanced-pilates-yoga-strength.html','catalog/product/view/id/49/category/10',0,1,NULL,1,'{\"category_id\":\"10\"}'),(145,'product',50,'luma-yoga-for-life.html','catalog/product/view/id/50',0,1,NULL,1,NULL),(146,'product',50,'training/luma-yoga-for-life.html','catalog/product/view/id/50/category/9',0,1,NULL,1,'{\"category_id\":\"9\"}'),(147,'product',50,'training/training-video/luma-yoga-for-life.html','catalog/product/view/id/50/category/10',0,1,NULL,1,'{\"category_id\":\"10\"}'),(148,'product',51,'set-of-sprite-yoga-straps.html','catalog/product/view/id/51',0,1,NULL,1,NULL),(149,'product',51,'gear/set-of-sprite-yoga-straps.html','catalog/product/view/id/51/category/3',0,1,NULL,1,'{\"category_id\":\"3\"}'),(150,'product',51,'gear/fitness-equipment/set-of-sprite-yoga-straps.html','catalog/product/view/id/51/category/5',0,1,NULL,1,'{\"category_id\":\"5\"}'),(151,'product',52,'sprite-yoga-companion-kit.html','catalog/product/view/id/52',0,1,NULL,1,NULL),(152,'product',52,'gear/sprite-yoga-companion-kit.html','catalog/product/view/id/52/category/3',0,1,NULL,1,'{\"category_id\":\"3\"}'),(153,'product',52,'gear/fitness-equipment/sprite-yoga-companion-kit.html','catalog/product/view/id/52/category/5',0,1,NULL,1,'{\"category_id\":\"5\"}'),(154,'category',11,'men.html','catalog/category/view/id/11',0,1,NULL,1,NULL),(155,'category',12,'men/tops-men.html','catalog/category/view/id/12',0,1,NULL,1,NULL),(156,'category',13,'men/bottoms-men.html','catalog/category/view/id/13',0,1,NULL,1,NULL),(157,'category',14,'men/tops-men/jackets-men.html','catalog/category/view/id/14',0,1,NULL,1,NULL),(158,'category',15,'men/tops-men/hoodies-and-sweatshirts-men.html','catalog/category/view/id/15',0,1,NULL,1,NULL),(159,'category',16,'men/tops-men/tees-men.html','catalog/category/view/id/16',0,1,NULL,1,NULL),(160,'category',17,'men/tops-men/tanks-men.html','catalog/category/view/id/17',0,1,NULL,1,NULL),(161,'category',18,'men/bottoms-men/pants-men.html','catalog/category/view/id/18',0,1,NULL,1,NULL),(162,'category',19,'men/bottoms-men/shorts-men.html','catalog/category/view/id/19',0,1,NULL,1,NULL),(163,'category',20,'women.html','catalog/category/view/id/20',0,1,NULL,1,NULL),(164,'category',21,'women/tops-women.html','catalog/category/view/id/21',0,1,NULL,1,NULL),(165,'category',22,'women/bottoms-women.html','catalog/category/view/id/22',0,1,NULL,1,NULL),(166,'category',23,'women/tops-women/jackets-women.html','catalog/category/view/id/23',0,1,NULL,1,NULL),(167,'category',24,'women/tops-women/hoodies-and-sweatshirts-women.html','catalog/category/view/id/24',0,1,NULL,1,NULL),(168,'category',25,'women/tops-women/tees-women.html','catalog/category/view/id/25',0,1,NULL,1,NULL),(169,'category',26,'women/tops-women/tanks-women.html','catalog/category/view/id/26',0,1,NULL,1,NULL),(170,'category',27,'women/bottoms-women/pants-women.html','catalog/category/view/id/27',0,1,NULL,1,NULL),(171,'category',28,'women/bottoms-women/shorts-women.html','catalog/category/view/id/28',0,1,NULL,1,NULL),(172,'category',29,'promotions.html','catalog/category/view/id/29',0,1,NULL,1,NULL),(173,'category',30,'promotions/women-sale.html','catalog/category/view/id/30',0,1,NULL,1,NULL),(174,'category',31,'promotions/men-sale.html','catalog/category/view/id/31',0,1,NULL,1,NULL),(175,'category',32,'promotions/pants-all.html','catalog/category/view/id/32',0,1,NULL,1,NULL),(176,'category',33,'promotions/tees-all.html','catalog/category/view/id/33',0,1,NULL,1,NULL),(177,'category',34,'collections/erin-recommends.html','catalog/category/view/id/34',0,1,NULL,1,NULL),(178,'category',35,'collections/performance-fabrics.html','catalog/category/view/id/35',0,1,NULL,1,NULL),(179,'category',36,'collections/eco-friendly.html','catalog/category/view/id/36',0,1,NULL,1,NULL),(180,'product',68,'chaz-kangeroo-hoodie.html','catalog/product/view/id/68',0,1,NULL,1,NULL),(181,'product',84,'teton-pullover-hoodie.html','catalog/product/view/id/84',0,1,NULL,1,NULL),(182,'product',100,'bruno-compete-hoodie.html','catalog/product/view/id/100',0,1,NULL,1,NULL),(183,'product',116,'frankie-sweatshirt.html','catalog/product/view/id/116',0,1,NULL,1,NULL),(184,'product',132,'hollister-backyard-sweatshirt.html','catalog/product/view/id/132',0,1,NULL,1,NULL),(185,'product',148,'stark-fundamental-hoodie.html','catalog/product/view/id/148',0,1,NULL,1,NULL),(186,'product',68,'men/tops-men/hoodies-and-sweatshirts-men/chaz-kangeroo-hoodie.html','catalog/product/view/id/68/category/15',0,1,NULL,1,'{\"category_id\":\"15\"}'),(187,'product',68,'men/tops-men/chaz-kangeroo-hoodie.html','catalog/product/view/id/68/category/12',0,1,NULL,1,'{\"category_id\":\"12\"}'),(188,'product',68,'collections/eco-friendly/chaz-kangeroo-hoodie.html','catalog/product/view/id/68/category/36',0,1,NULL,1,'{\"category_id\":\"36\"}'),(189,'product',84,'men/tops-men/hoodies-and-sweatshirts-men/teton-pullover-hoodie.html','catalog/product/view/id/84/category/15',0,1,NULL,1,'{\"category_id\":\"15\"}'),(190,'product',84,'men/tops-men/teton-pullover-hoodie.html','catalog/product/view/id/84/category/12',0,1,NULL,1,'{\"category_id\":\"12\"}'),(191,'product',100,'men/tops-men/hoodies-and-sweatshirts-men/bruno-compete-hoodie.html','catalog/product/view/id/100/category/15',0,1,NULL,1,'{\"category_id\":\"15\"}'),(192,'product',100,'men/tops-men/bruno-compete-hoodie.html','catalog/product/view/id/100/category/12',0,1,NULL,1,'{\"category_id\":\"12\"}'),(193,'product',100,'collections/eco-friendly/bruno-compete-hoodie.html','catalog/product/view/id/100/category/36',0,1,NULL,1,'{\"category_id\":\"36\"}'),(194,'product',116,'men/tops-men/hoodies-and-sweatshirts-men/frankie-sweatshirt.html','catalog/product/view/id/116/category/15',0,1,NULL,1,'{\"category_id\":\"15\"}'),(195,'product',116,'men/tops-men/frankie-sweatshirt.html','catalog/product/view/id/116/category/12',0,1,NULL,1,'{\"category_id\":\"12\"}'),(196,'product',116,'collections/eco-friendly/frankie-sweatshirt.html','catalog/product/view/id/116/category/36',0,1,NULL,1,'{\"category_id\":\"36\"}'),(197,'product',132,'men/tops-men/hoodies-and-sweatshirts-men/hollister-backyard-sweatshirt.html','catalog/product/view/id/132/category/15',0,1,NULL,1,'{\"category_id\":\"15\"}'),(198,'product',132,'men/tops-men/hollister-backyard-sweatshirt.html','catalog/product/view/id/132/category/12',0,1,NULL,1,'{\"category_id\":\"12\"}'),(199,'product',148,'men/tops-men/hoodies-and-sweatshirts-men/stark-fundamental-hoodie.html','catalog/product/view/id/148/category/15',0,1,NULL,1,'{\"category_id\":\"15\"}'),(200,'product',148,'men/tops-men/stark-fundamental-hoodie.html','catalog/product/view/id/148/category/12',0,1,NULL,1,'{\"category_id\":\"12\"}'),(201,'product',164,'hero-hoodie.html','catalog/product/view/id/164',0,1,NULL,1,NULL),(202,'product',180,'oslo-trek-hoodie.html','catalog/product/view/id/180',0,1,NULL,1,NULL),(203,'product',196,'abominable-hoodie.html','catalog/product/view/id/196',0,1,NULL,1,NULL),(204,'product',212,'mach-street-sweatshirt.html','catalog/product/view/id/212',0,1,NULL,1,NULL),(205,'product',228,'grayson-crewneck-sweatshirt.html','catalog/product/view/id/228',0,1,NULL,1,NULL),(206,'product',244,'ajax-full-zip-sweatshirt.html','catalog/product/view/id/244',0,1,NULL,1,NULL),(207,'product',164,'men/tops-men/hoodies-and-sweatshirts-men/hero-hoodie.html','catalog/product/view/id/164/category/15',0,1,NULL,1,'{\"category_id\":\"15\"}'),(208,'product',164,'men/tops-men/hero-hoodie.html','catalog/product/view/id/164/category/12',0,1,NULL,1,'{\"category_id\":\"12\"}'),(209,'product',180,'men/tops-men/hoodies-and-sweatshirts-men/oslo-trek-hoodie.html','catalog/product/view/id/180/category/15',0,1,NULL,1,'{\"category_id\":\"15\"}'),(210,'product',180,'men/tops-men/oslo-trek-hoodie.html','catalog/product/view/id/180/category/12',0,1,NULL,1,'{\"category_id\":\"12\"}'),(211,'product',196,'men/tops-men/hoodies-and-sweatshirts-men/abominable-hoodie.html','catalog/product/view/id/196/category/15',0,1,NULL,1,'{\"category_id\":\"15\"}'),(212,'product',196,'men/tops-men/abominable-hoodie.html','catalog/product/view/id/196/category/12',0,1,NULL,1,'{\"category_id\":\"12\"}'),(213,'product',212,'men/tops-men/hoodies-and-sweatshirts-men/mach-street-sweatshirt.html','catalog/product/view/id/212/category/15',0,1,NULL,1,'{\"category_id\":\"15\"}'),(214,'product',212,'men/tops-men/mach-street-sweatshirt.html','catalog/product/view/id/212/category/12',0,1,NULL,1,'{\"category_id\":\"12\"}'),(215,'product',228,'men/tops-men/hoodies-and-sweatshirts-men/grayson-crewneck-sweatshirt.html','catalog/product/view/id/228/category/15',0,1,NULL,1,'{\"category_id\":\"15\"}'),(216,'product',228,'men/tops-men/grayson-crewneck-sweatshirt.html','catalog/product/view/id/228/category/12',0,1,NULL,1,'{\"category_id\":\"12\"}'),(217,'product',244,'men/tops-men/hoodies-and-sweatshirts-men/ajax-full-zip-sweatshirt.html','catalog/product/view/id/244/category/15',0,1,NULL,1,'{\"category_id\":\"15\"}'),(218,'product',244,'men/tops-men/ajax-full-zip-sweatshirt.html','catalog/product/view/id/244/category/12',0,1,NULL,1,'{\"category_id\":\"12\"}'),(219,'product',260,'marco-lightweight-active-hoodie.html','catalog/product/view/id/260',0,1,NULL,1,NULL),(220,'product',276,'beaumont-summit-kit.html','catalog/product/view/id/276',0,1,NULL,1,NULL),(221,'product',292,'hyperion-elements-jacket.html','catalog/product/view/id/292',0,1,NULL,1,NULL),(222,'product',308,'kenobi-trail-jacket.html','catalog/product/view/id/308',0,1,NULL,1,NULL),(223,'product',324,'orion-two-tone-fitted-jacket.html','catalog/product/view/id/324',0,1,NULL,1,NULL),(224,'product',340,'lando-gym-jacket.html','catalog/product/view/id/340',0,1,NULL,1,NULL),(225,'product',260,'men/tops-men/hoodies-and-sweatshirts-men/marco-lightweight-active-hoodie.html','catalog/product/view/id/260/category/15',0,1,NULL,1,'{\"category_id\":\"15\"}'),(226,'product',260,'men/tops-men/marco-lightweight-active-hoodie.html','catalog/product/view/id/260/category/12',0,1,NULL,1,'{\"category_id\":\"12\"}'),(227,'product',276,'men/tops-men/jackets-men/beaumont-summit-kit.html','catalog/product/view/id/276/category/14',0,1,NULL,1,'{\"category_id\":\"14\"}'),(228,'product',276,'men/tops-men/beaumont-summit-kit.html','catalog/product/view/id/276/category/12',0,1,NULL,1,'{\"category_id\":\"12\"}'),(229,'product',292,'men/tops-men/jackets-men/hyperion-elements-jacket.html','catalog/product/view/id/292/category/14',0,1,NULL,1,'{\"category_id\":\"14\"}'),(230,'product',292,'men/tops-men/hyperion-elements-jacket.html','catalog/product/view/id/292/category/12',0,1,NULL,1,'{\"category_id\":\"12\"}'),(231,'product',308,'men/tops-men/jackets-men/kenobi-trail-jacket.html','catalog/product/view/id/308/category/14',0,1,NULL,1,'{\"category_id\":\"14\"}'),(232,'product',308,'men/tops-men/kenobi-trail-jacket.html','catalog/product/view/id/308/category/12',0,1,NULL,1,'{\"category_id\":\"12\"}'),(233,'product',308,'collections/eco-friendly/kenobi-trail-jacket.html','catalog/product/view/id/308/category/36',0,1,NULL,1,'{\"category_id\":\"36\"}'),(234,'product',324,'men/tops-men/jackets-men/orion-two-tone-fitted-jacket.html','catalog/product/view/id/324/category/14',0,1,NULL,1,'{\"category_id\":\"14\"}'),(235,'product',324,'men/tops-men/orion-two-tone-fitted-jacket.html','catalog/product/view/id/324/category/12',0,1,NULL,1,'{\"category_id\":\"12\"}'),(236,'product',340,'men/tops-men/jackets-men/lando-gym-jacket.html','catalog/product/view/id/340/category/14',0,1,NULL,1,'{\"category_id\":\"14\"}'),(237,'product',340,'men/tops-men/lando-gym-jacket.html','catalog/product/view/id/340/category/12',0,1,NULL,1,'{\"category_id\":\"12\"}'),(238,'product',356,'taurus-elements-shell.html','catalog/product/view/id/356',0,1,NULL,1,NULL),(239,'product',372,'mars-heattech-trade-pullover.html','catalog/product/view/id/372',0,1,NULL,1,NULL),(240,'product',388,'typhon-performance-fleece-lined-jacket.html','catalog/product/view/id/388',0,1,NULL,1,NULL),(241,'product',404,'jupiter-all-weather-trainer.html','catalog/product/view/id/404',0,1,NULL,1,NULL),(242,'product',420,'montana-wind-jacket.html','catalog/product/view/id/420',0,1,NULL,1,NULL),(243,'product',436,'proteus-fitness-jackshirt.html','catalog/product/view/id/436',0,1,NULL,1,NULL),(244,'product',452,'gobi-heattec-reg-tee.html','catalog/product/view/id/452',0,1,NULL,1,NULL),(245,'product',356,'men/tops-men/jackets-men/taurus-elements-shell.html','catalog/product/view/id/356/category/14',0,1,NULL,1,'{\"category_id\":\"14\"}'),(246,'product',356,'men/tops-men/taurus-elements-shell.html','catalog/product/view/id/356/category/12',0,1,NULL,1,'{\"category_id\":\"12\"}'),(247,'product',372,'men/tops-men/jackets-men/mars-heattech-trade-pullover.html','catalog/product/view/id/372/category/14',0,1,NULL,1,'{\"category_id\":\"14\"}'),(248,'product',372,'men/tops-men/mars-heattech-trade-pullover.html','catalog/product/view/id/372/category/12',0,1,NULL,1,'{\"category_id\":\"12\"}'),(249,'product',388,'men/tops-men/jackets-men/typhon-performance-fleece-lined-jacket.html','catalog/product/view/id/388/category/14',0,1,NULL,1,'{\"category_id\":\"14\"}'),(250,'product',388,'men/tops-men/typhon-performance-fleece-lined-jacket.html','catalog/product/view/id/388/category/12',0,1,NULL,1,'{\"category_id\":\"12\"}'),(251,'product',404,'men/tops-men/jackets-men/jupiter-all-weather-trainer.html','catalog/product/view/id/404/category/14',0,1,NULL,1,'{\"category_id\":\"14\"}'),(252,'product',404,'men/tops-men/jupiter-all-weather-trainer.html','catalog/product/view/id/404/category/12',0,1,NULL,1,'{\"category_id\":\"12\"}'),(253,'product',404,'collections/eco-friendly/jupiter-all-weather-trainer.html','catalog/product/view/id/404/category/36',0,1,NULL,1,'{\"category_id\":\"36\"}'),(254,'product',420,'men/tops-men/jackets-men/montana-wind-jacket.html','catalog/product/view/id/420/category/14',0,1,NULL,1,'{\"category_id\":\"14\"}'),(255,'product',420,'men/tops-men/montana-wind-jacket.html','catalog/product/view/id/420/category/12',0,1,NULL,1,'{\"category_id\":\"12\"}'),(256,'product',436,'men/tops-men/jackets-men/proteus-fitness-jackshirt.html','catalog/product/view/id/436/category/14',0,1,NULL,1,'{\"category_id\":\"14\"}'),(257,'product',436,'men/tops-men/proteus-fitness-jackshirt.html','catalog/product/view/id/436/category/12',0,1,NULL,1,'{\"category_id\":\"12\"}'),(258,'product',452,'men/tops-men/tees-men/gobi-heattec-reg-tee.html','catalog/product/view/id/452/category/16',0,1,NULL,1,'{\"category_id\":\"16\"}'),(259,'product',452,'men/tops-men/gobi-heattec-reg-tee.html','catalog/product/view/id/452/category/12',0,1,NULL,1,'{\"category_id\":\"12\"}'),(260,'product',468,'helios-evercool-trade-tee.html','catalog/product/view/id/468',0,1,NULL,1,NULL),(261,'product',484,'ryker-lumatech-trade-tee-crew-neck.html','catalog/product/view/id/484',0,1,NULL,1,NULL),(262,'product',500,'atomic-endurance-running-tee-v-neck.html','catalog/product/view/id/500',0,1,NULL,1,NULL),(263,'product',516,'atomic-endurance-running-tee-crew-neck.html','catalog/product/view/id/516',0,1,NULL,1,NULL),(264,'product',532,'balboa-persistence-tee.html','catalog/product/view/id/532',0,1,NULL,1,NULL),(265,'product',548,'zoltan-gym-tee.html','catalog/product/view/id/548',0,1,NULL,1,NULL),(266,'product',468,'men/tops-men/tees-men/helios-evercool-trade-tee.html','catalog/product/view/id/468/category/16',0,1,NULL,1,'{\"category_id\":\"16\"}'),(267,'product',468,'men/tops-men/helios-evercool-trade-tee.html','catalog/product/view/id/468/category/12',0,1,NULL,1,'{\"category_id\":\"12\"}'),(268,'product',468,'collections/eco-friendly/helios-evercool-trade-tee.html','catalog/product/view/id/468/category/36',0,1,NULL,1,'{\"category_id\":\"36\"}'),(269,'product',484,'men/tops-men/tees-men/ryker-lumatech-trade-tee-crew-neck.html','catalog/product/view/id/484/category/16',0,1,NULL,1,'{\"category_id\":\"16\"}'),(270,'product',484,'men/tops-men/ryker-lumatech-trade-tee-crew-neck.html','catalog/product/view/id/484/category/12',0,1,NULL,1,'{\"category_id\":\"12\"}'),(271,'product',500,'men/tops-men/tees-men/atomic-endurance-running-tee-v-neck.html','catalog/product/view/id/500/category/16',0,1,NULL,1,'{\"category_id\":\"16\"}'),(272,'product',500,'men/tops-men/atomic-endurance-running-tee-v-neck.html','catalog/product/view/id/500/category/12',0,1,NULL,1,'{\"category_id\":\"12\"}'),(273,'product',516,'men/tops-men/tees-men/atomic-endurance-running-tee-crew-neck.html','catalog/product/view/id/516/category/16',0,1,NULL,1,'{\"category_id\":\"16\"}'),(274,'product',516,'men/tops-men/atomic-endurance-running-tee-crew-neck.html','catalog/product/view/id/516/category/12',0,1,NULL,1,'{\"category_id\":\"12\"}'),(275,'product',532,'men/tops-men/tees-men/balboa-persistence-tee.html','catalog/product/view/id/532/category/16',0,1,NULL,1,'{\"category_id\":\"16\"}'),(276,'product',532,'men/tops-men/balboa-persistence-tee.html','catalog/product/view/id/532/category/12',0,1,NULL,1,'{\"category_id\":\"12\"}'),(277,'product',548,'men/tops-men/tees-men/zoltan-gym-tee.html','catalog/product/view/id/548/category/16',0,1,NULL,1,'{\"category_id\":\"16\"}'),(278,'product',548,'men/tops-men/zoltan-gym-tee.html','catalog/product/view/id/548/category/12',0,1,NULL,1,'{\"category_id\":\"12\"}'),(279,'product',564,'aero-daily-fitness-tee.html','catalog/product/view/id/564',0,1,NULL,1,NULL),(280,'product',580,'ryker-lumatech-trade-tee-v-neck.html','catalog/product/view/id/580',0,1,NULL,1,NULL),(281,'product',596,'logan-heattec-reg-tee.html','catalog/product/view/id/596',0,1,NULL,1,NULL),(282,'product',612,'deion-long-sleeve-evercool-trade-tee.html','catalog/product/view/id/612',0,1,NULL,1,NULL),(283,'product',628,'strike-endurance-tee.html','catalog/product/view/id/628',0,1,NULL,1,NULL),(284,'product',644,'erikssen-cooltech-trade-fitness-tank.html','catalog/product/view/id/644',0,1,NULL,1,NULL),(285,'product',564,'men/tops-men/tees-men/aero-daily-fitness-tee.html','catalog/product/view/id/564/category/16',0,1,NULL,1,'{\"category_id\":\"16\"}'),(286,'product',564,'men/tops-men/aero-daily-fitness-tee.html','catalog/product/view/id/564/category/12',0,1,NULL,1,'{\"category_id\":\"12\"}'),(287,'product',580,'men/tops-men/tees-men/ryker-lumatech-trade-tee-v-neck.html','catalog/product/view/id/580/category/16',0,1,NULL,1,'{\"category_id\":\"16\"}'),(288,'product',580,'men/tops-men/ryker-lumatech-trade-tee-v-neck.html','catalog/product/view/id/580/category/12',0,1,NULL,1,'{\"category_id\":\"12\"}'),(289,'product',596,'men/tops-men/tees-men/logan-heattec-reg-tee.html','catalog/product/view/id/596/category/16',0,1,NULL,1,'{\"category_id\":\"16\"}'),(290,'product',596,'men/tops-men/logan-heattec-reg-tee.html','catalog/product/view/id/596/category/12',0,1,NULL,1,'{\"category_id\":\"12\"}'),(291,'product',612,'men/tops-men/tees-men/deion-long-sleeve-evercool-trade-tee.html','catalog/product/view/id/612/category/16',0,1,NULL,1,'{\"category_id\":\"16\"}'),(292,'product',612,'men/tops-men/deion-long-sleeve-evercool-trade-tee.html','catalog/product/view/id/612/category/12',0,1,NULL,1,'{\"category_id\":\"12\"}'),(293,'product',628,'men/tops-men/tees-men/strike-endurance-tee.html','catalog/product/view/id/628/category/16',0,1,NULL,1,'{\"category_id\":\"16\"}'),(294,'product',628,'men/tops-men/strike-endurance-tee.html','catalog/product/view/id/628/category/12',0,1,NULL,1,'{\"category_id\":\"12\"}'),(295,'product',644,'men/tops-men/tanks-men/erikssen-cooltech-trade-fitness-tank.html','catalog/product/view/id/644/category/17',0,1,NULL,1,'{\"category_id\":\"17\"}'),(296,'product',644,'men/tops-men/erikssen-cooltech-trade-fitness-tank.html','catalog/product/view/id/644/category/12',0,1,NULL,1,'{\"category_id\":\"12\"}'),(297,'product',660,'tristan-endurance-tank.html','catalog/product/view/id/660',0,1,NULL,1,NULL),(298,'product',676,'primo-endurance-tank.html','catalog/product/view/id/676',0,1,NULL,1,NULL),(299,'product',682,'helios-endurance-tank.html','catalog/product/view/id/682',0,1,NULL,1,NULL),(300,'product',688,'rocco-gym-tank.html','catalog/product/view/id/688',0,1,NULL,1,NULL),(301,'product',694,'vulcan-weightlifting-tank.html','catalog/product/view/id/694',0,1,NULL,1,NULL),(302,'product',700,'argus-all-weather-tank.html','catalog/product/view/id/700',0,1,NULL,1,NULL),(303,'product',706,'sparta-gym-tank.html','catalog/product/view/id/706',0,1,NULL,1,NULL),(304,'product',712,'sinbad-fitness-tank.html','catalog/product/view/id/712',0,1,NULL,1,NULL),(305,'product',718,'tiberius-gym-tank.html','catalog/product/view/id/718',0,1,NULL,1,NULL),(306,'product',724,'atlas-fitness-tank.html','catalog/product/view/id/724',0,1,NULL,1,NULL),(307,'product',730,'cassius-sparring-tank.html','catalog/product/view/id/730',0,1,NULL,1,NULL),(308,'product',743,'caesar-warm-up-pant.html','catalog/product/view/id/743',0,1,NULL,1,NULL),(309,'product',660,'men/tops-men/tanks-men/tristan-endurance-tank.html','catalog/product/view/id/660/category/17',0,1,NULL,1,'{\"category_id\":\"17\"}'),(310,'product',660,'men/tops-men/tristan-endurance-tank.html','catalog/product/view/id/660/category/12',0,1,NULL,1,'{\"category_id\":\"12\"}'),(311,'product',676,'men/tops-men/tanks-men/primo-endurance-tank.html','catalog/product/view/id/676/category/17',0,1,NULL,1,'{\"category_id\":\"17\"}'),(312,'product',676,'men/tops-men/primo-endurance-tank.html','catalog/product/view/id/676/category/12',0,1,NULL,1,'{\"category_id\":\"12\"}'),(313,'product',682,'men/tops-men/tanks-men/helios-endurance-tank.html','catalog/product/view/id/682/category/17',0,1,NULL,1,'{\"category_id\":\"17\"}'),(314,'product',682,'men/tops-men/helios-endurance-tank.html','catalog/product/view/id/682/category/12',0,1,NULL,1,'{\"category_id\":\"12\"}'),(315,'product',688,'men/tops-men/tanks-men/rocco-gym-tank.html','catalog/product/view/id/688/category/17',0,1,NULL,1,'{\"category_id\":\"17\"}'),(316,'product',688,'men/tops-men/rocco-gym-tank.html','catalog/product/view/id/688/category/12',0,1,NULL,1,'{\"category_id\":\"12\"}'),(317,'product',694,'men/tops-men/tanks-men/vulcan-weightlifting-tank.html','catalog/product/view/id/694/category/17',0,1,NULL,1,'{\"category_id\":\"17\"}'),(318,'product',694,'men/tops-men/vulcan-weightlifting-tank.html','catalog/product/view/id/694/category/12',0,1,NULL,1,'{\"category_id\":\"12\"}'),(319,'product',700,'men/tops-men/tanks-men/argus-all-weather-tank.html','catalog/product/view/id/700/category/17',0,1,NULL,1,'{\"category_id\":\"17\"}'),(320,'product',700,'men/tops-men/argus-all-weather-tank.html','catalog/product/view/id/700/category/12',0,1,NULL,1,'{\"category_id\":\"12\"}'),(321,'product',700,'collections/eco-friendly/argus-all-weather-tank.html','catalog/product/view/id/700/category/36',0,1,NULL,1,'{\"category_id\":\"36\"}'),(322,'product',706,'men/tops-men/tanks-men/sparta-gym-tank.html','catalog/product/view/id/706/category/17',0,1,NULL,1,'{\"category_id\":\"17\"}'),(323,'product',706,'men/tops-men/sparta-gym-tank.html','catalog/product/view/id/706/category/12',0,1,NULL,1,'{\"category_id\":\"12\"}'),(324,'product',712,'men/tops-men/tanks-men/sinbad-fitness-tank.html','catalog/product/view/id/712/category/17',0,1,NULL,1,'{\"category_id\":\"17\"}'),(325,'product',712,'men/tops-men/sinbad-fitness-tank.html','catalog/product/view/id/712/category/12',0,1,NULL,1,'{\"category_id\":\"12\"}'),(326,'product',718,'men/tops-men/tanks-men/tiberius-gym-tank.html','catalog/product/view/id/718/category/17',0,1,NULL,1,'{\"category_id\":\"17\"}'),(327,'product',718,'men/tops-men/tiberius-gym-tank.html','catalog/product/view/id/718/category/12',0,1,NULL,1,'{\"category_id\":\"12\"}'),(328,'product',724,'men/tops-men/tanks-men/atlas-fitness-tank.html','catalog/product/view/id/724/category/17',0,1,NULL,1,'{\"category_id\":\"17\"}'),(329,'product',724,'men/tops-men/atlas-fitness-tank.html','catalog/product/view/id/724/category/12',0,1,NULL,1,'{\"category_id\":\"12\"}'),(330,'product',724,'collections/eco-friendly/atlas-fitness-tank.html','catalog/product/view/id/724/category/36',0,1,NULL,1,'{\"category_id\":\"36\"}'),(331,'product',730,'men/tops-men/tanks-men/cassius-sparring-tank.html','catalog/product/view/id/730/category/17',0,1,NULL,1,'{\"category_id\":\"17\"}'),(332,'product',730,'men/tops-men/cassius-sparring-tank.html','catalog/product/view/id/730/category/12',0,1,NULL,1,'{\"category_id\":\"12\"}'),(333,'product',743,'men/bottoms-men/pants-men/caesar-warm-up-pant.html','catalog/product/view/id/743/category/18',0,1,NULL,1,'{\"category_id\":\"18\"}'),(334,'product',743,'men/bottoms-men/caesar-warm-up-pant.html','catalog/product/view/id/743/category/13',0,1,NULL,1,'{\"category_id\":\"13\"}'),(335,'product',743,'promotions/pants-all/caesar-warm-up-pant.html','catalog/product/view/id/743/category/32',0,1,NULL,1,'{\"category_id\":\"32\"}'),(336,'product',756,'viktor-lumatech-trade-pant.html','catalog/product/view/id/756',0,1,NULL,1,NULL),(337,'product',769,'geo-insulated-jogging-pant.html','catalog/product/view/id/769',0,1,NULL,1,NULL),(338,'product',782,'supernova-sport-pant.html','catalog/product/view/id/782',0,1,NULL,1,NULL),(339,'product',795,'kratos-gym-pant.html','catalog/product/view/id/795',0,1,NULL,1,NULL),(340,'product',808,'mithra-warmup-pant.html','catalog/product/view/id/808',0,1,NULL,1,NULL),(341,'product',821,'thorpe-track-pant.html','catalog/product/view/id/821',0,1,NULL,1,NULL),(342,'product',834,'zeppelin-yoga-pant.html','catalog/product/view/id/834',0,1,NULL,1,NULL),(343,'product',847,'livingston-all-purpose-tight.html','catalog/product/view/id/847',0,1,NULL,1,NULL),(344,'product',756,'men/bottoms-men/pants-men/viktor-lumatech-trade-pant.html','catalog/product/view/id/756/category/18',0,1,NULL,1,'{\"category_id\":\"18\"}'),(345,'product',756,'men/bottoms-men/viktor-lumatech-trade-pant.html','catalog/product/view/id/756/category/13',0,1,NULL,1,'{\"category_id\":\"13\"}'),(346,'product',756,'promotions/pants-all/viktor-lumatech-trade-pant.html','catalog/product/view/id/756/category/32',0,1,NULL,1,'{\"category_id\":\"32\"}'),(347,'product',756,'collections/performance-fabrics/viktor-lumatech-trade-pant.html','catalog/product/view/id/756/category/35',0,1,NULL,1,'{\"category_id\":\"35\"}'),(348,'product',769,'men/bottoms-men/pants-men/geo-insulated-jogging-pant.html','catalog/product/view/id/769/category/18',0,1,NULL,1,'{\"category_id\":\"18\"}'),(349,'product',769,'men/bottoms-men/geo-insulated-jogging-pant.html','catalog/product/view/id/769/category/13',0,1,NULL,1,'{\"category_id\":\"13\"}'),(350,'product',769,'promotions/pants-all/geo-insulated-jogging-pant.html','catalog/product/view/id/769/category/32',0,1,NULL,1,'{\"category_id\":\"32\"}'),(351,'product',769,'collections/yoga-new/geo-insulated-jogging-pant.html','catalog/product/view/id/769/category/8',0,1,NULL,1,'{\"category_id\":\"8\"}'),(352,'product',782,'men/bottoms-men/pants-men/supernova-sport-pant.html','catalog/product/view/id/782/category/18',0,1,NULL,1,'{\"category_id\":\"18\"}'),(353,'product',782,'men/bottoms-men/supernova-sport-pant.html','catalog/product/view/id/782/category/13',0,1,NULL,1,'{\"category_id\":\"13\"}'),(354,'product',782,'promotions/pants-all/supernova-sport-pant.html','catalog/product/view/id/782/category/32',0,1,NULL,1,'{\"category_id\":\"32\"}'),(355,'product',795,'men/bottoms-men/pants-men/kratos-gym-pant.html','catalog/product/view/id/795/category/18',0,1,NULL,1,'{\"category_id\":\"18\"}'),(356,'product',795,'men/bottoms-men/kratos-gym-pant.html','catalog/product/view/id/795/category/13',0,1,NULL,1,'{\"category_id\":\"13\"}'),(357,'product',795,'promotions/pants-all/kratos-gym-pant.html','catalog/product/view/id/795/category/32',0,1,NULL,1,'{\"category_id\":\"32\"}'),(358,'product',795,'collections/yoga-new/kratos-gym-pant.html','catalog/product/view/id/795/category/8',0,1,NULL,1,'{\"category_id\":\"8\"}'),(359,'product',808,'men/bottoms-men/pants-men/mithra-warmup-pant.html','catalog/product/view/id/808/category/18',0,1,NULL,1,'{\"category_id\":\"18\"}'),(360,'product',808,'men/bottoms-men/mithra-warmup-pant.html','catalog/product/view/id/808/category/13',0,1,NULL,1,'{\"category_id\":\"13\"}'),(361,'product',808,'promotions/pants-all/mithra-warmup-pant.html','catalog/product/view/id/808/category/32',0,1,NULL,1,'{\"category_id\":\"32\"}'),(362,'product',808,'collections/eco-friendly/mithra-warmup-pant.html','catalog/product/view/id/808/category/36',0,1,NULL,1,'{\"category_id\":\"36\"}'),(363,'product',821,'men/bottoms-men/pants-men/thorpe-track-pant.html','catalog/product/view/id/821/category/18',0,1,NULL,1,'{\"category_id\":\"18\"}'),(364,'product',821,'men/bottoms-men/thorpe-track-pant.html','catalog/product/view/id/821/category/13',0,1,NULL,1,'{\"category_id\":\"13\"}'),(365,'product',821,'promotions/pants-all/thorpe-track-pant.html','catalog/product/view/id/821/category/32',0,1,NULL,1,'{\"category_id\":\"32\"}'),(366,'product',821,'collections/yoga-new/thorpe-track-pant.html','catalog/product/view/id/821/category/8',0,1,NULL,1,'{\"category_id\":\"8\"}'),(367,'product',834,'men/bottoms-men/pants-men/zeppelin-yoga-pant.html','catalog/product/view/id/834/category/18',0,1,NULL,1,'{\"category_id\":\"18\"}'),(368,'product',834,'men/bottoms-men/zeppelin-yoga-pant.html','catalog/product/view/id/834/category/13',0,1,NULL,1,'{\"category_id\":\"13\"}'),(369,'product',834,'promotions/pants-all/zeppelin-yoga-pant.html','catalog/product/view/id/834/category/32',0,1,NULL,1,'{\"category_id\":\"32\"}'),(370,'product',834,'collections/yoga-new/zeppelin-yoga-pant.html','catalog/product/view/id/834/category/8',0,1,NULL,1,'{\"category_id\":\"8\"}'),(371,'product',847,'men/bottoms-men/pants-men/livingston-all-purpose-tight.html','catalog/product/view/id/847/category/18',0,1,NULL,1,'{\"category_id\":\"18\"}'),(372,'product',847,'men/bottoms-men/livingston-all-purpose-tight.html','catalog/product/view/id/847/category/13',0,1,NULL,1,'{\"category_id\":\"13\"}'),(373,'product',847,'promotions/pants-all/livingston-all-purpose-tight.html','catalog/product/view/id/847/category/32',0,1,NULL,1,'{\"category_id\":\"32\"}'),(374,'product',847,'collections/yoga-new/livingston-all-purpose-tight.html','catalog/product/view/id/847/category/8',0,1,NULL,1,'{\"category_id\":\"8\"}'),(375,'product',847,'collections/erin-recommends/livingston-all-purpose-tight.html','catalog/product/view/id/847/category/34',0,1,NULL,1,'{\"category_id\":\"34\"}'),(376,'product',860,'orestes-yoga-pant.html','catalog/product/view/id/860',0,1,NULL,1,NULL),(377,'product',873,'aether-gym-pant.html','catalog/product/view/id/873',0,1,NULL,1,NULL),(378,'product',886,'cronus-yoga-pant.html','catalog/product/view/id/886',0,1,NULL,1,NULL),(379,'product',899,'cobalt-cooltech-trade-fitness-short.html','catalog/product/view/id/899',0,1,NULL,1,NULL),(380,'product',904,'apollo-running-short.html','catalog/product/view/id/904',0,1,NULL,1,NULL),(381,'product',917,'meteor-workout-short.html','catalog/product/view/id/917',0,1,NULL,1,NULL),(382,'product',930,'torque-power-short.html','catalog/product/view/id/930',0,1,NULL,1,NULL),(383,'product',943,'hawkeye-yoga-short.html','catalog/product/view/id/943',0,1,NULL,1,NULL),(384,'product',860,'men/bottoms-men/pants-men/orestes-yoga-pant.html','catalog/product/view/id/860/category/18',0,1,NULL,1,'{\"category_id\":\"18\"}'),(385,'product',860,'men/bottoms-men/orestes-yoga-pant.html','catalog/product/view/id/860/category/13',0,1,NULL,1,'{\"category_id\":\"13\"}'),(386,'product',860,'promotions/pants-all/orestes-yoga-pant.html','catalog/product/view/id/860/category/32',0,1,NULL,1,'{\"category_id\":\"32\"}'),(387,'product',860,'collections/erin-recommends/orestes-yoga-pant.html','catalog/product/view/id/860/category/34',0,1,NULL,1,'{\"category_id\":\"34\"}'),(388,'product',873,'men/bottoms-men/pants-men/aether-gym-pant.html','catalog/product/view/id/873/category/18',0,1,NULL,1,'{\"category_id\":\"18\"}'),(389,'product',873,'men/bottoms-men/aether-gym-pant.html','catalog/product/view/id/873/category/13',0,1,NULL,1,'{\"category_id\":\"13\"}'),(390,'product',873,'promotions/pants-all/aether-gym-pant.html','catalog/product/view/id/873/category/32',0,1,NULL,1,'{\"category_id\":\"32\"}'),(391,'product',873,'collections/erin-recommends/aether-gym-pant.html','catalog/product/view/id/873/category/34',0,1,NULL,1,'{\"category_id\":\"34\"}'),(392,'product',886,'men/bottoms-men/pants-men/cronus-yoga-pant.html','catalog/product/view/id/886/category/18',0,1,NULL,1,'{\"category_id\":\"18\"}'),(393,'product',886,'men/bottoms-men/cronus-yoga-pant.html','catalog/product/view/id/886/category/13',0,1,NULL,1,'{\"category_id\":\"13\"}'),(394,'product',886,'promotions/pants-all/cronus-yoga-pant.html','catalog/product/view/id/886/category/32',0,1,NULL,1,'{\"category_id\":\"32\"}'),(395,'product',899,'men/bottoms-men/shorts-men/cobalt-cooltech-trade-fitness-short.html','catalog/product/view/id/899/category/19',0,1,NULL,1,'{\"category_id\":\"19\"}'),(396,'product',899,'men/bottoms-men/cobalt-cooltech-trade-fitness-short.html','catalog/product/view/id/899/category/13',0,1,NULL,1,'{\"category_id\":\"13\"}'),(397,'product',899,'collections/erin-recommends/cobalt-cooltech-trade-fitness-short.html','catalog/product/view/id/899/category/34',0,1,NULL,1,'{\"category_id\":\"34\"}'),(398,'product',904,'men/bottoms-men/shorts-men/apollo-running-short.html','catalog/product/view/id/904/category/19',0,1,NULL,1,'{\"category_id\":\"19\"}'),(399,'product',904,'men/bottoms-men/apollo-running-short.html','catalog/product/view/id/904/category/13',0,1,NULL,1,'{\"category_id\":\"13\"}'),(400,'product',917,'men/bottoms-men/shorts-men/meteor-workout-short.html','catalog/product/view/id/917/category/19',0,1,NULL,1,'{\"category_id\":\"19\"}'),(401,'product',917,'men/bottoms-men/meteor-workout-short.html','catalog/product/view/id/917/category/13',0,1,NULL,1,'{\"category_id\":\"13\"}'),(402,'product',917,'collections/performance-fabrics/meteor-workout-short.html','catalog/product/view/id/917/category/35',0,1,NULL,1,'{\"category_id\":\"35\"}'),(403,'product',930,'men/bottoms-men/shorts-men/torque-power-short.html','catalog/product/view/id/930/category/19',0,1,NULL,1,'{\"category_id\":\"19\"}'),(404,'product',930,'men/bottoms-men/torque-power-short.html','catalog/product/view/id/930/category/13',0,1,NULL,1,'{\"category_id\":\"13\"}'),(405,'product',943,'men/bottoms-men/shorts-men/hawkeye-yoga-short.html','catalog/product/view/id/943/category/19',0,1,NULL,1,'{\"category_id\":\"19\"}'),(406,'product',943,'men/bottoms-men/hawkeye-yoga-short.html','catalog/product/view/id/943/category/13',0,1,NULL,1,'{\"category_id\":\"13\"}'),(407,'product',943,'collections/performance-fabrics/hawkeye-yoga-short.html','catalog/product/view/id/943/category/35',0,1,NULL,1,'{\"category_id\":\"35\"}'),(408,'product',956,'lono-yoga-short.html','catalog/product/view/id/956',0,1,NULL,1,NULL),(409,'product',969,'rapha-sports-short.html','catalog/product/view/id/969',0,1,NULL,1,NULL),(410,'product',982,'orestes-fitness-short.html','catalog/product/view/id/982',0,1,NULL,1,NULL),(411,'product',995,'troy-yoga-short.html','catalog/product/view/id/995',0,1,NULL,1,NULL),(412,'product',1008,'sol-active-short.html','catalog/product/view/id/1008',0,1,NULL,1,NULL),(413,'product',1021,'arcadio-gym-short.html','catalog/product/view/id/1021',0,1,NULL,1,NULL),(414,'product',1034,'pierce-gym-short.html','catalog/product/view/id/1034',0,1,NULL,1,NULL),(415,'product',1050,'mona-pullover-hoodlie.html','catalog/product/view/id/1050',0,1,NULL,1,NULL),(416,'product',956,'men/bottoms-men/shorts-men/lono-yoga-short.html','catalog/product/view/id/956/category/19',0,1,NULL,1,'{\"category_id\":\"19\"}'),(417,'product',956,'men/bottoms-men/lono-yoga-short.html','catalog/product/view/id/956/category/13',0,1,NULL,1,'{\"category_id\":\"13\"}'),(418,'product',956,'collections/yoga-new/lono-yoga-short.html','catalog/product/view/id/956/category/8',0,1,NULL,1,'{\"category_id\":\"8\"}'),(419,'product',969,'men/bottoms-men/shorts-men/rapha-sports-short.html','catalog/product/view/id/969/category/19',0,1,NULL,1,'{\"category_id\":\"19\"}'),(420,'product',969,'men/bottoms-men/rapha-sports-short.html','catalog/product/view/id/969/category/13',0,1,NULL,1,'{\"category_id\":\"13\"}'),(421,'product',969,'promotions/men-sale/rapha-sports-short.html','catalog/product/view/id/969/category/31',0,1,NULL,1,'{\"category_id\":\"31\"}'),(422,'product',969,'collections/erin-recommends/rapha-sports-short.html','catalog/product/view/id/969/category/34',0,1,NULL,1,'{\"category_id\":\"34\"}'),(423,'product',982,'men/bottoms-men/shorts-men/orestes-fitness-short.html','catalog/product/view/id/982/category/19',0,1,NULL,1,'{\"category_id\":\"19\"}'),(424,'product',982,'men/bottoms-men/orestes-fitness-short.html','catalog/product/view/id/982/category/13',0,1,NULL,1,'{\"category_id\":\"13\"}'),(425,'product',982,'promotions/men-sale/orestes-fitness-short.html','catalog/product/view/id/982/category/31',0,1,NULL,1,'{\"category_id\":\"31\"}'),(426,'product',995,'men/bottoms-men/shorts-men/troy-yoga-short.html','catalog/product/view/id/995/category/19',0,1,NULL,1,'{\"category_id\":\"19\"}'),(427,'product',995,'men/bottoms-men/troy-yoga-short.html','catalog/product/view/id/995/category/13',0,1,NULL,1,'{\"category_id\":\"13\"}'),(428,'product',995,'collections/performance-fabrics/troy-yoga-short.html','catalog/product/view/id/995/category/35',0,1,NULL,1,'{\"category_id\":\"35\"}'),(429,'product',1008,'men/bottoms-men/shorts-men/sol-active-short.html','catalog/product/view/id/1008/category/19',0,1,NULL,1,'{\"category_id\":\"19\"}'),(430,'product',1008,'men/bottoms-men/sol-active-short.html','catalog/product/view/id/1008/category/13',0,1,NULL,1,'{\"category_id\":\"13\"}'),(431,'product',1008,'collections/yoga-new/sol-active-short.html','catalog/product/view/id/1008/category/8',0,1,NULL,1,'{\"category_id\":\"8\"}'),(432,'product',1021,'men/bottoms-men/shorts-men/arcadio-gym-short.html','catalog/product/view/id/1021/category/19',0,1,NULL,1,'{\"category_id\":\"19\"}'),(433,'product',1021,'men/bottoms-men/arcadio-gym-short.html','catalog/product/view/id/1021/category/13',0,1,NULL,1,'{\"category_id\":\"13\"}'),(434,'product',1034,'men/bottoms-men/shorts-men/pierce-gym-short.html','catalog/product/view/id/1034/category/19',0,1,NULL,1,'{\"category_id\":\"19\"}'),(435,'product',1034,'men/bottoms-men/pierce-gym-short.html','catalog/product/view/id/1034/category/13',0,1,NULL,1,'{\"category_id\":\"13\"}'),(436,'product',1034,'promotions/men-sale/pierce-gym-short.html','catalog/product/view/id/1034/category/31',0,1,NULL,1,'{\"category_id\":\"31\"}'),(437,'product',1050,'women/tops-women/hoodies-and-sweatshirts-women/mona-pullover-hoodlie.html','catalog/product/view/id/1050/category/24',0,1,NULL,1,'{\"category_id\":\"24\"}'),(438,'product',1050,'women/tops-women/mona-pullover-hoodlie.html','catalog/product/view/id/1050/category/21',0,1,NULL,1,'{\"category_id\":\"21\"}'),(439,'product',1050,'collections/yoga-new/mona-pullover-hoodlie.html','catalog/product/view/id/1050/category/8',0,1,NULL,1,'{\"category_id\":\"8\"}'),(440,'product',1050,'collections/erin-recommends/mona-pullover-hoodlie.html','catalog/product/view/id/1050/category/34',0,1,NULL,1,'{\"category_id\":\"34\"}'),(441,'product',1066,'hera-pullover-hoodie.html','catalog/product/view/id/1066',0,1,NULL,1,NULL),(442,'product',1082,'autumn-pullie.html','catalog/product/view/id/1082',0,1,NULL,1,NULL),(443,'product',1098,'miko-pullover-hoodie.html','catalog/product/view/id/1098',0,1,NULL,1,NULL),(444,'product',1114,'selene-yoga-hoodie.html','catalog/product/view/id/1114',0,1,NULL,1,NULL),(445,'product',1120,'daphne-full-zip-hoodie.html','catalog/product/view/id/1120',0,1,NULL,1,NULL),(446,'product',1136,'phoebe-zipper-sweatshirt.html','catalog/product/view/id/1136',0,1,NULL,1,NULL),(447,'product',1152,'cassia-funnel-sweatshirt.html','catalog/product/view/id/1152',0,1,NULL,1,NULL),(448,'product',1066,'women/tops-women/hoodies-and-sweatshirts-women/hera-pullover-hoodie.html','catalog/product/view/id/1066/category/24',0,1,NULL,1,'{\"category_id\":\"24\"}'),(449,'product',1066,'women/tops-women/hera-pullover-hoodie.html','catalog/product/view/id/1066/category/21',0,1,NULL,1,'{\"category_id\":\"21\"}'),(450,'product',1066,'promotions/women-sale/hera-pullover-hoodie.html','catalog/product/view/id/1066/category/30',0,1,NULL,1,'{\"category_id\":\"30\"}'),(451,'product',1082,'women/tops-women/hoodies-and-sweatshirts-women/autumn-pullie.html','catalog/product/view/id/1082/category/24',0,1,NULL,1,'{\"category_id\":\"24\"}'),(452,'product',1082,'women/tops-women/autumn-pullie.html','catalog/product/view/id/1082/category/21',0,1,NULL,1,'{\"category_id\":\"21\"}'),(453,'product',1098,'women/tops-women/hoodies-and-sweatshirts-women/miko-pullover-hoodie.html','catalog/product/view/id/1098/category/24',0,1,NULL,1,'{\"category_id\":\"24\"}'),(454,'product',1098,'women/tops-women/miko-pullover-hoodie.html','catalog/product/view/id/1098/category/21',0,1,NULL,1,'{\"category_id\":\"21\"}'),(455,'product',1114,'women/tops-women/hoodies-and-sweatshirts-women/selene-yoga-hoodie.html','catalog/product/view/id/1114/category/24',0,1,NULL,1,'{\"category_id\":\"24\"}'),(456,'product',1114,'women/tops-women/selene-yoga-hoodie.html','catalog/product/view/id/1114/category/21',0,1,NULL,1,'{\"category_id\":\"21\"}'),(457,'product',1120,'women/tops-women/hoodies-and-sweatshirts-women/daphne-full-zip-hoodie.html','catalog/product/view/id/1120/category/24',0,1,NULL,1,'{\"category_id\":\"24\"}'),(458,'product',1120,'women/tops-women/daphne-full-zip-hoodie.html','catalog/product/view/id/1120/category/21',0,1,NULL,1,'{\"category_id\":\"21\"}'),(459,'product',1136,'women/tops-women/hoodies-and-sweatshirts-women/phoebe-zipper-sweatshirt.html','catalog/product/view/id/1136/category/24',0,1,NULL,1,'{\"category_id\":\"24\"}'),(460,'product',1136,'women/tops-women/phoebe-zipper-sweatshirt.html','catalog/product/view/id/1136/category/21',0,1,NULL,1,'{\"category_id\":\"21\"}'),(461,'product',1136,'collections/yoga-new/phoebe-zipper-sweatshirt.html','catalog/product/view/id/1136/category/8',0,1,NULL,1,'{\"category_id\":\"8\"}'),(462,'product',1136,'collections/erin-recommends/phoebe-zipper-sweatshirt.html','catalog/product/view/id/1136/category/34',0,1,NULL,1,'{\"category_id\":\"34\"}'),(463,'product',1152,'women/tops-women/hoodies-and-sweatshirts-women/cassia-funnel-sweatshirt.html','catalog/product/view/id/1152/category/24',0,1,NULL,1,'{\"category_id\":\"24\"}'),(464,'product',1152,'women/tops-women/cassia-funnel-sweatshirt.html','catalog/product/view/id/1152/category/21',0,1,NULL,1,'{\"category_id\":\"21\"}'),(465,'product',1152,'promotions/women-sale/cassia-funnel-sweatshirt.html','catalog/product/view/id/1152/category/30',0,1,NULL,1,'{\"category_id\":\"30\"}'),(466,'product',1152,'collections/performance-fabrics/cassia-funnel-sweatshirt.html','catalog/product/view/id/1152/category/35',0,1,NULL,1,'{\"category_id\":\"35\"}'),(467,'product',1168,'ariel-roll-sleeve-sweatshirt.html','catalog/product/view/id/1168',0,1,NULL,1,NULL),(468,'product',1184,'helena-hooded-fleece.html','catalog/product/view/id/1184',0,1,NULL,1,NULL),(469,'product',1200,'eos-v-neck-hoodie.html','catalog/product/view/id/1200',0,1,NULL,1,NULL),(470,'product',1216,'circe-hooded-ice-fleece.html','catalog/product/view/id/1216',0,1,NULL,1,NULL),(473,'product',1168,'women/tops-women/hoodies-and-sweatshirts-women/ariel-roll-sleeve-sweatshirt.html','catalog/product/view/id/1168/category/24',0,1,NULL,1,'{\"category_id\":\"24\"}'),(474,'product',1168,'women/tops-women/ariel-roll-sleeve-sweatshirt.html','catalog/product/view/id/1168/category/21',0,1,NULL,1,'{\"category_id\":\"21\"}'),(475,'product',1168,'collections/eco-friendly/ariel-roll-sleeve-sweatshirt.html','catalog/product/view/id/1168/category/36',0,1,NULL,1,'{\"category_id\":\"36\"}'),(476,'product',1184,'women/tops-women/hoodies-and-sweatshirts-women/helena-hooded-fleece.html','catalog/product/view/id/1184/category/24',0,1,NULL,1,'{\"category_id\":\"24\"}'),(477,'product',1184,'women/tops-women/helena-hooded-fleece.html','catalog/product/view/id/1184/category/21',0,1,NULL,1,'{\"category_id\":\"21\"}'),(478,'product',1184,'collections/yoga-new/helena-hooded-fleece.html','catalog/product/view/id/1184/category/8',0,1,NULL,1,'{\"category_id\":\"8\"}'),(479,'product',1200,'women/tops-women/hoodies-and-sweatshirts-women/eos-v-neck-hoodie.html','catalog/product/view/id/1200/category/24',0,1,NULL,1,'{\"category_id\":\"24\"}'),(480,'product',1200,'women/tops-women/eos-v-neck-hoodie.html','catalog/product/view/id/1200/category/21',0,1,NULL,1,'{\"category_id\":\"21\"}'),(481,'product',1200,'collections/erin-recommends/eos-v-neck-hoodie.html','catalog/product/view/id/1200/category/34',0,1,NULL,1,'{\"category_id\":\"34\"}'),(482,'product',1216,'women/tops-women/hoodies-and-sweatshirts-women/circe-hooded-ice-fleece.html','catalog/product/view/id/1216/category/24',0,1,NULL,1,'{\"category_id\":\"24\"}'),(483,'product',1216,'women/tops-women/circe-hooded-ice-fleece.html','catalog/product/view/id/1216/category/21',0,1,NULL,1,'{\"category_id\":\"21\"}'),(484,'product',1216,'collections/performance-fabrics/circe-hooded-ice-fleece.html','catalog/product/view/id/1216/category/35',0,1,NULL,1,'{\"category_id\":\"35\"}'),(519,'product',1418,'gabrielle-micro-sleeve-top.html','catalog/product/view/id/1418',0,1,NULL,1,NULL),(520,'product',1434,'iris-workout-top.html','catalog/product/view/id/1434',0,1,NULL,1,NULL),(521,'product',1450,'layla-tee.html','catalog/product/view/id/1450',0,1,NULL,1,NULL),(537,'product',1418,'women/tops-women/tees-women/gabrielle-micro-sleeve-top.html','catalog/product/view/id/1418/category/25',0,1,NULL,1,'{\"category_id\":\"25\"}'),(538,'product',1418,'women/tops-women/gabrielle-micro-sleeve-top.html','catalog/product/view/id/1418/category/21',0,1,NULL,1,'{\"category_id\":\"21\"}'),(539,'product',1418,'promotions/tees-all/gabrielle-micro-sleeve-top.html','catalog/product/view/id/1418/category/33',0,1,NULL,1,'{\"category_id\":\"33\"}'),(540,'product',1418,'collections/yoga-new/gabrielle-micro-sleeve-top.html','catalog/product/view/id/1418/category/8',0,1,NULL,1,'{\"category_id\":\"8\"}'),(541,'product',1434,'women/tops-women/tees-women/iris-workout-top.html','catalog/product/view/id/1434/category/25',0,1,NULL,1,'{\"category_id\":\"25\"}'),(542,'product',1434,'women/tops-women/iris-workout-top.html','catalog/product/view/id/1434/category/21',0,1,NULL,1,'{\"category_id\":\"21\"}'),(543,'product',1434,'promotions/tees-all/iris-workout-top.html','catalog/product/view/id/1434/category/33',0,1,NULL,1,'{\"category_id\":\"33\"}'),(544,'product',1434,'collections/performance-fabrics/iris-workout-top.html','catalog/product/view/id/1434/category/35',0,1,NULL,1,'{\"category_id\":\"35\"}'),(545,'product',1450,'women/tops-women/tees-women/layla-tee.html','catalog/product/view/id/1450/category/25',0,1,NULL,1,'{\"category_id\":\"25\"}'),(546,'product',1450,'women/tops-women/layla-tee.html','catalog/product/view/id/1450/category/21',0,1,NULL,1,'{\"category_id\":\"21\"}'),(547,'product',1450,'promotions/tees-all/layla-tee.html','catalog/product/view/id/1450/category/33',0,1,NULL,1,'{\"category_id\":\"33\"}'),(548,'product',1450,'collections/yoga-new/layla-tee.html','catalog/product/view/id/1450/category/8',0,1,NULL,1,'{\"category_id\":\"8\"}'),(549,'product',1450,'collections/eco-friendly/layla-tee.html','catalog/product/view/id/1450/category/36',0,1,NULL,1,'{\"category_id\":\"36\"}'),(550,'product',1466,'elisa-evercool-trade-tee.html','catalog/product/view/id/1466',0,1,NULL,1,NULL),(551,'product',1482,'juliana-short-sleeve-tee.html','catalog/product/view/id/1482',0,1,NULL,1,NULL),(552,'product',1498,'minerva-lumatech-trade-v-tee.html','catalog/product/view/id/1498',0,1,NULL,1,NULL),(553,'product',1514,'tiffany-fitness-tee.html','catalog/product/view/id/1514',0,1,NULL,1,NULL),(554,'product',1530,'karissa-v-neck-tee.html','catalog/product/view/id/1530',0,1,NULL,1,NULL),(555,'product',1546,'diva-gym-tee.html','catalog/product/view/id/1546',0,1,NULL,1,NULL),(556,'product',1466,'women/tops-women/tees-women/elisa-evercool-trade-tee.html','catalog/product/view/id/1466/category/25',0,1,NULL,1,'{\"category_id\":\"25\"}'),(557,'product',1466,'women/tops-women/elisa-evercool-trade-tee.html','catalog/product/view/id/1466/category/21',0,1,NULL,1,'{\"category_id\":\"21\"}'),(558,'product',1466,'promotions/tees-all/elisa-evercool-trade-tee.html','catalog/product/view/id/1466/category/33',0,1,NULL,1,'{\"category_id\":\"33\"}'),(559,'product',1466,'collections/yoga-new/elisa-evercool-trade-tee.html','catalog/product/view/id/1466/category/8',0,1,NULL,1,'{\"category_id\":\"8\"}'),(560,'product',1466,'collections/eco-friendly/elisa-evercool-trade-tee.html','catalog/product/view/id/1466/category/36',0,1,NULL,1,'{\"category_id\":\"36\"}'),(561,'product',1482,'women/tops-women/tees-women/juliana-short-sleeve-tee.html','catalog/product/view/id/1482/category/25',0,1,NULL,1,'{\"category_id\":\"25\"}'),(562,'product',1482,'women/tops-women/juliana-short-sleeve-tee.html','catalog/product/view/id/1482/category/21',0,1,NULL,1,'{\"category_id\":\"21\"}'),(563,'product',1482,'promotions/tees-all/juliana-short-sleeve-tee.html','catalog/product/view/id/1482/category/33',0,1,NULL,1,'{\"category_id\":\"33\"}'),(564,'product',1482,'collections/yoga-new/juliana-short-sleeve-tee.html','catalog/product/view/id/1482/category/8',0,1,NULL,1,'{\"category_id\":\"8\"}'),(565,'product',1482,'collections/erin-recommends/juliana-short-sleeve-tee.html','catalog/product/view/id/1482/category/34',0,1,NULL,1,'{\"category_id\":\"34\"}'),(566,'product',1498,'women/tops-women/tees-women/minerva-lumatech-trade-v-tee.html','catalog/product/view/id/1498/category/25',0,1,NULL,1,'{\"category_id\":\"25\"}'),(567,'product',1498,'women/tops-women/minerva-lumatech-trade-v-tee.html','catalog/product/view/id/1498/category/21',0,1,NULL,1,'{\"category_id\":\"21\"}'),(568,'product',1498,'promotions/tees-all/minerva-lumatech-trade-v-tee.html','catalog/product/view/id/1498/category/33',0,1,NULL,1,'{\"category_id\":\"33\"}'),(569,'product',1498,'promotions/women-sale/minerva-lumatech-trade-v-tee.html','catalog/product/view/id/1498/category/30',0,1,NULL,1,'{\"category_id\":\"30\"}'),(570,'product',1514,'women/tops-women/tees-women/tiffany-fitness-tee.html','catalog/product/view/id/1514/category/25',0,1,NULL,1,'{\"category_id\":\"25\"}'),(571,'product',1514,'women/tops-women/tiffany-fitness-tee.html','catalog/product/view/id/1514/category/21',0,1,NULL,1,'{\"category_id\":\"21\"}'),(572,'product',1514,'promotions/tees-all/tiffany-fitness-tee.html','catalog/product/view/id/1514/category/33',0,1,NULL,1,'{\"category_id\":\"33\"}'),(573,'product',1514,'promotions/women-sale/tiffany-fitness-tee.html','catalog/product/view/id/1514/category/30',0,1,NULL,1,'{\"category_id\":\"30\"}'),(574,'product',1514,'collections/eco-friendly/tiffany-fitness-tee.html','catalog/product/view/id/1514/category/36',0,1,NULL,1,'{\"category_id\":\"36\"}'),(575,'product',1530,'women/tops-women/tees-women/karissa-v-neck-tee.html','catalog/product/view/id/1530/category/25',0,1,NULL,1,'{\"category_id\":\"25\"}'),(576,'product',1530,'women/tops-women/karissa-v-neck-tee.html','catalog/product/view/id/1530/category/21',0,1,NULL,1,'{\"category_id\":\"21\"}'),(577,'product',1530,'promotions/tees-all/karissa-v-neck-tee.html','catalog/product/view/id/1530/category/33',0,1,NULL,1,'{\"category_id\":\"33\"}'),(578,'product',1530,'collections/performance-fabrics/karissa-v-neck-tee.html','catalog/product/view/id/1530/category/35',0,1,NULL,1,'{\"category_id\":\"35\"}'),(579,'product',1546,'women/tops-women/tees-women/diva-gym-tee.html','catalog/product/view/id/1546/category/25',0,1,NULL,1,'{\"category_id\":\"25\"}'),(580,'product',1546,'women/tops-women/diva-gym-tee.html','catalog/product/view/id/1546/category/21',0,1,NULL,1,'{\"category_id\":\"21\"}'),(581,'product',1546,'promotions/tees-all/diva-gym-tee.html','catalog/product/view/id/1546/category/33',0,1,NULL,1,'{\"category_id\":\"33\"}'),(582,'product',1546,'promotions/women-sale/diva-gym-tee.html','catalog/product/view/id/1546/category/30',0,1,NULL,1,'{\"category_id\":\"30\"}'),(583,'product',1546,'collections/erin-recommends/diva-gym-tee.html','catalog/product/view/id/1546/category/34',0,1,NULL,1,'{\"category_id\":\"34\"}'),(584,'product',1562,'radiant-tee.html','catalog/product/view/id/1562',0,1,NULL,1,NULL),(585,'product',1578,'gwyn-endurance-tee.html','catalog/product/view/id/1578',0,1,NULL,1,NULL),(586,'product',1594,'desiree-fitness-tee.html','catalog/product/view/id/1594',0,1,NULL,1,NULL),(587,'product',1610,'electra-bra-top.html','catalog/product/view/id/1610',0,1,NULL,1,NULL),(588,'product',1626,'erica-evercool-sports-bra.html','catalog/product/view/id/1626',0,1,NULL,1,NULL),(589,'product',1642,'celeste-sports-bra.html','catalog/product/view/id/1642',0,1,NULL,1,NULL),(590,'product',1562,'women/tops-women/tees-women/radiant-tee.html','catalog/product/view/id/1562/category/25',0,1,NULL,1,'{\"category_id\":\"25\"}'),(591,'product',1562,'women/tops-women/radiant-tee.html','catalog/product/view/id/1562/category/21',0,1,NULL,1,'{\"category_id\":\"21\"}'),(592,'product',1562,'promotions/tees-all/radiant-tee.html','catalog/product/view/id/1562/category/33',0,1,NULL,1,'{\"category_id\":\"33\"}'),(593,'product',1562,'collections/performance-fabrics/radiant-tee.html','catalog/product/view/id/1562/category/35',0,1,NULL,1,'{\"category_id\":\"35\"}'),(594,'product',1578,'women/tops-women/tees-women/gwyn-endurance-tee.html','catalog/product/view/id/1578/category/25',0,1,NULL,1,'{\"category_id\":\"25\"}'),(595,'product',1578,'women/tops-women/gwyn-endurance-tee.html','catalog/product/view/id/1578/category/21',0,1,NULL,1,'{\"category_id\":\"21\"}'),(596,'product',1578,'promotions/tees-all/gwyn-endurance-tee.html','catalog/product/view/id/1578/category/33',0,1,NULL,1,'{\"category_id\":\"33\"}'),(597,'product',1594,'women/tops-women/tees-women/desiree-fitness-tee.html','catalog/product/view/id/1594/category/25',0,1,NULL,1,'{\"category_id\":\"25\"}'),(598,'product',1594,'women/tops-women/desiree-fitness-tee.html','catalog/product/view/id/1594/category/21',0,1,NULL,1,'{\"category_id\":\"21\"}'),(599,'product',1594,'promotions/tees-all/desiree-fitness-tee.html','catalog/product/view/id/1594/category/33',0,1,NULL,1,'{\"category_id\":\"33\"}'),(600,'product',1610,'women/tops-women/tanks-women/electra-bra-top.html','catalog/product/view/id/1610/category/26',0,1,NULL,1,'{\"category_id\":\"26\"}'),(601,'product',1610,'women/tops-women/electra-bra-top.html','catalog/product/view/id/1610/category/21',0,1,NULL,1,'{\"category_id\":\"21\"}'),(602,'product',1610,'promotions/women-sale/electra-bra-top.html','catalog/product/view/id/1610/category/30',0,1,NULL,1,'{\"category_id\":\"30\"}'),(603,'product',1610,'collections/eco-friendly/electra-bra-top.html','catalog/product/view/id/1610/category/36',0,1,NULL,1,'{\"category_id\":\"36\"}'),(604,'product',1626,'women/tops-women/tanks-women/erica-evercool-sports-bra.html','catalog/product/view/id/1626/category/26',0,1,NULL,1,'{\"category_id\":\"26\"}'),(605,'product',1626,'women/tops-women/erica-evercool-sports-bra.html','catalog/product/view/id/1626/category/21',0,1,NULL,1,'{\"category_id\":\"21\"}'),(606,'product',1642,'women/tops-women/tanks-women/celeste-sports-bra.html','catalog/product/view/id/1642/category/26',0,1,NULL,1,'{\"category_id\":\"26\"}'),(607,'product',1642,'women/tops-women/celeste-sports-bra.html','catalog/product/view/id/1642/category/21',0,1,NULL,1,'{\"category_id\":\"21\"}'),(608,'product',1642,'collections/yoga-new/celeste-sports-bra.html','catalog/product/view/id/1642/category/8',0,1,NULL,1,'{\"category_id\":\"8\"}'),(609,'product',1642,'collections/performance-fabrics/celeste-sports-bra.html','catalog/product/view/id/1642/category/35',0,1,NULL,1,'{\"category_id\":\"35\"}'),(610,'product',1658,'prima-compete-bra-top.html','catalog/product/view/id/1658',0,1,NULL,1,NULL),(611,'product',1674,'lucia-cross-fit-bra.html','catalog/product/view/id/1674',0,1,NULL,1,NULL),(612,'product',1690,'bella-tank.html','catalog/product/view/id/1690',0,1,NULL,1,NULL),(613,'product',1706,'zoe-tank.html','catalog/product/view/id/1706',0,1,NULL,1,NULL),(614,'product',1722,'nora-practice-tank.html','catalog/product/view/id/1722',0,1,NULL,1,NULL),(615,'product',1738,'nona-fitness-tank.html','catalog/product/view/id/1738',0,1,NULL,1,NULL),(616,'product',1658,'women/tops-women/tanks-women/prima-compete-bra-top.html','catalog/product/view/id/1658/category/26',0,1,NULL,1,'{\"category_id\":\"26\"}'),(617,'product',1658,'women/tops-women/prima-compete-bra-top.html','catalog/product/view/id/1658/category/21',0,1,NULL,1,'{\"category_id\":\"21\"}'),(618,'product',1674,'women/tops-women/tanks-women/lucia-cross-fit-bra.html','catalog/product/view/id/1674/category/26',0,1,NULL,1,'{\"category_id\":\"26\"}'),(619,'product',1674,'women/tops-women/lucia-cross-fit-bra.html','catalog/product/view/id/1674/category/21',0,1,NULL,1,'{\"category_id\":\"21\"}'),(620,'product',1690,'women/tops-women/tanks-women/bella-tank.html','catalog/product/view/id/1690/category/26',0,1,NULL,1,'{\"category_id\":\"26\"}'),(621,'product',1690,'women/tops-women/bella-tank.html','catalog/product/view/id/1690/category/21',0,1,NULL,1,'{\"category_id\":\"21\"}'),(622,'product',1690,'collections/eco-friendly/bella-tank.html','catalog/product/view/id/1690/category/36',0,1,NULL,1,'{\"category_id\":\"36\"}'),(623,'product',1706,'women/tops-women/tanks-women/zoe-tank.html','catalog/product/view/id/1706/category/26',0,1,NULL,1,'{\"category_id\":\"26\"}'),(624,'product',1706,'women/tops-women/zoe-tank.html','catalog/product/view/id/1706/category/21',0,1,NULL,1,'{\"category_id\":\"21\"}'),(625,'product',1722,'women/tops-women/tanks-women/nora-practice-tank.html','catalog/product/view/id/1722/category/26',0,1,NULL,1,'{\"category_id\":\"26\"}'),(626,'product',1722,'women/tops-women/nora-practice-tank.html','catalog/product/view/id/1722/category/21',0,1,NULL,1,'{\"category_id\":\"21\"}'),(627,'product',1722,'collections/yoga-new/nora-practice-tank.html','catalog/product/view/id/1722/category/8',0,1,NULL,1,'{\"category_id\":\"8\"}'),(628,'product',1722,'collections/erin-recommends/nora-practice-tank.html','catalog/product/view/id/1722/category/34',0,1,NULL,1,'{\"category_id\":\"34\"}'),(629,'product',1738,'women/tops-women/tanks-women/nona-fitness-tank.html','catalog/product/view/id/1738/category/26',0,1,NULL,1,'{\"category_id\":\"26\"}'),(630,'product',1738,'women/tops-women/nona-fitness-tank.html','catalog/product/view/id/1738/category/21',0,1,NULL,1,'{\"category_id\":\"21\"}'),(631,'product',1738,'collections/performance-fabrics/nona-fitness-tank.html','catalog/product/view/id/1738/category/35',0,1,NULL,1,'{\"category_id\":\"35\"}'),(632,'product',1754,'leah-yoga-top.html','catalog/product/view/id/1754',0,1,NULL,1,NULL),(633,'product',1770,'chloe-compete-tank.html','catalog/product/view/id/1770',0,1,NULL,1,NULL),(634,'product',1786,'maya-tunic.html','catalog/product/view/id/1786',0,1,NULL,1,NULL),(635,'product',1802,'antonia-racer-tank.html','catalog/product/view/id/1802',0,1,NULL,1,NULL),(636,'product',1818,'breathe-easy-tank.html','catalog/product/view/id/1818',0,1,NULL,1,NULL),(637,'product',1825,'karmen-yoga-pant.html','catalog/product/view/id/1825',0,1,NULL,1,NULL),(638,'product',1832,'emma-leggings.html','catalog/product/view/id/1832',0,1,NULL,1,NULL),(639,'product',1839,'ida-workout-parachute-pant.html','catalog/product/view/id/1839',0,1,NULL,1,NULL),(640,'product',1846,'cora-parachute-pant.html','catalog/product/view/id/1846',0,1,NULL,1,NULL),(641,'product',1754,'women/tops-women/tanks-women/leah-yoga-top.html','catalog/product/view/id/1754/category/26',0,1,NULL,1,'{\"category_id\":\"26\"}'),(642,'product',1754,'women/tops-women/leah-yoga-top.html','catalog/product/view/id/1754/category/21',0,1,NULL,1,'{\"category_id\":\"21\"}'),(643,'product',1754,'collections/erin-recommends/leah-yoga-top.html','catalog/product/view/id/1754/category/34',0,1,NULL,1,'{\"category_id\":\"34\"}'),(644,'product',1770,'women/tops-women/tanks-women/chloe-compete-tank.html','catalog/product/view/id/1770/category/26',0,1,NULL,1,'{\"category_id\":\"26\"}'),(645,'product',1770,'women/tops-women/chloe-compete-tank.html','catalog/product/view/id/1770/category/21',0,1,NULL,1,'{\"category_id\":\"21\"}'),(646,'product',1786,'women/tops-women/tanks-women/maya-tunic.html','catalog/product/view/id/1786/category/26',0,1,NULL,1,'{\"category_id\":\"26\"}'),(647,'product',1786,'women/tops-women/maya-tunic.html','catalog/product/view/id/1786/category/21',0,1,NULL,1,'{\"category_id\":\"21\"}'),(648,'product',1786,'collections/performance-fabrics/maya-tunic.html','catalog/product/view/id/1786/category/35',0,1,NULL,1,'{\"category_id\":\"35\"}'),(649,'product',1802,'women/tops-women/tanks-women/antonia-racer-tank.html','catalog/product/view/id/1802/category/26',0,1,NULL,1,'{\"category_id\":\"26\"}'),(650,'product',1802,'women/tops-women/antonia-racer-tank.html','catalog/product/view/id/1802/category/21',0,1,NULL,1,'{\"category_id\":\"21\"}'),(651,'product',1802,'promotions/women-sale/antonia-racer-tank.html','catalog/product/view/id/1802/category/30',0,1,NULL,1,'{\"category_id\":\"30\"}'),(652,'product',1802,'collections/performance-fabrics/antonia-racer-tank.html','catalog/product/view/id/1802/category/35',0,1,NULL,1,'{\"category_id\":\"35\"}'),(653,'product',1818,'women/tops-women/tanks-women/breathe-easy-tank.html','catalog/product/view/id/1818/category/26',0,1,NULL,1,'{\"category_id\":\"26\"}'),(654,'product',1818,'women/tops-women/breathe-easy-tank.html','catalog/product/view/id/1818/category/21',0,1,NULL,1,'{\"category_id\":\"21\"}'),(655,'product',1818,'promotions/women-sale/breathe-easy-tank.html','catalog/product/view/id/1818/category/30',0,1,NULL,1,'{\"category_id\":\"30\"}'),(656,'product',1818,'collections/erin-recommends/breathe-easy-tank.html','catalog/product/view/id/1818/category/34',0,1,NULL,1,'{\"category_id\":\"34\"}'),(657,'product',1825,'women/bottoms-women/pants-women/karmen-yoga-pant.html','catalog/product/view/id/1825/category/27',0,1,NULL,1,'{\"category_id\":\"27\"}'),(658,'product',1825,'women/bottoms-women/karmen-yoga-pant.html','catalog/product/view/id/1825/category/22',0,1,NULL,1,'{\"category_id\":\"22\"}'),(659,'product',1825,'promotions/pants-all/karmen-yoga-pant.html','catalog/product/view/id/1825/category/32',0,1,NULL,1,'{\"category_id\":\"32\"}'),(660,'product',1825,'collections/performance-fabrics/karmen-yoga-pant.html','catalog/product/view/id/1825/category/35',0,1,NULL,1,'{\"category_id\":\"35\"}'),(661,'product',1832,'women/bottoms-women/pants-women/emma-leggings.html','catalog/product/view/id/1832/category/27',0,1,NULL,1,'{\"category_id\":\"27\"}'),(662,'product',1832,'women/bottoms-women/emma-leggings.html','catalog/product/view/id/1832/category/22',0,1,NULL,1,'{\"category_id\":\"22\"}'),(663,'product',1832,'promotions/pants-all/emma-leggings.html','catalog/product/view/id/1832/category/32',0,1,NULL,1,'{\"category_id\":\"32\"}'),(664,'product',1832,'collections/performance-fabrics/emma-leggings.html','catalog/product/view/id/1832/category/35',0,1,NULL,1,'{\"category_id\":\"35\"}'),(665,'product',1839,'women/bottoms-women/pants-women/ida-workout-parachute-pant.html','catalog/product/view/id/1839/category/27',0,1,NULL,1,'{\"category_id\":\"27\"}'),(666,'product',1839,'women/bottoms-women/ida-workout-parachute-pant.html','catalog/product/view/id/1839/category/22',0,1,NULL,1,'{\"category_id\":\"22\"}'),(667,'product',1839,'promotions/pants-all/ida-workout-parachute-pant.html','catalog/product/view/id/1839/category/32',0,1,NULL,1,'{\"category_id\":\"32\"}'),(668,'product',1839,'collections/yoga-new/ida-workout-parachute-pant.html','catalog/product/view/id/1839/category/8',0,1,NULL,1,'{\"category_id\":\"8\"}'),(669,'product',1846,'women/bottoms-women/pants-women/cora-parachute-pant.html','catalog/product/view/id/1846/category/27',0,1,NULL,1,'{\"category_id\":\"27\"}'),(670,'product',1846,'women/bottoms-women/cora-parachute-pant.html','catalog/product/view/id/1846/category/22',0,1,NULL,1,'{\"category_id\":\"22\"}'),(671,'product',1846,'promotions/pants-all/cora-parachute-pant.html','catalog/product/view/id/1846/category/32',0,1,NULL,1,'{\"category_id\":\"32\"}'),(672,'product',1853,'sahara-leggings.html','catalog/product/view/id/1853',0,1,NULL,1,NULL),(673,'product',1860,'diana-tights.html','catalog/product/view/id/1860',0,1,NULL,1,NULL),(674,'product',1867,'aeon-capri.html','catalog/product/view/id/1867',0,1,NULL,1,NULL),(675,'product',1874,'bardot-capri.html','catalog/product/view/id/1874',0,1,NULL,1,NULL),(676,'product',1881,'carina-basic-capri.html','catalog/product/view/id/1881',0,1,NULL,1,NULL),(677,'product',1888,'daria-bikram-pant.html','catalog/product/view/id/1888',0,1,NULL,1,NULL),(678,'product',1895,'sylvia-capri.html','catalog/product/view/id/1895',0,1,NULL,1,NULL),(679,'product',1902,'deirdre-relaxed-fit-capri.html','catalog/product/view/id/1902',0,1,NULL,1,NULL),(680,'product',1909,'portia-capri.html','catalog/product/view/id/1909',0,1,NULL,1,NULL),(681,'product',1925,'fiona-fitness-short.html','catalog/product/view/id/1925',0,1,NULL,1,NULL),(682,'product',1941,'maxima-drawstring-short.html','catalog/product/view/id/1941',0,1,NULL,1,NULL),(683,'product',1853,'women/bottoms-women/pants-women/sahara-leggings.html','catalog/product/view/id/1853/category/27',0,1,NULL,1,'{\"category_id\":\"27\"}'),(684,'product',1853,'women/bottoms-women/sahara-leggings.html','catalog/product/view/id/1853/category/22',0,1,NULL,1,'{\"category_id\":\"22\"}'),(685,'product',1853,'promotions/pants-all/sahara-leggings.html','catalog/product/view/id/1853/category/32',0,1,NULL,1,'{\"category_id\":\"32\"}'),(686,'product',1853,'collections/erin-recommends/sahara-leggings.html','catalog/product/view/id/1853/category/34',0,1,NULL,1,'{\"category_id\":\"34\"}'),(687,'product',1860,'women/bottoms-women/pants-women/diana-tights.html','catalog/product/view/id/1860/category/27',0,1,NULL,1,'{\"category_id\":\"27\"}'),(688,'product',1860,'women/bottoms-women/diana-tights.html','catalog/product/view/id/1860/category/22',0,1,NULL,1,'{\"category_id\":\"22\"}'),(689,'product',1860,'promotions/pants-all/diana-tights.html','catalog/product/view/id/1860/category/32',0,1,NULL,1,'{\"category_id\":\"32\"}'),(690,'product',1860,'collections/erin-recommends/diana-tights.html','catalog/product/view/id/1860/category/34',0,1,NULL,1,'{\"category_id\":\"34\"}'),(691,'product',1867,'women/bottoms-women/pants-women/aeon-capri.html','catalog/product/view/id/1867/category/27',0,1,NULL,1,'{\"category_id\":\"27\"}'),(692,'product',1867,'women/bottoms-women/aeon-capri.html','catalog/product/view/id/1867/category/22',0,1,NULL,1,'{\"category_id\":\"22\"}'),(693,'product',1867,'promotions/pants-all/aeon-capri.html','catalog/product/view/id/1867/category/32',0,1,NULL,1,'{\"category_id\":\"32\"}'),(694,'product',1867,'collections/performance-fabrics/aeon-capri.html','catalog/product/view/id/1867/category/35',0,1,NULL,1,'{\"category_id\":\"35\"}'),(695,'product',1874,'women/bottoms-women/pants-women/bardot-capri.html','catalog/product/view/id/1874/category/27',0,1,NULL,1,'{\"category_id\":\"27\"}'),(696,'product',1874,'women/bottoms-women/bardot-capri.html','catalog/product/view/id/1874/category/22',0,1,NULL,1,'{\"category_id\":\"22\"}'),(697,'product',1874,'promotions/pants-all/bardot-capri.html','catalog/product/view/id/1874/category/32',0,1,NULL,1,'{\"category_id\":\"32\"}'),(698,'product',1881,'women/bottoms-women/pants-women/carina-basic-capri.html','catalog/product/view/id/1881/category/27',0,1,NULL,1,'{\"category_id\":\"27\"}'),(699,'product',1881,'women/bottoms-women/carina-basic-capri.html','catalog/product/view/id/1881/category/22',0,1,NULL,1,'{\"category_id\":\"22\"}'),(700,'product',1881,'promotions/pants-all/carina-basic-capri.html','catalog/product/view/id/1881/category/32',0,1,NULL,1,'{\"category_id\":\"32\"}'),(701,'product',1888,'women/bottoms-women/pants-women/daria-bikram-pant.html','catalog/product/view/id/1888/category/27',0,1,NULL,1,'{\"category_id\":\"27\"}'),(702,'product',1888,'women/bottoms-women/daria-bikram-pant.html','catalog/product/view/id/1888/category/22',0,1,NULL,1,'{\"category_id\":\"22\"}'),(703,'product',1888,'promotions/pants-all/daria-bikram-pant.html','catalog/product/view/id/1888/category/32',0,1,NULL,1,'{\"category_id\":\"32\"}'),(704,'product',1888,'collections/eco-friendly/daria-bikram-pant.html','catalog/product/view/id/1888/category/36',0,1,NULL,1,'{\"category_id\":\"36\"}'),(705,'product',1895,'women/bottoms-women/pants-women/sylvia-capri.html','catalog/product/view/id/1895/category/27',0,1,NULL,1,'{\"category_id\":\"27\"}'),(706,'product',1895,'women/bottoms-women/sylvia-capri.html','catalog/product/view/id/1895/category/22',0,1,NULL,1,'{\"category_id\":\"22\"}'),(707,'product',1895,'promotions/pants-all/sylvia-capri.html','catalog/product/view/id/1895/category/32',0,1,NULL,1,'{\"category_id\":\"32\"}'),(708,'product',1902,'women/bottoms-women/pants-women/deirdre-relaxed-fit-capri.html','catalog/product/view/id/1902/category/27',0,1,NULL,1,'{\"category_id\":\"27\"}'),(709,'product',1902,'women/bottoms-women/deirdre-relaxed-fit-capri.html','catalog/product/view/id/1902/category/22',0,1,NULL,1,'{\"category_id\":\"22\"}'),(710,'product',1902,'promotions/pants-all/deirdre-relaxed-fit-capri.html','catalog/product/view/id/1902/category/32',0,1,NULL,1,'{\"category_id\":\"32\"}'),(711,'product',1902,'collections/performance-fabrics/deirdre-relaxed-fit-capri.html','catalog/product/view/id/1902/category/35',0,1,NULL,1,'{\"category_id\":\"35\"}'),(712,'product',1909,'women/bottoms-women/pants-women/portia-capri.html','catalog/product/view/id/1909/category/27',0,1,NULL,1,'{\"category_id\":\"27\"}'),(713,'product',1909,'women/bottoms-women/portia-capri.html','catalog/product/view/id/1909/category/22',0,1,NULL,1,'{\"category_id\":\"22\"}'),(714,'product',1909,'promotions/pants-all/portia-capri.html','catalog/product/view/id/1909/category/32',0,1,NULL,1,'{\"category_id\":\"32\"}'),(715,'product',1909,'collections/erin-recommends/portia-capri.html','catalog/product/view/id/1909/category/34',0,1,NULL,1,'{\"category_id\":\"34\"}'),(716,'product',1925,'women/bottoms-women/shorts-women/fiona-fitness-short.html','catalog/product/view/id/1925/category/28',0,1,NULL,1,'{\"category_id\":\"28\"}'),(717,'product',1925,'women/bottoms-women/fiona-fitness-short.html','catalog/product/view/id/1925/category/22',0,1,NULL,1,'{\"category_id\":\"22\"}'),(718,'product',1925,'collections/yoga-new/fiona-fitness-short.html','catalog/product/view/id/1925/category/8',0,1,NULL,1,'{\"category_id\":\"8\"}'),(719,'product',1925,'collections/eco-friendly/fiona-fitness-short.html','catalog/product/view/id/1925/category/36',0,1,NULL,1,'{\"category_id\":\"36\"}'),(720,'product',1941,'women/bottoms-women/shorts-women/maxima-drawstring-short.html','catalog/product/view/id/1941/category/28',0,1,NULL,1,'{\"category_id\":\"28\"}'),(721,'product',1941,'women/bottoms-women/maxima-drawstring-short.html','catalog/product/view/id/1941/category/22',0,1,NULL,1,'{\"category_id\":\"22\"}'),(722,'product',1941,'promotions/women-sale/maxima-drawstring-short.html','catalog/product/view/id/1941/category/30',0,1,NULL,1,'{\"category_id\":\"30\"}'),(723,'product',1957,'gwen-drawstring-bike-short.html','catalog/product/view/id/1957',0,1,NULL,1,NULL),(724,'product',1973,'artemis-running-short.html','catalog/product/view/id/1973',0,1,NULL,1,NULL),(725,'product',1989,'bess-yoga-short.html','catalog/product/view/id/1989',0,1,NULL,1,NULL),(726,'product',1996,'angel-light-running-short.html','catalog/product/view/id/1996',0,1,NULL,1,NULL),(727,'product',2003,'echo-fit-compression-short.html','catalog/product/view/id/2003',0,1,NULL,1,NULL),(728,'product',2009,'sybil-running-short.html','catalog/product/view/id/2009',0,1,NULL,1,NULL),(729,'product',2016,'mimi-all-purpose-short.html','catalog/product/view/id/2016',0,1,NULL,1,NULL),(730,'product',2023,'ana-running-short.html','catalog/product/view/id/2023',0,1,NULL,1,NULL),(731,'product',2030,'ina-compression-short.html','catalog/product/view/id/2030',0,1,NULL,1,NULL),(732,'product',2046,'erika-running-short.html','catalog/product/view/id/2046',0,1,NULL,1,NULL),(733,'product',1957,'women/bottoms-women/shorts-women/gwen-drawstring-bike-short.html','catalog/product/view/id/1957/category/28',0,1,NULL,1,'{\"category_id\":\"28\"}'),(734,'product',1957,'women/bottoms-women/gwen-drawstring-bike-short.html','catalog/product/view/id/1957/category/22',0,1,NULL,1,'{\"category_id\":\"22\"}'),(735,'product',1957,'collections/yoga-new/gwen-drawstring-bike-short.html','catalog/product/view/id/1957/category/8',0,1,NULL,1,'{\"category_id\":\"8\"}'),(736,'product',1957,'collections/performance-fabrics/gwen-drawstring-bike-short.html','catalog/product/view/id/1957/category/35',0,1,NULL,1,'{\"category_id\":\"35\"}'),(737,'product',1973,'women/bottoms-women/shorts-women/artemis-running-short.html','catalog/product/view/id/1973/category/28',0,1,NULL,1,'{\"category_id\":\"28\"}'),(738,'product',1973,'women/bottoms-women/artemis-running-short.html','catalog/product/view/id/1973/category/22',0,1,NULL,1,'{\"category_id\":\"22\"}'),(739,'product',1989,'women/bottoms-women/shorts-women/bess-yoga-short.html','catalog/product/view/id/1989/category/28',0,1,NULL,1,'{\"category_id\":\"28\"}'),(740,'product',1989,'women/bottoms-women/bess-yoga-short.html','catalog/product/view/id/1989/category/22',0,1,NULL,1,'{\"category_id\":\"22\"}'),(741,'product',1989,'promotions/women-sale/bess-yoga-short.html','catalog/product/view/id/1989/category/30',0,1,NULL,1,'{\"category_id\":\"30\"}'),(742,'product',1996,'women/bottoms-women/shorts-women/angel-light-running-short.html','catalog/product/view/id/1996/category/28',0,1,NULL,1,'{\"category_id\":\"28\"}'),(743,'product',1996,'women/bottoms-women/angel-light-running-short.html','catalog/product/view/id/1996/category/22',0,1,NULL,1,'{\"category_id\":\"22\"}'),(744,'product',2003,'women/bottoms-women/shorts-women/echo-fit-compression-short.html','catalog/product/view/id/2003/category/28',0,1,NULL,1,'{\"category_id\":\"28\"}'),(745,'product',2003,'women/bottoms-women/echo-fit-compression-short.html','catalog/product/view/id/2003/category/22',0,1,NULL,1,'{\"category_id\":\"22\"}'),(746,'product',2003,'collections/yoga-new/echo-fit-compression-short.html','catalog/product/view/id/2003/category/8',0,1,NULL,1,'{\"category_id\":\"8\"}'),(747,'product',2009,'women/bottoms-women/shorts-women/sybil-running-short.html','catalog/product/view/id/2009/category/28',0,1,NULL,1,'{\"category_id\":\"28\"}'),(748,'product',2009,'women/bottoms-women/sybil-running-short.html','catalog/product/view/id/2009/category/22',0,1,NULL,1,'{\"category_id\":\"22\"}'),(749,'product',2009,'collections/performance-fabrics/sybil-running-short.html','catalog/product/view/id/2009/category/35',0,1,NULL,1,'{\"category_id\":\"35\"}'),(750,'product',2016,'women/bottoms-women/shorts-women/mimi-all-purpose-short.html','catalog/product/view/id/2016/category/28',0,1,NULL,1,'{\"category_id\":\"28\"}'),(751,'product',2016,'women/bottoms-women/mimi-all-purpose-short.html','catalog/product/view/id/2016/category/22',0,1,NULL,1,'{\"category_id\":\"22\"}'),(752,'product',2023,'women/bottoms-women/shorts-women/ana-running-short.html','catalog/product/view/id/2023/category/28',0,1,NULL,1,'{\"category_id\":\"28\"}'),(753,'product',2023,'women/bottoms-women/ana-running-short.html','catalog/product/view/id/2023/category/22',0,1,NULL,1,'{\"category_id\":\"22\"}'),(754,'product',2023,'collections/eco-friendly/ana-running-short.html','catalog/product/view/id/2023/category/36',0,1,NULL,1,'{\"category_id\":\"36\"}'),(755,'product',2030,'women/bottoms-women/shorts-women/ina-compression-short.html','catalog/product/view/id/2030/category/28',0,1,NULL,1,'{\"category_id\":\"28\"}'),(756,'product',2030,'women/bottoms-women/ina-compression-short.html','catalog/product/view/id/2030/category/22',0,1,NULL,1,'{\"category_id\":\"22\"}'),(757,'product',2030,'collections/erin-recommends/ina-compression-short.html','catalog/product/view/id/2030/category/34',0,1,NULL,1,'{\"category_id\":\"34\"}'),(758,'product',2046,'women/bottoms-women/shorts-women/erika-running-short.html','catalog/product/view/id/2046/category/28',0,1,NULL,1,'{\"category_id\":\"28\"}'),(759,'product',2046,'women/bottoms-women/erika-running-short.html','catalog/product/view/id/2046/category/22',0,1,NULL,1,'{\"category_id\":\"22\"}'),(760,'product',2046,'collections/erin-recommends/erika-running-short.html','catalog/product/view/id/2046/category/34',0,1,NULL,1,'{\"category_id\":\"34\"}'),(761,'product',1226,'stellar-solar-jacket.html','catalog/product/view/id/1226',0,1,NULL,1,NULL),(762,'product',1226,'women/tops-women/jackets-women/stellar-solar-jacket.html','catalog/product/view/id/1226/category/23',0,1,NULL,1,'{\"category_id\":\"23\"}'),(763,'product',1226,'collections/yoga-new/stellar-solar-jacket.html','catalog/product/view/id/1226/category/8',0,1,NULL,1,'{\"category_id\":\"8\"}'),(764,'product',1226,'collections/erin-recommends/stellar-solar-jacket.html','catalog/product/view/id/1226/category/34',0,1,NULL,1,'{\"category_id\":\"34\"}'),(765,'product',1226,'women/tops-women/stellar-solar-jacket.html','catalog/product/view/id/1226/category/21',0,1,NULL,1,'{\"category_id\":\"21\"}'),(766,'product',1242,'josie-yoga-jacket.html','catalog/product/view/id/1242',0,1,NULL,1,NULL),(767,'product',1242,'women/tops-women/jackets-women/josie-yoga-jacket.html','catalog/product/view/id/1242/category/23',0,1,NULL,1,'{\"category_id\":\"23\"}'),(768,'product',1242,'promotions/women-sale/josie-yoga-jacket.html','catalog/product/view/id/1242/category/30',0,1,NULL,1,'{\"category_id\":\"30\"}'),(769,'product',1242,'women/tops-women/josie-yoga-jacket.html','catalog/product/view/id/1242/category/21',0,1,NULL,1,'{\"category_id\":\"21\"}'),(770,'product',1258,'augusta-pullover-jacket.html','catalog/product/view/id/1258',0,1,NULL,1,NULL),(771,'product',1258,'women/tops-women/jackets-women/augusta-pullover-jacket.html','catalog/product/view/id/1258/category/23',0,1,NULL,1,'{\"category_id\":\"23\"}'),(772,'product',1258,'women/tops-women/augusta-pullover-jacket.html','catalog/product/view/id/1258/category/21',0,1,NULL,1,'{\"category_id\":\"21\"}'),(773,'product',1274,'ingrid-running-jacket.html','catalog/product/view/id/1274',0,1,NULL,1,NULL),(774,'product',1274,'women/tops-women/jackets-women/ingrid-running-jacket.html','catalog/product/view/id/1274/category/23',0,1,NULL,1,'{\"category_id\":\"23\"}'),(775,'product',1274,'collections/yoga-new/ingrid-running-jacket.html','catalog/product/view/id/1274/category/8',0,1,NULL,1,'{\"category_id\":\"8\"}'),(776,'product',1274,'collections/performance-fabrics/ingrid-running-jacket.html','catalog/product/view/id/1274/category/35',0,1,NULL,1,'{\"category_id\":\"35\"}'),(777,'product',1274,'women/tops-women/ingrid-running-jacket.html','catalog/product/view/id/1274/category/21',0,1,NULL,1,'{\"category_id\":\"21\"}'),(778,'product',1290,'riona-full-zip-jacket.html','catalog/product/view/id/1290',0,1,NULL,1,NULL),(779,'product',1290,'women/tops-women/jackets-women/riona-full-zip-jacket.html','catalog/product/view/id/1290/category/23',0,1,NULL,1,'{\"category_id\":\"23\"}'),(780,'product',1290,'women/tops-women/riona-full-zip-jacket.html','catalog/product/view/id/1290/category/21',0,1,NULL,1,'{\"category_id\":\"21\"}'),(781,'product',1386,'juno-jacket.html','catalog/product/view/id/1386',0,1,NULL,1,NULL),(782,'product',1386,'women/tops-women/jackets-women/juno-jacket.html','catalog/product/view/id/1386/category/23',0,1,NULL,1,'{\"category_id\":\"23\"}'),(783,'product',1386,'promotions/women-sale/juno-jacket.html','catalog/product/view/id/1386/category/30',0,1,NULL,1,'{\"category_id\":\"30\"}'),(784,'product',1386,'collections/performance-fabrics/juno-jacket.html','catalog/product/view/id/1386/category/35',0,1,NULL,1,'{\"category_id\":\"35\"}'),(785,'product',1386,'women/tops-women/juno-jacket.html','catalog/product/view/id/1386/category/21',0,1,NULL,1,'{\"category_id\":\"21\"}'),(786,'product',1306,'inez-full-zip-jacket.html','catalog/product/view/id/1306',0,1,NULL,1,NULL),(787,'product',1306,'women/tops-women/jackets-women/inez-full-zip-jacket.html','catalog/product/view/id/1306/category/23',0,1,NULL,1,'{\"category_id\":\"23\"}'),(788,'product',1306,'women/tops-women/inez-full-zip-jacket.html','catalog/product/view/id/1306/category/21',0,1,NULL,1,'{\"category_id\":\"21\"}'),(789,'product',1322,'adrienne-trek-jacket.html','catalog/product/view/id/1322',0,1,NULL,1,NULL),(790,'product',1322,'women/tops-women/jackets-women/adrienne-trek-jacket.html','catalog/product/view/id/1322/category/23',0,1,NULL,1,'{\"category_id\":\"23\"}'),(791,'product',1322,'promotions/women-sale/adrienne-trek-jacket.html','catalog/product/view/id/1322/category/30',0,1,NULL,1,'{\"category_id\":\"30\"}'),(792,'product',1322,'collections/erin-recommends/adrienne-trek-jacket.html','catalog/product/view/id/1322/category/34',0,1,NULL,1,'{\"category_id\":\"34\"}'),(793,'product',1322,'women/tops-women/adrienne-trek-jacket.html','catalog/product/view/id/1322/category/21',0,1,NULL,1,'{\"category_id\":\"21\"}'),(794,'product',1338,'jade-yoga-jacket.html','catalog/product/view/id/1338',0,1,NULL,1,NULL),(795,'product',1338,'women/tops-women/jackets-women/jade-yoga-jacket.html','catalog/product/view/id/1338/category/23',0,1,NULL,1,'{\"category_id\":\"23\"}'),(796,'product',1338,'collections/erin-recommends/jade-yoga-jacket.html','catalog/product/view/id/1338/category/34',0,1,NULL,1,'{\"category_id\":\"34\"}'),(797,'product',1338,'women/tops-women/jade-yoga-jacket.html','catalog/product/view/id/1338/category/21',0,1,NULL,1,'{\"category_id\":\"21\"}'),(798,'product',1354,'nadia-elements-shell.html','catalog/product/view/id/1354',0,1,NULL,1,NULL),(799,'product',1354,'women/tops-women/jackets-women/nadia-elements-shell.html','catalog/product/view/id/1354/category/23',0,1,NULL,1,'{\"category_id\":\"23\"}'),(800,'product',1354,'collections/yoga-new/nadia-elements-shell.html','catalog/product/view/id/1354/category/8',0,1,NULL,1,'{\"category_id\":\"8\"}'),(801,'product',1354,'collections/performance-fabrics/nadia-elements-shell.html','catalog/product/view/id/1354/category/35',0,1,NULL,1,'{\"category_id\":\"35\"}'),(802,'product',1354,'women/tops-women/nadia-elements-shell.html','catalog/product/view/id/1354/category/21',0,1,NULL,1,'{\"category_id\":\"21\"}'),(803,'product',1370,'neve-studio-dance-jacket.html','catalog/product/view/id/1370',0,1,NULL,1,NULL),(804,'product',1370,'women/tops-women/jackets-women/neve-studio-dance-jacket.html','catalog/product/view/id/1370/category/23',0,1,NULL,1,'{\"category_id\":\"23\"}'),(805,'product',1370,'collections/yoga-new/neve-studio-dance-jacket.html','catalog/product/view/id/1370/category/8',0,1,NULL,1,'{\"category_id\":\"8\"}'),(806,'product',1370,'women/tops-women/neve-studio-dance-jacket.html','catalog/product/view/id/1370/category/21',0,1,NULL,1,'{\"category_id\":\"21\"}'),(807,'product',1402,'olivia-1-4-zip-light-jacket.html','catalog/product/view/id/1402',0,1,NULL,1,NULL),(808,'product',1402,'women/tops-women/jackets-women/olivia-1-4-zip-light-jacket.html','catalog/product/view/id/1402/category/23',0,1,NULL,1,'{\"category_id\":\"23\"}'),(809,'product',1402,'promotions/women-sale/olivia-1-4-zip-light-jacket.html','catalog/product/view/id/1402/category/30',0,1,NULL,1,'{\"category_id\":\"30\"}'),(810,'product',1402,'collections/performance-fabrics/olivia-1-4-zip-light-jacket.html','catalog/product/view/id/1402/category/35',0,1,NULL,1,'{\"category_id\":\"35\"}'),(811,'product',1402,'women/tops-women/olivia-1-4-zip-light-jacket.html','catalog/product/view/id/1402/category/21',0,1,NULL,1,'{\"category_id\":\"21\"}'),(812,'category',37,'sale.html','catalog/category/view/id/37',0,1,NULL,1,NULL),(813,'category',38,'what-is-new.html','catalog/category/view/id/38',0,1,NULL,1,NULL),(814,'category',39,'collections/performance-new.html','catalog/category/view/id/39',0,1,NULL,1,NULL),(815,'category',40,'collections/eco-new.html','catalog/category/view/id/40',0,1,NULL,1,NULL),(816,'cms-page',5,'about-us','cms/page/view/page_id/5',0,1,NULL,1,NULL),(817,'cms-page',6,'customer-service','cms/page/view/page_id/6',0,1,NULL,1,NULL),(818,'cms-page',7,'no-route-404','cms/page/view/page_id/7',0,1,NULL,1,NULL),(819,'cms-page',8,'home-onecolumn','cms/page/view/page_id/8',0,1,NULL,1,NULL),(820,'cms-page',9,'mbi-font-icon','cms/page/view/page_id/9',0,1,NULL,1,NULL),(821,'cms-page',10,'home-05','cms/page/view/page_id/10',0,1,NULL,1,NULL),(822,'cms-page',11,'home-06','cms/page/view/page_id/11',0,1,NULL,1,NULL),(823,'cms-page',12,'special-offers','cms/page/view/page_id/12',0,1,NULL,1,NULL);

--
-- Table structure for table `variable`
--

CREATE TABLE `variable` (
  `variable_id` int(10) unsigned NOT NULL AUTO_INCREMENT COMMENT 'Variable ID',
  `code` varchar(255) DEFAULT NULL COMMENT 'Variable Code',
  `name` varchar(255) DEFAULT NULL COMMENT 'Variable Name',
  PRIMARY KEY (`variable_id`),
  UNIQUE KEY `VARIABLE_CODE` (`code`)
) ENGINE=InnoDB DEFAULT CHARSET=utf8 COMMENT='Variables';

--
-- Dumping data for table `variable`
--


--
-- Table structure for table `variable_value`
--

CREATE TABLE `variable_value` (
  `value_id` int(10) unsigned NOT NULL AUTO_INCREMENT COMMENT 'Variable Value ID',
  `variable_id` int(10) unsigned NOT NULL DEFAULT '0' COMMENT 'Variable ID',
  `store_id` smallint(5) unsigned NOT NULL DEFAULT '0' COMMENT 'Store ID',
  `plain_value` text COMMENT 'Plain Text Value',
  `html_value` text COMMENT 'Html Value',
  PRIMARY KEY (`value_id`),
  UNIQUE KEY `VARIABLE_VALUE_VARIABLE_ID_STORE_ID` (`variable_id`,`store_id`),
  KEY `VARIABLE_VALUE_STORE_ID` (`store_id`),
  CONSTRAINT `VARIABLE_VALUE_STORE_ID_STORE_STORE_ID` FOREIGN KEY (`store_id`) REFERENCES `store` (`store_id`) ON DELETE CASCADE,
  CONSTRAINT `VARIABLE_VALUE_VARIABLE_ID_VARIABLE_VARIABLE_ID` FOREIGN KEY (`variable_id`) REFERENCES `variable` (`variable_id`) ON DELETE CASCADE
) ENGINE=InnoDB DEFAULT CHARSET=utf8 COMMENT='Variable Value';

--
-- Dumping data for table `variable_value`
--


--
-- Table structure for table `vault_payment_token_order_payment_link`
--

CREATE TABLE `vault_payment_token_order_payment_link` (
  `order_payment_id` int(10) unsigned NOT NULL COMMENT 'Order payment ID',
  `payment_token_id` int(10) unsigned NOT NULL COMMENT 'Payment token ID',
  PRIMARY KEY (`order_payment_id`,`payment_token_id`),
  KEY `FK_4ED894655446D385894580BECA993862` (`payment_token_id`),
  CONSTRAINT `FK_4ED894655446D385894580BECA993862` FOREIGN KEY (`payment_token_id`) REFERENCES `vault_payment_token` (`entity_id`) ON DELETE CASCADE,
  CONSTRAINT `FK_CF37B9D854256534BE23C818F6291CA2` FOREIGN KEY (`order_payment_id`) REFERENCES `sales_order_payment` (`entity_id`) ON DELETE CASCADE
) ENGINE=InnoDB DEFAULT CHARSET=utf8 COMMENT='Order payments to vault token';

--
-- Dumping data for table `vault_payment_token_order_payment_link`
--


--
-- Table structure for table `vertex_commodity_code_order_item`
--

CREATE TABLE `vertex_commodity_code_order_item` (
  `order_item_id` int(10) unsigned NOT NULL COMMENT 'Item ID',
  `code` varchar(255) DEFAULT NULL COMMENT 'Commodity Code',
  `type` varchar(255) DEFAULT NULL COMMENT 'Commodity Type',
  PRIMARY KEY (`order_item_id`)
) ENGINE=InnoDB DEFAULT CHARSET=utf8 COMMENT='Vertex Commodity Code';

--
-- Dumping data for table `vertex_commodity_code_order_item`
--


--
-- Table structure for table `vertex_commodity_code_product`
--

CREATE TABLE `vertex_commodity_code_product` (
  `product_id` int(10) unsigned NOT NULL COMMENT 'Product ID',
  `code` varchar(255) DEFAULT NULL COMMENT 'Commodity Code',
  `type` varchar(255) DEFAULT NULL COMMENT 'Commodity Type',
  PRIMARY KEY (`product_id`)
) ENGINE=InnoDB DEFAULT CHARSET=utf8 COMMENT='Vertex Commodity Code';

--
-- Dumping data for table `vertex_commodity_code_product`
--


--
-- Table structure for table `vertex_custom_option_flex_field`
--

CREATE TABLE `vertex_custom_option_flex_field` (
  `entity_id` int(11) NOT NULL AUTO_INCREMENT COMMENT 'Map Entity ID',
  `option_id` int(11) NOT NULL COMMENT 'Customizable Option ID',
  `website_id` int(11) NOT NULL DEFAULT '0' COMMENT 'Website ID',
  `flex_field` int(11) DEFAULT '0' COMMENT 'Customizable Option to Flex Field Map',
  PRIMARY KEY (`entity_id`),
  UNIQUE KEY `VERTEX_CUSTOM_OPTION_FLEX_FIELD_OPTION_ID_WEBSITE_ID` (`option_id`,`website_id`),
  KEY `VERTEX_CUSTOM_OPTION_FLEX_FIELD_OPTION_ID` (`option_id`),
  KEY `VERTEX_CUSTOM_OPTION_FLEX_FIELD_WEBSITE_ID` (`website_id`)
) ENGINE=InnoDB DEFAULT CHARSET=utf8 COMMENT='Customizable Option to Flex Field Map';

--
-- Dumping data for table `vertex_custom_option_flex_field`
--


--
-- Table structure for table `vertex_customer_code`
--

CREATE TABLE `vertex_customer_code` (
  `customer_id` int(10) unsigned NOT NULL COMMENT 'Customer ID',
  `customer_code` text COMMENT 'Customer Code for Vertex',
  PRIMARY KEY (`customer_id`)
) ENGINE=InnoDB DEFAULT CHARSET=utf8 COMMENT='Customer Code for Vertex';

--
-- Dumping data for table `vertex_customer_code`
--


--
-- Table structure for table `vertex_customer_country`
--

CREATE TABLE `vertex_customer_country` (
  `customer_id` int(10) unsigned NOT NULL COMMENT 'Customer ID',
  `customer_country` varchar(255) DEFAULT NULL COMMENT 'Customer Country',
  PRIMARY KEY (`customer_id`)
) ENGINE=InnoDB DEFAULT CHARSET=utf8 COMMENT='Country associated to Customer';

--
-- Dumping data for table `vertex_customer_country`
--


--
-- Table structure for table `vertex_invoice_sent`
--

CREATE TABLE `vertex_invoice_sent` (
  `invoice_id` int(10) unsigned NOT NULL COMMENT 'Invoice ID',
  `sent_to_vertex` tinyint(1) NOT NULL DEFAULT '0' COMMENT 'Invoice has been logged in Vertex',
  PRIMARY KEY (`invoice_id`)
) ENGINE=InnoDB DEFAULT CHARSET=utf8;

--
-- Dumping data for table `vertex_invoice_sent`
--


--
-- Table structure for table `vertex_order_invoice_status`
--

CREATE TABLE `vertex_order_invoice_status` (
  `order_id` int(10) unsigned NOT NULL COMMENT 'Order ID',
  `sent_to_vertex` tinyint(1) NOT NULL DEFAULT '0' COMMENT 'Invoice has been logged in Vertex',
  PRIMARY KEY (`order_id`)
) ENGINE=InnoDB DEFAULT CHARSET=utf8 COMMENT='Invoice has been logged in Vertex';

--
-- Dumping data for table `vertex_order_invoice_status`
--


--
-- Table structure for table `vertex_sales_creditmemo_item_invoice_text_code`
--

CREATE TABLE `vertex_sales_creditmemo_item_invoice_text_code` (
  `item_id` int(11) NOT NULL COMMENT 'Creditmemo Item ID',
  `invoice_text_code` varchar(100) NOT NULL COMMENT 'Invoice text code from Vertex',
  UNIQUE KEY `UNQ_4BC40DA748D7713ADA661D2DE1BCF161` (`item_id`,`invoice_text_code`),
  KEY `VERTEX_SALES_CREDITMEMO_ITEM_INVOICE_TEXT_CODE_ITEM_ID` (`item_id`),
  KEY `VERTEX_SALES_CREDITMEMO_ITEM_INVOICE_TEXT_CODE_INVOICE_TEXT_CODE` (`invoice_text_code`)
) ENGINE=InnoDB DEFAULT CHARSET=utf8 COMMENT='Creditmemo text code from Vertex';

--
-- Dumping data for table `vertex_sales_creditmemo_item_invoice_text_code`
--


--
-- Table structure for table `vertex_sales_creditmemo_item_tax_code`
--

CREATE TABLE `vertex_sales_creditmemo_item_tax_code` (
  `item_id` int(11) NOT NULL COMMENT 'Creditmemo Item ID',
  `tax_code` varchar(100) NOT NULL COMMENT 'Invoice text code from Vertex',
  UNIQUE KEY `VERTEX_SALES_CREDITMEMO_ITEM_TAX_CODE_ITEM_ID_TAX_CODE` (`item_id`,`tax_code`),
  KEY `VERTEX_SALES_CREDITMEMO_ITEM_TAX_CODE_ITEM_ID` (`item_id`),
  KEY `VERTEX_SALES_CREDITMEMO_ITEM_TAX_CODE_TAX_CODE` (`tax_code`)
) ENGINE=InnoDB DEFAULT CHARSET=utf8 COMMENT='Creditmemo tax code from Vertex';

--
-- Dumping data for table `vertex_sales_creditmemo_item_tax_code`
--


--
-- Table structure for table `vertex_sales_creditmemo_item_vertex_tax_code`
--

CREATE TABLE `vertex_sales_creditmemo_item_vertex_tax_code` (
  `item_id` int(11) NOT NULL COMMENT 'Creditmemo Item ID',
  `vertex_tax_code` varchar(100) NOT NULL COMMENT 'Invoice text code from Vertex',
  UNIQUE KEY `UNQ_31D7AADB3412BC7E7C1C98D5CC3A5D46` (`item_id`,`vertex_tax_code`),
  KEY `VERTEX_SALES_CREDITMEMO_ITEM_VERTEX_TAX_CODE_ITEM_ID` (`item_id`),
  KEY `VERTEX_SALES_CREDITMEMO_ITEM_VERTEX_TAX_CODE_VERTEX_TAX_CODE` (`vertex_tax_code`)
) ENGINE=InnoDB DEFAULT CHARSET=utf8 COMMENT='Creditmemo vertex tax code from Vertex';

--
-- Dumping data for table `vertex_sales_creditmemo_item_vertex_tax_code`
--


--
-- Table structure for table `vertex_sales_order_item_invoice_text_code`
--

CREATE TABLE `vertex_sales_order_item_invoice_text_code` (
  `item_id` int(10) unsigned NOT NULL COMMENT 'Order ID',
  `invoice_text_code` varchar(100) NOT NULL COMMENT 'Invoice text code from Vertex',
  UNIQUE KEY `UNQ_96F6BE3160A4185CEA4D866018EAF6DC` (`item_id`,`invoice_text_code`),
  KEY `VERTEX_SALES_ORDER_ITEM_INVOICE_TEXT_CODE_ITEM_ID` (`item_id`),
  KEY `VERTEX_SALES_ORDER_ITEM_INVOICE_TEXT_CODE_INVOICE_TEXT_CODE` (`invoice_text_code`)
) ENGINE=InnoDB DEFAULT CHARSET=utf8 COMMENT='Invoice text code from Vertex';

--
-- Dumping data for table `vertex_sales_order_item_invoice_text_code`
--


--
-- Table structure for table `vertex_sales_order_item_tax_code`
--

CREATE TABLE `vertex_sales_order_item_tax_code` (
  `item_id` int(11) NOT NULL COMMENT 'Creditmemo Item ID',
  `tax_code` varchar(100) NOT NULL COMMENT 'Invoice text code from Vertex',
  UNIQUE KEY `VERTEX_SALES_ORDER_ITEM_TAX_CODE_ITEM_ID_TAX_CODE` (`item_id`,`tax_code`),
  KEY `VERTEX_SALES_ORDER_ITEM_TAX_CODE_ITEM_ID` (`item_id`),
  KEY `VERTEX_SALES_ORDER_ITEM_TAX_CODE_TAX_CODE` (`tax_code`)
) ENGINE=InnoDB DEFAULT CHARSET=utf8 COMMENT='Invoice tax code from Vertex';

--
-- Dumping data for table `vertex_sales_order_item_tax_code`
--


--
-- Table structure for table `vertex_sales_order_item_vertex_tax_code`
--

CREATE TABLE `vertex_sales_order_item_vertex_tax_code` (
  `item_id` int(11) NOT NULL COMMENT 'Creditmemo Item ID',
  `vertex_tax_code` varchar(100) NOT NULL COMMENT 'Invoice text code from Vertex',
  UNIQUE KEY `VERTEX_SALES_ORDER_ITEM_VERTEX_TAX_CODE_ITEM_ID_VERTEX_TAX_CODE` (`item_id`,`vertex_tax_code`),
  KEY `VERTEX_SALES_ORDER_ITEM_VERTEX_TAX_CODE_ITEM_ID` (`item_id`),
  KEY `VERTEX_SALES_ORDER_ITEM_VERTEX_TAX_CODE_VERTEX_TAX_CODE` (`vertex_tax_code`)
) ENGINE=InnoDB DEFAULT CHARSET=utf8 COMMENT='Invoice Vertex tax code from Vertex';

--
-- Dumping data for table `vertex_sales_order_item_vertex_tax_code`
--


--
-- Table structure for table `vertex_taxrequest`
--

CREATE TABLE `vertex_taxrequest` (
  `request_id` bigint(20) NOT NULL AUTO_INCREMENT COMMENT 'Request Id',
  `request_type` varchar(255) NOT NULL COMMENT 'Request type',
  `quote_id` bigint(20) NOT NULL COMMENT 'Quote Id',
  `order_id` bigint(20) NOT NULL COMMENT 'Order Id',
  `total_tax` varchar(255) NOT NULL COMMENT 'Total Tax Amount',
  `source_path` varchar(255) NOT NULL COMMENT 'Source path controller_module_action',
  `tax_area_id` varchar(255) NOT NULL COMMENT 'Tax Jurisdictions Id',
  `sub_total` varchar(255) NOT NULL COMMENT 'Response Subtotal Amount',
  `total` varchar(255) NOT NULL COMMENT 'Response Total Amount',
  `lookup_result` varchar(255) NOT NULL COMMENT 'Tax Area Response Lookup Result',
  `request_date` timestamp NOT NULL DEFAULT CURRENT_TIMESTAMP COMMENT 'Request create date',
  `request_xml` text NOT NULL COMMENT 'Request XML',
  `response_xml` text NOT NULL COMMENT 'Response XML',
  `response_time` int(10) unsigned NOT NULL COMMENT 'Milliseconds taken for Vertex API call to complete',
  `module_name` varchar(255) NOT NULL COMMENT 'Request module name',
  `module_version` varchar(255) NOT NULL COMMENT 'Request module version',
  PRIMARY KEY (`request_id`),
  UNIQUE KEY `VERTEX_TAXREQUEST_REQUEST_ID` (`request_id`),
  KEY `VERTEX_TAXREQUEST_REQUEST_TYPE` (`request_type`),
  KEY `VERTEX_TAXREQUEST_ORDER_ID` (`order_id`)
) ENGINE=InnoDB DEFAULT CHARSET=utf8 COMMENT='The tax request table';

--
-- Dumping data for table `vertex_taxrequest`
--


--
-- Table structure for table `vertex_vat_country_code`
--

CREATE TABLE `vertex_vat_country_code` (
  `address_id` int(10) unsigned NOT NULL COMMENT 'Address ID',
  `customer_country` varchar(255) DEFAULT NULL COMMENT 'Customer Country',
  PRIMARY KEY (`address_id`)
) ENGINE=InnoDB DEFAULT CHARSET=utf8 COMMENT='Vat Country code associated to Order Address';

--
-- Dumping data for table `vertex_vat_country_code`
--


--
-- Table structure for table `weee_tax`
--

CREATE TABLE `weee_tax` (
  `value_id` int(11) NOT NULL AUTO_INCREMENT COMMENT 'Value ID',
  `website_id` smallint(5) unsigned NOT NULL DEFAULT '0' COMMENT 'Website ID',
  `entity_id` int(10) unsigned NOT NULL DEFAULT '0' COMMENT 'Entity ID',
  `country` varchar(2) DEFAULT NULL COMMENT 'Country',
  `value` decimal(12,4) NOT NULL DEFAULT '0.0000' COMMENT 'Value',
  `state` int(11) NOT NULL DEFAULT '0' COMMENT 'State',
  `attribute_id` smallint(5) unsigned NOT NULL COMMENT 'Attribute ID',
  PRIMARY KEY (`value_id`),
  KEY `WEEE_TAX_WEBSITE_ID` (`website_id`),
  KEY `WEEE_TAX_ENTITY_ID` (`entity_id`),
  KEY `WEEE_TAX_COUNTRY` (`country`),
  KEY `WEEE_TAX_ATTRIBUTE_ID` (`attribute_id`),
  CONSTRAINT `WEEE_TAX_ATTRIBUTE_ID_EAV_ATTRIBUTE_ATTRIBUTE_ID` FOREIGN KEY (`attribute_id`) REFERENCES `eav_attribute` (`attribute_id`) ON DELETE CASCADE,
  CONSTRAINT `WEEE_TAX_COUNTRY_DIRECTORY_COUNTRY_COUNTRY_ID` FOREIGN KEY (`country`) REFERENCES `directory_country` (`country_id`) ON DELETE CASCADE,
  CONSTRAINT `WEEE_TAX_ENTITY_ID_CATALOG_PRODUCT_ENTITY_ENTITY_ID` FOREIGN KEY (`entity_id`) REFERENCES `catalog_product_entity` (`entity_id`) ON DELETE CASCADE,
  CONSTRAINT `WEEE_TAX_WEBSITE_ID_STORE_WEBSITE_WEBSITE_ID` FOREIGN KEY (`website_id`) REFERENCES `store_website` (`website_id`) ON DELETE CASCADE
) ENGINE=InnoDB DEFAULT CHARSET=utf8 COMMENT='Weee Tax';

--
-- Dumping data for table `weee_tax`
--


--
-- Table structure for table `widget`
--

CREATE TABLE `widget` (
  `widget_id` int(10) unsigned NOT NULL AUTO_INCREMENT COMMENT 'Widget ID',
  `widget_code` varchar(255) DEFAULT NULL COMMENT 'Widget code for template directive',
  `widget_type` varchar(255) DEFAULT NULL COMMENT 'Widget Type',
  `parameters` text COMMENT 'Parameters',
  PRIMARY KEY (`widget_id`),
  KEY `WIDGET_WIDGET_CODE` (`widget_code`)
) ENGINE=InnoDB DEFAULT CHARSET=utf8 COMMENT='Preconfigured Widgets';

--
-- Dumping data for table `widget`
--


--
-- Table structure for table `widget_instance`
--

CREATE TABLE `widget_instance` (
  `instance_id` int(10) unsigned NOT NULL AUTO_INCREMENT COMMENT 'Instance ID',
  `instance_type` varchar(255) DEFAULT NULL COMMENT 'Instance Type',
  `theme_id` int(10) unsigned NOT NULL COMMENT 'Theme ID',
  `title` varchar(255) DEFAULT NULL COMMENT 'Widget Title',
  `store_ids` varchar(255) NOT NULL DEFAULT '0' COMMENT 'Store ids',
  `widget_parameters` text COMMENT 'Widget parameters',
  `sort_order` smallint(5) unsigned NOT NULL DEFAULT '0' COMMENT 'Sort order',
  PRIMARY KEY (`instance_id`),
  KEY `WIDGET_INSTANCE_THEME_ID_THEME_THEME_ID` (`theme_id`),
  CONSTRAINT `WIDGET_INSTANCE_THEME_ID_THEME_THEME_ID` FOREIGN KEY (`theme_id`) REFERENCES `theme` (`theme_id`) ON DELETE CASCADE
) ENGINE=InnoDB AUTO_INCREMENT=89 DEFAULT CHARSET=utf8 COMMENT='Instances of Widget for Package Theme';

--
-- Dumping data for table `widget_instance`
--

INSERT INTO `widget_instance` VALUES (1,'Magento\\Cms\\Block\\Widget\\Block',3,'Contact us info','0','{\"block_id\":\"2\"}',0),(2,'Magento\\Cms\\Block\\Widget\\Block',3,'Footer Links','0','{\"block_id\":\"1\"}',0),(3,'Magento\\Cms\\Block\\Widget\\Block',3,'Sale Left Menu','0','{\"block_id\":\"3\"}',0),(4,'Magento\\Cms\\Block\\Widget\\Block',3,'Gear Left Menu','0','{\"block_id\":\"4\"}',0),(5,'Magento\\Cms\\Block\\Widget\\Block',3,'Men\'s Left Menu','0','{\"block_id\":\"5\"}',0),(6,'Magento\\Cms\\Block\\Widget\\Block',3,'Women\'s Left Menu','0','{\"block_id\":\"6\"}',0),(7,'Magento\\Cms\\Block\\Widget\\Block',3,'What\'s New Left Menu','0','{\"block_id\":\"7\"}',0),(8,'Magento\\Cms\\Block\\Widget\\Block',3,'Women Category Content','0','{\"block_id\":\"8\"}',0),(9,'Magento\\Cms\\Block\\Widget\\Block',3,'Training Category Content','0','{\"block_id\":\"9\"}',0),(10,'Magento\\Cms\\Block\\Widget\\Block',3,'Men Category Content','0','{\"block_id\":\"10\"}',0),(11,'Magento\\Cms\\Block\\Widget\\Block',3,'Gear Category Content','0','{\"block_id\":\"11\"}',0),(12,'Magento\\Cms\\Block\\Widget\\Block',3,'New Products Category Content','0','{\"block_id\":\"13\"}',0),(13,'Magento\\Cms\\Block\\Widget\\Block',3,'Sale Category Content','0','{\"block_id\":\"12\"}',0),(14,'Magento\\Cms\\Block\\Widget\\Block',3,'Home Page','0','{\"block_id\":\"14\"}',0),(15,'Magento\\Cms\\Block\\Widget\\Block',3,'Performance Fabrics','0','{\"block_id\":\"15\"}',0),(16,'Magento\\Cms\\Block\\Widget\\Block',3,'Eco Friendly','0','{\"block_id\":\"16\"}',0),(17,'Magento\\Cms\\Block\\Widget\\Block',3,'Login Info','0','{\"block_id\":\"17\"}',0),(18,'MageBig\\WidgetPlus\\Block\\StaticPlus',4,'MFv01 - Promo top - Few pages','0','{\"block_id\":\"promo-top\",\"widget_title\":\"\",\"classes\":\"\",\"countdown\":\"0\",\"slider\":\"0\",\"background_type\":\"1\",\"parallax_background_image\":\"wysiwyg\\/magebig\\/promo\\/partent-top.jpg\",\"background_property\":\"#ffffff repeat scroll left top\",\"background_size\":\"auto\"}',0),(19,'MageBig\\WidgetPlus\\Block\\StaticPlus',4,'MFv01 - Main Slider - Home page','0','{\"block_id\":\"main-slider-v1\",\"widget_title\":\"\",\"classes\":\"\",\"countdown\":\"0\",\"slider\":\"2\",\"autoplay\":\"6000\",\"navigation\":\"1\",\"paging\":\"1\",\"background_type\":\"0\"}',1),(20,'MageBig\\WidgetPlus\\Block\\StaticPlus',4,'MFv01 -  Selling Feature - Home page','0','{\"block_id\":\"selling-feature\",\"widget_title\":\"\",\"classes\":\"\",\"countdown\":\"0\",\"slider\":\"0\",\"background_type\":\"0\"}',1),(21,'MageBig\\WidgetPlus\\Block\\StaticPlus',4,'MFv01 -  Block Catalog - Home page','0','{\"block_id\":\"block-catalog-v1\",\"widget_title\":\"\",\"classes\":\"\",\"countdown\":\"0\",\"slider\":\"0\",\"background_type\":\"0\"}',2),(22,'MageBig\\WidgetPlus\\Block\\StaticPlus',4,'MFv01 -  Deals of the day - Home page','0','{\"block_id\":\"deals-of-the-day\",\"widget_title\":\"\",\"classes\":\"\",\"countdown\":\"1\",\"slider\":\"0\",\"background_type\":\"0\"}',3),(23,'MageBig\\WidgetPlus\\Block\\StaticPlus',4,'MFv01 -  Clothing & Apparel - Home page','0','{\"block_id\":\"block-product-01-v1\",\"widget_title\":\"\",\"classes\":\"\",\"countdown\":\"0\",\"slider\":\"0\",\"background_type\":\"0\"}',1),(24,'MageBig\\WidgetPlus\\Block\\StaticPlus',4,'MFv01 -  Computer & Techologies - Home page','0','{\"block_id\":\"block-product-02-v1\",\"widget_title\":\"\",\"classes\":\"\",\"countdown\":\"0\",\"slider\":\"0\",\"background_type\":\"0\"}',2),(25,'MageBig\\WidgetPlus\\Block\\StaticPlus',4,'MFv01 -  Consumer Electric - Home page','0','{\"block_id\":\"block-product-03-v1\",\"widget_title\":\"\",\"classes\":\"\",\"countdown\":\"0\",\"slider\":\"0\",\"background_type\":\"0\"}',3),(26,'MageBig\\WidgetPlus\\Block\\StaticPlus',4,'MFv01 -  Home, Garden & Kitchen - Home page','0','{\"block_id\":\"block-product-04-v1\",\"widget_title\":\"\",\"classes\":\"\",\"countdown\":\"0\",\"slider\":\"0\",\"background_type\":\"0\"}',4),(27,'MageBig\\WidgetPlus\\Block\\StaticPlus',4,'MFv01 -  Healthy & Beauty - Home page','0','{\"block_id\":\"block-product-05-v1\",\"widget_title\":\"\",\"classes\":\"\",\"countdown\":\"0\",\"slider\":\"0\",\"background_type\":\"0\"}',5),(28,'MageBig\\WidgetPlus\\Block\\StaticPlus',4,'MFv01 -  Footer Info - All pages','0','{\"block_id\":\"footer-info-v1\",\"widget_title\":\"\",\"classes\":\"\",\"countdown\":\"0\",\"slider\":\"0\",\"background_type\":\"0\"}',0),(29,'MageBig\\WidgetPlus\\Block\\StaticPlus',4,'MFv01 - Catalog Slider - Category page','0','{\"block_id\":\"catalog-slider-v1\",\"widget_title\":\"\",\"classes\":\"\",\"countdown\":\"0\",\"slider\":\"2\",\"autoplay\":\"5000\",\"navigation\":\"1\",\"paging\":\"0\",\"background_type\":\"0\"}',1),(30,'MageBig\\WidgetPlus\\Block\\StaticPlus',4,'MFv01 - Brand - Category page','0','{\"block_id\":\"brand-v1\",\"widget_title\":\"\",\"classes\":\"brand-carousel\",\"countdown\":\"0\",\"slider\":\"1\",\"column\":\"6\",\"margin\":\"30\",\"autoplay\":\"5000\",\"navigation\":\"0\",\"paging\":\"0\",\"x1200\":\"items:6\",\"x992\":\"items:4\",\"x768\":\"items:3\",\"x576\":\"items:2\",\"x0\":\"items:2\",\"background_type\":\"0\"}',2),(31,'MageBig\\WidgetPlus\\Block\\StaticPlus',4,'MFv01 - Categories Block - Category Page','0','{\"block_id\":\"categories-block-v1\",\"widget_title\":\"\",\"classes\":\"\",\"countdown\":\"0\",\"slider\":\"0\",\"background_type\":\"0\"}',3),(32,'Magento\\Catalog\\Block\\Widget\\RecentlyViewed',4,'MFv01 - Recently Viewed Products - Few pages','0','{\"uiComponent\":\"widget_recently_viewed\",\"page_size\":\"12\",\"show_attributes\":[\"name\",\"image\",\"price\"],\"show_buttons\":[\"add_to_cart\",\"add_to_compare\",\"add_to_wishlist\"]}',6),(33,'MageBig\\WidgetPlus\\Block\\StaticPlus',4,'MFv01 - Contact Map Info - Contact Page','0','{\"block_id\":\"contact-map-info-v1\",\"widget_title\":\"\",\"classes\":\"\",\"countdown\":\"0\",\"slider\":\"0\",\"background_type\":\"0\"}',0),(34,'MageBig\\WidgetPlus\\Block\\Product',4,'MFv01 - Recommended items - Catalog page','0','{\"widget_title\":\"Recommended Items\",\"classes\":\"widget-nav-top\",\"product_type\":\"featured\",\"product_ids\":\"3,4,5,6,7,8\",\"product_style\":\"1\",\"cache_lifetime\":\"\",\"limit\":\"10\",\"countdown\":\"0\",\"slider\":\"1\",\"row\":\"1\",\"margin\":\"30\",\"autoplay\":\"\",\"navigation\":\"1\",\"paging\":\"0\",\"column\":\"4\",\"x1600\":\"items:5\",\"x1200\":\"items:4\",\"x992\":\"items:3\",\"x768\":\"items:3\",\"x576\":\"items:2\",\"x0\":\"items:2\"}',1),(35,'MageBig\\WidgetPlus\\Block\\Product',4,'MFv01 - Best Selling - Catalog page','0','{\"widget_title\":\"Best Selling\",\"classes\":\"widget-nav-top\",\"product_type\":\"bestseller\",\"period\":\"all_time\",\"category_ids\":\"3\",\"product_style\":\"1\",\"cache_lifetime\":\"86400\",\"limit\":\"7\",\"countdown\":\"0\",\"slider\":\"1\",\"row\":\"1\",\"margin\":\"30\",\"autoplay\":\"5000\",\"navigation\":\"1\",\"paging\":\"0\",\"column\":\"4\",\"x1600\":\"items:5\",\"x1200\":\"items:4\",\"x992\":\"items:3\",\"x768\":\"items:3\",\"x576\":\"items:2,nav:false\",\"x0\":\"items:2,nav:false\"}',2),(36,'MageBig\\WidgetPlus\\Block\\Product',4,'MFv01 - Related Products - Product page','0','{\"widget_title\":\"Related Products\",\"classes\":\"widget-heading-center\",\"product_type\":\"related\",\"product_style\":\"1\",\"limit\":\"12\",\"countdown\":\"0\",\"slider\":\"1\",\"row\":\"1\",\"margin\":\"30\",\"autoplay\":\"\",\"navigation\":\"1\",\"paging\":\"0\",\"column\":\"5\",\"x1600\":\"items:6\",\"x1200\":\"items:5\",\"x992\":\"items:4\",\"x768\":\"items:3\",\"x576\":\"items:2\",\"x0\":\"items:2\"}',0),(37,'MageBig\\WidgetPlus\\Block\\Crosssell',4,'MFv01 - Cross-Sell Products - Cart page','0','{\"widget_title\":\"Cross-Sell Products\",\"classes\":\"widget-heading-center\",\"product_type\":\"crosssell\",\"product_style\":\"1\",\"limit\":\"10\",\"countdown\":\"0\",\"slider\":\"1\",\"row\":\"1\",\"margin\":\"30\",\"autoplay\":\"\",\"navigation\":\"1\",\"paging\":\"0\",\"column\":\"4\",\"x1600\":\"items:5\",\"x1200\":\"items:4\",\"x992\":\"items:3\",\"x768\":\"items:3\",\"x576\":\"items:2\",\"x0\":\"items:2\"}',0),(38,'MageBig\\WidgetPlus\\Block\\Product',4,'MFv01 - Up-Sell Products - Product page','0','{\"widget_title\":\"Up-Sell Products\",\"classes\":\"widget-heading-center\",\"product_type\":\"upsell\",\"product_style\":\"1\",\"limit\":\"10\",\"countdown\":\"0\",\"slider\":\"1\",\"row\":\"1\",\"margin\":\"30\",\"autoplay\":\"\",\"navigation\":\"0\",\"paging\":\"0\",\"column\":\"5\",\"x1200\":\"items:5\",\"x992\":\"items:4\",\"x768\":\"items:3\",\"x576\":\"items:2\",\"x0\":\"items:2\"}',2),(39,'MageBig\\WidgetPlus\\Block\\StaticPlus',5,'MFv02 - Main Slider - Block - Home page','0','{\"block_id\":\"mainslider-block-v2\",\"widget_title\":\"\",\"classes\":\"\",\"countdown\":\"0\",\"slider\":\"0\",\"background_type\":\"0\"}',0),(40,'MageBig\\WidgetPlus\\Block\\StaticPlus',5,'MFv02 - Categories Block - Home page','0','{\"block_id\":\"categories-block-v2\",\"widget_title\":\"Top Categories Of The Month\",\"classes\":\"\",\"countdown\":\"0\",\"slider\":\"0\",\"background_type\":\"0\"}',0),(41,'MageBig\\WidgetPlus\\Block\\StaticPlus',5,'MFv02 - Deals of the day - Home page','0','{\"block_id\":\"deals-of-the-day-v2\",\"widget_title\":\"\",\"classes\":\"\",\"countdown\":\"1\",\"slider\":\"0\",\"background_type\":\"0\"}',2),(42,'MageBig\\WidgetPlus\\Block\\StaticPlus',5,'MFv02 - Block content - Home page','0','{\"block_id\":\"block-content-v2\",\"widget_title\":\"\",\"classes\":\"\",\"countdown\":\"0\",\"slider\":\"0\",\"background_type\":\"0\"}',0),(43,'MageBig\\WidgetPlus\\Block\\StaticPlus',5,'MFv02 - Blog - Home page','0','{\"block_id\":\"blog-v2\",\"widget_title\":\"\",\"classes\":\"\",\"countdown\":\"0\",\"slider\":\"0\",\"background_type\":\"0\"}',1),(44,'Magento\\Catalog\\Block\\Widget\\RecentlyViewed',5,'MFv02 - Recently Viewed Products - Few pages','0','{\"uiComponent\":\"widget_recently_viewed\",\"page_size\":\"12\",\"show_attributes\":[\"name\",\"image\",\"price\"],\"show_buttons\":[\"add_to_cart\",\"add_to_compare\",\"add_to_wishlist\"]}',2),(45,'MageBig\\WidgetPlus\\Block\\StaticPlus',5,'MFv02 - Footer Info - All pages','0','{\"block_id\":\"footer-info-v2\",\"widget_title\":\"\",\"classes\":\"\",\"countdown\":\"0\",\"slider\":\"0\",\"background_type\":\"0\"}',0),(46,'MageBig\\WidgetPlus\\Block\\StaticPlus',5,'MFv02 - Contact Map Info - Contact Page','0','{\"block_id\":\"contact-map-info-v1\",\"widget_title\":\"\",\"classes\":\"\",\"countdown\":\"0\",\"slider\":\"0\",\"background_type\":\"0\"}',0),(47,'MageBig\\WidgetPlus\\Block\\Product',5,'MFv02 - Related Products - Product page','0','{\"widget_title\":\"Related Products\",\"classes\":\"widget-heading-center\",\"product_type\":\"related\",\"product_style\":\"1\",\"limit\":\"12\",\"countdown\":\"0\",\"slider\":\"1\",\"row\":\"1\",\"margin\":\"30\",\"autoplay\":\"\",\"navigation\":\"1\",\"paging\":\"0\",\"column\":\"5\",\"x1600\":\"items:6\",\"x1200\":\"items:5\",\"x992\":\"items:4\",\"x768\":\"items:3\",\"x576\":\"items:2\",\"x0\":\"items:2\"}',0),(48,'MageBig\\WidgetPlus\\Block\\Product',5,'MFv02 - Up-Sell Products - Product page','0','{\"widget_title\":\"Up-Sell Products\",\"classes\":\"widget-heading-center\",\"product_type\":\"upsell\",\"product_style\":\"1\",\"limit\":\"12\",\"countdown\":\"0\",\"slider\":\"1\",\"row\":\"1\",\"margin\":\"30\",\"autoplay\":\"\",\"navigation\":\"1\",\"paging\":\"0\",\"column\":\"5\",\"x1600\":\"items:6\",\"x1200\":\"items:5\",\"x992\":\"items:4\",\"x768\":\"items:3\",\"x576\":\"items:2\",\"x0\":\"items:2\"}',2),(49,'MageBig\\WidgetPlus\\Block\\Crosssell',5,'MFv02 - Cross-Sell Products - Cart page','0','{\"widget_title\":\"Cross-Sell Products\",\"classes\":\"widget-heading-center\",\"product_type\":\"crosssell\",\"product_style\":\"1\",\"limit\":\"12\",\"countdown\":\"0\",\"slider\":\"1\",\"row\":\"1\",\"margin\":\"30\",\"autoplay\":\"\",\"navigation\":\"1\",\"paging\":\"0\",\"column\":\"4\",\"x1600\":\"items:5\",\"x1200\":\"items:4\",\"x992\":\"items:3\",\"x768\":\"items:3\",\"x576\":\"items:2\",\"x0\":\"items:2\"}',0),(50,'MageBig\\WidgetPlus\\Block\\StaticPlus',6,'MFv03 - Main Slider - Home page','0','{\"block_id\":\"main-slider-v3\",\"widget_title\":\"\",\"classes\":\"\",\"countdown\":\"0\",\"slider\":\"2\",\"autoplay\":\"5000\",\"navigation\":\"1\",\"paging\":\"0\",\"background_type\":\"0\"}',0),(51,'MageBig\\WidgetPlus\\Block\\StaticPlus',6,'MFv03 - Block top - Home page','0','{\"block_id\":\"block-top-03\",\"widget_title\":\"\",\"classes\":\"\",\"countdown\":\"0\",\"slider\":\"0\",\"background_type\":\"0\"}',0),(52,'MageBig\\WidgetPlus\\Block\\StaticPlus',6,'MFv03 - Block Product - Home page','0','{\"block_id\":\"block-product-v3\",\"widget_title\":\"\",\"classes\":\"\",\"countdown\":\"0\",\"slider\":\"0\",\"background_type\":\"0\"}',0),(53,'MageBig\\WidgetPlus\\Block\\StaticPlus',6,'MFv03 - Testimonial - Home page','0','{\"block_id\":\"testimonial-v3\",\"widget_title\":\"\",\"classes\":\"block-testimonial-wrap\",\"countdown\":\"0\",\"slider\":\"0\",\"background_type\":\"2\",\"parallax_background_image\":\"wysiwyg\\/magebig\\/layout03\\/testimonial-bg.jpg\"}',0),(54,'MageBig\\WidgetPlus\\Block\\StaticPlus',6,'MFv03 - Blog - Home page','0','{\"block_id\":\"blog-v3\",\"widget_title\":\"\",\"classes\":\"\",\"countdown\":\"0\",\"slider\":\"0\",\"background_type\":\"0\"}',0),(55,'MageBig\\WidgetPlus\\Block\\StaticPlus',6,'MFv03 - Footer Info - All pages','0','{\"block_id\":\"footer-info-v3\",\"widget_title\":\"\",\"classes\":\"\",\"countdown\":\"0\",\"slider\":\"0\",\"background_type\":\"0\"}',0),(56,'MageBig\\WidgetPlus\\Block\\StaticPlus',6,'MFv03 - Contact Map Info - Contact Page','0','{\"block_id\":\"contact-map-info-v1\",\"widget_title\":\"\",\"classes\":\"\",\"countdown\":\"0\",\"slider\":\"0\",\"background_type\":\"0\"}',0),(57,'MageBig\\WidgetPlus\\Block\\Product',6,'MFv03 - Related Products - Product page','0','{\"widget_title\":\"Related Products\",\"classes\":\"widget-heading-center\",\"product_type\":\"related\",\"product_style\":\"6\",\"limit\":\"12\",\"countdown\":\"0\",\"slider\":\"1\",\"row\":\"1\",\"margin\":\"30\",\"autoplay\":\"\",\"navigation\":\"1\",\"paging\":\"0\",\"column\":\"5\",\"x1600\":\"items:6\",\"x1200\":\"items:5\",\"x992\":\"items:4\",\"x768\":\"items:3\",\"x576\":\"items:2\",\"x0\":\"items:2\"}',0),(58,'Magento\\Catalog\\Block\\Widget\\RecentlyViewed',6,'MFv03 - Recently Viewed Products - Few pages','0','{\"uiComponent\":\"widget_recently_viewed\",\"page_size\":\"12\",\"show_attributes\":[\"name\",\"image\",\"price\"],\"show_buttons\":[\"add_to_cart\",\"add_to_compare\",\"add_to_wishlist\"]}',2),(59,'MageBig\\WidgetPlus\\Block\\Product',6,'MFv03 - Up-Sell Products - Product page','0','{\"widget_title\":\"Up-Sell Products\",\"classes\":\"widget-heading-center\",\"product_type\":\"upsell\",\"product_style\":\"6\",\"limit\":\"12\",\"countdown\":\"0\",\"slider\":\"1\",\"row\":\"1\",\"margin\":\"30\",\"autoplay\":\"\",\"navigation\":\"1\",\"paging\":\"0\",\"column\":\"5\",\"x1600\":\"items:6\",\"x1200\":\"items:5\",\"x992\":\"items:4\",\"x768\":\"items:3\",\"x576\":\"items:2\",\"x0\":\"items:2\"}',2),(60,'MageBig\\WidgetPlus\\Block\\Crosssell',6,'MFv03 - Cross-Sell Products - Cart page','0','{\"widget_title\":\"Cross-Sell Products\",\"classes\":\"widget-heading-center\",\"product_type\":\"crosssell\",\"product_style\":\"6\",\"limit\":\"12\",\"countdown\":\"0\",\"slider\":\"1\",\"row\":\"1\",\"margin\":\"30\",\"autoplay\":\"\",\"navigation\":\"1\",\"paging\":\"0\",\"column\":\"4\",\"x1600\":\"items:5\",\"x1200\":\"items:4\",\"x992\":\"items:3\",\"x768\":\"items:3\",\"x576\":\"items:2\",\"x0\":\"items:2\"}',0),(61,'MageBig\\WidgetPlus\\Block\\StaticPlus',7,'MFv04 - Main Slider - Home page','0','{\"block_id\":\"main-slider-v4\",\"widget_title\":\"\",\"classes\":\"\",\"countdown\":\"0\",\"slider\":\"2\",\"autoplay\":\"5000\",\"navigation\":\"1\",\"paging\":\"1\",\"background_type\":\"0\"}',0),(62,'MageBig\\WidgetPlus\\Block\\StaticPlus',7,'MFv04 - Block Content - Home page','0','{\"block_id\":\"block-content-04\",\"widget_title\":\"\",\"classes\":\"\",\"countdown\":\"0\",\"slider\":\"0\",\"background_type\":\"0\"}',0),(63,'MageBig\\WidgetPlus\\Block\\StaticPlus',7,'MFv04 - Blog - Home page','0','{\"block_id\":\"blog-v4\",\"widget_title\":\"\",\"classes\":\"\",\"countdown\":\"0\",\"slider\":\"0\",\"background_type\":\"0\"}',0),(64,'Magento\\Catalog\\Block\\Widget\\RecentlyViewed',7,'MFv04 - Recently Viewed Products - Few pages','0','{\"uiComponent\":\"widget_recently_viewed\",\"page_size\":\"12\",\"show_attributes\":[\"name\",\"image\",\"price\"],\"show_buttons\":[\"add_to_cart\",\"add_to_compare\",\"add_to_wishlist\"]}',2),(65,'MageBig\\WidgetPlus\\Block\\StaticPlus',7,'MFv04 - Footer Info - All pages','0','{\"block_id\":\"footer-info-v4\",\"widget_title\":\"\",\"classes\":\"\",\"countdown\":\"0\",\"slider\":\"0\",\"background_type\":\"0\"}',0),(66,'MageBig\\WidgetPlus\\Block\\Product',7,'MFv04 - Related Products - Product page','0','{\"widget_title\":\"Related Products\",\"classes\":\"widget-heading-center\",\"product_type\":\"related\",\"product_style\":\"1\",\"limit\":\"12\",\"countdown\":\"0\",\"slider\":\"1\",\"row\":\"1\",\"margin\":\"30\",\"autoplay\":\"\",\"navigation\":\"1\",\"paging\":\"0\",\"column\":\"5\",\"x1600\":\"items:6\",\"x1200\":\"items:5\",\"x992\":\"items:4\",\"x768\":\"items:3\",\"x576\":\"items:2\",\"x0\":\"items:2\"}',0),(67,'MageBig\\WidgetPlus\\Block\\Product',7,'MFv04 - Up-Sell Products - Product page','0','{\"widget_title\":\"Up-Sell Products\",\"classes\":\"widget-heading-center\",\"product_type\":\"upsell\",\"product_style\":\"1\",\"limit\":\"12\",\"countdown\":\"0\",\"slider\":\"1\",\"row\":\"1\",\"margin\":\"30\",\"autoplay\":\"\",\"navigation\":\"1\",\"paging\":\"0\",\"column\":\"5\",\"x1600\":\"items:6\",\"x1200\":\"items:5\",\"x992\":\"items:4\",\"x768\":\"items:3\",\"x576\":\"items:2\",\"x0\":\"items:2\"}',2),(68,'MageBig\\WidgetPlus\\Block\\Crosssell',7,'MFv04 - Cross-Sell Products - Cart page','0','{\"widget_title\":\"Cross-Sell Products\",\"classes\":\"widget-heading-center\",\"product_type\":\"crosssell\",\"product_style\":\"1\",\"limit\":\"12\",\"countdown\":\"0\",\"slider\":\"1\",\"row\":\"1\",\"margin\":\"30\",\"autoplay\":\"\",\"navigation\":\"1\",\"paging\":\"0\",\"column\":\"5\",\"x1600\":\"items:5\",\"x1200\":\"items:4\",\"x992\":\"items:3\",\"x768\":\"items:3\",\"x576\":\"items:2\",\"x0\":\"items:2\"}',0),(69,'MageBig\\WidgetPlus\\Block\\StaticPlus',7,'MFv04 - Contact Map Info - Contact Page','0','{\"block_id\":\"contact-map-info-v1\",\"widget_title\":\"\",\"classes\":\"\",\"countdown\":\"0\",\"slider\":\"0\",\"background_type\":\"0\"}',0),(70,'MageBig\\WidgetPlus\\Block\\Product',7,'MFv04 - Best Selling - Catalog page','0','{\"widget_title\":\"Best Selling\",\"classes\":\"widget-nav-top\",\"product_type\":\"bestseller\",\"period\":\"all_time\",\"category_ids\":\"5\",\"product_style\":\"1\",\"cache_lifetime\":\"86400\",\"limit\":\"12\",\"countdown\":\"0\",\"slider\":\"1\",\"row\":\"1\",\"margin\":\"30\",\"autoplay\":\"5000\",\"navigation\":\"1\",\"paging\":\"0\",\"column\":\"4\",\"x1600\":\"items:5\",\"x1200\":\"items:4\",\"x992\":\"items:3\",\"x768\":\"items:3\",\"x576\":\"items:2\",\"x0\":\"items:2\"}',0),(71,'MageBig\\WidgetPlus\\Block\\StaticPlus',8,'MFv05 - Footer Info - All pages','0','{\"block_id\":\"footer-info-v5\",\"widget_title\":\"\",\"classes\":\"\",\"countdown\":\"0\",\"slider\":\"0\",\"background_type\":\"0\"}',0),(72,'MageBig\\WidgetPlus\\Block\\StaticPlus',8,'MFv05 - Contact Map Info - Contact Page','0','{\"block_id\":\"contact-map-info-v1\",\"widget_title\":\"\",\"classes\":\"\",\"countdown\":\"0\",\"slider\":\"0\",\"background_type\":\"0\"}',0),(73,'Magento\\Catalog\\Block\\Widget\\RecentlyViewed',8,'MFv05 - Recently Viewed Products - Few pages','0','{\"uiComponent\":\"widget_recently_viewed\",\"page_size\":\"12\",\"show_attributes\":[\"name\",\"image\",\"price\"],\"show_buttons\":[\"add_to_cart\",\"add_to_compare\",\"add_to_wishlist\"]}',6),(74,'MageBig\\WidgetPlus\\Block\\Product',8,'MFv05 - Related Products - Product page','0','{\"widget_title\":\"Related Products\",\"classes\":\"widget-heading-center\",\"product_type\":\"related\",\"product_style\":\"1\",\"limit\":\"12\",\"countdown\":\"0\",\"slider\":\"1\",\"row\":\"1\",\"margin\":\"30\",\"autoplay\":\"\",\"navigation\":\"1\",\"paging\":\"0\",\"column\":\"5\",\"x1600\":\"items:6\",\"x1200\":\"items:5\",\"x992\":\"items:4\",\"x768\":\"items:3\",\"x576\":\"items:2\",\"x0\":\"items:2\"}',0),(75,'MageBig\\WidgetPlus\\Block\\Product',8,'MFv05 - Up-Sell Products - Product page','0','{\"widget_title\":\"Up-Sell Products\",\"classes\":\"widget-heading-center\",\"product_type\":\"upsell\",\"product_style\":\"1\",\"limit\":\"12\",\"countdown\":\"0\",\"slider\":\"1\",\"row\":\"1\",\"margin\":\"30\",\"autoplay\":\"\",\"navigation\":\"1\",\"paging\":\"0\",\"column\":\"5\",\"x1600\":\"items:6\",\"x1200\":\"items:5\",\"x992\":\"items:4\",\"x768\":\"items:3\",\"x576\":\"items:2\",\"x0\":\"items:2\"}',2),(76,'MageBig\\WidgetPlus\\Block\\Crosssell',8,'MFv05 - Cross-Sell Products - Cart page','0','{\"widget_title\":\"Cross-Sell Products\",\"classes\":\"widget-heading-center\",\"product_type\":\"crosssell\",\"product_style\":\"1\",\"limit\":\"12\",\"countdown\":\"0\",\"slider\":\"1\",\"row\":\"1\",\"margin\":\"30\",\"autoplay\":\"\",\"navigation\":\"1\",\"paging\":\"0\",\"column\":\"4\",\"x1600\":\"items:5\",\"x1200\":\"items:4\",\"x992\":\"items:3\",\"x768\":\"items:3\",\"x576\":\"items:2\",\"x0\":\"items:2\"}',0),(77,'MageBig\\WidgetPlus\\Block\\Product',8,'MFv05 - Best Selling - Catalog page','0','{\"widget_title\":\"Best Selling \",\"classes\":\"widget-nav-top\",\"product_type\":\"bestseller\",\"period\":\"all_time\",\"category_ids\":\"3\",\"product_style\":\"1\",\"cache_lifetime\":\"86400\",\"limit\":\"12\",\"countdown\":\"0\",\"slider\":\"1\",\"row\":\"1\",\"margin\":\"30\",\"autoplay\":\"5000\",\"navigation\":\"1\",\"paging\":\"0\",\"column\":\"4\",\"x1600\":\"items:5\",\"x1200\":\"items:4\",\"x992\":\"items:3\",\"x768\":\"items:3\",\"x576\":\"items:2\",\"x0\":\"items:2\"}',0),(78,'MageBig\\WidgetPlus\\Block\\StaticPlus',9,'MFv06 - Footer Info - All pages','0','{\"block_id\":\"footer-info-v6\",\"widget_title\":\"\",\"classes\":\"\",\"countdown\":\"0\",\"slider\":\"0\",\"background_type\":\"0\"}',0),(79,'MageBig\\WidgetPlus\\Block\\StaticPlus',9,'MFv06 - Contact Map Info - Contact Page','0','{\"block_id\":\"contact-map-info-v1\",\"widget_title\":\"\",\"classes\":\"\",\"countdown\":\"0\",\"slider\":\"0\",\"background_type\":\"0\"}',0),(80,'Magento\\Catalog\\Block\\Widget\\RecentlyViewed',9,'MFv06 - Recently Viewed Products - Few pages','0','{\"uiComponent\":\"widget_recently_viewed\",\"page_size\":\"12\",\"show_attributes\":[\"name\",\"image\",\"price\"],\"show_buttons\":[\"add_to_cart\",\"add_to_compare\",\"add_to_wishlist\"]}',0),(81,'MageBig\\WidgetPlus\\Block\\Product',9,'MFv06 - Related Products - Product page','0','{\"widget_title\":\"Related Products\",\"classes\":\"widget-heading-center\",\"product_type\":\"related\",\"product_style\":\"1\",\"limit\":\"12\",\"countdown\":\"0\",\"slider\":\"1\",\"row\":\"1\",\"margin\":\"30\",\"autoplay\":\"\",\"navigation\":\"1\",\"paging\":\"0\",\"column\":\"5\",\"x1600\":\"items:6\",\"x1200\":\"items:5\",\"x992\":\"items:4\",\"x768\":\"items:3\",\"x576\":\"items:2\",\"x0\":\"items:2\"}',0),(82,'MageBig\\WidgetPlus\\Block\\Product',9,'MFv06 - Up-Sell Products - Product page','0','{\"widget_title\":\"Up-Sell Products\",\"classes\":\"widget-heading-center\",\"product_type\":\"upsell\",\"product_style\":\"1\",\"limit\":\"12\",\"countdown\":\"0\",\"slider\":\"1\",\"row\":\"1\",\"margin\":\"30\",\"autoplay\":\"\",\"navigation\":\"1\",\"paging\":\"0\",\"column\":\"4\",\"x1600\":\"items:6\",\"x1200\":\"items:5\",\"x992\":\"items:4\",\"x768\":\"items:3\",\"x576\":\"items:2\",\"x0\":\"items:2\"}',2),(83,'MageBig\\WidgetPlus\\Block\\Crosssell',9,'MFv06 - Cross-Sell Products - Cart page','0','{\"widget_title\":\"Cross-Sell Products\",\"classes\":\"widget-heading-center\",\"product_type\":\"crosssell\",\"product_style\":\"1\",\"limit\":\"12\",\"countdown\":\"0\",\"slider\":\"1\",\"row\":\"1\",\"margin\":\"30\",\"autoplay\":\"\",\"navigation\":\"1\",\"paging\":\"0\",\"column\":\"4\",\"x1600\":\"items:5\",\"x1200\":\"items:4\",\"x992\":\"items:3\",\"x768\":\"items:3\",\"x576\":\"items:2\",\"x0\":\"items:2\"}',0),(84,'MageBig\\WidgetPlus\\Block\\Product',9,'MFv06 - Best Selling - Catalog page','0','{\"widget_title\":\"Best Selling \",\"classes\":\"widget-nav-top\",\"product_type\":\"mostviewed\",\"category_ids\":\"9\",\"product_style\":\"1\",\"cache_lifetime\":\"86400\",\"limit\":\"12\",\"countdown\":\"0\",\"slider\":\"1\",\"row\":\"1\",\"margin\":\"30\",\"autoplay\":\"\",\"navigation\":\"0\",\"paging\":\"0\",\"column\":\"4\",\"x1600\":\"items:5\",\"x1200\":\"items:4\",\"x992\":\"items:3\",\"x768\":\"items:3\",\"x576\":\"items:2\",\"x0\":\"items:2\"}',0),(85,'MageBig\\WidgetPlus\\Block\\StaticPlus',9,'MFv06 - Catalog Slider - Category page','0','{\"block_id\":\"catalog-slider-v1\",\"widget_title\":\"\",\"classes\":\"\",\"countdown\":\"0\",\"slider\":\"2\",\"autoplay\":\"5000\",\"navigation\":\"1\",\"paging\":\"0\",\"background_type\":\"0\"}',1),(86,'MageBig\\WidgetPlus\\Block\\StaticPlus',9,'MFv06 - Brand - Category page','0','{\"block_id\":\"brand-v1\",\"widget_title\":\"\",\"classes\":\"\",\"countdown\":\"0\",\"slider\":\"1\",\"column\":\"6\",\"margin\":\"30\",\"autoplay\":\"5000\",\"navigation\":\"0\",\"paging\":\"0\",\"x1600\":\"items:6\",\"x1200\":\"items:6\",\"x992\":\"items:4\",\"x768\":\"items:3\",\"x576\":\"items:2\",\"x0\":\"items:2\",\"background_type\":\"0\"}',2),(87,'MageBig\\WidgetPlus\\Block\\StaticPlus',9,'MFv06 - Categories Block - Category Page','0','{\"block_id\":\"categories-block-v1\",\"widget_title\":\"\",\"classes\":\"\",\"countdown\":\"0\",\"slider\":\"0\",\"background_type\":\"0\"}',3),(88,'MageBig\\WidgetPlus\\Block\\StaticPlus',9,'MFv06 - Promo top - Few pages','0','{\"block_id\":\"promo-top-6\",\"widget_title\":\"\",\"classes\":\"\",\"countdown\":\"0\",\"slider\":\"0\",\"background_type\":\"1\",\"parallax_background_image\":\"wysiwyg\\/magebig\\/layout06\\/promo-top-partent.jpg\",\"background_property\":\" #ffffff repeat scroll left top\",\"background_size\":\"content\"}',0);

--
-- Table structure for table `widget_instance_page`
--

CREATE TABLE `widget_instance_page` (
  `page_id` int(10) unsigned NOT NULL AUTO_INCREMENT COMMENT 'Page ID',
  `instance_id` int(10) unsigned NOT NULL DEFAULT '0' COMMENT 'Instance ID',
  `page_group` varchar(25) DEFAULT NULL COMMENT 'Block Group Type',
  `layout_handle` varchar(255) DEFAULT NULL COMMENT 'Layout Handle',
  `block_reference` varchar(255) DEFAULT NULL COMMENT 'Container',
  `page_for` varchar(25) DEFAULT NULL COMMENT 'For instance entities',
  `entities` text COMMENT 'Catalog entities (comma separated)',
  `page_template` varchar(255) DEFAULT NULL COMMENT 'Path to widget template',
  PRIMARY KEY (`page_id`),
  KEY `WIDGET_INSTANCE_PAGE_INSTANCE_ID` (`instance_id`),
  CONSTRAINT `WIDGET_INSTANCE_PAGE_INSTANCE_ID_WIDGET_INSTANCE_INSTANCE_ID` FOREIGN KEY (`instance_id`) REFERENCES `widget_instance` (`instance_id`) ON DELETE CASCADE
) ENGINE=InnoDB AUTO_INCREMENT=105 DEFAULT CHARSET=utf8 COMMENT='Instance of Widget on Page';

--
-- Dumping data for table `widget_instance_page`
--

INSERT INTO `widget_instance_page` VALUES (1,1,'pages','contact_index_index','content.top','all','','widget/static_block/default.phtml'),(2,2,'all_pages','default','cms_footer_links_container','all','','widget/static_block/default.phtml'),(3,3,'anchor_categories','catalog_category_view_type_layered','sidebar.main','specific','37','widget/static_block/default.phtml'),(4,4,'anchor_categories','catalog_category_view_type_layered','sidebar.main','specific','3','widget/static_block/default.phtml'),(5,5,'anchor_categories','catalog_category_view_type_layered','sidebar.main','specific','11','widget/static_block/default.phtml'),(6,6,'anchor_categories','catalog_category_view_type_layered','sidebar.main','specific','20','widget/static_block/default.phtml'),(7,7,'anchor_categories','catalog_category_view_type_layered','sidebar.main','specific','38','widget/static_block/default.phtml'),(8,8,'anchor_categories','catalog_category_view_type_layered','content.top','specific','20','widget/static_block/default.phtml'),(9,9,'anchor_categories','catalog_category_view_type_layered','content.top','specific','9','widget/static_block/default.phtml'),(10,10,'anchor_categories','catalog_category_view_type_layered','content.top','specific','11','widget/static_block/default.phtml'),(11,11,'anchor_categories','catalog_category_view_type_layered','content.top','specific','3','widget/static_block/default.phtml'),(12,12,'anchor_categories','catalog_category_view_type_layered','content.top','specific','38','widget/static_block/default.phtml'),(13,13,'anchor_categories','catalog_category_view_type_layered','content.top','specific','37','widget/static_block/default.phtml'),(14,14,'pages','cms_index_index','content','all','','widget/static_block/default.phtml'),(15,15,'anchor_categories','catalog_category_view_type_layered','content.top','specific','39','widget/static_block/default.phtml'),(16,16,'anchor_categories','catalog_category_view_type_layered','content.top','specific','40','widget/static_block/default.phtml'),(17,17,'pages','customer_account_login','customer.login.container','all','','widget/static_block/default.phtml'),(18,18,'pages','cms_page_view','after.body.start','all','','widget/static_block.phtml'),(19,18,'anchor_categories','catalog_category_view_type_layered','after.body.start','all','','widget/static_block.phtml'),(20,18,'all_products','catalog_product_view','after.body.start','all','','widget/static_block.phtml'),(21,19,'pages','cms_index_index','main.slider.full','all','','widget/static_block.phtml'),(22,20,'pages','cms_index_index','content.top','all','','widget/static_block.phtml'),(23,21,'pages','cms_index_index','content.top','all','','widget/static_block.phtml'),(24,22,'pages','cms_index_index','content.top','all','','widget/static_block.phtml'),(25,23,'pages','cms_index_index','page.bottom.content','all','','widget/static_block.phtml'),(26,24,'pages','cms_index_index','page.bottom.content','all','','widget/static_block.phtml'),(27,25,'pages','cms_index_index','page.bottom.content','all','','widget/static_block.phtml'),(28,26,'pages','cms_index_index','page.bottom.content','all','','widget/static_block.phtml'),(29,27,'pages','cms_index_index','page.bottom.content','all','','widget/static_block.phtml'),(30,28,'all_pages','default','footer','all','','widget/static_block.phtml'),(31,29,'anchor_categories','catalog_category_view_type_layered','main.before.desktop.after.mobile','specific','3,15,17,18,19,20,21,22,23,24,16,28,25,26,27','widget/static_block.phtml'),(32,30,'anchor_categories','catalog_category_view_type_layered','main.before.desktop.after.mobile','specific','3,15,17,18,19,20,21,22,23,24,16,28,25,26,27','widget/static_block.phtml'),(33,31,'anchor_categories','catalog_category_view_type_layered','main.before.desktop.after.mobile','specific','3,15,17,18,19,20,21,22,23,24,16,28,25,26,27','widget/static_block.phtml'),(34,32,'pages','cms_index_index','page.bottom.content','all','','product/widget/viewed/grid.phtml'),(35,32,'anchor_categories','catalog_category_view_type_layered','page.bottom.content','all','','product/widget/viewed/grid.phtml'),(36,32,'all_products','catalog_product_view','page.bottom.content','all','','product/widget/viewed/grid.phtml'),(37,33,'pages','contact_index_index','main.slider.full','all','','widget/static_block.phtml'),(38,34,'anchor_categories','catalog_category_view_type_layered','content.top','specific','15','widget/product01.phtml'),(39,35,'anchor_categories','catalog_category_view_type_layered','content.top','specific','3','widget/product01.phtml'),(40,36,'all_products','catalog_product_view','content.bottom','all','','widget/product01.phtml'),(41,37,'pages','checkout_cart_index','checkout.cart.widget','all','','widget/product01.phtml'),(42,38,'all_products','catalog_product_view','content.bottom','all','','widget/product01.phtml'),(43,39,'pages','cms_index_index','main.slider.container','all','','widget/static_block.phtml'),(44,40,'pages','cms_index_index','content.top','all','','widget/static_block.phtml'),(45,41,'pages','cms_index_index','content.top','all','','widget/static_block.phtml'),(46,42,'pages','cms_index_index','content','all','','widget/static_block.phtml'),(47,43,'pages','cms_index_index','page.bottom.content','all','','widget/static_block.phtml'),(48,44,'pages','cms_index_index','page.bottom.content','all','','product/widget/viewed/grid.phtml'),(49,44,'anchor_categories','catalog_category_view_type_layered','page.bottom.content','all','','product/widget/viewed/grid.phtml'),(50,44,'all_products','catalog_product_view','page.bottom.content','all','','product/widget/viewed/grid.phtml'),(51,45,'all_pages','default','footer','all','','widget/static_block.phtml'),(52,46,'pages','contact_index_index','main.slider.full','all','','widget/static_block.phtml'),(53,47,'all_products','catalog_product_view','content.bottom','all','','widget/product01.phtml'),(54,48,'all_products','catalog_product_view','content.bottom','all','','widget/product01.phtml'),(55,49,'pages','checkout_cart_index','checkout.cart.widget','all','','widget/product01.phtml'),(56,50,'pages','cms_index_index','main.slider.full','all','','widget/static_block.phtml'),(57,51,'pages','cms_index_index','content.top','all','','widget/static_block.phtml'),(58,52,'pages','cms_index_index','content','all','','widget/static_block.phtml'),(59,53,'pages','cms_index_index','content.bottom.full','all','','widget/static_block.phtml'),(60,54,'pages','cms_index_index','page.bottom.content','all','','widget/static_block.phtml'),(61,55,'all_pages','default','footer','all','','widget/static_block.phtml'),(62,56,'pages','contact_index_index','main.slider.full','all','','widget/static_block.phtml'),(63,57,'all_products','catalog_product_view','content.bottom','all','','widget/product01.phtml'),(64,58,'pages','cms_index_index','page.bottom.content','all','','product/widget/viewed/grid.phtml'),(65,58,'anchor_categories','catalog_category_view_type_layered','page.bottom.content','all','','product/widget/viewed/grid.phtml'),(66,58,'all_products','catalog_product_view','page.bottom.content','all','','product/widget/viewed/grid.phtml'),(67,59,'all_products','catalog_product_view','content.bottom','all','','widget/product01.phtml'),(68,60,'pages','checkout_cart_index','checkout.cart.widget','all','','widget/product01.phtml'),(69,61,'pages','cms_index_index','main.slider.full','all','','widget/static_block.phtml'),(70,62,'pages','cms_index_index','content.top','all','','widget/static_block.phtml'),(71,63,'pages','cms_index_index','page.bottom.content','all','','widget/static_block.phtml'),(72,64,'pages','cms_index_index','page.bottom.content','all','','product/widget/viewed/grid.phtml'),(73,64,'anchor_categories','catalog_category_view_type_layered','page.bottom.content','all','','product/widget/viewed/grid.phtml'),(74,64,'all_products','catalog_product_view','page.bottom.content','all','','product/widget/viewed/grid.phtml'),(75,65,'all_pages','default','footer','all','','widget/static_block.phtml'),(76,66,'all_products','catalog_product_view','content.bottom','all','','widget/product01.phtml'),(77,67,'all_products','catalog_product_view','content.bottom','all','','widget/product01.phtml'),(78,68,'pages','checkout_cart_index','checkout.cart.widget','all','','widget/product01.phtml'),(79,69,'pages','contact_index_index','main.slider.full','all','','widget/static_block.phtml'),(80,70,'anchor_categories','catalog_category_view_type_layered','content.top','specific','5','widget/product01.phtml'),(81,71,'all_pages','default','footer','all','','widget/static_block.phtml'),(82,72,'pages','contact_index_index','main.slider.full','all','','widget/static_block.phtml'),(83,73,'pages','cms_index_index','content.bottom','all','','product/widget/viewed/grid.phtml'),(84,73,'anchor_categories','catalog_category_view_type_layered','page.bottom.content','all','','product/widget/viewed/grid.phtml'),(85,73,'all_products','catalog_product_view','page.bottom.content','all','','product/widget/viewed/grid.phtml'),(86,74,'all_products','catalog_product_view','content.bottom','all','','widget/product01.phtml'),(87,75,'all_products','catalog_product_view','content.bottom','all','','widget/product01.phtml'),(88,76,'pages','checkout_cart_index','checkout.cart.widget','all','','widget/product01.phtml'),(89,77,'anchor_categories','catalog_category_view_type_layered','content.top','specific','3','widget/product01.phtml'),(90,78,'all_pages','default','footer','all','','widget/static_block.phtml'),(91,79,'pages','contact_index_index','main.slider.full','all','','widget/static_block.phtml'),(92,80,'pages','cms_index_index','content.bottom','all','','product/widget/viewed/grid.phtml'),(93,80,'anchor_categories','catalog_category_view_type_layered','page.bottom.content','all','','product/widget/viewed/grid.phtml'),(94,80,'all_products','catalog_product_view','page.bottom.content','all','','product/widget/viewed/grid.phtml'),(95,81,'all_products','catalog_product_view','content.bottom','all','','widget/product01.phtml'),(96,82,'all_products','catalog_product_view','content.bottom','all','','widget/product01.phtml'),(97,83,'pages','checkout_cart_index','checkout.cart.widget','all','','widget/product01.phtml'),(98,84,'anchor_categories','catalog_category_view_type_layered','content.top','specific','9','widget/product01.phtml'),(99,85,'anchor_categories','catalog_category_view_type_layered','main.before.desktop.after.mobile','specific','3','widget/static_block.phtml'),(100,86,'anchor_categories','catalog_category_view_type_layered','main.before.desktop.after.mobile','specific','3','widget/static_block.phtml'),(101,87,'anchor_categories','catalog_category_view_type_layered','main.before.desktop.after.mobile','specific','3','widget/static_block.phtml'),(102,88,'pages','cms_page_view','after.body.start','all','','widget/static_block.phtml'),(103,88,'anchor_categories','catalog_category_view_type_layered','after.body.start','all','','widget/static_block.phtml'),(104,88,'all_products','catalog_product_view','after.body.start','all','','widget/static_block.phtml');

--
-- Table structure for table `widget_instance_page_layout`
--

CREATE TABLE `widget_instance_page_layout` (
  `page_id` int(10) unsigned NOT NULL DEFAULT '0' COMMENT 'Page ID',
  `layout_update_id` int(10) unsigned NOT NULL DEFAULT '0' COMMENT 'Layout Update ID',
  PRIMARY KEY (`layout_update_id`,`page_id`),
  KEY `WIDGET_INSTANCE_PAGE_LAYOUT_PAGE_ID` (`page_id`),
  CONSTRAINT `WIDGET_INSTANCE_PAGE_LAYOUT_PAGE_ID_WIDGET_INSTANCE_PAGE_PAGE_ID` FOREIGN KEY (`page_id`) REFERENCES `widget_instance_page` (`page_id`) ON DELETE CASCADE,
  CONSTRAINT `WIDGET_INSTANCE_PAGE_LYT_LYT_UPDATE_ID_LYT_UPDATE_LYT_UPDATE_ID` FOREIGN KEY (`layout_update_id`) REFERENCES `layout_update` (`layout_update_id`) ON DELETE CASCADE
) ENGINE=InnoDB DEFAULT CHARSET=utf8 COMMENT='Layout updates';

--
-- Dumping data for table `widget_instance_page_layout`
--

INSERT INTO `widget_instance_page_layout` VALUES (1,1),(2,2),(3,3),(4,4),(5,5),(6,6),(7,7),(8,8),(9,9),(10,10),(11,11),(12,12),(13,13),(14,14),(15,15),(16,16),(17,17),(18,18),(19,19),(20,20),(21,21),(22,22),(23,23),(24,24),(25,25),(26,26),(27,27),(28,28),(29,29),(30,30),(31,31),(31,32),(31,33),(31,34),(31,35),(31,36),(31,37),(31,38),(31,39),(31,40),(31,41),(31,42),(31,43),(31,44),(31,45),(32,46),(32,47),(32,48),(32,49),(32,50),(32,51),(32,52),(32,53),(32,54),(32,55),(32,56),(32,57),(32,58),(32,59),(32,60),(33,61),(33,62),(33,63),(33,64),(33,65),(33,66),(33,67),(33,68),(33,69),(33,70),(33,71),(33,72),(33,73),(33,74),(33,75),(34,76),(35,77),(36,78),(37,79),(38,80),(39,81),(40,82),(41,83),(42,84),(43,85),(44,86),(45,87),(46,88),(47,89),(48,90),(49,91),(50,92),(51,93),(52,94),(53,95),(54,96),(55,97),(56,98),(57,99),(58,100),(59,101),(60,102),(61,103),(62,104),(63,105),(64,106),(65,107),(66,108),(67,109),(68,110),(69,111),(70,112),(71,113),(72,114),(73,115),(74,116),(75,117),(76,118),(77,119),(78,120),(79,121),(80,122),(81,123),(82,124),(83,125),(84,126),(85,127),(86,128),(87,129),(88,130),(89,131),(90,132),(91,133),(92,134),(93,135),(94,136),(95,137),(96,138),(97,139),(98,140),(99,141),(100,142),(101,143),(102,144),(103,145),(104,146);

--
-- Table structure for table `wishlist`
--

CREATE TABLE `wishlist` (
  `wishlist_id` int(10) unsigned NOT NULL AUTO_INCREMENT COMMENT 'Wishlist ID',
  `customer_id` int(10) unsigned NOT NULL DEFAULT '0' COMMENT 'Customer ID',
  `shared` smallint(5) unsigned NOT NULL DEFAULT '0' COMMENT 'Sharing flag (0 or 1)',
  `sharing_code` varchar(32) DEFAULT NULL COMMENT 'Sharing encrypted code',
  `updated_at` timestamp NULL DEFAULT NULL COMMENT 'Last updated date',
  PRIMARY KEY (`wishlist_id`),
  UNIQUE KEY `WISHLIST_CUSTOMER_ID` (`customer_id`),
  KEY `WISHLIST_SHARED` (`shared`),
  CONSTRAINT `WISHLIST_CUSTOMER_ID_CUSTOMER_ENTITY_ENTITY_ID` FOREIGN KEY (`customer_id`) REFERENCES `customer_entity` (`entity_id`) ON DELETE CASCADE
) ENGINE=InnoDB DEFAULT CHARSET=utf8 COMMENT='Wishlist main Table';

--
-- Dumping data for table `wishlist`
--


--
-- Table structure for table `wishlist_item`
--

CREATE TABLE `wishlist_item` (
  `wishlist_item_id` int(10) unsigned NOT NULL AUTO_INCREMENT COMMENT 'Wishlist item ID',
  `wishlist_id` int(10) unsigned NOT NULL DEFAULT '0' COMMENT 'Wishlist ID',
  `product_id` int(10) unsigned NOT NULL DEFAULT '0' COMMENT 'Product ID',
  `store_id` smallint(5) unsigned DEFAULT NULL COMMENT 'Store ID',
  `added_at` timestamp NULL DEFAULT NULL COMMENT 'Add date and time',
  `description` text COMMENT 'Short description of wish list item',
  `qty` decimal(12,4) NOT NULL COMMENT 'Qty',
  PRIMARY KEY (`wishlist_item_id`),
  KEY `WISHLIST_ITEM_WISHLIST_ID` (`wishlist_id`),
  KEY `WISHLIST_ITEM_PRODUCT_ID` (`product_id`),
  KEY `WISHLIST_ITEM_STORE_ID` (`store_id`),
  CONSTRAINT `WISHLIST_ITEM_PRODUCT_ID_CATALOG_PRODUCT_ENTITY_ENTITY_ID` FOREIGN KEY (`product_id`) REFERENCES `catalog_product_entity` (`entity_id`) ON DELETE CASCADE,
  CONSTRAINT `WISHLIST_ITEM_STORE_ID_STORE_STORE_ID` FOREIGN KEY (`store_id`) REFERENCES `store` (`store_id`) ON DELETE SET NULL,
  CONSTRAINT `WISHLIST_ITEM_WISHLIST_ID_WISHLIST_WISHLIST_ID` FOREIGN KEY (`wishlist_id`) REFERENCES `wishlist` (`wishlist_id`) ON DELETE CASCADE
) ENGINE=InnoDB DEFAULT CHARSET=utf8 COMMENT='Wishlist items';

--
-- Dumping data for table `wishlist_item`
--


--
-- Table structure for table `wishlist_item_option`
--

CREATE TABLE `wishlist_item_option` (
  `option_id` int(10) unsigned NOT NULL AUTO_INCREMENT COMMENT 'Option ID',
  `wishlist_item_id` int(10) unsigned NOT NULL COMMENT 'Wishlist Item ID',
  `product_id` int(10) unsigned NOT NULL COMMENT 'Product ID',
  `code` varchar(255) NOT NULL COMMENT 'Code',
  `value` text COMMENT 'Value',
  PRIMARY KEY (`option_id`),
  KEY `FK_A014B30B04B72DD0EAB3EECD779728D6` (`wishlist_item_id`),
  CONSTRAINT `FK_A014B30B04B72DD0EAB3EECD779728D6` FOREIGN KEY (`wishlist_item_id`) REFERENCES `wishlist_item` (`wishlist_item_id`) ON DELETE CASCADE
) ENGINE=InnoDB DEFAULT CHARSET=utf8 COMMENT='Wishlist Item Option Table';

--
-- Dumping data for table `wishlist_item_option`
--


--
-- Table structure for table `yotpo_order_status_history`
--

CREATE TABLE `yotpo_order_status_history` (
  `id` int(10) unsigned NOT NULL AUTO_INCREMENT COMMENT 'Id',
  `order_id` int(10) unsigned DEFAULT NULL COMMENT 'Order Id',
  `store_id` int(10) unsigned DEFAULT NULL COMMENT 'Store Id',
  `old_status` varchar(32) DEFAULT NULL COMMENT 'Old Status',
  `new_status` varchar(32) DEFAULT NULL COMMENT 'New Status',
  `created_at` datetime DEFAULT NULL COMMENT 'Created At',
  PRIMARY KEY (`id`)
) ENGINE=InnoDB AUTO_INCREMENT=8 DEFAULT CHARSET=utf8 COMMENT='yotpo_order_status_history';

--
-- Dumping data for table `yotpo_order_status_history`
--

INSERT INTO `yotpo_order_status_history` VALUES (1,1,1,NULL,'pending','2022-08-10 15:31:35'),(2,1,1,'pending','processing','2022-08-10 15:31:36'),(3,1,1,NULL,'processing','2022-08-10 15:31:36'),(4,2,1,NULL,'pending','2022-08-10 15:31:36'),(5,2,1,'pending','processing','2022-08-10 15:31:36'),(6,2,1,NULL,'processing','2022-08-10 15:31:36'),(7,2,1,'processing','closed','2022-08-10 15:31:36');

--
-- Table structure for table `yotpo_rich_snippets`
--

CREATE TABLE `yotpo_rich_snippets` (
  `rich_snippet_id` int(11) NOT NULL AUTO_INCREMENT COMMENT 'Id',
  `product_id` int(11) NOT NULL COMMENT 'Product Id',
  `store_id` int(11) NOT NULL COMMENT 'Store Id',
  `average_score` decimal(10,2) NOT NULL COMMENT 'Average Score',
  `reviews_count` float(10,0) NOT NULL COMMENT 'Reviews Count',
  `expiration_time` timestamp NOT NULL DEFAULT CURRENT_TIMESTAMP ON UPDATE CURRENT_TIMESTAMP COMMENT 'Expiry Time',
  PRIMARY KEY (`rich_snippet_id`)
) ENGINE=InnoDB DEFAULT CHARSET=utf8 COMMENT='yotpo_rich_snippets';

--
-- Dumping data for table `yotpo_rich_snippets`
--


--
-- Table structure for table `yotpo_sync`
--

CREATE TABLE `yotpo_sync` (
  `sync_id` int(10) unsigned NOT NULL AUTO_INCREMENT COMMENT 'Id',
  `store_id` int(10) unsigned DEFAULT NULL COMMENT 'Store Id',
  `entity_type` varchar(50) DEFAULT NULL COMMENT 'Entity Type',
  `entity_id` int(10) unsigned DEFAULT NULL COMMENT 'Entity Id',
  `sync_flag` smallint(6) DEFAULT '0' COMMENT 'Sync Flag',
  `sync_date` datetime NOT NULL COMMENT 'Sync Date',
  PRIMARY KEY (`sync_id`),
  UNIQUE KEY `YOTPO_SYNC_STORE_ID_ENTITY_TYPE_ENTITY_ID` (`store_id`,`entity_type`,`entity_id`)
) ENGINE=InnoDB DEFAULT CHARSET=utf8 COMMENT='yotpo_sync';

--
-- Dumping data for table `yotpo_sync`
--


--
-- Final view structure for view `inventory_stock_1`
--

/*!50001 DROP VIEW IF EXISTS `inventory_stock_1`*/;
/*!50001 CREATE ALGORITHM=UNDEFINED */
/*!50013 DEFINER=`dotzeror`@`localhost` SQL SECURITY INVOKER */
/*!50001 VIEW `inventory_stock_1` AS select distinct `legacy_stock_status`.`product_id` AS `product_id`,`legacy_stock_status`.`website_id` AS `website_id`,`legacy_stock_status`.`stock_id` AS `stock_id`,`legacy_stock_status`.`qty` AS `quantity`,`legacy_stock_status`.`stock_status` AS `is_salable`,`product`.`sku` AS `sku` from (`cataloginventory_stock_status` `legacy_stock_status` join `catalog_product_entity` `product` on((`legacy_stock_status`.`product_id` = `product`.`entity_id`))) */;


