-- Table structure for table `rating_store`
--

CREATE TABLE `rating_store` (
  `rating_id` smallint(5) unsigned NOT NULL DEFAULT '0' COMMENT 'Rating ID',
  `store_id` smallint(5) unsigned NOT NULL DEFAULT '0' COMMENT 'Store ID',
  PRIMARY KEY (`rating_id`,`store_id`),
  KEY `RATING_STORE_STORE_ID` (`store_id`),
  CONSTRAINT `RATING_STORE_RATING_ID_RATING_RATING_ID` FOREIGN KEY (`rating_id`) REFERENCES `rating` (`rating_id`) ON DELETE CASCADE,
  CONSTRAINT `RATING_STORE_STORE_ID_STORE_STORE_ID` FOREIGN KEY (`store_id`) REFERENCES `store` (`store_id`) ON DELETE CASCADE
) ENGINE=InnoDB DEFAULT CHARSET=utf8 COMMENT='Rating Store';

--
-- Dumping data for table `rating_store`
--

INSERT INTO `rating_store` VALUES (1,0),(2,0),(3,0),(1,1),(2,1),(3,1),(1,2),(2,2),(3,2),(1,3),(2,3),(3,3),(1,4),(2,4),(3,4),(1,5),(2,5),(3,5),(1,6),(2,6),(3,6),(1,7),(2,7),(3,7),(1,8),(2,8),(3,8),(1,9),(2,9),(3,9),(1,10),(2,10),(3,10),(1,11),(2,11),(3,11),(1,12),(2,12),(3,12),(1,13),(2,13),(3,13),(1,14),(2,14),(3,14),(1,15),(2,15),(3,15),(1,16),(2,16),(3,16),(1,17),(2,17),(3,17),(1,18),(2,18),(3,18);

--
-- Table structure for table `rating_title`
--

CREATE TABLE `rating_title` (
  `rating_id` smallint(5) unsigned NOT NULL DEFAULT '0' COMMENT 'Rating ID',
  `store_id` smallint(5) unsigned NOT NULL DEFAULT '0' COMMENT 'Store ID',
  `value` varchar(255) NOT NULL COMMENT 'Rating Label',
  PRIMARY KEY (`rating_id`,`store_id`),
  KEY `RATING_TITLE_STORE_ID` (`store_id`),
  CONSTRAINT `RATING_TITLE_RATING_ID_RATING_RATING_ID` FOREIGN KEY (`rating_id`) REFERENCES `rating` (`rating_id`) ON DELETE CASCADE,
  CONSTRAINT `RATING_TITLE_STORE_ID_STORE_STORE_ID` FOREIGN KEY (`store_id`) REFERENCES `store` (`store_id`) ON DELETE CASCADE
) ENGINE=InnoDB DEFAULT CHARSET=utf8 COMMENT='Rating Title';

--
-- Dumping data for table `rating_title`
--


--
-- Table structure for table `release_notification_viewer_log`
--

CREATE TABLE `release_notification_viewer_log` (
  `id` int(10) unsigned NOT NULL AUTO_INCREMENT COMMENT 'Log ID',
  `viewer_id` int(10) unsigned NOT NULL COMMENT 'Viewer admin user ID',
  `last_view_version` varchar(16) NOT NULL COMMENT 'Viewer last view on product version',
  PRIMARY KEY (`id`),
  UNIQUE KEY `RELEASE_NOTIFICATION_VIEWER_LOG_VIEWER_ID` (`viewer_id`),
  CONSTRAINT `RELEASE_NOTIFICATION_VIEWER_LOG_VIEWER_ID_ADMIN_USER_USER_ID` FOREIGN KEY (`viewer_id`) REFERENCES `admin_user` (`user_id`) ON DELETE CASCADE
) ENGINE=InnoDB AUTO_INCREMENT=2 DEFAULT CHARSET=utf8 COMMENT='Release Notification Viewer Log Table';

--
-- Dumping data for table `release_notification_viewer_log`
--

INSERT INTO `release_notification_viewer_log` VALUES (1,1,'2.2.4');

--
-- Table structure for table `report_compared_product_index`
--

CREATE TABLE `report_compared_product_index` (
  `index_id` bigint(20) unsigned NOT NULL AUTO_INCREMENT COMMENT 'Index ID',
  `visitor_id` int(10) unsigned DEFAULT NULL COMMENT 'Visitor ID',
  `customer_id` int(10) unsigned DEFAULT NULL COMMENT 'Customer ID',
  `product_id` int(10) unsigned NOT NULL COMMENT 'Product ID',
  `store_id` smallint(5) unsigned DEFAULT NULL COMMENT 'Store ID',
  `added_at` timestamp NOT NULL DEFAULT CURRENT_TIMESTAMP COMMENT 'Added At',
  PRIMARY KEY (`index_id`),
  UNIQUE KEY `REPORT_COMPARED_PRODUCT_INDEX_VISITOR_ID_PRODUCT_ID` (`visitor_id`,`product_id`),
  UNIQUE KEY `REPORT_COMPARED_PRODUCT_INDEX_CUSTOMER_ID_PRODUCT_ID` (`customer_id`,`product_id`),
  KEY `REPORT_COMPARED_PRODUCT_INDEX_STORE_ID` (`store_id`),
  KEY `REPORT_COMPARED_PRODUCT_INDEX_ADDED_AT` (`added_at`),
  KEY `REPORT_COMPARED_PRODUCT_INDEX_PRODUCT_ID` (`product_id`),
  CONSTRAINT `REPORT_CMPD_PRD_IDX_CSTR_ID_CSTR_ENTT_ENTT_ID` FOREIGN KEY (`customer_id`) REFERENCES `customer_entity` (`entity_id`) ON DELETE CASCADE,
  CONSTRAINT `REPORT_CMPD_PRD_IDX_PRD_ID_CAT_PRD_ENTT_ENTT_ID` FOREIGN KEY (`product_id`) REFERENCES `catalog_product_entity` (`entity_id`) ON DELETE CASCADE,
  CONSTRAINT `REPORT_COMPARED_PRODUCT_INDEX_STORE_ID_STORE_STORE_ID` FOREIGN KEY (`store_id`) REFERENCES `store` (`store_id`) ON DELETE SET NULL
) ENGINE=InnoDB AUTO_INCREMENT=2 DEFAULT CHARSET=utf8 COMMENT='Reports Compared Product Index Table';

--
-- Dumping data for table `report_compared_product_index`
--

INSERT INTO `report_compared_product_index` VALUES (1,NULL,1,39,NULL,'2018-09-18 22:30:36');

--
-- Table structure for table `report_event`
--

CREATE TABLE `report_event` (
  `event_id` bigint(20) unsigned NOT NULL AUTO_INCREMENT COMMENT 'Event ID',
  `logged_at` timestamp NOT NULL DEFAULT CURRENT_TIMESTAMP COMMENT 'Logged At',
  `event_type_id` smallint(5) unsigned NOT NULL DEFAULT '0' COMMENT 'Event Type ID',
  `object_id` int(10) unsigned NOT NULL DEFAULT '0' COMMENT 'Object ID',
  `subject_id` int(10) unsigned NOT NULL DEFAULT '0' COMMENT 'Subject ID',
  `subtype` smallint(5) unsigned NOT NULL DEFAULT '0' COMMENT 'Subtype',
  `store_id` smallint(5) unsigned NOT NULL COMMENT 'Store ID',
  PRIMARY KEY (`event_id`),
  KEY `REPORT_EVENT_EVENT_TYPE_ID` (`event_type_id`),
  KEY `REPORT_EVENT_SUBJECT_ID` (`subject_id`),
  KEY `REPORT_EVENT_OBJECT_ID` (`object_id`),
  KEY `REPORT_EVENT_SUBTYPE` (`subtype`),
  KEY `REPORT_EVENT_STORE_ID` (`store_id`),
  CONSTRAINT `REPORT_EVENT_EVENT_TYPE_ID_REPORT_EVENT_TYPES_EVENT_TYPE_ID` FOREIGN KEY (`event_type_id`) REFERENCES `report_event_types` (`event_type_id`) ON DELETE CASCADE,
  CONSTRAINT `REPORT_EVENT_STORE_ID_STORE_STORE_ID` FOREIGN KEY (`store_id`) REFERENCES `store` (`store_id`) ON DELETE CASCADE
) ENGINE=InnoDB AUTO_INCREMENT=295 DEFAULT CHARSET=utf8 COMMENT='Reports Event Table';

--
-- Dumping data for table `report_event`
--

INSERT INTO `report_event` VALUES (1,'2018-08-18 21:06:35',1,79,1,1,4),(2,'2018-08-18 21:10:59',1,79,1,1,12),(3,'2018-08-18 21:13:02',1,79,1,1,12),(4,'2018-08-18 21:13:54',1,79,1,1,6),(5,'2018-08-18 21:26:59',1,79,1,1,4),(6,'2018-08-18 21:32:30',1,79,1,1,4),(7,'2018-08-18 21:34:21',1,79,1,1,4),(8,'2018-08-18 21:48:19',1,79,1,1,4),(9,'2018-08-18 21:49:12',1,79,1,1,6),(10,'2018-08-18 21:49:41',1,79,1,1,12),(11,'2018-08-18 22:02:57',1,79,1,1,1),(12,'2018-08-19 04:43:31',1,79,1,1,1),(13,'2018-08-19 04:44:15',1,79,1,1,6),(14,'2018-08-19 04:45:22',1,79,1,1,12),(15,'2018-08-19 04:50:16',1,79,1,1,11),(16,'2018-08-19 05:54:18',1,80,1,1,11),(17,'2018-08-19 05:56:08',1,81,1,1,11),(18,'2018-08-19 05:56:24',1,76,1,1,11),(19,'2018-08-19 05:57:14',1,77,1,1,11),(20,'2018-08-19 05:57:30',1,78,1,1,11),(21,'2018-08-19 06:31:15',1,8,1,1,11),(22,'2018-08-19 06:32:07',1,14,1,1,11),(23,'2018-08-19 06:33:21',1,25,1,1,11),(24,'2018-08-19 06:33:54',1,20,1,1,11),(25,'2018-08-19 06:45:45',1,41,1,1,11),(26,'2018-08-19 07:36:41',1,79,1,1,11),(27,'2018-08-19 07:40:17',1,80,1,1,12),(28,'2018-08-19 07:45:58',1,77,1,1,11),(29,'2018-08-19 08:35:33',1,39,1,1,1),(30,'2018-08-29 09:03:56',1,76,9,1,4),(31,'2018-08-29 09:06:33',1,8,9,1,4),(32,'2018-08-29 09:23:12',1,8,9,1,4),(33,'2018-09-01 00:03:41',4,80,11,1,4),(34,'2018-09-01 00:10:34',4,80,1,0,4),(35,'2018-09-01 00:12:29',4,80,12,1,4),(36,'2018-09-18 05:39:24',1,20,14,1,1),(37,'2018-09-18 05:41:14',1,20,14,1,1),(38,'2018-09-18 05:58:10',1,20,14,1,1),(39,'2018-09-18 05:59:30',1,20,14,1,1),(40,'2018-09-18 06:18:25',1,20,14,1,1),(41,'2018-09-18 09:02:18',4,20,1,0,1),(42,'2018-09-18 22:30:36',3,39,1,0,1),(43,'2018-10-26 18:40:15',1,12,0,1,1),(44,'2018-10-27 22:18:49',1,19,0,1,1),(45,'2018-10-30 07:16:14',1,81,0,1,1),(46,'2018-11-02 03:20:29',1,25,15,1,1),(47,'2018-11-02 03:22:17',1,25,15,1,1),(48,'2018-11-02 03:26:37',1,25,15,1,1),(49,'2018-11-02 03:50:32',1,25,15,1,1),(50,'2018-11-02 05:54:42',4,26,15,1,1),(51,'2018-11-02 08:51:52',1,25,15,1,1),(52,'2018-11-02 09:26:16',1,25,15,1,1),(53,'2018-11-02 16:16:15',1,15,15,1,1),(54,'2018-11-02 22:25:29',1,19,15,1,1),(55,'2018-11-03 00:49:57',1,58,15,1,1),(56,'2018-11-03 00:50:10',4,58,15,1,1),(57,'2018-11-03 00:50:23',4,14,15,1,1),(58,'2018-11-03 14:51:34',1,15,15,1,13),(59,'2018-11-03 14:59:05',1,15,15,1,13),(60,'2018-11-04 15:12:36',1,25,15,1,13),(61,'2018-11-04 22:44:34',1,18,15,1,13),(62,'2018-11-04 22:44:36',1,19,15,1,13),(63,'2018-11-04 22:44:50',1,39,15,1,13),(64,'2018-11-04 22:44:52',1,80,15,1,13),(65,'2018-11-04 22:45:13',1,41,15,1,13),(66,'2018-11-04 22:45:15',1,8,15,1,13),(67,'2018-11-04 22:45:17',1,8,15,1,13),(68,'2018-11-04 22:45:40',1,11,15,1,13),(69,'2018-11-04 22:45:54',1,79,15,1,13),(70,'2018-11-04 22:46:19',1,20,15,1,13),(71,'2018-11-04 22:46:37',1,40,15,1,13),(72,'2018-11-06 02:13:01',1,41,16,1,15),(73,'2018-12-04 06:20:04',1,25,0,1,1),(74,'2018-12-04 06:27:50',1,24,0,1,1),(75,'2018-12-04 14:28:32',1,41,0,1,1),(76,'2018-12-04 14:30:00',4,23,17,1,1),(77,'2018-12-04 22:05:43',1,39,18,1,1),(78,'2018-12-04 22:06:23',1,24,18,1,1),(79,'2018-12-04 23:59:38',4,41,19,1,1),(80,'2018-12-05 15:27:15',1,15,1,0,1),(81,'2018-12-05 22:34:36',1,25,21,1,6),(82,'2018-12-05 22:40:31',1,25,21,1,6),(83,'2018-12-05 22:52:36',1,25,21,1,6),(84,'2018-12-05 23:38:14',1,25,21,1,1),(85,'2019-09-16 04:55:42',1,41,0,1,1),(86,'2019-09-16 04:55:44',1,8,0,1,1),(87,'2019-09-16 04:55:45',1,3,0,1,1),(88,'2019-09-17 20:08:25',1,19,0,1,1),(89,'2019-09-24 13:34:50',1,8,0,1,1),(90,'2019-09-24 17:31:18',1,8,0,1,1),(91,'2019-09-24 17:34:57',1,8,0,1,1),(92,'2019-10-12 19:53:29',1,86,0,1,1),(93,'2019-10-12 19:58:21',1,90,0,1,1),(94,'2019-10-12 20:00:21',1,82,0,1,1),(95,'2019-10-12 20:01:36',1,90,0,1,1),(96,'2019-10-12 20:02:27',1,90,0,1,1),(97,'2019-10-14 01:45:06',1,82,0,1,1),(98,'2019-10-14 01:45:20',1,90,0,1,1),(99,'2019-10-14 01:45:47',1,8,0,1,1),(100,'2019-10-14 01:51:13',1,8,0,1,1),(101,'2019-10-14 01:51:15',1,8,0,1,1),(102,'2019-10-14 01:52:59',1,8,0,1,1),(103,'2019-10-14 01:57:25',1,8,0,1,1),(104,'2019-10-14 03:16:22',1,8,0,1,1),(105,'2019-10-14 03:34:03',1,8,0,1,1),(106,'2019-10-14 04:00:05',1,8,0,1,1),(107,'2019-10-15 06:22:40',1,90,22,1,1),(108,'2019-10-15 06:25:33',4,90,22,1,1),(109,'2019-10-15 06:25:34',1,90,22,1,1),(110,'2019-10-15 06:31:21',1,90,22,1,1),(111,'2019-10-15 06:33:42',1,90,22,1,1),(112,'2019-10-15 06:35:08',1,90,22,1,1),(113,'2019-10-16 15:15:05',4,90,23,1,1),(114,'2019-10-18 16:55:50',1,107,0,1,1),(115,'2019-10-18 16:56:02',4,107,24,1,1),(116,'2019-10-18 17:18:45',1,107,24,1,1),(117,'2019-10-25 06:09:55',1,107,0,1,1),(118,'2019-11-02 13:05:00',1,105,25,1,1),(119,'2019-11-02 13:47:54',1,105,25,1,1),(120,'2019-11-02 13:48:19',4,105,25,1,1),(121,'2019-11-02 13:48:36',1,105,25,1,1),(122,'2019-11-02 13:56:46',1,105,25,1,1),(123,'2019-11-02 14:34:58',1,105,25,1,1),(124,'2019-11-02 14:50:15',1,105,25,1,1),(125,'2019-11-02 14:51:55',1,105,25,1,1),(126,'2019-11-02 14:53:04',1,105,25,1,1),(127,'2019-11-02 14:55:42',1,105,25,1,1),(128,'2019-11-02 14:59:35',1,105,25,1,1),(129,'2019-11-02 15:01:59',1,105,25,1,1),(130,'2019-11-02 15:03:51',1,105,25,1,1),(131,'2019-11-02 15:13:37',1,105,25,1,1),(132,'2019-11-02 18:32:04',1,105,25,1,1),(133,'2019-11-02 18:34:19',1,1,25,1,1),(134,'2019-11-02 18:34:23',1,2,25,1,1),(135,'2019-11-02 18:34:23',1,3,25,1,1),(136,'2019-11-02 18:34:26',1,4,25,1,1),(137,'2019-11-02 18:34:29',1,5,25,1,1),(138,'2019-11-02 18:34:59',1,6,25,1,1),(139,'2019-11-02 18:35:02',1,7,25,1,1),(140,'2019-11-02 18:35:03',1,8,25,1,1),(141,'2019-11-02 18:35:03',1,9,25,1,1),(142,'2019-11-02 18:35:08',1,10,25,1,1),(143,'2019-11-02 18:35:11',1,11,25,1,1),(144,'2019-11-02 18:35:12',1,12,25,1,1),(145,'2019-11-02 18:35:12',1,13,25,1,1),(146,'2019-11-02 18:35:15',1,14,25,1,1),(147,'2019-11-02 18:35:16',1,15,25,1,1),(148,'2019-11-02 18:35:19',1,18,25,1,1),(149,'2019-11-02 18:35:23',1,19,25,1,1),(150,'2019-11-02 18:36:00',1,20,25,1,1),(151,'2019-11-02 18:36:03',1,21,25,1,1),(152,'2019-11-02 18:36:03',1,24,25,1,1),(153,'2019-11-02 18:36:07',1,25,25,1,1),(154,'2019-11-02 18:36:10',1,38,25,1,1),(155,'2019-11-02 18:36:10',1,39,25,1,1),(156,'2019-11-02 18:37:31',1,40,25,1,1),(157,'2019-11-02 18:37:34',1,41,25,1,1),(158,'2019-11-02 18:37:35',1,42,25,1,1),(159,'2019-11-02 18:37:40',1,43,25,1,1),(160,'2019-11-02 18:37:41',1,44,25,1,1),(161,'2019-11-02 18:37:42',1,45,25,1,1),(162,'2019-11-02 18:38:23',1,46,25,1,1),(163,'2019-11-02 18:38:48',1,47,25,1,1),(164,'2019-11-02 18:38:51',1,48,25,1,1),(165,'2019-11-02 18:38:52',1,49,25,1,1),(166,'2019-11-02 18:38:55',1,50,25,1,1),(167,'2019-11-02 18:38:57',1,51,25,1,1),(168,'2019-11-02 18:39:01',1,73,25,1,1),(169,'2019-11-02 18:39:01',1,76,25,1,1),(170,'2019-11-02 18:56:26',1,105,25,1,1),(171,'2019-11-02 19:26:21',4,107,25,1,1),(172,'2019-11-09 01:26:14',1,88,0,1,1),(173,'2019-11-09 01:52:41',1,88,0,1,1),(174,'2019-11-09 02:46:26',1,15,0,1,1),(175,'2019-11-09 08:11:18',1,88,0,1,1),(176,'2019-11-10 18:56:23',1,107,0,1,1),(177,'2019-11-10 18:56:55',1,107,0,1,1),(178,'2019-11-10 19:10:39',1,107,0,1,1),(179,'2019-11-10 19:10:52',1,107,0,1,1),(180,'2019-11-10 19:14:25',1,107,0,1,1),(181,'2019-11-10 19:14:35',1,107,0,1,1),(182,'2019-11-10 19:36:06',1,107,0,1,1),(183,'2019-11-10 19:36:14',1,107,0,1,1),(184,'2019-11-10 20:49:48',1,107,0,1,1),(185,'2019-11-10 20:49:57',1,107,0,1,1),(186,'2019-11-10 22:46:42',4,89,26,1,1),(187,'2019-11-11 00:19:12',1,99,26,1,1),(188,'2019-11-11 03:36:15',1,94,26,1,1),(189,'2019-11-11 03:59:17',1,95,26,1,1),(190,'2019-11-11 04:00:25',1,95,26,1,1),(191,'2019-11-11 04:03:48',1,94,26,1,1),(192,'2019-11-11 06:13:36',1,95,26,1,1),(193,'2019-11-11 23:51:23',1,72,26,1,1),(194,'2019-11-12 00:00:06',1,72,26,1,1),(195,'2019-11-12 00:13:02',1,72,26,1,1),(196,'2019-11-12 00:17:40',1,72,26,1,1),(197,'2019-11-12 00:21:21',1,15,26,1,1),(198,'2019-11-12 00:25:22',1,15,26,1,1),(199,'2019-11-12 00:29:03',1,69,26,1,1),(200,'2019-11-12 00:39:34',4,89,1,0,1),(201,'2019-11-12 00:46:40',4,94,1,0,1),(202,'2019-11-12 00:58:30',4,97,1,0,1),(203,'2019-11-12 00:59:07',4,98,1,0,1),(204,'2019-11-12 00:59:17',4,102,1,0,1),(205,'2019-11-13 16:18:29',1,8,0,1,1),(206,'2019-11-13 19:57:12',1,15,0,1,1),(207,'2019-11-13 20:01:10',1,18,0,1,1),(208,'2019-11-13 20:08:17',1,18,0,1,1),(209,'2019-11-13 20:28:00',1,107,0,1,1),(210,'2019-11-13 20:35:10',1,107,0,1,1),(211,'2019-11-13 20:41:28',1,107,0,1,1),(212,'2019-11-13 20:42:00',1,107,0,1,1),(213,'2019-11-13 20:42:41',1,94,0,1,1),(214,'2019-11-13 20:45:08',1,94,0,1,1),(215,'2019-11-13 20:50:07',1,94,0,1,1),(216,'2019-11-13 20:57:55',1,94,0,1,1),(217,'2019-11-13 20:58:46',1,94,0,1,1),(218,'2019-11-13 21:03:21',1,94,0,1,1),(219,'2019-11-13 21:04:25',1,94,0,1,1),(220,'2019-11-13 21:04:45',1,94,0,1,1),(221,'2019-11-13 21:04:57',1,94,0,1,1),(222,'2019-11-13 21:06:16',1,94,0,1,1),(223,'2019-11-13 21:06:28',1,94,0,1,1),(224,'2019-11-13 21:16:56',1,94,0,1,1),(225,'2019-11-13 21:17:09',1,94,0,1,1),(226,'2019-11-13 21:19:22',1,107,0,1,1),(227,'2019-11-13 21:19:34',1,107,0,1,1),(228,'2019-11-13 21:19:54',1,107,0,1,1),(229,'2019-11-13 21:20:09',1,107,0,1,1),(230,'2019-11-13 21:20:35',1,107,0,1,1),(231,'2019-11-13 21:22:43',1,107,0,1,1),(232,'2019-11-13 21:29:13',1,107,0,1,1),(233,'2019-11-13 21:43:43',1,107,0,1,1),(234,'2019-11-13 21:44:30',1,107,0,1,1),(235,'2019-11-13 21:49:36',1,107,0,1,1),(236,'2019-11-13 21:55:59',1,107,27,1,5),(237,'2019-11-13 21:58:29',1,107,27,1,1),(238,'2019-11-13 22:15:24',1,106,27,1,5),(239,'2019-11-13 22:15:58',1,105,27,1,5),(240,'2019-11-13 22:42:44',1,97,27,1,1),(241,'2019-11-19 01:05:53',1,15,28,1,1),(242,'2019-11-19 01:09:50',1,18,28,1,1),(243,'2019-11-19 01:09:56',4,18,28,1,1),(244,'2019-11-19 01:10:31',4,18,1,0,1),(245,'2019-11-19 01:11:48',4,97,1,0,1),(246,'2019-11-19 01:20:00',4,105,1,0,1),(247,'2019-12-03 04:01:56',1,8,0,1,1),(248,'2019-12-03 04:02:05',1,8,0,1,1),(249,'2019-12-05 00:37:24',1,41,0,1,1),(250,'2019-12-05 00:37:28',1,41,0,1,1),(251,'2019-12-05 00:37:47',1,58,0,1,1),(252,'2019-12-05 00:37:50',1,58,0,1,1),(253,'2019-12-08 04:33:21',1,25,0,1,1),(254,'2019-12-08 04:33:29',1,25,0,1,1),(255,'2019-12-08 04:34:56',1,25,0,1,1),(256,'2019-12-08 04:34:59',4,25,30,1,1),(257,'2019-12-08 16:48:46',1,15,30,1,1),(258,'2019-12-08 16:48:50',1,15,30,1,1),(259,'2019-12-08 17:07:19',1,15,30,1,1),(260,'2019-12-08 17:07:47',1,15,30,1,1),(261,'2019-12-08 17:10:15',1,15,30,1,1),(262,'2019-12-08 17:10:20',1,15,30,1,1),(263,'2019-12-08 17:38:33',1,15,30,1,1),(264,'2019-12-08 17:38:39',1,15,30,1,1),(265,'2019-12-08 17:40:26',1,15,30,1,1),(266,'2019-12-08 17:40:31',1,15,30,1,1),(267,'2019-12-08 20:51:14',1,15,30,1,1),(268,'2019-12-08 20:51:23',1,15,30,1,1),(269,'2019-12-08 20:58:00',1,15,30,1,1),(270,'2019-12-08 20:58:05',1,15,30,1,1),(271,'2019-12-08 21:04:53',4,25,1,0,1),(272,'2019-12-12 01:42:13',4,14,31,1,1),(273,'2019-12-12 01:43:18',1,25,31,1,1),(274,'2019-12-12 01:43:33',1,41,31,1,1),(275,'2019-12-12 01:43:52',1,41,31,1,1),(276,'2019-12-12 01:46:33',4,41,31,1,1),(277,'2019-12-22 02:09:59',1,8,0,1,1),(278,'2019-12-22 02:10:05',1,8,0,1,1),(279,'2019-12-22 02:11:15',1,8,0,1,1),(280,'2019-12-22 03:04:00',1,8,0,1,1),(281,'2019-12-23 06:26:47',1,41,32,1,1),(282,'2019-12-23 17:10:27',1,41,32,1,1),(283,'2019-12-23 17:12:13',1,41,32,1,1),(284,'2019-12-23 17:18:28',1,41,32,1,1),(285,'2019-12-23 17:18:53',1,41,32,1,1),(286,'2019-12-24 04:55:49',1,41,32,1,1),(287,'2019-12-26 02:16:07',1,41,33,1,1),(288,'2019-12-27 06:50:48',1,41,34,1,1),(289,'2019-12-27 06:51:35',1,41,34,1,1),(290,'2019-12-27 06:51:57',1,41,34,1,1),(291,'2020-01-12 06:25:52',1,41,0,1,1),(292,'2020-01-12 06:25:58',1,41,0,1,1),(293,'2020-01-22 04:16:44',1,20,0,1,1),(294,'2020-01-22 04:16:53',1,20,0,1,1);

--
-- Table structure for table `report_event_types`
--

CREATE TABLE `report_event_types` (
  `event_type_id` smallint(5) unsigned NOT NULL AUTO_INCREMENT COMMENT 'Event Type ID',
  `event_name` varchar(64) NOT NULL COMMENT 'Event Name',
  `customer_login` smallint(5) unsigned NOT NULL DEFAULT '0' COMMENT 'Customer Login',
  PRIMARY KEY (`event_type_id`)
) ENGINE=InnoDB AUTO_INCREMENT=7 DEFAULT CHARSET=utf8 COMMENT='Reports Event Type Table';

--
-- Dumping data for table `report_event_types`
--

INSERT INTO `report_event_types` VALUES (1,'catalog_product_view',0),(2,'sendfriend_product',0),(3,'catalog_product_compare_add_product',0),(4,'checkout_cart_add_product',0),(5,'wishlist_add_product',0),(6,'wishlist_share',0);

--
-- Table structure for table `report_viewed_product_aggregated_daily`
--

CREATE TABLE `report_viewed_product_aggregated_daily` (
  `id` int(10) unsigned NOT NULL AUTO_INCREMENT COMMENT 'ID',
  `period` date DEFAULT NULL COMMENT 'Period',
  `store_id` smallint(5) unsigned DEFAULT NULL COMMENT 'Store ID',
  `product_id` int(10) unsigned DEFAULT NULL COMMENT 'Product ID',
  `product_name` varchar(255) DEFAULT NULL COMMENT 'Product Name',
  `product_price` decimal(12,4) NOT NULL DEFAULT '0.0000' COMMENT 'Product Price',
  `views_num` int(11) NOT NULL DEFAULT '0' COMMENT 'Number of Views',
  `rating_pos` smallint(5) unsigned NOT NULL DEFAULT '0' COMMENT 'Rating Pos',
  PRIMARY KEY (`id`),
  UNIQUE KEY `REPORT_VIEWED_PRD_AGGRED_DAILY_PERIOD_STORE_ID_PRD_ID` (`period`,`store_id`,`product_id`),
  KEY `REPORT_VIEWED_PRODUCT_AGGREGATED_DAILY_STORE_ID` (`store_id`),
  KEY `REPORT_VIEWED_PRODUCT_AGGREGATED_DAILY_PRODUCT_ID` (`product_id`),
  CONSTRAINT `REPORT_VIEWED_PRD_AGGRED_DAILY_PRD_ID_CAT_PRD_ENTT_ENTT_ID` FOREIGN KEY (`product_id`) REFERENCES `catalog_product_entity` (`entity_id`) ON DELETE CASCADE,
  CONSTRAINT `REPORT_VIEWED_PRODUCT_AGGREGATED_DAILY_STORE_ID_STORE_STORE_ID` FOREIGN KEY (`store_id`) REFERENCES `store` (`store_id`) ON DELETE CASCADE
) ENGINE=InnoDB AUTO_INCREMENT=223 DEFAULT CHARSET=utf8 COMMENT='Most Viewed Products Aggregated Daily';

--
-- Dumping data for table `report_viewed_product_aggregated_daily`
--

INSERT INTO `report_viewed_product_aggregated_daily` VALUES (1,'2018-03-03',1,1,'Amcrest Security Camera',45.9000,13,1),(2,'2018-03-03',1,2,'Canon MX492 Wireless All-IN-One Small Printer',300.0000,1,2),(3,'2018-03-04',1,13,'NewAir Beverage Cooler',300.0000,1,2),(4,'2018-03-04',1,14,'XtremepowerUS Stainless Steel Tumble Cloths Dryer',300.0000,1,3),(5,'2018-03-04',1,15,'Marshall PBluetooth Speaker',0.0000,5,1),(6,'2018-03-05',1,15,'Marshall PBluetooth Speaker',0.0000,3,2),(7,'2018-03-05',1,18,'Samsung 4K Ultra HD Smart LED TV',0.0000,4,1),(8,'2018-03-06',1,3,'Samsung 55-Inch 4K Ultra HD Smart LED TV',400.0000,2,6),(9,'2018-03-06',1,8,'DJI Phantom 4 Quadcopter Camera',900.0000,29,2),(10,'2018-03-06',1,12,'ARCHEER 25W Bluetooth Speaker (A320)',70.0000,2,7),(11,'2018-03-06',1,14,'XtremepowerUS Stainless Steel Tumble Cloths Dryer',300.0000,9,4),(12,'2018-03-06',1,15,'Marshall PBluetooth Speaker',0.0000,40,1),(13,'2018-03-06',1,18,'Samsung 4K Ultra HD Smart LED TV',0.0000,8,5),(14,'2018-03-06',1,19,'DBPOWER T20 1500 Lumens LCD Projector',200.0000,9,3),(15,'2018-03-07',1,2,'Canon MX492 Wireless All-IN-One Small Printer',300.0000,5,4),(16,'2018-03-07',1,3,'Samsung 55-Inch 4K Ultra HD Smart LED TV',400.0000,5,5),(17,'2018-03-07',1,4,'Sony HD 1080p, 13.5MP White Version',386.9000,1,11),(18,'2018-03-07',1,6,'Gopro Quick Sliver Hero4 24K HD Camera',525.0000,1,12),(19,'2018-03-07',1,7,'652C Silver Ticket In-Ceiling Speaker',25.0000,2,7),(20,'2018-03-07',1,8,'DJI Phantom 4 Quadcopter Camera',900.0000,6,3),(21,'2018-03-07',1,9,'Fujifilm Instax Mini Neo Instant Film Camera',99.0000,1,10),(22,'2018-03-07',1,10,'iClever BoostCube Mini Charger',12.0000,2,8),(23,'2018-03-07',1,12,'ARCHEER 25W Bluetooth Speaker (A320)',70.0000,4,6),(24,'2018-03-07',1,15,'Marshall PBluetooth Speaker',0.0000,2,9),(25,'2018-03-07',1,18,'Samsung 4K Ultra HD Smart LED TV',0.0000,10,1),(26,'2018-03-07',1,19,'DBPOWER T20 1500 Lumens LCD Projector',200.0000,6,2),(27,'2018-03-08',1,8,'DJI Phantom 4 Quadcopter Camera',900.0000,1,3),(28,'2018-03-08',1,18,'Samsung 4K Ultra HD Smart LED TV',0.0000,9,1),(29,'2018-03-08',1,19,'DBPOWER T20 1500 Lumens LCD Projector',200.0000,4,2),(30,'2018-03-09',1,8,'DJI Phantom 4 Quadcopter Camera',900.0000,54,1),(31,'2018-03-09',1,15,'Marshall PBluetooth Speaker',0.0000,12,2),(32,'2018-03-10',1,8,'DJI Phantom 4 Quadcopter Camera',900.0000,1,2),(33,'2018-03-10',1,15,'Marshall PBluetooth Speaker',0.0000,1,3),(34,'2018-03-10',1,18,'Samsung 4K Ultra HD Smart LED TV',0.0000,1,4),(35,'2018-03-10',1,19,'DBPOWER T20 1500 Lumens LCD Projector',200.0000,1,5),(36,'2018-03-10',1,24,'Men Sports Running Swim - Group',0.0000,1,6),(37,'2018-03-10',1,25,'Sleeve Linen Blend Caro Pane Shirt',0.0000,2,1),(38,'2018-03-11',1,25,'Sleeve Linen Blend Caro Pane Shirt',0.0000,6,1),(39,'2018-03-11',1,39,'Military Classical Backpack',45.0000,1,2),(40,'2018-03-12',1,8,'DJI Phantom 4 Quadcopter Camera',900.0000,1,1),(41,'2018-03-13',1,1,'Amcrest Security Camera',45.9000,1,8),(42,'2018-03-13',1,15,'Marshall PBluetooth Speaker',0.0000,2,3),(43,'2018-03-13',1,18,'Samsung 4K Ultra HD Smart LED TV',0.0000,2,4),(44,'2018-03-13',1,19,'DBPOWER T20 1500 Lumens LCD Projector',200.0000,1,5),(45,'2018-03-13',1,20,'MVMTH Classical Leather Watch In Black',60.0000,1,6),(46,'2018-03-13',1,24,'Men Sports Running Swim - Group',0.0000,1,7),(47,'2018-03-13',1,25,'Sleeve Linen Blend Caro Pane Shirt',0.0000,2,2),(48,'2018-03-13',1,39,'Military Classical Backpack',45.0000,1,9),(49,'2018-03-13',1,50,'Set 14-Piece Knife From KichiKit',85.0000,1,10),(50,'2018-03-13',1,56,'Baxter Care Hair Kit For Mens',125.0000,1,11),(51,'2018-03-13',1,58,'Grand Slam Indoor Of Show Jumping Novel',30.0000,5,1),(52,'2018-03-14',1,1,'Amcrest Security Camera',45.9000,1,3),(53,'2018-03-14',1,15,'Marshall PBluetooth Speaker',0.0000,1,4),(54,'2018-03-14',1,18,'Samsung 4K Ultra HD Smart LED TV',0.0000,3,2),(55,'2018-03-14',1,19,'DBPOWER T20 1500 Lumens LCD Projector',200.0000,8,1),(56,'2018-03-14',1,58,'Grand Slam Indoor Of Show Jumping Novel',30.0000,1,5),(57,'2018-03-14',2,1,'Amcrest Security Camera',45.9000,1,2),(58,'2018-03-14',2,19,'DBPOWER T20 1500 Lumens LCD Projector',200.0000,2,1),(59,'2018-03-16',1,8,'DJI Phantom 4 Quadcopter Camera',900.0000,1,1),(60,'2018-03-16',1,19,'DBPOWER T20 1500 Lumens LCD Projector',200.0000,1,2),(61,'2018-03-17',1,15,'Marshall PBluetooth Speaker',0.0000,1,4),(62,'2018-03-17',1,18,'Samsung 4K Ultra HD Smart LED TV',0.0000,2,2),(63,'2018-03-17',1,20,'MVMTH Classical Leather Watch In Black',60.0000,4,1),(64,'2018-03-17',1,24,'Men Sports Running Swim - Group',0.0000,1,3),(65,'2018-03-18',1,2,'Canon MX492 Wireless All-IN-One Small Printer',300.0000,2,3),(66,'2018-03-18',1,15,'Marshall PBluetooth Speaker',0.0000,3,1),(67,'2018-03-18',1,18,'Samsung 4K Ultra HD Smart LED TV',0.0000,3,2),(68,'2018-03-18',1,58,'Grand Slam Indoor Of Show Jumping Novel',30.0000,1,4),(69,'2018-03-19',1,2,'Canon MX492 Wireless All-IN-One Small Printer',300.0000,3,1),(70,'2018-03-20',1,8,'DJI Phantom 4 Quadcopter Camera',900.0000,1,6),(71,'2018-03-20',1,14,'XtremepowerUS Stainless Steel Tumble Cloths Dryer',300.0000,3,3),(72,'2018-03-20',1,15,'Marshall PBluetooth Speaker',0.0000,3,4),(73,'2018-03-20',1,19,'DBPOWER T20 1500 Lumens LCD Projector',200.0000,2,5),(74,'2018-03-20',1,20,'MVMTH Classical Leather Watch In Black',60.0000,4,2),(75,'2018-03-20',1,25,'Sleeve Linen Blend Caro Pane Shirt',0.0000,16,1),(76,'2018-03-21',1,25,'Sleeve Linen Blend Caro Pane Shirt',0.0000,2,1),(77,'2018-03-23',1,39,'Military Classical Backpack',45.0000,1,1),(78,'2018-03-24',1,8,'DJI Phantom 4 Quadcopter Camera',900.0000,2,1),(79,'2018-03-24',1,15,'Marshall PBluetooth Speaker',0.0000,1,2),(80,'2018-03-24',1,18,'Samsung 4K Ultra HD Smart LED TV',0.0000,1,3),(81,'2018-04-01',1,14,'XtremepowerUS Stainless Steel Tumble Cloths Dryer',300.0000,2,1),(82,'2018-04-01',1,20,'MVMTH Classical Leather Watch In Black',60.0000,1,4),(83,'2018-04-01',1,39,'Military Classical Backpack',45.0000,1,2),(84,'2018-04-01',1,41,'Apple Macbook Display 12 Inch',650.0000,1,3),(85,'2018-04-03',1,25,'Sleeve Linen Blend Caro Pane Shirt',0.0000,7,1),(86,'2018-04-06',1,14,'XtremepowerUS Stainless Steel Tumble Cloths Dryer',300.0000,1,1),(150,'2018-07-23',1,20,'MVMTH Classical Leather Watch In Black',60.0000,10,1),(151,'2018-07-23',1,25,'Sleeve Linen Blend Caro Pane Shirt',0.0000,3,2),(152,'2018-07-23',1,58,'Grand Slam Indoor Of Show Jumping Novel',30.0000,1,3),(153,'2018-07-23',1,69,'Vita Coco Coconut Water - Pack of 12',30.0000,1,4),(154,'2018-07-23',1,72,'Augason Farms Freeze Dried Beef Chunks 1 lb No. 10',60.0000,1,5),(186,'2018-07-24',1,1,'Amcrest Security Camera',45.9000,1,23),(187,'2018-07-24',1,2,'Canon MX492 Wireless All-IN-One Small Printer',300.0000,1,24),(188,'2018-07-24',1,3,'Samsung 55-Inch 4K Ultra HD Smart LED TV',400.0000,1,28),(189,'2018-07-24',1,4,'Sony HD 1080p, 13.5MP White Version',386.9000,1,31),(190,'2018-07-24',1,5,'Nikon Coolpix 24 MP Camera',450.0000,1,16),(191,'2018-07-24',1,6,'Gopro Quick Sliver Hero4 24K HD Camera',525.0000,1,18),(192,'2018-07-24',1,7,'652C Silver Ticket In-Ceiling Speaker',25.0000,1,21),(193,'2018-07-24',1,8,'DJI Phantom 4 Quadcopter Camera',900.0000,2,10),(194,'2018-07-24',1,9,'Fujifilm Instax Mini Neo Instant Film Camera',99.0000,1,26),(195,'2018-07-24',1,10,'iClever BoostCube Mini Charger',12.0000,1,30),(196,'2018-07-24',1,11,'Goodsail Car Mount Holder',9.9900,1,14),(197,'2018-07-24',1,12,'ARCHEER 25W Bluetooth Speaker (A320)',70.0000,1,17),(198,'2018-07-24',1,13,'NewAir Beverage Cooler',300.0000,1,19),(199,'2018-07-24',1,14,'XtremepowerUS Stainless Steel Tumble Cloths Dryer',300.0000,3,6),(200,'2018-07-24',1,15,'Marshall PBluetooth Speaker',0.0000,2,11),(201,'2018-07-24',1,18,'Samsung 4K Ultra HD Smart LED TV',0.0000,1,29),(202,'2018-07-24',1,19,'DBPOWER T20 1500 Lumens LCD Projector',200.0000,3,5),(203,'2018-07-24',1,20,'MVMTH Classical Leather Watch In Black',60.0000,9,3),(204,'2018-07-24',1,21,'Paul’s Smith Sneaker In White Color',80.0000,4,4),(205,'2018-07-24',1,24,'Men Sports Running Swim - Group',0.0000,1,22),(206,'2018-07-24',1,25,'Sleeve Linen Blend Caro Pane Shirt',0.0000,19,1),(207,'2018-07-24',1,38,'Rayban Rounded SunglassBrown Color',35.0000,1,27),(208,'2018-07-24',1,39,'Military Classical Backpack',45.0000,3,7),(209,'2018-07-24',1,40,'Xbox One Wireless Controller',80.0000,1,15),(210,'2018-07-24',1,41,'Apple Macbook Display 12 Inch',650.0000,10,2),(211,'2018-07-24',1,42,'Apple iPhone Retina 6s Plus 64GB',1250.0000,1,20),(212,'2018-07-24',1,43,'ASUS Chromebook Flip - 10.2 Inch',350.0000,2,9),(213,'2018-07-24',1,44,'Samsung Gear VR Virtual Reality Headset',70.0000,1,25),(214,'2018-07-24',1,45,'Beat Spill 2.0 Wireless Speaker - White',150.0000,2,12),(215,'2018-07-24',1,55,'Anna Sui Putty Mask Perfection',25.0000,1,13),(216,'2018-07-24',1,76,'Sofa In Blue & Brown Chair',0.0000,2,8),(217,'2018-07-25',1,8,'DJI Phantom 4 Quadcopter Camera',900.0000,1,4),(218,'2018-07-25',1,49,'Simple Plastice Chair',45.0000,1,5),(219,'2018-07-25',1,76,'Sofa In Blue & Brown Chair',0.0000,3,2),(220,'2018-07-25',1,79,'Korea Small Wood 4 Boxes Storage',340.0000,1,6),(221,'2018-07-25',1,80,'Simple Wood Combine With Leather Chair',200.0000,4,1),(222,'2018-07-25',1,81,'Simple Tea Teable With Glass Surface',350.0000,2,3);

--
-- Table structure for table `report_viewed_product_aggregated_monthly`
--

CREATE TABLE `report_viewed_product_aggregated_monthly` (
  `id` int(10) unsigned NOT NULL AUTO_INCREMENT COMMENT 'ID',
  `period` date DEFAULT NULL COMMENT 'Period',
  `store_id` smallint(5) unsigned DEFAULT NULL COMMENT 'Store ID',
  `product_id` int(10) unsigned DEFAULT NULL COMMENT 'Product ID',
  `product_name` varchar(255) DEFAULT NULL COMMENT 'Product Name',
  `product_price` decimal(12,4) NOT NULL DEFAULT '0.0000' COMMENT 'Product Price',
  `views_num` int(11) NOT NULL DEFAULT '0' COMMENT 'Number of Views',
  `rating_pos` smallint(5) unsigned NOT NULL DEFAULT '0' COMMENT 'Rating Pos',
  PRIMARY KEY (`id`),
  UNIQUE KEY `REPORT_VIEWED_PRD_AGGRED_MONTHLY_PERIOD_STORE_ID_PRD_ID` (`period`,`store_id`,`product_id`),
  KEY `REPORT_VIEWED_PRODUCT_AGGREGATED_MONTHLY_STORE_ID` (`store_id`),
  KEY `REPORT_VIEWED_PRODUCT_AGGREGATED_MONTHLY_PRODUCT_ID` (`product_id`),
  CONSTRAINT `REPORT_VIEWED_PRD_AGGRED_MONTHLY_PRD_ID_CAT_PRD_ENTT_ENTT_ID` FOREIGN KEY (`product_id`) REFERENCES `catalog_product_entity` (`entity_id`) ON DELETE CASCADE,
  CONSTRAINT `REPORT_VIEWED_PRODUCT_AGGREGATED_MONTHLY_STORE_ID_STORE_STORE_ID` FOREIGN KEY (`store_id`) REFERENCES `store` (`store_id`) ON DELETE CASCADE
) ENGINE=InnoDB AUTO_INCREMENT=99 DEFAULT CHARSET=utf8 COMMENT='Most Viewed Products Aggregated Monthly';

--
-- Dumping data for table `report_viewed_product_aggregated_monthly`
--

INSERT INTO `report_viewed_product_aggregated_monthly` VALUES (1,'2018-03-01',1,8,'DJI Phantom 4 Quadcopter Camera',900.0000,96,1),(2,'2018-03-01',1,15,'Marshall PBluetooth Speaker',0.0000,74,2),(3,'2018-03-01',1,18,'Samsung 4K Ultra HD Smart LED TV',0.0000,43,3),(4,'2018-03-01',1,19,'DBPOWER T20 1500 Lumens LCD Projector',200.0000,32,4),(5,'2018-03-01',1,25,'Sleeve Linen Blend Caro Pane Shirt',0.0000,28,5),(6,'2018-03-01',1,1,'Amcrest Security Camera',45.9000,15,6),(7,'2018-03-01',1,14,'XtremepowerUS Stainless Steel Tumble Cloths Dryer',300.0000,13,7),(8,'2018-03-01',1,2,'Canon MX492 Wireless All-IN-One Small Printer',300.0000,11,8),(9,'2018-03-01',1,20,'MVMTH Classical Leather Watch In Black',60.0000,9,9),(10,'2018-03-01',1,3,'Samsung 55-Inch 4K Ultra HD Smart LED TV',400.0000,7,10),(11,'2018-03-01',1,58,'Grand Slam Indoor Of Show Jumping Novel',30.0000,7,11),(12,'2018-03-01',1,12,'ARCHEER 25W Bluetooth Speaker (A320)',70.0000,6,12),(13,'2018-03-01',1,39,'Military Classical Backpack',45.0000,3,13),(14,'2018-03-01',1,24,'Men Sports Running Swim - Group',0.0000,3,14),(15,'2018-03-01',1,7,'652C Silver Ticket In-Ceiling Speaker',25.0000,2,15),(16,'2018-03-01',1,10,'iClever BoostCube Mini Charger',12.0000,2,16),(17,'2018-03-01',1,50,'Set 14-Piece Knife From KichiKit',85.0000,1,17),(18,'2018-03-01',1,13,'NewAir Beverage Cooler',300.0000,1,18),(19,'2018-03-01',1,4,'Sony HD 1080p, 13.5MP White Version',386.9000,1,19),(20,'2018-03-01',1,56,'Baxter Care Hair Kit For Mens',125.0000,1,20),(21,'2018-03-01',1,9,'Fujifilm Instax Mini Neo Instant Film Camera',99.0000,1,21),(22,'2018-03-01',1,6,'Gopro Quick Sliver Hero4 24K HD Camera',525.0000,1,22),(23,'2018-04-01',1,25,'Sleeve Linen Blend Caro Pane Shirt',0.0000,7,1),(24,'2018-04-01',1,14,'XtremepowerUS Stainless Steel Tumble Cloths Dryer',300.0000,3,2),(25,'2018-04-01',1,41,'Apple Macbook Display 12 Inch',650.0000,1,3),(26,'2018-04-01',1,20,'MVMTH Classical Leather Watch In Black',60.0000,1,4),(27,'2018-04-01',1,39,'Military Classical Backpack',45.0000,1,5),(28,'2018-03-01',2,19,'DBPOWER T20 1500 Lumens LCD Projector',200.0000,2,1),(29,'2018-03-01',2,1,'Amcrest Security Camera',45.9000,1,2),(30,'2018-07-01',1,25,'Sleeve Linen Blend Caro Pane Shirt',0.0000,22,1),(31,'2018-07-01',1,20,'MVMTH Classical Leather Watch In Black',60.0000,19,2),(32,'2018-07-01',1,41,'Apple Macbook Display 12 Inch',650.0000,10,3),(33,'2018-07-01',1,21,'Paul’s Smith Sneaker In White Color',80.0000,4,5),(34,'2018-07-01',1,39,'Military Classical Backpack',45.0000,3,7),(35,'2018-07-01',1,14,'XtremepowerUS Stainless Steel Tumble Cloths Dryer',300.0000,3,8),(36,'2018-07-01',1,19,'DBPOWER T20 1500 Lumens LCD Projector',200.0000,3,9),(37,'2018-07-01',1,45,'Beat Spill 2.0 Wireless Speaker - White',150.0000,2,12),(38,'2018-07-01',1,15,'Marshall PBluetooth Speaker',0.0000,2,13),(39,'2018-07-01',1,43,'ASUS Chromebook Flip - 10.2 Inch',350.0000,2,14),(40,'2018-07-01',1,8,'DJI Phantom 4 Quadcopter Camera',900.0000,3,10),(41,'2018-07-01',1,55,'Anna Sui Putty Mask Perfection',25.0000,1,15),(42,'2018-07-01',1,1,'Amcrest Security Camera',45.9000,1,16),(43,'2018-07-01',1,6,'Gopro Quick Sliver Hero4 24K HD Camera',525.0000,1,17),(44,'2018-07-01',1,11,'Goodsail Car Mount Holder',9.9900,1,18),(45,'2018-07-01',1,18,'Samsung 4K Ultra HD Smart LED TV',0.0000,1,19),(46,'2018-07-01',1,44,'Samsung Gear VR Virtual Reality Headset',70.0000,1,20),(47,'2018-07-01',1,69,'Vita Coco Coconut Water - Pack of 12',30.0000,1,21),(48,'2018-07-01',1,4,'Sony HD 1080p, 13.5MP White Version',386.9000,1,23),(49,'2018-07-01',1,9,'Fujifilm Instax Mini Neo Instant Film Camera',99.0000,1,24),(50,'2018-07-01',1,24,'Men Sports Running Swim - Group',0.0000,1,25),(51,'2018-07-01',1,42,'Apple iPhone Retina 6s Plus 64GB',1250.0000,1,26),(52,'2018-07-01',1,2,'Canon MX492 Wireless All-IN-One Small Printer',300.0000,1,27),(53,'2018-07-01',1,7,'652C Silver Ticket In-Ceiling Speaker',25.0000,1,28),(54,'2018-07-01',1,12,'ARCHEER 25W Bluetooth Speaker (A320)',70.0000,1,29),(55,'2018-07-01',1,40,'Xbox One Wireless Controller',80.0000,1,30),(56,'2018-07-01',1,72,'Augason Farms Freeze Dried Beef Chunks 1 lb No. 10',60.0000,1,31),(57,'2018-07-01',1,5,'Nikon Coolpix 24 MP Camera',450.0000,1,32),(58,'2018-07-01',1,10,'iClever BoostCube Mini Charger',12.0000,1,33),(59,'2018-07-01',1,38,'Rayban Rounded SunglassBrown Color',35.0000,1,34),(60,'2018-07-01',1,58,'Grand Slam Indoor Of Show Jumping Novel',30.0000,1,35),(61,'2018-07-01',1,3,'Samsung 55-Inch 4K Ultra HD Smart LED TV',400.0000,1,37),(62,'2018-07-01',1,13,'NewAir Beverage Cooler',300.0000,1,38),(93,'2018-07-01',1,76,'Sofa In Blue & Brown Chair',0.0000,5,4),(95,'2018-07-01',1,80,'Simple Wood Combine With Leather Chair',200.0000,4,6),(96,'2018-07-01',1,81,'Simple Tea Teable With Glass Surface',350.0000,2,11),(97,'2018-07-01',1,79,'Korea Small Wood 4 Boxes Storage',340.0000,1,22),(98,'2018-07-01',1,49,'Simple Plastice Chair',45.0000,1,36);

--
-- Table structure for table `report_viewed_product_aggregated_yearly`
--

CREATE TABLE `report_viewed_product_aggregated_yearly` (
  `id` int(10) unsigned NOT NULL AUTO_INCREMENT COMMENT 'ID',
  `period` date DEFAULT NULL COMMENT 'Period',
  `store_id` smallint(5) unsigned DEFAULT NULL COMMENT 'Store ID',
  `product_id` int(10) unsigned DEFAULT NULL COMMENT 'Product ID',
  `product_name` varchar(255) DEFAULT NULL COMMENT 'Product Name',
  `product_price` decimal(12,4) NOT NULL DEFAULT '0.0000' COMMENT 'Product Price',
  `views_num` int(11) NOT NULL DEFAULT '0' COMMENT 'Number of Views',
  `rating_pos` smallint(5) unsigned NOT NULL DEFAULT '0' COMMENT 'Rating Pos',
  PRIMARY KEY (`id`),
  UNIQUE KEY `REPORT_VIEWED_PRD_AGGRED_YEARLY_PERIOD_STORE_ID_PRD_ID` (`period`,`store_id`,`product_id`),
  KEY `REPORT_VIEWED_PRODUCT_AGGREGATED_YEARLY_STORE_ID` (`store_id`),
  KEY `REPORT_VIEWED_PRODUCT_AGGREGATED_YEARLY_PRODUCT_ID` (`product_id`),
  CONSTRAINT `REPORT_VIEWED_PRD_AGGRED_YEARLY_PRD_ID_CAT_PRD_ENTT_ENTT_ID` FOREIGN KEY (`product_id`) REFERENCES `catalog_product_entity` (`entity_id`) ON DELETE CASCADE,
  CONSTRAINT `REPORT_VIEWED_PRODUCT_AGGREGATED_YEARLY_STORE_ID_STORE_STORE_ID` FOREIGN KEY (`store_id`) REFERENCES `store` (`store_id`) ON DELETE CASCADE
) ENGINE=InnoDB AUTO_INCREMENT=47 DEFAULT CHARSET=utf8 COMMENT='Most Viewed Products Aggregated Yearly';

--
-- Dumping data for table `report_viewed_product_aggregated_yearly`
--

INSERT INTO `report_viewed_product_aggregated_yearly` VALUES (1,'2018-01-01',1,8,'DJI Phantom 4 Quadcopter Camera',900.0000,99,1),(2,'2018-01-01',1,15,'Marshall PBluetooth Speaker',0.0000,76,2),(3,'2018-01-01',1,18,'Samsung 4K Ultra HD Smart LED TV',0.0000,44,4),(4,'2018-01-01',1,25,'Sleeve Linen Blend Caro Pane Shirt',0.0000,57,3),(5,'2018-01-01',1,19,'DBPOWER T20 1500 Lumens LCD Projector',200.0000,35,5),(6,'2018-01-01',1,14,'XtremepowerUS Stainless Steel Tumble Cloths Dryer',300.0000,19,7),(7,'2018-01-01',1,1,'Amcrest Security Camera',45.9000,16,8),(8,'2018-01-01',1,2,'Canon MX492 Wireless All-IN-One Small Printer',300.0000,12,9),(9,'2018-01-01',1,20,'MVMTH Classical Leather Watch In Black',60.0000,29,6),(10,'2018-01-01',1,3,'Samsung 55-Inch 4K Ultra HD Smart LED TV',400.0000,8,11),(11,'2018-01-01',1,58,'Grand Slam Indoor Of Show Jumping Novel',30.0000,8,12),(12,'2018-01-01',1,12,'ARCHEER 25W Bluetooth Speaker (A320)',70.0000,7,14),(13,'2018-01-01',1,39,'Military Classical Backpack',45.0000,7,13),(14,'2018-01-01',1,24,'Men Sports Running Swim - Group',0.0000,4,17),(15,'2018-01-01',1,7,'652C Silver Ticket In-Ceiling Speaker',25.0000,3,19),(16,'2018-01-01',1,10,'iClever BoostCube Mini Charger',12.0000,3,20),(17,'2018-01-01',1,50,'Set 14-Piece Knife From KichiKit',85.0000,1,28),(18,'2018-01-01',1,41,'Apple Macbook Display 12 Inch',650.0000,11,10),(19,'2018-01-01',1,13,'NewAir Beverage Cooler',300.0000,2,21),(20,'2018-01-01',1,4,'Sony HD 1080p, 13.5MP White Version',386.9000,2,22),(21,'2018-01-01',1,56,'Baxter Care Hair Kit For Mens',125.0000,1,33),(22,'2018-01-01',1,9,'Fujifilm Instax Mini Neo Instant Film Camera',99.0000,2,24),(23,'2018-01-01',1,6,'Gopro Quick Sliver Hero4 24K HD Camera',525.0000,2,26),(24,'2018-01-01',2,19,'DBPOWER T20 1500 Lumens LCD Projector',200.0000,2,1),(25,'2018-01-01',2,1,'Amcrest Security Camera',45.9000,1,2),(26,'2018-01-01',1,21,'Paul’s Smith Sneaker In White Color',80.0000,4,16),(27,'2018-01-01',1,45,'Beat Spill 2.0 Wireless Speaker - White',150.0000,2,23),(28,'2018-01-01',1,43,'ASUS Chromebook Flip - 10.2 Inch',350.0000,2,25),(29,'2018-01-01',1,44,'Samsung Gear VR Virtual Reality Headset',70.0000,1,29),(30,'2018-01-01',1,5,'Nikon Coolpix 24 MP Camera',450.0000,1,31),(31,'2018-01-01',1,42,'Apple iPhone Retina 6s Plus 64GB',1250.0000,1,32),(32,'2018-01-01',1,69,'Vita Coco Coconut Water - Pack of 12',30.0000,1,34),(33,'2018-01-01',1,38,'Rayban Rounded SunglassBrown Color',35.0000,1,35),(34,'2018-01-01',1,11,'Goodsail Car Mount Holder',9.9900,1,36),(35,'2018-01-01',1,72,'Augason Farms Freeze Dried Beef Chunks 1 lb No. 10',60.0000,1,38),(36,'2018-01-01',1,40,'Xbox One Wireless Controller',80.0000,1,39),(37,'2018-01-01',1,55,'Anna Sui Putty Mask Perfection',25.0000,1,40),(41,'2018-01-01',1,76,'Sofa In Blue & Brown Chair',0.0000,5,15),(43,'2018-01-01',1,80,'Simple Wood Combine With Leather Chair',200.0000,4,18),(44,'2018-01-01',1,81,'Simple Tea Teable With Glass Surface',350.0000,2,27),(45,'2018-01-01',1,79,'Korea Small Wood 4 Boxes Storage',340.0000,1,30),(46,'2018-01-01',1,49,'Simple Plastice Chair',45.0000,1,37);

--
-- Table structure for table `report_viewed_product_index`
--

CREATE TABLE `report_viewed_product_index` (
  `index_id` bigint(20) unsigned NOT NULL AUTO_INCREMENT COMMENT 'Index ID',
  `visitor_id` int(10) unsigned DEFAULT NULL COMMENT 'Visitor ID',
  `customer_id` int(10) unsigned DEFAULT NULL COMMENT 'Customer ID',
  `product_id` int(10) unsigned NOT NULL COMMENT 'Product ID',
  `store_id` smallint(5) unsigned DEFAULT NULL COMMENT 'Store ID',
  `added_at` timestamp NOT NULL DEFAULT CURRENT_TIMESTAMP COMMENT 'Added At',
  PRIMARY KEY (`index_id`),
  UNIQUE KEY `REPORT_VIEWED_PRODUCT_INDEX_VISITOR_ID_PRODUCT_ID` (`visitor_id`,`product_id`),
  UNIQUE KEY `REPORT_VIEWED_PRODUCT_INDEX_CUSTOMER_ID_PRODUCT_ID` (`customer_id`,`product_id`),
  KEY `REPORT_VIEWED_PRODUCT_INDEX_STORE_ID` (`store_id`),
  KEY `REPORT_VIEWED_PRODUCT_INDEX_ADDED_AT` (`added_at`),
  KEY `REPORT_VIEWED_PRODUCT_INDEX_PRODUCT_ID` (`product_id`),
  CONSTRAINT `REPORT_VIEWED_PRD_IDX_CSTR_ID_CSTR_ENTT_ENTT_ID` FOREIGN KEY (`customer_id`) REFERENCES `customer_entity` (`entity_id`) ON DELETE CASCADE,
  CONSTRAINT `REPORT_VIEWED_PRD_IDX_PRD_ID_CAT_PRD_ENTT_ENTT_ID` FOREIGN KEY (`product_id`) REFERENCES `catalog_product_entity` (`entity_id`) ON DELETE CASCADE,
  CONSTRAINT `REPORT_VIEWED_PRODUCT_INDEX_STORE_ID_STORE_STORE_ID` FOREIGN KEY (`store_id`) REFERENCES `store` (`store_id`) ON DELETE SET NULL
) ENGINE=InnoDB AUTO_INCREMENT=266 DEFAULT CHARSET=utf8 COMMENT='Reports Viewed Product Index Table';

--
-- Dumping data for table `report_viewed_product_index`
--

INSERT INTO `report_viewed_product_index` VALUES (1,1,NULL,79,11,'2018-08-18 21:06:35'),(16,1,NULL,80,12,'2018-08-19 05:54:18'),(17,1,NULL,81,11,'2018-08-19 05:56:08'),(18,1,NULL,76,11,'2018-08-19 05:56:24'),(19,1,NULL,77,11,'2018-08-19 05:57:14'),(20,1,NULL,78,11,'2018-08-19 05:57:30'),(21,1,NULL,8,11,'2018-08-19 06:31:15'),(22,1,NULL,14,11,'2018-08-19 06:32:07'),(23,1,NULL,25,11,'2018-08-19 06:33:21'),(24,1,NULL,20,11,'2018-08-19 06:33:54'),(25,1,NULL,41,11,'2018-08-19 06:45:45'),(29,1,NULL,39,1,'2018-08-19 08:35:33'),(30,NULL,1,76,4,'2018-08-29 09:03:56'),(31,NULL,1,8,4,'2018-08-29 09:06:33'),(33,NULL,1,20,1,'2018-09-18 05:39:24'),(38,NULL,NULL,12,1,'2018-10-26 18:40:15'),(39,NULL,NULL,19,1,'2018-10-27 22:18:49'),(40,NULL,NULL,81,1,'2018-10-30 07:16:14'),(41,15,NULL,25,13,'2018-11-02 03:20:29'),(47,15,NULL,15,13,'2018-11-02 16:16:15'),(48,15,NULL,19,13,'2018-11-02 22:25:29'),(49,15,NULL,58,1,'2018-11-03 00:49:57'),(53,15,NULL,18,13,'2018-11-04 22:44:34'),(55,15,NULL,39,13,'2018-11-04 22:44:49'),(56,15,NULL,80,13,'2018-11-04 22:44:52'),(57,15,NULL,41,13,'2018-11-04 22:45:13'),(58,15,NULL,8,13,'2018-11-04 22:45:15'),(60,15,NULL,11,13,'2018-11-04 22:45:40'),(61,15,NULL,79,13,'2018-11-04 22:45:54'),(62,15,NULL,20,13,'2018-11-04 22:46:19'),(63,15,NULL,40,13,'2018-11-04 22:46:37'),(64,16,NULL,41,15,'2018-11-06 02:13:01'),(65,NULL,NULL,25,1,'2018-12-04 06:20:04'),(66,NULL,NULL,24,1,'2018-12-04 06:27:50'),(67,NULL,NULL,41,1,'2018-12-04 14:28:32'),(68,18,NULL,39,1,'2018-12-04 22:05:43'),(69,18,NULL,24,1,'2018-12-04 22:06:23'),(70,NULL,1,15,1,'2018-12-05 15:27:15'),(71,21,NULL,25,1,'2018-12-05 22:34:36'),(75,NULL,NULL,41,1,'2019-09-16 04:55:42'),(76,NULL,NULL,8,1,'2019-09-16 04:55:44'),(77,NULL,NULL,3,1,'2019-09-16 04:55:45'),(78,NULL,NULL,19,1,'2019-09-17 20:08:25'),(79,NULL,NULL,8,1,'2019-09-24 13:34:50'),(80,NULL,NULL,8,1,'2019-09-24 17:31:18'),(81,NULL,NULL,8,1,'2019-09-24 17:34:57'),(82,NULL,NULL,86,1,'2019-10-12 19:53:29'),(83,NULL,NULL,90,1,'2019-10-12 19:58:21'),(84,NULL,NULL,82,1,'2019-10-12 20:00:21'),(85,NULL,NULL,90,1,'2019-10-12 20:01:36'),(86,NULL,NULL,90,1,'2019-10-12 20:02:27'),(87,NULL,NULL,82,1,'2019-10-14 01:45:06'),(88,NULL,NULL,90,1,'2019-10-14 01:45:20'),(89,NULL,NULL,8,1,'2019-10-14 01:45:47'),(90,NULL,NULL,8,1,'2019-10-14 01:51:12'),(91,NULL,NULL,8,1,'2019-10-14 01:51:14'),(92,NULL,NULL,8,1,'2019-10-14 01:52:59'),(93,NULL,NULL,8,1,'2019-10-14 01:57:25'),(94,NULL,NULL,8,1,'2019-10-14 03:16:22'),(95,NULL,NULL,8,1,'2019-10-14 03:34:03'),(96,NULL,NULL,8,1,'2019-10-14 04:00:05'),(97,22,NULL,90,1,'2019-10-15 06:22:40'),(102,NULL,NULL,107,1,'2019-10-18 16:55:50'),(103,24,NULL,107,1,'2019-10-18 17:18:45'),(104,NULL,NULL,107,1,'2019-10-25 06:09:55'),(105,25,NULL,105,1,'2019-11-02 13:05:00'),(119,25,NULL,1,1,'2019-11-02 18:34:19'),(120,25,NULL,2,1,'2019-11-02 18:34:22'),(121,25,NULL,3,1,'2019-11-02 18:34:23'),(122,25,NULL,4,1,'2019-11-02 18:34:26'),(123,25,NULL,5,1,'2019-11-02 18:34:29'),(124,25,NULL,6,1,'2019-11-02 18:34:59'),(125,25,NULL,7,1,'2019-11-02 18:35:02'),(126,25,NULL,8,1,'2019-11-02 18:35:03'),(127,25,NULL,9,1,'2019-11-02 18:35:03'),(128,25,NULL,10,1,'2019-11-02 18:35:08'),(129,25,NULL,11,1,'2019-11-02 18:35:11'),(130,25,NULL,12,1,'2019-11-02 18:35:12'),(131,25,NULL,13,1,'2019-11-02 18:35:12'),(132,25,NULL,14,1,'2019-11-02 18:35:15'),(133,25,NULL,15,1,'2019-11-02 18:35:16'),(134,25,NULL,18,1,'2019-11-02 18:35:19'),(135,25,NULL,19,1,'2019-11-02 18:35:23'),(136,25,NULL,20,1,'2019-11-02 18:36:00'),(137,25,NULL,21,1,'2019-11-02 18:36:03'),(138,25,NULL,24,1,'2019-11-02 18:36:03'),(139,25,NULL,25,1,'2019-11-02 18:36:07'),(140,25,NULL,38,1,'2019-11-02 18:36:10'),(141,25,NULL,39,1,'2019-11-02 18:36:10'),(142,25,NULL,40,1,'2019-11-02 18:37:31'),(143,25,NULL,41,1,'2019-11-02 18:37:34'),(144,25,NULL,42,1,'2019-11-02 18:37:35'),(145,25,NULL,43,1,'2019-11-02 18:37:40'),(146,25,NULL,44,1,'2019-11-02 18:37:41'),(147,25,NULL,45,1,'2019-11-02 18:37:42'),(148,25,NULL,46,1,'2019-11-02 18:38:23'),(149,25,NULL,47,1,'2019-11-02 18:38:48'),(150,25,NULL,48,1,'2019-11-02 18:38:51'),(151,25,NULL,49,1,'2019-11-02 18:38:52'),(152,25,NULL,50,1,'2019-11-02 18:38:55'),(153,25,NULL,51,1,'2019-11-02 18:38:57'),(154,25,NULL,73,1,'2019-11-02 18:39:01'),(155,25,NULL,76,1,'2019-11-02 18:39:01'),(157,NULL,NULL,88,1,'2019-11-09 01:26:14'),(158,NULL,NULL,88,1,'2019-11-09 01:52:41'),(159,NULL,NULL,15,1,'2019-11-09 02:46:26'),(160,NULL,NULL,88,1,'2019-11-09 08:11:18'),(161,NULL,NULL,107,1,'2019-11-10 18:56:23'),(162,NULL,NULL,107,1,'2019-11-10 18:56:55'),(163,NULL,NULL,107,1,'2019-11-10 19:10:39'),(164,NULL,NULL,107,1,'2019-11-10 19:10:52'),(165,NULL,NULL,107,1,'2019-11-10 19:14:25'),(166,NULL,NULL,107,1,'2019-11-10 19:14:35'),(167,NULL,NULL,107,1,'2019-11-10 19:36:06'),(168,NULL,NULL,107,1,'2019-11-10 19:36:14'),(169,NULL,NULL,107,1,'2019-11-10 20:49:48'),(170,NULL,NULL,107,1,'2019-11-10 20:49:57'),(171,NULL,1,99,1,'2019-11-11 00:19:12'),(172,NULL,1,94,1,'2019-11-11 03:36:15'),(173,NULL,1,95,1,'2019-11-11 03:59:17'),(177,NULL,1,72,1,'2019-11-11 23:51:23'),(183,NULL,1,69,1,'2019-11-12 00:29:03'),(184,NULL,NULL,8,1,'2019-11-13 16:18:29'),(185,NULL,NULL,15,1,'2019-11-13 19:57:12'),(186,NULL,NULL,18,1,'2019-11-13 20:01:10'),(187,NULL,NULL,18,1,'2019-11-13 20:08:17'),(188,NULL,NULL,107,1,'2019-11-13 20:28:00'),(189,NULL,NULL,107,1,'2019-11-13 20:35:10'),(190,NULL,NULL,107,1,'2019-11-13 20:41:28'),(191,NULL,NULL,107,1,'2019-11-13 20:42:00'),(192,NULL,NULL,94,1,'2019-11-13 20:42:40'),(193,NULL,NULL,94,1,'2019-11-13 20:45:08'),(194,NULL,NULL,94,1,'2019-11-13 20:50:07'),(195,NULL,NULL,94,1,'2019-11-13 20:57:55'),(196,NULL,NULL,94,1,'2019-11-13 20:58:46'),(197,NULL,NULL,94,1,'2019-11-13 21:03:21'),(198,NULL,NULL,94,1,'2019-11-13 21:04:25'),(199,NULL,NULL,94,1,'2019-11-13 21:04:45'),(200,NULL,NULL,94,1,'2019-11-13 21:04:57'),(201,NULL,NULL,94,1,'2019-11-13 21:06:16'),(202,NULL,NULL,94,1,'2019-11-13 21:06:28'),(203,NULL,NULL,94,1,'2019-11-13 21:16:56'),(204,NULL,NULL,94,1,'2019-11-13 21:17:09'),(205,NULL,NULL,107,1,'2019-11-13 21:19:22'),(206,NULL,NULL,107,1,'2019-11-13 21:19:34'),(207,NULL,NULL,107,1,'2019-11-13 21:19:54'),(208,NULL,NULL,107,1,'2019-11-13 21:20:09'),(209,NULL,NULL,107,1,'2019-11-13 21:20:35'),(210,NULL,NULL,107,1,'2019-11-13 21:22:43'),(211,NULL,NULL,107,1,'2019-11-13 21:29:13'),(212,NULL,NULL,107,1,'2019-11-13 21:43:43'),(213,NULL,NULL,107,1,'2019-11-13 21:44:30'),(214,NULL,NULL,107,1,'2019-11-13 21:49:36'),(215,NULL,1,107,1,'2019-11-13 21:55:59'),(217,NULL,1,106,1,'2019-11-13 22:15:24'),(218,NULL,1,105,1,'2019-11-13 22:15:58'),(219,NULL,1,97,1,'2019-11-13 22:42:44'),(221,NULL,1,18,1,'2019-11-19 01:09:50'),(222,NULL,NULL,8,1,'2019-12-03 04:01:56'),(223,NULL,NULL,8,1,'2019-12-03 04:02:05'),(224,NULL,NULL,41,1,'2019-12-05 00:37:24'),(225,NULL,NULL,41,1,'2019-12-05 00:37:28'),(226,NULL,NULL,58,1,'2019-12-05 00:37:47'),(227,NULL,NULL,58,1,'2019-12-05 00:37:50'),(228,NULL,NULL,25,1,'2019-12-08 04:33:21'),(229,NULL,NULL,25,1,'2019-12-08 04:33:29'),(230,NULL,NULL,25,1,'2019-12-08 04:34:56'),(245,31,NULL,25,1,'2019-12-12 01:43:18'),(246,31,NULL,41,1,'2019-12-12 01:43:33'),(248,NULL,NULL,8,1,'2019-12-22 02:09:59'),(249,NULL,NULL,8,1,'2019-12-22 02:10:05'),(250,NULL,NULL,8,1,'2019-12-22 02:11:15'),(251,NULL,NULL,8,1,'2019-12-22 03:04:00'),(252,32,NULL,41,1,'2019-12-23 06:26:47'),(258,33,NULL,41,1,'2019-12-26 02:16:07'),(259,34,NULL,41,1,'2019-12-27 06:50:48'),(262,NULL,NULL,41,1,'2020-01-12 06:25:52'),(263,NULL,NULL,41,1,'2020-01-12 06:25:57'),(264,NULL,NULL,20,1,'2020-01-22 04:16:44'),(265,NULL,NULL,20,1,'2020-01-22 04:16:53');

--
-- Table structure for table `reporting_counts`
--

CREATE TABLE `reporting_counts` (
  `entity_id` int(10) unsigned NOT NULL AUTO_INCREMENT COMMENT 'Entity ID',
  `type` varchar(255) DEFAULT NULL COMMENT 'Item Reported',
  `count` int(10) unsigned DEFAULT NULL COMMENT 'Count Value',
  `updated_at` timestamp NOT NULL DEFAULT CURRENT_TIMESTAMP ON UPDATE CURRENT_TIMESTAMP COMMENT 'Updated At',
  PRIMARY KEY (`entity_id`)
) ENGINE=InnoDB DEFAULT CHARSET=utf8 COMMENT='Reporting for all count related events generated via the cron job';

--
-- Dumping data for table `reporting_counts`
--


--
-- Table structure for table `reporting_module_status`
--

CREATE TABLE `reporting_module_status` (
  `entity_id` int(10) unsigned NOT NULL AUTO_INCREMENT COMMENT 'Module ID',
  `name` varchar(255) DEFAULT NULL COMMENT 'Module Name',
  `active` varchar(255) DEFAULT NULL COMMENT 'Module Active Status',
  `setup_version` varchar(255) DEFAULT NULL COMMENT 'Module Version',
  `state` varchar(255) DEFAULT NULL COMMENT 'Module State',
  `updated_at` timestamp NOT NULL DEFAULT CURRENT_TIMESTAMP ON UPDATE CURRENT_TIMESTAMP COMMENT 'Updated At',
  PRIMARY KEY (`entity_id`)
) ENGINE=InnoDB DEFAULT CHARSET=utf8 COMMENT='Module Status Table';

--
-- Dumping data for table `reporting_module_status`
--


--
-- Table structure for table `reporting_orders`
--

CREATE TABLE `reporting_orders` (
  `entity_id` int(10) unsigned NOT NULL AUTO_INCREMENT COMMENT 'Entity ID',
  `customer_id` int(10) unsigned DEFAULT NULL COMMENT 'Customer ID',
  `total` decimal(20,4) unsigned DEFAULT NULL,
  `total_base` decimal(20,4) unsigned DEFAULT NULL,
  `item_count` int(10) unsigned NOT NULL COMMENT 'Line Item Count',
  `updated_at` timestamp NOT NULL DEFAULT CURRENT_TIMESTAMP COMMENT 'Updated At',
  PRIMARY KEY (`entity_id`)
) ENGINE=InnoDB DEFAULT CHARSET=utf8 COMMENT='Reporting for all orders';

--
-- Dumping data for table `reporting_orders`
--


--
-- Table structure for table `reporting_system_updates`
--

CREATE TABLE `reporting_system_updates` (
  `entity_id` int(10) unsigned NOT NULL AUTO_INCREMENT COMMENT 'Entity ID',
  `type` varchar(255) DEFAULT NULL COMMENT 'Update Type',
  `action` varchar(255) DEFAULT NULL COMMENT 'Action Performed',
  `updated_at` timestamp NOT NULL DEFAULT CURRENT_TIMESTAMP COMMENT 'Updated At',
  PRIMARY KEY (`entity_id`)
) ENGINE=InnoDB DEFAULT CHARSET=utf8 COMMENT='Reporting for system updates';

--
-- Dumping data for table `reporting_system_updates`
--


--
-- Table structure for table `reporting_users`
--

CREATE TABLE `reporting_users` (
  `entity_id` int(10) unsigned NOT NULL AUTO_INCREMENT COMMENT 'Entity ID',
  `type` varchar(255) DEFAULT NULL COMMENT 'User Type',
  `action` varchar(255) DEFAULT NULL COMMENT 'Action Performed',
  `updated_at` timestamp NOT NULL DEFAULT CURRENT_TIMESTAMP COMMENT 'Updated At',
  PRIMARY KEY (`entity_id`)
) ENGINE=InnoDB DEFAULT CHARSET=utf8 COMMENT='Reporting for user actions';

--
-- Dumping data for table `reporting_users`
--


--
-- Table structure for table `review`
--

CREATE TABLE `review` (
  `review_id` bigint(20) unsigned NOT NULL AUTO_INCREMENT COMMENT 'Review ID',
  `created_at` timestamp NOT NULL DEFAULT CURRENT_TIMESTAMP COMMENT 'Review create date',
  `entity_id` smallint(5) unsigned NOT NULL DEFAULT '0' COMMENT 'Entity ID',
  `entity_pk_value` int(10) unsigned NOT NULL DEFAULT '0' COMMENT 'Product ID',
  `status_id` smallint(5) unsigned NOT NULL DEFAULT '0' COMMENT 'Status code',
  PRIMARY KEY (`review_id`),
  KEY `REVIEW_ENTITY_ID` (`entity_id`),
  KEY `REVIEW_STATUS_ID` (`status_id`),
  KEY `REVIEW_ENTITY_PK_VALUE` (`entity_pk_value`),
  CONSTRAINT `REVIEW_ENTITY_ID_REVIEW_ENTITY_ENTITY_ID` FOREIGN KEY (`entity_id`) REFERENCES `review_entity` (`entity_id`) ON DELETE CASCADE,
  CONSTRAINT `REVIEW_STATUS_ID_REVIEW_STATUS_STATUS_ID` FOREIGN KEY (`status_id`) REFERENCES `review_status` (`status_id`) ON DELETE NO ACTION
) ENGINE=InnoDB AUTO_INCREMENT=205 DEFAULT CHARSET=utf8 COMMENT='Review base information';

--
-- Dumping data for table `review`
--

INSERT INTO `review` VALUES (1,'2019-11-12 00:20:40',1,1,1),(2,'2019-11-12 00:20:41',1,15,1),(3,'2019-11-12 00:20:41',1,45,1),(4,'2019-11-12 00:20:41',1,56,1),(5,'2019-11-12 00:20:41',1,57,1),(6,'2019-11-12 00:20:41',1,64,1),(7,'2019-11-12 00:20:41',1,66,1),(8,'2019-11-12 00:20:41',1,86,1),(9,'2019-11-12 00:20:41',1,97,1),(10,'2019-11-12 00:20:41',1,101,1),(11,'2019-11-12 00:23:24',1,2,1),(12,'2019-11-12 00:23:24',1,21,1),(13,'2019-11-12 00:23:24',1,45,1),(14,'2019-11-12 00:23:24',1,50,1),(15,'2019-11-12 00:23:24',1,62,1),(16,'2019-11-12 00:23:24',1,69,1),(17,'2019-11-12 00:23:24',1,86,1),(18,'2019-11-12 00:23:24',1,89,1),(19,'2019-11-12 00:23:25',1,98,1),(20,'2019-11-12 00:23:25',1,105,1),(21,'2019-11-12 00:24:04',1,1,1),(22,'2019-11-12 00:24:04',1,2,1),(23,'2019-11-12 00:24:04',1,3,1),(24,'2019-11-12 00:24:04',1,4,1),(25,'2019-11-12 00:24:04',1,5,1),(26,'2019-11-12 00:24:05',1,6,1),(27,'2019-11-12 00:24:05',1,7,1),(28,'2019-11-12 00:24:05',1,8,1),(29,'2019-11-12 00:24:05',1,9,1),(30,'2019-11-12 00:24:05',1,10,1),(31,'2019-11-12 00:24:05',1,11,1),(32,'2019-11-12 00:24:05',1,12,1),(33,'2019-11-12 00:24:05',1,13,1),(34,'2019-11-12 00:24:05',1,14,1),(35,'2019-11-12 00:24:05',1,15,1),(36,'2019-11-12 00:24:06',1,18,1),(37,'2019-11-12 00:24:06',1,19,1),(38,'2019-11-12 00:24:06',1,20,1),(39,'2019-11-12 00:24:06',1,21,1),(40,'2019-11-12 00:24:06',1,24,1),(41,'2019-11-12 00:24:06',1,25,1),(42,'2019-11-12 00:24:06',1,38,1),(43,'2019-11-12 00:24:06',1,39,1),(44,'2019-11-12 00:24:06',1,40,1),(45,'2019-11-12 00:24:06',1,41,1),(46,'2019-11-12 00:24:06',1,42,1),(47,'2019-11-12 00:24:07',1,43,1),(48,'2019-11-12 00:24:07',1,44,1),(49,'2019-11-12 00:24:07',1,45,1),(50,'2019-11-12 00:24:07',1,46,1),(51,'2019-11-12 00:24:07',1,47,1),(52,'2019-11-12 00:24:07',1,48,1),(53,'2019-11-12 00:24:07',1,49,1),(54,'2019-11-12 00:24:07',1,50,1),(55,'2019-11-12 00:24:07',1,51,1),(56,'2019-11-12 00:24:07',1,52,1),(57,'2019-11-12 00:24:08',1,53,1),(58,'2019-11-12 00:24:08',1,54,1),(59,'2019-11-12 00:24:08',1,55,1),(60,'2019-11-12 00:24:08',1,56,1),(61,'2019-11-12 00:24:08',1,57,1),(62,'2019-11-12 00:24:08',1,58,1),(63,'2019-11-12 00:24:08',1,59,1),(64,'2019-11-12 00:24:09',1,60,1),(65,'2019-11-12 00:24:09',1,61,1),(66,'2019-11-12 00:24:09',1,62,1),(67,'2019-11-12 00:24:09',1,63,1),(68,'2019-11-12 00:24:09',1,64,1),(69,'2019-11-12 00:24:09',1,65,1),(70,'2019-11-12 00:24:09',1,66,1),(71,'2019-11-12 00:24:09',1,67,1),(72,'2019-11-12 00:24:10',1,68,1),(73,'2019-11-12 00:24:10',1,69,1),(74,'2019-11-12 00:24:10',1,70,1),(75,'2019-11-12 00:24:10',1,71,1),(76,'2019-11-12 00:24:10',1,72,1),(77,'2019-11-12 00:24:10',1,73,1),(78,'2019-11-12 00:24:11',1,76,1),(79,'2019-11-12 00:24:11',1,77,1),(80,'2019-11-12 00:24:11',1,78,1),(81,'2019-11-12 00:24:11',1,79,1),(82,'2019-11-12 00:24:11',1,80,1),(83,'2019-11-12 00:24:11',1,81,1),(84,'2019-11-12 00:24:11',1,82,1),(85,'2019-11-12 00:24:12',1,83,1),(86,'2019-11-12 00:24:12',1,84,1),(87,'2019-11-12 00:24:12',1,85,1),(88,'2019-11-12 00:24:12',1,86,1),(89,'2019-11-12 00:24:12',1,87,1),(90,'2019-11-12 00:24:12',1,88,1),(91,'2019-11-12 00:24:12',1,89,1),(92,'2019-11-12 00:24:12',1,90,1),(93,'2019-11-12 00:24:13',1,91,1),(94,'2019-11-12 00:24:13',1,92,1),(95,'2019-11-12 00:24:13',1,93,1),(96,'2019-11-12 00:24:13',1,94,1),(97,'2019-11-12 00:24:13',1,95,1),(98,'2019-11-12 00:24:13',1,96,1),(99,'2019-11-12 00:24:14',1,97,1),(100,'2019-11-12 00:24:14',1,98,1),(101,'2019-11-12 00:24:14',1,99,1),(102,'2019-11-12 00:24:14',1,100,1),(103,'2019-11-12 00:24:14',1,101,1),(104,'2019-11-12 00:24:14',1,102,1),(105,'2019-11-12 00:24:14',1,105,1),(106,'2019-11-12 00:24:15',1,106,1),(107,'2019-11-12 00:24:15',1,107,1),(108,'2019-11-12 00:28:14',1,1,1),(109,'2019-11-12 00:28:15',1,2,1),(110,'2019-11-12 00:28:15',1,3,1),(111,'2019-11-12 00:28:15',1,4,1),(112,'2019-11-12 00:28:15',1,5,1),(113,'2019-11-12 00:28:15',1,6,1),(114,'2019-11-12 00:28:15',1,7,1),(115,'2019-11-12 00:28:16',1,8,1),(116,'2019-11-12 00:28:16',1,9,1),(117,'2019-11-12 00:28:16',1,10,1),(118,'2019-11-12 00:28:16',1,11,1),(119,'2019-11-12 00:28:16',1,12,1),(120,'2019-11-12 00:28:16',1,13,1),(121,'2019-11-12 00:28:17',1,14,1),(122,'2019-11-12 00:28:17',1,15,1),(123,'2019-11-12 00:28:17',1,18,1),(124,'2019-11-12 00:28:17',1,19,1),(125,'2019-11-12 00:28:17',1,20,1),(126,'2019-11-12 00:28:17',1,21,1),(127,'2019-11-12 00:28:18',1,24,1),(128,'2019-11-12 00:28:18',1,25,1),(129,'2019-11-12 00:28:18',1,38,1),(130,'2019-11-12 00:28:18',1,39,1),(131,'2019-11-12 00:28:18',1,40,1),(132,'2019-11-12 00:28:18',1,41,1),(133,'2019-11-12 00:28:19',1,42,1),(134,'2019-11-12 00:28:19',1,43,1),(135,'2019-11-12 00:28:19',1,44,1),(136,'2019-11-12 00:28:19',1,45,1),(137,'2019-11-12 00:28:19',1,46,1),(138,'2019-11-12 00:28:19',1,47,1),(139,'2019-11-12 00:28:20',1,48,1),(140,'2019-11-12 00:28:20',1,49,1),(141,'2019-11-12 00:28:20',1,50,1),(142,'2019-11-12 00:28:20',1,51,1),(143,'2019-11-12 00:28:20',1,52,1),(144,'2019-11-12 00:28:21',1,53,1),(145,'2019-11-12 00:28:21',1,54,1),(146,'2019-11-12 00:28:21',1,55,1),(147,'2019-11-12 00:28:21',1,56,1),(148,'2019-11-12 00:28:21',1,57,1),(149,'2019-11-12 00:28:21',1,58,1),(150,'2019-11-12 00:28:22',1,59,1),(151,'2019-11-12 00:28:22',1,60,1),(152,'2019-11-12 00:28:22',1,61,1),(153,'2019-11-12 00:28:22',1,62,1),(154,'2019-11-12 00:28:22',1,63,1),(155,'2019-11-12 00:28:23',1,64,1),(156,'2019-11-12 00:28:23',1,65,1),(157,'2019-11-12 00:28:23',1,66,1),(158,'2019-11-12 00:28:23',1,67,1),(159,'2019-11-12 00:28:23',1,68,1),(160,'2019-11-12 00:28:23',1,69,1),(161,'2019-11-12 00:28:24',1,70,1),(162,'2019-11-12 00:28:24',1,71,1),(163,'2019-11-12 00:28:24',1,72,1),(164,'2019-11-12 00:28:24',1,73,1),(165,'2019-11-12 00:28:24',1,76,1),(166,'2019-11-12 00:28:25',1,77,1),(167,'2019-11-12 00:28:25',1,78,1),(168,'2019-11-12 00:28:25',1,79,1),(169,'2019-11-12 00:28:25',1,80,1),(170,'2019-11-12 00:28:25',1,81,1),(171,'2019-11-12 00:28:26',1,82,1),(172,'2019-11-12 00:28:26',1,83,1),(173,'2019-11-12 00:28:26',1,84,1),(174,'2019-11-12 00:28:26',1,85,1),(175,'2019-11-12 00:28:26',1,86,1),(176,'2019-11-12 00:28:27',1,87,1),(177,'2019-11-12 00:28:27',1,88,1),(178,'2019-11-12 00:28:27',1,89,1),(179,'2019-11-12 00:28:27',1,90,1),(180,'2019-11-12 00:28:27',1,91,1),(181,'2019-11-12 00:28:28',1,92,1),(182,'2019-11-12 00:28:28',1,93,1),(183,'2019-11-12 00:28:28',1,94,1),(184,'2019-11-12 00:28:28',1,95,1),(185,'2019-11-12 00:28:28',1,96,1),(186,'2019-11-12 00:28:28',1,97,1),(187,'2019-11-12 00:28:29',1,98,1),(188,'2019-11-12 00:28:29',1,99,1),(189,'2019-11-12 00:28:29',1,100,1),(190,'2019-11-12 00:28:29',1,101,1),(191,'2019-11-12 00:28:29',1,102,1),(192,'2019-11-12 00:28:30',1,105,1),(193,'2019-11-12 00:28:30',1,106,1),(194,'2019-11-12 00:28:30',1,107,1),(195,'2021-01-06 06:02:36',1,14,1),(196,'2021-01-06 06:02:36',1,19,1),(197,'2021-01-06 06:02:36',1,38,1),(198,'2021-01-06 06:02:36',1,50,1),(199,'2021-01-06 06:02:37',1,70,1),(200,'2021-01-06 06:02:37',1,86,1),(201,'2021-01-06 06:02:37',1,90,1),(202,'2021-01-06 06:02:37',1,91,1),(203,'2021-01-06 06:02:37',1,92,1),(204,'2021-01-06 06:02:37',1,94,1);

--
-- Table structure for table `review_detail`
--

CREATE TABLE `review_detail` (
  `detail_id` bigint(20) unsigned NOT NULL AUTO_INCREMENT COMMENT 'Review detail ID',
  `review_id` bigint(20) unsigned NOT NULL DEFAULT '0' COMMENT 'Review ID',
  `store_id` smallint(5) unsigned DEFAULT '0' COMMENT 'Store ID',
  `title` varchar(255) NOT NULL COMMENT 'Title',
  `detail` text NOT NULL COMMENT 'Detail description',
  `nickname` varchar(128) NOT NULL COMMENT 'User nickname',
  `customer_id` int(10) unsigned DEFAULT NULL COMMENT 'Customer ID',
  PRIMARY KEY (`detail_id`),
  KEY `REVIEW_DETAIL_REVIEW_ID` (`review_id`),
  KEY `REVIEW_DETAIL_STORE_ID` (`store_id`),
  KEY `REVIEW_DETAIL_CUSTOMER_ID` (`customer_id`),
  CONSTRAINT `REVIEW_DETAIL_CUSTOMER_ID_CUSTOMER_ENTITY_ENTITY_ID` FOREIGN KEY (`customer_id`) REFERENCES `customer_entity` (`entity_id`) ON DELETE SET NULL,
  CONSTRAINT `REVIEW_DETAIL_REVIEW_ID_REVIEW_REVIEW_ID` FOREIGN KEY (`review_id`) REFERENCES `review` (`review_id`) ON DELETE CASCADE,
  CONSTRAINT `REVIEW_DETAIL_STORE_ID_STORE_STORE_ID` FOREIGN KEY (`store_id`) REFERENCES `store` (`store_id`) ON DELETE SET NULL
) ENGINE=InnoDB AUTO_INCREMENT=205 DEFAULT CHARSET=utf8 COMMENT='Review detail information';

--
-- Dumping data for table `review_detail`
--

INSERT INTO `review_detail` VALUES (1,1,1,'Beautiful Theme','Martfury is a modern and flexible eCommerce Magento 2 theme. This theme is suited for marketplace, electronics store, furniture store, clothing store, hitech store and accessories store… With the theme, you can create easily and quickly your own store. -- Creating product reviews programmatically.','Jonny',NULL),(2,2,1,'Beautiful Theme','Martfury is a modern and flexible eCommerce Magento 2 theme. This theme is suited for marketplace, electronics store, furniture store, clothing store, hitech store and accessories store… With the theme, you can create easily and quickly your own store. -- Creating product reviews programmatically.','Jonny',NULL),(3,3,1,'Beautiful Theme','Martfury is a modern and flexible eCommerce Magento 2 theme. This theme is suited for marketplace, electronics store, furniture store, clothing store, hitech store and accessories store… With the theme, you can create easily and quickly your own store. -- Creating product reviews programmatically.','Jonny',NULL),(4,4,1,'Beautiful Theme','Martfury is a modern and flexible eCommerce Magento 2 theme. This theme is suited for marketplace, electronics store, furniture store, clothing store, hitech store and accessories store… With the theme, you can create easily and quickly your own store. -- Creating product reviews programmatically.','Jonny',NULL),(5,5,1,'Beautiful Theme','Martfury is a modern and flexible eCommerce Magento 2 theme. This theme is suited for marketplace, electronics store, furniture store, clothing store, hitech store and accessories store… With the theme, you can create easily and quickly your own store. -- Creating product reviews programmatically.','Jonny',NULL),(6,6,1,'Beautiful Theme','Martfury is a modern and flexible eCommerce Magento 2 theme. This theme is suited for marketplace, electronics store, furniture store, clothing store, hitech store and accessories store… With the theme, you can create easily and quickly your own store. -- Creating product reviews programmatically.','Jonny',NULL),(7,7,1,'Beautiful Theme','Martfury is a modern and flexible eCommerce Magento 2 theme. This theme is suited for marketplace, electronics store, furniture store, clothing store, hitech store and accessories store… With the theme, you can create easily and quickly your own store. -- Creating product reviews programmatically.','Jonny',NULL),(8,8,1,'Beautiful Theme','Martfury is a modern and flexible eCommerce Magento 2 theme. This theme is suited for marketplace, electronics store, furniture store, clothing store, hitech store and accessories store… With the theme, you can create easily and quickly your own store. -- Creating product reviews programmatically.','Jonny',NULL),(9,9,1,'Beautiful Theme','Martfury is a modern and flexible eCommerce Magento 2 theme. This theme is suited for marketplace, electronics store, furniture store, clothing store, hitech store and accessories store… With the theme, you can create easily and quickly your own store. -- Creating product reviews programmatically.','Jonny',NULL),(10,10,1,'Beautiful Theme','Martfury is a modern and flexible eCommerce Magento 2 theme. This theme is suited for marketplace, electronics store, furniture store, clothing store, hitech store and accessories store… With the theme, you can create easily and quickly your own store. -- Creating product reviews programmatically.','Jonny',NULL),(11,11,1,'Fast Theme','Martfury is a modern and flexible eCommerce Magento 2 theme. This theme is suited for marketplace, electronics store, furniture store, clothing store, hitech store and accessories store… With the theme, you can create easily and quickly your own store. -- Creating product reviews programmatically.','James',NULL),(12,12,1,'Fast Theme','Martfury is a modern and flexible eCommerce Magento 2 theme. This theme is suited for marketplace, electronics store, furniture store, clothing store, hitech store and accessories store… With the theme, you can create easily and quickly your own store. -- Creating product reviews programmatically.','James',NULL),(13,13,1,'Fast Theme','Martfury is a modern and flexible eCommerce Magento 2 theme. This theme is suited for marketplace, electronics store, furniture store, clothing store, hitech store and accessories store… With the theme, you can create easily and quickly your own store. -- Creating product reviews programmatically.','James',NULL),(14,14,1,'Fast Theme','Martfury is a modern and flexible eCommerce Magento 2 theme. This theme is suited for marketplace, electronics store, furniture store, clothing store, hitech store and accessories store… With the theme, you can create easily and quickly your own store. -- Creating product reviews programmatically.','James',NULL),(15,15,1,'Fast Theme','Martfury is a modern and flexible eCommerce Magento 2 theme. This theme is suited for marketplace, electronics store, furniture store, clothing store, hitech store and accessories store… With the theme, you can create easily and quickly your own store. -- Creating product reviews programmatically.','James',NULL),(16,16,1,'Fast Theme','Martfury is a modern and flexible eCommerce Magento 2 theme. This theme is suited for marketplace, electronics store, furniture store, clothing store, hitech store and accessories store… With the theme, you can create easily and quickly your own store. -- Creating product reviews programmatically.','James',NULL),(17,17,1,'Fast Theme','Martfury is a modern and flexible eCommerce Magento 2 theme. This theme is suited for marketplace, electronics store, furniture store, clothing store, hitech store and accessories store… With the theme, you can create easily and quickly your own store. -- Creating product reviews programmatically.','James',NULL),(18,18,1,'Fast Theme','Martfury is a modern and flexible eCommerce Magento 2 theme. This theme is suited for marketplace, electronics store, furniture store, clothing store, hitech store and accessories store… With the theme, you can create easily and quickly your own store. -- Creating product reviews programmatically.','James',NULL),(19,19,1,'Fast Theme','Martfury is a modern and flexible eCommerce Magento 2 theme. This theme is suited for marketplace, electronics store, furniture store, clothing store, hitech store and accessories store… With the theme, you can create easily and quickly your own store. -- Creating product reviews programmatically.','James',NULL),(20,20,1,'Fast Theme','Martfury is a modern and flexible eCommerce Magento 2 theme. This theme is suited for marketplace, electronics store, furniture store, clothing store, hitech store and accessories store… With the theme, you can create easily and quickly your own store. -- Creating product reviews programmatically.','James',NULL),(21,21,1,'Best Theme','Martfury is a modern and flexible eCommerce Magento 2 theme. This theme is suited for marketplace, electronics store, furniture store, clothing store, hitech store and accessories store… With the theme, you can create easily and quickly your own store. -- Creating product reviews programmatically.','Olivia',NULL),(22,22,1,'Best Theme','Martfury is a modern and flexible eCommerce Magento 2 theme. This theme is suited for marketplace, electronics store, furniture store, clothing store, hitech store and accessories store… With the theme, you can create easily and quickly your own store. -- Creating product reviews programmatically.','Olivia',NULL),(23,23,1,'Best Theme','Martfury is a modern and flexible eCommerce Magento 2 theme. This theme is suited for marketplace, electronics store, furniture store, clothing store, hitech store and accessories store… With the theme, you can create easily and quickly your own store. -- Creating product reviews programmatically.','Olivia',NULL),(24,24,1,'Best Theme','Martfury is a modern and flexible eCommerce Magento 2 theme. This theme is suited for marketplace, electronics store, furniture store, clothing store, hitech store and accessories store… With the theme, you can create easily and quickly your own store. -- Creating product reviews programmatically.','Olivia',NULL),(25,25,1,'Best Theme','Martfury is a modern and flexible eCommerce Magento 2 theme. This theme is suited for marketplace, electronics store, furniture store, clothing store, hitech store and accessories store… With the theme, you can create easily and quickly your own store. -- Creating product reviews programmatically.','Olivia',NULL),(26,26,1,'Best Theme','Martfury is a modern and flexible eCommerce Magento 2 theme. This theme is suited for marketplace, electronics store, furniture store, clothing store, hitech store and accessories store… With the theme, you can create easily and quickly your own store. -- Creating product reviews programmatically.','Olivia',NULL),(27,27,1,'Best Theme','Martfury is a modern and flexible eCommerce Magento 2 theme. This theme is suited for marketplace, electronics store, furniture store, clothing store, hitech store and accessories store… With the theme, you can create easily and quickly your own store. -- Creating product reviews programmatically.','Olivia',NULL),(28,28,1,'Best Theme','Martfury is a modern and flexible eCommerce Magento 2 theme. This theme is suited for marketplace, electronics store, furniture store, clothing store, hitech store and accessories store… With the theme, you can create easily and quickly your own store. -- Creating product reviews programmatically.','Olivia',NULL),(29,29,1,'Best Theme','Martfury is a modern and flexible eCommerce Magento 2 theme. This theme is suited for marketplace, electronics store, furniture store, clothing store, hitech store and accessories store… With the theme, you can create easily and quickly your own store. -- Creating product reviews programmatically.','Olivia',NULL),(30,30,1,'Best Theme','Martfury is a modern and flexible eCommerce Magento 2 theme. This theme is suited for marketplace, electronics store, furniture store, clothing store, hitech store and accessories store… With the theme, you can create easily and quickly your own store. -- Creating product reviews programmatically.','Olivia',NULL),(31,31,1,'Best Theme','Martfury is a modern and flexible eCommerce Magento 2 theme. This theme is suited for marketplace, electronics store, furniture store, clothing store, hitech store and accessories store… With the theme, you can create easily and quickly your own store. -- Creating product reviews programmatically.','Olivia',NULL),(32,32,1,'Best Theme','Martfury is a modern and flexible eCommerce Magento 2 theme. This theme is suited for marketplace, electronics store, furniture store, clothing store, hitech store and accessories store… With the theme, you can create easily and quickly your own store. -- Creating product reviews programmatically.','Olivia',NULL),(33,33,1,'Best Theme','Martfury is a modern and flexible eCommerce Magento 2 theme. This theme is suited for marketplace, electronics store, furniture store, clothing store, hitech store and accessories store… With the theme, you can create easily and quickly your own store. -- Creating product reviews programmatically.','Olivia',NULL),(34,34,1,'Best Theme','Martfury is a modern and flexible eCommerce Magento 2 theme. This theme is suited for marketplace, electronics store, furniture store, clothing store, hitech store and accessories store… With the theme, you can create easily and quickly your own store. -- Creating product reviews programmatically.','Olivia',NULL),(35,35,1,'Best Theme','Martfury is a modern and flexible eCommerce Magento 2 theme. This theme is suited for marketplace, electronics store, furniture store, clothing store, hitech store and accessories store… With the theme, you can create easily and quickly your own store. -- Creating product reviews programmatically.','Olivia',NULL),(36,36,1,'Best Theme','Martfury is a modern and flexible eCommerce Magento 2 theme. This theme is suited for marketplace, electronics store, furniture store, clothing store, hitech store and accessories store… With the theme, you can create easily and quickly your own store. -- Creating product reviews programmatically.','Olivia',NULL),(37,37,1,'Best Theme','Martfury is a modern and flexible eCommerce Magento 2 theme. This theme is suited for marketplace, electronics store, furniture store, clothing store, hitech store and accessories store… With the theme, you can create easily and quickly your own store. -- Creating product reviews programmatically.','Olivia',NULL),(38,38,1,'Best Theme','Martfury is a modern and flexible eCommerce Magento 2 theme. This theme is suited for marketplace, electronics store, furniture store, clothing store, hitech store and accessories store… With the theme, you can create easily and quickly your own store. -- Creating product reviews programmatically.','Olivia',NULL),(39,39,1,'Best Theme','Martfury is a modern and flexible eCommerce Magento 2 theme. This theme is suited for marketplace, electronics store, furniture store, clothing store, hitech store and accessories store… With the theme, you can create easily and quickly your own store. -- Creating product reviews programmatically.','Olivia',NULL),(40,40,1,'Best Theme','Martfury is a modern and flexible eCommerce Magento 2 theme. This theme is suited for marketplace, electronics store, furniture store, clothing store, hitech store and accessories store… With the theme, you can create easily and quickly your own store. -- Creating product reviews programmatically.','Olivia',NULL),(41,41,1,'Best Theme','Martfury is a modern and flexible eCommerce Magento 2 theme. This theme is suited for marketplace, electronics store, furniture store, clothing store, hitech store and accessories store… With the theme, you can create easily and quickly your own store. -- Creating product reviews programmatically.','Olivia',NULL),(42,42,1,'Best Theme','Martfury is a modern and flexible eCommerce Magento 2 theme. This theme is suited for marketplace, electronics store, furniture store, clothing store, hitech store and accessories store… With the theme, you can create easily and quickly your own store. -- Creating product reviews programmatically.','Olivia',NULL),(43,43,1,'Best Theme','Martfury is a modern and flexible eCommerce Magento 2 theme. This theme is suited for marketplace, electronics store, furniture store, clothing store, hitech store and accessories store… With the theme, you can create easily and quickly your own store. -- Creating product reviews programmatically.','Olivia',NULL),(44,44,1,'Best Theme','Martfury is a modern and flexible eCommerce Magento 2 theme. This theme is suited for marketplace, electronics store, furniture store, clothing store, hitech store and accessories store… With the theme, you can create easily and quickly your own store. -- Creating product reviews programmatically.','Olivia',NULL),(45,45,1,'Best Theme','Martfury is a modern and flexible eCommerce Magento 2 theme. This theme is suited for marketplace, electronics store, furniture store, clothing store, hitech store and accessories store… With the theme, you can create easily and quickly your own store. -- Creating product reviews programmatically.','Olivia',NULL),(46,46,1,'Best Theme','Martfury is a modern and flexible eCommerce Magento 2 theme. This theme is suited for marketplace, electronics store, furniture store, clothing store, hitech store and accessories store… With the theme, you can create easily and quickly your own store. -- Creating product reviews programmatically.','Olivia',NULL),(47,47,1,'Best Theme','Martfury is a modern and flexible eCommerce Magento 2 theme. This theme is suited for marketplace, electronics store, furniture store, clothing store, hitech store and accessories store… With the theme, you can create easily and quickly your own store. -- Creating product reviews programmatically.','Olivia',NULL),(48,48,1,'Best Theme','Martfury is a modern and flexible eCommerce Magento 2 theme. This theme is suited for marketplace, electronics store, furniture store, clothing store, hitech store and accessories store… With the theme, you can create easily and quickly your own store. -- Creating product reviews programmatically.','Olivia',NULL),(49,49,1,'Best Theme','Martfury is a modern and flexible eCommerce Magento 2 theme. This theme is suited for marketplace, electronics store, furniture store, clothing store, hitech store and accessories store… With the theme, you can create easily and quickly your own store. -- Creating product reviews programmatically.','Olivia',NULL),(50,50,1,'Best Theme','Martfury is a modern and flexible eCommerce Magento 2 theme. This theme is suited for marketplace, electronics store, furniture store, clothing store, hitech store and accessories store… With the theme, you can create easily and quickly your own store. -- Creating product reviews programmatically.','Olivia',NULL),(51,51,1,'Best Theme','Martfury is a modern and flexible eCommerce Magento 2 theme. This theme is suited for marketplace, electronics store, furniture store, clothing store, hitech store and accessories store… With the theme, you can create easily and quickly your own store. -- Creating product reviews programmatically.','Olivia',NULL),(52,52,1,'Best Theme','Martfury is a modern and flexible eCommerce Magento 2 theme. This theme is suited for marketplace, electronics store, furniture store, clothing store, hitech store and accessories store… With the theme, you can create easily and quickly your own store. -- Creating product reviews programmatically.','Olivia',NULL),(53,53,1,'Best Theme','Martfury is a modern and flexible eCommerce Magento 2 theme. This theme is suited for marketplace, electronics store, furniture store, clothing store, hitech store and accessories store… With the theme, you can create easily and quickly your own store. -- Creating product reviews programmatically.','Olivia',NULL),(54,54,1,'Best Theme','Martfury is a modern and flexible eCommerce Magento 2 theme. This theme is suited for marketplace, electronics store, furniture store, clothing store, hitech store and accessories store… With the theme, you can create easily and quickly your own store. -- Creating product reviews programmatically.','Olivia',NULL),(55,55,1,'Best Theme','Martfury is a modern and flexible eCommerce Magento 2 theme. This theme is suited for marketplace, electronics store, furniture store, clothing store, hitech store and accessories store… With the theme, you can create easily and quickly your own store. -- Creating product reviews programmatically.','Olivia',NULL),(56,56,1,'Best Theme','Martfury is a modern and flexible eCommerce Magento 2 theme. This theme is suited for marketplace, electronics store, furniture store, clothing store, hitech store and accessories store… With the theme, you can create easily and quickly your own store. -- Creating product reviews programmatically.','Olivia',NULL),(57,57,1,'Best Theme','Martfury is a modern and flexible eCommerce Magento 2 theme. This theme is suited for marketplace, electronics store, furniture store, clothing store, hitech store and accessories store… With the theme, you can create easily and quickly your own store. -- Creating product reviews programmatically.','Olivia',NULL),(58,58,1,'Best Theme','Martfury is a modern and flexible eCommerce Magento 2 theme. This theme is suited for marketplace, electronics store, furniture store, clothing store, hitech store and accessories store… With the theme, you can create easily and quickly your own store. -- Creating product reviews programmatically.','Olivia',NULL),(59,59,1,'Best Theme','Martfury is a modern and flexible eCommerce Magento 2 theme. This theme is suited for marketplace, electronics store, furniture store, clothing store, hitech store and accessories store… With the theme, you can create easily and quickly your own store. -- Creating product reviews programmatically.','Olivia',NULL),(60,60,1,'Best Theme','Martfury is a modern and flexible eCommerce Magento 2 theme. This theme is suited for marketplace, electronics store, furniture store, clothing store, hitech store and accessories store… With the theme, you can create easily and quickly your own store. -- Creating product reviews programmatically.','Olivia',NULL),(61,61,1,'Best Theme','Martfury is a modern and flexible eCommerce Magento 2 theme. This theme is suited for marketplace, electronics store, furniture store, clothing store, hitech store and accessories store… With the theme, you can create easily and quickly your own store. -- Creating product reviews programmatically.','Olivia',NULL),(62,62,1,'Best Theme','Martfury is a modern and flexible eCommerce Magento 2 theme. This theme is suited for marketplace, electronics store, furniture store, clothing store, hitech store and accessories store… With the theme, you can create easily and quickly your own store. -- Creating product reviews programmatically.','Olivia',NULL),(63,63,1,'Best Theme','Martfury is a modern and flexible eCommerce Magento 2 theme. This theme is suited for marketplace, electronics store, furniture store, clothing store, hitech store and accessories store… With the theme, you can create easily and quickly your own store. -- Creating product reviews programmatically.','Olivia',NULL),(64,64,1,'Best Theme','Martfury is a modern and flexible eCommerce Magento 2 theme. This theme is suited for marketplace, electronics store, furniture store, clothing store, hitech store and accessories store… With the theme, you can create easily and quickly your own store. -- Creating product reviews programmatically.','Olivia',NULL),(65,65,1,'Best Theme','Martfury is a modern and flexible eCommerce Magento 2 theme. This theme is suited for marketplace, electronics store, furniture store, clothing store, hitech store and accessories store… With the theme, you can create easily and quickly your own store. -- Creating product reviews programmatically.','Olivia',NULL),(66,66,1,'Best Theme','Martfury is a modern and flexible eCommerce Magento 2 theme. This theme is suited for marketplace, electronics store, furniture store, clothing store, hitech store and accessories store… With the theme, you can create easily and quickly your own store. -- Creating product reviews programmatically.','Olivia',NULL),(67,67,1,'Best Theme','Martfury is a modern and flexible eCommerce Magento 2 theme. This theme is suited for marketplace, electronics store, furniture store, clothing store, hitech store and accessories store… With the theme, you can create easily and quickly your own store. -- Creating product reviews programmatically.','Olivia',NULL),(68,68,1,'Best Theme','Martfury is a modern and flexible eCommerce Magento 2 theme. This theme is suited for marketplace, electronics store, furniture store, clothing store, hitech store and accessories store… With the theme, you can create easily and quickly your own store. -- Creating product reviews programmatically.','Olivia',NULL),(69,69,1,'Best Theme','Martfury is a modern and flexible eCommerce Magento 2 theme. This theme is suited for marketplace, electronics store, furniture store, clothing store, hitech store and accessories store… With the theme, you can create easily and quickly your own store. -- Creating product reviews programmatically.','Olivia',NULL),(70,70,1,'Best Theme','Martfury is a modern and flexible eCommerce Magento 2 theme. This theme is suited for marketplace, electronics store, furniture store, clothing store, hitech store and accessories store… With the theme, you can create easily and quickly your own store. -- Creating product reviews programmatically.','Olivia',NULL),(71,71,1,'Best Theme','Martfury is a modern and flexible eCommerce Magento 2 theme. This theme is suited for marketplace, electronics store, furniture store, clothing store, hitech store and accessories store… With the theme, you can create easily and quickly your own store. -- Creating product reviews programmatically.','Olivia',NULL),(72,72,1,'Best Theme','Martfury is a modern and flexible eCommerce Magento 2 theme. This theme is suited for marketplace, electronics store, furniture store, clothing store, hitech store and accessories store… With the theme, you can create easily and quickly your own store. -- Creating product reviews programmatically.','Olivia',NULL),(73,73,1,'Best Theme','Martfury is a modern and flexible eCommerce Magento 2 theme. This theme is suited for marketplace, electronics store, furniture store, clothing store, hitech store and accessories store… With the theme, you can create easily and quickly your own store. -- Creating product reviews programmatically.','Olivia',NULL),(74,74,1,'Best Theme','Martfury is a modern and flexible eCommerce Magento 2 theme. This theme is suited for marketplace, electronics store, furniture store, clothing store, hitech store and accessories store… With the theme, you can create easily and quickly your own store. -- Creating product reviews programmatically.','Olivia',NULL),(75,75,1,'Best Theme','Martfury is a modern and flexible eCommerce Magento 2 theme. This theme is suited for marketplace, electronics store, furniture store, clothing store, hitech store and accessories store… With the theme, you can create easily and quickly your own store. -- Creating product reviews programmatically.','Olivia',NULL),(76,76,1,'Best Theme','Martfury is a modern and flexible eCommerce Magento 2 theme. This theme is suited for marketplace, electronics store, furniture store, clothing store, hitech store and accessories store… With the theme, you can create easily and quickly your own store. -- Creating product reviews programmatically.','Olivia',NULL),(77,77,1,'Best Theme','Martfury is a modern and flexible eCommerce Magento 2 theme. This theme is suited for marketplace, electronics store, furniture store, clothing store, hitech store and accessories store… With the theme, you can create easily and quickly your own store. -- Creating product reviews programmatically.','Olivia',NULL),(78,78,1,'Best Theme','Martfury is a modern and flexible eCommerce Magento 2 theme. This theme is suited for marketplace, electronics store, furniture store, clothing store, hitech store and accessories store… With the theme, you can create easily and quickly your own store. -- Creating product reviews programmatically.','Olivia',NULL),(79,79,1,'Best Theme','Martfury is a modern and flexible eCommerce Magento 2 theme. This theme is suited for marketplace, electronics store, furniture store, clothing store, hitech store and accessories store… With the theme, you can create easily and quickly your own store. -- Creating product reviews programmatically.','Olivia',NULL),(80,80,1,'Best Theme','Martfury is a modern and flexible eCommerce Magento 2 theme. This theme is suited for marketplace, electronics store, furniture store, clothing store, hitech store and accessories store… With the theme, you can create easily and quickly your own store. -- Creating product reviews programmatically.','Olivia',NULL),(81,81,1,'Best Theme','Martfury is a modern and flexible eCommerce Magento 2 theme. This theme is suited for marketplace, electronics store, furniture store, clothing store, hitech store and accessories store… With the theme, you can create easily and quickly your own store. -- Creating product reviews programmatically.','Olivia',NULL),(82,82,1,'Best Theme','Martfury is a modern and flexible eCommerce Magento 2 theme. This theme is suited for marketplace, electronics store, furniture store, clothing store, hitech store and accessories store… With the theme, you can create easily and quickly your own store. -- Creating product reviews programmatically.','Olivia',NULL),(83,83,1,'Best Theme','Martfury is a modern and flexible eCommerce Magento 2 theme. This theme is suited for marketplace, electronics store, furniture store, clothing store, hitech store and accessories store… With the theme, you can create easily and quickly your own store. -- Creating product reviews programmatically.','Olivia',NULL),(84,84,1,'Best Theme','Martfury is a modern and flexible eCommerce Magento 2 theme. This theme is suited for marketplace, electronics store, furniture store, clothing store, hitech store and accessories store… With the theme, you can create easily and quickly your own store. -- Creating product reviews programmatically.','Olivia',NULL),(85,85,1,'Best Theme','Martfury is a modern and flexible eCommerce Magento 2 theme. This theme is suited for marketplace, electronics store, furniture store, clothing store, hitech store and accessories store… With the theme, you can create easily and quickly your own store. -- Creating product reviews programmatically.','Olivia',NULL),(86,86,1,'Best Theme','Martfury is a modern and flexible eCommerce Magento 2 theme. This theme is suited for marketplace, electronics store, furniture store, clothing store, hitech store and accessories store… With the theme, you can create easily and quickly your own store. -- Creating product reviews programmatically.','Olivia',NULL),(87,87,1,'Best Theme','Martfury is a modern and flexible eCommerce Magento 2 theme. This theme is suited for marketplace, electronics store, furniture store, clothing store, hitech store and accessories store… With the theme, you can create easily and quickly your own store. -- Creating product reviews programmatically.','Olivia',NULL),(88,88,1,'Best Theme','Martfury is a modern and flexible eCommerce Magento 2 theme. This theme is suited for marketplace, electronics store, furniture store, clothing store, hitech store and accessories store… With the theme, you can create easily and quickly your own store. -- Creating product reviews programmatically.','Olivia',NULL),(89,89,1,'Best Theme','Martfury is a modern and flexible eCommerce Magento 2 theme. This theme is suited for marketplace, electronics store, furniture store, clothing store, hitech store and accessories store… With the theme, you can create easily and quickly your own store. -- Creating product reviews programmatically.','Olivia',NULL),(90,90,1,'Best Theme','Martfury is a modern and flexible eCommerce Magento 2 theme. This theme is suited for marketplace, electronics store, furniture store, clothing store, hitech store and accessories store… With the theme, you can create easily and quickly your own store. -- Creating product reviews programmatically.','Olivia',NULL),(91,91,1,'Best Theme','Martfury is a modern and flexible eCommerce Magento 2 theme. This theme is suited for marketplace, electronics store, furniture store, clothing store, hitech store and accessories store… With the theme, you can create easily and quickly your own store. -- Creating product reviews programmatically.','Olivia',NULL),(92,92,1,'Best Theme','Martfury is a modern and flexible eCommerce Magento 2 theme. This theme is suited for marketplace, electronics store, furniture store, clothing store, hitech store and accessories store… With the theme, you can create easily and quickly your own store. -- Creating product reviews programmatically.','Olivia',NULL),(93,93,1,'Best Theme','Martfury is a modern and flexible eCommerce Magento 2 theme. This theme is suited for marketplace, electronics store, furniture store, clothing store, hitech store and accessories store… With the theme, you can create easily and quickly your own store. -- Creating product reviews programmatically.','Olivia',NULL),(94,94,1,'Best Theme','Martfury is a modern and flexible eCommerce Magento 2 theme. This theme is suited for marketplace, electronics store, furniture store, clothing store, hitech store and accessories store… With the theme, you can create easily and quickly your own store. -- Creating product reviews programmatically.','Olivia',NULL),(95,95,1,'Best Theme','Martfury is a modern and flexible eCommerce Magento 2 theme. This theme is suited for marketplace, electronics store, furniture store, clothing store, hitech store and accessories store… With the theme, you can create easily and quickly your own store. -- Creating product reviews programmatically.','Olivia',NULL),(96,96,1,'Best Theme','Martfury is a modern and flexible eCommerce Magento 2 theme. This theme is suited for marketplace, electronics store, furniture store, clothing store, hitech store and accessories store… With the theme, you can create easily and quickly your own store. -- Creating product reviews programmatically.','Olivia',NULL),(97,97,1,'Best Theme','Martfury is a modern and flexible eCommerce Magento 2 theme. This theme is suited for marketplace, electronics store, furniture store, clothing store, hitech store and accessories store… With the theme, you can create easily and quickly your own store. -- Creating product reviews programmatically.','Olivia',NULL),(98,98,1,'Best Theme','Martfury is a modern and flexible eCommerce Magento 2 theme. This theme is suited for marketplace, electronics store, furniture store, clothing store, hitech store and accessories store… With the theme, you can create easily and quickly your own store. -- Creating product reviews programmatically.','Olivia',NULL),(99,99,1,'Best Theme','Martfury is a modern and flexible eCommerce Magento 2 theme. This theme is suited for marketplace, electronics store, furniture store, clothing store, hitech store and accessories store… With the theme, you can create easily and quickly your own store. -- Creating product reviews programmatically.','Olivia',NULL),(100,100,1,'Best Theme','Martfury is a modern and flexible eCommerce Magento 2 theme. This theme is suited for marketplace, electronics store, furniture store, clothing store, hitech store and accessories store… With the theme, you can create easily and quickly your own store. -- Creating product reviews programmatically.','Olivia',NULL),(101,101,1,'Best Theme','Martfury is a modern and flexible eCommerce Magento 2 theme. This theme is suited for marketplace, electronics store, furniture store, clothing store, hitech store and accessories store… With the theme, you can create easily and quickly your own store. -- Creating product reviews programmatically.','Olivia',NULL),(102,102,1,'Best Theme','Martfury is a modern and flexible eCommerce Magento 2 theme. This theme is suited for marketplace, electronics store, furniture store, clothing store, hitech store and accessories store… With the theme, you can create easily and quickly your own store. -- Creating product reviews programmatically.','Olivia',NULL),(103,103,1,'Best Theme','Martfury is a modern and flexible eCommerce Magento 2 theme. This theme is suited for marketplace, electronics store, furniture store, clothing store, hitech store and accessories store… With the theme, you can create easily and quickly your own store. -- Creating product reviews programmatically.','Olivia',NULL),(104,104,1,'Best Theme','Martfury is a modern and flexible eCommerce Magento 2 theme. This theme is suited for marketplace, electronics store, furniture store, clothing store, hitech store and accessories store… With the theme, you can create easily and quickly your own store. -- Creating product reviews programmatically.','Olivia',NULL),(105,105,1,'Best Theme','Martfury is a modern and flexible eCommerce Magento 2 theme. This theme is suited for marketplace, electronics store, furniture store, clothing store, hitech store and accessories store… With the theme, you can create easily and quickly your own store. -- Creating product reviews programmatically.','Olivia',NULL),(106,106,1,'Best Theme','Martfury is a modern and flexible eCommerce Magento 2 theme. This theme is suited for marketplace, electronics store, furniture store, clothing store, hitech store and accessories store… With the theme, you can create easily and quickly your own store. -- Creating product reviews programmatically.','Olivia',NULL),(107,107,1,'Best Theme','Martfury is a modern and flexible eCommerce Magento 2 theme. This theme is suited for marketplace, electronics store, furniture store, clothing store, hitech store and accessories store… With the theme, you can create easily and quickly your own store. -- Creating product reviews programmatically.','Olivia',NULL),(108,108,1,'Awesome Theme','Martfury is a modern and flexible eCommerce Magento 2 theme. This theme is suited for marketplace, electronics store, furniture store, clothing store, hitech store and accessories store… With the theme, you can create easily and quickly your own store. -- Creating product reviews programmatically.','David',NULL),(109,109,1,'Awesome Theme','Martfury is a modern and flexible eCommerce Magento 2 theme. This theme is suited for marketplace, electronics store, furniture store, clothing store, hitech store and accessories store… With the theme, you can create easily and quickly your own store. -- Creating product reviews programmatically.','David',NULL),(110,110,1,'Awesome Theme','Martfury is a modern and flexible eCommerce Magento 2 theme. This theme is suited for marketplace, electronics store, furniture store, clothing store, hitech store and accessories store… With the theme, you can create easily and quickly your own store. -- Creating product reviews programmatically.','David',NULL),(111,111,1,'Awesome Theme','Martfury is a modern and flexible eCommerce Magento 2 theme. This theme is suited for marketplace, electronics store, furniture store, clothing store, hitech store and accessories store… With the theme, you can create easily and quickly your own store. -- Creating product reviews programmatically.','David',NULL),(112,112,1,'Awesome Theme','Martfury is a modern and flexible eCommerce Magento 2 theme. This theme is suited for marketplace, electronics store, furniture store, clothing store, hitech store and accessories store… With the theme, you can create easily and quickly your own store. -- Creating product reviews programmatically.','David',NULL),(113,113,1,'Awesome Theme','Martfury is a modern and flexible eCommerce Magento 2 theme. This theme is suited for marketplace, electronics store, furniture store, clothing store, hitech store and accessories store… With the theme, you can create easily and quickly your own store. -- Creating product reviews programmatically.','David',NULL),(114,114,1,'Awesome Theme','Martfury is a modern and flexible eCommerce Magento 2 theme. This theme is suited for marketplace, electronics store, furniture store, clothing store, hitech store and accessories store… With the theme, you can create easily and quickly your own store. -- Creating product reviews programmatically.','David',NULL),(115,115,1,'Awesome Theme','Martfury is a modern and flexible eCommerce Magento 2 theme. This theme is suited for marketplace, electronics store, furniture store, clothing store, hitech store and accessories store… With the theme, you can create easily and quickly your own store. -- Creating product reviews programmatically.','David',NULL),(116,116,1,'Awesome Theme','Martfury is a modern and flexible eCommerce Magento 2 theme. This theme is suited for marketplace, electronics store, furniture store, clothing store, hitech store and accessories store… With the theme, you can create easily and quickly your own store. -- Creating product reviews programmatically.','David',NULL),(117,117,1,'Awesome Theme','Martfury is a modern and flexible eCommerce Magento 2 theme. This theme is suited for marketplace, electronics store, furniture store, clothing store, hitech store and accessories store… With the theme, you can create easily and quickly your own store. -- Creating product reviews programmatically.','David',NULL),(118,118,1,'Awesome Theme','Martfury is a modern and flexible eCommerce Magento 2 theme. This theme is suited for marketplace, electronics store, furniture store, clothing store, hitech store and accessories store… With the theme, you can create easily and quickly your own store. -- Creating product reviews programmatically.','David',NULL),(119,119,1,'Awesome Theme','Martfury is a modern and flexible eCommerce Magento 2 theme. This theme is suited for marketplace, electronics store, furniture store, clothing store, hitech store and accessories store… With the theme, you can create easily and quickly your own store. -- Creating product reviews programmatically.','David',NULL),(120,120,1,'Awesome Theme','Martfury is a modern and flexible eCommerce Magento 2 theme. This theme is suited for marketplace, electronics store, furniture store, clothing store, hitech store and accessories store… With the theme, you can create easily and quickly your own store. -- Creating product reviews programmatically.','David',NULL),(121,121,1,'Awesome Theme','Martfury is a modern and flexible eCommerce Magento 2 theme. This theme is suited for marketplace, electronics store, furniture store, clothing store, hitech store and accessories store… With the theme, you can create easily and quickly your own store. -- Creating product reviews programmatically.','David',NULL),(122,122,1,'Awesome Theme','Martfury is a modern and flexible eCommerce Magento 2 theme. This theme is suited for marketplace, electronics store, furniture store, clothing store, hitech store and accessories store… With the theme, you can create easily and quickly your own store. -- Creating product reviews programmatically.','David',NULL),(123,123,1,'Awesome Theme','Martfury is a modern and flexible eCommerce Magento 2 theme. This theme is suited for marketplace, electronics store, furniture store, clothing store, hitech store and accessories store… With the theme, you can create easily and quickly your own store. -- Creating product reviews programmatically.','David',NULL),(124,124,1,'Awesome Theme','Martfury is a modern and flexible eCommerce Magento 2 theme. This theme is suited for marketplace, electronics store, furniture store, clothing store, hitech store and accessories store… With the theme, you can create easily and quickly your own store. -- Creating product reviews programmatically.','David',NULL),(125,125,1,'Awesome Theme','Martfury is a modern and flexible eCommerce Magento 2 theme. This theme is suited for marketplace, electronics store, furniture store, clothing store, hitech store and accessories store… With the theme, you can create easily and quickly your own store. -- Creating product reviews programmatically.','David',NULL),(126,126,1,'Awesome Theme','Martfury is a modern and flexible eCommerce Magento 2 theme. This theme is suited for marketplace, electronics store, furniture store, clothing store, hitech store and accessories store… With the theme, you can create easily and quickly your own store. -- Creating product reviews programmatically.','David',NULL),(127,127,1,'Awesome Theme','Martfury is a modern and flexible eCommerce Magento 2 theme. This theme is suited for marketplace, electronics store, furniture store, clothing store, hitech store and accessories store… With the theme, you can create easily and quickly your own store. -- Creating product reviews programmatically.','David',NULL),(128,128,1,'Awesome Theme','Martfury is a modern and flexible eCommerce Magento 2 theme. This theme is suited for marketplace, electronics store, furniture store, clothing store, hitech store and accessories store… With the theme, you can create easily and quickly your own store. -- Creating product reviews programmatically.','David',NULL),(129,129,1,'Awesome Theme','Martfury is a modern and flexible eCommerce Magento 2 theme. This theme is suited for marketplace, electronics store, furniture store, clothing store, hitech store and accessories store… With the theme, you can create easily and quickly your own store. -- Creating product reviews programmatically.','David',NULL),(130,130,1,'Awesome Theme','Martfury is a modern and flexible eCommerce Magento 2 theme. This theme is suited for marketplace, electronics store, furniture store, clothing store, hitech store and accessories store… With the theme, you can create easily and quickly your own store. -- Creating product reviews programmatically.','David',NULL),(131,131,1,'Awesome Theme','Martfury is a modern and flexible eCommerce Magento 2 theme. This theme is suited for marketplace, electronics store, furniture store, clothing store, hitech store and accessories store… With the theme, you can create easily and quickly your own store. -- Creating product reviews programmatically.','David',NULL),(132,132,1,'Awesome Theme','Martfury is a modern and flexible eCommerce Magento 2 theme. This theme is suited for marketplace, electronics store, furniture store, clothing store, hitech store and accessories store… With the theme, you can create easily and quickly your own store. -- Creating product reviews programmatically.','David',NULL),(133,133,1,'Awesome Theme','Martfury is a modern and flexible eCommerce Magento 2 theme. This theme is suited for marketplace, electronics store, furniture store, clothing store, hitech store and accessories store… With the theme, you can create easily and quickly your own store. -- Creating product reviews programmatically.','David',NULL),(134,134,1,'Awesome Theme','Martfury is a modern and flexible eCommerce Magento 2 theme. This theme is suited for marketplace, electronics store, furniture store, clothing store, hitech store and accessories store… With the theme, you can create easily and quickly your own store. -- Creating product reviews programmatically.','David',NULL),(135,135,1,'Awesome Theme','Martfury is a modern and flexible eCommerce Magento 2 theme. This theme is suited for marketplace, electronics store, furniture store, clothing store, hitech store and accessories store… With the theme, you can create easily and quickly your own store. -- Creating product reviews programmatically.','David',NULL),(136,136,1,'Awesome Theme','Martfury is a modern and flexible eCommerce Magento 2 theme. This theme is suited for marketplace, electronics store, furniture store, clothing store, hitech store and accessories store… With the theme, you can create easily and quickly your own store. -- Creating product reviews programmatically.','David',NULL),(137,137,1,'Awesome Theme','Martfury is a modern and flexible eCommerce Magento 2 theme. This theme is suited for marketplace, electronics store, furniture store, clothing store, hitech store and accessories store… With the theme, you can create easily and quickly your own store. -- Creating product reviews programmatically.','David',NULL),(138,138,1,'Awesome Theme','Martfury is a modern and flexible eCommerce Magento 2 theme. This theme is suited for marketplace, electronics store, furniture store, clothing store, hitech store and accessories store… With the theme, you can create easily and quickly your own store. -- Creating product reviews programmatically.','David',NULL),(139,139,1,'Awesome Theme','Martfury is a modern and flexible eCommerce Magento 2 theme. This theme is suited for marketplace, electronics store, furniture store, clothing store, hitech store and accessories store… With the theme, you can create easily and quickly your own store. -- Creating product reviews programmatically.','David',NULL),(140,140,1,'Awesome Theme','Martfury is a modern and flexible eCommerce Magento 2 theme. This theme is suited for marketplace, electronics store, furniture store, clothing store, hitech store and accessories store… With the theme, you can create easily and quickly your own store. -- Creating product reviews programmatically.','David',NULL),(141,141,1,'Awesome Theme','Martfury is a modern and flexible eCommerce Magento 2 theme. This theme is suited for marketplace, electronics store, furniture store, clothing store, hitech store and accessories store… With the theme, you can create easily and quickly your own store. -- Creating product reviews programmatically.','David',NULL),(142,142,1,'Awesome Theme','Martfury is a modern and flexible eCommerce Magento 2 theme. This theme is suited for marketplace, electronics store, furniture store, clothing store, hitech store and accessories store… With the theme, you can create easily and quickly your own store. -- Creating product reviews programmatically.','David',NULL),(143,143,1,'Awesome Theme','Martfury is a modern and flexible eCommerce Magento 2 theme. This theme is suited for marketplace, electronics store, furniture store, clothing store, hitech store and accessories store… With the theme, you can create easily and quickly your own store. -- Creating product reviews programmatically.','David',NULL),(144,144,1,'Awesome Theme','Martfury is a modern and flexible eCommerce Magento 2 theme. This theme is suited for marketplace, electronics store, furniture store, clothing store, hitech store and accessories store… With the theme, you can create easily and quickly your own store. -- Creating product reviews programmatically.','David',NULL),(145,145,1,'Awesome Theme','Martfury is a modern and flexible eCommerce Magento 2 theme. This theme is suited for marketplace, electronics store, furniture store, clothing store, hitech store and accessories store… With the theme, you can create easily and quickly your own store. -- Creating product reviews programmatically.','David',NULL),(146,146,1,'Awesome Theme','Martfury is a modern and flexible eCommerce Magento 2 theme. This theme is suited for marketplace, electronics store, furniture store, clothing store, hitech store and accessories store… With the theme, you can create easily and quickly your own store. -- Creating product reviews programmatically.','David',NULL),(147,147,1,'Awesome Theme','Martfury is a modern and flexible eCommerce Magento 2 theme. This theme is suited for marketplace, electronics store, furniture store, clothing store, hitech store and accessories store… With the theme, you can create easily and quickly your own store. -- Creating product reviews programmatically.','David',NULL),(148,148,1,'Awesome Theme','Martfury is a modern and flexible eCommerce Magento 2 theme. This theme is suited for marketplace, electronics store, furniture store, clothing store, hitech store and accessories store… With the theme, you can create easily and quickly your own store. -- Creating product reviews programmatically.','David',NULL),(149,149,1,'Awesome Theme','Martfury is a modern and flexible eCommerce Magento 2 theme. This theme is suited for marketplace, electronics store, furniture store, clothing store, hitech store and accessories store… With the theme, you can create easily and quickly your own store. -- Creating product reviews programmatically.','David',NULL),(150,150,1,'Awesome Theme','Martfury is a modern and flexible eCommerce Magento 2 theme. This theme is suited for marketplace, electronics store, furniture store, clothing store, hitech store and accessories store… With the theme, you can create easily and quickly your own store. -- Creating product reviews programmatically.','David',NULL),(151,151,1,'Awesome Theme','Martfury is a modern and flexible eCommerce Magento 2 theme. This theme is suited for marketplace, electronics store, furniture store, clothing store, hitech store and accessories store… With the theme, you can create easily and quickly your own store. -- Creating product reviews programmatically.','David',NULL),(152,152,1,'Awesome Theme','Martfury is a modern and flexible eCommerce Magento 2 theme. This theme is suited for marketplace, electronics store, furniture store, clothing store, hitech store and accessories store… With the theme, you can create easily and quickly your own store. -- Creating product reviews programmatically.','David',NULL),(153,153,1,'Awesome Theme','Martfury is a modern and flexible eCommerce Magento 2 theme. This theme is suited for marketplace, electronics store, furniture store, clothing store, hitech store and accessories store… With the theme, you can create easily and quickly your own store. -- Creating product reviews programmatically.','David',NULL),(154,154,1,'Awesome Theme','Martfury is a modern and flexible eCommerce Magento 2 theme. This theme is suited for marketplace, electronics store, furniture store, clothing store, hitech store and accessories store… With the theme, you can create easily and quickly your own store. -- Creating product reviews programmatically.','David',NULL),(155,155,1,'Awesome Theme','Martfury is a modern and flexible eCommerce Magento 2 theme. This theme is suited for marketplace, electronics store, furniture store, clothing store, hitech store and accessories store… With the theme, you can create easily and quickly your own store. -- Creating product reviews programmatically.','David',NULL),(156,156,1,'Awesome Theme','Martfury is a modern and flexible eCommerce Magento 2 theme. This theme is suited for marketplace, electronics store, furniture store, clothing store, hitech store and accessories store… With the theme, you can create easily and quickly your own store. -- Creating product reviews programmatically.','David',NULL),(157,157,1,'Awesome Theme','Martfury is a modern and flexible eCommerce Magento 2 theme. This theme is suited for marketplace, electronics store, furniture store, clothing store, hitech store and accessories store… With the theme, you can create easily and quickly your own store. -- Creating product reviews programmatically.','David',NULL),(158,158,1,'Awesome Theme','Martfury is a modern and flexible eCommerce Magento 2 theme. This theme is suited for marketplace, electronics store, furniture store, clothing store, hitech store and accessories store… With the theme, you can create easily and quickly your own store. -- Creating product reviews programmatically.','David',NULL),(159,159,1,'Awesome Theme','Martfury is a modern and flexible eCommerce Magento 2 theme. This theme is suited for marketplace, electronics store, furniture store, clothing store, hitech store and accessories store… With the theme, you can create easily and quickly your own store. -- Creating product reviews programmatically.','David',NULL),(160,160,1,'Awesome Theme','Martfury is a modern and flexible eCommerce Magento 2 theme. This theme is suited for marketplace, electronics store, furniture store, clothing store, hitech store and accessories store… With the theme, you can create easily and quickly your own store. -- Creating product reviews programmatically.','David',NULL),(161,161,1,'Awesome Theme','Martfury is a modern and flexible eCommerce Magento 2 theme. This theme is suited for marketplace, electronics store, furniture store, clothing store, hitech store and accessories store… With the theme, you can create easily and quickly your own store. -- Creating product reviews programmatically.','David',NULL),(162,162,1,'Awesome Theme','Martfury is a modern and flexible eCommerce Magento 2 theme. This theme is suited for marketplace, electronics store, furniture store, clothing store, hitech store and accessories store… With the theme, you can create easily and quickly your own store. -- Creating product reviews programmatically.','David',NULL),(163,163,1,'Awesome Theme','Martfury is a modern and flexible eCommerce Magento 2 theme. This theme is suited for marketplace, electronics store, furniture store, clothing store, hitech store and accessories store… With the theme, you can create easily and quickly your own store. -- Creating product reviews programmatically.','David',NULL),(164,164,1,'Awesome Theme','Martfury is a modern and flexible eCommerce Magento 2 theme. This theme is suited for marketplace, electronics store, furniture store, clothing store, hitech store and accessories store… With the theme, you can create easily and quickly your own store. -- Creating product reviews programmatically.','David',NULL),(165,165,1,'Awesome Theme','Martfury is a modern and flexible eCommerce Magento 2 theme. This theme is suited for marketplace, electronics store, furniture store, clothing store, hitech store and accessories store… With the theme, you can create easily and quickly your own store. -- Creating product reviews programmatically.','David',NULL),(166,166,1,'Awesome Theme','Martfury is a modern and flexible eCommerce Magento 2 theme. This theme is suited for marketplace, electronics store, furniture store, clothing store, hitech store and accessories store… With the theme, you can create easily and quickly your own store. -- Creating product reviews programmatically.','David',NULL),(167,167,1,'Awesome Theme','Martfury is a modern and flexible eCommerce Magento 2 theme. This theme is suited for marketplace, electronics store, furniture store, clothing store, hitech store and accessories store… With the theme, you can create easily and quickly your own store. -- Creating product reviews programmatically.','David',NULL),(168,168,1,'Awesome Theme','Martfury is a modern and flexible eCommerce Magento 2 theme. This theme is suited for marketplace, electronics store, furniture store, clothing store, hitech store and accessories store… With the theme, you can create easily and quickly your own store. -- Creating product reviews programmatically.','David',NULL),(169,169,1,'Awesome Theme','Martfury is a modern and flexible eCommerce Magento 2 theme. This theme is suited for marketplace, electronics store, furniture store, clothing store, hitech store and accessories store… With the theme, you can create easily and quickly your own store. -- Creating product reviews programmatically.','David',NULL),(170,170,1,'Awesome Theme','Martfury is a modern and flexible eCommerce Magento 2 theme. This theme is suited for marketplace, electronics store, furniture store, clothing store, hitech store and accessories store… With the theme, you can create easily and quickly your own store. -- Creating product reviews programmatically.','David',NULL),(171,171,1,'Awesome Theme','Martfury is a modern and flexible eCommerce Magento 2 theme. This theme is suited for marketplace, electronics store, furniture store, clothing store, hitech store and accessories store… With the theme, you can create easily and quickly your own store. -- Creating product reviews programmatically.','David',NULL),(172,172,1,'Awesome Theme','Martfury is a modern and flexible eCommerce Magento 2 theme. This theme is suited for marketplace, electronics store, furniture store, clothing store, hitech store and accessories store… With the theme, you can create easily and quickly your own store. -- Creating product reviews programmatically.','David',NULL),(173,173,1,'Awesome Theme','Martfury is a modern and flexible eCommerce Magento 2 theme. This theme is suited for marketplace, electronics store, furniture store, clothing store, hitech store and accessories store… With the theme, you can create easily and quickly your own store. -- Creating product reviews programmatically.','David',NULL),(174,174,1,'Awesome Theme','Martfury is a modern and flexible eCommerce Magento 2 theme. This theme is suited for marketplace, electronics store, furniture store, clothing store, hitech store and accessories store… With the theme, you can create easily and quickly your own store. -- Creating product reviews programmatically.','David',NULL),(175,175,1,'Awesome Theme','Martfury is a modern and flexible eCommerce Magento 2 theme. This theme is suited for marketplace, electronics store, furniture store, clothing store, hitech store and accessories store… With the theme, you can create easily and quickly your own store. -- Creating product reviews programmatically.','David',NULL),(176,176,1,'Awesome Theme','Martfury is a modern and flexible eCommerce Magento 2 theme. This theme is suited for marketplace, electronics store, furniture store, clothing store, hitech store and accessories store… With the theme, you can create easily and quickly your own store. -- Creating product reviews programmatically.','David',NULL),(177,177,1,'Awesome Theme','Martfury is a modern and flexible eCommerce Magento 2 theme. This theme is suited for marketplace, electronics store, furniture store, clothing store, hitech store and accessories store… With the theme, you can create easily and quickly your own store. -- Creating product reviews programmatically.','David',NULL),(178,178,1,'Awesome Theme','Martfury is a modern and flexible eCommerce Magento 2 theme. This theme is suited for marketplace, electronics store, furniture store, clothing store, hitech store and accessories store… With the theme, you can create easily and quickly your own store. -- Creating product reviews programmatically.','David',NULL),(179,179,1,'Awesome Theme','Martfury is a modern and flexible eCommerce Magento 2 theme. This theme is suited for marketplace, electronics store, furniture store, clothing store, hitech store and accessories store… With the theme, you can create easily and quickly your own store. -- Creating product reviews programmatically.','David',NULL),(180,180,1,'Awesome Theme','Martfury is a modern and flexible eCommerce Magento 2 theme. This theme is suited for marketplace, electronics store, furniture store, clothing store, hitech store and accessories store… With the theme, you can create easily and quickly your own store. -- Creating product reviews programmatically.','David',NULL),(181,181,1,'Awesome Theme','Martfury is a modern and flexible eCommerce Magento 2 theme. This theme is suited for marketplace, electronics store, furniture store, clothing store, hitech store and accessories store… With the theme, you can create easily and quickly your own store. -- Creating product reviews programmatically.','David',NULL),(182,182,1,'Awesome Theme','Martfury is a modern and flexible eCommerce Magento 2 theme. This theme is suited for marketplace, electronics store, furniture store, clothing store, hitech store and accessories store… With the theme, you can create easily and quickly your own store. -- Creating product reviews programmatically.','David',NULL),(183,183,1,'Awesome Theme','Martfury is a modern and flexible eCommerce Magento 2 theme. This theme is suited for marketplace, electronics store, furniture store, clothing store, hitech store and accessories store… With the theme, you can create easily and quickly your own store. -- Creating product reviews programmatically.','David',NULL),(184,184,1,'Awesome Theme','Martfury is a modern and flexible eCommerce Magento 2 theme. This theme is suited for marketplace, electronics store, furniture store, clothing store, hitech store and accessories store… With the theme, you can create easily and quickly your own store. -- Creating product reviews programmatically.','David',NULL),(185,185,1,'Awesome Theme','Martfury is a modern and flexible eCommerce Magento 2 theme. This theme is suited for marketplace, electronics store, furniture store, clothing store, hitech store and accessories store… With the theme, you can create easily and quickly your own store. -- Creating product reviews programmatically.','David',NULL),(186,186,1,'Awesome Theme','Martfury is a modern and flexible eCommerce Magento 2 theme. This theme is suited for marketplace, electronics store, furniture store, clothing store, hitech store and accessories store… With the theme, you can create easily and quickly your own store. -- Creating product reviews programmatically.','David',NULL),(187,187,1,'Awesome Theme','Martfury is a modern and flexible eCommerce Magento 2 theme. This theme is suited for marketplace, electronics store, furniture store, clothing store, hitech store and accessories store… With the theme, you can create easily and quickly your own store. -- Creating product reviews programmatically.','David',NULL),(188,188,1,'Awesome Theme','Martfury is a modern and flexible eCommerce Magento 2 theme. This theme is suited for marketplace, electronics store, furniture store, clothing store, hitech store and accessories store… With the theme, you can create easily and quickly your own store. -- Creating product reviews programmatically.','David',NULL),(189,189,1,'Awesome Theme','Martfury is a modern and flexible eCommerce Magento 2 theme. This theme is suited for marketplace, electronics store, furniture store, clothing store, hitech store and accessories store… With the theme, you can create easily and quickly your own store. -- Creating product reviews programmatically.','David',NULL),(190,190,1,'Awesome Theme','Martfury is a modern and flexible eCommerce Magento 2 theme. This theme is suited for marketplace, electronics store, furniture store, clothing store, hitech store and accessories store… With the theme, you can create easily and quickly your own store. -- Creating product reviews programmatically.','David',NULL),(191,191,1,'Awesome Theme','Martfury is a modern and flexible eCommerce Magento 2 theme. This theme is suited for marketplace, electronics store, furniture store, clothing store, hitech store and accessories store… With the theme, you can create easily and quickly your own store. -- Creating product reviews programmatically.','David',NULL),(192,192,1,'Awesome Theme','Martfury is a modern and flexible eCommerce Magento 2 theme. This theme is suited for marketplace, electronics store, furniture store, clothing store, hitech store and accessories store… With the theme, you can create easily and quickly your own store. -- Creating product reviews programmatically.','David',NULL),(193,193,1,'Awesome Theme','Martfury is a modern and flexible eCommerce Magento 2 theme. This theme is suited for marketplace, electronics store, furniture store, clothing store, hitech store and accessories store… With the theme, you can create easily and quickly your own store. -- Creating product reviews programmatically.','David',NULL),(194,194,1,'Awesome Theme','Martfury is a modern and flexible eCommerce Magento 2 theme. This theme is suited for marketplace, electronics store, furniture store, clothing store, hitech store and accessories store… With the theme, you can create easily and quickly your own store. -- Creating product reviews programmatically.','David',NULL),(195,195,1,'Best Magento Theme','Martfury is a modern and flexible eCommerce Magento 2 theme.','Albert',NULL),(196,196,1,'Best Magento Theme','Martfury is a modern and flexible eCommerce Magento 2 theme.','Albert',NULL),(197,197,1,'Best Magento Theme','Martfury is a modern and flexible eCommerce Magento 2 theme.','Albert',NULL),(198,198,1,'Best Magento Theme','Martfury is a modern and flexible eCommerce Magento 2 theme.','Albert',NULL),(199,199,1,'Best Magento Theme','Martfury is a modern and flexible eCommerce Magento 2 theme.','Albert',NULL),(200,200,1,'Best Magento Theme','Martfury is a modern and flexible eCommerce Magento 2 theme.','Albert',NULL),(201,201,1,'Best Magento Theme','Martfury is a modern and flexible eCommerce Magento 2 theme.','Albert',NULL),(202,202,1,'Best Magento Theme','Martfury is a modern and flexible eCommerce Magento 2 theme.','Albert',NULL),(203,203,1,'Best Magento Theme','Martfury is a modern and flexible eCommerce Magento 2 theme.','Albert',NULL),(204,204,1,'Best Magento Theme','Martfury is a modern and flexible eCommerce Magento 2 theme.','Albert',NULL);

--
-- Table structure for table `review_entity`
--

CREATE TABLE `review_entity` (
  `entity_id` smallint(5) unsigned NOT NULL AUTO_INCREMENT COMMENT 'Review entity ID',
  `entity_code` varchar(32) NOT NULL COMMENT 'Review entity code',
  PRIMARY KEY (`entity_id`)
) ENGINE=InnoDB AUTO_INCREMENT=4 DEFAULT CHARSET=utf8 COMMENT='Review entities';

--
-- Dumping data for table `review_entity`
--

INSERT INTO `review_entity` VALUES (1,'product'),(2,'customer'),(3,'category');

--
-- Table structure for table `review_entity_summary`
--

CREATE TABLE `review_entity_summary` (
  `primary_id` bigint(20) NOT NULL AUTO_INCREMENT COMMENT 'Summary review entity ID',
  `entity_pk_value` bigint(20) NOT NULL DEFAULT '0' COMMENT 'Product ID',
  `entity_type` smallint(6) NOT NULL DEFAULT '0' COMMENT 'Entity type ID',
  `reviews_count` smallint(6) NOT NULL DEFAULT '0' COMMENT 'Qty of reviews',
  `rating_summary` smallint(6) NOT NULL DEFAULT '0' COMMENT 'Summarized rating',
  `store_id` smallint(5) unsigned NOT NULL DEFAULT '0' COMMENT 'Store ID',
  PRIMARY KEY (`primary_id`),
  UNIQUE KEY `REVIEW_ENTITY_SUMMARY_ENTITY_PK_VALUE_STORE_ID_ENTITY_TYPE` (`entity_pk_value`,`store_id`,`entity_type`),
  KEY `REVIEW_ENTITY_SUMMARY_STORE_ID` (`store_id`),
  CONSTRAINT `REVIEW_ENTITY_SUMMARY_STORE_ID_STORE_STORE_ID` FOREIGN KEY (`store_id`) REFERENCES `store` (`store_id`) ON DELETE CASCADE
) ENGINE=InnoDB AUTO_INCREMENT=1654 DEFAULT CHARSET=utf8 COMMENT='Review aggregates';

--
-- Dumping data for table `review_entity_summary`
--

INSERT INTO `review_entity_summary` VALUES (1,1,1,3,91,0),(2,1,1,3,91,1),(3,1,1,3,91,2),(4,1,1,3,91,3),(5,1,1,3,91,4),(6,1,1,3,91,5),(7,1,1,3,91,6),(8,1,1,3,91,7),(9,1,1,3,91,8),(10,1,1,3,91,9),(11,1,1,3,91,10),(12,1,1,3,91,11),(13,1,1,3,91,12),(14,1,1,3,91,13),(15,1,1,3,91,14),(16,1,1,3,91,15),(17,1,1,3,91,16),(18,1,1,3,91,17),(19,1,1,3,91,18),(20,15,1,3,91,0),(21,15,1,3,91,1),(22,15,1,3,91,2),(23,15,1,3,91,3),(24,15,1,3,91,4),(25,15,1,3,91,5),(26,15,1,3,91,6),(27,15,1,3,91,7),(28,15,1,3,91,8),(29,15,1,3,91,9),(30,15,1,3,91,10),(31,15,1,3,91,11),(32,15,1,3,91,12),(33,15,1,3,91,13),(34,15,1,3,91,14),(35,15,1,3,91,15),(36,15,1,3,91,16),(37,15,1,3,91,17),(38,15,1,3,91,18),(39,45,1,4,87,0),(40,45,1,4,87,1),(41,45,1,4,87,2),(42,45,1,4,87,3),(43,45,1,4,87,4),(44,45,1,4,87,5),(45,45,1,4,87,6),(46,45,1,4,87,7),(47,45,1,4,87,8),(48,45,1,4,87,9),(49,45,1,4,87,10),(50,45,1,4,87,11),(51,45,1,4,87,12),(52,45,1,4,87,13),(53,45,1,4,87,14),(54,45,1,4,87,15),(55,45,1,4,87,16),(56,45,1,4,87,17),(57,45,1,4,87,18),(58,56,1,3,91,0),(59,56,1,3,91,1),(60,56,1,3,91,2),(61,56,1,3,91,3),(62,56,1,3,91,4),(63,56,1,3,91,5),(64,56,1,3,91,6),(65,56,1,3,91,7),(66,56,1,3,91,8),(67,56,1,3,91,9),(68,56,1,3,91,10),(69,56,1,3,91,11),(70,56,1,3,91,12),(71,56,1,3,91,13),(72,56,1,3,91,14),(73,56,1,3,91,15),(74,56,1,3,91,16),(75,56,1,3,91,17),(76,56,1,3,91,18),(77,57,1,3,91,0),(78,57,1,3,91,1),(79,57,1,3,91,2),(80,57,1,3,91,3),(81,57,1,3,91,4),(82,57,1,3,91,5),(83,57,1,3,91,6),(84,57,1,3,91,7),(85,57,1,3,91,8),(86,57,1,3,91,9),(87,57,1,3,91,10),(88,57,1,3,91,11),(89,57,1,3,91,12),(90,57,1,3,91,13),(91,57,1,3,91,14),(92,57,1,3,91,15),(93,57,1,3,91,16),(94,57,1,3,91,17),(95,57,1,3,91,18),(96,64,1,3,91,0),(97,64,1,3,91,1),(98,64,1,3,91,2),(99,64,1,3,91,3),(100,64,1,3,91,4),(101,64,1,3,91,5),(102,64,1,3,91,6),(103,64,1,3,91,7),(104,64,1,3,91,8),(105,64,1,3,91,9),(106,64,1,3,91,10),(107,64,1,3,91,11),(108,64,1,3,91,12),(109,64,1,3,91,13),(110,64,1,3,91,14),(111,64,1,3,91,15),(112,64,1,3,91,16),(113,64,1,3,91,17),(114,64,1,3,91,18),(115,66,1,3,91,0),(116,66,1,3,91,1),(117,66,1,3,91,2),(118,66,1,3,91,3),(119,66,1,3,91,4),(120,66,1,3,91,5),(121,66,1,3,91,6),(122,66,1,3,91,7),(123,66,1,3,91,8),(124,66,1,3,91,9),(125,66,1,3,91,10),(126,66,1,3,91,11),(127,66,1,3,91,12),(128,66,1,3,91,13),(129,66,1,3,91,14),(130,66,1,3,91,15),(131,66,1,3,91,16),(132,66,1,3,91,17),(133,66,1,3,91,18),(134,86,1,5,76,0),(135,86,1,5,76,1),(136,86,1,5,76,2),(137,86,1,5,76,3),(138,86,1,5,76,4),(139,86,1,5,76,5),(140,86,1,5,76,6),(141,86,1,5,76,7),(142,86,1,5,76,8),(143,86,1,5,76,9),(144,86,1,5,76,10),(145,86,1,5,76,11),(146,86,1,5,76,12),(147,86,1,5,76,13),(148,86,1,5,76,14),(149,86,1,5,76,15),(150,86,1,5,76,16),(151,86,1,5,76,17),(152,86,1,5,76,18),(153,97,1,3,91,0),(154,97,1,3,91,1),(155,97,1,3,91,2),(156,97,1,3,91,3),(157,97,1,3,91,4),(158,97,1,3,91,5),(159,97,1,3,91,6),(160,97,1,3,91,7),(161,97,1,3,91,8),(162,97,1,3,91,9),(163,97,1,3,91,10),(164,97,1,3,91,11),(165,97,1,3,91,12),(166,97,1,3,91,13),(167,97,1,3,91,14),(168,97,1,3,91,15),(169,97,1,3,91,16),(170,97,1,3,91,17),(171,97,1,3,91,18),(172,101,1,3,91,0),(173,101,1,3,91,1),(174,101,1,3,91,2),(175,101,1,3,91,3),(176,101,1,3,91,4),(177,101,1,3,91,5),(178,101,1,3,91,6),(179,101,1,3,91,7),(180,101,1,3,91,8),(181,101,1,3,91,9),(182,101,1,3,91,10),(183,101,1,3,91,11),(184,101,1,3,91,12),(185,101,1,3,91,13),(186,101,1,3,91,14),(187,101,1,3,91,15),(188,101,1,3,91,16),(189,101,1,3,91,17),(190,101,1,3,91,18),(191,2,1,3,91,0),(192,2,1,3,91,1),(193,2,1,3,91,2),(194,2,1,3,91,3),(195,2,1,3,91,4),(196,2,1,3,91,5),(197,2,1,3,91,6),(198,2,1,3,91,7),(199,2,1,3,91,8),(200,2,1,3,91,9),(201,2,1,3,91,10),(202,2,1,3,91,11),(203,2,1,3,91,12),(204,2,1,3,91,13),(205,2,1,3,91,14),(206,2,1,3,91,15),(207,2,1,3,91,16),(208,2,1,3,91,17),(209,2,1,3,91,18),(210,21,1,3,91,0),(211,21,1,3,91,1),(212,21,1,3,91,2),(213,21,1,3,91,3),(214,21,1,3,91,4),(215,21,1,3,91,5),(216,21,1,3,91,6),(217,21,1,3,91,7),(218,21,1,3,91,8),(219,21,1,3,91,9),(220,21,1,3,91,10),(221,21,1,3,91,11),(222,21,1,3,91,12),(223,21,1,3,91,13),(224,21,1,3,91,14),(225,21,1,3,91,15),(226,21,1,3,91,16),(227,21,1,3,91,17),(228,21,1,3,91,18),(229,50,1,4,77,0),(230,50,1,4,77,1),(231,50,1,4,77,2),(232,50,1,4,77,3),(233,50,1,4,77,4),(234,50,1,4,77,5),(235,50,1,4,77,6),(236,50,1,4,77,7),(237,50,1,4,77,8),(238,50,1,4,77,9),(239,50,1,4,77,10),(240,50,1,4,77,11),(241,50,1,4,77,12),(242,50,1,4,77,13),(243,50,1,4,77,14),(244,50,1,4,77,15),(245,50,1,4,77,16),(246,50,1,4,77,17),(247,50,1,4,77,18),(248,62,1,3,91,0),(249,62,1,3,91,1),(250,62,1,3,91,2),(251,62,1,3,91,3),(252,62,1,3,91,4),(253,62,1,3,91,5),(254,62,1,3,91,6),(255,62,1,3,91,7),(256,62,1,3,91,8),(257,62,1,3,91,9),(258,62,1,3,91,10),(259,62,1,3,91,11),(260,62,1,3,91,12),(261,62,1,3,91,13),(262,62,1,3,91,14),(263,62,1,3,91,15),(264,62,1,3,91,16),(265,62,1,3,91,17),(266,62,1,3,91,18),(267,69,1,3,91,0),(268,69,1,3,91,1),(269,69,1,3,91,2),(270,69,1,3,91,3),(271,69,1,3,91,4),(272,69,1,3,91,5),(273,69,1,3,91,6),(274,69,1,3,91,7),(275,69,1,3,91,8),(276,69,1,3,91,9),(277,69,1,3,91,10),(278,69,1,3,91,11),(279,69,1,3,91,12),(280,69,1,3,91,13),(281,69,1,3,91,14),(282,69,1,3,91,15),(283,69,1,3,91,16),(284,69,1,3,91,17),(285,69,1,3,91,18),(286,89,1,3,91,0),(287,89,1,3,91,1),(288,89,1,3,91,2),(289,89,1,3,91,3),(290,89,1,3,91,4),(291,89,1,3,91,5),(292,89,1,3,91,6),(293,89,1,3,91,7),(294,89,1,3,91,8),(295,89,1,3,91,9),(296,89,1,3,91,10),(297,89,1,3,91,11),(298,89,1,3,91,12),(299,89,1,3,91,13),(300,89,1,3,91,14),(301,89,1,3,91,15),(302,89,1,3,91,16),(303,89,1,3,91,17),(304,89,1,3,91,18),(305,98,1,3,91,0),(306,98,1,3,91,1),(307,98,1,3,91,2),(308,98,1,3,91,3),(309,98,1,3,91,4),(310,98,1,3,91,5),(311,98,1,3,91,6),(312,98,1,3,91,7),(313,98,1,3,91,8),(314,98,1,3,91,9),(315,98,1,3,91,10),(316,98,1,3,91,11),(317,98,1,3,91,12),(318,98,1,3,91,13),(319,98,1,3,91,14),(320,98,1,3,91,15),(321,98,1,3,91,16),(322,98,1,3,91,17),(323,98,1,3,91,18),(324,105,1,3,91,0),(325,105,1,3,91,1),(326,105,1,3,91,2),(327,105,1,3,91,3),(328,105,1,3,91,4),(329,105,1,3,91,5),(330,105,1,3,91,6),(331,105,1,3,91,7),(332,105,1,3,91,8),(333,105,1,3,91,9),(334,105,1,3,91,10),(335,105,1,3,91,11),(336,105,1,3,91,12),(337,105,1,3,91,13),(338,105,1,3,91,14),(339,105,1,3,91,15),(340,105,1,3,91,16),(341,105,1,3,91,17),(342,105,1,3,91,18),(343,3,1,2,100,0),(344,3,1,2,100,1),(345,3,1,2,100,2),(346,3,1,2,100,3),(347,3,1,2,100,4),(348,3,1,2,100,5),(349,3,1,2,100,6),(350,3,1,2,100,7),(351,3,1,2,100,8),(352,3,1,2,100,9),(353,3,1,2,100,10),(354,3,1,2,100,11),(355,3,1,2,100,12),(356,3,1,2,100,13),(357,3,1,2,100,14),(358,3,1,2,100,15),(359,3,1,2,100,16),(360,3,1,2,100,17),(361,3,1,2,100,18),(362,4,1,2,100,0),(363,4,1,2,100,1),(364,4,1,2,100,2),(365,4,1,2,100,3),(366,4,1,2,100,4),(367,4,1,2,100,5),(368,4,1,2,100,6),(369,4,1,2,100,7),(370,4,1,2,100,8),(371,4,1,2,100,9),(372,4,1,2,100,10),(373,4,1,2,100,11),(374,4,1,2,100,12),(375,4,1,2,100,13),(376,4,1,2,100,14),(377,4,1,2,100,15),(378,4,1,2,100,16),(379,4,1,2,100,17),(380,4,1,2,100,18),(381,5,1,2,100,0),(382,5,1,2,100,1),(383,5,1,2,100,2),(384,5,1,2,100,3),(385,5,1,2,100,4),(386,5,1,2,100,5),(387,5,1,2,100,6),(388,5,1,2,100,7),(389,5,1,2,100,8),(390,5,1,2,100,9),(391,5,1,2,100,10),(392,5,1,2,100,11),(393,5,1,2,100,12),(394,5,1,2,100,13),(395,5,1,2,100,14),(396,5,1,2,100,15),(397,5,1,2,100,16),(398,5,1,2,100,17),(399,5,1,2,100,18),(400,6,1,2,100,0),(401,6,1,2,100,1),(402,6,1,2,100,2),(403,6,1,2,100,3),(404,6,1,2,100,4),(405,6,1,2,100,5),(406,6,1,2,100,6),(407,6,1,2,100,7),(408,6,1,2,100,8),(409,6,1,2,100,9),(410,6,1,2,100,10),(411,6,1,2,100,11),(412,6,1,2,100,12),(413,6,1,2,100,13),(414,6,1,2,100,14),(415,6,1,2,100,15),(416,6,1,2,100,16),(417,6,1,2,100,17),(418,6,1,2,100,18),(419,7,1,2,100,0),(420,7,1,2,100,1),(421,7,1,2,100,2),(422,7,1,2,100,3),(423,7,1,2,100,4),(424,7,1,2,100,5),(425,7,1,2,100,6),(426,7,1,2,100,7),(427,7,1,2,100,8),(428,7,1,2,100,9),(429,7,1,2,100,10),(430,7,1,2,100,11),(431,7,1,2,100,12),(432,7,1,2,100,13),(433,7,1,2,100,14),(434,7,1,2,100,15),(435,7,1,2,100,16),(436,7,1,2,100,17),(437,7,1,2,100,18),(438,8,1,2,100,0),(439,8,1,2,100,1),(440,8,1,2,100,2),(441,8,1,2,100,3),(442,8,1,2,100,4),(443,8,1,2,100,5),(444,8,1,2,100,6),(445,8,1,2,100,7),(446,8,1,2,100,8),(447,8,1,2,100,9),(448,8,1,2,100,10),(449,8,1,2,100,11),(450,8,1,2,100,12),(451,8,1,2,100,13),(452,8,1,2,100,14),(453,8,1,2,100,15),(454,8,1,2,100,16),(455,8,1,2,100,17),(456,8,1,2,100,18),(457,9,1,2,100,0),(458,9,1,2,100,1),(459,9,1,2,100,2),(460,9,1,2,100,3),(461,9,1,2,100,4),(462,9,1,2,100,5),(463,9,1,2,100,6),(464,9,1,2,100,7),(465,9,1,2,100,8),(466,9,1,2,100,9),(467,9,1,2,100,10),(468,9,1,2,100,11),(469,9,1,2,100,12),(470,9,1,2,100,13),(471,9,1,2,100,14),(472,9,1,2,100,15),(473,9,1,2,100,16),(474,9,1,2,100,17),(475,9,1,2,100,18),(476,10,1,2,100,0),(477,10,1,2,100,1),(478,10,1,2,100,2),(479,10,1,2,100,3),(480,10,1,2,100,4),(481,10,1,2,100,5),(482,10,1,2,100,6),(483,10,1,2,100,7),(484,10,1,2,100,8),(485,10,1,2,100,9),(486,10,1,2,100,10),(487,10,1,2,100,11),(488,10,1,2,100,12),(489,10,1,2,100,13),(490,10,1,2,100,14),(491,10,1,2,100,15),(492,10,1,2,100,16),(493,10,1,2,100,17),(494,10,1,2,100,18),(495,11,1,2,100,0),(496,11,1,2,100,1),(497,11,1,2,100,2),(498,11,1,2,100,3),(499,11,1,2,100,4),(500,11,1,2,100,5),(501,11,1,2,100,6),(502,11,1,2,100,7),(503,11,1,2,100,8),(504,11,1,2,100,9),(505,11,1,2,100,10),(506,11,1,2,100,11),(507,11,1,2,100,12),(508,11,1,2,100,13),(509,11,1,2,100,14),(510,11,1,2,100,15),(511,11,1,2,100,16),(512,11,1,2,100,17),(513,11,1,2,100,18),(514,12,1,2,100,0),(515,12,1,2,100,1),(516,12,1,2,100,2),(517,12,1,2,100,3),(518,12,1,2,100,4),(519,12,1,2,100,5),(520,12,1,2,100,6),(521,12,1,2,100,7),(522,12,1,2,100,8),(523,12,1,2,100,9),(524,12,1,2,100,10),(525,12,1,2,100,11),(526,12,1,2,100,12),(527,12,1,2,100,13),(528,12,1,2,100,14),(529,12,1,2,100,15),(530,12,1,2,100,16),(531,12,1,2,100,17),(532,12,1,2,100,18),(533,13,1,2,100,0),(534,13,1,2,100,1),(535,13,1,2,100,2),(536,13,1,2,100,3),(537,13,1,2,100,4),(538,13,1,2,100,5),(539,13,1,2,100,6),(540,13,1,2,100,7),(541,13,1,2,100,8),(542,13,1,2,100,9),(543,13,1,2,100,10),(544,13,1,2,100,11),(545,13,1,2,100,12),(546,13,1,2,100,13),(547,13,1,2,100,14),(548,13,1,2,100,15),(549,13,1,2,100,16),(550,13,1,2,100,17),(551,13,1,2,100,18),(552,14,1,3,78,0),(553,14,1,3,78,1),(554,14,1,3,78,2),(555,14,1,3,78,3),(556,14,1,3,78,4),(557,14,1,3,78,5),(558,14,1,3,78,6),(559,14,1,3,78,7),(560,14,1,3,78,8),(561,14,1,3,78,9),(562,14,1,3,78,10),(563,14,1,3,78,11),(564,14,1,3,78,12),(565,14,1,3,78,13),(566,14,1,3,78,14),(567,14,1,3,78,15),(568,14,1,3,78,16),(569,14,1,3,78,17),(570,14,1,3,78,18),(571,18,1,2,100,0),(572,18,1,2,100,1),(573,18,1,2,100,2),(574,18,1,2,100,3),(575,18,1,2,100,4),(576,18,1,2,100,5),(577,18,1,2,100,6),(578,18,1,2,100,7),(579,18,1,2,100,8),(580,18,1,2,100,9),(581,18,1,2,100,10),(582,18,1,2,100,11),(583,18,1,2,100,12),(584,18,1,2,100,13),(585,18,1,2,100,14),(586,18,1,2,100,15),(587,18,1,2,100,16),(588,18,1,2,100,17),(589,18,1,2,100,18),(590,19,1,3,78,0),(591,19,1,3,78,1),(592,19,1,3,78,2),(593,19,1,3,78,3),(594,19,1,3,78,4),(595,19,1,3,78,5),(596,19,1,3,78,6),(597,19,1,3,78,7),(598,19,1,3,78,8),(599,19,1,3,78,9),(600,19,1,3,78,10),(601,19,1,3,78,11),(602,19,1,3,78,12),(603,19,1,3,78,13),(604,19,1,3,78,14),(605,19,1,3,78,15),(606,19,1,3,78,16),(607,19,1,3,78,17),(608,19,1,3,78,18),(609,20,1,2,100,0),(610,20,1,2,100,1),(611,20,1,2,100,2),(612,20,1,2,100,3),(613,20,1,2,100,4),(614,20,1,2,100,5),(615,20,1,2,100,6),(616,20,1,2,100,7),(617,20,1,2,100,8),(618,20,1,2,100,9),(619,20,1,2,100,10),(620,20,1,2,100,11),(621,20,1,2,100,12),(622,20,1,2,100,13),(623,20,1,2,100,14),(624,20,1,2,100,15),(625,20,1,2,100,16),(626,20,1,2,100,17),(627,20,1,2,100,18),(628,24,1,2,100,0),(629,24,1,2,100,1),(630,24,1,2,100,2),(631,24,1,2,100,3),(632,24,1,2,100,4),(633,24,1,2,100,5),(634,24,1,2,100,6),(635,24,1,2,100,7),(636,24,1,2,100,8),(637,24,1,2,100,9),(638,24,1,2,100,10),(639,24,1,2,100,11),(640,24,1,2,100,12),(641,24,1,2,100,13),(642,24,1,2,100,14),(643,24,1,2,100,15),(644,24,1,2,100,16),(645,24,1,2,100,17),(646,24,1,2,100,18),(647,25,1,2,100,0),(648,25,1,2,100,1),(649,25,1,2,100,2),(650,25,1,2,100,3),(651,25,1,2,100,4),(652,25,1,2,100,5),(653,25,1,2,100,6),(654,25,1,2,100,7),(655,25,1,2,100,8),(656,25,1,2,100,9),(657,25,1,2,100,10),(658,25,1,2,100,11),(659,25,1,2,100,12),(660,25,1,2,100,13),(661,25,1,2,100,14),(662,25,1,2,100,15),(663,25,1,2,100,16),(664,25,1,2,100,17),(665,25,1,2,100,18),(666,38,1,3,78,0),(667,38,1,3,78,1),(668,38,1,3,78,2),(669,38,1,3,78,3),(670,38,1,3,78,4),(671,38,1,3,78,5),(672,38,1,3,78,6),(673,38,1,3,78,7),(674,38,1,3,78,8),(675,38,1,3,78,9),(676,38,1,3,78,10),(677,38,1,3,78,11),(678,38,1,3,78,12),(679,38,1,3,78,13),(680,38,1,3,78,14),(681,38,1,3,78,15),(682,38,1,3,78,16),(683,38,1,3,78,17),(684,38,1,3,78,18),(685,39,1,2,100,0),(686,39,1,2,100,1),(687,39,1,2,100,2),(688,39,1,2,100,3),(689,39,1,2,100,4),(690,39,1,2,100,5),(691,39,1,2,100,6),(692,39,1,2,100,7),(693,39,1,2,100,8),(694,39,1,2,100,9),(695,39,1,2,100,10),(696,39,1,2,100,11),(697,39,1,2,100,12),(698,39,1,2,100,13),(699,39,1,2,100,14),(700,39,1,2,100,15),(701,39,1,2,100,16),(702,39,1,2,100,17),(703,39,1,2,100,18),(704,40,1,2,100,0),(705,40,1,2,100,1),(706,40,1,2,100,2),(707,40,1,2,100,3),(708,40,1,2,100,4),(709,40,1,2,100,5),(710,40,1,2,100,6),(711,40,1,2,100,7),(712,40,1,2,100,8),(713,40,1,2,100,9),(714,40,1,2,100,10),(715,40,1,2,100,11),(716,40,1,2,100,12),(717,40,1,2,100,13),(718,40,1,2,100,14),(719,40,1,2,100,15),(720,40,1,2,100,16),(721,40,1,2,100,17),(722,40,1,2,100,18),(723,41,1,2,100,0),(724,41,1,2,100,1),(725,41,1,2,100,2),(726,41,1,2,100,3),(727,41,1,2,100,4),(728,41,1,2,100,5),(729,41,1,2,100,6),(730,41,1,2,100,7),(731,41,1,2,100,8),(732,41,1,2,100,9),(733,41,1,2,100,10),(734,41,1,2,100,11),(735,41,1,2,100,12),(736,41,1,2,100,13),(737,41,1,2,100,14),(738,41,1,2,100,15),(739,41,1,2,100,16),(740,41,1,2,100,17),(741,41,1,2,100,18),(742,42,1,2,100,0),(743,42,1,2,100,1),(744,42,1,2,100,2),(745,42,1,2,100,3),(746,42,1,2,100,4),(747,42,1,2,100,5),(748,42,1,2,100,6),(749,42,1,2,100,7),(750,42,1,2,100,8),(751,42,1,2,100,9),(752,42,1,2,100,10),(753,42,1,2,100,11),(754,42,1,2,100,12),(755,42,1,2,100,13),(756,42,1,2,100,14),(757,42,1,2,100,15),(758,42,1,2,100,16),(759,42,1,2,100,17),(760,42,1,2,100,18),(761,43,1,2,100,0),(762,43,1,2,100,1),(763,43,1,2,100,2),(764,43,1,2,100,3),(765,43,1,2,100,4),(766,43,1,2,100,5),(767,43,1,2,100,6),(768,43,1,2,100,7),(769,43,1,2,100,8),(770,43,1,2,100,9),(771,43,1,2,100,10),(772,43,1,2,100,11),(773,43,1,2,100,12),(774,43,1,2,100,13),(775,43,1,2,100,14),(776,43,1,2,100,15),(777,43,1,2,100,16),(778,43,1,2,100,17),(779,43,1,2,100,18),(780,44,1,2,100,0),(781,44,1,2,100,1),(782,44,1,2,100,2),(783,44,1,2,100,3),(784,44,1,2,100,4),(785,44,1,2,100,5),(786,44,1,2,100,6),(787,44,1,2,100,7),(788,44,1,2,100,8),(789,44,1,2,100,9),(790,44,1,2,100,10),(791,44,1,2,100,11),(792,44,1,2,100,12),(793,44,1,2,100,13),(794,44,1,2,100,14),(795,44,1,2,100,15),(796,44,1,2,100,16),(797,44,1,2,100,17),(798,44,1,2,100,18),(799,46,1,2,100,0),(800,46,1,2,100,1),(801,46,1,2,100,2),(802,46,1,2,100,3),(803,46,1,2,100,4),(804,46,1,2,100,5),(805,46,1,2,100,6),(806,46,1,2,100,7),(807,46,1,2,100,8),(808,46,1,2,100,9),(809,46,1,2,100,10),(810,46,1,2,100,11),(811,46,1,2,100,12),(812,46,1,2,100,13),(813,46,1,2,100,14),(814,46,1,2,100,15),(815,46,1,2,100,16),(816,46,1,2,100,17),(817,46,1,2,100,18),(818,47,1,2,100,0),(819,47,1,2,100,1),(820,47,1,2,100,2),(821,47,1,2,100,3),(822,47,1,2,100,4),(823,47,1,2,100,5),(824,47,1,2,100,6),(825,47,1,2,100,7),(826,47,1,2,100,8),(827,47,1,2,100,9),(828,47,1,2,100,10),(829,47,1,2,100,11),(830,47,1,2,100,12),(831,47,1,2,100,13),(832,47,1,2,100,14),(833,47,1,2,100,15),(834,47,1,2,100,16),(835,47,1,2,100,17),(836,47,1,2,100,18),(837,48,1,2,100,0),(838,48,1,2,100,1),(839,48,1,2,100,2),(840,48,1,2,100,3),(841,48,1,2,100,4),(842,48,1,2,100,5),(843,48,1,2,100,6),(844,48,1,2,100,7),(845,48,1,2,100,8),(846,48,1,2,100,9),(847,48,1,2,100,10),(848,48,1,2,100,11),(849,48,1,2,100,12),(850,48,1,2,100,13),(851,48,1,2,100,14),(852,48,1,2,100,15),(853,48,1,2,100,16),(854,48,1,2,100,17),(855,48,1,2,100,18),(856,49,1,2,100,0),(857,49,1,2,100,1),(858,49,1,2,100,2),(859,49,1,2,100,3),(860,49,1,2,100,4),(861,49,1,2,100,5),(862,49,1,2,100,6),(863,49,1,2,100,7),(864,49,1,2,100,8),(865,49,1,2,100,9),(866,49,1,2,100,10),(867,49,1,2,100,11),(868,49,1,2,100,12),(869,49,1,2,100,13),(870,49,1,2,100,14),(871,49,1,2,100,15),(872,49,1,2,100,16),(873,49,1,2,100,17),(874,49,1,2,100,18),(875,51,1,2,100,0),(876,51,1,2,100,1),(877,51,1,2,100,2),(878,51,1,2,100,3),(879,51,1,2,100,4),(880,51,1,2,100,5),(881,51,1,2,100,6),(882,51,1,2,100,7),(883,51,1,2,100,8),(884,51,1,2,100,9),(885,51,1,2,100,10),(886,51,1,2,100,11),(887,51,1,2,100,12),(888,51,1,2,100,13),(889,51,1,2,100,14),(890,51,1,2,100,15),(891,51,1,2,100,16),(892,51,1,2,100,17),(893,51,1,2,100,18),(894,52,1,2,100,0),(895,52,1,2,100,1),(896,52,1,2,100,2),(897,52,1,2,100,3),(898,52,1,2,100,4),(899,52,1,2,100,5),(900,52,1,2,100,6),(901,52,1,2,100,7),(902,52,1,2,100,8),(903,52,1,2,100,9),(904,52,1,2,100,10),(905,52,1,2,100,11),(906,52,1,2,100,12),(907,52,1,2,100,13),(908,52,1,2,100,14),(909,52,1,2,100,15),(910,52,1,2,100,16),(911,52,1,2,100,17),(912,52,1,2,100,18),(913,53,1,2,100,0),(914,53,1,2,100,1),(915,53,1,2,100,2),(916,53,1,2,100,3),(917,53,1,2,100,4),(918,53,1,2,100,5),(919,53,1,2,100,6),(920,53,1,2,100,7),(921,53,1,2,100,8),(922,53,1,2,100,9),(923,53,1,2,100,10),(924,53,1,2,100,11),(925,53,1,2,100,12),(926,53,1,2,100,13),(927,53,1,2,100,14),(928,53,1,2,100,15),(929,53,1,2,100,16),(930,53,1,2,100,17),(931,53,1,2,100,18),(932,54,1,2,100,0),(933,54,1,2,100,1),(934,54,1,2,100,2),(935,54,1,2,100,3),(936,54,1,2,100,4),(937,54,1,2,100,5),(938,54,1,2,100,6),(939,54,1,2,100,7),(940,54,1,2,100,8),(941,54,1,2,100,9),(942,54,1,2,100,10),(943,54,1,2,100,11),(944,54,1,2,100,12),(945,54,1,2,100,13),(946,54,1,2,100,14),(947,54,1,2,100,15),(948,54,1,2,100,16),(949,54,1,2,100,17),(950,54,1,2,100,18),(951,55,1,2,100,0),(952,55,1,2,100,1),(953,55,1,2,100,2),(954,55,1,2,100,3),(955,55,1,2,100,4),(956,55,1,2,100,5),(957,55,1,2,100,6),(958,55,1,2,100,7),(959,55,1,2,100,8),(960,55,1,2,100,9),(961,55,1,2,100,10),(962,55,1,2,100,11),(963,55,1,2,100,12),(964,55,1,2,100,13),(965,55,1,2,100,14),(966,55,1,2,100,15),(967,55,1,2,100,16),(968,55,1,2,100,17),(969,55,1,2,100,18),(970,58,1,2,100,0),(971,58,1,2,100,1),(972,58,1,2,100,2),(973,58,1,2,100,3),(974,58,1,2,100,4),(975,58,1,2,100,5),(976,58,1,2,100,6),(977,58,1,2,100,7),(978,58,1,2,100,8),(979,58,1,2,100,9),(980,58,1,2,100,10),(981,58,1,2,100,11),(982,58,1,2,100,12),(983,58,1,2,100,13),(984,58,1,2,100,14),(985,58,1,2,100,15),(986,58,1,2,100,16),(987,58,1,2,100,17),(988,58,1,2,100,18),(989,59,1,2,100,0),(990,59,1,2,100,1),(991,59,1,2,100,2),(992,59,1,2,100,3),(993,59,1,2,100,4),(994,59,1,2,100,5),(995,59,1,2,100,6),(996,59,1,2,100,7),(997,59,1,2,100,8),(998,59,1,2,100,9),(999,59,1,2,100,10),(1000,59,1,2,100,11),(1001,59,1,2,100,12),(1002,59,1,2,100,13),(1003,59,1,2,100,14),(1004,59,1,2,100,15),(1005,59,1,2,100,16),(1006,59,1,2,100,17),(1007,59,1,2,100,18),(1008,60,1,2,100,0),(1009,60,1,2,100,1),(1010,60,1,2,100,2),(1011,60,1,2,100,3),(1012,60,1,2,100,4),(1013,60,1,2,100,5),(1014,60,1,2,100,6),(1015,60,1,2,100,7),(1016,60,1,2,100,8),(1017,60,1,2,100,9),(1018,60,1,2,100,10),(1019,60,1,2,100,11),(1020,60,1,2,100,12),(1021,60,1,2,100,13),(1022,60,1,2,100,14),(1023,60,1,2,100,15),(1024,60,1,2,100,16),(1025,60,1,2,100,17),(1026,60,1,2,100,18),(1027,61,1,2,100,0),(1028,61,1,2,100,1),(1029,61,1,2,100,2),(1030,61,1,2,100,3),(1031,61,1,2,100,4),(1032,61,1,2,100,5),(1033,61,1,2,100,6),(1034,61,1,2,100,7),(1035,61,1,2,100,8),(1036,61,1,2,100,9),(1037,61,1,2,100,10),(1038,61,1,2,100,11),(1039,61,1,2,100,12),(1040,61,1,2,100,13),(1041,61,1,2,100,14),(1042,61,1,2,100,15),(1043,61,1,2,100,16),(1044,61,1,2,100,17),(1045,61,1,2,100,18),(1046,63,1,2,100,0),(1047,63,1,2,100,1),(1048,63,1,2,100,2),(1049,63,1,2,100,3),(1050,63,1,2,100,4),(1051,63,1,2,100,5),(1052,63,1,2,100,6),(1053,63,1,2,100,7),(1054,63,1,2,100,8),(1055,63,1,2,100,9),(1056,63,1,2,100,10),(1057,63,1,2,100,11),(1058,63,1,2,100,12),(1059,63,1,2,100,13),(1060,63,1,2,100,14),(1061,63,1,2,100,15),(1062,63,1,2,100,16),(1063,63,1,2,100,17),(1064,63,1,2,100,18),(1065,65,1,2,100,0),(1066,65,1,2,100,1),(1067,65,1,2,100,2),(1068,65,1,2,100,3),(1069,65,1,2,100,4),(1070,65,1,2,100,5),(1071,65,1,2,100,6),(1072,65,1,2,100,7),(1073,65,1,2,100,8),(1074,65,1,2,100,9),(1075,65,1,2,100,10),(1076,65,1,2,100,11),(1077,65,1,2,100,12),(1078,65,1,2,100,13),(1079,65,1,2,100,14),(1080,65,1,2,100,15),(1081,65,1,2,100,16),(1082,65,1,2,100,17),(1083,65,1,2,100,18),(1084,67,1,2,100,0),(1085,67,1,2,100,1),(1086,67,1,2,100,2),(1087,67,1,2,100,3),(1088,67,1,2,100,4),(1089,67,1,2,100,5),(1090,67,1,2,100,6),(1091,67,1,2,100,7),(1092,67,1,2,100,8),(1093,67,1,2,100,9),(1094,67,1,2,100,10),(1095,67,1,2,100,11),(1096,67,1,2,100,12),(1097,67,1,2,100,13),(1098,67,1,2,100,14),(1099,67,1,2,100,15),(1100,67,1,2,100,16),(1101,67,1,2,100,17),(1102,67,1,2,100,18),(1103,68,1,2,100,0),(1104,68,1,2,100,1),(1105,68,1,2,100,2),(1106,68,1,2,100,3),(1107,68,1,2,100,4),(1108,68,1,2,100,5),(1109,68,1,2,100,6),(1110,68,1,2,100,7),(1111,68,1,2,100,8),(1112,68,1,2,100,9),(1113,68,1,2,100,10),(1114,68,1,2,100,11),(1115,68,1,2,100,12),(1116,68,1,2,100,13),(1117,68,1,2,100,14),(1118,68,1,2,100,15),(1119,68,1,2,100,16),(1120,68,1,2,100,17),(1121,68,1,2,100,18),(1122,70,1,3,78,0),(1123,70,1,3,78,1),(1124,70,1,3,78,2),(1125,70,1,3,78,3),(1126,70,1,3,78,4),(1127,70,1,3,78,5),(1128,70,1,3,78,6),(1129,70,1,3,78,7),(1130,70,1,3,78,8),(1131,70,1,3,78,9),(1132,70,1,3,78,10),(1133,70,1,3,78,11),(1134,70,1,3,78,12),(1135,70,1,3,78,13),(1136,70,1,3,78,14),(1137,70,1,3,78,15),(1138,70,1,3,78,16),(1139,70,1,3,78,17),(1140,70,1,3,78,18),(1141,71,1,2,100,0),(1142,71,1,2,100,1),(1143,71,1,2,100,2),(1144,71,1,2,100,3),(1145,71,1,2,100,4),(1146,71,1,2,100,5),(1147,71,1,2,100,6),(1148,71,1,2,100,7),(1149,71,1,2,100,8),(1150,71,1,2,100,9),(1151,71,1,2,100,10),(1152,71,1,2,100,11),(1153,71,1,2,100,12),(1154,71,1,2,100,13),(1155,71,1,2,100,14),(1156,71,1,2,100,15),(1157,71,1,2,100,16),(1158,71,1,2,100,17),(1159,71,1,2,100,18),(1160,72,1,2,100,0),(1161,72,1,2,100,1),(1162,72,1,2,100,2),(1163,72,1,2,100,3),(1164,72,1,2,100,4),(1165,72,1,2,100,5),(1166,72,1,2,100,6),(1167,72,1,2,100,7),(1168,72,1,2,100,8),(1169,72,1,2,100,9),(1170,72,1,2,100,10),(1171,72,1,2,100,11),(1172,72,1,2,100,12),(1173,72,1,2,100,13),(1174,72,1,2,100,14),(1175,72,1,2,100,15),(1176,72,1,2,100,16),(1177,72,1,2,100,17),(1178,72,1,2,100,18),(1179,73,1,2,100,0),(1180,73,1,2,100,1),(1181,73,1,2,100,2),(1182,73,1,2,100,3),(1183,73,1,2,100,4),(1184,73,1,2,100,5),(1185,73,1,2,100,6),(1186,73,1,2,100,7),(1187,73,1,2,100,8),(1188,73,1,2,100,9),(1189,73,1,2,100,10),(1190,73,1,2,100,11),(1191,73,1,2,100,12),(1192,73,1,2,100,13),(1193,73,1,2,100,14),(1194,73,1,2,100,15),(1195,73,1,2,100,16),(1196,73,1,2,100,17),(1197,73,1,2,100,18),(1198,76,1,2,100,0),(1199,76,1,2,100,1),(1200,76,1,2,100,2),(1201,76,1,2,100,3),(1202,76,1,2,100,4),(1203,76,1,2,100,5),(1204,76,1,2,100,6),(1205,76,1,2,100,7),(1206,76,1,2,100,8),(1207,76,1,2,100,9),(1208,76,1,2,100,10),(1209,76,1,2,100,11),(1210,76,1,2,100,12),(1211,76,1,2,100,13),(1212,76,1,2,100,14),(1213,76,1,2,100,15),(1214,76,1,2,100,16),(1215,76,1,2,100,17),(1216,76,1,2,100,18),(1217,77,1,2,100,0),(1218,77,1,2,100,1),(1219,77,1,2,100,2),(1220,77,1,2,100,3),(1221,77,1,2,100,4),(1222,77,1,2,100,5),(1223,77,1,2,100,6),(1224,77,1,2,100,7),(1225,77,1,2,100,8),(1226,77,1,2,100,9),(1227,77,1,2,100,10),(1228,77,1,2,100,11),(1229,77,1,2,100,12),(1230,77,1,2,100,13),(1231,77,1,2,100,14),(1232,77,1,2,100,15),(1233,77,1,2,100,16),(1234,77,1,2,100,17),(1235,77,1,2,100,18),(1236,78,1,2,100,0),(1237,78,1,2,100,1),(1238,78,1,2,100,2),(1239,78,1,2,100,3),(1240,78,1,2,100,4),(1241,78,1,2,100,5),(1242,78,1,2,100,6),(1243,78,1,2,100,7),(1244,78,1,2,100,8),(1245,78,1,2,100,9),(1246,78,1,2,100,10),(1247,78,1,2,100,11),(1248,78,1,2,100,12),(1249,78,1,2,100,13),(1250,78,1,2,100,14),(1251,78,1,2,100,15),(1252,78,1,2,100,16),(1253,78,1,2,100,17),(1254,78,1,2,100,18),(1255,79,1,2,100,0),(1256,79,1,2,100,1),(1257,79,1,2,100,2),(1258,79,1,2,100,3),(1259,79,1,2,100,4),(1260,79,1,2,100,5),(1261,79,1,2,100,6),(1262,79,1,2,100,7),(1263,79,1,2,100,8),(1264,79,1,2,100,9),(1265,79,1,2,100,10),(1266,79,1,2,100,11),(1267,79,1,2,100,12),(1268,79,1,2,100,13),(1269,79,1,2,100,14),(1270,79,1,2,100,15),(1271,79,1,2,100,16),(1272,79,1,2,100,17),(1273,79,1,2,100,18),(1274,80,1,2,100,0),(1275,80,1,2,100,1),(1276,80,1,2,100,2),(1277,80,1,2,100,3),(1278,80,1,2,100,4),(1279,80,1,2,100,5),(1280,80,1,2,100,6),(1281,80,1,2,100,7),(1282,80,1,2,100,8),(1283,80,1,2,100,9),(1284,80,1,2,100,10),(1285,80,1,2,100,11),(1286,80,1,2,100,12),(1287,80,1,2,100,13),(1288,80,1,2,100,14),(1289,80,1,2,100,15),(1290,80,1,2,100,16),(1291,80,1,2,100,17),(1292,80,1,2,100,18),(1293,81,1,2,100,0),(1294,81,1,2,100,1),(1295,81,1,2,100,2),(1296,81,1,2,100,3),(1297,81,1,2,100,4),(1298,81,1,2,100,5),(1299,81,1,2,100,6),(1300,81,1,2,100,7),(1301,81,1,2,100,8),(1302,81,1,2,100,9),(1303,81,1,2,100,10),(1304,81,1,2,100,11),(1305,81,1,2,100,12),(1306,81,1,2,100,13),(1307,81,1,2,100,14),(1308,81,1,2,100,15),(1309,81,1,2,100,16),(1310,81,1,2,100,17),(1311,81,1,2,100,18),(1312,82,1,2,100,0),(1313,82,1,2,100,1),(1314,82,1,2,100,2),(1315,82,1,2,100,3),(1316,82,1,2,100,4),(1317,82,1,2,100,5),(1318,82,1,2,100,6),(1319,82,1,2,100,7),(1320,82,1,2,100,8),(1321,82,1,2,100,9),(1322,82,1,2,100,10),(1323,82,1,2,100,11),(1324,82,1,2,100,12),(1325,82,1,2,100,13),(1326,82,1,2,100,14),(1327,82,1,2,100,15),(1328,82,1,2,100,16),(1329,82,1,2,100,17),(1330,82,1,2,100,18),(1331,83,1,2,100,0),(1332,83,1,2,100,1),(1333,83,1,2,100,2),(1334,83,1,2,100,3),(1335,83,1,2,100,4),(1336,83,1,2,100,5),(1337,83,1,2,100,6),(1338,83,1,2,100,7),(1339,83,1,2,100,8),(1340,83,1,2,100,9),(1341,83,1,2,100,10),(1342,83,1,2,100,11),(1343,83,1,2,100,12),(1344,83,1,2,100,13),(1345,83,1,2,100,14),(1346,83,1,2,100,15),(1347,83,1,2,100,16),(1348,83,1,2,100,17),(1349,83,1,2,100,18),(1350,84,1,2,100,0),(1351,84,1,2,100,1),(1352,84,1,2,100,2),(1353,84,1,2,100,3),(1354,84,1,2,100,4),(1355,84,1,2,100,5),(1356,84,1,2,100,6),(1357,84,1,2,100,7),(1358,84,1,2,100,8),(1359,84,1,2,100,9),(1360,84,1,2,100,10),(1361,84,1,2,100,11),(1362,84,1,2,100,12),(1363,84,1,2,100,13),(1364,84,1,2,100,14),(1365,84,1,2,100,15),(1366,84,1,2,100,16),(1367,84,1,2,100,17),(1368,84,1,2,100,18),(1369,85,1,2,100,0),(1370,85,1,2,100,1),(1371,85,1,2,100,2),(1372,85,1,2,100,3),(1373,85,1,2,100,4),(1374,85,1,2,100,5),(1375,85,1,2,100,6),(1376,85,1,2,100,7),(1377,85,1,2,100,8),(1378,85,1,2,100,9),(1379,85,1,2,100,10),(1380,85,1,2,100,11),(1381,85,1,2,100,12),(1382,85,1,2,100,13),(1383,85,1,2,100,14),(1384,85,1,2,100,15),(1385,85,1,2,100,16),(1386,85,1,2,100,17),(1387,85,1,2,100,18),(1388,87,1,2,100,0),(1389,87,1,2,100,1),(1390,87,1,2,100,2),(1391,87,1,2,100,3),(1392,87,1,2,100,4),(1393,87,1,2,100,5),(1394,87,1,2,100,6),(1395,87,1,2,100,7),(1396,87,1,2,100,8),(1397,87,1,2,100,9),(1398,87,1,2,100,10),(1399,87,1,2,100,11),(1400,87,1,2,100,12),(1401,87,1,2,100,13),(1402,87,1,2,100,14),(1403,87,1,2,100,15),(1404,87,1,2,100,16),(1405,87,1,2,100,17),(1406,87,1,2,100,18),(1407,88,1,2,100,0),(1408,88,1,2,100,1),(1409,88,1,2,100,2),(1410,88,1,2,100,3),(1411,88,1,2,100,4),(1412,88,1,2,100,5),(1413,88,1,2,100,6),(1414,88,1,2,100,7),(1415,88,1,2,100,8),(1416,88,1,2,100,9),(1417,88,1,2,100,10),(1418,88,1,2,100,11),(1419,88,1,2,100,12),(1420,88,1,2,100,13),(1421,88,1,2,100,14),(1422,88,1,2,100,15),(1423,88,1,2,100,16),(1424,88,1,2,100,17),(1425,88,1,2,100,18),(1426,90,1,3,78,0),(1427,90,1,3,78,1),(1428,90,1,3,78,2),(1429,90,1,3,78,3),(1430,90,1,3,78,4),(1431,90,1,3,78,5),(1432,90,1,3,78,6),(1433,90,1,3,78,7),(1434,90,1,3,78,8),(1435,90,1,3,78,9),(1436,90,1,3,78,10),(1437,90,1,3,78,11),(1438,90,1,3,78,12),(1439,90,1,3,78,13),(1440,90,1,3,78,14),(1441,90,1,3,78,15),(1442,90,1,3,78,16),(1443,90,1,3,78,17),(1444,90,1,3,78,18),(1445,91,1,3,78,0),(1446,91,1,3,78,1),(1447,91,1,3,78,2),(1448,91,1,3,78,3),(1449,91,1,3,78,4),(1450,91,1,3,78,5),(1451,91,1,3,78,6),(1452,91,1,3,78,7),(1453,91,1,3,78,8),(1454,91,1,3,78,9),(1455,91,1,3,78,10),(1456,91,1,3,78,11),(1457,91,1,3,78,12),(1458,91,1,3,78,13),(1459,91,1,3,78,14),(1460,91,1,3,78,15),(1461,91,1,3,78,16),(1462,91,1,3,78,17),(1463,91,1,3,78,18),(1464,92,1,3,78,0),(1465,92,1,3,78,1),(1466,92,1,3,78,2),(1467,92,1,3,78,3),(1468,92,1,3,78,4),(1469,92,1,3,78,5),(1470,92,1,3,78,6),(1471,92,1,3,78,7),(1472,92,1,3,78,8),(1473,92,1,3,78,9),(1474,92,1,3,78,10),(1475,92,1,3,78,11),(1476,92,1,3,78,12),(1477,92,1,3,78,13),(1478,92,1,3,78,14),(1479,92,1,3,78,15),(1480,92,1,3,78,16),(1481,92,1,3,78,17),(1482,92,1,3,78,18),(1483,93,1,2,100,0),(1484,93,1,2,100,1),(1485,93,1,2,100,2),(1486,93,1,2,100,3),(1487,93,1,2,100,4),(1488,93,1,2,100,5),(1489,93,1,2,100,6),(1490,93,1,2,100,7),(1491,93,1,2,100,8),(1492,93,1,2,100,9),(1493,93,1,2,100,10),(1494,93,1,2,100,11),(1495,93,1,2,100,12),(1496,93,1,2,100,13),(1497,93,1,2,100,14),(1498,93,1,2,100,15),(1499,93,1,2,100,16),(1500,93,1,2,100,17),(1501,93,1,2,100,18),(1502,94,1,3,78,0),(1503,94,1,3,78,1),(1504,94,1,3,78,2),(1505,94,1,3,78,3),(1506,94,1,3,78,4),(1507,94,1,3,78,5),(1508,94,1,3,78,6),(1509,94,1,3,78,7),(1510,94,1,3,78,8),(1511,94,1,3,78,9),(1512,94,1,3,78,10),(1513,94,1,3,78,11),(1514,94,1,3,78,12),(1515,94,1,3,78,13),(1516,94,1,3,78,14),(1517,94,1,3,78,15),(1518,94,1,3,78,16),(1519,94,1,3,78,17),(1520,94,1,3,78,18),(1521,95,1,2,100,0),(1522,95,1,2,100,1),(1523,95,1,2,100,2),(1524,95,1,2,100,3),(1525,95,1,2,100,4),(1526,95,1,2,100,5),(1527,95,1,2,100,6),(1528,95,1,2,100,7),(1529,95,1,2,100,8),(1530,95,1,2,100,9),(1531,95,1,2,100,10),(1532,95,1,2,100,11),(1533,95,1,2,100,12),(1534,95,1,2,100,13),(1535,95,1,2,100,14),(1536,95,1,2,100,15),(1537,95,1,2,100,16),(1538,95,1,2,100,17),(1539,95,1,2,100,18),(1540,96,1,2,100,0),(1541,96,1,2,100,1),(1542,96,1,2,100,2),(1543,96,1,2,100,3),(1544,96,1,2,100,4),(1545,96,1,2,100,5),(1546,96,1,2,100,6),(1547,96,1,2,100,7),(1548,96,1,2,100,8),(1549,96,1,2,100,9),(1550,96,1,2,100,10),(1551,96,1,2,100,11),(1552,96,1,2,100,12),(1553,96,1,2,100,13),(1554,96,1,2,100,14),(1555,96,1,2,100,15),(1556,96,1,2,100,16),(1557,96,1,2,100,17),(1558,96,1,2,100,18),(1559,99,1,2,100,0),(1560,99,1,2,100,1),(1561,99,1,2,100,2),(1562,99,1,2,100,3),(1563,99,1,2,100,4),(1564,99,1,2,100,5),(1565,99,1,2,100,6),(1566,99,1,2,100,7),(1567,99,1,2,100,8),(1568,99,1,2,100,9),(1569,99,1,2,100,10),(1570,99,1,2,100,11),(1571,99,1,2,100,12),(1572,99,1,2,100,13),(1573,99,1,2,100,14),(1574,99,1,2,100,15),(1575,99,1,2,100,16),(1576,99,1,2,100,17),(1577,99,1,2,100,18),(1578,100,1,2,100,0),(1579,100,1,2,100,1),(1580,100,1,2,100,2),(1581,100,1,2,100,3),(1582,100,1,2,100,4),(1583,100,1,2,100,5),(1584,100,1,2,100,6),(1585,100,1,2,100,7),(1586,100,1,2,100,8),(1587,100,1,2,100,9),(1588,100,1,2,100,10),(1589,100,1,2,100,11),(1590,100,1,2,100,12),(1591,100,1,2,100,13),(1592,100,1,2,100,14),(1593,100,1,2,100,15),(1594,100,1,2,100,16),(1595,100,1,2,100,17),(1596,100,1,2,100,18),(1597,102,1,2,100,0),(1598,102,1,2,100,1),(1599,102,1,2,100,2),(1600,102,1,2,100,3),(1601,102,1,2,100,4),(1602,102,1,2,100,5),(1603,102,1,2,100,6),(1604,102,1,2,100,7),(1605,102,1,2,100,8),(1606,102,1,2,100,9),(1607,102,1,2,100,10),(1608,102,1,2,100,11),(1609,102,1,2,100,12),(1610,102,1,2,100,13),(1611,102,1,2,100,14),(1612,102,1,2,100,15),(1613,102,1,2,100,16),(1614,102,1,2,100,17),(1615,102,1,2,100,18),(1616,106,1,2,100,0),(1617,106,1,2,100,1),(1618,106,1,2,100,2),(1619,106,1,2,100,3),(1620,106,1,2,100,4),(1621,106,1,2,100,5),(1622,106,1,2,100,6),(1623,106,1,2,100,7),(1624,106,1,2,100,8),(1625,106,1,2,100,9),(1626,106,1,2,100,10),(1627,106,1,2,100,11),(1628,106,1,2,100,12),(1629,106,1,2,100,13),(1630,106,1,2,100,14),(1631,106,1,2,100,15),(1632,106,1,2,100,16),(1633,106,1,2,100,17),(1634,106,1,2,100,18),(1635,107,1,2,100,0),(1636,107,1,2,100,1),(1637,107,1,2,100,2),(1638,107,1,2,100,3),(1639,107,1,2,100,4),(1640,107,1,2,100,5),(1641,107,1,2,100,6),(1642,107,1,2,100,7),(1643,107,1,2,100,8),(1644,107,1,2,100,9),(1645,107,1,2,100,10),(1646,107,1,2,100,11),(1647,107,1,2,100,12),(1648,107,1,2,100,13),(1649,107,1,2,100,14),(1650,107,1,2,100,15),(1651,107,1,2,100,16),(1652,107,1,2,100,17),(1653,107,1,2,100,18);

--
-- Table structure for table `review_status`
--

CREATE TABLE `review_status` (
  `status_id` smallint(5) unsigned NOT NULL AUTO_INCREMENT COMMENT 'Status ID',
  `status_code` varchar(32) NOT NULL COMMENT 'Status code',
  PRIMARY KEY (`status_id`)
) ENGINE=InnoDB AUTO_INCREMENT=4 DEFAULT CHARSET=utf8 COMMENT='Review statuses';

--
-- Dumping data for table `review_status`
--

INSERT INTO `review_status` VALUES (1,'Approved'),(2,'Pending'),(3,'Not Approved');

--
-- Table structure for table `review_store`
--

CREATE TABLE `review_store` (
  `review_id` bigint(20) unsigned NOT NULL COMMENT 'Review ID',
  `store_id` smallint(5) unsigned NOT NULL COMMENT 'Store ID',
  PRIMARY KEY (`review_id`,`store_id`),
  KEY `REVIEW_STORE_STORE_ID` (`store_id`),
  CONSTRAINT `REVIEW_STORE_REVIEW_ID_REVIEW_REVIEW_ID` FOREIGN KEY (`review_id`) REFERENCES `review` (`review_id`) ON DELETE CASCADE,
  CONSTRAINT `REVIEW_STORE_STORE_ID_STORE_STORE_ID` FOREIGN KEY (`store_id`) REFERENCES `store` (`store_id`) ON DELETE CASCADE
) ENGINE=InnoDB DEFAULT CHARSET=utf8 COMMENT='Review Store';

--
-- Dumping data for table `review_store`
--

INSERT INTO `review_store` VALUES (1,0),(2,0),(3,0),(4,0),(5,0),(6,0),(7,0),(8,0),(9,0),(10,0),(11,0),(12,0),(13,0),(14,0),(15,0),(16,0),(17,0),(18,0),(19,0),(20,0),(21,0),(22,0),(23,0),(24,0),(25,0),(26,0),(27,0),(28,0),(29,0),(30,0),(31,0),(32,0),(33,0),(34,0),(35,0),(36,0),(37,0),(38,0),(39,0),(40,0),(41,0),(42,0),(43,0),(44,0),(45,0),(46,0),(47,0),(48,0),(49,0),(50,0),(51,0),(52,0),(53,0),(54,0),(55,0),(56,0),(57,0),(58,0),(59,0),(60,0),(61,0),(62,0),(63,0),(64,0),(65,0),(66,0),(67,0),(68,0),(69,0),(70,0),(71,0),(72,0),(73,0),(74,0),(75,0),(76,0),(77,0),(78,0),(79,0),(80,0),(81,0),(82,0),(83,0),(84,0),(85,0),(86,0),(87,0),(88,0),(89,0),(90,0),(91,0),(92,0),(93,0),(94,0),(95,0),(96,0),(97,0),(98,0),(99,0),(100,0),(101,0),(102,0),(103,0),(104,0),(105,0),(106,0),(107,0),(108,0),(109,0),(110,0),(111,0),(112,0),(113,0),(114,0),(115,0),(116,0),(117,0),(118,0),(119,0),(120,0),(121,0),(122,0),(123,0),(124,0),(125,0),(126,0),(127,0),(128,0),(129,0),(130,0),(131,0),(132,0),(133,0),(134,0),(135,0),(136,0),(137,0),(138,0),(139,0),(140,0),(141,0),(142,0),(143,0),(144,0),(145,0),(146,0),(147,0),(148,0),(149,0),(150,0),(151,0),(152,0),(153,0),(154,0),(155,0),(156,0),(157,0),(158,0),(159,0),(160,0),(161,0),(162,0),(163,0),(164,0),(165,0),(166,0),(167,0),(168,0),(169,0),(170,0),(171,0),(172,0),(173,0),(174,0),(175,0),(176,0),(177,0),(178,0),(179,0),(180,0),(181,0),(182,0),(183,0),(184,0),(185,0),(186,0),(187,0),(188,0),(189,0),(190,0),(191,0),(192,0),(193,0),(194,0),(195,0),(196,0),(197,0),(198,0),(199,0),(200,0),(201,0),(202,0),(203,0),(204,0),(1,1),(2,1),(3,1),(4,1),(5,1),(6,1),(7,1),(8,1),(9,1),(10,1),(11,1),(12,1),(13,1),(14,1),(15,1),(16,1),(17,1),(18,1),(19,1),(20,1),(21,1),(22,1),(23,1),(24,1),(25,1),(26,1),(27,1),(28,1),(29,1),(30,1),(31,1),(32,1),(33,1),(34,1),(35,1),(36,1),(37,1),(38,1),(39,1),(40,1),(41,1),(42,1),(43,1),(44,1),(45,1),(46,1),(47,1),(48,1),(49,1),(50,1),(51,1),(52,1),(53,1),(54,1),(55,1),(56,1),(57,1),(58,1),(59,1),(60,1),(61,1),(62,1),(63,1),(64,1),(65,1),(66,1),(67,1),(68,1),(69,1),(70,1),(71,1),(72,1),(73,1),(74,1),(75,1),(76,1),(77,1),(78,1),(79,1),(80,1),(81,1),(82,1),(83,1),(84,1),(85,1),(86,1),(87,1),(88,1),(89,1),(90,1),(91,1),(92,1),(93,1),(94,1),(95,1),(96,1),(97,1),(98,1),(99,1),(100,1),(101,1),(102,1),(103,1),(104,1),(105,1),(106,1),(107,1),(108,1),(109,1),(110,1),(111,1),(112,1),(113,1),(114,1),(115,1),(116,1),(117,1),(118,1),(119,1),(120,1),(121,1),(122,1),(123,1),(124,1),(125,1),(126,1),(127,1),(128,1),(129,1),(130,1),(131,1),(132,1),(133,1),(134,1),(135,1),(136,1),(137,1),(138,1),(139,1),(140,1),(141,1),(142,1),(143,1),(144,1),(145,1),(146,1),(147,1),(148,1),(149,1),(150,1),(151,1),(152,1),(153,1),(154,1),(155,1),(156,1),(157,1),(158,1),(159,1),(160,1),(161,1),(162,1),(163,1),(164,1),(165,1),(166,1),(167,1),(168,1),(169,1),(170,1),(171,1),(172,1),(173,1),(174,1),(175,1),(176,1),(177,1),(178,1),(179,1),(180,1),(181,1),(182,1),(183,1),(184,1),(185,1),(186,1),(187,1),(188,1),(189,1),(190,1),(191,1),(192,1),(193,1),(194,1),(195,1),(196,1),(197,1),(198,1),(199,1),(200,1),(201,1),(202,1),(203,1),(204,1),(1,2),(2,2),(3,2),(4,2),(5,2),(6,2),(7,2),(8,2),(9,2),(10,2),(11,2),(12,2),(13,2),(14,2),(15,2),(16,2),(17,2),(18,2),(19,2),(20,2),(21,2),(22,2),(23,2),(24,2),(25,2),(26,2),(27,2),(28,2),(29,2),(30,2),(31,2),(32,2),(33,2),(34,2),(35,2),(36,2),(37,2),(38,2),(39,2),(40,2),(41,2),(42,2),(43,2),(44,2),(45,2),(46,2),(47,2),(48,2),(49,2),(50,2),(51,2),(52,2),(53,2),(54,2),(55,2),(56,2),(57,2),(58,2),(59,2),(60,2),(61,2),(62,2),(63,2),(64,2),(65,2),(66,2),(67,2),(68,2),(69,2),(70,2),(71,2),(72,2),(73,2),(74,2),(75,2),(76,2),(77,2),(78,2),(79,2),(80,2),(81,2),(82,2),(83,2),(84,2),(85,2),(86,2),(87,2),(88,2),(89,2),(90,2),(91,2),(92,2),(93,2),(94,2),(95,2),(96,2),(97,2),(98,2),(99,2),(100,2),(101,2),(102,2),(103,2),(104,2),(105,2),(106,2),(107,2),(108,2),(109,2),(110,2),(111,2),(112,2),(113,2),(114,2),(115,2),(116,2),(117,2),(118,2),(119,2),(120,2),(121,2),(122,2),(123,2),(124,2),(125,2),(126,2),(127,2),(128,2),(129,2),(130,2),(131,2),(132,2),(133,2),(134,2),(135,2),(136,2),(137,2),(138,2),(139,2),(140,2),(141,2),(142,2),(143,2),(144,2),(145,2),(146,2),(147,2),(148,2),(149,2),(150,2),(151,2),(152,2),(153,2),(154,2),(155,2),(156,2),(157,2),(158,2),(159,2),(160,2),(161,2),(162,2),(163,2),(164,2),(165,2),(166,2),(167,2),(168,2),(169,2),(170,2),(171,2),(172,2),(173,2),(174,2),(175,2),(176,2),(177,2),(178,2),(179,2),(180,2),(181,2),(182,2),(183,2),(184,2),(185,2),(186,2),(187,2),(188,2),(189,2),(190,2),(191,2),(192,2),(193,2),(194,2),(195,2),(196,2),(197,2),(198,2),(199,2),(200,2),(201,2),(202,2),(203,2),(204,2),(1,3),(2,3),(3,3),(4,3),(5,3),(6,3),(7,3),(8,3),(9,3),(10,3),(11,3),(12,3),(13,3),(14,3),(15,3),(16,3),(17,3),(18,3),(19,3),(20,3),(21,3),(22,3),(23,3),(24,3),(25,3),(26,3),(27,3),(28,3),(29,3),(30,3),(31,3),(32,3),(33,3),(34,3),(35,3),(36,3),(37,3),(38,3),(39,3),(40,3),(41,3),(42,3),(43,3),(44,3),(45,3),(46,3),(47,3),(48,3),(49,3),(50,3),(51,3),(52,3),(53,3),(54,3),(55,3),(56,3),(57,3),(58,3),(59,3),(60,3),(61,3),(62,3),(63,3),(64,3),(65,3),(66,3),(67,3),(68,3),(69,3),(70,3),(71,3),(72,3),(73,3),(74,3),(75,3),(76,3),(77,3),(78,3),(79,3),(80,3),(81,3),(82,3),(83,3),(84,3),(85,3),(86,3),(87,3),(88,3),(89,3),(90,3),(91,3),(92,3),(93,3),(94,3),(95,3),(96,3),(97,3),(98,3),(99,3),(100,3),(101,3),(102,3),(103,3),(104,3),(105,3),(106,3),(107,3),(108,3),(109,3),(110,3),(111,3),(112,3),(113,3),(114,3),(115,3),(116,3),(117,3),(118,3),(119,3),(120,3),(121,3),(122,3),(123,3),(124,3),(125,3),(126,3),(127,3),(128,3),(129,3),(130,3),(131,3),(132,3),(133,3),(134,3),(135,3),(136,3),(137,3),(138,3),(139,3),(140,3),(141,3),(142,3),(143,3),(144,3),(145,3),(146,3),(147,3),(148,3),(149,3),(150,3),(151,3),(152,3),(153,3),(154,3),(155,3),(156,3),(157,3),(158,3),(159,3),(160,3),(161,3),(162,3),(163,3),(164,3),(165,3),(166,3),(167,3),(168,3),(169,3),(170,3),(171,3),(172,3),(173,3),(174,3),(175,3),(176,3),(177,3),(178,3),(179,3),(180,3),(181,3),(182,3),(183,3),(184,3),(185,3),(186,3),(187,3),(188,3),(189,3),(190,3),(191,3),(192,3),(193,3),(194,3),(195,3),(196,3),(197,3),(198,3),(199,3),(200,3),(201,3),(202,3),(203,3),(204,3),(1,4),(2,4),(3,4),(4,4),(5,4),(6,4),(7,4),(8,4),(9,4),(10,4),(11,4),(12,4),(13,4),(14,4),(15,4),(16,4),(17,4),(18,4),(19,4),(20,4),(21,4),(22,4),(23,4),(24,4),(25,4),(26,4),(27,4),(28,4),(29,4),(30,4),(31,4),(32,4),(33,4),(34,4),(35,4),(36,4),(37,4),(38,4),(39,4),(40,4),(41,4),(42,4),(43,4),(44,4),(45,4),(46,4),(47,4),(48,4),(49,4),(50,4),(51,4),(52,4),(53,4),(54,4),(55,4),(56,4),(57,4),(58,4),(59,4),(60,4),(61,4),(62,4),(63,4),(64,4),(65,4),(66,4),(67,4),(68,4),(69,4),(70,4),(71,4),(72,4),(73,4),(74,4),(75,4),(76,4),(77,4),(78,4),(79,4),(80,4),(81,4),(82,4),(83,4),(84,4),(85,4),(86,4),(87,4),(88,4),(89,4),(90,4),(91,4),(92,4),(93,4),(94,4),(95,4),(96,4),(97,4),(98,4),(99,4),(100,4),(101,4),(102,4),(103,4),(104,4),(105,4),(106,4),(107,4),(108,4),(109,4),(110,4),(111,4),(112,4),(113,4),(114,4),(115,4),(116,4),(117,4),(118,4),(119,4),(120,4),(121,4),(122,4),(123,4),(124,4),(125,4),(126,4),(127,4),(128,4),(129,4),(130,4),(131,4),(132,4),(133,4),(134,4),(135,4),(136,4),(137,4),(138,4),(139,4),(140,4),(141,4),(142,4),(143,4),(144,4),(145,4),(146,4),(147,4),(148,4),(149,4),(150,4),(151,4),(152,4),(153,4),(154,4),(155,4),(156,4),(157,4),(158,4),(159,4),(160,4),(161,4),(162,4),(163,4),(164,4),(165,4),(166,4),(167,4),(168,4),(169,4),(170,4),(171,4),(172,4),(173,4),(174,4),(175,4),(176,4),(177,4),(178,4),(179,4),(180,4),(181,4),(182,4),(183,4),(184,4),(185,4),(186,4),(187,4),(188,4),(189,4),(190,4),(191,4),(192,4),(193,4),(194,4),(195,4),(196,4),(197,4),(198,4),(199,4),(200,4),(201,4),(202,4),(203,4),(204,4),(1,5),(2,5),(3,5),(4,5),(5,5),(6,5),(7,5),(8,5),(9,5),(10,5),(11,5),(12,5),(13,5),(14,5),(15,5),(16,5),(17,5),(18,5),(19,5),(20,5),(21,5),(22,5),(23,5),(24,5),(25,5),(26,5),(27,5),(28,5),(29,5),(30,5),(31,5),(32,5),(33,5),(34,5),(35,5),(36,5),(37,5),(38,5),(39,5),(40,5),(41,5),(42,5),(43,5),(44,5),(45,5),(46,5),(47,5),(48,5),(49,5),(50,5),(51,5),(52,5),(53,5),(54,5),(55,5),(56,5),(57,5),(58,5),(59,5),(60,5),(61,5),(62,5),(63,5),(64,5),(65,5),(66,5),(67,5),(68,5),(69,5),(70,5),(71,5),(72,5),(73,5),(74,5),(75,5),(76,5),(77,5),(78,5),(79,5),(80,5),(81,5),(82,5),(83,5),(84,5),(85,5),(86,5),(87,5),(88,5),(89,5),(90,5),(91,5),(92,5),(93,5),(94,5),(95,5),(96,5),(97,5),(98,5),(99,5),(100,5),(101,5),(102,5),(103,5),(104,5),(105,5),(106,5),(107,5),(108,5),(109,5),(110,5),(111,5),(112,5),(113,5),(114,5),(115,5),(116,5),(117,5),(118,5),(119,5),(120,5),(121,5),(122,5),(123,5),(124,5),(125,5),(126,5),(127,5),(128,5),(129,5),(130,5),(131,5),(132,5),(133,5),(134,5),(135,5),(136,5),(137,5),(138,5),(139,5),(140,5),(141,5),(142,5),(143,5),(144,5),(145,5),(146,5),(147,5),(148,5),(149,5),(150,5),(151,5),(152,5),(153,5),(154,5),(155,5),(156,5),(157,5),(158,5),(159,5),(160,5),(161,5),(162,5),(163,5),(164,5),(165,5),(166,5),(167,5),(168,5),(169,5),(170,5),(171,5),(172,5),(173,5),(174,5),(175,5),(176,5),(177,5),(178,5),(179,5),(180,5),(181,5),(182,5),(183,5),(184,5),(185,5),(186,5),(187,5),(188,5),(189,5),(190,5),(191,5),(192,5),(193,5),(194,5),(195,5),(196,5),(197,5),(198,5),(199,5),(200,5),(201,5),(202,5),(203,5),(204,5),(1,6),(2,6),(3,6),(4,6),(5,6),(6,6),(7,6),(8,6),(9,6),(10,6),(11,6),(12,6),(13,6),(14,6),(15,6),(16,6),(17,6),(18,6),(19,6),(20,6),(21,6),(22,6),(23,6),(24,6),(25,6),(26,6),(27,6),(28,6),(29,6),(30,6),(31,6),(32,6),(33,6),(34,6),(35,6),(36,6),(37,6),(38,6),(39,6),(40,6),(41,6),(42,6),(43,6),(44,6),(45,6),(46,6),(47,6),(48,6),(49,6),(50,6),(51,6),(52,6),(53,6),(54,6),(55,6),(56,6),(57,6),(58,6),(59,6),(60,6),(61,6),(62,6),(63,6),(64,6),(65,6),(66,6),(67,6),(68,6),(69,6),(70,6),(71,6),(72,6),(73,6),(74,6),(75,6),(76,6),(77,6),(78,6),(79,6),(80,6),(81,6),(82,6),(83,6),(84,6),(85,6),(86,6),(87,6),(88,6),(89,6),(90,6),(91,6),(92,6),(93,6),(94,6),(95,6),(96,6),(97,6),(98,6),(99,6),(100,6),(101,6),(102,6),(103,6),(104,6),(105,6),(106,6),(107,6),(108,6),(109,6),(110,6),(111,6),(112,6),(113,6),(114,6),(115,6),(116,6),(117,6),(118,6),(119,6),(120,6),(121,6),(122,6),(123,6),(124,6),(125,6),(126,6),(127,6),(128,6),(129,6),(130,6),(131,6),(132,6),(133,6),(134,6),(135,6),(136,6),(137,6),(138,6),(139,6),(140,6),(141,6),(142,6),(143,6),(144,6),(145,6),(146,6),(147,6),(148,6),(149,6),(150,6),(151,6),(152,6),(153,6),(154,6),(155,6),(156,6),(157,6),(158,6),(159,6),(160,6),(161,6),(162,6),(163,6),(164,6),(165,6),(166,6),(167,6),(168,6),(169,6),(170,6),(171,6),(172,6),(173,6),(174,6),(175,6),(176,6),(177,6),(178,6),(179,6),(180,6),(181,6),(182,6),(183,6),(184,6),(185,6),(186,6),(187,6),(188,6),(189,6),(190,6),(191,6),(192,6),(193,6),(194,6),(195,6),(196,6),(197,6),(198,6),(199,6),(200,6),(201,6),(202,6),(203,6),(204,6),(1,7),(2,7),(3,7),(4,7),(5,7),(6,7),(7,7),(8,7),(9,7),(10,7),(11,7),(12,7),(13,7),(14,7),(15,7),(16,7),(17,7),(18,7),(19,7),(20,7),(21,7),(22,7),(23,7),(24,7),(25,7),(26,7),(27,7),(28,7),(29,7),(30,7),(31,7),(32,7),(33,7),(34,7),(35,7),(36,7),(37,7),(38,7),(39,7),(40,7),(41,7),(42,7),(43,7),(44,7),(45,7),(46,7),(47,7),(48,7),(49,7),(50,7),(51,7),(52,7),(53,7),(54,7),(55,7),(56,7),(57,7),(58,7),(59,7),(60,7),(61,7),(62,7),(63,7),(64,7),(65,7),(66,7),(67,7),(68,7),(69,7),(70,7),(71,7),(72,7),(73,7),(74,7),(75,7),(76,7),(77,7),(78,7),(79,7),(80,7),(81,7),(82,7),(83,7),(84,7),(85,7),(86,7),(87,7),(88,7),(89,7),(90,7),(91,7),(92,7),(93,7),(94,7),(95,7),(96,7),(97,7),(98,7),(99,7),(100,7),(101,7),(102,7),(103,7),(104,7),(105,7),(106,7),(107,7),(108,7),(109,7),(110,7),(111,7),(112,7),(113,7),(114,7),(115,7),(116,7),(117,7),(118,7),(119,7),(120,7),(121,7),(122,7),(123,7),(124,7),(125,7),(126,7),(127,7),(128,7),(129,7),(130,7),(131,7),(132,7),(133,7),(134,7),(135,7),(136,7),(137,7),(138,7),(139,7),(140,7),(141,7),(142,7),(143,7),(144,7),(145,7),(146,7),(147,7),(148,7),(149,7),(150,7),(151,7),(152,7),(153,7),(154,7),(155,7),(156,7),(157,7),(158,7),(159,7),(160,7),(161,7),(162,7),(163,7),(164,7),(165,7),(166,7),(167,7),(168,7),(169,7),(170,7),(171,7),(172,7),(173,7),(174,7),(175,7),(176,7),(177,7),(178,7),(179,7),(180,7),(181,7),(182,7),(183,7),(184,7),(185,7),(186,7),(187,7),(188,7),(189,7),(190,7),(191,7),(192,7),(193,7),(194,7),(195,7),(196,7),(197,7),(198,7),(199,7),(200,7),(201,7),(202,7),(203,7),(204,7),(1,8),(2,8),(3,8),(4,8),(5,8),(6,8),(7,8),(8,8),(9,8),(10,8),(11,8),(12,8),(13,8),(14,8),(15,8),(16,8),(17,8),(18,8),(19,8),(20,8),(21,8),(22,8),(23,8),(24,8),(25,8),(26,8),(27,8),(28,8),(29,8),(30,8),(31,8),(32,8),(33,8),(34,8),(35,8),(36,8),(37,8),(38,8),(39,8),(40,8),(41,8),(42,8),(43,8),(44,8),(45,8),(46,8),(47,8),(48,8),(49,8),(50,8),(51,8),(52,8),(53,8),(54,8),(55,8),(56,8),(57,8),(58,8),(59,8),(60,8),(61,8),(62,8),(63,8),(64,8),(65,8),(66,8),(67,8),(68,8),(69,8),(70,8),(71,8),(72,8),(73,8),(74,8),(75,8),(76,8),(77,8),(78,8),(79,8),(80,8),(81,8),(82,8),(83,8),(84,8),(85,8),(86,8),(87,8),(88,8),(89,8),(90,8),(91,8),(92,8),(93,8),(94,8),(95,8),(96,8),(97,8),(98,8),(99,8),(100,8),(101,8),(102,8),(103,8),(104,8),(105,8),(106,8),(107,8),(108,8),(109,8),(110,8),(111,8),(112,8),(113,8),(114,8),(115,8),(116,8),(117,8),(118,8),(119,8),(120,8),(121,8),(122,8),(123,8),(124,8),(125,8),(126,8),(127,8),(128,8),(129,8),(130,8),(131,8),(132,8),(133,8),(134,8),(135,8),(136,8),(137,8),(138,8),(139,8),(140,8),(141,8),(142,8),(143,8),(144,8),(145,8),(146,8),(147,8),(148,8),(149,8),(150,8),(151,8),(152,8),(153,8),(154,8),(155,8),(156,8),(157,8),(158,8),(159,8),(160,8),(161,8),(162,8),(163,8),(164,8),(165,8),(166,8),(167,8),(168,8),(169,8),(170,8),(171,8),(172,8),(173,8),(174,8),(175,8),(176,8),(177,8),(178,8),(179,8),(180,8),(181,8),(182,8),(183,8),(184,8),(185,8),(186,8),(187,8),(188,8),(189,8),(190,8),(191,8),(192,8),(193,8),(194,8),(195,8),(196,8),(197,8),(198,8),(199,8),(200,8),(201,8),(202,8),(203,8),(204,8),(1,9),(2,9),(3,9),(4,9),(5,9),(6,9),(7,9),(8,9),(9,9),(10,9),(11,9),(12,9),(13,9),(14,9),(15,9),(16,9),(17,9),(18,9),(19,9),(20,9),(21,9),(22,9),(23,9),(24,9),(25,9),(26,9),(27,9),(28,9),(29,9),(30,9),(31,9),(32,9),(33,9),(34,9),(35,9),(36,9),(37,9),(38,9),(39,9),(40,9),(41,9),(42,9),(43,9),(44,9),(45,9),(46,9),(47,9),(48,9),(49,9),(50,9),(51,9),(52,9),(53,9),(54,9),(55,9),(56,9),(57,9),(58,9),(59,9),(60,9),(61,9),(62,9),(63,9),(64,9),(65,9),(66,9),(67,9),(68,9),(69,9),(70,9),(71,9),(72,9),(73,9),(74,9),(75,9),(76,9),(77,9),(78,9),(79,9),(80,9),(81,9),(82,9),(83,9),(84,9),(85,9),(86,9),(87,9),(88,9),(89,9),(90,9),(91,9),(92,9),(93,9),(94,9),(95,9),(96,9),(97,9),(98,9),(99,9),(100,9),(101,9),(102,9),(103,9),(104,9),(105,9),(106,9),(107,9),(108,9),(109,9),(110,9),(111,9),(112,9),(113,9),(114,9),(115,9),(116,9),(117,9),(118,9),(119,9),(120,9),(121,9),(122,9),(123,9),(124,9),(125,9),(126,9),(127,9),(128,9),(129,9),(130,9),(131,9),(132,9),(133,9),(134,9),(135,9),(136,9),(137,9),(138,9),(139,9),(140,9),(141,9),(142,9),(143,9),(144,9),(145,9),(146,9),(147,9),(148,9),(149,9),(150,9),(151,9),(152,9),(153,9),(154,9),(155,9),(156,9),(157,9),(158,9),(159,9),(160,9),(161,9),(162,9),(163,9),(164,9),(165,9),(166,9),(167,9),(168,9),(169,9),(170,9),(171,9),(172,9),(173,9),(174,9),(175,9),(176,9),(177,9),(178,9),(179,9),(180,9),(181,9),(182,9),(183,9),(184,9),(185,9),(186,9),(187,9),(188,9),(189,9),(190,9),(191,9),(192,9),(193,9),(194,9),(195,9),(196,9),(197,9),(198,9),(199,9),(200,9),(201,9),(202,9),(203,9),(204,9),(1,10),(2,10),(3,10),(4,10),(5,10),(6,10),(7,10),(8,10),(9,10),(10,10),(11,10),(12,10),(13,10),(14,10),(15,10),(16,10),(17,10),(18,10),(19,10),(20,10),(21,10),(22,10),(23,10),(24,10),(25,10),(26,10),(27,10),(28,10),(29,10),(30,10),(31,10),(32,10),(33,10),(34,10),(35,10),(36,10),(37,10),(38,10),(39,10),(40,10),(41,10),(42,10),(43,10),(44,10),(45,10),(46,10),(47,10),(48,10),(49,10),(50,10),(51,10),(52,10),(53,10),(54,10),(55,10),(56,10),(57,10),(58,10),(59,10),(60,10),(61,10),(62,10),(63,10),(64,10),(65,10),(66,10),(67,10),(68,10),(69,10),(70,10),(71,10),(72,10),(73,10),(74,10),(75,10),(76,10),(77,10),(78,10),(79,10),(80,10),(81,10),(82,10),(83,10),(84,10),(85,10),(86,10),(87,10),(88,10),(89,10),(90,10),(91,10),(92,10),(93,10),(94,10),(95,10),(96,10),(97,10),(98,10),(99,10),(100,10),(101,10),(102,10),(103,10),(104,10),(105,10),(106,10),(107,10),(108,10),(109,10),(110,10),(111,10),(112,10),(113,10),(114,10),(115,10),(116,10),(117,10),(118,10),(119,10),(120,10),(121,10),(122,10),(123,10),(124,10),(125,10),(126,10),(127,10),(128,10),(129,10),(130,10),(131,10),(132,10),(133,10),(134,10),(135,10),(136,10),(137,10),(138,10),(139,10),(140,10),(141,10),(142,10),(143,10),(144,10),(145,10),(146,10),(147,10),(148,10),(149,10),(150,10),(151,10),(152,10),(153,10),(154,10),(155,10),(156,10),(157,10),(158,10),(159,10),(160,10),(161,10),(162,10),(163,10),(164,10),(165,10),(166,10),(167,10),(168,10),(169,10),(170,10),(171,10),(172,10),(173,10),(174,10),(175,10),(176,10),(177,10),(178,10),(179,10),(180,10),(181,10),(182,10),(183,10),(184,10),(185,10),(186,10),(187,10),(188,10),(189,10),(190,10),(191,10),(192,10),(193,10),(194,10),(195,10),(196,10),(197,10),(198,10),(199,10),(200,10),(201,10),(202,10),(203,10),(204,10),(1,11),(2,11),(3,11),(4,11),(5,11),(6,11),(7,11),(8,11),(9,11),(10,11),(11,11),(12,11),(13,11),(14,11),(15,11),(16,11),(17,11),(18,11),(19,11),(20,11),(21,11),(22,11),(23,11),(24,11),(25,11),(26,11),(27,11),(28,11),(29,11),(30,11),(31,11),(32,11),(33,11),(34,11),(35,11),(36,11),(37,11),(38,11),(39,11),(40,11),(41,11),(42,11),(43,11),(44,11),(45,11),(46,11),(47,11),(48,11),(49,11),(50,11),(51,11),(52,11),(53,11),(54,11),(55,11),(56,11),(57,11),(58,11),(59,11),(60,11),(61,11),(62,11),(63,11),(64,11),(65,11),(66,11),(67,11),(68,11),(69,11),(70,11),(71,11),(72,11),(73,11),(74,11),(75,11),(76,11),(77,11),(78,11),(79,11),(80,11),(81,11),(82,11),(83,11),(84,11),(85,11),(86,11),(87,11),(88,11),(89,11),(90,11),(91,11),(92,11),(93,11),(94,11),(95,11),(96,11),(97,11),(98,11),(99,11),(100,11),(101,11),(102,11),(103,11),(104,11),(105,11),(106,11),(107,11),(108,11),(109,11),(110,11),(111,11),(112,11),(113,11),(114,11),(115,11),(116,11),(117,11),(118,11),(119,11),(120,11),(121,11),(122,11),(123,11),(124,11),(125,11),(126,11),(127,11),(128,11),(129,11),(130,11),(131,11),(132,11),(133,11),(134,11),(135,11),(136,11),(137,11),(138,11),(139,11),(140,11),(141,11),(142,11),(143,11),(144,11),(145,11),(146,11),(147,11),(148,11),(149,11),(150,11),(151,11),(152,11),(153,11),(154,11),(155,11),(156,11),(157,11),(158,11),(159,11),(160,11),(161,11),(162,11),(163,11),(164,11),(165,11),(166,11),(167,11),(168,11),(169,11),(170,11),(171,11),(172,11),(173,11),(174,11),(175,11),(176,11),(177,11),(178,11),(179,11),(180,11),(181,11),(182,11),(183,11),(184,11),(185,11),(186,11),(187,11),(188,11),(189,11),(190,11),(191,11),(192,11),(193,11),(194,11),(195,11),(196,11),(197,11),(198,11),(199,11),(200,11),(201,11),(202,11),(203,11),(204,11),(1,12),(2,12),(3,12),(4,12),(5,12),(6,12),(7,12),(8,12),(9,12),(10,12),(11,12),(12,12),(13,12),(14,12),(15,12),(16,12),(17,12),(18,12),(19,12),(20,12),(21,12),(22,12),(23,12),(24,12),(25,12),(26,12),(27,12),(28,12),(29,12),(30,12),(31,12),(32,12),(33,12),(34,12),(35,12),(36,12),(37,12),(38,12),(39,12),(40,12),(41,12),(42,12),(43,12),(44,12),(45,12),(46,12),(47,12),(48,12),(49,12),(50,12),(51,12),(52,12),(53,12),(54,12),(55,12),(56,12),(57,12),(58,12),(59,12),(60,12),(61,12),(62,12),(63,12),(64,12),(65,12),(66,12),(67,12),(68,12),(69,12),(70,12),(71,12),(72,12),(73,12),(74,12),(75,12),(76,12),(77,12),(78,12),(79,12),(80,12),(81,12),(82,12),(83,12),(84,12),(85,12),(86,12),(87,12),(88,12),(89,12),(90,12),(91,12),(92,12),(93,12),(94,12),(95,12),(96,12),(97,12),(98,12),(99,12),(100,12),(101,12),(102,12),(103,12),(104,12),(105,12),(106,12),(107,12),(108,12),(109,12),(110,12),(111,12),(112,12),(113,12),(114,12),(115,12),(116,12),(117,12),(118,12),(119,12),(120,12),(121,12),(122,12),(123,12),(124,12),(125,12),(126,12),(127,12),(128,12),(129,12),(130,12),(131,12),(132,12),(133,12),(134,12),(135,12),(136,12),(137,12),(138,12),(139,12),(140,12),(141,12),(142,12),(143,12),(144,12),(145,12),(146,12),(147,12),(148,12),(149,12),(150,12),(151,12),(152,12),(153,12),(154,12),(155,12),(156,12),(157,12),(158,12),(159,12),(160,12),(161,12),(162,12),(163,12),(164,12),(165,12),(166,12),(167,12),(168,12),(169,12),(170,12),(171,12),(172,12),(173,12),(174,12),(175,12),(176,12),(177,12),(178,12),(179,12),(180,12),(181,12),(182,12),(183,12),(184,12),(185,12),(186,12),(187,12),(188,12),(189,12),(190,12),(191,12),(192,12),(193,12),(194,12),(195,12),(196,12),(197,12),(198,12),(199,12),(200,12),(201,12),(202,12),(203,12),(204,12),(1,13),(2,13),(3,13),(4,13),(5,13),(6,13),(7,13),(8,13),(9,13),(10,13),(11,13),(12,13),(13,13),(14,13),(15,13),(16,13),(17,13),(18,13),(19,13),(20,13),(21,13),(22,13),(23,13),(24,13),(25,13),(26,13),(27,13),(28,13),(29,13),(30,13),(31,13),(32,13),(33,13),(34,13),(35,13),(36,13),(37,13),(38,13),(39,13),(40,13),(41,13),(42,13),(43,13),(44,13),(45,13),(46,13),(47,13),(48,13),(49,13),(50,13),(51,13),(52,13),(53,13),(54,13),(55,13),(56,13),(57,13),(58,13),(59,13),(60,13),(61,13),(62,13),(63,13),(64,13),(65,13),(66,13),(67,13),(68,13),(69,13),(70,13),(71,13),(72,13),(73,13),(74,13),(75,13),(76,13),(77,13),(78,13),(79,13),(80,13),(81,13),(82,13),(83,13),(84,13),(85,13),(86,13),(87,13),(88,13),(89,13),(90,13),(91,13),(92,13),(93,13),(94,13),(95,13),(96,13),(97,13),(98,13),(99,13),(100,13),(101,13),(102,13),(103,13),(104,13),(105,13),(106,13),(107,13),(108,13),(109,13),(110,13),(111,13),(112,13),(113,13),(114,13),(115,13),(116,13),(117,13),(118,13),(119,13),(120,13),(121,13),(122,13),(123,13),(124,13),(125,13),(126,13),(127,13),(128,13),(129,13),(130,13),(131,13),(132,13),(133,13),(134,13),(135,13),(136,13),(137,13),(138,13),(139,13),(140,13),(141,13),(142,13),(143,13),(144,13),(145,13),(146,13),(147,13),(148,13),(149,13),(150,13),(151,13),(152,13),(153,13),(154,13),(155,13),(156,13),(157,13),(158,13),(159,13),(160,13),(161,13),(162,13),(163,13),(164,13),(165,13),(166,13),(167,13),(168,13),(169,13),(170,13),(171,13),(172,13),(173,13),(174,13),(175,13),(176,13),(177,13),(178,13),(179,13),(180,13),(181,13),(182,13),(183,13),(184,13),(185,13),(186,13),(187,13),(188,13),(189,13),(190,13),(191,13),(192,13),(193,13),(194,13),(195,13),(196,13),(197,13),(198,13),(199,13),(200,13),(201,13),(202,13),(203,13),(204,13),(1,14),(2,14),(3,14),(4,14),(5,14),(6,14),(7,14),(8,14),(9,14),(10,14),(11,14),(12,14),(13,14),(14,14),(15,14),(16,14),(17,14),(18,14),(19,14),(20,14),(21,14),(22,14),(23,14),(24,14),(25,14),(26,14),(27,14),(28,14),(29,14),(30,14),(31,14),(32,14),(33,14),(34,14),(35,14),(36,14),(37,14),(38,14),(39,14),(40,14),(41,14),(42,14),(43,14),(44,14),(45,14),(46,14),(47,14),(48,14),(49,14),(50,14),(51,14),(52,14),(53,14),(54,14),(55,14),(56,14),(57,14),(58,14),(59,14),(60,14),(61,14),(62,14),(63,14),(64,14),(65,14),(66,14),(67,14),(68,14),(69,14),(70,14),(71,14),(72,14),(73,14),(74,14),(75,14),(76,14),(77,14),(78,14),(79,14),(80,14),(81,14),(82,14),(83,14),(84,14),(85,14),(86,14),(87,14),(88,14),(89,14),(90,14),(91,14),(92,14),(93,14),(94,14),(95,14),(96,14),(97,14),(98,14),(99,14),(100,14),(101,14),(102,14),(103,14),(104,14),(105,14),(106,14),(107,14),(108,14),(109,14),(110,14),(111,14),(112,14),(113,14),(114,14),(115,14),(116,14),(117,14),(118,14),(119,14),(120,14),(121,14),(122,14),(123,14),(124,14),(125,14),(126,14),(127,14),(128,14),(129,14),(130,14),(131,14),(132,14),(133,14),(134,14),(135,14),(136,14),(137,14),(138,14),(139,14),(140,14),(141,14),(142,14),(143,14),(144,14),(145,14),(146,14),(147,14),(148,14),(149,14),(150,14),(151,14),(152,14),(153,14),(154,14),(155,14),(156,14),(157,14),(158,14),(159,14),(160,14),(161,14),(162,14),(163,14),(164,14),(165,14),(166,14),(167,14),(168,14),(169,14),(170,14),(171,14),(172,14),(173,14),(174,14),(175,14),(176,14),(177,14),(178,14),(179,14),(180,14),(181,14),(182,14),(183,14),(184,14),(185,14),(186,14),(187,14),(188,14),(189,14),(190,14),(191,14),(192,14),(193,14),(194,14),(195,14),(196,14),(197,14),(198,14),(199,14),(200,14),(201,14),(202,14),(203,14),(204,14),(1,15),(2,15),(3,15),(4,15),(5,15),(6,15),(7,15),(8,15),(9,15),(10,15),(11,15),(12,15),(13,15),(14,15),(15,15),(16,15),(17,15),(18,15),(19,15),(20,15),(21,15),(22,15),(23,15),(24,15),(25,15),(26,15),(27,15),(28,15),(29,15),(30,15),(31,15),(32,15),(33,15),(34,15),(35,15),(36,15),(37,15),(38,15),(39,15),(40,15),(41,15),(42,15),(43,15),(44,15),(45,15),(46,15),(47,15),(48,15),(49,15),(50,15),(51,15),(52,15),(53,15),(54,15),(55,15),(56,15),(57,15),(58,15),(59,15),(60,15),(61,15),(62,15),(63,15),(64,15),(65,15),(66,15),(67,15),(68,15),(69,15),(70,15),(71,15),(72,15),(73,15),(74,15),(75,15),(76,15),(77,15),(78,15),(79,15),(80,15),(81,15),(82,15),(83,15),(84,15),(85,15),(86,15),(87,15),(88,15),(89,15),(90,15),(91,15),(92,15),(93,15),(94,15),(95,15),(96,15),(97,15),(98,15),(99,15),(100,15),(101,15),(102,15),(103,15),(104,15),(105,15),(106,15),(107,15),(108,15),(109,15),(110,15),(111,15),(112,15),(113,15),(114,15),(115,15),(116,15),(117,15),(118,15),(119,15),(120,15),(121,15),(122,15),(123,15),(124,15),(125,15),(126,15),(127,15),(128,15),(129,15),(130,15),(131,15),(132,15),(133,15),(134,15),(135,15),(136,15),(137,15),(138,15),(139,15),(140,15),(141,15),(142,15),(143,15),(144,15),(145,15),(146,15),(147,15),(148,15),(149,15),(150,15),(151,15),(152,15),(153,15),(154,15),(155,15),(156,15),(157,15),(158,15),(159,15),(160,15),(161,15),(162,15),(163,15),(164,15),(165,15),(166,15),(167,15),(168,15),(169,15),(170,15),(171,15),(172,15),(173,15),(174,15),(175,15),(176,15),(177,15),(178,15),(179,15),(180,15),(181,15),(182,15),(183,15),(184,15),(185,15),(186,15),(187,15),(188,15),(189,15),(190,15),(191,15),(192,15),(193,15),(194,15),(195,15),(196,15),(197,15),(198,15),(199,15),(200,15),(201,15),(202,15),(203,15),(204,15),(1,16),(2,16),(3,16),(4,16),(5,16),(6,16),(7,16),(8,16),(9,16),(10,16),(11,16),(12,16),(13,16),(14,16),(15,16),(16,16),(17,16),(18,16),(19,16),(20,16),(21,16),(22,16),(23,16),(24,16),(25,16),(26,16),(27,16),(28,16),(29,16),(30,16),(31,16),(32,16),(33,16),(34,16),(35,16),(36,16),(37,16),(38,16),(39,16),(40,16),(41,16),(42,16),(43,16),(44,16),(45,16),(46,16),(47,16),(48,16),(49,16),(50,16),(51,16),(52,16),(53,16),(54,16),(55,16),(56,16),(57,16),(58,16),(59,16),(60,16),(61,16),(62,16),(63,16),(64,16),(65,16),(66,16),(67,16),(68,16),(69,16),(70,16),(71,16),(72,16),(73,16),(74,16),(75,16),(76,16),(77,16),(78,16),(79,16),(80,16),(81,16),(82,16),(83,16),(84,16),(85,16),(86,16),(87,16),(88,16),(89,16),(90,16),(91,16),(92,16),(93,16),(94,16),(95,16),(96,16),(97,16),(98,16),(99,16),(100,16),(101,16),(102,16),(103,16),(104,16),(105,16),(106,16),(107,16),(108,16),(109,16),(110,16),(111,16),(112,16),(113,16),(114,16),(115,16),(116,16),(117,16),(118,16),(119,16),(120,16),(121,16),(122,16),(123,16),(124,16),(125,16),(126,16),(127,16),(128,16),(129,16),(130,16),(131,16),(132,16),(133,16),(134,16),(135,16),(136,16),(137,16),(138,16),(139,16),(140,16),(141,16),(142,16),(143,16),(144,16),(145,16),(146,16),(147,16),(148,16),(149,16),(150,16),(151,16),(152,16),(153,16),(154,16),(155,16),(156,16),(157,16),(158,16),(159,16),(160,16),(161,16),(162,16),(163,16),(164,16),(165,16),(166,16),(167,16),(168,16),(169,16),(170,16),(171,16),(172,16),(173,16),(174,16),(175,16),(176,16),(177,16),(178,16),(179,16),(180,16),(181,16),(182,16),(183,16),(184,16),(185,16),(186,16),(187,16),(188,16),(189,16),(190,16),(191,16),(192,16),(193,16),(194,16),(195,16),(196,16),(197,16),(198,16),(199,16),(200,16),(201,16),(202,16),(203,16),(204,16),(1,17),(2,17),(3,17),(4,17),(5,17),(6,17),(7,17),(8,17),(9,17),(10,17),(11,17),(12,17),(13,17),(14,17),(15,17),(16,17),(17,17),(18,17),(19,17),(20,17),(21,17),(22,17),(23,17),(24,17),(25,17),(26,17),(27,17),(28,17),(29,17),(30,17),(31,17),(32,17),(33,17),(34,17),(35,17),(36,17),(37,17),(38,17),(39,17),(40,17),(41,17),(42,17),(43,17),(44,17),(45,17),(46,17),(47,17),(48,17),(49,17),(50,17),(51,17),(52,17),(53,17),(54,17),(55,17),(56,17),(57,17),(58,17),(59,17),(60,17),(61,17),(62,17),(63,17),(64,17),(65,17),(66,17),(67,17),(68,17),(69,17),(70,17),(71,17),(72,17),(73,17),(74,17),(75,17),(76,17),(77,17),(78,17),(79,17),(80,17),(81,17),(82,17),(83,17),(84,17),(85,17),(86,17),(87,17),(88,17),(89,17),(90,17),(91,17),(92,17),(93,17),(94,17),(95,17),(96,17),(97,17),(98,17),(99,17),(100,17),(101,17),(102,17),(103,17),(104,17),(105,17),(106,17),(107,17),(108,17),(109,17),(110,17),(111,17),(112,17),(113,17),(114,17),(115,17),(116,17),(117,17),(118,17),(119,17),(120,17),(121,17),(122,17),(123,17),(124,17),(125,17),(126,17),(127,17),(128,17),(129,17),(130,17),(131,17),(132,17),(133,17),(134,17),(135,17),(136,17),(137,17),(138,17),(139,17),(140,17),(141,17),(142,17),(143,17),(144,17),(145,17),(146,17),(147,17),(148,17),(149,17),(150,17),(151,17),(152,17),(153,17),(154,17),(155,17),(156,17),(157,17),(158,17),(159,17),(160,17),(161,17),(162,17),(163,17),(164,17),(165,17),(166,17),(167,17),(168,17),(169,17),(170,17),(171,17),(172,17),(173,17),(174,17),(175,17),(176,17),(177,17),(178,17),(179,17),(180,17),(181,17),(182,17),(183,17),(184,17),(185,17),(186,17),(187,17),(188,17),(189,17),(190,17),(191,17),(192,17),(193,17),(194,17),(195,17),(196,17),(197,17),(198,17),(199,17),(200,17),(201,17),(202,17),(203,17),(204,17),(1,18),(2,18),(3,18),(4,18),(5,18),(6,18),(7,18),(8,18),(9,18),(10,18),(11,18),(12,18),(13,18),(14,18),(15,18),(16,18),(17,18),(18,18),(19,18),(20,18),(21,18),(22,18),(23,18),(24,18),(25,18),(26,18),(27,18),(28,18),(29,18),(30,18),(31,18),(32,18),(33,18),(34,18),(35,18),(36,18),(37,18),(38,18),(39,18),(40,18),(41,18),(42,18),(43,18),(44,18),(45,18),(46,18),(47,18),(48,18),(49,18),(50,18),(51,18),(52,18),(53,18),(54,18),(55,18),(56,18),(57,18),(58,18),(59,18),(60,18),(61,18),(62,18),(63,18),(64,18),(65,18),(66,18),(67,18),(68,18),(69,18),(70,18),(71,18),(72,18),(73,18),(74,18),(75,18),(76,18),(77,18),(78,18),(79,18),(80,18),(81,18),(82,18),(83,18),(84,18),(85,18),(86,18),(87,18),(88,18),(89,18),(90,18),(91,18),(92,18),(93,18),(94,18),(95,18),(96,18),(97,18),(98,18),(99,18),(100,18),(101,18),(102,18),(103,18),(104,18),(105,18),(106,18),(107,18),(108,18),(109,18),(110,18),(111,18),(112,18),(113,18),(114,18),(115,18),(116,18),(117,18),(118,18),(119,18),(120,18),(121,18),(122,18),(123,18),(124,18),(125,18),(126,18),(127,18),(128,18),(129,18),(130,18),(131,18),(132,18),(133,18),(134,18),(135,18),(136,18),(137,18),(138,18),(139,18),(140,18),(141,18),(142,18),(143,18),(144,18),(145,18),(146,18),(147,18),(148,18),(149,18),(150,18),(151,18),(152,18),(153,18),(154,18),(155,18),(156,18),(157,18),(158,18),(159,18),(160,18),(161,18),(162,18),(163,18),(164,18),(165,18),(166,18),(167,18),(168,18),(169,18),(170,18),(171,18),(172,18),(173,18),(174,18),(175,18),(176,18),(177,18),(178,18),(179,18),(180,18),(181,18),(182,18),(183,18),(184,18),(185,18),(186,18),(187,18),(188,18),(189,18),(190,18),(191,18),(192,18),(193,18),(194,18),(195,18),(196,18),(197,18),(198,18),(199,18),(200,18),(201,18),(202,18),(203,18),(204,18);

--
-- Table structure for table `reviewrating_outright`
--

CREATE TABLE `reviewrating_outright` (
  `outright_id` int(10) unsigned NOT NULL AUTO_INCREMENT COMMENT 'Entity Id',
  `title` varchar(255) DEFAULT NULL COMMENT 'Title',
  `status` int(11) NOT NULL DEFAULT '0' COMMENT 'Status',
  `created_at` timestamp NOT NULL DEFAULT CURRENT_TIMESTAMP ON UPDATE CURRENT_TIMESTAMP COMMENT 'Created At',
  PRIMARY KEY (`outright_id`)
) ENGINE=InnoDB DEFAULT CHARSET=utf8 COMMENT='ReviewRating Outright Table';

--
-- Dumping data for table `reviewrating_outright`
--


--
-- Table structure for table `reviewrating_servicecall`
--

CREATE TABLE `reviewrating_servicecall` (
  `servicecall_id` int(10) unsigned NOT NULL AUTO_INCREMENT COMMENT 'Entity Id',
  `title` varchar(255) DEFAULT NULL COMMENT 'Title',
  `status` int(11) NOT NULL DEFAULT '0' COMMENT 'Status',
  `created_at` timestamp NOT NULL DEFAULT CURRENT_TIMESTAMP ON UPDATE CURRENT_TIMESTAMP COMMENT 'Created At',
  PRIMARY KEY (`servicecall_id`)
) ENGINE=InnoDB DEFAULT CHARSET=utf8 COMMENT='ReviewRating Servicecall Table';

--
-- Dumping data for table `reviewrating_servicecall`
--


--
-- Table structure for table `reviewrating_serviceplan`
--

CREATE TABLE `reviewrating_serviceplan` (
  `serviceplan_id` int(10) unsigned NOT NULL AUTO_INCREMENT COMMENT 'Entity Id',
  `title` varchar(255) DEFAULT NULL COMMENT 'Title',
  `status` int(11) NOT NULL DEFAULT '0' COMMENT 'Status',
  `created_at` timestamp NOT NULL DEFAULT CURRENT_TIMESTAMP ON UPDATE CURRENT_TIMESTAMP COMMENT 'Created At',
  PRIMARY KEY (`serviceplan_id`)
) ENGINE=InnoDB DEFAULT CHARSET=utf8 COMMENT='ReviewRating Serviceplan Table';

--
-- Dumping data for table `reviewrating_serviceplan`
--


--
-- Table structure for table `reviewrating_subscription`
--

CREATE TABLE `reviewrating_subscription` (
  `subscription_id` int(10) unsigned NOT NULL AUTO_INCREMENT COMMENT 'Entity Id',
  `title` varchar(255) DEFAULT NULL COMMENT 'Title',
  `status` int(11) NOT NULL DEFAULT '0' COMMENT 'Status',
  `created_at` timestamp NOT NULL DEFAULT CURRENT_TIMESTAMP ON UPDATE CURRENT_TIMESTAMP COMMENT 'Created At',
  PRIMARY KEY (`subscription_id`)
) ENGINE=InnoDB DEFAULT CHARSET=utf8 COMMENT='ReviewRating Subscription Table';

--
-- Dumping data for table `reviewrating_subscription`
--


--
-- Table structure for table `sales_bestsellers_aggregated_daily`
--

CREATE TABLE `sales_bestsellers_aggregated_daily` (
  `id` int(10) unsigned NOT NULL AUTO_INCREMENT COMMENT 'ID',
  `period` date DEFAULT NULL COMMENT 'Period',
  `store_id` smallint(5) unsigned DEFAULT NULL COMMENT 'Store ID',
  `product_id` int(10) unsigned DEFAULT NULL COMMENT 'Product ID',
  `product_name` varchar(255) DEFAULT NULL COMMENT 'Product Name',
  `product_price` decimal(12,4) NOT NULL DEFAULT '0.0000' COMMENT 'Product Price',
  `qty_ordered` decimal(12,4) NOT NULL DEFAULT '0.0000' COMMENT 'Qty Ordered',
  `rating_pos` smallint(5) unsigned NOT NULL DEFAULT '0' COMMENT 'Rating Pos',
  PRIMARY KEY (`id`),
  UNIQUE KEY `SALES_BESTSELLERS_AGGREGATED_DAILY_PERIOD_STORE_ID_PRODUCT_ID` (`period`,`store_id`,`product_id`),
  KEY `SALES_BESTSELLERS_AGGREGATED_DAILY_STORE_ID` (`store_id`),
  KEY `SALES_BESTSELLERS_AGGREGATED_DAILY_PRODUCT_ID` (`product_id`),
  CONSTRAINT `SALES_BESTSELLERS_AGGREGATED_DAILY_STORE_ID_STORE_STORE_ID` FOREIGN KEY (`store_id`) REFERENCES `store` (`store_id`) ON DELETE CASCADE
) ENGINE=InnoDB AUTO_INCREMENT=98 DEFAULT CHARSET=utf8 COMMENT='Sales Bestsellers Aggregated Daily';

--
-- Dumping data for table `sales_bestsellers_aggregated_daily`
--

INSERT INTO `sales_bestsellers_aggregated_daily` VALUES (1,'2018-03-16',1,8,'DJI Phantom 4 Quadcopter Camera',975.0000,5.0000,1),(2,'2018-03-16',1,58,'Grand Slam Indoor Of Show Jumping Novel',40.0000,4.0000,2),(3,'2018-03-21',1,2,'Canon MX492 Wireless All-IN-One Small Printer',250.0000,1.0000,3),(4,'2018-03-21',1,8,'DJI Phantom 4 Quadcopter Camera',800.0000,1.0000,4),(5,'2018-03-21',1,14,'XtremepowerUS Stainless Steel Tumble Cloths Dryer',200.0000,1.0000,5),(6,'2018-03-21',1,16,'Marshall PBluetooth Speaker-black',350.0000,1.0000,1),(7,'2018-03-21',1,19,'DBPOWER T20 1500 Lumens LCD Projector',200.0000,1.0000,2),(8,'2018-03-16',0,8,'DJI Phantom 4 Quadcopter Camera',975.0000,5.0000,1),(9,'2018-03-16',0,58,'Grand Slam Indoor Of Show Jumping Novel',40.0000,4.0000,2),(10,'2018-03-21',0,2,'Canon MX492 Wireless All-IN-One Small Printer',250.0000,1.0000,4),(11,'2018-03-21',0,8,'DJI Phantom 4 Quadcopter Camera',800.0000,1.0000,5),(12,'2018-03-21',0,14,'XtremepowerUS Stainless Steel Tumble Cloths Dryer',200.0000,1.0000,1),(13,'2018-03-21',0,16,'Marshall PBluetooth Speaker-black',350.0000,1.0000,2),(14,'2018-03-21',0,19,'DBPOWER T20 1500 Lumens LCD Projector',200.0000,1.0000,3),(59,'2018-07-23',1,8,'DJI Phantom 4 Quadcopter Camera',800.0000,6.0000,4),(60,'2018-07-23',1,14,'XtremepowerUS Stainless Steel Tumble Cloths Dryer',200.0000,1.0000,5),(61,'2018-07-23',1,20,'MVMTH Classical Leather Watch In Black',40.0000,60.0000,1),(62,'2018-07-23',1,69,'Vita Coco Coconut Water - Pack of 12',20.0000,20.0000,3),(63,'2018-07-23',1,72,'Augason Farms Freeze Dried Beef Chunks 1 lb No. 10',45.0000,30.0000,2),(74,'2018-07-23',0,8,'DJI Phantom 4 Quadcopter Camera',800.0000,6.0000,4),(75,'2018-07-23',0,14,'XtremepowerUS Stainless Steel Tumble Cloths Dryer',200.0000,1.0000,5),(76,'2018-07-23',0,20,'MVMTH Classical Leather Watch In Black',40.0000,60.0000,1),(77,'2018-07-23',0,69,'Vita Coco Coconut Water - Pack of 12',20.0000,20.0000,3),(78,'2018-07-23',0,72,'Augason Farms Freeze Dried Beef Chunks 1 lb No. 10',45.0000,30.0000,2),(84,'2018-07-24',1,49,'Simple Plastice Chair',45.0000,3.0000,1),(85,'2018-07-24',1,75,'Sofa Fabric In Blue & Brown Chair-blue',200.0000,2.0000,2),(86,'2018-07-24',1,77,'Simple Short TV Board Combine Book Shelf',300.0000,1.0000,3),(87,'2018-07-24',1,79,'Korea Small Wood 4 Boxes Storage',300.0000,1.0000,4),(88,'2018-07-24',1,80,'Simple Wood Combine With Leather Chair',200.0000,1.0000,5),(89,'2018-07-25',1,79,'Korea Small Wood 4 Boxes Storage',300.0000,1.0000,1),(90,'2018-07-25',1,81,'Simple Tea Teable With Glass Surface',350.0000,1.0000,2),(91,'2018-07-24',0,49,'Simple Plastice Chair',45.0000,3.0000,1),(92,'2018-07-24',0,75,'Sofa Fabric In Blue & Brown Chair-blue',200.0000,2.0000,2),(93,'2018-07-24',0,77,'Simple Short TV Board Combine Book Shelf',300.0000,1.0000,3),(94,'2018-07-24',0,79,'Korea Small Wood 4 Boxes Storage',300.0000,1.0000,4),(95,'2018-07-24',0,80,'Simple Wood Combine With Leather Chair',200.0000,1.0000,5),(96,'2018-07-25',0,79,'Korea Small Wood 4 Boxes Storage',300.0000,1.0000,2),(97,'2018-07-25',0,81,'Simple Tea Teable With Glass Surface',350.0000,1.0000,1);

--
-- Table structure for table `sales_bestsellers_aggregated_monthly`
--

CREATE TABLE `sales_bestsellers_aggregated_monthly` (
  `id` int(10) unsigned NOT NULL AUTO_INCREMENT COMMENT 'ID',
  `period` date DEFAULT NULL COMMENT 'Period',
  `store_id` smallint(5) unsigned DEFAULT NULL COMMENT 'Store ID',
  `product_id` int(10) unsigned DEFAULT NULL COMMENT 'Product ID',
  `product_name` varchar(255) DEFAULT NULL COMMENT 'Product Name',
  `product_price` decimal(12,4) NOT NULL DEFAULT '0.0000' COMMENT 'Product Price',
  `qty_ordered` decimal(12,4) NOT NULL DEFAULT '0.0000' COMMENT 'Qty Ordered',
  `rating_pos` smallint(5) unsigned NOT NULL DEFAULT '0' COMMENT 'Rating Pos',
  PRIMARY KEY (`id`),
  UNIQUE KEY `SALES_BESTSELLERS_AGGREGATED_MONTHLY_PERIOD_STORE_ID_PRODUCT_ID` (`period`,`store_id`,`product_id`),
  KEY `SALES_BESTSELLERS_AGGREGATED_MONTHLY_STORE_ID` (`store_id`),
  KEY `SALES_BESTSELLERS_AGGREGATED_MONTHLY_PRODUCT_ID` (`product_id`),
  CONSTRAINT `SALES_BESTSELLERS_AGGREGATED_MONTHLY_STORE_ID_STORE_STORE_ID` FOREIGN KEY (`store_id`) REFERENCES `store` (`store_id`) ON DELETE CASCADE
) ENGINE=InnoDB AUTO_INCREMENT=108 DEFAULT CHARSET=utf8 COMMENT='Sales Bestsellers Aggregated Monthly';

--
-- Dumping data for table `sales_bestsellers_aggregated_monthly`
--

INSERT INTO `sales_bestsellers_aggregated_monthly` VALUES (1,'2018-03-01',0,8,'DJI Phantom 4 Quadcopter Camera',975.0000,6.0000,1),(2,'2018-03-01',0,58,'Grand Slam Indoor Of Show Jumping Novel',40.0000,4.0000,2),(3,'2018-03-01',0,16,'Marshall PBluetooth Speaker-black',350.0000,1.0000,3),(4,'2018-03-01',0,2,'Canon MX492 Wireless All-IN-One Small Printer',250.0000,1.0000,4),(5,'2018-03-01',0,19,'DBPOWER T20 1500 Lumens LCD Projector',200.0000,1.0000,5),(6,'2018-03-01',0,14,'XtremepowerUS Stainless Steel Tumble Cloths Dryer',200.0000,1.0000,6),(7,'2018-03-01',1,8,'DJI Phantom 4 Quadcopter Camera',975.0000,6.0000,1),(8,'2018-03-01',1,58,'Grand Slam Indoor Of Show Jumping Novel',40.0000,4.0000,2),(9,'2018-03-01',1,2,'Canon MX492 Wireless All-IN-One Small Printer',250.0000,1.0000,3),(10,'2018-03-01',1,19,'DBPOWER T20 1500 Lumens LCD Projector',200.0000,1.0000,4),(11,'2018-03-01',1,14,'XtremepowerUS Stainless Steel Tumble Cloths Dryer',200.0000,1.0000,5),(12,'2018-03-01',1,16,'Marshall PBluetooth Speaker-black',350.0000,1.0000,6),(75,'2018-07-01',0,20,'MVMTH Classical Leather Watch In Black',40.0000,60.0000,1),(76,'2018-07-01',0,72,'Augason Farms Freeze Dried Beef Chunks 1 lb No. 10',45.0000,30.0000,2),(77,'2018-07-01',0,69,'Vita Coco Coconut Water - Pack of 12',20.0000,20.0000,3),(78,'2018-07-01',0,8,'DJI Phantom 4 Quadcopter Camera',800.0000,6.0000,4),(79,'2018-07-01',0,14,'XtremepowerUS Stainless Steel Tumble Cloths Dryer',200.0000,1.0000,10),(80,'2018-07-01',1,20,'MVMTH Classical Leather Watch In Black',40.0000,60.0000,1),(81,'2018-07-01',1,72,'Augason Farms Freeze Dried Beef Chunks 1 lb No. 10',45.0000,30.0000,2),(82,'2018-07-01',1,69,'Vita Coco Coconut Water - Pack of 12',20.0000,20.0000,3),(83,'2018-07-01',1,8,'DJI Phantom 4 Quadcopter Camera',800.0000,6.0000,4),(84,'2018-07-01',1,14,'XtremepowerUS Stainless Steel Tumble Cloths Dryer',200.0000,1.0000,10),(90,'2018-07-01',0,49,'Simple Plastice Chair',45.0000,3.0000,5),(91,'2018-07-01',0,75,'Sofa Fabric In Blue & Brown Chair-blue',200.0000,2.0000,6),(92,'2018-07-01',0,77,'Simple Short TV Board Combine Book Shelf',300.0000,1.0000,9),(93,'2018-07-01',0,79,'Korea Small Wood 4 Boxes Storage',300.0000,2.0000,7),(94,'2018-07-01',0,80,'Simple Wood Combine With Leather Chair',200.0000,1.0000,8),(95,'2018-07-01',1,49,'Simple Plastice Chair',45.0000,3.0000,5),(96,'2018-07-01',1,75,'Sofa Fabric In Blue & Brown Chair-blue',200.0000,2.0000,7),(97,'2018-07-01',1,77,'Simple Short TV Board Combine Book Shelf',300.0000,1.0000,8),(98,'2018-07-01',1,79,'Korea Small Wood 4 Boxes Storage',300.0000,2.0000,6),(99,'2018-07-01',1,80,'Simple Wood Combine With Leather Chair',200.0000,1.0000,11),(106,'2018-07-01',0,81,'Simple Tea Teable With Glass Surface',350.0000,1.0000,11),(107,'2018-07-01',1,81,'Simple Tea Teable With Glass Surface',350.0000,1.0000,9);

--
-- Table structure for table `sales_bestsellers_aggregated_yearly`
--

CREATE TABLE `sales_bestsellers_aggregated_yearly` (
  `id` int(10) unsigned NOT NULL AUTO_INCREMENT COMMENT 'ID',
  `period` date DEFAULT NULL COMMENT 'Period',
  `store_id` smallint(5) unsigned DEFAULT NULL COMMENT 'Store ID',
  `product_id` int(10) unsigned DEFAULT NULL COMMENT 'Product ID',
  `product_name` varchar(255) DEFAULT NULL COMMENT 'Product Name',
  `product_price` decimal(12,4) NOT NULL DEFAULT '0.0000' COMMENT 'Product Price',
  `qty_ordered` decimal(12,4) NOT NULL DEFAULT '0.0000' COMMENT 'Qty Ordered',
  `rating_pos` smallint(5) unsigned NOT NULL DEFAULT '0' COMMENT 'Rating Pos',
  PRIMARY KEY (`id`),
  UNIQUE KEY `SALES_BESTSELLERS_AGGREGATED_YEARLY_PERIOD_STORE_ID_PRODUCT_ID` (`period`,`store_id`,`product_id`),
  KEY `SALES_BESTSELLERS_AGGREGATED_YEARLY_STORE_ID` (`store_id`),
  KEY `SALES_BESTSELLERS_AGGREGATED_YEARLY_PRODUCT_ID` (`product_id`),
  CONSTRAINT `SALES_BESTSELLERS_AGGREGATED_YEARLY_STORE_ID_STORE_STORE_ID` FOREIGN KEY (`store_id`) REFERENCES `store` (`store_id`) ON DELETE CASCADE
) ENGINE=InnoDB AUTO_INCREMENT=38 DEFAULT CHARSET=utf8 COMMENT='Sales Bestsellers Aggregated Yearly';

--
-- Dumping data for table `sales_bestsellers_aggregated_yearly`
--

INSERT INTO `sales_bestsellers_aggregated_yearly` VALUES (1,'2018-01-01',0,8,'DJI Phantom 4 Quadcopter Camera',975.0000,12.0000,4),(2,'2018-01-01',0,58,'Grand Slam Indoor Of Show Jumping Novel',40.0000,4.0000,5),(3,'2018-01-01',0,16,'Marshall PBluetooth Speaker-black',350.0000,1.0000,11),(4,'2018-01-01',0,2,'Canon MX492 Wireless All-IN-One Small Printer',250.0000,1.0000,12),(5,'2018-01-01',0,19,'DBPOWER T20 1500 Lumens LCD Projector',200.0000,1.0000,14),(6,'2018-01-01',0,14,'XtremepowerUS Stainless Steel Tumble Cloths Dryer',200.0000,2.0000,9),(7,'2018-01-01',1,8,'DJI Phantom 4 Quadcopter Camera',975.0000,12.0000,4),(8,'2018-01-01',1,58,'Grand Slam Indoor Of Show Jumping Novel',40.0000,4.0000,5),(9,'2018-01-01',1,2,'Canon MX492 Wireless All-IN-One Small Printer',250.0000,1.0000,10),(10,'2018-01-01',1,19,'DBPOWER T20 1500 Lumens LCD Projector',200.0000,1.0000,12),(11,'2018-01-01',1,14,'XtremepowerUS Stainless Steel Tumble Cloths Dryer',200.0000,2.0000,8),(12,'2018-01-01',1,16,'Marshall PBluetooth Speaker-black',350.0000,1.0000,15),(13,'2018-01-01',0,20,'MVMTH Classical Leather Watch In Black',40.0000,60.0000,1),(14,'2018-01-01',0,72,'Augason Farms Freeze Dried Beef Chunks 1 lb No. 10',45.0000,30.0000,2),(15,'2018-01-01',0,69,'Vita Coco Coconut Water - Pack of 12',20.0000,20.0000,3),(16,'2018-01-01',1,20,'MVMTH Classical Leather Watch In Black',40.0000,60.0000,1),(17,'2018-01-01',1,72,'Augason Farms Freeze Dried Beef Chunks 1 lb No. 10',45.0000,30.0000,2),(18,'2018-01-01',1,69,'Vita Coco Coconut Water - Pack of 12',20.0000,20.0000,3),(20,'2018-01-01',0,49,'Simple Plastice Chair',45.0000,3.0000,6),(21,'2018-01-01',0,75,'Sofa Fabric In Blue & Brown Chair-blue',200.0000,2.0000,8),(22,'2018-01-01',0,80,'Simple Wood Combine With Leather Chair',200.0000,1.0000,13),(23,'2018-01-01',0,77,'Simple Short TV Board Combine Book Shelf',300.0000,1.0000,15),(24,'2018-01-01',0,79,'Korea Small Wood 4 Boxes Storage',300.0000,2.0000,7),(25,'2018-01-01',1,49,'Simple Plastice Chair',45.0000,3.0000,6),(26,'2018-01-01',1,75,'Sofa Fabric In Blue & Brown Chair-blue',200.0000,2.0000,7),(27,'2018-01-01',1,80,'Simple Wood Combine With Leather Chair',200.0000,1.0000,11),(28,'2018-01-01',1,77,'Simple Short TV Board Combine Book Shelf',300.0000,1.0000,13),(29,'2018-01-01',1,79,'Korea Small Wood 4 Boxes Storage',300.0000,2.0000,9),(36,'2018-01-01',0,81,'Simple Tea Teable With Glass Surface',350.0000,1.0000,10),(37,'2018-01-01',1,81,'Simple Tea Teable With Glass Surface',350.0000,1.0000,14);

--
-- Table structure for table `sales_creditmemo`
--

CREATE TABLE `sales_creditmemo` (
  `entity_id` int(10) unsigned NOT NULL AUTO_INCREMENT COMMENT 'Entity ID',
  `store_id` smallint(5) unsigned DEFAULT NULL COMMENT 'Store ID',
  `adjustment_positive` decimal(20,4) DEFAULT NULL COMMENT 'Adjustment Positive',
  `base_shipping_tax_amount` decimal(20,4) DEFAULT NULL COMMENT 'Base Shipping Tax Amount',
  `store_to_order_rate` decimal(20,4) DEFAULT NULL COMMENT 'Store To Order Rate',
  `base_discount_amount` decimal(20,4) DEFAULT NULL COMMENT 'Base Discount Amount',
  `base_to_order_rate` decimal(20,4) DEFAULT NULL COMMENT 'Base To Order Rate',
  `grand_total` decimal(20,4) DEFAULT NULL COMMENT 'Grand Total',
  `base_adjustment_negative` decimal(20,4) DEFAULT NULL COMMENT 'Base Adjustment Negative',
  `base_subtotal_incl_tax` decimal(20,4) DEFAULT NULL COMMENT 'Base Subtotal Incl Tax',
  `shipping_amount` decimal(20,4) DEFAULT NULL COMMENT 'Shipping Amount',
  `subtotal_incl_tax` decimal(20,4) DEFAULT NULL COMMENT 'Subtotal Incl Tax',
  `adjustment_negative` decimal(20,4) DEFAULT NULL COMMENT 'Adjustment Negative',
  `base_shipping_amount` decimal(20,4) DEFAULT NULL COMMENT 'Base Shipping Amount',
  `store_to_base_rate` decimal(20,4) DEFAULT NULL COMMENT 'Store To Base Rate',
  `base_to_global_rate` decimal(20,4) DEFAULT NULL COMMENT 'Base To Global Rate',
  `base_adjustment` decimal(20,4) DEFAULT NULL COMMENT 'Base Adjustment',
  `base_subtotal` decimal(20,4) DEFAULT NULL COMMENT 'Base Subtotal',
  `discount_amount` decimal(20,4) DEFAULT NULL COMMENT 'Discount Amount',
  `subtotal` decimal(20,4) DEFAULT NULL COMMENT 'Subtotal',
  `adjustment` decimal(20,4) DEFAULT NULL COMMENT 'Adjustment',
  `base_grand_total` decimal(20,4) DEFAULT NULL COMMENT 'Base Grand Total',
  `base_adjustment_positive` decimal(20,4) DEFAULT NULL COMMENT 'Base Adjustment Positive',
  `base_tax_amount` decimal(20,4) DEFAULT NULL COMMENT 'Base Tax Amount',
  `shipping_tax_amount` decimal(20,4) DEFAULT NULL COMMENT 'Shipping Tax Amount',
  `tax_amount` decimal(20,4) DEFAULT NULL COMMENT 'Tax Amount',
  `order_id` int(10) unsigned NOT NULL COMMENT 'Order ID',
  `email_sent` smallint(5) unsigned DEFAULT NULL COMMENT 'Email Sent',
  `send_email` smallint(5) unsigned DEFAULT NULL COMMENT 'Send Email',
  `creditmemo_status` int(11) DEFAULT NULL COMMENT 'Creditmemo Status',
  `state` int(11) DEFAULT NULL COMMENT 'State',
  `shipping_address_id` int(11) DEFAULT NULL COMMENT 'Shipping Address ID',
  `billing_address_id` int(11) DEFAULT NULL COMMENT 'Billing Address ID',
  `invoice_id` int(11) DEFAULT NULL COMMENT 'Invoice ID',
  `store_currency_code` varchar(3) DEFAULT NULL COMMENT 'Store Currency Code',
  `order_currency_code` varchar(3) DEFAULT NULL COMMENT 'Order Currency Code',
  `base_currency_code` varchar(3) DEFAULT NULL COMMENT 'Base Currency Code',
  `global_currency_code` varchar(3) DEFAULT NULL COMMENT 'Global Currency Code',
  `transaction_id` varchar(255) DEFAULT NULL COMMENT 'Transaction ID',
  `increment_id` varchar(50) DEFAULT NULL COMMENT 'Increment ID',
  `created_at` timestamp NOT NULL DEFAULT CURRENT_TIMESTAMP COMMENT 'Created At',
  `updated_at` timestamp NOT NULL DEFAULT CURRENT_TIMESTAMP ON UPDATE CURRENT_TIMESTAMP COMMENT 'Updated At',
  `discount_tax_compensation_amount` decimal(20,4) DEFAULT NULL COMMENT 'Discount Tax Compensation Amount',
  `base_discount_tax_compensation_amount` decimal(20,4) DEFAULT NULL COMMENT 'Base Discount Tax Compensation Amount',
  `shipping_discount_tax_compensation_amount` decimal(20,4) DEFAULT NULL COMMENT 'Shipping Discount Tax Compensation Amount',
  `base_shipping_discount_tax_compensation_amnt` decimal(20,4) DEFAULT NULL COMMENT 'Base Shipping Discount Tax Compensation Amount',
  `shipping_incl_tax` decimal(20,4) DEFAULT NULL COMMENT 'Shipping Incl Tax',
  `base_shipping_incl_tax` decimal(20,4) DEFAULT NULL COMMENT 'Base Shipping Incl Tax',
  `discount_description` varchar(255) DEFAULT NULL COMMENT 'Discount Description',
  `customer_note` text COMMENT 'Customer Note',
  `customer_note_notify` smallint(5) unsigned DEFAULT NULL COMMENT 'Customer Note Notify',
  PRIMARY KEY (`entity_id`),
  UNIQUE KEY `SALES_CREDITMEMO_INCREMENT_ID_STORE_ID` (`increment_id`,`store_id`),
  KEY `SALES_CREDITMEMO_STORE_ID` (`store_id`),
  KEY `SALES_CREDITMEMO_ORDER_ID` (`order_id`),
  KEY `SALES_CREDITMEMO_CREDITMEMO_STATUS` (`creditmemo_status`),
  KEY `SALES_CREDITMEMO_STATE` (`state`),
  KEY `SALES_CREDITMEMO_CREATED_AT` (`created_at`),
  KEY `SALES_CREDITMEMO_UPDATED_AT` (`updated_at`),
  KEY `SALES_CREDITMEMO_SEND_EMAIL` (`send_email`),
  KEY `SALES_CREDITMEMO_EMAIL_SENT` (`email_sent`),
  CONSTRAINT `SALES_CREDITMEMO_ORDER_ID_SALES_ORDER_ENTITY_ID` FOREIGN KEY (`order_id`) REFERENCES `sales_order` (`entity_id`) ON DELETE CASCADE,
  CONSTRAINT `SALES_CREDITMEMO_STORE_ID_STORE_STORE_ID` FOREIGN KEY (`store_id`) REFERENCES `store` (`store_id`) ON DELETE SET NULL
) ENGINE=InnoDB DEFAULT CHARSET=utf8 COMMENT='Sales Flat Creditmemo';

--
-- Dumping data for table `sales_creditmemo`
--


--
-- Table structure for table `sales_creditmemo_comment`
--

CREATE TABLE `sales_creditmemo_comment` (
  `entity_id` int(10) unsigned NOT NULL AUTO_INCREMENT COMMENT 'Entity ID',
  `parent_id` int(10) unsigned NOT NULL COMMENT 'Parent ID',
  `is_customer_notified` int(11) DEFAULT NULL COMMENT 'Is Customer Notified',
  `is_visible_on_front` smallint(5) unsigned NOT NULL DEFAULT '0' COMMENT 'Is Visible On Front',
  `comment` text COMMENT 'Comment',
  `created_at` timestamp NOT NULL DEFAULT CURRENT_TIMESTAMP COMMENT 'Created At',
  PRIMARY KEY (`entity_id`),
  KEY `SALES_CREDITMEMO_COMMENT_CREATED_AT` (`created_at`),
  KEY `SALES_CREDITMEMO_COMMENT_PARENT_ID` (`parent_id`),
  CONSTRAINT `SALES_CREDITMEMO_COMMENT_PARENT_ID_SALES_CREDITMEMO_ENTITY_ID` FOREIGN KEY (`parent_id`) REFERENCES `sales_creditmemo` (`entity_id`) ON DELETE CASCADE
) ENGINE=InnoDB DEFAULT CHARSET=utf8 COMMENT='Sales Flat Creditmemo Comment';

--
-- Dumping data for table `sales_creditmemo_comment`
--


--
-- Table structure for table `sales_creditmemo_grid`
--

CREATE TABLE `sales_creditmemo_grid` (
  `entity_id` int(10) unsigned NOT NULL COMMENT 'Entity ID',
  `increment_id` varchar(50) DEFAULT NULL COMMENT 'Increment ID',
  `created_at` timestamp NULL DEFAULT NULL COMMENT 'Created At',
  `updated_at` timestamp NULL DEFAULT NULL COMMENT 'Updated At',
  `order_id` int(10) unsigned NOT NULL COMMENT 'Order ID',
  `order_increment_id` varchar(50) DEFAULT NULL COMMENT 'Order Increment ID',
  `order_created_at` timestamp NULL DEFAULT NULL COMMENT 'Order Created At',
  `billing_name` varchar(255) DEFAULT NULL COMMENT 'Billing Name',
  `state` int(11) DEFAULT NULL COMMENT 'Status',
  `base_grand_total` decimal(20,4) DEFAULT NULL COMMENT 'Base Grand Total',
  `order_status` varchar(32) DEFAULT NULL COMMENT 'Order Status',
  `store_id` smallint(5) unsigned DEFAULT NULL COMMENT 'Store ID',
  `billing_address` varchar(255) DEFAULT NULL COMMENT 'Billing Address',
  `shipping_address` varchar(255) DEFAULT NULL COMMENT 'Shipping Address',
  `customer_name` varchar(128) NOT NULL COMMENT 'Customer Name',
  `customer_email` varchar(128) DEFAULT NULL COMMENT 'Customer Email',
  `customer_group_id` smallint(6) DEFAULT NULL COMMENT 'Customer Group ID',
  `payment_method` varchar(32) DEFAULT NULL COMMENT 'Payment Method',
  `shipping_information` varchar(255) DEFAULT NULL COMMENT 'Shipping Method Name',
  `subtotal` decimal(20,4) DEFAULT NULL COMMENT 'Subtotal',
  `shipping_and_handling` decimal(20,4) DEFAULT NULL COMMENT 'Shipping and handling amount',
  `adjustment_positive` decimal(20,4) DEFAULT NULL COMMENT 'Adjustment Positive',
  `adjustment_negative` decimal(20,4) DEFAULT NULL COMMENT 'Adjustment Negative',
  `order_base_grand_total` decimal(20,4) DEFAULT NULL COMMENT 'Order Grand Total',
  PRIMARY KEY (`entity_id`),
  UNIQUE KEY `SALES_CREDITMEMO_GRID_INCREMENT_ID_STORE_ID` (`increment_id`,`store_id`),
  KEY `SALES_CREDITMEMO_GRID_ORDER_INCREMENT_ID` (`order_increment_id`),
  KEY `SALES_CREDITMEMO_GRID_CREATED_AT` (`created_at`),
  KEY `SALES_CREDITMEMO_GRID_UPDATED_AT` (`updated_at`),
  KEY `SALES_CREDITMEMO_GRID_ORDER_CREATED_AT` (`order_created_at`),
  KEY `SALES_CREDITMEMO_GRID_STATE` (`state`),
  KEY `SALES_CREDITMEMO_GRID_BILLING_NAME` (`billing_name`),
  KEY `SALES_CREDITMEMO_GRID_ORDER_STATUS` (`order_status`),
  KEY `SALES_CREDITMEMO_GRID_BASE_GRAND_TOTAL` (`base_grand_total`),
  KEY `SALES_CREDITMEMO_GRID_STORE_ID` (`store_id`),
  KEY `SALES_CREDITMEMO_GRID_ORDER_BASE_GRAND_TOTAL` (`order_base_grand_total`),
  KEY `SALES_CREDITMEMO_GRID_ORDER_ID` (`order_id`),
  FULLTEXT KEY `FTI_32B7BA885941A8254EE84AE650ABDC86` (`increment_id`,`order_increment_id`,`billing_name`,`billing_address`,`shipping_address`,`customer_name`,`customer_email`)
) ENGINE=InnoDB DEFAULT CHARSET=utf8 COMMENT='Sales Flat Creditmemo Grid';

--
-- Dumping data for table `sales_creditmemo_grid`
--


--
-- Table structure for table `sales_creditmemo_item`
--

CREATE TABLE `sales_creditmemo_item` (
  `entity_id` int(10) unsigned NOT NULL AUTO_INCREMENT COMMENT 'Entity ID',
  `parent_id` int(10) unsigned NOT NULL COMMENT 'Parent ID',
  `base_price` decimal(12,4) DEFAULT NULL COMMENT 'Base Price',
  `tax_amount` decimal(12,4) DEFAULT NULL COMMENT 'Tax Amount',
  `base_row_total` decimal(12,4) DEFAULT NULL COMMENT 'Base Row Total',
  `discount_amount` decimal(12,4) DEFAULT NULL COMMENT 'Discount Amount',
  `row_total` decimal(12,4) DEFAULT NULL COMMENT 'Row Total',
  `base_discount_amount` decimal(12,4) DEFAULT NULL COMMENT 'Base Discount Amount',
  `price_incl_tax` decimal(12,4) DEFAULT NULL COMMENT 'Price Incl Tax',
  `base_tax_amount` decimal(12,4) DEFAULT NULL COMMENT 'Base Tax Amount',
  `base_price_incl_tax` decimal(12,4) DEFAULT NULL COMMENT 'Base Price Incl Tax',
  `qty` decimal(12,4) DEFAULT NULL COMMENT 'Qty',
  `base_cost` decimal(12,4) DEFAULT NULL COMMENT 'Base Cost',
  `price` decimal(12,4) DEFAULT NULL COMMENT 'Price',
  `base_row_total_incl_tax` decimal(12,4) DEFAULT NULL COMMENT 'Base Row Total Incl Tax',
  `row_total_incl_tax` decimal(12,4) DEFAULT NULL COMMENT 'Row Total Incl Tax',
  `product_id` int(11) DEFAULT NULL COMMENT 'Product ID',
  `order_item_id` int(11) DEFAULT NULL COMMENT 'Order Item ID',
  `additional_data` text COMMENT 'Additional Data',
  `description` text COMMENT 'Description',
  `sku` varchar(255) DEFAULT NULL COMMENT 'Sku',
  `name` varchar(255) DEFAULT NULL COMMENT 'Name',
  `discount_tax_compensation_amount` decimal(12,4) DEFAULT NULL COMMENT 'Discount Tax Compensation Amount',
  `base_discount_tax_compensation_amount` decimal(12,4) DEFAULT NULL COMMENT 'Base Discount Tax Compensation Amount',
  `tax_ratio` text COMMENT 'Ratio of tax in the creditmemo item over tax of the order item',
  `weee_tax_applied` text COMMENT 'Weee Tax Applied',
  `weee_tax_applied_amount` decimal(12,4) DEFAULT NULL COMMENT 'Weee Tax Applied Amount',
  `weee_tax_applied_row_amount` decimal(12,4) DEFAULT NULL COMMENT 'Weee Tax Applied Row Amount',
  `weee_tax_disposition` decimal(12,4) DEFAULT NULL COMMENT 'Weee Tax Disposition',
  `weee_tax_row_disposition` decimal(12,4) DEFAULT NULL COMMENT 'Weee Tax Row Disposition',
  `base_weee_tax_applied_amount` decimal(12,4) DEFAULT NULL COMMENT 'Base Weee Tax Applied Amount',
  `base_weee_tax_applied_row_amnt` decimal(12,4) DEFAULT NULL COMMENT 'Base Weee Tax Applied Row Amnt',
  `base_weee_tax_disposition` decimal(12,4) DEFAULT NULL COMMENT 'Base Weee Tax Disposition',
  `base_weee_tax_row_disposition` decimal(12,4) DEFAULT NULL COMMENT 'Base Weee Tax Row Disposition',
  PRIMARY KEY (`entity_id`),
  KEY `SALES_CREDITMEMO_ITEM_PARENT_ID` (`parent_id`),
  CONSTRAINT `SALES_CREDITMEMO_ITEM_PARENT_ID_SALES_CREDITMEMO_ENTITY_ID` FOREIGN KEY (`parent_id`) REFERENCES `sales_creditmemo` (`entity_id`) ON DELETE CASCADE
) ENGINE=InnoDB DEFAULT CHARSET=utf8 COMMENT='Sales Flat Creditmemo Item';

--
-- Dumping data for table `sales_creditmemo_item`
--


--
-- Table structure for table `sales_invoice`
--

CREATE TABLE `sales_invoice` (
  `entity_id` int(10) unsigned NOT NULL AUTO_INCREMENT COMMENT 'Entity ID',
  `store_id` smallint(5) unsigned DEFAULT NULL COMMENT 'Store ID',
  `base_grand_total` decimal(20,4) DEFAULT NULL COMMENT 'Base Grand Total',
  `shipping_tax_amount` decimal(20,4) DEFAULT NULL COMMENT 'Shipping Tax Amount',
  `tax_amount` decimal(20,4) DEFAULT NULL COMMENT 'Tax Amount',
  `base_tax_amount` decimal(20,4) DEFAULT NULL COMMENT 'Base Tax Amount',
  `store_to_order_rate` decimal(20,4) DEFAULT NULL COMMENT 'Store To Order Rate',
  `base_shipping_tax_amount` decimal(20,4) DEFAULT NULL COMMENT 'Base Shipping Tax Amount',
  `base_discount_amount` decimal(20,4) DEFAULT NULL COMMENT 'Base Discount Amount',
  `base_to_order_rate` decimal(20,4) DEFAULT NULL COMMENT 'Base To Order Rate',
  `grand_total` decimal(20,4) DEFAULT NULL COMMENT 'Grand Total',
  `shipping_amount` decimal(20,4) DEFAULT NULL COMMENT 'Shipping Amount',
  `subtotal_incl_tax` decimal(20,4) DEFAULT NULL COMMENT 'Subtotal Incl Tax',
  `base_subtotal_incl_tax` decimal(20,4) DEFAULT NULL COMMENT 'Base Subtotal Incl Tax',
  `store_to_base_rate` decimal(20,4) DEFAULT NULL COMMENT 'Store To Base Rate',
  `base_shipping_amount` decimal(20,4) DEFAULT NULL COMMENT 'Base Shipping Amount',
  `total_qty` decimal(12,4) DEFAULT NULL COMMENT 'Total Qty',
  `base_to_global_rate` decimal(20,4) DEFAULT NULL COMMENT 'Base To Global Rate',
  `subtotal` decimal(20,4) DEFAULT NULL COMMENT 'Subtotal',
  `base_subtotal` decimal(20,4) DEFAULT NULL COMMENT 'Base Subtotal',
  `discount_amount` decimal(20,4) DEFAULT NULL COMMENT 'Discount Amount',
  `billing_address_id` int(11) DEFAULT NULL COMMENT 'Billing Address ID',
  `is_used_for_refund` smallint(5) unsigned DEFAULT NULL COMMENT 'Is Used For Refund',
  `order_id` int(10) unsigned NOT NULL COMMENT 'Order ID',
  `email_sent` smallint(5) unsigned DEFAULT NULL COMMENT 'Email Sent',
  `send_email` smallint(5) unsigned DEFAULT NULL COMMENT 'Send Email',
  `can_void_flag` smallint(5) unsigned DEFAULT NULL COMMENT 'Can Void Flag',
  `state` int(11) DEFAULT NULL COMMENT 'State',
  `shipping_address_id` int(11) DEFAULT NULL COMMENT 'Shipping Address ID',
  `store_currency_code` varchar(3) DEFAULT NULL COMMENT 'Store Currency Code',
  `transaction_id` varchar(255) DEFAULT NULL COMMENT 'Transaction ID',
  `order_currency_code` varchar(3) DEFAULT NULL COMMENT 'Order Currency Code',
  `base_currency_code` varchar(3) DEFAULT NULL COMMENT 'Base Currency Code',
  `global_currency_code` varchar(3) DEFAULT NULL COMMENT 'Global Currency Code',
  `increment_id` varchar(50) DEFAULT NULL COMMENT 'Increment ID',
  `created_at` timestamp NOT NULL DEFAULT CURRENT_TIMESTAMP COMMENT 'Created At',
  `updated_at` timestamp NOT NULL DEFAULT CURRENT_TIMESTAMP ON UPDATE CURRENT_TIMESTAMP COMMENT 'Updated At',
  `discount_tax_compensation_amount` decimal(20,4) DEFAULT NULL COMMENT 'Discount Tax Compensation Amount',
  `base_discount_tax_compensation_amount` decimal(20,4) DEFAULT NULL COMMENT 'Base Discount Tax Compensation Amount',
  `shipping_discount_tax_compensation_amount` decimal(20,4) DEFAULT NULL COMMENT 'Shipping Discount Tax Compensation Amount',
  `base_shipping_discount_tax_compensation_amnt` decimal(20,4) DEFAULT NULL COMMENT 'Base Shipping Discount Tax Compensation Amount',
  `shipping_incl_tax` decimal(20,4) DEFAULT NULL COMMENT 'Shipping Incl Tax',
  `base_shipping_incl_tax` decimal(20,4) DEFAULT NULL COMMENT 'Base Shipping Incl Tax',
  `base_total_refunded` decimal(20,4) DEFAULT NULL COMMENT 'Base Total Refunded',
  `discount_description` varchar(255) DEFAULT NULL COMMENT 'Discount Description',
  `customer_note` text COMMENT 'Customer Note',
  `customer_note_notify` smallint(5) unsigned DEFAULT NULL COMMENT 'Customer Note Notify',
  `order_type` varchar(255) DEFAULT NULL COMMENT 'Note',
  `id_subscription` varchar(255) DEFAULT NULL COMMENT 'subscription id',
  `month_subscription` varchar(255) DEFAULT NULL COMMENT 'subscription month',
  `total_month` varchar(255) DEFAULT NULL COMMENT 'total month',
  `start_date` varchar(255) DEFAULT NULL COMMENT 'start date',
  `end_date` varchar(255) DEFAULT NULL COMMENT 'end date',
  `expire_sub` varchar(255) DEFAULT NULL COMMENT 'end date',
  `end_due` varchar(255) DEFAULT NULL COMMENT 'end due',
  `review_email` varchar(255) DEFAULT NULL COMMENT 'Review Email',
  PRIMARY KEY (`entity_id`),
  UNIQUE KEY `SALES_INVOICE_INCREMENT_ID_STORE_ID` (`increment_id`,`store_id`),
  KEY `SALES_INVOICE_STORE_ID` (`store_id`),
  KEY `SALES_INVOICE_GRAND_TOTAL` (`grand_total`),
  KEY `SALES_INVOICE_ORDER_ID` (`order_id`),
  KEY `SALES_INVOICE_STATE` (`state`),
  KEY `SALES_INVOICE_CREATED_AT` (`created_at`),
  KEY `SALES_INVOICE_UPDATED_AT` (`updated_at`),
  KEY `SALES_INVOICE_SEND_EMAIL` (`send_email`),
  KEY `SALES_INVOICE_EMAIL_SENT` (`email_sent`),
  CONSTRAINT `SALES_INVOICE_ORDER_ID_SALES_ORDER_ENTITY_ID` FOREIGN KEY (`order_id`) REFERENCES `sales_order` (`entity_id`) ON DELETE CASCADE,
  CONSTRAINT `SALES_INVOICE_STORE_ID_STORE_STORE_ID` FOREIGN KEY (`store_id`) REFERENCES `store` (`store_id`) ON DELETE SET NULL
) ENGINE=InnoDB AUTO_INCREMENT=10 DEFAULT CHARSET=utf8 COMMENT='Sales Flat Invoice';

--
-- Dumping data for table `sales_invoice`
--

INSERT INTO `sales_invoice` VALUES (1,1,5060.0000,0.0000,0.0000,0.0000,0.0000,0.0000,0.0000,1.0000,5060.0000,25.0000,5035.0000,5035.0000,0.0000,25.0000,9.0000,1.0000,5035.0000,5035.0000,0.0000,2,NULL,1,NULL,NULL,0,2,1,'USD',NULL,'USD','USD','USD','000000001','2018-03-15 09:25:33','2018-03-15 09:25:33',0.0000,0.0000,0.0000,0.0000,25.0000,25.0000,NULL,NULL,NULL,NULL,NULL,NULL,NULL,NULL,NULL,NULL,NULL,NULL,NULL),(2,1,1825.0000,0.0000,0.0000,0.0000,0.0000,0.0000,0.0000,1.0000,1825.0000,25.0000,1800.0000,1800.0000,0.0000,25.0000,6.0000,1.0000,1800.0000,1800.0000,0.0000,4,NULL,2,NULL,NULL,0,2,3,'USD',NULL,'USD','USD','USD','000000002','2018-03-20 07:25:18','2018-03-20 07:25:18',0.0000,0.0000,0.0000,0.0000,25.0000,25.0000,NULL,NULL,NULL,NULL,NULL,NULL,NULL,NULL,NULL,NULL,NULL,NULL,NULL),(3,1,7735.0000,0.0000,0.0000,0.0000,0.0000,0.0000,0.0000,1.0000,7735.0000,335.0000,7400.0000,7400.0000,0.0000,335.0000,67.0000,1.0000,7400.0000,7400.0000,0.0000,6,NULL,3,NULL,NULL,0,2,5,'USD',NULL,'USD','USD','USD','000000003','2018-07-22 10:28:36','2018-07-22 10:28:36',0.0000,0.0000,0.0000,0.0000,335.0000,335.0000,NULL,NULL,NULL,NULL,NULL,NULL,NULL,NULL,NULL,NULL,NULL,NULL,NULL),(4,1,2000.0000,0.0000,0.0000,0.0000,0.0000,0.0000,0.0000,1.0000,2000.0000,250.0000,1750.0000,1750.0000,0.0000,250.0000,50.0000,1.0000,1750.0000,1750.0000,0.0000,8,NULL,4,NULL,NULL,0,2,7,'USD',NULL,'USD','USD','USD','000000004','2018-07-22 10:38:48','2018-07-22 10:38:48',0.0000,0.0000,0.0000,0.0000,250.0000,250.0000,NULL,NULL,NULL,NULL,NULL,NULL,NULL,NULL,NULL,NULL,NULL,NULL,NULL),(5,1,1375.0000,0.0000,0.0000,0.0000,0.0000,0.0000,0.0000,1.0000,1375.0000,40.0000,1335.0000,1335.0000,0.0000,40.0000,10.0000,1.0000,1335.0000,1335.0000,0.0000,10,NULL,5,NULL,NULL,0,2,9,'USD',NULL,'USD','USD','USD','000000005','2018-07-23 10:17:52','2018-07-23 10:17:52',0.0000,0.0000,0.0000,0.0000,40.0000,40.0000,NULL,NULL,NULL,NULL,NULL,NULL,NULL,NULL,NULL,NULL,NULL,NULL,NULL),(6,1,660.0000,0.0000,0.0000,0.0000,0.0000,0.0000,0.0000,1.0000,660.0000,10.0000,650.0000,650.0000,0.0000,10.0000,2.0000,1.0000,650.0000,650.0000,0.0000,12,NULL,6,NULL,NULL,0,2,11,'USD',NULL,'USD','USD','USD','000000006','2018-07-24 04:51:28','2018-07-24 04:51:28',0.0000,0.0000,0.0000,0.0000,10.0000,10.0000,NULL,NULL,NULL,NULL,NULL,NULL,NULL,NULL,NULL,NULL,NULL,NULL,NULL),(7,1,530.0000,0.0000,0.0000,0.0000,0.0000,0.0000,0.0000,1.0000,530.0000,5.0000,525.0000,525.0000,0.0000,5.0000,1.0000,1.0000,525.0000,525.0000,0.0000,14,NULL,7,NULL,1,0,2,13,'USD',NULL,'USD','USD','USD','000000007','2020-10-01 14:12:13','2020-10-01 14:12:14',0.0000,0.0000,0.0000,0.0000,5.0000,5.0000,NULL,NULL,NULL,NULL,NULL,NULL,NULL,NULL,NULL,NULL,NULL,NULL,NULL),(8,1,827.0000,0.0000,0.0000,0.0000,0.0000,0.0000,0.0000,1.0000,827.0000,15.0000,812.0000,812.0000,0.0000,15.0000,3.0000,1.0000,812.0000,812.0000,0.0000,16,NULL,8,NULL,1,0,2,15,'USD',NULL,'USD','USD','USD','000000008','2020-10-02 22:26:12','2020-10-02 22:26:13',0.0000,0.0000,0.0000,0.0000,15.0000,15.0000,NULL,NULL,NULL,NULL,NULL,NULL,NULL,NULL,NULL,NULL,NULL,NULL,NULL),(9,1,355.0000,0.0000,0.0000,0.0000,0.0000,0.0000,0.0000,1.0000,355.0000,5.0000,350.0000,350.0000,0.0000,5.0000,1.0000,1.0000,350.0000,350.0000,0.0000,18,NULL,9,NULL,1,0,2,17,'USD',NULL,'USD','USD','USD','000000009','2020-10-02 22:29:18','2020-10-02 22:29:19',0.0000,0.0000,0.0000,0.0000,5.0000,5.0000,NULL,NULL,NULL,NULL,NULL,NULL,NULL,NULL,NULL,NULL,NULL,NULL,NULL);

--
-- Table structure for table `sales_invoice_comment`
--

CREATE TABLE `sales_invoice_comment` (
  `entity_id` int(10) unsigned NOT NULL AUTO_INCREMENT COMMENT 'Entity ID',
  `parent_id` int(10) unsigned NOT NULL COMMENT 'Parent ID',
  `is_customer_notified` smallint(5) unsigned DEFAULT NULL COMMENT 'Is Customer Notified',
  `is_visible_on_front` smallint(5) unsigned NOT NULL DEFAULT '0' COMMENT 'Is Visible On Front',
  `comment` text COMMENT 'Comment',
  `created_at` timestamp NOT NULL DEFAULT CURRENT_TIMESTAMP COMMENT 'Created At',
  PRIMARY KEY (`entity_id`),
  KEY `SALES_INVOICE_COMMENT_CREATED_AT` (`created_at`),
  KEY `SALES_INVOICE_COMMENT_PARENT_ID` (`parent_id`),
  CONSTRAINT `SALES_INVOICE_COMMENT_PARENT_ID_SALES_INVOICE_ENTITY_ID` FOREIGN KEY (`parent_id`) REFERENCES `sales_invoice` (`entity_id`) ON DELETE CASCADE
) ENGINE=InnoDB DEFAULT CHARSET=utf8 COMMENT='Sales Flat Invoice Comment';

--
-- Dumping data for table `sales_invoice_comment`
--


--
-- Table structure for table `sales_invoice_grid`
--

CREATE TABLE `sales_invoice_grid` (
  `entity_id` int(10) unsigned NOT NULL COMMENT 'Entity ID',
  `increment_id` varchar(50) DEFAULT NULL COMMENT 'Increment ID',
  `state` int(11) DEFAULT NULL COMMENT 'State',
  `store_id` smallint(5) unsigned DEFAULT NULL COMMENT 'Store ID',
  `store_name` varchar(255) DEFAULT NULL COMMENT 'Store Name',
  `order_id` int(10) unsigned NOT NULL COMMENT 'Order ID',
  `order_increment_id` varchar(50) DEFAULT NULL COMMENT 'Order Increment ID',
  `order_created_at` timestamp NULL DEFAULT NULL COMMENT 'Order Created At',
  `customer_name` varchar(255) DEFAULT NULL COMMENT 'Customer Name',
  `customer_email` varchar(255) DEFAULT NULL COMMENT 'Customer Email',
  `customer_group_id` int(11) DEFAULT NULL,
  `payment_method` varchar(128) DEFAULT NULL COMMENT 'Payment Method',
  `store_currency_code` varchar(3) DEFAULT NULL COMMENT 'Store Currency Code',
  `order_currency_code` varchar(3) DEFAULT NULL COMMENT 'Order Currency Code',
  `base_currency_code` varchar(3) DEFAULT NULL COMMENT 'Base Currency Code',
  `global_currency_code` varchar(3) DEFAULT NULL COMMENT 'Global Currency Code',
  `billing_name` varchar(255) DEFAULT NULL COMMENT 'Billing Name',
  `billing_address` varchar(255) DEFAULT NULL COMMENT 'Billing Address',
  `shipping_address` varchar(255) DEFAULT NULL COMMENT 'Shipping Address',
  `shipping_information` varchar(255) DEFAULT NULL COMMENT 'Shipping Method Name',
  `subtotal` decimal(20,4) DEFAULT NULL COMMENT 'Subtotal',
  `shipping_and_handling` decimal(20,4) DEFAULT NULL COMMENT 'Shipping and handling amount',
  `grand_total` decimal(20,4) DEFAULT NULL COMMENT 'Grand Total',
  `base_grand_total` decimal(20,4) DEFAULT NULL COMMENT 'Base Grand Total',
  `created_at` timestamp NULL DEFAULT NULL COMMENT 'Created At',
  `updated_at` timestamp NULL DEFAULT NULL COMMENT 'Updated At',
  PRIMARY KEY (`entity_id`),
  UNIQUE KEY `SALES_INVOICE_GRID_INCREMENT_ID_STORE_ID` (`increment_id`,`store_id`),
  KEY `SALES_INVOICE_GRID_STORE_ID` (`store_id`),
  KEY `SALES_INVOICE_GRID_GRAND_TOTAL` (`grand_total`),
  KEY `SALES_INVOICE_GRID_ORDER_ID` (`order_id`),
  KEY `SALES_INVOICE_GRID_STATE` (`state`),
  KEY `SALES_INVOICE_GRID_ORDER_INCREMENT_ID` (`order_increment_id`),
  KEY `SALES_INVOICE_GRID_CREATED_AT` (`created_at`),
  KEY `SALES_INVOICE_GRID_UPDATED_AT` (`updated_at`),
  KEY `SALES_INVOICE_GRID_ORDER_CREATED_AT` (`order_created_at`),
  KEY `SALES_INVOICE_GRID_BILLING_NAME` (`billing_name`),
  KEY `SALES_INVOICE_GRID_BASE_GRAND_TOTAL` (`base_grand_total`),
  FULLTEXT KEY `FTI_95D9C924DD6A8734EB8B5D01D60F90DE` (`increment_id`,`order_increment_id`,`billing_name`,`billing_address`,`shipping_address`,`customer_name`,`customer_email`)
) ENGINE=InnoDB DEFAULT CHARSET=utf8 COMMENT='Sales Flat Invoice Grid';

--
-- Dumping data for table `sales_invoice_grid`
--

INSERT INTO `sales_invoice_grid` VALUES (1,'000000001',2,1,'Main Website\r\nMain Website Store',1,'000000001','2018-03-15 09:10:00','Jason Statham','test@gmail.com',1,'checkmo','USD','USD','USD','USD','Jason Statham','123 CS HN California 10000','123 CS HN California 10000','Flat Rate - Fixed',5035.0000,25.0000,5060.0000,5060.0000,'2018-03-15 09:25:33','2018-03-15 09:25:33'),(2,'000000002',2,1,'Main Website\r\nMain Website Store',2,'000000002','2018-03-20 06:29:49','Jason Statham','test@gmail.com',1,'checkmo','USD','USD','USD','USD','Jason Statham','123 CS HN California 10000','123 CS HN California 10000','Flat Rate - Fixed',1800.0000,25.0000,1825.0000,1825.0000,'2018-03-20 07:25:18','2018-03-20 07:25:18'),(3,'000000003',2,1,'Main Website\r\nMain Website Store',3,'000000003','2018-07-22 10:25:29','Leo Diano','test2@yahoo.com',1,'checkmo','USD','USD','USD','USD','Leo Diano','Geo Street Geo AB123CD','Geo Street Geo AB123CD','Flat Rate - Fixed',7400.0000,335.0000,7735.0000,7735.0000,'2018-07-22 10:28:36','2018-07-22 10:28:36'),(4,'000000004',2,1,'Main Website\r\nMain Website Store',4,'000000004','2018-07-22 10:37:21','Leo Diano','test2@yahoo.com',1,'checkmo','USD','USD','USD','USD','Leo Diano','Geo Street Geo AB123CD','Geo Street Geo AB123CD','Flat Rate - Fixed',1750.0000,250.0000,2000.0000,2000.0000,'2018-07-22 10:38:48','2018-07-22 10:38:48'),(5,'000000005',2,1,'Main Website\r\nMain Website Store',5,'000000005','2018-07-23 10:13:57','Jason Statham','test@gmail.com',1,'checkmo','USD','USD','USD','USD','Jason Statham','123 CS HN California 10000','123 CS HN California 10000','Flat Rate - Fixed',1335.0000,40.0000,1375.0000,1375.0000,'2018-07-23 10:17:52','2018-07-23 10:17:52'),(6,'000000006',2,1,'Main Website\r\nMain Website Store',6,'000000006','2018-07-24 04:49:52','Jason Statham','test@gmail.com',1,'checkmo','USD','USD','USD','USD','Jason Statham','123 CS HN California 10000','123 CS HN California 10000','Flat Rate - Fixed',650.0000,10.0000,660.0000,660.0000,'2018-07-24 04:51:28','2018-07-24 04:51:28'),(7,'000000007',2,1,'Main Website\nMain Website Store\nEnglish',7,'000000007','2020-10-01 14:11:17','Jason Statham','test@gmail.com',1,'checkmo','USD','USD','USD','USD','Jason Statham','123 CS,HN,California,10000','123 CS,HN,California,10000','Flat Rate - Fixed',525.0000,5.0000,530.0000,530.0000,'2020-10-01 14:12:13','2020-10-01 14:12:13'),(8,'000000008',2,1,'Main Website\nMain Website Store\nEnglish',8,'000000008','2020-10-02 22:24:30','Jason Statham','test@gmail.com',1,'checkmo','USD','USD','USD','USD','Jason Statham','123 CS,HN,California,10000','123 CS,HN,California,10000','Flat Rate - Fixed',812.0000,15.0000,827.0000,827.0000,'2020-10-02 22:26:12','2020-10-02 22:26:12'),(9,'000000009',2,1,'Main Website\nMain Website Store\nEnglish',9,'000000009','2020-10-02 22:28:04','Jason Statham','test@gmail.com',1,'checkmo','USD','USD','USD','USD','Jason Statham','123 CS,HN,California,10000','123 CS,HN,California,10000','Flat Rate - Fixed',350.0000,5.0000,355.0000,355.0000,'2020-10-02 22:29:18','2020-10-02 22:29:18');

--
-- Table structure for table `sales_invoice_item`
--

CREATE TABLE `sales_invoice_item` (
  `entity_id` int(10) unsigned NOT NULL AUTO_INCREMENT COMMENT 'Entity ID',
  `parent_id` int(10) unsigned NOT NULL COMMENT 'Parent ID',
  `base_price` decimal(12,4) DEFAULT NULL COMMENT 'Base Price',
  `tax_amount` decimal(12,4) DEFAULT NULL COMMENT 'Tax Amount',
  `base_row_total` decimal(20,4) DEFAULT NULL COMMENT 'Base Row Total',
  `discount_amount` decimal(12,4) DEFAULT NULL COMMENT 'Discount Amount',
  `row_total` decimal(20,4) DEFAULT NULL COMMENT 'Row Total',
  `base_discount_amount` decimal(12,4) DEFAULT NULL COMMENT 'Base Discount Amount',
  `price_incl_tax` decimal(12,4) DEFAULT NULL COMMENT 'Price Incl Tax',
  `base_tax_amount` decimal(12,4) DEFAULT NULL COMMENT 'Base Tax Amount',
  `base_price_incl_tax` decimal(12,4) DEFAULT NULL COMMENT 'Base Price Incl Tax',
  `qty` decimal(12,4) DEFAULT NULL COMMENT 'Qty',
  `base_cost` decimal(12,4) DEFAULT NULL COMMENT 'Base Cost',
  `price` decimal(12,4) DEFAULT NULL COMMENT 'Price',
  `base_row_total_incl_tax` decimal(12,4) DEFAULT NULL COMMENT 'Base Row Total Incl Tax',
  `row_total_incl_tax` decimal(12,4) DEFAULT NULL COMMENT 'Row Total Incl Tax',
  `product_id` int(11) DEFAULT NULL COMMENT 'Product ID',
  `order_item_id` int(11) DEFAULT NULL COMMENT 'Order Item ID',
  `additional_data` text COMMENT 'Additional Data',
  `description` text COMMENT 'Description',
  `sku` varchar(255) DEFAULT NULL COMMENT 'Sku',
  `name` varchar(255) DEFAULT NULL COMMENT 'Name',
  `discount_tax_compensation_amount` decimal(12,4) DEFAULT NULL COMMENT 'Discount Tax Compensation Amount',
  `base_discount_tax_compensation_amount` decimal(12,4) DEFAULT NULL COMMENT 'Base Discount Tax Compensation Amount',
  `tax_ratio` text COMMENT 'Ratio of tax invoiced over tax of the order item',
  `weee_tax_applied` text COMMENT 'Weee Tax Applied',
  `weee_tax_applied_amount` decimal(12,4) DEFAULT NULL COMMENT 'Weee Tax Applied Amount',
  `weee_tax_applied_row_amount` decimal(12,4) DEFAULT NULL COMMENT 'Weee Tax Applied Row Amount',
  `weee_tax_disposition` decimal(12,4) DEFAULT NULL COMMENT 'Weee Tax Disposition',
  `weee_tax_row_disposition` decimal(12,4) DEFAULT NULL COMMENT 'Weee Tax Row Disposition',
  `base_weee_tax_applied_amount` decimal(12,4) DEFAULT NULL COMMENT 'Base Weee Tax Applied Amount',
  `base_weee_tax_applied_row_amnt` decimal(12,4) DEFAULT NULL COMMENT 'Base Weee Tax Applied Row Amnt',
  `base_weee_tax_disposition` decimal(12,4) DEFAULT NULL COMMENT 'Base Weee Tax Disposition',
  `base_weee_tax_row_disposition` decimal(12,4) DEFAULT NULL COMMENT 'Base Weee Tax Row Disposition',
  PRIMARY KEY (`entity_id`),
  KEY `SALES_INVOICE_ITEM_PARENT_ID` (`parent_id`),
  CONSTRAINT `SALES_INVOICE_ITEM_PARENT_ID_SALES_INVOICE_ENTITY_ID` FOREIGN KEY (`parent_id`) REFERENCES `sales_invoice` (`entity_id`) ON DELETE CASCADE
) ENGINE=InnoDB AUTO_INCREMENT=27 DEFAULT CHARSET=utf8 COMMENT='Sales Flat Invoice Item';

--
-- Dumping data for table `sales_invoice_item`
--

INSERT INTO `sales_invoice_item` VALUES (1,1,40.0000,0.0000,160.0000,NULL,160.0000,NULL,40.0000,0.0000,40.0000,4.0000,NULL,40.0000,160.0000,160.0000,58,1,NULL,NULL,'MB044','Grand Slam Indoor Of Show Jumping Novel',0.0000,0.0000,NULL,'[]',NULL,0.0000,NULL,0.0000,NULL,NULL,NULL,0.0000),(2,1,975.0000,0.0000,4875.0000,NULL,4875.0000,NULL,975.0000,0.0000,975.0000,5.0000,NULL,975.0000,4875.0000,4875.0000,8,2,NULL,NULL,'MB008','DJI Phantom 4 Quadcopter Camera',0.0000,0.0000,NULL,'[]',NULL,0.0000,NULL,0.0000,NULL,NULL,NULL,0.0000),(3,2,200.0000,0.0000,200.0000,NULL,200.0000,NULL,200.0000,0.0000,200.0000,1.0000,NULL,200.0000,200.0000,200.0000,14,3,NULL,NULL,'MB014','XtremepowerUS Stainless Steel Tumble Cloths Dryer',0.0000,0.0000,NULL,'[]',NULL,0.0000,NULL,0.0000,NULL,NULL,NULL,0.0000),(4,2,800.0000,0.0000,800.0000,NULL,800.0000,NULL,800.0000,0.0000,800.0000,1.0000,NULL,800.0000,800.0000,800.0000,8,4,NULL,NULL,'MB008','DJI Phantom 4 Quadcopter Camera',0.0000,0.0000,NULL,'[]',NULL,0.0000,NULL,0.0000,NULL,NULL,NULL,0.0000),(5,2,250.0000,0.0000,250.0000,NULL,250.0000,NULL,250.0000,0.0000,250.0000,1.0000,NULL,250.0000,250.0000,250.0000,2,5,NULL,NULL,'MB002','Canon MX492 Wireless All-IN-One Small Printer',0.0000,0.0000,NULL,'[]',NULL,0.0000,NULL,0.0000,NULL,NULL,NULL,0.0000),(6,2,200.0000,0.0000,200.0000,NULL,200.0000,NULL,200.0000,0.0000,200.0000,1.0000,NULL,200.0000,200.0000,200.0000,19,6,NULL,NULL,'MB017','DBPOWER T20 1500 Lumens LCD Projector',0.0000,0.0000,NULL,'[]',NULL,0.0000,NULL,0.0000,NULL,NULL,NULL,0.0000),(7,2,350.0000,0.0000,350.0000,NULL,350.0000,NULL,350.0000,0.0000,350.0000,1.0000,NULL,350.0000,350.0000,350.0000,15,7,NULL,NULL,'MB015-black','Marshall PBluetooth Speaker',0.0000,0.0000,NULL,'[]',NULL,0.0000,NULL,0.0000,NULL,NULL,NULL,0.0000),(8,2,0.0000,NULL,NULL,NULL,NULL,NULL,NULL,NULL,NULL,1.0000,NULL,0.0000,NULL,NULL,16,8,NULL,NULL,'MB015-black','Marshall PBluetooth Speaker-black',NULL,NULL,NULL,NULL,NULL,NULL,NULL,NULL,NULL,NULL,NULL,NULL),(9,3,800.0000,0.0000,4800.0000,NULL,4800.0000,NULL,800.0000,0.0000,800.0000,6.0000,NULL,800.0000,4800.0000,4800.0000,8,9,NULL,NULL,'MB008','DJI Phantom 4 Quadcopter Camera',0.0000,0.0000,NULL,'[]',NULL,0.0000,NULL,0.0000,NULL,NULL,NULL,0.0000),(10,3,200.0000,0.0000,200.0000,NULL,200.0000,NULL,200.0000,0.0000,200.0000,1.0000,NULL,200.0000,200.0000,200.0000,14,10,NULL,NULL,'MB014','XtremepowerUS Stainless Steel Tumble Cloths Dryer',0.0000,0.0000,NULL,'[]',NULL,0.0000,NULL,0.0000,NULL,NULL,NULL,0.0000),(11,3,40.0000,0.0000,2400.0000,NULL,2400.0000,NULL,40.0000,0.0000,40.0000,60.0000,NULL,40.0000,2400.0000,2400.0000,20,11,NULL,NULL,'MB018','MVMTH Classical Leather Watch In Black',0.0000,0.0000,NULL,'[]',NULL,0.0000,NULL,0.0000,NULL,NULL,NULL,0.0000),(12,4,45.0000,0.0000,1350.0000,NULL,1350.0000,NULL,45.0000,0.0000,45.0000,30.0000,NULL,45.0000,1350.0000,1350.0000,72,12,NULL,NULL,'MB0058','Augason Farms Freeze Dried Beef Chunks 1 lb No. 10',0.0000,0.0000,NULL,'[]',NULL,0.0000,NULL,0.0000,NULL,NULL,NULL,0.0000),(13,4,20.0000,0.0000,400.0000,NULL,400.0000,NULL,20.0000,0.0000,20.0000,20.0000,NULL,20.0000,400.0000,400.0000,69,13,NULL,NULL,'MB0055','Vita Coco Coconut Water - Pack of 12',0.0000,0.0000,NULL,'[]',NULL,0.0000,NULL,0.0000,NULL,NULL,NULL,0.0000),(14,5,45.0000,0.0000,135.0000,NULL,135.0000,NULL,45.0000,0.0000,45.0000,3.0000,NULL,45.0000,135.0000,135.0000,49,14,NULL,NULL,'MB035','Simple Plastice Chair',0.0000,0.0000,NULL,'[]',NULL,0.0000,NULL,0.0000,NULL,NULL,NULL,0.0000),(15,5,200.0000,0.0000,400.0000,NULL,400.0000,NULL,200.0000,0.0000,200.0000,2.0000,NULL,200.0000,400.0000,400.0000,76,15,NULL,NULL,'MB0060-2','Sofa In Blue & Brown Chair',0.0000,0.0000,NULL,'[]',NULL,0.0000,NULL,0.0000,NULL,NULL,NULL,0.0000),(16,5,0.0000,NULL,NULL,NULL,NULL,NULL,NULL,NULL,NULL,2.0000,NULL,0.0000,NULL,NULL,75,16,NULL,NULL,'MB0060-2','Sofa Fabric In Blue & Brown Chair-blue',NULL,NULL,NULL,NULL,NULL,NULL,NULL,NULL,NULL,NULL,NULL,NULL),(17,5,300.0000,0.0000,300.0000,NULL,300.0000,NULL,300.0000,0.0000,300.0000,1.0000,NULL,300.0000,300.0000,300.0000,77,17,NULL,NULL,'MB0061','Simple Short TV Board Combine Book Shelf',0.0000,0.0000,NULL,'[]',NULL,0.0000,NULL,0.0000,NULL,NULL,NULL,0.0000),(18,5,300.0000,0.0000,300.0000,NULL,300.0000,NULL,300.0000,0.0000,300.0000,1.0000,NULL,300.0000,300.0000,300.0000,79,18,NULL,NULL,'MB0063','Korea Small Wood 4 Boxes Storage',0.0000,0.0000,NULL,'[]',NULL,0.0000,NULL,0.0000,NULL,NULL,NULL,0.0000),(19,5,200.0000,0.0000,200.0000,NULL,200.0000,NULL,200.0000,0.0000,200.0000,1.0000,NULL,200.0000,200.0000,200.0000,80,19,NULL,NULL,'MB0064','Simple Wood Combine With Leather Chair',0.0000,0.0000,NULL,'[]',NULL,0.0000,NULL,0.0000,NULL,NULL,NULL,0.0000),(20,6,300.0000,0.0000,300.0000,NULL,300.0000,NULL,300.0000,0.0000,300.0000,1.0000,NULL,300.0000,300.0000,300.0000,79,20,NULL,NULL,'MB0063','Korea Small Wood 4 Boxes Storage',0.0000,0.0000,NULL,'[]',NULL,0.0000,NULL,0.0000,NULL,NULL,NULL,0.0000),(21,6,350.0000,0.0000,350.0000,NULL,350.0000,NULL,350.0000,0.0000,350.0000,1.0000,NULL,350.0000,350.0000,350.0000,81,21,NULL,NULL,'MB0065','Simple Tea Teable With Glass Surface',0.0000,0.0000,NULL,'[]',NULL,0.0000,NULL,0.0000,NULL,NULL,NULL,0.0000),(22,7,525.0000,0.0000,525.0000,NULL,525.0000,NULL,525.0000,0.0000,525.0000,1.0000,NULL,525.0000,525.0000,525.0000,6,22,NULL,NULL,'MB006','Gopro Quick Sliver Hero4 24K HD Camera',0.0000,0.0000,NULL,'[]',NULL,0.0000,NULL,0.0000,NULL,NULL,NULL,0.0000),(23,8,350.0000,0.0000,350.0000,NULL,350.0000,NULL,350.0000,0.0000,350.0000,1.0000,NULL,350.0000,350.0000,350.0000,3,23,NULL,NULL,'MB003','Samsung 55-Inch 4K Ultra HD Smart LED TV',0.0000,0.0000,NULL,'[]',NULL,0.0000,NULL,0.0000,NULL,NULL,NULL,0.0000),(24,8,12.0000,0.0000,12.0000,NULL,12.0000,NULL,12.0000,0.0000,12.0000,1.0000,NULL,12.0000,12.0000,12.0000,10,24,NULL,NULL,'MB010','iClever BoostCube Mini Charger',0.0000,0.0000,NULL,'[]',NULL,0.0000,NULL,0.0000,NULL,NULL,NULL,0.0000),(25,8,450.0000,0.0000,450.0000,NULL,450.0000,NULL,450.0000,0.0000,450.0000,1.0000,NULL,450.0000,450.0000,450.0000,5,25,NULL,NULL,'MB005','Nikon Coolpix 24 MP Camera',0.0000,0.0000,NULL,'[]',NULL,0.0000,NULL,0.0000,NULL,NULL,NULL,0.0000),(26,9,350.0000,0.0000,350.0000,NULL,350.0000,NULL,350.0000,0.0000,350.0000,1.0000,NULL,350.0000,350.0000,350.0000,3,26,NULL,NULL,'MB003','Samsung 55-Inch 4K Ultra HD Smart LED TV',0.0000,0.0000,NULL,'[]',NULL,0.0000,NULL,0.0000,NULL,NULL,NULL,0.0000);

--
-- Table structure for table `sales_invoiced_aggregated`
--

CREATE TABLE `sales_invoiced_aggregated` (
  `id` int(10) unsigned NOT NULL AUTO_INCREMENT COMMENT 'ID',
  `period` date DEFAULT NULL COMMENT 'Period',
  `store_id` smallint(5) unsigned DEFAULT NULL COMMENT 'Store ID',
  `order_status` varchar(50) DEFAULT NULL COMMENT 'Order Status',
  `orders_count` int(11) NOT NULL DEFAULT '0' COMMENT 'Orders Count',
  `orders_invoiced` decimal(12,4) DEFAULT NULL COMMENT 'Orders Invoiced',
  `invoiced` decimal(12,4) DEFAULT NULL COMMENT 'Invoiced',
  `invoiced_captured` decimal(12,4) DEFAULT NULL COMMENT 'Invoiced Captured',
  `invoiced_not_captured` decimal(12,4) DEFAULT NULL COMMENT 'Invoiced Not Captured',
  PRIMARY KEY (`id`),
  UNIQUE KEY `SALES_INVOICED_AGGREGATED_PERIOD_STORE_ID_ORDER_STATUS` (`period`,`store_id`,`order_status`),
  KEY `SALES_INVOICED_AGGREGATED_STORE_ID` (`store_id`),
  CONSTRAINT `SALES_INVOICED_AGGREGATED_STORE_ID_STORE_STORE_ID` FOREIGN KEY (`store_id`) REFERENCES `store` (`store_id`) ON DELETE SET NULL
) ENGINE=InnoDB AUTO_INCREMENT=18 DEFAULT CHARSET=utf8 COMMENT='Sales Invoiced Aggregated';

--
-- Dumping data for table `sales_invoiced_aggregated`
--

INSERT INTO `sales_invoiced_aggregated` VALUES (1,'2018-03-16',1,'complete',1,1.0000,5060.0000,5060.0000,0.0000),(2,'2018-03-21',1,'complete',1,1.0000,1825.0000,1825.0000,0.0000),(4,'2018-03-16',0,'complete',1,1.0000,5060.0000,5060.0000,0.0000),(5,'2018-03-21',0,'complete',1,1.0000,1825.0000,1825.0000,0.0000),(8,'2018-07-23',1,'complete',2,2.0000,9735.0000,9735.0000,0.0000),(11,'2018-07-23',0,'complete',2,2.0000,9735.0000,9735.0000,0.0000),(13,'2018-07-24',1,'complete',1,1.0000,1375.0000,1375.0000,0.0000),(14,'2018-07-25',1,'complete',1,1.0000,660.0000,660.0000,0.0000),(16,'2018-07-24',0,'complete',1,1.0000,1375.0000,1375.0000,0.0000),(17,'2018-07-25',0,'complete',1,1.0000,660.0000,660.0000,0.0000);

--
