-- Table structure for table `catalog_category_product_index_store15`
--

CREATE TABLE `catalog_category_product_index_store15` (
  `category_id` int(10) unsigned NOT NULL DEFAULT '0' COMMENT 'Category Id',
  `product_id` int(10) unsigned NOT NULL DEFAULT '0' COMMENT 'Product Id',
  `position` int(11) DEFAULT NULL COMMENT 'Position',
  `is_parent` smallint(5) unsigned NOT NULL DEFAULT '0' COMMENT 'Is Parent',
  `store_id` smallint(5) unsigned NOT NULL DEFAULT '0' COMMENT 'Store Id',
  `visibility` smallint(5) unsigned NOT NULL COMMENT 'Visibility',
  PRIMARY KEY (`category_id`,`product_id`,`store_id`),
  KEY `CAT_CTGR_PRD_IDX_STORE15_PRD_ID_STORE_ID_CTGR_ID_VISIBILITY` (`product_id`,`store_id`,`category_id`,`visibility`),
  KEY `IDX_30AF691B78F49C797377718B2DE040CF` (`store_id`,`category_id`,`visibility`,`is_parent`,`position`)
) ENGINE=InnoDB DEFAULT CHARSET=utf8 COMMENT='Catalog Category Product Index Store15 Replica';

--
-- Dumping data for table `catalog_category_product_index_store15`
--

INSERT INTO `catalog_category_product_index_store15` VALUES (2,1,10000,0,15,4),(2,2,10000,0,15,4),(2,3,10000,0,15,4),(2,4,10000,0,15,4),(2,5,10000,0,15,4),(2,6,10000,0,15,4),(2,7,10000,0,15,4),(2,8,10000,0,15,4),(2,9,10000,0,15,4),(2,10,10000,0,15,4),(2,11,10000,0,15,4),(2,12,10000,0,15,4),(2,13,10000,0,15,4),(2,14,10000,0,15,4),(2,15,10000,0,15,4),(2,18,10000,0,15,4),(2,19,10000,0,15,4),(2,20,10000,0,15,4),(2,21,10000,0,15,4),(2,24,10000,0,15,4),(2,25,10000,0,15,4),(2,38,10000,0,15,4),(2,39,10000,0,15,4),(2,40,10000,0,15,4),(2,41,10000,0,15,4),(2,42,10000,0,15,4),(2,43,10000,0,15,4),(2,44,10000,0,15,4),(2,45,10000,0,15,4),(2,46,10000,0,15,4),(2,47,10000,0,15,4),(2,48,10000,0,15,4),(2,49,10000,0,15,4),(2,50,10000,0,15,4),(2,51,10000,0,15,4),(2,52,10000,0,15,4),(2,53,10000,0,15,4),(2,54,10000,0,15,4),(2,55,10000,0,15,4),(2,56,10000,0,15,4),(2,57,10000,0,15,4),(2,58,10000,0,15,4),(2,59,10000,0,15,4),(2,60,10000,0,15,4),(2,61,10000,0,15,4),(2,62,10000,0,15,4),(2,63,10000,0,15,4),(2,64,10000,0,15,4),(2,65,10000,0,15,4),(2,66,10000,0,15,4),(2,67,10000,0,15,4),(2,68,10000,0,15,4),(2,69,10000,0,15,4),(2,70,10000,0,15,4),(2,71,10000,0,15,4),(2,72,10000,0,15,4),(2,73,10000,0,15,4),(2,76,10000,0,15,4),(2,77,10000,0,15,4),(2,78,10000,0,15,4),(2,79,10000,0,15,4),(2,80,10000,0,15,4),(2,81,10000,0,15,4),(2,82,10000,0,15,4),(2,83,10000,0,15,4),(2,84,10000,0,15,4),(2,85,10000,0,15,4),(2,86,10000,0,15,4),(2,87,10000,0,15,4),(2,88,10000,0,15,4),(2,89,10000,0,15,4),(2,90,10000,0,15,4),(2,91,10000,0,15,4),(2,92,10000,0,15,4),(2,93,10000,0,15,4),(2,94,10000,0,15,4),(2,95,10000,0,15,4),(2,96,10000,0,15,4),(2,97,10000,0,15,4),(2,98,10000,0,15,4),(2,99,10000,0,15,4),(2,100,10000,0,15,4),(2,101,10000,0,15,4),(2,102,10000,0,15,4),(2,105,10000,0,15,4),(2,106,10000,0,15,4),(2,107,10000,0,15,4),(3,1,0,1,15,4),(3,2,0,1,15,4),(3,3,0,1,15,4),(3,4,0,1,15,4),(3,5,0,1,15,4),(3,6,0,1,15,4),(3,7,0,1,15,4),(3,8,0,1,15,4),(3,9,0,1,15,4),(3,10,0,1,15,4),(3,11,0,1,15,4),(3,12,0,1,15,4),(3,13,0,1,15,4),(3,14,0,1,15,4),(3,15,0,1,15,4),(3,18,0,1,15,4),(3,19,0,1,15,4),(4,8,0,1,15,4),(4,10,0,1,15,4),(4,20,0,1,15,4),(4,21,0,1,15,4),(4,24,0,1,15,4),(4,25,0,1,15,4),(4,38,0,1,15,4),(4,39,0,1,15,4),(5,46,0,1,15,4),(5,47,0,1,15,4),(5,48,0,1,15,4),(5,49,0,1,15,4),(5,50,0,1,15,4),(5,51,0,1,15,4),(5,73,0,1,15,4),(5,76,0,1,15,4),(5,77,0,1,15,4),(5,78,0,1,15,4),(5,79,0,1,15,4),(5,80,0,1,15,4),(5,81,0,1,15,4),(6,47,0,1,15,4),(6,48,0,1,15,4),(6,52,0,1,15,4),(6,53,0,1,15,4),(6,54,0,1,15,4),(6,55,0,1,15,4),(6,56,0,1,15,4),(6,57,0,1,15,4),(8,3,0,1,15,4),(8,6,0,1,15,4),(8,40,0,1,15,4),(8,41,0,1,15,4),(8,42,0,1,15,4),(8,43,0,1,15,4),(8,44,0,1,15,4),(8,45,0,1,15,4),(9,65,10000,0,15,4),(9,66,10000,0,15,4),(9,67,10000,0,15,4),(9,68,10000,0,15,4),(9,69,10000,0,15,4),(9,70,10000,0,15,4),(9,71,10000,0,15,4),(9,72,10000,0,15,4),(9,82,0,1,15,4),(9,83,0,1,15,4),(9,84,0,1,15,4),(9,85,0,1,15,4),(9,86,0,1,15,4),(9,87,0,1,15,4),(9,88,0,1,15,4),(9,89,0,1,15,4),(9,90,0,1,15,4),(9,91,0,1,15,4),(9,92,0,1,15,4),(9,93,0,1,15,4),(9,94,0,1,15,4),(9,95,0,1,15,4),(9,96,0,1,15,4),(9,97,0,1,15,4),(9,98,0,1,15,4),(9,99,0,1,15,4),(9,100,0,1,15,4),(9,101,0,1,15,4),(9,102,0,1,15,4),(9,105,0,1,15,4),(9,106,0,1,15,4),(9,107,0,1,15,4),(13,58,0,1,15,4),(13,66,0,1,15,4),(15,1,0,1,15,4),(15,2,0,1,15,4),(15,3,0,1,15,4),(15,4,0,1,15,4),(15,5,0,1,15,4),(15,6,0,1,15,4),(15,7,0,1,15,4),(15,8,0,1,15,4),(15,9,0,1,15,4),(15,11,0,1,15,4),(15,12,0,1,15,4),(15,13,0,1,15,4),(15,14,0,1,15,4),(15,15,0,1,15,4),(15,18,0,1,15,4),(15,19,0,1,15,4),(16,10,0,1,15,4),(17,7,0,1,15,4),(17,15,0,1,15,4),(18,3,0,1,15,4),(18,18,0,1,15,4),(19,1,0,1,15,4),(19,4,0,1,15,4),(19,5,0,1,15,4),(19,6,0,1,15,4),(19,8,0,1,15,4),(19,9,0,1,15,4),(19,19,0,1,15,4),(22,12,0,1,15,4),(23,11,0,1,15,4),(24,2,0,1,15,4),(24,13,0,1,15,4),(24,14,0,1,15,4),(27,10,0,1,15,4),(29,40,0,1,15,4),(29,41,0,1,15,4),(29,42,0,1,15,4),(29,43,0,1,15,4),(29,44,0,1,15,4),(29,45,0,1,15,4),(31,41,0,1,15,4),(31,43,0,1,15,4),(33,42,0,1,15,4),(33,44,0,1,15,4),(33,45,0,1,15,4),(34,40,0,1,15,4),(53,20,0,1,15,4),(53,21,0,1,15,4),(53,24,0,1,15,4),(53,25,0,1,15,4),(53,38,0,1,15,4),(53,39,0,1,15,4),(57,47,0,1,15,4),(57,49,0,1,15,4),(57,73,0,1,15,4),(57,76,0,1,15,4),(57,77,0,1,15,4),(57,78,0,1,15,4),(57,79,0,1,15,4),(57,80,0,1,15,4),(57,81,0,1,15,4),(58,46,0,1,15,4),(59,48,0,1,15,4),(59,50,0,1,15,4),(59,51,0,1,15,4),(62,57,0,1,15,4),(63,53,0,1,15,4),(63,54,0,1,15,4),(63,55,0,1,15,4),(64,52,0,1,15,4),(64,56,0,1,15,4),(67,59,0,1,15,4),(67,60,0,1,15,4),(67,61,0,1,15,4),(67,62,0,1,15,4),(67,63,0,1,15,4),(67,64,0,1,15,4),(67,65,0,1,15,4),(67,67,0,1,15,4),(67,68,0,1,15,4),(67,69,0,1,15,4),(67,70,0,1,15,4),(67,71,0,1,15,4),(67,72,0,1,15,4),(73,71,0,1,15,4),(73,72,0,1,15,4),(73,100,0,1,15,4),(73,101,0,1,15,4),(73,102,0,1,15,4),(73,105,0,1,15,4),(73,106,0,1,15,4),(73,107,0,1,15,4),(74,69,0,1,15,4),(74,70,0,1,15,4),(74,94,0,1,15,4),(74,95,0,1,15,4),(74,96,0,1,15,4),(74,97,0,1,15,4),(74,98,0,1,15,4),(74,99,0,1,15,4),(75,67,0,1,15,4),(75,68,0,1,15,4),(75,88,0,1,15,4),(75,89,0,1,15,4),(75,90,0,1,15,4),(75,91,0,1,15,4),(75,92,0,1,15,4),(75,93,0,1,15,4),(76,65,0,1,15,4),(76,66,0,1,15,4),(76,82,0,1,15,4),(76,83,0,1,15,4),(76,84,0,1,15,4),(76,85,0,1,15,4),(76,86,0,1,15,4),(76,87,0,1,15,4);

--
-- Table structure for table `catalog_category_product_index_store15_replica`
--

CREATE TABLE `catalog_category_product_index_store15_replica` (
  `category_id` int(10) unsigned NOT NULL DEFAULT '0' COMMENT 'Category Id',
  `product_id` int(10) unsigned NOT NULL DEFAULT '0' COMMENT 'Product Id',
  `position` int(11) DEFAULT NULL COMMENT 'Position',
  `is_parent` smallint(5) unsigned NOT NULL DEFAULT '0' COMMENT 'Is Parent',
  `store_id` smallint(5) unsigned NOT NULL DEFAULT '0' COMMENT 'Store Id',
  `visibility` smallint(5) unsigned NOT NULL COMMENT 'Visibility',
  PRIMARY KEY (`category_id`,`product_id`,`store_id`),
  KEY `IDX_7DD7C99BC8E8114A4D848016820DE2B5` (`product_id`,`store_id`,`category_id`,`visibility`),
  KEY `IDX_8D43B1BEE1CA20FAB1718BAAF180DEA4` (`store_id`,`category_id`,`visibility`,`is_parent`,`position`)
) ENGINE=InnoDB DEFAULT CHARSET=utf8 COMMENT='Catalog Category Product Index Store15';

--
-- Dumping data for table `catalog_category_product_index_store15_replica`
--

INSERT INTO `catalog_category_product_index_store15_replica` VALUES (2,1,10000,0,15,4),(2,2,10000,0,15,4),(2,3,10000,0,15,4),(2,4,10000,0,15,4),(2,5,10000,0,15,4),(2,6,10000,0,15,4),(2,7,10000,0,15,4),(2,8,10000,0,15,4),(2,9,10000,0,15,4),(2,10,10000,0,15,4),(2,11,10000,0,15,4),(2,12,10000,0,15,4),(2,13,10000,0,15,4),(2,14,10000,0,15,4),(2,15,10000,0,15,4),(2,18,10000,0,15,4),(2,19,10000,0,15,4),(2,20,10000,0,15,4),(2,21,10000,0,15,4),(2,24,10000,0,15,4),(2,25,10000,0,15,4),(2,38,10000,0,15,4),(2,39,10000,0,15,4),(2,40,10000,0,15,4),(2,41,10000,0,15,4),(2,42,10000,0,15,4),(2,43,10000,0,15,4),(2,44,10000,0,15,4),(2,45,10000,0,15,4),(2,46,10000,0,15,4),(2,47,10000,0,15,4),(2,48,10000,0,15,4),(2,49,10000,0,15,4),(2,50,10000,0,15,4),(2,51,10000,0,15,4),(2,52,10000,0,15,4),(2,53,10000,0,15,4),(2,54,10000,0,15,4),(2,55,10000,0,15,4),(2,56,10000,0,15,4),(2,57,10000,0,15,4),(2,58,10000,0,15,4),(2,59,10000,0,15,4),(2,60,10000,0,15,4),(2,61,10000,0,15,4),(2,62,10000,0,15,4),(2,63,10000,0,15,4),(2,64,10000,0,15,4),(2,65,10000,0,15,4),(2,66,10000,0,15,4),(2,67,10000,0,15,4),(2,68,10000,0,15,4),(2,69,10000,0,15,4),(2,70,10000,0,15,4),(2,71,10000,0,15,4),(2,72,10000,0,15,4),(2,73,10000,0,15,4),(2,76,10000,0,15,4),(2,77,10000,0,15,4),(2,78,10000,0,15,4),(2,79,10000,0,15,4),(2,80,10000,0,15,4),(2,81,10000,0,15,4),(2,82,10000,0,15,4),(2,83,10000,0,15,4),(2,84,10000,0,15,4),(2,85,10000,0,15,4),(2,86,10000,0,15,4),(2,87,10000,0,15,4),(2,88,10000,0,15,4),(2,89,10000,0,15,4),(2,90,10000,0,15,4),(2,91,10000,0,15,4),(2,92,10000,0,15,4),(2,93,10000,0,15,4),(2,94,10000,0,15,4),(2,95,10000,0,15,4),(2,96,10000,0,15,4),(2,97,10000,0,15,4),(2,98,10000,0,15,4),(2,99,10000,0,15,4),(2,100,10000,0,15,4),(2,101,10000,0,15,4),(2,102,10000,0,15,4),(2,105,10000,0,15,4),(2,106,10000,0,15,4),(2,107,10000,0,15,4),(3,1,0,1,15,4),(3,2,0,1,15,4),(3,3,0,1,15,4),(3,4,0,1,15,4),(3,5,0,1,15,4),(3,6,0,1,15,4),(3,7,0,1,15,4),(3,8,0,1,15,4),(3,9,0,1,15,4),(3,10,0,1,15,4),(3,11,0,1,15,4),(3,12,0,1,15,4),(3,13,0,1,15,4),(3,14,0,1,15,4),(3,15,0,1,15,4),(3,18,0,1,15,4),(3,19,0,1,15,4),(4,8,0,1,15,4),(4,10,0,1,15,4),(4,20,0,1,15,4),(4,21,0,1,15,4),(4,24,0,1,15,4),(4,25,0,1,15,4),(4,38,0,1,15,4),(4,39,0,1,15,4),(5,46,0,1,15,4),(5,47,0,1,15,4),(5,48,0,1,15,4),(5,49,0,1,15,4),(5,50,0,1,15,4),(5,51,0,1,15,4),(5,73,0,1,15,4),(5,76,0,1,15,4),(5,77,0,1,15,4),(5,78,0,1,15,4),(5,79,0,1,15,4),(5,80,0,1,15,4),(5,81,0,1,15,4),(6,47,0,1,15,4),(6,48,0,1,15,4),(6,52,0,1,15,4),(6,53,0,1,15,4),(6,54,0,1,15,4),(6,55,0,1,15,4),(6,56,0,1,15,4),(6,57,0,1,15,4),(8,3,0,1,15,4),(8,6,0,1,15,4),(8,40,0,1,15,4),(8,41,0,1,15,4),(8,42,0,1,15,4),(8,43,0,1,15,4),(8,44,0,1,15,4),(8,45,0,1,15,4),(9,65,10000,0,15,4),(9,66,10000,0,15,4),(9,67,10000,0,15,4),(9,68,10000,0,15,4),(9,69,10000,0,15,4),(9,70,10000,0,15,4),(9,71,10000,0,15,4),(9,72,10000,0,15,4),(9,82,0,1,15,4),(9,83,0,1,15,4),(9,84,0,1,15,4),(9,85,0,1,15,4),(9,86,0,1,15,4),(9,87,0,1,15,4),(9,88,0,1,15,4),(9,89,0,1,15,4),(9,90,0,1,15,4),(9,91,0,1,15,4),(9,92,0,1,15,4),(9,93,0,1,15,4),(9,94,0,1,15,4),(9,95,0,1,15,4),(9,96,0,1,15,4),(9,97,0,1,15,4),(9,98,0,1,15,4),(9,99,0,1,15,4),(9,100,0,1,15,4),(9,101,0,1,15,4),(9,102,0,1,15,4),(9,105,0,1,15,4),(9,106,0,1,15,4),(9,107,0,1,15,4),(13,58,0,1,15,4),(13,66,0,1,15,4),(15,1,0,1,15,4),(15,2,0,1,15,4),(15,3,0,1,15,4),(15,4,0,1,15,4),(15,5,0,1,15,4),(15,6,0,1,15,4),(15,7,0,1,15,4),(15,8,0,1,15,4),(15,9,0,1,15,4),(15,11,0,1,15,4),(15,12,0,1,15,4),(15,13,0,1,15,4),(15,14,0,1,15,4),(15,15,0,1,15,4),(15,18,0,1,15,4),(15,19,0,1,15,4),(16,10,0,1,15,4),(17,7,0,1,15,4),(17,15,0,1,15,4),(18,3,0,1,15,4),(18,18,0,1,15,4),(19,1,0,1,15,4),(19,4,0,1,15,4),(19,5,0,1,15,4),(19,6,0,1,15,4),(19,8,0,1,15,4),(19,9,0,1,15,4),(19,19,0,1,15,4),(22,12,0,1,15,4),(23,11,0,1,15,4),(24,2,0,1,15,4),(24,13,0,1,15,4),(24,14,0,1,15,4),(27,10,0,1,15,4),(29,40,0,1,15,4),(29,41,0,1,15,4),(29,42,0,1,15,4),(29,43,0,1,15,4),(29,44,0,1,15,4),(29,45,0,1,15,4),(31,41,0,1,15,4),(31,43,0,1,15,4),(33,42,0,1,15,4),(33,44,0,1,15,4),(33,45,0,1,15,4),(34,40,0,1,15,4),(53,20,0,1,15,4),(53,21,0,1,15,4),(53,24,0,1,15,4),(53,25,0,1,15,4),(53,38,0,1,15,4),(53,39,0,1,15,4),(57,47,0,1,15,4),(57,49,0,1,15,4),(57,73,0,1,15,4),(57,76,0,1,15,4),(57,77,0,1,15,4),(57,78,0,1,15,4),(57,79,0,1,15,4),(57,80,0,1,15,4),(57,81,0,1,15,4),(58,46,0,1,15,4),(59,48,0,1,15,4),(59,50,0,1,15,4),(59,51,0,1,15,4),(62,57,0,1,15,4),(63,53,0,1,15,4),(63,54,0,1,15,4),(63,55,0,1,15,4),(64,52,0,1,15,4),(64,56,0,1,15,4),(67,59,0,1,15,4),(67,60,0,1,15,4),(67,61,0,1,15,4),(67,62,0,1,15,4),(67,63,0,1,15,4),(67,64,0,1,15,4),(67,65,0,1,15,4),(67,67,0,1,15,4),(67,68,0,1,15,4),(67,69,0,1,15,4),(67,70,0,1,15,4),(67,71,0,1,15,4),(67,72,0,1,15,4),(73,71,0,1,15,4),(73,72,0,1,15,4),(73,100,0,1,15,4),(73,101,0,1,15,4),(73,102,0,1,15,4),(73,105,0,1,15,4),(73,106,0,1,15,4),(73,107,0,1,15,4),(74,69,0,1,15,4),(74,70,0,1,15,4),(74,94,0,1,15,4),(74,95,0,1,15,4),(74,96,0,1,15,4),(74,97,0,1,15,4),(74,98,0,1,15,4),(74,99,0,1,15,4),(75,67,0,1,15,4),(75,68,0,1,15,4),(75,88,0,1,15,4),(75,89,0,1,15,4),(75,90,0,1,15,4),(75,91,0,1,15,4),(75,92,0,1,15,4),(75,93,0,1,15,4),(76,65,0,1,15,4),(76,66,0,1,15,4),(76,82,0,1,15,4),(76,83,0,1,15,4),(76,84,0,1,15,4),(76,85,0,1,15,4),(76,86,0,1,15,4),(76,87,0,1,15,4);

--
-- Table structure for table `catalog_category_product_index_store16`
--

CREATE TABLE `catalog_category_product_index_store16` (
  `category_id` int(10) unsigned NOT NULL DEFAULT '0' COMMENT 'Category Id',
  `product_id` int(10) unsigned NOT NULL DEFAULT '0' COMMENT 'Product Id',
  `position` int(11) DEFAULT NULL COMMENT 'Position',
  `is_parent` smallint(5) unsigned NOT NULL DEFAULT '0' COMMENT 'Is Parent',
  `store_id` smallint(5) unsigned NOT NULL DEFAULT '0' COMMENT 'Store Id',
  `visibility` smallint(5) unsigned NOT NULL COMMENT 'Visibility',
  PRIMARY KEY (`category_id`,`product_id`,`store_id`),
  KEY `IDX_F7BB9FC1254D6AE58303F0E99F29E8D6` (`product_id`,`store_id`,`category_id`,`visibility`),
  KEY `IDX_7EAFABA0BB20986BA68F4336BB04BC06` (`store_id`,`category_id`,`visibility`,`is_parent`,`position`)
) ENGINE=InnoDB DEFAULT CHARSET=utf8 COMMENT='Catalog Category Product Index Store16';

--
-- Dumping data for table `catalog_category_product_index_store16`
--

INSERT INTO `catalog_category_product_index_store16` VALUES (2,1,10000,0,16,4),(2,2,10000,0,16,4),(2,3,10000,0,16,4),(2,4,10000,0,16,4),(2,5,10000,0,16,4),(2,6,10000,0,16,4),(2,7,10000,0,16,4),(2,8,10000,0,16,4),(2,9,10000,0,16,4),(2,10,10000,0,16,4),(2,11,10000,0,16,4),(2,12,10000,0,16,4),(2,13,10000,0,16,4),(2,14,10000,0,16,4),(2,15,10000,0,16,4),(2,18,10000,0,16,4),(2,19,10000,0,16,4),(2,20,10000,0,16,4),(2,21,10000,0,16,4),(2,24,10000,0,16,4),(2,25,10000,0,16,4),(2,38,10000,0,16,4),(2,39,10000,0,16,4),(2,40,10000,0,16,4),(2,41,10000,0,16,4),(2,42,10000,0,16,4),(2,43,10000,0,16,4),(2,44,10000,0,16,4),(2,45,10000,0,16,4),(2,46,10000,0,16,4),(2,47,10000,0,16,4),(2,48,10000,0,16,4),(2,49,10000,0,16,4),(2,50,10000,0,16,4),(2,51,10000,0,16,4),(2,52,10000,0,16,4),(2,53,10000,0,16,4),(2,54,10000,0,16,4),(2,55,10000,0,16,4),(2,56,10000,0,16,4),(2,57,10000,0,16,4),(2,58,10000,0,16,4),(2,59,10000,0,16,4),(2,60,10000,0,16,4),(2,61,10000,0,16,4),(2,62,10000,0,16,4),(2,63,10000,0,16,4),(2,64,10000,0,16,4),(2,65,10000,0,16,4),(2,66,10000,0,16,4),(2,67,10000,0,16,4),(2,68,10000,0,16,4),(2,69,10000,0,16,4),(2,70,10000,0,16,4),(2,71,10000,0,16,4),(2,72,10000,0,16,4),(2,73,10000,0,16,4),(2,76,10000,0,16,4),(2,77,10000,0,16,4),(2,78,10000,0,16,4),(2,79,10000,0,16,4),(2,80,10000,0,16,4),(2,81,10000,0,16,4),(2,82,10000,0,16,4),(2,83,10000,0,16,4),(2,84,10000,0,16,4),(2,85,10000,0,16,4),(2,86,10000,0,16,4),(2,87,10000,0,16,4),(2,88,10000,0,16,4),(2,89,10000,0,16,4),(2,90,10000,0,16,4),(2,91,10000,0,16,4),(2,92,10000,0,16,4),(2,93,10000,0,16,4),(2,94,10000,0,16,4),(2,95,10000,0,16,4),(2,96,10000,0,16,4),(2,97,10000,0,16,4),(2,98,10000,0,16,4),(2,99,10000,0,16,4),(2,100,10000,0,16,4),(2,101,10000,0,16,4),(2,102,10000,0,16,4),(2,105,10000,0,16,4),(2,106,10000,0,16,4),(2,107,10000,0,16,4),(3,1,0,1,16,4),(3,2,0,1,16,4),(3,3,0,1,16,4),(3,4,0,1,16,4),(3,5,0,1,16,4),(3,6,0,1,16,4),(3,7,0,1,16,4),(3,8,0,1,16,4),(3,9,0,1,16,4),(3,10,0,1,16,4),(3,11,0,1,16,4),(3,12,0,1,16,4),(3,13,0,1,16,4),(3,14,0,1,16,4),(3,15,0,1,16,4),(3,18,0,1,16,4),(3,19,0,1,16,4),(4,8,0,1,16,4),(4,10,0,1,16,4),(4,20,0,1,16,4),(4,21,0,1,16,4),(4,24,0,1,16,4),(4,25,0,1,16,4),(4,38,0,1,16,4),(4,39,0,1,16,4),(5,46,0,1,16,4),(5,47,0,1,16,4),(5,48,0,1,16,4),(5,49,0,1,16,4),(5,50,0,1,16,4),(5,51,0,1,16,4),(5,73,0,1,16,4),(5,76,0,1,16,4),(5,77,0,1,16,4),(5,78,0,1,16,4),(5,79,0,1,16,4),(5,80,0,1,16,4),(5,81,0,1,16,4),(6,47,0,1,16,4),(6,48,0,1,16,4),(6,52,0,1,16,4),(6,53,0,1,16,4),(6,54,0,1,16,4),(6,55,0,1,16,4),(6,56,0,1,16,4),(6,57,0,1,16,4),(8,3,0,1,16,4),(8,6,0,1,16,4),(8,40,0,1,16,4),(8,41,0,1,16,4),(8,42,0,1,16,4),(8,43,0,1,16,4),(8,44,0,1,16,4),(8,45,0,1,16,4),(9,65,10000,0,16,4),(9,66,10000,0,16,4),(9,67,10000,0,16,4),(9,68,10000,0,16,4),(9,69,10000,0,16,4),(9,70,10000,0,16,4),(9,71,10000,0,16,4),(9,72,10000,0,16,4),(9,82,0,1,16,4),(9,83,0,1,16,4),(9,84,0,1,16,4),(9,85,0,1,16,4),(9,86,0,1,16,4),(9,87,0,1,16,4),(9,88,0,1,16,4),(9,89,0,1,16,4),(9,90,0,1,16,4),(9,91,0,1,16,4),(9,92,0,1,16,4),(9,93,0,1,16,4),(9,94,0,1,16,4),(9,95,0,1,16,4),(9,96,0,1,16,4),(9,97,0,1,16,4),(9,98,0,1,16,4),(9,99,0,1,16,4),(9,100,0,1,16,4),(9,101,0,1,16,4),(9,102,0,1,16,4),(9,105,0,1,16,4),(9,106,0,1,16,4),(9,107,0,1,16,4),(13,58,0,1,16,4),(13,66,0,1,16,4),(15,1,0,1,16,4),(15,2,0,1,16,4),(15,3,0,1,16,4),(15,4,0,1,16,4),(15,5,0,1,16,4),(15,6,0,1,16,4),(15,7,0,1,16,4),(15,8,0,1,16,4),(15,9,0,1,16,4),(15,11,0,1,16,4),(15,12,0,1,16,4),(15,13,0,1,16,4),(15,14,0,1,16,4),(15,15,0,1,16,4),(15,18,0,1,16,4),(15,19,0,1,16,4),(16,10,0,1,16,4),(17,7,0,1,16,4),(17,15,0,1,16,4),(18,3,0,1,16,4),(18,18,0,1,16,4),(19,1,0,1,16,4),(19,4,0,1,16,4),(19,5,0,1,16,4),(19,6,0,1,16,4),(19,8,0,1,16,4),(19,9,0,1,16,4),(19,19,0,1,16,4),(22,12,0,1,16,4),(23,11,0,1,16,4),(24,2,0,1,16,4),(24,13,0,1,16,4),(24,14,0,1,16,4),(27,10,0,1,16,4),(29,40,0,1,16,4),(29,41,0,1,16,4),(29,42,0,1,16,4),(29,43,0,1,16,4),(29,44,0,1,16,4),(29,45,0,1,16,4),(31,41,0,1,16,4),(31,43,0,1,16,4),(33,42,0,1,16,4),(33,44,0,1,16,4),(33,45,0,1,16,4),(34,40,0,1,16,4),(53,20,0,1,16,4),(53,21,0,1,16,4),(53,24,0,1,16,4),(53,25,0,1,16,4),(53,38,0,1,16,4),(53,39,0,1,16,4),(57,47,0,1,16,4),(57,49,0,1,16,4),(57,73,0,1,16,4),(57,76,0,1,16,4),(57,77,0,1,16,4),(57,78,0,1,16,4),(57,79,0,1,16,4),(57,80,0,1,16,4),(57,81,0,1,16,4),(58,46,0,1,16,4),(59,48,0,1,16,4),(59,50,0,1,16,4),(59,51,0,1,16,4),(62,57,0,1,16,4),(63,53,0,1,16,4),(63,54,0,1,16,4),(63,55,0,1,16,4),(64,52,0,1,16,4),(64,56,0,1,16,4),(67,59,0,1,16,4),(67,60,0,1,16,4),(67,61,0,1,16,4),(67,62,0,1,16,4),(67,63,0,1,16,4),(67,64,0,1,16,4),(67,65,0,1,16,4),(67,67,0,1,16,4),(67,68,0,1,16,4),(67,69,0,1,16,4),(67,70,0,1,16,4),(67,71,0,1,16,4),(67,72,0,1,16,4),(73,71,0,1,16,4),(73,72,0,1,16,4),(73,100,0,1,16,4),(73,101,0,1,16,4),(73,102,0,1,16,4),(73,105,0,1,16,4),(73,106,0,1,16,4),(73,107,0,1,16,4),(74,69,0,1,16,4),(74,70,0,1,16,4),(74,94,0,1,16,4),(74,95,0,1,16,4),(74,96,0,1,16,4),(74,97,0,1,16,4),(74,98,0,1,16,4),(74,99,0,1,16,4),(75,67,0,1,16,4),(75,68,0,1,16,4),(75,88,0,1,16,4),(75,89,0,1,16,4),(75,90,0,1,16,4),(75,91,0,1,16,4),(75,92,0,1,16,4),(75,93,0,1,16,4),(76,65,0,1,16,4),(76,66,0,1,16,4),(76,82,0,1,16,4),(76,83,0,1,16,4),(76,84,0,1,16,4),(76,85,0,1,16,4),(76,86,0,1,16,4),(76,87,0,1,16,4);

--
-- Table structure for table `catalog_category_product_index_store16_replica`
--

CREATE TABLE `catalog_category_product_index_store16_replica` (
  `category_id` int(10) unsigned NOT NULL DEFAULT '0' COMMENT 'Category Id',
  `product_id` int(10) unsigned NOT NULL DEFAULT '0' COMMENT 'Product Id',
  `position` int(11) DEFAULT NULL COMMENT 'Position',
  `is_parent` smallint(5) unsigned NOT NULL DEFAULT '0' COMMENT 'Is Parent',
  `store_id` smallint(5) unsigned NOT NULL DEFAULT '0' COMMENT 'Store Id',
  `visibility` smallint(5) unsigned NOT NULL COMMENT 'Visibility',
  PRIMARY KEY (`category_id`,`product_id`,`store_id`),
  KEY `CAT_CTGR_PRD_IDX_STORE16_PRD_ID_STORE_ID_CTGR_ID_VISIBILITY` (`product_id`,`store_id`,`category_id`,`visibility`),
  KEY `IDX_3FCA7BB482F2A772620280C9007DB7F4` (`store_id`,`category_id`,`visibility`,`is_parent`,`position`)
) ENGINE=InnoDB DEFAULT CHARSET=utf8 COMMENT='Catalog Category Product Index Store16 Replica';

--
-- Dumping data for table `catalog_category_product_index_store16_replica`
--

INSERT INTO `catalog_category_product_index_store16_replica` VALUES (2,1,10000,0,16,4),(2,2,10000,0,16,4),(2,3,10000,0,16,4),(2,4,10000,0,16,4),(2,5,10000,0,16,4),(2,6,10000,0,16,4),(2,7,10000,0,16,4),(2,8,10000,0,16,4),(2,9,10000,0,16,4),(2,10,10000,0,16,4),(2,11,10000,0,16,4),(2,12,10000,0,16,4),(2,13,10000,0,16,4),(2,14,10000,0,16,4),(2,15,10000,0,16,4),(2,18,10000,0,16,4),(2,19,10000,0,16,4),(2,20,10000,0,16,4),(2,21,10000,0,16,4),(2,24,10000,0,16,4),(2,25,10000,0,16,4),(2,38,10000,0,16,4),(2,39,10000,0,16,4),(2,40,10000,0,16,4),(2,41,10000,0,16,4),(2,42,10000,0,16,4),(2,43,10000,0,16,4),(2,44,10000,0,16,4),(2,45,10000,0,16,4),(2,46,10000,0,16,4),(2,47,10000,0,16,4),(2,48,10000,0,16,4),(2,49,10000,0,16,4),(2,50,10000,0,16,4),(2,51,10000,0,16,4),(2,52,10000,0,16,4),(2,53,10000,0,16,4),(2,54,10000,0,16,4),(2,55,10000,0,16,4),(2,56,10000,0,16,4),(2,57,10000,0,16,4),(2,58,10000,0,16,4),(2,59,10000,0,16,4),(2,60,10000,0,16,4),(2,61,10000,0,16,4),(2,62,10000,0,16,4),(2,63,10000,0,16,4),(2,64,10000,0,16,4),(2,65,10000,0,16,4),(2,66,10000,0,16,4),(2,67,10000,0,16,4),(2,68,10000,0,16,4),(2,69,10000,0,16,4),(2,70,10000,0,16,4),(2,71,10000,0,16,4),(2,72,10000,0,16,4),(2,73,10000,0,16,4),(2,76,10000,0,16,4),(2,77,10000,0,16,4),(2,78,10000,0,16,4),(2,79,10000,0,16,4),(2,80,10000,0,16,4),(2,81,10000,0,16,4),(2,82,10000,0,16,4),(2,83,10000,0,16,4),(2,84,10000,0,16,4),(2,85,10000,0,16,4),(2,86,10000,0,16,4),(2,87,10000,0,16,4),(2,88,10000,0,16,4),(2,89,10000,0,16,4),(2,90,10000,0,16,4),(2,91,10000,0,16,4),(2,92,10000,0,16,4),(2,93,10000,0,16,4),(2,94,10000,0,16,4),(2,95,10000,0,16,4),(2,96,10000,0,16,4),(2,97,10000,0,16,4),(2,98,10000,0,16,4),(2,99,10000,0,16,4),(2,100,10000,0,16,4),(2,101,10000,0,16,4),(2,102,10000,0,16,4),(2,105,10000,0,16,4),(2,106,10000,0,16,4),(2,107,10000,0,16,4),(3,1,0,1,16,4),(3,2,0,1,16,4),(3,3,0,1,16,4),(3,4,0,1,16,4),(3,5,0,1,16,4),(3,6,0,1,16,4),(3,7,0,1,16,4),(3,8,0,1,16,4),(3,9,0,1,16,4),(3,10,0,1,16,4),(3,11,0,1,16,4),(3,12,0,1,16,4),(3,13,0,1,16,4),(3,14,0,1,16,4),(3,15,0,1,16,4),(3,18,0,1,16,4),(3,19,0,1,16,4),(4,8,0,1,16,4),(4,10,0,1,16,4),(4,20,0,1,16,4),(4,21,0,1,16,4),(4,24,0,1,16,4),(4,25,0,1,16,4),(4,38,0,1,16,4),(4,39,0,1,16,4),(5,46,0,1,16,4),(5,47,0,1,16,4),(5,48,0,1,16,4),(5,49,0,1,16,4),(5,50,0,1,16,4),(5,51,0,1,16,4),(5,73,0,1,16,4),(5,76,0,1,16,4),(5,77,0,1,16,4),(5,78,0,1,16,4),(5,79,0,1,16,4),(5,80,0,1,16,4),(5,81,0,1,16,4),(6,47,0,1,16,4),(6,48,0,1,16,4),(6,52,0,1,16,4),(6,53,0,1,16,4),(6,54,0,1,16,4),(6,55,0,1,16,4),(6,56,0,1,16,4),(6,57,0,1,16,4),(8,3,0,1,16,4),(8,6,0,1,16,4),(8,40,0,1,16,4),(8,41,0,1,16,4),(8,42,0,1,16,4),(8,43,0,1,16,4),(8,44,0,1,16,4),(8,45,0,1,16,4),(9,65,10000,0,16,4),(9,66,10000,0,16,4),(9,67,10000,0,16,4),(9,68,10000,0,16,4),(9,69,10000,0,16,4),(9,70,10000,0,16,4),(9,71,10000,0,16,4),(9,72,10000,0,16,4),(9,82,0,1,16,4),(9,83,0,1,16,4),(9,84,0,1,16,4),(9,85,0,1,16,4),(9,86,0,1,16,4),(9,87,0,1,16,4),(9,88,0,1,16,4),(9,89,0,1,16,4),(9,90,0,1,16,4),(9,91,0,1,16,4),(9,92,0,1,16,4),(9,93,0,1,16,4),(9,94,0,1,16,4),(9,95,0,1,16,4),(9,96,0,1,16,4),(9,97,0,1,16,4),(9,98,0,1,16,4),(9,99,0,1,16,4),(9,100,0,1,16,4),(9,101,0,1,16,4),(9,102,0,1,16,4),(9,105,0,1,16,4),(9,106,0,1,16,4),(9,107,0,1,16,4),(13,58,0,1,16,4),(13,66,0,1,16,4),(15,1,0,1,16,4),(15,2,0,1,16,4),(15,3,0,1,16,4),(15,4,0,1,16,4),(15,5,0,1,16,4),(15,6,0,1,16,4),(15,7,0,1,16,4),(15,8,0,1,16,4),(15,9,0,1,16,4),(15,11,0,1,16,4),(15,12,0,1,16,4),(15,13,0,1,16,4),(15,14,0,1,16,4),(15,15,0,1,16,4),(15,18,0,1,16,4),(15,19,0,1,16,4),(16,10,0,1,16,4),(17,7,0,1,16,4),(17,15,0,1,16,4),(18,3,0,1,16,4),(18,18,0,1,16,4),(19,1,0,1,16,4),(19,4,0,1,16,4),(19,5,0,1,16,4),(19,6,0,1,16,4),(19,8,0,1,16,4),(19,9,0,1,16,4),(19,19,0,1,16,4),(22,12,0,1,16,4),(23,11,0,1,16,4),(24,2,0,1,16,4),(24,13,0,1,16,4),(24,14,0,1,16,4),(27,10,0,1,16,4),(29,40,0,1,16,4),(29,41,0,1,16,4),(29,42,0,1,16,4),(29,43,0,1,16,4),(29,44,0,1,16,4),(29,45,0,1,16,4),(31,41,0,1,16,4),(31,43,0,1,16,4),(33,42,0,1,16,4),(33,44,0,1,16,4),(33,45,0,1,16,4),(34,40,0,1,16,4),(53,20,0,1,16,4),(53,21,0,1,16,4),(53,24,0,1,16,4),(53,25,0,1,16,4),(53,38,0,1,16,4),(53,39,0,1,16,4),(57,47,0,1,16,4),(57,49,0,1,16,4),(57,73,0,1,16,4),(57,76,0,1,16,4),(57,77,0,1,16,4),(57,78,0,1,16,4),(57,79,0,1,16,4),(57,80,0,1,16,4),(57,81,0,1,16,4),(58,46,0,1,16,4),(59,48,0,1,16,4),(59,50,0,1,16,4),(59,51,0,1,16,4),(62,57,0,1,16,4),(63,53,0,1,16,4),(63,54,0,1,16,4),(63,55,0,1,16,4),(64,52,0,1,16,4),(64,56,0,1,16,4),(67,59,0,1,16,4),(67,60,0,1,16,4),(67,61,0,1,16,4),(67,62,0,1,16,4),(67,63,0,1,16,4),(67,64,0,1,16,4),(67,65,0,1,16,4),(67,67,0,1,16,4),(67,68,0,1,16,4),(67,69,0,1,16,4),(67,70,0,1,16,4),(67,71,0,1,16,4),(67,72,0,1,16,4),(73,71,0,1,16,4),(73,72,0,1,16,4),(73,100,0,1,16,4),(73,101,0,1,16,4),(73,102,0,1,16,4),(73,105,0,1,16,4),(73,106,0,1,16,4),(73,107,0,1,16,4),(74,69,0,1,16,4),(74,70,0,1,16,4),(74,94,0,1,16,4),(74,95,0,1,16,4),(74,96,0,1,16,4),(74,97,0,1,16,4),(74,98,0,1,16,4),(74,99,0,1,16,4),(75,67,0,1,16,4),(75,68,0,1,16,4),(75,88,0,1,16,4),(75,89,0,1,16,4),(75,90,0,1,16,4),(75,91,0,1,16,4),(75,92,0,1,16,4),(75,93,0,1,16,4),(76,65,0,1,16,4),(76,66,0,1,16,4),(76,82,0,1,16,4),(76,83,0,1,16,4),(76,84,0,1,16,4),(76,85,0,1,16,4),(76,86,0,1,16,4),(76,87,0,1,16,4);

--
-- Table structure for table `catalog_category_product_index_store17`
--

CREATE TABLE `catalog_category_product_index_store17` (
  `category_id` int(10) unsigned NOT NULL DEFAULT '0' COMMENT 'Category Id',
  `product_id` int(10) unsigned NOT NULL DEFAULT '0' COMMENT 'Product Id',
  `position` int(11) DEFAULT NULL COMMENT 'Position',
  `is_parent` smallint(5) unsigned NOT NULL DEFAULT '0' COMMENT 'Is Parent',
  `store_id` smallint(5) unsigned NOT NULL DEFAULT '0' COMMENT 'Store Id',
  `visibility` smallint(5) unsigned NOT NULL COMMENT 'Visibility',
  PRIMARY KEY (`category_id`,`product_id`,`store_id`),
  KEY `IDX_537EBC4692CC4DCF8775BED1A7496D4E` (`product_id`,`store_id`,`category_id`,`visibility`),
  KEY `IDX_E993A2D0EFF6EE785AA874FF5AED05BB` (`store_id`,`category_id`,`visibility`,`is_parent`,`position`)
) ENGINE=InnoDB DEFAULT CHARSET=utf8 COMMENT='Catalog Category Product Index Store17';

--
-- Dumping data for table `catalog_category_product_index_store17`
--

INSERT INTO `catalog_category_product_index_store17` VALUES (2,1,10000,0,17,4),(2,2,10000,0,17,4),(2,3,10000,0,17,4),(2,4,10000,0,17,4),(2,5,10000,0,17,4),(2,6,10000,0,17,4),(2,7,10000,0,17,4),(2,8,10000,0,17,4),(2,9,10000,0,17,4),(2,10,10000,0,17,4),(2,11,10000,0,17,4),(2,12,10000,0,17,4),(2,13,10000,0,17,4),(2,14,10000,0,17,4),(2,15,10000,0,17,4),(2,18,10000,0,17,4),(2,19,10000,0,17,4),(2,20,10000,0,17,4),(2,21,10000,0,17,4),(2,24,10000,0,17,4),(2,25,10000,0,17,4),(2,38,10000,0,17,4),(2,39,10000,0,17,4),(2,40,10000,0,17,4),(2,41,10000,0,17,4),(2,42,10000,0,17,4),(2,43,10000,0,17,4),(2,44,10000,0,17,4),(2,45,10000,0,17,4),(2,46,10000,0,17,4),(2,47,10000,0,17,4),(2,48,10000,0,17,4),(2,49,10000,0,17,4),(2,50,10000,0,17,4),(2,51,10000,0,17,4),(2,52,10000,0,17,4),(2,53,10000,0,17,4),(2,54,10000,0,17,4),(2,55,10000,0,17,4),(2,56,10000,0,17,4),(2,57,10000,0,17,4),(2,58,10000,0,17,4),(2,59,10000,0,17,4),(2,60,10000,0,17,4),(2,61,10000,0,17,4),(2,62,10000,0,17,4),(2,63,10000,0,17,4),(2,64,10000,0,17,4),(2,65,10000,0,17,4),(2,66,10000,0,17,4),(2,67,10000,0,17,4),(2,68,10000,0,17,4),(2,69,10000,0,17,4),(2,70,10000,0,17,4),(2,71,10000,0,17,4),(2,72,10000,0,17,4),(2,73,10000,0,17,4),(2,76,10000,0,17,4),(2,77,10000,0,17,4),(2,78,10000,0,17,4),(2,79,10000,0,17,4),(2,80,10000,0,17,4),(2,81,10000,0,17,4),(2,82,10000,0,17,4),(2,83,10000,0,17,4),(2,84,10000,0,17,4),(2,85,10000,0,17,4),(2,86,10000,0,17,4),(2,87,10000,0,17,4),(2,88,10000,0,17,4),(2,89,10000,0,17,4),(2,90,10000,0,17,4),(2,91,10000,0,17,4),(2,92,10000,0,17,4),(2,93,10000,0,17,4),(2,94,10000,0,17,4),(2,95,10000,0,17,4),(2,96,10000,0,17,4),(2,97,10000,0,17,4),(2,98,10000,0,17,4),(2,99,10000,0,17,4),(2,100,10000,0,17,4),(2,101,10000,0,17,4),(2,102,10000,0,17,4),(2,105,10000,0,17,4),(2,106,10000,0,17,4),(2,107,10000,0,17,4),(3,1,0,1,17,4),(3,2,0,1,17,4),(3,3,0,1,17,4),(3,4,0,1,17,4),(3,5,0,1,17,4),(3,6,0,1,17,4),(3,7,0,1,17,4),(3,8,0,1,17,4),(3,9,0,1,17,4),(3,10,0,1,17,4),(3,11,0,1,17,4),(3,12,0,1,17,4),(3,13,0,1,17,4),(3,14,0,1,17,4),(3,15,0,1,17,4),(3,18,0,1,17,4),(3,19,0,1,17,4),(4,8,0,1,17,4),(4,10,0,1,17,4),(4,20,0,1,17,4),(4,21,0,1,17,4),(4,24,0,1,17,4),(4,25,0,1,17,4),(4,38,0,1,17,4),(4,39,0,1,17,4),(5,46,0,1,17,4),(5,47,0,1,17,4),(5,48,0,1,17,4),(5,49,0,1,17,4),(5,50,0,1,17,4),(5,51,0,1,17,4),(5,73,0,1,17,4),(5,76,0,1,17,4),(5,77,0,1,17,4),(5,78,0,1,17,4),(5,79,0,1,17,4),(5,80,0,1,17,4),(5,81,0,1,17,4),(6,47,0,1,17,4),(6,48,0,1,17,4),(6,52,0,1,17,4),(6,53,0,1,17,4),(6,54,0,1,17,4),(6,55,0,1,17,4),(6,56,0,1,17,4),(6,57,0,1,17,4),(8,3,0,1,17,4),(8,6,0,1,17,4),(8,40,0,1,17,4),(8,41,0,1,17,4),(8,42,0,1,17,4),(8,43,0,1,17,4),(8,44,0,1,17,4),(8,45,0,1,17,4),(9,65,10000,0,17,4),(9,66,10000,0,17,4),(9,67,10000,0,17,4),(9,68,10000,0,17,4),(9,69,10000,0,17,4),(9,70,10000,0,17,4),(9,71,10000,0,17,4),(9,72,10000,0,17,4),(9,82,0,1,17,4),(9,83,0,1,17,4),(9,84,0,1,17,4),(9,85,0,1,17,4),(9,86,0,1,17,4),(9,87,0,1,17,4),(9,88,0,1,17,4),(9,89,0,1,17,4),(9,90,0,1,17,4),(9,91,0,1,17,4),(9,92,0,1,17,4),(9,93,0,1,17,4),(9,94,0,1,17,4),(9,95,0,1,17,4),(9,96,0,1,17,4),(9,97,0,1,17,4),(9,98,0,1,17,4),(9,99,0,1,17,4),(9,100,0,1,17,4),(9,101,0,1,17,4),(9,102,0,1,17,4),(9,105,0,1,17,4),(9,106,0,1,17,4),(9,107,0,1,17,4),(13,58,0,1,17,4),(13,66,0,1,17,4),(15,1,0,1,17,4),(15,2,0,1,17,4),(15,3,0,1,17,4),(15,4,0,1,17,4),(15,5,0,1,17,4),(15,6,0,1,17,4),(15,7,0,1,17,4),(15,8,0,1,17,4),(15,9,0,1,17,4),(15,11,0,1,17,4),(15,12,0,1,17,4),(15,13,0,1,17,4),(15,14,0,1,17,4),(15,15,0,1,17,4),(15,18,0,1,17,4),(15,19,0,1,17,4),(16,10,0,1,17,4),(17,7,0,1,17,4),(17,15,0,1,17,4),(18,3,0,1,17,4),(18,18,0,1,17,4),(19,1,0,1,17,4),(19,4,0,1,17,4),(19,5,0,1,17,4),(19,6,0,1,17,4),(19,8,0,1,17,4),(19,9,0,1,17,4),(19,19,0,1,17,4),(22,12,0,1,17,4),(23,11,0,1,17,4),(24,2,0,1,17,4),(24,13,0,1,17,4),(24,14,0,1,17,4),(27,10,0,1,17,4),(29,40,0,1,17,4),(29,41,0,1,17,4),(29,42,0,1,17,4),(29,43,0,1,17,4),(29,44,0,1,17,4),(29,45,0,1,17,4),(31,41,0,1,17,4),(31,43,0,1,17,4),(33,42,0,1,17,4),(33,44,0,1,17,4),(33,45,0,1,17,4),(34,40,0,1,17,4),(53,20,0,1,17,4),(53,21,0,1,17,4),(53,24,0,1,17,4),(53,25,0,1,17,4),(53,38,0,1,17,4),(53,39,0,1,17,4),(57,47,0,1,17,4),(57,49,0,1,17,4),(57,73,0,1,17,4),(57,76,0,1,17,4),(57,77,0,1,17,4),(57,78,0,1,17,4),(57,79,0,1,17,4),(57,80,0,1,17,4),(57,81,0,1,17,4),(58,46,0,1,17,4),(59,48,0,1,17,4),(59,50,0,1,17,4),(59,51,0,1,17,4),(62,57,0,1,17,4),(63,53,0,1,17,4),(63,54,0,1,17,4),(63,55,0,1,17,4),(64,52,0,1,17,4),(64,56,0,1,17,4),(67,59,0,1,17,4),(67,60,0,1,17,4),(67,61,0,1,17,4),(67,62,0,1,17,4),(67,63,0,1,17,4),(67,64,0,1,17,4),(67,65,0,1,17,4),(67,67,0,1,17,4),(67,68,0,1,17,4),(67,69,0,1,17,4),(67,70,0,1,17,4),(67,71,0,1,17,4),(67,72,0,1,17,4),(73,71,0,1,17,4),(73,72,0,1,17,4),(73,100,0,1,17,4),(73,101,0,1,17,4),(73,102,0,1,17,4),(73,105,0,1,17,4),(73,106,0,1,17,4),(73,107,0,1,17,4),(74,69,0,1,17,4),(74,70,0,1,17,4),(74,94,0,1,17,4),(74,95,0,1,17,4),(74,96,0,1,17,4),(74,97,0,1,17,4),(74,98,0,1,17,4),(74,99,0,1,17,4),(75,67,0,1,17,4),(75,68,0,1,17,4),(75,88,0,1,17,4),(75,89,0,1,17,4),(75,90,0,1,17,4),(75,91,0,1,17,4),(75,92,0,1,17,4),(75,93,0,1,17,4),(76,65,0,1,17,4),(76,66,0,1,17,4),(76,82,0,1,17,4),(76,83,0,1,17,4),(76,84,0,1,17,4),(76,85,0,1,17,4),(76,86,0,1,17,4),(76,87,0,1,17,4);

--
-- Table structure for table `catalog_category_product_index_store17_replica`
--

CREATE TABLE `catalog_category_product_index_store17_replica` (
  `category_id` int(10) unsigned NOT NULL DEFAULT '0' COMMENT 'Category Id',
  `product_id` int(10) unsigned NOT NULL DEFAULT '0' COMMENT 'Product Id',
  `position` int(11) DEFAULT NULL COMMENT 'Position',
  `is_parent` smallint(5) unsigned NOT NULL DEFAULT '0' COMMENT 'Is Parent',
  `store_id` smallint(5) unsigned NOT NULL DEFAULT '0' COMMENT 'Store Id',
  `visibility` smallint(5) unsigned NOT NULL COMMENT 'Visibility',
  PRIMARY KEY (`category_id`,`product_id`,`store_id`),
  KEY `CAT_CTGR_PRD_IDX_STORE17_PRD_ID_STORE_ID_CTGR_ID_VISIBILITY` (`product_id`,`store_id`,`category_id`,`visibility`),
  KEY `IDX_7DB8B0AEC370845BCF75B550C2A66F47` (`store_id`,`category_id`,`visibility`,`is_parent`,`position`)
) ENGINE=InnoDB DEFAULT CHARSET=utf8 COMMENT='Catalog Category Product Index Store17 Replica';

--
-- Dumping data for table `catalog_category_product_index_store17_replica`
--

INSERT INTO `catalog_category_product_index_store17_replica` VALUES (2,1,10000,0,17,4),(2,2,10000,0,17,4),(2,3,10000,0,17,4),(2,4,10000,0,17,4),(2,5,10000,0,17,4),(2,6,10000,0,17,4),(2,7,10000,0,17,4),(2,8,10000,0,17,4),(2,9,10000,0,17,4),(2,10,10000,0,17,4),(2,11,10000,0,17,4),(2,12,10000,0,17,4),(2,13,10000,0,17,4),(2,14,10000,0,17,4),(2,15,10000,0,17,4),(2,18,10000,0,17,4),(2,19,10000,0,17,4),(2,20,10000,0,17,4),(2,21,10000,0,17,4),(2,24,10000,0,17,4),(2,25,10000,0,17,4),(2,38,10000,0,17,4),(2,39,10000,0,17,4),(2,40,10000,0,17,4),(2,41,10000,0,17,4),(2,42,10000,0,17,4),(2,43,10000,0,17,4),(2,44,10000,0,17,4),(2,45,10000,0,17,4),(2,46,10000,0,17,4),(2,47,10000,0,17,4),(2,48,10000,0,17,4),(2,49,10000,0,17,4),(2,50,10000,0,17,4),(2,51,10000,0,17,4),(2,52,10000,0,17,4),(2,53,10000,0,17,4),(2,54,10000,0,17,4),(2,55,10000,0,17,4),(2,56,10000,0,17,4),(2,57,10000,0,17,4),(2,58,10000,0,17,4),(2,59,10000,0,17,4),(2,60,10000,0,17,4),(2,61,10000,0,17,4),(2,62,10000,0,17,4),(2,63,10000,0,17,4),(2,64,10000,0,17,4),(2,65,10000,0,17,4),(2,66,10000,0,17,4),(2,67,10000,0,17,4),(2,68,10000,0,17,4),(2,69,10000,0,17,4),(2,70,10000,0,17,4),(2,71,10000,0,17,4),(2,72,10000,0,17,4),(2,73,10000,0,17,4),(2,76,10000,0,17,4),(2,77,10000,0,17,4),(2,78,10000,0,17,4),(2,79,10000,0,17,4),(2,80,10000,0,17,4),(2,81,10000,0,17,4),(2,82,10000,0,17,4),(2,83,10000,0,17,4),(2,84,10000,0,17,4),(2,85,10000,0,17,4),(2,86,10000,0,17,4),(2,87,10000,0,17,4),(2,88,10000,0,17,4),(2,89,10000,0,17,4),(2,90,10000,0,17,4),(2,91,10000,0,17,4),(2,92,10000,0,17,4),(2,93,10000,0,17,4),(2,94,10000,0,17,4),(2,95,10000,0,17,4),(2,96,10000,0,17,4),(2,97,10000,0,17,4),(2,98,10000,0,17,4),(2,99,10000,0,17,4),(2,100,10000,0,17,4),(2,101,10000,0,17,4),(2,102,10000,0,17,4),(2,105,10000,0,17,4),(2,106,10000,0,17,4),(2,107,10000,0,17,4),(3,1,0,1,17,4),(3,2,0,1,17,4),(3,3,0,1,17,4),(3,4,0,1,17,4),(3,5,0,1,17,4),(3,6,0,1,17,4),(3,7,0,1,17,4),(3,8,0,1,17,4),(3,9,0,1,17,4),(3,10,0,1,17,4),(3,11,0,1,17,4),(3,12,0,1,17,4),(3,13,0,1,17,4),(3,14,0,1,17,4),(3,15,0,1,17,4),(3,18,0,1,17,4),(3,19,0,1,17,4),(4,8,0,1,17,4),(4,10,0,1,17,4),(4,20,0,1,17,4),(4,21,0,1,17,4),(4,24,0,1,17,4),(4,25,0,1,17,4),(4,38,0,1,17,4),(4,39,0,1,17,4),(5,46,0,1,17,4),(5,47,0,1,17,4),(5,48,0,1,17,4),(5,49,0,1,17,4),(5,50,0,1,17,4),(5,51,0,1,17,4),(5,73,0,1,17,4),(5,76,0,1,17,4),(5,77,0,1,17,4),(5,78,0,1,17,4),(5,79,0,1,17,4),(5,80,0,1,17,4),(5,81,0,1,17,4),(6,47,0,1,17,4),(6,48,0,1,17,4),(6,52,0,1,17,4),(6,53,0,1,17,4),(6,54,0,1,17,4),(6,55,0,1,17,4),(6,56,0,1,17,4),(6,57,0,1,17,4),(8,3,0,1,17,4),(8,6,0,1,17,4),(8,40,0,1,17,4),(8,41,0,1,17,4),(8,42,0,1,17,4),(8,43,0,1,17,4),(8,44,0,1,17,4),(8,45,0,1,17,4),(9,65,10000,0,17,4),(9,66,10000,0,17,4),(9,67,10000,0,17,4),(9,68,10000,0,17,4),(9,69,10000,0,17,4),(9,70,10000,0,17,4),(9,71,10000,0,17,4),(9,72,10000,0,17,4),(9,82,0,1,17,4),(9,83,0,1,17,4),(9,84,0,1,17,4),(9,85,0,1,17,4),(9,86,0,1,17,4),(9,87,0,1,17,4),(9,88,0,1,17,4),(9,89,0,1,17,4),(9,90,0,1,17,4),(9,91,0,1,17,4),(9,92,0,1,17,4),(9,93,0,1,17,4),(9,94,0,1,17,4),(9,95,0,1,17,4),(9,96,0,1,17,4),(9,97,0,1,17,4),(9,98,0,1,17,4),(9,99,0,1,17,4),(9,100,0,1,17,4),(9,101,0,1,17,4),(9,102,0,1,17,4),(9,105,0,1,17,4),(9,106,0,1,17,4),(9,107,0,1,17,4),(13,58,0,1,17,4),(13,66,0,1,17,4),(15,1,0,1,17,4),(15,2,0,1,17,4),(15,3,0,1,17,4),(15,4,0,1,17,4),(15,5,0,1,17,4),(15,6,0,1,17,4),(15,7,0,1,17,4),(15,8,0,1,17,4),(15,9,0,1,17,4),(15,11,0,1,17,4),(15,12,0,1,17,4),(15,13,0,1,17,4),(15,14,0,1,17,4),(15,15,0,1,17,4),(15,18,0,1,17,4),(15,19,0,1,17,4),(16,10,0,1,17,4),(17,7,0,1,17,4),(17,15,0,1,17,4),(18,3,0,1,17,4),(18,18,0,1,17,4),(19,1,0,1,17,4),(19,4,0,1,17,4),(19,5,0,1,17,4),(19,6,0,1,17,4),(19,8,0,1,17,4),(19,9,0,1,17,4),(19,19,0,1,17,4),(22,12,0,1,17,4),(23,11,0,1,17,4),(24,2,0,1,17,4),(24,13,0,1,17,4),(24,14,0,1,17,4),(27,10,0,1,17,4),(29,40,0,1,17,4),(29,41,0,1,17,4),(29,42,0,1,17,4),(29,43,0,1,17,4),(29,44,0,1,17,4),(29,45,0,1,17,4),(31,41,0,1,17,4),(31,43,0,1,17,4),(33,42,0,1,17,4),(33,44,0,1,17,4),(33,45,0,1,17,4),(34,40,0,1,17,4),(53,20,0,1,17,4),(53,21,0,1,17,4),(53,24,0,1,17,4),(53,25,0,1,17,4),(53,38,0,1,17,4),(53,39,0,1,17,4),(57,47,0,1,17,4),(57,49,0,1,17,4),(57,73,0,1,17,4),(57,76,0,1,17,4),(57,77,0,1,17,4),(57,78,0,1,17,4),(57,79,0,1,17,4),(57,80,0,1,17,4),(57,81,0,1,17,4),(58,46,0,1,17,4),(59,48,0,1,17,4),(59,50,0,1,17,4),(59,51,0,1,17,4),(62,57,0,1,17,4),(63,53,0,1,17,4),(63,54,0,1,17,4),(63,55,0,1,17,4),(64,52,0,1,17,4),(64,56,0,1,17,4),(67,59,0,1,17,4),(67,60,0,1,17,4),(67,61,0,1,17,4),(67,62,0,1,17,4),(67,63,0,1,17,4),(67,64,0,1,17,4),(67,65,0,1,17,4),(67,67,0,1,17,4),(67,68,0,1,17,4),(67,69,0,1,17,4),(67,70,0,1,17,4),(67,71,0,1,17,4),(67,72,0,1,17,4),(73,71,0,1,17,4),(73,72,0,1,17,4),(73,100,0,1,17,4),(73,101,0,1,17,4),(73,102,0,1,17,4),(73,105,0,1,17,4),(73,106,0,1,17,4),(73,107,0,1,17,4),(74,69,0,1,17,4),(74,70,0,1,17,4),(74,94,0,1,17,4),(74,95,0,1,17,4),(74,96,0,1,17,4),(74,97,0,1,17,4),(74,98,0,1,17,4),(74,99,0,1,17,4),(75,67,0,1,17,4),(75,68,0,1,17,4),(75,88,0,1,17,4),(75,89,0,1,17,4),(75,90,0,1,17,4),(75,91,0,1,17,4),(75,92,0,1,17,4),(75,93,0,1,17,4),(76,65,0,1,17,4),(76,66,0,1,17,4),(76,82,0,1,17,4),(76,83,0,1,17,4),(76,84,0,1,17,4),(76,85,0,1,17,4),(76,86,0,1,17,4),(76,87,0,1,17,4);

--
-- Table structure for table `catalog_category_product_index_store18`
--

CREATE TABLE `catalog_category_product_index_store18` (
  `category_id` int(10) unsigned NOT NULL DEFAULT '0' COMMENT 'Category Id',
  `product_id` int(10) unsigned NOT NULL DEFAULT '0' COMMENT 'Product Id',
  `position` int(11) DEFAULT NULL COMMENT 'Position',
  `is_parent` smallint(5) unsigned NOT NULL DEFAULT '0' COMMENT 'Is Parent',
  `store_id` smallint(5) unsigned NOT NULL DEFAULT '0' COMMENT 'Store Id',
  `visibility` smallint(5) unsigned NOT NULL COMMENT 'Visibility',
  PRIMARY KEY (`category_id`,`product_id`,`store_id`),
  KEY `IDX_FE62EE5029D6B6B86BA6422E3BD7D3ED` (`product_id`,`store_id`,`category_id`,`visibility`),
  KEY `IDX_6FD7B35BC5C70623A337127701885011` (`store_id`,`category_id`,`visibility`,`is_parent`,`position`)
) ENGINE=InnoDB DEFAULT CHARSET=utf8 COMMENT='Catalog Category Product Index Store18';

--
-- Dumping data for table `catalog_category_product_index_store18`
--

INSERT INTO `catalog_category_product_index_store18` VALUES (2,1,10000,0,18,4),(2,2,10000,0,18,4),(2,3,10000,0,18,4),(2,4,10000,0,18,4),(2,5,10000,0,18,4),(2,6,10000,0,18,4),(2,7,10000,0,18,4),(2,8,10000,0,18,4),(2,9,10000,0,18,4),(2,10,10000,0,18,4),(2,11,10000,0,18,4),(2,12,10000,0,18,4),(2,13,10000,0,18,4),(2,14,10000,0,18,4),(2,15,10000,0,18,4),(2,18,10000,0,18,4),(2,19,10000,0,18,4),(2,20,10000,0,18,4),(2,21,10000,0,18,4),(2,24,10000,0,18,4),(2,25,10000,0,18,4),(2,38,10000,0,18,4),(2,39,10000,0,18,4),(2,40,10000,0,18,4),(2,41,10000,0,18,4),(2,42,10000,0,18,4),(2,43,10000,0,18,4),(2,44,10000,0,18,4),(2,45,10000,0,18,4),(2,46,10000,0,18,4),(2,47,10000,0,18,4),(2,48,10000,0,18,4),(2,49,10000,0,18,4),(2,50,10000,0,18,4),(2,51,10000,0,18,4),(2,52,10000,0,18,4),(2,53,10000,0,18,4),(2,54,10000,0,18,4),(2,55,10000,0,18,4),(2,56,10000,0,18,4),(2,57,10000,0,18,4),(2,58,10000,0,18,4),(2,59,10000,0,18,4),(2,60,10000,0,18,4),(2,61,10000,0,18,4),(2,62,10000,0,18,4),(2,63,10000,0,18,4),(2,64,10000,0,18,4),(2,65,10000,0,18,4),(2,66,10000,0,18,4),(2,67,10000,0,18,4),(2,68,10000,0,18,4),(2,69,10000,0,18,4),(2,70,10000,0,18,4),(2,71,10000,0,18,4),(2,72,10000,0,18,4),(2,73,10000,0,18,4),(2,76,10000,0,18,4),(2,77,10000,0,18,4),(2,78,10000,0,18,4),(2,79,10000,0,18,4),(2,80,10000,0,18,4),(2,81,10000,0,18,4),(2,82,10000,0,18,4),(2,83,10000,0,18,4),(2,84,10000,0,18,4),(2,85,10000,0,18,4),(2,86,10000,0,18,4),(2,87,10000,0,18,4),(2,88,10000,0,18,4),(2,89,10000,0,18,4),(2,90,10000,0,18,4),(2,91,10000,0,18,4),(2,92,10000,0,18,4),(2,93,10000,0,18,4),(2,94,10000,0,18,4),(2,95,10000,0,18,4),(2,96,10000,0,18,4),(2,97,10000,0,18,4),(2,98,10000,0,18,4),(2,99,10000,0,18,4),(2,100,10000,0,18,4),(2,101,10000,0,18,4),(2,102,10000,0,18,4),(2,105,10000,0,18,4),(2,106,10000,0,18,4),(2,107,10000,0,18,4),(3,1,0,1,18,4),(3,2,0,1,18,4),(3,3,0,1,18,4),(3,4,0,1,18,4),(3,5,0,1,18,4),(3,6,0,1,18,4),(3,7,0,1,18,4),(3,8,0,1,18,4),(3,9,0,1,18,4),(3,10,0,1,18,4),(3,11,0,1,18,4),(3,12,0,1,18,4),(3,13,0,1,18,4),(3,14,0,1,18,4),(3,15,0,1,18,4),(3,18,0,1,18,4),(3,19,0,1,18,4),(4,8,0,1,18,4),(4,10,0,1,18,4),(4,20,0,1,18,4),(4,21,0,1,18,4),(4,24,0,1,18,4),(4,25,0,1,18,4),(4,38,0,1,18,4),(4,39,0,1,18,4),(5,46,0,1,18,4),(5,47,0,1,18,4),(5,48,0,1,18,4),(5,49,0,1,18,4),(5,50,0,1,18,4),(5,51,0,1,18,4),(5,73,0,1,18,4),(5,76,0,1,18,4),(5,77,0,1,18,4),(5,78,0,1,18,4),(5,79,0,1,18,4),(5,80,0,1,18,4),(5,81,0,1,18,4),(6,47,0,1,18,4),(6,48,0,1,18,4),(6,52,0,1,18,4),(6,53,0,1,18,4),(6,54,0,1,18,4),(6,55,0,1,18,4),(6,56,0,1,18,4),(6,57,0,1,18,4),(8,3,0,1,18,4),(8,6,0,1,18,4),(8,40,0,1,18,4),(8,41,0,1,18,4),(8,42,0,1,18,4),(8,43,0,1,18,4),(8,44,0,1,18,4),(8,45,0,1,18,4),(9,65,10000,0,18,4),(9,66,10000,0,18,4),(9,67,10000,0,18,4),(9,68,10000,0,18,4),(9,69,10000,0,18,4),(9,70,10000,0,18,4),(9,71,10000,0,18,4),(9,72,10000,0,18,4),(9,82,0,1,18,4),(9,83,0,1,18,4),(9,84,0,1,18,4),(9,85,0,1,18,4),(9,86,0,1,18,4),(9,87,0,1,18,4),(9,88,0,1,18,4),(9,89,0,1,18,4),(9,90,0,1,18,4),(9,91,0,1,18,4),(9,92,0,1,18,4),(9,93,0,1,18,4),(9,94,0,1,18,4),(9,95,0,1,18,4),(9,96,0,1,18,4),(9,97,0,1,18,4),(9,98,0,1,18,4),(9,99,0,1,18,4),(9,100,0,1,18,4),(9,101,0,1,18,4),(9,102,0,1,18,4),(9,105,0,1,18,4),(9,106,0,1,18,4),(9,107,0,1,18,4),(13,58,0,1,18,4),(13,66,0,1,18,4),(15,1,0,1,18,4),(15,2,0,1,18,4),(15,3,0,1,18,4),(15,4,0,1,18,4),(15,5,0,1,18,4),(15,6,0,1,18,4),(15,7,0,1,18,4),(15,8,0,1,18,4),(15,9,0,1,18,4),(15,11,0,1,18,4),(15,12,0,1,18,4),(15,13,0,1,18,4),(15,14,0,1,18,4),(15,15,0,1,18,4),(15,18,0,1,18,4),(15,19,0,1,18,4),(16,10,0,1,18,4),(17,7,0,1,18,4),(17,15,0,1,18,4),(18,3,0,1,18,4),(18,18,0,1,18,4),(19,1,0,1,18,4),(19,4,0,1,18,4),(19,5,0,1,18,4),(19,6,0,1,18,4),(19,8,0,1,18,4),(19,9,0,1,18,4),(19,19,0,1,18,4),(22,12,0,1,18,4),(23,11,0,1,18,4),(24,2,0,1,18,4),(24,13,0,1,18,4),(24,14,0,1,18,4),(27,10,0,1,18,4),(29,40,0,1,18,4),(29,41,0,1,18,4),(29,42,0,1,18,4),(29,43,0,1,18,4),(29,44,0,1,18,4),(29,45,0,1,18,4),(31,41,0,1,18,4),(31,43,0,1,18,4),(33,42,0,1,18,4),(33,44,0,1,18,4),(33,45,0,1,18,4),(34,40,0,1,18,4),(53,20,0,1,18,4),(53,21,0,1,18,4),(53,24,0,1,18,4),(53,25,0,1,18,4),(53,38,0,1,18,4),(53,39,0,1,18,4),(57,47,0,1,18,4),(57,49,0,1,18,4),(57,73,0,1,18,4),(57,76,0,1,18,4),(57,77,0,1,18,4),(57,78,0,1,18,4),(57,79,0,1,18,4),(57,80,0,1,18,4),(57,81,0,1,18,4),(58,46,0,1,18,4),(59,48,0,1,18,4),(59,50,0,1,18,4),(59,51,0,1,18,4),(62,57,0,1,18,4),(63,53,0,1,18,4),(63,54,0,1,18,4),(63,55,0,1,18,4),(64,52,0,1,18,4),(64,56,0,1,18,4),(67,59,0,1,18,4),(67,60,0,1,18,4),(67,61,0,1,18,4),(67,62,0,1,18,4),(67,63,0,1,18,4),(67,64,0,1,18,4),(67,65,0,1,18,4),(67,67,0,1,18,4),(67,68,0,1,18,4),(67,69,0,1,18,4),(67,70,0,1,18,4),(67,71,0,1,18,4),(67,72,0,1,18,4),(73,71,0,1,18,4),(73,72,0,1,18,4),(73,100,0,1,18,4),(73,101,0,1,18,4),(73,102,0,1,18,4),(73,105,0,1,18,4),(73,106,0,1,18,4),(73,107,0,1,18,4),(74,69,0,1,18,4),(74,70,0,1,18,4),(74,94,0,1,18,4),(74,95,0,1,18,4),(74,96,0,1,18,4),(74,97,0,1,18,4),(74,98,0,1,18,4),(74,99,0,1,18,4),(75,67,0,1,18,4),(75,68,0,1,18,4),(75,88,0,1,18,4),(75,89,0,1,18,4),(75,90,0,1,18,4),(75,91,0,1,18,4),(75,92,0,1,18,4),(75,93,0,1,18,4),(76,65,0,1,18,4),(76,66,0,1,18,4),(76,82,0,1,18,4),(76,83,0,1,18,4),(76,84,0,1,18,4),(76,85,0,1,18,4),(76,86,0,1,18,4),(76,87,0,1,18,4);

--
-- Table structure for table `catalog_category_product_index_store18_replica`
--

CREATE TABLE `catalog_category_product_index_store18_replica` (
  `category_id` int(10) unsigned NOT NULL DEFAULT '0' COMMENT 'Category Id',
  `product_id` int(10) unsigned NOT NULL DEFAULT '0' COMMENT 'Product Id',
  `position` int(11) DEFAULT NULL COMMENT 'Position',
  `is_parent` smallint(5) unsigned NOT NULL DEFAULT '0' COMMENT 'Is Parent',
  `store_id` smallint(5) unsigned NOT NULL DEFAULT '0' COMMENT 'Store Id',
  `visibility` smallint(5) unsigned NOT NULL COMMENT 'Visibility',
  PRIMARY KEY (`category_id`,`product_id`,`store_id`),
  KEY `CAT_CTGR_PRD_IDX_STORE18_PRD_ID_STORE_ID_CTGR_ID_VISIBILITY` (`product_id`,`store_id`,`category_id`,`visibility`),
  KEY `IDX_3AC23404BB83160D5EE72D270D5C65B0` (`store_id`,`category_id`,`visibility`,`is_parent`,`position`)
) ENGINE=InnoDB DEFAULT CHARSET=utf8 COMMENT='Catalog Category Product Index Store18 Replica';

--
-- Dumping data for table `catalog_category_product_index_store18_replica`
--

INSERT INTO `catalog_category_product_index_store18_replica` VALUES (2,1,10000,0,18,4),(2,2,10000,0,18,4),(2,3,10000,0,18,4),(2,4,10000,0,18,4),(2,5,10000,0,18,4),(2,6,10000,0,18,4),(2,7,10000,0,18,4),(2,8,10000,0,18,4),(2,9,10000,0,18,4),(2,10,10000,0,18,4),(2,11,10000,0,18,4),(2,12,10000,0,18,4),(2,13,10000,0,18,4),(2,14,10000,0,18,4),(2,15,10000,0,18,4),(2,18,10000,0,18,4),(2,19,10000,0,18,4),(2,20,10000,0,18,4),(2,21,10000,0,18,4),(2,24,10000,0,18,4),(2,25,10000,0,18,4),(2,38,10000,0,18,4),(2,39,10000,0,18,4),(2,40,10000,0,18,4),(2,41,10000,0,18,4),(2,42,10000,0,18,4),(2,43,10000,0,18,4),(2,44,10000,0,18,4),(2,45,10000,0,18,4),(2,46,10000,0,18,4),(2,47,10000,0,18,4),(2,48,10000,0,18,4),(2,49,10000,0,18,4),(2,50,10000,0,18,4),(2,51,10000,0,18,4),(2,52,10000,0,18,4),(2,53,10000,0,18,4),(2,54,10000,0,18,4),(2,55,10000,0,18,4),(2,56,10000,0,18,4),(2,57,10000,0,18,4),(2,58,10000,0,18,4),(2,59,10000,0,18,4),(2,60,10000,0,18,4),(2,61,10000,0,18,4),(2,62,10000,0,18,4),(2,63,10000,0,18,4),(2,64,10000,0,18,4),(2,65,10000,0,18,4),(2,66,10000,0,18,4),(2,67,10000,0,18,4),(2,68,10000,0,18,4),(2,69,10000,0,18,4),(2,70,10000,0,18,4),(2,71,10000,0,18,4),(2,72,10000,0,18,4),(2,73,10000,0,18,4),(2,76,10000,0,18,4),(2,77,10000,0,18,4),(2,78,10000,0,18,4),(2,79,10000,0,18,4),(2,80,10000,0,18,4),(2,81,10000,0,18,4),(2,82,10000,0,18,4),(2,83,10000,0,18,4),(2,84,10000,0,18,4),(2,85,10000,0,18,4),(2,86,10000,0,18,4),(2,87,10000,0,18,4),(2,88,10000,0,18,4),(2,89,10000,0,18,4),(2,90,10000,0,18,4),(2,91,10000,0,18,4),(2,92,10000,0,18,4),(2,93,10000,0,18,4),(2,94,10000,0,18,4),(2,95,10000,0,18,4),(2,96,10000,0,18,4),(2,97,10000,0,18,4),(2,98,10000,0,18,4),(2,99,10000,0,18,4),(2,100,10000,0,18,4),(2,101,10000,0,18,4),(2,102,10000,0,18,4),(2,105,10000,0,18,4),(2,106,10000,0,18,4),(2,107,10000,0,18,4),(3,1,0,1,18,4),(3,2,0,1,18,4),(3,3,0,1,18,4),(3,4,0,1,18,4),(3,5,0,1,18,4),(3,6,0,1,18,4),(3,7,0,1,18,4),(3,8,0,1,18,4),(3,9,0,1,18,4),(3,10,0,1,18,4),(3,11,0,1,18,4),(3,12,0,1,18,4),(3,13,0,1,18,4),(3,14,0,1,18,4),(3,15,0,1,18,4),(3,18,0,1,18,4),(3,19,0,1,18,4),(4,8,0,1,18,4),(4,10,0,1,18,4),(4,20,0,1,18,4),(4,21,0,1,18,4),(4,24,0,1,18,4),(4,25,0,1,18,4),(4,38,0,1,18,4),(4,39,0,1,18,4),(5,46,0,1,18,4),(5,47,0,1,18,4),(5,48,0,1,18,4),(5,49,0,1,18,4),(5,50,0,1,18,4),(5,51,0,1,18,4),(5,73,0,1,18,4),(5,76,0,1,18,4),(5,77,0,1,18,4),(5,78,0,1,18,4),(5,79,0,1,18,4),(5,80,0,1,18,4),(5,81,0,1,18,4),(6,47,0,1,18,4),(6,48,0,1,18,4),(6,52,0,1,18,4),(6,53,0,1,18,4),(6,54,0,1,18,4),(6,55,0,1,18,4),(6,56,0,1,18,4),(6,57,0,1,18,4),(8,3,0,1,18,4),(8,6,0,1,18,4),(8,40,0,1,18,4),(8,41,0,1,18,4),(8,42,0,1,18,4),(8,43,0,1,18,4),(8,44,0,1,18,4),(8,45,0,1,18,4),(9,65,10000,0,18,4),(9,66,10000,0,18,4),(9,67,10000,0,18,4),(9,68,10000,0,18,4),(9,69,10000,0,18,4),(9,70,10000,0,18,4),(9,71,10000,0,18,4),(9,72,10000,0,18,4),(9,82,0,1,18,4),(9,83,0,1,18,4),(9,84,0,1,18,4),(9,85,0,1,18,4),(9,86,0,1,18,4),(9,87,0,1,18,4),(9,88,0,1,18,4),(9,89,0,1,18,4),(9,90,0,1,18,4),(9,91,0,1,18,4),(9,92,0,1,18,4),(9,93,0,1,18,4),(9,94,0,1,18,4),(9,95,0,1,18,4),(9,96,0,1,18,4),(9,97,0,1,18,4),(9,98,0,1,18,4),(9,99,0,1,18,4),(9,100,0,1,18,4),(9,101,0,1,18,4),(9,102,0,1,18,4),(9,105,0,1,18,4),(9,106,0,1,18,4),(9,107,0,1,18,4),(13,58,0,1,18,4),(13,66,0,1,18,4),(15,1,0,1,18,4),(15,2,0,1,18,4),(15,3,0,1,18,4),(15,4,0,1,18,4),(15,5,0,1,18,4),(15,6,0,1,18,4),(15,7,0,1,18,4),(15,8,0,1,18,4),(15,9,0,1,18,4),(15,11,0,1,18,4),(15,12,0,1,18,4),(15,13,0,1,18,4),(15,14,0,1,18,4),(15,15,0,1,18,4),(15,18,0,1,18,4),(15,19,0,1,18,4),(16,10,0,1,18,4),(17,7,0,1,18,4),(17,15,0,1,18,4),(18,3,0,1,18,4),(18,18,0,1,18,4),(19,1,0,1,18,4),(19,4,0,1,18,4),(19,5,0,1,18,4),(19,6,0,1,18,4),(19,8,0,1,18,4),(19,9,0,1,18,4),(19,19,0,1,18,4),(22,12,0,1,18,4),(23,11,0,1,18,4),(24,2,0,1,18,4),(24,13,0,1,18,4),(24,14,0,1,18,4),(27,10,0,1,18,4),(29,40,0,1,18,4),(29,41,0,1,18,4),(29,42,0,1,18,4),(29,43,0,1,18,4),(29,44,0,1,18,4),(29,45,0,1,18,4),(31,41,0,1,18,4),(31,43,0,1,18,4),(33,42,0,1,18,4),(33,44,0,1,18,4),(33,45,0,1,18,4),(34,40,0,1,18,4),(53,20,0,1,18,4),(53,21,0,1,18,4),(53,24,0,1,18,4),(53,25,0,1,18,4),(53,38,0,1,18,4),(53,39,0,1,18,4),(57,47,0,1,18,4),(57,49,0,1,18,4),(57,73,0,1,18,4),(57,76,0,1,18,4),(57,77,0,1,18,4),(57,78,0,1,18,4),(57,79,0,1,18,4),(57,80,0,1,18,4),(57,81,0,1,18,4),(58,46,0,1,18,4),(59,48,0,1,18,4),(59,50,0,1,18,4),(59,51,0,1,18,4),(62,57,0,1,18,4),(63,53,0,1,18,4),(63,54,0,1,18,4),(63,55,0,1,18,4),(64,52,0,1,18,4),(64,56,0,1,18,4),(67,59,0,1,18,4),(67,60,0,1,18,4),(67,61,0,1,18,4),(67,62,0,1,18,4),(67,63,0,1,18,4),(67,64,0,1,18,4),(67,65,0,1,18,4),(67,67,0,1,18,4),(67,68,0,1,18,4),(67,69,0,1,18,4),(67,70,0,1,18,4),(67,71,0,1,18,4),(67,72,0,1,18,4),(73,71,0,1,18,4),(73,72,0,1,18,4),(73,100,0,1,18,4),(73,101,0,1,18,4),(73,102,0,1,18,4),(73,105,0,1,18,4),(73,106,0,1,18,4),(73,107,0,1,18,4),(74,69,0,1,18,4),(74,70,0,1,18,4),(74,94,0,1,18,4),(74,95,0,1,18,4),(74,96,0,1,18,4),(74,97,0,1,18,4),(74,98,0,1,18,4),(74,99,0,1,18,4),(75,67,0,1,18,4),(75,68,0,1,18,4),(75,88,0,1,18,4),(75,89,0,1,18,4),(75,90,0,1,18,4),(75,91,0,1,18,4),(75,92,0,1,18,4),(75,93,0,1,18,4),(76,65,0,1,18,4),(76,66,0,1,18,4),(76,82,0,1,18,4),(76,83,0,1,18,4),(76,84,0,1,18,4),(76,85,0,1,18,4),(76,86,0,1,18,4),(76,87,0,1,18,4);

--
-- Table structure for table `catalog_category_product_index_store1_replica`
--

CREATE TABLE `catalog_category_product_index_store1_replica` (
  `category_id` int(10) unsigned NOT NULL DEFAULT '0' COMMENT 'Category Id',
  `product_id` int(10) unsigned NOT NULL DEFAULT '0' COMMENT 'Product Id',
  `position` int(11) DEFAULT NULL COMMENT 'Position',
  `is_parent` smallint(5) unsigned NOT NULL DEFAULT '0' COMMENT 'Is Parent',
  `store_id` smallint(5) unsigned NOT NULL DEFAULT '0' COMMENT 'Store Id',
  `visibility` smallint(5) unsigned NOT NULL COMMENT 'Visibility',
  PRIMARY KEY (`category_id`,`product_id`,`store_id`),
  KEY `CAT_CTGR_PRD_IDX_STORE1_PRD_ID_STORE_ID_CTGR_ID_VISIBILITY` (`product_id`,`store_id`,`category_id`,`visibility`),
  KEY `IDX_216E521C8AD125E066D2B0BAB4A08412` (`store_id`,`category_id`,`visibility`,`is_parent`,`position`)
) ENGINE=InnoDB DEFAULT CHARSET=utf8 COMMENT='Catalog Category Product Index Store1 Replica';

--
-- Dumping data for table `catalog_category_product_index_store1_replica`
--

INSERT INTO `catalog_category_product_index_store1_replica` VALUES (2,1,10000,0,1,4),(2,2,10000,0,1,4),(2,3,10000,0,1,4),(2,4,10000,0,1,4),(2,5,10000,0,1,4),(2,6,10000,0,1,4),(2,7,10000,0,1,4),(2,8,10000,0,1,4),(2,9,10000,0,1,4),(2,10,10000,0,1,4),(2,11,10000,0,1,4),(2,12,10000,0,1,4),(2,13,10000,0,1,4),(2,14,10000,0,1,4),(2,15,10000,0,1,4),(2,18,10000,0,1,4),(2,19,10000,0,1,4),(2,20,10000,0,1,4),(2,21,10000,0,1,4),(2,24,10000,0,1,4),(2,25,10000,0,1,4),(2,38,10000,0,1,4),(2,39,10000,0,1,4),(2,40,10000,0,1,4),(2,41,10000,0,1,4),(2,42,10000,0,1,4),(2,43,10000,0,1,4),(2,44,10000,0,1,4),(2,45,10000,0,1,4),(2,46,10000,0,1,4),(2,47,10000,0,1,4),(2,48,10000,0,1,4),(2,49,10000,0,1,4),(2,50,10000,0,1,4),(2,51,10000,0,1,4),(2,52,10000,0,1,4),(2,53,10000,0,1,4),(2,54,10000,0,1,4),(2,55,10000,0,1,4),(2,56,10000,0,1,4),(2,57,10000,0,1,4),(2,58,10000,0,1,4),(2,59,10000,0,1,4),(2,60,10000,0,1,4),(2,61,10000,0,1,4),(2,62,10000,0,1,4),(2,63,10000,0,1,4),(2,64,10000,0,1,4),(2,65,10000,0,1,4),(2,66,10000,0,1,4),(2,67,10000,0,1,4),(2,68,10000,0,1,4),(2,69,10000,0,1,4),(2,70,10000,0,1,4),(2,71,10000,0,1,4),(2,72,10000,0,1,4),(2,73,10000,0,1,4),(2,76,10000,0,1,4),(2,77,10000,0,1,4),(2,78,10000,0,1,4),(2,79,10000,0,1,4),(2,80,10000,0,1,4),(2,81,10000,0,1,4),(2,82,10000,0,1,4),(2,83,10000,0,1,4),(2,84,10000,0,1,4),(2,85,10000,0,1,4),(2,86,10000,0,1,4),(2,87,10000,0,1,4),(2,88,10000,0,1,4),(2,89,10000,0,1,4),(2,90,10000,0,1,4),(2,91,10000,0,1,4),(2,92,10000,0,1,4),(2,93,10000,0,1,4),(2,94,10000,0,1,4),(2,95,10000,0,1,4),(2,96,10000,0,1,4),(2,97,10000,0,1,4),(2,98,10000,0,1,4),(2,99,10000,0,1,4),(2,100,10000,0,1,4),(2,101,10000,0,1,4),(2,102,10000,0,1,4),(2,105,10000,0,1,4),(2,106,10000,0,1,4),(2,107,10000,0,1,4),(3,1,0,1,1,4),(3,2,0,1,1,4),(3,3,0,1,1,4),(3,4,0,1,1,4),(3,5,0,1,1,4),(3,6,0,1,1,4),(3,7,0,1,1,4),(3,8,0,1,1,4),(3,9,0,1,1,4),(3,10,0,1,1,4),(3,11,0,1,1,4),(3,12,0,1,1,4),(3,13,0,1,1,4),(3,14,0,1,1,4),(3,15,0,1,1,4),(3,18,0,1,1,4),(3,19,0,1,1,4),(4,8,0,1,1,4),(4,10,0,1,1,4),(4,20,0,1,1,4),(4,21,0,1,1,4),(4,24,0,1,1,4),(4,25,0,1,1,4),(4,38,0,1,1,4),(4,39,0,1,1,4),(5,46,0,1,1,4),(5,47,0,1,1,4),(5,48,0,1,1,4),(5,49,0,1,1,4),(5,50,0,1,1,4),(5,51,0,1,1,4),(5,73,0,1,1,4),(5,76,0,1,1,4),(5,77,0,1,1,4),(5,78,0,1,1,4),(5,79,0,1,1,4),(5,80,0,1,1,4),(5,81,0,1,1,4),(6,47,0,1,1,4),(6,48,0,1,1,4),(6,52,0,1,1,4),(6,53,0,1,1,4),(6,54,0,1,1,4),(6,55,0,1,1,4),(6,56,0,1,1,4),(6,57,0,1,1,4),(8,3,0,1,1,4),(8,6,0,1,1,4),(8,40,0,1,1,4),(8,41,0,1,1,4),(8,42,0,1,1,4),(8,43,0,1,1,4),(8,44,0,1,1,4),(8,45,0,1,1,4),(9,65,10000,0,1,4),(9,66,10000,0,1,4),(9,67,10000,0,1,4),(9,68,10000,0,1,4),(9,69,10000,0,1,4),(9,70,10000,0,1,4),(9,71,10000,0,1,4),(9,72,10000,0,1,4),(9,82,0,1,1,4),(9,83,0,1,1,4),(9,84,0,1,1,4),(9,85,0,1,1,4),(9,86,0,1,1,4),(9,87,0,1,1,4),(9,88,0,1,1,4),(9,89,0,1,1,4),(9,90,0,1,1,4),(9,91,0,1,1,4),(9,92,0,1,1,4),(9,93,0,1,1,4),(9,94,0,1,1,4),(9,95,0,1,1,4),(9,96,0,1,1,4),(9,97,0,1,1,4),(9,98,0,1,1,4),(9,99,0,1,1,4),(9,100,0,1,1,4),(9,101,0,1,1,4),(9,102,0,1,1,4),(9,105,0,1,1,4),(9,106,0,1,1,4),(9,107,0,1,1,4),(13,58,0,1,1,4),(13,66,0,1,1,4),(15,1,0,1,1,4),(15,2,0,1,1,4),(15,3,0,1,1,4),(15,4,0,1,1,4),(15,5,0,1,1,4),(15,6,0,1,1,4),(15,7,0,1,1,4),(15,8,0,1,1,4),(15,9,0,1,1,4),(15,11,0,1,1,4),(15,12,0,1,1,4),(15,13,0,1,1,4),(15,14,0,1,1,4),(15,15,0,1,1,4),(15,18,0,1,1,4),(15,19,0,1,1,4),(16,10,0,1,1,4),(17,7,0,1,1,4),(17,15,0,1,1,4),(18,3,0,1,1,4),(18,18,0,1,1,4),(19,1,0,1,1,4),(19,4,0,1,1,4),(19,5,0,1,1,4),(19,6,0,1,1,4),(19,8,0,1,1,4),(19,9,0,1,1,4),(19,19,0,1,1,4),(22,12,0,1,1,4),(23,11,0,1,1,4),(24,2,0,1,1,4),(24,13,0,1,1,4),(24,14,0,1,1,4),(27,10,0,1,1,4),(29,40,0,1,1,4),(29,41,0,1,1,4),(29,42,0,1,1,4),(29,43,0,1,1,4),(29,44,0,1,1,4),(29,45,0,1,1,4),(31,41,0,1,1,4),(31,43,0,1,1,4),(33,42,0,1,1,4),(33,44,0,1,1,4),(33,45,0,1,1,4),(34,40,0,1,1,4),(53,20,0,1,1,4),(53,21,0,1,1,4),(53,24,0,1,1,4),(53,25,0,1,1,4),(53,38,0,1,1,4),(53,39,0,1,1,4),(57,47,0,1,1,4),(57,49,0,1,1,4),(57,73,0,1,1,4),(57,76,0,1,1,4),(57,77,0,1,1,4),(57,78,0,1,1,4),(57,79,0,1,1,4),(57,80,0,1,1,4),(57,81,0,1,1,4),(58,46,0,1,1,4),(59,48,0,1,1,4),(59,50,0,1,1,4),(59,51,0,1,1,4),(62,57,0,1,1,4),(63,53,0,1,1,4),(63,54,0,1,1,4),(63,55,0,1,1,4),(64,52,0,1,1,4),(64,56,0,1,1,4),(67,59,0,1,1,4),(67,60,0,1,1,4),(67,61,0,1,1,4),(67,62,0,1,1,4),(67,63,0,1,1,4),(67,64,0,1,1,4),(67,65,0,1,1,4),(67,67,0,1,1,4),(67,68,0,1,1,4),(67,69,0,1,1,4),(67,70,0,1,1,4),(67,71,0,1,1,4),(67,72,0,1,1,4),(73,71,0,1,1,4),(73,72,0,1,1,4),(73,100,0,1,1,4),(73,101,0,1,1,4),(73,102,0,1,1,4),(73,105,0,1,1,4),(73,106,0,1,1,4),(73,107,0,1,1,4),(74,69,0,1,1,4),(74,70,0,1,1,4),(74,94,0,1,1,4),(74,95,0,1,1,4),(74,96,0,1,1,4),(74,97,0,1,1,4),(74,98,0,1,1,4),(74,99,0,1,1,4),(75,67,0,1,1,4),(75,68,0,1,1,4),(75,88,0,1,1,4),(75,89,0,1,1,4),(75,90,0,1,1,4),(75,91,0,1,1,4),(75,92,0,1,1,4),(75,93,0,1,1,4),(76,65,0,1,1,4),(76,66,0,1,1,4),(76,82,0,1,1,4),(76,83,0,1,1,4),(76,84,0,1,1,4),(76,85,0,1,1,4),(76,86,0,1,1,4),(76,87,0,1,1,4);

--
-- Table structure for table `catalog_category_product_index_store2`
--

CREATE TABLE `catalog_category_product_index_store2` (
  `category_id` int(10) unsigned NOT NULL DEFAULT '0' COMMENT 'Category Id',
  `product_id` int(10) unsigned NOT NULL DEFAULT '0' COMMENT 'Product Id',
  `position` int(11) DEFAULT NULL COMMENT 'Position',
  `is_parent` smallint(5) unsigned NOT NULL DEFAULT '0' COMMENT 'Is Parent',
  `store_id` smallint(5) unsigned NOT NULL DEFAULT '0' COMMENT 'Store Id',
  `visibility` smallint(5) unsigned NOT NULL COMMENT 'Visibility',
  PRIMARY KEY (`category_id`,`product_id`,`store_id`),
  KEY `IDX_87FCED52F67C72BB6992C79EB4DCFA8A` (`product_id`,`store_id`,`category_id`,`visibility`),
  KEY `IDX_15B841C92B67D986A980051DF109F9D1` (`store_id`,`category_id`,`visibility`,`is_parent`,`position`)
) ENGINE=InnoDB DEFAULT CHARSET=utf8 COMMENT='Catalog Category Product Index Store2';

--
-- Dumping data for table `catalog_category_product_index_store2`
--

INSERT INTO `catalog_category_product_index_store2` VALUES (2,1,10000,0,2,4),(2,2,10000,0,2,4),(2,3,10000,0,2,4),(2,4,10000,0,2,4),(2,5,10000,0,2,4),(2,6,10000,0,2,4),(2,7,10000,0,2,4),(2,8,10000,0,2,4),(2,9,10000,0,2,4),(2,10,10000,0,2,4),(2,11,10000,0,2,4),(2,12,10000,0,2,4),(2,13,10000,0,2,4),(2,14,10000,0,2,4),(2,15,10000,0,2,4),(2,18,10000,0,2,4),(2,19,10000,0,2,4),(2,20,10000,0,2,4),(2,21,10000,0,2,4),(2,24,10000,0,2,4),(2,25,10000,0,2,4),(2,38,10000,0,2,4),(2,39,10000,0,2,4),(2,40,10000,0,2,4),(2,41,10000,0,2,4),(2,42,10000,0,2,4),(2,43,10000,0,2,4),(2,44,10000,0,2,4),(2,45,10000,0,2,4),(2,46,10000,0,2,4),(2,47,10000,0,2,4),(2,48,10000,0,2,4),(2,49,10000,0,2,4),(2,50,10000,0,2,4),(2,51,10000,0,2,4),(2,52,10000,0,2,4),(2,53,10000,0,2,4),(2,54,10000,0,2,4),(2,55,10000,0,2,4),(2,56,10000,0,2,4),(2,57,10000,0,2,4),(2,58,10000,0,2,4),(2,59,10000,0,2,4),(2,60,10000,0,2,4),(2,61,10000,0,2,4),(2,62,10000,0,2,4),(2,63,10000,0,2,4),(2,64,10000,0,2,4),(2,65,10000,0,2,4),(2,66,10000,0,2,4),(2,67,10000,0,2,4),(2,68,10000,0,2,4),(2,69,10000,0,2,4),(2,70,10000,0,2,4),(2,71,10000,0,2,4),(2,72,10000,0,2,4),(2,73,10000,0,2,4),(2,76,10000,0,2,4),(2,77,10000,0,2,4),(2,78,10000,0,2,4),(2,79,10000,0,2,4),(2,80,10000,0,2,4),(2,81,10000,0,2,4),(2,82,10000,0,2,4),(2,83,10000,0,2,4),(2,84,10000,0,2,4),(2,85,10000,0,2,4),(2,86,10000,0,2,4),(2,87,10000,0,2,4),(2,88,10000,0,2,4),(2,89,10000,0,2,4),(2,90,10000,0,2,4),(2,91,10000,0,2,4),(2,92,10000,0,2,4),(2,93,10000,0,2,4),(2,94,10000,0,2,4),(2,95,10000,0,2,4),(2,96,10000,0,2,4),(2,97,10000,0,2,4),(2,98,10000,0,2,4),(2,99,10000,0,2,4),(2,100,10000,0,2,4),(2,101,10000,0,2,4),(2,102,10000,0,2,4),(2,105,10000,0,2,4),(2,106,10000,0,2,4),(2,107,10000,0,2,4),(3,1,0,1,2,4),(3,2,0,1,2,4),(3,3,0,1,2,4),(3,4,0,1,2,4),(3,5,0,1,2,4),(3,6,0,1,2,4),(3,7,0,1,2,4),(3,8,0,1,2,4),(3,9,0,1,2,4),(3,10,0,1,2,4),(3,11,0,1,2,4),(3,12,0,1,2,4),(3,13,0,1,2,4),(3,14,0,1,2,4),(3,15,0,1,2,4),(3,18,0,1,2,4),(3,19,0,1,2,4),(4,8,0,1,2,4),(4,10,0,1,2,4),(4,20,0,1,2,4),(4,21,0,1,2,4),(4,24,0,1,2,4),(4,25,0,1,2,4),(4,38,0,1,2,4),(4,39,0,1,2,4),(5,46,0,1,2,4),(5,47,0,1,2,4),(5,48,0,1,2,4),(5,49,0,1,2,4),(5,50,0,1,2,4),(5,51,0,1,2,4),(5,73,0,1,2,4),(5,76,0,1,2,4),(5,77,0,1,2,4),(5,78,0,1,2,4),(5,79,0,1,2,4),(5,80,0,1,2,4),(5,81,0,1,2,4),(6,47,0,1,2,4),(6,48,0,1,2,4),(6,52,0,1,2,4),(6,53,0,1,2,4),(6,54,0,1,2,4),(6,55,0,1,2,4),(6,56,0,1,2,4),(6,57,0,1,2,4),(8,3,0,1,2,4),(8,6,0,1,2,4),(8,40,0,1,2,4),(8,41,0,1,2,4),(8,42,0,1,2,4),(8,43,0,1,2,4),(8,44,0,1,2,4),(8,45,0,1,2,4),(9,65,10000,0,2,4),(9,66,10000,0,2,4),(9,67,10000,0,2,4),(9,68,10000,0,2,4),(9,69,10000,0,2,4),(9,70,10000,0,2,4),(9,71,10000,0,2,4),(9,72,10000,0,2,4),(9,82,0,1,2,4),(9,83,0,1,2,4),(9,84,0,1,2,4),(9,85,0,1,2,4),(9,86,0,1,2,4),(9,87,0,1,2,4),(9,88,0,1,2,4),(9,89,0,1,2,4),(9,90,0,1,2,4),(9,91,0,1,2,4),(9,92,0,1,2,4),(9,93,0,1,2,4),(9,94,0,1,2,4),(9,95,0,1,2,4),(9,96,0,1,2,4),(9,97,0,1,2,4),(9,98,0,1,2,4),(9,99,0,1,2,4),(9,100,0,1,2,4),(9,101,0,1,2,4),(9,102,0,1,2,4),(9,105,0,1,2,4),(9,106,0,1,2,4),(9,107,0,1,2,4),(13,58,0,1,2,4),(13,66,0,1,2,4),(15,1,0,1,2,4),(15,2,0,1,2,4),(15,3,0,1,2,4),(15,4,0,1,2,4),(15,5,0,1,2,4),(15,6,0,1,2,4),(15,7,0,1,2,4),(15,8,0,1,2,4),(15,9,0,1,2,4),(15,11,0,1,2,4),(15,12,0,1,2,4),(15,13,0,1,2,4),(15,14,0,1,2,4),(15,15,0,1,2,4),(15,18,0,1,2,4),(15,19,0,1,2,4),(16,10,0,1,2,4),(17,7,0,1,2,4),(17,15,0,1,2,4),(18,3,0,1,2,4),(18,18,0,1,2,4),(19,1,0,1,2,4),(19,4,0,1,2,4),(19,5,0,1,2,4),(19,6,0,1,2,4),(19,8,0,1,2,4),(19,9,0,1,2,4),(19,19,0,1,2,4),(22,12,0,1,2,4),(23,11,0,1,2,4),(24,2,0,1,2,4),(24,13,0,1,2,4),(24,14,0,1,2,4),(27,10,0,1,2,4),(29,40,0,1,2,4),(29,41,0,1,2,4),(29,42,0,1,2,4),(29,43,0,1,2,4),(29,44,0,1,2,4),(29,45,0,1,2,4),(31,41,0,1,2,4),(31,43,0,1,2,4),(33,42,0,1,2,4),(33,44,0,1,2,4),(33,45,0,1,2,4),(34,40,0,1,2,4),(53,20,0,1,2,4),(53,21,0,1,2,4),(53,24,0,1,2,4),(53,25,0,1,2,4),(53,38,0,1,2,4),(53,39,0,1,2,4),(57,47,0,1,2,4),(57,49,0,1,2,4),(57,73,0,1,2,4),(57,76,0,1,2,4),(57,77,0,1,2,4),(57,78,0,1,2,4),(57,79,0,1,2,4),(57,80,0,1,2,4),(57,81,0,1,2,4),(58,46,0,1,2,4),(59,48,0,1,2,4),(59,50,0,1,2,4),(59,51,0,1,2,4),(62,57,0,1,2,4),(63,53,0,1,2,4),(63,54,0,1,2,4),(63,55,0,1,2,4),(64,52,0,1,2,4),(64,56,0,1,2,4),(67,59,0,1,2,4),(67,60,0,1,2,4),(67,61,0,1,2,4),(67,62,0,1,2,4),(67,63,0,1,2,4),(67,64,0,1,2,4),(67,65,0,1,2,4),(67,67,0,1,2,4),(67,68,0,1,2,4),(67,69,0,1,2,4),(67,70,0,1,2,4),(67,71,0,1,2,4),(67,72,0,1,2,4),(73,71,0,1,2,4),(73,72,0,1,2,4),(73,100,0,1,2,4),(73,101,0,1,2,4),(73,102,0,1,2,4),(73,105,0,1,2,4),(73,106,0,1,2,4),(73,107,0,1,2,4),(74,69,0,1,2,4),(74,70,0,1,2,4),(74,94,0,1,2,4),(74,95,0,1,2,4),(74,96,0,1,2,4),(74,97,0,1,2,4),(74,98,0,1,2,4),(74,99,0,1,2,4),(75,67,0,1,2,4),(75,68,0,1,2,4),(75,88,0,1,2,4),(75,89,0,1,2,4),(75,90,0,1,2,4),(75,91,0,1,2,4),(75,92,0,1,2,4),(75,93,0,1,2,4),(76,65,0,1,2,4),(76,66,0,1,2,4),(76,82,0,1,2,4),(76,83,0,1,2,4),(76,84,0,1,2,4),(76,85,0,1,2,4),(76,86,0,1,2,4),(76,87,0,1,2,4);

--
-- Table structure for table `catalog_category_product_index_store2_replica`
--

CREATE TABLE `catalog_category_product_index_store2_replica` (
  `category_id` int(10) unsigned NOT NULL DEFAULT '0' COMMENT 'Category Id',
  `product_id` int(10) unsigned NOT NULL DEFAULT '0' COMMENT 'Product Id',
  `position` int(11) DEFAULT NULL COMMENT 'Position',
  `is_parent` smallint(5) unsigned NOT NULL DEFAULT '0' COMMENT 'Is Parent',
  `store_id` smallint(5) unsigned NOT NULL DEFAULT '0' COMMENT 'Store Id',
  `visibility` smallint(5) unsigned NOT NULL COMMENT 'Visibility',
  PRIMARY KEY (`category_id`,`product_id`,`store_id`),
  KEY `CAT_CTGR_PRD_IDX_STORE2_PRD_ID_STORE_ID_CTGR_ID_VISIBILITY` (`product_id`,`store_id`,`category_id`,`visibility`),
  KEY `IDX_2AB6FE58F086547FA7E4590837296849` (`store_id`,`category_id`,`visibility`,`is_parent`,`position`)
) ENGINE=InnoDB DEFAULT CHARSET=utf8 COMMENT='Catalog Category Product Index Store2 Replica';

--
-- Dumping data for table `catalog_category_product_index_store2_replica`
--

INSERT INTO `catalog_category_product_index_store2_replica` VALUES (2,1,10000,0,2,4),(2,2,10000,0,2,4),(2,3,10000,0,2,4),(2,4,10000,0,2,4),(2,5,10000,0,2,4),(2,6,10000,0,2,4),(2,7,10000,0,2,4),(2,8,10000,0,2,4),(2,9,10000,0,2,4),(2,10,10000,0,2,4),(2,11,10000,0,2,4),(2,12,10000,0,2,4),(2,13,10000,0,2,4),(2,14,10000,0,2,4),(2,15,10000,0,2,4),(2,18,10000,0,2,4),(2,19,10000,0,2,4),(2,20,10000,0,2,4),(2,21,10000,0,2,4),(2,24,10000,0,2,4),(2,25,10000,0,2,4),(2,38,10000,0,2,4),(2,39,10000,0,2,4),(2,40,10000,0,2,4),(2,41,10000,0,2,4),(2,42,10000,0,2,4),(2,43,10000,0,2,4),(2,44,10000,0,2,4),(2,45,10000,0,2,4),(2,46,10000,0,2,4),(2,47,10000,0,2,4),(2,48,10000,0,2,4),(2,49,10000,0,2,4),(2,50,10000,0,2,4),(2,51,10000,0,2,4),(2,52,10000,0,2,4),(2,53,10000,0,2,4),(2,54,10000,0,2,4),(2,55,10000,0,2,4),(2,56,10000,0,2,4),(2,57,10000,0,2,4),(2,58,10000,0,2,4),(2,59,10000,0,2,4),(2,60,10000,0,2,4),(2,61,10000,0,2,4),(2,62,10000,0,2,4),(2,63,10000,0,2,4),(2,64,10000,0,2,4),(2,65,10000,0,2,4),(2,66,10000,0,2,4),(2,67,10000,0,2,4),(2,68,10000,0,2,4),(2,69,10000,0,2,4),(2,70,10000,0,2,4),(2,71,10000,0,2,4),(2,72,10000,0,2,4),(2,73,10000,0,2,4),(2,76,10000,0,2,4),(2,77,10000,0,2,4),(2,78,10000,0,2,4),(2,79,10000,0,2,4),(2,80,10000,0,2,4),(2,81,10000,0,2,4),(2,82,10000,0,2,4),(2,83,10000,0,2,4),(2,84,10000,0,2,4),(2,85,10000,0,2,4),(2,86,10000,0,2,4),(2,87,10000,0,2,4),(2,88,10000,0,2,4),(2,89,10000,0,2,4),(2,90,10000,0,2,4),(2,91,10000,0,2,4),(2,92,10000,0,2,4),(2,93,10000,0,2,4),(2,94,10000,0,2,4),(2,95,10000,0,2,4),(2,96,10000,0,2,4),(2,97,10000,0,2,4),(2,98,10000,0,2,4),(2,99,10000,0,2,4),(2,100,10000,0,2,4),(2,101,10000,0,2,4),(2,102,10000,0,2,4),(2,105,10000,0,2,4),(2,106,10000,0,2,4),(2,107,10000,0,2,4),(3,1,0,1,2,4),(3,2,0,1,2,4),(3,3,0,1,2,4),(3,4,0,1,2,4),(3,5,0,1,2,4),(3,6,0,1,2,4),(3,7,0,1,2,4),(3,8,0,1,2,4),(3,9,0,1,2,4),(3,10,0,1,2,4),(3,11,0,1,2,4),(3,12,0,1,2,4),(3,13,0,1,2,4),(3,14,0,1,2,4),(3,15,0,1,2,4),(3,18,0,1,2,4),(3,19,0,1,2,4),(4,8,0,1,2,4),(4,10,0,1,2,4),(4,20,0,1,2,4),(4,21,0,1,2,4),(4,24,0,1,2,4),(4,25,0,1,2,4),(4,38,0,1,2,4),(4,39,0,1,2,4),(5,46,0,1,2,4),(5,47,0,1,2,4),(5,48,0,1,2,4),(5,49,0,1,2,4),(5,50,0,1,2,4),(5,51,0,1,2,4),(5,73,0,1,2,4),(5,76,0,1,2,4),(5,77,0,1,2,4),(5,78,0,1,2,4),(5,79,0,1,2,4),(5,80,0,1,2,4),(5,81,0,1,2,4),(6,47,0,1,2,4),(6,48,0,1,2,4),(6,52,0,1,2,4),(6,53,0,1,2,4),(6,54,0,1,2,4),(6,55,0,1,2,4),(6,56,0,1,2,4),(6,57,0,1,2,4),(8,3,0,1,2,4),(8,6,0,1,2,4),(8,40,0,1,2,4),(8,41,0,1,2,4),(8,42,0,1,2,4),(8,43,0,1,2,4),(8,44,0,1,2,4),(8,45,0,1,2,4),(9,65,10000,0,2,4),(9,66,10000,0,2,4),(9,67,10000,0,2,4),(9,68,10000,0,2,4),(9,69,10000,0,2,4),(9,70,10000,0,2,4),(9,71,10000,0,2,4),(9,72,10000,0,2,4),(9,82,0,1,2,4),(9,83,0,1,2,4),(9,84,0,1,2,4),(9,85,0,1,2,4),(9,86,0,1,2,4),(9,87,0,1,2,4),(9,88,0,1,2,4),(9,89,0,1,2,4),(9,90,0,1,2,4),(9,91,0,1,2,4),(9,92,0,1,2,4),(9,93,0,1,2,4),(9,94,0,1,2,4),(9,95,0,1,2,4),(9,96,0,1,2,4),(9,97,0,1,2,4),(9,98,0,1,2,4),(9,99,0,1,2,4),(9,100,0,1,2,4),(9,101,0,1,2,4),(9,102,0,1,2,4),(9,105,0,1,2,4),(9,106,0,1,2,4),(9,107,0,1,2,4),(13,58,0,1,2,4),(13,66,0,1,2,4),(15,1,0,1,2,4),(15,2,0,1,2,4),(15,3,0,1,2,4),(15,4,0,1,2,4),(15,5,0,1,2,4),(15,6,0,1,2,4),(15,7,0,1,2,4),(15,8,0,1,2,4),(15,9,0,1,2,4),(15,11,0,1,2,4),(15,12,0,1,2,4),(15,13,0,1,2,4),(15,14,0,1,2,4),(15,15,0,1,2,4),(15,18,0,1,2,4),(15,19,0,1,2,4),(16,10,0,1,2,4),(17,7,0,1,2,4),(17,15,0,1,2,4),(18,3,0,1,2,4),(18,18,0,1,2,4),(19,1,0,1,2,4),(19,4,0,1,2,4),(19,5,0,1,2,4),(19,6,0,1,2,4),(19,8,0,1,2,4),(19,9,0,1,2,4),(19,19,0,1,2,4),(22,12,0,1,2,4),(23,11,0,1,2,4),(24,2,0,1,2,4),(24,13,0,1,2,4),(24,14,0,1,2,4),(27,10,0,1,2,4),(29,40,0,1,2,4),(29,41,0,1,2,4),(29,42,0,1,2,4),(29,43,0,1,2,4),(29,44,0,1,2,4),(29,45,0,1,2,4),(31,41,0,1,2,4),(31,43,0,1,2,4),(33,42,0,1,2,4),(33,44,0,1,2,4),(33,45,0,1,2,4),(34,40,0,1,2,4),(53,20,0,1,2,4),(53,21,0,1,2,4),(53,24,0,1,2,4),(53,25,0,1,2,4),(53,38,0,1,2,4),(53,39,0,1,2,4),(57,47,0,1,2,4),(57,49,0,1,2,4),(57,73,0,1,2,4),(57,76,0,1,2,4),(57,77,0,1,2,4),(57,78,0,1,2,4),(57,79,0,1,2,4),(57,80,0,1,2,4),(57,81,0,1,2,4),(58,46,0,1,2,4),(59,48,0,1,2,4),(59,50,0,1,2,4),(59,51,0,1,2,4),(62,57,0,1,2,4),(63,53,0,1,2,4),(63,54,0,1,2,4),(63,55,0,1,2,4),(64,52,0,1,2,4),(64,56,0,1,2,4),(67,59,0,1,2,4),(67,60,0,1,2,4),(67,61,0,1,2,4),(67,62,0,1,2,4),(67,63,0,1,2,4),(67,64,0,1,2,4),(67,65,0,1,2,4),(67,67,0,1,2,4),(67,68,0,1,2,4),(67,69,0,1,2,4),(67,70,0,1,2,4),(67,71,0,1,2,4),(67,72,0,1,2,4),(73,71,0,1,2,4),(73,72,0,1,2,4),(73,100,0,1,2,4),(73,101,0,1,2,4),(73,102,0,1,2,4),(73,105,0,1,2,4),(73,106,0,1,2,4),(73,107,0,1,2,4),(74,69,0,1,2,4),(74,70,0,1,2,4),(74,94,0,1,2,4),(74,95,0,1,2,4),(74,96,0,1,2,4),(74,97,0,1,2,4),(74,98,0,1,2,4),(74,99,0,1,2,4),(75,67,0,1,2,4),(75,68,0,1,2,4),(75,88,0,1,2,4),(75,89,0,1,2,4),(75,90,0,1,2,4),(75,91,0,1,2,4),(75,92,0,1,2,4),(75,93,0,1,2,4),(76,65,0,1,2,4),(76,66,0,1,2,4),(76,82,0,1,2,4),(76,83,0,1,2,4),(76,84,0,1,2,4),(76,85,0,1,2,4),(76,86,0,1,2,4),(76,87,0,1,2,4);

--
-- Table structure for table `catalog_category_product_index_store3`
--

CREATE TABLE `catalog_category_product_index_store3` (
  `category_id` int(10) unsigned NOT NULL DEFAULT '0' COMMENT 'Category Id',
  `product_id` int(10) unsigned NOT NULL DEFAULT '0' COMMENT 'Product Id',
  `position` int(11) DEFAULT NULL COMMENT 'Position',
  `is_parent` smallint(5) unsigned NOT NULL DEFAULT '0' COMMENT 'Is Parent',
  `store_id` smallint(5) unsigned NOT NULL DEFAULT '0' COMMENT 'Store Id',
  `visibility` smallint(5) unsigned NOT NULL COMMENT 'Visibility',
  PRIMARY KEY (`category_id`,`product_id`,`store_id`),
  KEY `IDX_43726D149468373EB56B59700A89860C` (`product_id`,`store_id`,`category_id`,`visibility`),
  KEY `IDX_3A62575144A54728FACD3A0D6309E61D` (`store_id`,`category_id`,`visibility`,`is_parent`,`position`)
) ENGINE=InnoDB DEFAULT CHARSET=utf8 COMMENT='Catalog Category Product Index Store3';

--
-- Dumping data for table `catalog_category_product_index_store3`
--

INSERT INTO `catalog_category_product_index_store3` VALUES (2,1,10000,0,3,4),(2,2,10000,0,3,4),(2,3,10000,0,3,4),(2,4,10000,0,3,4),(2,5,10000,0,3,4),(2,6,10000,0,3,4),(2,7,10000,0,3,4),(2,8,10000,0,3,4),(2,9,10000,0,3,4),(2,10,10000,0,3,4),(2,11,10000,0,3,4),(2,12,10000,0,3,4),(2,13,10000,0,3,4),(2,14,10000,0,3,4),(2,15,10000,0,3,4),(2,18,10000,0,3,4),(2,19,10000,0,3,4),(2,20,10000,0,3,4),(2,21,10000,0,3,4),(2,24,10000,0,3,4),(2,25,10000,0,3,4),(2,38,10000,0,3,4),(2,39,10000,0,3,4),(2,40,10000,0,3,4),(2,41,10000,0,3,4),(2,42,10000,0,3,4),(2,43,10000,0,3,4),(2,44,10000,0,3,4),(2,45,10000,0,3,4),(2,46,10000,0,3,4),(2,47,10000,0,3,4),(2,48,10000,0,3,4),(2,49,10000,0,3,4),(2,50,10000,0,3,4),(2,51,10000,0,3,4),(2,52,10000,0,3,4),(2,53,10000,0,3,4),(2,54,10000,0,3,4),(2,55,10000,0,3,4),(2,56,10000,0,3,4),(2,57,10000,0,3,4),(2,58,10000,0,3,4),(2,59,10000,0,3,4),(2,60,10000,0,3,4),(2,61,10000,0,3,4),(2,62,10000,0,3,4),(2,63,10000,0,3,4),(2,64,10000,0,3,4),(2,65,10000,0,3,4),(2,66,10000,0,3,4),(2,67,10000,0,3,4),(2,68,10000,0,3,4),(2,69,10000,0,3,4),(2,70,10000,0,3,4),(2,71,10000,0,3,4),(2,72,10000,0,3,4),(2,73,10000,0,3,4),(2,76,10000,0,3,4),(2,77,10000,0,3,4),(2,78,10000,0,3,4),(2,79,10000,0,3,4),(2,80,10000,0,3,4),(2,81,10000,0,3,4),(2,82,10000,0,3,4),(2,83,10000,0,3,4),(2,84,10000,0,3,4),(2,85,10000,0,3,4),(2,86,10000,0,3,4),(2,87,10000,0,3,4),(2,88,10000,0,3,4),(2,89,10000,0,3,4),(2,90,10000,0,3,4),(2,91,10000,0,3,4),(2,92,10000,0,3,4),(2,93,10000,0,3,4),(2,94,10000,0,3,4),(2,95,10000,0,3,4),(2,96,10000,0,3,4),(2,97,10000,0,3,4),(2,98,10000,0,3,4),(2,99,10000,0,3,4),(2,100,10000,0,3,4),(2,101,10000,0,3,4),(2,102,10000,0,3,4),(2,105,10000,0,3,4),(2,106,10000,0,3,4),(2,107,10000,0,3,4),(3,1,0,1,3,4),(3,2,0,1,3,4),(3,3,0,1,3,4),(3,4,0,1,3,4),(3,5,0,1,3,4),(3,6,0,1,3,4),(3,7,0,1,3,4),(3,8,0,1,3,4),(3,9,0,1,3,4),(3,10,0,1,3,4),(3,11,0,1,3,4),(3,12,0,1,3,4),(3,13,0,1,3,4),(3,14,0,1,3,4),(3,15,0,1,3,4),(3,18,0,1,3,4),(3,19,0,1,3,4),(4,8,0,1,3,4),(4,10,0,1,3,4),(4,20,0,1,3,4),(4,21,0,1,3,4),(4,24,0,1,3,4),(4,25,0,1,3,4),(4,38,0,1,3,4),(4,39,0,1,3,4),(5,46,0,1,3,4),(5,47,0,1,3,4),(5,48,0,1,3,4),(5,49,0,1,3,4),(5,50,0,1,3,4),(5,51,0,1,3,4),(5,73,0,1,3,4),(5,76,0,1,3,4),(5,77,0,1,3,4),(5,78,0,1,3,4),(5,79,0,1,3,4),(5,80,0,1,3,4),(5,81,0,1,3,4),(6,47,0,1,3,4),(6,48,0,1,3,4),(6,52,0,1,3,4),(6,53,0,1,3,4),(6,54,0,1,3,4),(6,55,0,1,3,4),(6,56,0,1,3,4),(6,57,0,1,3,4),(8,3,0,1,3,4),(8,6,0,1,3,4),(8,40,0,1,3,4),(8,41,0,1,3,4),(8,42,0,1,3,4),(8,43,0,1,3,4),(8,44,0,1,3,4),(8,45,0,1,3,4),(9,65,10000,0,3,4),(9,66,10000,0,3,4),(9,67,10000,0,3,4),(9,68,10000,0,3,4),(9,69,10000,0,3,4),(9,70,10000,0,3,4),(9,71,10000,0,3,4),(9,72,10000,0,3,4),(9,82,0,1,3,4),(9,83,0,1,3,4),(9,84,0,1,3,4),(9,85,0,1,3,4),(9,86,0,1,3,4),(9,87,0,1,3,4),(9,88,0,1,3,4),(9,89,0,1,3,4),(9,90,0,1,3,4),(9,91,0,1,3,4),(9,92,0,1,3,4),(9,93,0,1,3,4),(9,94,0,1,3,4),(9,95,0,1,3,4),(9,96,0,1,3,4),(9,97,0,1,3,4),(9,98,0,1,3,4),(9,99,0,1,3,4),(9,100,0,1,3,4),(9,101,0,1,3,4),(9,102,0,1,3,4),(9,105,0,1,3,4),(9,106,0,1,3,4),(9,107,0,1,3,4),(13,58,0,1,3,4),(13,66,0,1,3,4),(15,1,0,1,3,4),(15,2,0,1,3,4),(15,3,0,1,3,4),(15,4,0,1,3,4),(15,5,0,1,3,4),(15,6,0,1,3,4),(15,7,0,1,3,4),(15,8,0,1,3,4),(15,9,0,1,3,4),(15,11,0,1,3,4),(15,12,0,1,3,4),(15,13,0,1,3,4),(15,14,0,1,3,4),(15,15,0,1,3,4),(15,18,0,1,3,4),(15,19,0,1,3,4),(16,10,0,1,3,4),(17,7,0,1,3,4),(17,15,0,1,3,4),(18,3,0,1,3,4),(18,18,0,1,3,4),(19,1,0,1,3,4),(19,4,0,1,3,4),(19,5,0,1,3,4),(19,6,0,1,3,4),(19,8,0,1,3,4),(19,9,0,1,3,4),(19,19,0,1,3,4),(22,12,0,1,3,4),(23,11,0,1,3,4),(24,2,0,1,3,4),(24,13,0,1,3,4),(24,14,0,1,3,4),(27,10,0,1,3,4),(29,40,0,1,3,4),(29,41,0,1,3,4),(29,42,0,1,3,4),(29,43,0,1,3,4),(29,44,0,1,3,4),(29,45,0,1,3,4),(31,41,0,1,3,4),(31,43,0,1,3,4),(33,42,0,1,3,4),(33,44,0,1,3,4),(33,45,0,1,3,4),(34,40,0,1,3,4),(53,20,0,1,3,4),(53,21,0,1,3,4),(53,24,0,1,3,4),(53,25,0,1,3,4),(53,38,0,1,3,4),(53,39,0,1,3,4),(57,47,0,1,3,4),(57,49,0,1,3,4),(57,73,0,1,3,4),(57,76,0,1,3,4),(57,77,0,1,3,4),(57,78,0,1,3,4),(57,79,0,1,3,4),(57,80,0,1,3,4),(57,81,0,1,3,4),(58,46,0,1,3,4),(59,48,0,1,3,4),(59,50,0,1,3,4),(59,51,0,1,3,4),(62,57,0,1,3,4),(63,53,0,1,3,4),(63,54,0,1,3,4),(63,55,0,1,3,4),(64,52,0,1,3,4),(64,56,0,1,3,4),(67,59,0,1,3,4),(67,60,0,1,3,4),(67,61,0,1,3,4),(67,62,0,1,3,4),(67,63,0,1,3,4),(67,64,0,1,3,4),(67,65,0,1,3,4),(67,67,0,1,3,4),(67,68,0,1,3,4),(67,69,0,1,3,4),(67,70,0,1,3,4),(67,71,0,1,3,4),(67,72,0,1,3,4),(73,71,0,1,3,4),(73,72,0,1,3,4),(73,100,0,1,3,4),(73,101,0,1,3,4),(73,102,0,1,3,4),(73,105,0,1,3,4),(73,106,0,1,3,4),(73,107,0,1,3,4),(74,69,0,1,3,4),(74,70,0,1,3,4),(74,94,0,1,3,4),(74,95,0,1,3,4),(74,96,0,1,3,4),(74,97,0,1,3,4),(74,98,0,1,3,4),(74,99,0,1,3,4),(75,67,0,1,3,4),(75,68,0,1,3,4),(75,88,0,1,3,4),(75,89,0,1,3,4),(75,90,0,1,3,4),(75,91,0,1,3,4),(75,92,0,1,3,4),(75,93,0,1,3,4),(76,65,0,1,3,4),(76,66,0,1,3,4),(76,82,0,1,3,4),(76,83,0,1,3,4),(76,84,0,1,3,4),(76,85,0,1,3,4),(76,86,0,1,3,4),(76,87,0,1,3,4);

--
-- Table structure for table `catalog_category_product_index_store3_replica`
--

CREATE TABLE `catalog_category_product_index_store3_replica` (
  `category_id` int(10) unsigned NOT NULL DEFAULT '0' COMMENT 'Category Id',
  `product_id` int(10) unsigned NOT NULL DEFAULT '0' COMMENT 'Product Id',
  `position` int(11) DEFAULT NULL COMMENT 'Position',
  `is_parent` smallint(5) unsigned NOT NULL DEFAULT '0' COMMENT 'Is Parent',
  `store_id` smallint(5) unsigned NOT NULL DEFAULT '0' COMMENT 'Store Id',
  `visibility` smallint(5) unsigned NOT NULL COMMENT 'Visibility',
  PRIMARY KEY (`category_id`,`product_id`,`store_id`),
  KEY `CAT_CTGR_PRD_IDX_STORE3_PRD_ID_STORE_ID_CTGR_ID_VISIBILITY` (`product_id`,`store_id`,`category_id`,`visibility`),
  KEY `IDX_E9342558FA31C65508E1FE75E6242607` (`store_id`,`category_id`,`visibility`,`is_parent`,`position`)
) ENGINE=InnoDB DEFAULT CHARSET=utf8 COMMENT='Catalog Category Product Index Store3 Replica';

--
-- Dumping data for table `catalog_category_product_index_store3_replica`
--

INSERT INTO `catalog_category_product_index_store3_replica` VALUES (2,1,10000,0,3,4),(2,2,10000,0,3,4),(2,3,10000,0,3,4),(2,4,10000,0,3,4),(2,5,10000,0,3,4),(2,6,10000,0,3,4),(2,7,10000,0,3,4),(2,8,10000,0,3,4),(2,9,10000,0,3,4),(2,10,10000,0,3,4),(2,11,10000,0,3,4),(2,12,10000,0,3,4),(2,13,10000,0,3,4),(2,14,10000,0,3,4),(2,15,10000,0,3,4),(2,18,10000,0,3,4),(2,19,10000,0,3,4),(2,20,10000,0,3,4),(2,21,10000,0,3,4),(2,24,10000,0,3,4),(2,25,10000,0,3,4),(2,38,10000,0,3,4),(2,39,10000,0,3,4),(2,40,10000,0,3,4),(2,41,10000,0,3,4),(2,42,10000,0,3,4),(2,43,10000,0,3,4),(2,44,10000,0,3,4),(2,45,10000,0,3,4),(2,46,10000,0,3,4),(2,47,10000,0,3,4),(2,48,10000,0,3,4),(2,49,10000,0,3,4),(2,50,10000,0,3,4),(2,51,10000,0,3,4),(2,52,10000,0,3,4),(2,53,10000,0,3,4),(2,54,10000,0,3,4),(2,55,10000,0,3,4),(2,56,10000,0,3,4),(2,57,10000,0,3,4),(2,58,10000,0,3,4),(2,59,10000,0,3,4),(2,60,10000,0,3,4),(2,61,10000,0,3,4),(2,62,10000,0,3,4),(2,63,10000,0,3,4),(2,64,10000,0,3,4),(2,65,10000,0,3,4),(2,66,10000,0,3,4),(2,67,10000,0,3,4),(2,68,10000,0,3,4),(2,69,10000,0,3,4),(2,70,10000,0,3,4),(2,71,10000,0,3,4),(2,72,10000,0,3,4),(2,73,10000,0,3,4),(2,76,10000,0,3,4),(2,77,10000,0,3,4),(2,78,10000,0,3,4),(2,79,10000,0,3,4),(2,80,10000,0,3,4),(2,81,10000,0,3,4),(2,82,10000,0,3,4),(2,83,10000,0,3,4),(2,84,10000,0,3,4),(2,85,10000,0,3,4),(2,86,10000,0,3,4),(2,87,10000,0,3,4),(2,88,10000,0,3,4),(2,89,10000,0,3,4),(2,90,10000,0,3,4),(2,91,10000,0,3,4),(2,92,10000,0,3,4),(2,93,10000,0,3,4),(2,94,10000,0,3,4),(2,95,10000,0,3,4),(2,96,10000,0,3,4),(2,97,10000,0,3,4),(2,98,10000,0,3,4),(2,99,10000,0,3,4),(2,100,10000,0,3,4),(2,101,10000,0,3,4),(2,102,10000,0,3,4),(2,105,10000,0,3,4),(2,106,10000,0,3,4),(2,107,10000,0,3,4),(3,1,0,1,3,4),(3,2,0,1,3,4),(3,3,0,1,3,4),(3,4,0,1,3,4),(3,5,0,1,3,4),(3,6,0,1,3,4),(3,7,0,1,3,4),(3,8,0,1,3,4),(3,9,0,1,3,4),(3,10,0,1,3,4),(3,11,0,1,3,4),(3,12,0,1,3,4),(3,13,0,1,3,4),(3,14,0,1,3,4),(3,15,0,1,3,4),(3,18,0,1,3,4),(3,19,0,1,3,4),(4,8,0,1,3,4),(4,10,0,1,3,4),(4,20,0,1,3,4),(4,21,0,1,3,4),(4,24,0,1,3,4),(4,25,0,1,3,4),(4,38,0,1,3,4),(4,39,0,1,3,4),(5,46,0,1,3,4),(5,47,0,1,3,4),(5,48,0,1,3,4),(5,49,0,1,3,4),(5,50,0,1,3,4),(5,51,0,1,3,4),(5,73,0,1,3,4),(5,76,0,1,3,4),(5,77,0,1,3,4),(5,78,0,1,3,4),(5,79,0,1,3,4),(5,80,0,1,3,4),(5,81,0,1,3,4),(6,47,0,1,3,4),(6,48,0,1,3,4),(6,52,0,1,3,4),(6,53,0,1,3,4),(6,54,0,1,3,4),(6,55,0,1,3,4),(6,56,0,1,3,4),(6,57,0,1,3,4),(8,3,0,1,3,4),(8,6,0,1,3,4),(8,40,0,1,3,4),(8,41,0,1,3,4),(8,42,0,1,3,4),(8,43,0,1,3,4),(8,44,0,1,3,4),(8,45,0,1,3,4),(9,65,10000,0,3,4),(9,66,10000,0,3,4),(9,67,10000,0,3,4),(9,68,10000,0,3,4),(9,69,10000,0,3,4),(9,70,10000,0,3,4),(9,71,10000,0,3,4),(9,72,10000,0,3,4),(9,82,0,1,3,4),(9,83,0,1,3,4),(9,84,0,1,3,4),(9,85,0,1,3,4),(9,86,0,1,3,4),(9,87,0,1,3,4),(9,88,0,1,3,4),(9,89,0,1,3,4),(9,90,0,1,3,4),(9,91,0,1,3,4),(9,92,0,1,3,4),(9,93,0,1,3,4),(9,94,0,1,3,4),(9,95,0,1,3,4),(9,96,0,1,3,4),(9,97,0,1,3,4),(9,98,0,1,3,4),(9,99,0,1,3,4),(9,100,0,1,3,4),(9,101,0,1,3,4),(9,102,0,1,3,4),(9,105,0,1,3,4),(9,106,0,1,3,4),(9,107,0,1,3,4),(13,58,0,1,3,4),(13,66,0,1,3,4),(15,1,0,1,3,4),(15,2,0,1,3,4),(15,3,0,1,3,4),(15,4,0,1,3,4),(15,5,0,1,3,4),(15,6,0,1,3,4),(15,7,0,1,3,4),(15,8,0,1,3,4),(15,9,0,1,3,4),(15,11,0,1,3,4),(15,12,0,1,3,4),(15,13,0,1,3,4),(15,14,0,1,3,4),(15,15,0,1,3,4),(15,18,0,1,3,4),(15,19,0,1,3,4),(16,10,0,1,3,4),(17,7,0,1,3,4),(17,15,0,1,3,4),(18,3,0,1,3,4),(18,18,0,1,3,4),(19,1,0,1,3,4),(19,4,0,1,3,4),(19,5,0,1,3,4),(19,6,0,1,3,4),(19,8,0,1,3,4),(19,9,0,1,3,4),(19,19,0,1,3,4),(22,12,0,1,3,4),(23,11,0,1,3,4),(24,2,0,1,3,4),(24,13,0,1,3,4),(24,14,0,1,3,4),(27,10,0,1,3,4),(29,40,0,1,3,4),(29,41,0,1,3,4),(29,42,0,1,3,4),(29,43,0,1,3,4),(29,44,0,1,3,4),(29,45,0,1,3,4),(31,41,0,1,3,4),(31,43,0,1,3,4),(33,42,0,1,3,4),(33,44,0,1,3,4),(33,45,0,1,3,4),(34,40,0,1,3,4),(53,20,0,1,3,4),(53,21,0,1,3,4),(53,24,0,1,3,4),(53,25,0,1,3,4),(53,38,0,1,3,4),(53,39,0,1,3,4),(57,47,0,1,3,4),(57,49,0,1,3,4),(57,73,0,1,3,4),(57,76,0,1,3,4),(57,77,0,1,3,4),(57,78,0,1,3,4),(57,79,0,1,3,4),(57,80,0,1,3,4),(57,81,0,1,3,4),(58,46,0,1,3,4),(59,48,0,1,3,4),(59,50,0,1,3,4),(59,51,0,1,3,4),(62,57,0,1,3,4),(63,53,0,1,3,4),(63,54,0,1,3,4),(63,55,0,1,3,4),(64,52,0,1,3,4),(64,56,0,1,3,4),(67,59,0,1,3,4),(67,60,0,1,3,4),(67,61,0,1,3,4),(67,62,0,1,3,4),(67,63,0,1,3,4),(67,64,0,1,3,4),(67,65,0,1,3,4),(67,67,0,1,3,4),(67,68,0,1,3,4),(67,69,0,1,3,4),(67,70,0,1,3,4),(67,71,0,1,3,4),(67,72,0,1,3,4),(73,71,0,1,3,4),(73,72,0,1,3,4),(73,100,0,1,3,4),(73,101,0,1,3,4),(73,102,0,1,3,4),(73,105,0,1,3,4),(73,106,0,1,3,4),(73,107,0,1,3,4),(74,69,0,1,3,4),(74,70,0,1,3,4),(74,94,0,1,3,4),(74,95,0,1,3,4),(74,96,0,1,3,4),(74,97,0,1,3,4),(74,98,0,1,3,4),(74,99,0,1,3,4),(75,67,0,1,3,4),(75,68,0,1,3,4),(75,88,0,1,3,4),(75,89,0,1,3,4),(75,90,0,1,3,4),(75,91,0,1,3,4),(75,92,0,1,3,4),(75,93,0,1,3,4),(76,65,0,1,3,4),(76,66,0,1,3,4),(76,82,0,1,3,4),(76,83,0,1,3,4),(76,84,0,1,3,4),(76,85,0,1,3,4),(76,86,0,1,3,4),(76,87,0,1,3,4);

--
-- Table structure for table `catalog_category_product_index_store4`
--

CREATE TABLE `catalog_category_product_index_store4` (
  `category_id` int(10) unsigned NOT NULL DEFAULT '0' COMMENT 'Category Id',
  `product_id` int(10) unsigned NOT NULL DEFAULT '0' COMMENT 'Product Id',
  `position` int(11) DEFAULT NULL COMMENT 'Position',
  `is_parent` smallint(5) unsigned NOT NULL DEFAULT '0' COMMENT 'Is Parent',
  `store_id` smallint(5) unsigned NOT NULL DEFAULT '0' COMMENT 'Store Id',
  `visibility` smallint(5) unsigned NOT NULL COMMENT 'Visibility',
  PRIMARY KEY (`category_id`,`product_id`,`store_id`),
  KEY `IDX_966AADF0F2BFAFFC1235C826759845CC` (`product_id`,`store_id`,`category_id`,`visibility`),
  KEY `IDX_F43ABBF162395BE3A1D5B1AE17C24FE2` (`store_id`,`category_id`,`visibility`,`is_parent`,`position`)
) ENGINE=InnoDB DEFAULT CHARSET=utf8 COMMENT='Catalog Category Product Index Store4';

--
-- Dumping data for table `catalog_category_product_index_store4`
--

INSERT INTO `catalog_category_product_index_store4` VALUES (2,1,10000,0,4,4),(2,2,10000,0,4,4),(2,3,10000,0,4,4),(2,4,10000,0,4,4),(2,5,10000,0,4,4),(2,6,10000,0,4,4),(2,7,10000,0,4,4),(2,8,10000,0,4,4),(2,9,10000,0,4,4),(2,10,10000,0,4,4),(2,11,10000,0,4,4),(2,12,10000,0,4,4),(2,13,10000,0,4,4),(2,14,10000,0,4,4),(2,15,10000,0,4,4),(2,18,10000,0,4,4),(2,19,10000,0,4,4),(2,20,10000,0,4,4),(2,21,10000,0,4,4),(2,24,10000,0,4,4),(2,25,10000,0,4,4),(2,38,10000,0,4,4),(2,39,10000,0,4,4),(2,40,10000,0,4,4),(2,41,10000,0,4,4),(2,42,10000,0,4,4),(2,43,10000,0,4,4),(2,44,10000,0,4,4),(2,45,10000,0,4,4),(2,46,10000,0,4,4),(2,47,10000,0,4,4),(2,48,10000,0,4,4),(2,49,10000,0,4,4),(2,50,10000,0,4,4),(2,51,10000,0,4,4),(2,52,10000,0,4,4),(2,53,10000,0,4,4),(2,54,10000,0,4,4),(2,55,10000,0,4,4),(2,56,10000,0,4,4),(2,57,10000,0,4,4),(2,58,10000,0,4,4),(2,59,10000,0,4,4),(2,60,10000,0,4,4),(2,61,10000,0,4,4),(2,62,10000,0,4,4),(2,63,10000,0,4,4),(2,64,10000,0,4,4),(2,65,10000,0,4,4),(2,66,10000,0,4,4),(2,67,10000,0,4,4),(2,68,10000,0,4,4),(2,69,10000,0,4,4),(2,70,10000,0,4,4),(2,71,10000,0,4,4),(2,72,10000,0,4,4),(2,73,10000,0,4,4),(2,76,10000,0,4,4),(2,77,10000,0,4,4),(2,78,10000,0,4,4),(2,79,10000,0,4,4),(2,80,10000,0,4,4),(2,81,10000,0,4,4),(2,82,10000,0,4,4),(2,83,10000,0,4,4),(2,84,10000,0,4,4),(2,85,10000,0,4,4),(2,86,10000,0,4,4),(2,87,10000,0,4,4),(2,88,10000,0,4,4),(2,89,10000,0,4,4),(2,90,10000,0,4,4),(2,91,10000,0,4,4),(2,92,10000,0,4,4),(2,93,10000,0,4,4),(2,94,10000,0,4,4),(2,95,10000,0,4,4),(2,96,10000,0,4,4),(2,97,10000,0,4,4),(2,98,10000,0,4,4),(2,99,10000,0,4,4),(2,100,10000,0,4,4),(2,101,10000,0,4,4),(2,102,10000,0,4,4),(2,105,10000,0,4,4),(2,106,10000,0,4,4),(2,107,10000,0,4,4),(3,1,0,1,4,4),(3,2,0,1,4,4),(3,3,0,1,4,4),(3,4,0,1,4,4),(3,5,0,1,4,4),(3,6,0,1,4,4),(3,7,0,1,4,4),(3,8,0,1,4,4),(3,9,0,1,4,4),(3,10,0,1,4,4),(3,11,0,1,4,4),(3,12,0,1,4,4),(3,13,0,1,4,4),(3,14,0,1,4,4),(3,15,0,1,4,4),(3,18,0,1,4,4),(3,19,0,1,4,4),(4,8,0,1,4,4),(4,10,0,1,4,4),(4,20,0,1,4,4),(4,21,0,1,4,4),(4,24,0,1,4,4),(4,25,0,1,4,4),(4,38,0,1,4,4),(4,39,0,1,4,4),(5,46,0,1,4,4),(5,47,0,1,4,4),(5,48,0,1,4,4),(5,49,0,1,4,4),(5,50,0,1,4,4),(5,51,0,1,4,4),(5,73,0,1,4,4),(5,76,0,1,4,4),(5,77,0,1,4,4),(5,78,0,1,4,4),(5,79,0,1,4,4),(5,80,0,1,4,4),(5,81,0,1,4,4),(6,47,0,1,4,4),(6,48,0,1,4,4),(6,52,0,1,4,4),(6,53,0,1,4,4),(6,54,0,1,4,4),(6,55,0,1,4,4),(6,56,0,1,4,4),(6,57,0,1,4,4),(8,3,0,1,4,4),(8,6,0,1,4,4),(8,40,0,1,4,4),(8,41,0,1,4,4),(8,42,0,1,4,4),(8,43,0,1,4,4),(8,44,0,1,4,4),(8,45,0,1,4,4),(9,65,10000,0,4,4),(9,66,10000,0,4,4),(9,67,10000,0,4,4),(9,68,10000,0,4,4),(9,69,10000,0,4,4),(9,70,10000,0,4,4),(9,71,10000,0,4,4),(9,72,10000,0,4,4),(9,82,0,1,4,4),(9,83,0,1,4,4),(9,84,0,1,4,4),(9,85,0,1,4,4),(9,86,0,1,4,4),(9,87,0,1,4,4),(9,88,0,1,4,4),(9,89,0,1,4,4),(9,90,0,1,4,4),(9,91,0,1,4,4),(9,92,0,1,4,4),(9,93,0,1,4,4),(9,94,0,1,4,4),(9,95,0,1,4,4),(9,96,0,1,4,4),(9,97,0,1,4,4),(9,98,0,1,4,4),(9,99,0,1,4,4),(9,100,0,1,4,4),(9,101,0,1,4,4),(9,102,0,1,4,4),(9,105,0,1,4,4),(9,106,0,1,4,4),(9,107,0,1,4,4),(13,58,0,1,4,4),(13,66,0,1,4,4),(15,1,0,1,4,4),(15,2,0,1,4,4),(15,3,0,1,4,4),(15,4,0,1,4,4),(15,5,0,1,4,4),(15,6,0,1,4,4),(15,7,0,1,4,4),(15,8,0,1,4,4),(15,9,0,1,4,4),(15,11,0,1,4,4),(15,12,0,1,4,4),(15,13,0,1,4,4),(15,14,0,1,4,4),(15,15,0,1,4,4),(15,18,0,1,4,4),(15,19,0,1,4,4),(16,10,0,1,4,4),(17,7,0,1,4,4),(17,15,0,1,4,4),(18,3,0,1,4,4),(18,18,0,1,4,4),(19,1,0,1,4,4),(19,4,0,1,4,4),(19,5,0,1,4,4),(19,6,0,1,4,4),(19,8,0,1,4,4),(19,9,0,1,4,4),(19,19,0,1,4,4),(22,12,0,1,4,4),(23,11,0,1,4,4),(24,2,0,1,4,4),(24,13,0,1,4,4),(24,14,0,1,4,4),(27,10,0,1,4,4),(29,40,0,1,4,4),(29,41,0,1,4,4),(29,42,0,1,4,4),(29,43,0,1,4,4),(29,44,0,1,4,4),(29,45,0,1,4,4),(31,41,0,1,4,4),(31,43,0,1,4,4),(33,42,0,1,4,4),(33,44,0,1,4,4),(33,45,0,1,4,4),(34,40,0,1,4,4),(53,20,0,1,4,4),(53,21,0,1,4,4),(53,24,0,1,4,4),(53,25,0,1,4,4),(53,38,0,1,4,4),(53,39,0,1,4,4),(57,47,0,1,4,4),(57,49,0,1,4,4),(57,73,0,1,4,4),(57,76,0,1,4,4),(57,77,0,1,4,4),(57,78,0,1,4,4),(57,79,0,1,4,4),(57,80,0,1,4,4),(57,81,0,1,4,4),(58,46,0,1,4,4),(59,48,0,1,4,4),(59,50,0,1,4,4),(59,51,0,1,4,4),(62,57,0,1,4,4),(63,53,0,1,4,4),(63,54,0,1,4,4),(63,55,0,1,4,4),(64,52,0,1,4,4),(64,56,0,1,4,4),(67,59,0,1,4,4),(67,60,0,1,4,4),(67,61,0,1,4,4),(67,62,0,1,4,4),(67,63,0,1,4,4),(67,64,0,1,4,4),(67,65,0,1,4,4),(67,67,0,1,4,4),(67,68,0,1,4,4),(67,69,0,1,4,4),(67,70,0,1,4,4),(67,71,0,1,4,4),(67,72,0,1,4,4),(73,71,0,1,4,4),(73,72,0,1,4,4),(73,100,0,1,4,4),(73,101,0,1,4,4),(73,102,0,1,4,4),(73,105,0,1,4,4),(73,106,0,1,4,4),(73,107,0,1,4,4),(74,69,0,1,4,4),(74,70,0,1,4,4),(74,94,0,1,4,4),(74,95,0,1,4,4),(74,96,0,1,4,4),(74,97,0,1,4,4),(74,98,0,1,4,4),(74,99,0,1,4,4),(75,67,0,1,4,4),(75,68,0,1,4,4),(75,88,0,1,4,4),(75,89,0,1,4,4),(75,90,0,1,4,4),(75,91,0,1,4,4),(75,92,0,1,4,4),(75,93,0,1,4,4),(76,65,0,1,4,4),(76,66,0,1,4,4),(76,82,0,1,4,4),(76,83,0,1,4,4),(76,84,0,1,4,4),(76,85,0,1,4,4),(76,86,0,1,4,4),(76,87,0,1,4,4);

--
-- Table structure for table `catalog_category_product_index_store4_replica`
--

CREATE TABLE `catalog_category_product_index_store4_replica` (
  `category_id` int(10) unsigned NOT NULL DEFAULT '0' COMMENT 'Category Id',
  `product_id` int(10) unsigned NOT NULL DEFAULT '0' COMMENT 'Product Id',
  `position` int(11) DEFAULT NULL COMMENT 'Position',
  `is_parent` smallint(5) unsigned NOT NULL DEFAULT '0' COMMENT 'Is Parent',
  `store_id` smallint(5) unsigned NOT NULL DEFAULT '0' COMMENT 'Store Id',
  `visibility` smallint(5) unsigned NOT NULL COMMENT 'Visibility',
  PRIMARY KEY (`category_id`,`product_id`,`store_id`),
  KEY `CAT_CTGR_PRD_IDX_STORE4_PRD_ID_STORE_ID_CTGR_ID_VISIBILITY` (`product_id`,`store_id`,`category_id`,`visibility`),
  KEY `IDX_ABB606D1CB36CD160DB880F39838BC3F` (`store_id`,`category_id`,`visibility`,`is_parent`,`position`)
) ENGINE=InnoDB DEFAULT CHARSET=utf8 COMMENT='Catalog Category Product Index Store4 Replica';

--
-- Dumping data for table `catalog_category_product_index_store4_replica`
--

INSERT INTO `catalog_category_product_index_store4_replica` VALUES (2,1,10000,0,4,4),(2,2,10000,0,4,4),(2,3,10000,0,4,4),(2,4,10000,0,4,4),(2,5,10000,0,4,4),(2,6,10000,0,4,4),(2,7,10000,0,4,4),(2,8,10000,0,4,4),(2,9,10000,0,4,4),(2,10,10000,0,4,4),(2,11,10000,0,4,4),(2,12,10000,0,4,4),(2,13,10000,0,4,4),(2,14,10000,0,4,4),(2,15,10000,0,4,4),(2,18,10000,0,4,4),(2,19,10000,0,4,4),(2,20,10000,0,4,4),(2,21,10000,0,4,4),(2,24,10000,0,4,4),(2,25,10000,0,4,4),(2,38,10000,0,4,4),(2,39,10000,0,4,4),(2,40,10000,0,4,4),(2,41,10000,0,4,4),(2,42,10000,0,4,4),(2,43,10000,0,4,4),(2,44,10000,0,4,4),(2,45,10000,0,4,4),(2,46,10000,0,4,4),(2,47,10000,0,4,4),(2,48,10000,0,4,4),(2,49,10000,0,4,4),(2,50,10000,0,4,4),(2,51,10000,0,4,4),(2,52,10000,0,4,4),(2,53,10000,0,4,4),(2,54,10000,0,4,4),(2,55,10000,0,4,4),(2,56,10000,0,4,4),(2,57,10000,0,4,4),(2,58,10000,0,4,4),(2,59,10000,0,4,4),(2,60,10000,0,4,4),(2,61,10000,0,4,4),(2,62,10000,0,4,4),(2,63,10000,0,4,4),(2,64,10000,0,4,4),(2,65,10000,0,4,4),(2,66,10000,0,4,4),(2,67,10000,0,4,4),(2,68,10000,0,4,4),(2,69,10000,0,4,4),(2,70,10000,0,4,4),(2,71,10000,0,4,4),(2,72,10000,0,4,4),(2,73,10000,0,4,4),(2,76,10000,0,4,4),(2,77,10000,0,4,4),(2,78,10000,0,4,4),(2,79,10000,0,4,4),(2,80,10000,0,4,4),(2,81,10000,0,4,4),(2,82,10000,0,4,4),(2,83,10000,0,4,4),(2,84,10000,0,4,4),(2,85,10000,0,4,4),(2,86,10000,0,4,4),(2,87,10000,0,4,4),(2,88,10000,0,4,4),(2,89,10000,0,4,4),(2,90,10000,0,4,4),(2,91,10000,0,4,4),(2,92,10000,0,4,4),(2,93,10000,0,4,4),(2,94,10000,0,4,4),(2,95,10000,0,4,4),(2,96,10000,0,4,4),(2,97,10000,0,4,4),(2,98,10000,0,4,4),(2,99,10000,0,4,4),(2,100,10000,0,4,4),(2,101,10000,0,4,4),(2,102,10000,0,4,4),(2,105,10000,0,4,4),(2,106,10000,0,4,4),(2,107,10000,0,4,4),(3,1,0,1,4,4),(3,2,0,1,4,4),(3,3,0,1,4,4),(3,4,0,1,4,4),(3,5,0,1,4,4),(3,6,0,1,4,4),(3,7,0,1,4,4),(3,8,0,1,4,4),(3,9,0,1,4,4),(3,10,0,1,4,4),(3,11,0,1,4,4),(3,12,0,1,4,4),(3,13,0,1,4,4),(3,14,0,1,4,4),(3,15,0,1,4,4),(3,18,0,1,4,4),(3,19,0,1,4,4),(4,8,0,1,4,4),(4,10,0,1,4,4),(4,20,0,1,4,4),(4,21,0,1,4,4),(4,24,0,1,4,4),(4,25,0,1,4,4),(4,38,0,1,4,4),(4,39,0,1,4,4),(5,46,0,1,4,4),(5,47,0,1,4,4),(5,48,0,1,4,4),(5,49,0,1,4,4),(5,50,0,1,4,4),(5,51,0,1,4,4),(5,73,0,1,4,4),(5,76,0,1,4,4),(5,77,0,1,4,4),(5,78,0,1,4,4),(5,79,0,1,4,4),(5,80,0,1,4,4),(5,81,0,1,4,4),(6,47,0,1,4,4),(6,48,0,1,4,4),(6,52,0,1,4,4),(6,53,0,1,4,4),(6,54,0,1,4,4),(6,55,0,1,4,4),(6,56,0,1,4,4),(6,57,0,1,4,4),(8,3,0,1,4,4),(8,6,0,1,4,4),(8,40,0,1,4,4),(8,41,0,1,4,4),(8,42,0,1,4,4),(8,43,0,1,4,4),(8,44,0,1,4,4),(8,45,0,1,4,4),(9,65,10000,0,4,4),(9,66,10000,0,4,4),(9,67,10000,0,4,4),(9,68,10000,0,4,4),(9,69,10000,0,4,4),(9,70,10000,0,4,4),(9,71,10000,0,4,4),(9,72,10000,0,4,4),(9,82,0,1,4,4),(9,83,0,1,4,4),(9,84,0,1,4,4),(9,85,0,1,4,4),(9,86,0,1,4,4),(9,87,0,1,4,4),(9,88,0,1,4,4),(9,89,0,1,4,4),(9,90,0,1,4,4),(9,91,0,1,4,4),(9,92,0,1,4,4),(9,93,0,1,4,4),(9,94,0,1,4,4),(9,95,0,1,4,4),(9,96,0,1,4,4),(9,97,0,1,4,4),(9,98,0,1,4,4),(9,99,0,1,4,4),(9,100,0,1,4,4),(9,101,0,1,4,4),(9,102,0,1,4,4),(9,105,0,1,4,4),(9,106,0,1,4,4),(9,107,0,1,4,4),(13,58,0,1,4,4),(13,66,0,1,4,4),(15,1,0,1,4,4),(15,2,0,1,4,4),(15,3,0,1,4,4),(15,4,0,1,4,4),(15,5,0,1,4,4),(15,6,0,1,4,4),(15,7,0,1,4,4),(15,8,0,1,4,4),(15,9,0,1,4,4),(15,11,0,1,4,4),(15,12,0,1,4,4),(15,13,0,1,4,4),(15,14,0,1,4,4),(15,15,0,1,4,4),(15,18,0,1,4,4),(15,19,0,1,4,4),(16,10,0,1,4,4),(17,7,0,1,4,4),(17,15,0,1,4,4),(18,3,0,1,4,4),(18,18,0,1,4,4),(19,1,0,1,4,4),(19,4,0,1,4,4),(19,5,0,1,4,4),(19,6,0,1,4,4),(19,8,0,1,4,4),(19,9,0,1,4,4),(19,19,0,1,4,4),(22,12,0,1,4,4),(23,11,0,1,4,4),(24,2,0,1,4,4),(24,13,0,1,4,4),(24,14,0,1,4,4),(27,10,0,1,4,4),(29,40,0,1,4,4),(29,41,0,1,4,4),(29,42,0,1,4,4),(29,43,0,1,4,4),(29,44,0,1,4,4),(29,45,0,1,4,4),(31,41,0,1,4,4),(31,43,0,1,4,4),(33,42,0,1,4,4),(33,44,0,1,4,4),(33,45,0,1,4,4),(34,40,0,1,4,4),(53,20,0,1,4,4),(53,21,0,1,4,4),(53,24,0,1,4,4),(53,25,0,1,4,4),(53,38,0,1,4,4),(53,39,0,1,4,4),(57,47,0,1,4,4),(57,49,0,1,4,4),(57,73,0,1,4,4),(57,76,0,1,4,4),(57,77,0,1,4,4),(57,78,0,1,4,4),(57,79,0,1,4,4),(57,80,0,1,4,4),(57,81,0,1,4,4),(58,46,0,1,4,4),(59,48,0,1,4,4),(59,50,0,1,4,4),(59,51,0,1,4,4),(62,57,0,1,4,4),(63,53,0,1,4,4),(63,54,0,1,4,4),(63,55,0,1,4,4),(64,52,0,1,4,4),(64,56,0,1,4,4),(67,59,0,1,4,4),(67,60,0,1,4,4),(67,61,0,1,4,4),(67,62,0,1,4,4),(67,63,0,1,4,4),(67,64,0,1,4,4),(67,65,0,1,4,4),(67,67,0,1,4,4),(67,68,0,1,4,4),(67,69,0,1,4,4),(67,70,0,1,4,4),(67,71,0,1,4,4),(67,72,0,1,4,4),(73,71,0,1,4,4),(73,72,0,1,4,4),(73,100,0,1,4,4),(73,101,0,1,4,4),(73,102,0,1,4,4),(73,105,0,1,4,4),(73,106,0,1,4,4),(73,107,0,1,4,4),(74,69,0,1,4,4),(74,70,0,1,4,4),(74,94,0,1,4,4),(74,95,0,1,4,4),(74,96,0,1,4,4),(74,97,0,1,4,4),(74,98,0,1,4,4),(74,99,0,1,4,4),(75,67,0,1,4,4),(75,68,0,1,4,4),(75,88,0,1,4,4),(75,89,0,1,4,4),(75,90,0,1,4,4),(75,91,0,1,4,4),(75,92,0,1,4,4),(75,93,0,1,4,4),(76,65,0,1,4,4),(76,66,0,1,4,4),(76,82,0,1,4,4),(76,83,0,1,4,4),(76,84,0,1,4,4),(76,85,0,1,4,4),(76,86,0,1,4,4),(76,87,0,1,4,4);

--
-- Table structure for table `catalog_category_product_index_store5`
--

CREATE TABLE `catalog_category_product_index_store5` (
  `category_id` int(10) unsigned NOT NULL DEFAULT '0' COMMENT 'Category Id',
  `product_id` int(10) unsigned NOT NULL DEFAULT '0' COMMENT 'Product Id',
  `position` int(11) DEFAULT NULL COMMENT 'Position',
  `is_parent` smallint(5) unsigned NOT NULL DEFAULT '0' COMMENT 'Is Parent',
  `store_id` smallint(5) unsigned NOT NULL DEFAULT '0' COMMENT 'Store Id',
  `visibility` smallint(5) unsigned NOT NULL COMMENT 'Visibility',
  PRIMARY KEY (`category_id`,`product_id`,`store_id`),
  KEY `IDX_78288F76D618C4C378D1DE1DB362C05F` (`product_id`,`store_id`,`category_id`,`visibility`),
  KEY `IDX_04B1890D19F381013371F9182F62C602` (`store_id`,`category_id`,`visibility`,`is_parent`,`position`)
) ENGINE=InnoDB DEFAULT CHARSET=utf8 COMMENT='Catalog Category Product Index Store5';

--
-- Dumping data for table `catalog_category_product_index_store5`
--

INSERT INTO `catalog_category_product_index_store5` VALUES (2,1,10000,0,5,4),(2,2,10000,0,5,4),(2,3,10000,0,5,4),(2,4,10000,0,5,4),(2,5,10000,0,5,4),(2,6,10000,0,5,4),(2,7,10000,0,5,4),(2,8,10000,0,5,4),(2,9,10000,0,5,4),(2,10,10000,0,5,4),(2,11,10000,0,5,4),(2,12,10000,0,5,4),(2,13,10000,0,5,4),(2,14,10000,0,5,4),(2,15,10000,0,5,4),(2,18,10000,0,5,4),(2,19,10000,0,5,4),(2,20,10000,0,5,4),(2,21,10000,0,5,4),(2,24,10000,0,5,4),(2,25,10000,0,5,4),(2,38,10000,0,5,4),(2,39,10000,0,5,4),(2,40,10000,0,5,4),(2,41,10000,0,5,4),(2,42,10000,0,5,4),(2,43,10000,0,5,4),(2,44,10000,0,5,4),(2,45,10000,0,5,4),(2,46,10000,0,5,4),(2,47,10000,0,5,4),(2,48,10000,0,5,4),(2,49,10000,0,5,4),(2,50,10000,0,5,4),(2,51,10000,0,5,4),(2,52,10000,0,5,4),(2,53,10000,0,5,4),(2,54,10000,0,5,4),(2,55,10000,0,5,4),(2,56,10000,0,5,4),(2,57,10000,0,5,4),(2,58,10000,0,5,4),(2,59,10000,0,5,4),(2,60,10000,0,5,4),(2,61,10000,0,5,4),(2,62,10000,0,5,4),(2,63,10000,0,5,4),(2,64,10000,0,5,4),(2,65,10000,0,5,4),(2,66,10000,0,5,4),(2,67,10000,0,5,4),(2,68,10000,0,5,4),(2,69,10000,0,5,4),(2,70,10000,0,5,4),(2,71,10000,0,5,4),(2,72,10000,0,5,4),(2,73,10000,0,5,4),(2,76,10000,0,5,4),(2,77,10000,0,5,4),(2,78,10000,0,5,4),(2,79,10000,0,5,4),(2,80,10000,0,5,4),(2,81,10000,0,5,4),(2,82,10000,0,5,4),(2,83,10000,0,5,4),(2,84,10000,0,5,4),(2,85,10000,0,5,4),(2,86,10000,0,5,4),(2,87,10000,0,5,4),(2,88,10000,0,5,4),(2,89,10000,0,5,4),(2,90,10000,0,5,4),(2,91,10000,0,5,4),(2,92,10000,0,5,4),(2,93,10000,0,5,4),(2,94,10000,0,5,4),(2,95,10000,0,5,4),(2,96,10000,0,5,4),(2,97,10000,0,5,4),(2,98,10000,0,5,4),(2,99,10000,0,5,4),(2,100,10000,0,5,4),(2,101,10000,0,5,4),(2,102,10000,0,5,4),(2,105,10000,0,5,4),(2,106,10000,0,5,4),(2,107,10000,0,5,4),(3,1,0,1,5,4),(3,2,0,1,5,4),(3,3,0,1,5,4),(3,4,0,1,5,4),(3,5,0,1,5,4),(3,6,0,1,5,4),(3,7,0,1,5,4),(3,8,0,1,5,4),(3,9,0,1,5,4),(3,10,0,1,5,4),(3,11,0,1,5,4),(3,12,0,1,5,4),(3,13,0,1,5,4),(3,14,0,1,5,4),(3,15,0,1,5,4),(3,18,0,1,5,4),(3,19,0,1,5,4),(4,8,0,1,5,4),(4,10,0,1,5,4),(4,20,0,1,5,4),(4,21,0,1,5,4),(4,24,0,1,5,4),(4,25,0,1,5,4),(4,38,0,1,5,4),(4,39,0,1,5,4),(5,46,0,1,5,4),(5,47,0,1,5,4),(5,48,0,1,5,4),(5,49,0,1,5,4),(5,50,0,1,5,4),(5,51,0,1,5,4),(5,73,0,1,5,4),(5,76,0,1,5,4),(5,77,0,1,5,4),(5,78,0,1,5,4),(5,79,0,1,5,4),(5,80,0,1,5,4),(5,81,0,1,5,4),(6,47,0,1,5,4),(6,48,0,1,5,4),(6,52,0,1,5,4),(6,53,0,1,5,4),(6,54,0,1,5,4),(6,55,0,1,5,4),(6,56,0,1,5,4),(6,57,0,1,5,4),(8,3,0,1,5,4),(8,6,0,1,5,4),(8,40,0,1,5,4),(8,41,0,1,5,4),(8,42,0,1,5,4),(8,43,0,1,5,4),(8,44,0,1,5,4),(8,45,0,1,5,4),(9,65,10000,0,5,4),(9,66,10000,0,5,4),(9,67,10000,0,5,4),(9,68,10000,0,5,4),(9,69,10000,0,5,4),(9,70,10000,0,5,4),(9,71,10000,0,5,4),(9,72,10000,0,5,4),(9,82,0,1,5,4),(9,83,0,1,5,4),(9,84,0,1,5,4),(9,85,0,1,5,4),(9,86,0,1,5,4),(9,87,0,1,5,4),(9,88,0,1,5,4),(9,89,0,1,5,4),(9,90,0,1,5,4),(9,91,0,1,5,4),(9,92,0,1,5,4),(9,93,0,1,5,4),(9,94,0,1,5,4),(9,95,0,1,5,4),(9,96,0,1,5,4),(9,97,0,1,5,4),(9,98,0,1,5,4),(9,99,0,1,5,4),(9,100,0,1,5,4),(9,101,0,1,5,4),(9,102,0,1,5,4),(9,105,0,1,5,4),(9,106,0,1,5,4),(9,107,0,1,5,4),(13,58,0,1,5,4),(13,66,0,1,5,4),(15,1,0,1,5,4),(15,2,0,1,5,4),(15,3,0,1,5,4),(15,4,0,1,5,4),(15,5,0,1,5,4),(15,6,0,1,5,4),(15,7,0,1,5,4),(15,8,0,1,5,4),(15,9,0,1,5,4),(15,11,0,1,5,4),(15,12,0,1,5,4),(15,13,0,1,5,4),(15,14,0,1,5,4),(15,15,0,1,5,4),(15,18,0,1,5,4),(15,19,0,1,5,4),(16,10,0,1,5,4),(17,7,0,1,5,4),(17,15,0,1,5,4),(18,3,0,1,5,4),(18,18,0,1,5,4),(19,1,0,1,5,4),(19,4,0,1,5,4),(19,5,0,1,5,4),(19,6,0,1,5,4),(19,8,0,1,5,4),(19,9,0,1,5,4),(19,19,0,1,5,4),(22,12,0,1,5,4),(23,11,0,1,5,4),(24,2,0,1,5,4),(24,13,0,1,5,4),(24,14,0,1,5,4),(27,10,0,1,5,4),(29,40,0,1,5,4),(29,41,0,1,5,4),(29,42,0,1,5,4),(29,43,0,1,5,4),(29,44,0,1,5,4),(29,45,0,1,5,4),(31,41,0,1,5,4),(31,43,0,1,5,4),(33,42,0,1,5,4),(33,44,0,1,5,4),(33,45,0,1,5,4),(34,40,0,1,5,4),(53,20,0,1,5,4),(53,21,0,1,5,4),(53,24,0,1,5,4),(53,25,0,1,5,4),(53,38,0,1,5,4),(53,39,0,1,5,4),(57,47,0,1,5,4),(57,49,0,1,5,4),(57,73,0,1,5,4),(57,76,0,1,5,4),(57,77,0,1,5,4),(57,78,0,1,5,4),(57,79,0,1,5,4),(57,80,0,1,5,4),(57,81,0,1,5,4),(58,46,0,1,5,4),(59,48,0,1,5,4),(59,50,0,1,5,4),(59,51,0,1,5,4),(62,57,0,1,5,4),(63,53,0,1,5,4),(63,54,0,1,5,4),(63,55,0,1,5,4),(64,52,0,1,5,4),(64,56,0,1,5,4),(67,59,0,1,5,4),(67,60,0,1,5,4),(67,61,0,1,5,4),(67,62,0,1,5,4),(67,63,0,1,5,4),(67,64,0,1,5,4),(67,65,0,1,5,4),(67,67,0,1,5,4),(67,68,0,1,5,4),(67,69,0,1,5,4),(67,70,0,1,5,4),(67,71,0,1,5,4),(67,72,0,1,5,4),(73,71,0,1,5,4),(73,72,0,1,5,4),(73,100,0,1,5,4),(73,101,0,1,5,4),(73,102,0,1,5,4),(73,105,0,1,5,4),(73,106,0,1,5,4),(73,107,0,1,5,4),(74,69,0,1,5,4),(74,70,0,1,5,4),(74,94,0,1,5,4),(74,95,0,1,5,4),(74,96,0,1,5,4),(74,97,0,1,5,4),(74,98,0,1,5,4),(74,99,0,1,5,4),(75,67,0,1,5,4),(75,68,0,1,5,4),(75,88,0,1,5,4),(75,89,0,1,5,4),(75,90,0,1,5,4),(75,91,0,1,5,4),(75,92,0,1,5,4),(75,93,0,1,5,4),(76,65,0,1,5,4),(76,66,0,1,5,4),(76,82,0,1,5,4),(76,83,0,1,5,4),(76,84,0,1,5,4),(76,85,0,1,5,4),(76,86,0,1,5,4),(76,87,0,1,5,4);

--
-- Table structure for table `catalog_category_product_index_store5_replica`
--

CREATE TABLE `catalog_category_product_index_store5_replica` (
  `category_id` int(10) unsigned NOT NULL DEFAULT '0' COMMENT 'Category Id',
  `product_id` int(10) unsigned NOT NULL DEFAULT '0' COMMENT 'Product Id',
  `position` int(11) DEFAULT NULL COMMENT 'Position',
  `is_parent` smallint(5) unsigned NOT NULL DEFAULT '0' COMMENT 'Is Parent',
  `store_id` smallint(5) unsigned NOT NULL DEFAULT '0' COMMENT 'Store Id',
  `visibility` smallint(5) unsigned NOT NULL COMMENT 'Visibility',
  PRIMARY KEY (`category_id`,`product_id`,`store_id`),
  KEY `CAT_CTGR_PRD_IDX_STORE5_PRD_ID_STORE_ID_CTGR_ID_VISIBILITY` (`product_id`,`store_id`,`category_id`,`visibility`),
  KEY `IDX_D66B6557126C2DE627A049511C72BE10` (`store_id`,`category_id`,`visibility`,`is_parent`,`position`)
) ENGINE=InnoDB DEFAULT CHARSET=utf8 COMMENT='Catalog Category Product Index Store5 Replica';

--
-- Dumping data for table `catalog_category_product_index_store5_replica`
--

INSERT INTO `catalog_category_product_index_store5_replica` VALUES (2,1,10000,0,5,4),(2,2,10000,0,5,4),(2,3,10000,0,5,4),(2,4,10000,0,5,4),(2,5,10000,0,5,4),(2,6,10000,0,5,4),(2,7,10000,0,5,4),(2,8,10000,0,5,4),(2,9,10000,0,5,4),(2,10,10000,0,5,4),(2,11,10000,0,5,4),(2,12,10000,0,5,4),(2,13,10000,0,5,4),(2,14,10000,0,5,4),(2,15,10000,0,5,4),(2,18,10000,0,5,4),(2,19,10000,0,5,4),(2,20,10000,0,5,4),(2,21,10000,0,5,4),(2,24,10000,0,5,4),(2,25,10000,0,5,4),(2,38,10000,0,5,4),(2,39,10000,0,5,4),(2,40,10000,0,5,4),(2,41,10000,0,5,4),(2,42,10000,0,5,4),(2,43,10000,0,5,4),(2,44,10000,0,5,4),(2,45,10000,0,5,4),(2,46,10000,0,5,4),(2,47,10000,0,5,4),(2,48,10000,0,5,4),(2,49,10000,0,5,4),(2,50,10000,0,5,4),(2,51,10000,0,5,4),(2,52,10000,0,5,4),(2,53,10000,0,5,4),(2,54,10000,0,5,4),(2,55,10000,0,5,4),(2,56,10000,0,5,4),(2,57,10000,0,5,4),(2,58,10000,0,5,4),(2,59,10000,0,5,4),(2,60,10000,0,5,4),(2,61,10000,0,5,4),(2,62,10000,0,5,4),(2,63,10000,0,5,4),(2,64,10000,0,5,4),(2,65,10000,0,5,4),(2,66,10000,0,5,4),(2,67,10000,0,5,4),(2,68,10000,0,5,4),(2,69,10000,0,5,4),(2,70,10000,0,5,4),(2,71,10000,0,5,4),(2,72,10000,0,5,4),(2,73,10000,0,5,4),(2,76,10000,0,5,4),(2,77,10000,0,5,4),(2,78,10000,0,5,4),(2,79,10000,0,5,4),(2,80,10000,0,5,4),(2,81,10000,0,5,4),(2,82,10000,0,5,4),(2,83,10000,0,5,4),(2,84,10000,0,5,4),(2,85,10000,0,5,4),(2,86,10000,0,5,4),(2,87,10000,0,5,4),(2,88,10000,0,5,4),(2,89,10000,0,5,4),(2,90,10000,0,5,4),(2,91,10000,0,5,4),(2,92,10000,0,5,4),(2,93,10000,0,5,4),(2,94,10000,0,5,4),(2,95,10000,0,5,4),(2,96,10000,0,5,4),(2,97,10000,0,5,4),(2,98,10000,0,5,4),(2,99,10000,0,5,4),(2,100,10000,0,5,4),(2,101,10000,0,5,4),(2,102,10000,0,5,4),(2,105,10000,0,5,4),(2,106,10000,0,5,4),(2,107,10000,0,5,4),(3,1,0,1,5,4),(3,2,0,1,5,4),(3,3,0,1,5,4),(3,4,0,1,5,4),(3,5,0,1,5,4),(3,6,0,1,5,4),(3,7,0,1,5,4),(3,8,0,1,5,4),(3,9,0,1,5,4),(3,10,0,1,5,4),(3,11,0,1,5,4),(3,12,0,1,5,4),(3,13,0,1,5,4),(3,14,0,1,5,4),(3,15,0,1,5,4),(3,18,0,1,5,4),(3,19,0,1,5,4),(4,8,0,1,5,4),(4,10,0,1,5,4),(4,20,0,1,5,4),(4,21,0,1,5,4),(4,24,0,1,5,4),(4,25,0,1,5,4),(4,38,0,1,5,4),(4,39,0,1,5,4),(5,46,0,1,5,4),(5,47,0,1,5,4),(5,48,0,1,5,4),(5,49,0,1,5,4),(5,50,0,1,5,4),(5,51,0,1,5,4),(5,73,0,1,5,4),(5,76,0,1,5,4),(5,77,0,1,5,4),(5,78,0,1,5,4),(5,79,0,1,5,4),(5,80,0,1,5,4),(5,81,0,1,5,4),(6,47,0,1,5,4),(6,48,0,1,5,4),(6,52,0,1,5,4),(6,53,0,1,5,4),(6,54,0,1,5,4),(6,55,0,1,5,4),(6,56,0,1,5,4),(6,57,0,1,5,4),(8,3,0,1,5,4),(8,6,0,1,5,4),(8,40,0,1,5,4),(8,41,0,1,5,4),(8,42,0,1,5,4),(8,43,0,1,5,4),(8,44,0,1,5,4),(8,45,0,1,5,4),(9,65,10000,0,5,4),(9,66,10000,0,5,4),(9,67,10000,0,5,4),(9,68,10000,0,5,4),(9,69,10000,0,5,4),(9,70,10000,0,5,4),(9,71,10000,0,5,4),(9,72,10000,0,5,4),(9,82,0,1,5,4),(9,83,0,1,5,4),(9,84,0,1,5,4),(9,85,0,1,5,4),(9,86,0,1,5,4),(9,87,0,1,5,4),(9,88,0,1,5,4),(9,89,0,1,5,4),(9,90,0,1,5,4),(9,91,0,1,5,4),(9,92,0,1,5,4),(9,93,0,1,5,4),(9,94,0,1,5,4),(9,95,0,1,5,4),(9,96,0,1,5,4),(9,97,0,1,5,4),(9,98,0,1,5,4),(9,99,0,1,5,4),(9,100,0,1,5,4),(9,101,0,1,5,4),(9,102,0,1,5,4),(9,105,0,1,5,4),(9,106,0,1,5,4),(9,107,0,1,5,4),(13,58,0,1,5,4),(13,66,0,1,5,4),(15,1,0,1,5,4),(15,2,0,1,5,4),(15,3,0,1,5,4),(15,4,0,1,5,4),(15,5,0,1,5,4),(15,6,0,1,5,4),(15,7,0,1,5,4),(15,8,0,1,5,4),(15,9,0,1,5,4),(15,11,0,1,5,4),(15,12,0,1,5,4),(15,13,0,1,5,4),(15,14,0,1,5,4),(15,15,0,1,5,4),(15,18,0,1,5,4),(15,19,0,1,5,4),(16,10,0,1,5,4),(17,7,0,1,5,4),(17,15,0,1,5,4),(18,3,0,1,5,4),(18,18,0,1,5,4),(19,1,0,1,5,4),(19,4,0,1,5,4),(19,5,0,1,5,4),(19,6,0,1,5,4),(19,8,0,1,5,4),(19,9,0,1,5,4),(19,19,0,1,5,4),(22,12,0,1,5,4),(23,11,0,1,5,4),(24,2,0,1,5,4),(24,13,0,1,5,4),(24,14,0,1,5,4),(27,10,0,1,5,4),(29,40,0,1,5,4),(29,41,0,1,5,4),(29,42,0,1,5,4),(29,43,0,1,5,4),(29,44,0,1,5,4),(29,45,0,1,5,4),(31,41,0,1,5,4),(31,43,0,1,5,4),(33,42,0,1,5,4),(33,44,0,1,5,4),(33,45,0,1,5,4),(34,40,0,1,5,4),(53,20,0,1,5,4),(53,21,0,1,5,4),(53,24,0,1,5,4),(53,25,0,1,5,4),(53,38,0,1,5,4),(53,39,0,1,5,4),(57,47,0,1,5,4),(57,49,0,1,5,4),(57,73,0,1,5,4),(57,76,0,1,5,4),(57,77,0,1,5,4),(57,78,0,1,5,4),(57,79,0,1,5,4),(57,80,0,1,5,4),(57,81,0,1,5,4),(58,46,0,1,5,4),(59,48,0,1,5,4),(59,50,0,1,5,4),(59,51,0,1,5,4),(62,57,0,1,5,4),(63,53,0,1,5,4),(63,54,0,1,5,4),(63,55,0,1,5,4),(64,52,0,1,5,4),(64,56,0,1,5,4),(67,59,0,1,5,4),(67,60,0,1,5,4),(67,61,0,1,5,4),(67,62,0,1,5,4),(67,63,0,1,5,4),(67,64,0,1,5,4),(67,65,0,1,5,4),(67,67,0,1,5,4),(67,68,0,1,5,4),(67,69,0,1,5,4),(67,70,0,1,5,4),(67,71,0,1,5,4),(67,72,0,1,5,4),(73,71,0,1,5,4),(73,72,0,1,5,4),(73,100,0,1,5,4),(73,101,0,1,5,4),(73,102,0,1,5,4),(73,105,0,1,5,4),(73,106,0,1,5,4),(73,107,0,1,5,4),(74,69,0,1,5,4),(74,70,0,1,5,4),(74,94,0,1,5,4),(74,95,0,1,5,4),(74,96,0,1,5,4),(74,97,0,1,5,4),(74,98,0,1,5,4),(74,99,0,1,5,4),(75,67,0,1,5,4),(75,68,0,1,5,4),(75,88,0,1,5,4),(75,89,0,1,5,4),(75,90,0,1,5,4),(75,91,0,1,5,4),(75,92,0,1,5,4),(75,93,0,1,5,4),(76,65,0,1,5,4),(76,66,0,1,5,4),(76,82,0,1,5,4),(76,83,0,1,5,4),(76,84,0,1,5,4),(76,85,0,1,5,4),(76,86,0,1,5,4),(76,87,0,1,5,4);

--
-- Table structure for table `catalog_category_product_index_store6`
--

CREATE TABLE `catalog_category_product_index_store6` (
  `category_id` int(10) unsigned NOT NULL DEFAULT '0' COMMENT 'Category Id',
  `product_id` int(10) unsigned NOT NULL DEFAULT '0' COMMENT 'Product Id',
  `position` int(11) DEFAULT NULL COMMENT 'Position',
  `is_parent` smallint(5) unsigned NOT NULL DEFAULT '0' COMMENT 'Is Parent',
  `store_id` smallint(5) unsigned NOT NULL DEFAULT '0' COMMENT 'Store Id',
  `visibility` smallint(5) unsigned NOT NULL COMMENT 'Visibility',
  PRIMARY KEY (`category_id`,`product_id`,`store_id`),
  KEY `IDX_60907034DE58E5F1696F31290F80B9B6` (`product_id`,`store_id`,`category_id`,`visibility`),
  KEY `IDX_65189DCB54C58237E1298BDD7727D150` (`store_id`,`category_id`,`visibility`,`is_parent`,`position`)
) ENGINE=InnoDB DEFAULT CHARSET=utf8 COMMENT='Catalog Category Product Index Store6';

--
-- Dumping data for table `catalog_category_product_index_store6`
--

INSERT INTO `catalog_category_product_index_store6` VALUES (2,1,10000,0,6,4),(2,2,10000,0,6,4),(2,3,10000,0,6,4),(2,4,10000,0,6,4),(2,5,10000,0,6,4),(2,6,10000,0,6,4),(2,7,10000,0,6,4),(2,8,10000,0,6,4),(2,9,10000,0,6,4),(2,10,10000,0,6,4),(2,11,10000,0,6,4),(2,12,10000,0,6,4),(2,13,10000,0,6,4),(2,14,10000,0,6,4),(2,15,10000,0,6,4),(2,18,10000,0,6,4),(2,19,10000,0,6,4),(2,20,10000,0,6,4),(2,21,10000,0,6,4),(2,24,10000,0,6,4),(2,25,10000,0,6,4),(2,38,10000,0,6,4),(2,39,10000,0,6,4),(2,40,10000,0,6,4),(2,41,10000,0,6,4),(2,42,10000,0,6,4),(2,43,10000,0,6,4),(2,44,10000,0,6,4),(2,45,10000,0,6,4),(2,46,10000,0,6,4),(2,47,10000,0,6,4),(2,48,10000,0,6,4),(2,49,10000,0,6,4),(2,50,10000,0,6,4),(2,51,10000,0,6,4),(2,52,10000,0,6,4),(2,53,10000,0,6,4),(2,54,10000,0,6,4),(2,55,10000,0,6,4),(2,56,10000,0,6,4),(2,57,10000,0,6,4),(2,58,10000,0,6,4),(2,59,10000,0,6,4),(2,60,10000,0,6,4),(2,61,10000,0,6,4),(2,62,10000,0,6,4),(2,63,10000,0,6,4),(2,64,10000,0,6,4),(2,65,10000,0,6,4),(2,66,10000,0,6,4),(2,67,10000,0,6,4),(2,68,10000,0,6,4),(2,69,10000,0,6,4),(2,70,10000,0,6,4),(2,71,10000,0,6,4),(2,72,10000,0,6,4),(2,73,10000,0,6,4),(2,76,10000,0,6,4),(2,77,10000,0,6,4),(2,78,10000,0,6,4),(2,79,10000,0,6,4),(2,80,10000,0,6,4),(2,81,10000,0,6,4),(2,82,10000,0,6,4),(2,83,10000,0,6,4),(2,84,10000,0,6,4),(2,85,10000,0,6,4),(2,86,10000,0,6,4),(2,87,10000,0,6,4),(2,88,10000,0,6,4),(2,89,10000,0,6,4),(2,90,10000,0,6,4),(2,91,10000,0,6,4),(2,92,10000,0,6,4),(2,93,10000,0,6,4),(2,94,10000,0,6,4),(2,95,10000,0,6,4),(2,96,10000,0,6,4),(2,97,10000,0,6,4),(2,98,10000,0,6,4),(2,99,10000,0,6,4),(2,100,10000,0,6,4),(2,101,10000,0,6,4),(2,102,10000,0,6,4),(2,105,10000,0,6,4),(2,106,10000,0,6,4),(2,107,10000,0,6,4),(3,1,0,1,6,4),(3,2,0,1,6,4),(3,3,0,1,6,4),(3,4,0,1,6,4),(3,5,0,1,6,4),(3,6,0,1,6,4),(3,7,0,1,6,4),(3,8,0,1,6,4),(3,9,0,1,6,4),(3,10,0,1,6,4),(3,11,0,1,6,4),(3,12,0,1,6,4),(3,13,0,1,6,4),(3,14,0,1,6,4),(3,15,0,1,6,4),(3,18,0,1,6,4),(3,19,0,1,6,4),(4,8,0,1,6,4),(4,10,0,1,6,4),(4,20,0,1,6,4),(4,21,0,1,6,4),(4,24,0,1,6,4),(4,25,0,1,6,4),(4,38,0,1,6,4),(4,39,0,1,6,4),(5,46,0,1,6,4),(5,47,0,1,6,4),(5,48,0,1,6,4),(5,49,0,1,6,4),(5,50,0,1,6,4),(5,51,0,1,6,4),(5,73,0,1,6,4),(5,76,0,1,6,4),(5,77,0,1,6,4),(5,78,0,1,6,4),(5,79,0,1,6,4),(5,80,0,1,6,4),(5,81,0,1,6,4),(6,47,0,1,6,4),(6,48,0,1,6,4),(6,52,0,1,6,4),(6,53,0,1,6,4),(6,54,0,1,6,4),(6,55,0,1,6,4),(6,56,0,1,6,4),(6,57,0,1,6,4),(8,3,0,1,6,4),(8,6,0,1,6,4),(8,40,0,1,6,4),(8,41,0,1,6,4),(8,42,0,1,6,4),(8,43,0,1,6,4),(8,44,0,1,6,4),(8,45,0,1,6,4),(9,65,10000,0,6,4),(9,66,10000,0,6,4),(9,67,10000,0,6,4),(9,68,10000,0,6,4),(9,69,10000,0,6,4),(9,70,10000,0,6,4),(9,71,10000,0,6,4),(9,72,10000,0,6,4),(9,82,0,1,6,4),(9,83,0,1,6,4),(9,84,0,1,6,4),(9,85,0,1,6,4),(9,86,0,1,6,4),(9,87,0,1,6,4),(9,88,0,1,6,4),(9,89,0,1,6,4),(9,90,0,1,6,4),(9,91,0,1,6,4),(9,92,0,1,6,4),(9,93,0,1,6,4),(9,94,0,1,6,4),(9,95,0,1,6,4),(9,96,0,1,6,4),(9,97,0,1,6,4),(9,98,0,1,6,4),(9,99,0,1,6,4),(9,100,0,1,6,4),(9,101,0,1,6,4),(9,102,0,1,6,4),(9,105,0,1,6,4),(9,106,0,1,6,4),(9,107,0,1,6,4),(13,58,0,1,6,4),(13,66,0,1,6,4),(15,1,0,1,6,4),(15,2,0,1,6,4),(15,3,0,1,6,4),(15,4,0,1,6,4),(15,5,0,1,6,4),(15,6,0,1,6,4),(15,7,0,1,6,4),(15,8,0,1,6,4),(15,9,0,1,6,4),(15,11,0,1,6,4),(15,12,0,1,6,4),(15,13,0,1,6,4),(15,14,0,1,6,4),(15,15,0,1,6,4),(15,18,0,1,6,4),(15,19,0,1,6,4),(16,10,0,1,6,4),(17,7,0,1,6,4),(17,15,0,1,6,4),(18,3,0,1,6,4),(18,18,0,1,6,4),(19,1,0,1,6,4),(19,4,0,1,6,4),(19,5,0,1,6,4),(19,6,0,1,6,4),(19,8,0,1,6,4),(19,9,0,1,6,4),(19,19,0,1,6,4),(22,12,0,1,6,4),(23,11,0,1,6,4),(24,2,0,1,6,4),(24,13,0,1,6,4),(24,14,0,1,6,4),(27,10,0,1,6,4),(29,40,0,1,6,4),(29,41,0,1,6,4),(29,42,0,1,6,4),(29,43,0,1,6,4),(29,44,0,1,6,4),(29,45,0,1,6,4),(31,41,0,1,6,4),(31,43,0,1,6,4),(33,42,0,1,6,4),(33,44,0,1,6,4),(33,45,0,1,6,4),(34,40,0,1,6,4),(53,20,0,1,6,4),(53,21,0,1,6,4),(53,24,0,1,6,4),(53,25,0,1,6,4),(53,38,0,1,6,4),(53,39,0,1,6,4),(57,47,0,1,6,4),(57,49,0,1,6,4),(57,73,0,1,6,4),(57,76,0,1,6,4),(57,77,0,1,6,4),(57,78,0,1,6,4),(57,79,0,1,6,4),(57,80,0,1,6,4),(57,81,0,1,6,4),(58,46,0,1,6,4),(59,48,0,1,6,4),(59,50,0,1,6,4),(59,51,0,1,6,4),(62,57,0,1,6,4),(63,53,0,1,6,4),(63,54,0,1,6,4),(63,55,0,1,6,4),(64,52,0,1,6,4),(64,56,0,1,6,4),(67,59,0,1,6,4),(67,60,0,1,6,4),(67,61,0,1,6,4),(67,62,0,1,6,4),(67,63,0,1,6,4),(67,64,0,1,6,4),(67,65,0,1,6,4),(67,67,0,1,6,4),(67,68,0,1,6,4),(67,69,0,1,6,4),(67,70,0,1,6,4),(67,71,0,1,6,4),(67,72,0,1,6,4),(73,71,0,1,6,4),(73,72,0,1,6,4),(73,100,0,1,6,4),(73,101,0,1,6,4),(73,102,0,1,6,4),(73,105,0,1,6,4),(73,106,0,1,6,4),(73,107,0,1,6,4),(74,69,0,1,6,4),(74,70,0,1,6,4),(74,94,0,1,6,4),(74,95,0,1,6,4),(74,96,0,1,6,4),(74,97,0,1,6,4),(74,98,0,1,6,4),(74,99,0,1,6,4),(75,67,0,1,6,4),(75,68,0,1,6,4),(75,88,0,1,6,4),(75,89,0,1,6,4),(75,90,0,1,6,4),(75,91,0,1,6,4),(75,92,0,1,6,4),(75,93,0,1,6,4),(76,65,0,1,6,4),(76,66,0,1,6,4),(76,82,0,1,6,4),(76,83,0,1,6,4),(76,84,0,1,6,4),(76,85,0,1,6,4),(76,86,0,1,6,4),(76,87,0,1,6,4);

--
-- Table structure for table `catalog_category_product_index_store6_replica`
--

CREATE TABLE `catalog_category_product_index_store6_replica` (
  `category_id` int(10) unsigned NOT NULL DEFAULT '0' COMMENT 'Category Id',
  `product_id` int(10) unsigned NOT NULL DEFAULT '0' COMMENT 'Product Id',
  `position` int(11) DEFAULT NULL COMMENT 'Position',
  `is_parent` smallint(5) unsigned NOT NULL DEFAULT '0' COMMENT 'Is Parent',
  `store_id` smallint(5) unsigned NOT NULL DEFAULT '0' COMMENT 'Store Id',
  `visibility` smallint(5) unsigned NOT NULL COMMENT 'Visibility',
  PRIMARY KEY (`category_id`,`product_id`,`store_id`),
  KEY `CAT_CTGR_PRD_IDX_STORE6_PRD_ID_STORE_ID_CTGR_ID_VISIBILITY` (`product_id`,`store_id`,`category_id`,`visibility`),
  KEY `IDX_715799A609D876BA8BC3889F4D0D2350` (`store_id`,`category_id`,`visibility`,`is_parent`,`position`)
) ENGINE=InnoDB DEFAULT CHARSET=utf8 COMMENT='Catalog Category Product Index Store6 Replica';

--
-- Dumping data for table `catalog_category_product_index_store6_replica`
--

INSERT INTO `catalog_category_product_index_store6_replica` VALUES (2,1,10000,0,6,4),(2,2,10000,0,6,4),(2,3,10000,0,6,4),(2,4,10000,0,6,4),(2,5,10000,0,6,4),(2,6,10000,0,6,4),(2,7,10000,0,6,4),(2,8,10000,0,6,4),(2,9,10000,0,6,4),(2,10,10000,0,6,4),(2,11,10000,0,6,4),(2,12,10000,0,6,4),(2,13,10000,0,6,4),(2,14,10000,0,6,4),(2,15,10000,0,6,4),(2,18,10000,0,6,4),(2,19,10000,0,6,4),(2,20,10000,0,6,4),(2,21,10000,0,6,4),(2,24,10000,0,6,4),(2,25,10000,0,6,4),(2,38,10000,0,6,4),(2,39,10000,0,6,4),(2,40,10000,0,6,4),(2,41,10000,0,6,4),(2,42,10000,0,6,4),(2,43,10000,0,6,4),(2,44,10000,0,6,4),(2,45,10000,0,6,4),(2,46,10000,0,6,4),(2,47,10000,0,6,4),(2,48,10000,0,6,4),(2,49,10000,0,6,4),(2,50,10000,0,6,4),(2,51,10000,0,6,4),(2,52,10000,0,6,4),(2,53,10000,0,6,4),(2,54,10000,0,6,4),(2,55,10000,0,6,4),(2,56,10000,0,6,4),(2,57,10000,0,6,4),(2,58,10000,0,6,4),(2,59,10000,0,6,4),(2,60,10000,0,6,4),(2,61,10000,0,6,4),(2,62,10000,0,6,4),(2,63,10000,0,6,4),(2,64,10000,0,6,4),(2,65,10000,0,6,4),(2,66,10000,0,6,4),(2,67,10000,0,6,4),(2,68,10000,0,6,4),(2,69,10000,0,6,4),(2,70,10000,0,6,4),(2,71,10000,0,6,4),(2,72,10000,0,6,4),(2,73,10000,0,6,4),(2,76,10000,0,6,4),(2,77,10000,0,6,4),(2,78,10000,0,6,4),(2,79,10000,0,6,4),(2,80,10000,0,6,4),(2,81,10000,0,6,4),(2,82,10000,0,6,4),(2,83,10000,0,6,4),(2,84,10000,0,6,4),(2,85,10000,0,6,4),(2,86,10000,0,6,4),(2,87,10000,0,6,4),(2,88,10000,0,6,4),(2,89,10000,0,6,4),(2,90,10000,0,6,4),(2,91,10000,0,6,4),(2,92,10000,0,6,4),(2,93,10000,0,6,4),(2,94,10000,0,6,4),(2,95,10000,0,6,4),(2,96,10000,0,6,4),(2,97,10000,0,6,4),(2,98,10000,0,6,4),(2,99,10000,0,6,4),(2,100,10000,0,6,4),(2,101,10000,0,6,4),(2,102,10000,0,6,4),(2,105,10000,0,6,4),(2,106,10000,0,6,4),(2,107,10000,0,6,4),(3,1,0,1,6,4),(3,2,0,1,6,4),(3,3,0,1,6,4),(3,4,0,1,6,4),(3,5,0,1,6,4),(3,6,0,1,6,4),(3,7,0,1,6,4),(3,8,0,1,6,4),(3,9,0,1,6,4),(3,10,0,1,6,4),(3,11,0,1,6,4),(3,12,0,1,6,4),(3,13,0,1,6,4),(3,14,0,1,6,4),(3,15,0,1,6,4),(3,18,0,1,6,4),(3,19,0,1,6,4),(4,8,0,1,6,4),(4,10,0,1,6,4),(4,20,0,1,6,4),(4,21,0,1,6,4),(4,24,0,1,6,4),(4,25,0,1,6,4),(4,38,0,1,6,4),(4,39,0,1,6,4),(5,46,0,1,6,4),(5,47,0,1,6,4),(5,48,0,1,6,4),(5,49,0,1,6,4),(5,50,0,1,6,4),(5,51,0,1,6,4),(5,73,0,1,6,4),(5,76,0,1,6,4),(5,77,0,1,6,4),(5,78,0,1,6,4),(5,79,0,1,6,4),(5,80,0,1,6,4),(5,81,0,1,6,4),(6,47,0,1,6,4),(6,48,0,1,6,4),(6,52,0,1,6,4),(6,53,0,1,6,4),(6,54,0,1,6,4),(6,55,0,1,6,4),(6,56,0,1,6,4),(6,57,0,1,6,4),(8,3,0,1,6,4),(8,6,0,1,6,4),(8,40,0,1,6,4),(8,41,0,1,6,4),(8,42,0,1,6,4),(8,43,0,1,6,4),(8,44,0,1,6,4),(8,45,0,1,6,4),(9,65,10000,0,6,4),(9,66,10000,0,6,4),(9,67,10000,0,6,4),(9,68,10000,0,6,4),(9,69,10000,0,6,4),(9,70,10000,0,6,4),(9,71,10000,0,6,4),(9,72,10000,0,6,4),(9,82,0,1,6,4),(9,83,0,1,6,4),(9,84,0,1,6,4),(9,85,0,1,6,4),(9,86,0,1,6,4),(9,87,0,1,6,4),(9,88,0,1,6,4),(9,89,0,1,6,4),(9,90,0,1,6,4),(9,91,0,1,6,4),(9,92,0,1,6,4),(9,93,0,1,6,4),(9,94,0,1,6,4),(9,95,0,1,6,4),(9,96,0,1,6,4),(9,97,0,1,6,4),(9,98,0,1,6,4),(9,99,0,1,6,4),(9,100,0,1,6,4),(9,101,0,1,6,4),(9,102,0,1,6,4),(9,105,0,1,6,4),(9,106,0,1,6,4),(9,107,0,1,6,4),(13,58,0,1,6,4),(13,66,0,1,6,4),(15,1,0,1,6,4),(15,2,0,1,6,4),(15,3,0,1,6,4),(15,4,0,1,6,4),(15,5,0,1,6,4),(15,6,0,1,6,4),(15,7,0,1,6,4),(15,8,0,1,6,4),(15,9,0,1,6,4),(15,11,0,1,6,4),(15,12,0,1,6,4),(15,13,0,1,6,4),(15,14,0,1,6,4),(15,15,0,1,6,4),(15,18,0,1,6,4),(15,19,0,1,6,4),(16,10,0,1,6,4),(17,7,0,1,6,4),(17,15,0,1,6,4),(18,3,0,1,6,4),(18,18,0,1,6,4),(19,1,0,1,6,4),(19,4,0,1,6,4),(19,5,0,1,6,4),(19,6,0,1,6,4),(19,8,0,1,6,4),(19,9,0,1,6,4),(19,19,0,1,6,4),(22,12,0,1,6,4),(23,11,0,1,6,4),(24,2,0,1,6,4),(24,13,0,1,6,4),(24,14,0,1,6,4),(27,10,0,1,6,4),(29,40,0,1,6,4),(29,41,0,1,6,4),(29,42,0,1,6,4),(29,43,0,1,6,4),(29,44,0,1,6,4),(29,45,0,1,6,4),(31,41,0,1,6,4),(31,43,0,1,6,4),(33,42,0,1,6,4),(33,44,0,1,6,4),(33,45,0,1,6,4),(34,40,0,1,6,4),(53,20,0,1,6,4),(53,21,0,1,6,4),(53,24,0,1,6,4),(53,25,0,1,6,4),(53,38,0,1,6,4),(53,39,0,1,6,4),(57,47,0,1,6,4),(57,49,0,1,6,4),(57,73,0,1,6,4),(57,76,0,1,6,4),(57,77,0,1,6,4),(57,78,0,1,6,4),(57,79,0,1,6,4),(57,80,0,1,6,4),(57,81,0,1,6,4),(58,46,0,1,6,4),(59,48,0,1,6,4),(59,50,0,1,6,4),(59,51,0,1,6,4),(62,57,0,1,6,4),(63,53,0,1,6,4),(63,54,0,1,6,4),(63,55,0,1,6,4),(64,52,0,1,6,4),(64,56,0,1,6,4),(67,59,0,1,6,4),(67,60,0,1,6,4),(67,61,0,1,6,4),(67,62,0,1,6,4),(67,63,0,1,6,4),(67,64,0,1,6,4),(67,65,0,1,6,4),(67,67,0,1,6,4),(67,68,0,1,6,4),(67,69,0,1,6,4),(67,70,0,1,6,4),(67,71,0,1,6,4),(67,72,0,1,6,4),(73,71,0,1,6,4),(73,72,0,1,6,4),(73,100,0,1,6,4),(73,101,0,1,6,4),(73,102,0,1,6,4),(73,105,0,1,6,4),(73,106,0,1,6,4),(73,107,0,1,6,4),(74,69,0,1,6,4),(74,70,0,1,6,4),(74,94,0,1,6,4),(74,95,0,1,6,4),(74,96,0,1,6,4),(74,97,0,1,6,4),(74,98,0,1,6,4),(74,99,0,1,6,4),(75,67,0,1,6,4),(75,68,0,1,6,4),(75,88,0,1,6,4),(75,89,0,1,6,4),(75,90,0,1,6,4),(75,91,0,1,6,4),(75,92,0,1,6,4),(75,93,0,1,6,4),(76,65,0,1,6,4),(76,66,0,1,6,4),(76,82,0,1,6,4),(76,83,0,1,6,4),(76,84,0,1,6,4),(76,85,0,1,6,4),(76,86,0,1,6,4),(76,87,0,1,6,4);

--
-- Table structure for table `catalog_category_product_index_store7`
--

CREATE TABLE `catalog_category_product_index_store7` (
  `category_id` int(10) unsigned NOT NULL DEFAULT '0' COMMENT 'Category Id',
  `product_id` int(10) unsigned NOT NULL DEFAULT '0' COMMENT 'Product Id',
  `position` int(11) DEFAULT NULL COMMENT 'Position',
  `is_parent` smallint(5) unsigned NOT NULL DEFAULT '0' COMMENT 'Is Parent',
  `store_id` smallint(5) unsigned NOT NULL DEFAULT '0' COMMENT 'Store Id',
  `visibility` smallint(5) unsigned NOT NULL COMMENT 'Visibility',
  PRIMARY KEY (`category_id`,`product_id`,`store_id`),
  KEY `IDX_E9F919EC2BB507793EE19DA7C71D1C68` (`product_id`,`store_id`,`category_id`,`visibility`),
  KEY `IDX_429013479D97EE179DF15355662AC756` (`store_id`,`category_id`,`visibility`,`is_parent`,`position`)
) ENGINE=InnoDB DEFAULT CHARSET=utf8 COMMENT='Catalog Category Product Index Store7';

--
-- Dumping data for table `catalog_category_product_index_store7`
--

INSERT INTO `catalog_category_product_index_store7` VALUES (2,1,10000,0,7,4),(2,2,10000,0,7,4),(2,3,10000,0,7,4),(2,4,10000,0,7,4),(2,5,10000,0,7,4),(2,6,10000,0,7,4),(2,7,10000,0,7,4),(2,8,10000,0,7,4),(2,9,10000,0,7,4),(2,10,10000,0,7,4),(2,11,10000,0,7,4),(2,12,10000,0,7,4),(2,13,10000,0,7,4),(2,14,10000,0,7,4),(2,15,10000,0,7,4),(2,18,10000,0,7,4),(2,19,10000,0,7,4),(2,20,10000,0,7,4),(2,21,10000,0,7,4),(2,24,10000,0,7,4),(2,25,10000,0,7,4),(2,38,10000,0,7,4),(2,39,10000,0,7,4),(2,40,10000,0,7,4),(2,41,10000,0,7,4),(2,42,10000,0,7,4),(2,43,10000,0,7,4),(2,44,10000,0,7,4),(2,45,10000,0,7,4),(2,46,10000,0,7,4),(2,47,10000,0,7,4),(2,48,10000,0,7,4),(2,49,10000,0,7,4),(2,50,10000,0,7,4),(2,51,10000,0,7,4),(2,52,10000,0,7,4),(2,53,10000,0,7,4),(2,54,10000,0,7,4),(2,55,10000,0,7,4),(2,56,10000,0,7,4),(2,57,10000,0,7,4),(2,58,10000,0,7,4),(2,59,10000,0,7,4),(2,60,10000,0,7,4),(2,61,10000,0,7,4),(2,62,10000,0,7,4),(2,63,10000,0,7,4),(2,64,10000,0,7,4),(2,65,10000,0,7,4),(2,66,10000,0,7,4),(2,67,10000,0,7,4),(2,68,10000,0,7,4),(2,69,10000,0,7,4),(2,70,10000,0,7,4),(2,71,10000,0,7,4),(2,72,10000,0,7,4),(2,73,10000,0,7,4),(2,76,10000,0,7,4),(2,77,10000,0,7,4),(2,78,10000,0,7,4),(2,79,10000,0,7,4),(2,80,10000,0,7,4),(2,81,10000,0,7,4),(2,82,10000,0,7,4),(2,83,10000,0,7,4),(2,84,10000,0,7,4),(2,85,10000,0,7,4),(2,86,10000,0,7,4),(2,87,10000,0,7,4),(2,88,10000,0,7,4),(2,89,10000,0,7,4),(2,90,10000,0,7,4),(2,91,10000,0,7,4),(2,92,10000,0,7,4),(2,93,10000,0,7,4),(2,94,10000,0,7,4),(2,95,10000,0,7,4),(2,96,10000,0,7,4),(2,97,10000,0,7,4),(2,98,10000,0,7,4),(2,99,10000,0,7,4),(2,100,10000,0,7,4),(2,101,10000,0,7,4),(2,102,10000,0,7,4),(2,105,10000,0,7,4),(2,106,10000,0,7,4),(2,107,10000,0,7,4),(3,1,0,1,7,4),(3,2,0,1,7,4),(3,3,0,1,7,4),(3,4,0,1,7,4),(3,5,0,1,7,4),(3,6,0,1,7,4),(3,7,0,1,7,4),(3,8,0,1,7,4),(3,9,0,1,7,4),(3,10,0,1,7,4),(3,11,0,1,7,4),(3,12,0,1,7,4),(3,13,0,1,7,4),(3,14,0,1,7,4),(3,15,0,1,7,4),(3,18,0,1,7,4),(3,19,0,1,7,4),(4,8,0,1,7,4),(4,10,0,1,7,4),(4,20,0,1,7,4),(4,21,0,1,7,4),(4,24,0,1,7,4),(4,25,0,1,7,4),(4,38,0,1,7,4),(4,39,0,1,7,4),(5,46,0,1,7,4),(5,47,0,1,7,4),(5,48,0,1,7,4),(5,49,0,1,7,4),(5,50,0,1,7,4),(5,51,0,1,7,4),(5,73,0,1,7,4),(5,76,0,1,7,4),(5,77,0,1,7,4),(5,78,0,1,7,4),(5,79,0,1,7,4),(5,80,0,1,7,4),(5,81,0,1,7,4),(6,47,0,1,7,4),(6,48,0,1,7,4),(6,52,0,1,7,4),(6,53,0,1,7,4),(6,54,0,1,7,4),(6,55,0,1,7,4),(6,56,0,1,7,4),(6,57,0,1,7,4),(8,3,0,1,7,4),(8,6,0,1,7,4),(8,40,0,1,7,4),(8,41,0,1,7,4),(8,42,0,1,7,4),(8,43,0,1,7,4),(8,44,0,1,7,4),(8,45,0,1,7,4),(9,65,10000,0,7,4),(9,66,10000,0,7,4),(9,67,10000,0,7,4),(9,68,10000,0,7,4),(9,69,10000,0,7,4),(9,70,10000,0,7,4),(9,71,10000,0,7,4),(9,72,10000,0,7,4),(9,82,0,1,7,4),(9,83,0,1,7,4),(9,84,0,1,7,4),(9,85,0,1,7,4),(9,86,0,1,7,4),(9,87,0,1,7,4),(9,88,0,1,7,4),(9,89,0,1,7,4),(9,90,0,1,7,4),(9,91,0,1,7,4),(9,92,0,1,7,4),(9,93,0,1,7,4),(9,94,0,1,7,4),(9,95,0,1,7,4),(9,96,0,1,7,4),(9,97,0,1,7,4),(9,98,0,1,7,4),(9,99,0,1,7,4),(9,100,0,1,7,4),(9,101,0,1,7,4),(9,102,0,1,7,4),(9,105,0,1,7,4),(9,106,0,1,7,4),(9,107,0,1,7,4),(13,58,0,1,7,4),(13,66,0,1,7,4),(15,1,0,1,7,4),(15,2,0,1,7,4),(15,3,0,1,7,4),(15,4,0,1,7,4),(15,5,0,1,7,4),(15,6,0,1,7,4),(15,7,0,1,7,4),(15,8,0,1,7,4),(15,9,0,1,7,4),(15,11,0,1,7,4),(15,12,0,1,7,4),(15,13,0,1,7,4),(15,14,0,1,7,4),(15,15,0,1,7,4),(15,18,0,1,7,4),(15,19,0,1,7,4),(16,10,0,1,7,4),(17,7,0,1,7,4),(17,15,0,1,7,4),(18,3,0,1,7,4),(18,18,0,1,7,4),(19,1,0,1,7,4),(19,4,0,1,7,4),(19,5,0,1,7,4),(19,6,0,1,7,4),(19,8,0,1,7,4),(19,9,0,1,7,4),(19,19,0,1,7,4),(22,12,0,1,7,4),(23,11,0,1,7,4),(24,2,0,1,7,4),(24,13,0,1,7,4),(24,14,0,1,7,4),(27,10,0,1,7,4),(29,40,0,1,7,4),(29,41,0,1,7,4),(29,42,0,1,7,4),(29,43,0,1,7,4),(29,44,0,1,7,4),(29,45,0,1,7,4),(31,41,0,1,7,4),(31,43,0,1,7,4),(33,42,0,1,7,4),(33,44,0,1,7,4),(33,45,0,1,7,4),(34,40,0,1,7,4),(53,20,0,1,7,4),(53,21,0,1,7,4),(53,24,0,1,7,4),(53,25,0,1,7,4),(53,38,0,1,7,4),(53,39,0,1,7,4),(57,47,0,1,7,4),(57,49,0,1,7,4),(57,73,0,1,7,4),(57,76,0,1,7,4),(57,77,0,1,7,4),(57,78,0,1,7,4),(57,79,0,1,7,4),(57,80,0,1,7,4),(57,81,0,1,7,4),(58,46,0,1,7,4),(59,48,0,1,7,4),(59,50,0,1,7,4),(59,51,0,1,7,4),(62,57,0,1,7,4),(63,53,0,1,7,4),(63,54,0,1,7,4),(63,55,0,1,7,4),(64,52,0,1,7,4),(64,56,0,1,7,4),(67,59,0,1,7,4),(67,60,0,1,7,4),(67,61,0,1,7,4),(67,62,0,1,7,4),(67,63,0,1,7,4),(67,64,0,1,7,4),(67,65,0,1,7,4),(67,67,0,1,7,4),(67,68,0,1,7,4),(67,69,0,1,7,4),(67,70,0,1,7,4),(67,71,0,1,7,4),(67,72,0,1,7,4),(73,71,0,1,7,4),(73,72,0,1,7,4),(73,100,0,1,7,4),(73,101,0,1,7,4),(73,102,0,1,7,4),(73,105,0,1,7,4),(73,106,0,1,7,4),(73,107,0,1,7,4),(74,69,0,1,7,4),(74,70,0,1,7,4),(74,94,0,1,7,4),(74,95,0,1,7,4),(74,96,0,1,7,4),(74,97,0,1,7,4),(74,98,0,1,7,4),(74,99,0,1,7,4),(75,67,0,1,7,4),(75,68,0,1,7,4),(75,88,0,1,7,4),(75,89,0,1,7,4),(75,90,0,1,7,4),(75,91,0,1,7,4),(75,92,0,1,7,4),(75,93,0,1,7,4),(76,65,0,1,7,4),(76,66,0,1,7,4),(76,82,0,1,7,4),(76,83,0,1,7,4),(76,84,0,1,7,4),(76,85,0,1,7,4),(76,86,0,1,7,4),(76,87,0,1,7,4);

--
-- Table structure for table `catalog_category_product_index_store7_replica`
--

CREATE TABLE `catalog_category_product_index_store7_replica` (
  `category_id` int(10) unsigned NOT NULL DEFAULT '0' COMMENT 'Category Id',
  `product_id` int(10) unsigned NOT NULL DEFAULT '0' COMMENT 'Product Id',
  `position` int(11) DEFAULT NULL COMMENT 'Position',
  `is_parent` smallint(5) unsigned NOT NULL DEFAULT '0' COMMENT 'Is Parent',
  `store_id` smallint(5) unsigned NOT NULL DEFAULT '0' COMMENT 'Store Id',
  `visibility` smallint(5) unsigned NOT NULL COMMENT 'Visibility',
  PRIMARY KEY (`category_id`,`product_id`,`store_id`),
  KEY `CAT_CTGR_PRD_IDX_STORE7_PRD_ID_STORE_ID_CTGR_ID_VISIBILITY` (`product_id`,`store_id`,`category_id`,`visibility`),
  KEY `IDX_FC3C465EAA213CB948AAD83C52813CCF` (`store_id`,`category_id`,`visibility`,`is_parent`,`position`)
) ENGINE=InnoDB DEFAULT CHARSET=utf8 COMMENT='Catalog Category Product Index Store7 Replica';

--
-- Dumping data for table `catalog_category_product_index_store7_replica`
--

INSERT INTO `catalog_category_product_index_store7_replica` VALUES (2,1,10000,0,7,4),(2,2,10000,0,7,4),(2,3,10000,0,7,4),(2,4,10000,0,7,4),(2,5,10000,0,7,4),(2,6,10000,0,7,4),(2,7,10000,0,7,4),(2,8,10000,0,7,4),(2,9,10000,0,7,4),(2,10,10000,0,7,4),(2,11,10000,0,7,4),(2,12,10000,0,7,4),(2,13,10000,0,7,4),(2,14,10000,0,7,4),(2,15,10000,0,7,4),(2,18,10000,0,7,4),(2,19,10000,0,7,4),(2,20,10000,0,7,4),(2,21,10000,0,7,4),(2,24,10000,0,7,4),(2,25,10000,0,7,4),(2,38,10000,0,7,4),(2,39,10000,0,7,4),(2,40,10000,0,7,4),(2,41,10000,0,7,4),(2,42,10000,0,7,4),(2,43,10000,0,7,4),(2,44,10000,0,7,4),(2,45,10000,0,7,4),(2,46,10000,0,7,4),(2,47,10000,0,7,4),(2,48,10000,0,7,4),(2,49,10000,0,7,4),(2,50,10000,0,7,4),(2,51,10000,0,7,4),(2,52,10000,0,7,4),(2,53,10000,0,7,4),(2,54,10000,0,7,4),(2,55,10000,0,7,4),(2,56,10000,0,7,4),(2,57,10000,0,7,4),(2,58,10000,0,7,4),(2,59,10000,0,7,4),(2,60,10000,0,7,4),(2,61,10000,0,7,4),(2,62,10000,0,7,4),(2,63,10000,0,7,4),(2,64,10000,0,7,4),(2,65,10000,0,7,4),(2,66,10000,0,7,4),(2,67,10000,0,7,4),(2,68,10000,0,7,4),(2,69,10000,0,7,4),(2,70,10000,0,7,4),(2,71,10000,0,7,4),(2,72,10000,0,7,4),(2,73,10000,0,7,4),(2,76,10000,0,7,4),(2,77,10000,0,7,4),(2,78,10000,0,7,4),(2,79,10000,0,7,4),(2,80,10000,0,7,4),(2,81,10000,0,7,4),(2,82,10000,0,7,4),(2,83,10000,0,7,4),(2,84,10000,0,7,4),(2,85,10000,0,7,4),(2,86,10000,0,7,4),(2,87,10000,0,7,4),(2,88,10000,0,7,4),(2,89,10000,0,7,4),(2,90,10000,0,7,4),(2,91,10000,0,7,4),(2,92,10000,0,7,4),(2,93,10000,0,7,4),(2,94,10000,0,7,4),(2,95,10000,0,7,4),(2,96,10000,0,7,4),(2,97,10000,0,7,4),(2,98,10000,0,7,4),(2,99,10000,0,7,4),(2,100,10000,0,7,4),(2,101,10000,0,7,4),(2,102,10000,0,7,4),(2,105,10000,0,7,4),(2,106,10000,0,7,4),(2,107,10000,0,7,4),(3,1,0,1,7,4),(3,2,0,1,7,4),(3,3,0,1,7,4),(3,4,0,1,7,4),(3,5,0,1,7,4),(3,6,0,1,7,4),(3,7,0,1,7,4),(3,8,0,1,7,4),(3,9,0,1,7,4),(3,10,0,1,7,4),(3,11,0,1,7,4),(3,12,0,1,7,4),(3,13,0,1,7,4),(3,14,0,1,7,4),(3,15,0,1,7,4),(3,18,0,1,7,4),(3,19,0,1,7,4),(4,8,0,1,7,4),(4,10,0,1,7,4),(4,20,0,1,7,4),(4,21,0,1,7,4),(4,24,0,1,7,4),(4,25,0,1,7,4),(4,38,0,1,7,4),(4,39,0,1,7,4),(5,46,0,1,7,4),(5,47,0,1,7,4),(5,48,0,1,7,4),(5,49,0,1,7,4),(5,50,0,1,7,4),(5,51,0,1,7,4),(5,73,0,1,7,4),(5,76,0,1,7,4),(5,77,0,1,7,4),(5,78,0,1,7,4),(5,79,0,1,7,4),(5,80,0,1,7,4),(5,81,0,1,7,4),(6,47,0,1,7,4),(6,48,0,1,7,4),(6,52,0,1,7,4),(6,53,0,1,7,4),(6,54,0,1,7,4),(6,55,0,1,7,4),(6,56,0,1,7,4),(6,57,0,1,7,4),(8,3,0,1,7,4),(8,6,0,1,7,4),(8,40,0,1,7,4),(8,41,0,1,7,4),(8,42,0,1,7,4),(8,43,0,1,7,4),(8,44,0,1,7,4),(8,45,0,1,7,4),(9,65,10000,0,7,4),(9,66,10000,0,7,4),(9,67,10000,0,7,4),(9,68,10000,0,7,4),(9,69,10000,0,7,4),(9,70,10000,0,7,4),(9,71,10000,0,7,4),(9,72,10000,0,7,4),(9,82,0,1,7,4),(9,83,0,1,7,4),(9,84,0,1,7,4),(9,85,0,1,7,4),(9,86,0,1,7,4),(9,87,0,1,7,4),(9,88,0,1,7,4),(9,89,0,1,7,4),(9,90,0,1,7,4),(9,91,0,1,7,4),(9,92,0,1,7,4),(9,93,0,1,7,4),(9,94,0,1,7,4),(9,95,0,1,7,4),(9,96,0,1,7,4),(9,97,0,1,7,4),(9,98,0,1,7,4),(9,99,0,1,7,4),(9,100,0,1,7,4),(9,101,0,1,7,4),(9,102,0,1,7,4),(9,105,0,1,7,4),(9,106,0,1,7,4),(9,107,0,1,7,4),(13,58,0,1,7,4),(13,66,0,1,7,4),(15,1,0,1,7,4),(15,2,0,1,7,4),(15,3,0,1,7,4),(15,4,0,1,7,4),(15,5,0,1,7,4),(15,6,0,1,7,4),(15,7,0,1,7,4),(15,8,0,1,7,4),(15,9,0,1,7,4),(15,11,0,1,7,4),(15,12,0,1,7,4),(15,13,0,1,7,4),(15,14,0,1,7,4),(15,15,0,1,7,4),(15,18,0,1,7,4),(15,19,0,1,7,4),(16,10,0,1,7,4),(17,7,0,1,7,4),(17,15,0,1,7,4),(18,3,0,1,7,4),(18,18,0,1,7,4),(19,1,0,1,7,4),(19,4,0,1,7,4),(19,5,0,1,7,4),(19,6,0,1,7,4),(19,8,0,1,7,4),(19,9,0,1,7,4),(19,19,0,1,7,4),(22,12,0,1,7,4),(23,11,0,1,7,4),(24,2,0,1,7,4),(24,13,0,1,7,4),(24,14,0,1,7,4),(27,10,0,1,7,4),(29,40,0,1,7,4),(29,41,0,1,7,4),(29,42,0,1,7,4),(29,43,0,1,7,4),(29,44,0,1,7,4),(29,45,0,1,7,4),(31,41,0,1,7,4),(31,43,0,1,7,4),(33,42,0,1,7,4),(33,44,0,1,7,4),(33,45,0,1,7,4),(34,40,0,1,7,4),(53,20,0,1,7,4),(53,21,0,1,7,4),(53,24,0,1,7,4),(53,25,0,1,7,4),(53,38,0,1,7,4),(53,39,0,1,7,4),(57,47,0,1,7,4),(57,49,0,1,7,4),(57,73,0,1,7,4),(57,76,0,1,7,4),(57,77,0,1,7,4),(57,78,0,1,7,4),(57,79,0,1,7,4),(57,80,0,1,7,4),(57,81,0,1,7,4),(58,46,0,1,7,4),(59,48,0,1,7,4),(59,50,0,1,7,4),(59,51,0,1,7,4),(62,57,0,1,7,4),(63,53,0,1,7,4),(63,54,0,1,7,4),(63,55,0,1,7,4),(64,52,0,1,7,4),(64,56,0,1,7,4),(67,59,0,1,7,4),(67,60,0,1,7,4),(67,61,0,1,7,4),(67,62,0,1,7,4),(67,63,0,1,7,4),(67,64,0,1,7,4),(67,65,0,1,7,4),(67,67,0,1,7,4),(67,68,0,1,7,4),(67,69,0,1,7,4),(67,70,0,1,7,4),(67,71,0,1,7,4),(67,72,0,1,7,4),(73,71,0,1,7,4),(73,72,0,1,7,4),(73,100,0,1,7,4),(73,101,0,1,7,4),(73,102,0,1,7,4),(73,105,0,1,7,4),(73,106,0,1,7,4),(73,107,0,1,7,4),(74,69,0,1,7,4),(74,70,0,1,7,4),(74,94,0,1,7,4),(74,95,0,1,7,4),(74,96,0,1,7,4),(74,97,0,1,7,4),(74,98,0,1,7,4),(74,99,0,1,7,4),(75,67,0,1,7,4),(75,68,0,1,7,4),(75,88,0,1,7,4),(75,89,0,1,7,4),(75,90,0,1,7,4),(75,91,0,1,7,4),(75,92,0,1,7,4),(75,93,0,1,7,4),(76,65,0,1,7,4),(76,66,0,1,7,4),(76,82,0,1,7,4),(76,83,0,1,7,4),(76,84,0,1,7,4),(76,85,0,1,7,4),(76,86,0,1,7,4),(76,87,0,1,7,4);

--
-- Table structure for table `catalog_category_product_index_store8`
--

CREATE TABLE `catalog_category_product_index_store8` (
  `category_id` int(10) unsigned NOT NULL DEFAULT '0' COMMENT 'Category Id',
  `product_id` int(10) unsigned NOT NULL DEFAULT '0' COMMENT 'Product Id',
  `position` int(11) DEFAULT NULL COMMENT 'Position',
  `is_parent` smallint(5) unsigned NOT NULL DEFAULT '0' COMMENT 'Is Parent',
  `store_id` smallint(5) unsigned NOT NULL DEFAULT '0' COMMENT 'Store Id',
  `visibility` smallint(5) unsigned NOT NULL COMMENT 'Visibility',
  PRIMARY KEY (`category_id`,`product_id`,`store_id`),
  KEY `IDX_57B5E46D5E5C9F39BB7CE63D46A21EF5` (`product_id`,`store_id`,`category_id`,`visibility`),
  KEY `IDX_72A17E5BDF6BE100A92393EED4942631` (`store_id`,`category_id`,`visibility`,`is_parent`,`position`)
) ENGINE=InnoDB DEFAULT CHARSET=utf8 COMMENT='Catalog Category Product Index Store8';

--
-- Dumping data for table `catalog_category_product_index_store8`
--

INSERT INTO `catalog_category_product_index_store8` VALUES (2,1,10000,0,8,4),(2,2,10000,0,8,4),(2,3,10000,0,8,4),(2,4,10000,0,8,4),(2,5,10000,0,8,4),(2,6,10000,0,8,4),(2,7,10000,0,8,4),(2,8,10000,0,8,4),(2,9,10000,0,8,4),(2,10,10000,0,8,4),(2,11,10000,0,8,4),(2,12,10000,0,8,4),(2,13,10000,0,8,4),(2,14,10000,0,8,4),(2,15,10000,0,8,4),(2,18,10000,0,8,4),(2,19,10000,0,8,4),(2,20,10000,0,8,4),(2,21,10000,0,8,4),(2,24,10000,0,8,4),(2,25,10000,0,8,4),(2,38,10000,0,8,4),(2,39,10000,0,8,4),(2,40,10000,0,8,4),(2,41,10000,0,8,4),(2,42,10000,0,8,4),(2,43,10000,0,8,4),(2,44,10000,0,8,4),(2,45,10000,0,8,4),(2,46,10000,0,8,4),(2,47,10000,0,8,4),(2,48,10000,0,8,4),(2,49,10000,0,8,4),(2,50,10000,0,8,4),(2,51,10000,0,8,4),(2,52,10000,0,8,4),(2,53,10000,0,8,4),(2,54,10000,0,8,4),(2,55,10000,0,8,4),(2,56,10000,0,8,4),(2,57,10000,0,8,4),(2,58,10000,0,8,4),(2,59,10000,0,8,4),(2,60,10000,0,8,4),(2,61,10000,0,8,4),(2,62,10000,0,8,4),(2,63,10000,0,8,4),(2,64,10000,0,8,4),(2,65,10000,0,8,4),(2,66,10000,0,8,4),(2,67,10000,0,8,4),(2,68,10000,0,8,4),(2,69,10000,0,8,4),(2,70,10000,0,8,4),(2,71,10000,0,8,4),(2,72,10000,0,8,4),(2,73,10000,0,8,4),(2,76,10000,0,8,4),(2,77,10000,0,8,4),(2,78,10000,0,8,4),(2,79,10000,0,8,4),(2,80,10000,0,8,4),(2,81,10000,0,8,4),(2,82,10000,0,8,4),(2,83,10000,0,8,4),(2,84,10000,0,8,4),(2,85,10000,0,8,4),(2,86,10000,0,8,4),(2,87,10000,0,8,4),(2,88,10000,0,8,4),(2,89,10000,0,8,4),(2,90,10000,0,8,4),(2,91,10000,0,8,4),(2,92,10000,0,8,4),(2,93,10000,0,8,4),(2,94,10000,0,8,4),(2,95,10000,0,8,4),(2,96,10000,0,8,4),(2,97,10000,0,8,4),(2,98,10000,0,8,4),(2,99,10000,0,8,4),(2,100,10000,0,8,4),(2,101,10000,0,8,4),(2,102,10000,0,8,4),(2,105,10000,0,8,4),(2,106,10000,0,8,4),(2,107,10000,0,8,4),(3,1,0,1,8,4),(3,2,0,1,8,4),(3,3,0,1,8,4),(3,4,0,1,8,4),(3,5,0,1,8,4),(3,6,0,1,8,4),(3,7,0,1,8,4),(3,8,0,1,8,4),(3,9,0,1,8,4),(3,10,0,1,8,4),(3,11,0,1,8,4),(3,12,0,1,8,4),(3,13,0,1,8,4),(3,14,0,1,8,4),(3,15,0,1,8,4),(3,18,0,1,8,4),(3,19,0,1,8,4),(4,8,0,1,8,4),(4,10,0,1,8,4),(4,20,0,1,8,4),(4,21,0,1,8,4),(4,24,0,1,8,4),(4,25,0,1,8,4),(4,38,0,1,8,4),(4,39,0,1,8,4),(5,46,0,1,8,4),(5,47,0,1,8,4),(5,48,0,1,8,4),(5,49,0,1,8,4),(5,50,0,1,8,4),(5,51,0,1,8,4),(5,73,0,1,8,4),(5,76,0,1,8,4),(5,77,0,1,8,4),(5,78,0,1,8,4),(5,79,0,1,8,4),(5,80,0,1,8,4),(5,81,0,1,8,4),(6,47,0,1,8,4),(6,48,0,1,8,4),(6,52,0,1,8,4),(6,53,0,1,8,4),(6,54,0,1,8,4),(6,55,0,1,8,4),(6,56,0,1,8,4),(6,57,0,1,8,4),(8,3,0,1,8,4),(8,6,0,1,8,4),(8,40,0,1,8,4),(8,41,0,1,8,4),(8,42,0,1,8,4),(8,43,0,1,8,4),(8,44,0,1,8,4),(8,45,0,1,8,4),(9,65,10000,0,8,4),(9,66,10000,0,8,4),(9,67,10000,0,8,4),(9,68,10000,0,8,4),(9,69,10000,0,8,4),(9,70,10000,0,8,4),(9,71,10000,0,8,4),(9,72,10000,0,8,4),(9,82,0,1,8,4),(9,83,0,1,8,4),(9,84,0,1,8,4),(9,85,0,1,8,4),(9,86,0,1,8,4),(9,87,0,1,8,4),(9,88,0,1,8,4),(9,89,0,1,8,4),(9,90,0,1,8,4),(9,91,0,1,8,4),(9,92,0,1,8,4),(9,93,0,1,8,4),(9,94,0,1,8,4),(9,95,0,1,8,4),(9,96,0,1,8,4),(9,97,0,1,8,4),(9,98,0,1,8,4),(9,99,0,1,8,4),(9,100,0,1,8,4),(9,101,0,1,8,4),(9,102,0,1,8,4),(9,105,0,1,8,4),(9,106,0,1,8,4),(9,107,0,1,8,4),(13,58,0,1,8,4),(13,66,0,1,8,4),(15,1,0,1,8,4),(15,2,0,1,8,4),(15,3,0,1,8,4),(15,4,0,1,8,4),(15,5,0,1,8,4),(15,6,0,1,8,4),(15,7,0,1,8,4),(15,8,0,1,8,4),(15,9,0,1,8,4),(15,11,0,1,8,4),(15,12,0,1,8,4),(15,13,0,1,8,4),(15,14,0,1,8,4),(15,15,0,1,8,4),(15,18,0,1,8,4),(15,19,0,1,8,4),(16,10,0,1,8,4),(17,7,0,1,8,4),(17,15,0,1,8,4),(18,3,0,1,8,4),(18,18,0,1,8,4),(19,1,0,1,8,4),(19,4,0,1,8,4),(19,5,0,1,8,4),(19,6,0,1,8,4),(19,8,0,1,8,4),(19,9,0,1,8,4),(19,19,0,1,8,4),(22,12,0,1,8,4),(23,11,0,1,8,4),(24,2,0,1,8,4),(24,13,0,1,8,4),(24,14,0,1,8,4),(27,10,0,1,8,4),(29,40,0,1,8,4),(29,41,0,1,8,4),(29,42,0,1,8,4),(29,43,0,1,8,4),(29,44,0,1,8,4),(29,45,0,1,8,4),(31,41,0,1,8,4),(31,43,0,1,8,4),(33,42,0,1,8,4),(33,44,0,1,8,4),(33,45,0,1,8,4),(34,40,0,1,8,4),(53,20,0,1,8,4),(53,21,0,1,8,4),(53,24,0,1,8,4),(53,25,0,1,8,4),(53,38,0,1,8,4),(53,39,0,1,8,4),(57,47,0,1,8,4),(57,49,0,1,8,4),(57,73,0,1,8,4),(57,76,0,1,8,4),(57,77,0,1,8,4),(57,78,0,1,8,4),(57,79,0,1,8,4),(57,80,0,1,8,4),(57,81,0,1,8,4),(58,46,0,1,8,4),(59,48,0,1,8,4),(59,50,0,1,8,4),(59,51,0,1,8,4),(62,57,0,1,8,4),(63,53,0,1,8,4),(63,54,0,1,8,4),(63,55,0,1,8,4),(64,52,0,1,8,4),(64,56,0,1,8,4),(67,59,0,1,8,4),(67,60,0,1,8,4),(67,61,0,1,8,4),(67,62,0,1,8,4),(67,63,0,1,8,4),(67,64,0,1,8,4),(67,65,0,1,8,4),(67,67,0,1,8,4),(67,68,0,1,8,4),(67,69,0,1,8,4),(67,70,0,1,8,4),(67,71,0,1,8,4),(67,72,0,1,8,4),(73,71,0,1,8,4),(73,72,0,1,8,4),(73,100,0,1,8,4),(73,101,0,1,8,4),(73,102,0,1,8,4),(73,105,0,1,8,4),(73,106,0,1,8,4),(73,107,0,1,8,4),(74,69,0,1,8,4),(74,70,0,1,8,4),(74,94,0,1,8,4),(74,95,0,1,8,4),(74,96,0,1,8,4),(74,97,0,1,8,4),(74,98,0,1,8,4),(74,99,0,1,8,4),(75,67,0,1,8,4),(75,68,0,1,8,4),(75,88,0,1,8,4),(75,89,0,1,8,4),(75,90,0,1,8,4),(75,91,0,1,8,4),(75,92,0,1,8,4),(75,93,0,1,8,4),(76,65,0,1,8,4),(76,66,0,1,8,4),(76,82,0,1,8,4),(76,83,0,1,8,4),(76,84,0,1,8,4),(76,85,0,1,8,4),(76,86,0,1,8,4),(76,87,0,1,8,4);

--
-- Table structure for table `catalog_category_product_index_store8_replica`
--

CREATE TABLE `catalog_category_product_index_store8_replica` (
  `category_id` int(10) unsigned NOT NULL DEFAULT '0' COMMENT 'Category Id',
  `product_id` int(10) unsigned NOT NULL DEFAULT '0' COMMENT 'Product Id',
  `position` int(11) DEFAULT NULL COMMENT 'Position',
  `is_parent` smallint(5) unsigned NOT NULL DEFAULT '0' COMMENT 'Is Parent',
  `store_id` smallint(5) unsigned NOT NULL DEFAULT '0' COMMENT 'Store Id',
  `visibility` smallint(5) unsigned NOT NULL COMMENT 'Visibility',
  PRIMARY KEY (`category_id`,`product_id`,`store_id`),
  KEY `CAT_CTGR_PRD_IDX_STORE8_PRD_ID_STORE_ID_CTGR_ID_VISIBILITY` (`product_id`,`store_id`,`category_id`,`visibility`),
  KEY `IDX_4D42D0D334EFF63D3E99C6D90D3F3E39` (`store_id`,`category_id`,`visibility`,`is_parent`,`position`)
) ENGINE=InnoDB DEFAULT CHARSET=utf8 COMMENT='Catalog Category Product Index Store8 Replica';

--
-- Dumping data for table `catalog_category_product_index_store8_replica`
--

INSERT INTO `catalog_category_product_index_store8_replica` VALUES (2,1,10000,0,8,4),(2,2,10000,0,8,4),(2,3,10000,0,8,4),(2,4,10000,0,8,4),(2,5,10000,0,8,4),(2,6,10000,0,8,4),(2,7,10000,0,8,4),(2,8,10000,0,8,4),(2,9,10000,0,8,4),(2,10,10000,0,8,4),(2,11,10000,0,8,4),(2,12,10000,0,8,4),(2,13,10000,0,8,4),(2,14,10000,0,8,4),(2,15,10000,0,8,4),(2,18,10000,0,8,4),(2,19,10000,0,8,4),(2,20,10000,0,8,4),(2,21,10000,0,8,4),(2,24,10000,0,8,4),(2,25,10000,0,8,4),(2,38,10000,0,8,4),(2,39,10000,0,8,4),(2,40,10000,0,8,4),(2,41,10000,0,8,4),(2,42,10000,0,8,4),(2,43,10000,0,8,4),(2,44,10000,0,8,4),(2,45,10000,0,8,4),(2,46,10000,0,8,4),(2,47,10000,0,8,4),(2,48,10000,0,8,4),(2,49,10000,0,8,4),(2,50,10000,0,8,4),(2,51,10000,0,8,4),(2,52,10000,0,8,4),(2,53,10000,0,8,4),(2,54,10000,0,8,4),(2,55,10000,0,8,4),(2,56,10000,0,8,4),(2,57,10000,0,8,4),(2,58,10000,0,8,4),(2,59,10000,0,8,4),(2,60,10000,0,8,4),(2,61,10000,0,8,4),(2,62,10000,0,8,4),(2,63,10000,0,8,4),(2,64,10000,0,8,4),(2,65,10000,0,8,4),(2,66,10000,0,8,4),(2,67,10000,0,8,4),(2,68,10000,0,8,4),(2,69,10000,0,8,4),(2,70,10000,0,8,4),(2,71,10000,0,8,4),(2,72,10000,0,8,4),(2,73,10000,0,8,4),(2,76,10000,0,8,4),(2,77,10000,0,8,4),(2,78,10000,0,8,4),(2,79,10000,0,8,4),(2,80,10000,0,8,4),(2,81,10000,0,8,4),(2,82,10000,0,8,4),(2,83,10000,0,8,4),(2,84,10000,0,8,4),(2,85,10000,0,8,4),(2,86,10000,0,8,4),(2,87,10000,0,8,4),(2,88,10000,0,8,4),(2,89,10000,0,8,4),(2,90,10000,0,8,4),(2,91,10000,0,8,4),(2,92,10000,0,8,4),(2,93,10000,0,8,4),(2,94,10000,0,8,4),(2,95,10000,0,8,4),(2,96,10000,0,8,4),(2,97,10000,0,8,4),(2,98,10000,0,8,4),(2,99,10000,0,8,4),(2,100,10000,0,8,4),(2,101,10000,0,8,4),(2,102,10000,0,8,4),(2,105,10000,0,8,4),(2,106,10000,0,8,4),(2,107,10000,0,8,4),(3,1,0,1,8,4),(3,2,0,1,8,4),(3,3,0,1,8,4),(3,4,0,1,8,4),(3,5,0,1,8,4),(3,6,0,1,8,4),(3,7,0,1,8,4),(3,8,0,1,8,4),(3,9,0,1,8,4),(3,10,0,1,8,4),(3,11,0,1,8,4),(3,12,0,1,8,4),(3,13,0,1,8,4),(3,14,0,1,8,4),(3,15,0,1,8,4),(3,18,0,1,8,4),(3,19,0,1,8,4),(4,8,0,1,8,4),(4,10,0,1,8,4),(4,20,0,1,8,4),(4,21,0,1,8,4),(4,24,0,1,8,4),(4,25,0,1,8,4),(4,38,0,1,8,4),(4,39,0,1,8,4),(5,46,0,1,8,4),(5,47,0,1,8,4),(5,48,0,1,8,4),(5,49,0,1,8,4),(5,50,0,1,8,4),(5,51,0,1,8,4),(5,73,0,1,8,4),(5,76,0,1,8,4),(5,77,0,1,8,4),(5,78,0,1,8,4),(5,79,0,1,8,4),(5,80,0,1,8,4),(5,81,0,1,8,4),(6,47,0,1,8,4),(6,48,0,1,8,4),(6,52,0,1,8,4),(6,53,0,1,8,4),(6,54,0,1,8,4),(6,55,0,1,8,4),(6,56,0,1,8,4),(6,57,0,1,8,4),(8,3,0,1,8,4),(8,6,0,1,8,4),(8,40,0,1,8,4),(8,41,0,1,8,4),(8,42,0,1,8,4),(8,43,0,1,8,4),(8,44,0,1,8,4),(8,45,0,1,8,4),(9,65,10000,0,8,4),(9,66,10000,0,8,4),(9,67,10000,0,8,4),(9,68,10000,0,8,4),(9,69,10000,0,8,4),(9,70,10000,0,8,4),(9,71,10000,0,8,4),(9,72,10000,0,8,4),(9,82,0,1,8,4),(9,83,0,1,8,4),(9,84,0,1,8,4),(9,85,0,1,8,4),(9,86,0,1,8,4),(9,87,0,1,8,4),(9,88,0,1,8,4),(9,89,0,1,8,4),(9,90,0,1,8,4),(9,91,0,1,8,4),(9,92,0,1,8,4),(9,93,0,1,8,4),(9,94,0,1,8,4),(9,95,0,1,8,4),(9,96,0,1,8,4),(9,97,0,1,8,4),(9,98,0,1,8,4),(9,99,0,1,8,4),(9,100,0,1,8,4),(9,101,0,1,8,4),(9,102,0,1,8,4),(9,105,0,1,8,4),(9,106,0,1,8,4),(9,107,0,1,8,4),(13,58,0,1,8,4),(13,66,0,1,8,4),(15,1,0,1,8,4),(15,2,0,1,8,4),(15,3,0,1,8,4),(15,4,0,1,8,4),(15,5,0,1,8,4),(15,6,0,1,8,4),(15,7,0,1,8,4),(15,8,0,1,8,4),(15,9,0,1,8,4),(15,11,0,1,8,4),(15,12,0,1,8,4),(15,13,0,1,8,4),(15,14,0,1,8,4),(15,15,0,1,8,4),(15,18,0,1,8,4),(15,19,0,1,8,4),(16,10,0,1,8,4),(17,7,0,1,8,4),(17,15,0,1,8,4),(18,3,0,1,8,4),(18,18,0,1,8,4),(19,1,0,1,8,4),(19,4,0,1,8,4),(19,5,0,1,8,4),(19,6,0,1,8,4),(19,8,0,1,8,4),(19,9,0,1,8,4),(19,19,0,1,8,4),(22,12,0,1,8,4),(23,11,0,1,8,4),(24,2,0,1,8,4),(24,13,0,1,8,4),(24,14,0,1,8,4),(27,10,0,1,8,4),(29,40,0,1,8,4),(29,41,0,1,8,4),(29,42,0,1,8,4),(29,43,0,1,8,4),(29,44,0,1,8,4),(29,45,0,1,8,4),(31,41,0,1,8,4),(31,43,0,1,8,4),(33,42,0,1,8,4),(33,44,0,1,8,4),(33,45,0,1,8,4),(34,40,0,1,8,4),(53,20,0,1,8,4),(53,21,0,1,8,4),(53,24,0,1,8,4),(53,25,0,1,8,4),(53,38,0,1,8,4),(53,39,0,1,8,4),(57,47,0,1,8,4),(57,49,0,1,8,4),(57,73,0,1,8,4),(57,76,0,1,8,4),(57,77,0,1,8,4),(57,78,0,1,8,4),(57,79,0,1,8,4),(57,80,0,1,8,4),(57,81,0,1,8,4),(58,46,0,1,8,4),(59,48,0,1,8,4),(59,50,0,1,8,4),(59,51,0,1,8,4),(62,57,0,1,8,4),(63,53,0,1,8,4),(63,54,0,1,8,4),(63,55,0,1,8,4),(64,52,0,1,8,4),(64,56,0,1,8,4),(67,59,0,1,8,4),(67,60,0,1,8,4),(67,61,0,1,8,4),(67,62,0,1,8,4),(67,63,0,1,8,4),(67,64,0,1,8,4),(67,65,0,1,8,4),(67,67,0,1,8,4),(67,68,0,1,8,4),(67,69,0,1,8,4),(67,70,0,1,8,4),(67,71,0,1,8,4),(67,72,0,1,8,4),(73,71,0,1,8,4),(73,72,0,1,8,4),(73,100,0,1,8,4),(73,101,0,1,8,4),(73,102,0,1,8,4),(73,105,0,1,8,4),(73,106,0,1,8,4),(73,107,0,1,8,4),(74,69,0,1,8,4),(74,70,0,1,8,4),(74,94,0,1,8,4),(74,95,0,1,8,4),(74,96,0,1,8,4),(74,97,0,1,8,4),(74,98,0,1,8,4),(74,99,0,1,8,4),(75,67,0,1,8,4),(75,68,0,1,8,4),(75,88,0,1,8,4),(75,89,0,1,8,4),(75,90,0,1,8,4),(75,91,0,1,8,4),(75,92,0,1,8,4),(75,93,0,1,8,4),(76,65,0,1,8,4),(76,66,0,1,8,4),(76,82,0,1,8,4),(76,83,0,1,8,4),(76,84,0,1,8,4),(76,85,0,1,8,4),(76,86,0,1,8,4),(76,87,0,1,8,4);

--
-- Table structure for table `catalog_category_product_index_store9`
--

CREATE TABLE `catalog_category_product_index_store9` (
  `category_id` int(10) unsigned NOT NULL DEFAULT '0' COMMENT 'Category Id',
  `product_id` int(10) unsigned NOT NULL DEFAULT '0' COMMENT 'Product Id',
  `position` int(11) DEFAULT NULL COMMENT 'Position',
  `is_parent` smallint(5) unsigned NOT NULL DEFAULT '0' COMMENT 'Is Parent',
  `store_id` smallint(5) unsigned NOT NULL DEFAULT '0' COMMENT 'Store Id',
  `visibility` smallint(5) unsigned NOT NULL COMMENT 'Visibility',
  PRIMARY KEY (`category_id`,`product_id`,`store_id`),
  KEY `IDX_ADE8510F1BBEC8E64D9E49D2B86DF6A6` (`product_id`,`store_id`,`category_id`,`visibility`),
  KEY `IDX_CAE8981A33EEF72C92B0DA20D82E8789` (`store_id`,`category_id`,`visibility`,`is_parent`,`position`)
) ENGINE=InnoDB DEFAULT CHARSET=utf8 COMMENT='Catalog Category Product Index Store9';

--
-- Dumping data for table `catalog_category_product_index_store9`
--

INSERT INTO `catalog_category_product_index_store9` VALUES (2,1,10000,0,9,4),(2,2,10000,0,9,4),(2,3,10000,0,9,4),(2,4,10000,0,9,4),(2,5,10000,0,9,4),(2,6,10000,0,9,4),(2,7,10000,0,9,4),(2,8,10000,0,9,4),(2,9,10000,0,9,4),(2,10,10000,0,9,4),(2,11,10000,0,9,4),(2,12,10000,0,9,4),(2,13,10000,0,9,4),(2,14,10000,0,9,4),(2,15,10000,0,9,4),(2,18,10000,0,9,4),(2,19,10000,0,9,4),(2,20,10000,0,9,4),(2,21,10000,0,9,4),(2,24,10000,0,9,4),(2,25,10000,0,9,4),(2,38,10000,0,9,4),(2,39,10000,0,9,4),(2,40,10000,0,9,4),(2,41,10000,0,9,4),(2,42,10000,0,9,4),(2,43,10000,0,9,4),(2,44,10000,0,9,4),(2,45,10000,0,9,4),(2,46,10000,0,9,4),(2,47,10000,0,9,4),(2,48,10000,0,9,4),(2,49,10000,0,9,4),(2,50,10000,0,9,4),(2,51,10000,0,9,4),(2,52,10000,0,9,4),(2,53,10000,0,9,4),(2,54,10000,0,9,4),(2,55,10000,0,9,4),(2,56,10000,0,9,4),(2,57,10000,0,9,4),(2,58,10000,0,9,4),(2,59,10000,0,9,4),(2,60,10000,0,9,4),(2,61,10000,0,9,4),(2,62,10000,0,9,4),(2,63,10000,0,9,4),(2,64,10000,0,9,4),(2,65,10000,0,9,4),(2,66,10000,0,9,4),(2,67,10000,0,9,4),(2,68,10000,0,9,4),(2,69,10000,0,9,4),(2,70,10000,0,9,4),(2,71,10000,0,9,4),(2,72,10000,0,9,4),(2,73,10000,0,9,4),(2,76,10000,0,9,4),(2,77,10000,0,9,4),(2,78,10000,0,9,4),(2,79,10000,0,9,4),(2,80,10000,0,9,4),(2,81,10000,0,9,4),(2,82,10000,0,9,4),(2,83,10000,0,9,4),(2,84,10000,0,9,4),(2,85,10000,0,9,4),(2,86,10000,0,9,4),(2,87,10000,0,9,4),(2,88,10000,0,9,4),(2,89,10000,0,9,4),(2,90,10000,0,9,4),(2,91,10000,0,9,4),(2,92,10000,0,9,4),(2,93,10000,0,9,4),(2,94,10000,0,9,4),(2,95,10000,0,9,4),(2,96,10000,0,9,4),(2,97,10000,0,9,4),(2,98,10000,0,9,4),(2,99,10000,0,9,4),(2,100,10000,0,9,4),(2,101,10000,0,9,4),(2,102,10000,0,9,4),(2,105,10000,0,9,4),(2,106,10000,0,9,4),(2,107,10000,0,9,4),(3,1,0,1,9,4),(3,2,0,1,9,4),(3,3,0,1,9,4),(3,4,0,1,9,4),(3,5,0,1,9,4),(3,6,0,1,9,4),(3,7,0,1,9,4),(3,8,0,1,9,4),(3,9,0,1,9,4),(3,10,0,1,9,4),(3,11,0,1,9,4),(3,12,0,1,9,4),(3,13,0,1,9,4),(3,14,0,1,9,4),(3,15,0,1,9,4),(3,18,0,1,9,4),(3,19,0,1,9,4),(4,8,0,1,9,4),(4,10,0,1,9,4),(4,20,0,1,9,4),(4,21,0,1,9,4),(4,24,0,1,9,4),(4,25,0,1,9,4),(4,38,0,1,9,4),(4,39,0,1,9,4),(5,46,0,1,9,4),(5,47,0,1,9,4),(5,48,0,1,9,4),(5,49,0,1,9,4),(5,50,0,1,9,4),(5,51,0,1,9,4),(5,73,0,1,9,4),(5,76,0,1,9,4),(5,77,0,1,9,4),(5,78,0,1,9,4),(5,79,0,1,9,4),(5,80,0,1,9,4),(5,81,0,1,9,4),(6,47,0,1,9,4),(6,48,0,1,9,4),(6,52,0,1,9,4),(6,53,0,1,9,4),(6,54,0,1,9,4),(6,55,0,1,9,4),(6,56,0,1,9,4),(6,57,0,1,9,4),(8,3,0,1,9,4),(8,6,0,1,9,4),(8,40,0,1,9,4),(8,41,0,1,9,4),(8,42,0,1,9,4),(8,43,0,1,9,4),(8,44,0,1,9,4),(8,45,0,1,9,4),(9,65,10000,0,9,4),(9,66,10000,0,9,4),(9,67,10000,0,9,4),(9,68,10000,0,9,4),(9,69,10000,0,9,4),(9,70,10000,0,9,4),(9,71,10000,0,9,4),(9,72,10000,0,9,4),(9,82,0,1,9,4),(9,83,0,1,9,4),(9,84,0,1,9,4),(9,85,0,1,9,4),(9,86,0,1,9,4),(9,87,0,1,9,4),(9,88,0,1,9,4),(9,89,0,1,9,4),(9,90,0,1,9,4),(9,91,0,1,9,4),(9,92,0,1,9,4),(9,93,0,1,9,4),(9,94,0,1,9,4),(9,95,0,1,9,4),(9,96,0,1,9,4),(9,97,0,1,9,4),(9,98,0,1,9,4),(9,99,0,1,9,4),(9,100,0,1,9,4),(9,101,0,1,9,4),(9,102,0,1,9,4),(9,105,0,1,9,4),(9,106,0,1,9,4),(9,107,0,1,9,4),(13,58,0,1,9,4),(13,66,0,1,9,4),(15,1,0,1,9,4),(15,2,0,1,9,4),(15,3,0,1,9,4),(15,4,0,1,9,4),(15,5,0,1,9,4),(15,6,0,1,9,4),(15,7,0,1,9,4),(15,8,0,1,9,4),(15,9,0,1,9,4),(15,11,0,1,9,4),(15,12,0,1,9,4),(15,13,0,1,9,4),(15,14,0,1,9,4),(15,15,0,1,9,4),(15,18,0,1,9,4),(15,19,0,1,9,4),(16,10,0,1,9,4),(17,7,0,1,9,4),(17,15,0,1,9,4),(18,3,0,1,9,4),(18,18,0,1,9,4),(19,1,0,1,9,4),(19,4,0,1,9,4),(19,5,0,1,9,4),(19,6,0,1,9,4),(19,8,0,1,9,4),(19,9,0,1,9,4),(19,19,0,1,9,4),(22,12,0,1,9,4),(23,11,0,1,9,4),(24,2,0,1,9,4),(24,13,0,1,9,4),(24,14,0,1,9,4),(27,10,0,1,9,4),(29,40,0,1,9,4),(29,41,0,1,9,4),(29,42,0,1,9,4),(29,43,0,1,9,4),(29,44,0,1,9,4),(29,45,0,1,9,4),(31,41,0,1,9,4),(31,43,0,1,9,4),(33,42,0,1,9,4),(33,44,0,1,9,4),(33,45,0,1,9,4),(34,40,0,1,9,4),(53,20,0,1,9,4),(53,21,0,1,9,4),(53,24,0,1,9,4),(53,25,0,1,9,4),(53,38,0,1,9,4),(53,39,0,1,9,4),(57,47,0,1,9,4),(57,49,0,1,9,4),(57,73,0,1,9,4),(57,76,0,1,9,4),(57,77,0,1,9,4),(57,78,0,1,9,4),(57,79,0,1,9,4),(57,80,0,1,9,4),(57,81,0,1,9,4),(58,46,0,1,9,4),(59,48,0,1,9,4),(59,50,0,1,9,4),(59,51,0,1,9,4),(62,57,0,1,9,4),(63,53,0,1,9,4),(63,54,0,1,9,4),(63,55,0,1,9,4),(64,52,0,1,9,4),(64,56,0,1,9,4),(67,59,0,1,9,4),(67,60,0,1,9,4),(67,61,0,1,9,4),(67,62,0,1,9,4),(67,63,0,1,9,4),(67,64,0,1,9,4),(67,65,0,1,9,4),(67,67,0,1,9,4),(67,68,0,1,9,4),(67,69,0,1,9,4),(67,70,0,1,9,4),(67,71,0,1,9,4),(67,72,0,1,9,4),(73,71,0,1,9,4),(73,72,0,1,9,4),(73,100,0,1,9,4),(73,101,0,1,9,4),(73,102,0,1,9,4),(73,105,0,1,9,4),(73,106,0,1,9,4),(73,107,0,1,9,4),(74,69,0,1,9,4),(74,70,0,1,9,4),(74,94,0,1,9,4),(74,95,0,1,9,4),(74,96,0,1,9,4),(74,97,0,1,9,4),(74,98,0,1,9,4),(74,99,0,1,9,4),(75,67,0,1,9,4),(75,68,0,1,9,4),(75,88,0,1,9,4),(75,89,0,1,9,4),(75,90,0,1,9,4),(75,91,0,1,9,4),(75,92,0,1,9,4),(75,93,0,1,9,4),(76,65,0,1,9,4),(76,66,0,1,9,4),(76,82,0,1,9,4),(76,83,0,1,9,4),(76,84,0,1,9,4),(76,85,0,1,9,4),(76,86,0,1,9,4),(76,87,0,1,9,4);

--
-- Table structure for table `catalog_category_product_index_store9_replica`
--

CREATE TABLE `catalog_category_product_index_store9_replica` (
  `category_id` int(10) unsigned NOT NULL DEFAULT '0' COMMENT 'Category Id',
  `product_id` int(10) unsigned NOT NULL DEFAULT '0' COMMENT 'Product Id',
  `position` int(11) DEFAULT NULL COMMENT 'Position',
  `is_parent` smallint(5) unsigned NOT NULL DEFAULT '0' COMMENT 'Is Parent',
  `store_id` smallint(5) unsigned NOT NULL DEFAULT '0' COMMENT 'Store Id',
  `visibility` smallint(5) unsigned NOT NULL COMMENT 'Visibility',
  PRIMARY KEY (`category_id`,`product_id`,`store_id`),
  KEY `CAT_CTGR_PRD_IDX_STORE9_PRD_ID_STORE_ID_CTGR_ID_VISIBILITY` (`product_id`,`store_id`,`category_id`,`visibility`),
  KEY `IDX_ADAF96EF1972B57CCB3A89BA1A467864` (`store_id`,`category_id`,`visibility`,`is_parent`,`position`)
) ENGINE=InnoDB DEFAULT CHARSET=utf8 COMMENT='Catalog Category Product Index Store9 Replica';

--
-- Dumping data for table `catalog_category_product_index_store9_replica`
--

INSERT INTO `catalog_category_product_index_store9_replica` VALUES (2,1,10000,0,9,4),(2,2,10000,0,9,4),(2,3,10000,0,9,4),(2,4,10000,0,9,4),(2,5,10000,0,9,4),(2,6,10000,0,9,4),(2,7,10000,0,9,4),(2,8,10000,0,9,4),(2,9,10000,0,9,4),(2,10,10000,0,9,4),(2,11,10000,0,9,4),(2,12,10000,0,9,4),(2,13,10000,0,9,4),(2,14,10000,0,9,4),(2,15,10000,0,9,4),(2,18,10000,0,9,4),(2,19,10000,0,9,4),(2,20,10000,0,9,4),(2,21,10000,0,9,4),(2,24,10000,0,9,4),(2,25,10000,0,9,4),(2,38,10000,0,9,4),(2,39,10000,0,9,4),(2,40,10000,0,9,4),(2,41,10000,0,9,4),(2,42,10000,0,9,4),(2,43,10000,0,9,4),(2,44,10000,0,9,4),(2,45,10000,0,9,4),(2,46,10000,0,9,4),(2,47,10000,0,9,4),(2,48,10000,0,9,4),(2,49,10000,0,9,4),(2,50,10000,0,9,4),(2,51,10000,0,9,4),(2,52,10000,0,9,4),(2,53,10000,0,9,4),(2,54,10000,0,9,4),(2,55,10000,0,9,4),(2,56,10000,0,9,4),(2,57,10000,0,9,4),(2,58,10000,0,9,4),(2,59,10000,0,9,4),(2,60,10000,0,9,4),(2,61,10000,0,9,4),(2,62,10000,0,9,4),(2,63,10000,0,9,4),(2,64,10000,0,9,4),(2,65,10000,0,9,4),(2,66,10000,0,9,4),(2,67,10000,0,9,4),(2,68,10000,0,9,4),(2,69,10000,0,9,4),(2,70,10000,0,9,4),(2,71,10000,0,9,4),(2,72,10000,0,9,4),(2,73,10000,0,9,4),(2,76,10000,0,9,4),(2,77,10000,0,9,4),(2,78,10000,0,9,4),(2,79,10000,0,9,4),(2,80,10000,0,9,4),(2,81,10000,0,9,4),(2,82,10000,0,9,4),(2,83,10000,0,9,4),(2,84,10000,0,9,4),(2,85,10000,0,9,4),(2,86,10000,0,9,4),(2,87,10000,0,9,4),(2,88,10000,0,9,4),(2,89,10000,0,9,4),(2,90,10000,0,9,4),(2,91,10000,0,9,4),(2,92,10000,0,9,4),(2,93,10000,0,9,4),(2,94,10000,0,9,4),(2,95,10000,0,9,4),(2,96,10000,0,9,4),(2,97,10000,0,9,4),(2,98,10000,0,9,4),(2,99,10000,0,9,4),(2,100,10000,0,9,4),(2,101,10000,0,9,4),(2,102,10000,0,9,4),(2,105,10000,0,9,4),(2,106,10000,0,9,4),(2,107,10000,0,9,4),(3,1,0,1,9,4),(3,2,0,1,9,4),(3,3,0,1,9,4),(3,4,0,1,9,4),(3,5,0,1,9,4),(3,6,0,1,9,4),(3,7,0,1,9,4),(3,8,0,1,9,4),(3,9,0,1,9,4),(3,10,0,1,9,4),(3,11,0,1,9,4),(3,12,0,1,9,4),(3,13,0,1,9,4),(3,14,0,1,9,4),(3,15,0,1,9,4),(3,18,0,1,9,4),(3,19,0,1,9,4),(4,8,0,1,9,4),(4,10,0,1,9,4),(4,20,0,1,9,4),(4,21,0,1,9,4),(4,24,0,1,9,4),(4,25,0,1,9,4),(4,38,0,1,9,4),(4,39,0,1,9,4),(5,46,0,1,9,4),(5,47,0,1,9,4),(5,48,0,1,9,4),(5,49,0,1,9,4),(5,50,0,1,9,4),(5,51,0,1,9,4),(5,73,0,1,9,4),(5,76,0,1,9,4),(5,77,0,1,9,4),(5,78,0,1,9,4),(5,79,0,1,9,4),(5,80,0,1,9,4),(5,81,0,1,9,4),(6,47,0,1,9,4),(6,48,0,1,9,4),(6,52,0,1,9,4),(6,53,0,1,9,4),(6,54,0,1,9,4),(6,55,0,1,9,4),(6,56,0,1,9,4),(6,57,0,1,9,4),(8,3,0,1,9,4),(8,6,0,1,9,4),(8,40,0,1,9,4),(8,41,0,1,9,4),(8,42,0,1,9,4),(8,43,0,1,9,4),(8,44,0,1,9,4),(8,45,0,1,9,4),(9,65,10000,0,9,4),(9,66,10000,0,9,4),(9,67,10000,0,9,4),(9,68,10000,0,9,4),(9,69,10000,0,9,4),(9,70,10000,0,9,4),(9,71,10000,0,9,4),(9,72,10000,0,9,4),(9,82,0,1,9,4),(9,83,0,1,9,4),(9,84,0,1,9,4),(9,85,0,1,9,4),(9,86,0,1,9,4),(9,87,0,1,9,4),(9,88,0,1,9,4),(9,89,0,1,9,4),(9,90,0,1,9,4),(9,91,0,1,9,4),(9,92,0,1,9,4),(9,93,0,1,9,4),(9,94,0,1,9,4),(9,95,0,1,9,4),(9,96,0,1,9,4),(9,97,0,1,9,4),(9,98,0,1,9,4),(9,99,0,1,9,4),(9,100,0,1,9,4),(9,101,0,1,9,4),(9,102,0,1,9,4),(9,105,0,1,9,4),(9,106,0,1,9,4),(9,107,0,1,9,4),(13,58,0,1,9,4),(13,66,0,1,9,4),(15,1,0,1,9,4),(15,2,0,1,9,4),(15,3,0,1,9,4),(15,4,0,1,9,4),(15,5,0,1,9,4),(15,6,0,1,9,4),(15,7,0,1,9,4),(15,8,0,1,9,4),(15,9,0,1,9,4),(15,11,0,1,9,4),(15,12,0,1,9,4),(15,13,0,1,9,4),(15,14,0,1,9,4),(15,15,0,1,9,4),(15,18,0,1,9,4),(15,19,0,1,9,4),(16,10,0,1,9,4),(17,7,0,1,9,4),(17,15,0,1,9,4),(18,3,0,1,9,4),(18,18,0,1,9,4),(19,1,0,1,9,4),(19,4,0,1,9,4),(19,5,0,1,9,4),(19,6,0,1,9,4),(19,8,0,1,9,4),(19,9,0,1,9,4),(19,19,0,1,9,4),(22,12,0,1,9,4),(23,11,0,1,9,4),(24,2,0,1,9,4),(24,13,0,1,9,4),(24,14,0,1,9,4),(27,10,0,1,9,4),(29,40,0,1,9,4),(29,41,0,1,9,4),(29,42,0,1,9,4),(29,43,0,1,9,4),(29,44,0,1,9,4),(29,45,0,1,9,4),(31,41,0,1,9,4),(31,43,0,1,9,4),(33,42,0,1,9,4),(33,44,0,1,9,4),(33,45,0,1,9,4),(34,40,0,1,9,4),(53,20,0,1,9,4),(53,21,0,1,9,4),(53,24,0,1,9,4),(53,25,0,1,9,4),(53,38,0,1,9,4),(53,39,0,1,9,4),(57,47,0,1,9,4),(57,49,0,1,9,4),(57,73,0,1,9,4),(57,76,0,1,9,4),(57,77,0,1,9,4),(57,78,0,1,9,4),(57,79,0,1,9,4),(57,80,0,1,9,4),(57,81,0,1,9,4),(58,46,0,1,9,4),(59,48,0,1,9,4),(59,50,0,1,9,4),(59,51,0,1,9,4),(62,57,0,1,9,4),(63,53,0,1,9,4),(63,54,0,1,9,4),(63,55,0,1,9,4),(64,52,0,1,9,4),(64,56,0,1,9,4),(67,59,0,1,9,4),(67,60,0,1,9,4),(67,61,0,1,9,4),(67,62,0,1,9,4),(67,63,0,1,9,4),(67,64,0,1,9,4),(67,65,0,1,9,4),(67,67,0,1,9,4),(67,68,0,1,9,4),(67,69,0,1,9,4),(67,70,0,1,9,4),(67,71,0,1,9,4),(67,72,0,1,9,4),(73,71,0,1,9,4),(73,72,0,1,9,4),(73,100,0,1,9,4),(73,101,0,1,9,4),(73,102,0,1,9,4),(73,105,0,1,9,4),(73,106,0,1,9,4),(73,107,0,1,9,4),(74,69,0,1,9,4),(74,70,0,1,9,4),(74,94,0,1,9,4),(74,95,0,1,9,4),(74,96,0,1,9,4),(74,97,0,1,9,4),(74,98,0,1,9,4),(74,99,0,1,9,4),(75,67,0,1,9,4),(75,68,0,1,9,4),(75,88,0,1,9,4),(75,89,0,1,9,4),(75,90,0,1,9,4),(75,91,0,1,9,4),(75,92,0,1,9,4),(75,93,0,1,9,4),(76,65,0,1,9,4),(76,66,0,1,9,4),(76,82,0,1,9,4),(76,83,0,1,9,4),(76,84,0,1,9,4),(76,85,0,1,9,4),(76,86,0,1,9,4),(76,87,0,1,9,4);

--
-- Table structure for table `catalog_category_product_index_tmp`
--

CREATE TABLE `catalog_category_product_index_tmp` (
  `category_id` int(10) unsigned NOT NULL DEFAULT '0' COMMENT 'Category ID',
  `product_id` int(10) unsigned NOT NULL DEFAULT '0' COMMENT 'Product ID',
  `position` int(11) NOT NULL DEFAULT '0' COMMENT 'Position',
  `is_parent` smallint(5) unsigned NOT NULL DEFAULT '0' COMMENT 'Is Parent',
  `store_id` smallint(5) unsigned NOT NULL DEFAULT '0' COMMENT 'Store ID',
  `visibility` smallint(5) unsigned NOT NULL COMMENT 'Visibility',
  PRIMARY KEY (`category_id`,`product_id`,`store_id`),
  KEY `CAT_CTGR_PRD_IDX_TMP_PRD_ID_CTGR_ID_STORE_ID` (`product_id`,`category_id`,`store_id`)
) ENGINE=InnoDB DEFAULT CHARSET=utf8 COMMENT='Catalog Category Product Indexer temporary table';

--
-- Dumping data for table `catalog_category_product_index_tmp`
--


--
-- Table structure for table `catalog_compare_item`
--

CREATE TABLE `catalog_compare_item` (
  `catalog_compare_item_id` int(10) unsigned NOT NULL AUTO_INCREMENT COMMENT 'Compare Item ID',
  `visitor_id` int(10) unsigned NOT NULL DEFAULT '0' COMMENT 'Visitor ID',
  `customer_id` int(10) unsigned DEFAULT NULL COMMENT 'Customer ID',
  `product_id` int(10) unsigned NOT NULL DEFAULT '0' COMMENT 'Product ID',
  `store_id` smallint(5) unsigned DEFAULT NULL COMMENT 'Store ID',
  `list_id` int(10) unsigned DEFAULT NULL COMMENT 'List ID',
  PRIMARY KEY (`catalog_compare_item_id`),
  KEY `CATALOG_COMPARE_ITEM_PRODUCT_ID` (`product_id`),
  KEY `CATALOG_COMPARE_ITEM_VISITOR_ID_PRODUCT_ID` (`visitor_id`,`product_id`),
  KEY `CATALOG_COMPARE_ITEM_CUSTOMER_ID_PRODUCT_ID` (`customer_id`,`product_id`),
  KEY `CATALOG_COMPARE_ITEM_STORE_ID` (`store_id`),
  KEY `CATALOG_COMPARE_ITEM_LIST_ID_CATALOG_COMPARE_LIST_LIST_ID` (`list_id`),
  CONSTRAINT `CATALOG_COMPARE_ITEM_CUSTOMER_ID_CUSTOMER_ENTITY_ENTITY_ID` FOREIGN KEY (`customer_id`) REFERENCES `customer_entity` (`entity_id`) ON DELETE CASCADE,
  CONSTRAINT `CATALOG_COMPARE_ITEM_LIST_ID_CATALOG_COMPARE_LIST_LIST_ID` FOREIGN KEY (`list_id`) REFERENCES `catalog_compare_list` (`list_id`) ON DELETE CASCADE,
  CONSTRAINT `CATALOG_COMPARE_ITEM_PRODUCT_ID_CATALOG_PRODUCT_ENTITY_ENTITY_ID` FOREIGN KEY (`product_id`) REFERENCES `catalog_product_entity` (`entity_id`) ON DELETE CASCADE,
  CONSTRAINT `CATALOG_COMPARE_ITEM_STORE_ID_STORE_STORE_ID` FOREIGN KEY (`store_id`) REFERENCES `store` (`store_id`) ON DELETE SET NULL
) ENGINE=InnoDB AUTO_INCREMENT=50 DEFAULT CHARSET=utf8 COMMENT='Catalog Compare Table';

--
-- Dumping data for table `catalog_compare_item`
--

INSERT INTO `catalog_compare_item` VALUES (1,80,NULL,2,1,NULL),(2,80,NULL,5,1,NULL),(3,84,NULL,2,1,NULL),(4,84,NULL,4,1,NULL),(7,0,1,8,1,NULL),(11,1984,NULL,39,4,NULL),(12,1984,NULL,24,4,NULL),(13,22581,NULL,14,1,NULL),(14,22581,NULL,8,1,NULL),(15,23142,NULL,8,1,NULL),(16,23142,NULL,58,1,NULL),(17,29150,NULL,7,1,NULL),(18,30196,NULL,12,1,NULL),(19,30196,NULL,79,4,NULL),(20,30196,NULL,49,4,NULL),(21,39861,NULL,2,1,NULL),(23,44118,NULL,78,2,NULL),(24,46277,NULL,68,3,NULL),(25,46277,NULL,12,3,NULL),(26,49454,NULL,81,1,NULL),(28,59180,NULL,77,1,NULL),(29,59180,NULL,78,1,NULL),(30,71184,NULL,49,4,NULL),(31,71184,NULL,81,4,NULL),(32,71184,NULL,20,4,NULL),(33,75657,NULL,11,1,NULL),(34,75657,NULL,18,1,NULL),(35,79188,NULL,48,4,NULL),(36,88987,NULL,15,3,NULL),(37,88987,NULL,7,3,NULL),(38,88987,NULL,11,3,NULL),(39,93491,NULL,39,4,NULL),(40,96009,NULL,4,1,NULL),(41,96009,NULL,3,1,NULL),(42,100617,NULL,65,3,NULL),(43,108958,NULL,70,3,NULL),(44,110730,NULL,3,4,NULL),(45,117843,NULL,63,4,NULL),(46,117843,NULL,79,4,NULL),(49,35,NULL,38,1,NULL);

--
-- Table structure for table `catalog_compare_list`
--

CREATE TABLE `catalog_compare_list` (
  `list_id` int(10) unsigned NOT NULL AUTO_INCREMENT COMMENT 'Compare List ID',
  `list_id_mask` varchar(32) DEFAULT NULL COMMENT 'Masked ID',
  `customer_id` int(10) unsigned DEFAULT NULL COMMENT 'Customer ID',
  PRIMARY KEY (`list_id`),
  UNIQUE KEY `CATALOG_COMPARE_LIST_CUSTOMER_ID` (`customer_id`),
  KEY `CATALOG_COMPARE_LIST_LIST_ID_MASK` (`list_id_mask`),
  CONSTRAINT `CATALOG_COMPARE_LIST_CUSTOMER_ID_CUSTOMER_ENTITY_ENTITY_ID` FOREIGN KEY (`customer_id`) REFERENCES `customer_entity` (`entity_id`) ON DELETE CASCADE
) ENGINE=InnoDB DEFAULT CHARSET=utf8 COMMENT='Catalog Compare List with hash Table';

--
-- Dumping data for table `catalog_compare_list`
--


--
-- Table structure for table `catalog_eav_attribute`
--

CREATE TABLE `catalog_eav_attribute` (
  `attribute_id` smallint(5) unsigned NOT NULL COMMENT 'Attribute ID',
  `frontend_input_renderer` varchar(255) DEFAULT NULL COMMENT 'Frontend Input Renderer',
  `is_global` smallint(5) unsigned NOT NULL DEFAULT '1' COMMENT 'Is Global',
  `is_visible` smallint(5) unsigned NOT NULL DEFAULT '1' COMMENT 'Is Visible',
  `is_searchable` smallint(5) unsigned NOT NULL DEFAULT '0' COMMENT 'Is Searchable',
  `is_filterable` smallint(5) unsigned NOT NULL DEFAULT '0' COMMENT 'Is Filterable',
  `is_comparable` smallint(5) unsigned NOT NULL DEFAULT '0' COMMENT 'Is Comparable',
  `is_visible_on_front` smallint(5) unsigned NOT NULL DEFAULT '0' COMMENT 'Is Visible On Front',
  `is_html_allowed_on_front` smallint(5) unsigned NOT NULL DEFAULT '0' COMMENT 'Is HTML Allowed On Front',
  `is_used_for_price_rules` smallint(5) unsigned NOT NULL DEFAULT '0' COMMENT 'Is Used For Price Rules',
  `is_filterable_in_search` smallint(5) unsigned NOT NULL DEFAULT '0' COMMENT 'Is Filterable In Search',
  `used_in_product_listing` smallint(5) unsigned NOT NULL DEFAULT '0' COMMENT 'Is Used In Product Listing',
  `used_for_sort_by` smallint(5) unsigned NOT NULL DEFAULT '0' COMMENT 'Is Used For Sorting',
  `apply_to` varchar(255) DEFAULT NULL COMMENT 'Apply To',
  `is_visible_in_advanced_search` smallint(5) unsigned NOT NULL DEFAULT '0' COMMENT 'Is Visible In Advanced Search',
  `position` int(11) NOT NULL DEFAULT '0' COMMENT 'Position',
  `is_wysiwyg_enabled` smallint(5) unsigned NOT NULL DEFAULT '0' COMMENT 'Is WYSIWYG Enabled',
  `is_used_for_promo_rules` smallint(5) unsigned NOT NULL DEFAULT '0' COMMENT 'Is Used For Promo Rules',
  `is_required_in_admin_store` smallint(5) unsigned NOT NULL DEFAULT '0' COMMENT 'Is Required In Admin Store',
  `is_used_in_grid` smallint(5) unsigned NOT NULL DEFAULT '0' COMMENT 'Is Used in Grid',
  `is_visible_in_grid` smallint(5) unsigned NOT NULL DEFAULT '0' COMMENT 'Is Visible in Grid',
  `is_filterable_in_grid` smallint(5) unsigned NOT NULL DEFAULT '0' COMMENT 'Is Filterable in Grid',
  `search_weight` float NOT NULL DEFAULT '1' COMMENT 'Search Weight',
  `additional_data` text COMMENT 'Additional swatch attributes data',
  `filter_style` varchar(255) DEFAULT NULL COMMENT 'Filter Style',
  `is_pagebuilder_enabled` tinyint(1) NOT NULL DEFAULT '0' COMMENT 'Is PageBuilder Enabled',
  PRIMARY KEY (`attribute_id`),
  KEY `CATALOG_EAV_ATTRIBUTE_USED_FOR_SORT_BY` (`used_for_sort_by`),
  KEY `CATALOG_EAV_ATTRIBUTE_USED_IN_PRODUCT_LISTING` (`used_in_product_listing`),
  CONSTRAINT `CATALOG_EAV_ATTRIBUTE_ATTRIBUTE_ID_EAV_ATTRIBUTE_ATTRIBUTE_ID` FOREIGN KEY (`attribute_id`) REFERENCES `eav_attribute` (`attribute_id`) ON DELETE CASCADE
) ENGINE=InnoDB DEFAULT CHARSET=utf8 COMMENT='Catalog EAV Attribute Table';

--
-- Dumping data for table `catalog_eav_attribute`
--

INSERT INTO `catalog_eav_attribute` VALUES (45,NULL,0,1,1,0,0,0,0,0,0,0,0,NULL,0,0,0,0,0,0,0,0,1,NULL,NULL,0),(46,NULL,0,1,0,0,0,0,0,0,0,0,0,NULL,0,0,0,0,0,0,0,0,1,NULL,NULL,0),(47,NULL,0,1,1,0,0,0,1,0,0,0,0,NULL,0,0,1,0,0,0,0,0,1,NULL,NULL,0),(48,NULL,0,1,0,0,0,0,0,0,0,0,0,NULL,0,0,0,0,0,0,0,0,1,NULL,NULL,0),(49,NULL,0,1,0,0,0,0,0,0,0,0,0,NULL,0,0,0,0,0,0,0,0,1,NULL,NULL,0),(50,NULL,0,1,0,0,0,0,0,0,0,0,0,NULL,0,0,0,0,0,0,0,0,1,NULL,NULL,0),(51,NULL,0,1,0,0,0,0,0,0,0,0,0,NULL,0,0,0,0,0,0,0,0,1,NULL,NULL,0),(52,NULL,0,1,0,0,0,0,0,0,0,0,0,NULL,0,0,0,0,0,0,0,0,1,NULL,NULL,0),(53,NULL,0,1,0,0,0,0,0,0,0,0,0,NULL,0,0,0,0,0,0,0,0,1,NULL,NULL,0),(54,NULL,1,1,0,0,0,0,0,0,0,0,0,NULL,0,0,0,0,0,0,0,0,1,NULL,NULL,0),(55,NULL,1,0,0,0,0,0,0,0,0,0,0,NULL,0,0,0,0,0,0,0,0,1,NULL,NULL,0),(56,NULL,1,0,0,0,0,0,0,0,0,0,0,NULL,0,0,0,0,0,0,0,0,1,NULL,NULL,0),(57,NULL,1,0,0,0,0,0,0,0,0,0,0,NULL,0,0,0,0,0,0,0,0,1,NULL,NULL,0),(58,NULL,1,0,0,0,0,0,0,0,0,0,0,NULL,0,0,0,0,0,0,0,0,1,NULL,NULL,0),(59,NULL,1,0,0,0,0,0,0,0,0,0,0,NULL,0,0,0,0,0,0,0,0,1,NULL,NULL,0),(60,NULL,0,1,0,0,0,0,0,0,0,0,0,NULL,0,0,0,0,0,0,0,0,1,NULL,NULL,0),(61,NULL,0,1,0,0,0,0,0,0,0,0,0,NULL,0,0,0,0,0,0,0,0,1,NULL,NULL,0),(62,NULL,0,1,0,0,0,0,0,0,0,0,0,NULL,0,0,0,0,0,0,0,0,1,NULL,NULL,0),(63,NULL,0,1,0,0,0,0,0,0,0,0,0,NULL,0,0,0,0,0,0,0,0,1,NULL,NULL,0),(64,NULL,0,0,0,0,0,0,0,0,0,0,0,NULL,0,0,0,0,0,0,0,0,1,NULL,NULL,0),(65,NULL,1,0,0,0,0,0,0,0,0,0,0,NULL,0,0,0,0,0,0,0,0,1,NULL,NULL,0),(66,NULL,1,0,0,0,0,0,0,0,0,0,0,NULL,0,0,0,0,0,0,0,0,1,NULL,NULL,0),(67,'Magento\\Catalog\\Block\\Adminhtml\\Category\\Helper\\Sortby\\Available',0,1,0,0,0,0,0,0,0,0,0,NULL,0,0,0,0,0,0,0,0,1,NULL,NULL,0),(68,'Magento\\Catalog\\Block\\Adminhtml\\Category\\Helper\\Sortby\\DefaultSortby',0,1,0,0,0,0,0,0,0,0,0,NULL,0,0,0,0,0,0,0,0,1,NULL,NULL,0),(69,NULL,0,1,0,0,0,0,0,0,0,0,0,NULL,0,0,0,0,0,0,0,0,1,NULL,NULL,0),(70,NULL,0,1,0,0,0,0,0,0,0,0,0,NULL,0,0,0,0,0,0,0,0,1,NULL,NULL,0),(71,NULL,0,1,0,0,0,0,0,0,0,0,0,NULL,0,0,0,0,0,0,0,0,1,NULL,NULL,0),(72,'Magento\\Catalog\\Block\\Adminhtml\\Category\\Helper\\Pricestep',0,1,0,0,0,0,0,0,0,0,0,NULL,0,0,0,0,0,0,0,0,1,NULL,NULL,0),(73,NULL,0,1,1,0,0,0,0,0,0,1,1,NULL,1,0,0,0,0,0,0,0,5,NULL,NULL,0),(74,NULL,1,1,1,0,1,0,0,0,0,0,0,NULL,1,0,0,1,0,0,0,0,6,NULL,NULL,0),(75,NULL,0,1,1,0,0,0,1,0,0,0,0,NULL,1,0,1,0,0,0,0,0,1,NULL,NULL,1),(76,NULL,0,1,1,0,1,0,1,0,0,1,0,NULL,1,0,1,0,0,1,0,0,1,NULL,NULL,0),(77,NULL,1,1,1,1,0,0,0,0,0,1,1,'simple,virtual,bundle,downloadable,configurable',1,0,0,0,0,0,0,0,1,NULL,NULL,0),(78,NULL,1,1,0,0,0,0,0,0,0,1,0,'simple,virtual,bundle,downloadable,configurable',0,0,0,0,0,1,0,1,1,NULL,NULL,0),(79,NULL,2,1,0,0,0,0,0,0,0,1,0,'simple,virtual,bundle,downloadable,configurable',0,0,0,0,0,1,0,0,1,NULL,NULL,0),(80,NULL,2,1,0,0,0,0,0,0,0,1,0,'simple,virtual,bundle,downloadable,configurable',0,0,0,0,0,1,0,0,1,NULL,NULL,0),(81,NULL,1,1,0,0,0,0,0,0,0,0,0,'simple,virtual,downloadable',0,0,0,0,0,1,0,1,1,NULL,NULL,0),(82,'Magento\\Catalog\\Block\\Adminhtml\\Product\\Helper\\Form\\Weight',1,1,0,0,0,0,0,0,0,0,0,'simple,virtual,bundle,downloadable,configurable',0,0,0,0,0,1,0,1,1,NULL,NULL,0),(83,NULL,1,1,1,1,1,1,0,0,0,0,0,'simple,configurable',1,3,0,0,0,1,0,1,1,NULL,'checkbox',0),(84,NULL,0,1,0,0,0,0,0,0,0,0,0,NULL,0,0,0,0,0,1,0,1,1,NULL,NULL,0),(85,NULL,0,1,0,0,0,0,0,0,0,0,0,NULL,0,0,0,0,0,1,0,1,1,NULL,NULL,0),(86,NULL,0,1,0,0,0,0,0,0,0,0,0,NULL,0,0,0,0,0,1,0,1,1,NULL,NULL,0),(87,NULL,0,1,0,0,0,0,0,0,0,1,0,NULL,0,0,0,1,0,0,0,0,1,NULL,NULL,0),(88,NULL,0,1,0,0,0,0,0,0,0,1,0,NULL,0,0,0,0,0,0,0,0,1,NULL,NULL,0),(89,NULL,0,1,0,0,0,0,0,0,0,1,0,NULL,0,0,0,0,0,0,0,0,1,NULL,NULL,0),(90,NULL,1,1,0,0,0,0,0,0,0,0,0,NULL,0,0,0,0,0,0,0,0,1,NULL,NULL,0),(91,NULL,1,0,0,0,0,0,0,0,0,0,0,NULL,0,0,0,0,0,0,0,0,1,NULL,NULL,0),(92,NULL,2,1,0,0,0,0,0,0,0,0,0,'simple,virtual,bundle,downloadable',0,0,0,0,0,0,0,0,1,NULL,NULL,0),(93,NULL,1,1,1,1,1,0,0,0,1,1,0,'simple,virtual,configurable',1,0,0,0,0,1,0,1,1,'{\"swatch_input_type\":\"visual\",\"update_product_preview_image\":\"1\",\"use_product_image_for_swatch\":\"1\"}',NULL,0),(94,NULL,2,1,0,0,0,0,0,0,0,1,0,NULL,0,0,0,0,0,1,0,0,1,NULL,NULL,0),(95,NULL,2,1,0,0,0,0,0,0,0,1,0,NULL,0,0,0,0,0,1,0,0,1,NULL,NULL,0),(96,NULL,1,1,0,0,0,0,0,0,0,0,0,NULL,0,0,0,0,0,0,0,0,1,NULL,NULL,0),(97,'Magento\\Framework\\Data\\Form\\Element\\Hidden',2,1,1,0,0,0,0,0,0,1,0,NULL,0,0,0,0,1,0,0,0,1,NULL,NULL,0),(98,NULL,1,0,0,0,0,0,0,0,0,0,0,'simple,virtual,bundle,downloadable,configurable',0,0,0,0,0,0,0,0,1,NULL,NULL,0),(99,NULL,0,1,0,0,0,0,0,0,0,0,0,NULL,0,0,0,0,1,0,0,0,1,NULL,NULL,0),(100,NULL,0,1,0,0,0,0,0,0,0,0,0,NULL,0,0,0,0,0,1,0,1,1,NULL,NULL,0),(101,NULL,0,1,0,0,0,0,0,0,0,0,0,NULL,0,0,0,0,0,1,0,0,1,NULL,NULL,0),(102,NULL,0,1,0,0,0,0,0,0,0,0,0,NULL,0,0,0,0,0,1,0,0,1,NULL,NULL,0),(103,NULL,0,0,0,0,0,0,0,0,0,0,0,NULL,0,0,0,0,0,0,0,0,1,NULL,NULL,0),(104,NULL,0,1,0,0,0,0,0,0,0,0,0,NULL,0,0,0,0,0,1,0,0,1,NULL,NULL,0),(105,'Magento\\Catalog\\Block\\Adminhtml\\Product\\Helper\\Form\\Category',1,1,0,0,0,0,0,0,0,0,0,NULL,0,0,0,0,0,0,0,0,1,NULL,NULL,0),(106,NULL,0,1,0,0,0,0,0,0,0,0,0,NULL,0,0,0,0,0,0,0,0,1,NULL,NULL,0),(107,NULL,1,0,0,0,0,0,0,0,0,1,0,NULL,0,0,0,0,0,0,0,0,1,NULL,NULL,0),(108,NULL,1,0,0,0,0,0,0,0,0,0,0,NULL,0,0,0,0,0,0,0,0,1,NULL,NULL,0),(109,NULL,0,0,0,0,0,0,0,0,0,1,0,NULL,0,0,0,0,0,0,0,0,1,NULL,NULL,0),(110,NULL,0,0,0,0,0,0,0,0,0,1,0,NULL,0,0,0,0,0,0,0,0,1,NULL,NULL,0),(111,NULL,0,0,0,0,0,0,0,0,0,1,0,NULL,0,0,0,0,0,0,0,0,1,NULL,NULL,0),(112,NULL,1,0,0,0,0,0,0,0,0,0,0,NULL,0,0,0,0,0,0,0,0,1,NULL,NULL,0),(113,NULL,1,0,0,0,0,0,0,0,0,0,0,NULL,0,0,0,0,0,0,0,0,1,NULL,NULL,0),(114,NULL,2,1,0,0,0,0,0,0,0,0,0,'simple,bundle,grouped,configurable',0,0,0,0,0,1,0,1,1,NULL,NULL,0),(115,'Magento\\CatalogInventory\\Block\\Adminhtml\\Form\\Field\\Stock',1,1,0,0,0,0,0,0,0,0,0,NULL,0,0,0,0,0,0,0,0,1,NULL,NULL,0),(116,NULL,0,1,0,0,0,0,0,0,0,0,0,NULL,0,0,0,0,0,1,0,0,1,NULL,NULL,0),(117,NULL,1,1,0,0,0,0,0,0,0,1,0,'bundle',0,0,0,0,0,0,0,0,1,NULL,NULL,0),(118,NULL,1,1,0,0,0,0,0,0,0,0,0,'bundle',0,0,0,0,0,0,0,0,1,NULL,NULL,0),(119,NULL,1,1,0,0,0,0,0,0,0,1,0,'bundle',0,0,0,0,0,0,0,0,1,NULL,NULL,0),(120,NULL,1,1,0,0,0,0,0,0,0,1,0,'bundle',0,0,0,0,0,0,0,0,1,NULL,NULL,0),(121,NULL,1,1,0,0,0,0,0,0,0,1,0,'bundle',0,0,0,0,0,0,0,0,1,NULL,NULL,0),(122,'Magento\\Msrp\\Block\\Adminhtml\\Product\\Helper\\Form\\Type',1,1,0,0,0,0,0,0,0,1,0,'simple,virtual,downloadable,bundle,configurable',0,0,0,0,0,1,0,1,1,NULL,NULL,0),(123,'Magento\\Msrp\\Block\\Adminhtml\\Product\\Helper\\Form\\Type\\Price',2,1,0,0,0,0,0,0,0,1,0,'simple,virtual,downloadable,bundle,configurable',0,0,0,0,0,0,0,0,1,NULL,NULL,0),(124,NULL,0,1,1,0,0,0,0,0,0,0,0,NULL,0,0,0,0,0,0,0,0,1,NULL,NULL,0),(125,NULL,0,0,1,0,0,0,0,0,0,0,0,NULL,0,0,0,0,0,0,0,0,1,NULL,NULL,0),(126,NULL,0,1,1,0,0,0,0,0,0,1,0,NULL,0,0,0,0,0,1,0,1,1,NULL,NULL,0),(127,NULL,0,0,0,0,0,0,0,0,0,0,0,NULL,0,0,0,0,0,0,0,0,1,NULL,NULL,0),(128,NULL,0,1,0,0,0,1,0,0,0,1,0,NULL,0,0,0,0,0,0,0,0,1,NULL,NULL,0),(129,NULL,0,1,0,0,0,1,0,0,0,1,0,NULL,0,0,0,0,0,0,0,0,1,NULL,NULL,0),(130,NULL,0,1,0,0,0,1,0,0,0,1,0,NULL,0,0,0,0,0,0,0,0,1,NULL,NULL,0),(131,NULL,0,1,0,0,0,1,0,0,0,1,0,NULL,0,0,0,0,0,0,0,0,1,NULL,NULL,0),(132,NULL,0,1,0,0,0,1,1,0,0,1,0,NULL,0,0,0,0,0,0,0,0,1,NULL,NULL,0),(133,NULL,0,1,0,0,0,1,0,0,0,1,0,NULL,0,0,0,0,0,0,0,0,1,NULL,NULL,0),(134,NULL,0,1,0,0,0,1,0,0,0,1,0,NULL,0,0,0,0,0,0,0,0,1,NULL,NULL,0),(135,NULL,0,1,0,0,0,1,0,0,0,1,0,NULL,0,0,0,0,0,0,0,0,1,NULL,NULL,0),(136,NULL,0,1,0,0,0,1,1,0,0,1,0,NULL,0,0,1,0,0,0,0,0,1,NULL,NULL,0),(137,NULL,0,1,0,0,0,1,1,0,0,1,0,NULL,0,0,1,0,0,0,0,0,1,NULL,NULL,0),(138,NULL,0,1,0,0,0,1,1,0,0,1,0,NULL,0,0,1,0,0,0,0,0,1,NULL,NULL,0),(139,NULL,0,1,0,0,0,1,1,0,0,1,0,NULL,0,0,1,0,0,0,0,0,1,NULL,NULL,0),(140,NULL,0,1,0,0,0,1,0,0,0,0,0,NULL,0,0,0,0,0,0,0,0,1,NULL,NULL,0),(141,NULL,0,1,0,0,0,1,0,0,0,1,0,NULL,0,0,0,0,0,0,0,0,1,NULL,NULL,0),(142,NULL,0,1,0,0,0,1,0,0,0,1,0,NULL,0,0,0,0,0,0,0,0,1,NULL,NULL,0),(143,NULL,0,1,0,0,0,1,0,0,0,1,0,NULL,0,0,0,0,0,0,0,0,1,NULL,NULL,0),(144,NULL,1,0,0,0,0,0,0,0,0,1,0,'downloadable',0,0,0,0,0,0,0,0,1,NULL,NULL,0),(145,NULL,0,0,0,0,0,0,0,0,0,0,0,'downloadable',0,0,0,0,0,0,0,0,1,NULL,NULL,0),(146,NULL,0,0,0,0,0,0,0,0,0,0,0,'downloadable',0,0,0,0,0,0,0,0,1,NULL,NULL,0),(147,NULL,1,0,0,0,0,0,0,0,0,1,0,'downloadable',0,0,0,0,0,0,0,0,1,NULL,NULL,0),(148,'Magento\\GiftMessage\\Block\\Adminhtml\\Product\\Helper\\Form\\Config',1,1,0,0,0,0,0,0,0,0,0,NULL,0,0,0,0,0,1,0,0,1,NULL,NULL,0),(149,NULL,0,1,0,0,0,0,0,0,0,1,0,NULL,0,0,0,0,0,0,0,0,1,NULL,NULL,0),(150,NULL,2,1,1,0,0,0,0,0,0,1,0,'simple,virtual,bundle,downloadable,configurable',0,0,0,0,0,1,0,1,1,NULL,NULL,0),(152,NULL,0,1,1,1,1,1,1,0,1,0,0,NULL,1,4,0,0,0,1,1,1,1,NULL,'checkbox',0),(153,NULL,0,1,1,1,0,1,1,0,1,0,0,NULL,0,4,0,0,0,1,1,1,1,NULL,NULL,0),(154,NULL,0,1,1,1,0,1,1,0,1,0,0,NULL,0,4,0,0,0,1,1,1,1,NULL,NULL,0),(158,NULL,0,1,0,0,0,0,0,0,0,0,0,NULL,0,0,0,0,0,0,0,0,1,NULL,NULL,0),(168,NULL,0,1,0,0,0,0,0,0,0,0,0,NULL,0,0,0,0,0,0,0,0,1,NULL,NULL,0),(169,NULL,0,1,0,0,0,0,0,0,0,0,0,NULL,0,0,0,0,0,0,0,0,1,NULL,NULL,0),(180,NULL,0,1,0,0,0,0,0,0,0,1,0,NULL,0,0,0,0,0,0,0,0,1,NULL,NULL,0),(182,NULL,1,1,1,0,1,1,0,0,0,0,0,NULL,0,0,0,0,0,0,0,0,1,NULL,NULL,0),(183,NULL,1,1,1,0,0,1,0,0,0,0,0,NULL,1,0,0,0,0,0,0,0,1,NULL,NULL,0),(184,NULL,1,1,1,1,0,1,0,0,0,0,0,NULL,1,0,0,0,0,0,0,0,1,NULL,NULL,0),(185,NULL,1,1,1,1,0,1,0,0,0,0,0,NULL,1,0,0,0,0,0,0,0,1,NULL,NULL,0),(186,NULL,1,1,1,1,0,1,0,0,0,0,0,NULL,1,0,0,0,0,0,0,0,1,NULL,NULL,0),(187,NULL,1,1,0,1,1,1,0,0,0,0,0,NULL,0,0,0,0,0,0,0,0,1,NULL,NULL,0),(188,NULL,1,1,0,1,1,1,0,0,0,0,0,NULL,0,0,0,0,0,0,0,0,1,NULL,NULL,0),(189,NULL,1,1,0,1,1,1,0,0,0,0,0,NULL,0,0,0,0,0,0,0,0,1,NULL,NULL,0),(190,NULL,1,1,0,1,1,1,0,0,0,0,0,NULL,0,0,0,0,0,0,0,0,1,NULL,NULL,0),(191,NULL,1,1,0,0,1,1,0,0,0,0,0,NULL,0,0,0,0,0,0,0,0,1,NULL,NULL,0),(192,NULL,1,1,0,0,1,1,0,0,0,0,0,NULL,0,0,0,0,0,0,0,0,1,NULL,NULL,0),(193,NULL,1,1,0,0,1,1,0,0,0,0,0,NULL,0,0,0,0,0,0,0,0,1,NULL,NULL,0),(194,NULL,1,1,0,0,1,1,0,0,0,0,0,NULL,0,0,0,0,0,0,0,0,1,NULL,NULL,0),(195,NULL,1,1,0,0,1,1,0,0,0,0,0,NULL,0,0,0,0,0,0,0,0,1,NULL,NULL,0),(196,NULL,1,1,0,0,1,1,0,0,0,0,0,NULL,0,0,0,0,0,0,0,0,1,NULL,NULL,0),(197,NULL,1,1,0,0,1,1,0,0,0,0,0,NULL,0,0,0,0,0,0,0,0,1,NULL,NULL,0),(198,NULL,1,1,0,0,1,1,0,0,0,0,0,NULL,0,0,0,0,0,0,0,0,1,NULL,NULL,0),(199,NULL,1,1,0,0,1,1,0,0,0,0,0,NULL,0,0,0,0,0,0,0,0,1,NULL,NULL,0),(200,NULL,1,1,0,0,1,1,0,0,0,0,0,NULL,0,0,0,0,0,0,0,0,1,NULL,NULL,0),(201,NULL,1,1,0,0,1,1,0,0,0,0,0,NULL,0,0,0,0,0,0,0,0,1,NULL,NULL,0),(202,NULL,1,1,0,0,1,1,0,0,0,0,0,NULL,0,0,0,0,0,0,0,0,1,NULL,NULL,0),(203,NULL,1,1,0,0,1,1,0,0,0,0,0,NULL,0,0,0,0,0,0,0,0,1,NULL,NULL,0),(204,NULL,1,1,0,0,1,1,0,0,0,0,0,NULL,0,0,0,0,0,0,0,0,1,NULL,NULL,0),(205,NULL,1,1,0,0,1,1,0,0,0,0,0,NULL,0,0,0,0,0,0,0,0,1,NULL,NULL,0),(206,NULL,1,1,0,0,1,1,0,0,0,0,0,NULL,0,0,0,0,0,0,0,0,1,NULL,NULL,0),(207,NULL,1,1,0,0,1,1,0,0,0,0,0,NULL,0,0,0,0,0,0,0,0,1,NULL,NULL,0),(208,NULL,1,1,0,0,1,1,0,0,0,0,0,NULL,0,0,0,0,0,0,0,0,1,NULL,NULL,0),(209,NULL,1,1,0,0,1,1,0,0,0,0,0,NULL,0,0,0,0,0,0,0,0,1,NULL,NULL,0),(210,NULL,1,1,0,0,1,1,0,0,0,0,0,NULL,0,0,0,0,0,0,0,0,1,NULL,NULL,0),(211,NULL,1,1,0,0,1,1,0,0,0,0,0,NULL,0,0,0,0,0,0,0,0,1,NULL,NULL,0),(212,NULL,1,1,0,0,0,1,0,0,0,0,0,NULL,0,0,0,0,0,0,0,0,1,NULL,NULL,0),(213,NULL,1,1,0,0,0,1,1,0,0,0,0,NULL,0,0,0,0,0,0,0,0,1,NULL,NULL,0),(214,NULL,1,1,0,0,0,1,1,0,0,0,0,NULL,0,0,0,0,0,0,0,0,1,NULL,NULL,0),(215,NULL,1,1,0,0,0,1,1,0,0,0,0,NULL,0,0,0,0,0,0,0,0,1,NULL,NULL,0),(216,NULL,1,1,0,0,0,1,1,0,0,0,0,NULL,0,0,0,0,0,0,0,0,1,NULL,NULL,0),(217,NULL,1,1,0,0,0,1,1,0,0,0,0,NULL,0,0,0,0,0,0,0,0,1,NULL,NULL,0),(219,NULL,1,1,0,0,0,1,0,0,0,0,0,NULL,0,0,0,0,0,0,0,0,1,NULL,NULL,0),(220,NULL,1,1,0,0,0,1,1,0,0,0,0,NULL,0,0,1,0,0,0,0,0,1,NULL,NULL,0),(221,NULL,1,1,0,0,0,1,1,0,0,0,0,NULL,0,0,1,0,0,0,0,0,1,NULL,NULL,0),(223,NULL,1,1,0,0,0,1,1,0,0,0,0,NULL,0,0,0,0,0,0,0,0,1,NULL,NULL,0),(224,NULL,1,1,0,0,0,1,1,0,0,0,0,NULL,0,0,0,0,0,0,0,0,1,NULL,NULL,0),(225,NULL,1,1,0,0,0,1,1,0,0,0,0,NULL,0,0,0,0,0,0,0,0,1,NULL,NULL,0),(226,NULL,1,1,0,0,0,1,1,0,0,0,0,NULL,0,0,0,0,0,0,0,0,1,NULL,NULL,0),(227,NULL,1,1,0,0,0,1,1,0,0,0,0,NULL,0,0,0,0,0,0,0,0,1,NULL,NULL,0),(228,NULL,1,1,0,0,0,1,1,0,0,0,0,NULL,0,0,0,0,0,0,0,0,1,NULL,NULL,0),(229,NULL,1,1,0,0,0,1,1,0,0,0,0,NULL,0,0,0,0,0,0,0,0,1,NULL,NULL,0),(230,NULL,1,1,0,0,0,1,1,0,0,0,0,NULL,0,0,0,0,0,0,0,0,1,NULL,NULL,0),(231,NULL,1,1,0,0,0,1,1,0,0,0,0,NULL,0,0,0,0,0,0,0,0,1,NULL,NULL,0),(232,NULL,1,1,0,0,0,1,1,0,0,0,0,NULL,0,0,0,0,0,0,0,0,1,NULL,NULL,0),(233,NULL,1,1,0,0,0,1,1,0,0,0,0,NULL,0,0,0,0,0,0,0,0,1,NULL,NULL,0),(234,NULL,1,1,0,0,0,1,1,0,0,0,0,NULL,0,0,0,0,0,0,0,0,1,NULL,NULL,0),(235,NULL,1,1,0,0,0,1,1,0,0,0,0,NULL,0,0,0,0,0,0,0,0,1,NULL,NULL,0),(236,NULL,1,1,0,0,0,1,1,0,0,0,0,NULL,0,0,0,0,0,0,0,0,1,NULL,NULL,0),(237,NULL,1,1,0,0,0,1,1,0,0,0,0,NULL,0,0,0,0,0,0,0,0,1,NULL,NULL,0),(238,NULL,1,1,0,0,0,1,1,0,0,0,0,NULL,0,0,0,0,0,0,0,0,1,NULL,NULL,0),(239,NULL,1,1,0,0,0,1,1,0,0,0,0,NULL,0,0,0,0,0,0,0,0,1,NULL,NULL,0),(240,NULL,1,1,0,0,0,1,1,0,0,0,0,NULL,0,0,0,0,0,0,0,0,1,NULL,NULL,0),(241,NULL,1,1,0,0,0,1,1,0,0,0,0,NULL,0,0,0,0,0,0,0,0,1,NULL,NULL,0),(242,NULL,1,1,0,0,0,1,1,0,0,0,0,NULL,0,0,0,0,0,0,0,0,1,NULL,NULL,0),(243,NULL,1,1,0,0,0,1,1,0,0,0,0,NULL,0,0,0,0,0,0,0,0,1,NULL,NULL,0),(244,NULL,1,1,0,0,0,1,1,0,0,0,0,NULL,0,0,0,0,0,0,0,0,1,NULL,NULL,0),(245,NULL,1,1,0,0,0,1,1,0,0,0,0,NULL,0,0,0,0,0,0,0,0,1,NULL,NULL,0),(247,NULL,1,1,0,0,0,1,1,0,0,0,0,NULL,0,0,0,0,0,0,0,0,1,NULL,NULL,0),(248,NULL,1,1,0,0,0,1,1,0,0,0,0,NULL,0,0,0,0,0,0,0,0,1,NULL,NULL,0),(249,NULL,1,1,0,0,0,1,1,0,0,0,0,NULL,0,0,0,0,0,0,0,0,1,NULL,NULL,0),(250,NULL,1,1,0,0,0,1,1,0,0,0,0,NULL,0,0,0,0,0,0,0,0,1,NULL,NULL,0),(251,NULL,1,1,0,0,0,1,1,0,0,0,0,NULL,0,0,0,0,0,0,0,0,1,NULL,NULL,0),(252,NULL,1,1,0,0,0,1,1,0,0,0,0,NULL,0,0,0,0,0,0,0,0,1,NULL,NULL,0),(253,NULL,1,1,0,0,0,1,1,0,0,0,0,NULL,0,0,0,0,0,0,0,0,1,NULL,NULL,0),(254,NULL,1,1,0,0,0,1,1,0,0,0,0,NULL,0,0,0,0,0,0,0,0,1,NULL,NULL,0),(255,NULL,1,1,0,0,0,1,1,0,0,0,0,NULL,0,0,0,0,0,0,0,0,1,NULL,NULL,0),(256,NULL,1,1,0,0,0,1,1,0,0,0,0,NULL,0,0,0,0,0,0,0,0,1,NULL,NULL,0),(257,NULL,1,1,0,0,0,1,1,0,0,0,0,NULL,0,0,0,0,0,0,0,0,1,NULL,NULL,0),(258,NULL,1,1,0,0,0,1,1,0,0,0,0,NULL,0,0,0,0,0,0,0,0,1,NULL,NULL,0),(259,NULL,1,1,0,0,0,1,0,0,0,0,0,NULL,0,0,0,0,0,0,0,0,1,NULL,NULL,0),(260,NULL,1,1,0,0,0,1,1,0,0,0,0,NULL,0,0,0,0,0,0,0,0,1,NULL,NULL,0),(261,NULL,1,1,0,0,0,1,1,0,0,0,0,NULL,0,0,0,0,0,0,0,0,1,NULL,NULL,0),(262,NULL,1,1,0,0,0,1,1,0,0,0,0,NULL,0,0,0,0,0,0,0,0,1,NULL,NULL,0),(263,NULL,1,1,0,0,0,1,1,0,0,0,0,NULL,0,0,0,0,0,0,0,0,1,NULL,NULL,0),(264,NULL,1,1,0,0,0,1,1,0,0,0,0,NULL,0,0,0,0,0,0,0,0,1,NULL,NULL,0),(265,NULL,1,1,0,0,0,1,1,0,0,0,0,NULL,0,0,0,0,0,0,0,0,1,NULL,NULL,0),(266,NULL,1,1,0,0,0,1,1,0,0,0,0,NULL,0,0,0,0,0,0,0,0,1,NULL,NULL,0),(267,NULL,1,1,0,0,0,1,1,0,0,0,0,NULL,0,0,0,0,0,0,0,0,1,NULL,NULL,0),(268,NULL,1,1,0,0,0,1,1,0,0,0,0,NULL,0,0,0,0,0,0,0,0,1,NULL,NULL,0),(269,NULL,1,1,0,0,0,1,1,0,0,0,0,NULL,0,0,0,0,0,0,0,0,1,NULL,NULL,0),(270,NULL,1,1,0,0,0,1,1,0,0,0,0,NULL,0,0,0,0,0,0,0,0,1,NULL,NULL,0),(271,NULL,1,1,0,0,0,1,1,0,0,0,0,NULL,0,0,0,0,0,0,0,0,1,NULL,NULL,0),(272,NULL,1,1,0,0,0,1,1,0,0,0,0,NULL,0,0,0,0,0,0,0,0,1,NULL,NULL,0),(273,NULL,1,1,0,0,0,1,1,0,0,0,0,NULL,0,0,0,0,0,0,0,0,1,NULL,NULL,0),(274,NULL,1,1,0,0,0,1,1,0,0,0,0,NULL,0,0,0,0,0,0,0,0,1,NULL,NULL,0),(275,NULL,1,1,0,0,0,1,1,0,0,0,0,NULL,0,0,0,0,0,0,0,0,1,NULL,NULL,0),(276,NULL,1,1,0,0,0,1,1,0,0,0,0,NULL,0,0,0,0,0,0,0,0,1,NULL,NULL,0),(277,NULL,1,1,0,0,0,1,0,0,0,1,0,NULL,0,0,0,0,0,0,0,0,1,NULL,NULL,0),(278,NULL,0,1,0,0,0,0,0,0,0,0,0,NULL,0,0,0,0,0,0,0,0,1,NULL,NULL,0),(279,NULL,0,1,0,0,0,0,0,0,0,0,0,NULL,0,0,0,0,0,0,0,0,1,NULL,NULL,0),(280,NULL,0,1,0,0,0,0,0,0,0,0,0,NULL,0,0,0,0,0,0,0,0,1,NULL,NULL,0),(281,NULL,0,1,0,0,0,0,0,0,0,0,0,NULL,0,0,0,0,0,0,0,0,1,NULL,NULL,0),(282,NULL,0,1,0,0,0,0,0,0,0,0,0,NULL,0,0,0,0,0,0,0,0,1,NULL,NULL,0),(283,NULL,0,1,0,0,0,0,0,0,0,0,0,NULL,0,0,0,0,0,0,0,0,1,NULL,NULL,0),(284,NULL,0,1,0,0,0,0,0,0,0,0,0,NULL,0,0,0,0,0,0,0,0,1,NULL,NULL,0),(285,NULL,0,1,0,0,0,0,0,0,0,0,0,NULL,0,0,0,0,0,0,0,0,1,NULL,NULL,0),(286,NULL,0,1,0,0,0,0,0,0,0,0,0,NULL,0,0,0,0,0,0,0,0,1,NULL,NULL,0),(287,NULL,0,1,0,0,0,0,0,0,0,0,0,NULL,0,0,0,0,0,0,0,0,1,NULL,NULL,0),(288,NULL,0,1,0,0,0,0,0,0,0,0,0,NULL,0,0,0,0,0,0,0,0,1,NULL,NULL,0),(289,NULL,0,1,0,0,0,0,0,0,0,0,0,NULL,0,0,0,0,0,0,0,0,1,NULL,NULL,0),(290,NULL,0,1,0,0,0,0,0,0,0,0,0,NULL,0,0,0,0,0,0,0,0,1,NULL,NULL,0),(291,NULL,0,1,0,0,0,0,0,0,0,0,0,NULL,0,0,0,0,0,0,0,0,1,NULL,NULL,0),(292,NULL,0,1,0,0,0,0,0,0,0,0,0,NULL,0,0,0,0,0,0,0,0,1,NULL,NULL,0),(293,NULL,0,1,0,0,0,0,0,0,0,0,0,NULL,0,0,0,0,0,0,0,0,1,NULL,NULL,0),(294,NULL,0,1,0,0,0,0,0,0,0,0,0,NULL,0,0,0,0,0,0,0,0,1,NULL,NULL,0),(295,NULL,1,1,1,1,1,1,0,0,0,1,0,'simple,configurable,virtual,downloadable,bundle',1,0,0,0,0,1,0,1,1,NULL,NULL,0),(300,NULL,1,1,0,0,0,0,0,0,0,1,0,NULL,0,0,0,0,0,0,0,0,1,NULL,NULL,0),(303,NULL,1,1,1,1,1,0,0,0,0,0,0,'simple,downloadable,virtual,bundle,configurable',1,0,0,0,0,0,0,0,1,NULL,NULL,0),(304,NULL,1,1,0,0,0,0,0,0,0,0,0,'simple,downloadable,virtual,bundle,configurable',0,0,0,0,0,0,0,0,1,NULL,NULL,0),(305,NULL,0,1,0,0,0,0,0,0,0,0,0,NULL,0,0,0,0,0,0,0,0,1,NULL,NULL,0),(306,NULL,0,1,0,0,0,0,0,0,0,0,0,NULL,0,0,0,0,0,0,0,0,1,NULL,NULL,0),(307,NULL,0,1,0,0,0,0,0,0,0,0,0,NULL,0,0,0,0,0,0,0,0,1,NULL,NULL,0),(308,NULL,0,1,0,0,0,0,0,0,0,1,0,NULL,0,0,0,0,0,1,0,1,1,NULL,NULL,0);

--
-- Table structure for table `catalog_product_bundle_option`
--

CREATE TABLE `catalog_product_bundle_option` (
  `option_id` int(10) unsigned NOT NULL AUTO_INCREMENT COMMENT 'Option ID',
  `parent_id` int(10) unsigned NOT NULL COMMENT 'Parent ID',
  `required` smallint(5) unsigned NOT NULL DEFAULT '0' COMMENT 'Required',
  `position` int(10) unsigned NOT NULL DEFAULT '0' COMMENT 'Position',
  `type` varchar(255) DEFAULT NULL COMMENT 'Type',
  PRIMARY KEY (`option_id`),
  KEY `CATALOG_PRODUCT_BUNDLE_OPTION_PARENT_ID` (`parent_id`),
  CONSTRAINT `CAT_PRD_BNDL_OPT_PARENT_ID_CAT_PRD_ENTT_ENTT_ID` FOREIGN KEY (`parent_id`) REFERENCES `catalog_product_entity` (`entity_id`) ON DELETE CASCADE
) ENGINE=InnoDB AUTO_INCREMENT=2 DEFAULT CHARSET=utf8 COMMENT='Catalog Product Bundle Option';

--
-- Dumping data for table `catalog_product_bundle_option`
--

INSERT INTO `catalog_product_bundle_option` VALUES (1,18,1,1,'checkbox');

--
-- Table structure for table `catalog_product_bundle_option_value`
--

CREATE TABLE `catalog_product_bundle_option_value` (
  `value_id` int(10) unsigned NOT NULL AUTO_INCREMENT COMMENT 'Value ID',
  `option_id` int(10) unsigned NOT NULL COMMENT 'Option ID',
  `parent_product_id` int(10) unsigned NOT NULL COMMENT 'Parent Product ID',
  `store_id` smallint(5) unsigned NOT NULL COMMENT 'Store ID',
  `title` varchar(255) DEFAULT NULL COMMENT 'Title',
  PRIMARY KEY (`value_id`),
  UNIQUE KEY `CAT_PRD_BNDL_OPT_VAL_OPT_ID_PARENT_PRD_ID_STORE_ID` (`option_id`,`parent_product_id`,`store_id`),
  CONSTRAINT `CAT_PRD_BNDL_OPT_VAL_OPT_ID_CAT_PRD_BNDL_OPT_OPT_ID` FOREIGN KEY (`option_id`) REFERENCES `catalog_product_bundle_option` (`option_id`) ON DELETE CASCADE
) ENGINE=InnoDB AUTO_INCREMENT=9 DEFAULT CHARSET=utf8 COMMENT='Catalog Product Bundle Option Value';

--
-- Dumping data for table `catalog_product_bundle_option_value`
--

INSERT INTO `catalog_product_bundle_option_value` VALUES (8,1,18,0,'Bundle Product');

--
-- Table structure for table `catalog_product_bundle_price_index`
--

CREATE TABLE `catalog_product_bundle_price_index` (
  `entity_id` int(10) unsigned NOT NULL COMMENT 'Entity ID',
  `website_id` smallint(5) unsigned NOT NULL COMMENT 'Website ID',
  `customer_group_id` int(10) unsigned NOT NULL COMMENT 'Customer Group ID',
  `min_price` decimal(20,6) NOT NULL COMMENT 'Min Price',
  `max_price` decimal(20,6) NOT NULL COMMENT 'Max Price',
  PRIMARY KEY (`entity_id`,`website_id`,`customer_group_id`),
  KEY `CATALOG_PRODUCT_BUNDLE_PRICE_INDEX_WEBSITE_ID` (`website_id`),
  KEY `CATALOG_PRODUCT_BUNDLE_PRICE_INDEX_CUSTOMER_GROUP_ID` (`customer_group_id`),
  CONSTRAINT `CAT_PRD_BNDL_PRICE_IDX_CSTR_GROUP_ID_CSTR_GROUP_CSTR_GROUP_ID` FOREIGN KEY (`customer_group_id`) REFERENCES `customer_group` (`customer_group_id`) ON DELETE CASCADE,
  CONSTRAINT `CAT_PRD_BNDL_PRICE_IDX_ENTT_ID_CAT_PRD_ENTT_ENTT_ID` FOREIGN KEY (`entity_id`) REFERENCES `catalog_product_entity` (`entity_id`) ON DELETE CASCADE,
  CONSTRAINT `CAT_PRD_BNDL_PRICE_IDX_WS_ID_STORE_WS_WS_ID` FOREIGN KEY (`website_id`) REFERENCES `store_website` (`website_id`) ON DELETE CASCADE
) ENGINE=InnoDB DEFAULT CHARSET=utf8 COMMENT='Catalog Product Bundle Price Index';

--
-- Dumping data for table `catalog_product_bundle_price_index`
--


--
-- Table structure for table `catalog_product_bundle_selection`
--

CREATE TABLE `catalog_product_bundle_selection` (
  `selection_id` int(10) unsigned NOT NULL AUTO_INCREMENT COMMENT 'Selection ID',
  `option_id` int(10) unsigned NOT NULL COMMENT 'Option ID',
  `parent_product_id` int(10) unsigned NOT NULL COMMENT 'Parent Product ID',
  `product_id` int(10) unsigned NOT NULL COMMENT 'Product ID',
  `position` int(10) unsigned NOT NULL DEFAULT '0' COMMENT 'Position',
  `is_default` smallint(5) unsigned NOT NULL DEFAULT '0' COMMENT 'Is Default',
  `selection_price_type` smallint(5) unsigned NOT NULL DEFAULT '0' COMMENT 'Selection Price Type',
  `selection_price_value` decimal(12,4) NOT NULL DEFAULT '0.0000' COMMENT 'Selection Price Value',
  `selection_qty` decimal(12,4) DEFAULT NULL COMMENT 'Selection Qty',
  `selection_can_change_qty` smallint(6) NOT NULL DEFAULT '0' COMMENT 'Selection Can Change Qty',
  PRIMARY KEY (`selection_id`),
  KEY `CATALOG_PRODUCT_BUNDLE_SELECTION_OPTION_ID` (`option_id`),
  KEY `CATALOG_PRODUCT_BUNDLE_SELECTION_PRODUCT_ID` (`product_id`),
  CONSTRAINT `CAT_PRD_BNDL_SELECTION_OPT_ID_CAT_PRD_BNDL_OPT_OPT_ID` FOREIGN KEY (`option_id`) REFERENCES `catalog_product_bundle_option` (`option_id`) ON DELETE CASCADE,
  CONSTRAINT `CAT_PRD_BNDL_SELECTION_PRD_ID_CAT_PRD_ENTT_ENTT_ID` FOREIGN KEY (`product_id`) REFERENCES `catalog_product_entity` (`entity_id`) ON DELETE CASCADE
) ENGINE=InnoDB AUTO_INCREMENT=3 DEFAULT CHARSET=utf8 COMMENT='Catalog Product Bundle Selection';

--
-- Dumping data for table `catalog_product_bundle_selection`
--

INSERT INTO `catalog_product_bundle_selection` VALUES (1,1,18,3,3,1,0,0.0000,1.0000,0),(2,1,18,17,2,0,0,0.0000,1.0000,0);

--
-- Table structure for table `catalog_product_bundle_selection_price`
--

CREATE TABLE `catalog_product_bundle_selection_price` (
  `selection_id` int(10) unsigned NOT NULL COMMENT 'Selection ID',
  `parent_product_id` int(10) unsigned NOT NULL COMMENT 'Parent Product ID',
  `website_id` smallint(5) unsigned NOT NULL COMMENT 'Website ID',
  `selection_price_type` smallint(5) unsigned NOT NULL DEFAULT '0' COMMENT 'Selection Price Type',
  `selection_price_value` decimal(20,6) NOT NULL DEFAULT '0.000000' COMMENT 'Selection Price Value',
  PRIMARY KEY (`selection_id`,`parent_product_id`,`website_id`),
  KEY `CATALOG_PRODUCT_BUNDLE_SELECTION_PRICE_WEBSITE_ID` (`website_id`),
  CONSTRAINT `CAT_PRD_BNDL_SELECTION_PRICE_WS_ID_STORE_WS_WS_ID` FOREIGN KEY (`website_id`) REFERENCES `store_website` (`website_id`) ON DELETE CASCADE,
  CONSTRAINT `FK_DCF37523AA05D770A70AA4ED7C2616E4` FOREIGN KEY (`selection_id`) REFERENCES `catalog_product_bundle_selection` (`selection_id`) ON DELETE CASCADE
) ENGINE=InnoDB DEFAULT CHARSET=utf8 COMMENT='Catalog Product Bundle Selection Price';

--
-- Dumping data for table `catalog_product_bundle_selection_price`
--


--
-- Table structure for table `catalog_product_bundle_stock_index`
--

CREATE TABLE `catalog_product_bundle_stock_index` (
  `entity_id` int(10) unsigned NOT NULL COMMENT 'Entity ID',
  `website_id` smallint(5) unsigned NOT NULL COMMENT 'Website ID',
  `stock_id` smallint(5) unsigned NOT NULL COMMENT 'Stock ID',
  `option_id` int(10) unsigned NOT NULL DEFAULT '0' COMMENT 'Option ID',
  `stock_status` smallint(6) DEFAULT '0' COMMENT 'Stock Status',
  PRIMARY KEY (`entity_id`,`website_id`,`stock_id`,`option_id`)
) ENGINE=InnoDB DEFAULT CHARSET=utf8 COMMENT='Catalog Product Bundle Stock Index';

--
-- Dumping data for table `catalog_product_bundle_stock_index`
--


--
-- Table structure for table `catalog_product_entity`
--

CREATE TABLE `catalog_product_entity` (
  `entity_id` int(10) unsigned NOT NULL AUTO_INCREMENT COMMENT 'Entity ID',
  `attribute_set_id` smallint(5) unsigned NOT NULL DEFAULT '0' COMMENT 'Attribute Set ID',
  `type_id` varchar(32) NOT NULL DEFAULT 'simple' COMMENT 'Type ID',
  `sku` varchar(64) NOT NULL COMMENT 'SKU',
  `has_options` smallint(6) NOT NULL DEFAULT '0' COMMENT 'Has Options',
  `required_options` smallint(5) unsigned NOT NULL DEFAULT '0' COMMENT 'Required Options',
  `created_at` timestamp NOT NULL DEFAULT CURRENT_TIMESTAMP COMMENT 'Creation Time',
  `updated_at` timestamp NOT NULL DEFAULT CURRENT_TIMESTAMP ON UPDATE CURRENT_TIMESTAMP COMMENT 'Update Time',
  PRIMARY KEY (`entity_id`),
  KEY `CATALOG_PRODUCT_ENTITY_ATTRIBUTE_SET_ID` (`attribute_set_id`),
  KEY `CATALOG_PRODUCT_ENTITY_SKU` (`sku`)
) ENGINE=InnoDB AUTO_INCREMENT=108 DEFAULT CHARSET=utf8 COMMENT='Catalog Product Table';

--
-- Dumping data for table `catalog_product_entity`
--

INSERT INTO `catalog_product_entity` VALUES (1,4,'simple','MB001',0,0,'2018-03-01 23:52:02','2020-09-03 05:19:21'),(2,4,'simple','MB002',0,0,'2018-03-02 01:16:11','2020-09-03 05:19:25'),(3,4,'simple','MB003',0,0,'2018-03-02 06:15:04','2019-11-13 20:04:34'),(4,4,'simple','MB004',0,0,'2018-03-02 06:59:58','2020-09-03 05:19:27'),(5,4,'simple','MB005',0,0,'2018-03-02 19:21:18','2020-09-03 05:19:28'),(6,4,'simple','MB006',0,0,'2018-03-02 19:25:07','2020-09-03 05:19:29'),(7,4,'simple','MB007',0,0,'2018-03-02 19:29:05','2020-09-03 05:19:31'),(8,4,'simple','MB008',0,0,'2018-03-02 19:31:26','2021-11-11 01:35:22'),(9,4,'simple','MB009',0,0,'2018-03-02 19:37:52','2020-09-03 05:19:33'),(10,4,'simple','MB010',0,0,'2018-03-02 21:19:29','2020-09-03 05:19:34'),(11,4,'simple','MB011',0,0,'2018-03-02 21:23:11','2020-09-03 05:19:35'),(12,4,'simple','MB012',0,0,'2018-03-02 21:42:19','2020-09-03 05:19:36'),(13,4,'simple','MB013',0,0,'2018-03-02 21:45:42','2020-09-03 05:19:37'),(14,4,'simple','MB014',0,0,'2018-03-03 05:03:36','2021-11-11 01:35:22'),(15,10,'configurable','MB015',1,1,'2018-03-03 05:24:42','2020-09-03 05:19:40'),(16,10,'simple','MB015-black',0,0,'2018-03-03 05:27:23','2019-11-13 19:59:11'),(17,10,'simple','MB015-yellow',0,0,'2018-03-03 05:27:24','2019-11-13 19:59:54'),(18,4,'bundle','MB016',1,1,'2018-03-04 01:14:14','2020-09-03 05:19:41'),(19,4,'simple','MB017',0,0,'2018-03-04 06:45:11','2020-09-03 05:19:42'),(20,4,'simple','MB018',0,0,'2018-03-08 16:36:50','2021-11-11 01:35:22'),(21,4,'simple','MB019',0,0,'2018-03-08 21:30:28','2020-09-03 05:19:44'),(22,4,'simple','MB020',0,0,'2018-03-08 21:45:15','2018-03-08 21:45:15'),(23,4,'simple','MB021',0,0,'2018-03-08 21:48:07','2018-03-08 22:13:26'),(24,4,'grouped','MB022',0,0,'2018-03-08 21:50:43','2020-09-03 05:19:45'),(25,10,'configurable','MB023',1,1,'2018-03-08 22:17:21','2020-09-03 05:19:46'),(26,10,'simple','MB023-dark blue-Tiny',0,0,'2018-03-08 22:42:11','2018-11-02 03:27:31'),(27,10,'simple','MB023-dark blue-Medium',0,0,'2018-03-08 22:42:19','2018-05-19 08:15:43'),(28,10,'simple','MB023-dark blue-Large',0,0,'2018-03-08 22:42:26','2018-05-19 08:16:04'),(29,10,'simple','MB023-light pink-Tiny',0,0,'2018-03-08 22:42:33','2018-05-19 08:16:34'),(30,10,'simple','MB023-light pink-Medium',0,0,'2018-03-08 22:42:39','2018-05-19 08:16:43'),(31,10,'simple','MB023-light pink-Large',0,0,'2018-03-08 22:42:46','2018-05-19 08:16:53'),(32,10,'simple','MB023-white-Tiny',0,0,'2018-03-08 22:42:53','2018-07-22 14:54:28'),(33,10,'simple','MB023-white-Medium',0,0,'2018-03-08 22:43:00','2018-05-19 08:14:43'),(34,10,'simple','MB023-white-Large',0,0,'2018-03-08 22:43:06','2018-05-19 08:14:53'),(35,10,'simple','MB023-blue-Tiny',0,0,'2018-03-08 22:43:13','2018-11-02 03:53:45'),(36,10,'simple','MB023-blue-Medium',0,0,'2018-03-08 22:43:20','2018-07-22 14:53:07'),(37,10,'simple','MB023-blue-Large',0,0,'2018-03-08 22:43:28','2018-05-19 08:13:44'),(38,4,'simple','MB024',0,0,'2018-03-08 23:28:03','2020-09-03 05:19:47'),(39,4,'simple','MB025',0,0,'2018-03-08 23:35:52','2020-09-03 05:19:48'),(40,4,'simple','MB026',0,0,'2018-03-08 23:46:22','2020-09-03 05:19:49'),(41,4,'simple','MB027',1,1,'2018-03-08 23:49:18','2021-11-11 01:35:22'),(42,4,'simple','MB028',0,0,'2018-03-09 00:04:43','2020-09-03 05:19:51'),(43,4,'simple','MB029',0,0,'2018-03-09 00:08:32','2020-09-03 05:19:52'),(44,4,'simple','MB030',0,0,'2018-03-09 00:10:29','2020-09-03 05:19:53'),(45,4,'simple','MB031',0,0,'2018-03-09 00:15:46','2020-09-03 05:19:54'),(46,11,'simple','MB032',0,0,'2018-03-09 05:47:18','2018-07-23 08:39:07'),(47,11,'simple','MB033',0,0,'2018-03-09 07:15:54','2020-09-03 05:19:55'),(48,11,'simple','MB034',0,0,'2018-03-09 07:18:59','2020-09-03 05:19:56'),(49,11,'simple','MB035',0,0,'2018-03-09 07:21:46','2020-09-03 05:19:57'),(50,11,'simple','MB036',0,0,'2018-03-09 07:38:50','2020-09-03 05:19:58'),(51,4,'simple','MB037',0,0,'2018-03-09 07:40:43','2020-09-03 05:19:59'),(52,4,'simple','MB038',0,0,'2018-03-09 07:55:04','2020-09-03 05:20:00'),(53,4,'simple','MB039',0,0,'2018-03-09 07:58:32','2020-09-03 05:20:01'),(54,4,'simple','MB040',0,0,'2018-03-09 08:02:47','2020-09-03 05:20:03'),(55,4,'simple','MB041',0,0,'2018-03-09 08:05:11','2020-09-03 05:20:04'),(56,4,'simple','MB042',0,0,'2018-03-09 08:52:02','2020-09-03 05:20:05'),(57,4,'simple','MB043',0,0,'2018-03-09 08:57:01','2020-09-03 05:20:06'),(58,4,'downloadable','MB044',0,0,'2018-03-12 06:03:10','2019-11-11 09:12:52'),(59,9,'simple','MB045',0,0,'2018-05-17 16:53:17','2020-09-03 05:20:07'),(60,9,'simple','MB046',0,0,'2018-05-17 17:03:42','2020-09-03 05:20:08'),(61,9,'simple','MB047',0,0,'2018-05-17 22:26:28','2018-05-19 01:32:28'),(62,9,'simple','MB0048',0,0,'2018-05-17 22:30:09','2018-05-19 01:34:01'),(63,9,'simple','MB0049',0,0,'2018-05-18 08:15:57','2018-05-19 04:25:21'),(64,9,'simple','MB0050',0,0,'2018-05-18 08:20:30','2018-05-19 04:36:59'),(65,9,'simple','MB0051',0,0,'2018-05-18 08:23:26','2020-09-03 05:20:09'),(66,9,'simple','MB0052',0,0,'2018-05-18 08:25:18','2018-05-19 04:54:11'),(67,9,'simple','MB0053',0,0,'2018-05-18 08:27:25','2020-09-03 05:20:10'),(68,9,'simple','MB0054',0,0,'2018-05-18 08:32:20','2018-05-19 05:09:30'),(69,9,'simple','MB0055',0,0,'2018-05-18 08:34:53','2021-11-11 01:35:22'),(70,9,'simple','MB0056',0,0,'2018-05-18 08:45:10','2020-09-03 05:20:12'),(71,9,'simple','MB0057',0,0,'2018-05-18 09:06:23','2018-05-19 06:01:46'),(72,9,'simple','MB0058',0,0,'2018-05-18 09:11:38','2021-11-11 01:35:22'),(73,11,'simple','MB0059',0,0,'2018-07-23 09:09:25','2020-09-03 05:20:14'),(74,11,'simple','MB0060-1',0,0,'2018-07-23 09:23:15','2020-09-03 05:20:15'),(75,11,'simple','MB0060-2',0,0,'2018-07-23 09:23:16','2020-09-03 05:20:16'),(76,11,'configurable','MB0060',1,1,'2018-07-23 09:23:16','2018-08-19 07:03:18'),(77,11,'simple','MB0061',0,0,'2018-07-23 09:35:13','2020-09-03 05:20:17'),(78,11,'simple','MB0062',0,0,'2018-07-23 09:38:51','2020-09-03 05:20:19'),(79,11,'simple','MB0063',0,0,'2018-07-23 09:44:53','2021-11-11 01:35:22'),(80,11,'simple','MB0064',0,0,'2018-07-23 09:48:16','2020-09-03 05:20:21'),(81,11,'simple','MB0065',0,0,'2018-07-23 10:01:22','2020-09-03 05:20:22'),(82,4,'simple','MB0066',0,0,'2019-10-05 02:32:55','2020-09-03 05:20:23'),(83,12,'simple','MB0067',0,0,'2019-10-05 02:48:49','2020-09-03 05:20:24'),(84,12,'simple','MB0068',0,0,'2019-10-05 02:55:47','2020-09-03 05:20:25'),(85,4,'simple','MB0069',0,0,'2019-10-05 03:27:31','2020-09-03 05:20:26'),(86,12,'simple','MB0070',0,0,'2019-10-05 03:50:33','2020-09-03 05:20:28'),(87,12,'simple','MB0071',0,0,'2019-10-05 03:53:07','2020-09-03 05:20:29'),(88,12,'simple','MB0072',0,0,'2019-10-05 03:57:32','2020-09-03 05:20:30'),(89,12,'simple','MB0073',0,0,'2019-10-05 04:09:24','2020-09-03 05:20:31'),(90,12,'simple','MB0074',0,0,'2019-10-05 04:13:17','2021-11-11 01:35:22'),(91,12,'simple','MB0075',0,0,'2019-10-05 04:54:09','2020-09-03 05:20:33'),(92,12,'simple','MB0076',0,0,'2019-10-05 04:56:13','2020-09-03 05:20:34'),(93,12,'simple','MB0077',0,0,'2019-10-05 05:01:07','2020-09-03 05:20:35'),(94,12,'simple','MB0078',0,0,'2019-10-05 05:23:34','2021-11-11 01:35:22'),(95,12,'simple','MB0079',0,0,'2019-10-05 05:38:47','2021-11-11 01:35:22'),(96,12,'simple','MB0080',0,0,'2019-10-05 05:40:49','2020-09-03 05:20:39'),(97,12,'simple','MB0081',0,0,'2019-10-12 04:37:26','2020-09-03 05:20:40'),(98,12,'simple','MB0082',0,0,'2019-10-12 04:43:56','2020-09-03 05:20:41'),(99,12,'simple','MB0083',0,0,'2019-10-12 04:45:37','2020-09-03 05:20:42'),(100,12,'simple','MB0084',0,0,'2019-10-12 04:47:56','2021-11-11 01:35:22'),(101,12,'simple','MB0085',0,0,'2019-10-12 04:49:31','2020-09-03 05:20:44'),(102,12,'simple','MB0086',0,0,'2019-10-12 04:51:10','2020-09-03 05:20:45'),(103,12,'simple','MB0087-gray',0,0,'2019-10-12 04:58:32','2020-09-03 05:20:47'),(104,12,'simple','MB0087-white',0,0,'2019-10-12 04:58:47','2020-09-03 05:20:48'),(105,12,'configurable','MB0087',0,0,'2019-10-12 04:59:01','2020-09-03 05:20:49'),(106,12,'simple','MB0088',0,0,'2019-10-12 12:04:20','2020-09-03 05:20:50'),(107,12,'simple','MB0089',0,0,'2019-10-12 12:06:33','2021-11-11 01:35:22');

--
-- Table structure for table `catalog_product_entity_datetime`
--

CREATE TABLE `catalog_product_entity_datetime` (
  `value_id` int(11) NOT NULL AUTO_INCREMENT COMMENT 'Value ID',
  `attribute_id` smallint(5) unsigned NOT NULL DEFAULT '0' COMMENT 'Attribute ID',
  `store_id` smallint(5) unsigned NOT NULL DEFAULT '0' COMMENT 'Store ID',
  `entity_id` int(10) unsigned NOT NULL DEFAULT '0' COMMENT 'Entity ID',
  `value` datetime DEFAULT NULL COMMENT 'Value',
  PRIMARY KEY (`value_id`),
  UNIQUE KEY `CATALOG_PRODUCT_ENTITY_DATETIME_ENTITY_ID_ATTRIBUTE_ID_STORE_ID` (`entity_id`,`attribute_id`,`store_id`),
  KEY `CATALOG_PRODUCT_ENTITY_DATETIME_ATTRIBUTE_ID` (`attribute_id`),
  KEY `CATALOG_PRODUCT_ENTITY_DATETIME_STORE_ID` (`store_id`),
  CONSTRAINT `CATALOG_PRODUCT_ENTITY_DATETIME_STORE_ID_STORE_STORE_ID` FOREIGN KEY (`store_id`) REFERENCES `store` (`store_id`) ON DELETE CASCADE,
  CONSTRAINT `CAT_PRD_ENTT_DTIME_ATTR_ID_EAV_ATTR_ATTR_ID` FOREIGN KEY (`attribute_id`) REFERENCES `eav_attribute` (`attribute_id`) ON DELETE CASCADE,
  CONSTRAINT `CAT_PRD_ENTT_DTIME_ENTT_ID_CAT_PRD_ENTT_ENTT_ID` FOREIGN KEY (`entity_id`) REFERENCES `catalog_product_entity` (`entity_id`) ON DELETE CASCADE
) ENGINE=InnoDB AUTO_INCREMENT=1705 DEFAULT CHARSET=utf8 COMMENT='Catalog Product Datetime Attribute Backend Table';

--
-- Dumping data for table `catalog_product_entity_datetime`
--

INSERT INTO `catalog_product_entity_datetime` VALUES (1,79,0,2,'2018-03-03 00:00:00'),(2,79,0,3,'2018-11-03 00:00:00'),(4,79,0,8,'2019-11-12 00:00:00'),(5,79,0,58,'2019-11-12 00:00:00'),(6,79,0,20,'2018-03-17 00:00:00'),(7,79,0,41,'2018-07-24 00:00:00'),(8,79,0,14,'2019-11-12 00:00:00'),(9,80,0,58,'2020-11-30 00:00:00'),(10,79,0,65,'2018-05-19 00:00:00'),(11,79,0,67,'2018-05-19 00:00:00'),(12,79,0,69,'2018-05-19 00:00:00'),(13,80,0,69,'2022-06-01 00:00:00'),(14,79,0,72,'2018-05-19 00:00:00'),(15,80,0,72,'2022-06-01 00:00:00'),(16,80,0,20,'2022-06-01 00:00:00'),(17,80,0,14,'2022-06-01 00:00:00'),(19,80,0,8,'2022-06-01 00:00:00'),(20,79,0,35,'2018-07-15 00:00:00'),(21,80,0,35,NULL),(22,79,0,36,'2018-07-24 01:53:07'),(23,79,0,32,'2018-07-24 01:54:28'),(24,79,0,75,'2018-07-24 00:00:00'),(25,79,0,74,'2018-07-24 00:00:00'),(26,79,0,79,'2018-07-24 00:00:00'),(27,80,0,79,'2022-06-01 00:00:00'),(28,79,0,26,'2018-11-02 00:00:00'),(29,79,0,82,'2019-10-06 00:00:00'),(30,79,0,86,'2019-10-06 14:50:33'),(31,79,0,88,'2019-10-06 00:00:00'),(32,79,0,89,'2019-10-06 00:00:00'),(33,79,0,90,'2019-10-14 00:00:00'),(35,79,0,91,'2019-10-06 00:00:00'),(36,79,0,94,'2019-10-06 00:00:00'),(38,79,0,98,'2019-10-13 00:00:00'),(40,79,0,102,'2019-10-13 00:00:00'),(41,79,0,107,'2019-10-13 00:00:00'),(42,80,0,107,'2022-06-01 00:00:00'),(43,80,0,90,'2022-06-01 00:00:00'),(1649,80,0,94,'2022-06-01 00:00:00'),(1650,79,0,95,'2019-10-06 00:00:00'),(1652,80,0,100,'2022-06-01 00:00:00'),(1653,79,0,104,'2019-11-12 17:55:01'),(1654,79,0,103,'2019-11-12 17:55:41'),(1655,80,0,95,'2022-06-01 00:00:00'),(1656,79,0,16,'2019-11-12 00:00:00'),(1658,79,0,17,'2019-11-12 00:00:00'),(1679,95,0,8,NULL),(1680,95,0,14,NULL),(1681,95,0,20,NULL),(1682,95,0,69,NULL),(1683,95,0,72,NULL),(1684,95,0,79,NULL),(1685,95,0,90,NULL),(1686,95,0,94,NULL),(1687,95,0,95,NULL),(1688,95,0,100,NULL),(1689,95,0,107,NULL),(1692,95,0,41,NULL),(1704,80,0,41,'2022-06-01 00:00:00');

--
-- Table structure for table `catalog_product_entity_decimal`
--

CREATE TABLE `catalog_product_entity_decimal` (
  `value_id` int(11) NOT NULL AUTO_INCREMENT COMMENT 'Value ID',
  `attribute_id` smallint(5) unsigned NOT NULL DEFAULT '0' COMMENT 'Attribute ID',
  `store_id` smallint(5) unsigned NOT NULL DEFAULT '0' COMMENT 'Store ID',
  `entity_id` int(10) unsigned NOT NULL DEFAULT '0' COMMENT 'Entity ID',
  `value` decimal(20,6) DEFAULT NULL COMMENT 'Value',
  PRIMARY KEY (`value_id`),
  UNIQUE KEY `CATALOG_PRODUCT_ENTITY_DECIMAL_ENTITY_ID_ATTRIBUTE_ID_STORE_ID` (`entity_id`,`attribute_id`,`store_id`),
  KEY `CATALOG_PRODUCT_ENTITY_DECIMAL_STORE_ID` (`store_id`),
  KEY `CATALOG_PRODUCT_ENTITY_DECIMAL_ATTRIBUTE_ID` (`attribute_id`),
  CONSTRAINT `CATALOG_PRODUCT_ENTITY_DECIMAL_STORE_ID_STORE_STORE_ID` FOREIGN KEY (`store_id`) REFERENCES `store` (`store_id`) ON DELETE CASCADE,
  CONSTRAINT `CAT_PRD_ENTT_DEC_ATTR_ID_EAV_ATTR_ATTR_ID` FOREIGN KEY (`attribute_id`) REFERENCES `eav_attribute` (`attribute_id`) ON DELETE CASCADE,
  CONSTRAINT `CAT_PRD_ENTT_DEC_ENTT_ID_CAT_PRD_ENTT_ENTT_ID` FOREIGN KEY (`entity_id`) REFERENCES `catalog_product_entity` (`entity_id`) ON DELETE CASCADE
) ENGINE=InnoDB AUTO_INCREMENT=265 DEFAULT CHARSET=utf8 COMMENT='Catalog Product Decimal Attribute Backend Table';

--
-- Dumping data for table `catalog_product_entity_decimal`
--

INSERT INTO `catalog_product_entity_decimal` VALUES (1,77,0,1,45.900000),(2,82,0,1,200.000000),(3,78,0,1,NULL),(4,77,0,2,300.000000),(5,82,0,2,2000.000000),(6,78,0,2,250.000000),(7,77,0,3,400.000000),(8,78,0,3,350.000000),(9,82,0,3,2000.000000),(11,77,0,4,386.900000),(12,82,0,4,300.000000),(13,78,0,4,NULL),(14,77,0,5,450.000000),(15,82,0,5,200.000000),(16,77,0,6,525.000000),(17,82,0,6,100.000000),(18,77,0,7,25.000000),(19,82,0,7,50.000000),(20,77,0,8,900.000000),(21,78,0,8,800.000000),(22,82,0,8,1000.000000),(23,77,0,9,99.000000),(24,82,0,9,100.000000),(25,77,0,10,12.000000),(26,82,0,10,50.000000),(27,78,0,10,NULL),(28,77,0,11,9.990000),(29,82,0,11,2.000000),(30,78,0,11,NULL),(31,77,0,12,70.000000),(32,82,0,12,200.000000),(33,77,0,13,300.000000),(34,82,0,13,2000.000000),(35,77,0,14,300.000000),(36,82,0,14,5000.000000),(37,78,0,14,200.000000),(39,82,0,15,500.000000),(41,77,0,16,350.000000),(42,82,0,16,500.000000),(43,77,0,17,300.000000),(44,82,0,17,500.000000),(48,77,0,19,200.000000),(49,82,0,19,1500.000000),(50,78,0,19,NULL),(51,77,0,20,60.000000),(52,82,0,20,100.000000),(54,77,0,21,80.000000),(55,82,0,21,100.000000),(56,77,0,22,17.000000),(57,82,0,22,50.000000),(58,77,0,23,10.000000),(59,82,0,23,1.000000),(60,78,0,23,NULL),(61,78,0,6,NULL),(62,78,0,24,NULL),(64,82,0,25,100.000000),(66,77,0,26,60.000000),(67,82,0,26,100.000000),(68,77,0,27,90.000000),(69,82,0,27,100.000000),(70,77,0,28,100.000000),(71,82,0,28,100.000000),(72,77,0,29,60.000000),(73,82,0,29,100.000000),(74,77,0,30,90.000000),(75,82,0,30,100.000000),(76,77,0,31,100.000000),(77,82,0,31,100.000000),(78,77,0,32,60.000000),(79,82,0,32,100.000000),(80,77,0,33,90.000000),(81,82,0,33,100.000000),(82,77,0,34,100.000000),(83,82,0,34,100.000000),(84,77,0,35,60.000000),(85,82,0,35,100.000000),(86,77,0,36,90.000000),(87,82,0,36,100.000000),(88,77,0,37,100.000000),(89,82,0,37,100.000000),(90,77,0,38,35.000000),(91,82,0,38,1.000000),(92,77,0,39,45.000000),(93,82,0,39,100.000000),(94,77,0,40,80.000000),(95,82,0,40,100.000000),(96,77,0,41,650.000000),(97,82,0,41,1700.000000),(98,78,0,39,NULL),(99,78,0,40,NULL),(100,78,0,41,500.000000),(101,77,0,42,1250.000000),(102,82,0,42,100.000000),(103,78,0,42,NULL),(104,77,0,43,350.000000),(105,82,0,43,1000.000000),(106,77,0,44,70.000000),(107,82,0,44,100.000000),(108,78,0,44,NULL),(109,77,0,45,150.000000),(110,82,0,45,500.000000),(111,78,0,45,NULL),(112,77,0,46,25.000000),(113,82,0,46,100.000000),(114,77,0,47,320.000000),(115,82,0,47,5000.000000),(116,77,0,48,92.000000),(117,82,0,48,1.000000),(118,77,0,49,45.000000),(119,82,0,49,1000.000000),(120,77,0,50,85.000000),(121,82,0,50,100.000000),(122,77,0,51,275.000000),(123,82,0,51,500.000000),(124,78,0,51,NULL),(125,77,0,52,35.000000),(126,82,0,52,100.000000),(127,78,0,52,NULL),(128,77,0,53,50.000000),(129,82,0,53,100.000000),(130,77,0,54,70.000000),(131,82,0,54,1.000000),(132,77,0,55,25.000000),(133,82,0,55,1.000000),(134,77,0,56,125.000000),(135,82,0,56,100.000000),(136,78,0,56,NULL),(137,77,0,57,66.000000),(138,82,0,57,1.000000),(139,77,0,58,30.000000),(140,78,0,58,20.000000),(141,78,0,5,NULL),(142,78,0,7,NULL),(143,78,0,13,NULL),(144,77,0,59,25.000000),(145,82,0,59,1.000000),(146,77,0,60,30.000000),(147,82,0,60,250.000000),(148,77,0,61,15.000000),(149,77,0,62,12.000000),(150,82,0,62,300.000000),(151,77,0,63,45.000000),(152,82,0,63,2500.000000),(153,77,0,64,20.000000),(154,82,0,64,300.000000),(155,77,0,65,10.000000),(156,78,0,65,6.000000),(157,82,0,65,100.000000),(158,77,0,66,4.000000),(159,82,0,66,100.000000),(160,77,0,67,5.000000),(161,78,0,67,3.000000),(162,82,0,67,100.000000),(163,77,0,68,30.000000),(164,82,0,68,1000.000000),(165,77,0,69,30.000000),(166,78,0,69,20.000000),(167,82,0,69,100.000000),(168,77,0,70,9.000000),(169,82,0,70,100.000000),(170,77,0,71,20.000000),(171,77,0,72,60.000000),(172,78,0,72,45.000000),(173,82,0,72,100.000000),(174,82,0,71,100.000000),(175,78,0,35,30.000000),(176,78,0,36,80.000000),(177,78,0,32,50.000000),(178,77,0,73,190.000000),(179,82,0,73,1500.000000),(180,77,0,74,320.000000),(181,77,0,75,300.000000),(182,82,0,76,5000.000000),(183,82,0,75,5000.000000),(184,78,0,75,200.000000),(185,78,0,74,240.000000),(186,82,0,74,3000.000000),(187,77,0,77,300.000000),(188,82,0,77,2500.000000),(189,77,0,78,200.000000),(190,77,0,79,340.000000),(191,78,0,79,300.000000),(192,82,0,79,3000.000000),(193,77,0,80,200.000000),(194,82,0,80,1000.000000),(195,77,0,81,350.000000),(196,82,0,81,1000.000000),(197,78,0,26,40.000000),(198,77,0,82,25.170000),(199,78,0,82,13.590000),(200,82,0,82,100.000000),(201,77,0,83,92.330000),(202,82,0,83,100.000000),(203,77,0,84,85.620000),(204,82,0,84,100.000000),(205,77,0,85,320.540000),(206,82,0,85,100.000000),(207,77,0,86,44.520000),(208,78,0,86,32.740000),(209,82,0,86,100.000000),(210,77,0,87,275.000000),(211,82,0,87,100.000000),(212,77,0,88,100.000000),(213,78,0,88,80.000000),(214,82,0,88,100.000000),(215,77,0,89,45.000000),(216,78,0,89,40.000000),(217,82,0,89,100.000000),(218,77,0,90,90.000000),(219,78,0,90,60.000000),(220,82,0,90,100.000000),(221,77,0,91,600.000000),(222,78,0,91,300.000000),(223,82,0,91,100.000000),(224,77,0,92,300.000000),(225,82,0,92,100.000000),(226,77,0,93,599.000000),(227,82,0,93,100.000000),(228,77,0,94,50.000000),(229,78,0,94,40.000000),(230,77,0,95,50.000000),(232,82,0,95,100.000000),(233,77,0,96,80.000000),(234,82,0,96,100.000000),(235,77,0,97,60.000000),(236,82,0,97,100.000000),(237,77,0,98,90.000000),(238,78,0,98,60.000000),(239,82,0,98,100.000000),(240,77,0,99,80.000000),(241,82,0,99,100.000000),(242,77,0,100,30.000000),(244,82,0,100,100.000000),(245,77,0,101,120.000000),(246,82,0,101,100.000000),(247,77,0,102,15.000000),(248,78,0,102,10.000000),(249,82,0,102,100.000000),(250,77,0,103,200.000000),(251,82,0,103,100.000000),(252,77,0,104,150.000000),(253,82,0,104,100.000000),(254,82,0,105,100.000000),(255,77,0,106,70.000000),(256,82,0,106,100.000000),(257,77,0,107,200.000000),(258,78,0,107,160.000000),(259,82,0,107,100.000000),(260,78,0,95,NULL),(261,78,0,104,120.000000),(262,78,0,103,150.000000),(263,78,0,16,300.000000),(264,78,0,17,250.000000);

--
-- Table structure for table `catalog_product_entity_gallery`
--

CREATE TABLE `catalog_product_entity_gallery` (
  `value_id` int(11) NOT NULL AUTO_INCREMENT COMMENT 'Value ID',
  `attribute_id` smallint(5) unsigned NOT NULL DEFAULT '0' COMMENT 'Attribute ID',
  `store_id` smallint(5) unsigned NOT NULL DEFAULT '0' COMMENT 'Store ID',
  `entity_id` int(10) unsigned NOT NULL DEFAULT '0' COMMENT 'Entity ID',
  `position` int(11) NOT NULL DEFAULT '0' COMMENT 'Position',
  `value` varchar(255) DEFAULT NULL COMMENT 'Value',
  PRIMARY KEY (`value_id`),
  UNIQUE KEY `CATALOG_PRODUCT_ENTITY_GALLERY_ENTITY_ID_ATTRIBUTE_ID_STORE_ID` (`entity_id`,`attribute_id`,`store_id`),
  KEY `CATALOG_PRODUCT_ENTITY_GALLERY_ENTITY_ID` (`entity_id`),
  KEY `CATALOG_PRODUCT_ENTITY_GALLERY_ATTRIBUTE_ID` (`attribute_id`),
  KEY `CATALOG_PRODUCT_ENTITY_GALLERY_STORE_ID` (`store_id`),
  CONSTRAINT `CATALOG_PRODUCT_ENTITY_GALLERY_STORE_ID_STORE_STORE_ID` FOREIGN KEY (`store_id`) REFERENCES `store` (`store_id`) ON DELETE CASCADE,
  CONSTRAINT `CAT_PRD_ENTT_GLR_ATTR_ID_EAV_ATTR_ATTR_ID` FOREIGN KEY (`attribute_id`) REFERENCES `eav_attribute` (`attribute_id`) ON DELETE CASCADE,
  CONSTRAINT `CAT_PRD_ENTT_GLR_ENTT_ID_CAT_PRD_ENTT_ENTT_ID` FOREIGN KEY (`entity_id`) REFERENCES `catalog_product_entity` (`entity_id`) ON DELETE CASCADE
) ENGINE=InnoDB DEFAULT CHARSET=utf8 COMMENT='Catalog Product Gallery Attribute Backend Table';

--
-- Dumping data for table `catalog_product_entity_gallery`
--


--
-- Table structure for table `catalog_product_entity_int`
--

CREATE TABLE `catalog_product_entity_int` (
  `value_id` int(11) NOT NULL AUTO_INCREMENT COMMENT 'Value ID',
  `attribute_id` smallint(5) unsigned NOT NULL DEFAULT '0' COMMENT 'Attribute ID',
  `store_id` smallint(5) unsigned NOT NULL DEFAULT '0' COMMENT 'Store ID',
  `entity_id` int(10) unsigned NOT NULL DEFAULT '0' COMMENT 'Entity ID',
  `value` int(11) DEFAULT NULL COMMENT 'Value',
  PRIMARY KEY (`value_id`),
  UNIQUE KEY `CATALOG_PRODUCT_ENTITY_INT_ENTITY_ID_ATTRIBUTE_ID_STORE_ID` (`entity_id`,`attribute_id`,`store_id`),
  KEY `CATALOG_PRODUCT_ENTITY_INT_ATTRIBUTE_ID` (`attribute_id`),
  KEY `CATALOG_PRODUCT_ENTITY_INT_STORE_ID` (`store_id`),
  KEY `CATALOG_PRODUCT_ENTITY_INT_ATTRIBUTE_ID_STORE_ID_VALUE` (`attribute_id`,`store_id`,`value`),
  CONSTRAINT `CATALOG_PRODUCT_ENTITY_INT_STORE_ID_STORE_STORE_ID` FOREIGN KEY (`store_id`) REFERENCES `store` (`store_id`) ON DELETE CASCADE,
  CONSTRAINT `CAT_PRD_ENTT_INT_ATTR_ID_EAV_ATTR_ATTR_ID` FOREIGN KEY (`attribute_id`) REFERENCES `eav_attribute` (`attribute_id`) ON DELETE CASCADE,
  CONSTRAINT `CAT_PRD_ENTT_INT_ENTT_ID_CAT_PRD_ENTT_ENTT_ID` FOREIGN KEY (`entity_id`) REFERENCES `catalog_product_entity` (`entity_id`) ON DELETE CASCADE
) ENGINE=InnoDB AUTO_INCREMENT=1530 DEFAULT CHARSET=utf8 COMMENT='Catalog Product Integer Attribute Backend Table';

--
-- Dumping data for table `catalog_product_entity_int`
--

INSERT INTO `catalog_product_entity_int` VALUES (1,97,0,1,1),(2,99,0,1,4),(3,115,0,1,1),(4,150,0,1,2),(5,83,0,1,19),(6,93,0,1,9),(7,83,0,2,29),(8,93,0,2,4),(9,97,0,2,1),(10,99,0,2,4),(11,115,0,2,1),(12,150,0,2,2),(13,83,0,3,19),(14,93,0,3,4),(15,97,0,3,1),(16,99,0,3,4),(17,115,0,3,1),(18,150,0,3,2),(20,97,0,4,1),(21,99,0,4,4),(22,115,0,4,1),(23,150,0,4,2),(24,83,0,4,15),(25,93,0,4,5),(26,97,0,5,1),(27,99,0,5,4),(28,115,0,5,1),(29,150,0,5,2),(30,97,0,6,1),(31,99,0,6,4),(32,115,0,6,1),(33,150,0,6,2),(34,97,0,7,1),(35,99,0,7,4),(36,115,0,7,1),(37,150,0,7,2),(38,97,0,8,1),(39,99,0,8,4),(40,115,0,8,1),(41,150,0,8,2),(42,83,0,8,21),(43,93,0,8,9),(44,83,0,9,20),(45,93,0,9,11),(46,97,0,9,1),(47,99,0,9,4),(48,115,0,9,1),(49,150,0,9,2),(50,83,0,10,17),(51,93,0,10,7),(52,97,0,10,1),(53,99,0,10,4),(54,115,0,10,1),(55,150,0,10,2),(56,97,0,11,1),(57,99,0,11,4),(58,115,0,11,1),(59,150,0,11,2),(60,83,0,11,21),(61,93,0,11,8),(62,83,0,12,15),(63,93,0,12,13),(64,97,0,12,1),(65,99,0,12,4),(66,115,0,12,1),(67,150,0,12,2),(68,83,0,13,16),(69,93,0,13,6),(70,97,0,13,1),(71,99,0,13,4),(72,115,0,13,1),(73,150,0,13,2),(74,83,0,14,14),(75,93,0,14,9),(76,97,0,14,1),(77,99,0,14,4),(78,115,0,14,1),(79,150,0,14,2),(80,97,0,15,1),(81,99,0,15,4),(82,115,0,15,1),(83,150,0,15,2),(84,93,0,16,4),(85,97,0,16,1),(86,99,0,16,1),(87,115,0,16,1),(88,150,0,16,2),(89,93,0,17,8),(90,97,0,17,1),(91,99,0,17,1),(92,115,0,17,1),(93,150,0,17,2),(94,97,0,18,1),(95,99,0,18,4),(96,115,0,18,1),(97,117,0,18,0),(98,118,0,18,0),(99,119,0,18,0),(100,120,0,18,0),(101,121,0,18,0),(102,150,0,18,2),(103,97,0,19,1),(104,99,0,19,4),(105,115,0,19,1),(106,150,0,19,2),(107,83,0,19,15),(108,93,0,19,10),(109,83,0,20,21),(110,93,0,20,13),(111,97,0,20,1),(112,99,0,20,4),(113,115,0,20,1),(114,150,0,20,2),(115,93,0,21,9),(116,97,0,21,1),(117,99,0,21,4),(118,115,0,21,1),(119,150,0,21,2),(120,93,0,22,7),(121,97,0,22,1),(122,99,0,22,1),(123,115,0,22,1),(124,150,0,22,2),(125,97,0,23,1),(126,99,0,23,1),(127,115,0,23,1),(128,150,0,23,2),(129,97,0,24,1),(130,99,0,24,4),(131,115,0,24,1),(132,97,0,25,1),(133,99,0,25,4),(134,115,0,25,1),(135,150,0,25,2),(136,93,0,26,25),(137,97,0,26,1),(138,99,0,26,1),(139,115,0,26,1),(140,150,0,26,2),(142,93,0,27,25),(143,97,0,27,1),(144,99,0,27,1),(145,115,0,27,1),(146,150,0,27,2),(148,93,0,28,25),(149,97,0,28,1),(150,99,0,28,1),(151,115,0,28,1),(152,150,0,28,2),(154,93,0,29,26),(155,97,0,29,1),(156,99,0,29,1),(157,115,0,29,1),(158,150,0,29,2),(160,93,0,30,26),(161,97,0,30,1),(162,99,0,30,1),(163,115,0,30,1),(164,150,0,30,2),(166,93,0,31,26),(167,97,0,31,1),(168,99,0,31,1),(169,115,0,31,1),(170,150,0,31,2),(172,93,0,32,9),(173,97,0,32,1),(174,99,0,32,1),(175,115,0,32,1),(176,150,0,32,2),(178,93,0,33,9),(179,97,0,33,1),(180,99,0,33,1),(181,115,0,33,1),(182,150,0,33,2),(184,93,0,34,9),(185,97,0,34,1),(186,99,0,34,1),(187,115,0,34,1),(188,150,0,34,2),(190,93,0,35,7),(191,97,0,35,1),(192,99,0,35,1),(193,115,0,35,1),(194,150,0,35,2),(196,93,0,36,7),(197,97,0,36,1),(198,99,0,36,1),(199,115,0,36,1),(200,150,0,36,2),(202,93,0,37,7),(203,97,0,37,1),(204,99,0,37,1),(205,115,0,37,1),(206,150,0,37,2),(208,93,0,38,11),(209,97,0,38,1),(210,99,0,38,4),(211,115,0,38,1),(212,150,0,38,2),(213,93,0,39,10),(214,97,0,39,1),(215,99,0,39,4),(216,115,0,39,1),(217,150,0,39,2),(218,93,0,40,4),(219,97,0,40,1),(220,99,0,40,4),(221,115,0,40,1),(222,150,0,40,2),(223,93,0,41,9),(224,97,0,41,1),(225,99,0,41,4),(226,115,0,41,1),(227,150,0,41,2),(228,93,0,42,8),(229,97,0,42,1),(230,99,0,42,4),(231,115,0,42,1),(232,150,0,42,2),(233,93,0,43,13),(234,97,0,43,1),(235,99,0,43,4),(236,115,0,43,1),(237,150,0,43,2),(238,97,0,44,1),(239,99,0,44,4),(240,115,0,44,1),(241,150,0,44,2),(242,93,0,44,6),(243,93,0,45,26),(244,97,0,45,1),(245,99,0,45,4),(246,115,0,45,1),(247,150,0,45,2),(248,93,0,46,26),(249,97,0,46,1),(250,99,0,46,4),(251,115,0,46,1),(252,150,0,46,2),(253,97,0,47,1),(254,99,0,47,4),(255,115,0,47,1),(256,150,0,47,2),(257,93,0,48,5),(258,97,0,48,1),(259,99,0,48,4),(260,115,0,48,1),(261,150,0,48,2),(262,93,0,49,9),(263,97,0,49,1),(264,99,0,49,4),(265,115,0,49,1),(266,150,0,49,2),(267,97,0,50,1),(268,99,0,50,4),(269,115,0,50,1),(270,150,0,50,2),(271,97,0,51,1),(272,99,0,51,4),(273,115,0,51,1),(274,150,0,51,2),(275,97,0,52,1),(276,99,0,52,4),(277,115,0,52,1),(278,150,0,52,2),(279,97,0,53,1),(280,99,0,53,4),(281,115,0,53,1),(282,150,0,53,2),(283,97,0,54,1),(284,99,0,54,4),(285,115,0,54,1),(286,150,0,54,2),(287,97,0,55,1),(288,99,0,55,4),(289,115,0,55,1),(290,150,0,55,2),(291,97,0,56,1),(292,99,0,56,4),(293,115,0,56,1),(294,150,0,56,2),(295,93,0,57,5),(296,97,0,57,1),(297,99,0,57,4),(298,115,0,57,1),(299,150,0,57,2),(300,97,0,58,1),(301,99,0,58,4),(302,115,0,58,1),(303,144,0,58,1),(304,150,0,58,2),(305,83,0,5,27),(306,93,0,5,9),(307,83,0,6,28),(308,93,0,6,26),(309,83,0,7,18),(310,93,0,7,9),(311,93,0,59,5),(312,97,0,59,1),(313,99,0,59,4),(314,115,0,59,1),(315,150,0,59,2),(316,93,0,60,11),(317,97,0,60,1),(318,99,0,60,4),(319,115,0,60,1),(320,150,0,60,2),(321,152,0,59,38),(322,152,0,60,30),(323,93,0,61,12),(324,97,0,61,1),(325,99,0,61,4),(326,115,0,61,1),(327,150,0,61,2),(328,152,0,61,31),(329,93,0,62,6),(330,97,0,62,1),(331,99,0,62,4),(332,115,0,62,1),(333,150,0,62,2),(334,152,0,62,34),(335,93,0,63,8),(336,97,0,63,1),(337,99,0,63,4),(338,115,0,63,1),(339,150,0,63,2),(340,152,0,63,41),(341,93,0,64,12),(342,97,0,64,1),(343,99,0,64,4),(344,115,0,64,1),(345,150,0,64,2),(346,152,0,64,35),(347,93,0,65,5),(348,97,0,65,1),(349,99,0,65,4),(350,115,0,65,1),(351,150,0,65,2),(352,152,0,65,36),(353,93,0,66,10),(354,97,0,66,1),(355,99,0,66,4),(356,115,0,66,1),(357,150,0,66,2),(358,152,0,66,37),(359,93,0,67,9),(360,97,0,67,1),(361,99,0,67,4),(362,115,0,67,1),(363,150,0,67,2),(364,152,0,67,31),(365,93,0,68,5),(366,97,0,68,1),(367,99,0,68,4),(368,115,0,68,1),(369,150,0,68,2),(370,152,0,68,33),(371,93,0,69,8),(372,97,0,69,1),(373,99,0,69,4),(374,115,0,69,1),(375,150,0,69,2),(376,152,0,69,35),(377,93,0,70,13),(378,97,0,70,1),(379,99,0,70,4),(380,115,0,70,1),(381,150,0,70,2),(382,152,0,70,40),(383,93,0,71,13),(384,97,0,71,1),(385,99,0,71,4),(386,115,0,71,1),(387,150,0,71,2),(388,152,0,71,37),(389,93,0,72,9),(390,97,0,72,1),(391,99,0,72,4),(392,115,0,72,1),(393,150,0,72,2),(394,152,0,72,39),(396,153,0,15,43),(397,154,0,15,45),(398,152,0,25,31),(399,153,0,25,42),(400,154,0,25,45),(401,153,0,59,44),(402,153,0,60,44),(403,153,0,61,44),(404,153,0,62,44),(405,153,0,63,44),(406,153,0,64,44),(407,153,0,67,44),(408,153,0,68,44),(409,153,0,70,44),(410,153,0,71,44),(411,153,0,72,44),(412,154,0,59,45),(413,154,0,60,45),(414,154,0,61,45),(415,154,0,62,45),(416,154,0,63,45),(417,154,0,64,45),(418,154,0,67,45),(419,154,0,68,45),(420,154,0,70,45),(421,154,0,71,45),(422,154,0,72,45),(423,153,0,65,44),(424,153,0,66,44),(425,153,0,69,44),(426,154,0,65,46),(427,154,0,66,46),(428,154,0,69,46),(429,153,0,1,42),(430,153,0,2,42),(431,153,0,3,42),(432,153,0,4,42),(433,153,0,5,42),(434,153,0,6,42),(435,153,0,7,42),(436,153,0,8,42),(437,153,0,9,42),(438,153,0,10,42),(439,153,0,11,42),(440,153,0,12,42),(441,153,0,13,42),(442,153,0,14,42),(443,153,0,19,42),(444,153,0,20,42),(445,153,0,21,42),(446,153,0,22,42),(447,153,0,23,42),(448,153,0,38,42),(449,153,0,39,42),(450,153,0,40,42),(451,153,0,41,42),(452,153,0,42,42),(453,153,0,43,42),(454,153,0,44,42),(455,153,0,45,42),(456,153,0,46,42),(457,153,0,47,42),(458,153,0,48,54),(459,153,0,49,52),(460,153,0,50,43),(461,153,0,51,42),(462,153,0,52,42),(463,153,0,53,42),(464,153,0,54,42),(465,153,0,55,42),(466,153,0,56,42),(467,153,0,57,42),(468,154,0,1,45),(469,154,0,2,45),(470,154,0,3,45),(471,154,0,4,45),(472,154,0,5,45),(473,154,0,6,45),(474,154,0,7,45),(475,154,0,8,45),(476,154,0,9,45),(477,154,0,10,45),(478,154,0,11,45),(479,154,0,12,45),(480,154,0,13,45),(481,154,0,14,45),(482,154,0,19,45),(483,154,0,20,45),(484,154,0,21,45),(485,154,0,22,45),(486,154,0,23,45),(487,154,0,38,45),(488,154,0,39,45),(489,154,0,40,45),(490,154,0,41,45),(491,154,0,42,45),(492,154,0,43,45),(493,154,0,44,45),(494,154,0,45,45),(495,154,0,46,49),(496,154,0,47,51),(497,154,0,48,50),(498,154,0,49,48),(499,154,0,50,45),(500,154,0,51,45),(501,154,0,52,45),(502,154,0,53,45),(503,154,0,54,45),(504,154,0,55,45),(505,154,0,56,45),(506,154,0,57,45),(509,152,0,46,41),(510,93,0,47,25),(511,152,0,47,40),(512,152,0,48,39),(513,152,0,49,38),(514,93,0,50,11),(515,152,0,50,37),(516,93,0,73,11),(517,97,0,73,1),(518,99,0,73,4),(519,115,0,73,1),(520,150,0,73,2),(521,152,0,73,36),(522,153,0,73,55),(523,154,0,73,45),(524,93,0,74,11),(525,97,0,74,1),(526,99,0,74,1),(527,115,0,74,1),(528,150,0,74,2),(529,152,0,74,35),(530,153,0,74,53),(531,154,0,74,47),(532,93,0,75,7),(533,97,0,75,1),(534,99,0,75,1),(535,115,0,75,1),(536,150,0,75,2),(537,152,0,75,35),(538,153,0,75,53),(539,154,0,75,47),(541,97,0,76,1),(542,99,0,76,4),(543,115,0,76,1),(544,150,0,76,2),(545,152,0,76,35),(546,153,0,76,53),(547,154,0,76,47),(548,93,0,77,13),(549,97,0,77,1),(550,99,0,77,4),(551,115,0,77,1),(552,150,0,77,2),(553,152,0,77,34),(554,153,0,77,55),(555,154,0,77,50),(556,93,0,78,25),(557,97,0,78,1),(558,99,0,78,4),(559,115,0,78,1),(560,150,0,78,2),(561,152,0,78,33),(562,153,0,78,44),(563,154,0,78,45),(564,93,0,79,8),(565,97,0,79,1),(566,99,0,79,4),(567,115,0,79,1),(568,150,0,79,2),(569,152,0,79,32),(570,153,0,79,43),(571,154,0,79,45),(572,93,0,80,11),(573,97,0,80,1),(574,99,0,80,4),(575,115,0,80,1),(576,150,0,80,2),(577,152,0,80,31),(578,153,0,80,42),(579,154,0,80,45),(580,93,0,81,25),(581,97,0,81,1),(582,99,0,81,4),(583,115,0,81,1),(584,150,0,81,2),(585,152,0,81,31),(586,153,0,81,54),(587,154,0,81,46),(590,93,0,82,25),(591,97,0,82,1),(592,99,0,82,4),(593,115,0,82,1),(594,150,0,82,2),(596,93,0,83,56),(597,97,0,83,1),(598,99,0,83,4),(599,115,0,83,1),(600,150,0,83,2),(602,93,0,84,56),(603,97,0,84,1),(604,99,0,84,4),(605,115,0,84,1),(606,150,0,84,2),(608,93,0,85,56),(609,97,0,85,1),(610,99,0,85,4),(611,115,0,85,1),(612,150,0,85,2),(614,93,0,86,56),(615,97,0,86,1),(616,99,0,86,4),(617,115,0,86,1),(618,150,0,86,2),(620,93,0,87,56),(621,97,0,87,1),(622,99,0,87,4),(623,115,0,87,1),(624,150,0,87,2),(626,93,0,88,56),(627,97,0,88,1),(628,99,0,88,4),(629,115,0,88,1),(630,150,0,88,2),(632,93,0,89,56),(633,97,0,89,1),(634,99,0,89,4),(635,115,0,89,1),(636,150,0,89,2),(638,93,0,90,56),(639,97,0,90,1),(640,99,0,90,4),(641,115,0,90,1),(642,150,0,90,2),(644,93,0,91,56),(645,97,0,91,1),(646,99,0,91,4),(647,115,0,91,1),(648,150,0,91,2),(650,93,0,92,56),(651,97,0,92,1),(652,99,0,92,4),(653,115,0,92,1),(654,150,0,92,2),(656,93,0,93,56),(657,97,0,93,1),(658,99,0,93,4),(659,115,0,93,1),(660,150,0,93,2),(662,93,0,94,56),(663,97,0,94,1),(664,99,0,94,4),(665,115,0,94,1),(666,150,0,94,2),(668,93,0,95,56),(669,97,0,95,1),(670,99,0,95,4),(671,115,0,95,1),(672,150,0,95,2),(674,93,0,96,56),(675,97,0,96,1),(676,99,0,96,4),(677,115,0,96,1),(678,150,0,96,2),(680,93,0,97,56),(681,97,0,97,1),(682,99,0,97,4),(683,115,0,97,1),(684,150,0,97,2),(686,93,0,98,6),(687,97,0,98,1),(688,99,0,98,4),(689,115,0,98,1),(690,150,0,98,2),(692,93,0,99,6),(693,97,0,99,1),(694,99,0,99,4),(695,115,0,99,1),(696,150,0,99,2),(698,93,0,100,6),(699,97,0,100,1),(700,99,0,100,4),(701,115,0,100,1),(702,150,0,100,2),(704,93,0,101,56),(705,97,0,101,1),(706,99,0,101,4),(707,115,0,101,1),(708,150,0,101,2),(710,93,0,102,6),(711,97,0,102,1),(712,99,0,102,4),(713,115,0,102,1),(714,150,0,102,2),(716,93,0,103,56),(717,97,0,103,1),(718,99,0,103,1),(719,115,0,103,1),(720,150,0,103,2),(722,93,0,104,9),(723,97,0,104,1),(724,99,0,104,1),(725,115,0,104,1),(726,150,0,104,2),(729,97,0,105,1),(730,99,0,105,4),(731,115,0,105,1),(732,150,0,105,2),(734,93,0,106,56),(735,97,0,106,1),(736,99,0,106,4),(737,115,0,106,1),(738,150,0,106,2),(740,93,0,107,7),(741,97,0,107,1),(742,99,0,107,4),(743,115,0,107,1),(744,150,0,107,2),(1428,152,0,83,41),(1429,152,0,84,41),(1430,152,0,86,41),(1431,152,0,87,41),(1432,152,0,88,41),(1433,152,0,89,41),(1434,152,0,90,41),(1435,152,0,91,41),(1436,152,0,92,41),(1437,152,0,93,41),(1438,152,0,94,41),(1439,152,0,95,41),(1440,152,0,96,41),(1441,152,0,97,41),(1442,152,0,98,34),(1443,152,0,99,34),(1444,152,0,100,34),(1445,152,0,101,41),(1446,152,0,102,34),(1447,152,0,103,41),(1448,152,0,104,30),(1449,152,0,105,30),(1450,152,0,106,30),(1451,152,0,107,38),(1455,154,0,104,45),(1456,154,0,105,45),(1457,154,0,106,45),(1458,154,0,83,45),(1459,154,0,84,45),(1460,154,0,86,45),(1461,154,0,87,45),(1462,154,0,88,45),(1463,154,0,89,45),(1464,154,0,90,45),(1465,154,0,91,45),(1466,154,0,92,45),(1467,154,0,93,45),(1468,154,0,94,45),(1469,154,0,95,45),(1470,154,0,96,45),(1471,154,0,97,45),(1472,154,0,98,49),(1473,154,0,99,49),(1474,154,0,100,49),(1475,154,0,101,45),(1476,154,0,102,49),(1477,154,0,103,45),(1478,154,0,107,45),(1482,153,0,83,42),(1483,153,0,84,42),(1484,153,0,86,42),(1485,153,0,87,42),(1486,153,0,88,42),(1487,153,0,89,42),(1488,153,0,90,42),(1489,153,0,91,42),(1490,153,0,92,42),(1491,153,0,93,42),(1492,153,0,94,42),(1493,153,0,95,42),(1494,153,0,96,42),(1495,153,0,97,42),(1496,153,0,98,55),(1497,153,0,99,55),(1498,153,0,100,55),(1499,153,0,101,42),(1500,153,0,102,55),(1501,153,0,103,42),(1502,153,0,104,42),(1503,153,0,105,42),(1504,153,0,106,42),(1505,153,0,107,42),(1528,153,0,18,42),(1529,154,0,18,45);

--
-- Table structure for table `catalog_product_entity_media_gallery`
--

CREATE TABLE `catalog_product_entity_media_gallery` (
  `value_id` int(10) unsigned NOT NULL AUTO_INCREMENT COMMENT 'Value ID',
  `attribute_id` smallint(5) unsigned NOT NULL DEFAULT '0' COMMENT 'Attribute ID',
  `value` varchar(255) DEFAULT NULL COMMENT 'Value',
  `media_type` varchar(32) NOT NULL DEFAULT 'image' COMMENT 'Media entry type',
  `disabled` smallint(5) unsigned NOT NULL DEFAULT '0' COMMENT 'Visibility status',
  PRIMARY KEY (`value_id`),
  KEY `CATALOG_PRODUCT_ENTITY_MEDIA_GALLERY_ATTRIBUTE_ID` (`attribute_id`),
  CONSTRAINT `CAT_PRD_ENTT_MDA_GLR_ATTR_ID_EAV_ATTR_ATTR_ID` FOREIGN KEY (`attribute_id`) REFERENCES `eav_attribute` (`attribute_id`) ON DELETE CASCADE
) ENGINE=InnoDB AUTO_INCREMENT=325 DEFAULT CHARSET=utf8 COMMENT='Catalog Product Media Gallery Attribute Backend Table';

--
-- Dumping data for table `catalog_product_entity_media_gallery`
--

INSERT INTO `catalog_product_entity_media_gallery` VALUES (1,90,'//2/2/22a.jpg','image',0),(2,90,'//2/2/22b.jpg','image',0),(3,90,'//2/2/22c.jpg','image',0),(4,90,'//2/2/22d.jpg','image',0),(5,90,'//5/2/52a.jpg','image',0),(6,90,'//5/2/52b.jpg','image',0),(7,90,'//5/2/52c.jpg','image',0),(8,90,'//5/2/52d.jpg','image',0),(13,90,'//5/1/51a.jpg','image',0),(14,90,'//5/1/51b.jpg','image',0),(15,90,'//5/1/51c.jpg','image',0),(16,90,'//5/1/51d.jpg','image',0),(17,90,'//5/0/50a.jpg','image',0),(18,90,'//5/0/50b.jpg','image',0),(19,90,'//5/0/50c.jpg','image',0),(20,90,'//5/0/50d.jpg','image',0),(21,90,'//4/9/49a.jpg','image',0),(22,90,'//4/9/49b.jpg','image',0),(23,90,'//4/9/49c.jpg','image',0),(24,90,'//4/9/49d.jpg','image',0),(25,90,'//4/8/48a.jpg','image',0),(26,90,'//4/8/48b.jpg','image',0),(27,90,'//4/8/48c.jpg','image',0),(28,90,'//4/8/48d.jpg','image',0),(29,90,'//4/7/47a.jpg','image',0),(30,90,'//4/7/47b.jpg','image',0),(31,90,'//4/7/47c.jpg','image',0),(32,90,'//2/4/24a.jpg','image',0),(33,90,'//2/4/24b.jpg','image',0),(34,90,'//2/4/24c.jpg','image',0),(35,90,'//2/4/24d.jpg','image',0),(36,90,'//4/6/46a.jpg','image',0),(37,90,'//4/6/46b.jpg','image',0),(38,90,'//4/6/46c.jpg','image',0),(39,90,'//4/6/46d.jpg','image',0),(40,90,'//4/5/45a.jpg','image',0),(41,90,'//4/5/45b.jpg','image',0),(42,90,'//4/5/45c.jpg','image',0),(43,90,'//4/4/44a.jpg','image',0),(44,90,'//4/4/44b.jpg','image',0),(45,90,'//4/4/44c.jpg','image',0),(46,90,'//4/4/44d.jpg','image',0),(47,90,'//4/3/43a.jpg','image',0),(48,90,'//4/3/43b.jpg','image',0),(49,90,'//4/3/43c.jpg','image',0),(50,90,'//4/3/43d.jpg','image',0),(51,90,'//4/2/42a.jpg','image',0),(52,90,'//4/2/42b.jpg','image',0),(53,90,'//4/1/41a.jpg','image',0),(54,90,'//4/1/41b.jpg','image',0),(55,90,'//4/1/41c.jpg','image',0),(56,90,'//4/1/41d.jpg','image',0),(57,90,'//4/0/40a.jpg','image',0),(58,90,'//4/0/40e.jpg','image',0),(59,90,'//4/0/40b.jpg','image',0),(60,90,'//4/0/40d.jpg','image',0),(61,90,'//4/0/40f.jpg','image',0),(62,90,'//3/9/39a.jpg','image',0),(63,90,'//3/9/39b.jpg','image',0),(64,90,'//3/9/39c.jpg','image',0),(65,90,'//3/9/39d.jpg','image',0),(66,90,'//3/8/38a.jpg','image',0),(67,90,'//3/8/38b.jpg','image',0),(68,90,'//3/8/38c.jpg','image',0),(69,90,'//1/1/11a.jpg','image',0),(70,90,'//1/1/11b.jpg','image',0),(71,90,'//1/1/11c.jpg','image',0),(72,90,'//1/0/10a.jpg','image',0),(73,90,'//1/0/10b.jpg','image',0),(74,90,'//1/0/10c.jpg','image',0),(75,90,'//1/0/10d.jpg','image',0),(76,90,'//9/a/9a.jpg','image',0),(77,90,'//9/b/9b.jpg','image',0),(78,90,'//9/c/9c.jpg','image',0),(79,90,'//8/a/8a.jpg','image',0),(80,90,'//8/a/8a_1.jpg','image',0),(81,90,'//8/a/8a_2.jpg','image',0),(82,90,'//8/c/8c.jpg','image',0),(83,90,'//8/c/8c_1.jpg','image',0),(84,90,'//8/c/8c_2.jpg','image',0),(85,90,'//8/d/8d.jpg','image',0),(86,90,'//8/d/8d_1.jpg','image',0),(87,90,'//8/d/8d_2.jpg','image',0),(88,90,'//8/e/8e.jpg','image',0),(89,90,'//8/e/8e_1.jpg','image',0),(90,90,'//8/e/8e_2.jpg','image',0),(91,90,'//8/a/8a_3.jpg','image',0),(92,90,'//8/b/8b.jpg','image',0),(93,90,'//8/c/8c_3.jpg','image',0),(94,90,'//8/d/8d_3.jpg','image',0),(95,90,'//8/e/8e_3.jpg','image',0),(96,90,'//7/a/7a.jpg','image',0),(97,90,'//7/b/7b.jpg','image',0),(98,90,'//7/c/7c.jpg','image',0),(99,90,'//6/a/6a.jpg','image',0),(100,90,'//6/b/6b.jpg','image',0),(101,90,'//6/c/6c.jpg','image',0),(102,90,'//6/d/6d.jpg','image',0),(103,90,'//2/a/2a.jpg','image',0),(104,90,'//2/b/2b.jpg','image',0),(105,90,'//2/c/2c.jpg','image',0),(106,90,'//2/d/2d.jpg','image',0),(107,90,'//1/4/14a.jpg','image',0),(108,90,'//1/4/14b.jpg','image',0),(109,90,'//1/4/14c.jpg','image',0),(110,90,'//1/4/14d.jpg','image',0),(111,90,'//1/6/16a.jpg','image',0),(112,90,'//1/6/16b.jpg','image',0),(113,90,'//1/6/16c.jpg','image',0),(114,90,'//1/6/16d.jpg','image',0),(115,90,'//1/3/13a.jpg','image',0),(116,90,'//1/3/13b.jpg','image',0),(117,90,'//1/3/13c.jpg','image',0),(118,90,'//1/3/13d.jpg','image',0),(119,90,'//1/5/15a.jpg','image',0),(120,90,'//1/5/15b.jpg','image',0),(121,90,'//1/5/15c.jpg','image',0),(122,90,'//1/5/15d.jpg','image',0),(123,90,'//1/2/12a.jpg','image',0),(124,90,'//1/2/12b.jpg','image',0),(125,90,'//1/2/12c.jpg','image',0),(126,90,'//1/2/12d.jpg','image',0),(127,90,'//3/0/30a.jpg','image',0),(128,90,'//2/7/27a.jpg','image',0),(129,90,'//2/7/27b.jpg','image',0),(130,90,'//2/7/27c.jpg','image',0),(131,90,'//2/7/27d.jpg','image',0),(132,90,'//2/9/29a.jpg','image',0),(133,90,'//2/9/29b.jpg','image',0),(134,90,'//2/9/29c.jpg','image',0),(135,90,'//2/9/29d.jpg','image',0),(136,90,'//2/6/26a.jpg','image',0),(137,90,'//2/6/26b.jpg','image',0),(138,90,'//2/6/26c.jpg','image',0),(139,90,'//2/6/26d.jpg','image',0),(140,90,'//2/8/28a.jpg','image',0),(141,90,'//2/8/28b.jpg','image',0),(142,90,'//2/8/28c.jpg','image',0),(143,90,'//2/8/28d.jpg','image',0),(144,90,'//2/5/25a.jpg','image',0),(145,90,'//2/5/25b.jpg','image',0),(146,90,'//2/5/25c.jpg','image',0),(147,90,'//2/5/25d.jpg','image',0),(148,90,'//3/6/36a.jpg','image',0),(149,90,'//3/6/36b.jpg','image',0),(150,90,'//3/6/36c.jpg','image',0),(151,90,'//3/6/36d.jpg','image',0),(152,90,'//3/3/33a.jpg','image',0),(153,90,'//3/3/33b.jpg','image',0),(154,90,'//3/3/33c.jpg','image',0),(155,90,'//3/5/35a.jpg','image',0),(156,90,'//3/5/35b.jpg','image',0),(157,90,'//3/5/35c.jpg','image',0),(158,90,'//3/5/35d.jpg','image',0),(159,90,'//3/2/32a.jpg','image',0),(160,90,'//3/2/32b.jpg','image',0),(161,90,'//3/2/32c.jpg','image',0),(162,90,'//3/2/32d.jpg','image',0),(163,90,'//3/4/34a.jpg','image',0),(164,90,'//3/4/34b.jpg','image',0),(165,90,'//3/4/34c.jpg','image',0),(166,90,'//3/4/34d.jpg','image',0),(167,90,'//3/1/31a.jpg','image',0),(168,90,'//3/1/31b.jpg','image',0),(169,90,'//3/1/31c.jpg','image',0),(170,90,'//3/1/31d.jpg','image',0),(171,90,'//3/a/3a.jpg','image',0),(172,90,'//2/0/20a.jpg','image',0),(173,90,'//2/0/20b.jpg','image',0),(174,90,'//1/0/10.jpg','image',0),(175,90,'//1/0/10b_1.jpg','image',0),(176,90,'//2/a/2a.jpeg','image',0),(177,90,'//3/a/3a.jpeg','image',0),(178,90,'//4/a/4a.jpeg','image',0),(179,90,'//9/_/9.jpeg','image',0),(180,90,'//1/9/19a.jpg','image',0),(181,90,'//1/9/19b.jpg','image',0),(182,90,'//1/2/12.jpg','image',0),(183,90,'//1/a/1a.jpg','image',0),(184,90,'//1/b/1b.jpeg','image',0),(185,90,'//1/3/13.jpg','image',0),(186,90,'//1/8/18a.jpg','image',0),(187,90,'//1/8/18b.jpg','image',0),(188,90,'//1/8/18c.jpg','image',0),(189,90,'//1/8/18d.jpg','image',0),(190,90,'//1/6/16.jpeg','image',0),(191,90,'//1/6/16c_1.jpg','image',0),(192,90,'//1/6/16d_1.jpg','image',0),(193,90,'//1/7/17.jpg','image',0),(194,90,'//6/_/6.jpg','image',0),(195,90,'//6/b/6b_1.jpg','image',0),(196,90,'//6/c/6c_1.jpg','image',0),(197,90,'//6/d/6d_1.jpg','image',0),(198,90,'//2/a/2a_1.jpg','image',0),(199,90,'//2/b/2b_1.jpg','image',0),(200,90,'//2/c/2c_1.jpg','image',0),(201,90,'//2/d/2d_1.jpg','image',0),(202,90,'//3/a/3a_1.jpg','image',0),(203,90,'//7/a/7a_1.jpg','image',0),(204,90,'//7/a/7a_2.jpg','image',0),(205,90,'//7/b/7b_1.jpg','image',0),(206,90,'//7/c/7c_1.jpg','image',0),(207,90,'//7/d/7d.jpg','image',0),(208,90,'//3/a/3a_2.jpg','image',0),(209,90,'//3/b/3b.jpg','image',0),(210,90,'//3/c/3c.jpg','image',0),(211,90,'//3/d/3d.jpg','image',0),(212,90,'//9/a/9a_1.jpg','image',0),(213,90,'//9/b/9b_1.jpg','image',0),(214,90,'//9/c/9c_1.jpg','image',0),(215,90,'//9/d/9d.jpg','image',0),(216,90,'//1/3/13a_1.jpg','image',0),(217,90,'//1/3/13b_1.jpg','image',0),(218,90,'//1/3/13c_1.jpg','image',0),(219,90,'//4/a/4a.jpg','image',0),(220,90,'//4/b/4b.jpg','image',0),(221,90,'//4/c/4c.jpg','image',0),(222,90,'//4/d/4d.jpg','image',0),(223,90,'//6/a/6a_1.jpg','image',0),(224,90,'//6/b/6b_2.jpg','image',0),(225,90,'//6/c/6c_2.jpg','image',0),(226,90,'//6/d/6d_2.jpg','image',0),(227,90,'//1/1/11a_1.jpg','image',0),(228,90,'//1/1/11b_1.jpg','image',0),(229,90,'//1/1/11c_1.jpg','image',0),(230,90,'//2/4/24a_kids085.jpg','image',0),(231,90,'//2/4/24b_kids086.jpg','image',0),(232,90,'//2/4/24c_kids087.jpg','image',0),(233,90,'//2/4/24d_kids088.jpg','image',0),(234,90,'//2/3/23a_kids081.jpg','image',0),(235,90,'//2/3/23b_kids082.jpg','image',0),(236,90,'//2/3/23c_kids083.jpg','image',0),(237,90,'//2/3/23d_kids084.jpg','image',0),(238,90,'//2/0/20a_kids071.jpg','image',0),(239,90,'//2/0/20b_kids072.jpg','image',0),(240,90,'//2/0/20c_kids073.jpg','image',0),(241,90,'//2/0/20d_kids074.jpg','image',0),(242,90,'//1/0/10a_kids034.jpg','image',0),(243,90,'//1/0/10b_kids035.jpg','image',0),(244,90,'//1/0/10c_kids036.jpg','image',0),(245,90,'//1/0/10d_kids037.jpg','image',0),(246,90,'//3/a/3a_kids008.jpg','image',0),(247,90,'//3/b/3b_kids009.jpg','image',0),(248,90,'//3/c/3c_kids010.jpg','image',0),(249,90,'//2/a/2a_kids004.jpg','image',0),(250,90,'//2/b/2b_kids005.jpg','image',0),(251,90,'//2/c/2c_kids006.jpg','image',0),(252,90,'//2/d/2d_kids007.jpg','image',0),(253,90,'//2/9/29a_kids100.jpg','image',0),(254,90,'//2/9/29b_kids101.jpg','image',0),(255,90,'//2/9/29c_kids102.jpg','image',0),(256,90,'//2/9/29d_kids103.jpg','image',0),(257,90,'//1/9/19a_kids068.jpg','image',0),(258,90,'//1/9/19b_kids069.jpg','image',0),(259,90,'//1/9/19c_kids070.jpg','image',0),(260,90,'//1/8/18a_kids064.jpg','image',0),(261,90,'//1/8/18b_kids065.jpg','image',0),(262,90,'//1/8/18c_kids066.jpg','image',0),(263,90,'//1/8/18d_kids067.jpg','image',0),(264,90,'//1/7/17a_kids060.jpg','image',0),(265,90,'//1/7/17b_kids061.jpg','image',0),(266,90,'//1/7/17c_kids062.jpg','image',0),(267,90,'//1/7/17d_kids063.jpg','image',0),(268,90,'//1/6/16a_kids056.jpg','image',0),(269,90,'//1/6/16b_kids057.jpg','image',0),(270,90,'//1/6/16c_kids058.jpg','image',0),(271,90,'//1/6/16d_kids059.jpg','image',0),(272,90,'//1/4/14a_kids049.jpg','image',0),(273,90,'//1/4/14b_kids050.jpg','image',0),(274,90,'//1/4/14c_kids051.jpg','image',0),(275,90,'//2/8/28a_kids098.jpg','image',0),(276,90,'//2/8/28b_kids099.jpg','image',0),(277,90,'//2/7/27a_kids096.jpg','image',0),(278,90,'//2/7/27b_kids097.jpg','image',0),(279,90,'//2/6/26a_kids092.jpg','image',0),(280,90,'//2/6/26b_kids093.jpg','image',0),(281,90,'//2/6/26c_kids094.jpg','image',0),(282,90,'//2/6/26d_kids095.jpg','image',0),(283,90,'//8/a/8a_kids026.jpg','image',0),(284,90,'//8/b/8b_kids027.jpg','image',0),(285,90,'//8/c/8c_kids028.jpg','image',0),(286,90,'//8/d/8d_kids029.jpg','image',0),(287,90,'//9/a/9a_kids030.jpg','image',0),(288,90,'//9/b/9b_kids031.jpg','image',0),(289,90,'//9/c/9c_kids032.jpg','image',0),(290,90,'//9/d/9d_kids033.jpg','image',0),(291,90,'//7/a/7a_kids022.jpg','image',0),(292,90,'//7/b/7b_kids023.jpg','image',0),(293,90,'//7/c/7c_kids024.jpg','image',0),(294,90,'//7/d/7d_kids025.jpg','image',0),(295,90,'//1/5/15a_kids052.jpg','image',0),(296,90,'//1/5/15b_kids053.jpg','image',0),(297,90,'//1/5/15c_kids054.jpg','image',0),(298,90,'//1/5/15d_kids055.jpg','image',0),(299,90,'//2/5/25a_kids089.jpg','image',0),(300,90,'//2/5/25b_kids090.jpg','image',0),(301,90,'//2/5/25c_kids091.jpg','image',0),(302,90,'//1/2/12a_kids042.jpg','image',0),(303,90,'//1/2/12b_kids043.jpg','image',0),(304,90,'//1/2/12c_kids044.jpg','image',0),(305,90,'//1/2/12d_kids045.jpg','image',0),(306,90,'//4/a/4a_kids011_2.jpg','image',0),(307,90,'//4/b/4b_kids012_1.jpg','image',0),(308,90,'//4/c/4c_kids013_1.jpg','image',0),(309,90,'//4/d/4d_kids014_2.jpg','image',0),(310,90,'//5/a/5a_kids015_2.jpg','image',0),(311,90,'//5/b/5b_kids016_1.jpg','image',0),(312,90,'//5/c/5c_kids017_1.jpg','image',0),(313,90,'//5/d/5d_kids018_2.jpg','image',0),(314,90,'//4/a/4a_kids011_1.jpg','image',0),(315,90,'//4/d/4d_kids014_1.jpg','image',0),(316,90,'//5/a/5a_kids015_1.jpg','image',0),(317,90,'//5/d/5d_kids018_1.jpg','image',0),(318,90,'//2/1/21a_kids075.jpg','image',0),(319,90,'//2/1/21b_kids076.jpg','image',0),(320,90,'//2/1/21c_kids077.jpg','image',0),(321,90,'//2/1/21d_kids078.jpg','image',0),(322,90,'//1/a/1a_kids001.jpg','image',0),(323,90,'//1/b/1b_kids002.jpg','image',0),(324,90,'//1/c/1c_kids003.jpg','image',0);

--
-- Table structure for table `catalog_product_entity_media_gallery_value`
--

CREATE TABLE `catalog_product_entity_media_gallery_value` (
  `value_id` int(10) unsigned NOT NULL DEFAULT '0' COMMENT 'Value ID',
  `store_id` smallint(5) unsigned NOT NULL DEFAULT '0' COMMENT 'Store ID',
  `entity_id` int(10) unsigned NOT NULL DEFAULT '0' COMMENT 'Entity ID',
  `label` varchar(255) DEFAULT NULL COMMENT 'Label',
  `position` int(10) unsigned DEFAULT NULL COMMENT 'Position',
  `disabled` smallint(5) unsigned NOT NULL DEFAULT '0' COMMENT 'Is Disabled',
  `record_id` int(10) unsigned NOT NULL AUTO_INCREMENT COMMENT 'Record ID',
  PRIMARY KEY (`record_id`),
  KEY `CATALOG_PRODUCT_ENTITY_MEDIA_GALLERY_VALUE_STORE_ID` (`store_id`),
  KEY `CATALOG_PRODUCT_ENTITY_MEDIA_GALLERY_VALUE_ENTITY_ID` (`entity_id`),
  KEY `CATALOG_PRODUCT_ENTITY_MEDIA_GALLERY_VALUE_VALUE_ID` (`value_id`),
  KEY `CAT_PRD_ENTT_MDA_GLR_VAL_ENTT_ID_VAL_ID_STORE_ID` (`entity_id`,`value_id`,`store_id`),
  CONSTRAINT `CAT_PRD_ENTT_MDA_GLR_VAL_ENTT_ID_CAT_PRD_ENTT_ENTT_ID` FOREIGN KEY (`entity_id`) REFERENCES `catalog_product_entity` (`entity_id`) ON DELETE CASCADE,
  CONSTRAINT `CAT_PRD_ENTT_MDA_GLR_VAL_STORE_ID_STORE_STORE_ID` FOREIGN KEY (`store_id`) REFERENCES `store` (`store_id`) ON DELETE CASCADE,
  CONSTRAINT `CAT_PRD_ENTT_MDA_GLR_VAL_VAL_ID_CAT_PRD_ENTT_MDA_GLR_VAL_ID` FOREIGN KEY (`value_id`) REFERENCES `catalog_product_entity_media_gallery` (`value_id`) ON DELETE CASCADE
) ENGINE=InnoDB AUTO_INCREMENT=1086 DEFAULT CHARSET=utf8 COMMENT='Catalog Product Media Gallery Attribute Value Table';

--
-- Dumping data for table `catalog_product_entity_media_gallery_value`
--

INSERT INTO `catalog_product_entity_media_gallery_value` VALUES (17,0,4,NULL,1,0,53),(18,0,4,NULL,2,0,54),(19,0,4,NULL,3,0,55),(20,0,4,NULL,4,0,56),(36,0,9,NULL,1,0,72),(37,0,9,NULL,2,0,73),(38,0,9,NULL,3,0,74),(39,0,9,NULL,4,0,75),(40,0,10,NULL,1,0,79),(41,0,10,NULL,2,0,80),(42,0,10,NULL,3,0,81),(43,0,11,NULL,1,0,86),(44,0,11,NULL,2,0,87),(45,0,11,NULL,3,0,88),(46,0,11,NULL,4,0,89),(47,0,12,NULL,1,0,90),(48,0,12,NULL,2,0,91),(49,0,12,NULL,3,0,92),(50,0,12,NULL,4,0,93),(72,0,21,NULL,1,0,166),(73,0,21,NULL,2,0,167),(74,0,21,NULL,3,0,168),(75,0,21,NULL,4,0,169),(76,0,24,NULL,1,0,177),(77,0,24,NULL,2,0,178),(78,0,24,NULL,3,0,179),(96,0,38,NULL,1,0,197),(97,0,38,NULL,2,0,198),(98,0,38,NULL,3,0,199),(99,0,39,NULL,1,0,207),(100,0,39,NULL,2,0,208),(101,0,39,NULL,3,0,209),(102,0,39,NULL,4,0,210),(103,0,40,NULL,1,0,215),(104,0,40,NULL,2,0,216),(105,0,40,NULL,3,0,217),(106,0,40,NULL,4,0,218),(111,0,42,NULL,1,0,227),(112,0,42,NULL,2,0,228),(113,0,42,NULL,3,0,229),(114,0,42,NULL,4,0,230),(115,0,43,NULL,1,0,231),(116,0,43,NULL,2,0,232),(117,0,43,NULL,3,0,233),(118,0,43,NULL,4,0,234),(119,0,44,NULL,1,0,235),(120,0,44,NULL,2,0,236),(121,0,44,NULL,3,0,237),(122,0,44,NULL,4,0,238),(123,0,45,NULL,1,0,243),(124,0,45,NULL,2,0,244),(125,0,45,NULL,3,0,245),(126,0,45,NULL,4,0,246),(144,0,51,NULL,1,0,268),(145,0,51,NULL,2,0,269),(146,0,51,NULL,3,0,270),(147,0,51,NULL,4,0,271),(148,0,52,NULL,1,0,276),(149,0,52,NULL,2,0,277),(150,0,52,NULL,3,0,278),(151,0,52,NULL,4,0,279),(152,0,53,NULL,1,0,280),(153,0,53,NULL,2,0,281),(154,0,53,NULL,3,0,282),(155,0,54,NULL,1,0,283),(156,0,54,NULL,2,0,284),(157,0,54,NULL,3,0,285),(158,0,54,NULL,4,0,286),(159,0,55,NULL,1,0,287),(160,0,55,NULL,2,0,288),(161,0,55,NULL,3,0,289),(162,0,55,NULL,4,0,290),(163,0,56,NULL,1,0,295),(164,0,56,NULL,2,0,296),(165,0,56,NULL,3,0,297),(166,0,56,NULL,4,0,298),(167,0,57,NULL,1,0,299),(168,0,57,NULL,2,0,300),(169,0,57,NULL,3,0,301),(170,0,57,NULL,4,0,302),(1,0,1,NULL,1,0,313),(2,0,1,NULL,2,0,314),(3,0,1,NULL,3,0,315),(4,0,1,NULL,4,0,316),(66,0,19,NULL,1,0,369),(67,0,19,NULL,2,0,370),(68,0,19,NULL,3,0,371),(21,0,5,NULL,1,0,382),(22,0,5,NULL,2,0,383),(23,0,5,NULL,3,0,384),(24,0,5,NULL,4,0,385),(25,0,6,NULL,1,0,386),(26,0,6,NULL,2,0,387),(27,0,6,NULL,3,0,388),(28,0,6,NULL,4,0,389),(51,0,13,NULL,1,0,393),(52,0,13,NULL,2,0,394),(5,0,2,NULL,1,0,395),(6,0,2,NULL,2,0,396),(7,0,2,NULL,3,0,397),(8,0,2,NULL,4,0,398),(29,0,7,NULL,1,0,399),(30,0,7,NULL,2,0,400),(31,0,7,NULL,3,0,401),(172,0,59,NULL,1,0,446),(173,0,59,NULL,2,0,447),(174,0,60,NULL,1,0,448),(175,0,60,NULL,2,0,449),(176,0,61,NULL,1,0,450),(177,0,62,NULL,1,0,451),(178,0,63,NULL,1,0,452),(179,0,64,NULL,1,0,454),(180,0,65,NULL,1,0,455),(181,0,65,NULL,2,0,456),(182,0,66,NULL,1,0,457),(183,0,67,NULL,1,0,458),(184,0,67,NULL,2,0,459),(186,0,69,NULL,1,0,464),(187,0,69,NULL,2,0,465),(188,0,69,NULL,3,0,466),(189,0,69,NULL,4,0,467),(185,0,68,NULL,1,0,469),(190,0,70,NULL,1,0,474),(191,0,70,NULL,2,0,475),(192,0,70,NULL,3,0,476),(193,0,71,NULL,1,0,477),(194,0,72,NULL,1,0,478),(195,0,72,NULL,2,0,479),(196,0,72,NULL,3,0,480),(197,0,72,NULL,4,0,481),(91,0,25,NULL,1,0,496),(92,0,25,NULL,2,0,497),(93,0,25,NULL,3,0,498),(94,0,25,NULL,4,0,499),(95,0,25,NULL,5,0,500),(90,0,37,NULL,1,0,503),(86,0,33,NULL,1,0,505),(87,0,34,NULL,1,0,506),(80,0,27,NULL,1,0,508),(81,0,28,NULL,1,0,509),(82,0,29,NULL,1,0,510),(83,0,30,NULL,1,0,511),(84,0,31,NULL,1,0,512),(89,0,36,NULL,1,0,540),(85,0,32,NULL,1,0,541),(127,0,46,NULL,1,0,559),(128,0,47,NULL,1,0,564),(129,0,47,NULL,2,0,565),(130,0,47,NULL,3,0,566),(131,0,47,NULL,4,0,567),(132,0,48,NULL,1,0,568),(133,0,48,NULL,2,0,569),(134,0,48,NULL,3,0,570),(135,0,48,NULL,4,0,571),(136,0,49,NULL,1,0,572),(137,0,49,NULL,2,0,573),(138,0,49,NULL,3,0,574),(139,0,49,NULL,4,0,575),(140,0,50,NULL,1,0,576),(141,0,50,NULL,2,0,577),(142,0,50,NULL,3,0,578),(143,0,50,NULL,4,0,579),(208,0,74,NULL,1,0,610),(209,0,74,NULL,2,0,611),(210,0,74,NULL,3,0,612),(211,0,74,NULL,4,0,613),(204,0,75,NULL,1,0,635),(205,0,75,NULL,2,0,636),(206,0,75,NULL,3,0,637),(207,0,75,NULL,4,0,638),(227,0,81,NULL,1,0,667),(228,0,81,NULL,2,0,668),(229,0,81,NULL,3,0,669),(223,0,80,NULL,1,0,670),(224,0,80,NULL,2,0,671),(225,0,80,NULL,3,0,672),(226,0,80,NULL,4,0,673),(219,0,79,NULL,1,0,674),(220,0,79,NULL,2,0,675),(221,0,79,NULL,3,0,676),(222,0,79,NULL,4,0,677),(216,0,78,NULL,1,0,678),(217,0,78,NULL,2,0,679),(218,0,78,NULL,3,0,680),(212,0,77,NULL,1,0,681),(213,0,77,NULL,2,0,682),(214,0,77,NULL,3,0,683),(215,0,77,NULL,4,0,684),(202,0,76,NULL,1,0,685),(203,0,76,NULL,0,0,686),(198,0,73,NULL,1,0,687),(199,0,73,NULL,2,0,688),(200,0,73,NULL,3,0,689),(201,0,73,NULL,4,0,690),(79,0,26,NULL,1,0,692),(88,0,35,NULL,1,0,693),(238,0,84,NULL,1,0,714),(239,0,84,NULL,2,0,715),(240,0,84,NULL,3,0,716),(241,0,84,NULL,4,0,717),(242,0,85,NULL,1,0,722),(243,0,85,NULL,2,0,723),(244,0,85,NULL,3,0,724),(245,0,85,NULL,4,0,725),(246,0,86,NULL,1,0,726),(247,0,86,NULL,2,0,727),(248,0,86,NULL,3,0,728),(249,0,87,NULL,1,0,729),(250,0,87,NULL,2,0,730),(251,0,87,NULL,3,0,731),(252,0,87,NULL,4,0,732),(268,0,92,NULL,1,0,764),(269,0,92,NULL,2,0,765),(270,0,92,NULL,3,0,766),(271,0,92,NULL,4,0,767),(272,0,93,NULL,1,0,771),(273,0,93,NULL,2,0,772),(274,0,93,NULL,3,0,773),(279,0,96,NULL,1,0,790),(280,0,96,NULL,2,0,791),(281,0,96,NULL,3,0,792),(282,0,96,NULL,4,0,793),(283,0,97,NULL,1,0,802),(284,0,97,NULL,2,0,803),(285,0,97,NULL,3,0,804),(286,0,97,NULL,4,0,805),(291,0,99,NULL,1,0,810),(292,0,99,NULL,2,0,811),(293,0,99,NULL,3,0,812),(294,0,99,NULL,4,0,813),(299,0,101,NULL,1,0,818),(300,0,101,NULL,2,0,819),(301,0,101,NULL,3,0,820),(314,0,105,NULL,1,0,833),(315,0,105,NULL,2,0,834),(316,0,105,NULL,3,0,835),(317,0,105,NULL,4,0,836),(260,0,90,NULL,1,0,858),(261,0,90,NULL,2,0,859),(262,0,90,NULL,3,0,860),(263,0,90,NULL,4,0,861),(253,0,88,NULL,1,0,862),(254,0,88,NULL,2,0,863),(255,0,88,NULL,3,0,864),(256,0,88,NULL,4,0,865),(257,0,89,NULL,1,0,866),(258,0,89,NULL,2,0,867),(259,0,89,NULL,3,0,868),(230,0,82,NULL,1,0,869),(231,0,82,NULL,2,0,870),(232,0,82,NULL,3,0,871),(233,0,82,NULL,4,0,872),(234,0,83,NULL,1,0,873),(235,0,83,NULL,2,0,874),(236,0,83,NULL,3,0,875),(237,0,83,NULL,4,0,876),(318,0,106,NULL,1,0,883),(319,0,106,NULL,2,0,884),(320,0,106,NULL,3,0,885),(321,0,106,NULL,4,0,886),(264,0,91,NULL,1,0,926),(265,0,91,NULL,2,0,927),(266,0,91,NULL,3,0,928),(267,0,91,NULL,4,0,929),(287,0,98,NULL,1,0,934),(288,0,98,NULL,2,0,935),(289,0,98,NULL,3,0,936),(290,0,98,NULL,4,0,937),(302,0,102,NULL,1,0,942),(303,0,102,NULL,2,0,943),(304,0,102,NULL,3,0,944),(305,0,102,NULL,4,0,945),(295,0,100,NULL,1,0,967),(296,0,100,NULL,2,0,968),(297,0,100,NULL,3,0,969),(298,0,100,NULL,4,0,970),(310,0,104,NULL,1,0,971),(311,0,104,NULL,2,0,972),(312,0,104,NULL,3,0,973),(313,0,104,NULL,4,0,974),(306,0,103,NULL,1,0,975),(307,0,103,NULL,2,0,976),(308,0,103,NULL,3,0,977),(309,0,103,NULL,4,0,978),(277,0,95,NULL,1,0,979),(278,0,95,NULL,2,0,980),(171,0,58,NULL,1,0,993),(57,0,16,NULL,1,0,997),(58,0,17,NULL,1,0,998),(13,0,3,NULL,5,0,999),(14,0,3,NULL,6,0,1000),(15,0,3,NULL,7,0,1001),(16,0,3,NULL,8,0,1002),(53,0,14,NULL,1,0,1003),(54,0,14,NULL,2,0,1004),(55,0,14,NULL,3,0,1005),(56,0,14,NULL,4,0,1006),(32,0,8,NULL,1,0,1007),(33,0,8,NULL,2,0,1008),(34,0,8,NULL,3,0,1009),(35,0,8,NULL,4,0,1010),(62,0,18,NULL,1,0,1015),(63,0,18,NULL,2,0,1016),(64,0,18,NULL,3,0,1017),(65,0,18,NULL,4,0,1018),(59,0,15,NULL,0,0,1022),(60,0,15,NULL,2,0,1023),(61,0,15,NULL,1,0,1024),(275,0,94,NULL,1,0,1036),(276,0,94,NULL,2,0,1037),(322,0,107,NULL,1,0,1038),(323,0,107,NULL,2,0,1039),(324,0,107,NULL,3,0,1040),(69,0,20,NULL,1,0,1064),(70,0,20,NULL,2,0,1065),(71,0,20,NULL,3,0,1066),(107,0,41,NULL,0,0,1082),(108,0,41,NULL,1,0,1083),(109,0,41,NULL,2,0,1084),(110,0,41,NULL,3,0,1085);

--
-- Table structure for table `catalog_product_entity_media_gallery_value_to_entity`
--

CREATE TABLE `catalog_product_entity_media_gallery_value_to_entity` (
  `value_id` int(10) unsigned NOT NULL COMMENT 'Value media Entry ID',
  `entity_id` int(10) unsigned NOT NULL COMMENT 'Product Entity ID',
  PRIMARY KEY (`value_id`,`entity_id`),
  KEY `CAT_PRD_ENTT_MDA_GLR_VAL_TO_ENTT_ENTT_ID_CAT_PRD_ENTT_ENTT_ID` (`entity_id`),
  CONSTRAINT `CAT_PRD_ENTT_MDA_GLR_VAL_TO_ENTT_ENTT_ID_CAT_PRD_ENTT_ENTT_ID` FOREIGN KEY (`entity_id`) REFERENCES `catalog_product_entity` (`entity_id`) ON DELETE CASCADE,
  CONSTRAINT `FK_A6C6C8FAA386736921D3A7C4B50B1185` FOREIGN KEY (`value_id`) REFERENCES `catalog_product_entity_media_gallery` (`value_id`) ON DELETE CASCADE
) ENGINE=InnoDB DEFAULT CHARSET=utf8 COMMENT='Link Media value to Product entity table';

--
-- Dumping data for table `catalog_product_entity_media_gallery_value_to_entity`
--

INSERT INTO `catalog_product_entity_media_gallery_value_to_entity` VALUES (1,1),(2,1),(3,1),(4,1),(5,2),(6,2),(7,2),(8,2),(13,3),(14,3),(15,3),(16,3),(17,4),(18,4),(19,4),(20,4),(21,5),(22,5),(23,5),(24,5),(25,6),(26,6),(27,6),(28,6),(29,7),(30,7),(31,7),(32,8),(33,8),(34,8),(35,8),(36,9),(37,9),(38,9),(39,9),(40,10),(41,10),(42,10),(43,11),(44,11),(45,11),(46,11),(47,12),(48,12),(49,12),(50,12),(51,13),(52,13),(53,14),(54,14),(55,14),(56,14),(59,15),(60,15),(61,15),(57,16),(58,17),(62,18),(63,18),(64,18),(65,18),(66,19),(67,19),(68,19),(69,20),(70,20),(71,20),(72,21),(73,21),(74,21),(75,21),(76,24),(77,24),(78,24),(91,25),(92,25),(93,25),(94,25),(95,25),(79,26),(80,27),(81,28),(82,29),(83,30),(84,31),(85,32),(86,33),(87,34),(88,35),(89,36),(90,37),(96,38),(97,38),(98,38),(99,39),(100,39),(101,39),(102,39),(103,40),(104,40),(105,40),(106,40),(107,41),(108,41),(109,41),(110,41),(111,42),(112,42),(113,42),(114,42),(115,43),(116,43),(117,43),(118,43),(119,44),(120,44),(121,44),(122,44),(123,45),(124,45),(125,45),(126,45),(127,46),(128,47),(129,47),(130,47),(131,47),(132,48),(133,48),(134,48),(135,48),(136,49),(137,49),(138,49),(139,49),(140,50),(141,50),(142,50),(143,50),(144,51),(145,51),(146,51),(147,51),(148,52),(149,52),(150,52),(151,52),(152,53),(153,53),(154,53),(155,54),(156,54),(157,54),(158,54),(159,55),(160,55),(161,55),(162,55),(163,56),(164,56),(165,56),(166,56),(167,57),(168,57),(169,57),(170,57),(171,58),(172,59),(173,59),(174,60),(175,60),(176,61),(177,62),(178,63),(179,64),(180,65),(181,65),(182,66),(183,67),(184,67),(185,68),(186,69),(187,69),(188,69),(189,69),(190,70),(191,70),(192,70),(193,71),(194,72),(195,72),(196,72),(197,72),(198,73),(199,73),(200,73),(201,73),(208,74),(209,74),(210,74),(211,74),(204,75),(205,75),(206,75),(207,75),(202,76),(203,76),(212,77),(213,77),(214,77),(215,77),(216,78),(217,78),(218,78),(219,79),(220,79),(221,79),(222,79),(223,80),(224,80),(225,80),(226,80),(227,81),(228,81),(229,81),(230,82),(231,82),(232,82),(233,82),(234,83),(235,83),(236,83),(237,83),(238,84),(239,84),(240,84),(241,84),(242,85),(243,85),(244,85),(245,85),(246,86),(247,86),(248,86),(249,87),(250,87),(251,87),(252,87),(253,88),(254,88),(255,88),(256,88),(257,89),(258,89),(259,89),(260,90),(261,90),(262,90),(263,90),(264,91),(265,91),(266,91),(267,91),(268,92),(269,92),(270,92),(271,92),(272,93),(273,93),(274,93),(275,94),(276,94),(277,95),(278,95),(279,96),(280,96),(281,96),(282,96),(283,97),(284,97),(285,97),(286,97),(287,98),(288,98),(289,98),(290,98),(291,99),(292,99),(293,99),(294,99),(295,100),(296,100),(297,100),(298,100),(299,101),(300,101),(301,101),(302,102),(303,102),(304,102),(305,102),(306,103),(307,103),(308,103),(309,103),(310,104),(311,104),(312,104),(313,104),(314,105),(315,105),(316,105),(317,105),(318,106),(319,106),(320,106),(321,106),(322,107),(323,107),(324,107);

--
