--
-- Host: localhost    Database: magento
-- ------------------------------------------------------


--
-- Table structure for table `admin_analytics_usage_version_log`
--

CREATE TABLE `admin_analytics_usage_version_log` (
  `id` int(10) unsigned NOT NULL AUTO_INCREMENT COMMENT 'Log ID',
  `last_viewed_in_version` varchar(50) NOT NULL COMMENT 'Viewer last viewed on product version',
  PRIMARY KEY (`id`),
  UNIQUE KEY `ADMIN_ANALYTICS_USAGE_VERSION_LOG_LAST_VIEWED_IN_VERSION` (`last_viewed_in_version`)
) ENGINE=InnoDB AUTO_INCREMENT=2 DEFAULT CHARSET=utf8 COMMENT='Admin Notification Viewer Log Table';

--
-- Dumping data for table `admin_analytics_usage_version_log`
--

INSERT INTO `admin_analytics_usage_version_log` VALUES (1,'2.3.3');

--
-- Table structure for table `admin_passwords`
--

CREATE TABLE `admin_passwords` (
  `password_id` int(10) unsigned NOT NULL AUTO_INCREMENT COMMENT 'Password ID',
  `user_id` int(10) unsigned NOT NULL DEFAULT '0' COMMENT 'User ID',
  `password_hash` varchar(100) DEFAULT NULL COMMENT 'Password Hash',
  `expires` int(10) unsigned NOT NULL DEFAULT '0' COMMENT 'Deprecated',
  `last_updated` int(10) unsigned NOT NULL DEFAULT '0' COMMENT 'Last Updated',
  PRIMARY KEY (`password_id`),
  KEY `ADMIN_PASSWORDS_USER_ID` (`user_id`),
  CONSTRAINT `ADMIN_PASSWORDS_USER_ID_ADMIN_USER_USER_ID` FOREIGN KEY (`user_id`) REFERENCES `admin_user` (`user_id`) ON DELETE CASCADE
) ENGINE=InnoDB AUTO_INCREMENT=2 DEFAULT CHARSET=utf8 COMMENT='Admin Passwords';

--
-- Dumping data for table `admin_passwords`
--

INSERT INTO `admin_passwords` VALUES (1,5,'8399f26d4481a9d00e7ede867cf9bb058011db4f7c64ba694f7dfe58e0367c9b:qswGZomJKOttDvPq:2',0,1628261526);

--
-- Table structure for table `admin_system_messages`
--

CREATE TABLE `admin_system_messages` (
  `identity` varchar(100) NOT NULL COMMENT 'Message ID',
  `severity` smallint(5) unsigned NOT NULL DEFAULT '0' COMMENT 'Problem type',
  `created_at` timestamp NOT NULL DEFAULT CURRENT_TIMESTAMP COMMENT 'Create date',
  PRIMARY KEY (`identity`)
) ENGINE=InnoDB DEFAULT CHARSET=utf8 COMMENT='Admin System Messages';

--
-- Dumping data for table `admin_system_messages`
--

INSERT INTO `admin_system_messages` VALUES ('da332d712f3215b9b94bfa268c398323',2,'2021-08-06 14:54:36');

--
-- Table structure for table `admin_user`
--

CREATE TABLE `admin_user` (
  `user_id` int(10) unsigned NOT NULL AUTO_INCREMENT COMMENT 'User ID',
  `firstname` varchar(32) DEFAULT NULL COMMENT 'User First Name',
  `lastname` varchar(32) DEFAULT NULL COMMENT 'User Last Name',
  `email` varchar(128) DEFAULT NULL COMMENT 'User Email',
  `username` varchar(40) DEFAULT NULL COMMENT 'User Login',
  `password` varchar(255) NOT NULL COMMENT 'User Password',
  `created` timestamp NOT NULL DEFAULT CURRENT_TIMESTAMP COMMENT 'User Created Time',
  `modified` timestamp NOT NULL DEFAULT CURRENT_TIMESTAMP ON UPDATE CURRENT_TIMESTAMP COMMENT 'User Modified Time',
  `logdate` timestamp NULL DEFAULT NULL COMMENT 'User Last Login Time',
  `lognum` smallint(5) unsigned NOT NULL DEFAULT '0' COMMENT 'User Login Number',
  `reload_acl_flag` smallint(6) NOT NULL DEFAULT '0' COMMENT 'Reload ACL',
  `is_active` smallint(6) NOT NULL DEFAULT '1' COMMENT 'User Is Active',
  `extra` text COMMENT 'User Extra Data',
  `rp_token` text COMMENT 'Reset Password Link Token',
  `rp_token_created_at` timestamp NULL DEFAULT NULL COMMENT 'Reset Password Link Token Creation Date',
  `interface_locale` varchar(16) NOT NULL DEFAULT 'en_US' COMMENT 'Backend interface locale',
  `failures_num` smallint(6) DEFAULT '0' COMMENT 'Failure Number',
  `first_failure` timestamp NULL DEFAULT NULL COMMENT 'First Failure',
  `lock_expires` timestamp NULL DEFAULT NULL COMMENT 'Expiration Lock Dates',
  `refresh_token` text COMMENT 'Email connector refresh token',
  PRIMARY KEY (`user_id`),
  UNIQUE KEY `ADMIN_USER_USERNAME` (`username`)
) ENGINE=InnoDB AUTO_INCREMENT=6 DEFAULT CHARSET=utf8 COMMENT='Admin User Table';

--
-- Dumping data for table `admin_user`
--

INSERT INTO `admin_user` VALUES (1,'binh','dongvan','gecko@gmail.com','admin','94a19016b9262a98bebf4c7b2150d480a87873a099c5b57f30bc775479d668c7','2019-05-21 15:51:05','2023-02-12 09:26:14','2021-04-01 10:04:19',235,0,1,'{\"configState\":{\"dev_css\":\"1\",\"dev_front_end_development_workflow\":\"1\",\"dev_restrict\":\"1\",\"dev_debug\":\"1\",\"dev_template\":\"1\",\"dev_translate_inline\":\"1\",\"dev_js\":\"1\",\"dev_image\":\"1\",\"dev_caching\":\"1\",\"dev_static\":\"1\",\"dev_grid\":\"1\",\"alothemes_font\":\"1\",\"alothemes_rtl\":\"1\",\"alothemes_widescreen\":\"1\",\"alothemes_preload\":\"0\",\"alothemes_grid\":\"0\",\"alothemes_grid_widget\":\"0\",\"alothemes_recently_grid_widget\":\"0\",\"alothemes_related\":\"0\",\"alothemes_upsell\":\"0\",\"alothemes_crosssell\":\"0\",\"alothemes_recentorder\":\"0\",\"alothemes_labels\":\"0\",\"alothemes_timer\":\"0\",\"alothemes_categorysearch\":\"0\",\"alothemes_newsletter\":\"0\",\"alodesign_general\":\"1\",\"alodesign_base\":\"1\",\"alodesign_header\":\"1\",\"alodesign_left\":\"1\",\"alodesign_right\":\"0\",\"alodesign_content\":\"1\",\"alodesign_footer\":\"1\",\"alodesign_extra_css\":\"1\",\"gdpr_cookie_restriction\":\"1\",\"gdpr_login\":\"0\",\"gdpr_register\":\"0\",\"magicmenu_topmenu\":\"1\",\"magicmenu_general\":\"1\",\"magicmenu_vmenu\":\"1\",\"magicmenu_accordion\":\"1\",\"web_default\":\"1\",\"web_url\":\"1\",\"web_seo\":\"1\",\"web_unsecure\":\"1\",\"web_secure\":\"1\",\"web_default_layouts\":\"0\",\"web_cookie\":\"0\",\"web_session\":\"0\",\"web_browser_capabilities\":\"0\",\"system_full_page_cache\":\"0\",\"admin_emails\":\"0\",\"admin_startup\":\"1\",\"admin_url\":\"1\",\"admin_security\":\"1\",\"admin_dashboard\":\"1\",\"admin_captcha\":\"1\",\"admin_usage\":\"1\",\"general_locale\":\"0\",\"general_region\":\"0\",\"general_country\":\"0\",\"general_store_information\":\"0\",\"general_single_store_mode\":\"0\",\"mfblog_product_page\":\"0\",\"mfblog_author\":\"0\",\"mfblog_index_page\":\"1\",\"mfblog_post_list\":\"1\",\"mfblog_post_view\":\"0\",\"mfblog_sidebar\":\"0\",\"mfblog_general\":\"1\",\"mfblog_tag\":\"0\",\"mfblog_search\":\"0\",\"mfblog_permalink\":\"0\",\"mfblog_seo\":\"0\",\"mfblog_social\":\"0\",\"mfblog_top_menu\":\"0\",\"shopbrand_product\":\"0\",\"shopbrand_general\":\"0\",\"alothemes_category_page\":\"1\",\"magepow_gdpr_general\":\"1\",\"magepow_gdpr_cookie_restriction\":\"0\",\"magepow_gdpr_login\":\"0\",\"magepow_gdpr_register\":\"0\",\"alothemes_flags\":\"0\",\"catalog_layered_navigation\":\"1\",\"catalog_navigation\":\"0\",\"catalog_downloadable\":\"0\",\"catalog_custom_options\":\"0\",\"catalog_seo\":\"1\",\"catalog_search\":\"1\",\"catalog_frontend\":\"1\",\"catalog_fields_masks\":\"1\",\"alothemes_product_page\":\"1\",\"alothemes_extra_css\":\"0\",\"catalog_recently_products\":\"1\",\"catalog_productalert_cron\":\"1\",\"testimonial_general\":\"1\",\"catalog_product_video\":\"1\",\"magepow_ajaxcart_success_popup_design\":\"1\",\"magepow_ajaxcart_success_popup\":\"1\",\"magepow_layerednav_general\":\"1\",\"magepow_ajaxcart_general\":\"1\",\"magepow_ajaxcart_quickview_popup\":\"0\",\"magepow_quickedit_general\":\"1\",\"catalog_review\":\"1\",\"catalog_productalert\":\"1\",\"catalog_placeholder\":\"1\",\"catalog_price\":\"0\",\"magepow_categories_general\":\"1\",\"alosocial_instagram\":\"1\",\"alosocial_facebook\":\"0\",\"alosocial_general\":\"0\",\"alosocial_twitter\":\"0\",\"alosocial_messenger\":\"1\",\"alosocial_pinterest\":\"0\",\"alosocial_flickr\":\"0\",\"alosocial_picasa\":\"0\",\"alosocial_social\":\"1\",\"shopbrand_list_page_settings\":\"1\",\"shopbrand_brand_page_settings\":\"1\",\"shopbrand_product_page_settings\":\"1\"}}',NULL,NULL,'en_US',1,'2023-02-12 09:26:14',NULL,NULL),(2,'Huyen','Pham','huyen@wp2cart.com','huyen','763afb9f820254e91100bfad0981082994fa0f3d08fa16dcc009c77418514ed8:dtoRZZfYpVbcC84Ydf3e0mCYREu423ti:1','2019-04-22 08:53:20','2020-02-19 03:07:05','2020-02-19 03:07:05',29,0,1,'{\"configState\":{\"web_default\":\"1\",\"web_url\":\"0\",\"web_seo\":\"0\",\"web_unsecure\":\"0\",\"web_secure\":\"0\",\"web_cookie\":\"0\",\"web_browser_capabilities\":\"0\",\"admin_security\":\"1\",\"admin_emails\":\"0\",\"admin_startup\":\"0\",\"admin_url\":\"0\",\"admin_dashboard\":\"0\",\"admin_captcha\":\"0\",\"alodesign_header\":\"1\",\"alodesign_general\":\"0\",\"alodesign_base\":\"1\",\"alodesign_left\":\"0\",\"alodesign_right\":\"0\",\"alodesign_content\":\"1\",\"alodesign_footer\":\"1\",\"alodesign_extra_css\":\"1\",\"dev_static\":\"0\",\"dev_grid\":\"0\",\"dev_image\":\"0\",\"dev_css\":\"0\",\"dev_translate_inline\":\"0\",\"dev_template\":\"0\",\"dev_debug\":\"0\",\"dev_restrict\":\"0\",\"dev_front_end_development_workflow\":\"0\",\"magicmenu_topmenu\":\"1\",\"magicmenu_vmenu\":\"1\",\"magicmenu_accordion\":\"1\",\"magicmenu_general\":\"1\",\"alothemes_rtl\":\"1\",\"alothemes_widescreen\":\"0\",\"alothemes_preload\":\"0\",\"alothemes_grid\":\"0\",\"alothemes_grid_widget\":\"0\",\"alothemes_recently_grid_widget\":\"0\",\"alothemes_related\":\"0\",\"alothemes_upsell\":\"0\",\"alothemes_crosssell\":\"0\",\"alothemes_recentorder\":\"1\",\"alothemes_labels\":\"0\",\"alothemes_timer\":\"0\",\"alothemes_categorysearch\":\"0\",\"alothemes_newsletter\":\"0\",\"alothemes_font\":\"1\",\"ajaxcart_success_popup_design\":\"0\",\"ajaxcart_success_popup\":\"1\",\"ajaxcart_general\":\"0\",\"ajaxcart_quickview_popup\":\"0\",\"ajaxcart_addtocart_bottom\":\"0\",\"alosocial_instagram\":\"1\",\"alosocial_social\":\"0\",\"alosocial_twitter\":\"0\",\"alosocial_facebook\":\"0\",\"alosocial_messenger\":\"0\",\"alosocial_pinterest\":\"1\",\"alosocial_flickr\":\"0\",\"alosocial_picasa\":\"0\"}}',NULL,NULL,'en_US',0,NULL,NULL,NULL),(3,'Nguyen','Dong','nguyen@wp2cart.com','nguyen','47ba4fb0d8042e23ec69f41e9fc6c3a6c7232db13764fc6d28c57e02feb542f1:eXrJ96ruLVBuF8eXlDP6daTycNb7vCDS:1','2019-04-24 09:59:13','2019-08-27 07:40:28','2019-08-23 04:38:24',12,0,1,'{\"configState\":{\"alodesign_base\":\"1\",\"alodesign_header\":\"1\",\"alodesign_left\":\"0\",\"alodesign_right\":\"0\",\"alodesign_content\":\"1\",\"alodesign_footer\":\"0\",\"alodesign_extra_css\":\"1\",\"alodesign_general\":\"1\",\"web_unsecure\":\"1\",\"web_seo\":\"1\",\"web_secure\":\"1\",\"web_default\":\"1\",\"web_url\":\"1\",\"web_cookie\":\"0\",\"web_browser_capabilities\":\"0\",\"connector_developer_settings_ip_restriction\":\"0\",\"connector_developer_settings_debug\":\"1\",\"connector_developer_settings_import_settings\":\"0\",\"msp_devtools_general\":\"1\",\"msp_devtools_phpstorm\":\"0\",\"alosocial_instagram\":\"1\",\"alosocial_twitter\":\"1\",\"alosocial_facebook\":\"1\",\"alosocial_pinterest\":\"0\",\"alosocial_flickr\":\"0\",\"alosocial_picasa\":\"1\",\"alosocial_social\":\"1\",\"catalog_fields_masks\":\"0\",\"catalog_frontend\":\"1\",\"catalog_review\":\"0\",\"catalog_productalert\":\"0\",\"catalog_productalert_cron\":\"0\",\"catalog_placeholder\":\"0\",\"catalog_recently_products\":\"0\",\"catalog_product_video\":\"1\",\"catalog_price\":\"0\",\"catalog_layered_navigation\":\"0\",\"catalog_search\":\"0\",\"catalog_seo\":\"0\",\"catalog_navigation\":\"0\",\"catalog_downloadable\":\"0\",\"catalog_custom_options\":\"0\",\"web_default_layouts\":\"0\",\"web_session\":\"0\",\"dev_js\":\"0\",\"dev_front_end_development_workflow\":\"0\",\"dev_restrict\":\"0\",\"dev_debug\":\"0\",\"dev_template\":\"0\",\"dev_translate_inline\":\"0\",\"dev_css\":\"0\",\"dev_image\":\"0\",\"dev_static\":\"0\",\"dev_grid\":\"0\",\"alothemes_recentorder\":\"1\",\"alothemes_rtl\":\"1\",\"mfblog_post_view\":\"0\",\"mfblog_product_page\":\"1\",\"mfblog_general\":\"1\",\"mfblog_index_page\":\"0\",\"mfblog_post_list\":\"0\",\"mfblog_author\":\"0\",\"mfblog_tag\":\"0\",\"mfblog_search\":\"0\",\"mfblog_sidebar\":\"0\",\"mfblog_permalink\":\"0\",\"mfblog_seo\":\"0\",\"mfblog_social\":\"0\",\"mfblog_top_menu\":\"0\",\"alothemes_widescreen\":\"1\",\"alothemes_grid\":\"1\",\"alothemes_related\":\"1\",\"alothemes_upsell\":\"0\",\"alothemes_crosssell\":\"0\",\"alothemes_labels\":\"1\",\"alothemes_timer\":\"1\",\"alothemes_categorysearch\":\"1\",\"alothemes_newsletter\":\"1\",\"alothemes_font\":\"1\",\"alothemes_preload\":\"1\",\"alothemes_grid_widget\":\"1\",\"alothemes_recently_grid_widget\":\"1\",\"gdpr_cookie_restriction\":\"1\",\"gdpr_login\":\"1\",\"general_country\":\"0\",\"general_region\":\"0\",\"general_locale\":\"1\",\"general_store_information\":\"1\",\"contact_contact\":\"1\",\"contact_email\":\"1\",\"shopbrand_general\":\"1\",\"magicmenu_general\":\"0\",\"magicmenu_topmenu\":\"0\",\"magicmenu_vmenu\":\"0\",\"magicmenu_accordion\":\"1\",\"testimonial_general\":\"1\",\"alosocial_messenger\":\"1\",\"gdpr_register\":\"1\",\"ajaxcart_general\":\"1\",\"ajaxcart_success_popup\":\"1\",\"ajaxcart_success_popup_design\":\"1\",\"ajaxcart_quickview_popup\":\"1\",\"ajaxcart_addtocart_bottom\":\"1\",\"layered_ajax_general\":\"1\"}}',NULL,NULL,'en_US',0,NULL,NULL,NULL),(4,'magepow','magepow','admin123@gmail.com','aloteam123','a99e460357cab068bbe532395afac75da2fe0c1611625bf0862648fb794bbed7:YVZpJQhyLFee5umh:2','2021-02-22 09:30:01','2021-04-01 03:57:06','2021-04-01 03:57:06',4,0,1,NULL,NULL,NULL,'en_US',0,NULL,NULL,NULL),(5,'admin','store','store@tjhorg.com','store','8399f26d4481a9d00e7ede867cf9bb058011db4f7c64ba694f7dfe58e0367c9b:qswGZomJKOttDvPq:2','2021-08-06 14:52:05','2023-02-13 11:26:31','2023-02-13 11:26:31',5,0,1,'{\"configState\":{\"payment_us_knet\":\"1\",\"payment_us_account\":\"1\",\"payment_us_recommended_solutions\":\"0\",\"payment_us_other_paypal_payment_solutions\":\"0\",\"payment_us_paypal_group_all_in_one\":\"1\",\"payment_us_paypal_payment_gateways\":\"1\",\"payment_us_other_payment_methods\":\"1\",\"payment_us_klarna_section\":\"0\",\"payment_us_amazon_payment\":\"0\",\"payment_us_free\":\"0\",\"payment_us_checkmo\":\"0\",\"payment_us_banktransfer\":\"0\",\"payment_us_cashondelivery\":\"0\",\"payment_us_purchaseorder\":\"0\",\"currency_options\":\"1\",\"currency_fixerio\":\"0\",\"currency_currencyconverterapi\":\"0\",\"currency_import\":\"0\",\"alothemes_rtl\":\"1\",\"alothemes_widescreen\":\"1\",\"alothemes_category_page\":\"1\",\"alothemes_grid\":\"1\",\"alothemes_product_page\":\"1\",\"alothemes_grid_widget\":\"1\",\"alothemes_recently_grid_widget\":\"1\",\"alothemes_related\":\"1\",\"alothemes_upsell\":\"1\",\"alothemes_crosssell\":\"0\",\"alothemes_recentorder\":\"0\",\"alothemes_labels\":\"0\",\"alothemes_timer\":\"0\",\"alothemes_categorysearch\":\"0\",\"alothemes_newsletter\":\"0\",\"alothemes_font\":\"1\",\"alothemes_flags\":\"0\",\"alothemes_extra_css\":\"0\",\"magicmenu_general\":\"1\",\"magicmenu_topmenu\":\"1\",\"magicmenu_vmenu\":\"1\",\"magicmenu_accordion\":\"0\",\"web_unsecure\":\"0\",\"web_secure\":\"0\",\"web_default\":\"0\",\"alodesign_general\":\"1\",\"alodesign_base\":\"0\",\"alodesign_header\":\"1\",\"shopbrand_general\":\"1\",\"dev_translate_inline\":\"1\",\"dev_front_end_development_workflow\":\"0\",\"dev_restrict\":\"0\",\"dev_debug\":\"0\",\"dev_template\":\"0\",\"dev_js\":\"0\",\"dev_css\":\"0\",\"dev_image\":\"0\",\"dev_caching\":\"0\",\"dev_static\":\"0\",\"dev_grid\":\"0\"}}',NULL,NULL,'en_US',0,NULL,NULL,NULL);

--
-- Table structure for table `admin_user_expiration`
--

CREATE TABLE `admin_user_expiration` (
  `user_id` int(10) unsigned NOT NULL COMMENT 'User ID',
  `expires_at` timestamp NOT NULL DEFAULT '0000-00-00 00:00:00' COMMENT 'User Expiration Date',
  PRIMARY KEY (`user_id`),
  CONSTRAINT `ADMIN_USER_EXPIRATION_USER_ID_ADMIN_USER_USER_ID` FOREIGN KEY (`user_id`) REFERENCES `admin_user` (`user_id`) ON DELETE CASCADE
) ENGINE=InnoDB DEFAULT CHARSET=utf8 COMMENT='Admin User expiration dates table';

--
-- Dumping data for table `admin_user_expiration`
--


--
-- Table structure for table `admin_user_session`
--

CREATE TABLE `admin_user_session` (
  `id` int(10) unsigned NOT NULL AUTO_INCREMENT COMMENT 'Entity ID',
  `session_id` varchar(128) NOT NULL COMMENT 'Session ID value',
  `user_id` int(10) unsigned DEFAULT NULL COMMENT 'Admin User ID',
  `status` smallint(5) unsigned NOT NULL DEFAULT '1' COMMENT 'Current Session status',
  `created_at` timestamp NOT NULL DEFAULT CURRENT_TIMESTAMP COMMENT 'Created Time',
  `updated_at` timestamp NOT NULL DEFAULT CURRENT_TIMESTAMP ON UPDATE CURRENT_TIMESTAMP COMMENT 'Update Time',
  `ip` varchar(15) NOT NULL COMMENT 'Remote user IP',
  PRIMARY KEY (`id`),
  KEY `ADMIN_USER_SESSION_SESSION_ID` (`session_id`),
  KEY `ADMIN_USER_SESSION_USER_ID` (`user_id`),
  CONSTRAINT `ADMIN_USER_SESSION_USER_ID_ADMIN_USER_USER_ID` FOREIGN KEY (`user_id`) REFERENCES `admin_user` (`user_id`) ON DELETE CASCADE
) ENGINE=InnoDB AUTO_INCREMENT=621 DEFAULT CHARSET=utf8 COMMENT='Admin User sessions table';

--
-- Dumping data for table `admin_user_session`
--

INSERT INTO `admin_user_session` VALUES (1,'nc4hk10omalcv499232javkv0f',1,1,'2019-02-18 01:10:58','2019-02-18 01:10:58','149.28.132.155'),(2,'lhlnbv0mf2m91jvcb98sfmvk6j',1,1,'2019-02-18 01:53:54','2019-02-18 01:55:23','149.28.132.155'),(3,'443r53s0dhj7305r4c5cdgnk4a',1,1,'2019-02-18 02:40:03','2019-02-18 02:48:29','149.28.132.155'),(4,'hvg2avjru3nu7bmeoeusahsmv4',1,1,'2019-02-18 03:52:37','2019-02-18 03:52:37','149.28.132.155'),(5,'oolq5fq4kufqsg1c7cueprpdop',1,1,'2019-02-18 11:32:10','2019-02-18 11:57:47','149.28.132.155'),(6,'sa33jpluokhs2fk8rfhueqllsd',1,1,'2019-02-18 13:36:22','2019-02-18 13:59:45','149.28.132.155'),(7,'i0e1d6dl6qtrq0njbc73fl8im2',1,1,'2019-02-18 14:55:38','2019-02-18 14:55:38','149.28.132.155'),(8,'g3u7ff7u1kjt9u15f1rsto2rtv',1,1,'2019-02-18 15:11:52','2019-02-18 15:36:27','149.28.132.155'),(9,'htu9nis1ojqidu3bf3i6q1g3if',1,1,'2019-02-18 15:57:41','2019-02-18 16:19:47','149.28.132.155'),(10,'00qgdgb7id4g0ubeaonkfu20ga',1,1,'2019-02-19 00:21:45','2019-02-19 00:21:45','149.28.132.155'),(11,'fa677akp6lg204golbv2vvo6gp',1,1,'2019-02-19 01:04:47','2019-02-19 02:03:47','149.28.132.155'),(12,'ip69tgsp0jq6h5n4el8tv60jvt',1,1,'2019-02-19 02:37:46','2019-02-19 03:03:59','149.28.132.155'),(13,'o181fs5k0hnoejh7s2giea6il6',1,1,'2019-02-19 03:30:28','2019-02-19 03:30:56','149.28.132.155'),(14,'hj548qpgum62pbbd1rck7qc89p',1,1,'2019-02-19 07:44:58','2019-02-19 07:51:03','149.28.132.155'),(15,'tcv49aknughom3a9rib2e9iepj',1,1,'2019-02-19 08:07:16','2019-02-19 09:05:06','149.28.132.155'),(16,'5vt6a8arpscgnlfefqbe7n6kur',1,1,'2019-02-19 09:42:58','2019-02-19 10:32:20','149.28.132.155'),(17,'9pnugda81g9r5klv0te792u5vh',1,1,'2019-02-19 10:54:51','2019-02-19 10:54:51','149.28.132.155'),(18,'9k4teiio0bqkqqsdsibfo7l3v4',1,1,'2019-02-19 14:12:44','2019-02-19 14:55:17','149.28.132.155'),(19,'kv6oq3nl46tgv9g59s943aamec',1,1,'2019-02-19 15:31:43','2019-02-19 16:02:29','149.28.132.155'),(20,'c08kuvob4mf3rdp06rtoglrjet',1,1,'2019-02-19 23:50:32','2019-02-19 23:50:32','149.28.132.155'),(21,'auc2g2bksthftqj9lhmrlltohf',1,1,'2019-02-20 02:08:54','2019-02-20 02:25:13','149.28.132.155'),(22,'9r9g5a1jpjeih8s57tnkapg13d',1,1,'2019-02-20 07:42:14','2019-02-20 07:42:14','149.28.132.155'),(23,'3gffh84qt9f5l7437rlhujp1is',1,1,'2019-02-20 08:06:57','2019-02-20 08:51:11','149.28.132.155'),(24,'6ir1dne8juh0huug9m44hqq5ip',1,1,'2019-02-20 10:23:53','2019-02-20 10:27:06','149.28.132.155'),(25,'ju419uic0jc172asjnb5do4655',1,1,'2019-02-20 12:19:07','2019-02-20 12:19:40','149.28.132.155'),(26,'dv9m5bv99e1aijuhl01rffjvp2',1,1,'2019-02-20 12:48:12','2019-02-20 13:03:39','149.28.132.155'),(27,'mdrt8f1j88gam2ukgeg468clel',1,1,'2019-02-20 13:25:50','2019-02-20 14:04:22','149.28.132.155'),(28,'luje0jijvoma8neds4vem9g8p9',1,1,'2019-02-20 14:50:22','2019-02-20 15:18:28','149.28.132.155'),(29,'0db4be77cmf1e0mmlt4iav6nm9',1,1,'2019-02-20 15:46:18','2019-02-20 16:26:08','149.28.132.155'),(30,'0ekvavgmn6nb6fqp68r3gcmedj',1,1,'2019-02-21 00:53:55','2019-02-21 00:53:55','149.28.132.155'),(31,'sbdnpe0cdfqbthc76n66v9tcj9',1,1,'2019-02-21 01:12:23','2019-02-21 01:38:30','149.28.132.155'),(32,'9bnojdu24vq5j7ej8tjin7o03h',1,1,'2019-02-21 02:45:25','2019-02-21 03:28:17','149.28.132.155'),(33,'rk1mficb81ldrin4n44l0tkv94',1,1,'2019-02-21 07:31:05','2019-02-21 07:33:39','149.28.132.155'),(34,'fsvb81dpn4greaghinnu78qq52',1,1,'2019-02-21 08:00:04','2019-02-21 08:51:25','149.28.132.155'),(35,'1m3jvhk6p5f9eigbtkooqe5aef',1,1,'2019-02-21 09:55:47','2019-02-21 10:27:38','149.28.132.155'),(36,'o5a38ugch7cfoqcfergmpf98ie',1,1,'2019-02-21 13:47:10','2019-02-21 14:24:52','149.28.132.155'),(37,'tmvq1cq0jh1e08s31o49ot08nd',1,1,'2019-02-22 01:09:03','2019-02-22 01:09:03','149.28.132.155'),(38,'1982d7ahofak1p2gbm21uc49r9',1,1,'2019-02-22 02:52:32','2019-02-22 02:52:32','149.28.132.155'),(39,'brqqsilpf4q0jmnjqs9t3r0kpc',1,1,'2019-02-22 03:26:33','2019-02-22 03:29:39','149.28.132.155'),(40,'h02sdmdb7p8mat4v1ske3tpjj1',1,1,'2019-02-22 03:49:33','2019-02-22 05:09:36','149.28.132.155'),(41,'v3ns0e7muin5foro9q79t68kao',1,1,'2019-02-22 05:27:55','2019-02-22 05:31:10','149.28.132.155'),(42,'igeja4chk5n1i4pl88vsa8alhf',1,1,'2019-02-22 08:00:55','2019-02-22 08:07:03','149.28.132.155'),(43,'7iriqcq92ml0b0amv2bmmnlnlp',1,1,'2019-02-23 01:01:30','2019-02-23 01:01:30','149.28.132.155'),(44,'mvtdhihau5ts6jk8u2l3oi373v',1,1,'2019-02-23 02:04:22','2019-02-23 02:17:22','149.28.132.155'),(45,'4dtf65eaose5uu246opmg3utn1',1,1,'2019-02-23 02:45:21','2019-02-23 02:46:38','149.28.132.155'),(46,'tcpmmil8pv3nvbar5r9trs6ikk',1,1,'2019-02-23 03:46:57','2019-02-23 03:47:26','149.28.132.155'),(47,'dnfknvroukou5e7j720dk5j27f',1,2,'2019-02-23 06:59:07','2019-02-23 08:25:19','149.28.132.155'),(48,'jnu9qifi07gh7jqh1mp7tlfg31',1,1,'2019-02-23 08:25:19','2019-02-23 08:26:20','149.28.132.155'),(49,'0cpl91vmulvprpen88sbbi2o33',1,1,'2019-02-23 10:45:23','2019-02-23 10:54:04','149.28.132.155'),(50,'ncbvj9behgicrqj6uufner0jk2',1,1,'2019-02-23 11:11:59','2019-02-23 11:29:02','149.28.132.155'),(51,'lrsv7bmlcjrdipuk0o77uk3tli',1,1,'2019-02-23 13:00:55','2019-02-23 13:13:04','149.28.132.155'),(52,'a0eoh527nt65mqb53e2i3jcamo',1,1,'2019-02-23 13:50:41','2019-02-23 13:51:14','149.28.132.155'),(53,'570uehe1vtvs4v9ur2dp5td3dp',1,1,'2019-02-23 14:52:44','2019-02-23 14:55:17','149.28.132.155'),(54,'5c42vqpfultuq7nb3q3c6mu8nv',1,1,'2019-02-23 15:25:45','2019-02-23 15:41:36','149.28.132.155'),(55,'s665aies58hlqgtnbesc9nmco8',1,1,'2019-02-24 03:16:12','2019-02-24 03:19:57','149.28.132.155'),(56,'et16ur1jnijce3euln2vr9gsof',1,1,'2019-02-25 02:47:16','2019-02-25 03:01:05','149.28.132.155'),(57,'oafd7qkgmdn1r6ti41fn991c2m',1,1,'2019-02-25 03:31:56','2019-02-25 03:34:22','149.28.132.155'),(58,'nn0eefk68gi4utsneumj7soi31',1,1,'2019-02-25 03:52:42','2019-02-25 03:55:18','149.28.132.155'),(59,'79dspgsjutskqd17ng0gprhha9',1,1,'2019-02-25 06:39:09','2019-02-25 07:55:13','149.28.132.155'),(60,'u9uotkh8qu9oejqh2muk792ta1',1,1,'2019-02-25 08:11:00','2019-02-25 08:21:27','149.28.132.155'),(61,'k09i415v93jkadji93klcc3m03',1,1,'2019-02-25 08:39:27','2019-02-25 08:40:55','149.28.132.155'),(62,'6t2h67p31juc4rl8s4qen96bmp',1,1,'2019-02-25 09:41:47','2019-02-25 11:13:24','149.28.132.155'),(63,'6admrkptr0a79gec4c7c1uto46',1,1,'2019-02-25 13:03:02','2019-02-25 13:53:36','149.28.132.155'),(64,'sk2aevlob9tj89ah99lf63id3v',1,1,'2019-02-25 14:12:36','2019-02-25 14:12:36','149.28.132.155'),(65,'eprievsuahbgrhmdcd0vu8eu3g',1,1,'2019-02-26 00:25:58','2019-02-26 00:25:58','149.28.132.155'),(66,'pjusu4bp4e7mgll48ccpreabgh',1,1,'2019-02-26 01:29:31','2019-02-26 01:38:04','149.28.132.155'),(67,'obsd0frqlq7u5j8cs0vkm98feu',1,1,'2019-02-26 03:13:07','2019-02-26 03:30:35','149.28.132.155'),(68,'n2aa1rap2lesafl666769tf9o5',1,1,'2019-02-26 07:14:52','2019-02-26 07:27:13','149.28.132.155'),(69,'76o8uctjqlt57spgd4th2elpa6',1,1,'2019-02-26 07:46:44','2019-02-26 08:01:34','149.28.132.155'),(70,'genbi056572qu3f2hveamk37l7',1,1,'2019-02-26 08:25:38','2019-02-26 08:41:10','149.28.132.155'),(71,'a069baptjh679tnn0s6ncr0h6n',1,1,'2019-02-26 10:11:52','2019-02-26 10:24:11','149.28.132.155'),(72,'tt5rks3q1oe981l9emplfaijho',1,1,'2019-02-27 02:56:08','2019-02-27 02:57:44','149.28.132.155'),(73,'5vbg909k0in0mf8req5euu5brg',1,1,'2019-02-27 03:14:44','2019-02-27 03:16:18','149.28.132.155'),(74,'ev679mgsi8hmep2su8iqr1ankl',1,1,'2019-02-27 04:18:43','2019-02-27 04:30:23','149.28.132.155'),(75,'2k9d8dm707fjpnvb3kpmvm6kc8',1,1,'2019-02-27 09:03:34','2019-02-27 09:15:26','149.28.132.155'),(76,'d8ran00q2t9r9njevj9qvlgcgu',1,1,'2019-02-27 09:46:16','2019-02-27 10:03:10','149.28.132.155'),(77,'krjb9b1m1hckeo4fuvib3ug67f',1,1,'2019-02-27 15:22:08','2019-02-27 15:26:34','149.28.132.155'),(78,'alf685ablkbgu1oqqe3i40t8v6',1,1,'2019-02-28 02:12:23','2019-02-28 02:25:07','149.28.132.155'),(79,'ohk5o4vbgvevg3o1u053ufkuco',1,1,'2019-02-28 03:36:14','2019-02-28 03:37:51','149.28.132.155'),(80,'gtvat8kmt4tpepjdtrtthir7mf',1,1,'2019-02-28 04:08:00','2019-02-28 04:10:27','149.28.132.155'),(81,'riaauq8lunsm5alcahdhuvtuac',1,1,'2019-02-28 04:51:30','2019-02-28 04:52:00','149.28.132.155'),(82,'geb6sp1fa7qd1pa97ha0s3d2lm',1,1,'2019-02-28 06:52:55','2019-02-28 07:25:54','149.28.132.155'),(83,'3eu2qubuf6c3omb6di9ikjdrhn',1,1,'2019-02-28 07:44:09','2019-02-28 08:13:01','149.28.132.155'),(84,'9vsa3nfug4qcd1nt9h17dfjp3l',1,1,'2019-02-28 10:15:59','2019-02-28 10:37:07','149.28.132.155'),(85,'cv3n1vjnnak07onicjt7c2rb6i',1,1,'2019-03-01 02:51:35','2019-03-01 02:51:35','149.28.132.155'),(86,'kr3o5mvb4qmp2k6u8ffjnft5vc',1,1,'2019-03-01 03:20:52','2019-03-01 03:29:58','149.28.132.155'),(87,'6on7qns5ph7bmsmojkeku50qt9',1,1,'2019-03-01 07:26:42','2019-03-01 07:30:36','149.28.132.155'),(88,'rm9hjbkh46p27gukmu1dtguu9p',1,1,'2019-03-01 08:09:36','2019-03-01 08:19:16','149.28.132.155'),(89,'v93gb3fa01irpi44c3ge641n3v',1,1,'2019-03-01 08:43:44','2019-03-01 08:45:31','149.28.132.155'),(90,'l57a4lknbfdkv0rpsh1qtnppl6',1,1,'2019-03-03 01:11:47','2019-03-03 01:13:08','149.28.132.155'),(91,'nbi0vhth3uuoap9hal0277cb56',1,1,'2019-03-03 08:38:09','2019-03-03 09:15:45','149.28.132.155'),(92,'c1gfu9tvo82nr750mtv807avjb',1,1,'2019-03-03 10:06:17','2019-03-03 10:09:41','149.28.132.155'),(93,'jfm3ifih7154nuadjg8mp1qqgc',1,1,'2019-03-03 11:14:44','2019-03-03 11:17:30','149.28.132.155'),(94,'e3fqml9ja9hl4ibd1p1emqc6v6',1,1,'2019-03-03 11:37:46','2019-03-03 11:39:20','149.28.132.155'),(95,'cct5981noigfd82jghed69uc8g',1,1,'2019-03-03 23:44:23','2019-03-03 23:49:42','149.28.132.155'),(96,'u0l8hbhv1va1fsm8otr5ussl08',1,1,'2019-03-04 04:36:26','2019-03-04 04:54:03','149.28.132.155'),(97,'6hasng5srkgl0orkoi2q8c58o6',1,1,'2019-03-04 14:31:03','2019-03-04 14:40:11','149.28.132.155'),(98,'42c8ql2gt2qe1k9u8qpah7roo5',1,1,'2019-03-04 16:03:42','2019-03-04 16:10:13','149.28.132.155'),(99,'58eoeu97e4l4cd0hhsclpo6948',1,1,'2019-03-05 04:03:42','2019-03-05 04:36:56','149.28.132.155'),(100,'4k1kq6gfd7sib9ej5fgukl0fm3',1,1,'2019-03-05 08:11:39','2019-03-05 08:13:25','149.28.132.155'),(101,'klnn4osv42145tiruldf60pc18',1,1,'2019-03-05 08:57:52','2019-03-05 08:59:39','149.28.132.155'),(102,'9gjmcu9map72j7uc2d7qmjpcle',1,1,'2019-03-05 10:34:09','2019-03-05 10:36:34','149.28.132.155'),(103,'7jba10r2p5eljp5eoap56knor9',1,1,'2019-03-05 11:26:24','2019-03-05 11:59:49','149.28.132.155'),(104,'n108kcpi7d4fe6q6k2umjmf4k5',1,1,'2019-03-05 12:18:52','2019-03-05 12:20:24','149.28.132.155'),(105,'t8utlkeeivh63kig1qgti4p0bj',1,1,'2019-03-05 13:43:10','2019-03-05 13:51:18','149.28.132.155'),(106,'4jc60r8nhtrle5img9k1uk8a0r',1,1,'2019-03-05 15:28:10','2019-03-05 15:29:57','149.28.132.155'),(107,'sfmldvd3m5a87522ro002uk433',1,1,'2019-03-05 15:47:51','2019-03-05 15:56:40','149.28.132.155'),(108,'dnudl1p68gq5stcsb4fd1oubn4',1,1,'2019-03-06 02:13:35','2019-03-06 02:37:11','149.28.132.155'),(109,'7he6uhiverbcq0dheus2gfbcbm',1,1,'2019-03-06 03:44:46','2019-03-06 03:47:36','149.28.132.155'),(110,'p83b63u552e2doatjh4rq2l6m8',1,1,'2019-03-06 08:17:46','2019-03-06 08:32:35','149.28.132.155'),(111,'ni2mcb3g6b8ftq0t6sutagjco4',1,1,'2019-03-06 11:13:24','2019-03-06 11:24:27','149.28.132.155'),(112,'fhl4ml8i790g1ng1nrevf7qvjs',1,1,'2019-03-06 13:36:11','2019-03-06 13:42:01','149.28.132.155'),(113,'joi9km1eaopue00g5ai44o7p91',1,1,'2019-03-07 03:55:43','2019-03-07 03:56:21','149.28.132.155'),(114,'vj9tv4ofbge49h2437jt7cvq2s',1,1,'2019-03-07 10:00:46','2019-03-07 10:33:10','149.28.132.155'),(115,'246cd1r0fj1amu5e4e3krgbtmh',1,1,'2019-03-07 14:26:46','2019-03-07 14:30:11','149.28.132.155'),(116,'a5o4objof88rp2e4ekqu61dsrt',1,1,'2019-03-08 05:08:24','2019-03-08 05:15:09','149.28.132.155'),(117,'ss45e7gdmb8pcl6dr89q9prdfe',1,1,'2019-03-08 08:46:43','2019-03-08 08:51:12','149.28.132.155'),(118,'i4f728mi85i1b8pknjfkrvuguu',1,1,'2019-03-09 08:48:38','2019-03-09 08:51:38','149.28.132.155'),(119,'pr361t8am2kp5v613j6564ilh6',1,1,'2019-03-09 10:19:36','2019-03-09 10:24:48','149.28.132.155'),(120,'2v6aqre2m79t7ig87p561fgifa',1,1,'2019-03-09 14:40:03','2019-03-09 14:43:26','149.28.132.155'),(121,'4h1mgjl4867n5mao44gkokp50j',1,1,'2019-03-10 01:33:29','2019-03-10 01:35:16','149.28.132.155'),(122,'cbjd7qku7haft8pg1ie8jlgfsl',1,1,'2019-03-11 01:58:49','2019-03-11 01:59:56','149.28.132.155'),(123,'3ivl0hl3bmvlu22stpnnui7med',1,1,'2019-03-11 02:57:28','2019-03-11 03:04:47','149.28.132.155'),(124,'idb2h44m94srnsmnmgep90srfj',1,1,'2019-03-11 07:56:53','2019-03-11 08:03:23','149.28.132.155'),(125,'4escmnibr1ftsikgbnplp1uu9c',1,1,'2019-03-12 08:51:22','2019-03-12 08:51:22','149.28.132.155'),(126,'k84b5ah7djf1so2j2eu729rdbp',1,1,'2019-03-12 10:09:03','2019-03-12 10:43:09','149.28.132.155'),(127,'hfc33eoctgkbpvk5qcph6ro32s',1,2,'2019-03-12 11:02:20','2019-03-12 11:05:32','149.28.132.155'),(128,'3c0h1dvvfg6eeqkp97giutp7qm',1,1,'2019-03-12 11:05:32','2019-03-12 11:20:13','149.28.132.155'),(129,'eei4bf2td8fbkr1kv9e144b51u',1,1,'2019-03-13 03:44:00','2019-03-13 03:44:32','149.28.132.155'),(130,'669730e70nnn2b7n06fadf2im6',1,1,'2019-03-14 08:48:56','2019-03-14 08:56:16','149.28.132.155'),(131,'tbonq9jvkn5o31u0rplq6spf3p',1,1,'2019-03-15 00:26:25','2019-03-15 00:26:25','149.28.132.155'),(132,'b6v6bom6lfpaqq3gf17ugdbpa8',1,1,'2019-03-15 10:16:33','2019-03-15 10:28:01','149.28.132.155'),(133,'qgl6ov9j9u80eiva28o7vhd0lo',1,1,'2019-03-16 01:35:02','2019-03-16 01:48:51','149.28.132.155'),(134,'okosj0g9496i7f63pv1vaom1m2',1,1,'2019-03-17 09:08:10','2019-03-17 09:13:17','149.28.132.155'),(135,'nqbihgip10fdm7kkts6hbsv8c7',1,1,'2019-03-17 11:09:36','2019-03-17 11:14:33','149.28.132.155'),(136,'difn2rvt7dsha8vlj3ubeb7v3s',1,1,'2019-03-17 13:18:00','2019-03-17 13:40:17','149.28.132.155'),(137,'fnhj86bt6c96h33am3gf86cagq',1,1,'2019-03-18 00:05:27','2019-03-18 00:28:42','149.28.132.155'),(138,'7na9h220c6bsuejvu054lvo31u',1,1,'2019-03-18 01:07:48','2019-03-18 01:21:49','149.28.132.155'),(139,'700m6d0jhkjhgre0p20smnb1kj',1,1,'2019-03-18 04:11:04','2019-03-18 04:12:37','149.28.132.155'),(140,'sior3rs3vhphftulplpndf69ob',1,1,'2019-03-19 01:50:29','2019-03-19 01:51:07','149.28.132.155'),(141,'veukeogtbjpo6paf1n5koblg51',1,1,'2019-03-19 09:38:50','2019-03-19 09:52:40','149.28.132.155'),(142,'1ghnbjr4unct5c96oiq9pev4rp',1,1,'2019-03-19 10:33:52','2019-03-19 10:45:40','149.28.132.155'),(143,'klg800ae6m5u6hngfa2gftq0br',1,1,'2019-03-19 16:23:31','2019-03-19 16:23:59','149.28.132.155'),(144,'2q84cq8qfe7in0runb02544of2',1,1,'2019-03-19 23:53:30','2019-03-19 23:53:30','149.28.132.155'),(145,'m71prd52or9qj4isi9jsabm7ka',1,1,'2019-03-20 00:33:15','2019-03-20 00:37:45','149.28.132.155'),(146,'61r3nunhlqqu0v6rclppp9v7hb',1,1,'2019-03-20 01:05:37','2019-03-20 01:06:43','149.28.132.155'),(147,'4nobvj3ovom202b4p1volgepdk',1,1,'2019-03-20 01:33:11','2019-03-20 01:35:43','149.28.132.155'),(148,'g1n4nqcjt9qilfc27oi98dkr50',1,1,'2019-03-21 01:36:49','2019-03-21 01:36:49','149.28.132.155'),(149,'psdm2up7n1ttdf46lbg88ffaun',1,1,'2019-03-21 02:52:00','2019-03-21 02:52:29','149.28.132.155'),(150,'seccu15umhldsutbsdhpem3vg7',1,1,'2019-03-21 03:35:02','2019-03-21 03:42:47','149.28.132.155'),(151,'757ru8penf1j4agopt67omgjlt',1,1,'2019-03-22 08:53:17','2019-03-22 08:58:48','149.28.132.155'),(152,'bjlqvm5vsm2hu9emmc27l2a8h5',1,1,'2019-03-24 03:18:06','2019-03-24 03:18:06','149.28.132.155'),(153,'3jtf0jo8n28g3psiuru6q5o2co',1,1,'2019-03-24 04:30:06','2019-03-24 04:50:06','149.28.132.155'),(154,'dcd78p0vfeov54k524jl3sa0nk',1,1,'2019-03-24 05:53:13','2019-03-24 05:53:43','149.28.132.155'),(155,'12eo7bqsks9vd9gojbhi97va7l',1,1,'2019-03-24 14:40:37','2019-03-24 14:53:13','149.28.132.155'),(156,'fofiieude6012ckciro8sjqbov',1,1,'2019-03-24 23:13:20','2019-03-24 23:22:05','149.28.132.155'),(157,'u4uaerkuqg0e0idqqo3q7nr98l',1,1,'2019-03-25 00:52:31','2019-03-25 01:01:21','149.28.132.155'),(158,'26ipo4eahv69un3bm09b2599fe',1,1,'2019-03-25 02:25:40','2019-03-25 02:42:31','149.28.132.155'),(159,'htpuqf9e88r9da91mfm869kq52',1,1,'2019-03-25 03:08:58','2019-03-25 03:26:45','149.28.132.155'),(160,'59pi6tgipi5lktjjsh6pss5oeq',1,1,'2019-03-26 01:52:09','2019-03-26 01:55:32','149.28.132.155'),(161,'hdvhhiuniameeeq4e1bq2kmdms',1,1,'2019-03-26 02:41:16','2019-03-26 02:47:00','149.28.132.155'),(162,'2b6lpiduun5r9j52htoussi7cn',1,1,'2019-03-26 03:08:38','2019-03-26 03:10:34','149.28.132.155'),(163,'0c2i2gm6hbrlupvpi0579tols0',1,1,'2019-03-27 01:56:31','2019-03-27 02:12:37','149.28.132.155'),(164,'tj9ucpe0eic4q2h04etekjb22f',1,1,'2019-03-27 03:02:15','2019-03-27 03:10:31','149.28.132.155'),(165,'12lnsdklfld5phu7lehtfhl0f6',1,1,'2019-03-27 08:38:46','2019-03-27 08:40:20','149.28.132.155'),(166,'3esv4l3lliourp0bfcgk4eqq59',1,1,'2019-03-27 09:20:10','2019-03-27 09:38:59','149.28.132.155'),(167,'a83akspmtrh8rp0jppu48rp7d9',1,1,'2019-03-27 14:44:19','2019-03-27 14:47:02','149.28.132.155'),(168,'9cu8rpcti457irfl2hgv3de3k6',1,1,'2019-03-28 02:46:55','2019-03-28 02:57:56','149.28.132.155'),(169,'9dnr79q5m9o42k22ev4r6763se',1,1,'2019-03-28 08:33:51','2019-03-28 08:38:43','149.28.132.155'),(170,'6727qe4m97ev3aaqd0pt76mmq0',1,1,'2019-03-29 00:19:39','2019-03-29 00:27:05','149.28.132.155'),(171,'9ksn31jj25apt1a1uqjmeh0c8n',1,1,'2019-03-30 06:24:09','2019-03-30 06:37:55','149.28.132.155'),(172,'u5cm0net2oop9j3kbmka4rn1ta',1,1,'2019-03-30 07:09:04','2019-03-30 07:11:59','149.28.132.155'),(173,'fhlatva9erv1cpjdb545vq2tfc',1,1,'2019-03-30 07:35:41','2019-03-30 07:44:26','149.28.132.155'),(174,'6o5s2ub246rd4irt49l0cgoau3',1,1,'2019-03-30 14:25:39','2019-03-30 14:26:39','149.28.132.155'),(175,'cvmimn102bmot73eh2pr7leckv',1,1,'2019-04-01 01:48:29','2019-04-01 01:57:43','149.28.132.155'),(176,'ogpsmoidjgbm8mr0bvmjfd0ea5',1,1,'2019-04-01 02:24:46','2019-04-01 02:26:10','149.28.132.155'),(177,'nvvk3h7u4rr2bveuoanv9ancgb',1,1,'2019-04-01 03:06:46','2019-04-01 03:33:31','149.28.132.155'),(178,'k8mn4bklej0tinsialh5ns3rl9',1,1,'2019-04-01 04:22:41','2019-04-01 04:35:52','149.28.132.155'),(179,'88h0vqhp990p39npitnh2v7o05',1,1,'2019-04-01 05:02:04','2019-04-01 05:04:13','149.28.132.155'),(180,'jgvcejl4jefksn8oqmlcjjdpg3',1,2,'2019-04-01 05:20:04','2019-04-01 05:27:53','149.28.132.155'),(181,'vrjo2bldihch8ub20c8p7q04rr',1,2,'2019-04-01 05:27:53','2019-04-01 05:29:16','149.28.132.155'),(182,'amlm2j1gjua98u0g1lr10i94fr',1,2,'2019-04-01 05:29:16','2019-04-01 05:33:13','149.28.132.155'),(183,'knfd2n3jb0osbvv1gt4pmjlesi',1,1,'2019-04-01 05:33:13','2019-04-01 05:34:03','149.28.132.155'),(184,'ckc37p3uopkpsmjkemq6nna5c5',1,2,'2019-04-01 05:51:56','2019-04-01 06:14:02','149.28.132.155'),(185,'5tl23e1kpq999m107hkich25g4',1,2,'2019-04-01 06:14:02','2019-04-01 06:16:26','149.28.132.155'),(186,'d1tskh989baeik37mpko6v0kqp',1,1,'2019-04-01 06:16:26','2019-04-01 06:18:30','149.28.132.155'),(187,'r1vovbtltae59568q6663ms21s',1,1,'2019-04-01 06:46:00','2019-04-01 06:55:16','149.28.132.155'),(188,'t72f80078rhgafj7i0e6pvs691',1,1,'2019-04-01 09:04:34','2019-04-01 09:06:14','149.28.132.155'),(189,'0nmkskkn4qe2o4avfchsn1eodo',1,1,'2019-04-01 09:35:29','2019-04-01 09:36:32','149.28.132.155'),(190,'67igj2g8kiq7r5l64ah6617km4',1,1,'2019-04-01 16:16:42','2019-04-01 16:25:43','149.28.132.155'),(191,'pckinoaviueet8ti7h98ojdspk',1,1,'2019-04-02 01:38:58','2019-04-02 01:49:42','149.28.132.155'),(192,'s3sq9tkgps98df8srplj5vdvae',1,1,'2019-04-02 03:55:11','2019-04-02 04:06:07','149.28.132.155'),(193,'p8cgjh5lf2ogjpi1ennkausd7p',1,1,'2019-04-02 05:01:09','2019-04-02 05:18:21','149.28.132.155'),(194,'c5veo6bqj5u5i16jvv0engfl1c',1,1,'2019-04-02 07:06:34','2019-04-02 07:16:50','149.28.132.155'),(195,'1956qb5odfgs7vhobb2vohr8br',1,1,'2019-04-02 09:17:35','2019-04-02 09:22:47','149.28.132.155'),(196,'hlaotd37keslcpdmis7j9nrus7',1,1,'2019-04-02 10:53:08','2019-04-02 10:53:41','149.28.132.155'),(197,'rfdkfnh0k1hjr3umg98fc2vlm3',1,1,'2019-04-02 13:34:46','2019-04-02 13:45:38','149.28.132.155'),(198,'k0rkvg2ogp3iqhopab9kb0pl1u',1,1,'2019-04-02 14:35:46','2019-04-02 14:40:06','149.28.132.155'),(199,'bcba7kl64cvht3kj0cu0oaepdm',1,1,'2019-04-02 15:08:00','2019-04-02 15:24:09','149.28.132.155'),(200,'gb5hol4trggm3uqt3f49kaur0r',1,1,'2019-04-03 02:47:15','2019-04-03 02:49:19','149.28.132.155'),(201,'ttlnqkcbaj8n0659jrdjso721m',1,1,'2019-04-03 03:48:39','2019-04-03 03:59:40','149.28.132.155'),(202,'1l24s3l4bgn69dbf2dd7d76kb4',1,1,'2019-04-03 04:18:05','2019-04-03 04:35:06','149.28.132.155'),(203,'911pl9rkaug671fidd6ntt8hkj',1,1,'2019-04-03 07:06:51','2019-04-03 07:28:32','149.28.132.155'),(204,'3pbhir7htdi6cnqt429l3koe76',1,1,'2019-04-03 07:56:38','2019-04-03 07:58:14','149.28.132.155'),(205,'fmr40pgsf9be65plja1320p6b0',1,1,'2019-04-03 08:42:23','2019-04-03 08:57:38','149.28.132.155'),(206,'g2673t2jnstp8kcpks855tud3s',1,1,'2019-04-03 09:49:14','2019-04-03 09:49:45','149.28.132.155'),(207,'gcn33iappihhs4hrq02hgtm56e',1,1,'2019-04-04 03:25:28','2019-04-04 03:25:28','149.28.132.155'),(208,'dsocedf5u4s3dr9glrrifbc77r',1,1,'2019-04-04 04:59:45','2019-04-04 05:11:49','149.28.132.155'),(209,'fv513fhc31qklqc2vsbc7kq7uv',1,1,'2019-04-04 08:41:23','2019-04-04 08:42:28','149.28.132.155'),(210,'d103hn0or12tr621gm00vk4s97',1,1,'2019-04-05 03:08:05','2019-04-05 03:27:58','149.28.132.155'),(211,'229uekumsed8f8146vs4pblals',1,1,'2019-04-05 03:50:34','2019-04-05 04:02:40','149.28.132.155'),(212,'eesheaftd9amljbdmv987ddncd',1,1,'2019-04-05 07:11:41','2019-04-05 08:15:21','149.28.132.155'),(213,'sgj2bj6nk8leudv4vrimaphijs',1,1,'2019-04-05 09:04:30','2019-04-05 09:06:07','149.28.132.155'),(214,'00f7pv09d0433n1q28sodk1t2a',1,1,'2019-04-05 10:42:10','2019-04-05 10:42:10','149.28.132.155'),(215,'ib2q5kkskndvofglueliuvripb',1,1,'2019-04-05 11:18:42','2019-04-05 11:21:20','149.28.132.155'),(216,'0b75oil3ptdn6eviisg02p0u49',1,1,'2019-04-05 13:49:31','2019-04-05 13:53:26','149.28.132.155'),(217,'6l1p1nul5l5r8hs193udjh93ev',1,1,'2019-04-05 14:11:50','2019-04-05 14:18:30','149.28.132.155'),(218,'m70c8sk7bfm94ncg1d51uqnvr0',1,1,'2019-04-05 17:14:20','2019-04-05 17:16:34','149.28.132.155'),(219,'ljq05cd2st8ekcqvujhj7l8t6j',1,1,'2019-04-06 01:16:59','2019-04-06 01:41:12','149.28.132.155'),(220,'podahep2fpnb8tsf7mqj9la6hc',1,1,'2019-04-06 02:05:11','2019-04-06 02:15:49','149.28.132.155'),(221,'i7j2c82nqia3lovla5lbl4v4vu',1,1,'2019-04-06 02:59:18','2019-04-06 03:07:15','149.28.132.155'),(222,'onttiiek45sj4bk5eabmnl9cpm',1,1,'2019-04-06 04:12:38','2019-04-06 04:16:36','149.28.132.155'),(223,'aqeukrjtj6ocid371tu90178rt',1,1,'2019-04-06 04:50:22','2019-04-06 04:53:52','149.28.132.155'),(224,'mqm05kb1ciaea2jk0p2ck4cph0',1,2,'2019-04-06 07:32:12','2019-04-06 07:37:23','149.28.132.155'),(225,'9tgh31dfdqlkl0nb08nsvrtgn2',1,1,'2019-04-06 07:37:23','2019-04-06 07:37:53','149.28.132.155'),(226,'l5skjjlrrarkte1kpsp98r09e7',1,1,'2019-04-06 07:59:59','2019-04-06 08:03:40','149.28.132.155'),(227,'9l1j60p537982u3gd6ak2jlv1n',1,1,'2019-04-06 09:32:41','2019-04-06 09:33:17','149.28.132.155'),(228,'mql73alvvfh5mlu4eticn33dqv',1,1,'2019-04-06 10:09:37','2019-04-06 10:13:58','149.28.132.155'),(229,'8v7060btoklp5c70ft71t9eq47',1,1,'2019-04-06 11:11:57','2019-04-06 11:18:20','149.28.132.155'),(230,'e5is0bocfr7sehsvc504o75cjg',1,1,'2019-04-06 13:36:52','2019-04-06 13:55:20','149.28.132.155'),(231,'co66pcsr42bjn93i57ieg750ac',1,1,'2019-04-06 15:27:33','2019-04-06 15:30:11','149.28.132.155'),(232,'mfsmppc9mp6plbgtq30ralegs7',1,1,'2019-04-07 00:37:27','2019-04-07 00:47:18','149.28.132.155'),(233,'5taadpi334qkrp3jb2fgprk8lv',1,1,'2019-04-07 15:42:32','2019-04-07 15:42:32','149.28.132.155'),(234,'6r9e0hnrc325rgf1elco8iivsf',1,1,'2019-04-08 01:44:21','2019-04-08 01:44:21','149.28.132.155'),(235,'p6p0l4i9jqv082eh2q41ljjkk8',1,1,'2019-04-08 11:09:28','2019-04-08 11:11:00','149.28.132.155'),(236,'a1q0o0c6k4od5h4eanfh0i41c1',1,1,'2019-04-08 13:16:59','2019-04-08 14:01:41','149.28.132.155'),(237,'g949okgu45023rm8692omudtlv',1,1,'2019-04-09 01:21:25','2019-04-09 01:21:25','149.28.132.155'),(238,'v94glpglb6dmhmtfgntqiet0s2',1,1,'2019-04-09 03:07:02','2019-04-09 03:08:53','149.28.132.155'),(239,'k8kr9nqvf08bid85jd2jpj9v10',1,1,'2019-04-09 08:20:44','2019-04-09 08:20:44','149.28.132.155'),(240,'qv960nl3svqp3mcqnm5834g44v',1,1,'2019-04-10 01:18:05','2019-04-10 01:18:05','149.28.132.155'),(241,'9b6n0j6rb03labki8uke9jf2et',1,1,'2019-04-10 08:00:23','2019-04-10 08:01:48','149.28.132.155'),(242,'a0omm463k5ud4pg8dumqds1u5v',1,1,'2019-04-10 13:16:50','2019-04-10 13:37:53','149.28.132.155'),(243,'icc28m5j9toq5jbpbhi1hrokhl',1,1,'2019-04-10 13:55:01','2019-04-10 14:06:01','149.28.132.155'),(244,'i8v2h5t2j4mvjbhfc14r6f94vl',1,1,'2019-04-11 01:35:45','2019-04-11 01:40:19','149.28.132.155'),(245,'9b9ggg66pk1np73ucb7ndsj9b8',1,1,'2019-04-11 02:47:58','2019-04-11 02:49:02','149.28.132.155'),(246,'t45n30871dqim5pl53k270f2va',1,1,'2019-04-11 05:08:04','2019-04-11 05:09:40','149.28.132.155'),(247,'oddqgmjpoo1fahhvo4odjuj553',1,1,'2019-04-11 07:17:33','2019-04-11 07:25:00','149.28.132.155'),(248,'0tngkh7nld4gglirasve50tk2i',1,1,'2019-04-11 07:51:45','2019-04-11 07:57:46','149.28.132.155'),(249,'s4t3266denpn0kaapjeegrto97',1,1,'2019-04-11 14:01:44','2019-04-11 14:01:44','149.28.132.155'),(250,'ef85q6q1b3n7q3bocmenrstojb',1,1,'2019-04-11 14:21:11','2019-04-11 14:41:29','149.28.132.155'),(251,'e6ikpivl3mkto8vcerl3f4qb1g',1,1,'2019-04-11 15:14:21','2019-04-11 16:05:45','149.28.132.155'),(252,'po2v0qnde1qp6rcpnfmrpu8fe0',1,1,'2019-04-11 17:09:33','2019-04-11 17:10:39','149.28.132.155'),(253,'es35kqt9n9u28utjdt97v5q5su',1,1,'2019-04-12 02:03:43','2019-04-12 02:04:13','149.28.132.155'),(254,'aam887e53mv8tmf5mbojea1q4n',1,1,'2019-04-12 03:40:21','2019-04-12 03:44:44','149.28.132.155'),(255,'6inre57dtp6tcc3k5hqp0n4io9',1,1,'2019-04-12 04:30:05','2019-04-12 04:31:39','149.28.132.155'),(256,'2c1jt7hfija31b9mnjq4tgkisq',1,1,'2019-04-12 07:57:47','2019-04-12 08:07:53','149.28.132.155'),(257,'pjbsl5o6gou7amet64bki9nekg',1,1,'2019-04-12 08:30:14','2019-04-12 08:31:18','149.28.132.155'),(258,'g9kmmarcfj15405e15u5cornjh',1,1,'2019-04-12 09:12:22','2019-04-12 09:20:16','149.28.132.155'),(259,'e0dq973vmipdfpvlbtrjbq4svl',1,1,'2019-04-12 10:16:34','2019-04-12 10:23:47','149.28.132.155'),(260,'j44gjj29qof946511s9ou2t78c',1,1,'2019-04-14 01:35:54','2019-04-14 01:37:33','149.28.132.155'),(261,'jo4ii8l9epft3r8qtngbebjrja',1,1,'2019-04-16 03:37:46','2019-04-16 03:39:30','149.28.132.155'),(262,'od40cssv3ss6mvg6sic7oq8ghp',1,1,'2019-04-16 06:40:58','2019-04-16 06:42:33','149.28.132.155'),(263,'p6ht68kme7djs7b23cqo4oeu1g',1,1,'2019-04-16 07:14:54','2019-04-16 08:09:03','149.28.132.155'),(264,'o8eu0g6re5qbumhcauq1g4dgt3',1,2,'2019-04-16 08:24:08','2019-04-16 08:46:07','149.28.132.155'),(265,'7ti9ndrabdhbcn06k9npab1v1b',1,1,'2019-04-16 08:46:07','2019-04-16 08:47:19','149.28.132.155'),(266,'07m1hpvect20pds46cskoj6sfv',1,1,'2019-04-16 09:10:57','2019-04-16 09:20:31','149.28.132.155'),(267,'crrlsk2cr913nj9rek3qd1v6f9',1,1,'2019-04-16 09:46:44','2019-04-16 10:43:09','149.28.132.155'),(268,'jon39splpha5048fm8v65p7enu',1,1,'2019-04-16 11:17:43','2019-04-16 11:19:28','149.28.132.155'),(269,'3ln60rk31as7q1gihn91911tgu',1,1,'2019-04-16 13:08:21','2019-04-16 13:29:35','149.28.132.155'),(270,'m4ks7p5psq25a3qu647uimkugb',1,1,'2019-04-16 14:09:14','2019-04-16 14:20:31','149.28.132.155'),(271,'7024264rq8gelqg90fofe7kbtk',1,1,'2019-04-17 01:22:18','2019-04-17 01:22:50','149.28.132.155'),(272,'gpi64stqcvj7mjk698rl8ovf8p',1,2,'2019-04-17 02:30:40','2019-04-17 02:40:32','149.28.132.155'),(273,'jgfdp6p9fvqpejeplnoencmbcc',1,1,'2019-04-17 02:40:32','2019-04-17 03:26:21','149.28.132.155'),(274,'asoon9horullbkkb7p6hc9koni',1,1,'2019-04-17 03:53:14','2019-04-17 03:55:13','149.28.132.155'),(275,'gjgegrg1h6r2rlkms0f7aitk6d',1,1,'2019-04-17 04:36:40','2019-04-17 04:58:50','149.28.132.155'),(276,'5ga414g2tl28750n7mdqhtsuj5',1,1,'2019-04-18 01:46:21','2019-04-18 01:46:21','149.28.132.155'),(277,'3p91khig203jsdv9m43s4agvpc',1,1,'2019-04-18 02:17:49','2019-04-18 02:19:03','149.28.132.155'),(278,'728fsogjg6uknlfb325jcat401',1,1,'2019-04-18 09:46:59','2019-04-18 09:56:42','149.28.132.155'),(279,'tnki00frscnkn3l8iajqll6gbg',1,1,'2019-04-18 11:17:18','2019-04-18 11:20:32','149.28.132.155'),(280,'om2jiur5tu4amdtggdr649h5vn',1,1,'2019-04-19 01:07:45','2019-04-19 01:12:37','149.28.132.155'),(281,'p68fqh2dhb5sgaupk0cp66417a',1,1,'2019-04-19 15:42:00','2019-04-19 15:46:39','149.28.132.155'),(282,'f80n7qu6i86fbgukfsiqhfvn5i',1,1,'2019-04-19 17:26:27','2019-04-19 17:27:30','149.28.132.155'),(283,'h9j95aiujcb292t3kuhvnvtbpk',1,1,'2019-04-20 09:13:18','2019-04-20 09:14:43','149.28.132.155'),(284,'huhp1hqanmgco67jehncugsvnt',1,1,'2019-04-20 11:37:07','2019-04-20 11:37:41','149.28.132.155'),(285,'h08oa3769cr8si6qcrm8ih6ekj',1,1,'2019-04-20 13:20:42','2019-04-20 13:20:42','149.28.132.155'),(286,'94dj302flhtleao72vmo5so932',1,1,'2019-04-21 01:26:26','2019-04-21 01:27:03','149.28.132.155'),(287,'nuvt2vn3013g863n2nt44jmqoa',1,1,'2019-04-21 15:34:42','2019-04-21 15:46:42','149.28.132.155'),(288,'79tgvbn21g5nsv6phv315sogg9',1,0,'2019-04-22 08:51:46','2019-04-22 08:53:40','149.28.132.155'),(289,'bktnr864r7shgd894e4l0o57ba',2,2,'2019-04-22 08:54:44','2019-04-22 09:14:00','149.28.132.155'),(290,'v0ss71subl67snto13ic46o62h',2,2,'2019-04-22 09:14:00','2019-04-22 09:19:39','149.28.132.155'),(291,'e398gujccgp0439l63bjs7tn6g',2,2,'2019-04-22 09:19:39','2019-04-22 09:39:54','149.28.132.155'),(292,'a28f4k4bn60gt4lk2lhoka7vjv',2,1,'2019-04-22 09:39:54','2019-04-22 09:55:48','149.28.132.155'),(293,'8iao8vduqhj1g757couebd9fr9',1,2,'2019-04-22 09:48:16','2019-04-23 09:07:13','149.28.132.155'),(294,'4q1saqaim8uug498746suvbu9j',2,1,'2019-04-22 10:17:15','2019-04-22 10:57:12','149.28.132.155'),(295,'krqg3v3ej4bqekgcql2fb5per5',1,2,'2019-04-22 14:47:26','2019-04-23 09:07:13','149.28.132.155'),(296,'fqrd004ghjhfm89t7sfjpsebft',1,2,'2019-04-22 16:14:00','2019-04-23 09:07:13','149.28.132.155'),(297,'42lfum8q6mglogq4uv18feungp',1,2,'2019-04-22 16:31:05','2019-04-23 09:07:13','149.28.132.155'),(298,'9hd02de27mib0jnnjnkvrh3kc7',1,2,'2019-04-22 16:50:15','2019-04-23 09:07:13','149.28.132.155'),(299,'lch6110rmoarqt4nqp3lnd7g70',1,2,'2019-04-23 01:22:39','2019-04-23 01:36:41','149.28.132.155'),(300,'b56nf0hc0efjf93hkc92g00b5m',1,2,'2019-04-23 01:36:41','2019-04-23 09:07:13','149.28.132.155'),(301,'rl0prbt5s9e5j7vm1os05b6dn3',2,1,'2019-04-23 02:55:13','2019-04-23 02:56:11','149.28.132.155'),(302,'n4s4asatlonam2sp4bqppdvueu',2,1,'2019-04-23 03:14:21','2019-04-23 03:19:26','149.28.132.155'),(303,'s1nfhdqqmc748gbi7vs3sc9ovb',1,2,'2019-04-23 03:15:00','2019-04-23 09:07:13','149.28.132.155'),(304,'i94v9hm25qnq69qprn50gdfc5t',2,1,'2019-04-23 04:09:24','2019-04-23 04:48:15','149.28.132.155'),(305,'o1arm0og60mq5c4jbsn95oljff',2,2,'2019-04-23 05:10:14','2019-04-24 09:49:49','149.28.132.155'),(306,'91ogdpquotlhbmsulgmnh269jt',1,2,'2019-04-23 09:07:13','2019-04-23 15:16:38','149.28.132.155'),(307,'t81u8hnpev88bf92qviet7ueck',1,2,'2019-04-23 15:16:38','2019-04-24 02:53:30','149.28.132.155'),(308,'19lpjap73ulgcpnts7gijg5eq1',1,2,'2019-04-24 02:53:30','2019-04-24 03:19:33','149.28.132.155'),(309,'fmekikh54vdl22ennj4oa3l5em',1,2,'2019-04-24 03:19:33','2019-04-24 03:38:42','149.28.132.155'),(310,'2cb4dl6hq5666o32v0uu0duslh',1,2,'2019-04-24 03:38:42','2019-04-24 09:56:32','149.28.132.155'),(311,'njesilrhkl6uoa4053adi4f3qm',2,2,'2019-04-24 09:49:49','2019-04-24 09:53:37','149.28.132.155'),(312,'28oej22lb84akd0gka2hkote2p',2,1,'2019-04-24 09:53:37','2019-04-26 09:10:05','149.28.132.155'),(313,'tqg6gao7f3sj21l52sc6naa9k0',1,0,'2019-04-24 09:56:32','2019-04-24 09:59:28','149.28.132.155'),(314,'ak1f628guk1655iqvshiophill',3,1,'2019-04-24 09:59:55','2019-04-27 08:00:09','149.28.132.155'),(315,'aegit1efn19f99pe10e4pldl6b',1,2,'2019-04-25 03:39:28','2019-05-03 08:42:08','149.28.132.155'),(316,'9vap12cb4nbb988i49tr66mqvo',2,1,'2019-05-02 01:09:03','2019-05-04 10:22:48','149.28.132.155'),(317,'nnjfb2kpng2633um2rte4orni5',3,2,'2019-05-02 02:38:22','2019-05-04 13:42:06','149.28.132.155'),(318,'pbmlpve3vgfmr810mrhji43p0q',1,0,'2019-05-03 08:42:08','2019-05-03 08:42:25','149.28.132.155'),(319,'lp2gmraeidjp30m1ue8sc1r0r2',1,2,'2019-05-03 08:42:46','2019-05-03 10:14:20','149.28.132.155'),(320,'33jt4fvs90b56mp8nrfrkcvgaj',1,2,'2019-05-03 10:14:20','2019-05-04 15:57:40','149.28.132.155'),(321,'c64kj5libh5a6s6vbb25e2qvmj',3,1,'2019-05-04 13:42:06','2019-05-04 13:42:06','149.28.132.155'),(322,'2jbiim3g5qeh1p05uibgurokdr',1,2,'2019-05-04 15:57:40','2019-05-05 03:02:51','149.28.132.155'),(323,'3h5qtn9tsbe6o8id7tsf37h3t1',1,2,'2019-05-05 03:02:51','2019-05-05 08:40:49','149.28.132.155'),(324,'91cuuldolu79r0f5722lh92f4h',1,2,'2019-05-05 08:40:49','2019-05-05 09:43:54','149.28.132.155'),(325,'2bbvh7f7cvoha8v2qhgrh33gn7',1,2,'2019-05-05 09:43:54','2019-05-05 21:05:21','149.28.132.155'),(326,'7eqj9v9t743ioggd12nnftksm7',1,2,'2019-05-05 21:05:21','2019-05-05 21:33:59','149.28.132.155'),(327,'vflg2sbfmpk0kiurv32v4ahqe6',1,2,'2019-05-05 21:33:59','2019-05-05 21:59:36','66.42.53.7'),(328,'9pkes509hs0jfdtp3o6svclm59',1,2,'2019-05-05 21:59:36','2019-05-06 03:06:03','66.42.53.7'),(329,'367jk93488atuei6746gh8t13d',3,1,'2019-05-06 02:13:14','2019-05-06 02:17:12','66.42.53.7'),(330,'th8ucr5jcnfot3in5fhjj81qal',1,2,'2019-05-06 03:06:03','2019-05-06 09:24:51','66.42.53.7'),(331,'3diurc215af3v1iuqv8fie6rus',2,1,'2019-05-06 07:53:04','2019-05-06 07:53:04','66.42.53.7'),(332,'ukduo97od3r9d6rvneb5mp507n',1,2,'2019-05-06 09:24:51','2019-05-06 10:49:34','66.42.53.7'),(333,'k23kdfjmcr1vffmoq6mptiftkk',1,2,'2019-05-06 10:49:34','2019-05-06 13:41:38','66.42.53.7'),(334,'82nbo7si087r1ps50tkcev6j88',1,2,'2019-05-06 13:41:38','2019-05-07 03:28:12','66.42.53.7'),(335,'47nm94m5msj2egv2paoq0gpmtr',1,2,'2019-05-07 03:28:12','2019-05-07 03:33:41','66.42.53.7'),(336,'anu4oaesd8ncc9jkf72m58ggr3',1,2,'2019-05-07 03:33:41','2019-05-07 04:50:47','66.42.53.7'),(337,'oe36e05e8nrv62sqee5udci7ui',1,2,'2019-05-07 04:50:47','2019-05-07 08:59:47','149.28.132.155'),(338,'vmvlno7pturjfivd81uvipcj6c',1,2,'2019-05-07 08:59:47','2019-05-07 09:12:21','149.28.132.155'),(339,'1if6uc07nia59ddqvk9lkelfrf',1,2,'2019-05-07 09:12:21','2019-05-08 04:01:57','149.28.132.155'),(340,'mtalugvqfapno3t5vribk0f0pb',3,2,'2019-05-08 02:47:49','2019-05-23 09:22:33','149.28.132.155'),(341,'k006l2c99gk885cnavkuigpde7',2,2,'2019-05-08 02:49:53','2019-05-08 02:51:15','149.28.132.155'),(342,'4nsck4fivqjpsm5rv7jk6j662h',2,2,'2019-05-08 02:51:15','2019-05-08 07:21:21','149.28.132.155'),(343,'ejd37ssvfbnkere9ar0gltmco2',1,2,'2019-05-08 04:01:57','2019-05-08 07:17:57','149.28.132.155'),(344,'gfisorefpi5ok41710nf406fs3',1,2,'2019-05-08 07:17:57','2019-05-11 07:24:25','149.28.132.155'),(345,'2f138e02rgsr19n5pr8urv4i4u',2,2,'2019-05-08 07:21:21','2019-05-08 07:55:42','149.28.132.155'),(346,'4s34em0hoibdeqv20huatuv2l7',2,2,'2019-05-08 07:55:42','2019-05-08 08:52:55','149.28.132.155'),(347,'32krpcr80uvok95rgcd85lfl1i',2,1,'2019-05-08 08:52:55','2019-05-08 08:54:29','149.28.132.155'),(348,'a8ldmpo08h6f4ffdct9lhr1c37',1,2,'2019-05-11 07:24:25','2019-05-11 13:32:31','149.28.132.155'),(349,'sj3mduqhqjeo2v7am564aipe24',1,2,'2019-05-11 13:32:31','2019-05-15 04:28:00','149.28.132.155'),(350,'rc5q06bj8pdf5284k2e9moljh3',1,2,'2019-05-15 04:28:00','2019-05-15 04:40:15','149.28.132.155'),(351,'ajk6ts62igiargsgi1kjdb0hih',1,2,'2019-05-15 04:40:15','2019-05-15 06:50:36','149.28.132.155'),(352,'gs4l8ucej4k9qtsk7852rrv8cq',1,2,'2019-05-15 06:50:36','2019-05-16 03:12:34','149.28.132.155'),(353,'ik1sin1t1gpeptrksg0pfaujj7',1,2,'2019-05-16 03:12:34','2019-05-18 08:03:36','149.28.132.155'),(354,'ta57es2ji6ohdudbstbgihgtt6',1,2,'2019-05-18 08:03:36','2019-05-21 15:44:09','149.28.132.155'),(355,'v8rmhsgji6d1oep5oc0q6mcrm1',1,0,'2019-05-21 15:44:09','2019-05-21 15:50:52','149.28.132.155'),(356,'tj8vctmg0nd162dgdgkm0pcosi',1,0,'2019-05-21 15:51:06','2019-05-21 15:53:25','149.28.132.155'),(357,'tgn5hh88kq20q8nvasg7b5d603',1,2,'2019-05-21 15:53:31','2019-05-21 15:53:37','149.28.132.155'),(358,'1c1urr0re6kvglj5r2uuihbvla',1,2,'2019-05-21 15:53:37','2019-05-21 16:01:22','149.28.132.155'),(359,'llm7oifcsu0fjcolj5qs1798br',1,2,'2019-05-21 16:01:22','2019-05-21 16:10:23','149.28.132.155'),(360,'klhri7ujqrt0fh03rra4dspac3',1,2,'2019-05-21 16:10:23','2019-05-22 04:07:26','149.28.132.155'),(361,'9vvtlcrd68ugq8u3dnnt2diuj6',1,2,'2019-05-22 04:07:26','2019-05-23 06:55:56','149.28.132.155'),(362,'ta9fdk482s6s7vtdp5bv3l52n7',1,0,'2019-05-23 06:55:56','2019-05-23 06:59:00','149.28.132.155'),(363,'lbrr48v7jsom6uctvq6ardllti',1,2,'2019-05-23 08:24:21','2019-05-23 09:02:12','149.28.132.155'),(364,'7633smfnq4bqg2la00d1u12vke',1,2,'2019-05-23 09:02:12','2019-05-23 09:03:29','149.28.132.155'),(365,'bf469eovmloo2cv9rafg4jv718',1,2,'2019-05-23 09:03:29','2019-05-23 09:07:08','149.28.132.155'),(366,'ugo50snqbe1ctktd93obp6c8ja',1,2,'2019-05-23 09:07:08','2019-05-23 09:12:28','149.28.132.155'),(367,'m2ev6pm502r3m9gt9ijhrh0pum',1,2,'2019-05-23 09:12:28','2019-05-23 14:37:55','149.28.132.155'),(368,'oic13b7e5np84hfjb2bqjnj6pi',3,2,'2019-05-23 09:22:33','2019-05-23 09:43:45','149.28.132.155'),(369,'qql2lbng4h73d3r19d5jm5d91v',3,2,'2019-05-23 09:43:45','2019-05-23 14:57:08','149.28.132.155'),(370,'fo4j1g24dnojgjsosfkkscd9lf',1,2,'2019-05-23 14:37:55','2019-05-23 14:42:26','149.28.132.155'),(371,'387q8r3c4m3tlsq682kpftebcn',1,2,'2019-05-23 14:42:26','2019-05-24 09:39:51','149.28.132.155'),(372,'sksd9iur0bl7limnb1su29ibbo',3,2,'2019-05-23 14:57:08','2019-05-23 15:16:42','149.28.132.155'),(373,'o28nr0rui8sp0i3o4qvqkba99g',3,2,'2019-05-23 15:16:42','2019-05-28 02:57:04','149.28.132.155'),(374,'smnl8582otl3f5v54nlbpkl9i1',1,2,'2019-05-24 09:39:51','2019-05-25 12:00:38','149.28.132.155'),(375,'sa5cobgsael8dajd1f66ebqq19',1,2,'2019-05-25 12:00:38','2019-05-25 12:00:44','149.28.132.155'),(376,'8labahabqtq26snf3fkgpdeass',1,2,'2019-05-25 12:00:44','2019-05-27 07:09:17','149.28.132.155'),(377,'jol58gmdef0cb7mq3c12asr5l2',1,2,'2019-05-27 07:09:17','2019-05-28 07:12:17','149.28.132.155'),(378,'osftnt5ottoo7u4a7jg0srp9mo',3,2,'2019-05-28 02:57:04','2019-05-28 04:14:46','149.28.132.155'),(379,'6g0fef7789ha2e4vaogk550gj6',3,1,'2019-05-28 04:14:46','2019-06-19 15:33:00','149.28.132.155'),(380,'s5c5j62kv8334qcun8cp765j46',1,2,'2019-05-28 07:12:17','2019-05-30 15:28:20','149.28.132.155'),(381,'n2du69r3f3dqjhim2saql7jruu',1,2,'2019-05-30 15:28:20','2019-05-31 08:35:01','149.28.132.155'),(382,'odeu5oqb9v82q652ej1kpgorov',1,2,'2019-05-31 08:35:01','2019-05-31 08:35:26','149.28.132.155'),(383,'7bpvd16mj8s5uq0agbtfs3dm4r',1,2,'2019-05-31 08:35:26','2019-05-31 12:50:41','149.28.132.155'),(384,'mig3qf1kibd0if6r83asvvqn60',1,2,'2019-05-31 12:50:41','2019-06-01 04:03:45','149.28.132.155'),(385,'fhml55isrlu91j4ojjmviorrd6',1,2,'2019-06-01 04:03:45','2019-06-01 06:35:10','149.28.132.155'),(386,'l0ebin92vsqoc149pibgsi2a3h',1,2,'2019-06-01 06:35:10','2019-06-10 02:28:42','149.28.132.155'),(387,'e4rg1g90rcd9m7jo3onf8p0de2',1,2,'2019-06-10 02:28:42','2019-06-10 04:05:31','149.28.132.155'),(388,'6l0qkv9456gvvj9n8juffq8ncr',1,2,'2019-06-10 04:05:31','2019-06-10 04:23:59','149.28.132.155'),(389,'s0tl9jfar09a8c3rdbaoosncmu',1,2,'2019-06-10 04:23:59','2019-06-11 03:53:46','149.28.132.155'),(390,'p4g66tjkj1tn6h3th8jtm4ssog',1,2,'2019-06-11 03:53:46','2019-06-11 09:58:37','149.28.132.155'),(391,'9lc7cfqnkrhunn0ccnfkkt5dqt',1,2,'2019-06-11 09:58:37','2019-06-11 13:32:52','149.28.132.155'),(392,'q8mf1o8469e8h5f8qrh6teh9aa',1,2,'2019-06-11 13:32:52','2019-06-12 01:25:56','149.28.132.155'),(393,'mlfcq2an8ujc3i516bmfqhpb5b',1,2,'2019-06-12 01:25:56','2019-06-12 07:52:40','149.28.132.155'),(394,'jmvovrf71am7cnfgpdgrtm5oii',1,2,'2019-06-12 07:52:40','2019-06-12 09:54:26','149.28.132.155'),(395,'pbgn7elqstqjt2leq85kem35hf',1,2,'2019-06-12 09:54:26','2019-06-13 03:55:38','149.28.132.155'),(396,'8v5o3n1mhskntakmjfnml9avdh',1,2,'2019-06-13 03:55:38','2019-06-13 07:45:08','149.28.132.155'),(397,'4016ns9hnhn44e6a8hc8q279qi',1,2,'2019-06-13 07:45:08','2019-06-13 10:10:06','149.28.132.155'),(398,'l91fpdv676chd73qrvbc72okrc',1,2,'2019-06-13 10:10:06','2019-06-13 15:19:10','149.28.132.155'),(399,'qtr49p246mlfmt82ho9ufpdjvu',1,2,'2019-06-13 15:19:10','2019-06-14 08:11:08','149.28.132.155'),(400,'1u905es2cbfu26gh1t8uaam1va',1,2,'2019-06-14 08:11:08','2019-06-15 07:35:41','149.28.132.155'),(401,'nu6m6mfgi8q5c71605reqcjrm0',1,2,'2019-06-15 07:35:41','2019-06-15 07:42:03','149.28.132.155'),(402,'4i50cqgub35r55pn9v9pqh285l',1,2,'2019-06-15 07:42:03','2019-06-15 07:45:18','149.28.132.155'),(403,'1bkgjj6babt1cct1vioo9131f8',1,2,'2019-06-15 07:45:18','2019-06-15 08:18:37','149.28.132.155'),(404,'mkldjtjoiogfaceid5jmkjuojl',1,2,'2019-06-15 08:18:37','2019-06-15 09:37:32','149.28.132.155'),(405,'lg2b6q9r4qis77jm5q5ra5qvng',1,2,'2019-06-15 09:37:32','2019-06-16 14:16:49','149.28.132.155'),(406,'fkt4pktnroarluc5ti1ju3n645',1,2,'2019-06-16 14:16:49','2019-06-17 01:46:20','149.28.132.155'),(407,'kgao9pvidi2s6id4gclj73l3ml',1,2,'2019-06-17 01:46:20','2019-06-17 02:31:21','149.28.132.155'),(408,'uk7scvc2fncopv2q9dum2n6dm2',1,2,'2019-06-17 02:31:21','2019-06-17 04:45:19','149.28.132.155'),(409,'d3i2270ihjc0s00pls09i92797',1,2,'2019-06-17 04:45:19','2019-06-17 16:09:13','149.28.132.155'),(410,'f57h8sg1dbv1ha3rdttdnsgsbr',1,2,'2019-06-17 16:09:13','2019-06-17 16:11:59','149.28.132.155'),(411,'n18k3gd9i4jdhodi9ec5va327g',1,2,'2019-06-17 16:11:59','2019-06-18 04:13:48','149.28.132.155'),(412,'8ie9uvqk1p4m217qeh4a3pibev',1,2,'2019-06-18 04:13:48','2019-06-18 07:22:14','149.28.132.155'),(413,'23tneicc840jr64a474v0s4msc',1,2,'2019-06-18 07:22:14','2019-06-19 07:07:11','149.28.132.155'),(414,'qqo01h0jb0u48j66ihfhig8pko',1,2,'2019-06-19 07:07:11','2019-06-19 07:19:13','149.28.132.155'),(415,'0ohhsuelgqtr0ncla9d2md9gqr',1,2,'2019-06-19 07:19:13','2019-06-19 07:34:06','149.28.132.155'),(416,'gkfqtbek0hbesg6vkqaen54fsn',1,1,'2019-06-19 07:34:06','2019-06-19 08:21:40','149.28.132.155'),(417,'23hcaaguukeid2n937atmdjgrr',1,1,'2019-06-19 12:20:15','2019-06-19 16:20:30','149.28.132.155'),(418,'d8epa9r7pngc3ggc5pc06cfrsi',1,1,'2019-06-20 03:00:02','2019-06-29 10:21:02','149.28.132.155'),(419,'laoovhnk0667l7347er9m9ick3',1,1,'2019-06-20 08:39:16','2019-07-10 11:02:22','149.28.132.155'),(420,'h973e5f60t612dtkvh6lfqtnrr',1,1,'2019-06-20 16:41:45','2019-06-20 16:46:07','149.28.132.155'),(421,'iaelpsl813dgndn0omn5vhqrlf',1,1,'2019-06-21 07:22:04','2019-06-21 07:23:20','149.28.132.155'),(422,'4j47r7o4it64shslfgehjt6upv',1,1,'2019-06-21 11:27:37','2019-06-21 11:27:37','149.28.132.155'),(423,'cqos4bp9nic07883s72fjfrc2o',1,1,'2019-06-23 14:54:03','2019-07-04 07:44:52','149.28.132.155'),(424,'qer24s45j4ph0utpe49vrsu0dh',1,1,'2019-06-24 03:28:48','2019-07-11 08:02:56','149.28.132.155'),(425,'5lvgq52lkciu0e46g6aoa0nuu4',1,1,'2019-06-29 06:22:39','2019-06-29 06:35:49','149.28.132.155'),(426,'2s16nhupcfiq0prel9eqm5o3q3',1,1,'2019-07-05 03:42:44','2019-07-13 09:47:38','149.28.132.155'),(427,'5elrgg6anr2jci6ug4d63t0lhn',1,1,'2019-07-05 11:29:31','2019-07-13 01:47:44','149.28.132.155'),(428,'v7v9l40vv6lq9kbj3f28v4510i',1,1,'2019-07-13 10:47:22','2019-07-13 10:47:22','149.28.132.155'),(429,'0epjl5032dd9t8lduulsu654kt',1,1,'2019-07-13 12:49:18','2019-07-27 10:17:37','149.28.132.155'),(430,'ic5s2kd6dgjnrdse4vfi5mf1ui',1,1,'2019-07-14 02:38:26','2019-09-04 09:00:54','149.28.132.155'),(431,'nirpfm7t9s0a9gvn5t4q2o26o3',1,1,'2019-07-22 10:41:09','2019-07-22 10:41:09','149.28.132.155'),(432,'4llvcr20merv50c1eqr2ejpf19',1,1,'2019-07-26 08:19:16','2019-08-27 11:39:37','149.28.132.155'),(433,'a4oa4hpcr4iq8pebroo2dnacch',1,1,'2019-07-27 11:17:29','2019-07-29 10:40:47','149.28.132.155'),(434,'3s1p73cja8gfdtu678ttt5si4s',1,1,'2019-07-30 04:38:33','2019-08-01 15:20:26','149.28.132.155'),(435,'80i4h3hghao3gkaa4bhq67hgep',1,1,'2019-08-01 08:49:50','2019-08-08 03:14:38','149.28.132.155'),(436,'fo64ca60ov51cpaemsqll1phr6',1,1,'2019-08-01 16:46:04','2019-08-06 02:30:30','149.28.132.155'),(437,'vupvfokavu1ulpvn94908hs5pd',1,1,'2019-08-05 08:01:15','2019-08-05 08:01:15','149.28.132.155'),(438,'taqf8jcpq6svdmd7dl1qen7un8',1,1,'2019-08-05 10:41:21','2019-08-05 10:41:21','149.28.132.155'),(439,'18durkfegfv0lhr217kg03kqm6',1,1,'2019-08-07 01:35:52','2019-08-11 06:43:36','149.28.132.155'),(440,'m9lct58bttpobl76r8m0vo0nsj',2,1,'2019-08-08 04:20:28','2019-08-12 09:36:20','149.28.132.155'),(441,'qkhnmpk7he9kaa8fekm3kd99q2',1,1,'2019-08-11 13:07:37','2019-08-11 15:33:50','149.28.132.155'),(442,'fr7dh056ptfe9l5pglarekqeiq',1,1,'2019-08-11 15:36:43','2019-08-12 07:25:52','149.28.132.155'),(443,'kl9rnqfmj8lbqf7n1r7s1aeet1',1,1,'2019-08-20 07:58:06','2019-08-21 04:59:55','149.28.132.155'),(444,'9ca6iabee5k8pe9b21pk3ia88d',2,1,'2019-08-21 09:53:05','2019-08-24 08:57:51','149.28.132.155'),(445,'bunt7665573re0ubb4k4f19hg2',1,1,'2019-08-23 04:35:10','2019-08-23 05:44:17','149.28.132.155'),(446,'8mefshm7nbsqfg3cuv83it2ufp',3,1,'2019-08-23 04:38:24','2019-08-28 08:34:05','149.28.132.155'),(447,'rvj7t5rosathcrdm3pshutqeev',2,1,'2019-08-24 10:39:29','2019-08-26 07:30:08','149.28.132.155'),(448,'eacmd1c40ef1nuirr2ajb408sg',2,1,'2019-08-26 07:31:08','2019-08-29 09:23:23','149.28.132.155'),(449,'ns7dvc0le4qkn1g0edkbpruoed',1,1,'2019-08-26 17:31:17','2019-08-26 17:33:16','149.28.132.155'),(450,'5s8rmi07b3h8rh2msk0sel4sud',1,1,'2019-08-27 02:32:08','2019-08-27 02:56:23','149.28.132.155'),(451,'3alrbl1vrvm9fse3n9n8r2bsm2',1,1,'2019-08-27 03:03:29','2019-08-28 04:42:29','149.28.132.155'),(452,'ng6m5jm1a1hgu0g9dobl445gvf',1,1,'2019-08-27 06:28:30','2019-08-27 06:29:36','149.28.132.155'),(453,'k32mkplskubfqvu7lct9al4ng3',1,1,'2019-08-27 08:04:42','2019-08-27 08:04:42','149.28.132.155'),(454,'51f2dia2l19nkrjof9570s0cjp',1,1,'2019-08-27 14:02:34','2019-08-27 14:02:34','149.28.132.155'),(455,'2i8ulfjim0rn52qf0aij11i143',1,1,'2019-08-27 14:02:39','2019-08-27 14:02:39','149.28.132.155'),(456,'er5uskmajm37c6414s94k4ak5i',1,1,'2019-08-27 14:02:44','2019-08-27 14:02:44','149.28.132.155'),(457,'ee64o2u6lfg824b04f6gsqcjrm',1,1,'2019-08-27 14:03:20','2019-08-27 14:03:20','149.28.132.155'),(458,'c49fu4cv8g7985q4non2h373a8',1,1,'2019-08-27 14:28:29','2019-08-27 14:28:29','149.28.132.155'),(459,'1ejdluqrvfp799bkralind72i6',1,1,'2019-08-28 04:32:13','2019-08-28 05:08:25','149.28.132.155'),(460,'ti15lhkhvibrfcqnm5dcq7lhvr',1,1,'2019-08-28 04:43:36','2019-08-28 04:43:36','149.28.132.155'),(461,'rd3jq01oq4s66kdequromebv9u',1,1,'2019-08-28 04:44:18','2019-08-29 12:25:38','149.28.132.155'),(462,'r81b5m1qgeq78jbteelh7f6lto',1,1,'2019-08-29 04:10:34','2019-09-06 01:45:02','149.28.132.155'),(463,'gbj7ft2rt7j7o6nimvfpbrh4k5',2,1,'2019-08-29 08:11:14','2019-08-29 08:12:58','149.28.132.155'),(464,'ndglkfi19jbjr745kn206l9bg1',1,1,'2019-08-29 11:02:35','2019-08-29 11:02:35','149.28.132.155'),(465,'r7h5bbjbiq8epuh3n2l9lqo0pq',1,1,'2019-08-30 10:39:43','2019-08-30 10:39:43','149.28.132.155'),(466,'a5vi90p6gqufai7ngh2th5s966',1,1,'2019-09-03 08:33:02','2019-09-03 08:34:01','149.28.132.155'),(467,'mcelg8egb8mldm6jgrn253nahc',2,1,'2019-09-04 04:16:00','2019-09-10 07:55:20','149.28.132.155'),(468,'u09o7ttr351guksgj6s9oo4lma',1,1,'2019-09-05 16:09:32','2019-09-05 16:09:32','149.28.132.155'),(469,'vkqjiggomee9b4d97t7rgdrs7s',1,1,'2019-09-05 16:09:45','2019-09-05 16:09:45','149.28.132.155'),(470,'hc8ijdcm6e163r2kq5t1vecnbk',1,1,'2019-09-05 16:10:09','2019-09-05 16:14:35','149.28.132.155'),(471,'qg5fvlj09cprg9b7tck3dhh5s1',1,1,'2019-09-06 10:50:11','2019-09-06 10:50:11','149.28.132.155'),(472,'l202pohbjg2083upk68tqgqui8',1,1,'2019-09-06 10:50:11','2019-09-06 10:50:11','149.28.132.155'),(473,'m9ij4jl4pnbkubi7oq30pvd1lv',1,1,'2019-09-06 10:50:29','2019-09-06 10:54:18','149.28.132.155'),(474,'n3ohm0cak8d6948givbolm20qq',1,1,'2019-09-06 11:30:03','2019-09-06 11:40:39','149.28.132.155'),(475,'ueh566se6afrrs8btgepmujhhp',1,1,'2019-09-07 09:46:05','2019-09-07 09:46:05','149.28.132.155'),(476,'a0uj310sdi4jb6pj788ptc1ole',1,1,'2019-09-07 09:46:13','2019-09-07 09:46:13','149.28.132.155'),(477,'fbtc1mvd09lh67mdvf1sath6a8',1,1,'2019-09-07 09:46:23','2019-09-07 09:54:17','149.28.132.155'),(478,'h6796ao29rk13gbd33dd8rjofo',1,1,'2019-09-09 03:32:09','2019-09-09 15:54:41','149.28.132.155'),(479,'b48ognki2unnkd41obt2h6l34c',1,1,'2019-09-09 08:07:41','2019-09-09 08:07:41','149.28.132.155'),(480,'rjtamc19lvopi0jo8jq7ihtnkl',1,1,'2019-09-09 08:07:57','2019-09-09 08:15:52','149.28.132.155'),(481,'iii7bibggl4ujlfq4bfstrii3d',1,1,'2019-09-09 10:08:14','2019-09-10 05:03:12','149.28.132.155'),(482,'o2gel3ue7n3uecnmjfkr4t5kas',1,1,'2019-09-10 01:49:48','2019-09-10 01:49:48','149.28.132.155'),(483,'1jsq4jc9fk7bg2tttmh0lt94gt',1,1,'2019-09-10 04:36:57','2019-09-10 04:36:57','149.28.132.155'),(484,'d0pcthbp66jpcr1v85ugdg9gpq',1,1,'2019-09-10 04:37:10','2019-09-10 04:37:10','149.28.132.155'),(485,'6o10v58mcjf9i96bm71b35al5f',1,1,'2019-09-10 04:37:17','2019-09-10 04:45:19','149.28.132.155'),(486,'tap64645ki3olecv2oqpqbpkkl',1,1,'2019-09-11 02:13:45','2019-09-11 07:26:49','149.28.132.155'),(487,'8fcuf9mhcrclvi25aq5460iq28',1,1,'2019-09-11 03:46:06','2019-09-11 03:46:06','149.28.132.155'),(488,'85qt1im6roioro29pnfupbtrl4',1,1,'2019-09-11 03:53:05','2019-09-11 03:53:05','149.28.132.155'),(489,'8a8sog5d8qnkqa4te3pln50405',1,1,'2019-09-11 03:53:20','2019-09-11 03:59:17','149.28.132.155'),(490,'k08g0n180804e9rjbrpm33aj7c',1,1,'2019-09-11 10:09:52','2019-09-17 07:13:18','149.28.132.155'),(491,'5jshnc8lvv77dlkd4pgrqnbisl',1,1,'2019-09-11 11:50:51','2019-09-11 11:50:51','149.28.132.155'),(492,'1f9t075cnmgrpc0qn0rcp16srg',1,1,'2019-09-11 11:51:11','2019-09-11 11:51:11','149.28.132.155'),(493,'q4qeikr1mprvfehfj24oamutie',2,1,'2019-09-12 02:30:27','2019-09-13 01:44:28','149.28.132.155'),(494,'mtgml6t3oc1m9ga9v7o8e7rsl2',2,1,'2019-09-13 07:59:21','2019-09-16 08:16:38','149.28.132.155'),(495,'e1p7bqp59ambt8uft547bk7cg9',1,1,'2019-09-13 08:03:29','2019-09-13 08:08:46','149.28.132.155'),(496,'lp61oiko25pi1uhorat5p4e7gg',1,1,'2019-09-16 01:33:39','2019-09-19 13:47:04','149.28.132.155'),(497,'rpuoig8apc7eah1f5vmvu58s2g',1,1,'2019-09-16 07:48:17','2019-09-19 08:11:51','149.28.132.155'),(498,'aqtl1le7o3aojub3iu9q2b0si5',2,1,'2019-09-17 03:20:46','2019-09-17 04:47:32','149.28.132.155'),(499,'etje9m89j7lqm8kbllsjt1hr75',2,1,'2019-09-17 09:16:10','2019-09-18 02:26:03','149.28.132.155'),(500,'tiahe1pnc5dk1n4g52nkk2lgjr',1,1,'2019-09-17 11:56:34','2019-09-17 15:29:44','149.28.132.155'),(501,'jfce3n71qrh797hqca6uvi8qie',1,1,'2019-09-18 01:22:38','2019-09-18 06:51:19','149.28.132.155'),(502,'hofuf4s5rcbg5pees41tbnb7ur',1,1,'2019-09-18 11:21:04','2019-09-18 14:59:31','149.28.132.155'),(503,'hkeck9n2ptsm9n2ohceb7g9a16',1,1,'2019-09-19 02:41:02','2019-09-19 09:17:29','149.28.132.155'),(504,'ctu9p7n6n65g41etchshaut976',1,1,'2019-09-19 06:57:28','2019-09-19 09:43:48','149.28.132.155'),(505,'v516qah1pfmvbtju6jldgjv8j8',1,1,'2019-11-06 04:09:41','2019-11-06 04:10:45','14.231.193.31'),(506,'bf30mnc80do71vkfqqpbuu0i1h',1,1,'2020-01-03 02:55:52','2020-01-08 03:47:43','149.28.132.155'),(507,'0emmclf291sbbgmc84g2gbce38',1,1,'2020-01-03 03:13:01','2020-01-11 01:15:26','149.28.132.155'),(508,'vbmmka62osgj69nnc2gu8v2n2u',1,0,'2020-01-07 04:34:28','2020-01-07 04:35:48','149.28.132.155'),(509,'kpt30unb56kbt6qkh95qgl4mn6',1,1,'2020-01-07 04:35:53','2020-01-07 04:35:53','149.28.132.155'),(510,'suf866m3957ua2kcashp4kqmed',1,1,'2020-01-11 03:44:50','2020-01-14 09:13:22','149.28.132.155'),(511,'i7rtg864fln3m7vus8nosn2rgc',2,1,'2020-02-19 03:07:05','2020-02-19 03:07:05','149.28.132.155'),(512,'pm0hprd61nvvmkradc7g2oa3f9',1,1,'2020-02-19 07:42:10','2020-02-19 07:42:10','149.28.132.155'),(513,'atitcikj89ff7i4pc8a712nuna',1,1,'2020-02-19 07:59:23','2020-02-19 08:08:13','149.28.132.155'),(514,'t26p1dgsnngcajb131n9h4tj64',1,1,'2020-02-19 08:03:37','2020-02-19 11:47:40','149.28.132.155'),(515,'t0qarv3rov1g3gi3udb4cb39lk',1,1,'2020-02-19 10:30:06','2020-02-19 10:36:43','149.28.132.155'),(516,'o6k9b3jdh14vj4d5ungafs9qqc',1,1,'2020-02-20 01:29:24','2020-02-20 10:32:44','149.28.132.155'),(517,'n5spfa4gtq8e86s1pbblic4qp2',1,1,'2020-02-21 07:31:46','2020-02-21 10:35:24','149.28.132.155'),(518,'kslf3eane1gedfmrhcnjbmipla',1,1,'2020-02-22 08:24:44','2020-02-22 08:43:54','149.28.132.155'),(519,'6pdje3nu6reksv2sqatj3mgr45',1,1,'2020-02-26 01:26:35','2020-02-26 09:43:40','149.28.132.155'),(520,'mdmiim9s449nalllsocl184gp0',1,1,'2020-02-27 01:30:02','2020-02-27 08:00:48','149.28.132.155'),(521,'amhh2lj8fmk2ntatubshlfpob0',1,1,'2020-03-04 02:27:37','2020-03-04 04:29:38','149.28.132.155'),(522,'ucueuqvv0f6gcpmdjgcimeb783',1,1,'2020-08-07 13:59:41','2020-08-07 17:12:17','42.114.43.181'),(523,'hv0kjlukl27kpkurb103llhjat',1,1,'2020-08-08 01:30:48','2020-08-08 02:25:11','14.177.165.68'),(524,'jp67havjti08amkke3emv0n9af',1,1,'2020-08-08 02:26:03','2020-08-08 03:07:22','14.177.165.68'),(525,'hhrl0is88ebfho46us02nu5bev',1,1,'2020-08-08 03:08:57','2020-08-08 03:12:28','14.177.165.68'),(526,'gifc6tg1u0qilv203gbtaeqai8',1,1,'2020-08-08 10:39:18','2020-08-09 03:06:34','14.177.165.68'),(527,'5f0p71v083v9m1k1cf8jl8d8q5',1,1,'2020-08-09 14:52:39','2020-08-09 15:37:14','42.115.171.59'),(528,'a1nd65p7238skhifj5qjfjvksd',1,1,'2020-08-10 03:36:26','2020-08-10 15:42:22','14.177.165.68'),(529,'1rlhnptm2bodnvkjcfn33ru4cc',1,1,'2020-08-11 02:47:49','2020-08-12 12:47:08','14.177.165.68'),(530,'sf2qj6mfdpiuhe3idit5s4oba1',1,1,'2020-08-16 02:51:37','2020-09-03 06:53:31','14.229.55.181'),(531,'2b5cdi0c69mghmpe98gvrfcj9q',1,1,'2020-09-03 08:07:58','2020-09-03 09:43:25','27.79.159.127'),(532,'t099frjibpd9kbq6alaef3ma1a',1,1,'2020-09-03 15:16:21','2020-09-03 16:43:47','42.115.216.124'),(533,'5qddi2209l2cmtc6b984c61bvr',1,1,'2020-09-04 08:58:38','2020-09-04 14:09:22','27.79.159.127'),(534,'50vegs7ct54cuu39r7jmvdt8j5',1,1,'2020-09-04 16:14:54','2020-09-07 07:26:37','42.115.216.124'),(535,'707ci97gco6h2ibhn47sk1t8kf',1,1,'2020-09-07 14:48:04','2020-09-07 16:11:53','118.71.5.73'),(536,'9dp4qh5g9je3o56e64d33c7gpq',1,1,'2020-09-09 03:53:28','2020-09-09 03:58:05','27.79.159.127'),(537,'8aq8p5q97k59ii8gkvhki09a9s',1,1,'2020-09-09 16:58:42','2020-09-09 19:32:01','118.71.246.215'),(538,'safc0edklej30ulo251cbtdhbm',1,1,'2020-09-11 16:06:06','2020-09-13 17:11:09','118.71.246.215'),(539,'cpqaee9toq6njifu2rpe98m92i',1,1,'2020-09-14 15:54:35','2020-09-18 04:54:26','118.71.246.215'),(540,'3paklfhidg0npn7a20m6b5otfa',1,1,'2020-09-18 08:01:26','2020-09-24 07:15:34','27.79.159.127'),(541,'qbvcbtpls9dmkuuk32g8p1idsq',1,1,'2020-09-24 07:26:58','2020-09-24 09:46:06','27.79.159.127'),(542,'re22nm80levdlopnb6soj0iebh',1,1,'2020-09-28 15:03:51','2020-09-30 06:44:35','42.117.197.109'),(543,'n9b71ucflp42ago16aeb84geh4',1,1,'2020-09-30 15:46:49','2020-09-30 17:28:59','42.117.197.109'),(544,'olp4gdup85leehju1rqf8g8kli',1,1,'2020-10-05 02:35:07','2020-10-05 02:36:02','27.79.187.52'),(545,'5bu9c6m755ha2tlphstkhqfode',1,1,'2020-10-05 06:58:13','2020-10-14 16:34:36','27.79.187.52'),(546,'vpe2i7cuotrfsp25dmal56lg99',1,1,'2020-10-21 08:05:03','2020-10-22 17:11:13','123.16.140.76'),(547,'205tob7ir0b2kd3tmn04u457il',1,1,'2020-10-26 16:13:27','2020-10-27 15:34:08','118.70.107.27'),(548,'5ee1cnlp06pl4jb0s1uhma030b',1,1,'2020-10-27 16:37:59','2020-10-27 17:25:55','118.70.107.27'),(549,'ms2kqebm77uodqvr5qdd6ct13k',1,1,'2020-12-12 02:06:21','2020-12-12 02:21:07','14.162.219.178'),(550,'4gm1pl5mm2vvg832d5qdoqvsl9',1,1,'2020-12-15 01:41:55','2020-12-15 02:15:17','14.231.141.82'),(551,'thvncr36v9pd4i9vs0ljcoq0dp',1,1,'2020-12-15 03:57:50','2020-12-15 09:06:45','14.231.141.82'),(552,'7hk7vj73ndcl63odkmlivs3ik8',1,1,'2020-12-15 09:55:49','2020-12-16 10:57:27','14.231.141.82'),(553,'sfj2177iln5hb25jj5nq2m0gj2',1,1,'2021-01-12 03:14:25','2021-01-12 03:17:54','113.190.222.214'),(554,'0ii8l4o4je19uatgbve5i72t2o',1,1,'2021-01-15 03:41:29','2021-01-15 03:41:29','171.241.31.165'),(555,'8ivp9tlo7ds3a05ieprpfrujgu',1,1,'2021-01-15 06:20:13','2021-01-15 06:27:39','171.241.31.165'),(556,'uo5tqjs1un6shmff4gdok739c1',1,1,'2021-01-27 01:32:31','2021-02-01 03:43:48','14.231.149.205'),(557,'s6o15p8ubijklum2tf38plvhks',1,1,'2021-02-04 04:01:22','2021-02-18 02:09:27','123.16.238.61'),(558,'ojco9f55l92d1lefvmf1fln0fk',1,1,'2021-02-18 04:55:38','2021-02-23 01:09:07','14.235.69.63'),(559,'r17tisin23k4ik4mv7ocil57cl',1,1,'2021-02-22 08:30:31','2021-02-22 08:37:40','14.177.254.135'),(560,'jlt17ft4aq65dk61i667vanrg9',4,1,'2021-02-22 09:30:22','2021-02-22 11:51:18','14.177.254.135'),(561,'5k7nt1d41lq7c2u5oqgeri8m3o',1,1,'2021-02-23 02:51:16','2021-02-25 02:53:41','14.177.254.135'),(562,'qjjdpavpctopgmtgpqatbrqp30',1,1,'2021-02-24 02:58:45','2021-02-24 02:58:45','14.177.254.135'),(563,'b7qbektis46sr3erb9t3l93ff4',1,1,'2021-02-24 03:01:43','2021-02-24 03:01:43','14.177.254.135'),(564,'fjdjimm6k46emm7bq6dt88gmdu',1,1,'2021-02-25 03:37:56','2021-02-26 04:04:59','14.177.254.135'),(565,'cf0s29es3nho5v1nkspdjq040l',1,1,'2021-02-26 02:20:21','2021-02-26 02:20:21','14.177.254.135'),(566,'k1rusqbgnoelajbb023ggfqt0d',1,1,'2021-02-26 02:23:00','2021-02-26 02:55:53','14.177.254.135'),(567,'u429713reku5sg84fiba0vlcgb',1,1,'2021-02-26 02:56:09','2021-02-26 03:08:26','14.177.254.135'),(568,'jcvtbr9ne1mn55cifhones6cpn',1,1,'2021-02-26 03:16:43','2021-02-26 03:16:43','14.177.254.135'),(569,'d1g52vhf9ctp38fl4bqmbr98h8',1,1,'2021-02-26 04:29:35','2021-03-02 05:06:54','14.177.254.135'),(570,'pnaquv8sdj2abl7ci8od3s5ns6',1,1,'2021-02-27 07:39:08','2021-02-27 07:41:01','14.177.254.135'),(571,'0fgjh53aqk6tmncotel22gcipn',1,1,'2021-03-02 04:51:02','2021-03-02 05:05:52','14.177.254.135'),(572,'hia4boqur4c2j8vvco9vthn7ce',1,1,'2021-03-02 06:36:54','2021-03-03 03:27:56','14.177.254.135'),(573,'18ho8dfpsklaafm2njq0u4pj7n',1,1,'2021-03-02 06:55:32','2021-03-02 10:42:52','14.177.254.135'),(574,'3q6fkil7bmuohlnaka7837a2ks',1,1,'2021-03-03 09:10:08','2021-03-03 09:11:59','14.177.254.135'),(575,'kp0odmf8udgd19ch5qscddug88',1,1,'2021-03-04 01:29:38','2021-03-05 10:35:13','14.177.254.135'),(576,'iv6397pjvuo8piq3pho8crj9uv',1,1,'2021-03-08 01:29:56','2021-03-08 09:58:22','14.177.254.135'),(577,'vr6hhuga9jqphsvb0evckk28a6',1,1,'2021-03-08 10:45:57','2021-03-13 11:08:26','14.177.254.135'),(578,'9ep0qeg94bldgkf7dqlresnlbo',1,1,'2021-03-11 01:51:08','2021-03-11 04:51:05','14.177.254.135'),(579,'31ar1it4scpav57uulpbn0vk6u',1,1,'2021-03-11 09:45:37','2021-03-11 09:47:02','14.177.254.135'),(580,'kmvtt2tfsalo83tg9sel55gm2r',1,1,'2021-03-15 01:18:52','2021-03-16 03:39:13','14.232.222.218'),(581,'679fjk9fmuglf8olv6rfj6ukpm',1,1,'2021-03-16 03:36:37','2021-03-16 03:38:52','14.232.222.218'),(582,'d56uo59biqjlhit5u46m1f3bm9',1,1,'2021-03-16 04:57:41','2021-03-16 04:57:41','14.232.222.218'),(583,'7qshnb1rcls1m9higeisoulpdl',1,1,'2021-03-16 04:58:17','2021-03-16 12:07:52','14.232.222.218'),(584,'kf94bshlqbhstblh7ano9jtg6g',1,1,'2021-03-16 07:02:09','2021-03-16 07:02:09','14.232.222.218'),(585,'og554fdc231cf8o331fkvurcmp',1,1,'2021-03-16 08:46:36','2021-03-16 08:47:31','14.232.222.218'),(586,'74ounr1glp29a47k56sfpmg5lh',1,1,'2021-03-16 15:17:24','2021-03-16 18:28:02','1.53.190.197'),(587,'128v8rolmdhuvsjshlhsr0occn',1,1,'2021-03-17 01:13:11','2021-03-17 11:07:19','14.232.222.218'),(588,'un67g1tme9so1v65ti61f4n55o',1,1,'2021-03-17 10:04:11','2021-03-17 10:41:31','14.232.222.25'),(589,'el30c5sta8m2lvng6suoqo9m00',1,1,'2021-03-17 12:13:50','2021-03-17 12:32:18','14.232.222.25'),(590,'uat9uab2maocpiv1a3sct60qt1',1,1,'2021-03-17 14:30:57','2021-03-17 16:54:03','118.71.64.12'),(591,'31egcmj85p876m44sdg3hdtnvv',1,1,'2021-03-18 01:23:30','2021-03-18 10:50:59','14.232.222.25'),(592,'7m8sol5ljc0lumo7hiqr8pe1bn',1,1,'2021-03-18 02:45:24','2021-03-18 07:32:58','14.232.222.25'),(593,'ckhtmc5jl35gng6imjiktdbmjp',1,1,'2021-03-18 09:22:25','2021-03-18 09:22:25','14.232.222.25'),(594,'ovqbdh1f8cgia2dtmheq7sn76e',1,1,'2021-03-18 11:20:48','2021-03-18 12:55:43','14.232.222.25'),(595,'af0986metjlcf5jsse175o8jem',1,1,'2021-03-19 01:16:18','2021-03-19 07:07:45','14.232.222.25'),(596,'h5hlunbi0505mqbvk3ql03fibq',1,1,'2021-03-19 02:02:38','2021-03-19 02:03:48','14.232.222.25'),(597,'dvj0l73eev68kpa9u49flqv85i',1,1,'2021-03-19 09:03:23','2021-03-19 09:03:23','14.232.222.25'),(598,'jmru1v9blu3rl4qpd2des56io7',1,1,'2021-03-20 01:44:24','2021-03-20 01:45:27','14.232.222.25'),(599,'v1marqvvae5992q4klrla690bb',1,1,'2021-03-20 02:05:02','2021-03-20 09:48:23','14.232.222.25'),(600,'tngk2ojaogqo6146eua1a66ema',1,1,'2021-03-22 02:17:30','2021-03-22 02:26:46','14.232.222.25'),(601,'hbc1hm2koq0m9j9sfmv45pl5f6',1,1,'2021-03-22 04:35:58','2021-03-22 06:34:41','14.232.222.25'),(602,'52f81e74vkqfnoe0dmegqk3enm',1,1,'2021-03-22 08:47:03','2021-03-24 09:13:08','14.232.222.25'),(603,'olap22tomqusor8vq7t2jsh7eq',1,1,'2021-03-25 01:31:07','2021-03-29 04:33:47','14.232.222.25'),(604,'d0ek4pmahvg8808fdtmlq9q6ad',1,1,'2021-03-25 01:40:03','2021-03-25 01:50:45','14.232.222.25'),(605,'2condks2b1h7qief74odm57b80',1,1,'2021-03-29 05:01:32','2021-03-30 08:39:20','14.231.142.104'),(606,'hbloltkqq4hs2c1j9ikd016vnl',1,1,'2021-03-29 07:38:41','2021-03-30 01:28:32','14.231.142.104'),(607,'he0qcre2on5trcatq2rggrp2er',4,1,'2021-03-30 01:31:28','2021-03-30 01:32:44','14.231.142.104'),(608,'kkvam6aobhurgonf5heeu23877',1,1,'2021-03-30 02:54:18','2021-03-30 03:31:24','14.231.142.104'),(609,'h8gg2rv9mk0mg8hs8e0a8aucb2',4,1,'2021-03-30 04:46:17','2021-03-30 04:46:17','14.231.142.104'),(610,'nhj1nfp39q98j01fkt8nnf6rei',1,1,'2021-03-30 08:25:55','2021-03-30 08:26:58','14.231.142.104'),(611,'htphgu9cmbre59up751jkt9a1i',1,1,'2021-03-31 01:46:08','2021-04-01 03:19:01','14.231.142.104'),(612,'8iidkguellddpmtc389efnsccl',4,1,'2021-04-01 03:57:06','2021-04-01 04:02:19','14.231.142.104'),(613,'9sbrlh202qrotnli76d4qfbfv4',1,1,'2021-04-01 07:21:42','2021-04-01 07:48:35','14.231.142.104'),(614,'5squ96141nf1ufcvol6scee6se',1,1,'2021-04-01 07:22:57','2021-04-01 07:28:02','14.231.142.104'),(615,'k1gl560tlo142pmkbqh7qjvd8f',1,1,'2021-04-01 10:04:19','2021-04-01 10:35:06','14.231.142.104'),(616,'hh2otdpej3c121kaarh4sr6qh1',5,1,'2021-08-06 14:52:54','2021-08-06 14:56:24','94.128.86.58'),(617,'7ujp8am8t0n7kdrsf4op99eep4',5,1,'2021-08-06 18:25:51','2021-08-06 19:00:22','94.128.86.58'),(618,'cdc3nn71th238p8juaqeeq3e4t',5,1,'2021-08-06 19:56:30','2021-08-06 20:47:39','94.128.86.58'),(619,'h3uhf257alcjmq1lrslepgj86u',5,1,'2023-02-12 09:26:25','2023-02-12 10:20:41','2.49.1.130'),(620,'rg8e2j1o3g86npmrmoo9e2p1je',5,1,'2023-02-13 11:26:31','2023-02-13 11:28:45','2.49.1.130');

--
-- Table structure for table `adminnotification_inbox`
--

CREATE TABLE `adminnotification_inbox` (
  `notification_id` int(10) unsigned NOT NULL AUTO_INCREMENT COMMENT 'Notification ID',
  `severity` smallint(5) unsigned NOT NULL DEFAULT '0' COMMENT 'Problem type',
  `date_added` timestamp NOT NULL DEFAULT CURRENT_TIMESTAMP COMMENT 'Create date',
  `title` varchar(255) NOT NULL COMMENT 'Title',
  `description` text COMMENT 'Description',
  `url` varchar(255) DEFAULT NULL COMMENT 'Url',
  `is_read` smallint(5) unsigned NOT NULL DEFAULT '0' COMMENT 'Flag if notification read',
  `is_remove` smallint(5) unsigned NOT NULL DEFAULT '0' COMMENT 'Flag if notification might be removed',
  PRIMARY KEY (`notification_id`),
  KEY `ADMINNOTIFICATION_INBOX_SEVERITY` (`severity`),
  KEY `ADMINNOTIFICATION_INBOX_IS_READ` (`is_read`),
  KEY `ADMINNOTIFICATION_INBOX_IS_REMOVE` (`is_remove`)
) ENGINE=InnoDB AUTO_INCREMENT=88 DEFAULT CHARSET=utf8 COMMENT='Adminnotification Inbox';

--
-- Dumping data for table `adminnotification_inbox`
--

INSERT INTO `adminnotification_inbox` VALUES (1,4,'2019-02-22 03:49:37','FAQ: How to configure &quot;read more&quot; in your Magento 2 blog post',' If you still don\'t know how to configure read more functionality in your magento 2 blog post, please read this article.\n                Online documentation for Magento 2 blog extension is also available on our website. http://goo.gl/XOEdpy ','http://magefan.com/blog/add-read-more-tag-to-blog-post-content/?from=notification1',0,0),(2,1,'2019-03-01 20:19:18','Action required: Update Authorize.Net Direct Post from MD5 to SHA-512 – 3/1/2019','Magento\'s implementation of the Authorize.Net Direct Post payment method uses MD5 based hash, and on March 14, 2019 Authorize.net will stop supporting MD5 based hash usage. This will result in Magento merchants not being able to process payments using Authorize.Net Direct Post. To avoid disruption and to continue processing payments, merchants need to apply a patch provided by Magento and add a Signature Key (SHA-512) in the Magento Admin configuration settings. For information on applying this patch please see the Magento Help Center.\n\nhttps://support.magento.com/hc/en-us/articles/360024368392','https://support.magento.com/hc/en-us/articles/360024368392',0,0),(3,4,'2019-03-20 03:53:15','Is it time to take your Magento Open Source commerce to the next level? ','We’re here to help! Magento Commerce Cloud gives you access to Page Builder, a powerful drag-and-drop content creation and editing tool that allows you to quickly design, test and launch new content with no coding or developer support required. Check it out with a free demo today.  http://bit.ly/2HwGsBs ','http://bit.ly/2HwGsBs',0,0),(4,4,'2019-03-25 20:26:07','We’re here to help grow your business and take your commerce strategy to the next level.  ','Is it time to graduate from Magento Open Source and take the next step in your growth? Magento Commerce Cloud gives you out of the box content creation capabilities with our Page Builder tool, mobile responsive layouts, measurement and management tools, and so much more. Get a no obligation demo today. http://bit.ly/2HwGsBs ','http://bit.ly/2HwGsBs ',0,0),(5,1,'2019-03-26 18:05:01','Magento Open Source 2.3.1 delivers Powerful New Merchant and Developer Experience Enhancements – 3/26/2019','The latest release of Magento Open Source empowers merchants to act more quickly, operate more efficiently, and scale their businesses. Magento 2.3.1 also delivers important security enhancements and performance improvements. With these important updates we strongly recommend that you upgrade to ensure your sites maintain the highest level of security. You can review the release notes for more information about all of the enhancements.','https://devdocs.magento.com/guides/v2.3/release-notes/bk-release-notes.html',0,0),(6,4,'2019-03-27 22:47:30','2019: Your Time to Join the Progressive Web App Movement ','Progressive Web App technology is enabling smarter, faster mobile shopping experiences. Forrester presents their latest findings on this next-generation technology, now available on Magento Commerce 2. Read the report and reshape your customers mobile engagement. \nLearn more: http://bit.ly/2W5r4zg ','http://bit.ly/2W5r4zg  ',0,0),(7,4,'2019-04-10 20:16:37','How low can your commerce Total Cost of Ownership go?','Magento provides multiple eCommerce offerings with unique benefits. The question becomes: Is your free version of Magento Open Source the best option for your business and budget? Properly evaluate the all-in costs of software, development, upkeep and support needs with this free guide: http://bit.ly/2WLcNIz ','http://bit.ly/2WLcNIz',0,0),(8,4,'2019-04-18 14:18:53','Open Source is great, but is it always a better value? Not necessarily.   ','Let’s shed light on the perception that Magento Open Source is always the cheaper option. Spoiler alert – you may be surprised. Learn how Magento Commerce accelerates time to market, simplifies content creation, scales with your business and more in our myth-busting guide: http://bit.ly/2COUs5E ','http://bit.ly/2COUs5E',0,0),(9,4,'2019-04-23 22:53:48','Seamlessly add intelligent, global shipping to your Magento store ','Provide the shipping and pickup options required to compete. Meet customer expectations, drive conversion, increase revenue, and lower abandonment. Learn more: http://bit.ly/2DtWitd','http://bit.ly/2DtWitd',0,0),(10,4,'2019-04-24 03:14:58','Deprecation Notice','Catalog Search is currently configured to use the MySQL engine, which has been deprecated. Consider migrating to one of\nthe Elasticsearch engines now to ensure there are no service interruptions during your next upgrade.','',0,0),(11,4,'2019-04-30 22:49:23','Improve customer experience with intelligent, multi-carrier shipping ','Provide the shipping and pickup options required to compete. Meet customer expectations, drive conversion, increase revenue, and lower abandonment. Learn more: http://bit.ly/2DtWitd ','http://bit.ly/2DtWitd ',0,0),(12,4,'2019-05-02 21:41:03','7 Secrets to a Successful Migration: How Beer Hawk Upgraded from Magento Open Source 1 to Magento Commerce 2','Find out how Beer Hawk, a leading online craft beer retailer, experienced explosive growth after upgrading to Magento Commerce 2 in only 3 months. Joined by their solutions partner, Pinpoint, learn about the challenges they faced, the things they wished they would have known in advance, and how this new platform is enabling the rapid expansion of omnichannel bars and subscription models. Attend Magento Imagine 2019. Learn more: http://bit.ly/2vBledY','http://bit.ly/2vBledY',0,0),(13,4,'2019-05-05 21:05:29','Drive cart conversion and revenue with Magento Shipping','Provide the shipping and pickup options required to compete. Meet customer expectations, drive conversion, increase revenue, and lower abandonment. Learn more: http://bit.ly/2DtWitd','http://bit.ly/2DtWitd',0,0),(14,4,'2019-05-10 21:29:49','Magento Shipping easily connects you with global shipping carriers ','Provide the shipping and pickup options required to compete. Meet customer expectations, drive conversion, increase revenue, and lower abandonment. Learn more: http://bit.ly/2DtWitd','http://bit.ly/2DtWitd',0,0),(15,4,'2019-05-13 17:49:35','New Google Shopping Ads Channel Extension Available','Connect with a new, powerful Magento-developed extension for Open Source 2.2.4+ users via the Magento Marketplace: Google Shopping Ads Channel! With Google Shopping Ads Channel you can connect your Magento store with Google Merchant Center and Google Ads seamlessly; and run Smart Shopping campaigns to cost-effectively reach and convert more shoppers. Download the extension for free. ','http://marketplace.magento.com/magento-google-shopping-ads.html',0,0),(16,4,'2019-05-22 18:55:29','New Amazon Sales Channel Extension Available','Connect with a new, powerful Magento-developed extension for Open Source 2.2.4+ users via the Magento Marketplace: Amazon Sales Channel! Merchants around the world can use this extension to sell their products to millions of shoppers on the U.S., Canada, and Mexico Amazon marketplaces. The extension allows for seamless integration of your product catalog, inventory, and order information with Amazon. Download the extension for free. ','http://marketplace.magento.com/magento-module-amazon.html',0,0),(17,3,'2019-05-30 07:27:11','New version 2.8.10 of Magefan Magento 2 Blog Extension is now available.',' You can download the new version from Magefan Store or update it via composer. Get us in touch if you need our help with an update or you have any questions.\n                                https://magefan.com/magento2-blog-extension?version=2.8.10\n                             ','https://magefan.com/magento2-blog-extension?version=2.8.10',0,0),(18,4,'2019-06-13 18:29:36','How low can your commerce Total Cost of Ownership go?  ','Magento provides multiple eCommerce offerings with unique benefits. The question becomes: Is your free version of Magento Open Source the best option for your business and budget? Properly evaluate the all-in costs of software, development, upkeep and support needs with this free guide: http://bit.ly/2XMWGLw','http://bit.ly/2XMWGLw',0,0),(19,1,'2019-06-25 16:09:17','Important Security and Performance Updates Released in Magento 2.3.2','The latest releases of Magento include important security enhancements along with performance and productivity improvements. We strongly recommend that you upgrade to ensure your sites maintain the highest level of security. You can review the release notes for more information about all of the enhancements and information on security updates included in these versions of Magento at our Security Center: https://magento.com/security/','https://devdocs.magento.com/guides/v2.3/release-notes/bk-release-notes.html',0,0),(20,4,'2019-07-16 15:39:08','Webinar: Power Your Marketing in Magento with Google Shopping ads Channel','Join us on Wednesday, July 31, 2019 to discover how to reach more customers and improve ROI while simplifying your Google advertising operations – all from the Magento admin – with Google Shopping ads Channel. During this 45-minute webinar you’ll learn how you can seamlessly connect your Magento store with Google Merchant Center (GMC) and Google Ads, sync your product catalog and inventory with GMC so you never have to worry about advertising out-of-stock products or inaccurate pricing, and get the most out of your Smart Shopping campaigns with our campaign’s best practices. Two convenient webinar times – 8:00am PDT and 5:00pm PDT. Register today!','https://magento.com/resources/power-your-marketing-in-magento-google-shopping-ads-channel',0,0),(21,3,'2019-07-31 03:33:13','New version 2.9.0 of Magefan Magento 2 Blog Extension is now available.',' You can download the new version from Magefan Store or update it via composer. Get us in touch if you need our help with an update or you have any questions.\n                                https://magefan.com/magento2-blog-extension?version=2.9.0\n                             ','https://magefan.com/magento2-blog-extension?version=2.9.0',0,0),(22,1,'2019-08-08 13:28:15','PSD2 Compliance Deadline: 09/14/2019','On September 14, the new Payment Services Directive (PSD2) will go into effect for all merchants who sell to customers in the EU. For information on compliance, PSD2 Authentication Standards, and actions that need to be taken prior to the deadline, please see the Magento DevBlog. https://community.magento.com/t5/Magento-DevBlog/3D-Secure-2-0-changes/ba-p/136460','https://community.magento.com/t5/Magento-DevBlog/3D-Secure-2-0-changes/ba-p/136460',0,0),(23,4,'2019-08-23 14:07:14','MagentoLive Europe 2019','Join 2000+ Commerce Innovators for MagentoLive Europe in Amsterdam from 22-23 October. Register Now!','https://live-eu.magento.com/',0,0),(24,4,'2019-08-27 14:06:49','Breaking news! Adobe (Magento) is recognized by Gartner as a Leader based on Magento Commerce in the 2019 Magic Quadrant for Digital Commerce. ','Learn why Magento Commerce is a Leader for a third year in a row and continues to move because of our ability to execute. Read the full report: http://bit.ly/2Zj3CVs','http://bit.ly/2Zj3CVs',0,0),(25,4,'2019-10-01 16:15:34','It’s time to take your operations in a new direction by diversifying your revenue streams. ','We’ve got five ways you can effortlessly boost sales while reaching a wider audience. Download this informative guide and start fast-tracking your revenue growth today. Link: http://bit.ly/2m6svAN','http://bit.ly/2m6svAN',0,0),(26,4,'2019-10-08 18:50:49','It’s time to get your digital business out of the slow lane. ','Accelerate your revenue growth and drive customer satisfaction with these 5 must-have eCommerce features. Download this informative guide: http://bit.ly/2lLFOX6','http://bit.ly/2lLFOX6',0,0),(27,1,'2019-10-09 19:59:13','Magento Open Source 2.3.3 delivers important security updates along with performance and functionality enhancements – 10/9/2019 ','The latest release of Magento Open Source 2.3.3, Magento Open Source 2.2.10 and our new security-only patch 2.3.2-p2 are now available. Magento Open Source 2.3.3 includes important security enhancements along with new features, improved performance, and quality. With these important updates we strongly recommend that you upgrade to ensure your sites maintain the highest level of security. You can review the release notes for more information about all of the enhancements. For more information about security updates included in these versions of Magento please see our Security Center: https://magento.com/security/','https://devdocs.magento.com/guides/v2.3/release-notes/bk-release-notes.html',0,0),(28,1,'2019-10-14 15:58:01','Important hotfix for Magento Open Source 2.3.3','A hotfix for Magento Open Source 2.3.3 has been published to address an issue related to Elasticsearch that may present itself during or after upgrading to our latest 2.3.3 release. We strongly recommend that everyone upgrading to 2.3.3, download and apply this hotfix prior to deployment. For more information please visit our release notes. https://devdocs.magento.com/guides/v2.3/release-notes/bk-release-notes.html ','https://devdocs.magento.com/guides/v2.3/release-notes/bk-release-notes.html',0,0),(29,4,'2019-10-23 12:49:48','eBook: Advanced Strategies for Fast-Tracking Revenue Growth','Take your business in a new direction by selling more to a larger audience. Our guide explains 5 ways you can quickly add new revenue streams to your business. Link here: http://bit.ly/2m6svAN','http://bit.ly/2m6svAN',0,0),(30,3,'2019-11-06 04:09:42','New version 2.9.1 of Magefan Magento 2 Blog Extension is now available.',' You can download the new version from Magefan Store or update it via composer. Get us in touch if you need our help with an update or you have any questions.\n                                https://magefan.com/magento2-blog-extension?version=2.9.1\n                             ','https://magefan.com/magento2-blog-extension?version=2.9.1',0,0),(31,4,'2019-11-06 04:09:42','NEW Magento 2 Alternate Hreflang Tags Extension with Better Store Switcher\n',' Do you manage Magento multi-language store without using Hreflang tags? You should definitely enable them. ','https://magefan.com/magento2-alternate-hreflang-extension',0,0),(32,4,'2020-01-13 18:02:52','eCommerce is an ocean of opportunity. Take our quiz and find out if you are a pilot fish, octopus, or shark.','Find out if you’re ready to sell with the big fish by taking our brief quiz designed to identify your competitive selling potential. Answer our set of quick questions to see where you stack up and receive personalized resources to give your digital growth strategy some teeth. http://bit.ly/2NkNvhS','http://bit.ly/2NkNvhS',0,0),(33,4,'2020-01-21 17:05:32','2020 goal: Is your product content keeping up with your customers?','Magento Page Builder gives you fast content updates and even faster growth. Download our eBook to learn more. Link here: http://bit.ly/2NyTuQf','http://bit.ly/2NyTuQf',0,0),(34,4,'2020-01-27 16:01:40','Learn The 6 Sweet Features Behind Every Irresistible eCommerce Experience. ','92% percent of online shoppers call it quits before checkout over poor site performance. Discover the six essential features your commerce platform needs to create truly memorable customer moments. Link here: http://bit.ly/2RrcS4d\n','http://bit.ly/2RrcS4d',0,0),(35,1,'2020-01-28 20:09:22','Magento Open Source 2.3.4 delivers important security updates and features to help you build a more engaging customer experience – 1/28/2020','The latest releases of Magento Open Source – 2.3.4, 2.3.3-p1, and 2.2.11 – are now generally available. The latest release of Magento Open Source includes important security enhancements along with new functionality and platform quality improvements. With these important updates we strongly recommend that you upgrade to ensure your sites maintain the highest level of security. You can review the release notes for more information about all of the enhancements. Learn how this release can help you build a more engaging customer experience at Magento.com/blog.','https://devdocs.magento.com/guides/v2.3/release-notes/bk-release-notes.html',0,0),(36,4,'2020-02-03 19:53:41','You are invited: Seize the New Year– 5 Growth Strategies for 2020.','Join us for a live webinar on February 13th with Magento experts Shannon Hane and Matthew Wasley from Adobe to learn the latest eCommerce strategies to accelerate revenue growth in 2020. Register today: http://bit.ly/2GPpb4b','http://bit.ly/2GPpb4b',0,0),(37,4,'2020-02-10 16:41:26','Are you putting off integrating your ERP and eCommerce?','Get started on the journey to a more integrated and profitable eCommerce business. Download our comprehensive guide, eCommerce + ERP: Better Together. http://bit.ly/33XMHVV','http://bit.ly/33XMHVV',0,0),(38,4,'2020-02-12 15:11:23','Join Tomorrow&#039;s Webinar: Seize the New Year– 5 Growth Strategies for 2020.','Join us for a live webinar tomorrow, February 13th with Magento experts Shannon Hane and Matthew Wasley from Adobe to learn the latest eCommerce strategies to accelerate revenue growth in 2020. Register today: http://bit.ly/2GPpb4b','http://bit.ly/2GPpb4b',0,0),(39,3,'2020-02-19 03:07:07','New version 2.9.2 of Magefan Magento 2 Blog Extension is now available.',' You can download the new version from Magefan Store or update it via composer. Get us in touch if you need our help with an update or you have any questions.\n                                    https://magefan.com/magento2-blog-extension?version=2.9.2\n                                 ','https://magefan.com/magento2-blog-extension?version=2.9.2',0,0),(40,4,'2020-02-19 08:17:40','Disable Notice','To improve performance, collecting statistics for the Magento Report module is disabled by default. \nYou can enable it in System Config.','',0,0),(41,3,'2020-08-07 13:59:43','New version 2.9.6 of Magefan Magento 2 Blog Extension is now available.',' You can download the new version from Magefan Store or update it via composer. Get us in touch if you need our help with an update or you have any questions.\n                                    https://magefan.com/magento2-blog-extension?version=2.9.6\n                                 ','https://magefan.com/magento2-blog-extension?version=2.9.6',0,0),(42,4,'2020-08-07 13:59:43','NEW Magento 2 Multi-Blog Extension ',' Magento 2 Multi Blog extension is the extension that allows you to have 2 separate blogs on your Magento 2 store and manage them from one admin panel. This extension could be useful for those who already use Magento 2 Blog and want to improve their store with the second blog. ','https://magefan.com/magento-2-multi-blog-extension',0,0),(43,4,'2020-08-07 20:57:02','The Essentials of an Unforgettable Customer Experience','Learning what’s shaping tomorrow’s shopping experiences is essential for growth. Download our eBook full of advice about crafting a better buying journey using Magento Commerce and other key technologies. Download now: https://bit.ly/31tNXkq','https://bit.ly/31tNXkq',0,0),(44,4,'2020-08-11 16:54:10','Turn your website into a conversion machine. Don&#039;t miss this week&#039;s webinar on Aug 13th! ','Join us on Aug 13 for our webinar: Is Your Website Selling As Much As It Can? Adobe Digital Strategist Ereika Stimley and eCommerce Consultant Corey Gelato will walk you through a website self-assessment and live demo that will help you uncover opportunities to increase conversions and grow revenues. Register now: https://bit.ly/2PcjcL3','https://bit.ly/2PcjcL3',0,0),(45,4,'2020-08-24 17:19:20','We would love your input on Magento Payments','We value the perspective of our users and we would appreciate if you took this short survey on Magento Payments. Your response will influence the design of the next generation Magento Payments solution. https://bit.ly/2CXZro2','https://bit.ly/2CXZro2',0,0),(46,4,'2020-09-14 13:33:10','Get real-time insights into the security status of the store​ with Enhanced Security Scan Tool.','The Enhanced Magento Security Scan Tool provides our on-prem and cloud merchants with real-time insights into the security status of their store by proactively notifying them if their store is vulnerable. ','https://account.magento.com/scanner ',0,0),(47,4,'2020-09-14 13:37:29','Now Available: Magento Quality Patch (MQP) tool to identify and resolve issues more quickly','The introduction of the MQP tool provides a way for you to know which quality patches are available for you installed version and apply or revert them giving you self-service access to resolve issues more quickly.','https://support.magento.com/hc/en-us/articles/360047139492-Magento-Quality-Patches-released-a-new-tool-to-self-serve-quality-patches',0,0),(48,4,'2020-09-16 18:03:56','Free 25-Point Website Evaluation for Magento Open Source Users','​Reach out to us today to get your free 25-point site assessment to identify top conversion drivers and turn your website into a conversion machine.​ Our team of experts will evaluate your site and identify specific areas for conversion improvements. https://bit.ly/3lcgILt','https://bit.ly/3lcgILt',0,0),(49,3,'2020-09-17 07:19:57','New version 2.9.6 of Magefan  Magento 2 Блог Модуль is now available.',' You can download the new version from Magefan Store or update it via composer. Get us in touch if you need our help with an update or you have any questions.\n                                    https://magefan.com/magento-2-blog-modul?version=2.9.6\n                                 ','https://magefan.com/magento-2-blog-modul?version=2.9.6',0,0),(50,4,'2020-09-21 17:18:39','New resource updates to the Open Source page on Magento.com. ','Check out the updated Open Source page on Magento.com. Learn how to maximize your Open Source store, discover offers for Open Source merchants, and view comparison charts between Open Source and Magento Commerce. Go to page: https://adobe.ly/3kCB5jW','https://adobe.ly/3kCB5jW',0,0),(51,4,'2020-09-25 01:48:09','Don&#039;t miss Adobe Developer&#039;s Live: Commerce which brings together developers and experience builders in a one-day free conference on Monday, Sept 28th. ','The one-day free conference will feature important Magento developer updates, technical sessions and community networking opportunities. Adobe product teams across Adobe Experience Cloud will showcase the latest tech advances and developer tools powering customer experience management across industries. Register now: https://bit.ly/3hYzbrX','https://bit.ly/3hYzbrX',0,0),(52,4,'2020-08-11 16:54:10','Turn your website into a conversion machine. ','Join us on Aug 13 for our webinar: Is Your Website Selling As Much As It Can? Adobe Digital Strategist Ereika Stimley and eCommerce Consultant Corey Gelato will walk you through a website self-assessment and live demo that will help you uncover opportunities to increase conversions and grow revenues. Register now: https://bit.ly/2PcjcL3','https://bit.ly/2PcjcL3',0,0),(53,4,'2020-09-28 22:07:26','Is Your Website Selling as Much as It Can? Watch our on-demand webinar and learn how to turn your website into a conversion machine.','Watch our on-demand webinar: Is Your Website Selling As Much As It Can? Digital Strategist Ereika Stimley and eCommerce Consultant Corey Gelato will walk you through a website self-assessment and live demo that will help you uncover opportunities to increase conversions and grow revenues. Watch now: https://bit.ly/2EAujMc','https://bit.ly/2EAujMc',0,0),(54,4,'2020-10-06 16:53:57','[Commerce Webinar] Is Your Website Ready for the 2020 Holiday Season?','Join us for a fireside chat on October 15th to learn how to prepare for the increase in web traffic during the holiday months. Anthony Potgieter, Senior Manager of E-Commerce for Wyze, and Slava Kravchuk, Founder and CEO of Atwix will discuss their top tips for succeeding this holiday season. Register today: https://bit.ly/33wzXbC','https://bit.ly/33wzXbC',0,0),(55,4,'2020-10-06 16:53:57','[Webinar] Is your site to ready to handle spikes in traffic and transactions? ','Your site speed can make or break your conversion rate this holiday season and beyond. Join us on October 15th for a fireside chat &quot;Is Your Website Ready for the 2020 Holiday Season?&quot; to learn what Commerce features you must have, and how to scale your webstore to maximize conversion rates. If you can&#039;t make the live webinar, be sure to register anyway and we&#039;ll send you the recording and slides afterward. Register today: https://bit.ly/33wzXbC','https://bit.ly/33wzXbC',0,0),(56,4,'2020-10-13 14:23:08','[Last Chance To Register] Is your website ready for major growth?','Explosive growth can happen any time. Is your website ready? Join us on October 15th for a fireside chat to learn how to scale your webstore and prepare for spikes in web traffic during the holidays and beyond. If you can&#039;t make the live webinar, register anyway and we&#039;ll sending the recording afterward. Register now: https://bit.ly/33wzXbC','https://bit.ly/33wzXbC',0,0),(57,4,'2020-11-02 16:19:52','2021 Planning - reach out to us today to get your free site assessment to identify top conversion drivers.  ','Considering moving to Magento Commerce in 2021? Would you like a demo or free site assessment? Our team of experts would love to help. Get started now. https://bit.ly/3lcgILt','https://bit.ly/3lcgILt',0,0),(58,4,'2020-11-04 14:28:07','Please help prioritize our roadmap - SHORT survey','We are looking to better understand how we can help you manage all of your digital ecommerce from one place. Please help us prioritize our roadmap! Very short survey is here! http://selfserve.decipherinc.com/survey/selfserve/9d5/201000','http://selfserve.decipherinc.com/survey/selfserve/9d5/201000',0,0),(59,4,'2020-11-23 19:59:51','Upgrade to Magento Commerce quickly with Rapid Deployment Packages','Our experienced solution partners offer special design and implementation packages for businesses to upgrade their site quickly and cost effectively. Learn More: https://adobe.ly/3nqaXKx','https://adobe.ly/3nqaXKx',0,0),(60,4,'2020-12-01 22:02:47','[Video] Fuel Your Business Growth with Magento Commerce','Follow along as our friends at Goodacre Farm &amp; Supply transform their business into a cloud-based eCommerce machine with easy content creation, support for multiple web stores, and personalized product recommendations. Watch Now: https://bit.ly/3m8S2mW','https://bit.ly/3m8S2mW',0,0),(61,4,'2020-12-07 16:29:27','SURVEY: Business Financing and Support','Please complete if you are responsible for your business finances. We&#039;d like to hear from you about your past and future business financing needs. Strictly confidential.','http://selfserve.decipherinc.com/survey/selfserve/9d5/g30c/201100',0,0),(62,4,'2020-12-11 00:37:39','Experience the new Interactive Tour to compare Open Source and Magento Commerce.','Create closer consumer connections in the New Year. Explore our interactive product simulation and learn how Magento Commerce delivers everything you need to drive growth in an increasingly competitive online market. https://adobe.ly/3okS1wS','https://adobe.ly/3okS1wS',0,0),(63,3,'2020-12-12 02:06:25','New version 2.9.7 of Magefan Magento 2 Blog Extension is now available.',' You can download the new version from Magefan Store or update it via composer. Get us in touch if you need our help with an update or you have any questions.\n                                    https://magefan.com/magento2-blog-extension?version=2.9.7\n                                 ','https://magefan.com/magento2-blog-extension?version=2.9.7',0,0),(64,4,'2021-01-08 21:35:55','Happy new year! Is Your Website Selling as Much as It Can? Watch our on-demand webinar and learn how to turn your website into a conversion machine.','Watch our on-demand webinar: Is Your Website Selling As Much As It Can? Digital Strategist Ereika Stimley and eCommerce Consultant Corey Gelato will walk you through a website self-assessment and live demo that will help you uncover opportunities to increase conversions and grow revenues. Watch now: https://bit.ly/2EAujMc','https://bit.ly/2EAujMc',0,0),(65,4,'2021-01-14 01:32:42','You&#039;re invited to our webinar: Is Magento Commerce or Open Source right for you? ','Magento Commerce and Magento Open Source may sound alike, but each offers sharply distinct benefits. To get the facts, sign up for our webinar Is Magento Commerce or Open Source right for you? at 10:00 AM PT on February 4th. Register now: http://bit.ly/3icfnTM','http://bit.ly/3icfnTM',0,0),(66,4,'2021-02-01 03:43:51','NEW Magento 2 Zero Downtime Deployment Extension.',' Do you hate to see when your store is broken while running Magento 2 deployment commands? Install New Zero Downtime Deployment extension and forget about it. Deploy new features and bug fixes without interrupting your customers.','https://magefan.com/magento-2-zero-downtime-deployment?from=ntf-new',0,0),(67,4,'2021-02-10 15:06:05','Magento Commerce 2.4.2 delivers important security updates and features to help secure and optimize your store','Magento Open Source 2.4.2, along with security-only patches 2.3.6-p1 and 2.4.1-p1, is now generally available. The latest release of Magento Open Source includes important security enhancements along with new functionality and platform quality improvements. With these important updates we strongly recommend that you upgrade to ensure your sites maintain the highest level of security. You can review the release notes for more information about all of the enhancements. Learn how this release can help you save time and maximize resources at Magento.com/blog. ','https://devdocs.magento.com/guides/v2.4/release-notes/bk-release-notes.html',0,0),(68,4,'2021-02-10 15:08:37','Register now for Summit 2021 and stay ahead of commerce trends ','Learn best practices from digital commerce experts during two days of live keynotes, sessions, and sneak peeks. Understand the latest digital commerce trends, discover industry best practices, and network with peers around the world. Register now!','https://summit.adobe.com/na/?utm_source=m1o&amp;utm_medium=rss&amp;utm_campaign=NA_210427_12576_RSS_EVTR_ACOM_FM_Summit_2021_M1_OS',0,0),(69,4,'2021-02-22 23:52:27','Quarterly Business Planning - reach out to us today to get your free site assessment to ensure your commerce growth needs are being met in 2021.','Would you like a free site assessment? Our best-in-breed commerce solution gives your business unmatched agility and scalability. It&#039;s time to experience limitless eCommerce with no comprises. Learn more: https://bit.ly/3lcgILt','https://bit.ly/3lcgILt',0,0),(70,4,'2021-02-22 23:52:27','Quarterly Business Planning - reach out to us today to get your free site assessment.','Would you like a free site assessment? Our best-in-breed commerce solution gives your business unmatched agility and scalability. It&#039;s time to experience limitless eCommerce with no comprises. Learn more: https://bit.ly/3lcgILt','https://bit.ly/3lcgILt',0,0),(71,3,'2021-02-25 02:53:45','New version 2.9.8 of Magefan Magento 2 Blog Extension is now available.',' You can download the new version from Magefan Store or update it via composer. Get us in touch if you need our help with an update or you have any questions.\n                                    https://magefan.com/magento2-blog-extension?version=2.9.8\n                                 ','https://magefan.com/magento2-blog-extension?version=2.9.8',0,0),(72,4,'2021-03-23 00:33:54','You&#039;re invited to our webinar this week: How digital commerce can scale B2B selling','Digital commerce is fast becoming the default way to buy—even for B2B customers. In just 8 weeks, Byrne Electrical, the leading manufacturer of power and data solutions for numerous industries, launched an eCommerce portal for more than 1,100 of their customers. To learn how they did it, join George Fabis, Director of IT for Byrne, and Slava Kravchuk, CEO &amp; Founder of Atwix, a Magento Commerce solutions partner, for a live discussion on Thursday, March 25. Register Now: https://bit.ly/3r1MCvG','https://bit.ly/3r1MCvG',0,0),(73,3,'2021-08-06 14:52:55','New version 2.10.2 of Magefan Magento 2 Blog Extension is now available.',' You can download the new version from Magefan Store or update it via composer. Get us in touch if you need our help with an update or you have any questions.\n                                    https://magefan.com/magento2-blog-extension?version=2.10.2\n                                 ','https://magefan.com/magento2-blog-extension?version=2.10.2',0,0),(74,4,'2021-08-10 17:53:11','Magento Open Source 2.4.3 available today!','Magento Open Source 2.4.3, along with security-only patches 2.4.2-p1 and 2.3.7-p2, is now generally available. Magento Open Source 2.4.3 includes 33 security and 370+ quality improvements, along with performance and scale enhancements.  With these important updates, we strongly recommend that you upgrade to maintain the highest level of security for your sites. Learn how this release can help you save time and maximize resources in our release blog. ','http://magento.com/blog/magento-news/get-ready-your-peak-season-adobe-commerce-243',0,0),(75,4,'2021-10-01 14:44:47','New, Simplified Upgrade Process and Lifecycle Policy Helps Reduce Your TCO ','Adobe Commerce developed a new release strategy and updated its lifecycle policy in effort to help Merchants lower their total cost of ownership and accelerate their time to innovation. Learn more about how upgrades are now more predictable and easier to implement in our blog.','https://magento.com/blog/accelerating-innovation-through-simplified-release-strategy',0,0),(76,4,'2021-10-22 19:06:48','Magento Technology Stack Evaluation Survey','Please take a few minutes to fill out this survey https://forms.office.com/r/DLN8K3h2h0. We appreciate your effort to support the future of Adobe Commerce!','https://forms.office.com/r/DLN8K3h2h0',0,0),(77,2,'2022-02-17 16:49:28','Security update available for Adobe Commerce | APSB22-12','Adobe has released security updates for Adobe Commerce and Magento Open Source. These updates resolve vulnerabilities rated critical. Full details included in security bulletin.','https://helpx.adobe.com/security/products/magento/apsb22-12.html',0,0),(78,2,'2022-03-01 23:33:53','Magento Open Source 2.4.4 Coming April 12','To help ensure this release delivers the highest standards of security and quality, general availability of Magento Open Source is now planned for April 12. For more information, visit our DevBlog. ','https://community.magento.com/t5/Magento-DevBlog/Adobe-Commerce-2-4-4-Now-Coming-April-12/ba-p/492935',0,0),(79,2,'2022-04-12 16:52:58','Magento Open Source 2.4.4 Available Now!','Magento Open Source 2.4.4 enables customers to future-proof and accelerate the growth of their digital commerce businesses. This release is our fastest and most scalable version ever, with increased GraphQL API coverage for several Admin features, as well as new capabilities to PWA Studio 12.3.  Learn how this release can help you save time and maximize resources in our release blog. ','https://business.adobe.com/blog/perspectives/future-proof-your-business-with-adobe-commerce-2-4-4',0,0),(80,4,'2022-05-24 15:06:25','Prepared to upgrade to Magento Open Source 2.4.4?','With 2.3 end of support (EOS) in September and 2.4.0-2.4.3 EOS in November, it is critical to have an upgrade plan in place to make sure your site stays secure, performant and PCI-Compliant. Learn more about how Magento Open Source 2.4.4 will future-proof your business.','https://business.adobe.com/blog/perspectives/future-proof-your-business-with-adobe-commerce-2-4-4',0,0),(81,4,'2022-07-26 16:18:18','Expanded video library on the Adobe Commerce Experience League','Check out our expanded video library on the Adobe Commerce Experience League that now has a set of 35 short demo videos of our core Adobe Commerce capabilities and support tools.','https://experienceleague.adobe.com/docs/commerce-learn/tutorials/overview.html?lang=en',0,0),(82,1,'2022-10-11 16:58:58','Magento Open Source Security Patches Now Available','Adobe is excited to announce that Magento Open Source security-only patches 2.4.5-p1 and 2.4.4-p2 are now available to our entire Commerce Community. In this release, you will find several security enhancements. Refer to the Readying your business for peak season shopping blog for more information and other exciting upgrades. ','https://business.adobe.com/blog/the-latest/readying-your-business-for-peak-season-shopping',0,0),(83,3,'2023-02-12 09:26:27','New version 2.10.11 of Magefan Magento 2 Blog Extension is now available.',' You can download the new version from Magefan Store or update it via composer. Get us in touch if you need our help with an update or you have any questions.\n                                    https://magefan.com/magento2-blog-extension?version=2.10.11\n                                 ','https://magefan.com/magento2-blog-extension?version=2.10.11',0,0),(84,2,'2023-02-12 09:40:58','Your export file is ready','You can pick up your file at export main page','',0,0),(85,2,'2023-02-12 09:59:36','Your export file is ready','You can pick up your file at export main page','',0,0),(86,2,'2023-02-12 10:09:30','Your export file is ready','You can pick up your file at export main page','',0,0),(87,2,'2023-02-12 10:16:57','Your export file is ready','You can pick up your file at export main page','',0,0);

--
-- Table structure for table `adobe_stock_asset`
--

CREATE TABLE `adobe_stock_asset` (
  `id` int(10) unsigned NOT NULL AUTO_INCREMENT COMMENT 'Entity ID',
  `media_gallery_id` int(10) unsigned DEFAULT NULL COMMENT 'Media gallery ID',
  `category_id` int(10) unsigned DEFAULT NULL COMMENT 'Category ID',
  `creator_id` int(10) unsigned DEFAULT NULL COMMENT 'Creator ID',
  `is_licensed` int(10) unsigned NOT NULL DEFAULT '0' COMMENT 'Is Licensed',
  `creation_date` varchar(255) DEFAULT NULL COMMENT 'Creation Date',
  PRIMARY KEY (`id`),
  KEY `ADOBE_STOCK_ASSET_MEDIA_GALLERY_ID_MEDIA_GALLERY_ASSET_ID` (`media_gallery_id`),
  KEY `ADOBE_STOCK_ASSET_ID` (`id`),
  KEY `ADOBE_STOCK_ASSET_CATEGORY_ID` (`category_id`),
  KEY `ADOBE_STOCK_ASSET_CREATOR_ID` (`creator_id`),
  CONSTRAINT `ADOBE_STOCK_ASSET_CATEGORY_ID_ADOBE_STOCK_CATEGORY_ID` FOREIGN KEY (`category_id`) REFERENCES `adobe_stock_category` (`id`) ON DELETE SET NULL,
  CONSTRAINT `ADOBE_STOCK_ASSET_CREATOR_ID_ADOBE_STOCK_CREATOR_ID` FOREIGN KEY (`creator_id`) REFERENCES `adobe_stock_creator` (`id`) ON DELETE SET NULL,
  CONSTRAINT `ADOBE_STOCK_ASSET_MEDIA_GALLERY_ID_MEDIA_GALLERY_ASSET_ID` FOREIGN KEY (`media_gallery_id`) REFERENCES `media_gallery_asset` (`id`) ON DELETE CASCADE
) ENGINE=InnoDB DEFAULT CHARSET=utf8 COMMENT='Adobe Stock Asset';

--
-- Dumping data for table `adobe_stock_asset`
--


--
-- Table structure for table `adobe_stock_category`
--

CREATE TABLE `adobe_stock_category` (
  `id` int(10) unsigned NOT NULL AUTO_INCREMENT COMMENT 'Entity ID',
  `name` varchar(255) DEFAULT NULL COMMENT 'Name',
  PRIMARY KEY (`id`),
  KEY `ADOBE_STOCK_CATEGORY_ID` (`id`)
) ENGINE=InnoDB DEFAULT CHARSET=utf8 COMMENT='Adobe Stock Category';

--
-- Dumping data for table `adobe_stock_category`
--


--
-- Table structure for table `adobe_stock_creator`
--

CREATE TABLE `adobe_stock_creator` (
  `id` int(10) unsigned NOT NULL AUTO_INCREMENT COMMENT 'ID',
  `name` varchar(255) DEFAULT NULL COMMENT 'Asset creator''s name',
  PRIMARY KEY (`id`),
  KEY `ADOBE_STOCK_CREATOR_ID` (`id`)
) ENGINE=InnoDB DEFAULT CHARSET=utf8 COMMENT='Adobe Stock Creator';

--
-- Dumping data for table `adobe_stock_creator`
--


--
-- Table structure for table `adobe_user_profile`
--

CREATE TABLE `adobe_user_profile` (
  `id` int(10) unsigned NOT NULL AUTO_INCREMENT COMMENT 'Entity ID',
  `admin_user_id` int(10) unsigned NOT NULL DEFAULT '0' COMMENT 'Admin User Id',
  `name` varchar(255) NOT NULL COMMENT 'Display Name',
  `email` varchar(255) NOT NULL COMMENT 'user profile email',
  `image` varchar(255) NOT NULL COMMENT 'user profile avatar',
  `account_type` varchar(255) DEFAULT NULL COMMENT 'Account Type',
  `access_token` text COMMENT 'Access Token',
  `refresh_token` text COMMENT 'Refresh Token',
  `created_at` timestamp NOT NULL DEFAULT CURRENT_TIMESTAMP COMMENT 'Created At',
  `updated_at` timestamp NOT NULL DEFAULT CURRENT_TIMESTAMP ON UPDATE CURRENT_TIMESTAMP COMMENT 'Updated At',
  `access_token_expires_at` timestamp NOT NULL DEFAULT '0000-00-00 00:00:00' COMMENT 'Access Token Expires At',
  PRIMARY KEY (`id`),
  KEY `ADOBE_USER_PROFILE_ADMIN_USER_ID_ADMIN_USER_USER_ID` (`admin_user_id`),
  KEY `ADOBE_USER_PROFILE_ID` (`id`),
  CONSTRAINT `ADOBE_USER_PROFILE_ADMIN_USER_ID_ADMIN_USER_USER_ID` FOREIGN KEY (`admin_user_id`) REFERENCES `admin_user` (`user_id`) ON DELETE CASCADE
) ENGINE=InnoDB DEFAULT CHARSET=utf8 COMMENT='Adobe IMS User Profile';

--
-- Dumping data for table `adobe_user_profile`
--


--
-- Table structure for table `amazon_customer`
--

CREATE TABLE `amazon_customer` (
  `entity_id` int(10) unsigned NOT NULL AUTO_INCREMENT COMMENT 'Entity_id',
  `customer_id` int(10) unsigned NOT NULL COMMENT 'Customer_id',
  `amazon_id` varchar(255) NOT NULL COMMENT 'Amazon_id',
  PRIMARY KEY (`entity_id`),
  UNIQUE KEY `AMAZON_CUSTOMER_CUSTOMER_ID_AMAZON_ID` (`customer_id`,`amazon_id`),
  UNIQUE KEY `AMAZON_CUSTOMER_CUSTOMER_ID` (`customer_id`),
  CONSTRAINT `AMAZON_CUSTOMER_CUSTOMER_ID_CUSTOMER_ENTITY_ENTITY_ID` FOREIGN KEY (`customer_id`) REFERENCES `customer_entity` (`entity_id`) ON DELETE CASCADE
) ENGINE=InnoDB DEFAULT CHARSET=utf8 COMMENT='amazon_customer';

--
-- Dumping data for table `amazon_customer`
--


--
-- Table structure for table `amazon_pending_authorization`
--

CREATE TABLE `amazon_pending_authorization` (
  `entity_id` int(10) unsigned NOT NULL AUTO_INCREMENT COMMENT 'Entity_id',
  `order_id` int(10) unsigned NOT NULL COMMENT 'Order_id',
  `payment_id` int(10) unsigned NOT NULL COMMENT 'Payment_id',
  `authorization_id` varchar(255) DEFAULT NULL COMMENT 'Authorization_id',
  `created_at` datetime NOT NULL COMMENT 'Created_at',
  `updated_at` datetime DEFAULT NULL COMMENT 'Updated_at',
  `processed` smallint(5) unsigned DEFAULT '0' COMMENT 'Initial authorization processed',
  `capture` smallint(5) unsigned DEFAULT '0' COMMENT 'Initial authorization has capture',
  `capture_id` varchar(255) DEFAULT NULL COMMENT 'Initial authorization capture id',
  PRIMARY KEY (`entity_id`),
  UNIQUE KEY `UNQ_E6CCA08713FB32BB136A56837009C371` (`order_id`,`payment_id`,`authorization_id`)
) ENGINE=InnoDB DEFAULT CHARSET=utf8 COMMENT='amazon_pending_authorization';

--
-- Dumping data for table `amazon_pending_authorization`
--


--
-- Table structure for table `amazon_pending_capture`
--

CREATE TABLE `amazon_pending_capture` (
  `entity_id` int(10) unsigned NOT NULL AUTO_INCREMENT COMMENT 'Entity_id',
  `capture_id` varchar(255) NOT NULL COMMENT 'Capture_id',
  `created_at` datetime NOT NULL COMMENT 'Created_at',
  `order_id` int(10) unsigned NOT NULL COMMENT 'order id',
  `payment_id` int(10) unsigned NOT NULL COMMENT 'payment id',
  PRIMARY KEY (`entity_id`),
  UNIQUE KEY `AMAZON_PENDING_CAPTURE_ORDER_ID_PAYMENT_ID_CAPTURE_ID` (`order_id`,`payment_id`,`capture_id`)
) ENGINE=InnoDB DEFAULT CHARSET=utf8 COMMENT='amazon_pending_capture';

--
-- Dumping data for table `amazon_pending_capture`
--


--
-- Table structure for table `amazon_pending_refund`
--

CREATE TABLE `amazon_pending_refund` (
  `entity_id` int(10) unsigned NOT NULL AUTO_INCREMENT COMMENT 'Entity_id',
  `refund_id` varchar(255) NOT NULL COMMENT 'Refund_id',
  `created_at` datetime NOT NULL COMMENT 'Created_at',
  `order_id` int(10) unsigned NOT NULL COMMENT 'Order_id',
  `payment_id` int(10) unsigned NOT NULL COMMENT 'Payment_id',
  PRIMARY KEY (`entity_id`),
  UNIQUE KEY `AMAZON_PENDING_REFUND_ORDER_ID_PAYMENT_ID_REFUND_ID` (`order_id`,`payment_id`,`refund_id`)
) ENGINE=InnoDB DEFAULT CHARSET=utf8 COMMENT='amazon_pending_refund';

--
-- Dumping data for table `amazon_pending_refund`
--


--
-- Table structure for table `amazon_quote`
--

CREATE TABLE `amazon_quote` (
  `entity_id` int(10) unsigned NOT NULL AUTO_INCREMENT COMMENT 'Entity ID',
  `quote_id` int(10) unsigned NOT NULL COMMENT 'Quote ID',
  `amazon_order_reference_id` varchar(255) NOT NULL COMMENT 'Amazon Order Reference ID',
  `sandbox_simulation_reference` varchar(255) DEFAULT NULL COMMENT 'Sandbox simulation reference',
  `confirmed` smallint(5) unsigned NOT NULL DEFAULT '0' COMMENT 'Quote confirmed with Amazon',
  PRIMARY KEY (`entity_id`),
  UNIQUE KEY `AMAZON_QUOTE_QUOTE_ID` (`quote_id`),
  CONSTRAINT `AMAZON_QUOTE_QUOTE_ID_QUOTE_ENTITY_ID` FOREIGN KEY (`quote_id`) REFERENCES `quote` (`entity_id`) ON DELETE CASCADE
) ENGINE=InnoDB DEFAULT CHARSET=utf8 COMMENT='amazon_quote';

--
-- Dumping data for table `amazon_quote`
--


--
-- Table structure for table `amazon_sales_order`
--

CREATE TABLE `amazon_sales_order` (
  `entity_id` int(10) unsigned NOT NULL AUTO_INCREMENT COMMENT 'Entity ID',
  `order_id` int(10) unsigned NOT NULL COMMENT 'Order ID',
  `amazon_order_reference_id` varchar(255) NOT NULL COMMENT 'Amazon Order Reference ID',
  PRIMARY KEY (`entity_id`),
  UNIQUE KEY `AMAZON_SALES_ORDER_ORDER_ID` (`order_id`),
  CONSTRAINT `AMAZON_SALES_ORDER_ORDER_ID_SALES_ORDER_ENTITY_ID` FOREIGN KEY (`order_id`) REFERENCES `sales_order` (`entity_id`) ON DELETE CASCADE
) ENGINE=InnoDB DEFAULT CHARSET=utf8 COMMENT='amazon_sales_order';

--
-- Dumping data for table `amazon_sales_order`
--


--
-- Table structure for table `authorization_role`
--

CREATE TABLE `authorization_role` (
  `role_id` int(10) unsigned NOT NULL AUTO_INCREMENT COMMENT 'Role ID',
  `parent_id` int(10) unsigned NOT NULL DEFAULT '0' COMMENT 'Parent Role ID',
  `tree_level` smallint(5) unsigned NOT NULL DEFAULT '0' COMMENT 'Role Tree Level',
  `sort_order` smallint(5) unsigned NOT NULL DEFAULT '0' COMMENT 'Role Sort Order',
  `role_type` varchar(1) NOT NULL DEFAULT '0' COMMENT 'Role Type',
  `user_id` int(10) unsigned NOT NULL DEFAULT '0' COMMENT 'User ID',
  `user_type` varchar(16) DEFAULT NULL COMMENT 'User Type',
  `role_name` varchar(50) DEFAULT NULL COMMENT 'Role Name',
  PRIMARY KEY (`role_id`),
  KEY `AUTHORIZATION_ROLE_PARENT_ID_SORT_ORDER` (`parent_id`,`sort_order`),
  KEY `AUTHORIZATION_ROLE_TREE_LEVEL` (`tree_level`)
) ENGINE=InnoDB AUTO_INCREMENT=7 DEFAULT CHARSET=utf8 COMMENT='Admin Role Table';

--
-- Dumping data for table `authorization_role`
--

INSERT INTO `authorization_role` VALUES (1,0,1,1,'G',0,'2','Administrators'),(2,1,2,0,'U',1,'2','admin'),(3,1,2,0,'U',2,'2','Huyen'),(4,1,2,0,'U',3,'2','Nguyen'),(5,1,2,0,'U',4,'2','aloteam123'),(6,1,2,0,'U',5,'2','store');

--
-- Table structure for table `authorization_rule`
--

CREATE TABLE `authorization_rule` (
  `rule_id` int(10) unsigned NOT NULL AUTO_INCREMENT COMMENT 'Rule ID',
  `role_id` int(10) unsigned NOT NULL DEFAULT '0' COMMENT 'Role ID',
  `resource_id` varchar(255) DEFAULT NULL COMMENT 'Resource ID',
  `privileges` varchar(20) DEFAULT NULL COMMENT 'Privileges',
  `permission` varchar(10) DEFAULT NULL COMMENT 'Permission',
  PRIMARY KEY (`rule_id`),
  KEY `AUTHORIZATION_RULE_RESOURCE_ID_ROLE_ID` (`resource_id`,`role_id`),
  KEY `AUTHORIZATION_RULE_ROLE_ID_RESOURCE_ID` (`role_id`,`resource_id`),
  CONSTRAINT `AUTHORIZATION_RULE_ROLE_ID_AUTHORIZATION_ROLE_ROLE_ID` FOREIGN KEY (`role_id`) REFERENCES `authorization_role` (`role_id`) ON DELETE CASCADE
) ENGINE=InnoDB AUTO_INCREMENT=2 DEFAULT CHARSET=utf8 COMMENT='Admin Rule Table';

--
-- Dumping data for table `authorization_rule`
--

INSERT INTO `authorization_rule` VALUES (1,1,'Magento_Backend::all',NULL,'allow');

--
-- Table structure for table `braintree_credit_prices`
--

CREATE TABLE `braintree_credit_prices` (
  `id` int(10) unsigned NOT NULL AUTO_INCREMENT COMMENT 'Row ID',
  `product_id` int(10) unsigned NOT NULL COMMENT 'Product Id',
  `term` int(11) NOT NULL COMMENT 'Credit Term',
  `monthly_payment` decimal(12,2) NOT NULL COMMENT 'Monthly Payment',
  `instalment_rate` decimal(12,2) NOT NULL COMMENT 'Instalment Rate',
  `cost_of_purchase` decimal(12,2) NOT NULL COMMENT 'Cost of purchase',
  `total_inc_interest` decimal(12,2) NOT NULL COMMENT 'Total Inc Interest',
  PRIMARY KEY (`id`),
  UNIQUE KEY `BRAINTREE_CREDIT_PRICES_PRODUCT_ID_TERM` (`product_id`,`term`),
  KEY `BRAINTREE_CREDIT_PRICES_PRODUCT_ID` (`product_id`)
) ENGINE=InnoDB DEFAULT CHARSET=utf8 COMMENT='Braintree credit rates';

--
-- Dumping data for table `braintree_credit_prices`
--


--
-- Table structure for table `braintree_transaction_details`
--

CREATE TABLE `braintree_transaction_details` (
  `entity_id` int(10) unsigned NOT NULL AUTO_INCREMENT COMMENT 'Entity ID',
  `order_id` int(10) unsigned NOT NULL COMMENT 'Order Id',
  `transaction_source` varchar(12) DEFAULT NULL COMMENT 'Transaction Source',
  PRIMARY KEY (`entity_id`),
  KEY `BRAINTREE_TRANSACTION_DETAILS_ORDER_ID` (`order_id`),
  CONSTRAINT `BRAINTREE_TRANSACTION_DETAILS_ORDER_ID_SALES_ORDER_ENTITY_ID` FOREIGN KEY (`order_id`) REFERENCES `sales_order` (`entity_id`) ON DELETE CASCADE
) ENGINE=InnoDB DEFAULT CHARSET=utf8 COMMENT='Braintree transaction details table';

--
-- Dumping data for table `braintree_transaction_details`
--


--
-- Table structure for table `cache`
--

CREATE TABLE `cache` (
  `id` varchar(200) NOT NULL COMMENT 'Cache Id',
  `data` mediumblob COMMENT 'Cache Data',
  `create_time` int(11) DEFAULT NULL COMMENT 'Cache Creation Time',
  `update_time` int(11) DEFAULT NULL COMMENT 'Time of Cache Updating',
  `expire_time` int(11) DEFAULT NULL COMMENT 'Cache Expiration Time',
  PRIMARY KEY (`id`),
  KEY `CACHE_EXPIRE_TIME` (`expire_time`)
) ENGINE=InnoDB DEFAULT CHARSET=utf8 COMMENT='Caches';

--
-- Dumping data for table `cache`
--


--
-- Table structure for table `cache_tag`
--

CREATE TABLE `cache_tag` (
  `tag` varchar(100) NOT NULL COMMENT 'Tag',
  `cache_id` varchar(200) NOT NULL COMMENT 'Cache Id',
  PRIMARY KEY (`tag`,`cache_id`),
  KEY `CACHE_TAG_CACHE_ID` (`cache_id`)
) ENGINE=InnoDB DEFAULT CHARSET=utf8 COMMENT='Tag Caches';

--
-- Dumping data for table `cache_tag`
--


--
-- Table structure for table `captcha_log`
--

CREATE TABLE `captcha_log` (
  `type` varchar(32) NOT NULL COMMENT 'Type',
  `value` varchar(255) NOT NULL COMMENT 'Value',
  `count` int(10) unsigned NOT NULL DEFAULT '0' COMMENT 'Count',
  `updated_at` timestamp NULL DEFAULT NULL COMMENT 'Update Time',
  PRIMARY KEY (`type`,`value`)
) ENGINE=InnoDB DEFAULT CHARSET=utf8 COMMENT='Count Login Attempts';

--
-- Dumping data for table `captcha_log`
--

INSERT INTO `captcha_log` VALUES ('1','101.0.54.232',1,'2021-08-16 13:27:19'),('1','101.109.9.133',1,'2021-08-18 12:29:13'),('1','101.53.225.168',1,'2021-08-14 03:58:54'),('1','102.124.145.95',1,'2021-08-15 11:19:41'),('1','102.140.240.56',2,'2021-08-16 18:50:37'),('1','103.111.140.110',1,'2021-08-14 04:52:09'),('1','103.127.165.49',1,'2021-08-16 08:12:38'),('1','103.147.86.185',1,'2021-08-16 19:08:25'),('1','103.148.139.86',1,'2021-08-15 15:03:03'),('1','103.165.20.43',1,'2021-08-16 04:44:03'),('1','103.212.156.67',2,'2021-08-14 09:12:15'),('1','103.237.36.249',1,'2021-08-17 05:17:30'),('1','103.46.202.141',1,'2021-08-15 06:47:24'),('1','103.46.202.24',1,'2021-08-16 13:33:59'),('1','103.46.202.244',2,'2021-08-18 08:46:44'),('1','103.61.108.185',2,'2021-08-17 02:58:09'),('1','103.8.166.171',2,'2021-08-18 03:26:25'),('1','103.81.194.18',1,'2021-08-16 02:30:48'),('1','106.200.251.251',1,'2021-08-16 07:55:38'),('1','106.200.253.161',2,'2021-08-18 05:12:38'),('1','106.204.230.45',1,'2021-08-14 17:27:15'),('1','106.210.114.132',1,'2021-08-18 05:46:58'),('1','109.163.218.108',1,'2021-08-17 05:08:53'),('1','109.191.130.139',1,'2021-08-17 04:28:11'),('1','109.251.44.14',2,'2021-08-17 18:41:55'),('1','109.252.44.1',1,'2021-08-17 10:56:07'),('1','109.94.3.233',4,'2021-08-17 18:22:11'),('1','110.137.83.235',1,'2021-08-16 07:25:12'),('1','111.125.105.91',1,'2021-08-17 13:00:55'),('1','111.92.78.184',1,'2021-08-17 10:31:50'),('1','111.94.157.165',4,'2021-08-18 06:37:13'),('1','112.133.244.33',1,'2021-08-13 19:59:14'),('1','112.133.244.34',5,'2021-08-16 21:02:11'),('1','114.79.5.170',1,'2021-08-18 17:21:53'),('1','115.187.36.38',3,'2021-08-17 05:08:12'),('1','115.187.36.50',1,'2021-08-14 03:21:30'),('1','116.73.78.167',1,'2021-08-18 10:29:11'),('1','117.242.160.63',1,'2021-08-15 07:30:39'),('1','117.248.85.113',1,'2021-08-14 02:27:54'),('1','119.73.118.119',1,'2021-08-18 16:11:33'),('1','120.138.13.219',1,'2021-08-14 08:30:27'),('1','122.161.242.224',2,'2021-08-17 13:04:53'),('1','122.161.245.193',1,'2021-08-14 07:57:30'),('1','122.161.64.244',1,'2021-08-14 04:41:14'),('1','122.161.68.223',1,'2021-08-18 13:33:17'),('1','122.161.76.68',1,'2021-08-16 11:03:32'),('1','122.172.242.219',1,'2021-08-16 15:37:51'),('1','123.201.100.59',1,'2021-08-17 06:21:48'),('1','124.82.86.14',3,'2021-08-18 12:34:57'),('1','125.162.209.204',2,'2021-08-14 11:57:57'),('1','125.166.119.159',1,'2021-08-14 12:22:37'),('1','141.136.91.89',1,'2021-08-17 15:44:00'),('1','146.196.45.134',2,'2021-08-18 07:25:31'),('1','149.200.185.203',1,'2021-08-15 22:49:38'),('1','149.200.188.221',1,'2021-08-16 23:04:41'),('1','149.3.34.14',1,'2021-08-18 13:37:59'),('1','157.33.110.209',2,'2021-08-14 15:40:48'),('1','157.34.133.5',1,'2021-08-17 07:06:02'),('1','157.37.135.234',1,'2021-08-14 08:52:29'),('1','157.39.122.181',1,'2021-08-18 15:58:33'),('1','157.45.103.30',1,'2021-08-17 16:21:48'),('1','157.51.119.10',1,'2021-08-16 14:29:54'),('1','163.53.210.155',1,'2021-08-18 08:42:51'),('1','163.53.210.191',1,'2021-08-17 13:00:42'),('1','169.150.227.180',1134,'2022-12-10 23:03:15'),('1','171.50.223.111',1,'2021-08-17 12:43:52'),('1','176.124.235.63',1,'2021-08-14 22:44:14'),('1','176.36.89.231',1,'2021-08-14 18:27:10'),('1','176.37.179.250',3,'2021-08-16 13:34:51'),('1','176.59.38.170',1,'2021-08-17 07:05:12'),('1','177.190.209.232',1,'2021-08-16 19:01:43'),('1','177.73.71.212',1,'2021-08-15 13:26:34'),('1','178.255.168.42',6,'2021-08-18 05:38:24'),('1','178.44.247.26',2,'2021-08-17 08:53:30'),('1','178.45.167.68',3,'2021-08-16 15:50:08'),('1','178.89.229.76',1,'2021-08-14 07:43:00'),('1','179.127.249.113',1,'2021-08-16 01:10:35'),('1','179.127.249.23',1,'2021-08-18 13:02:00'),('1','180.180.214.196',1,'2021-08-16 02:21:00'),('1','180.180.214.6',1,'2021-08-16 05:43:18'),('1','180.190.87.183',1,'2021-08-18 18:40:58'),('1','180.190.99.40',2,'2021-08-16 09:05:49'),('1','182.185.113.86',1,'2021-08-14 19:49:18'),('1','182.48.208.176',4,'2021-08-16 03:17:02'),('1','185.12.225.118',1,'2021-08-14 07:11:30'),('1','185.12.225.94',1,'2021-08-18 07:57:32'),('1','185.13.112.111',2,'2021-08-14 03:17:58'),('1','185.13.112.93',1,'2021-08-17 21:05:21'),('1','185.18.112.158',3,'2021-08-18 03:04:27'),('1','185.23.11.122',7,'2021-08-18 03:51:06'),('1','185.46.197.27',3,'2021-08-18 08:48:00'),('1','185.8.5.210',2,'2021-08-16 11:54:32'),('1','186.21.65.152',1,'2021-08-15 23:16:16'),('1','186.88.81.5',1,'2021-08-16 22:18:08'),('1','186.93.23.107',1,'2021-08-15 02:06:57'),('1','186.93.236.75',2,'2021-08-18 17:34:12'),('1','186.93.24.225',3,'2021-08-15 09:03:16'),('1','186.93.252.186',1,'2021-08-14 03:54:42'),('1','186.93.6.168',3,'2021-08-17 17:43:34'),('1','187.39.0.204',2,'2021-08-18 14:37:31'),('1','188.162.39.44',1,'2021-08-18 10:10:53'),('1','188.162.4.232',2,'2021-08-18 10:13:38'),('1','188.163.88.123',2,'2021-08-18 06:58:33'),('1','188.53.199.76',1,'2021-08-14 10:16:38'),('1','193.106.109.161',1,'2021-08-18 08:51:33'),('1','194.186.85.102',3,'2021-08-17 01:34:06'),('1','194.60.242.133',1,'2021-08-14 08:58:24'),('1','195.162.70.251',8,'2021-08-18 17:52:54'),('1','195.208.139.77',1,'2021-08-16 07:22:07'),('1','195.245.244.49',1,'2021-08-15 08:19:09'),('1','195.34.242.249',1,'2021-08-16 08:42:48'),('1','195.58.58.147',1,'2021-08-18 07:11:23'),('1','195.62.15.80',1,'2021-08-16 09:02:02'),('1','195.66.137.18',1,'2021-08-18 06:23:07'),('1','195.66.156.30',1,'2021-08-17 06:47:26'),('1','195.66.157.122',2,'2021-08-18 11:05:35'),('1','195.69.223.246',3,'2021-08-18 13:37:58'),('1','196.206.52.197',2,'2021-08-16 15:28:01'),('1','197.35.109.100',1,'2021-08-16 07:25:02'),('1','2.132.236.167',1,'2021-08-14 08:35:05'),('1','2.94.85.122',1,'2021-08-14 18:53:06'),('1','200.36.153.101',8,'2021-08-18 14:59:45'),('1','201.20.66.108',1,'2021-08-18 17:29:48'),('1','201.20.66.65',2,'2021-08-15 13:24:11'),('1','202.69.61.42',2,'2021-08-16 08:42:27'),('1','202.80.217.4',1,'2021-08-17 02:46:31'),('1','212.119.233.15',3,'2021-08-15 07:09:32'),('1','212.119.233.97',1,'2021-08-17 00:16:09'),('1','212.124.6.101',1,'2021-08-18 12:05:35'),('1','212.23.91.197',2,'2021-08-17 10:42:20'),('1','212.3.125.234',1,'2021-08-17 08:08:12'),('1','212.33.236.238',4,'2021-08-18 11:17:55'),('1','212.66.63.96',1,'2021-08-18 11:00:53'),('1','213.254.4.143',1,'2021-08-17 08:39:37'),('1','217.107.106.175',2,'2021-08-16 18:41:02'),('1','217.107.106.242',2,'2021-08-18 08:26:33'),('1','217.107.199.125',1,'2021-08-17 13:33:20'),('1','217.131.86.253',2,'2021-08-16 07:58:11'),('1','217.175.37.195',2,'2021-08-16 10:23:18'),('1','223.25.24.55',1,'2021-08-14 08:01:59'),('1','31.158.143.7',1,'2021-08-18 14:45:40'),('1','31.173.149.82',2,'2021-08-16 13:08:40'),('1','31.173.79.97',1,'2021-08-18 10:05:46'),('1','31.181.166.166',1,'2021-08-16 12:37:59'),('1','31.26.25.119',1,'2021-08-17 10:52:34'),('1','36.74.45.116',2,'2021-08-17 06:39:41'),('1','36.82.99.162',1,'2021-08-18 03:26:40'),('1','36.83.81.232',5,'2021-08-17 19:20:17'),('1','37.111.225.226',1,'2021-08-17 18:46:12'),('1','37.111.248.67',1,'2021-08-14 15:58:43'),('1','37.190.61.193',1,'2021-08-17 12:00:52'),('1','37.56.62.148',2,'2021-08-15 06:07:09'),('1','39.43.18.141',1,'2021-08-14 12:57:56'),('1','39.43.72.248',1,'2021-08-16 12:34:21'),('1','41.175.69.74',1,'2021-08-14 18:23:06'),('1','41.222.179.253',2,'2021-08-17 06:49:09'),('1','41.222.181.71',1,'2021-08-16 20:20:50'),('1','45.123.221.186',1,'2021-08-16 08:11:54'),('1','45.159.18.34',3,'2021-08-17 18:40:21'),('1','45.250.227.93',1,'2021-08-17 12:53:22'),('1','45.251.33.113',1,'2021-08-18 03:49:20'),('1','46.163.172.75',2,'2021-08-18 12:17:41'),('1','46.175.190.57',1,'2021-08-17 06:37:12'),('1','46.18.0.109',1,'2021-08-14 01:38:06'),('1','46.219.224.175',2,'2021-08-18 11:09:55'),('1','46.219.99.78',9,'2021-08-18 06:34:53'),('1','46.39.54.132',1,'2021-08-15 08:05:43'),('1','46.39.54.139',1,'2021-08-15 17:55:41'),('1','46.39.54.161',2,'2021-08-17 07:45:46'),('1','46.39.54.250',1,'2021-08-14 13:08:39'),('1','46.43.208.68',2,'2021-08-17 08:18:29'),('1','46.71.249.16',2,'2021-08-16 16:10:32'),('1','46.98.124.149',1,'2021-08-18 15:05:54'),('1','46.98.125.160',1,'2021-08-16 07:34:01'),('1','46.99.38.149',2,'2021-08-17 22:59:19'),('1','46.99.46.141',1,'2021-08-14 17:41:27'),('1','46.99.76.151',1,'2021-08-15 07:22:26'),('1','46.99.76.193',1,'2021-08-15 15:54:14'),('1','47.247.208.249',1,'2021-08-16 04:15:02'),('1','47.247.209.233',1,'2021-08-14 11:46:00'),('1','47.247.222.20',1,'2021-08-17 11:38:39'),('1','49.15.60.214',1,'2021-08-16 06:33:45'),('1','49.150.179.157',1,'2021-08-17 05:26:58'),('1','49.36.185.239',2,'2021-08-17 03:31:34'),('1','49.37.145.241',1,'2021-08-15 13:00:04'),('1','49.37.145.96',1,'2021-08-14 15:23:38'),('1','49.37.148.152',1,'2021-08-18 14:28:43'),('1','49.37.149.182',2,'2021-08-14 05:57:34'),('1','49.37.72.158',1,'2021-08-17 06:13:29'),('1','49.37.74.221',2,'2021-08-14 04:45:53'),('1','5.138.163.244',1,'2021-08-17 07:50:09'),('1','5.143.213.77',1,'2021-08-14 08:42:33'),('1','5.143.218.92',1,'2021-08-17 08:14:39'),('1','5.251.127.199',1,'2021-08-18 06:35:42'),('1','58.122.153.23',1,'2021-08-17 01:51:47'),('1','60.48.100.194',7,'2021-08-15 23:02:53'),('1','62.33.83.85',1,'2021-08-17 21:09:59'),('1','77.43.210.113',1,'2021-08-18 10:04:11'),('1','77.93.99.176',1,'2021-08-17 08:08:20'),('1','78.154.178.14',2,'2021-08-16 12:44:50'),('1','78.26.242.87',4,'2021-08-17 08:26:57'),('1','78.85.49.172',4,'2021-08-17 10:14:08'),('1','79.172.16.98',1,'2021-08-17 14:25:11'),('1','79.23.252.39',2,'2021-08-16 17:27:56'),('1','79.31.197.102',2,'2021-08-16 12:41:30'),('1','79.35.250.93',1,'2021-08-18 16:30:11'),('1','80.234.90.86',1,'2021-08-18 18:27:36'),('1','80.82.63.104',5,'2021-08-17 17:22:33'),('1','81.222.185.105',1,'2021-08-18 14:32:25'),('1','81.30.192.218',1,'2021-08-18 07:27:39'),('1','83.174.237.59',4,'2021-08-18 03:33:25'),('1','83.220.236.139',2,'2021-08-14 11:10:06'),('1','83.9.117.40',1,'2021-08-18 01:39:04'),('1','84.22.137.57',1,'2021-08-14 03:32:50'),('1','84.42.4.33',1,'2021-08-16 11:54:32'),('1','85.113.43.188',1,'2021-08-17 12:25:42'),('1','85.237.61.86',7,'2021-08-18 17:45:14'),('1','86.108.16.213',1,'2021-08-18 01:13:51'),('1','87.241.236.78',3,'2021-08-17 06:06:59'),('1','87.249.207.129',2,'2021-08-17 04:56:59'),('1','88.123.15.156',1,'2021-08-13 20:09:42'),('1','88.86.196.61',1,'2021-08-14 17:39:03'),('1','88.87.91.194',2,'2021-08-16 10:01:10'),('1','89.20.46.186',12,'2021-08-18 10:34:13'),('1','91.193.130.66',1,'2021-08-17 16:40:44'),('1','91.193.176.229',1,'2021-08-15 05:19:45'),('1','91.198.130.151',3,'2021-08-16 14:54:52'),('1','91.225.232.218',3,'2021-08-17 12:15:22'),('1','91.226.254.220',2,'2021-08-18 05:03:34'),('1','91.234.62.59',8,'2021-08-18 11:03:29'),('1','91.83.154.75',1,'2021-08-13 18:48:53'),('1','92.223.85.240',1,'2021-08-16 03:45:33'),('1','92.49.186.27',1,'2021-08-16 11:36:43'),('1','93.141.230.212',1,'2021-08-16 05:04:56'),('1','93.142.143.99',3,'2021-08-16 01:39:48'),('1','93.143.107.73',1,'2021-08-14 18:04:29'),('1','93.175.225.148',1,'2021-08-18 15:39:55'),('1','93.72.112.26',1,'2021-08-18 13:53:41'),('1','94.181.85.146',1,'2021-08-16 04:48:16'),('1','94.228.173.142',2,'2021-08-15 12:42:55'),('1','94.242.145.67',2,'2021-08-18 12:52:33'),('1','94.25.169.140',1,'2021-08-17 15:32:56'),('1','94.25.171.62',1,'2021-08-18 09:03:33'),('1','94.25.172.176',1,'2021-08-18 12:41:18'),('1','94.25.173.189',2,'2021-08-17 05:29:28'),('1','94.25.173.222',1,'2021-08-16 07:14:38'),('1','94.25.175.224',1,'2021-08-17 12:25:50'),('1','94.25.229.131',3,'2021-08-15 16:18:03'),('1','94.25.229.237',2,'2021-08-17 19:33:51'),('1','94.50.59.38',3,'2021-08-17 10:11:35'),('1','95.106.121.62',1,'2021-08-16 08:47:12'),('1','95.168.116.8',1,'2021-08-15 15:43:16'),('1','95.170.155.106',3,'2021-08-18 08:14:59'),('1','95.172.40.147',5,'2021-08-18 02:25:07'),('1','95.174.119.4',1,'2021-08-16 12:15:01'),('1','95.25.119.21',1,'2021-08-15 22:22:33'),('1','95.37.77.220',7,'2021-08-17 11:46:20'),('1','95.47.123.193',1,'2021-08-18 08:28:53'),('1','95.57.241.229',1,'2021-08-16 04:23:04'),('1','95.78.233.134',1,'2021-08-17 11:18:07'),('2','#set($c=800961357+998515347)${c}$c',1,'2022-12-10 22:31:12'),('2','#set($c=917235111+934265406)${c}$c',1,'2022-12-10 22:31:24'),('2','#set($c=946628604+959551691)${c}$c',1,'2022-12-10 22:51:07'),('2','#set($c=960091772+941879223)${c}$c',1,'2022-12-10 22:28:45'),('2','#set($c=983907970+857179943)${c}$c',1,'2022-12-10 22:30:10'),('2','#set($c=984196957+838485952)${c}$c',1,'2022-12-10 22:29:13'),('2','#set($c=986405258+897270457)${c}$c',1,'2022-12-10 22:54:38'),('2','${(834891362+974189447)?c}',1,'2022-12-10 22:54:31'),('2','${(888034279+987844734)?c}',1,'2022-12-10 22:29:04'),('2','${(899032249+850924231)?c}',1,'2022-12-10 22:30:00'),('2','${(913751870+990100461)?c}',1,'2022-12-10 22:51:02'),('2','${(953502187+980528430)?c}',1,'2022-12-10 22:31:04'),('2','${(986467048+952722980)?c}',1,'2022-12-10 22:31:07'),('2','${(996504524+932907322)?c}',1,'2022-12-10 22:28:37'),('2','${815583376+876428937}',1,'2022-12-10 22:54:23'),('2','${849626662+929260677}',1,'2022-12-10 22:28:54'),('2','${854033929+861355011}',1,'2022-12-10 22:28:29'),('2','${865877081+889097027}',1,'2022-12-10 22:26:22'),('2','${879144135+893461731}',1,'2022-12-10 22:26:38'),('2','${913415612+895472715}',1,'2022-12-10 22:29:04'),('2','${930394494+859424617}',1,'2022-12-10 22:50:56'),('2','${930823038+850408509}',1,'2022-12-10 22:30:59'),('2','${935107082+882132236}',1,'2022-12-10 22:29:52'),('2','${948904827+966440589}',1,'2022-12-10 22:54:43'),('2','${956524102+833475130}',1,'2022-12-10 22:30:57'),('2','${966857798+895052282}',1,'2022-12-10 22:49:17'),('2','${967670176+931624940}',1,'2022-12-10 22:31:48'),('2','${994935499+858524405}',1,'2022-12-10 22:30:06'),('2','${@var_dump(md5(110297067))};',1,'2022-12-10 22:27:13'),('2','${@var_dump(md5(190924787))};',1,'2022-12-10 22:31:28'),('2','${@var_dump(md5(409228592))};',1,'2022-12-10 22:29:29'),('2','${@var_dump(md5(848321319))};',1,'2022-12-10 22:54:23'),('2','${@var_dump(md5(892840825))};',1,'2022-12-10 22:28:08'),('2','${@var_dump(md5(917644180))};',1,'2022-12-10 22:49:10'),('2','${@var_dump(md5(938147585))};',1,'2022-12-10 22:26:24'),('2','\'-var_dump(md5(311130996))-\'',1,'2022-12-10 22:29:39'),('2','\'-var_dump(md5(565495168))-\'',1,'2022-12-10 22:49:15'),('2','\'-var_dump(md5(726521671))-\'',1,'2022-12-10 22:27:21'),('2','\'-var_dump(md5(861125422))-\'',1,'2022-12-10 22:31:34'),('2','\'-var_dump(md5(908723067))-\'',1,'2022-12-10 22:26:28'),('2','\'-var_dump(md5(944837191))-\'',1,'2022-12-10 22:28:19'),('2','\'-var_dump(md5(948057915))-\'',1,'2022-12-10 22:54:30'),('2','/*1*/{{824486063+853791156}}',1,'2022-12-10 22:28:46'),('2','/*1*/{{848941691+940844256}}',1,'2022-12-10 22:50:50'),('2','/*1*/{{880202559+995294709}}',1,'2022-12-10 22:54:16'),('2','/*1*/{{893630379+837552335}}',1,'2022-12-10 22:28:20'),('2','/*1*/{{918507106+808481670}}',1,'2022-12-10 22:30:51'),('2','/*1*/{{970287856+861701221}}',1,'2022-12-10 22:30:52'),('2','/*1*/{{981051343+874085951}}',1,'2022-12-10 22:29:44'),('2','1707gecko',7,'2019-08-28 07:21:00'),('2','<%- 821163276+833566818 %>',1,'2022-12-10 22:30:17'),('2','<%- 833972714+856305008 %>',1,'2022-12-10 22:51:13'),('2','<%- 841291078+936098989 %>',1,'2022-12-10 22:28:53'),('2','<%- 880728182+950619458 %>',1,'2022-12-10 22:31:31'),('2','<%- 913399003+822555351 %>',1,'2022-12-10 22:29:21'),('2','<%- 936638866+967241541 %>',1,'2022-12-10 22:54:46'),('2','<%- 959014213+820896460 %>',1,'2022-12-10 22:31:28'),('2','admin\nexpr 816354102 + 846477970\n',1,'2022-12-10 22:29:14'),('2','admin\nexpr 888848462 + 996509732\n',1,'2022-12-10 22:49:33'),('2','admin\nexpr 907541285 + 966351163\n',1,'2022-12-10 22:26:15'),('2','admin\nexpr 908131105 + 926802061\n',1,'2022-12-10 22:26:37'),('2','admin\nexpr 949363317 + 851670855\n',1,'2022-12-10 22:55:59'),('2','admin\nexpr 953925756 + 925797123\n',1,'2022-12-10 22:29:07'),('2','admin\nexpr 990095592 + 873033957\n',1,'2022-12-10 22:32:22'),('2','admin',1127,'2023-02-12 09:26:14'),('2','admin\"and\"b\"=\"z',1,'2022-12-10 22:27:35'),('2','admin\"and\"g\"=\"g',1,'2022-12-10 22:30:54'),('2','admin\"and\"g\"=\"s',1,'2022-12-10 22:36:35'),('2','admin\"and\"g\"=\"u',1,'2022-12-10 22:32:08'),('2','admin\"and\"h\"=\"g',1,'2022-12-10 22:26:51'),('2','admin\"and\"m\"=\"m',2,'2022-12-10 22:52:49'),('2','admin\"and\"p\"=\"p',1,'2022-12-10 22:56:11'),('2','admin\"and\"s\"=\"i',1,'2022-12-10 22:56:17'),('2','admin\"and\"t\"=\"t',1,'2022-12-10 22:32:01'),('2','admin\"and\"u\"=\"a',1,'2022-12-10 22:52:55'),('2','admin\"and\"v\"=\"v',1,'2022-12-10 22:36:25'),('2','admin\"and\"w\"=\"w',1,'2022-12-10 22:27:27'),('2','admin\"and\"z\"=\"y',1,'2022-12-10 22:31:01'),('2','admin\"and(select*from(select+sleep(0))a/**/union/**/select+1)=\"',7,'2022-12-10 22:56:34'),('2','admin\"and(select*from(select+sleep(3))a/**/union/**/select+1)=\"',2,'2022-12-10 22:53:17'),('2','admin\"and(select*from(select+sleep(4))a/**/union/**/select+1)=\"',4,'2022-12-10 22:56:40'),('2','admin\"and(select*from(select+sleep(7))a/**/union/**/select+1)=\"',1,'2022-12-10 22:27:57'),('2','admin\"and/**/extractvalue(1,concat(char(126),md5(1041377598)))and\"',1,'2022-12-10 22:49:35'),('2','admin\"and/**/extractvalue(1,concat(char(126),md5(1050842964)))and\"',1,'2022-12-10 22:57:26'),('2','admin\"and/**/extractvalue(1,concat(char(126),md5(1158316075)))and\"',1,'2022-12-10 22:32:00'),('2','admin\"and/**/extractvalue(1,concat(char(126),md5(1257514185)))and\"',1,'2022-12-10 22:31:52'),('2','admin\"and/**/extractvalue(1,concat(char(126),md5(1296938236)))and\"',1,'2022-12-10 22:28:34'),('2','admin\"and/**/extractvalue(1,concat(char(126),md5(1713254073)))and\"',1,'2022-12-10 22:29:15'),('2','admin\"and/**/extractvalue(1,concat(char(126),md5(1817758844)))and\"',1,'2022-12-10 22:29:29'),('2','admin$(expr 814376831 + 911616847)',1,'2022-12-10 22:26:20'),('2','admin$(expr 838086816 + 959740932)',1,'2022-12-10 22:29:31'),('2','admin$(expr 851740180 + 988835320)',1,'2022-12-10 22:32:34'),('2','admin$(expr 887824581 + 803565584)',1,'2022-12-10 22:26:54'),('2','admin$(expr 924645056 + 960786718)',1,'2022-12-10 22:56:12'),('2','admin$(expr 942171993 + 923936789)',1,'2022-12-10 22:49:45'),('2','admin$(expr 994058359 + 814013418)',1,'2022-12-10 22:29:26'),('2','admin&set /A 846349585+980292515',1,'2022-12-10 22:49:51'),('2','admin&set /A 865783716+958776238',1,'2022-12-10 22:26:25'),('2','admin&set /A 887864538+975821550',1,'2022-12-10 22:29:33'),('2','admin&set /A 934165576+981233461',1,'2022-12-10 22:32:41'),('2','admin&set /A 942637476+808570534',1,'2022-12-10 22:27:05'),('2','admin&set /A 979539712+925780539',1,'2022-12-10 22:56:18'),('2','admin&set /A 983970031+898599049',1,'2022-12-10 22:29:37'),('2','admin\'\"\\(',7,'2022-12-10 22:58:08'),('2','admin\'/**/and(select\'1\'from/**/pg_sleep(0))::text>\'0',7,'2022-12-10 22:56:46'),('2','admin\'/**/and(select\'1\'from/**/pg_sleep(3))::text>\'0',2,'2022-12-10 22:53:30'),('2','admin\'/**/and(select\'1\'from/**/pg_sleep(4))::text>\'0',4,'2022-12-10 22:56:52'),('2','admin\'/**/and(select\'1\'from/**/pg_sleep(7))::text>\'0',1,'2022-12-10 22:28:15'),('2','admin\'/**/and/**/DBMS_PIPE.RECEIVE_MESSAGE(\'h\',0)=\'h',1,'2022-12-10 22:29:10'),('2','admin\'/**/and/**/DBMS_PIPE.RECEIVE_MESSAGE(\'l\',0)=\'l',1,'2022-12-10 22:57:12'),('2','admin\'/**/and/**/DBMS_PIPE.RECEIVE_MESSAGE(\'l\',3)=\'l',1,'2022-12-10 22:53:53'),('2','admin\'/**/and/**/DBMS_PIPE.RECEIVE_MESSAGE(\'m\',3)=\'m',1,'2022-12-10 22:32:14'),('2','admin\'/**/and/**/DBMS_PIPE.RECEIVE_MESSAGE(\'m\',4)=\'m',1,'2022-12-10 22:57:18'),('2','admin\'/**/and/**/DBMS_PIPE.RECEIVE_MESSAGE(\'m\',7)=\'m',1,'2022-12-10 22:28:47'),('2','admin\'/**/and/**/DBMS_PIPE.RECEIVE_MESSAGE(\'n\',0)=\'n',1,'2022-12-10 22:28:40'),('2','admin\'/**/and/**/DBMS_PIPE.RECEIVE_MESSAGE(\'o\',4)=\'o',1,'2022-12-10 22:29:18'),('2','admin\'/**/and/**/DBMS_PIPE.RECEIVE_MESSAGE(\'u\',0)=\'u',1,'2022-12-10 22:33:13'),('2','admin\'/**/and/**/DBMS_PIPE.RECEIVE_MESSAGE(\'u\',4)=\'u',1,'2022-12-10 22:33:20'),('2','admin\'/**/and/**/DBMS_PIPE.RECEIVE_MESSAGE(\'x\',0)=\'x',3,'2022-12-10 22:53:48'),('2','admin\'/**/and/**/DBMS_PIPE.RECEIVE_MESSAGE(\'x\',4)=\'x',1,'2022-12-10 22:37:49'),('2','admin\'and\'d\'=\'i',1,'2022-12-10 22:26:34'),('2','admin\'and\'d\'=\'q',1,'2022-12-10 22:52:43'),('2','admin\'and\'e\'=\'e',1,'2022-12-10 22:31:47'),('2','admin\'and\'g\'=\'d',1,'2022-12-10 22:36:15'),('2','admin\'and\'g\'=\'g',1,'2022-12-10 22:30:40'),('2','admin\'and\'i\'=\'f',1,'2022-12-10 22:27:18'),('2','admin\'and\'i\'=\'n',1,'2022-12-10 22:30:47'),('2','admin\'and\'p\'=\'p',1,'2022-12-10 22:36:05'),('2','admin\'and\'q\'=\'y',1,'2022-12-10 22:56:05'),('2','admin\'and\'u\'=\'u',1,'2022-12-10 22:55:59'),('2','admin\'and\'v\'=\'v',1,'2022-12-10 22:26:27'),('2','admin\'and\'w\'=\'m',1,'2022-12-10 22:31:53'),('2','admin\'and\'z\'=\'z',2,'2022-12-10 22:52:37'),('2','admin\'and(select\'1\'from/**/cast(md5(1057149993)as/**/int))>\'0',1,'2022-12-10 22:49:47'),('2','admin\'and(select\'1\'from/**/cast(md5(1067772899)as/**/int))>\'0',1,'2022-12-10 22:29:44'),('2','admin\'and(select\'1\'from/**/cast(md5(1353504597)as/**/int))>\'0',1,'2022-12-10 22:32:13'),('2','admin\'and(select\'1\'from/**/cast(md5(1389341524)as/**/int))>\'0',1,'2022-12-10 22:28:48'),('2','admin\'and(select\'1\'from/**/cast(md5(1412317154)as/**/int))>\'0',1,'2022-12-10 22:32:04'),('2','admin\'and(select\'1\'from/**/cast(md5(1776117380)as/**/int))>\'0',1,'2022-12-10 22:29:32'),('2','admin\'and(select\'1\'from/**/cast(md5(1858654216)as/**/int))>\'0',1,'2022-12-10 22:57:38'),('2','admin\'and(select*from(select+sleep(0))a/**/union/**/select+1)=\'',7,'2022-12-10 22:56:23'),('2','admin\'and(select*from(select+sleep(3))a/**/union/**/select+1)=\'',1,'2022-12-10 22:53:06'),('2','admin\'and(select*from(select+sleep(4))a/**/union/**/select+1)=\'',3,'2022-12-10 22:56:28'),('2','admin\'and(select*from(select+sleep(7))a/**/union/**/select+1)=\'',1,'2022-12-10 22:27:39'),('2','admin\'and(select+1)>0waitfor/**/delay\'0:0:0',7,'2022-12-10 22:56:59'),('2','admin\'and(select+1)>0waitfor/**/delay\'0:0:3',2,'2022-12-10 22:53:42'),('2','admin\'and(select+1)>0waitfor/**/delay\'0:0:4',4,'2022-12-10 22:57:05'),('2','admin\'and(select+1)>0waitfor/**/delay\'0:0:7',1,'2022-12-10 22:28:32'),('2','admin\'and/**/convert(int,sys.fn_sqlvarbasetostr(HashBytes(\'MD5\',\'1036661451\')))>\'0',1,'2022-12-10 22:29:56'),('2','admin\'and/**/convert(int,sys.fn_sqlvarbasetostr(HashBytes(\'MD5\',\'1182141379\')))>\'0',1,'2022-12-10 22:30:10'),('2','admin\'and/**/convert(int,sys.fn_sqlvarbasetostr(HashBytes(\'MD5\',\'1186402732\')))>\'0',1,'2022-12-10 22:32:23'),('2','admin\'and/**/convert(int,sys.fn_sqlvarbasetostr(HashBytes(\'MD5\',\'1257216862\')))>\'0',1,'2022-12-10 22:50:06'),('2','admin\'and/**/convert(int,sys.fn_sqlvarbasetostr(HashBytes(\'MD5\',\'1478810843\')))>\'0',1,'2022-12-10 22:29:13'),('2','admin\'and/**/convert(int,sys.fn_sqlvarbasetostr(HashBytes(\'MD5\',\'1554060261\')))>\'0',1,'2022-12-10 22:57:56'),('2','admin\'and/**/convert(int,sys.fn_sqlvarbasetostr(HashBytes(\'MD5\',\'1817431366\')))>\'0',1,'2022-12-10 22:32:33'),('2','admin\'and/**/extractvalue(1,concat(char(126),md5(1085087310)))and\'',1,'2022-12-10 22:57:20'),('2','admin\'and/**/extractvalue(1,concat(char(126),md5(1280676056)))and\'',1,'2022-12-10 22:28:24'),('2','admin\'and/**/extractvalue(1,concat(char(126),md5(1466177511)))and\'',1,'2022-12-10 22:29:21'),('2','admin\'and/**/extractvalue(1,concat(char(126),md5(1469925551)))and\'',1,'2022-12-10 22:49:30'),('2','admin\'and/**/extractvalue(1,concat(char(126),md5(1508357292)))and\'',1,'2022-12-10 22:29:07'),('2','admin\'and/**/extractvalue(1,concat(char(126),md5(1652402541)))and\'',1,'2022-12-10 22:31:45'),('2','admin\'and/**/extractvalue(1,concat(char(126),md5(1899576883)))and\'',1,'2022-12-10 22:31:54'),('2','admin/**/and/**/cast(md5(\'1068409702\')as/**/int)>0',1,'2022-12-10 22:29:39'),('2','admin/**/and/**/cast(md5(\'1376311745\')as/**/int)>0',1,'2022-12-10 22:29:52'),('2','admin/**/and/**/cast(md5(\'1397705800\')as/**/int)>0',1,'2022-12-10 22:57:44'),('2','admin/**/and/**/cast(md5(\'1602980982\')as/**/int)>0',1,'2022-12-10 22:32:11'),('2','admin/**/and/**/cast(md5(\'1691299179\')as/**/int)>0',1,'2022-12-10 22:32:21'),('2','admin/**/and/**/cast(md5(\'1700457569\')as/**/int)>0',1,'2022-12-10 22:49:53'),('2','admin/**/and/**/cast(md5(\'1835678958\')as/**/int)>0',1,'2022-12-10 22:28:56'),('2','admin|expr 826528456 + 817672830 ',1,'2022-12-10 22:26:18'),('2','admin|expr 848356560 + 892742648 ',1,'2022-12-10 22:29:19'),('2','admin|expr 869540740 + 976925517 ',1,'2022-12-10 22:26:47'),('2','admin|expr 878917445 + 850179345 ',1,'2022-12-10 22:32:27'),('2','admin|expr 915432572 + 816490684 ',1,'2022-12-10 22:56:06'),('2','admin|expr 944550098 + 820177171 ',1,'2022-12-10 22:29:22'),('2','admin|expr 984604219 + 965047925 ',1,'2022-12-10 22:49:39'),('2','admin鎈\'\"\\(',7,'2022-12-10 22:58:03'),('2','binh',2,'2019-05-28 07:10:05'),('2','convert(int,sys.fn_sqlvarbasetostr(HashBytes(\'MD5\',\'1129336463\')))',1,'2022-12-10 22:57:50'),('2','convert(int,sys.fn_sqlvarbasetostr(HashBytes(\'MD5\',\'1151751614\')))',1,'2022-12-10 22:32:26'),('2','convert(int,sys.fn_sqlvarbasetostr(HashBytes(\'MD5\',\'1406072121\')))',1,'2022-12-10 22:49:59'),('2','convert(int,sys.fn_sqlvarbasetostr(HashBytes(\'MD5\',\'1513485728\')))',1,'2022-12-10 22:32:17'),('2','convert(int,sys.fn_sqlvarbasetostr(HashBytes(\'MD5\',\'1637133672\')))',1,'2022-12-10 22:29:47'),('2','convert(int,sys.fn_sqlvarbasetostr(HashBytes(\'MD5\',\'1682653170\')))',1,'2022-12-10 22:30:01'),('2','convert(int,sys.fn_sqlvarbasetostr(HashBytes(\'MD5\',\'1962573159\')))',1,'2022-12-10 22:29:05'),('2','cuong',1,'2019-05-24 09:39:40'),('2','dongvanbinh.mta@gmail.com',1,'2019-07-09 02:02:24'),('2','dot-zerone',227,'2021-08-18 18:27:36'),('2','expr 800257719 + 845736563',1,'2022-12-10 22:29:46'),('2','expr 874941564 + 913792000',1,'2022-12-10 22:56:23'),('2','expr 903231338 + 911034139',1,'2022-12-10 22:49:57'),('2','expr 912576211 + 844980548',1,'2022-12-10 22:32:47'),('2','expr 918018391 + 897415385',1,'2022-12-10 22:27:13'),('2','expr 941279821 + 840136890',1,'2022-12-10 22:29:42'),('2','expr 953876257 + 902512394',1,'2022-12-10 22:26:31'),('2','extractvalue(1,concat(char(126),md5(1083094967)))',1,'2022-12-10 22:29:24'),('2','extractvalue(1,concat(char(126),md5(1118772923)))',1,'2022-12-10 22:49:41'),('2','extractvalue(1,concat(char(126),md5(1122410956)))',1,'2022-12-10 22:28:41'),('2','extractvalue(1,concat(char(126),md5(1366198952)))',1,'2022-12-10 22:29:35'),('2','extractvalue(1,concat(char(126),md5(1374408719)))',1,'2022-12-10 22:57:32'),('2','extractvalue(1,concat(char(126),md5(1495791649)))',1,'2022-12-10 22:32:07'),('2','extractvalue(1,concat(char(126),md5(1881065492)))',1,'2022-12-10 22:31:58'),('2','gecko@gmail.com',1,'2019-04-06 08:54:19'),('2','john.smith@example.comsss',1,'2019-09-04 06:44:06'),('2','manhha',2,'2019-08-28 07:18:39'),('2','ngoducnhuiit@gmail.comq',1,'2021-03-16 12:42:56'),('2','nobody@gmail.com',1,'2019-09-17 02:14:13'),('2','wp2cart',3,'2021-02-25 02:25:13'),('2','wp2cart_admin',2,'2019-05-21 15:53:27');

--
-- Table structure for table `catalog_category_entity`
--

CREATE TABLE `catalog_category_entity` (
  `entity_id` int(10) unsigned NOT NULL AUTO_INCREMENT COMMENT 'Entity ID',
  `attribute_set_id` smallint(5) unsigned NOT NULL DEFAULT '0' COMMENT 'Attribute Set ID',
  `parent_id` int(10) unsigned NOT NULL DEFAULT '0' COMMENT 'Parent Category ID',
  `created_at` timestamp NOT NULL DEFAULT CURRENT_TIMESTAMP COMMENT 'Creation Time',
  `updated_at` timestamp NOT NULL DEFAULT CURRENT_TIMESTAMP ON UPDATE CURRENT_TIMESTAMP COMMENT 'Update Time',
  `path` varchar(255) NOT NULL COMMENT 'Tree Path',
  `position` int(11) NOT NULL COMMENT 'Position',
  `level` int(11) NOT NULL DEFAULT '0' COMMENT 'Tree Level',
  `children_count` int(11) NOT NULL COMMENT 'Child Count',
  PRIMARY KEY (`entity_id`),
  KEY `CATALOG_CATEGORY_ENTITY_LEVEL` (`level`),
  KEY `CATALOG_CATEGORY_ENTITY_PATH` (`path`)
) ENGINE=InnoDB AUTO_INCREMENT=255 DEFAULT CHARSET=utf8 COMMENT='Catalog Category Table';

--
-- Dumping data for table `catalog_category_entity`
--

INSERT INTO `catalog_category_entity` VALUES (1,3,0,'2019-02-18 01:02:34','2021-03-13 04:12:23','1',0,0,-208),(2,3,1,'2019-02-18 01:02:35','2021-03-13 04:12:23','1/2',1,1,51),(3,3,2,'2019-02-19 01:09:34','2021-03-18 08:42:05','1/2/3',1,2,9),(4,3,2,'2019-02-19 01:10:36','2021-03-18 08:43:52','1/2/4',2,2,10),(5,3,2,'2019-02-19 01:12:11','2021-03-16 08:53:13','1/2/5',3,2,0),(6,3,2,'2019-02-19 01:13:41','2021-03-16 08:53:13','1/2/6',4,2,0),(7,3,2,'2019-02-19 01:14:55','2021-03-18 08:42:05','1/2/7',5,2,0),(9,3,2,'2019-02-19 01:18:50','2021-03-11 08:40:45','1/2/9',6,2,0),(10,3,2,'2019-02-20 13:02:12','2021-03-18 08:42:05','1/2/10',7,2,0),(11,3,2,'2019-04-16 10:28:51','2021-03-18 08:49:34','1/2/11',8,2,24),(12,3,11,'2019-04-16 10:33:53','2021-03-11 08:38:45','1/2/11/12',1,3,5),(13,3,12,'2019-04-16 10:36:11','2021-03-16 08:50:07','1/2/11/12/13',1,4,0),(14,3,12,'2019-04-16 10:37:45','2021-03-16 08:50:08','1/2/11/12/14',2,4,0),(15,3,12,'2019-04-16 10:39:27','2021-03-16 08:50:08','1/2/11/12/15',3,4,0),(16,3,12,'2019-04-16 10:40:35','2021-03-16 08:50:09','1/2/11/12/16',4,4,0),(17,3,12,'2019-04-16 10:41:39','2021-03-16 08:50:09','1/2/11/12/17',5,4,0),(18,3,11,'2019-04-16 10:43:13','2021-03-11 08:38:45','1/2/11/18',2,3,5),(19,3,18,'2019-04-16 13:13:39','2021-03-16 08:50:10','1/2/11/18/19',1,4,0),(20,3,18,'2019-04-16 13:14:41','2021-03-16 08:50:11','1/2/11/18/20',2,4,0),(21,3,18,'2019-04-16 13:15:39','2021-03-16 08:50:11','1/2/11/18/21',3,4,0),(22,3,18,'2019-04-16 13:22:25','2021-03-16 08:50:12','1/2/11/18/22',4,4,0),(23,3,18,'2019-04-16 13:24:30','2021-03-16 08:50:12','1/2/11/18/23',5,4,0),(24,3,11,'2019-04-16 13:27:16','2021-03-11 08:38:46','1/2/11/24',3,3,5),(25,3,11,'2019-04-16 13:29:35','2021-03-18 08:43:53','1/2/11/25',4,3,5),(26,3,24,'2019-04-16 14:11:44','2021-03-16 08:50:13','1/2/11/24/26',1,4,0),(27,3,24,'2019-04-16 14:12:35','2021-03-16 08:50:13','1/2/11/24/27',2,4,0),(28,3,24,'2019-04-16 14:13:56','2021-03-16 08:50:14','1/2/11/24/28',3,4,0),(29,3,24,'2019-04-16 14:15:08','2021-03-16 08:50:14','1/2/11/24/29',4,4,0),(30,3,24,'2019-04-16 14:15:59','2021-03-16 08:50:14','1/2/11/24/30',5,4,0),(31,3,25,'2019-04-16 14:16:51','2021-03-16 08:50:15','1/2/11/25/31',1,4,0),(32,3,25,'2019-04-16 14:17:49','2021-03-16 08:50:15','1/2/11/25/32',2,4,0),(33,3,25,'2019-04-16 14:18:47','2021-03-16 08:50:16','1/2/11/25/33',3,4,0),(34,3,25,'2019-04-16 14:19:39','2021-03-16 08:50:16','1/2/11/25/34',4,4,0),(35,3,25,'2019-04-16 14:20:27','2021-03-16 08:50:16','1/2/11/25/35',5,4,0),(36,3,4,'2019-05-13 09:12:21','2021-03-16 08:50:05','1/2/4/36',1,3,3),(37,3,4,'2019-05-13 09:13:14','2021-03-16 08:50:05','1/2/4/37',2,3,3),(38,3,4,'2019-05-13 09:14:27','2021-03-16 08:50:06','1/2/4/38',3,3,0),(39,3,4,'2019-05-13 09:15:30','2021-03-16 08:50:07','1/2/4/39',4,3,0),(40,3,36,'2019-05-13 09:16:43','2021-03-11 08:38:57','1/2/4/36/40',1,4,0),(43,3,36,'2019-05-13 09:19:25','2021-03-11 08:38:57','1/2/4/36/43',2,4,0),(44,3,36,'2019-05-13 09:21:15','2021-03-11 08:38:57','1/2/4/36/44',3,4,0),(45,3,37,'2019-05-13 09:23:00','2021-03-11 08:38:58','1/2/4/37/45',1,4,0),(46,3,37,'2019-05-13 09:23:48','2021-03-11 08:38:58','1/2/4/37/46',2,4,0),(47,3,37,'2019-05-13 09:24:57','2021-03-11 08:38:58','1/2/4/37/47',3,4,0),(150,3,1,'2020-01-03 05:05:01','2023-02-12 10:15:47','1/150',2,1,47),(151,3,150,'2020-01-03 05:05:35','2023-02-12 10:15:47','1/150/151',1,2,20),(152,3,150,'2020-01-03 05:05:46','2023-02-12 10:15:47','1/150/152',2,2,20),(153,3,150,'2020-01-03 05:06:00','2023-02-12 10:15:47','1/150/153',3,2,4),(154,3,153,'2020-01-03 06:31:08','2023-02-12 10:15:48','1/150/153/154',1,3,0),(155,3,153,'2020-01-03 06:31:31','2023-02-12 10:15:48','1/150/153/155',2,3,0),(156,3,153,'2020-01-03 06:31:47','2023-02-12 10:15:48','1/150/153/156',3,3,0),(157,3,153,'2020-01-03 06:32:13','2023-02-12 10:15:48','1/150/153/157',4,3,0),(158,3,152,'2020-01-03 06:32:35','2023-02-12 10:15:48','1/150/152/158',1,3,4),(159,3,152,'2020-01-03 06:33:31','2023-02-12 10:15:48','1/150/152/159',2,3,4),(160,3,152,'2020-01-03 06:35:24','2023-02-12 10:15:48','1/150/152/160',3,3,4),(161,3,152,'2020-01-03 06:35:41','2021-03-19 04:07:15','1/150/152/161',4,3,4),(162,3,158,'2020-01-03 06:36:05','2023-02-12 10:15:48','1/150/152/158/162',1,4,0),(163,3,158,'2020-01-03 06:36:17','2023-02-12 10:15:48','1/150/152/158/163',2,4,0),(164,3,158,'2020-01-03 06:36:31','2023-02-12 10:15:48','1/150/152/158/164',3,4,0),(165,3,158,'2020-01-03 06:37:34','2023-02-12 10:15:48','1/150/152/158/165',4,4,0),(166,3,159,'2020-01-03 06:37:55','2023-02-12 10:15:48','1/150/152/159/166',1,4,0),(167,3,159,'2020-01-03 06:38:06','2023-02-12 10:15:48','1/150/152/159/167',2,4,0),(168,3,159,'2020-01-03 06:38:24','2023-02-12 10:15:48','1/150/152/159/168',3,4,0),(169,3,159,'2020-01-03 06:38:36','2023-02-12 10:15:49','1/150/152/159/169',4,4,0),(170,3,160,'2020-01-03 06:38:52','2023-02-12 10:15:49','1/150/152/160/170',1,4,0),(171,3,160,'2020-01-03 06:39:10','2023-02-12 10:15:49','1/150/152/160/171',2,4,0),(172,3,160,'2020-01-03 06:39:23','2023-02-12 10:15:49','1/150/152/160/172',3,4,0),(173,3,160,'2020-01-03 06:39:41','2023-02-12 10:15:49','1/150/152/160/173',4,4,0),(174,3,161,'2020-01-03 06:40:31','2023-02-12 10:15:49','1/150/152/161/174',1,4,0),(175,3,161,'2020-01-03 06:40:49','2023-02-12 10:15:49','1/150/152/161/175',2,4,0),(176,3,161,'2020-01-03 06:41:58','2023-02-12 10:15:49','1/150/152/161/176',3,4,0),(177,3,161,'2020-01-03 06:42:18','2023-02-12 10:15:49','1/150/152/161/177',4,4,0),(178,3,151,'2020-01-03 06:42:31','2023-02-12 10:15:48','1/150/151/178',1,3,4),(179,3,151,'2020-01-03 06:42:42','2023-02-12 10:15:48','1/150/151/179',2,3,4),(180,3,151,'2020-01-03 06:42:54','2021-03-19 04:07:15','1/150/151/180',3,3,4),(181,3,151,'2020-01-03 06:43:07','2023-02-12 10:15:48','1/150/151/181',4,3,4),(182,3,178,'2020-01-03 06:43:41','2023-02-12 10:15:49','1/150/151/178/182',1,4,0),(183,3,178,'2020-01-03 06:43:59','2023-02-12 10:15:49','1/150/151/178/183',2,4,0),(184,3,178,'2020-01-03 06:44:29','2023-02-12 10:15:49','1/150/151/178/184',3,4,0),(185,3,178,'2020-01-03 06:44:39','2023-02-12 10:15:49','1/150/151/178/185',4,4,0),(186,3,179,'2020-01-03 06:44:54','2021-03-19 04:07:19','1/150/151/179/186',1,4,0),(187,3,179,'2020-01-03 06:45:05','2023-02-12 10:15:49','1/150/151/179/187',2,4,0),(188,3,179,'2020-01-03 06:45:44','2023-02-12 10:15:49','1/150/151/179/188',3,4,0),(189,3,179,'2020-01-03 06:47:11','2023-02-12 10:15:49','1/150/151/179/189',4,4,0),(190,3,180,'2020-01-03 06:47:26','2023-02-12 10:15:50','1/150/151/180/190',1,4,0),(191,3,180,'2020-01-03 06:47:39','2023-02-12 10:15:50','1/150/151/180/191',2,4,0),(192,3,180,'2020-01-03 06:47:51','2023-02-12 10:15:50','1/150/151/180/192',3,4,0),(193,3,180,'2020-01-03 06:48:30','2023-02-12 10:15:50','1/150/151/180/193',4,4,0),(194,3,181,'2020-01-03 06:48:46','2023-02-12 10:15:50','1/150/151/181/194',1,4,0),(195,3,181,'2020-01-03 06:49:21','2023-02-12 10:15:50','1/150/151/181/195',2,4,0),(196,3,181,'2020-01-03 06:49:41','2023-02-12 10:15:50','1/150/151/181/196',3,4,0),(197,3,181,'2020-01-03 06:49:59','2023-02-12 10:15:50','1/150/151/181/197',4,4,0),(246,3,3,'2021-03-13 04:06:56','2021-03-13 04:09:32','1/2/3/246',1,3,2),(247,3,3,'2021-03-13 04:07:22','2021-03-13 04:11:02','1/2/3/247',2,3,2),(248,3,3,'2021-03-13 04:07:40','2021-03-13 04:12:23','1/2/3/248',3,3,2),(249,3,246,'2021-03-13 04:09:14','2021-03-13 04:09:14','1/2/3/246/249',1,4,0),(250,3,246,'2021-03-13 04:09:32','2021-03-13 04:09:32','1/2/3/246/250',2,4,0),(251,3,247,'2021-03-13 04:09:53','2021-03-13 04:09:53','1/2/3/247/251',1,4,0),(252,3,247,'2021-03-13 04:11:02','2021-03-13 04:11:02','1/2/3/247/252',2,4,0),(253,3,248,'2021-03-13 04:11:43','2021-03-13 04:11:43','1/2/3/248/253',1,4,0),(254,3,248,'2021-03-13 04:12:23','2021-03-13 04:12:23','1/2/3/248/254',2,4,0);
DELIMITER ;;
/*!50003 CREATE*/ /*!50017 DEFINER=`dotzeror`@`localhost`*/ /*!50003 TRIGGER trg_catalog_category_entity_after_insert AFTER INSERT ON catalog_category_entity FOR EACH ROW
BEGIN
INSERT IGNORE INTO `catalog_category_product_cl` (`entity_id`) VALUES (NEW.`entity_id`);
END */;;
DELIMITER ;
DELIMITER ;;
/*!50003 CREATE*/ /*!50017 DEFINER=`dotzeror`@`localhost`*/ /*!50003 TRIGGER trg_catalog_category_entity_after_update AFTER UPDATE ON catalog_category_entity FOR EACH ROW
BEGIN
IF (NOT(NEW.`entity_id` <=> OLD.`entity_id`) OR NOT(NEW.`attribute_set_id` <=> OLD.`attribute_set_id`) OR NOT(NEW.`parent_id` <=> OLD.`parent_id`) OR NOT(NEW.`created_at` <=> OLD.`created_at`) OR NOT(NEW.`path` <=> OLD.`path`) OR NOT(NEW.`position` <=> OLD.`position`) OR NOT(NEW.`level` <=> OLD.`level`) OR NOT(NEW.`children_count` <=> OLD.`children_count`)) THEN INSERT IGNORE INTO `catalog_category_product_cl` (`entity_id`) VALUES (NEW.`entity_id`); END IF;
END */;;
DELIMITER ;
DELIMITER ;;
/*!50003 CREATE*/ /*!50017 DEFINER=`dotzeror`@`localhost`*/ /*!50003 TRIGGER trg_catalog_category_entity_after_delete AFTER DELETE ON catalog_category_entity FOR EACH ROW
BEGIN
INSERT IGNORE INTO `catalog_category_product_cl` (`entity_id`) VALUES (OLD.`entity_id`);
END */;;
DELIMITER ;

--
-- Table structure for table `catalog_category_entity_datetime`
--

CREATE TABLE `catalog_category_entity_datetime` (
  `value_id` int(11) NOT NULL AUTO_INCREMENT COMMENT 'Value ID',
  `attribute_id` smallint(5) unsigned NOT NULL DEFAULT '0' COMMENT 'Attribute ID',
  `store_id` smallint(5) unsigned NOT NULL DEFAULT '0' COMMENT 'Store ID',
  `entity_id` int(10) unsigned NOT NULL DEFAULT '0' COMMENT 'Entity ID',
  `value` datetime DEFAULT NULL COMMENT 'Value',
  PRIMARY KEY (`value_id`),
  UNIQUE KEY `CATALOG_CATEGORY_ENTITY_DATETIME_ENTITY_ID_ATTRIBUTE_ID_STORE_ID` (`entity_id`,`attribute_id`,`store_id`),
  KEY `CATALOG_CATEGORY_ENTITY_DATETIME_ENTITY_ID` (`entity_id`),
  KEY `CATALOG_CATEGORY_ENTITY_DATETIME_ATTRIBUTE_ID` (`attribute_id`),
  KEY `CATALOG_CATEGORY_ENTITY_DATETIME_STORE_ID` (`store_id`),
  CONSTRAINT `CATALOG_CATEGORY_ENTITY_DATETIME_STORE_ID_STORE_STORE_ID` FOREIGN KEY (`store_id`) REFERENCES `store` (`store_id`) ON DELETE CASCADE,
  CONSTRAINT `CAT_CTGR_ENTT_DTIME_ATTR_ID_EAV_ATTR_ATTR_ID` FOREIGN KEY (`attribute_id`) REFERENCES `eav_attribute` (`attribute_id`) ON DELETE CASCADE,
  CONSTRAINT `CAT_CTGR_ENTT_DTIME_ENTT_ID_CAT_CTGR_ENTT_ENTT_ID` FOREIGN KEY (`entity_id`) REFERENCES `catalog_category_entity` (`entity_id`) ON DELETE CASCADE
) ENGINE=InnoDB DEFAULT CHARSET=utf8 COMMENT='Catalog Category Datetime Attribute Backend Table';

--
-- Dumping data for table `catalog_category_entity_datetime`
--


--
-- Table structure for table `catalog_category_entity_decimal`
--

CREATE TABLE `catalog_category_entity_decimal` (
  `value_id` int(11) NOT NULL AUTO_INCREMENT COMMENT 'Value ID',
  `attribute_id` smallint(5) unsigned NOT NULL DEFAULT '0' COMMENT 'Attribute ID',
  `store_id` smallint(5) unsigned NOT NULL DEFAULT '0' COMMENT 'Store ID',
  `entity_id` int(10) unsigned NOT NULL DEFAULT '0' COMMENT 'Entity ID',
  `value` decimal(20,6) DEFAULT NULL COMMENT 'Value',
  PRIMARY KEY (`value_id`),
  UNIQUE KEY `CATALOG_CATEGORY_ENTITY_DECIMAL_ENTITY_ID_ATTRIBUTE_ID_STORE_ID` (`entity_id`,`attribute_id`,`store_id`),
  KEY `CATALOG_CATEGORY_ENTITY_DECIMAL_ENTITY_ID` (`entity_id`),
  KEY `CATALOG_CATEGORY_ENTITY_DECIMAL_ATTRIBUTE_ID` (`attribute_id`),
  KEY `CATALOG_CATEGORY_ENTITY_DECIMAL_STORE_ID` (`store_id`),
  CONSTRAINT `CATALOG_CATEGORY_ENTITY_DECIMAL_STORE_ID_STORE_STORE_ID` FOREIGN KEY (`store_id`) REFERENCES `store` (`store_id`) ON DELETE CASCADE,
  CONSTRAINT `CAT_CTGR_ENTT_DEC_ATTR_ID_EAV_ATTR_ATTR_ID` FOREIGN KEY (`attribute_id`) REFERENCES `eav_attribute` (`attribute_id`) ON DELETE CASCADE,
  CONSTRAINT `CAT_CTGR_ENTT_DEC_ENTT_ID_CAT_CTGR_ENTT_ENTT_ID` FOREIGN KEY (`entity_id`) REFERENCES `catalog_category_entity` (`entity_id`) ON DELETE CASCADE
) ENGINE=InnoDB DEFAULT CHARSET=utf8 COMMENT='Catalog Category Decimal Attribute Backend Table';

--
-- Dumping data for table `catalog_category_entity_decimal`
--


--
-- Table structure for table `catalog_category_entity_int`
--

CREATE TABLE `catalog_category_entity_int` (
  `value_id` int(11) NOT NULL AUTO_INCREMENT COMMENT 'Value ID',
  `attribute_id` smallint(5) unsigned NOT NULL DEFAULT '0' COMMENT 'Attribute ID',
  `store_id` smallint(5) unsigned NOT NULL DEFAULT '0' COMMENT 'Store ID',
  `entity_id` int(10) unsigned NOT NULL DEFAULT '0' COMMENT 'Entity ID',
  `value` int(11) DEFAULT NULL COMMENT 'Value',
  PRIMARY KEY (`value_id`),
  UNIQUE KEY `CATALOG_CATEGORY_ENTITY_INT_ENTITY_ID_ATTRIBUTE_ID_STORE_ID` (`entity_id`,`attribute_id`,`store_id`),
  KEY `CATALOG_CATEGORY_ENTITY_INT_ENTITY_ID` (`entity_id`),
  KEY `CATALOG_CATEGORY_ENTITY_INT_ATTRIBUTE_ID` (`attribute_id`),
  KEY `CATALOG_CATEGORY_ENTITY_INT_STORE_ID` (`store_id`),
  CONSTRAINT `CATALOG_CATEGORY_ENTITY_INT_STORE_ID_STORE_STORE_ID` FOREIGN KEY (`store_id`) REFERENCES `store` (`store_id`) ON DELETE CASCADE,
  CONSTRAINT `CAT_CTGR_ENTT_INT_ATTR_ID_EAV_ATTR_ATTR_ID` FOREIGN KEY (`attribute_id`) REFERENCES `eav_attribute` (`attribute_id`) ON DELETE CASCADE,
  CONSTRAINT `CAT_CTGR_ENTT_INT_ENTT_ID_CAT_CTGR_ENTT_ENTT_ID` FOREIGN KEY (`entity_id`) REFERENCES `catalog_category_entity` (`entity_id`) ON DELETE CASCADE
) ENGINE=InnoDB AUTO_INCREMENT=1310 DEFAULT CHARSET=utf8 COMMENT='Catalog Category Integer Attribute Backend Table';

--
-- Dumping data for table `catalog_category_entity_int`
--

INSERT INTO `catalog_category_entity_int` VALUES (1,69,0,1,1),(2,46,0,2,1),(3,69,0,2,1),(5,54,0,2,1),(6,70,0,2,0),(7,71,0,2,0),(8,46,0,3,1),(9,54,0,3,1),(10,69,0,3,1),(11,70,0,3,0),(12,71,0,3,0),(13,46,0,4,1),(14,54,0,4,1),(15,69,0,4,1),(16,70,0,4,0),(17,71,0,4,0),(18,46,0,5,1),(19,54,0,5,1),(20,69,0,5,1),(21,70,0,5,0),(22,71,0,5,0),(23,46,0,6,1),(24,54,0,6,1),(25,69,0,6,1),(26,70,0,6,0),(27,71,0,6,0),(28,46,0,7,1),(29,54,0,7,1),(30,69,0,7,1),(31,70,0,7,0),(32,71,0,7,0),(38,46,0,9,1),(39,54,0,9,1),(40,69,0,9,1),(41,70,0,9,0),(42,71,0,9,0),(43,46,0,10,1),(44,54,0,10,1),(45,69,0,10,1),(46,70,0,10,0),(47,71,0,10,0),(49,46,0,11,1),(50,54,0,11,1),(51,69,0,11,1),(52,70,0,11,0),(53,71,0,11,0),(54,46,0,12,1),(55,54,0,12,1),(56,69,0,12,1),(57,70,0,12,0),(58,71,0,12,0),(59,46,0,13,1),(60,54,0,13,1),(61,69,0,13,1),(62,70,0,13,0),(63,71,0,13,0),(64,46,0,14,1),(65,54,0,14,1),(66,69,0,14,1),(67,70,0,14,0),(68,71,0,14,0),(69,46,0,15,1),(70,54,0,15,1),(71,69,0,15,1),(72,70,0,15,0),(73,71,0,15,0),(74,46,0,16,1),(75,54,0,16,1),(76,69,0,16,1),(77,70,0,16,0),(78,71,0,16,0),(79,46,0,17,1),(80,54,0,17,1),(81,69,0,17,1),(82,70,0,17,0),(83,71,0,17,0),(84,46,0,18,1),(85,54,0,18,1),(86,69,0,18,1),(87,70,0,18,0),(88,71,0,18,0),(89,46,0,19,1),(90,54,0,19,1),(91,69,0,19,1),(92,70,0,19,0),(93,71,0,19,0),(94,46,0,20,1),(95,54,0,20,1),(96,69,0,20,1),(97,70,0,20,0),(98,71,0,20,0),(99,46,0,21,1),(100,54,0,21,1),(101,69,0,21,1),(102,70,0,21,0),(103,71,0,21,0),(104,46,0,22,1),(105,54,0,22,1),(106,69,0,22,1),(107,70,0,22,0),(108,71,0,22,0),(109,46,0,23,1),(110,54,0,23,1),(111,69,0,23,1),(112,70,0,23,0),(113,71,0,23,0),(114,46,0,24,1),(115,54,0,24,1),(116,69,0,24,1),(117,70,0,24,0),(118,71,0,24,0),(119,46,0,25,1),(120,54,0,25,1),(121,69,0,25,1),(122,70,0,25,0),(123,71,0,25,0),(124,46,0,26,1),(125,54,0,26,1),(126,69,0,26,1),(127,70,0,26,0),(128,71,0,26,0),(129,46,0,27,1),(130,54,0,27,1),(131,69,0,27,1),(132,70,0,27,0),(133,71,0,27,0),(134,46,0,28,1),(135,54,0,28,1),(136,69,0,28,1),(137,70,0,28,0),(138,71,0,28,0),(139,46,0,29,1),(140,54,0,29,1),(141,69,0,29,1),(142,70,0,29,0),(143,71,0,29,0),(144,46,0,30,1),(145,54,0,30,1),(146,69,0,30,1),(147,70,0,30,0),(148,71,0,30,0),(149,46,0,31,1),(150,54,0,31,1),(151,69,0,31,1),(152,70,0,31,0),(153,71,0,31,0),(154,46,0,32,1),(155,54,0,32,1),(156,69,0,32,1),(157,70,0,32,0),(158,71,0,32,0),(159,46,0,33,1),(160,54,0,33,1),(161,69,0,33,1),(162,70,0,33,0),(163,71,0,33,0),(164,46,0,34,1),(165,54,0,34,1),(166,69,0,34,1),(167,70,0,34,0),(168,71,0,34,0),(169,46,0,35,1),(170,54,0,35,1),(171,69,0,35,1),(172,70,0,35,0),(173,71,0,35,0),(175,46,0,36,1),(176,54,0,36,1),(177,69,0,36,1),(178,70,0,36,0),(179,71,0,36,0),(180,46,0,37,1),(181,54,0,37,1),(182,69,0,37,1),(183,70,0,37,0),(184,71,0,37,0),(185,46,0,38,1),(186,54,0,38,1),(187,69,0,38,1),(188,70,0,38,0),(189,71,0,38,0),(190,46,0,39,1),(191,54,0,39,1),(192,69,0,39,1),(193,70,0,39,0),(194,71,0,39,0),(195,46,0,40,1),(196,54,0,40,1),(197,69,0,40,1),(198,70,0,40,0),(199,71,0,40,0),(210,46,0,43,1),(211,54,0,43,1),(212,69,0,43,1),(213,70,0,43,0),(214,71,0,43,0),(215,46,0,44,1),(216,54,0,44,1),(217,69,0,44,1),(218,70,0,44,0),(219,71,0,44,0),(220,46,0,45,1),(221,54,0,45,1),(222,69,0,45,1),(223,70,0,45,0),(224,71,0,45,0),(225,46,0,46,1),(226,54,0,46,1),(227,69,0,46,1),(228,70,0,46,0),(229,71,0,46,0),(230,46,0,47,1),(231,54,0,47,1),(232,69,0,47,1),(233,70,0,47,0),(234,71,0,47,0),(764,46,0,150,1),(765,54,0,150,1),(766,69,0,150,1),(767,70,0,150,0),(768,71,0,150,0),(769,46,0,151,0),(770,54,0,151,1),(771,69,0,151,0),(772,70,0,151,0),(773,71,0,151,0),(774,46,0,152,1),(775,54,0,152,1),(776,69,0,152,1),(777,70,0,152,0),(778,71,0,152,0),(779,46,0,153,1),(780,54,0,153,1),(781,69,0,153,1),(782,70,0,153,0),(783,71,0,153,0),(784,46,0,154,1),(785,54,0,154,1),(786,69,0,154,1),(787,70,0,154,0),(788,71,0,154,0),(789,46,0,155,1),(790,54,0,155,1),(791,69,0,155,1),(792,70,0,155,0),(793,71,0,155,0),(794,46,0,156,1),(795,54,0,156,1),(796,69,0,156,1),(797,70,0,156,0),(798,71,0,156,0),(799,46,0,157,1),(800,54,0,157,1),(801,69,0,157,1),(802,70,0,157,0),(803,71,0,157,0),(804,46,0,158,1),(805,54,0,158,1),(806,69,0,158,1),(807,70,0,158,0),(808,71,0,158,0),(809,46,0,159,1),(810,54,0,159,1),(811,69,0,159,0),(812,70,0,159,0),(813,71,0,159,0),(814,46,0,160,1),(815,54,0,160,1),(816,69,0,160,1),(817,70,0,160,0),(818,71,0,160,0),(819,46,0,161,1),(820,54,0,161,1),(821,69,0,161,1),(822,70,0,161,0),(823,71,0,161,0),(824,46,0,162,1),(825,54,0,162,1),(826,69,0,162,1),(827,70,0,162,0),(828,71,0,162,0),(829,46,0,163,1),(830,54,0,163,1),(831,69,0,163,1),(832,70,0,163,0),(833,71,0,163,0),(834,46,0,164,1),(835,54,0,164,1),(836,69,0,164,1),(837,70,0,164,0),(838,71,0,164,0),(839,46,0,165,1),(840,54,0,165,1),(841,69,0,165,1),(842,70,0,165,0),(843,71,0,165,0),(844,46,0,166,1),(845,54,0,166,1),(846,69,0,166,1),(847,70,0,166,0),(848,71,0,166,0),(849,46,0,167,1),(850,54,0,167,1),(851,69,0,167,1),(852,70,0,167,0),(853,71,0,167,0),(854,46,0,168,1),(855,54,0,168,1),(856,69,0,168,1),(857,70,0,168,0),(858,71,0,168,0),(859,46,0,169,1),(860,54,0,169,1),(861,69,0,169,1),(862,70,0,169,0),(863,71,0,169,0),(864,46,0,170,1),(865,54,0,170,1),(866,69,0,170,1),(867,70,0,170,0),(868,71,0,170,0),(869,46,0,171,1),(870,54,0,171,1),(871,69,0,171,1),(872,70,0,171,0),(873,71,0,171,0),(874,46,0,172,1),(875,54,0,172,1),(876,69,0,172,1),(877,70,0,172,0),(878,71,0,172,0),(879,46,0,173,1),(880,54,0,173,1),(881,69,0,173,1),(882,70,0,173,0),(883,71,0,173,0),(884,46,0,174,1),(885,54,0,174,1),(886,69,0,174,1),(887,70,0,174,0),(888,71,0,174,0),(889,46,0,175,1),(890,54,0,175,1),(891,69,0,175,1),(892,70,0,175,0),(893,71,0,175,0),(894,46,0,176,1),(895,54,0,176,1),(896,69,0,176,1),(897,70,0,176,0),(898,71,0,176,0),(899,46,0,177,1),(900,54,0,177,1),(901,69,0,177,1),(902,70,0,177,0),(903,71,0,177,0),(904,46,0,178,1),(905,54,0,178,1),(906,69,0,178,1),(907,70,0,178,0),(908,71,0,178,0),(909,46,0,179,1),(910,54,0,179,1),(911,69,0,179,1),(912,70,0,179,0),(913,71,0,179,0),(914,46,0,180,1),(915,54,0,180,1),(916,69,0,180,0),(917,70,0,180,0),(918,71,0,180,0),(919,46,0,181,1),(920,54,0,181,1),(921,69,0,181,1),(922,70,0,181,0),(923,71,0,181,0),(924,46,0,182,1),(925,54,0,182,1),(926,69,0,182,1),(927,70,0,182,0),(928,71,0,182,0),(929,46,0,183,1),(930,54,0,183,1),(931,69,0,183,1),(932,70,0,183,0),(933,71,0,183,0),(934,46,0,184,1),(935,54,0,184,1),(936,69,0,184,1),(937,70,0,184,0),(938,71,0,184,0),(939,46,0,185,1),(940,54,0,185,1),(941,69,0,185,1),(942,70,0,185,0),(943,71,0,185,0),(944,46,0,186,1),(945,54,0,186,1),(946,69,0,186,1),(947,70,0,186,0),(948,71,0,186,0),(949,46,0,187,1),(950,54,0,187,1),(951,69,0,187,1),(952,70,0,187,0),(953,71,0,187,0),(954,46,0,188,1),(955,54,0,188,1),(956,69,0,188,1),(957,70,0,188,0),(958,71,0,188,0),(959,46,0,189,1),(960,54,0,189,1),(961,69,0,189,1),(962,70,0,189,0),(963,71,0,189,0),(964,46,0,190,1),(965,54,0,190,1),(966,69,0,190,1),(967,70,0,190,0),(968,71,0,190,0),(969,46,0,191,1),(970,54,0,191,1),(971,69,0,191,1),(972,70,0,191,0),(973,71,0,191,0),(974,46,0,192,1),(975,54,0,192,1),(976,69,0,192,1),(977,70,0,192,0),(978,71,0,192,0),(979,46,0,193,1),(980,54,0,193,1),(981,69,0,193,1),(982,70,0,193,0),(983,71,0,193,0),(984,46,0,194,1),(985,54,0,194,1),(986,69,0,194,1),(987,70,0,194,0),(988,71,0,194,0),(989,46,0,195,1),(990,54,0,195,1),(991,69,0,195,1),(992,70,0,195,0),(993,71,0,195,0),(994,46,0,196,1),(995,54,0,196,1),(996,69,0,196,1),(997,70,0,196,0),(998,71,0,196,0),(999,46,0,197,1),(1000,54,0,197,1),(1001,69,0,197,1),(1002,70,0,197,0),(1003,71,0,197,0),(1265,46,0,246,1),(1266,54,0,246,1),(1267,69,0,246,1),(1268,70,0,246,0),(1269,71,0,246,0),(1270,46,0,247,1),(1271,54,0,247,1),(1272,69,0,247,1),(1273,70,0,247,0),(1274,71,0,247,0),(1275,46,0,248,1),(1276,54,0,248,1),(1277,69,0,248,1),(1278,70,0,248,0),(1279,71,0,248,0),(1280,46,0,249,1),(1281,54,0,249,1),(1282,69,0,249,1),(1283,70,0,249,0),(1284,71,0,249,0),(1285,46,0,250,1),(1286,54,0,250,1),(1287,69,0,250,1),(1288,70,0,250,0),(1289,71,0,250,0),(1290,46,0,251,1),(1291,54,0,251,1),(1292,69,0,251,1),(1293,70,0,251,0),(1294,71,0,251,0),(1295,46,0,252,1),(1296,54,0,252,1),(1297,69,0,252,1),(1298,70,0,252,0),(1299,71,0,252,0),(1300,46,0,253,1),(1301,54,0,253,1),(1302,69,0,253,1),(1303,70,0,253,0),(1304,71,0,253,0),(1305,46,0,254,1),(1306,54,0,254,1),(1307,69,0,254,1),(1308,70,0,254,0),(1309,71,0,254,0);
DELIMITER ;;
/*!50003 CREATE*/ /*!50017 DEFINER=`dotzeror`@`localhost`*/ /*!50003 TRIGGER trg_catalog_category_entity_int_after_insert AFTER INSERT ON catalog_category_entity_int FOR EACH ROW
BEGIN
INSERT IGNORE INTO `catalog_category_product_cl` (`entity_id`) VALUES (NEW.`entity_id`);
END */;;
DELIMITER ;
DELIMITER ;;
/*!50003 CREATE*/ /*!50017 DEFINER=`dotzeror`@`localhost`*/ /*!50003 TRIGGER trg_catalog_category_entity_int_after_update AFTER UPDATE ON catalog_category_entity_int FOR EACH ROW
BEGIN
IF (NOT(NEW.`value_id` <=> OLD.`value_id`) OR NOT(NEW.`attribute_id` <=> OLD.`attribute_id`) OR NOT(NEW.`store_id` <=> OLD.`store_id`) OR NOT(NEW.`entity_id` <=> OLD.`entity_id`) OR NOT(NEW.`value` <=> OLD.`value`)) THEN INSERT IGNORE INTO `catalog_category_product_cl` (`entity_id`) VALUES (NEW.`entity_id`); END IF;
END */;;
DELIMITER ;
DELIMITER ;;
/*!50003 CREATE*/ /*!50017 DEFINER=`dotzeror`@`localhost`*/ /*!50003 TRIGGER trg_catalog_category_entity_int_after_delete AFTER DELETE ON catalog_category_entity_int FOR EACH ROW
BEGIN
INSERT IGNORE INTO `catalog_category_product_cl` (`entity_id`) VALUES (OLD.`entity_id`);
END */;;
DELIMITER ;

--
-- Table structure for table `catalog_category_entity_text`
--

CREATE TABLE `catalog_category_entity_text` (
  `value_id` int(11) NOT NULL AUTO_INCREMENT COMMENT 'Value ID',
  `attribute_id` smallint(5) unsigned NOT NULL DEFAULT '0' COMMENT 'Attribute ID',
  `store_id` smallint(5) unsigned NOT NULL DEFAULT '0' COMMENT 'Store ID',
  `entity_id` int(10) unsigned NOT NULL DEFAULT '0' COMMENT 'Entity ID',
  `value` text COMMENT 'Value',
  PRIMARY KEY (`value_id`),
  UNIQUE KEY `CATALOG_CATEGORY_ENTITY_TEXT_ENTITY_ID_ATTRIBUTE_ID_STORE_ID` (`entity_id`,`attribute_id`,`store_id`),
  KEY `CATALOG_CATEGORY_ENTITY_TEXT_ENTITY_ID` (`entity_id`),
  KEY `CATALOG_CATEGORY_ENTITY_TEXT_ATTRIBUTE_ID` (`attribute_id`),
  KEY `CATALOG_CATEGORY_ENTITY_TEXT_STORE_ID` (`store_id`),
  CONSTRAINT `CATALOG_CATEGORY_ENTITY_TEXT_STORE_ID_STORE_STORE_ID` FOREIGN KEY (`store_id`) REFERENCES `store` (`store_id`) ON DELETE CASCADE,
  CONSTRAINT `CAT_CTGR_ENTT_TEXT_ATTR_ID_EAV_ATTR_ATTR_ID` FOREIGN KEY (`attribute_id`) REFERENCES `eav_attribute` (`attribute_id`) ON DELETE CASCADE,
  CONSTRAINT `CAT_CTGR_ENTT_TEXT_ENTT_ID_CAT_CTGR_ENTT_ENTT_ID` FOREIGN KEY (`entity_id`) REFERENCES `catalog_category_entity` (`entity_id`) ON DELETE CASCADE
) ENGINE=InnoDB DEFAULT CHARSET=utf8 COMMENT='Catalog Category Text Attribute Backend Table';

--
-- Dumping data for table `catalog_category_entity_text`
--


--
-- Table structure for table `catalog_category_entity_varchar`
--

CREATE TABLE `catalog_category_entity_varchar` (
  `value_id` int(11) NOT NULL AUTO_INCREMENT COMMENT 'Value ID',
  `attribute_id` smallint(5) unsigned NOT NULL DEFAULT '0' COMMENT 'Attribute ID',
  `store_id` smallint(5) unsigned NOT NULL DEFAULT '0' COMMENT 'Store ID',
  `entity_id` int(10) unsigned NOT NULL DEFAULT '0' COMMENT 'Entity ID',
  `value` varchar(255) DEFAULT NULL COMMENT 'Value',
  PRIMARY KEY (`value_id`),
  UNIQUE KEY `CATALOG_CATEGORY_ENTITY_VARCHAR_ENTITY_ID_ATTRIBUTE_ID_STORE_ID` (`entity_id`,`attribute_id`,`store_id`),
  KEY `CATALOG_CATEGORY_ENTITY_VARCHAR_ENTITY_ID` (`entity_id`),
  KEY `CATALOG_CATEGORY_ENTITY_VARCHAR_ATTRIBUTE_ID` (`attribute_id`),
  KEY `CATALOG_CATEGORY_ENTITY_VARCHAR_STORE_ID` (`store_id`),
  CONSTRAINT `CATALOG_CATEGORY_ENTITY_VARCHAR_STORE_ID_STORE_STORE_ID` FOREIGN KEY (`store_id`) REFERENCES `store` (`store_id`) ON DELETE CASCADE,
  CONSTRAINT `CAT_CTGR_ENTT_VCHR_ATTR_ID_EAV_ATTR_ATTR_ID` FOREIGN KEY (`attribute_id`) REFERENCES `eav_attribute` (`attribute_id`) ON DELETE CASCADE,
  CONSTRAINT `CAT_CTGR_ENTT_VCHR_ENTT_ID_CAT_CTGR_ENTT_ENTT_ID` FOREIGN KEY (`entity_id`) REFERENCES `catalog_category_entity` (`entity_id`) ON DELETE CASCADE
) ENGINE=InnoDB AUTO_INCREMENT=1693 DEFAULT CHARSET=utf8 COMMENT='Catalog Category Varchar Attribute Backend Table';

--
-- Dumping data for table `catalog_category_entity_varchar`
--

INSERT INTO `catalog_category_entity_varchar` VALUES (1,45,0,1,'Root Catalog'),(2,45,0,2,'Fashions'),(3,52,0,2,'PRODUCTS'),(8,124,0,2,'categories'),(9,125,0,2,NULL),(10,45,0,3,'Accessories'),(11,52,0,3,'PRODUCTS'),(12,124,0,3,'acessories'),(14,45,0,4,'Clothing'),(15,52,0,4,'PRODUCTS'),(16,124,0,4,'clothing'),(17,125,0,4,'clothing'),(18,45,0,5,'Footwear'),(19,52,0,5,'PRODUCTS'),(20,124,0,5,'footwear'),(21,125,0,5,'footwear'),(22,45,0,6,'Furniture'),(23,52,0,6,'PRODUCTS'),(24,124,0,6,'furniture'),(25,125,0,6,'furniture'),(26,45,0,7,'Handmade'),(27,52,0,7,'PRODUCTS'),(28,124,0,7,'handmade'),(29,125,0,7,'handmade'),(33,45,0,9,'Organic'),(34,52,0,9,'PRODUCTS'),(35,124,0,9,'organic'),(36,125,0,9,'organic'),(37,45,0,10,'Watch&Jwelry'),(38,52,0,10,'PRODUCTS'),(39,124,0,10,'watch-jwelry'),(40,125,0,10,'watch-jwelry'),(49,45,0,11,'Megamenu'),(50,52,0,11,'PRODUCTS'),(51,124,0,11,'megamenu'),(52,125,0,11,'megamenu'),(53,45,0,12,'Fashion'),(54,52,0,12,'PRODUCTS'),(55,124,0,12,'men'),(56,125,0,12,'megamenu/men'),(57,45,0,13,'Clothing'),(58,52,0,13,'PRODUCTS'),(59,124,0,13,'clothing'),(60,125,0,13,'megamenu/men/clothing'),(61,45,0,14,'Handbags'),(62,52,0,14,'PRODUCTS'),(63,124,0,14,'handbags'),(64,125,0,14,'megamenu/men/handbags'),(65,45,0,15,'Jeans'),(66,52,0,15,'PRODUCTS'),(67,124,0,15,'jeans'),(68,125,0,15,'megamenu/men/jeans'),(69,45,0,16,'T-Shirts'),(70,52,0,16,'PRODUCTS'),(71,124,0,16,'t-shirts'),(72,125,0,16,'megamenu/men/t-shirts'),(73,45,0,17,'Sed dui ante'),(74,52,0,17,'PRODUCTS'),(75,124,0,17,'sed-dui-ante'),(76,125,0,17,'megamenu/men/sed-dui-ante'),(77,45,0,18,'Bag'),(78,52,0,18,'PRODUCTS'),(79,124,0,18,'women'),(80,125,0,18,'megamenu/women'),(81,45,0,19,'Curabitur'),(82,52,0,19,'PRODUCTS'),(83,124,0,19,'curabitur'),(84,125,0,19,'megamenu/women/curabitur'),(85,45,0,20,'Sed dui ante'),(86,52,0,20,'PRODUCTS'),(87,124,0,20,'sed-dui-ante'),(88,125,0,20,'megamenu/women/sed-dui-ante'),(89,45,0,21,'Mauris et neque'),(90,52,0,21,'PRODUCTS'),(91,124,0,21,'mauris-et-neque'),(92,125,0,21,'megamenu/women/mauris-et-neque'),(93,45,0,22,'Donec porttitor'),(94,52,0,22,'PRODUCTS'),(95,124,0,22,'donec-porttitor'),(96,125,0,22,'megamenu/women/donec-porttitor'),(97,45,0,23,'Clothing'),(98,52,0,23,'PRODUCTS'),(99,124,0,23,'clothing'),(100,125,0,23,'megamenu/women/clothing'),(101,45,0,24,'Mauris et neque'),(102,52,0,24,'PRODUCTS'),(103,124,0,24,'mauris-et-neque'),(104,125,0,24,'megamenu/mauris-et-neque'),(105,45,0,25,'Donec porttitor'),(106,52,0,25,'PRODUCTS'),(107,124,0,25,'donec-porttitor'),(108,125,0,25,'megamenu/donec-porttitor'),(109,45,0,26,'Sed dui ante'),(110,52,0,26,'PRODUCTS'),(111,124,0,26,'sed-dui-ante'),(112,125,0,26,'megamenu/mauris-et-neque/sed-dui-ante'),(113,45,0,27,'Morbi quis'),(114,52,0,27,'PRODUCTS'),(115,124,0,27,'morbi-quis'),(116,125,0,27,'megamenu/mauris-et-neque/morbi-quis'),(117,45,0,28,'Donec porttitor'),(118,52,0,28,'PRODUCTS'),(119,124,0,28,'donec-porttitor'),(120,125,0,28,'megamenu/mauris-et-neque/donec-porttitor'),(121,45,0,29,'Suspendisse'),(122,52,0,29,'PRODUCTS'),(123,124,0,29,'suspendisse'),(124,125,0,29,'megamenu/mauris-et-neque/suspendisse'),(125,45,0,30,'Nulla facilisi'),(126,52,0,30,'PRODUCTS'),(127,124,0,30,'nulla-facilisi'),(128,125,0,30,'megamenu/mauris-et-neque/nulla-facilisi'),(129,45,0,31,'Mauris et neque'),(130,52,0,31,'PRODUCTS'),(131,124,0,31,'mauris-et-neque'),(132,125,0,31,'megamenu/donec-porttitor/mauris-et-neque'),(133,45,0,32,'Quisque placerat'),(134,52,0,32,'PRODUCTS'),(135,124,0,32,'quisque-placerat'),(136,125,0,32,'megamenu/donec-porttitor/quisque-placerat'),(137,45,0,33,'Get Inspired'),(138,52,0,33,'PRODUCTS'),(139,124,0,33,'get-inspired'),(140,125,0,33,'megamenu/donec-porttitor/get-inspired'),(141,45,0,34,'Curabitur'),(142,52,0,34,'PRODUCTS'),(143,124,0,34,'curabitur'),(144,125,0,34,'megamenu/donec-porttitor/curabitur'),(145,45,0,35,'Donec pretium'),(146,52,0,35,'PRODUCTS'),(147,124,0,35,'donec-pretium'),(148,125,0,35,'megamenu/donec-porttitor/donec-pretium'),(154,139,0,11,'Hot'),(158,45,0,36,'Jeans'),(159,52,0,36,'PRODUCTS'),(160,124,0,36,'jeans'),(161,125,0,36,'clothing/jeans'),(162,45,0,37,'T-Shirts'),(163,52,0,37,'PRODUCTS'),(164,124,0,37,'t-shirts'),(165,125,0,37,'clothing/t-shirts'),(166,45,0,38,'Curabitur'),(167,52,0,38,'PRODUCTS'),(168,124,0,38,'curabitur'),(169,125,0,38,'clothing/curabitur'),(170,45,0,39,'Mauris et neque'),(171,52,0,39,'PRODUCTS'),(172,124,0,39,'mauris-et-neque'),(173,125,0,39,'clothing/mauris-et-neque'),(174,45,0,40,'Donec porttitor'),(175,52,0,40,'PRODUCTS'),(176,124,0,40,'donec-porttitor'),(177,125,0,40,'clothing/jeans/donec-porttitor'),(186,45,0,43,'Get Inspired'),(187,52,0,43,'PRODUCTS'),(188,124,0,43,'get-inspired'),(189,125,0,43,'clothing/jeans/get-inspired'),(190,45,0,44,'Nulla facilisi'),(191,52,0,44,'PRODUCTS'),(192,124,0,44,'nulla-facilisi'),(193,125,0,44,'clothing/jeans/nulla-facilisi'),(194,45,0,45,'Fashion aesthetics‎ '),(195,52,0,45,'PRODUCTS'),(196,124,0,45,'fashion-aesthetics'),(197,125,0,45,'clothing/t-shirts/fashion-aesthetics'),(198,45,0,46,'Fashion events‎'),(199,52,0,46,'PRODUCTS'),(200,124,0,46,'fashion-events'),(201,125,0,46,'clothing/t-shirts/fashion-events'),(202,45,0,47,'Anti-fashion‎'),(203,52,0,47,'PRODUCTS'),(204,124,0,47,'anti-fashion'),(205,125,0,47,'clothing/t-shirts/anti-fashion'),(744,48,0,6,'/turan/pub/media/catalog/tmp/category/slide-3.jpg'),(771,125,0,3,'acessories'),(775,125,17,3,'acessories'),(776,125,15,3,'acessories'),(777,125,13,3,'acessories'),(778,125,11,3,'acessories'),(779,125,9,3,'acessories'),(780,125,7,3,'acessories'),(781,125,5,3,'acessories'),(782,125,3,3,'acessories'),(783,125,1,3,'acessories'),(784,125,19,3,'acessories'),(785,125,20,3,'acessories'),(786,125,18,3,'acessories'),(787,125,16,3,'acessories'),(788,125,14,3,'acessories'),(789,125,12,3,'acessories'),(790,125,10,3,'acessories'),(791,125,8,3,'acessories'),(792,125,6,3,'acessories'),(793,125,4,3,'acessories'),(794,125,2,3,'acessories'),(816,45,0,150,'Beard Oil'),(817,52,0,150,'PRODUCTS'),(818,124,0,150,'fashion'),(820,45,0,151,'Beard Grooming'),(821,52,0,151,'PRODUCTS'),(822,124,0,151,'relax'),(823,125,0,151,'relax'),(824,45,0,152,'graduation gown'),(825,52,0,152,'PRODUCTS'),(826,124,0,152,'body'),(827,125,0,152,'body'),(828,45,0,153,'graduation cup '),(829,52,0,153,'PRODUCTS'),(830,124,0,153,'accessories'),(831,125,0,153,'accessories'),(832,45,0,154,'New Arrivals'),(833,52,0,154,'PRODUCTS'),(834,124,0,154,'hat'),(835,125,0,154,'accessories/hat'),(836,45,0,155,'Watch'),(837,52,0,155,'PRODUCTS'),(838,124,0,155,'watch'),(839,125,0,155,'accessories/watch'),(840,45,0,156,'Belt'),(841,52,0,156,'PRODUCTS'),(842,124,0,156,'belt'),(843,125,0,156,'accessories/belt'),(844,45,0,157,'Backpack'),(845,52,0,157,'PRODUCTS'),(846,124,0,157,'bag'),(847,125,0,157,'accessories/bag'),(848,45,0,158,'Active'),(849,52,0,158,'PRODUCTS'),(850,124,0,158,'jean'),(851,125,0,158,'body/jean'),(852,45,0,159,'Jacket'),(853,52,0,159,'PRODUCTS'),(854,124,0,159,'jacket'),(855,125,0,159,'body/jacket'),(856,45,0,160,'Crazy'),(857,52,0,160,'PRODUCTS'),(858,124,0,160,'shirt'),(859,125,0,160,'body/shirt'),(860,45,0,161,'Shoe'),(861,52,0,161,'PRODUCTS'),(862,124,0,161,'shoe'),(863,125,0,161,'body/shoe'),(864,45,0,162,'Leather'),(865,52,0,162,'PRODUCTS'),(866,124,0,162,'leather'),(867,125,0,162,'body/jean/leather'),(868,45,0,163,'Denim'),(869,52,0,163,'PRODUCTS'),(870,124,0,163,'denim'),(871,125,0,163,'body/jean/denim'),(872,45,0,164,'Fabric'),(873,52,0,164,'PRODUCTS'),(874,124,0,164,'fabric'),(875,125,0,164,'body/jean/fabric'),(876,45,0,165,'Cotton'),(877,52,0,165,'PRODUCTS'),(878,124,0,165,'cotton'),(879,125,0,165,'body/jean/cotton'),(880,45,0,166,'Summer'),(881,52,0,166,'PRODUCTS'),(882,124,0,166,'summer'),(883,125,0,166,'body/jacket/summer'),(884,45,0,167,'Winter'),(885,52,0,167,'PRODUCTS'),(886,124,0,167,'winter'),(887,125,0,167,'body/jacket/winter'),(888,45,0,168,'Leather'),(889,52,0,168,'PRODUCTS'),(890,124,0,168,'leather'),(891,125,0,168,'body/jacket/leather'),(892,45,0,169,'Denim'),(893,52,0,169,'PRODUCTS'),(894,124,0,169,'denim'),(895,125,0,169,'body/jacket/denim'),(896,45,0,170,'Long Sleeve'),(897,52,0,170,'PRODUCTS'),(898,124,0,170,'long-sleeve'),(899,125,0,170,'body/shirt/long-sleeve'),(900,45,0,171,'Short Sleeve'),(901,52,0,171,'PRODUCTS'),(902,124,0,171,'short-sleeve'),(903,125,0,171,'body/shirt/short-sleeve'),(904,45,0,172,'T-shirt'),(905,52,0,172,'PRODUCTS'),(906,124,0,172,'t-shirt'),(907,125,0,172,'body/shirt/t-shirt'),(908,45,0,173,'Cotton'),(909,52,0,173,'PRODUCTS'),(910,124,0,173,'cotton'),(911,125,0,173,'body/shirt/cotton'),(912,45,0,174,'Sneaker'),(913,52,0,174,'PRODUCTS'),(914,124,0,174,'sneaker'),(915,125,0,174,'body/shoe/sneaker'),(916,45,0,175,'Boot'),(917,52,0,175,'PRODUCTS'),(918,124,0,175,'boot'),(919,125,0,175,'body/shoe/boot'),(920,45,0,176,'Sandals'),(921,52,0,176,'PRODUCTS'),(922,124,0,176,'sandals'),(923,125,0,176,'body/shoe/sandals'),(924,45,0,177,'Slippers'),(925,52,0,177,'PRODUCTS'),(926,124,0,177,'slippers'),(927,125,0,177,'body/shoe/slippers'),(928,45,0,178,'Desst'),(929,52,0,178,'PRODUCTS'),(930,124,0,178,'dress'),(931,125,0,178,'relax/dress'),(932,45,0,179,'Top'),(933,52,0,179,'PRODUCTS'),(934,124,0,179,'top'),(935,125,0,179,'relax/top'),(936,45,0,180,'Bottom'),(937,52,0,180,'PRODUCTS'),(938,124,0,180,'bottom'),(939,125,0,180,'relax/bottom'),(940,45,0,181,'Bagges'),(941,52,0,181,'PRODUCTS'),(942,124,0,181,'bag'),(943,125,0,181,'relax/bag'),(944,45,0,182,'Casuals'),(945,52,0,182,'PRODUCTS'),(946,124,0,182,'casuals'),(947,125,0,182,'relax/dress/casuals'),(948,45,0,183,'Work'),(949,52,0,183,'PRODUCTS'),(950,124,0,183,'work'),(951,125,0,183,'relax/dress/work'),(952,45,0,184,'Club'),(953,52,0,184,'PRODUCTS'),(954,124,0,184,'club'),(955,125,0,184,'relax/dress/club'),(956,45,0,185,'Date'),(957,52,0,185,'PRODUCTS'),(958,124,0,185,'date'),(959,125,0,185,'relax/dress/date'),(960,45,0,186,'T-shirt'),(961,52,0,186,'PRODUCTS'),(962,124,0,186,'t-shirt'),(963,125,0,186,'relax/top/t-shirt'),(964,45,0,187,'Shirt'),(965,52,0,187,'PRODUCTS'),(966,124,0,187,'shirt'),(967,125,0,187,'relax/top/shirt'),(968,45,0,188,'Sweater'),(969,52,0,188,'PRODUCTS'),(970,124,0,188,'sweater'),(971,125,0,188,'relax/top/sweater'),(972,45,0,189,'Jacket'),(973,52,0,189,'PRODUCTS'),(974,124,0,189,'jacket'),(975,125,0,189,'relax/top/jacket'),(976,45,0,190,'Jean'),(977,52,0,190,'PRODUCTS'),(978,124,0,190,'jean'),(979,125,0,190,'relax/bottom/jean'),(980,45,0,191,'Skirt'),(981,52,0,191,'PRODUCTS'),(982,124,0,191,'skirt'),(983,125,0,191,'relax/bottom/skirt'),(984,45,0,192,'Trouser'),(985,52,0,192,'PRODUCTS'),(986,124,0,192,'trouser'),(987,125,0,192,'relax/bottom/trouser'),(988,45,0,193,'Short'),(989,52,0,193,'PRODUCTS'),(990,124,0,193,'short'),(991,125,0,193,'relax/bottom/short'),(992,45,0,194,'Wallet'),(993,52,0,194,'PRODUCTS'),(994,124,0,194,'wallet'),(995,125,0,194,'relax/bag/wallet'),(996,45,0,195,'Hundbgss'),(997,52,0,195,'PRODUCTS'),(998,124,0,195,'handbags'),(999,125,0,195,'relax/bag/handbags'),(1000,45,0,196,'Satchels'),(1001,52,0,196,'PRODUCTS'),(1002,124,0,196,'satchels'),(1003,125,0,196,'relax/bag/satchels'),(1004,45,0,197,'Case'),(1005,52,0,197,'PRODUCTS'),(1006,124,0,197,'case'),(1007,125,0,197,'relax/bag/case'),(1238,125,0,150,NULL),(1531,45,0,246,'T-Shirt'),(1532,52,0,246,'PRODUCTS'),(1533,124,0,246,'t-shirt'),(1534,125,0,246,'acessories/t-shirt'),(1535,125,19,246,'acessories/t-shirt'),(1536,125,3,246,'acessories/t-shirt'),(1537,125,9,246,'acessories/t-shirt'),(1538,125,11,246,'acessories/t-shirt'),(1539,125,13,246,'acessories/t-shirt'),(1540,125,15,246,'acessories/t-shirt'),(1541,125,17,246,'acessories/t-shirt'),(1542,125,20,246,'acessories/t-shirt'),(1543,125,4,246,'acessories/t-shirt'),(1544,125,10,246,'acessories/t-shirt'),(1545,125,12,246,'acessories/t-shirt'),(1546,125,14,246,'acessories/t-shirt'),(1547,125,16,246,'acessories/t-shirt'),(1548,125,18,246,'acessories/t-shirt'),(1549,45,0,247,'Shoes'),(1550,52,0,247,'PRODUCTS'),(1551,124,0,247,'shoes'),(1552,125,0,247,'acessories/shoes'),(1553,125,19,247,'acessories/shoes'),(1554,125,3,247,'acessories/shoes'),(1555,125,9,247,'acessories/shoes'),(1556,125,11,247,'acessories/shoes'),(1557,125,13,247,'acessories/shoes'),(1558,125,15,247,'acessories/shoes'),(1559,125,17,247,'acessories/shoes'),(1560,125,20,247,'acessories/shoes'),(1561,125,4,247,'acessories/shoes'),(1562,125,10,247,'acessories/shoes'),(1563,125,12,247,'acessories/shoes'),(1564,125,14,247,'acessories/shoes'),(1565,125,16,247,'acessories/shoes'),(1566,125,18,247,'acessories/shoes'),(1567,45,0,248,'Hat'),(1568,52,0,248,'PRODUCTS'),(1569,124,0,248,'hat'),(1570,125,0,248,'acessories/hat'),(1571,125,19,248,'acessories/hat'),(1572,125,3,248,'acessories/hat'),(1573,125,9,248,'acessories/hat'),(1574,125,11,248,'acessories/hat'),(1575,125,13,248,'acessories/hat'),(1576,125,15,248,'acessories/hat'),(1577,125,17,248,'acessories/hat'),(1578,125,20,248,'acessories/hat'),(1579,125,4,248,'acessories/hat'),(1580,125,10,248,'acessories/hat'),(1581,125,12,248,'acessories/hat'),(1582,125,14,248,'acessories/hat'),(1583,125,16,248,'acessories/hat'),(1584,125,18,248,'acessories/hat'),(1585,45,0,249,'Men'),(1586,52,0,249,'PRODUCTS'),(1587,124,0,249,'men'),(1588,125,0,249,'acessories/t-shirt/men'),(1589,125,19,249,'acessories/t-shirt/men'),(1590,125,3,249,'acessories/t-shirt/men'),(1591,125,9,249,'acessories/t-shirt/men'),(1592,125,11,249,'acessories/t-shirt/men'),(1593,125,13,249,'acessories/t-shirt/men'),(1594,125,15,249,'acessories/t-shirt/men'),(1595,125,17,249,'acessories/t-shirt/men'),(1596,125,20,249,'acessories/t-shirt/men'),(1597,125,4,249,'acessories/t-shirt/men'),(1598,125,10,249,'acessories/t-shirt/men'),(1599,125,12,249,'acessories/t-shirt/men'),(1600,125,14,249,'acessories/t-shirt/men'),(1601,125,16,249,'acessories/t-shirt/men'),(1602,125,18,249,'acessories/t-shirt/men'),(1603,45,0,250,'Women'),(1604,52,0,250,'PRODUCTS'),(1605,124,0,250,'women'),(1606,125,0,250,'acessories/t-shirt/women'),(1607,125,19,250,'acessories/t-shirt/women'),(1608,125,3,250,'acessories/t-shirt/women'),(1609,125,9,250,'acessories/t-shirt/women'),(1610,125,11,250,'acessories/t-shirt/women'),(1611,125,13,250,'acessories/t-shirt/women'),(1612,125,15,250,'acessories/t-shirt/women'),(1613,125,17,250,'acessories/t-shirt/women'),(1614,125,20,250,'acessories/t-shirt/women'),(1615,125,4,250,'acessories/t-shirt/women'),(1616,125,10,250,'acessories/t-shirt/women'),(1617,125,12,250,'acessories/t-shirt/women'),(1618,125,14,250,'acessories/t-shirt/women'),(1619,125,16,250,'acessories/t-shirt/women'),(1620,125,18,250,'acessories/t-shirt/women'),(1621,45,0,251,'Nike'),(1622,52,0,251,'PRODUCTS'),(1623,124,0,251,'nike'),(1624,125,0,251,'acessories/shoes/nike'),(1625,125,19,251,'acessories/shoes/nike'),(1626,125,3,251,'acessories/shoes/nike'),(1627,125,9,251,'acessories/shoes/nike'),(1628,125,11,251,'acessories/shoes/nike'),(1629,125,13,251,'acessories/shoes/nike'),(1630,125,15,251,'acessories/shoes/nike'),(1631,125,17,251,'acessories/shoes/nike'),(1632,125,20,251,'acessories/shoes/nike'),(1633,125,4,251,'acessories/shoes/nike'),(1634,125,10,251,'acessories/shoes/nike'),(1635,125,12,251,'acessories/shoes/nike'),(1636,125,14,251,'acessories/shoes/nike'),(1637,125,16,251,'acessories/shoes/nike'),(1638,125,18,251,'acessories/shoes/nike'),(1639,45,0,252,'Adidas'),(1640,52,0,252,'PRODUCTS'),(1641,124,0,252,'adidas'),(1642,125,0,252,'acessories/shoes/adidas'),(1643,125,19,252,'acessories/shoes/adidas'),(1644,125,3,252,'acessories/shoes/adidas'),(1645,125,9,252,'acessories/shoes/adidas'),(1646,125,11,252,'acessories/shoes/adidas'),(1647,125,13,252,'acessories/shoes/adidas'),(1648,125,15,252,'acessories/shoes/adidas'),(1649,125,17,252,'acessories/shoes/adidas'),(1650,125,20,252,'acessories/shoes/adidas'),(1651,125,4,252,'acessories/shoes/adidas'),(1652,125,10,252,'acessories/shoes/adidas'),(1653,125,12,252,'acessories/shoes/adidas'),(1654,125,14,252,'acessories/shoes/adidas'),(1655,125,16,252,'acessories/shoes/adidas'),(1656,125,18,252,'acessories/shoes/adidas'),(1657,45,0,253,'Cap'),(1658,52,0,253,'PRODUCTS'),(1659,124,0,253,'cap'),(1660,125,0,253,'acessories/hat/cap'),(1661,125,19,253,'acessories/hat/cap'),(1662,125,3,253,'acessories/hat/cap'),(1663,125,9,253,'acessories/hat/cap'),(1664,125,11,253,'acessories/hat/cap'),(1665,125,13,253,'acessories/hat/cap'),(1666,125,15,253,'acessories/hat/cap'),(1667,125,17,253,'acessories/hat/cap'),(1668,125,20,253,'acessories/hat/cap'),(1669,125,4,253,'acessories/hat/cap'),(1670,125,10,253,'acessories/hat/cap'),(1671,125,12,253,'acessories/hat/cap'),(1672,125,14,253,'acessories/hat/cap'),(1673,125,16,253,'acessories/hat/cap'),(1674,125,18,253,'acessories/hat/cap'),(1675,45,0,254,'Sun'),(1676,52,0,254,'PRODUCTS'),(1677,124,0,254,'sun'),(1678,125,0,254,'acessories/hat/sun'),(1679,125,19,254,'acessories/hat/sun'),(1680,125,3,254,'acessories/hat/sun'),(1681,125,9,254,'acessories/hat/sun'),(1682,125,11,254,'acessories/hat/sun'),(1683,125,13,254,'acessories/hat/sun'),(1684,125,15,254,'acessories/hat/sun'),(1685,125,17,254,'acessories/hat/sun'),(1686,125,20,254,'acessories/hat/sun'),(1687,125,4,254,'acessories/hat/sun'),(1688,125,10,254,'acessories/hat/sun'),(1689,125,12,254,'acessories/hat/sun'),(1690,125,14,254,'acessories/hat/sun'),(1691,125,16,254,'acessories/hat/sun'),(1692,125,18,254,'acessories/hat/sun');

--
-- Table structure for table `catalog_category_flat_store_1`
--

CREATE TABLE `catalog_category_flat_store_1` (
  `entity_id` int(10) unsigned NOT NULL COMMENT 'entity_id',
  `attribute_set_id` smallint(5) unsigned NOT NULL DEFAULT '0' COMMENT 'attribute_set_id',
  `parent_id` int(10) unsigned NOT NULL DEFAULT '0' COMMENT 'parent_id',
  `created_at` timestamp NOT NULL DEFAULT CURRENT_TIMESTAMP COMMENT 'created_at',
  `updated_at` timestamp NOT NULL DEFAULT CURRENT_TIMESTAMP COMMENT 'updated_at',
  `path` varchar(255) NOT NULL DEFAULT '' COMMENT 'path',
  `position` int(11) NOT NULL COMMENT 'position',
  `level` int(11) NOT NULL DEFAULT '0' COMMENT 'level',
  `children_count` int(11) NOT NULL COMMENT 'children_count',
  `store_id` smallint(5) unsigned NOT NULL DEFAULT '0' COMMENT 'Store Id',
  `all_children` text COMMENT 'All Children',
  `available_sort_by` text COMMENT 'Available Product Listing Sort By',
  `children` text COMMENT 'Children',
  `custom_apply_to_products` int(11) DEFAULT NULL COMMENT 'Apply To Products',
  `custom_design` varchar(255) DEFAULT NULL COMMENT 'Custom Design',
  `custom_design_from` datetime DEFAULT NULL COMMENT 'Active From',
  `custom_design_to` datetime DEFAULT NULL COMMENT 'Active To',
  `custom_layout_update` text COMMENT 'Custom Layout Update',
  `custom_layout_update_file` varchar(255) DEFAULT NULL COMMENT 'Custom Layout Update',
  `custom_use_parent_settings` int(11) DEFAULT NULL COMMENT 'Use Parent Category Settings',
  `default_sort_by` varchar(255) DEFAULT NULL COMMENT 'Default Product Listing Sort By',
  `description` text COMMENT 'Description',
  `display_mode` varchar(255) DEFAULT NULL COMMENT 'Display Mode',
  `filter_price_range` decimal(12,4) DEFAULT NULL COMMENT 'Layered Navigation Price Step',
  `google_category` varchar(255) DEFAULT NULL COMMENT 'Google Product Category',
  `image` varchar(255) DEFAULT NULL COMMENT 'Image',
  `include_in_menu` int(11) DEFAULT NULL COMMENT 'Include in Navigation Menu',
  `is_active` int(11) DEFAULT NULL COMMENT 'Is Active',
  `is_anchor` int(11) DEFAULT NULL COMMENT 'Is Anchor',
  `landing_page` int(11) DEFAULT NULL COMMENT 'CMS Block',
  `magic_image` varchar(255) DEFAULT NULL COMMENT 'Image',
  `magic_label` varchar(255) DEFAULT NULL COMMENT 'Label',
  `magic_thumbnail` varchar(255) DEFAULT NULL COMMENT 'Thumbnail',
  `meta_description` text COMMENT 'Meta Description',
  `meta_keywords` text COMMENT 'Meta Keywords',
  `meta_title` varchar(255) DEFAULT NULL COMMENT 'Page Title',
  `name` varchar(255) DEFAULT NULL COMMENT 'Name',
  `page_layout` varchar(255) DEFAULT NULL COMMENT 'Page Layout',
  `path_in_store` text COMMENT 'Path In Store',
  `url_key` varchar(255) DEFAULT NULL COMMENT 'URL Key',
  `url_path` varchar(255) DEFAULT NULL COMMENT 'Url Path',
  PRIMARY KEY (`entity_id`),
  KEY `CATALOG_CATEGORY_FLAT_STORE_1_TMP_STORE_ID` (`store_id`),
  KEY `CATALOG_CATEGORY_FLAT_STORE_1_TMP_PATH` (`path`),
  KEY `CATALOG_CATEGORY_FLAT_STORE_1_TMP_LEVEL` (`level`)
) ENGINE=InnoDB DEFAULT CHARSET=utf8 COMMENT='Catalog Category Flat';

--
-- Dumping data for table `catalog_category_flat_store_1`
--

INSERT INTO `catalog_category_flat_store_1` VALUES (1,3,0,'2019-02-18 01:02:34','2021-03-13 04:12:23','1',0,0,-208,1,NULL,NULL,NULL,NULL,NULL,NULL,NULL,NULL,NULL,NULL,NULL,NULL,NULL,NULL,NULL,NULL,1,NULL,NULL,NULL,NULL,NULL,NULL,NULL,NULL,NULL,'Root Catalog',NULL,NULL,NULL,NULL),(150,3,1,'2020-01-03 05:05:01','2021-03-19 04:07:13','1/150',2,1,47,1,NULL,NULL,NULL,0,NULL,NULL,NULL,NULL,NULL,0,NULL,NULL,'PRODUCTS',NULL,NULL,NULL,1,1,1,NULL,NULL,NULL,NULL,NULL,NULL,NULL,'Beard Oil',NULL,NULL,'fashion',NULL),(151,3,150,'2020-01-03 05:05:35','2021-03-19 04:07:13','1/150/151',1,2,20,1,NULL,NULL,NULL,0,NULL,NULL,NULL,NULL,NULL,0,NULL,NULL,'PRODUCTS',NULL,NULL,NULL,1,1,1,NULL,NULL,NULL,NULL,NULL,NULL,NULL,'Beard Grooming',NULL,NULL,'relax','relax'),(152,3,150,'2020-01-03 05:05:46','2021-03-19 04:07:13','1/150/152',2,2,20,1,NULL,NULL,NULL,0,NULL,NULL,NULL,NULL,NULL,0,NULL,NULL,'PRODUCTS',NULL,NULL,NULL,1,1,1,NULL,NULL,NULL,NULL,NULL,NULL,NULL,'Body',NULL,NULL,'body','body'),(153,3,150,'2020-01-03 05:06:00','2021-03-19 04:07:13','1/150/153',3,2,4,1,NULL,NULL,NULL,0,NULL,NULL,NULL,NULL,NULL,0,NULL,NULL,'PRODUCTS',NULL,NULL,NULL,1,1,1,NULL,NULL,NULL,NULL,NULL,NULL,NULL,'Accessories',NULL,NULL,'accessories','accessories'),(154,3,153,'2020-01-03 06:31:08','2021-03-19 04:07:13','1/150/153/154',1,3,0,1,NULL,NULL,NULL,0,NULL,NULL,NULL,NULL,NULL,0,NULL,NULL,'PRODUCTS',NULL,NULL,NULL,1,1,1,NULL,NULL,NULL,NULL,NULL,NULL,NULL,'New Arrivals',NULL,NULL,'hat','accessories/hat'),(155,3,153,'2020-01-03 06:31:31','2021-03-19 04:07:14','1/150/153/155',2,3,0,1,NULL,NULL,NULL,0,NULL,NULL,NULL,NULL,NULL,0,NULL,NULL,'PRODUCTS',NULL,NULL,NULL,1,1,1,NULL,NULL,NULL,NULL,NULL,NULL,NULL,'Watch',NULL,NULL,'watch','accessories/watch'),(156,3,153,'2020-01-03 06:31:47','2021-03-19 04:07:14','1/150/153/156',3,3,0,1,NULL,NULL,NULL,0,NULL,NULL,NULL,NULL,NULL,0,NULL,NULL,'PRODUCTS',NULL,NULL,NULL,1,1,1,NULL,NULL,NULL,NULL,NULL,NULL,NULL,'Belt',NULL,NULL,'belt','accessories/belt'),(157,3,153,'2020-01-03 06:32:13','2021-03-19 04:07:14','1/150/153/157',4,3,0,1,NULL,NULL,NULL,0,NULL,NULL,NULL,NULL,NULL,0,NULL,NULL,'PRODUCTS',NULL,NULL,NULL,1,1,1,NULL,NULL,NULL,NULL,NULL,NULL,NULL,'Backpack',NULL,NULL,'bag','accessories/bag'),(158,3,152,'2020-01-03 06:32:35','2021-03-19 04:07:14','1/150/152/158',1,3,4,1,NULL,NULL,NULL,0,NULL,NULL,NULL,NULL,NULL,0,NULL,NULL,'PRODUCTS',NULL,NULL,NULL,1,1,1,NULL,NULL,NULL,NULL,NULL,NULL,NULL,'Active',NULL,NULL,'jean','body/jean'),(159,3,152,'2020-01-03 06:33:31','2021-03-19 04:07:14','1/150/152/159',2,3,4,1,NULL,NULL,NULL,0,NULL,NULL,NULL,NULL,NULL,0,NULL,NULL,'PRODUCTS',NULL,NULL,NULL,0,1,1,NULL,NULL,NULL,NULL,NULL,NULL,NULL,'Jacket',NULL,NULL,'jacket','body/jacket'),(160,3,152,'2020-01-03 06:35:24','2021-03-19 04:07:14','1/150/152/160',3,3,4,1,NULL,NULL,NULL,0,NULL,NULL,NULL,NULL,NULL,0,NULL,NULL,'PRODUCTS',NULL,NULL,NULL,1,1,1,NULL,NULL,NULL,NULL,NULL,NULL,NULL,'Crazy',NULL,NULL,'shirt','body/shirt'),(161,3,152,'2020-01-03 06:35:41','2021-03-19 04:07:15','1/150/152/161',4,3,4,1,NULL,NULL,NULL,0,NULL,NULL,NULL,NULL,NULL,0,NULL,NULL,'PRODUCTS',NULL,NULL,NULL,1,1,1,NULL,NULL,NULL,NULL,NULL,NULL,NULL,'Shoe',NULL,NULL,'shoe','body/shoe'),(162,3,158,'2020-01-03 06:36:05','2021-03-19 04:07:16','1/150/152/158/162',1,4,0,1,NULL,NULL,NULL,0,NULL,NULL,NULL,NULL,NULL,0,NULL,NULL,'PRODUCTS',NULL,NULL,NULL,1,1,1,NULL,NULL,NULL,NULL,NULL,NULL,NULL,'Leather',NULL,NULL,'leather','body/jean/leather'),(163,3,158,'2020-01-03 06:36:17','2021-03-19 04:07:16','1/150/152/158/163',2,4,0,1,NULL,NULL,NULL,0,NULL,NULL,NULL,NULL,NULL,0,NULL,NULL,'PRODUCTS',NULL,NULL,NULL,1,1,1,NULL,NULL,NULL,NULL,NULL,NULL,NULL,'Denim',NULL,NULL,'denim','body/jean/denim'),(164,3,158,'2020-01-03 06:36:31','2021-03-19 04:07:16','1/150/152/158/164',3,4,0,1,NULL,NULL,NULL,0,NULL,NULL,NULL,NULL,NULL,0,NULL,NULL,'PRODUCTS',NULL,NULL,NULL,1,1,1,NULL,NULL,NULL,NULL,NULL,NULL,NULL,'Fabric',NULL,NULL,'fabric','body/jean/fabric'),(165,3,158,'2020-01-03 06:37:34','2021-03-19 04:07:16','1/150/152/158/165',4,4,0,1,NULL,NULL,NULL,0,NULL,NULL,NULL,NULL,NULL,0,NULL,NULL,'PRODUCTS',NULL,NULL,NULL,1,1,1,NULL,NULL,NULL,NULL,NULL,NULL,NULL,'Cotton',NULL,NULL,'cotton','body/jean/cotton'),(166,3,159,'2020-01-03 06:37:55','2021-03-19 04:07:16','1/150/152/159/166',1,4,0,1,NULL,NULL,NULL,0,NULL,NULL,NULL,NULL,NULL,0,NULL,NULL,'PRODUCTS',NULL,NULL,NULL,1,1,1,NULL,NULL,NULL,NULL,NULL,NULL,NULL,'Summer',NULL,NULL,'summer','body/jacket/summer'),(167,3,159,'2020-01-03 06:38:06','2021-03-19 04:07:17','1/150/152/159/167',2,4,0,1,NULL,NULL,NULL,0,NULL,NULL,NULL,NULL,NULL,0,NULL,NULL,'PRODUCTS',NULL,NULL,NULL,1,1,1,NULL,NULL,NULL,NULL,NULL,NULL,NULL,'Winter',NULL,NULL,'winter','body/jacket/winter'),(168,3,159,'2020-01-03 06:38:24','2021-03-19 04:07:17','1/150/152/159/168',3,4,0,1,NULL,NULL,NULL,0,NULL,NULL,NULL,NULL,NULL,0,NULL,NULL,'PRODUCTS',NULL,NULL,NULL,1,1,1,NULL,NULL,NULL,NULL,NULL,NULL,NULL,'Leather',NULL,NULL,'leather','body/jacket/leather'),(169,3,159,'2020-01-03 06:38:36','2021-03-19 04:07:17','1/150/152/159/169',4,4,0,1,NULL,NULL,NULL,0,NULL,NULL,NULL,NULL,NULL,0,NULL,NULL,'PRODUCTS',NULL,NULL,NULL,1,1,1,NULL,NULL,NULL,NULL,NULL,NULL,NULL,'Denim',NULL,NULL,'denim','body/jacket/denim'),(170,3,160,'2020-01-03 06:38:52','2021-03-19 04:07:17','1/150/152/160/170',1,4,0,1,NULL,NULL,NULL,0,NULL,NULL,NULL,NULL,NULL,0,NULL,NULL,'PRODUCTS',NULL,NULL,NULL,1,1,1,NULL,NULL,NULL,NULL,NULL,NULL,NULL,'Long Sleeve',NULL,NULL,'long-sleeve','body/shirt/long-sleeve'),(171,3,160,'2020-01-03 06:39:10','2021-03-19 04:07:17','1/150/152/160/171',2,4,0,1,NULL,NULL,NULL,0,NULL,NULL,NULL,NULL,NULL,0,NULL,NULL,'PRODUCTS',NULL,NULL,NULL,1,1,1,NULL,NULL,NULL,NULL,NULL,NULL,NULL,'Short Sleeve',NULL,NULL,'short-sleeve','body/shirt/short-sleeve'),(172,3,160,'2020-01-03 06:39:23','2021-03-19 04:07:17','1/150/152/160/172',3,4,0,1,NULL,NULL,NULL,0,NULL,NULL,NULL,NULL,NULL,0,NULL,NULL,'PRODUCTS',NULL,NULL,NULL,1,1,1,NULL,NULL,NULL,NULL,NULL,NULL,NULL,'T-shirt',NULL,NULL,'t-shirt','body/shirt/t-shirt'),(173,3,160,'2020-01-03 06:39:41','2021-03-19 04:07:17','1/150/152/160/173',4,4,0,1,NULL,NULL,NULL,0,NULL,NULL,NULL,NULL,NULL,0,NULL,NULL,'PRODUCTS',NULL,NULL,NULL,1,1,1,NULL,NULL,NULL,NULL,NULL,NULL,NULL,'Cotton',NULL,NULL,'cotton','body/shirt/cotton'),(174,3,161,'2020-01-03 06:40:31','2021-03-19 04:07:18','1/150/152/161/174',1,4,0,1,NULL,NULL,NULL,0,NULL,NULL,NULL,NULL,NULL,0,NULL,NULL,'PRODUCTS',NULL,NULL,NULL,1,1,1,NULL,NULL,NULL,NULL,NULL,NULL,NULL,'Sneaker',NULL,NULL,'sneaker','body/shoe/sneaker'),(175,3,161,'2020-01-03 06:40:49','2021-03-19 04:07:18','1/150/152/161/175',2,4,0,1,NULL,NULL,NULL,0,NULL,NULL,NULL,NULL,NULL,0,NULL,NULL,'PRODUCTS',NULL,NULL,NULL,1,1,1,NULL,NULL,NULL,NULL,NULL,NULL,NULL,'Boot',NULL,NULL,'boot','body/shoe/boot'),(176,3,161,'2020-01-03 06:41:58','2021-03-19 04:07:18','1/150/152/161/176',3,4,0,1,NULL,NULL,NULL,0,NULL,NULL,NULL,NULL,NULL,0,NULL,NULL,'PRODUCTS',NULL,NULL,NULL,1,1,1,NULL,NULL,NULL,NULL,NULL,NULL,NULL,'Sandals',NULL,NULL,'sandals','body/shoe/sandals'),(177,3,161,'2020-01-03 06:42:18','2021-03-19 04:07:18','1/150/152/161/177',4,4,0,1,NULL,NULL,NULL,0,NULL,NULL,NULL,NULL,NULL,0,NULL,NULL,'PRODUCTS',NULL,NULL,NULL,1,1,1,NULL,NULL,NULL,NULL,NULL,NULL,NULL,'Slippers',NULL,NULL,'slippers','body/shoe/slippers'),(178,3,151,'2020-01-03 06:42:31','2021-03-19 04:07:15','1/150/151/178',1,3,4,1,NULL,NULL,NULL,0,NULL,NULL,NULL,NULL,NULL,0,NULL,NULL,'PRODUCTS',NULL,NULL,NULL,1,1,1,NULL,NULL,NULL,NULL,NULL,NULL,NULL,'Desst',NULL,NULL,'dress','relax/dress'),(179,3,151,'2020-01-03 06:42:42','2021-03-19 04:07:15','1/150/151/179',2,3,4,1,NULL,NULL,NULL,0,NULL,NULL,NULL,NULL,NULL,0,NULL,NULL,'PRODUCTS',NULL,NULL,NULL,1,1,1,NULL,NULL,NULL,NULL,NULL,NULL,NULL,'Top',NULL,NULL,'top','relax/top'),(180,3,151,'2020-01-03 06:42:54','2021-03-19 04:07:15','1/150/151/180',3,3,4,1,NULL,NULL,NULL,0,NULL,NULL,NULL,NULL,NULL,0,NULL,NULL,'PRODUCTS',NULL,NULL,NULL,0,1,1,NULL,NULL,NULL,NULL,NULL,NULL,NULL,'Bottom',NULL,NULL,'bottom','relax/bottom'),(181,3,151,'2020-01-03 06:43:07','2021-03-19 04:07:16','1/150/151/181',4,3,4,1,NULL,NULL,NULL,0,NULL,NULL,NULL,NULL,NULL,0,NULL,NULL,'PRODUCTS',NULL,NULL,NULL,1,1,1,NULL,NULL,NULL,NULL,NULL,NULL,NULL,'Bagges',NULL,NULL,'bag','relax/bag'),(182,3,178,'2020-01-03 06:43:41','2021-03-19 04:07:18','1/150/151/178/182',1,4,0,1,NULL,NULL,NULL,0,NULL,NULL,NULL,NULL,NULL,0,NULL,NULL,'PRODUCTS',NULL,NULL,NULL,1,1,1,NULL,NULL,NULL,NULL,NULL,NULL,NULL,'Casuals',NULL,NULL,'casuals','relax/dress/casuals'),(183,3,178,'2020-01-03 06:43:59','2021-03-19 04:07:18','1/150/151/178/183',2,4,0,1,NULL,NULL,NULL,0,NULL,NULL,NULL,NULL,NULL,0,NULL,NULL,'PRODUCTS',NULL,NULL,NULL,1,1,1,NULL,NULL,NULL,NULL,NULL,NULL,NULL,'Work',NULL,NULL,'work','relax/dress/work'),(184,3,178,'2020-01-03 06:44:29','2021-03-19 04:07:18','1/150/151/178/184',3,4,0,1,NULL,NULL,NULL,0,NULL,NULL,NULL,NULL,NULL,0,NULL,NULL,'PRODUCTS',NULL,NULL,NULL,1,1,1,NULL,NULL,NULL,NULL,NULL,NULL,NULL,'Club',NULL,NULL,'club','relax/dress/club'),(185,3,178,'2020-01-03 06:44:39','2021-03-19 04:07:18','1/150/151/178/185',4,4,0,1,NULL,NULL,NULL,0,NULL,NULL,NULL,NULL,NULL,0,NULL,NULL,'PRODUCTS',NULL,NULL,NULL,1,1,1,NULL,NULL,NULL,NULL,NULL,NULL,NULL,'Date',NULL,NULL,'date','relax/dress/date'),(186,3,179,'2020-01-03 06:44:54','2021-03-19 04:07:19','1/150/151/179/186',1,4,0,1,NULL,NULL,NULL,0,NULL,NULL,NULL,NULL,NULL,0,NULL,NULL,'PRODUCTS',NULL,NULL,NULL,1,1,1,NULL,NULL,NULL,NULL,NULL,NULL,NULL,'T-shirt',NULL,NULL,'t-shirt','relax/top/t-shirt'),(187,3,179,'2020-01-03 06:45:05','2021-03-19 04:07:19','1/150/151/179/187',2,4,0,1,NULL,NULL,NULL,0,NULL,NULL,NULL,NULL,NULL,0,NULL,NULL,'PRODUCTS',NULL,NULL,NULL,1,1,1,NULL,NULL,NULL,NULL,NULL,NULL,NULL,'Shirt',NULL,NULL,'shirt','relax/top/shirt'),(188,3,179,'2020-01-03 06:45:44','2021-03-19 04:07:19','1/150/151/179/188',3,4,0,1,NULL,NULL,NULL,0,NULL,NULL,NULL,NULL,NULL,0,NULL,NULL,'PRODUCTS',NULL,NULL,NULL,1,1,1,NULL,NULL,NULL,NULL,NULL,NULL,NULL,'Sweater',NULL,NULL,'sweater','relax/top/sweater'),(189,3,179,'2020-01-03 06:47:11','2021-03-19 04:07:19','1/150/151/179/189',4,4,0,1,NULL,NULL,NULL,0,NULL,NULL,NULL,NULL,NULL,0,NULL,NULL,'PRODUCTS',NULL,NULL,NULL,1,1,1,NULL,NULL,NULL,NULL,NULL,NULL,NULL,'Jacket',NULL,NULL,'jacket','relax/top/jacket'),(190,3,180,'2020-01-03 06:47:26','2021-03-19 04:07:19','1/150/151/180/190',1,4,0,1,NULL,NULL,NULL,0,NULL,NULL,NULL,NULL,NULL,0,NULL,NULL,'PRODUCTS',NULL,NULL,NULL,1,1,1,NULL,NULL,NULL,NULL,NULL,NULL,NULL,'Jean',NULL,NULL,'jean','relax/bottom/jean'),(191,3,180,'2020-01-03 06:47:39','2021-03-19 04:07:19','1/150/151/180/191',2,4,0,1,NULL,NULL,NULL,0,NULL,NULL,NULL,NULL,NULL,0,NULL,NULL,'PRODUCTS',NULL,NULL,NULL,1,1,1,NULL,NULL,NULL,NULL,NULL,NULL,NULL,'Skirt',NULL,NULL,'skirt','relax/bottom/skirt'),(192,3,180,'2020-01-03 06:47:51','2021-03-19 04:07:19','1/150/151/180/192',3,4,0,1,NULL,NULL,NULL,0,NULL,NULL,NULL,NULL,NULL,0,NULL,NULL,'PRODUCTS',NULL,NULL,NULL,1,1,1,NULL,NULL,NULL,NULL,NULL,NULL,NULL,'Trouser',NULL,NULL,'trouser','relax/bottom/trouser'),(193,3,180,'2020-01-03 06:48:30','2021-03-19 04:07:19','1/150/151/180/193',4,4,0,1,NULL,NULL,NULL,0,NULL,NULL,NULL,NULL,NULL,0,NULL,NULL,'PRODUCTS',NULL,NULL,NULL,1,1,1,NULL,NULL,NULL,NULL,NULL,NULL,NULL,'Short',NULL,NULL,'short','relax/bottom/short'),(194,3,181,'2020-01-03 06:48:46','2021-03-19 04:07:19','1/150/151/181/194',1,4,0,1,NULL,NULL,NULL,0,NULL,NULL,NULL,NULL,NULL,0,NULL,NULL,'PRODUCTS',NULL,NULL,NULL,1,1,1,NULL,NULL,NULL,NULL,NULL,NULL,NULL,'Wallet',NULL,NULL,'wallet','relax/bag/wallet'),(195,3,181,'2020-01-03 06:49:21','2021-03-19 04:07:20','1/150/151/181/195',2,4,0,1,NULL,NULL,NULL,0,NULL,NULL,NULL,NULL,NULL,0,NULL,NULL,'PRODUCTS',NULL,NULL,NULL,1,1,1,NULL,NULL,NULL,NULL,NULL,NULL,NULL,'Hundbgss',NULL,NULL,'handbags','relax/bag/handbags'),(196,3,181,'2020-01-03 06:49:41','2021-03-19 04:07:20','1/150/151/181/196',3,4,0,1,NULL,NULL,NULL,0,NULL,NULL,NULL,NULL,NULL,0,NULL,NULL,'PRODUCTS',NULL,NULL,NULL,1,1,1,NULL,NULL,NULL,NULL,NULL,NULL,NULL,'Satchels',NULL,NULL,'satchels','relax/bag/satchels'),(197,3,181,'2020-01-03 06:49:59','2021-03-19 04:07:20','1/150/151/181/197',4,4,0,1,NULL,NULL,NULL,0,NULL,NULL,NULL,NULL,NULL,0,NULL,NULL,'PRODUCTS',NULL,NULL,NULL,1,1,1,NULL,NULL,NULL,NULL,NULL,NULL,NULL,'Case',NULL,NULL,'case','relax/bag/case');

--
-- Table structure for table `catalog_category_flat_store_10`
--

CREATE TABLE `catalog_category_flat_store_10` (
  `entity_id` int(10) unsigned NOT NULL COMMENT 'entity_id',
  `attribute_set_id` smallint(5) unsigned NOT NULL DEFAULT '0' COMMENT 'attribute_set_id',
  `parent_id` int(10) unsigned NOT NULL DEFAULT '0' COMMENT 'parent_id',
  `created_at` timestamp NOT NULL DEFAULT CURRENT_TIMESTAMP COMMENT 'created_at',
  `updated_at` timestamp NOT NULL DEFAULT CURRENT_TIMESTAMP COMMENT 'updated_at',
  `path` varchar(255) NOT NULL DEFAULT '' COMMENT 'path',
  `position` int(11) NOT NULL COMMENT 'position',
  `level` int(11) NOT NULL DEFAULT '0' COMMENT 'level',
  `children_count` int(11) NOT NULL COMMENT 'children_count',
  `store_id` smallint(5) unsigned NOT NULL DEFAULT '0' COMMENT 'Store Id',
  `all_children` text COMMENT 'All Children',
  `available_sort_by` text COMMENT 'Available Product Listing Sort By',
  `children` text COMMENT 'Children',
  `custom_apply_to_products` int(11) DEFAULT NULL COMMENT 'Apply To Products',
  `custom_design` varchar(255) DEFAULT NULL COMMENT 'Custom Design',
  `custom_design_from` datetime DEFAULT NULL COMMENT 'Active From',
  `custom_design_to` datetime DEFAULT NULL COMMENT 'Active To',
  `custom_layout_update` text COMMENT 'Custom Layout Update',
  `custom_layout_update_file` varchar(255) DEFAULT NULL COMMENT 'Custom Layout Update',
  `custom_use_parent_settings` int(11) DEFAULT NULL COMMENT 'Use Parent Category Settings',
  `default_sort_by` varchar(255) DEFAULT NULL COMMENT 'Default Product Listing Sort By',
  `description` text COMMENT 'Description',
  `display_mode` varchar(255) DEFAULT NULL COMMENT 'Display Mode',
  `filter_price_range` decimal(12,4) DEFAULT NULL COMMENT 'Layered Navigation Price Step',
  `google_category` varchar(255) DEFAULT NULL COMMENT 'Google Product Category',
  `image` varchar(255) DEFAULT NULL COMMENT 'Image',
  `include_in_menu` int(11) DEFAULT NULL COMMENT 'Include in Navigation Menu',
  `is_active` int(11) DEFAULT NULL COMMENT 'Is Active',
  `is_anchor` int(11) DEFAULT NULL COMMENT 'Is Anchor',
  `landing_page` int(11) DEFAULT NULL COMMENT 'CMS Block',
  `magic_image` varchar(255) DEFAULT NULL COMMENT 'Image',
  `magic_label` varchar(255) DEFAULT NULL COMMENT 'Label',
  `magic_thumbnail` varchar(255) DEFAULT NULL COMMENT 'Thumbnail',
  `meta_description` text COMMENT 'Meta Description',
  `meta_keywords` text COMMENT 'Meta Keywords',
  `meta_title` varchar(255) DEFAULT NULL COMMENT 'Page Title',
  `name` varchar(255) DEFAULT NULL COMMENT 'Name',
  `page_layout` varchar(255) DEFAULT NULL COMMENT 'Page Layout',
  `path_in_store` text COMMENT 'Path In Store',
  `url_key` varchar(255) DEFAULT NULL COMMENT 'URL Key',
  `url_path` varchar(255) DEFAULT NULL COMMENT 'Url Path',
  PRIMARY KEY (`entity_id`),
  KEY `CATALOG_CATEGORY_FLAT_STORE_10_TMP_STORE_ID` (`store_id`),
  KEY `CATALOG_CATEGORY_FLAT_STORE_10_TMP_PATH` (`path`),
  KEY `CATALOG_CATEGORY_FLAT_STORE_10_TMP_LEVEL` (`level`)
) ENGINE=InnoDB DEFAULT CHARSET=utf8 COMMENT='Catalog Category Flat';

--
-- Dumping data for table `catalog_category_flat_store_10`
--

INSERT INTO `catalog_category_flat_store_10` VALUES (1,3,0,'2019-02-18 01:02:34','2021-03-13 04:12:23','1',0,0,-208,10,NULL,NULL,NULL,NULL,NULL,NULL,NULL,NULL,NULL,NULL,NULL,NULL,NULL,NULL,NULL,NULL,1,NULL,NULL,NULL,NULL,NULL,NULL,NULL,NULL,NULL,'Root Catalog',NULL,NULL,NULL,NULL),(2,3,1,'2019-02-18 01:02:35','2021-03-13 04:12:23','1/2',1,1,51,10,NULL,NULL,NULL,0,NULL,NULL,NULL,NULL,NULL,0,NULL,NULL,'PRODUCTS',NULL,NULL,NULL,1,1,1,NULL,NULL,NULL,NULL,NULL,NULL,NULL,'Fashions',NULL,NULL,'categories',NULL),(3,3,2,'2019-02-19 01:09:34','2021-03-18 08:42:05','1/2/3',1,2,9,10,NULL,NULL,NULL,0,NULL,NULL,NULL,NULL,NULL,0,NULL,NULL,'PRODUCTS',NULL,NULL,NULL,1,1,1,NULL,NULL,NULL,NULL,NULL,NULL,NULL,'Accessories',NULL,NULL,'acessories','acessories'),(4,3,2,'2019-02-19 01:10:36','2021-03-18 08:43:52','1/2/4',2,2,10,10,NULL,NULL,NULL,0,NULL,NULL,NULL,NULL,NULL,0,NULL,NULL,'PRODUCTS',NULL,NULL,NULL,1,1,1,NULL,NULL,NULL,NULL,NULL,NULL,NULL,'Clothing',NULL,NULL,'clothing','clothing'),(5,3,2,'2019-02-19 01:12:11','2021-03-16 08:53:13','1/2/5',3,2,0,10,NULL,NULL,NULL,0,NULL,NULL,NULL,NULL,NULL,0,NULL,NULL,'PRODUCTS',NULL,NULL,NULL,1,1,1,NULL,NULL,NULL,NULL,NULL,NULL,NULL,'Footwear',NULL,NULL,'footwear','footwear'),(6,3,2,'2019-02-19 01:13:41','2021-03-16 08:53:13','1/2/6',4,2,0,10,NULL,NULL,NULL,0,NULL,NULL,NULL,NULL,NULL,0,NULL,NULL,'PRODUCTS',NULL,NULL,'/turan/pub/media/catalog/tmp/category/slide-3.jpg',1,1,1,NULL,NULL,NULL,NULL,NULL,NULL,NULL,'Furniture',NULL,NULL,'furniture','furniture'),(7,3,2,'2019-02-19 01:14:55','2021-03-18 08:42:05','1/2/7',5,2,0,10,NULL,NULL,NULL,0,NULL,NULL,NULL,NULL,NULL,0,NULL,NULL,'PRODUCTS',NULL,NULL,NULL,1,1,1,NULL,NULL,NULL,NULL,NULL,NULL,NULL,'Handmade',NULL,NULL,'handmade','handmade'),(9,3,2,'2019-02-19 01:18:50','2021-03-11 08:40:45','1/2/9',6,2,0,10,NULL,NULL,NULL,0,NULL,NULL,NULL,NULL,NULL,0,NULL,NULL,'PRODUCTS',NULL,NULL,NULL,1,1,1,NULL,NULL,NULL,NULL,NULL,NULL,NULL,'Organic',NULL,NULL,'organic','organic'),(10,3,2,'2019-02-20 13:02:12','2021-03-18 08:42:05','1/2/10',7,2,0,10,NULL,NULL,NULL,0,NULL,NULL,NULL,NULL,NULL,0,NULL,NULL,'PRODUCTS',NULL,NULL,NULL,1,1,1,NULL,NULL,NULL,NULL,NULL,NULL,NULL,'Watch&Jwelry',NULL,NULL,'watch-jwelry','watch-jwelry'),(11,3,2,'2019-04-16 10:28:51','2021-03-18 08:49:34','1/2/11',8,2,24,10,NULL,NULL,NULL,0,NULL,NULL,NULL,NULL,NULL,0,NULL,NULL,'PRODUCTS',NULL,NULL,NULL,1,1,1,NULL,NULL,'Hot',NULL,NULL,NULL,NULL,'Megamenu',NULL,NULL,'megamenu','megamenu'),(12,3,11,'2019-04-16 10:33:53','2021-03-11 08:38:45','1/2/11/12',1,3,5,10,NULL,NULL,NULL,0,NULL,NULL,NULL,NULL,NULL,0,NULL,NULL,'PRODUCTS',NULL,NULL,NULL,1,1,1,NULL,NULL,NULL,NULL,NULL,NULL,NULL,'Fashion',NULL,NULL,'men','megamenu/men'),(13,3,12,'2019-04-16 10:36:11','2021-03-16 08:50:07','1/2/11/12/13',1,4,0,10,NULL,NULL,NULL,0,NULL,NULL,NULL,NULL,NULL,0,NULL,NULL,'PRODUCTS',NULL,NULL,NULL,1,1,1,NULL,NULL,NULL,NULL,NULL,NULL,NULL,'Clothing',NULL,NULL,'clothing','megamenu/men/clothing'),(14,3,12,'2019-04-16 10:37:45','2021-03-16 08:50:08','1/2/11/12/14',2,4,0,10,NULL,NULL,NULL,0,NULL,NULL,NULL,NULL,NULL,0,NULL,NULL,'PRODUCTS',NULL,NULL,NULL,1,1,1,NULL,NULL,NULL,NULL,NULL,NULL,NULL,'Handbags',NULL,NULL,'handbags','megamenu/men/handbags'),(15,3,12,'2019-04-16 10:39:27','2021-03-16 08:50:08','1/2/11/12/15',3,4,0,10,NULL,NULL,NULL,0,NULL,NULL,NULL,NULL,NULL,0,NULL,NULL,'PRODUCTS',NULL,NULL,NULL,1,1,1,NULL,NULL,NULL,NULL,NULL,NULL,NULL,'Jeans',NULL,NULL,'jeans','megamenu/men/jeans'),(16,3,12,'2019-04-16 10:40:35','2021-03-16 08:50:09','1/2/11/12/16',4,4,0,10,NULL,NULL,NULL,0,NULL,NULL,NULL,NULL,NULL,0,NULL,NULL,'PRODUCTS',NULL,NULL,NULL,1,1,1,NULL,NULL,NULL,NULL,NULL,NULL,NULL,'T-Shirts',NULL,NULL,'t-shirts','megamenu/men/t-shirts'),(17,3,12,'2019-04-16 10:41:39','2021-03-16 08:50:09','1/2/11/12/17',5,4,0,10,NULL,NULL,NULL,0,NULL,NULL,NULL,NULL,NULL,0,NULL,NULL,'PRODUCTS',NULL,NULL,NULL,1,1,1,NULL,NULL,NULL,NULL,NULL,NULL,NULL,'Sed dui ante',NULL,NULL,'sed-dui-ante','megamenu/men/sed-dui-ante'),(18,3,11,'2019-04-16 10:43:13','2021-03-11 08:38:45','1/2/11/18',2,3,5,10,NULL,NULL,NULL,0,NULL,NULL,NULL,NULL,NULL,0,NULL,NULL,'PRODUCTS',NULL,NULL,NULL,1,1,1,NULL,NULL,NULL,NULL,NULL,NULL,NULL,'Bag',NULL,NULL,'women','megamenu/women'),(19,3,18,'2019-04-16 13:13:39','2021-03-16 08:50:10','1/2/11/18/19',1,4,0,10,NULL,NULL,NULL,0,NULL,NULL,NULL,NULL,NULL,0,NULL,NULL,'PRODUCTS',NULL,NULL,NULL,1,1,1,NULL,NULL,NULL,NULL,NULL,NULL,NULL,'Curabitur',NULL,NULL,'curabitur','megamenu/women/curabitur'),(20,3,18,'2019-04-16 13:14:41','2021-03-16 08:50:11','1/2/11/18/20',2,4,0,10,NULL,NULL,NULL,0,NULL,NULL,NULL,NULL,NULL,0,NULL,NULL,'PRODUCTS',NULL,NULL,NULL,1,1,1,NULL,NULL,NULL,NULL,NULL,NULL,NULL,'Sed dui ante',NULL,NULL,'sed-dui-ante','megamenu/women/sed-dui-ante'),(21,3,18,'2019-04-16 13:15:39','2021-03-16 08:50:11','1/2/11/18/21',3,4,0,10,NULL,NULL,NULL,0,NULL,NULL,NULL,NULL,NULL,0,NULL,NULL,'PRODUCTS',NULL,NULL,NULL,1,1,1,NULL,NULL,NULL,NULL,NULL,NULL,NULL,'Mauris et neque',NULL,NULL,'mauris-et-neque','megamenu/women/mauris-et-neque'),(22,3,18,'2019-04-16 13:22:25','2021-03-16 08:50:12','1/2/11/18/22',4,4,0,10,NULL,NULL,NULL,0,NULL,NULL,NULL,NULL,NULL,0,NULL,NULL,'PRODUCTS',NULL,NULL,NULL,1,1,1,NULL,NULL,NULL,NULL,NULL,NULL,NULL,'Donec porttitor',NULL,NULL,'donec-porttitor','megamenu/women/donec-porttitor'),(23,3,18,'2019-04-16 13:24:30','2021-03-16 08:50:12','1/2/11/18/23',5,4,0,10,NULL,NULL,NULL,0,NULL,NULL,NULL,NULL,NULL,0,NULL,NULL,'PRODUCTS',NULL,NULL,NULL,1,1,1,NULL,NULL,NULL,NULL,NULL,NULL,NULL,'Clothing',NULL,NULL,'clothing','megamenu/women/clothing'),(24,3,11,'2019-04-16 13:27:16','2021-03-11 08:38:46','1/2/11/24',3,3,5,10,NULL,NULL,NULL,0,NULL,NULL,NULL,NULL,NULL,0,NULL,NULL,'PRODUCTS',NULL,NULL,NULL,1,1,1,NULL,NULL,NULL,NULL,NULL,NULL,NULL,'Mauris et neque',NULL,NULL,'mauris-et-neque','megamenu/mauris-et-neque'),(25,3,11,'2019-04-16 13:29:35','2021-03-18 08:43:53','1/2/11/25',4,3,5,10,NULL,NULL,NULL,0,NULL,NULL,NULL,NULL,NULL,0,NULL,NULL,'PRODUCTS',NULL,NULL,NULL,1,1,1,NULL,NULL,NULL,NULL,NULL,NULL,NULL,'Donec porttitor',NULL,NULL,'donec-porttitor','megamenu/donec-porttitor'),(26,3,24,'2019-04-16 14:11:44','2021-03-16 08:50:13','1/2/11/24/26',1,4,0,10,NULL,NULL,NULL,0,NULL,NULL,NULL,NULL,NULL,0,NULL,NULL,'PRODUCTS',NULL,NULL,NULL,1,1,1,NULL,NULL,NULL,NULL,NULL,NULL,NULL,'Sed dui ante',NULL,NULL,'sed-dui-ante','megamenu/mauris-et-neque/sed-dui-ante'),(27,3,24,'2019-04-16 14:12:35','2021-03-16 08:50:13','1/2/11/24/27',2,4,0,10,NULL,NULL,NULL,0,NULL,NULL,NULL,NULL,NULL,0,NULL,NULL,'PRODUCTS',NULL,NULL,NULL,1,1,1,NULL,NULL,NULL,NULL,NULL,NULL,NULL,'Morbi quis',NULL,NULL,'morbi-quis','megamenu/mauris-et-neque/morbi-quis'),(28,3,24,'2019-04-16 14:13:56','2021-03-16 08:50:14','1/2/11/24/28',3,4,0,10,NULL,NULL,NULL,0,NULL,NULL,NULL,NULL,NULL,0,NULL,NULL,'PRODUCTS',NULL,NULL,NULL,1,1,1,NULL,NULL,NULL,NULL,NULL,NULL,NULL,'Donec porttitor',NULL,NULL,'donec-porttitor','megamenu/mauris-et-neque/donec-porttitor'),(29,3,24,'2019-04-16 14:15:08','2021-03-16 08:50:14','1/2/11/24/29',4,4,0,10,NULL,NULL,NULL,0,NULL,NULL,NULL,NULL,NULL,0,NULL,NULL,'PRODUCTS',NULL,NULL,NULL,1,1,1,NULL,NULL,NULL,NULL,NULL,NULL,NULL,'Suspendisse',NULL,NULL,'suspendisse','megamenu/mauris-et-neque/suspendisse'),(30,3,24,'2019-04-16 14:15:59','2021-03-16 08:50:14','1/2/11/24/30',5,4,0,10,NULL,NULL,NULL,0,NULL,NULL,NULL,NULL,NULL,0,NULL,NULL,'PRODUCTS',NULL,NULL,NULL,1,1,1,NULL,NULL,NULL,NULL,NULL,NULL,NULL,'Nulla facilisi',NULL,NULL,'nulla-facilisi','megamenu/mauris-et-neque/nulla-facilisi'),(31,3,25,'2019-04-16 14:16:51','2021-03-16 08:50:15','1/2/11/25/31',1,4,0,10,NULL,NULL,NULL,0,NULL,NULL,NULL,NULL,NULL,0,NULL,NULL,'PRODUCTS',NULL,NULL,NULL,1,1,1,NULL,NULL,NULL,NULL,NULL,NULL,NULL,'Mauris et neque',NULL,NULL,'mauris-et-neque','megamenu/donec-porttitor/mauris-et-neque'),(32,3,25,'2019-04-16 14:17:49','2021-03-16 08:50:15','1/2/11/25/32',2,4,0,10,NULL,NULL,NULL,0,NULL,NULL,NULL,NULL,NULL,0,NULL,NULL,'PRODUCTS',NULL,NULL,NULL,1,1,1,NULL,NULL,NULL,NULL,NULL,NULL,NULL,'Quisque placerat',NULL,NULL,'quisque-placerat','megamenu/donec-porttitor/quisque-placerat'),(33,3,25,'2019-04-16 14:18:47','2021-03-16 08:50:16','1/2/11/25/33',3,4,0,10,NULL,NULL,NULL,0,NULL,NULL,NULL,NULL,NULL,0,NULL,NULL,'PRODUCTS',NULL,NULL,NULL,1,1,1,NULL,NULL,NULL,NULL,NULL,NULL,NULL,'Get Inspired',NULL,NULL,'get-inspired','megamenu/donec-porttitor/get-inspired'),(34,3,25,'2019-04-16 14:19:39','2021-03-16 08:50:16','1/2/11/25/34',4,4,0,10,NULL,NULL,NULL,0,NULL,NULL,NULL,NULL,NULL,0,NULL,NULL,'PRODUCTS',NULL,NULL,NULL,1,1,1,NULL,NULL,NULL,NULL,NULL,NULL,NULL,'Curabitur',NULL,NULL,'curabitur','megamenu/donec-porttitor/curabitur'),(35,3,25,'2019-04-16 14:20:27','2021-03-16 08:50:16','1/2/11/25/35',5,4,0,10,NULL,NULL,NULL,0,NULL,NULL,NULL,NULL,NULL,0,NULL,NULL,'PRODUCTS',NULL,NULL,NULL,1,1,1,NULL,NULL,NULL,NULL,NULL,NULL,NULL,'Donec pretium',NULL,NULL,'donec-pretium','megamenu/donec-porttitor/donec-pretium'),(36,3,4,'2019-05-13 09:12:21','2021-03-16 08:50:05','1/2/4/36',1,3,3,10,NULL,NULL,NULL,0,NULL,NULL,NULL,NULL,NULL,0,NULL,NULL,'PRODUCTS',NULL,NULL,NULL,1,1,1,NULL,NULL,NULL,NULL,NULL,NULL,NULL,'Jeans',NULL,NULL,'jeans','clothing/jeans'),(37,3,4,'2019-05-13 09:13:14','2021-03-16 08:50:05','1/2/4/37',2,3,3,10,NULL,NULL,NULL,0,NULL,NULL,NULL,NULL,NULL,0,NULL,NULL,'PRODUCTS',NULL,NULL,NULL,1,1,1,NULL,NULL,NULL,NULL,NULL,NULL,NULL,'T-Shirts',NULL,NULL,'t-shirts','clothing/t-shirts'),(38,3,4,'2019-05-13 09:14:27','2021-03-16 08:50:06','1/2/4/38',3,3,0,10,NULL,NULL,NULL,0,NULL,NULL,NULL,NULL,NULL,0,NULL,NULL,'PRODUCTS',NULL,NULL,NULL,1,1,1,NULL,NULL,NULL,NULL,NULL,NULL,NULL,'Curabitur',NULL,NULL,'curabitur','clothing/curabitur'),(39,3,4,'2019-05-13 09:15:30','2021-03-16 08:50:07','1/2/4/39',4,3,0,10,NULL,NULL,NULL,0,NULL,NULL,NULL,NULL,NULL,0,NULL,NULL,'PRODUCTS',NULL,NULL,NULL,1,1,1,NULL,NULL,NULL,NULL,NULL,NULL,NULL,'Mauris et neque',NULL,NULL,'mauris-et-neque','clothing/mauris-et-neque'),(40,3,36,'2019-05-13 09:16:43','2021-03-11 08:38:57','1/2/4/36/40',1,4,0,10,NULL,NULL,NULL,0,NULL,NULL,NULL,NULL,NULL,0,NULL,NULL,'PRODUCTS',NULL,NULL,NULL,1,1,1,NULL,NULL,NULL,NULL,NULL,NULL,NULL,'Donec porttitor',NULL,NULL,'donec-porttitor','clothing/jeans/donec-porttitor'),(43,3,36,'2019-05-13 09:19:25','2021-03-11 08:38:57','1/2/4/36/43',2,4,0,10,NULL,NULL,NULL,0,NULL,NULL,NULL,NULL,NULL,0,NULL,NULL,'PRODUCTS',NULL,NULL,NULL,1,1,1,NULL,NULL,NULL,NULL,NULL,NULL,NULL,'Get Inspired',NULL,NULL,'get-inspired','clothing/jeans/get-inspired'),(44,3,36,'2019-05-13 09:21:15','2021-03-11 08:38:57','1/2/4/36/44',3,4,0,10,NULL,NULL,NULL,0,NULL,NULL,NULL,NULL,NULL,0,NULL,NULL,'PRODUCTS',NULL,NULL,NULL,1,1,1,NULL,NULL,NULL,NULL,NULL,NULL,NULL,'Nulla facilisi',NULL,NULL,'nulla-facilisi','clothing/jeans/nulla-facilisi'),(45,3,37,'2019-05-13 09:23:00','2021-03-11 08:38:58','1/2/4/37/45',1,4,0,10,NULL,NULL,NULL,0,NULL,NULL,NULL,NULL,NULL,0,NULL,NULL,'PRODUCTS',NULL,NULL,NULL,1,1,1,NULL,NULL,NULL,NULL,NULL,NULL,NULL,'Fashion aesthetics‎ ',NULL,NULL,'fashion-aesthetics','clothing/t-shirts/fashion-aesthetics'),(46,3,37,'2019-05-13 09:23:48','2021-03-11 08:38:58','1/2/4/37/46',2,4,0,10,NULL,NULL,NULL,0,NULL,NULL,NULL,NULL,NULL,0,NULL,NULL,'PRODUCTS',NULL,NULL,NULL,1,1,1,NULL,NULL,NULL,NULL,NULL,NULL,NULL,'Fashion events‎',NULL,NULL,'fashion-events','clothing/t-shirts/fashion-events'),(47,3,37,'2019-05-13 09:24:57','2021-03-11 08:38:58','1/2/4/37/47',3,4,0,10,NULL,NULL,NULL,0,NULL,NULL,NULL,NULL,NULL,0,NULL,NULL,'PRODUCTS',NULL,NULL,NULL,1,1,1,NULL,NULL,NULL,NULL,NULL,NULL,NULL,'Anti-fashion‎',NULL,NULL,'anti-fashion','clothing/t-shirts/anti-fashion'),(246,3,3,'2021-03-13 04:06:56','2021-03-13 04:09:32','1/2/3/246',1,3,2,10,NULL,NULL,NULL,0,NULL,NULL,NULL,NULL,NULL,0,NULL,NULL,'PRODUCTS',NULL,NULL,NULL,1,1,1,NULL,NULL,NULL,NULL,NULL,NULL,NULL,'T-Shirt',NULL,NULL,'t-shirt','acessories/t-shirt'),(247,3,3,'2021-03-13 04:07:22','2021-03-13 04:11:02','1/2/3/247',2,3,2,10,NULL,NULL,NULL,0,NULL,NULL,NULL,NULL,NULL,0,NULL,NULL,'PRODUCTS',NULL,NULL,NULL,1,1,1,NULL,NULL,NULL,NULL,NULL,NULL,NULL,'Shoes',NULL,NULL,'shoes','acessories/shoes'),(248,3,3,'2021-03-13 04:07:40','2021-03-13 04:12:23','1/2/3/248',3,3,2,10,NULL,NULL,NULL,0,NULL,NULL,NULL,NULL,NULL,0,NULL,NULL,'PRODUCTS',NULL,NULL,NULL,1,1,1,NULL,NULL,NULL,NULL,NULL,NULL,NULL,'Hat',NULL,NULL,'hat','acessories/hat'),(249,3,246,'2021-03-13 04:09:14','2021-03-13 04:09:14','1/2/3/246/249',1,4,0,10,NULL,NULL,NULL,0,NULL,NULL,NULL,NULL,NULL,0,NULL,NULL,'PRODUCTS',NULL,NULL,NULL,1,1,1,NULL,NULL,NULL,NULL,NULL,NULL,NULL,'Men',NULL,NULL,'men','acessories/t-shirt/men'),(250,3,246,'2021-03-13 04:09:32','2021-03-13 04:09:32','1/2/3/246/250',2,4,0,10,NULL,NULL,NULL,0,NULL,NULL,NULL,NULL,NULL,0,NULL,NULL,'PRODUCTS',NULL,NULL,NULL,1,1,1,NULL,NULL,NULL,NULL,NULL,NULL,NULL,'Women',NULL,NULL,'women','acessories/t-shirt/women'),(251,3,247,'2021-03-13 04:09:53','2021-03-13 04:09:53','1/2/3/247/251',1,4,0,10,NULL,NULL,NULL,0,NULL,NULL,NULL,NULL,NULL,0,NULL,NULL,'PRODUCTS',NULL,NULL,NULL,1,1,1,NULL,NULL,NULL,NULL,NULL,NULL,NULL,'Nike',NULL,NULL,'nike','acessories/shoes/nike'),(252,3,247,'2021-03-13 04:11:02','2021-03-13 04:11:02','1/2/3/247/252',2,4,0,10,NULL,NULL,NULL,0,NULL,NULL,NULL,NULL,NULL,0,NULL,NULL,'PRODUCTS',NULL,NULL,NULL,1,1,1,NULL,NULL,NULL,NULL,NULL,NULL,NULL,'Adidas',NULL,NULL,'adidas','acessories/shoes/adidas'),(253,3,248,'2021-03-13 04:11:43','2021-03-13 04:11:43','1/2/3/248/253',1,4,0,10,NULL,NULL,NULL,0,NULL,NULL,NULL,NULL,NULL,0,NULL,NULL,'PRODUCTS',NULL,NULL,NULL,1,1,1,NULL,NULL,NULL,NULL,NULL,NULL,NULL,'Cap',NULL,NULL,'cap','acessories/hat/cap'),(254,3,248,'2021-03-13 04:12:23','2021-03-13 04:12:23','1/2/3/248/254',2,4,0,10,NULL,NULL,NULL,0,NULL,NULL,NULL,NULL,NULL,0,NULL,NULL,'PRODUCTS',NULL,NULL,NULL,1,1,1,NULL,NULL,NULL,NULL,NULL,NULL,NULL,'Sun',NULL,NULL,'sun','acessories/hat/sun');

--
-- Table structure for table `catalog_category_flat_store_11`
--

CREATE TABLE `catalog_category_flat_store_11` (
  `entity_id` int(10) unsigned NOT NULL COMMENT 'entity_id',
  `attribute_set_id` smallint(5) unsigned NOT NULL DEFAULT '0' COMMENT 'attribute_set_id',
  `parent_id` int(10) unsigned NOT NULL DEFAULT '0' COMMENT 'parent_id',
  `created_at` timestamp NOT NULL DEFAULT CURRENT_TIMESTAMP COMMENT 'created_at',
  `updated_at` timestamp NOT NULL DEFAULT CURRENT_TIMESTAMP COMMENT 'updated_at',
  `path` varchar(255) NOT NULL DEFAULT '' COMMENT 'path',
  `position` int(11) NOT NULL COMMENT 'position',
  `level` int(11) NOT NULL DEFAULT '0' COMMENT 'level',
  `children_count` int(11) NOT NULL COMMENT 'children_count',
  `store_id` smallint(5) unsigned NOT NULL DEFAULT '0' COMMENT 'Store Id',
  `all_children` text COMMENT 'All Children',
  `available_sort_by` text COMMENT 'Available Product Listing Sort By',
  `children` text COMMENT 'Children',
  `custom_apply_to_products` int(11) DEFAULT NULL COMMENT 'Apply To Products',
  `custom_design` varchar(255) DEFAULT NULL COMMENT 'Custom Design',
  `custom_design_from` datetime DEFAULT NULL COMMENT 'Active From',
  `custom_design_to` datetime DEFAULT NULL COMMENT 'Active To',
  `custom_layout_update` text COMMENT 'Custom Layout Update',
  `custom_layout_update_file` varchar(255) DEFAULT NULL COMMENT 'Custom Layout Update',
  `custom_use_parent_settings` int(11) DEFAULT NULL COMMENT 'Use Parent Category Settings',
  `default_sort_by` varchar(255) DEFAULT NULL COMMENT 'Default Product Listing Sort By',
  `description` text COMMENT 'Description',
  `display_mode` varchar(255) DEFAULT NULL COMMENT 'Display Mode',
  `filter_price_range` decimal(12,4) DEFAULT NULL COMMENT 'Layered Navigation Price Step',
  `google_category` varchar(255) DEFAULT NULL COMMENT 'Google Product Category',
  `image` varchar(255) DEFAULT NULL COMMENT 'Image',
  `include_in_menu` int(11) DEFAULT NULL COMMENT 'Include in Navigation Menu',
  `is_active` int(11) DEFAULT NULL COMMENT 'Is Active',
  `is_anchor` int(11) DEFAULT NULL COMMENT 'Is Anchor',
  `landing_page` int(11) DEFAULT NULL COMMENT 'CMS Block',
  `magic_image` varchar(255) DEFAULT NULL COMMENT 'Image',
  `magic_label` varchar(255) DEFAULT NULL COMMENT 'Label',
  `magic_thumbnail` varchar(255) DEFAULT NULL COMMENT 'Thumbnail',
  `meta_description` text COMMENT 'Meta Description',
  `meta_keywords` text COMMENT 'Meta Keywords',
  `meta_title` varchar(255) DEFAULT NULL COMMENT 'Page Title',
  `name` varchar(255) DEFAULT NULL COMMENT 'Name',
  `page_layout` varchar(255) DEFAULT NULL COMMENT 'Page Layout',
  `path_in_store` text COMMENT 'Path In Store',
  `url_key` varchar(255) DEFAULT NULL COMMENT 'URL Key',
  `url_path` varchar(255) DEFAULT NULL COMMENT 'Url Path',
  PRIMARY KEY (`entity_id`),
  KEY `CATALOG_CATEGORY_FLAT_STORE_11_TMP_STORE_ID` (`store_id`),
  KEY `CATALOG_CATEGORY_FLAT_STORE_11_TMP_PATH` (`path`),
  KEY `CATALOG_CATEGORY_FLAT_STORE_11_TMP_LEVEL` (`level`)
) ENGINE=InnoDB DEFAULT CHARSET=utf8 COMMENT='Catalog Category Flat';

--
-- Dumping data for table `catalog_category_flat_store_11`
--

INSERT INTO `catalog_category_flat_store_11` VALUES (1,3,0,'2019-02-18 01:02:34','2021-03-13 04:12:23','1',0,0,-208,11,NULL,NULL,NULL,NULL,NULL,NULL,NULL,NULL,NULL,NULL,NULL,NULL,NULL,NULL,NULL,NULL,1,NULL,NULL,NULL,NULL,NULL,NULL,NULL,NULL,NULL,'Root Catalog',NULL,NULL,NULL,NULL),(2,3,1,'2019-02-18 01:02:35','2021-03-13 04:12:23','1/2',1,1,51,11,NULL,NULL,NULL,0,NULL,NULL,NULL,NULL,NULL,0,NULL,NULL,'PRODUCTS',NULL,NULL,NULL,1,1,1,NULL,NULL,NULL,NULL,NULL,NULL,NULL,'Fashions',NULL,NULL,'categories',NULL),(3,3,2,'2019-02-19 01:09:34','2021-03-18 08:42:05','1/2/3',1,2,9,11,NULL,NULL,NULL,0,NULL,NULL,NULL,NULL,NULL,0,NULL,NULL,'PRODUCTS',NULL,NULL,NULL,1,1,1,NULL,NULL,NULL,NULL,NULL,NULL,NULL,'Accessories',NULL,NULL,'acessories','acessories'),(4,3,2,'2019-02-19 01:10:36','2021-03-18 08:43:52','1/2/4',2,2,10,11,NULL,NULL,NULL,0,NULL,NULL,NULL,NULL,NULL,0,NULL,NULL,'PRODUCTS',NULL,NULL,NULL,1,1,1,NULL,NULL,NULL,NULL,NULL,NULL,NULL,'Clothing',NULL,NULL,'clothing','clothing'),(5,3,2,'2019-02-19 01:12:11','2021-03-16 08:53:13','1/2/5',3,2,0,11,NULL,NULL,NULL,0,NULL,NULL,NULL,NULL,NULL,0,NULL,NULL,'PRODUCTS',NULL,NULL,NULL,1,1,1,NULL,NULL,NULL,NULL,NULL,NULL,NULL,'Footwear',NULL,NULL,'footwear','footwear'),(6,3,2,'2019-02-19 01:13:41','2021-03-16 08:53:13','1/2/6',4,2,0,11,NULL,NULL,NULL,0,NULL,NULL,NULL,NULL,NULL,0,NULL,NULL,'PRODUCTS',NULL,NULL,'/turan/pub/media/catalog/tmp/category/slide-3.jpg',1,1,1,NULL,NULL,NULL,NULL,NULL,NULL,NULL,'Furniture',NULL,NULL,'furniture','furniture'),(7,3,2,'2019-02-19 01:14:55','2021-03-18 08:42:05','1/2/7',5,2,0,11,NULL,NULL,NULL,0,NULL,NULL,NULL,NULL,NULL,0,NULL,NULL,'PRODUCTS',NULL,NULL,NULL,1,1,1,NULL,NULL,NULL,NULL,NULL,NULL,NULL,'Handmade',NULL,NULL,'handmade','handmade'),(9,3,2,'2019-02-19 01:18:50','2021-03-11 08:40:45','1/2/9',6,2,0,11,NULL,NULL,NULL,0,NULL,NULL,NULL,NULL,NULL,0,NULL,NULL,'PRODUCTS',NULL,NULL,NULL,1,1,1,NULL,NULL,NULL,NULL,NULL,NULL,NULL,'Organic',NULL,NULL,'organic','organic'),(10,3,2,'2019-02-20 13:02:12','2021-03-18 08:42:05','1/2/10',7,2,0,11,NULL,NULL,NULL,0,NULL,NULL,NULL,NULL,NULL,0,NULL,NULL,'PRODUCTS',NULL,NULL,NULL,1,1,1,NULL,NULL,NULL,NULL,NULL,NULL,NULL,'Watch&Jwelry',NULL,NULL,'watch-jwelry','watch-jwelry'),(11,3,2,'2019-04-16 10:28:51','2021-03-18 08:49:34','1/2/11',8,2,24,11,NULL,NULL,NULL,0,NULL,NULL,NULL,NULL,NULL,0,NULL,NULL,'PRODUCTS',NULL,NULL,NULL,1,1,1,NULL,NULL,'Hot',NULL,NULL,NULL,NULL,'Megamenu',NULL,NULL,'megamenu','megamenu'),(12,3,11,'2019-04-16 10:33:53','2021-03-11 08:38:45','1/2/11/12',1,3,5,11,NULL,NULL,NULL,0,NULL,NULL,NULL,NULL,NULL,0,NULL,NULL,'PRODUCTS',NULL,NULL,NULL,1,1,1,NULL,NULL,NULL,NULL,NULL,NULL,NULL,'Fashion',NULL,NULL,'men','megamenu/men'),(13,3,12,'2019-04-16 10:36:11','2021-03-16 08:50:07','1/2/11/12/13',1,4,0,11,NULL,NULL,NULL,0,NULL,NULL,NULL,NULL,NULL,0,NULL,NULL,'PRODUCTS',NULL,NULL,NULL,1,1,1,NULL,NULL,NULL,NULL,NULL,NULL,NULL,'Clothing',NULL,NULL,'clothing','megamenu/men/clothing'),(14,3,12,'2019-04-16 10:37:45','2021-03-16 08:50:08','1/2/11/12/14',2,4,0,11,NULL,NULL,NULL,0,NULL,NULL,NULL,NULL,NULL,0,NULL,NULL,'PRODUCTS',NULL,NULL,NULL,1,1,1,NULL,NULL,NULL,NULL,NULL,NULL,NULL,'Handbags',NULL,NULL,'handbags','megamenu/men/handbags'),(15,3,12,'2019-04-16 10:39:27','2021-03-16 08:50:08','1/2/11/12/15',3,4,0,11,NULL,NULL,NULL,0,NULL,NULL,NULL,NULL,NULL,0,NULL,NULL,'PRODUCTS',NULL,NULL,NULL,1,1,1,NULL,NULL,NULL,NULL,NULL,NULL,NULL,'Jeans',NULL,NULL,'jeans','megamenu/men/jeans'),(16,3,12,'2019-04-16 10:40:35','2021-03-16 08:50:09','1/2/11/12/16',4,4,0,11,NULL,NULL,NULL,0,NULL,NULL,NULL,NULL,NULL,0,NULL,NULL,'PRODUCTS',NULL,NULL,NULL,1,1,1,NULL,NULL,NULL,NULL,NULL,NULL,NULL,'T-Shirts',NULL,NULL,'t-shirts','megamenu/men/t-shirts'),(17,3,12,'2019-04-16 10:41:39','2021-03-16 08:50:09','1/2/11/12/17',5,4,0,11,NULL,NULL,NULL,0,NULL,NULL,NULL,NULL,NULL,0,NULL,NULL,'PRODUCTS',NULL,NULL,NULL,1,1,1,NULL,NULL,NULL,NULL,NULL,NULL,NULL,'Sed dui ante',NULL,NULL,'sed-dui-ante','megamenu/men/sed-dui-ante'),(18,3,11,'2019-04-16 10:43:13','2021-03-11 08:38:45','1/2/11/18',2,3,5,11,NULL,NULL,NULL,0,NULL,NULL,NULL,NULL,NULL,0,NULL,NULL,'PRODUCTS',NULL,NULL,NULL,1,1,1,NULL,NULL,NULL,NULL,NULL,NULL,NULL,'Bag',NULL,NULL,'women','megamenu/women'),(19,3,18,'2019-04-16 13:13:39','2021-03-16 08:50:10','1/2/11/18/19',1,4,0,11,NULL,NULL,NULL,0,NULL,NULL,NULL,NULL,NULL,0,NULL,NULL,'PRODUCTS',NULL,NULL,NULL,1,1,1,NULL,NULL,NULL,NULL,NULL,NULL,NULL,'Curabitur',NULL,NULL,'curabitur','megamenu/women/curabitur'),(20,3,18,'2019-04-16 13:14:41','2021-03-16 08:50:11','1/2/11/18/20',2,4,0,11,NULL,NULL,NULL,0,NULL,NULL,NULL,NULL,NULL,0,NULL,NULL,'PRODUCTS',NULL,NULL,NULL,1,1,1,NULL,NULL,NULL,NULL,NULL,NULL,NULL,'Sed dui ante',NULL,NULL,'sed-dui-ante','megamenu/women/sed-dui-ante'),(21,3,18,'2019-04-16 13:15:39','2021-03-16 08:50:11','1/2/11/18/21',3,4,0,11,NULL,NULL,NULL,0,NULL,NULL,NULL,NULL,NULL,0,NULL,NULL,'PRODUCTS',NULL,NULL,NULL,1,1,1,NULL,NULL,NULL,NULL,NULL,NULL,NULL,'Mauris et neque',NULL,NULL,'mauris-et-neque','megamenu/women/mauris-et-neque'),(22,3,18,'2019-04-16 13:22:25','2021-03-16 08:50:12','1/2/11/18/22',4,4,0,11,NULL,NULL,NULL,0,NULL,NULL,NULL,NULL,NULL,0,NULL,NULL,'PRODUCTS',NULL,NULL,NULL,1,1,1,NULL,NULL,NULL,NULL,NULL,NULL,NULL,'Donec porttitor',NULL,NULL,'donec-porttitor','megamenu/women/donec-porttitor'),(23,3,18,'2019-04-16 13:24:30','2021-03-16 08:50:12','1/2/11/18/23',5,4,0,11,NULL,NULL,NULL,0,NULL,NULL,NULL,NULL,NULL,0,NULL,NULL,'PRODUCTS',NULL,NULL,NULL,1,1,1,NULL,NULL,NULL,NULL,NULL,NULL,NULL,'Clothing',NULL,NULL,'clothing','megamenu/women/clothing'),(24,3,11,'2019-04-16 13:27:16','2021-03-11 08:38:46','1/2/11/24',3,3,5,11,NULL,NULL,NULL,0,NULL,NULL,NULL,NULL,NULL,0,NULL,NULL,'PRODUCTS',NULL,NULL,NULL,1,1,1,NULL,NULL,NULL,NULL,NULL,NULL,NULL,'Mauris et neque',NULL,NULL,'mauris-et-neque','megamenu/mauris-et-neque'),(25,3,11,'2019-04-16 13:29:35','2021-03-18 08:43:53','1/2/11/25',4,3,5,11,NULL,NULL,NULL,0,NULL,NULL,NULL,NULL,NULL,0,NULL,NULL,'PRODUCTS',NULL,NULL,NULL,1,1,1,NULL,NULL,NULL,NULL,NULL,NULL,NULL,'Donec porttitor',NULL,NULL,'donec-porttitor','megamenu/donec-porttitor'),(26,3,24,'2019-04-16 14:11:44','2021-03-16 08:50:13','1/2/11/24/26',1,4,0,11,NULL,NULL,NULL,0,NULL,NULL,NULL,NULL,NULL,0,NULL,NULL,'PRODUCTS',NULL,NULL,NULL,1,1,1,NULL,NULL,NULL,NULL,NULL,NULL,NULL,'Sed dui ante',NULL,NULL,'sed-dui-ante','megamenu/mauris-et-neque/sed-dui-ante'),(27,3,24,'2019-04-16 14:12:35','2021-03-16 08:50:13','1/2/11/24/27',2,4,0,11,NULL,NULL,NULL,0,NULL,NULL,NULL,NULL,NULL,0,NULL,NULL,'PRODUCTS',NULL,NULL,NULL,1,1,1,NULL,NULL,NULL,NULL,NULL,NULL,NULL,'Morbi quis',NULL,NULL,'morbi-quis','megamenu/mauris-et-neque/morbi-quis'),(28,3,24,'2019-04-16 14:13:56','2021-03-16 08:50:14','1/2/11/24/28',3,4,0,11,NULL,NULL,NULL,0,NULL,NULL,NULL,NULL,NULL,0,NULL,NULL,'PRODUCTS',NULL,NULL,NULL,1,1,1,NULL,NULL,NULL,NULL,NULL,NULL,NULL,'Donec porttitor',NULL,NULL,'donec-porttitor','megamenu/mauris-et-neque/donec-porttitor'),(29,3,24,'2019-04-16 14:15:08','2021-03-16 08:50:14','1/2/11/24/29',4,4,0,11,NULL,NULL,NULL,0,NULL,NULL,NULL,NULL,NULL,0,NULL,NULL,'PRODUCTS',NULL,NULL,NULL,1,1,1,NULL,NULL,NULL,NULL,NULL,NULL,NULL,'Suspendisse',NULL,NULL,'suspendisse','megamenu/mauris-et-neque/suspendisse'),(30,3,24,'2019-04-16 14:15:59','2021-03-16 08:50:14','1/2/11/24/30',5,4,0,11,NULL,NULL,NULL,0,NULL,NULL,NULL,NULL,NULL,0,NULL,NULL,'PRODUCTS',NULL,NULL,NULL,1,1,1,NULL,NULL,NULL,NULL,NULL,NULL,NULL,'Nulla facilisi',NULL,NULL,'nulla-facilisi','megamenu/mauris-et-neque/nulla-facilisi'),(31,3,25,'2019-04-16 14:16:51','2021-03-16 08:50:15','1/2/11/25/31',1,4,0,11,NULL,NULL,NULL,0,NULL,NULL,NULL,NULL,NULL,0,NULL,NULL,'PRODUCTS',NULL,NULL,NULL,1,1,1,NULL,NULL,NULL,NULL,NULL,NULL,NULL,'Mauris et neque',NULL,NULL,'mauris-et-neque','megamenu/donec-porttitor/mauris-et-neque'),(32,3,25,'2019-04-16 14:17:49','2021-03-16 08:50:15','1/2/11/25/32',2,4,0,11,NULL,NULL,NULL,0,NULL,NULL,NULL,NULL,NULL,0,NULL,NULL,'PRODUCTS',NULL,NULL,NULL,1,1,1,NULL,NULL,NULL,NULL,NULL,NULL,NULL,'Quisque placerat',NULL,NULL,'quisque-placerat','megamenu/donec-porttitor/quisque-placerat'),(33,3,25,'2019-04-16 14:18:47','2021-03-16 08:50:16','1/2/11/25/33',3,4,0,11,NULL,NULL,NULL,0,NULL,NULL,NULL,NULL,NULL,0,NULL,NULL,'PRODUCTS',NULL,NULL,NULL,1,1,1,NULL,NULL,NULL,NULL,NULL,NULL,NULL,'Get Inspired',NULL,NULL,'get-inspired','megamenu/donec-porttitor/get-inspired'),(34,3,25,'2019-04-16 14:19:39','2021-03-16 08:50:16','1/2/11/25/34',4,4,0,11,NULL,NULL,NULL,0,NULL,NULL,NULL,NULL,NULL,0,NULL,NULL,'PRODUCTS',NULL,NULL,NULL,1,1,1,NULL,NULL,NULL,NULL,NULL,NULL,NULL,'Curabitur',NULL,NULL,'curabitur','megamenu/donec-porttitor/curabitur'),(35,3,25,'2019-04-16 14:20:27','2021-03-16 08:50:16','1/2/11/25/35',5,4,0,11,NULL,NULL,NULL,0,NULL,NULL,NULL,NULL,NULL,0,NULL,NULL,'PRODUCTS',NULL,NULL,NULL,1,1,1,NULL,NULL,NULL,NULL,NULL,NULL,NULL,'Donec pretium',NULL,NULL,'donec-pretium','megamenu/donec-porttitor/donec-pretium'),(36,3,4,'2019-05-13 09:12:21','2021-03-16 08:50:05','1/2/4/36',1,3,3,11,NULL,NULL,NULL,0,NULL,NULL,NULL,NULL,NULL,0,NULL,NULL,'PRODUCTS',NULL,NULL,NULL,1,1,1,NULL,NULL,NULL,NULL,NULL,NULL,NULL,'Jeans',NULL,NULL,'jeans','clothing/jeans'),(37,3,4,'2019-05-13 09:13:14','2021-03-16 08:50:05','1/2/4/37',2,3,3,11,NULL,NULL,NULL,0,NULL,NULL,NULL,NULL,NULL,0,NULL,NULL,'PRODUCTS',NULL,NULL,NULL,1,1,1,NULL,NULL,NULL,NULL,NULL,NULL,NULL,'T-Shirts',NULL,NULL,'t-shirts','clothing/t-shirts'),(38,3,4,'2019-05-13 09:14:27','2021-03-16 08:50:06','1/2/4/38',3,3,0,11,NULL,NULL,NULL,0,NULL,NULL,NULL,NULL,NULL,0,NULL,NULL,'PRODUCTS',NULL,NULL,NULL,1,1,1,NULL,NULL,NULL,NULL,NULL,NULL,NULL,'Curabitur',NULL,NULL,'curabitur','clothing/curabitur'),(39,3,4,'2019-05-13 09:15:30','2021-03-16 08:50:07','1/2/4/39',4,3,0,11,NULL,NULL,NULL,0,NULL,NULL,NULL,NULL,NULL,0,NULL,NULL,'PRODUCTS',NULL,NULL,NULL,1,1,1,NULL,NULL,NULL,NULL,NULL,NULL,NULL,'Mauris et neque',NULL,NULL,'mauris-et-neque','clothing/mauris-et-neque'),(40,3,36,'2019-05-13 09:16:43','2021-03-11 08:38:57','1/2/4/36/40',1,4,0,11,NULL,NULL,NULL,0,NULL,NULL,NULL,NULL,NULL,0,NULL,NULL,'PRODUCTS',NULL,NULL,NULL,1,1,1,NULL,NULL,NULL,NULL,NULL,NULL,NULL,'Donec porttitor',NULL,NULL,'donec-porttitor','clothing/jeans/donec-porttitor'),(43,3,36,'2019-05-13 09:19:25','2021-03-11 08:38:57','1/2/4/36/43',2,4,0,11,NULL,NULL,NULL,0,NULL,NULL,NULL,NULL,NULL,0,NULL,NULL,'PRODUCTS',NULL,NULL,NULL,1,1,1,NULL,NULL,NULL,NULL,NULL,NULL,NULL,'Get Inspired',NULL,NULL,'get-inspired','clothing/jeans/get-inspired'),(44,3,36,'2019-05-13 09:21:15','2021-03-11 08:38:57','1/2/4/36/44',3,4,0,11,NULL,NULL,NULL,0,NULL,NULL,NULL,NULL,NULL,0,NULL,NULL,'PRODUCTS',NULL,NULL,NULL,1,1,1,NULL,NULL,NULL,NULL,NULL,NULL,NULL,'Nulla facilisi',NULL,NULL,'nulla-facilisi','clothing/jeans/nulla-facilisi'),(45,3,37,'2019-05-13 09:23:00','2021-03-11 08:38:58','1/2/4/37/45',1,4,0,11,NULL,NULL,NULL,0,NULL,NULL,NULL,NULL,NULL,0,NULL,NULL,'PRODUCTS',NULL,NULL,NULL,1,1,1,NULL,NULL,NULL,NULL,NULL,NULL,NULL,'Fashion aesthetics‎ ',NULL,NULL,'fashion-aesthetics','clothing/t-shirts/fashion-aesthetics'),(46,3,37,'2019-05-13 09:23:48','2021-03-11 08:38:58','1/2/4/37/46',2,4,0,11,NULL,NULL,NULL,0,NULL,NULL,NULL,NULL,NULL,0,NULL,NULL,'PRODUCTS',NULL,NULL,NULL,1,1,1,NULL,NULL,NULL,NULL,NULL,NULL,NULL,'Fashion events‎',NULL,NULL,'fashion-events','clothing/t-shirts/fashion-events'),(47,3,37,'2019-05-13 09:24:57','2021-03-11 08:38:58','1/2/4/37/47',3,4,0,11,NULL,NULL,NULL,0,NULL,NULL,NULL,NULL,NULL,0,NULL,NULL,'PRODUCTS',NULL,NULL,NULL,1,1,1,NULL,NULL,NULL,NULL,NULL,NULL,NULL,'Anti-fashion‎',NULL,NULL,'anti-fashion','clothing/t-shirts/anti-fashion'),(246,3,3,'2021-03-13 04:06:56','2021-03-13 04:09:32','1/2/3/246',1,3,2,11,NULL,NULL,NULL,0,NULL,NULL,NULL,NULL,NULL,0,NULL,NULL,'PRODUCTS',NULL,NULL,NULL,1,1,1,NULL,NULL,NULL,NULL,NULL,NULL,NULL,'T-Shirt',NULL,NULL,'t-shirt','acessories/t-shirt'),(247,3,3,'2021-03-13 04:07:22','2021-03-13 04:11:02','1/2/3/247',2,3,2,11,NULL,NULL,NULL,0,NULL,NULL,NULL,NULL,NULL,0,NULL,NULL,'PRODUCTS',NULL,NULL,NULL,1,1,1,NULL,NULL,NULL,NULL,NULL,NULL,NULL,'Shoes',NULL,NULL,'shoes','acessories/shoes'),(248,3,3,'2021-03-13 04:07:40','2021-03-13 04:12:23','1/2/3/248',3,3,2,11,NULL,NULL,NULL,0,NULL,NULL,NULL,NULL,NULL,0,NULL,NULL,'PRODUCTS',NULL,NULL,NULL,1,1,1,NULL,NULL,NULL,NULL,NULL,NULL,NULL,'Hat',NULL,NULL,'hat','acessories/hat'),(249,3,246,'2021-03-13 04:09:14','2021-03-13 04:09:14','1/2/3/246/249',1,4,0,11,NULL,NULL,NULL,0,NULL,NULL,NULL,NULL,NULL,0,NULL,NULL,'PRODUCTS',NULL,NULL,NULL,1,1,1,NULL,NULL,NULL,NULL,NULL,NULL,NULL,'Men',NULL,NULL,'men','acessories/t-shirt/men'),(250,3,246,'2021-03-13 04:09:32','2021-03-13 04:09:32','1/2/3/246/250',2,4,0,11,NULL,NULL,NULL,0,NULL,NULL,NULL,NULL,NULL,0,NULL,NULL,'PRODUCTS',NULL,NULL,NULL,1,1,1,NULL,NULL,NULL,NULL,NULL,NULL,NULL,'Women',NULL,NULL,'women','acessories/t-shirt/women'),(251,3,247,'2021-03-13 04:09:53','2021-03-13 04:09:53','1/2/3/247/251',1,4,0,11,NULL,NULL,NULL,0,NULL,NULL,NULL,NULL,NULL,0,NULL,NULL,'PRODUCTS',NULL,NULL,NULL,1,1,1,NULL,NULL,NULL,NULL,NULL,NULL,NULL,'Nike',NULL,NULL,'nike','acessories/shoes/nike'),(252,3,247,'2021-03-13 04:11:02','2021-03-13 04:11:02','1/2/3/247/252',2,4,0,11,NULL,NULL,NULL,0,NULL,NULL,NULL,NULL,NULL,0,NULL,NULL,'PRODUCTS',NULL,NULL,NULL,1,1,1,NULL,NULL,NULL,NULL,NULL,NULL,NULL,'Adidas',NULL,NULL,'adidas','acessories/shoes/adidas'),(253,3,248,'2021-03-13 04:11:43','2021-03-13 04:11:43','1/2/3/248/253',1,4,0,11,NULL,NULL,NULL,0,NULL,NULL,NULL,NULL,NULL,0,NULL,NULL,'PRODUCTS',NULL,NULL,NULL,1,1,1,NULL,NULL,NULL,NULL,NULL,NULL,NULL,'Cap',NULL,NULL,'cap','acessories/hat/cap'),(254,3,248,'2021-03-13 04:12:23','2021-03-13 04:12:23','1/2/3/248/254',2,4,0,11,NULL,NULL,NULL,0,NULL,NULL,NULL,NULL,NULL,0,NULL,NULL,'PRODUCTS',NULL,NULL,NULL,1,1,1,NULL,NULL,NULL,NULL,NULL,NULL,NULL,'Sun',NULL,NULL,'sun','acessories/hat/sun');

--
