(994,411,'2021-02-24 06:56:18','2021-02-24 06:56:18',NULL,0,NULL,'billing',NULL,NULL,NULL,NULL,NULL,NULL,NULL,NULL,NULL,NULL,NULL,NULL,NULL,NULL,NULL,0,0,NULL,NULL,0.0000,0.0000,0.0000,0.0000,0.0000,0.0000,0.0000,0.0000,0.0000,0.0000,0.0000,0.0000,0.0000,0.0000,0.0000,NULL,'null',NULL,0.0000,0.0000,0.0000,NULL,0.0000,0.0000,0.0000,NULL,0.0000,0.0000,0,NULL,NULL,NULL,NULL,NULL,NULL,NULL,NULL),(995,411,'2021-02-24 06:56:18','2021-02-24 06:56:18',NULL,0,NULL,'shipping',NULL,NULL,NULL,NULL,NULL,NULL,NULL,NULL,NULL,NULL,NULL,NULL,NULL,NULL,NULL,1,1,NULL,NULL,0.0000,50.0000,50.0000,50.0000,50.0000,0.0000,0.0000,0.0000,0.0000,0.0000,0.0000,0.0000,0.0000,50.0000,50.0000,NULL,'[]',NULL,0.0000,0.0000,50.0000,50.0000,0.0000,0.0000,0.0000,NULL,0.0000,0.0000,0,NULL,NULL,NULL,NULL,NULL,NULL,NULL,NULL),(996,412,'2021-03-01 10:39:53','2021-03-01 10:39:53',NULL,0,NULL,'billing',NULL,NULL,NULL,NULL,NULL,NULL,NULL,NULL,NULL,NULL,NULL,NULL,NULL,NULL,NULL,0,0,NULL,NULL,0.0000,0.0000,0.0000,0.0000,0.0000,0.0000,0.0000,0.0000,0.0000,0.0000,0.0000,0.0000,0.0000,0.0000,0.0000,NULL,'null',NULL,0.0000,0.0000,0.0000,NULL,0.0000,0.0000,0.0000,NULL,0.0000,0.0000,0,NULL,NULL,NULL,NULL,NULL,NULL,NULL,NULL),(997,412,'2021-03-01 10:39:53','2021-03-01 10:39:53',NULL,0,NULL,'shipping',NULL,NULL,NULL,NULL,NULL,NULL,NULL,NULL,NULL,NULL,NULL,NULL,NULL,NULL,NULL,1,1,NULL,NULL,0.0000,160.0000,160.0000,160.0000,160.0000,0.0000,0.0000,0.0000,0.0000,0.0000,0.0000,0.0000,0.0000,160.0000,160.0000,NULL,'[]',NULL,0.0000,0.0000,160.0000,160.0000,0.0000,0.0000,0.0000,NULL,0.0000,0.0000,0,NULL,NULL,NULL,NULL,NULL,NULL,NULL,NULL),(998,413,'2021-03-03 02:51:44','2021-03-03 02:51:44',NULL,0,NULL,'billing',NULL,NULL,NULL,NULL,NULL,NULL,NULL,NULL,NULL,NULL,NULL,NULL,NULL,NULL,NULL,0,0,NULL,NULL,0.0000,0.0000,0.0000,0.0000,0.0000,0.0000,0.0000,0.0000,0.0000,0.0000,0.0000,0.0000,0.0000,0.0000,0.0000,NULL,'null',NULL,0.0000,0.0000,0.0000,NULL,0.0000,0.0000,0.0000,NULL,0.0000,0.0000,0,NULL,NULL,NULL,NULL,NULL,NULL,NULL,NULL),(999,413,'2021-03-03 02:51:44','2021-03-03 02:51:44',NULL,0,NULL,'shipping',NULL,NULL,NULL,NULL,NULL,NULL,NULL,NULL,NULL,NULL,NULL,NULL,NULL,NULL,NULL,1,1,NULL,NULL,300.0000,159.9900,159.9900,159.9900,159.9900,0.0000,0.0000,0.0000,0.0000,0.0000,0.0000,0.0000,0.0000,159.9900,159.9900,NULL,'[]',NULL,0.0000,0.0000,159.9900,159.9900,0.0000,0.0000,0.0000,NULL,0.0000,0.0000,0,NULL,NULL,NULL,NULL,NULL,NULL,NULL,NULL),(1000,414,'2021-03-03 07:56:17','2021-03-03 07:56:17',NULL,0,NULL,'billing',NULL,NULL,NULL,NULL,NULL,NULL,NULL,NULL,NULL,NULL,NULL,NULL,NULL,NULL,NULL,0,0,NULL,NULL,0.0000,0.0000,0.0000,0.0000,0.0000,0.0000,0.0000,0.0000,0.0000,0.0000,0.0000,0.0000,0.0000,0.0000,0.0000,NULL,'null',NULL,0.0000,0.0000,0.0000,NULL,0.0000,0.0000,0.0000,NULL,0.0000,0.0000,0,NULL,NULL,NULL,NULL,NULL,NULL,NULL,NULL),(1001,414,'2021-03-03 07:56:17','2021-03-03 07:56:17',NULL,0,NULL,'shipping',NULL,NULL,NULL,NULL,NULL,NULL,NULL,NULL,NULL,NULL,NULL,NULL,NULL,NULL,NULL,1,0,NULL,NULL,100.0000,66.9900,66.9900,66.9900,66.9900,0.0000,0.0000,0.0000,0.0000,0.0000,0.0000,0.0000,0.0000,66.9900,66.9900,NULL,'[]',NULL,0.0000,0.0000,66.9900,66.9900,0.0000,0.0000,0.0000,NULL,0.0000,0.0000,0,NULL,NULL,NULL,NULL,NULL,NULL,NULL,NULL),(1003,415,'2021-03-04 03:17:10','2021-03-04 08:55:06',6,1,4,'shipping','zoetrinh1997@gmail.com',NULL,'Zoe',NULL,'Trinh',NULL,NULL,'Coldwater Canyon Dr\nColdwater Canyon Dr\nColdwater Canyon Dr','Beverly Hills','California',12,'90210','US','1-424-280-0000',NULL,0,0,'flatrate_flatrate','Flat Rate - Fixed',300.0000,159.9900,159.9900,159.9900,159.9900,0.0000,0.0000,10.0000,10.0000,0.0000,0.0000,0.0000,0.0000,169.9900,169.9900,NULL,'[]',NULL,0.0000,0.0000,159.9900,159.9900,0.0000,0.0000,0.0000,NULL,10.0000,10.0000,0,NULL,NULL,NULL,NULL,NULL,NULL,NULL,NULL),(1004,415,'2021-03-04 09:36:38','2021-03-04 09:36:38',6,NULL,NULL,'billing','zoetrinh1997@gmail.com',NULL,'Zoe',NULL,'Trinh',NULL,NULL,'Coldwater Canyon Dr\nColdwater Canyon Dr\nColdwater Canyon Dr','Beverly Hills','California',12,'90210','US','1-424-280-0000',NULL,0,0,NULL,NULL,0.0000,0.0000,0.0000,0.0000,0.0000,0.0000,0.0000,0.0000,0.0000,0.0000,0.0000,0.0000,0.0000,0.0000,0.0000,NULL,'null',NULL,0.0000,0.0000,0.0000,NULL,0.0000,0.0000,0.0000,NULL,0.0000,0.0000,0,NULL,NULL,NULL,NULL,NULL,NULL,NULL,NULL),(1006,416,'2021-03-04 09:59:18','2021-03-04 10:05:00',6,0,4,'shipping','zoetrinh1997@gmail.com',NULL,'Zoe',NULL,'Trinh',NULL,NULL,'Coldwater Canyon Dr\nColdwater Canyon Dr\nColdwater Canyon Dr','Beverly Hills','California',12,'90210','US','1-424-280-0000',NULL,0,0,'flatrate_flatrate','Flat Rate - Fixed',10.0000,99.9900,99.9900,99.9900,99.9900,0.0000,0.0000,5.0000,5.0000,0.0000,0.0000,0.0000,0.0000,104.9900,104.9900,NULL,'[]',NULL,0.0000,0.0000,99.9900,99.9900,0.0000,0.0000,0.0000,NULL,5.0000,5.0000,0,NULL,NULL,NULL,NULL,NULL,NULL,NULL,NULL),(1007,416,'2021-03-04 10:06:54','2021-03-04 10:06:54',6,NULL,4,'billing','zoetrinh1997@gmail.com',NULL,'Zoe',NULL,'Trinh',NULL,NULL,'Coldwater Canyon Dr\nColdwater Canyon Dr\nColdwater Canyon Dr','Beverly Hills','California',12,'90210','US','1-424-280-0000',NULL,0,0,NULL,NULL,0.0000,0.0000,0.0000,0.0000,0.0000,0.0000,0.0000,0.0000,0.0000,0.0000,0.0000,0.0000,0.0000,0.0000,0.0000,NULL,'null',NULL,0.0000,0.0000,0.0000,NULL,0.0000,0.0000,0.0000,NULL,0.0000,0.0000,0,NULL,NULL,NULL,NULL,NULL,NULL,NULL,NULL),(1009,417,'2021-03-04 10:58:45','2021-03-04 10:59:57',6,0,4,'shipping','zoetrinh1997@gmail.com',NULL,'Zoe',NULL,'Trinh',NULL,NULL,'Coldwater Canyon Dr\nColdwater Canyon Dr\nColdwater Canyon Dr','Beverly Hills','California',12,'90210','US','1-424-280-0000',NULL,0,0,'flatrate_flatrate','Flat Rate - Fixed',15.0000,79.0000,79.0000,79.0000,79.0000,0.0000,0.0000,5.0000,5.0000,0.0000,0.0000,0.0000,0.0000,84.0000,84.0000,NULL,'[]',NULL,0.0000,0.0000,79.0000,79.0000,0.0000,0.0000,0.0000,NULL,5.0000,5.0000,0,NULL,NULL,NULL,NULL,NULL,NULL,NULL,NULL),(1010,417,'2021-03-04 11:00:14','2021-03-04 11:00:14',6,NULL,4,'billing','zoetrinh1997@gmail.com',NULL,'Zoe',NULL,'Trinh',NULL,NULL,'Coldwater Canyon Dr\nColdwater Canyon Dr\nColdwater Canyon Dr','Beverly Hills','California',12,'90210','US','1-424-280-0000',NULL,0,0,NULL,NULL,0.0000,0.0000,0.0000,0.0000,0.0000,0.0000,0.0000,0.0000,0.0000,0.0000,0.0000,0.0000,0.0000,0.0000,0.0000,NULL,'null',NULL,0.0000,0.0000,0.0000,NULL,0.0000,0.0000,0.0000,NULL,0.0000,0.0000,0,NULL,NULL,NULL,NULL,NULL,NULL,NULL,NULL),(1011,418,'2021-03-04 11:14:50','2021-03-04 11:14:50',6,0,NULL,'billing','zoetrinh1997@gmail.com',NULL,NULL,NULL,NULL,NULL,NULL,NULL,NULL,NULL,NULL,NULL,NULL,NULL,NULL,0,0,NULL,NULL,0.0000,0.0000,0.0000,0.0000,0.0000,0.0000,0.0000,0.0000,0.0000,0.0000,0.0000,0.0000,0.0000,0.0000,0.0000,NULL,'null',NULL,0.0000,0.0000,0.0000,NULL,0.0000,0.0000,0.0000,NULL,0.0000,0.0000,0,NULL,NULL,NULL,NULL,NULL,NULL,NULL,NULL),(1012,418,'2021-03-04 11:14:50','2021-03-04 11:14:50',6,0,NULL,'shipping','zoetrinh1997@gmail.com',NULL,NULL,NULL,NULL,NULL,NULL,NULL,NULL,NULL,NULL,NULL,NULL,NULL,NULL,1,1,NULL,NULL,0.0000,64.0000,64.0000,64.0000,64.0000,0.0000,0.0000,0.0000,0.0000,0.0000,0.0000,0.0000,0.0000,64.0000,64.0000,NULL,'[]',NULL,0.0000,0.0000,64.0000,64.0000,0.0000,0.0000,0.0000,NULL,0.0000,0.0000,0,NULL,NULL,NULL,NULL,NULL,NULL,NULL,NULL),(1014,419,'2021-03-05 01:16:24','2021-03-05 01:17:21',NULL,0,NULL,'shipping','admin@gmail.com',NULL,'Jane',NULL,'Smith',NULL,NULL,'Coldwater Canyon Dr\nColdwater Canyon Dr\nColdwater Canyon Dr','Beverly Hills','California',12,'90210','US','1-424-280-0000',NULL,0,0,'flatrate_flatrate','Flat Rate - Fixed',0.0000,50.0000,50.0000,50.0000,50.0000,0.0000,0.0000,5.0000,5.0000,0.0000,0.0000,0.0000,0.0000,55.0000,55.0000,NULL,'[]',NULL,0.0000,0.0000,50.0000,50.0000,0.0000,0.0000,0.0000,NULL,5.0000,5.0000,0,NULL,NULL,NULL,NULL,NULL,NULL,NULL,NULL),(1015,419,'2021-03-05 01:17:32','2021-03-05 01:17:32',NULL,NULL,NULL,'billing','admin@gmail.com',NULL,'Jane',NULL,'Smith',NULL,NULL,'Coldwater Canyon Dr\nColdwater Canyon Dr\nColdwater Canyon Dr','Beverly Hills','California',12,'90210','US','1-424-280-0000',NULL,0,0,NULL,NULL,0.0000,0.0000,0.0000,0.0000,0.0000,0.0000,0.0000,0.0000,0.0000,0.0000,0.0000,0.0000,0.0000,0.0000,0.0000,NULL,'null',NULL,0.0000,0.0000,0.0000,NULL,0.0000,0.0000,0.0000,NULL,0.0000,0.0000,0,NULL,NULL,NULL,NULL,NULL,NULL,NULL,NULL),(1017,420,'2021-03-05 01:43:45','2021-03-05 01:44:33',NULL,0,NULL,'shipping','admin@gmail.com',NULL,'Jane',NULL,'Smith',NULL,NULL,'Coldwater Canyon Dr\nColdwater Canyon Dr\nColdwater Canyon Dr','Beverly Hills','California',12,'90210','US','1-424-280-0000',NULL,0,0,'flatrate_flatrate','Flat Rate - Fixed',10.0000,99.9900,99.9900,99.9900,99.9900,0.0000,0.0000,5.0000,5.0000,0.0000,0.0000,0.0000,0.0000,104.9900,104.9900,NULL,'[]',NULL,0.0000,0.0000,99.9900,99.9900,0.0000,0.0000,0.0000,NULL,5.0000,5.0000,0,NULL,NULL,NULL,NULL,NULL,NULL,NULL,NULL),(1018,420,'2021-03-05 01:47:29','2021-03-05 01:47:29',NULL,NULL,NULL,'billing','admin@gmail.com',NULL,'Jane',NULL,'Smith',NULL,NULL,'Coldwater Canyon Dr\nColdwater Canyon Dr\nColdwater Canyon Dr','Beverly Hills','California',12,'90210','US','1-424-280-0000',NULL,0,0,NULL,NULL,0.0000,0.0000,0.0000,0.0000,0.0000,0.0000,0.0000,0.0000,0.0000,0.0000,0.0000,0.0000,0.0000,0.0000,0.0000,NULL,'null',NULL,0.0000,0.0000,0.0000,NULL,0.0000,0.0000,0.0000,NULL,0.0000,0.0000,0,NULL,NULL,NULL,NULL,NULL,NULL,NULL,NULL),(1020,421,'2021-03-05 02:00:22','2021-03-05 02:01:28',NULL,0,NULL,'shipping','admin@gmail.com',NULL,'Jane',NULL,'Smith',NULL,NULL,'Coldwater Canyon Dr\nColdwater Canyon Dr\nColdwater Canyon Dr','Beverly Hills','California',12,'90210','US','1-424-280-0000',NULL,0,0,'flatrate_flatrate','Flat Rate - Fixed',0.0000,40.0000,40.0000,40.0000,40.0000,0.0000,0.0000,5.0000,5.0000,0.0000,0.0000,0.0000,0.0000,45.0000,45.0000,NULL,'[]',NULL,0.0000,0.0000,40.0000,40.0000,0.0000,0.0000,0.0000,NULL,5.0000,5.0000,0,NULL,NULL,NULL,NULL,NULL,NULL,NULL,NULL),(1021,421,'2021-03-05 02:01:59','2021-03-05 02:01:59',NULL,NULL,NULL,'billing','admin@gmail.com',NULL,'Jane',NULL,'Smith',NULL,NULL,'Coldwater Canyon Dr\nColdwater Canyon Dr\nColdwater Canyon Dr','Beverly Hills','California',12,'90210','US','1-424-280-0000',NULL,0,0,NULL,NULL,0.0000,0.0000,0.0000,0.0000,0.0000,0.0000,0.0000,0.0000,0.0000,0.0000,0.0000,0.0000,0.0000,0.0000,0.0000,NULL,'null',NULL,0.0000,0.0000,0.0000,NULL,0.0000,0.0000,0.0000,NULL,0.0000,0.0000,0,NULL,NULL,NULL,NULL,NULL,NULL,NULL,NULL),(1023,422,'2021-03-05 02:04:47','2021-03-05 02:05:23',NULL,0,NULL,'shipping','admin@gmail.com',NULL,'Jane',NULL,'Smith',NULL,NULL,'Coldwater Canyon Dr\nColdwater Canyon Dr\nColdwater Canyon Dr','Beverly Hills','California',12,'90210','US','1-424-280-0000',NULL,0,0,'flatrate_flatrate','Flat Rate - Fixed',0.0000,40.0000,40.0000,40.0000,40.0000,0.0000,0.0000,5.0000,5.0000,0.0000,0.0000,0.0000,0.0000,45.0000,45.0000,NULL,'[]',NULL,0.0000,0.0000,40.0000,40.0000,0.0000,0.0000,0.0000,NULL,5.0000,5.0000,0,NULL,NULL,NULL,NULL,NULL,NULL,NULL,NULL),(1024,422,'2021-03-05 02:05:34','2021-03-05 02:05:34',NULL,NULL,NULL,'billing','admin@gmail.com',NULL,'Jane',NULL,'Smith',NULL,NULL,'Coldwater Canyon Dr\nColdwater Canyon Dr\nColdwater Canyon Dr','Beverly Hills','California',12,'90210','US','1-424-280-0000',NULL,0,0,NULL,NULL,0.0000,0.0000,0.0000,0.0000,0.0000,0.0000,0.0000,0.0000,0.0000,0.0000,0.0000,0.0000,0.0000,0.0000,0.0000,NULL,'null',NULL,0.0000,0.0000,0.0000,NULL,0.0000,0.0000,0.0000,NULL,0.0000,0.0000,0,NULL,NULL,NULL,NULL,NULL,NULL,NULL,NULL),(1026,423,'2021-03-05 02:54:16','2021-03-05 03:04:13',NULL,0,NULL,'shipping','zoetrinh1997@gmail.com',NULL,'Zoe',NULL,'Trinh',NULL,NULL,'Coldwater Canyon Dr\nColdwater Canyon Dr\nColdwater Canyon Dr','Beverly Hills','California',12,'90210','US','1-424-280-0000',NULL,0,0,'flatrate_flatrate','Flat Rate - Fixed',15.0000,79.0000,79.0000,79.0000,79.0000,0.0000,0.0000,5.0000,5.0000,0.0000,0.0000,0.0000,0.0000,84.0000,84.0000,NULL,'[]',NULL,0.0000,0.0000,79.0000,79.0000,0.0000,0.0000,0.0000,NULL,5.0000,5.0000,0,NULL,NULL,NULL,NULL,NULL,NULL,NULL,NULL),(1027,423,'2021-03-05 03:10:07','2021-03-05 03:10:07',NULL,NULL,NULL,'billing','zoetrinh1997@gmail.com',NULL,'Zoe',NULL,'Trinh',NULL,NULL,'Coldwater Canyon Dr\nColdwater Canyon Dr\nColdwater Canyon Dr','Beverly Hills','California',12,'90210','US','1-424-280-0000',NULL,0,0,NULL,NULL,0.0000,0.0000,0.0000,0.0000,0.0000,0.0000,0.0000,0.0000,0.0000,0.0000,0.0000,0.0000,0.0000,0.0000,0.0000,NULL,'null',NULL,0.0000,0.0000,0.0000,NULL,0.0000,0.0000,0.0000,NULL,0.0000,0.0000,0,NULL,NULL,NULL,NULL,NULL,NULL,NULL,NULL),(1032,425,'2021-03-05 08:52:52','2021-03-05 08:52:52',NULL,0,NULL,'billing',NULL,NULL,NULL,NULL,NULL,NULL,NULL,NULL,NULL,NULL,NULL,NULL,NULL,NULL,NULL,0,0,NULL,NULL,0.0000,16.0000,16.0000,16.0000,16.0000,0.0000,0.0000,0.0000,0.0000,0.0000,0.0000,0.0000,0.0000,16.0000,16.0000,NULL,'[]',NULL,0.0000,0.0000,16.0000,16.0000,0.0000,0.0000,0.0000,NULL,0.0000,0.0000,0,NULL,NULL,NULL,NULL,NULL,NULL,NULL,NULL),(1033,425,'2021-03-05 08:52:52','2021-03-05 08:52:52',NULL,0,NULL,'shipping',NULL,NULL,NULL,NULL,NULL,NULL,NULL,NULL,NULL,NULL,NULL,NULL,NULL,NULL,NULL,1,1,NULL,NULL,0.0000,0.0000,0.0000,0.0000,0.0000,0.0000,0.0000,0.0000,0.0000,0.0000,0.0000,0.0000,0.0000,0.0000,0.0000,NULL,'null',NULL,0.0000,0.0000,0.0000,NULL,0.0000,0.0000,0.0000,NULL,0.0000,0.0000,0,NULL,NULL,NULL,NULL,NULL,NULL,NULL,NULL),(1034,426,'2021-03-08 08:57:57','2021-03-08 08:57:57',NULL,0,NULL,'billing',NULL,NULL,NULL,NULL,NULL,NULL,NULL,NULL,NULL,NULL,NULL,NULL,NULL,NULL,NULL,0,0,NULL,NULL,0.0000,0.0000,0.0000,0.0000,0.0000,0.0000,0.0000,0.0000,0.0000,0.0000,0.0000,0.0000,0.0000,0.0000,0.0000,NULL,'null',NULL,0.0000,0.0000,0.0000,NULL,0.0000,0.0000,0.0000,NULL,0.0000,0.0000,0,NULL,NULL,NULL,NULL,NULL,NULL,NULL,NULL),(1035,426,'2021-03-08 08:57:57','2021-03-08 08:57:57',NULL,0,NULL,'shipping',NULL,NULL,NULL,NULL,NULL,NULL,NULL,NULL,NULL,NULL,NULL,NULL,NULL,NULL,NULL,1,1,NULL,NULL,30.0000,168.0000,168.0000,168.0000,168.0000,0.0000,0.0000,0.0000,0.0000,0.0000,0.0000,0.0000,0.0000,168.0000,168.0000,NULL,'[]',NULL,0.0000,0.0000,168.0000,168.0000,0.0000,0.0000,0.0000,NULL,0.0000,0.0000,0,NULL,NULL,NULL,NULL,NULL,NULL,NULL,NULL),(1036,427,'2021-03-08 08:58:42','2021-03-08 08:58:42',NULL,0,NULL,'billing',NULL,NULL,NULL,NULL,NULL,NULL,NULL,NULL,NULL,NULL,NULL,NULL,NULL,NULL,NULL,0,0,NULL,NULL,0.0000,0.0000,0.0000,0.0000,0.0000,0.0000,0.0000,0.0000,0.0000,0.0000,0.0000,0.0000,0.0000,0.0000,0.0000,NULL,'null',NULL,0.0000,0.0000,0.0000,NULL,0.0000,0.0000,0.0000,NULL,0.0000,0.0000,0,NULL,NULL,NULL,NULL,NULL,NULL,NULL,NULL),(1037,427,'2021-03-08 08:58:42','2021-03-08 08:58:42',NULL,0,NULL,'shipping',NULL,NULL,NULL,NULL,NULL,NULL,NULL,NULL,NULL,NULL,NULL,NULL,NULL,NULL,NULL,1,1,NULL,NULL,0.0000,170.0000,170.0000,170.0000,170.0000,0.0000,0.0000,0.0000,0.0000,0.0000,0.0000,0.0000,0.0000,170.0000,170.0000,NULL,'[]',NULL,0.0000,0.0000,170.0000,170.0000,0.0000,0.0000,0.0000,NULL,0.0000,0.0000,0,NULL,NULL,NULL,NULL,NULL,NULL,NULL,NULL),(1039,428,'2021-03-10 10:40:15','2021-03-10 11:51:46',NULL,0,NULL,'shipping','thuminh10011997@gmail.com',NULL,'Jane',NULL,'Smith',NULL,NULL,'Coldwater Canyon Dr\nColdwater Canyon Dr\nColdwater Canyon Dr','Beverly Hills','California',12,'90210','US','1-424-280-0000',NULL,0,0,'flatrate_flatrate','Flat Rate - Fixed',0.0000,130.0000,130.0000,130.0000,130.0000,0.0000,0.0000,15.0000,15.0000,0.0000,0.0000,0.0000,0.0000,145.0000,145.0000,NULL,'[]',NULL,0.0000,0.0000,130.0000,130.0000,0.0000,0.0000,0.0000,NULL,15.0000,15.0000,0,NULL,NULL,NULL,NULL,NULL,NULL,NULL,NULL),(1040,428,'2021-03-10 11:51:51','2021-03-10 11:51:51',NULL,NULL,NULL,'billing','thuminh10011997@gmail.com',NULL,'Jane',NULL,'Smith',NULL,NULL,'Coldwater Canyon Dr\nColdwater Canyon Dr\nColdwater Canyon Dr','Beverly Hills','California',12,'90210','US','1-424-280-0000',NULL,0,0,NULL,NULL,0.0000,0.0000,0.0000,0.0000,0.0000,0.0000,0.0000,0.0000,0.0000,0.0000,0.0000,0.0000,0.0000,0.0000,0.0000,NULL,'null',NULL,0.0000,0.0000,0.0000,NULL,0.0000,0.0000,0.0000,NULL,0.0000,0.0000,0,NULL,NULL,NULL,NULL,NULL,NULL,NULL,NULL),(1042,429,'2021-03-12 08:33:46','2021-03-12 09:59:34',NULL,0,NULL,'shipping','zoetrinh1997@gmail.com',NULL,'Zoe',NULL,'Trinh',NULL,NULL,'Coldwater Canyon Dr\nColdwater Canyon Dr\nColdwater Canyon Dr','Beverly Hills','California',12,'90210','US','1-424-280-0000',NULL,0,0,'flatrate_flatrate','Flat Rate - Fixed',0.0000,190.0000,190.0000,190.0000,190.0000,0.0000,0.0000,20.0000,20.0000,0.0000,0.0000,0.0000,0.0000,210.0000,210.0000,NULL,'[]',NULL,0.0000,0.0000,190.0000,190.0000,0.0000,0.0000,0.0000,NULL,20.0000,20.0000,0,NULL,NULL,NULL,NULL,NULL,NULL,NULL,NULL),(1043,429,'2021-03-12 10:00:14','2021-03-12 10:00:14',NULL,NULL,NULL,'billing','zoetrinh1997@gmail.com',NULL,'Zoe',NULL,'Trinh',NULL,NULL,'Coldwater Canyon Dr\nColdwater Canyon Dr\nColdwater Canyon Dr','Beverly Hills','California',12,'90210','US','1-424-280-0000',NULL,0,0,NULL,NULL,0.0000,0.0000,0.0000,0.0000,0.0000,0.0000,0.0000,0.0000,0.0000,0.0000,0.0000,0.0000,0.0000,0.0000,0.0000,NULL,'null',NULL,0.0000,0.0000,0.0000,NULL,0.0000,0.0000,0.0000,NULL,0.0000,0.0000,0,NULL,NULL,NULL,NULL,NULL,NULL,NULL,NULL),(1045,430,'2021-03-13 01:24:01','2021-03-13 03:47:12',NULL,0,NULL,'shipping','zoetrinh1997@gmail.com',NULL,'Zoe',NULL,'Trinh',NULL,NULL,'Coldwater Canyon Dr\nColdwater Canyon Dr\nColdwater Canyon Dr','Beverly Hills','California',12,'90210','US','1-424-280-0000',NULL,0,0,'flatrate_flatrate','Flat Rate - Fixed',310.0000,199.9800,199.9800,199.9800,199.9800,0.0000,0.0000,10.0000,10.0000,0.0000,0.0000,0.0000,0.0000,209.9800,209.9800,NULL,'[]',NULL,0.0000,0.0000,199.9800,199.9800,0.0000,0.0000,0.0000,NULL,10.0000,10.0000,0,NULL,NULL,NULL,NULL,NULL,NULL,NULL,NULL),(1046,430,'2021-03-13 03:48:35','2021-03-13 03:48:35',NULL,NULL,NULL,'billing','zoetrinh1997@gmail.com',NULL,'Zoe',NULL,'Trinh',NULL,NULL,'Coldwater Canyon Dr\nColdwater Canyon Dr\nColdwater Canyon Dr','Beverly Hills','California',12,'90210','US','1-424-280-0000',NULL,0,0,NULL,NULL,0.0000,0.0000,0.0000,0.0000,0.0000,0.0000,0.0000,0.0000,0.0000,0.0000,0.0000,0.0000,0.0000,0.0000,0.0000,NULL,'null',NULL,0.0000,0.0000,0.0000,NULL,0.0000,0.0000,0.0000,NULL,0.0000,0.0000,0,NULL,NULL,NULL,NULL,NULL,NULL,NULL,NULL),(1047,431,'2021-03-13 07:20:17','2021-03-13 07:20:17',NULL,0,NULL,'billing',NULL,NULL,NULL,NULL,NULL,NULL,NULL,NULL,NULL,NULL,NULL,NULL,NULL,NULL,NULL,0,0,NULL,NULL,0.0000,0.0000,0.0000,0.0000,0.0000,0.0000,0.0000,0.0000,0.0000,0.0000,0.0000,0.0000,0.0000,0.0000,0.0000,NULL,'null',NULL,0.0000,0.0000,0.0000,NULL,0.0000,0.0000,0.0000,NULL,0.0000,0.0000,0,NULL,NULL,NULL,NULL,NULL,NULL,NULL,NULL),(1048,431,'2021-03-13 07:20:17','2021-03-13 07:20:17',NULL,0,NULL,'shipping',NULL,NULL,NULL,NULL,NULL,NULL,NULL,NULL,NULL,NULL,NULL,NULL,NULL,NULL,NULL,1,0,NULL,NULL,0.0000,50.0000,50.0000,50.0000,50.0000,0.0000,0.0000,0.0000,0.0000,0.0000,0.0000,0.0000,0.0000,50.0000,50.0000,NULL,'[]',NULL,0.0000,0.0000,50.0000,50.0000,0.0000,0.0000,0.0000,NULL,0.0000,0.0000,0,NULL,NULL,NULL,NULL,NULL,NULL,NULL,NULL),(1049,432,'2021-03-13 12:46:36','2021-03-13 12:46:36',NULL,0,NULL,'billing',NULL,NULL,NULL,NULL,NULL,NULL,NULL,NULL,NULL,NULL,NULL,NULL,NULL,NULL,NULL,0,0,NULL,NULL,0.0000,0.0000,0.0000,0.0000,0.0000,0.0000,0.0000,0.0000,0.0000,0.0000,0.0000,0.0000,0.0000,0.0000,0.0000,NULL,'null',NULL,0.0000,0.0000,0.0000,NULL,0.0000,0.0000,0.0000,NULL,0.0000,0.0000,0,NULL,NULL,NULL,NULL,NULL,NULL,NULL,NULL),(1050,432,'2021-03-13 12:46:36','2021-03-13 12:46:36',NULL,0,NULL,'shipping',NULL,NULL,NULL,NULL,NULL,NULL,NULL,NULL,NULL,NULL,NULL,NULL,NULL,NULL,NULL,1,1,NULL,NULL,0.0000,189.0000,189.0000,189.0000,189.0000,0.0000,0.0000,0.0000,0.0000,0.0000,0.0000,0.0000,0.0000,189.0000,189.0000,NULL,'[]',NULL,0.0000,0.0000,189.0000,189.0000,0.0000,0.0000,0.0000,NULL,0.0000,0.0000,0,NULL,NULL,NULL,NULL,NULL,NULL,NULL,NULL),(1051,433,'2021-03-15 11:05:25','2021-03-15 11:05:25',NULL,0,NULL,'billing',NULL,NULL,NULL,NULL,NULL,NULL,NULL,NULL,NULL,NULL,NULL,NULL,NULL,NULL,NULL,0,0,NULL,NULL,0.0000,0.0000,0.0000,0.0000,0.0000,0.0000,0.0000,0.0000,0.0000,0.0000,0.0000,0.0000,0.0000,0.0000,0.0000,NULL,'null',NULL,0.0000,0.0000,0.0000,NULL,0.0000,0.0000,0.0000,NULL,0.0000,0.0000,0,NULL,NULL,NULL,NULL,NULL,NULL,NULL,NULL),(1052,433,'2021-03-15 11:05:25','2021-03-15 11:05:25',NULL,0,NULL,'shipping',NULL,NULL,NULL,NULL,NULL,NULL,NULL,NULL,NULL,NULL,NULL,NULL,NULL,NULL,NULL,1,1,NULL,NULL,0.0000,80.0000,80.0000,80.0000,80.0000,0.0000,0.0000,0.0000,0.0000,0.0000,0.0000,0.0000,0.0000,80.0000,80.0000,NULL,'[]',NULL,0.0000,0.0000,80.0000,80.0000,0.0000,0.0000,0.0000,NULL,0.0000,0.0000,0,NULL,NULL,NULL,NULL,NULL,NULL,NULL,NULL),(1053,434,'2021-03-16 03:14:56','2021-03-16 03:14:56',NULL,0,NULL,'billing',NULL,NULL,'Zoe',NULL,'Trinh',NULL,NULL,'Coldwater Canyon Dr\nColdwater Canyon Dr\nColdwater Canyon Dr','Beverly Hills','California',12,'90210','US','1-424-280-0000',NULL,0,0,NULL,NULL,0.0000,0.0000,0.0000,0.0000,0.0000,0.0000,0.0000,0.0000,0.0000,0.0000,0.0000,0.0000,0.0000,0.0000,0.0000,NULL,'null',NULL,0.0000,0.0000,0.0000,NULL,0.0000,0.0000,0.0000,NULL,0.0000,0.0000,0,NULL,NULL,NULL,NULL,NULL,NULL,NULL,NULL),(1054,434,'2021-03-16 03:14:56','2021-03-16 03:16:49',NULL,0,NULL,'shipping',NULL,NULL,'Zoe',NULL,'Trinh',NULL,NULL,'Coldwater Canyon Dr\nColdwater Canyon Dr\nColdwater Canyon Dr','Beverly Hills','California',12,'90210','US','1-424-280-0000',NULL,0,0,'flatrate_flatrate','Flat Rate - Fixed',0.0000,89.0000,89.0000,89.0000,89.0000,0.0000,0.0000,10.0000,10.0000,0.0000,0.0000,0.0000,0.0000,99.0000,99.0000,NULL,'[]',NULL,0.0000,0.0000,89.0000,89.0000,0.0000,0.0000,0.0000,NULL,10.0000,10.0000,0,NULL,NULL,NULL,NULL,NULL,NULL,NULL,NULL),(1055,435,'2021-03-16 04:55:30','2021-03-16 04:55:30',NULL,0,NULL,'billing',NULL,NULL,NULL,NULL,NULL,NULL,NULL,NULL,NULL,NULL,NULL,NULL,NULL,NULL,NULL,0,0,NULL,NULL,0.0000,0.0000,0.0000,0.0000,0.0000,0.0000,0.0000,0.0000,0.0000,0.0000,0.0000,0.0000,0.0000,0.0000,0.0000,NULL,'null',NULL,0.0000,0.0000,0.0000,NULL,0.0000,0.0000,0.0000,NULL,0.0000,0.0000,0,NULL,NULL,NULL,NULL,NULL,NULL,NULL,NULL),(1056,435,'2021-03-16 04:55:30','2021-03-16 04:55:30',NULL,0,NULL,'shipping',NULL,NULL,NULL,NULL,NULL,NULL,NULL,NULL,NULL,NULL,NULL,NULL,NULL,NULL,NULL,1,0,NULL,NULL,0.0000,50.0000,50.0000,50.0000,50.0000,0.0000,0.0000,0.0000,0.0000,0.0000,0.0000,0.0000,0.0000,50.0000,50.0000,NULL,'[]',NULL,0.0000,0.0000,50.0000,50.0000,0.0000,0.0000,0.0000,NULL,0.0000,0.0000,0,NULL,NULL,NULL,NULL,NULL,NULL,NULL,NULL),(1058,436,'2021-03-16 07:55:14','2021-03-16 08:18:49',7,1,5,'shipping','zoetrinh97@yahoo.com',NULL,'Zoe',NULL,'Trinh',NULL,NULL,'Coldwater Canyon Dr\nColdwater Canyon Dr\nColdwater Canyon Dr','Beverly Hills','California',12,'90210','US','1-424-280-0000',NULL,0,0,'flatrate_flatrate','Flat Rate - Fixed',0.0000,110.0000,110.0000,110.0000,110.0000,0.0000,0.0000,10.0000,10.0000,0.0000,0.0000,0.0000,0.0000,120.0000,120.0000,NULL,'[]',NULL,0.0000,0.0000,110.0000,110.0000,0.0000,0.0000,0.0000,NULL,10.0000,10.0000,0,NULL,NULL,NULL,NULL,NULL,NULL,NULL,NULL),(1059,436,'2021-03-16 08:19:09','2021-03-16 08:19:09',7,NULL,NULL,'billing','zoetrinh97@yahoo.com',NULL,'Zoe',NULL,'Trinh',NULL,NULL,'Coldwater Canyon Dr\nColdwater Canyon Dr\nColdwater Canyon Dr','Beverly Hills','California',12,'90210','US','1-424-280-0000',NULL,0,0,NULL,NULL,0.0000,0.0000,0.0000,0.0000,0.0000,0.0000,0.0000,0.0000,0.0000,0.0000,0.0000,0.0000,0.0000,0.0000,0.0000,NULL,'null',NULL,0.0000,0.0000,0.0000,NULL,0.0000,0.0000,0.0000,NULL,0.0000,0.0000,0,NULL,NULL,NULL,NULL,NULL,NULL,NULL,NULL),(1060,437,'2021-03-16 08:26:40','2021-03-16 08:26:40',NULL,0,NULL,'billing',NULL,NULL,NULL,NULL,NULL,NULL,NULL,NULL,NULL,NULL,NULL,NULL,NULL,NULL,NULL,0,0,NULL,NULL,0.0000,0.0000,0.0000,0.0000,0.0000,0.0000,0.0000,0.0000,0.0000,0.0000,0.0000,0.0000,0.0000,0.0000,0.0000,NULL,'null',NULL,0.0000,0.0000,0.0000,NULL,0.0000,0.0000,0.0000,NULL,0.0000,0.0000,0,NULL,NULL,NULL,NULL,NULL,NULL,NULL,NULL),(1061,437,'2021-03-16 08:26:40','2021-03-16 08:26:40',NULL,0,NULL,'shipping',NULL,NULL,NULL,NULL,NULL,NULL,NULL,NULL,NULL,NULL,NULL,NULL,NULL,NULL,NULL,1,1,NULL,NULL,0.0000,29032.0000,29032.0000,29032.0000,29032.0000,0.0000,0.0000,0.0000,0.0000,0.0000,0.0000,0.0000,0.0000,29032.0000,29032.0000,NULL,'[]',NULL,0.0000,0.0000,29032.0000,29032.0000,0.0000,0.0000,0.0000,NULL,0.0000,0.0000,0,NULL,NULL,NULL,NULL,NULL,NULL,NULL,NULL),(1062,438,'2021-03-16 08:51:46','2021-03-16 08:51:46',8,0,NULL,'billing','ngoducnhuiit@gmail.com',NULL,NULL,NULL,NULL,NULL,NULL,NULL,NULL,NULL,NULL,NULL,NULL,NULL,NULL,0,0,NULL,NULL,0.0000,0.0000,0.0000,0.0000,0.0000,0.0000,0.0000,0.0000,0.0000,0.0000,0.0000,0.0000,0.0000,0.0000,0.0000,NULL,'null',NULL,0.0000,0.0000,0.0000,NULL,0.0000,0.0000,0.0000,NULL,0.0000,0.0000,0,NULL,NULL,NULL,NULL,NULL,NULL,NULL,NULL),(1063,438,'2021-03-16 08:51:46','2021-03-16 08:51:46',8,0,NULL,'shipping','ngoducnhuiit@gmail.com',NULL,NULL,NULL,NULL,NULL,NULL,NULL,NULL,NULL,NULL,NULL,NULL,NULL,NULL,1,0,NULL,NULL,0.0000,0.0000,0.0000,0.0000,0.0000,0.0000,0.0000,0.0000,0.0000,0.0000,0.0000,0.0000,0.0000,0.0000,0.0000,NULL,'null',NULL,0.0000,0.0000,0.0000,NULL,0.0000,0.0000,0.0000,NULL,0.0000,0.0000,0,NULL,NULL,NULL,NULL,NULL,NULL,NULL,NULL),(1065,439,'2021-03-16 09:19:53','2021-03-16 10:33:42',7,0,5,'shipping','zoetrinh97@yahoo.com',NULL,'Zoe',NULL,'Trinh',NULL,NULL,'Coldwater Canyon Dr\nColdwater Canyon Dr\nColdwater Canyon Dr','Beverly Hills','California',12,'90210','US','1-424-280-0000',NULL,0,0,'freeshipping_freeshipping','Free Shipping - Free',0.0000,430.0000,430.0000,430.0000,430.0000,0.0000,0.0000,0.0000,0.0000,0.0000,0.0000,0.0000,0.0000,430.0000,430.0000,NULL,'[]',NULL,0.0000,0.0000,430.0000,430.0000,0.0000,0.0000,0.0000,NULL,0.0000,0.0000,0,NULL,NULL,NULL,NULL,NULL,NULL,NULL,NULL),(1066,439,'2021-03-16 10:33:49','2021-03-16 10:33:49',7,NULL,5,'billing','zoetrinh97@yahoo.com',NULL,'Zoe',NULL,'Trinh',NULL,NULL,'Coldwater Canyon Dr\nColdwater Canyon Dr\nColdwater Canyon Dr','Beverly Hills','California',12,'90210','US','1-424-280-0000',NULL,0,0,NULL,NULL,0.0000,0.0000,0.0000,0.0000,0.0000,0.0000,0.0000,0.0000,0.0000,0.0000,0.0000,0.0000,0.0000,0.0000,0.0000,NULL,'null',NULL,0.0000,0.0000,0.0000,NULL,0.0000,0.0000,0.0000,NULL,0.0000,0.0000,0,NULL,NULL,NULL,NULL,NULL,NULL,NULL,NULL),(1067,440,'2021-03-16 11:36:04','2021-03-16 11:36:04',NULL,0,NULL,'billing',NULL,NULL,NULL,NULL,NULL,NULL,NULL,NULL,NULL,NULL,NULL,NULL,NULL,NULL,NULL,0,0,NULL,NULL,0.0000,0.0000,0.0000,0.0000,0.0000,0.0000,0.0000,0.0000,0.0000,0.0000,0.0000,0.0000,0.0000,0.0000,0.0000,NULL,'null',NULL,0.0000,0.0000,0.0000,11.0000,0.0000,0.0000,0.0000,NULL,0.0000,0.0000,0,NULL,NULL,NULL,NULL,NULL,NULL,NULL,NULL),(1068,440,'2021-03-16 11:36:04','2021-03-16 11:36:04',NULL,0,NULL,'shipping',NULL,NULL,NULL,NULL,NULL,NULL,NULL,NULL,NULL,NULL,NULL,NULL,NULL,NULL,NULL,1,1,NULL,NULL,0.0000,0.0000,0.0000,0.0000,0.0000,0.0000,0.0000,0.0000,0.0000,0.0000,0.0000,0.0000,0.0000,0.0000,0.0000,NULL,'null',NULL,0.0000,0.0000,0.0000,28140.0000,0.0000,0.0000,0.0000,NULL,0.0000,0.0000,0,NULL,NULL,NULL,NULL,NULL,NULL,NULL,NULL),(1070,441,'2021-03-16 11:42:26','2021-03-17 08:32:43',7,0,5,'shipping','zoetrinh97@yahoo.com',NULL,'Zoe',NULL,'Trinh',NULL,NULL,'Coldwater Canyon Dr\nColdwater Canyon Dr\nColdwater Canyon Dr','Beverly Hills','California',12,'90210','US','1-424-280-0000',NULL,0,0,'flatrate_flatrate','Flat Rate - Fixed',0.0000,110.0000,110.0000,110.0000,110.0000,0.0000,0.0000,15.0000,15.0000,0.0000,0.0000,0.0000,0.0000,125.0000,125.0000,NULL,'[]',NULL,0.0000,0.0000,110.0000,110.0000,0.0000,0.0000,0.0000,NULL,15.0000,15.0000,0,NULL,NULL,NULL,NULL,NULL,NULL,NULL,NULL),(1071,442,'2021-03-16 12:41:54','2021-03-16 12:41:54',NULL,0,NULL,'billing',NULL,NULL,NULL,NULL,NULL,NULL,NULL,NULL,NULL,NULL,NULL,NULL,NULL,NULL,NULL,0,0,NULL,NULL,0.0000,0.0000,0.0000,0.0000,0.0000,0.0000,0.0000,0.0000,0.0000,0.0000,0.0000,0.0000,0.0000,0.0000,0.0000,NULL,'null',NULL,0.0000,0.0000,0.0000,NULL,0.0000,0.0000,0.0000,NULL,0.0000,0.0000,0,NULL,NULL,NULL,NULL,NULL,NULL,NULL,NULL),(1072,442,'2021-03-16 12:41:54','2021-03-16 12:41:54',NULL,0,NULL,'shipping',NULL,NULL,NULL,NULL,NULL,NULL,NULL,NULL,NULL,NULL,NULL,NULL,NULL,NULL,NULL,1,1,NULL,NULL,0.0000,100.0000,100.0000,100.0000,100.0000,0.0000,0.0000,0.0000,0.0000,0.0000,0.0000,0.0000,0.0000,100.0000,100.0000,NULL,'[]',NULL,0.0000,0.0000,100.0000,100.0000,0.0000,0.0000,0.0000,NULL,0.0000,0.0000,0,NULL,NULL,NULL,NULL,NULL,NULL,NULL,NULL),(1073,443,'2021-03-17 08:13:10','2021-03-17 08:13:10',NULL,0,NULL,'billing',NULL,NULL,NULL,NULL,NULL,NULL,NULL,NULL,NULL,NULL,NULL,NULL,NULL,NULL,NULL,0,0,NULL,NULL,0.0000,0.0000,0.0000,0.0000,0.0000,0.0000,0.0000,0.0000,0.0000,0.0000,0.0000,0.0000,0.0000,0.0000,0.0000,NULL,'null',NULL,0.0000,0.0000,0.0000,NULL,0.0000,0.0000,0.0000,NULL,0.0000,0.0000,0,NULL,NULL,NULL,NULL,NULL,NULL,NULL,NULL),(1074,443,'2021-03-17 08:13:10','2021-03-17 08:13:10',NULL,0,NULL,'shipping',NULL,NULL,NULL,NULL,NULL,NULL,NULL,NULL,NULL,NULL,NULL,NULL,NULL,NULL,NULL,1,1,NULL,NULL,0.0000,331.0000,331.0000,331.0000,331.0000,0.0000,0.0000,0.0000,0.0000,0.0000,0.0000,0.0000,0.0000,331.0000,331.0000,NULL,'[]',NULL,0.0000,0.0000,331.0000,331.0000,0.0000,0.0000,0.0000,NULL,0.0000,0.0000,0,NULL,NULL,NULL,NULL,NULL,NULL,NULL,NULL),(1075,441,'2021-03-17 08:35:34','2021-03-17 08:35:34',7,NULL,5,'billing','zoetrinh97@yahoo.com',NULL,'Zoe',NULL,'Trinh',NULL,NULL,'Coldwater Canyon Dr\nColdwater Canyon Dr\nColdwater Canyon Dr','Beverly Hills','California',12,'90210','US','1-424-280-0000',NULL,0,0,NULL,NULL,0.0000,0.0000,0.0000,0.0000,0.0000,0.0000,0.0000,0.0000,0.0000,0.0000,0.0000,0.0000,0.0000,0.0000,0.0000,NULL,'null',NULL,0.0000,0.0000,0.0000,NULL,0.0000,0.0000,0.0000,NULL,0.0000,0.0000,0,NULL,NULL,NULL,NULL,NULL,NULL,NULL,NULL),(1077,444,'2021-03-17 09:33:48','2021-03-19 03:55:14',7,0,5,'shipping','zoetrinh97@yahoo.com',NULL,'Zoe',NULL,'Trinh',NULL,NULL,'Coldwater Canyon Dr\nColdwater Canyon Dr\nColdwater Canyon Dr','Beverly Hills','California',12,'90210','US','1-424-280-0000',NULL,0,0,'freeshipping_freeshipping','Free Shipping - Free',0.0000,2718.8700,2718.8700,2718.8700,2718.8700,0.0000,0.0000,0.0000,0.0000,0.0000,0.0000,0.0000,0.0000,2718.8700,2718.8700,NULL,'[]',NULL,0.0000,0.0000,2718.8700,2718.8700,0.0000,0.0000,0.0000,NULL,0.0000,0.0000,0,NULL,NULL,NULL,NULL,NULL,NULL,NULL,NULL),(1078,445,'2021-03-18 03:08:55','2021-03-18 03:08:55',NULL,0,NULL,'billing',NULL,NULL,NULL,NULL,NULL,NULL,NULL,NULL,NULL,NULL,NULL,NULL,NULL,NULL,NULL,0,0,NULL,NULL,0.0000,0.0000,0.0000,0.0000,0.0000,0.0000,0.0000,0.0000,0.0000,0.0000,0.0000,0.0000,0.0000,0.0000,0.0000,NULL,'null',NULL,0.0000,0.0000,0.0000,NULL,0.0000,0.0000,0.0000,NULL,0.0000,0.0000,0,NULL,NULL,NULL,NULL,NULL,NULL,NULL,NULL),(1079,445,'2021-03-18 03:08:55','2021-03-18 03:08:55',NULL,0,NULL,'shipping',NULL,NULL,NULL,NULL,NULL,NULL,NULL,NULL,NULL,NULL,NULL,NULL,NULL,NULL,NULL,1,1,NULL,NULL,0.0000,80.0000,80.0000,80.0000,80.0000,0.0000,0.0000,0.0000,0.0000,0.0000,0.0000,0.0000,0.0000,80.0000,80.0000,NULL,'[]',NULL,0.0000,0.0000,80.0000,80.0000,0.0000,0.0000,0.0000,NULL,0.0000,0.0000,0,NULL,NULL,NULL,NULL,NULL,NULL,NULL,NULL),(1080,446,'2021-03-18 12:50:51','2021-03-18 12:50:51',NULL,0,NULL,'billing',NULL,NULL,NULL,NULL,NULL,NULL,NULL,NULL,NULL,NULL,NULL,NULL,NULL,NULL,NULL,0,0,NULL,NULL,0.0000,0.0000,0.0000,0.0000,0.0000,0.0000,0.0000,0.0000,0.0000,0.0000,0.0000,0.0000,0.0000,0.0000,0.0000,NULL,'null',NULL,0.0000,0.0000,0.0000,NULL,0.0000,0.0000,0.0000,NULL,0.0000,0.0000,0,NULL,NULL,NULL,NULL,NULL,NULL,NULL,NULL),(1081,446,'2021-03-18 12:50:51','2021-03-18 12:50:51',NULL,0,NULL,'shipping',NULL,NULL,NULL,NULL,NULL,NULL,NULL,NULL,NULL,NULL,NULL,NULL,NULL,NULL,NULL,1,0,NULL,NULL,0.0000,45.0000,45.0000,45.0000,45.0000,0.0000,0.0000,0.0000,0.0000,0.0000,0.0000,0.0000,0.0000,45.0000,45.0000,NULL,'[]',NULL,0.0000,0.0000,45.0000,45.0000,0.0000,0.0000,0.0000,NULL,0.0000,0.0000,0,NULL,NULL,NULL,NULL,NULL,NULL,NULL,NULL),(1082,447,'2021-03-19 02:08:45','2021-03-19 02:08:45',NULL,0,NULL,'billing',NULL,NULL,NULL,NULL,NULL,NULL,NULL,NULL,NULL,NULL,NULL,NULL,NULL,NULL,NULL,0,0,NULL,NULL,0.0000,0.0000,0.0000,0.0000,0.0000,0.0000,0.0000,0.0000,0.0000,0.0000,0.0000,0.0000,0.0000,0.0000,0.0000,NULL,'null',NULL,0.0000,0.0000,0.0000,NULL,0.0000,0.0000,0.0000,NULL,0.0000,0.0000,0,NULL,NULL,NULL,NULL,NULL,NULL,NULL,NULL),(1083,447,'2021-03-19 02:08:45','2021-03-19 02:08:45',NULL,0,NULL,'shipping',NULL,NULL,NULL,NULL,NULL,NULL,NULL,NULL,NULL,NULL,NULL,NULL,NULL,NULL,NULL,1,1,NULL,NULL,0.0000,110.0000,110.0000,110.0000,110.0000,0.0000,0.0000,0.0000,0.0000,0.0000,0.0000,0.0000,0.0000,110.0000,110.0000,NULL,'[]',NULL,0.0000,0.0000,110.0000,110.0000,0.0000,0.0000,0.0000,NULL,0.0000,0.0000,0,NULL,NULL,NULL,NULL,NULL,NULL,NULL,NULL),(1086,449,'2021-03-19 03:47:32','2021-03-19 03:47:32',NULL,0,NULL,'billing',NULL,NULL,NULL,NULL,NULL,NULL,NULL,NULL,NULL,NULL,NULL,NULL,NULL,NULL,NULL,0,0,NULL,NULL,0.0000,0.0000,0.0000,0.0000,0.0000,0.0000,0.0000,0.0000,0.0000,0.0000,0.0000,0.0000,0.0000,0.0000,0.0000,NULL,'null',NULL,0.0000,0.0000,0.0000,NULL,0.0000,0.0000,0.0000,NULL,0.0000,0.0000,0,NULL,NULL,NULL,NULL,NULL,NULL,NULL,NULL),(1087,449,'2021-03-19 03:47:32','2021-03-19 03:47:32',NULL,0,NULL,'shipping',NULL,NULL,NULL,NULL,NULL,NULL,NULL,NULL,NULL,NULL,NULL,NULL,NULL,NULL,NULL,1,1,NULL,NULL,0.0000,130.0000,130.0000,130.0000,130.0000,0.0000,0.0000,0.0000,0.0000,0.0000,0.0000,0.0000,0.0000,130.0000,130.0000,NULL,'[]',NULL,0.0000,0.0000,130.0000,130.0000,0.0000,0.0000,0.0000,NULL,0.0000,0.0000,0,NULL,NULL,NULL,NULL,NULL,NULL,NULL,NULL),(1088,450,'2021-03-19 03:52:25','2021-03-19 03:52:25',NULL,0,NULL,'billing',NULL,NULL,NULL,NULL,NULL,NULL,NULL,NULL,NULL,NULL,NULL,NULL,NULL,NULL,NULL,0,0,NULL,NULL,0.0000,0.0000,0.0000,0.0000,0.0000,0.0000,0.0000,0.0000,0.0000,0.0000,0.0000,0.0000,0.0000,0.0000,0.0000,NULL,'null',NULL,0.0000,0.0000,0.0000,NULL,0.0000,0.0000,0.0000,NULL,0.0000,0.0000,0,NULL,NULL,NULL,NULL,NULL,NULL,NULL,NULL),(1089,450,'2021-03-19 03:52:25','2021-03-19 03:52:25',NULL,0,NULL,'shipping',NULL,NULL,NULL,NULL,NULL,NULL,NULL,NULL,NULL,NULL,NULL,NULL,NULL,NULL,NULL,1,1,NULL,NULL,0.0000,635.9600,635.9600,635.9600,635.9600,0.0000,0.0000,0.0000,0.0000,0.0000,0.0000,0.0000,0.0000,635.9600,635.9600,NULL,'[]',NULL,0.0000,0.0000,635.9600,635.9600,0.0000,0.0000,0.0000,NULL,0.0000,0.0000,0,NULL,NULL,NULL,NULL,NULL,NULL,NULL,NULL),(1090,444,'2021-03-19 03:55:21','2021-03-19 03:55:21',7,NULL,5,'billing','zoetrinh97@yahoo.com',NULL,'Zoe',NULL,'Trinh',NULL,NULL,'Coldwater Canyon Dr\nColdwater Canyon Dr\nColdwater Canyon Dr','Beverly Hills','California',12,'90210','US','1-424-280-0000',NULL,0,0,NULL,NULL,0.0000,0.0000,0.0000,0.0000,0.0000,0.0000,0.0000,0.0000,0.0000,0.0000,0.0000,0.0000,0.0000,0.0000,0.0000,NULL,'null',NULL,0.0000,0.0000,0.0000,NULL,0.0000,0.0000,0.0000,NULL,0.0000,0.0000,0,NULL,NULL,NULL,NULL,NULL,NULL,NULL,NULL),(1092,451,'2021-03-19 03:55:53','2021-03-19 04:28:50',NULL,0,NULL,'shipping','zoetrinh97@yahoo.com',NULL,'Zoe',NULL,'Trinh',NULL,NULL,'Coldwater Canyon Dr\nColdwater Canyon Dr\nColdwater Canyon Dr','Beverly Hills','California',12,'90210','US','1-424-280-0000',NULL,0,0,'freeshipping_freeshipping','Free Shipping - Free',315.0000,2696.9400,2696.9400,2696.9400,2696.9400,0.0000,0.0000,0.0000,0.0000,0.0000,0.0000,0.0000,0.0000,2696.9400,2696.9400,NULL,'[]',NULL,0.0000,0.0000,2696.9400,2696.9400,0.0000,0.0000,0.0000,NULL,0.0000,0.0000,0,NULL,NULL,NULL,NULL,NULL,NULL,NULL,NULL),(1093,451,'2021-03-19 04:28:54','2021-03-19 04:28:54',NULL,NULL,NULL,'billing','zoetrinh97@yahoo.com',NULL,'Zoe',NULL,'Trinh',NULL,NULL,'Coldwater Canyon Dr\nColdwater Canyon Dr\nColdwater Canyon Dr','Beverly Hills','California',12,'90210','US','1-424-280-0000',NULL,0,0,NULL,NULL,0.0000,0.0000,0.0000,0.0000,0.0000,0.0000,0.0000,0.0000,0.0000,0.0000,0.0000,0.0000,0.0000,0.0000,0.0000,NULL,'null',NULL,0.0000,0.0000,0.0000,NULL,0.0000,0.0000,0.0000,NULL,0.0000,0.0000,0,NULL,NULL,NULL,NULL,NULL,NULL,NULL,NULL),(1095,452,'2021-03-19 04:46:26','2021-03-19 04:46:26',NULL,0,NULL,'shipping',NULL,NULL,NULL,NULL,NULL,NULL,NULL,NULL,NULL,NULL,NULL,NULL,NULL,NULL,NULL,1,1,NULL,NULL,0.0000,0.0000,0.0000,0.0000,0.0000,0.0000,0.0000,0.0000,0.0000,0.0000,0.0000,0.0000,0.0000,0.0000,0.0000,NULL,'null',NULL,0.0000,0.0000,0.0000,NULL,0.0000,0.0000,0.0000,NULL,0.0000,0.0000,0,NULL,NULL,NULL,NULL,NULL,NULL,NULL,NULL),(1096,452,'2021-03-19 04:47:18','2021-03-19 04:47:18',7,NULL,5,'billing','zoetrinh97@yahoo.com',NULL,'Zoe',NULL,'Trinh',NULL,NULL,'Coldwater Canyon Dr\nColdwater Canyon Dr\nColdwater Canyon Dr','Beverly Hills','California',12,'90210','US','1-424-280-0000',NULL,0,0,NULL,NULL,0.0000,11.0000,11.0000,11.0000,11.0000,0.0000,0.0000,0.0000,0.0000,0.0000,0.0000,0.0000,0.0000,11.0000,11.0000,NULL,'[]',NULL,0.0000,0.0000,11.0000,11.0000,0.0000,0.0000,0.0000,NULL,0.0000,0.0000,0,NULL,NULL,NULL,NULL,NULL,NULL,NULL,NULL),(1098,453,'2021-03-19 04:51:41','2021-03-19 04:52:07',7,0,5,'shipping','zoetrinh97@yahoo.com',NULL,'Zoe',NULL,'Trinh',NULL,NULL,'Coldwater Canyon Dr\nColdwater Canyon Dr\nColdwater Canyon Dr','Beverly Hills','California',12,'90210','US','1-424-280-0000',NULL,0,0,'flatrate_flatrate','Flat Rate - Fixed',0.0000,160.0000,160.0000,160.0000,160.0000,0.0000,0.0000,15.0000,15.0000,0.0000,0.0000,0.0000,0.0000,175.0000,175.0000,NULL,'[]',NULL,0.0000,0.0000,160.0000,160.0000,0.0000,0.0000,0.0000,NULL,15.0000,15.0000,0,NULL,NULL,NULL,NULL,NULL,NULL,NULL,NULL),(1099,453,'2021-03-19 04:52:11','2021-03-19 04:52:11',7,NULL,5,'billing','zoetrinh97@yahoo.com',NULL,'Zoe',NULL,'Trinh',NULL,NULL,'Coldwater Canyon Dr\nColdwater Canyon Dr\nColdwater Canyon Dr','Beverly Hills','California',12,'90210','US','1-424-280-0000',NULL,0,0,NULL,NULL,0.0000,0.0000,0.0000,0.0000,0.0000,0.0000,0.0000,0.0000,0.0000,0.0000,0.0000,0.0000,0.0000,0.0000,0.0000,NULL,'null',NULL,0.0000,0.0000,0.0000,NULL,0.0000,0.0000,0.0000,NULL,0.0000,0.0000,0,NULL,NULL,NULL,NULL,NULL,NULL,NULL,NULL),(1101,454,'2021-03-19 04:52:29','2021-03-19 04:53:18',7,0,5,'shipping','zoetrinh97@yahoo.com',NULL,'Zoe',NULL,'Trinh',NULL,NULL,'Coldwater Canyon Dr\nColdwater Canyon Dr\nColdwater Canyon Dr','Beverly Hills','California',12,'90210','US','1-424-280-0000',NULL,0,0,'flatrate_flatrate','Flat Rate - Fixed',0.0000,190.0000,190.0000,190.0000,190.0000,0.0000,0.0000,20.0000,20.0000,0.0000,0.0000,0.0000,0.0000,210.0000,210.0000,NULL,'[]',NULL,0.0000,0.0000,190.0000,190.0000,0.0000,0.0000,0.0000,NULL,20.0000,20.0000,0,NULL,NULL,NULL,NULL,NULL,NULL,NULL,NULL),(1102,454,'2021-03-19 04:53:23','2021-03-19 04:53:23',7,NULL,5,'billing','zoetrinh97@yahoo.com',NULL,'Zoe',NULL,'Trinh',NULL,NULL,'Coldwater Canyon Dr\nColdwater Canyon Dr\nColdwater Canyon Dr','Beverly Hills','California',12,'90210','US','1-424-280-0000',NULL,0,0,NULL,NULL,0.0000,0.0000,0.0000,0.0000,0.0000,0.0000,0.0000,0.0000,0.0000,0.0000,0.0000,0.0000,0.0000,0.0000,0.0000,NULL,'null',NULL,0.0000,0.0000,0.0000,NULL,0.0000,0.0000,0.0000,NULL,0.0000,0.0000,0,NULL,NULL,NULL,NULL,NULL,NULL,NULL,NULL),(1104,455,'2021-03-19 04:53:33','2021-03-19 04:54:20',7,0,5,'shipping','zoetrinh97@yahoo.com',NULL,'Zoe',NULL,'Trinh',NULL,NULL,'Coldwater Canyon Dr\nColdwater Canyon Dr\nColdwater Canyon Dr','Beverly Hills','California',12,'90210','US','1-424-280-0000',NULL,0,0,'freeshipping_freeshipping','Free Shipping - Free',0.0000,440.0000,440.0000,440.0000,440.0000,0.0000,0.0000,0.0000,0.0000,0.0000,0.0000,0.0000,0.0000,440.0000,440.0000,NULL,'[]',NULL,0.0000,0.0000,440.0000,440.0000,0.0000,0.0000,0.0000,NULL,0.0000,0.0000,0,NULL,NULL,NULL,NULL,NULL,NULL,NULL,NULL),(1105,455,'2021-03-19 04:54:26','2021-03-19 04:54:26',7,NULL,5,'billing','zoetrinh97@yahoo.com',NULL,'Zoe',NULL,'Trinh',NULL,NULL,'Coldwater Canyon Dr\nColdwater Canyon Dr\nColdwater Canyon Dr','Beverly Hills','California',12,'90210','US','1-424-280-0000',NULL,0,0,NULL,NULL,0.0000,0.0000,0.0000,0.0000,0.0000,0.0000,0.0000,0.0000,0.0000,0.0000,0.0000,0.0000,0.0000,0.0000,0.0000,NULL,'null',NULL,0.0000,0.0000,0.0000,NULL,0.0000,0.0000,0.0000,NULL,0.0000,0.0000,0,NULL,NULL,NULL,NULL,NULL,NULL,NULL,NULL),(1107,456,'2021-03-19 04:54:33','2021-03-19 04:54:53',7,0,5,'shipping','zoetrinh97@yahoo.com',NULL,'Zoe',NULL,'Trinh',NULL,NULL,'Coldwater Canyon Dr\nColdwater Canyon Dr\nColdwater Canyon Dr','Beverly Hills','California',12,'90210','US','1-424-280-0000',NULL,0,0,'flatrate_flatrate','Flat Rate - Fixed',0.0000,190.0000,190.0000,190.0000,190.0000,0.0000,0.0000,20.0000,20.0000,0.0000,0.0000,0.0000,0.0000,210.0000,210.0000,NULL,'[]',NULL,0.0000,0.0000,190.0000,190.0000,0.0000,0.0000,0.0000,NULL,20.0000,20.0000,0,NULL,NULL,NULL,NULL,NULL,NULL,NULL,NULL),(1108,456,'2021-03-19 04:54:59','2021-03-19 04:54:59',7,NULL,5,'billing','zoetrinh97@yahoo.com',NULL,'Zoe',NULL,'Trinh',NULL,NULL,'Coldwater Canyon Dr\nColdwater Canyon Dr\nColdwater Canyon Dr','Beverly Hills','California',12,'90210','US','1-424-280-0000',NULL,0,0,NULL,NULL,0.0000,0.0000,0.0000,0.0000,0.0000,0.0000,0.0000,0.0000,0.0000,0.0000,0.0000,0.0000,0.0000,0.0000,0.0000,NULL,'null',NULL,0.0000,0.0000,0.0000,NULL,0.0000,0.0000,0.0000,NULL,0.0000,0.0000,0,NULL,NULL,NULL,NULL,NULL,NULL,NULL,NULL),(1110,457,'2021-03-19 04:55:04','2021-03-19 04:55:25',7,0,5,'shipping','zoetrinh97@yahoo.com',NULL,'Zoe',NULL,'Trinh',NULL,NULL,'Coldwater Canyon Dr\nColdwater Canyon Dr\nColdwater Canyon Dr','Beverly Hills','California',12,'90210','US','1-424-280-0000',NULL,0,0,'flatrate_flatrate','Flat Rate - Fixed',0.0000,190.0000,190.0000,190.0000,190.0000,0.0000,0.0000,20.0000,20.0000,0.0000,0.0000,0.0000,0.0000,210.0000,210.0000,NULL,'[]',NULL,0.0000,0.0000,190.0000,190.0000,0.0000,0.0000,0.0000,NULL,20.0000,20.0000,0,NULL,NULL,NULL,NULL,NULL,NULL,NULL,NULL),(1111,457,'2021-03-19 04:55:31','2021-03-19 04:55:31',7,NULL,5,'billing','zoetrinh97@yahoo.com',NULL,'Zoe',NULL,'Trinh',NULL,NULL,'Coldwater Canyon Dr\nColdwater Canyon Dr\nColdwater Canyon Dr','Beverly Hills','California',12,'90210','US','1-424-280-0000',NULL,0,0,NULL,NULL,0.0000,0.0000,0.0000,0.0000,0.0000,0.0000,0.0000,0.0000,0.0000,0.0000,0.0000,0.0000,0.0000,0.0000,0.0000,NULL,'null',NULL,0.0000,0.0000,0.0000,NULL,0.0000,0.0000,0.0000,NULL,0.0000,0.0000,0,NULL,NULL,NULL,NULL,NULL,NULL,NULL,NULL),(1113,458,'2021-03-19 04:55:37','2021-03-19 04:56:02',7,0,5,'shipping','zoetrinh97@yahoo.com',NULL,'Zoe',NULL,'Trinh',NULL,NULL,'Coldwater Canyon Dr\nColdwater Canyon Dr\nColdwater Canyon Dr','Beverly Hills','California',12,'90210','US','1-424-280-0000',NULL,0,0,'flatrate_flatrate','Flat Rate - Fixed',0.0000,190.0000,190.0000,190.0000,190.0000,0.0000,0.0000,20.0000,20.0000,0.0000,0.0000,0.0000,0.0000,210.0000,210.0000,NULL,'[]',NULL,0.0000,0.0000,190.0000,190.0000,0.0000,0.0000,0.0000,NULL,20.0000,20.0000,0,NULL,NULL,NULL,NULL,NULL,NULL,NULL,NULL),(1114,458,'2021-03-19 04:56:06','2021-03-19 04:56:06',7,NULL,5,'billing','zoetrinh97@yahoo.com',NULL,'Zoe',NULL,'Trinh',NULL,NULL,'Coldwater Canyon Dr\nColdwater Canyon Dr\nColdwater Canyon Dr','Beverly Hills','California',12,'90210','US','1-424-280-0000',NULL,0,0,NULL,NULL,0.0000,0.0000,0.0000,0.0000,0.0000,0.0000,0.0000,0.0000,0.0000,0.0000,0.0000,0.0000,0.0000,0.0000,0.0000,NULL,'null',NULL,0.0000,0.0000,0.0000,NULL,0.0000,0.0000,0.0000,NULL,0.0000,0.0000,0,NULL,NULL,NULL,NULL,NULL,NULL,NULL,NULL),(1116,459,'2021-03-19 04:56:36','2021-03-19 04:57:08',7,0,5,'shipping','zoetrinh97@yahoo.com',NULL,'Zoe',NULL,'Trinh',NULL,NULL,'Coldwater Canyon Dr\nColdwater Canyon Dr\nColdwater Canyon Dr','Beverly Hills','California',12,'90210','US','1-424-280-0000',NULL,0,0,'freeshipping_freeshipping','Free Shipping - Free',30.0000,308.9900,308.9900,308.9900,308.9900,0.0000,0.0000,0.0000,0.0000,0.0000,0.0000,0.0000,0.0000,308.9900,308.9900,NULL,'[]',NULL,0.0000,0.0000,308.9900,308.9900,0.0000,0.0000,0.0000,NULL,0.0000,0.0000,0,NULL,NULL,NULL,NULL,NULL,NULL,NULL,NULL),(1117,459,'2021-03-19 04:57:14','2021-03-19 04:57:14',7,NULL,5,'billing','zoetrinh97@yahoo.com',NULL,'Zoe',NULL,'Trinh',NULL,NULL,'Coldwater Canyon Dr\nColdwater Canyon Dr\nColdwater Canyon Dr','Beverly Hills','California',12,'90210','US','1-424-280-0000',NULL,0,0,NULL,NULL,0.0000,0.0000,0.0000,0.0000,0.0000,0.0000,0.0000,0.0000,0.0000,0.0000,0.0000,0.0000,0.0000,0.0000,0.0000,NULL,'null',NULL,0.0000,0.0000,0.0000,NULL,0.0000,0.0000,0.0000,NULL,0.0000,0.0000,0,NULL,NULL,NULL,NULL,NULL,NULL,NULL,NULL),(1119,460,'2021-03-19 04:57:59','2021-03-19 04:58:22',7,0,5,'shipping','zoetrinh97@yahoo.com',NULL,'Zoe',NULL,'Trinh',NULL,NULL,'Coldwater Canyon Dr\nColdwater Canyon Dr\nColdwater Canyon Dr','Beverly Hills','California',12,'90210','US','1-424-280-0000',NULL,0,0,'freeshipping_freeshipping','Free Shipping - Free',45.0000,308.9900,308.9900,308.9900,308.9900,0.0000,0.0000,0.0000,0.0000,0.0000,0.0000,0.0000,0.0000,308.9900,308.9900,NULL,'[]',NULL,0.0000,0.0000,308.9900,308.9900,0.0000,0.0000,0.0000,NULL,0.0000,0.0000,0,NULL,NULL,NULL,NULL,NULL,NULL,NULL,NULL),(1120,460,'2021-03-19 04:58:25','2021-03-19 04:58:25',7,NULL,5,'billing','zoetrinh97@yahoo.com',NULL,'Zoe',NULL,'Trinh',NULL,NULL,'Coldwater Canyon Dr\nColdwater Canyon Dr\nColdwater Canyon Dr','Beverly Hills','California',12,'90210','US','1-424-280-0000',NULL,0,0,NULL,NULL,0.0000,0.0000,0.0000,0.0000,0.0000,0.0000,0.0000,0.0000,0.0000,0.0000,0.0000,0.0000,0.0000,0.0000,0.0000,NULL,'null',NULL,0.0000,0.0000,0.0000,NULL,0.0000,0.0000,0.0000,NULL,0.0000,0.0000,0,NULL,NULL,NULL,NULL,NULL,NULL,NULL,NULL),(1122,461,'2021-03-19 09:26:50','2021-03-29 04:48:11',7,0,5,'shipping','zoetrinh97@yahoo.com',NULL,'Zoe',NULL,'Trinh',NULL,NULL,'Coldwater Canyon Dr\nColdwater Canyon Dr\nColdwater Canyon Dr','Beverly Hills','California',12,'90210','US','1-424-280-0000',NULL,0,0,'freeshipping_freeshipping','Free Shipping - Free',10.0000,200.0000,200.0000,200.0000,200.0000,0.0000,0.0000,0.0000,0.0000,0.0000,0.0000,0.0000,0.0000,200.0000,200.0000,NULL,'[]',NULL,0.0000,0.0000,200.0000,200.0000,0.0000,0.0000,0.0000,NULL,0.0000,0.0000,0,NULL,NULL,NULL,NULL,NULL,NULL,NULL,NULL),(1123,462,'2021-03-19 14:30:20','2021-03-19 14:30:20',NULL,0,NULL,'billing',NULL,NULL,NULL,NULL,NULL,NULL,NULL,NULL,NULL,NULL,NULL,NULL,NULL,NULL,NULL,0,0,NULL,NULL,0.0000,0.0000,0.0000,0.0000,0.0000,0.0000,0.0000,0.0000,0.0000,0.0000,0.0000,0.0000,0.0000,0.0000,0.0000,NULL,'null',NULL,0.0000,0.0000,0.0000,NULL,0.0000,0.0000,0.0000,NULL,0.0000,0.0000,0,NULL,NULL,NULL,NULL,NULL,NULL,NULL,NULL),(1124,462,'2021-03-19 14:30:20','2021-03-19 14:30:20',NULL,0,NULL,'shipping',NULL,NULL,NULL,NULL,NULL,NULL,NULL,NULL,NULL,NULL,NULL,NULL,NULL,NULL,NULL,1,0,NULL,NULL,0.0000,40.0000,40.0000,40.0000,40.0000,0.0000,0.0000,0.0000,0.0000,0.0000,0.0000,0.0000,0.0000,40.0000,40.0000,NULL,'[]',NULL,0.0000,0.0000,40.0000,40.0000,0.0000,0.0000,0.0000,NULL,0.0000,0.0000,0,NULL,NULL,NULL,NULL,NULL,NULL,NULL,NULL),(1125,463,'2021-03-22 01:36:52','2021-03-22 01:36:52',NULL,0,NULL,'billing',NULL,NULL,NULL,NULL,NULL,NULL,NULL,NULL,NULL,NULL,NULL,NULL,NULL,NULL,NULL,0,0,NULL,NULL,0.0000,0.0000,0.0000,0.0000,0.0000,0.0000,0.0000,0.0000,0.0000,0.0000,0.0000,0.0000,0.0000,0.0000,0.0000,NULL,'null',NULL,0.0000,0.0000,0.0000,NULL,0.0000,0.0000,0.0000,NULL,0.0000,0.0000,0,NULL,NULL,NULL,NULL,NULL,NULL,NULL,NULL),(1126,463,'2021-03-22 01:36:52','2021-03-22 01:36:52',NULL,0,NULL,'shipping',NULL,NULL,NULL,NULL,NULL,NULL,NULL,NULL,NULL,NULL,NULL,NULL,NULL,NULL,NULL,1,0,NULL,NULL,0.0000,60.0000,60.0000,60.0000,60.0000,0.0000,0.0000,0.0000,0.0000,0.0000,0.0000,0.0000,0.0000,60.0000,60.0000,NULL,'[]',NULL,0.0000,0.0000,60.0000,60.0000,0.0000,0.0000,0.0000,NULL,0.0000,0.0000,0,NULL,NULL,NULL,NULL,NULL,NULL,NULL,NULL),(1128,464,'2021-03-22 03:53:41','2021-03-22 03:55:19',NULL,0,NULL,'shipping','zoetrinh97@yahoo.com',NULL,'Zoe',NULL,'Trinh',NULL,NULL,'Coldwater Canyon Dr\nColdwater Canyon Dr\nColdwater Canyon Dr','Beverly Hills','California',12,'90210','US','1-424-280-0000',NULL,0,0,'flatrate_flatrate','Flat Rate - Fixed',0.0000,160.0000,160.0000,160.0000,160.0000,0.0000,0.0000,15.0000,15.0000,0.0000,0.0000,0.0000,0.0000,175.0000,175.0000,NULL,'[]',NULL,0.0000,0.0000,160.0000,160.0000,0.0000,0.0000,0.0000,NULL,15.0000,15.0000,0,NULL,NULL,NULL,NULL,NULL,NULL,NULL,NULL),(1129,464,'2021-03-22 03:55:24','2021-03-22 03:55:24',NULL,NULL,NULL,'billing','zoetrinh97@yahoo.com',NULL,'Zoe',NULL,'Trinh',NULL,NULL,'Coldwater Canyon Dr\nColdwater Canyon Dr\nColdwater Canyon Dr','Beverly Hills','California',12,'90210','US','1-424-280-0000',NULL,0,0,NULL,NULL,0.0000,0.0000,0.0000,0.0000,0.0000,0.0000,0.0000,0.0000,0.0000,0.0000,0.0000,0.0000,0.0000,0.0000,0.0000,NULL,'null',NULL,0.0000,0.0000,0.0000,NULL,0.0000,0.0000,0.0000,NULL,0.0000,0.0000,0,NULL,NULL,NULL,NULL,NULL,NULL,NULL,NULL),(1132,465,'2021-03-22 07:22:08','2021-03-22 07:22:08',NULL,0,NULL,'billing',NULL,NULL,NULL,NULL,NULL,NULL,NULL,NULL,NULL,NULL,NULL,NULL,NULL,NULL,NULL,0,0,NULL,NULL,0.0000,0.0000,0.0000,0.0000,0.0000,0.0000,0.0000,0.0000,0.0000,0.0000,0.0000,0.0000,0.0000,0.0000,0.0000,NULL,'null',NULL,0.0000,0.0000,0.0000,NULL,0.0000,0.0000,0.0000,NULL,0.0000,0.0000,0,NULL,NULL,NULL,NULL,NULL,NULL,NULL,NULL),(1133,465,'2021-03-22 07:22:08','2021-03-22 07:22:08',NULL,0,NULL,'shipping',NULL,NULL,NULL,NULL,NULL,NULL,NULL,NULL,NULL,NULL,NULL,NULL,NULL,NULL,NULL,1,1,NULL,NULL,0.0000,0.0000,0.0000,0.0000,0.0000,0.0000,0.0000,0.0000,0.0000,0.0000,0.0000,0.0000,0.0000,0.0000,0.0000,NULL,'null',NULL,0.0000,0.0000,0.0000,NULL,0.0000,0.0000,0.0000,NULL,0.0000,0.0000,0,NULL,NULL,NULL,NULL,NULL,NULL,NULL,NULL),(1135,466,'2021-03-23 03:01:46','2021-03-23 03:04:10',NULL,0,NULL,'shipping','zoetrinh97@yahoo.com',NULL,'Zoe',NULL,'Trinh',NULL,NULL,'Coldwater Canyon Dr\nColdwater Canyon Dr\nColdwater Canyon Dr','Beverly Hills','California',12,'90210','US','1-424-280-0000',NULL,0,0,'flatrate_flatrate','Flat Rate - Fixed',0.0000,40.0000,40.0000,40.0000,40.0000,0.0000,0.0000,5.0000,5.0000,0.0000,0.0000,0.0000,0.0000,45.0000,45.0000,NULL,'[]',NULL,0.0000,0.0000,40.0000,40.0000,0.0000,0.0000,0.0000,NULL,5.0000,5.0000,0,NULL,NULL,NULL,NULL,NULL,NULL,NULL,NULL),(1136,466,'2021-03-23 03:04:14','2021-03-23 03:04:14',NULL,NULL,NULL,'billing','zoetrinh97@yahoo.com',NULL,'Zoe',NULL,'Trinh',NULL,NULL,'Coldwater Canyon Dr\nColdwater Canyon Dr\nColdwater Canyon Dr','Beverly Hills','California',12,'90210','US','1-424-280-0000',NULL,0,0,NULL,NULL,0.0000,0.0000,0.0000,0.0000,0.0000,0.0000,0.0000,0.0000,0.0000,0.0000,0.0000,0.0000,0.0000,0.0000,0.0000,NULL,'null',NULL,0.0000,0.0000,0.0000,NULL,0.0000,0.0000,0.0000,NULL,0.0000,0.0000,0,NULL,NULL,NULL,NULL,NULL,NULL,NULL,NULL),(1137,467,'2021-03-23 07:54:24','2021-03-23 07:54:24',NULL,0,NULL,'billing',NULL,NULL,NULL,NULL,NULL,NULL,NULL,NULL,NULL,NULL,NULL,NULL,NULL,NULL,NULL,0,0,NULL,NULL,0.0000,0.0000,0.0000,0.0000,0.0000,0.0000,0.0000,0.0000,0.0000,0.0000,0.0000,0.0000,0.0000,0.0000,0.0000,NULL,'null',NULL,0.0000,0.0000,0.0000,NULL,0.0000,0.0000,0.0000,NULL,0.0000,0.0000,0,NULL,NULL,NULL,NULL,NULL,NULL,NULL,NULL),(1138,467,'2021-03-23 07:54:24','2021-03-23 07:54:24',NULL,0,NULL,'shipping',NULL,NULL,NULL,NULL,NULL,NULL,NULL,NULL,NULL,NULL,NULL,NULL,NULL,NULL,NULL,1,1,NULL,NULL,0.0000,188.0000,188.0000,188.0000,188.0000,0.0000,0.0000,0.0000,0.0000,0.0000,0.0000,0.0000,0.0000,188.0000,188.0000,NULL,'[]',NULL,0.0000,0.0000,188.0000,188.0000,0.0000,0.0000,0.0000,NULL,0.0000,0.0000,0,NULL,NULL,NULL,NULL,NULL,NULL,NULL,NULL),(1139,468,'2021-03-23 07:55:47','2021-03-23 07:55:47',NULL,0,NULL,'billing',NULL,NULL,NULL,NULL,NULL,NULL,NULL,NULL,NULL,NULL,NULL,NULL,NULL,NULL,NULL,0,0,NULL,NULL,0.0000,0.0000,0.0000,0.0000,0.0000,0.0000,0.0000,0.0000,0.0000,0.0000,0.0000,0.0000,0.0000,0.0000,0.0000,NULL,'null',NULL,0.0000,0.0000,0.0000,NULL,0.0000,0.0000,0.0000,NULL,0.0000,0.0000,0,NULL,NULL,NULL,NULL,NULL,NULL,NULL,NULL),(1140,468,'2021-03-23 07:55:47','2021-03-23 07:55:47',NULL,0,NULL,'shipping',NULL,NULL,NULL,NULL,NULL,NULL,NULL,NULL,NULL,NULL,NULL,NULL,NULL,NULL,NULL,1,1,NULL,NULL,0.0000,350.0000,350.0000,350.0000,350.0000,0.0000,0.0000,0.0000,0.0000,0.0000,0.0000,0.0000,0.0000,350.0000,350.0000,NULL,'[]',NULL,0.0000,0.0000,350.0000,350.0000,0.0000,0.0000,0.0000,NULL,0.0000,0.0000,0,NULL,NULL,NULL,NULL,NULL,NULL,NULL,NULL),(1141,469,'2021-03-23 07:57:06','2021-03-23 07:57:06',NULL,0,NULL,'billing',NULL,NULL,NULL,NULL,NULL,NULL,NULL,NULL,NULL,NULL,NULL,NULL,NULL,NULL,NULL,0,0,NULL,NULL,0.0000,0.0000,0.0000,0.0000,0.0000,0.0000,0.0000,0.0000,0.0000,0.0000,0.0000,0.0000,0.0000,0.0000,0.0000,NULL,'null',NULL,0.0000,0.0000,0.0000,NULL,0.0000,0.0000,0.0000,NULL,0.0000,0.0000,0,NULL,NULL,NULL,NULL,NULL,NULL,NULL,NULL),(1142,469,'2021-03-23 07:57:06','2021-03-23 07:57:06',NULL,0,NULL,'shipping',NULL,NULL,NULL,NULL,NULL,NULL,NULL,NULL,NULL,NULL,NULL,NULL,NULL,NULL,NULL,1,0,NULL,NULL,0.0000,40.0000,40.0000,40.0000,40.0000,0.0000,0.0000,0.0000,0.0000,0.0000,0.0000,0.0000,0.0000,40.0000,40.0000,NULL,'[]',NULL,0.0000,0.0000,40.0000,40.0000,0.0000,0.0000,0.0000,NULL,0.0000,0.0000,0,NULL,NULL,NULL,NULL,NULL,NULL,NULL,NULL),(1143,470,'2021-03-23 08:02:57','2021-03-23 08:02:57',NULL,0,NULL,'billing',NULL,NULL,NULL,NULL,NULL,NULL,NULL,NULL,NULL,NULL,NULL,NULL,NULL,NULL,NULL,0,0,NULL,NULL,0.0000,0.0000,0.0000,0.0000,0.0000,0.0000,0.0000,0.0000,0.0000,0.0000,0.0000,0.0000,0.0000,0.0000,0.0000,NULL,'null',NULL,0.0000,0.0000,0.0000,NULL,0.0000,0.0000,0.0000,NULL,0.0000,0.0000,0,NULL,NULL,NULL,NULL,NULL,NULL,NULL,NULL),(1144,470,'2021-03-23 08:02:57','2021-03-23 08:02:57',NULL,0,NULL,'shipping',NULL,NULL,NULL,NULL,NULL,NULL,NULL,NULL,NULL,NULL,NULL,NULL,NULL,NULL,NULL,1,1,NULL,NULL,0.0000,430.0000,430.0000,430.0000,430.0000,0.0000,0.0000,0.0000,0.0000,0.0000,0.0000,0.0000,0.0000,430.0000,430.0000,NULL,'[]',NULL,0.0000,0.0000,430.0000,430.0000,0.0000,0.0000,0.0000,NULL,0.0000,0.0000,0,NULL,NULL,NULL,NULL,NULL,NULL,NULL,NULL),(1146,471,'2021-03-24 03:27:19','2021-03-24 05:03:56',NULL,0,NULL,'shipping','zoetrinh97@yahoo.com',NULL,'Zoe',NULL,'Trinh',NULL,NULL,'Coldwater Canyon Dr\nColdwater Canyon Dr\nColdwater Canyon Dr','Beverly Hills','California',12,'90210','US','1-424-280-0000',NULL,0,0,'flatrate_flatrate','Flat Rate - Fixed',15.0000,19.0000,19.0000,19.0000,19.0000,0.0000,0.0000,5.0000,5.0000,0.0000,0.0000,0.0000,0.0000,24.0000,24.0000,NULL,'[]',NULL,0.0000,0.0000,19.0000,19.0000,0.0000,0.0000,0.0000,NULL,5.0000,5.0000,0,NULL,NULL,NULL,NULL,NULL,NULL,NULL,NULL),(1147,471,'2021-03-24 05:04:11','2021-03-24 05:04:11',NULL,NULL,NULL,'billing','zoetrinh97@yahoo.com',NULL,'Zoe',NULL,'Trinh',NULL,NULL,'Coldwater Canyon Dr\nColdwater Canyon Dr\nColdwater Canyon Dr','Beverly Hills','California',12,'90210','US','1-424-280-0000',NULL,0,0,NULL,NULL,0.0000,0.0000,0.0000,0.0000,0.0000,0.0000,0.0000,0.0000,0.0000,0.0000,0.0000,0.0000,0.0000,0.0000,0.0000,NULL,'null',NULL,0.0000,0.0000,0.0000,NULL,0.0000,0.0000,0.0000,NULL,0.0000,0.0000,0,NULL,NULL,NULL,NULL,NULL,NULL,NULL,NULL),(1148,472,'2021-03-25 03:57:14','2021-03-25 03:57:14',NULL,0,NULL,'billing',NULL,NULL,NULL,NULL,NULL,NULL,NULL,NULL,NULL,NULL,NULL,NULL,NULL,NULL,NULL,0,0,NULL,NULL,0.0000,0.0000,0.0000,0.0000,0.0000,0.0000,0.0000,0.0000,0.0000,0.0000,0.0000,0.0000,0.0000,0.0000,0.0000,NULL,'null',NULL,0.0000,0.0000,0.0000,NULL,0.0000,0.0000,0.0000,NULL,0.0000,0.0000,0,NULL,NULL,NULL,NULL,NULL,NULL,NULL,NULL),(1149,472,'2021-03-25 03:57:14','2021-03-25 03:57:14',NULL,0,NULL,'shipping',NULL,NULL,NULL,NULL,NULL,NULL,NULL,NULL,NULL,NULL,NULL,NULL,NULL,NULL,NULL,1,0,NULL,NULL,0.0000,40.0000,40.0000,40.0000,40.0000,0.0000,0.0000,0.0000,0.0000,0.0000,0.0000,0.0000,0.0000,40.0000,40.0000,NULL,'[]',NULL,0.0000,0.0000,40.0000,40.0000,0.0000,0.0000,0.0000,NULL,0.0000,0.0000,0,NULL,NULL,NULL,NULL,NULL,NULL,NULL,NULL),(1150,473,'2021-03-25 16:36:51','2021-03-25 16:36:51',NULL,0,NULL,'billing',NULL,NULL,NULL,NULL,NULL,NULL,NULL,NULL,NULL,NULL,NULL,NULL,NULL,NULL,NULL,0,0,NULL,NULL,0.0000,0.0000,0.0000,0.0000,0.0000,0.0000,0.0000,0.0000,0.0000,0.0000,0.0000,0.0000,0.0000,0.0000,0.0000,NULL,'null',NULL,0.0000,0.0000,0.0000,NULL,0.0000,0.0000,0.0000,NULL,0.0000,0.0000,0,NULL,NULL,NULL,NULL,NULL,NULL,NULL,NULL),(1151,473,'2021-03-25 16:36:51','2021-03-25 16:36:51',NULL,0,NULL,'shipping',NULL,NULL,NULL,NULL,NULL,NULL,NULL,NULL,NULL,NULL,NULL,NULL,NULL,NULL,NULL,1,0,NULL,NULL,0.0000,50.0000,50.0000,50.0000,50.0000,0.0000,0.0000,0.0000,0.0000,0.0000,0.0000,0.0000,0.0000,50.0000,50.0000,NULL,'[]',NULL,0.0000,0.0000,50.0000,50.0000,0.0000,0.0000,0.0000,NULL,0.0000,0.0000,0,NULL,NULL,NULL,NULL,NULL,NULL,NULL,NULL),(1153,474,'2021-03-29 03:37:17','2021-03-29 04:10:24',NULL,0,NULL,'shipping','zoetrinh97@yahoo.com',NULL,'Zoe',NULL,'Trinh',NULL,NULL,'Coldwater Canyon Dr\nColdwater Canyon Dr\nColdwater Canyon Dr','Beverly Hills','California',12,'90210','US','1-424-280-0000',NULL,0,0,'flatrate_flatrate','Flat Rate - Fixed',34.0000,180.0000,180.0000,180.0000,180.0000,0.0000,0.0000,15.0000,15.0000,0.0000,0.0000,0.0000,0.0000,195.0000,195.0000,NULL,'[]',NULL,0.0000,0.0000,180.0000,180.0000,0.0000,0.0000,0.0000,NULL,15.0000,15.0000,0,NULL,NULL,NULL,NULL,NULL,NULL,NULL,NULL),(1154,474,'2021-03-29 04:12:43','2021-03-29 04:12:43',NULL,NULL,NULL,'billing','zoetrinh97@yahoo.com',NULL,'Zoe',NULL,'Trinh',NULL,NULL,'Coldwater Canyon Dr\nColdwater Canyon Dr\nColdwater Canyon Dr','Beverly Hills','California',12,'90210','US','1-424-280-0000',NULL,0,0,NULL,NULL,0.0000,0.0000,0.0000,0.0000,0.0000,0.0000,0.0000,0.0000,0.0000,0.0000,0.0000,0.0000,0.0000,0.0000,0.0000,NULL,'null',NULL,0.0000,0.0000,0.0000,NULL,0.0000,0.0000,0.0000,NULL,0.0000,0.0000,0,NULL,NULL,NULL,NULL,NULL,NULL,NULL,NULL),(1156,475,'2021-03-29 04:14:45','2021-03-29 04:15:49',NULL,0,NULL,'shipping','zoetrinh97@yahoo.com',NULL,'Zoe',NULL,'Trinh',NULL,NULL,'Coldwater Canyon Dr\nColdwater Canyon Dr\nColdwater Canyon Dr','Beverly Hills','California',12,'90210','US','1-424-280-0000',NULL,0,0,'flatrate_flatrate','Flat Rate - Fixed',10.0000,110.0000,110.0000,110.0000,110.0000,0.0000,0.0000,10.0000,10.0000,0.0000,0.0000,0.0000,0.0000,120.0000,120.0000,NULL,'[]',NULL,0.0000,0.0000,110.0000,110.0000,0.0000,0.0000,0.0000,NULL,10.0000,10.0000,0,NULL,NULL,NULL,NULL,NULL,NULL,NULL,NULL),(1157,475,'2021-03-29 04:15:55','2021-03-29 04:15:55',NULL,NULL,NULL,'billing','zoetrinh97@yahoo.com',NULL,'Zoe',NULL,'Trinh',NULL,NULL,'Coldwater Canyon Dr\nColdwater Canyon Dr\nColdwater Canyon Dr','Beverly Hills','California',12,'90210','US','1-424-280-0000',NULL,0,0,NULL,NULL,0.0000,0.0000,0.0000,0.0000,0.0000,0.0000,0.0000,0.0000,0.0000,0.0000,0.0000,0.0000,0.0000,0.0000,0.0000,NULL,'null',NULL,0.0000,0.0000,0.0000,NULL,0.0000,0.0000,0.0000,NULL,0.0000,0.0000,0,NULL,NULL,NULL,NULL,NULL,NULL,NULL,NULL),(1159,476,'2021-03-29 04:17:48','2021-03-29 04:23:16',NULL,0,NULL,'shipping','zoetrinh97@yahoo.com',NULL,'Zoe',NULL,'Trinh',NULL,NULL,'Coldwater Canyon Dr\nColdwater Canyon Dr\nColdwater Canyon Dr','Beverly Hills','California',12,'90210','US','1-424-280-0000',NULL,0,0,'freeshipping_freeshipping','Free Shipping - Free',30.0000,388.9900,388.9900,388.9900,388.9900,0.0000,0.0000,0.0000,0.0000,0.0000,0.0000,0.0000,0.0000,388.9900,388.9900,NULL,'[]',NULL,0.0000,0.0000,388.9900,388.9900,0.0000,0.0000,0.0000,NULL,0.0000,0.0000,0,NULL,NULL,NULL,NULL,NULL,NULL,NULL,NULL),(1160,476,'2021-03-29 04:23:22','2021-03-29 04:23:22',NULL,NULL,NULL,'billing','zoetrinh97@yahoo.com',NULL,'Zoe',NULL,'Trinh',NULL,NULL,'Coldwater Canyon Dr\nColdwater Canyon Dr\nColdwater Canyon Dr','Beverly Hills','California',12,'90210','US','1-424-280-0000',NULL,0,0,NULL,NULL,0.0000,0.0000,0.0000,0.0000,0.0000,0.0000,0.0000,0.0000,0.0000,0.0000,0.0000,0.0000,0.0000,0.0000,0.0000,NULL,'null',NULL,0.0000,0.0000,0.0000,NULL,0.0000,0.0000,0.0000,NULL,0.0000,0.0000,0,NULL,NULL,NULL,NULL,NULL,NULL,NULL,NULL),(1162,477,'2021-03-29 04:29:20','2021-03-29 04:31:07',NULL,0,NULL,'shipping','zoetrinh97@yahoo.com',NULL,'Zoe',NULL,'Trinh',NULL,NULL,'Coldwater Canyon Dr\nColdwater Canyon Dr\nColdwater Canyon Dr','Beverly Hills','California',12,'90210','US','1-424-280-0000',NULL,0,0,'flatrate_flatrate','Flat Rate - Fixed',15.0000,109.0000,109.0000,109.0000,109.0000,0.0000,0.0000,10.0000,10.0000,0.0000,0.0000,0.0000,0.0000,119.0000,119.0000,NULL,'[]',NULL,0.0000,0.0000,109.0000,109.0000,0.0000,0.0000,0.0000,NULL,10.0000,10.0000,0,NULL,NULL,NULL,NULL,NULL,NULL,NULL,NULL),(1163,477,'2021-03-29 04:31:16','2021-03-29 04:31:16',NULL,NULL,NULL,'billing','zoetrinh97@yahoo.com',NULL,'Zoe',NULL,'Trinh',NULL,NULL,'Coldwater Canyon Dr\nColdwater Canyon Dr\nColdwater Canyon Dr','Beverly Hills','California',12,'90210','US','1-424-280-0000',NULL,0,0,NULL,NULL,0.0000,0.0000,0.0000,0.0000,0.0000,0.0000,0.0000,0.0000,0.0000,0.0000,0.0000,0.0000,0.0000,0.0000,0.0000,NULL,'null',NULL,0.0000,0.0000,0.0000,NULL,0.0000,0.0000,0.0000,NULL,0.0000,0.0000,0,NULL,NULL,NULL,NULL,NULL,NULL,NULL,NULL),(1164,461,'2021-03-29 04:48:17','2021-03-29 04:48:17',7,NULL,5,'billing','zoetrinh97@yahoo.com',NULL,'Zoe',NULL,'Trinh',NULL,NULL,'Coldwater Canyon Dr\nColdwater Canyon Dr\nColdwater Canyon Dr','Beverly Hills','California',12,'90210','US','1-424-280-0000',NULL,0,0,NULL,NULL,0.0000,0.0000,0.0000,0.0000,0.0000,0.0000,0.0000,0.0000,0.0000,0.0000,0.0000,0.0000,0.0000,0.0000,0.0000,NULL,'null',NULL,0.0000,0.0000,0.0000,NULL,0.0000,0.0000,0.0000,NULL,0.0000,0.0000,0,NULL,NULL,NULL,NULL,NULL,NULL,NULL,NULL),(1165,478,'2021-03-29 09:18:24','2021-03-29 09:18:24',7,0,NULL,'billing','zoetrinh97@yahoo.com',NULL,NULL,NULL,NULL,NULL,NULL,NULL,NULL,NULL,NULL,NULL,NULL,NULL,NULL,0,0,NULL,NULL,0.0000,0.0000,0.0000,0.0000,0.0000,0.0000,0.0000,0.0000,0.0000,0.0000,0.0000,0.0000,0.0000,0.0000,0.0000,NULL,'null',NULL,0.0000,0.0000,0.0000,NULL,0.0000,0.0000,0.0000,NULL,0.0000,0.0000,0,NULL,NULL,NULL,NULL,NULL,NULL,NULL,NULL),(1166,478,'2021-03-29 09:18:24','2021-03-29 09:18:24',7,0,NULL,'shipping','zoetrinh97@yahoo.com',NULL,NULL,NULL,NULL,NULL,NULL,NULL,NULL,NULL,NULL,NULL,NULL,NULL,NULL,1,0,NULL,NULL,0.0000,0.0000,0.0000,0.0000,0.0000,0.0000,0.0000,0.0000,0.0000,0.0000,0.0000,0.0000,0.0000,0.0000,0.0000,NULL,'null',NULL,0.0000,0.0000,0.0000,NULL,0.0000,0.0000,0.0000,NULL,0.0000,0.0000,0,NULL,NULL,NULL,NULL,NULL,NULL,NULL,NULL),(1168,479,'2021-03-30 05:01:05','2021-03-30 05:05:01',NULL,0,NULL,'shipping','zoetrinh97@yahoo.com',NULL,'Zoe',NULL,'Trinh',NULL,NULL,'Coldwater Canyon Dr\nColdwater Canyon Dr\nColdwater Canyon Dr','Beverly Hills','California',12,'90210','US','1-424-280-0000',NULL,0,0,'flatrate_flatrate','Flat Rate - Fixed',10.0000,98.9900,98.9900,98.9900,98.9900,0.0000,0.0000,5.0000,5.0000,0.0000,0.0000,0.0000,0.0000,103.9900,103.9900,NULL,'[]',NULL,0.0000,0.0000,98.9900,98.9900,0.0000,0.0000,0.0000,NULL,5.0000,5.0000,0,NULL,NULL,NULL,NULL,NULL,NULL,NULL,NULL),(1169,479,'2021-03-30 05:04:59','2021-03-30 05:04:59',NULL,NULL,NULL,'billing','zoetrinh97@yahoo.com',NULL,'Zoe',NULL,'Trinh',NULL,NULL,'Coldwater Canyon Dr\nColdwater Canyon Dr\nColdwater Canyon Dr','Beverly Hills','California',12,'90210','US','1-424-280-0000',NULL,0,0,NULL,NULL,0.0000,0.0000,0.0000,0.0000,0.0000,0.0000,0.0000,0.0000,0.0000,0.0000,0.0000,0.0000,0.0000,0.0000,0.0000,NULL,'null',NULL,0.0000,0.0000,0.0000,NULL,0.0000,0.0000,0.0000,NULL,0.0000,0.0000,0,NULL,NULL,NULL,NULL,NULL,NULL,NULL,NULL),(1170,480,'2021-03-30 08:07:20','2021-03-30 08:07:20',NULL,0,NULL,'billing',NULL,NULL,NULL,NULL,NULL,NULL,NULL,NULL,NULL,NULL,NULL,NULL,NULL,NULL,NULL,0,0,NULL,NULL,0.0000,0.0000,0.0000,0.0000,0.0000,0.0000,0.0000,0.0000,0.0000,0.0000,0.0000,0.0000,0.0000,0.0000,0.0000,NULL,'null',NULL,0.0000,0.0000,0.0000,NULL,0.0000,0.0000,0.0000,NULL,0.0000,0.0000,0,NULL,NULL,NULL,NULL,NULL,NULL,NULL,NULL),(1171,480,'2021-03-30 08:07:20','2021-03-30 08:07:20',NULL,0,NULL,'shipping',NULL,NULL,NULL,NULL,NULL,NULL,NULL,NULL,NULL,NULL,NULL,NULL,NULL,NULL,NULL,1,1,NULL,NULL,0.0000,258.9900,258.9900,258.9900,258.9900,0.0000,0.0000,0.0000,0.0000,0.0000,0.0000,0.0000,0.0000,258.9900,258.9900,NULL,'[]',NULL,0.0000,0.0000,258.9900,258.9900,0.0000,0.0000,0.0000,NULL,0.0000,0.0000,0,NULL,NULL,NULL,NULL,NULL,NULL,NULL,NULL),(1172,481,'2021-03-31 05:03:11','2021-03-31 05:03:11',NULL,0,NULL,'billing',NULL,NULL,NULL,NULL,NULL,NULL,NULL,NULL,NULL,NULL,NULL,NULL,NULL,NULL,NULL,0,0,NULL,NULL,0.0000,0.0000,0.0000,0.0000,0.0000,0.0000,0.0000,0.0000,0.0000,0.0000,0.0000,0.0000,0.0000,0.0000,0.0000,NULL,'null',NULL,0.0000,0.0000,0.0000,NULL,0.0000,0.0000,0.0000,NULL,0.0000,0.0000,0,NULL,NULL,NULL,NULL,NULL,NULL,NULL,NULL),(1173,481,'2021-03-31 05:03:11','2021-03-31 05:03:11',NULL,0,NULL,'shipping',NULL,NULL,NULL,NULL,NULL,NULL,NULL,NULL,NULL,NULL,NULL,NULL,NULL,NULL,NULL,1,1,NULL,NULL,0.0000,179.0000,179.0000,179.0000,179.0000,0.0000,0.0000,0.0000,0.0000,0.0000,0.0000,0.0000,0.0000,179.0000,179.0000,NULL,'[]',NULL,0.0000,0.0000,179.0000,179.0000,0.0000,0.0000,0.0000,NULL,0.0000,0.0000,0,NULL,NULL,NULL,NULL,NULL,NULL,NULL,NULL),(1174,482,'2021-04-01 01:29:13','2021-04-01 01:29:13',NULL,0,NULL,'billing',NULL,NULL,NULL,NULL,NULL,NULL,NULL,NULL,NULL,NULL,NULL,NULL,NULL,NULL,NULL,0,0,NULL,NULL,0.0000,0.0000,0.0000,0.0000,0.0000,0.0000,0.0000,0.0000,0.0000,0.0000,0.0000,0.0000,0.0000,0.0000,0.0000,NULL,'null',NULL,0.0000,0.0000,0.0000,NULL,0.0000,0.0000,0.0000,NULL,0.0000,0.0000,0,NULL,NULL,NULL,NULL,NULL,NULL,NULL,NULL),(1175,482,'2021-04-01 01:29:13','2021-04-01 01:29:13',NULL,0,NULL,'shipping',NULL,NULL,NULL,NULL,NULL,NULL,NULL,NULL,NULL,NULL,NULL,NULL,NULL,NULL,NULL,1,1,NULL,NULL,0.0000,110.0000,110.0000,110.0000,110.0000,0.0000,0.0000,0.0000,0.0000,0.0000,0.0000,0.0000,0.0000,110.0000,110.0000,NULL,'[]',NULL,0.0000,0.0000,110.0000,110.0000,0.0000,0.0000,0.0000,NULL,0.0000,0.0000,0,NULL,NULL,NULL,NULL,NULL,NULL,NULL,NULL),(1176,483,'2021-04-01 01:35:07','2021-04-01 01:35:07',NULL,0,NULL,'billing',NULL,NULL,NULL,NULL,NULL,NULL,NULL,NULL,NULL,NULL,NULL,NULL,NULL,NULL,NULL,0,0,NULL,NULL,0.0000,0.0000,0.0000,0.0000,0.0000,0.0000,0.0000,0.0000,0.0000,0.0000,0.0000,0.0000,0.0000,0.0000,0.0000,NULL,'null',NULL,0.0000,0.0000,0.0000,NULL,0.0000,0.0000,0.0000,NULL,0.0000,0.0000,0,NULL,NULL,NULL,NULL,NULL,NULL,NULL,NULL),(1177,483,'2021-04-01 01:35:07','2021-04-01 01:35:07',NULL,0,NULL,'shipping',NULL,NULL,NULL,NULL,NULL,NULL,NULL,NULL,NULL,NULL,NULL,NULL,NULL,NULL,NULL,1,1,NULL,NULL,0.0000,90.0000,90.0000,90.0000,90.0000,0.0000,0.0000,0.0000,0.0000,0.0000,0.0000,0.0000,0.0000,90.0000,90.0000,NULL,'[]',NULL,0.0000,0.0000,90.0000,90.0000,0.0000,0.0000,0.0000,NULL,0.0000,0.0000,0,NULL,NULL,NULL,NULL,NULL,NULL,NULL,NULL),(1178,484,'2021-04-01 10:32:21','2021-04-01 10:32:21',NULL,0,NULL,'billing',NULL,NULL,NULL,NULL,NULL,NULL,NULL,NULL,NULL,NULL,NULL,NULL,NULL,NULL,NULL,0,0,NULL,NULL,0.0000,0.0000,0.0000,0.0000,0.0000,0.0000,0.0000,0.0000,0.0000,0.0000,0.0000,0.0000,0.0000,0.0000,0.0000,NULL,'null',NULL,0.0000,0.0000,0.0000,NULL,0.0000,0.0000,0.0000,NULL,0.0000,0.0000,0,NULL,NULL,NULL,NULL,NULL,NULL,NULL,NULL),(1179,484,'2021-04-01 10:32:21','2021-04-01 10:32:21',NULL,0,NULL,'shipping',NULL,NULL,NULL,NULL,NULL,NULL,NULL,NULL,NULL,NULL,NULL,NULL,NULL,NULL,NULL,1,1,NULL,NULL,0.0000,597.0000,597.0000,597.0000,597.0000,0.0000,0.0000,0.0000,0.0000,0.0000,0.0000,0.0000,0.0000,597.0000,597.0000,NULL,'[]',NULL,0.0000,0.0000,597.0000,597.0000,0.0000,0.0000,0.0000,NULL,0.0000,0.0000,0,NULL,NULL,NULL,NULL,NULL,NULL,NULL,NULL),(1181,485,'2021-08-06 18:33:51','2021-08-06 18:36:02',NULL,0,NULL,'shipping','mohammad.shabaan@gmail.com',NULL,'mihamed',NULL,'shban',NULL,NULL,'151','sharq',NULL,NULL,'15300','KW','90025292',NULL,0,0,'flatrate_flatrate','Flat Rate - Fixed',0.0000,60.0000,60.0000,60.0000,60.0000,0.0000,0.0000,5.0000,5.0000,0.0000,0.0000,0.0000,0.0000,65.0000,65.0000,NULL,'[]',NULL,0.0000,0.0000,60.0000,60.0000,0.0000,0.0000,0.0000,NULL,5.0000,5.0000,0,NULL,NULL,NULL,NULL,NULL,NULL,NULL,NULL),(1182,485,'2021-08-06 18:36:21','2021-08-06 18:36:21',NULL,NULL,NULL,'billing','mohammad.shabaan@gmail.com',NULL,'mihamed',NULL,'shban',NULL,NULL,'151','sharq',NULL,NULL,'15300','KW','90025292',NULL,0,0,NULL,NULL,0.0000,0.0000,0.0000,0.0000,0.0000,0.0000,0.0000,0.0000,0.0000,0.0000,0.0000,0.0000,0.0000,0.0000,0.0000,NULL,'null',NULL,0.0000,0.0000,0.0000,NULL,0.0000,0.0000,0.0000,NULL,0.0000,0.0000,0,NULL,NULL,NULL,NULL,NULL,NULL,NULL,NULL),(1184,486,'2021-08-06 18:38:16','2021-08-06 18:39:09',NULL,0,NULL,'shipping','mohammad.shabaan@gmail.com',NULL,'da',NULL,'89',NULL,NULL,'988787','1884',NULL,NULL,'844','KW','90025529',NULL,0,0,'flatrate_flatrate','Flat Rate - Fixed',0.0000,50.0000,50.0000,50.0000,50.0000,0.0000,0.0000,5.0000,5.0000,0.0000,0.0000,0.0000,0.0000,55.0000,55.0000,NULL,'[]',NULL,0.0000,0.0000,50.0000,50.0000,0.0000,0.0000,0.0000,NULL,5.0000,5.0000,0,NULL,NULL,NULL,NULL,NULL,NULL,NULL,NULL),(1185,486,'2021-08-06 18:39:16','2021-08-06 18:39:16',NULL,NULL,NULL,'billing','mohammad.shabaan@gmail.com',NULL,'da',NULL,'89',NULL,NULL,'988787','1884',NULL,NULL,'844','KW','90025529',NULL,0,0,NULL,NULL,0.0000,0.0000,0.0000,0.0000,0.0000,0.0000,0.0000,0.0000,0.0000,0.0000,0.0000,0.0000,0.0000,0.0000,0.0000,NULL,'null',NULL,0.0000,0.0000,0.0000,NULL,0.0000,0.0000,0.0000,NULL,0.0000,0.0000,0,NULL,NULL,NULL,NULL,NULL,NULL,NULL,NULL),(1187,487,'2021-08-06 18:42:14','2021-08-06 18:43:04',NULL,0,NULL,'shipping','mohammad.shaabn@gmail.com',NULL,'sguhji',NULL,'ytgui',NULL,NULL,'gyuhij','rf6tgy',NULL,NULL,'15300','KW','90025529',NULL,0,0,'flatrate_flatrate','Flat Rate - Fixed',0.0000,50.0000,50.0000,50.0000,50.0000,0.0000,0.0000,5.0000,5.0000,0.0000,0.0000,0.0000,0.0000,55.0000,55.0000,NULL,'[]',NULL,0.0000,0.0000,50.0000,50.0000,0.0000,0.0000,0.0000,NULL,5.0000,5.0000,0,NULL,NULL,NULL,NULL,NULL,NULL,NULL,NULL),(1188,487,'2021-08-06 18:43:11','2021-08-06 18:43:11',NULL,NULL,NULL,'billing','mohammad.shaabn@gmail.com',NULL,'sguhji',NULL,'ytgui',NULL,NULL,'gyuhij','rf6tgy',NULL,NULL,'15300','KW','90025529',NULL,0,0,NULL,NULL,0.0000,0.0000,0.0000,0.0000,0.0000,0.0000,0.0000,0.0000,0.0000,0.0000,0.0000,0.0000,0.0000,0.0000,0.0000,NULL,'null',NULL,0.0000,0.0000,0.0000,NULL,0.0000,0.0000,0.0000,NULL,0.0000,0.0000,0,NULL,NULL,NULL,NULL,NULL,NULL,NULL,NULL),(1190,488,'2021-08-06 18:46:23','2021-08-06 18:46:59',NULL,0,NULL,'shipping','shabn@mwq.com',NULL,'yuhijo',NULL,'uhijo',NULL,NULL,'5300','asda',NULL,NULL,'15300','KW','90025529',NULL,0,0,'flatrate_flatrate','Flat Rate - Fixed',0.0000,50.0000,50.0000,50.0000,50.0000,0.0000,0.0000,5.0000,5.0000,0.0000,0.0000,0.0000,0.0000,55.0000,55.0000,NULL,'[]',NULL,0.0000,0.0000,50.0000,50.0000,0.0000,0.0000,0.0000,NULL,5.0000,5.0000,0,NULL,NULL,NULL,NULL,NULL,NULL,NULL,NULL),(1191,488,'2021-08-06 18:47:06','2021-08-06 18:47:06',NULL,NULL,NULL,'billing','shabn@mwq.com',NULL,'yuhijo',NULL,'uhijo',NULL,NULL,'5300','asda',NULL,NULL,'15300','KW','90025529',NULL,0,0,NULL,NULL,0.0000,0.0000,0.0000,0.0000,0.0000,0.0000,0.0000,0.0000,0.0000,0.0000,0.0000,0.0000,0.0000,0.0000,0.0000,NULL,'null',NULL,0.0000,0.0000,0.0000,NULL,0.0000,0.0000,0.0000,NULL,0.0000,0.0000,0,NULL,NULL,NULL,NULL,NULL,NULL,NULL,NULL),(1192,489,'2021-08-07 00:49:21','2021-08-07 00:49:21',NULL,0,NULL,'billing',NULL,NULL,NULL,NULL,NULL,NULL,NULL,NULL,NULL,NULL,NULL,NULL,NULL,NULL,NULL,0,0,NULL,NULL,0.0000,0.0000,0.0000,0.0000,0.0000,0.0000,0.0000,0.0000,0.0000,0.0000,0.0000,0.0000,0.0000,0.0000,0.0000,NULL,'null',NULL,0.0000,0.0000,0.0000,NULL,0.0000,0.0000,0.0000,NULL,0.0000,0.0000,0,NULL,NULL,NULL,NULL,NULL,NULL,NULL,NULL),(1193,489,'2021-08-07 00:49:21','2021-08-07 00:49:21',NULL,0,NULL,'shipping',NULL,NULL,NULL,NULL,NULL,NULL,NULL,NULL,NULL,NULL,NULL,NULL,NULL,NULL,NULL,1,0,NULL,NULL,0.0000,50.0000,50.0000,50.0000,50.0000,0.0000,0.0000,0.0000,0.0000,0.0000,0.0000,0.0000,0.0000,50.0000,50.0000,NULL,'[]',NULL,0.0000,0.0000,50.0000,50.0000,0.0000,0.0000,0.0000,NULL,0.0000,0.0000,0,NULL,NULL,NULL,NULL,NULL,NULL,NULL,NULL),(1194,490,'2021-08-07 00:58:41','2021-08-07 00:58:41',NULL,0,NULL,'billing',NULL,NULL,NULL,NULL,NULL,NULL,NULL,NULL,NULL,NULL,NULL,NULL,NULL,NULL,NULL,0,0,NULL,NULL,0.0000,0.0000,0.0000,0.0000,0.0000,0.0000,0.0000,0.0000,0.0000,0.0000,0.0000,0.0000,0.0000,0.0000,0.0000,NULL,'null',NULL,0.0000,0.0000,0.0000,NULL,0.0000,0.0000,0.0000,NULL,0.0000,0.0000,0,NULL,NULL,NULL,NULL,NULL,NULL,NULL,NULL),(1195,490,'2021-08-07 00:58:41','2021-08-07 00:58:41',NULL,0,NULL,'shipping',NULL,NULL,NULL,NULL,NULL,NULL,NULL,NULL,NULL,NULL,NULL,NULL,NULL,NULL,NULL,1,0,NULL,NULL,0.0000,50.0000,50.0000,50.0000,50.0000,0.0000,0.0000,0.0000,0.0000,0.0000,0.0000,0.0000,0.0000,50.0000,50.0000,NULL,'[]',NULL,0.0000,0.0000,50.0000,50.0000,0.0000,0.0000,0.0000,NULL,0.0000,0.0000,0,NULL,NULL,NULL,NULL,NULL,NULL,NULL,NULL),(1196,491,'2021-08-15 09:48:03','2021-08-15 09:48:03',9,0,NULL,'billing','everodo4@mail.ru',NULL,NULL,NULL,NULL,NULL,NULL,NULL,NULL,NULL,NULL,NULL,NULL,NULL,NULL,0,0,NULL,NULL,0.0000,0.0000,0.0000,0.0000,0.0000,0.0000,0.0000,0.0000,0.0000,0.0000,0.0000,0.0000,0.0000,0.0000,0.0000,NULL,'null',NULL,0.0000,0.0000,0.0000,NULL,0.0000,0.0000,0.0000,NULL,0.0000,0.0000,0,NULL,NULL,NULL,NULL,NULL,NULL,NULL,NULL),(1197,491,'2021-08-15 09:48:03','2021-08-15 09:48:03',9,0,NULL,'shipping','everodo4@mail.ru',NULL,NULL,NULL,NULL,NULL,NULL,NULL,NULL,NULL,NULL,NULL,NULL,NULL,NULL,1,0,NULL,NULL,0.0000,0.0000,0.0000,0.0000,0.0000,0.0000,0.0000,0.0000,0.0000,0.0000,0.0000,0.0000,0.0000,0.0000,0.0000,NULL,'null',NULL,0.0000,0.0000,0.0000,NULL,0.0000,0.0000,0.0000,NULL,0.0000,0.0000,0,NULL,NULL,NULL,NULL,NULL,NULL,NULL,NULL),(1198,492,'2022-12-10 22:32:51','2022-12-10 22:32:51',NULL,0,NULL,'billing',NULL,NULL,NULL,NULL,NULL,NULL,NULL,NULL,NULL,NULL,NULL,NULL,NULL,NULL,NULL,0,0,NULL,NULL,0.0000,0.0000,0.0000,0.0000,0.0000,0.0000,0.0000,0.0000,0.0000,0.0000,0.0000,0.0000,0.0000,0.0000,0.0000,NULL,'null',NULL,0.0000,0.0000,0.0000,NULL,0.0000,0.0000,0.0000,NULL,0.0000,0.0000,0,NULL,NULL,NULL,NULL,NULL,NULL,NULL,NULL),(1199,492,'2022-12-10 22:32:51','2022-12-10 22:32:51',NULL,0,NULL,'shipping',NULL,NULL,NULL,NULL,NULL,NULL,NULL,NULL,NULL,NULL,NULL,NULL,NULL,NULL,NULL,1,1,NULL,NULL,0.0000,40280.0000,40280.0000,40280.0000,40280.0000,0.0000,0.0000,0.0000,0.0000,0.0000,0.0000,0.0000,0.0000,40280.0000,40280.0000,NULL,'[]',NULL,0.0000,0.0000,40280.0000,40280.0000,0.0000,0.0000,0.0000,NULL,0.0000,0.0000,0,NULL,NULL,NULL,NULL,NULL,NULL,NULL,NULL),(1200,493,'2023-02-13 11:27:21','2023-02-13 11:27:21',NULL,0,NULL,'billing','shabn@mwq.com',NULL,'yuhijo',NULL,'uhijo',NULL,NULL,'5300','asda',NULL,NULL,'15300','KW','90025529',NULL,0,0,NULL,NULL,0.0000,0.0000,0.0000,0.0000,0.0000,0.0000,0.0000,0.0000,0.0000,0.0000,0.0000,0.0000,0.0000,0.0000,0.0000,NULL,'null',NULL,0.0000,0.0000,0.0000,NULL,0.0000,0.0000,0.0000,NULL,0.0000,0.0000,0,NULL,NULL,NULL,NULL,NULL,NULL,NULL,NULL),(1201,493,'2023-02-13 11:27:21','2023-02-13 11:27:21',NULL,0,NULL,'shipping','shabn@mwq.com',NULL,'yuhijo',NULL,'uhijo',NULL,NULL,'5300','asda',NULL,NULL,'15300','KW','90025529',NULL,1,0,'flatrate_flatrate','Flat Rate - Fixed',0.0000,50.0000,50.0000,50.0000,50.0000,0.0000,0.0000,5.0000,5.0000,0.0000,0.0000,0.0000,0.0000,55.0000,55.0000,NULL,'[]',NULL,0.0000,0.0000,50.0000,50.0000,0.0000,0.0000,0.0000,NULL,5.0000,5.0000,0,NULL,NULL,NULL,NULL,NULL,NULL,NULL,NULL);

--
-- Table structure for table `quote_address_item`
--

CREATE TABLE `quote_address_item` (
  `address_item_id` int(10) unsigned NOT NULL AUTO_INCREMENT COMMENT 'Address Item ID',
  `parent_item_id` int(10) unsigned DEFAULT NULL COMMENT 'Parent Item ID',
  `quote_address_id` int(10) unsigned NOT NULL DEFAULT '0' COMMENT 'Quote Address ID',
  `quote_item_id` int(10) unsigned NOT NULL DEFAULT '0' COMMENT 'Quote Item ID',
  `created_at` timestamp NOT NULL DEFAULT CURRENT_TIMESTAMP COMMENT 'Created At',
  `updated_at` timestamp NOT NULL DEFAULT CURRENT_TIMESTAMP ON UPDATE CURRENT_TIMESTAMP COMMENT 'Updated At',
  `applied_rule_ids` text COMMENT 'Applied Rule Ids',
  `additional_data` text COMMENT 'Additional Data',
  `weight` decimal(12,4) DEFAULT '0.0000' COMMENT 'Weight',
  `qty` decimal(12,4) NOT NULL DEFAULT '0.0000' COMMENT 'Qty',
  `discount_amount` decimal(20,4) DEFAULT '0.0000' COMMENT 'Discount Amount',
  `tax_amount` decimal(20,4) DEFAULT '0.0000' COMMENT 'Tax Amount',
  `row_total` decimal(20,4) NOT NULL DEFAULT '0.0000' COMMENT 'Row Total',
  `base_row_total` decimal(20,4) NOT NULL DEFAULT '0.0000' COMMENT 'Base Row Total',
  `row_total_with_discount` decimal(20,4) DEFAULT '0.0000' COMMENT 'Row Total With Discount',
  `base_discount_amount` decimal(20,4) DEFAULT '0.0000' COMMENT 'Base Discount Amount',
  `base_tax_amount` decimal(20,4) DEFAULT '0.0000' COMMENT 'Base Tax Amount',
  `row_weight` decimal(12,4) DEFAULT '0.0000' COMMENT 'Row Weight',
  `product_id` int(10) unsigned DEFAULT NULL COMMENT 'Product ID',
  `super_product_id` int(10) unsigned DEFAULT NULL COMMENT 'Super Product ID',
  `parent_product_id` int(10) unsigned DEFAULT NULL COMMENT 'Parent Product ID',
  `sku` varchar(255) DEFAULT NULL COMMENT 'Sku',
  `image` varchar(255) DEFAULT NULL COMMENT 'Image',
  `name` varchar(255) DEFAULT NULL COMMENT 'Name',
  `description` text COMMENT 'Description',
  `is_qty_decimal` int(10) unsigned DEFAULT NULL COMMENT 'Is Qty Decimal',
  `price` decimal(12,4) DEFAULT NULL COMMENT 'Price',
  `discount_percent` decimal(12,4) DEFAULT NULL COMMENT 'Discount Percent',
  `no_discount` int(10) unsigned DEFAULT NULL COMMENT 'No Discount',
  `tax_percent` decimal(12,4) DEFAULT NULL COMMENT 'Tax Percent',
  `base_price` decimal(12,4) DEFAULT NULL COMMENT 'Base Price',
  `base_cost` decimal(12,4) DEFAULT NULL COMMENT 'Base Cost',
  `price_incl_tax` decimal(20,4) DEFAULT NULL COMMENT 'Price Incl Tax',
  `base_price_incl_tax` decimal(20,4) DEFAULT NULL COMMENT 'Base Price Incl Tax',
  `row_total_incl_tax` decimal(20,4) DEFAULT NULL COMMENT 'Row Total Incl Tax',
  `base_row_total_incl_tax` decimal(20,4) DEFAULT NULL COMMENT 'Base Row Total Incl Tax',
  `discount_tax_compensation_amount` decimal(20,4) DEFAULT NULL COMMENT 'Discount Tax Compensation Amount',
  `base_discount_tax_compensation_amount` decimal(20,4) DEFAULT NULL COMMENT 'Base Discount Tax Compensation Amount',
  `free_shipping` int(10) unsigned DEFAULT NULL COMMENT 'Free Shipping',
  `gift_message_id` int(11) DEFAULT NULL COMMENT 'Gift Message ID',
  `store_id` smallint(5) unsigned DEFAULT NULL COMMENT 'Store ID',
  PRIMARY KEY (`address_item_id`),
  KEY `QUOTE_ADDRESS_ITEM_QUOTE_ADDRESS_ID` (`quote_address_id`),
  KEY `QUOTE_ADDRESS_ITEM_PARENT_ITEM_ID` (`parent_item_id`),
  KEY `QUOTE_ADDRESS_ITEM_QUOTE_ITEM_ID` (`quote_item_id`),
  KEY `QUOTE_ADDRESS_ITEM_STORE_ID` (`store_id`),
  CONSTRAINT `QUOTE_ADDRESS_ITEM_QUOTE_ADDRESS_ID_QUOTE_ADDRESS_ADDRESS_ID` FOREIGN KEY (`quote_address_id`) REFERENCES `quote_address` (`address_id`) ON DELETE CASCADE,
  CONSTRAINT `QUOTE_ADDRESS_ITEM_QUOTE_ITEM_ID_QUOTE_ITEM_ITEM_ID` FOREIGN KEY (`quote_item_id`) REFERENCES `quote_item` (`item_id`) ON DELETE CASCADE,
  CONSTRAINT `QUOTE_ADDR_ITEM_PARENT_ITEM_ID_QUOTE_ADDR_ITEM_ADDR_ITEM_ID` FOREIGN KEY (`parent_item_id`) REFERENCES `quote_address_item` (`address_item_id`) ON DELETE CASCADE
) ENGINE=InnoDB AUTO_INCREMENT=581 DEFAULT CHARSET=utf8 COMMENT='Sales Flat Quote Address Item';

--
-- Dumping data for table `quote_address_item`
--

INSERT INTO `quote_address_item` VALUES (146,NULL,64,80,'2019-04-10 16:06:29','0000-00-00 00:00:00',NULL,NULL,NULL,2.0000,0.0000,0.0000,100.0000,100.0000,0.0000,0.0000,0.0000,0.0000,1,NULL,NULL,'24-MB01',NULL,'Faux Suede Black',NULL,NULL,50.0000,0.0000,NULL,0.0000,50.0000,NULL,50.0000,50.0000,100.0000,100.0000,0.0000,0.0000,0,NULL,NULL),(536,NULL,480,452,'2019-08-04 14:42:44','0000-00-00 00:00:00',NULL,NULL,NULL,7.0000,0.0000,0.0000,280.0000,280.0000,0.0000,0.0000,0.0000,0.0000,1,NULL,NULL,'24-MB01',NULL,'Faux Suede Black',NULL,NULL,40.0000,0.0000,NULL,0.0000,40.0000,NULL,40.0000,40.0000,280.0000,280.0000,0.0000,0.0000,0,NULL,1),(544,NULL,480,603,'2019-08-04 14:42:44','0000-00-00 00:00:00',NULL,NULL,NULL,1.0000,0.0000,0.0000,40.0000,40.0000,0.0000,0.0000,0.0000,0.0000,1,NULL,NULL,'24-MB01',NULL,'Faux Suede Black',NULL,NULL,40.0000,0.0000,NULL,0.0000,40.0000,NULL,40.0000,40.0000,40.0000,40.0000,0.0000,0.0000,0,NULL,1),(562,NULL,490,617,'2019-08-05 07:19:42','2019-08-05 07:19:42',NULL,NULL,NULL,1.0000,0.0000,0.0000,40.0000,40.0000,0.0000,0.0000,0.0000,0.0000,1,NULL,NULL,'24-MB01',NULL,'Faux Suede Black',NULL,NULL,40.0000,0.0000,NULL,0.0000,40.0000,NULL,40.0000,40.0000,40.0000,40.0000,0.0000,0.0000,0,NULL,1),(569,NULL,490,617,'2019-08-05 07:19:42','0000-00-00 00:00:00',NULL,NULL,NULL,1.0000,0.0000,0.0000,40.0000,40.0000,0.0000,0.0000,0.0000,0.0000,1,NULL,NULL,'24-MB01',NULL,'Faux Suede Black',NULL,NULL,40.0000,0.0000,NULL,0.0000,40.0000,NULL,40.0000,40.0000,40.0000,40.0000,0.0000,0.0000,0,NULL,1),(570,NULL,490,617,'2019-08-05 07:19:42','0000-00-00 00:00:00',NULL,NULL,NULL,1.0000,0.0000,0.0000,40.0000,40.0000,0.0000,0.0000,0.0000,0.0000,1,NULL,NULL,'24-MB01',NULL,'Faux Suede Black',NULL,NULL,40.0000,0.0000,NULL,0.0000,40.0000,NULL,40.0000,40.0000,40.0000,40.0000,0.0000,0.0000,0,NULL,1),(573,NULL,910,931,'2019-09-19 13:13:05','2019-09-19 13:13:05',NULL,NULL,NULL,1.0000,0.0000,0.0000,40.0000,40.0000,0.0000,0.0000,0.0000,0.0000,1,NULL,NULL,'24-MB01',NULL,'Faux Suede Black',NULL,NULL,40.0000,0.0000,NULL,0.0000,40.0000,NULL,40.0000,40.0000,40.0000,40.0000,0.0000,0.0000,0,NULL,2),(577,NULL,910,931,'2019-09-19 13:13:05','2019-09-19 13:13:05',NULL,NULL,NULL,1.0000,0.0000,0.0000,40.0000,40.0000,0.0000,0.0000,0.0000,0.0000,1,NULL,NULL,'24-MB01',NULL,'Faux Suede Black',NULL,NULL,40.0000,0.0000,NULL,0.0000,40.0000,NULL,40.0000,40.0000,40.0000,40.0000,0.0000,0.0000,0,NULL,2),(578,NULL,910,931,'2019-09-19 13:13:05','2019-09-19 13:13:05',NULL,NULL,NULL,1.0000,0.0000,0.0000,40.0000,40.0000,0.0000,0.0000,0.0000,0.0000,1,NULL,NULL,'24-MB01',NULL,'Faux Suede Black',NULL,NULL,40.0000,0.0000,NULL,0.0000,40.0000,NULL,40.0000,40.0000,40.0000,40.0000,0.0000,0.0000,0,NULL,2),(579,NULL,910,931,'2019-09-19 13:13:05','2019-09-19 13:13:05',NULL,NULL,NULL,1.0000,0.0000,0.0000,40.0000,40.0000,0.0000,0.0000,0.0000,0.0000,1,NULL,NULL,'24-MB01',NULL,'Faux Suede Black',NULL,NULL,40.0000,0.0000,NULL,0.0000,40.0000,NULL,40.0000,40.0000,40.0000,40.0000,0.0000,0.0000,0,NULL,2),(580,NULL,910,931,'2019-09-19 13:13:05','2019-09-19 13:13:05',NULL,NULL,NULL,1.0000,0.0000,0.0000,40.0000,40.0000,0.0000,0.0000,0.0000,0.0000,1,NULL,NULL,'24-MB01',NULL,'Faux Suede Black',NULL,NULL,40.0000,0.0000,NULL,0.0000,40.0000,NULL,40.0000,40.0000,40.0000,40.0000,0.0000,0.0000,0,NULL,2);

--
-- Table structure for table `quote_id_mask`
--

CREATE TABLE `quote_id_mask` (
  `entity_id` int(10) unsigned NOT NULL AUTO_INCREMENT COMMENT 'Entity ID',
  `quote_id` int(10) unsigned NOT NULL COMMENT 'Quote ID',
  `masked_id` varchar(32) DEFAULT NULL COMMENT 'Masked ID',
  PRIMARY KEY (`entity_id`,`quote_id`),
  KEY `QUOTE_ID_MASK_QUOTE_ID` (`quote_id`),
  KEY `QUOTE_ID_MASK_MASKED_ID` (`masked_id`),
  CONSTRAINT `QUOTE_ID_MASK_QUOTE_ID_QUOTE_ENTITY_ID` FOREIGN KEY (`quote_id`) REFERENCES `quote` (`entity_id`) ON DELETE CASCADE
) ENGINE=InnoDB AUTO_INCREMENT=456 DEFAULT CHARSET=utf8 COMMENT='Quote ID and masked ID mapping';

--
-- Dumping data for table `quote_id_mask`
--

INSERT INTO `quote_id_mask` VALUES (394,413,'0DWSHRjx32xQvouQBLqruUyn8uD9wtxU'),(444,480,'0ETQ7RxoMjz511x3guPqFBHaDGMYHy7N'),(246,257,'0n6SVc2HUOzY3MFVIwfN7VylZCm3CNUk'),(242,252,'0Q7q4uG1rF06jVljtFdHOa09pLxH53tK'),(220,230,'0rI8Bvjaj9XiRosru7aQWmUl5zcHKxA5'),(97,102,'10LVybPXKHpPMTz8l35uvJpeI95AH9td'),(53,57,'13nyAy5B57mPnZBYbJ67KIvSROdb8V4y'),(138,143,'1Fu3a0dijWF0RIsUNe4F3yfj7em7mQwI'),(120,125,'1gwhTTjjRAPurBNTCoH8YqNdRPb8ToWQ'),(341,360,'1JJDVd2naFL58RCnEZGEFSjmoGyW2uIu'),(402,425,'1K0aeynOpErgbj7dFJzM62PheSPixJYq'),(399,422,'1OjJc7zZSiac2ACXHn1Brz9xHXBv3d0i'),(100,105,'2IwRD723QfgQbh1qziFenFvLlFfwVfWA'),(298,310,'2ldaC5boYlXCYrvuHmbj1WSdWwp2nyng'),(110,115,'2lwh25PCXJsu4tOvDvluRZ9EIfPp3WFR'),(48,51,'2p0St6ubtYBWyoIKEpRZFDrYFQgpZawO'),(281,293,'35s2wm5iom7c4CXUAbNN1wngjZS3Kyqh'),(128,133,'35TOkKnCylFVNjPBdC9D6F4KQKS2hEPn'),(43,46,'37Hlg9j5iyTmGm26pI6izGmqleNXYix4'),(172,177,'385f2gBknZQFwD66rDxNrQJ2fYHzLWwq'),(101,106,'3epoqfCai4cjQ2v5vglS7J8kvJ8LtgnD'),(210,219,'3FH2zjFOzCQSdlfXZjNfIdRlY5hUciiX'),(349,368,'3g0w5VIqMTXrQKFhmtkqjlciyGR8c6Ag'),(327,341,'3pxIvHv98pWbg3cOnCBQ6DAlKBXf5TpZ'),(258,269,'3xhTLXtjVWA8AbZM0MBC6uZDZuLQdHYB'),(76,81,'47VItnAB0mz535qdAoOsehMHU5KInEpT'),(188,193,'4adz1Skgy4Z0mT1RMMTqADQ6ipjOzCm2'),(382,401,'4b7o43dsJUO0Ta8IijNutSH82wN6YgXH'),(209,218,'4CeZ6lQLLhA91ObG8rYNtIFi1fPZ0jWN'),(59,63,'4EGUbCLRluOYjpCjCmZPkiSQihaV46OO'),(122,127,'4G0I5UbSFwwqAHBYY65USOPyr0hlEOLh'),(42,45,'4InwABpChNmezkMHv79HiShi8Srt6qtw'),(47,50,'4l1D3YvKceCsuDwQmjA0lFYW95ocY1nv'),(189,194,'4mN1KftHqgFWu9ZFM1ysO3JGzoudq7eF'),(155,160,'4SDpimB6hP3ZELLH3WlIEJfSCbMdNr3V'),(254,265,'4ToHmWlD6ASqFBm2ASdZu5Dxx0W7neS7'),(208,217,'5osmnrZQKIuMjxCgTIftjQz52535iDnu'),(361,380,'5Pr41vGeZE2KGA4F27xZBIA5FfF2cmUR'),(168,173,'5vk6pkVmNrPrEPulaaCFVxNp8mRKHE4K'),(2,2,'5yQPsMMq3plpmRKm5lfY3e6825hHuvN1'),(453,489,'5ysUeX5P51Y1eisgaSIulwrC8XkAYzNS'),(16,19,'68l79W9jrEZ9tCfvrn88jZg2sKWiPna7'),(430,465,'6bSTalLcoK97EYzjncz0ljK9Skux3Ur2'),(325,339,'6sBthwyffm4c9FfdJGy2iKaenWaJdPiP'),(63,67,'6T94tmiHuW1pxl6aUbxEeHxOIAQChZIP'),(127,132,'6UvrpxeArbQVL2LF1CXIwdhl0jxFLCNv'),(438,473,'6XHVOShyF74h2CuC4TT0K00CQy8kfQU8'),(175,180,'76wYNmxzy6IjayttBYVTVDAiNL2cbRBP'),(318,332,'78DvEB3KVGyB1xcTxQSgdXExPhGZD4i2'),(320,334,'7cCQfwQE23FWByTuQhxhu0L7d2lrO1pO'),(429,464,'7Lt6RionyfyPSpPbVSQCT5pvqQ76wXSw'),(99,104,'7mVoloqDaMeaLfR4JpoxUwUeCDLJSK7T'),(78,83,'7MzfRMX1ixo9D5WTqrXJuNAmX0STE0bT'),(437,472,'7uGmQXu4adu5BSpzcIellLzvoSaYnugM'),(84,89,'8DBNSr1rm3B3C0NZlShGarc0OVNXqPt3'),(241,251,'8Fg7csPDXYSEhixQjpa93j2AQEKxPm80'),(80,85,'8JHs1FpqO39ir2Hvy1t2nZXm4iBOmTjw'),(238,248,'8Kt2CC1AIqyNawxJpEu1encALrBhBiab'),(180,185,'8n5dPaSaIQb4beEbFTxUB7SQmhDkQgc8'),(163,168,'8Tl4bZydN2iDXUPvVlaLU5ixZJea0BtL'),(243,253,'8vCMGsDpQsGOyqaS4A12oI7spZl0cHXu'),(34,37,'8VYwWQYghGoRzODayx6fnqCpXkLPJ6O7'),(106,111,'8YvfqaZ1k83WZfGOqcQey8ACsaLPKjbH'),(10,10,'92jzWm0txgS2a5RAYyJyHy2Y1D6fladh'),(302,314,'9FTZ4ClOeXwraT1Hqm2fAiGGXV6VqDdB'),(367,386,'9pVX9fKghjdP564F5prCVlBhRBpaeTJw'),(187,192,'9QBxHqCMF0JOUoAKUlTpxyWgVjakQzNg'),(328,342,'9TED88uzJiqAo7dBgtEHQjA8WEk8dUcN'),(265,276,'9vYmIalN1z0McB2fCdvdGJg8ME9QxVVh'),(271,282,'A6Yx8hYxte32I0Bc7WGsRLA40vLoINQx'),(259,270,'acGnNDx8LSQ1DkAabNMgMhDNngOf7DRp'),(69,73,'aDmTfWBZ4RnraOwUuEjskbLk0dYyESYB'),(300,312,'aFxKJz45FRQ1hM9hAvyubdZhifST052N'),(450,486,'aguagwmpVmBFzPmnMMJBmo5p6068StP7'),(22,25,'AksgZoL5A0vnci8g7v5ZeS49DqAFJKf7'),(202,207,'alV7rEuPJGhAnvM8G9jdC3d7WavToS2W'),(218,228,'AOGx2tJ3FGOFuOr1AkDOOOeakXA7gyx4'),(373,392,'aqICWbmrabJ9fVTwXYUnlQdAeNLxC76b'),(416,442,'au9iotq170FZwGhXzzUOFEdAfL1MibWs'),(179,184,'AV1iagPxsWHP6bAIUA7QIdJtzi867FqK'),(165,170,'aZmPpNVIf5RsKySjhgw4DIn0KxQ4JMzk'),(417,443,'B16Rr2w1LhxHjIKiFVDLPak6MjmmDkmf'),(129,134,'B2O7I7gbvF8fesDX9wOl36Ikp3gDSmeA'),(118,123,'BAazOJibpd6K1Gsiv3AYxY0KcXeh1otd'),(56,60,'BAEMxbMZHVIgxsvVK2T9OdzvIpnc7Lvg'),(289,301,'bbGvCC3yaFJaahbQyXs5KHA3x2DYZSsp'),(140,145,'bBkLgw4djIzF3KNE8EPvAYll6iSpNn4V'),(146,151,'bbq2kBx9dWbQ73ALpMHNJJZhdZjUA8io'),(132,137,'BDflbh53kfLtaSSF1tIH47aNgWkMT5Q3'),(35,38,'bDLLvrxO3h8t2h94g3c83iurkzkPCRrd'),(71,76,'BnZGF8AVxFTMhYgQeWff5Oy6jr24pXyw'),(23,26,'bp3fWcXKjc8pgMR8OGbjOll9MvjAKIXz'),(282,294,'bqB6lzVnjh1yEMcQvSrOCUcHBroiFZUx'),(58,62,'BuZB22cU29x6Y036Qs7jWuW5S6jpGALJ'),(57,61,'bVZZ2SDBunqc0bU4IpyTMfSLgmgIf7vM'),(169,174,'BxqOKWX4CohwCkU61INIcqPAn3R5r3Jn'),(205,214,'C0XZ3vG251IRA5jYNolZ4DXM1kyQixek'),(304,316,'c6dsYF4DDYr1VCQoEsxsoUzOMaD2Lw2k'),(225,235,'C9uGfeTRQQdBGTobi7PY2gi0iZWEvAt9'),(405,428,'CFAyEp1sy3qwpTJKtmgErufSa35Wsgp4'),(294,306,'chHsJeLS7atjordUT5WYronOtCJteBtK'),(270,281,'CJK3YDH9uYopDR6lL8ikPzel4eGqRt3s'),(295,307,'cRwvBbTwT9K1OZJ866cwJ1eSYfEhcqb4'),(266,277,'CRyqiyjbsv9OOVN0VyxuWn3WppwJj6Fn'),(176,181,'cSMaeKUutjdneP33PjPE8MJBMZ5yrudK'),(200,205,'CX8QvG16foXaZosDQ3RDw7ZeK39mKwRt'),(153,158,'czB9TbtmHXXRin7rPITBYiINrwS4Axh7'),(375,394,'d4hW3jIvDGqIUCI5o2G0TLtTNRoXYfO7'),(424,451,'d8fa1r4oXBX9Yrt2mR67tpHKI5uR56ql'),(261,272,'DaG4lwCENl4zOAY7fjDI6Lr34Lzhpa4S'),(170,175,'dGGTm8hkzfrKiWzHU83ldyOvwiMLDIH9'),(152,157,'Di5fl5p2ggcwE6Kos43wlzbZqWsTK8iP'),(25,28,'dqBVI4B0RS3emwz5TXYLNVVrG5fVObkr'),(135,140,'DvBVDj2EWdWHbsHI3uvra7c0pMPuqmzL'),(378,397,'dvQLD9TzmmfQG0ilQ06WIPBZJpF5ICVT'),(237,247,'dX5gepuacBnaJdzNjcKzWwqLGAuhlePi'),(446,482,'DYL6rnycglGpQo869EsOBPbsFL1CElhA'),(346,365,'dZsrmTEEwFADun5IKfyNrcvUD3P3qUyB'),(109,114,'E9bRwC8tVc3jAJSv2tO7ju4qOQ80w325'),(331,345,'eaJhv44QV5Zo3OpTMi2aacIgZ3GRTwfc'),(407,430,'EAJHX7B79iKpKcd1UZpzPu7Cgs4ZauQ2'),(442,477,'EF4JfbbtNfL86Sbuy3kXruuKqUmF8M4I'),(139,144,'eflbUazeFECcLzp1f34CRthycWpup3SE'),(431,466,'EK4L1yNeUh4Km7JGQWyOW63SKbUf68Jb'),(123,128,'EkeJBWqlWdHuvizwlzXqaAbAXLyierBF'),(372,391,'em0bjFJKArukkOhOFbRxGSYqINr0bgRq'),(288,300,'ems9l7Rc5cLwhYmJM2YRein4JOBxygsf'),(383,402,'eP4j908ZWvBJ13n4sBdImlgubEHddiu5'),(363,382,'EPKe11caEDWj5B8mAkmbqPzDPwcKMT3r'),(143,148,'ErtjpZwuQcYUf5zPom5wOxnKzgcOJ5Y0'),(368,387,'esVxAw0MJJCNQ2DXc5biUQm5YNtilfXM'),(125,130,'EusH6TMHvbKZbV0ofuYwAeI9eeuUR8k8'),(386,405,'EWUfX27U94TYXtttNewYKXPT6Y63Gi3X'),(157,162,'EzMCEABbtOU55kVTGLzP6jN4EJn9tUxO'),(137,142,'eZxgy46JT9gjBDWfhykWz4ZjSId3Fz4t'),(435,470,'f0WjiAF7TmabA41xHQ3676kiGYj3Ymwg'),(414,437,'FAxzZz8f0ndgjQQsnq3sVmoXv5oQwOsr'),(39,42,'FcEkIy18R9ATSqCAmOLi21BW6vSllr5v'),(247,258,'FlfmdwaAhhoMZnChsbW1bptMT5nqv4bk'),(195,200,'fLJaHExAU0CMdYUsUD6Sk3kUzD57DJrA'),(182,187,'FLyS0dwUrG8zst4JFAHuh3K09jldGpsc'),(329,343,'fnG1bCpI8jmAdssVsk2xjLpDj0wbtdxK'),(413,436,'fR2zsAKGh4b4zJ1ZGvTI4ydk1JiFHWxs'),(245,256,'frpI7s9hSiLWKzhPWCVJrVRq16F0kvQg'),(171,176,'FRszZfcoELCdnOEy7dV9kImODKR45ovl'),(70,74,'FTbZJHv7ewMexUINTIFKYl6jZ6vBCoIQ'),(396,419,'FUmbemwVmk7pRDxRscQE5kN8OhoWv8md'),(267,278,'fv8XixgEsETb6k3VAOuHA3f2Ora0sYz6'),(133,138,'fyTUkZNmEbUl5qfficVO6wS7JqkmUG27'),(91,96,'g1ZMcrtaNOpRKsZAx6JE8WFHGHeIrSJi'),(85,90,'g33M3MUMaG3OCifxHF4w4C7Dmt040oYn'),(17,20,'g3muf5N3yLpdzwzBbAGIReVuIfAwd6px'),(36,39,'g8wAtfv3tT3YmX6B2XBMXCCfi88GxBGC'),(350,369,'G94JD1zmy68Dp3axXyhSvt8L5JiW0g9G'),(426,461,'GFr2Lq8zcCkZBtPcsGv7IDmkSuMPvSzV'),(310,322,'Gko6GMhTari79MWEAM80UgC4Z8g255YX'),(55,59,'GPQ4QFu3Zrves70SuJFcD0agTuYjkfJs'),(167,172,'gReLZUpThKaUoKp3wEkMIlMfVlvdpNJ0'),(344,363,'GRk9gBEfMB1Doirk7Ypc6sZBbFUeITjq'),(50,53,'GZ7f3s9FMU0O2RBFhJSRJEYLovOA0kqF'),(119,124,'gZRTZ0C2o5BJ2N3tgCh3l0Nw4DsXCOIz'),(291,303,'h20xRZMNbV7j9CGdFKodrbo7RKhyF0hG'),(362,381,'H2ZGTanlRyv2E3RqfgClq3SlYJkJmfVR'),(239,249,'h5P1YBgDWG2TcKXsxpjxAhMFlwKKRuSA'),(253,264,'H8ADjRer81p3PD2WeF08gXMD0g8ANoZb'),(126,131,'hb30fLe1SVf4u0oOpUbjuEBC45FHMMIc'),(340,355,'HbIRoU5m7OKxDqWwNwT2coi7ksxKlHin'),(158,163,'HcRsi73pNF4fzzjdrx3soE3IhiZNZMOO'),(233,243,'hfgGIRSfP9mcc2RrQ8wDQntEhvElr5Iv'),(334,348,'hFYCG0WJho8gXp1Tq9LkdMcv2lr1m5US'),(114,119,'HhypyddQyXy8dT4OYKehM6rOmNi3cEjr'),(391,410,'Hie5fPsVDuZfhJ4OqQI1SykV9gfx7loK'),(357,376,'hip7zFBy97q6YSeruPPUlioySBFSPNLi'),(186,191,'hjvVbvQWWKEk2MninxcGkfiLxhZoKWDr'),(44,47,'hoxcTMbfN17NuXzfgPngDC8QWiHg3wmo'),(275,286,'hpxKSDYGRHm7RfUMcQf9AbzLBcwlImb6'),(411,434,'HwlaFBfc2PFl0EG4XuKohvK9moBkZQif'),(380,399,'I90wTAI3s45TVPhLRw7iTHXa6JxU6par'),(190,195,'icwKGGr8NzLR2OvUlfMFySCS841ZAxvv'),(409,432,'Ie6S9bc8TuGRSfHVvYxlcczeDHNzDKzQ'),(272,283,'ifDISCnyyAxDTekZwCcaspbx2aOTtnyn'),(147,152,'IGtVesqmt42iPLrxpD8ltbKdmuWGmSrj'),(117,122,'ijtXrPMvwFKybBTbhoGsMc6Civ7ISZIj'),(398,421,'IPXjBSFHG5krdX4oCEyJ647Ue5DksHQh'),(192,197,'IYBslPv6LTCraxGyRGRKlK2yMLnnQ0aP'),(229,239,'J1i3JUicXLkG8U6Qjm9fMEViUxV3pB0j'),(455,492,'J4qMP6j3xG7EpZdbM2G7RPyjon0EX7Lg'),(72,77,'j71dOAGalN4kzJzCS5x0Y8GQ7ki5KjGs'),(374,393,'JAFxSOdMh2E12ow2zpj1AMppgT6aBpzx'),(322,336,'jcNwgmzjIAjgbpIU280gySkdkuvXEz1U'),(418,445,'JD5uLyBS5uxPsfjoXPhgA0BUgb5xc1Ry'),(392,411,'jDGgwmykyYVbayiaehSvGtMAS7PVSJRb'),(299,311,'jDoxjORCt8w2aNzUrol8Js1soiCpkd2O'),(342,361,'JDptcRS1aA438xi8h4zU44phHUqL5YIr'),(410,433,'JeGR24haYoSrsmE4RhWJOjUEC9BiM9BH'),(64,68,'jhfTNvH0yq2F2Uls1CGom1Jiy8rch8w2'),(440,475,'jlGkr8VUKZ396ep6iKvRt4z1PG43Yq5g'),(316,330,'jN4BGFHDXu9MOfPtvJEPT3jqAXnEmaNv'),(323,337,'JoIN5ws4vY8mlrTxufDwZ86kSlWzoME9'),(94,99,'jOxEWrheJmRumuduaf4FbF2zEeEu1MM9'),(89,94,'JSZjBEdTpGyw0zd1X7GG8q1gnbSW6Q5k'),(244,254,'jWnKYQQ37jvC5QZh5KLiH40ztpdIQZJa'),(191,196,'jWxIjUZ2nZLoFhX1ZNsqTueh9HhZRyjg'),(66,70,'KA1aFae4lUpOFTPUuR876B87XHDVyCol'),(263,274,'KEu2Nwyd9McwrTQClOAKBHlXwEJ1yCKs'),(173,178,'kgvgkvy5QbLe0yoscy6qJPGiiVfiLKoo'),(321,335,'kjey1Ann0WB0e3nzMRnfcPNOp34rAjTd'),(98,103,'kJgGoek1WPHtKcyTRhNDDv6eLk00T0o3'),(403,426,'KLWwAtRIlEMzZvp2UEoLc8pXVwUhoXd0'),(428,463,'kN9j8k4KOxu3wYdyVY55EM6Ryy2a9Xt1'),(297,309,'KOHg2TSCpEoqkUhnLUwgPs8IiXG1FHoI'),(30,33,'koy9l7ltnmjAwfLTDCZq0zY7QjTZZ2fm'),(231,241,'KprTL8jXszsKP6VGO7vDRdMkZeuSsxhL'),(206,215,'kR5YVnjs7y4ECoIrveUx42gdtiqaoXmm'),(280,292,'ktIN6nyPCe53332IhC7lK1NDiu4Nez10'),(136,141,'KTiyuzywPfNUqu4LDCx4ykfmqaC8NSF5'),(124,129,'l1TD8ghLrqG7wHZ4A5GfvIhzUNNXmBuC'),(161,166,'lARab1Ke4UE6FgUM6KyfdVTcKzCGtFmo'),(196,201,'Lhwpq5x2814Fmx3NFJKhFw99haMJ8f6D'),(160,165,'LIjQ6ozvxq3eqTYjFbPZhQnOngiv4UyF'),(130,135,'lmhfck60RkCfLCEe2M4DrbyidCWmqNyu'),(364,383,'LWbi7BCnBhPXMMetPOvZZf7yoQaTswTJ'),(148,153,'LxOVmSXK2zE1aeSKeVmMSieDtQEG4GzT'),(37,40,'m0j1LISqI6izV4rIvIpnf6GLDytwXjaG'),(141,146,'m1CrspEDJLZR3LJoAFCLfZUU4PxjdvW4'),(360,379,'M3IKmJCmzVQO5K0wLDOL5daJNQ5Ds1Xv'),(154,159,'M6VrqEcigDgrMaR8GtpzWxBvOnUJKtU5'),(397,420,'mhSl6kbhyojxOdwFREsdNgmYWpqrWcyp'),(412,435,'MipCg75wwANtzAkqm3kHrUFRlAEZsnJr'),(46,49,'MMGv8fT2kIKowL1a4fFedzzj3dRUPUq1'),(326,340,'MPmUGNYnd78xC63DVBQAT3EaYjpMQGqa'),(376,395,'mRVWtQwIHHhNwISqB62ZEU9oDsWB72ee'),(61,65,'Msx4fS2evLNUB5Xktxl550eI9In5l257'),(29,32,'MTgEHdqSU29nlu3ewxblbFvv7eFytISa'),(443,479,'MVFNo6XQ0BM2CRyu3WLvfDpd15ASJIA8'),(77,82,'N06yDPvvmoT5da71pqwzOD4PRs5rZkys'),(433,468,'N4dvXarPdzzBTuUBTMBk6HmmYMfRDTU9'),(285,297,'NAndHfpVZIjSNbStpT2N6Fu7ME45ehn4'),(151,156,'nDkNJEmWmrCIkptoW70jIOL15tOXdPbJ'),(408,431,'Nf8Nwr0jkheBDknIl6clyxi62izbWF3d'),(400,423,'nJ8EBtR6AeEp5nYFJDlUxbZr6UEzAQZA'),(142,147,'nkDTfEZjavYTtvwRgJ0w456GABXkaQS9'),(52,55,'NMF4KxuUufLxm1PWPznViab16VHYJDZI'),(199,204,'Nmy4XmUuFejLp0dRGgeF412CpweOhMD3'),(67,71,'NnhdlQ7McKtMlGSgQNl7fnniJovTnqVo'),(448,484,'NoELe5sLncjaYJQqNANjxMSfROEY7JUe'),(45,48,'NtzzWDduqM2hHNQeLd5DKgeLNMLAzh4t'),(359,378,'Nv0ZBgr6sI1jU3PvJ873fQkmQvuu9tLL'),(347,366,'NvUtlBgCGeSzvExPz1VSyzhAUGntBm0W'),(65,69,'Ny88b4dKuwmPFTcK2onNPZbYhtI6Ab4h'),(82,87,'O3t0GuYYPVNsV4xJsoq87WKhgIRcFBTx'),(365,384,'o9cjmG4sEDnt6tx7VxkLhphk5ZEFRH2k'),(371,390,'oB3tPictO8AXmRgKOgE10WBT6CzjGtoM'),(306,318,'odeWG1eUTW5z3rzCPCZoBGRaSLYcT6rE'),(62,66,'odhRUp1YCIVHtNFkJXjELAWuJgYL76eN'),(434,469,'OfQAn3NDSEUsebs2mylFOWLOIUfsH4Ve'),(301,313,'Ogwwd04fR4K9Rw3OruZ9DQGxdM7W2v7s'),(425,452,'oHcMiAzCdz9HyLlv2AphOtCUr0jJYKcm'),(221,231,'ohm9FqJ7bFhc5Ai0ztkIJSFEpcEjhlJ7'),(92,97,'oJNw05zyB04mNMVvI8y2qxqxcsmiOdib'),(11,11,'opycrhGnaJfqoYNXYus9iF38niywPkQ3'),(292,304,'OqF0NKoOFz8T8rSlg3ex9Ezl7Fkx4GqR'),(423,450,'orTu9BA3QXF8ZntwcEBPlJrJKgf8ylz6'),(452,488,'os45o1Mlk5boc4TU1RNyGEbXGYGNKRdb'),(228,238,'OSbbWcpnlv6ShYK7SKwLdWuNM8hPCtj9'),(449,485,'oSHoKSduIPnBlYOnQ17bdIeGcWDsEkfM'),(441,476,'oVG6zGO9rPPRcYgTcsjodBKOfx0hKEQ7'),(198,203,'ovZckhkB4rlP42PlKfiX5TywYC7qaVjC'),(332,346,'oxKQNCFfsJ0rV9yXRbgbswpbQeS0gfXC'),(21,24,'OXOxE7zc2xhntnMP5vcV34Wx6HniWv1I'),(286,298,'p8uzdg20wIFomFdVAaFVWFOAdSRz3fDN'),(81,86,'pFcK6KLmesG8yo3j6N37eHSzObKhxS3y'),(116,121,'PHmmPKexp1Qx31PsMfqBOuZBgfS8h8Gb'),(445,481,'pj4jEFoy38s8y0krSygfvKTNuBntReDa'),(96,101,'pJJ57HO5WIjbNhS9N9dyUq3Jq1j505da'),(388,407,'PmfQ2Q19yXE36LkTBl89x0wOR3sEKt3E'),(454,490,'PMmPGjOlBmFpNGN6XeKsEpKMtP9U6SGW'),(370,389,'pQEGeYQLyZXCkReSGMe6OCLKGDrWUIv3'),(134,139,'pR8x6kFKIlmJgD7i5ISGe69ary3mOCYd'),(337,351,'PRsUwTCkK96Jor3RUvWTgYuU4z7S6roY'),(406,429,'puEZhzAClrxN4AdJ7xRFhIz9WDla7nQy'),(201,206,'PXl5yINjt1HTE4f3Up76LZhRDyeC2OQm'),(40,43,'q3WLJIlD0Emtc0zqKZKp7F2dX5aHze7t'),(269,280,'Q5bSvjpzSNzK4DgdG4x7YPFTA0aOqAGd'),(353,372,'Q5QmlzBOxAaOaEeocuidtlViO5Bud4bX'),(159,164,'qcG3wq2RbBZfbNvZICDuVUr3x5hT6Poz'),(387,406,'Qk0zMh0fuGmZd0L7AOH34fbhUzYmUHlw'),(390,409,'QmC4T3KNGhVPIOPQGhTu02CkTWR2ZVdf'),(422,449,'QNZs1CD1MxnKHVVOYaUYhPBCBYtIv8T0'),(307,319,'qv38HhP0bwxFrnjlPES1DmtgWdQwlWkm'),(149,154,'QXEskM2ozmkv4SwhW5hzZFveGTRB2zUc'),(93,98,'qXI0mDYTIHyz6AizISgFQy58Okvhfjte'),(330,344,'qY9mG5EFMNjcfrWVxrlhepGcUpFGLyBq'),(312,324,'R1EI2pQICDOFZLUBeyDFvGsQVlMQigPq'),(219,229,'r6KDJo5Z6h7vn0tO6gwHgX0Qq0pltuPg'),(162,167,'R9XRooeyoyWgb8XOs0WyYWh0c5ynA1I0'),(86,91,'rdIuVSMDfF85PWpN7V5ReT1xZ8XVLKC7'),(88,93,'rDJO2nIw9r8qnmVTY161v3y2xg0RUvM4'),(60,64,'RdyWrbewW8IVgglDajIBDRwbidEBxFIm'),(4,4,'RGPJIMPlvtI0TMAGHbITPXCzyikgZwc7'),(7,7,'RhiOltcB3uHKXiVdxlvdwUR8AxW6GyLC'),(319,333,'RMPNn22UoE4GZrZLnZ77D95x3opptfjI'),(184,189,'RMTjjvbw3Tgy4ry4c5GP7wnDNQaWdRgA'),(144,149,'rmWLfx0fleihdCWQYfKDT5zpCFIb0Npd'),(32,35,'roJcWuVj7KsTUmxg4rMgP2vZHTfB8B3b'),(197,202,'ROJdcFzYHtfJVKOwMTpyuD1ct0AuAzmu'),(351,370,'rthMUpjAu9iv6Leghl5LfYElR8IXhovr'),(3,3,'RVDS6MYE1UR7qkWEdfXROX9pJC1YH8zP'),(216,226,'RXuM6rJATzQhlaOnSId29y4izT7KdXs2'),(277,288,'RylDM3RJi6KguGuRtMVvNk3Dj9DQE69R'),(389,408,'S0ztMG3b8bjVFTQgTblf8b7pQG47QSVI'),(107,112,'s6dw5LYhpr8tbzxxWDlL3rzmtSSEM3rG'),(54,58,'s7YfsuIFDHE7cLqLdq7Ecbx5vvH6UCwj'),(1,1,'sBKXYuwKCFvRmwAcAj9DZXsIE8MbHUHy'),(223,233,'sEwn8PdTqgFXdl8OgfQ48DFG4tb6GaDU'),(73,78,'SgCcxnZdcZTvKMsMl9lBw7D39deP7WjJ'),(18,21,'sod8m617s0RwDt5CItqrChBFRyx7LPUo'),(227,237,'SOrIZx5uWP8mxJvTkChJ3yJT3ZWzNjO4'),(287,299,'SQeAebNV6sdVUqvvXrnxDJ5cCJZqTDDJ'),(222,232,'SqRNjZDF0PEuC3hMvCRMdOYUQHKA9ENX'),(395,414,'SSAqAntGxY6DM4TMqSBuCSJzd4VeYCjU'),(31,34,'SsBp44UK0qUqhe78lERDeb63hMcDpfMC'),(87,92,'SSmY5JleZaaKKMMsz3r3xLidX9vlKAKE'),(108,113,'ssPBOtQdsIWfwFNmlz4aF7thJTG0EqZ7'),(419,446,'SVOmUVULWAlgTXHfzwhJKaoljrB20yST'),(68,72,'sXBj5vJMOYh9CJtfmSnFMGBTaNAOd3OK'),(174,179,'SxgBgQ90eKSFPB9z1zLByuYztfUOk7An'),(28,31,'syKKHjdh80rKArOxBNZbkZeqV3DuWVHD'),(317,331,'T9bgQfF7M862xtLy6uvpRiWrtIZfED2g'),(19,22,'TEZSaLSBWtRDS4IO2xIbgcHWpUrxXDBu'),(215,225,'TIQKYHypcXEENZI4nPBwGOuWNKKMpqt3'),(207,216,'tKFITmTu9MJPMhTnbnpWxhN44p4371Oz'),(230,240,'tlnEkOB7wq2NFsFqOEFfhEkGDQ9TwB2n'),(343,362,'tlrVK50wRMs50kQ78fjGJCAHNMmzOqf5'),(273,284,'tmxT9fDGbN13Z1bfK7i2yO0gPypa4JO4'),(377,396,'TNsXGBeRIMoQWTGITrwkg5eH3ofMz2dT'),(315,329,'TnYEXmypgLUzE3mCLnzfV7xIuDYACqbb'),(103,108,'tOCtM0RxfARrCtArwiTQCWD2K1CuRnuX'),(232,242,'tw7VEmHEGceXvGhxugtJoVjZS94BXHRO'),(358,377,'TWmPMRTuQSB0mr6sCA4ucdEsjoxouYQf'),(379,398,'U3Gt8n4V4pUaNT22vVt6mes0uTKq0908'),(204,212,'UarEmvQfjaT51cbe9DHPlxteTBibaNGP'),(278,289,'Ue6HwIQ0wGvlugJlpAiBwkSWzDgEjp25'),(27,30,'uFxSmHKLzsBejZ9QAJyQURhDYSiBn7W5'),(102,107,'uhchNemZBEjezrB1bk9MJdir1l54e7uU'),(131,136,'uhO1CZScLlr8A6S9TQRvccqNL7fqg7Go'),(74,79,'UiXLeMGHW08qwkwCmFheQOHeQonutkqX'),(336,350,'uJkxHbN1U4fyyvWrx6tEqi2Q8Sa0lU92'),(366,385,'UpAJzHMqRV3ENqqMtK6sV6O2ztY9zb0T'),(384,403,'uPzeHKElpsjXpiT9CcNsBu8HhtvWosRP'),(447,483,'uQjrOfXMyNjykFCchuuEL2ofEGMkQyBD'),(194,199,'urJsATKcWhaTh0X2lcL4oHxOyec83Ftk'),(369,388,'uVBnq8NumX6sKzHbUi04O4vBBJ5V8lFH'),(24,27,'uwgopxselHxBUB1qPmOT0rjUbNuksUb4'),(38,41,'ux0uI0G5sesmQMndpG9F54VCPoD1mYia'),(249,260,'UyBJDnryczgp8wVFJV1gyiThzBngXaZ5'),(262,273,'V4GJXeDU7TuWmNXxGqnTkevTeEx4lPk2'),(276,287,'vBWWD2AainSlNuPqWjcUvMuSSNKQlLd2'),(150,155,'vgc1KFHwiBJz9NGQ8ljQfskjoWHGoe7X'),(268,279,'VHyZz6fPD3Y7uLaKsxwQvONYIup7UGXD'),(250,261,'vJVZHuUJTfAJp5Mg2daFOgH6EhjE8bFe'),(112,117,'vMNE6zWNi9XnVcOqGpZbd6nFeFT35R5j'),(75,80,'VNspXE4gHxcF2zYLmgGGw8iloo4qRTje'),(115,120,'vpeMisweSmHebkJyyJI2LApzoIlcWSV1'),(385,404,'vr6oDcE2r7xAvs7cTfId24FTOKCh834o'),(41,44,'vvGgTazx3rlrfTWjU9JEhOYehzn83Qf5'),(214,224,'VVgxw4mNBmRLODVz20eolMqHS8JQ3H2z'),(240,250,'vy55D9ejlhFCNQ5O2lEtIeGz6XJIMrc3'),(415,440,'W0dlb7jjduQomxRWhiRqFCMi4JiwQChm'),(164,169,'wfYvj88zGODL3TZbcQlcLepSF4ECL5BH'),(381,400,'wh28KoVy8jDyl6zu5BnLgPOO1eDaKKtY'),(257,268,'wl9N4LXKn60CDX0CwMowcy5Aja0XU009'),(348,367,'WPy9MroOVeOB3ll0L9aC9WVzXowL316u'),(404,427,'wSMxols8g20bnzPE23yRFUSM3E4FSlMV'),(451,487,'Wt3x4950xGdebQCJFkiX6VGkI26iY316'),(5,5,'wTeirK3c9JgEWcmGkUEKBdU2Fi6xbwPy'),(439,474,'WUGpdxeijjqYDOihiypf6JbCJ8mxIfZh'),(49,52,'WvhZAvDabzkiRl1k5imZVXQtx9Rp1u8Z'),(104,109,'WXbU1QlUUkNvFv8kw4koPfvlYzoPGhVN'),(33,36,'wXnkiJqg9X7oiZzt6u0Sd8TJzcN1niWr'),(324,338,'WZqy3sA8UBjYPyUX7vUaIAM6faFpjQox'),(226,236,'X3ImeoRJvbEQXsdIhuBXsUD1okhBF42D'),(314,327,'X3YVrrgtUM9mXs76lkpu7KvgWOeBUPoR'),(303,315,'XfyAWP7blGtP2pLwGo052Ezcw8APKGzb'),(95,100,'xJ3itBR1PgaO6vh87c3nEeP2YYsVmoS6'),(432,467,'XJ4wxJF6U5vzHvG7NxO3WhdyQInVOqcM'),(51,54,'xmtxX2EMx2ucxLaaZvcHuVjS1miyKpOj'),(193,198,'xnfprcKbjO7ZaHVW72UdU7LZvBaog9qI'),(235,245,'Xng5bHEzAmkYG3mD7TEu0J4ng6hqSESG'),(436,471,'xNISJxYU0heyqWoBfEExfAqzmpz2Uj8Q'),(156,161,'xqnGnpSg7aihtho6rAMpio67z6x7gY4b'),(6,6,'XwlBXO2xtXkfl3lTNuFRkkYJ34zTiWQh'),(345,364,'xWQRBNABSUufVAUh39Z9ClCr5Gp3oKHe'),(427,462,'Y05hDBAuWTi1LMmuJ1aRgdzGTuTfeUPM'),(83,88,'y57Qwkbe5NNfQCAXfOENrHcKmrETZ9b1'),(145,150,'yA3TtyL17z0ljNqZ4JmavXLcqfyi9m3s'),(105,110,'YaviqgxO1nUmP6h2fSe8h0IY5cD5Y8Gp'),(260,271,'YB8IqNjs8R7miyqBcFqCFzj8yr9Z13Gm'),(121,126,'yej5hgwipaxwDnp9DLlSw8a5yFOs2wPD'),(111,116,'yGY2Hk02Q2QvCiaPxzELhS9L68PHIvbB'),(166,171,'YjCJwqFqSCuOnnFmDfrjbz0YG7NTSxm4'),(393,412,'YjZtkCTQhgh4LoZ6aYvWEjEbnYt50qhT'),(420,447,'yTEEYarNUo2lm4RKShR2EHJA7x0SLz8Q'),(356,375,'yY4ClmPXUdZHeCKccAN8tQE91AeeGmD0'),(79,84,'zF7Yi9ZUH2ZPpbRPlJZvcuybkK0bGczP'),(296,308,'ZLEmOPZd6aWXlnAlF55A1QIGWNfyytJD'),(251,262,'zYS3Y92QnEYHYSYivoNeZN9rhyNpnvYT');

--
-- Table structure for table `quote_item`
--

CREATE TABLE `quote_item` (
  `item_id` int(10) unsigned NOT NULL AUTO_INCREMENT COMMENT 'Item ID',
  `quote_id` int(10) unsigned NOT NULL DEFAULT '0' COMMENT 'Quote ID',
  `created_at` timestamp NOT NULL DEFAULT CURRENT_TIMESTAMP COMMENT 'Created At',
  `updated_at` timestamp NOT NULL DEFAULT CURRENT_TIMESTAMP ON UPDATE CURRENT_TIMESTAMP COMMENT 'Updated At',
  `product_id` int(10) unsigned DEFAULT NULL COMMENT 'Product ID',
  `store_id` smallint(5) unsigned DEFAULT NULL COMMENT 'Store ID',
  `parent_item_id` int(10) unsigned DEFAULT NULL COMMENT 'Parent Item ID',
  `is_virtual` smallint(5) unsigned DEFAULT NULL COMMENT 'Is Virtual',
  `sku` varchar(255) DEFAULT NULL COMMENT 'Sku',
  `name` varchar(255) DEFAULT NULL COMMENT 'Name',
  `description` text COMMENT 'Description',
  `applied_rule_ids` text COMMENT 'Applied Rule Ids',
  `additional_data` text COMMENT 'Additional Data',
  `is_qty_decimal` smallint(5) unsigned DEFAULT NULL COMMENT 'Is Qty Decimal',
  `no_discount` smallint(5) unsigned DEFAULT '0' COMMENT 'No Discount',
  `weight` decimal(12,4) DEFAULT '0.0000' COMMENT 'Weight',
  `qty` decimal(12,4) NOT NULL DEFAULT '0.0000' COMMENT 'Qty',
  `price` decimal(12,4) NOT NULL DEFAULT '0.0000' COMMENT 'Price',
  `base_price` decimal(12,4) NOT NULL DEFAULT '0.0000' COMMENT 'Base Price',
  `custom_price` decimal(12,4) DEFAULT NULL COMMENT 'Custom Price',
  `discount_percent` decimal(12,4) DEFAULT '0.0000' COMMENT 'Discount Percent',
  `discount_amount` decimal(20,4) DEFAULT '0.0000' COMMENT 'Discount Amount',
  `base_discount_amount` decimal(20,4) DEFAULT '0.0000' COMMENT 'Base Discount Amount',
  `tax_percent` decimal(12,4) DEFAULT '0.0000' COMMENT 'Tax Percent',
  `tax_amount` decimal(20,4) DEFAULT '0.0000' COMMENT 'Tax Amount',
  `base_tax_amount` decimal(20,4) DEFAULT '0.0000' COMMENT 'Base Tax Amount',
  `row_total` decimal(20,4) NOT NULL DEFAULT '0.0000' COMMENT 'Row Total',
  `base_row_total` decimal(20,4) NOT NULL DEFAULT '0.0000' COMMENT 'Base Row Total',
  `row_total_with_discount` decimal(20,4) DEFAULT '0.0000' COMMENT 'Row Total With Discount',
  `row_weight` decimal(12,4) DEFAULT '0.0000' COMMENT 'Row Weight',
  `product_type` varchar(255) DEFAULT NULL COMMENT 'Product Type',
  `base_tax_before_discount` decimal(20,4) DEFAULT NULL COMMENT 'Base Tax Before Discount',
  `tax_before_discount` decimal(20,4) DEFAULT NULL COMMENT 'Tax Before Discount',
  `original_custom_price` decimal(12,4) DEFAULT NULL COMMENT 'Original Custom Price',
  `redirect_url` varchar(255) DEFAULT NULL COMMENT 'Redirect Url',
  `base_cost` decimal(12,4) DEFAULT NULL COMMENT 'Base Cost',
  `price_incl_tax` decimal(20,4) DEFAULT NULL COMMENT 'Price Incl Tax',
  `base_price_incl_tax` decimal(20,4) DEFAULT NULL COMMENT 'Base Price Incl Tax',
  `row_total_incl_tax` decimal(20,4) DEFAULT NULL COMMENT 'Row Total Incl Tax',
  `base_row_total_incl_tax` decimal(20,4) DEFAULT NULL COMMENT 'Base Row Total Incl Tax',
  `discount_tax_compensation_amount` decimal(20,4) DEFAULT NULL COMMENT 'Discount Tax Compensation Amount',
  `base_discount_tax_compensation_amount` decimal(20,4) DEFAULT NULL COMMENT 'Base Discount Tax Compensation Amount',
  `is_excluded_product` smallint(5) unsigned NOT NULL DEFAULT '0' COMMENT 'Flags whether or not product is excluded from Amazon Pay',
  `free_shipping` smallint(5) unsigned NOT NULL DEFAULT '0' COMMENT 'Free Shipping',
  `gift_message_id` int(11) DEFAULT NULL COMMENT 'Gift Message ID',
  `weee_tax_applied` text COMMENT 'Weee Tax Applied',
  `weee_tax_applied_amount` decimal(12,4) DEFAULT NULL COMMENT 'Weee Tax Applied Amount',
  `weee_tax_applied_row_amount` decimal(12,4) DEFAULT NULL COMMENT 'Weee Tax Applied Row Amount',
  `weee_tax_disposition` decimal(12,4) DEFAULT NULL COMMENT 'Weee Tax Disposition',
  `weee_tax_row_disposition` decimal(12,4) DEFAULT NULL COMMENT 'Weee Tax Row Disposition',
  `base_weee_tax_applied_amount` decimal(12,4) DEFAULT NULL COMMENT 'Base Weee Tax Applied Amount',
  `base_weee_tax_applied_row_amnt` decimal(12,4) DEFAULT NULL COMMENT 'Base Weee Tax Applied Row Amnt',
  `base_weee_tax_disposition` decimal(12,4) DEFAULT NULL COMMENT 'Base Weee Tax Disposition',
  `base_weee_tax_row_disposition` decimal(12,4) DEFAULT NULL COMMENT 'Base Weee Tax Row Disposition',
  PRIMARY KEY (`item_id`),
  KEY `QUOTE_ITEM_PARENT_ITEM_ID` (`parent_item_id`),
  KEY `QUOTE_ITEM_PRODUCT_ID` (`product_id`),
  KEY `QUOTE_ITEM_QUOTE_ID` (`quote_id`),
  KEY `QUOTE_ITEM_STORE_ID` (`store_id`),
  CONSTRAINT `QUOTE_ITEM_PARENT_ITEM_ID_QUOTE_ITEM_ITEM_ID` FOREIGN KEY (`parent_item_id`) REFERENCES `quote_item` (`item_id`) ON DELETE CASCADE,
  CONSTRAINT `QUOTE_ITEM_QUOTE_ID_QUOTE_ENTITY_ID` FOREIGN KEY (`quote_id`) REFERENCES `quote` (`entity_id`) ON DELETE CASCADE,
  CONSTRAINT `QUOTE_ITEM_STORE_ID_STORE_STORE_ID` FOREIGN KEY (`store_id`) REFERENCES `store` (`store_id`) ON DELETE SET NULL
) ENGINE=InnoDB AUTO_INCREMENT=1508 DEFAULT CHARSET=utf8 COMMENT='Sales Flat Quote Item';

--
-- Dumping data for table `quote_item`
--

INSERT INTO `quote_item` VALUES (6,1,'2019-02-26 03:46:09','0000-00-00 00:00:00',1,1,NULL,0,'24-MB01','Faux Suede Black',NULL,NULL,NULL,0,0,NULL,1.0000,50.0000,50.0000,NULL,0.0000,0.0000,0.0000,0.0000,0.0000,0.0000,50.0000,50.0000,0.0000,0.0000,'simple',NULL,NULL,NULL,NULL,NULL,50.0000,50.0000,50.0000,50.0000,0.0000,0.0000,0,0,NULL,NULL,NULL,NULL,NULL,NULL,NULL,NULL,NULL,NULL),(20,3,'2019-03-17 14:03:17','2019-05-20 23:26:30',1,1,NULL,0,'24-MB01','Faux Suede Black',NULL,NULL,NULL,0,0,NULL,1.0000,40.0000,40.0000,NULL,0.0000,0.0000,0.0000,0.0000,0.0000,0.0000,40.0000,40.0000,0.0000,0.0000,'simple',NULL,NULL,NULL,NULL,50.0000,40.0000,40.0000,40.0000,40.0000,0.0000,0.0000,0,0,NULL,NULL,NULL,NULL,NULL,NULL,NULL,NULL,NULL,NULL),(30,4,'2019-03-17 23:59:13','0000-00-00 00:00:00',1,1,NULL,0,'24-MB01','Faux Suede Black',NULL,NULL,NULL,0,0,NULL,1.0000,50.0000,50.0000,NULL,0.0000,0.0000,0.0000,0.0000,0.0000,0.0000,50.0000,50.0000,0.0000,0.0000,'simple',NULL,NULL,NULL,NULL,NULL,50.0000,50.0000,50.0000,50.0000,0.0000,0.0000,0,0,NULL,NULL,NULL,NULL,NULL,NULL,NULL,NULL,NULL,NULL),(53,11,'2019-04-09 15:11:10','0000-00-00 00:00:00',1,1,NULL,0,'24-MB01','Faux Suede Black',NULL,NULL,NULL,0,0,NULL,1.0000,50.0000,50.0000,NULL,0.0000,0.0000,0.0000,0.0000,0.0000,0.0000,50.0000,50.0000,0.0000,0.0000,'simple',NULL,NULL,NULL,NULL,NULL,50.0000,50.0000,50.0000,50.0000,0.0000,0.0000,0,0,NULL,NULL,NULL,NULL,NULL,NULL,NULL,NULL,NULL,NULL),(80,15,'2019-04-10 07:55:48','2019-04-10 15:40:49',1,1,NULL,0,'24-MB01','Faux Suede Black',NULL,NULL,NULL,0,0,NULL,2.0000,50.0000,50.0000,NULL,0.0000,0.0000,0.0000,0.0000,0.0000,0.0000,50.0000,50.0000,0.0000,0.0000,'simple',NULL,NULL,NULL,NULL,NULL,50.0000,50.0000,50.0000,50.0000,0.0000,0.0000,0,0,NULL,NULL,NULL,NULL,NULL,NULL,NULL,NULL,NULL,NULL),(186,55,'2019-06-25 02:31:34','0000-00-00 00:00:00',1,1,NULL,0,'24-MB01','Faux Suede Black',NULL,NULL,NULL,0,0,NULL,1.0000,40.0000,40.0000,NULL,0.0000,0.0000,0.0000,0.0000,0.0000,0.0000,40.0000,40.0000,0.0000,0.0000,'simple',NULL,NULL,NULL,NULL,50.0000,40.0000,40.0000,40.0000,40.0000,0.0000,0.0000,0,0,NULL,NULL,NULL,NULL,NULL,NULL,NULL,NULL,NULL,NULL),(194,59,'2019-06-26 10:24:00','0000-00-00 00:00:00',1,1,NULL,0,'24-MB01','Faux Suede Black',NULL,NULL,NULL,0,0,NULL,1.0000,40.0000,40.0000,NULL,0.0000,0.0000,0.0000,0.0000,0.0000,0.0000,40.0000,40.0000,0.0000,0.0000,'simple',NULL,NULL,NULL,NULL,NULL,40.0000,40.0000,40.0000,40.0000,0.0000,0.0000,0,0,NULL,NULL,NULL,NULL,NULL,NULL,NULL,NULL,NULL,NULL),(198,62,'2019-06-29 08:35:44','2019-06-29 08:59:34',1,1,NULL,0,'24-MB01','Faux Suede Black',NULL,NULL,NULL,0,0,NULL,2.0000,40.0000,40.0000,NULL,0.0000,0.0000,0.0000,0.0000,0.0000,0.0000,80.0000,80.0000,0.0000,0.0000,'simple',NULL,NULL,NULL,NULL,50.0000,40.0000,40.0000,80.0000,80.0000,0.0000,0.0000,0,0,NULL,NULL,NULL,NULL,NULL,NULL,NULL,NULL,NULL,NULL),(213,70,'2019-07-03 15:01:23','0000-00-00 00:00:00',1,1,NULL,0,'24-MB01','Faux Suede Black',NULL,NULL,NULL,0,0,NULL,1.0000,40.0000,40.0000,NULL,0.0000,0.0000,0.0000,0.0000,0.0000,0.0000,40.0000,40.0000,0.0000,0.0000,'simple',NULL,NULL,NULL,NULL,50.0000,40.0000,40.0000,40.0000,40.0000,0.0000,0.0000,0,0,NULL,NULL,NULL,NULL,NULL,NULL,NULL,NULL,NULL,NULL),(215,71,'2019-07-03 15:12:24','0000-00-00 00:00:00',1,1,NULL,0,'24-MB01','Faux Suede Black',NULL,NULL,NULL,0,0,NULL,1.0000,40.0000,40.0000,NULL,0.0000,0.0000,0.0000,0.0000,0.0000,0.0000,40.0000,40.0000,0.0000,0.0000,'simple',NULL,NULL,NULL,NULL,50.0000,40.0000,40.0000,40.0000,40.0000,0.0000,0.0000,0,0,NULL,NULL,NULL,NULL,NULL,NULL,NULL,NULL,NULL,NULL),(217,72,'2019-07-03 15:30:17','0000-00-00 00:00:00',1,1,NULL,0,'24-MB01','Faux Suede Black',NULL,NULL,NULL,0,0,NULL,1.0000,40.0000,40.0000,NULL,0.0000,0.0000,0.0000,0.0000,0.0000,0.0000,40.0000,40.0000,0.0000,0.0000,'simple',NULL,NULL,NULL,NULL,50.0000,40.0000,40.0000,40.0000,40.0000,0.0000,0.0000,0,0,NULL,NULL,NULL,NULL,NULL,NULL,NULL,NULL,NULL,NULL),(219,73,'2019-07-03 15:32:00','0000-00-00 00:00:00',1,1,NULL,0,'24-MB01','Faux Suede Black',NULL,NULL,NULL,0,0,NULL,1.0000,40.0000,40.0000,NULL,0.0000,0.0000,0.0000,0.0000,0.0000,0.0000,40.0000,40.0000,0.0000,0.0000,'simple',NULL,NULL,NULL,NULL,50.0000,40.0000,40.0000,40.0000,40.0000,0.0000,0.0000,0,0,NULL,NULL,NULL,NULL,NULL,NULL,NULL,NULL,NULL,NULL),(223,74,'2019-07-04 01:51:58','0000-00-00 00:00:00',1,1,NULL,0,'24-MB01','Faux Suede Black',NULL,NULL,NULL,0,0,NULL,1.0000,40.0000,40.0000,NULL,0.0000,0.0000,0.0000,0.0000,0.0000,0.0000,40.0000,40.0000,0.0000,0.0000,'simple',NULL,NULL,NULL,NULL,50.0000,40.0000,40.0000,40.0000,40.0000,0.0000,0.0000,0,0,NULL,NULL,NULL,NULL,NULL,NULL,NULL,NULL,NULL,NULL),(229,66,'2019-07-04 08:04:13','0000-00-00 00:00:00',1,1,NULL,0,'24-MB01','Faux Suede Black',NULL,NULL,NULL,0,0,NULL,1.0000,40.0000,40.0000,NULL,0.0000,0.0000,0.0000,0.0000,0.0000,0.0000,40.0000,40.0000,0.0000,0.0000,'simple',NULL,NULL,NULL,NULL,50.0000,40.0000,40.0000,40.0000,40.0000,0.0000,0.0000,0,0,NULL,NULL,NULL,NULL,NULL,NULL,NULL,NULL,NULL,NULL),(231,77,'2019-07-04 08:20:48','0000-00-00 00:00:00',1,1,NULL,0,'24-MB01','Faux Suede Black',NULL,NULL,NULL,0,0,NULL,1.0000,40.0000,40.0000,NULL,0.0000,0.0000,0.0000,0.0000,0.0000,0.0000,40.0000,40.0000,0.0000,0.0000,'simple',NULL,NULL,NULL,NULL,50.0000,40.0000,40.0000,40.0000,40.0000,0.0000,0.0000,0,0,NULL,NULL,NULL,NULL,NULL,NULL,NULL,NULL,NULL,NULL),(236,79,'2019-07-04 09:48:41','0000-00-00 00:00:00',1,1,NULL,0,'24-MB01','Faux Suede Black',NULL,NULL,NULL,0,0,NULL,1.0000,40.0000,40.0000,NULL,0.0000,0.0000,0.0000,0.0000,0.0000,0.0000,40.0000,40.0000,0.0000,0.0000,'simple',NULL,NULL,NULL,NULL,50.0000,40.0000,40.0000,40.0000,40.0000,0.0000,0.0000,0,0,NULL,NULL,NULL,NULL,NULL,NULL,NULL,NULL,NULL,NULL),(243,82,'2019-07-04 14:34:39','0000-00-00 00:00:00',1,1,NULL,0,'24-MB01','Faux Suede Black',NULL,NULL,NULL,0,0,NULL,1.0000,40.0000,40.0000,NULL,0.0000,0.0000,0.0000,0.0000,0.0000,0.0000,40.0000,40.0000,0.0000,0.0000,'simple',NULL,NULL,NULL,NULL,50.0000,40.0000,40.0000,40.0000,40.0000,0.0000,0.0000,0,0,NULL,NULL,NULL,NULL,NULL,NULL,NULL,NULL,NULL,NULL),(247,84,'2019-07-05 07:55:18','0000-00-00 00:00:00',1,1,NULL,0,'24-MB01','Faux Suede Black',NULL,NULL,NULL,0,0,NULL,1.0000,40.0000,40.0000,NULL,0.0000,0.0000,0.0000,0.0000,0.0000,0.0000,40.0000,40.0000,0.0000,0.0000,'simple',NULL,NULL,NULL,NULL,50.0000,40.0000,40.0000,40.0000,40.0000,0.0000,0.0000,0,0,NULL,NULL,NULL,NULL,NULL,NULL,NULL,NULL,NULL,NULL),(264,90,'2019-07-08 04:33:54','0000-00-00 00:00:00',1,1,NULL,0,'24-MB01','Faux Suede Black',NULL,NULL,NULL,0,0,NULL,1.0000,40.0000,40.0000,NULL,0.0000,0.0000,0.0000,0.0000,0.0000,0.0000,40.0000,40.0000,0.0000,0.0000,'simple',NULL,NULL,NULL,NULL,50.0000,40.0000,40.0000,40.0000,40.0000,0.0000,0.0000,0,0,NULL,NULL,NULL,NULL,NULL,NULL,NULL,NULL,NULL,NULL),(300,98,'2019-07-09 07:40:09','0000-00-00 00:00:00',1,1,NULL,0,'24-MB01','Faux Suede Black',NULL,NULL,NULL,0,0,NULL,1.0000,40.0000,40.0000,NULL,0.0000,0.0000,0.0000,0.0000,0.0000,0.0000,40.0000,40.0000,0.0000,0.0000,'simple',NULL,NULL,NULL,NULL,50.0000,40.0000,40.0000,40.0000,40.0000,0.0000,0.0000,0,0,NULL,NULL,NULL,NULL,NULL,NULL,NULL,NULL,NULL,NULL),(301,99,'2019-07-09 09:20:32','0000-00-00 00:00:00',1,1,NULL,0,'24-MB01','Faux Suede Black',NULL,NULL,NULL,0,0,NULL,1.0000,40.0000,40.0000,NULL,0.0000,0.0000,0.0000,0.0000,0.0000,0.0000,40.0000,40.0000,0.0000,0.0000,'simple',NULL,NULL,NULL,NULL,50.0000,40.0000,40.0000,40.0000,40.0000,0.0000,0.0000,0,0,NULL,NULL,NULL,NULL,NULL,NULL,NULL,NULL,NULL,NULL),(324,105,'2019-07-09 12:22:21','0000-00-00 00:00:00',1,1,NULL,0,'24-MB01','Faux Suede Black',NULL,NULL,NULL,0,0,NULL,1.0000,40.0000,40.0000,NULL,0.0000,0.0000,0.0000,0.0000,0.0000,0.0000,40.0000,40.0000,0.0000,0.0000,'simple',NULL,NULL,NULL,NULL,50.0000,40.0000,40.0000,40.0000,40.0000,0.0000,0.0000,0,0,NULL,NULL,NULL,NULL,NULL,NULL,NULL,NULL,NULL,NULL),(329,106,'2019-07-09 14:54:50','0000-00-00 00:00:00',1,1,NULL,0,'24-MB01','Faux Suede Black',NULL,NULL,NULL,0,0,NULL,1.0000,40.0000,40.0000,NULL,0.0000,0.0000,0.0000,0.0000,0.0000,0.0000,40.0000,40.0000,0.0000,0.0000,'simple',NULL,NULL,NULL,NULL,50.0000,40.0000,40.0000,40.0000,40.0000,0.0000,0.0000,0,0,NULL,NULL,NULL,NULL,NULL,NULL,NULL,NULL,NULL,NULL),(347,113,'2019-07-12 01:33:11','0000-00-00 00:00:00',1,1,NULL,0,'24-MB01','Faux Suede Black',NULL,NULL,NULL,0,0,NULL,1.0000,40.0000,40.0000,NULL,0.0000,0.0000,0.0000,0.0000,0.0000,0.0000,40.0000,40.0000,0.0000,0.0000,'simple',NULL,NULL,NULL,NULL,50.0000,40.0000,40.0000,40.0000,40.0000,0.0000,0.0000,0,0,NULL,NULL,NULL,NULL,NULL,NULL,NULL,NULL,NULL,NULL),(348,115,'2019-07-12 05:46:57','2019-07-12 05:47:18',1,1,NULL,0,'24-MB01','Faux Suede Black',NULL,NULL,NULL,0,0,NULL,2.0000,40.0000,40.0000,NULL,0.0000,0.0000,0.0000,0.0000,0.0000,0.0000,80.0000,80.0000,0.0000,0.0000,'simple',NULL,NULL,NULL,NULL,50.0000,40.0000,40.0000,80.0000,80.0000,0.0000,0.0000,0,0,NULL,NULL,NULL,NULL,NULL,NULL,NULL,NULL,NULL,NULL),(349,116,'2019-07-12 08:25:36','0000-00-00 00:00:00',1,1,NULL,0,'24-MB01','Faux Suede Black',NULL,NULL,NULL,0,0,NULL,1.0000,40.0000,40.0000,NULL,0.0000,0.0000,0.0000,0.0000,0.0000,0.0000,40.0000,40.0000,0.0000,0.0000,'simple',NULL,NULL,NULL,NULL,50.0000,40.0000,40.0000,40.0000,40.0000,0.0000,0.0000,0,0,NULL,NULL,NULL,NULL,NULL,NULL,NULL,NULL,NULL,NULL),(363,121,'2019-07-15 03:50:36','0000-00-00 00:00:00',1,1,NULL,0,'24-MB01','Faux Suede Black',NULL,NULL,NULL,0,0,NULL,1.0000,40.0000,40.0000,NULL,0.0000,0.0000,0.0000,0.0000,0.0000,0.0000,40.0000,40.0000,0.0000,0.0000,'simple',NULL,NULL,NULL,NULL,50.0000,40.0000,40.0000,40.0000,40.0000,0.0000,0.0000,0,0,NULL,NULL,NULL,NULL,NULL,NULL,NULL,NULL,NULL,NULL),(366,123,'2019-07-17 02:29:48','0000-00-00 00:00:00',1,2,NULL,0,'24-MB01','Faux Suede Black',NULL,NULL,NULL,0,0,NULL,1.0000,40.0000,40.0000,NULL,0.0000,0.0000,0.0000,0.0000,0.0000,0.0000,40.0000,40.0000,0.0000,0.0000,'simple',NULL,NULL,NULL,NULL,50.0000,40.0000,40.0000,40.0000,40.0000,0.0000,0.0000,0,0,NULL,NULL,NULL,NULL,NULL,NULL,NULL,NULL,NULL,NULL),(387,131,'2019-07-22 16:22:03','0000-00-00 00:00:00',1,1,NULL,0,'24-MB01','Faux Suede Black',NULL,NULL,NULL,0,0,NULL,1.0000,40.0000,40.0000,NULL,0.0000,0.0000,0.0000,0.0000,0.0000,0.0000,40.0000,40.0000,0.0000,0.0000,'simple',NULL,NULL,NULL,NULL,50.0000,40.0000,40.0000,40.0000,40.0000,0.0000,0.0000,0,0,NULL,NULL,NULL,NULL,NULL,NULL,NULL,NULL,NULL,NULL),(401,134,'2019-07-24 05:50:47','0000-00-00 00:00:00',1,1,NULL,0,'24-MB01','Faux Suede Black',NULL,NULL,NULL,0,0,NULL,1.0000,40.0000,40.0000,NULL,0.0000,0.0000,0.0000,0.0000,0.0000,0.0000,40.0000,40.0000,0.0000,0.0000,'simple',NULL,NULL,NULL,NULL,50.0000,40.0000,40.0000,40.0000,40.0000,0.0000,0.0000,0,0,NULL,NULL,NULL,NULL,NULL,NULL,NULL,NULL,NULL,NULL),(422,135,'2019-07-25 07:24:34','0000-00-00 00:00:00',1,1,NULL,0,'24-MB01','Faux Suede Black',NULL,NULL,NULL,0,0,NULL,1.0000,40.0000,40.0000,NULL,0.0000,0.0000,0.0000,0.0000,0.0000,0.0000,40.0000,40.0000,0.0000,0.0000,'simple',NULL,NULL,NULL,NULL,50.0000,40.0000,40.0000,40.0000,40.0000,0.0000,0.0000,0,0,NULL,NULL,NULL,NULL,NULL,NULL,NULL,NULL,NULL,NULL),(452,17,'2019-07-26 01:45:32','2019-08-03 07:15:05',1,1,NULL,0,'24-MB01','Faux Suede Black',NULL,NULL,NULL,0,0,NULL,7.0000,40.0000,40.0000,NULL,0.0000,0.0000,0.0000,0.0000,0.0000,0.0000,280.0000,280.0000,0.0000,0.0000,'simple',NULL,NULL,NULL,NULL,50.0000,40.0000,40.0000,280.0000,280.0000,0.0000,0.0000,0,0,NULL,NULL,NULL,NULL,NULL,NULL,NULL,NULL,NULL,NULL),(459,146,'2019-07-26 03:47:32','0000-00-00 00:00:00',1,1,NULL,0,'24-MB01','Faux Suede Black',NULL,NULL,NULL,0,0,NULL,1.0000,40.0000,40.0000,NULL,0.0000,0.0000,0.0000,0.0000,0.0000,0.0000,40.0000,40.0000,0.0000,0.0000,'simple',NULL,NULL,NULL,NULL,50.0000,40.0000,40.0000,40.0000,40.0000,0.0000,0.0000,0,0,NULL,NULL,NULL,NULL,NULL,NULL,NULL,NULL,NULL,NULL),(489,151,'2019-07-26 12:25:07','2019-07-26 13:30:05',1,1,NULL,0,'24-MB01','Faux Suede Black',NULL,NULL,NULL,0,0,NULL,6.0000,40.0000,40.0000,NULL,0.0000,0.0000,0.0000,0.0000,0.0000,0.0000,240.0000,240.0000,0.0000,0.0000,'simple',NULL,NULL,NULL,NULL,50.0000,40.0000,40.0000,240.0000,240.0000,0.0000,0.0000,0,0,NULL,NULL,NULL,NULL,NULL,NULL,NULL,NULL,NULL,NULL),(496,153,'2019-07-27 11:07:39','0000-00-00 00:00:00',1,1,NULL,0,'24-MB01','Faux Suede Black',NULL,NULL,NULL,0,0,NULL,1.0000,40.0000,40.0000,NULL,0.0000,0.0000,0.0000,0.0000,0.0000,0.0000,40.0000,40.0000,0.0000,0.0000,'simple',NULL,NULL,NULL,NULL,50.0000,40.0000,40.0000,40.0000,40.0000,0.0000,0.0000,0,0,NULL,NULL,NULL,NULL,NULL,NULL,NULL,NULL,NULL,NULL),(498,154,'2019-07-27 14:49:54','2019-07-27 15:34:54',1,1,NULL,0,'24-MB01','Faux Suede Black',NULL,NULL,NULL,0,0,NULL,1.0000,40.0000,40.0000,NULL,0.0000,0.0000,0.0000,0.0000,0.0000,0.0000,40.0000,40.0000,0.0000,0.0000,'simple',NULL,NULL,NULL,NULL,50.0000,40.0000,40.0000,40.0000,40.0000,0.0000,0.0000,0,0,NULL,NULL,NULL,NULL,NULL,NULL,NULL,NULL,NULL,NULL),(510,160,'2019-07-29 09:59:23','0000-00-00 00:00:00',1,19,NULL,0,'24-MB01','Faux Suede Black',NULL,NULL,NULL,0,0,NULL,3.0000,40.0000,40.0000,NULL,0.0000,0.0000,0.0000,0.0000,0.0000,0.0000,120.0000,120.0000,0.0000,0.0000,'simple',NULL,NULL,NULL,NULL,NULL,40.0000,40.0000,120.0000,120.0000,0.0000,0.0000,0,0,NULL,NULL,NULL,NULL,NULL,NULL,NULL,NULL,NULL,NULL),(523,163,'2019-07-30 02:15:06','0000-00-00 00:00:00',1,19,NULL,0,'24-MB01','Faux Suede Black',NULL,NULL,NULL,0,0,NULL,1.0000,40.0000,40.0000,NULL,0.0000,0.0000,0.0000,0.0000,0.0000,0.0000,40.0000,40.0000,0.0000,0.0000,'simple',NULL,NULL,NULL,NULL,NULL,40.0000,40.0000,40.0000,40.0000,0.0000,0.0000,0,0,NULL,NULL,NULL,NULL,NULL,NULL,NULL,NULL,NULL,NULL),(536,167,'2019-07-30 17:06:47','0000-00-00 00:00:00',1,5,NULL,0,'24-MB01','Faux Suede Black',NULL,NULL,NULL,0,0,NULL,1.0000,40.0000,40.0000,NULL,0.0000,0.0000,0.0000,0.0000,0.0000,0.0000,40.0000,40.0000,0.0000,0.0000,'simple',NULL,NULL,NULL,NULL,50.0000,40.0000,40.0000,40.0000,40.0000,0.0000,0.0000,0,0,NULL,NULL,NULL,NULL,NULL,NULL,NULL,NULL,NULL,NULL),(549,168,'2019-07-31 02:54:54','2019-07-31 11:41:12',1,1,NULL,0,'24-MB01','Faux Suede Black',NULL,NULL,NULL,0,0,NULL,1.0000,40.0000,40.0000,NULL,0.0000,0.0000,0.0000,0.0000,0.0000,0.0000,40.0000,40.0000,0.0000,0.0000,'simple',NULL,NULL,NULL,NULL,50.0000,40.0000,40.0000,40.0000,40.0000,0.0000,0.0000,0,0,NULL,NULL,NULL,NULL,NULL,NULL,NULL,NULL,NULL,NULL),(555,171,'2019-07-31 03:13:28','2019-07-31 03:14:39',1,1,NULL,0,'24-MB01','Faux Suede Black',NULL,NULL,NULL,0,0,NULL,1.0000,40.0000,40.0000,NULL,0.0000,0.0000,0.0000,0.0000,0.0000,0.0000,40.0000,40.0000,0.0000,0.0000,'simple',NULL,NULL,NULL,NULL,50.0000,40.0000,40.0000,40.0000,40.0000,0.0000,0.0000,0,0,NULL,NULL,NULL,NULL,NULL,NULL,NULL,NULL,NULL,NULL),(569,175,'2019-07-31 08:59:39','2019-07-31 09:22:04',1,1,NULL,0,'24-MB01','Faux Suede Black',NULL,NULL,NULL,0,0,NULL,1.0000,40.0000,40.0000,NULL,0.0000,0.0000,0.0000,0.0000,0.0000,0.0000,40.0000,40.0000,0.0000,0.0000,'simple',NULL,NULL,NULL,NULL,50.0000,40.0000,40.0000,40.0000,40.0000,0.0000,0.0000,0,0,NULL,NULL,NULL,NULL,NULL,NULL,NULL,NULL,NULL,NULL),(586,184,'2019-08-02 16:33:33','0000-00-00 00:00:00',1,1,NULL,0,'24-MB01','Faux Suede Black',NULL,NULL,NULL,0,0,NULL,1.0000,40.0000,40.0000,NULL,0.0000,0.0000,0.0000,0.0000,0.0000,0.0000,40.0000,40.0000,0.0000,0.0000,'simple',NULL,NULL,NULL,NULL,50.0000,40.0000,40.0000,40.0000,40.0000,0.0000,0.0000,0,0,NULL,NULL,NULL,NULL,NULL,NULL,NULL,NULL,NULL,NULL),(603,17,'2019-08-03 09:21:38','2019-08-03 09:21:53',1,1,NULL,0,'24-MB01','Faux Suede Black',NULL,NULL,NULL,0,0,NULL,1.0000,40.0000,40.0000,NULL,0.0000,0.0000,0.0000,0.0000,0.0000,0.0000,40.0000,40.0000,0.0000,0.0000,'simple',NULL,NULL,NULL,NULL,50.0000,40.0000,40.0000,40.0000,40.0000,0.0000,0.0000,0,0,NULL,NULL,NULL,NULL,NULL,NULL,NULL,NULL,NULL,NULL),(606,187,'2019-08-04 06:46:26','0000-00-00 00:00:00',1,1,NULL,0,'24-MB01','Faux Suede Black',NULL,NULL,NULL,0,0,NULL,1.0000,40.0000,40.0000,NULL,0.0000,0.0000,0.0000,0.0000,0.0000,0.0000,40.0000,40.0000,0.0000,0.0000,'simple',NULL,NULL,NULL,NULL,50.0000,40.0000,40.0000,40.0000,40.0000,0.0000,0.0000,0,0,NULL,NULL,NULL,NULL,NULL,NULL,NULL,NULL,NULL,NULL),(617,189,'2019-08-04 17:02:15','2019-08-06 01:51:17',1,1,NULL,0,'24-MB01','Faux Suede Black',NULL,NULL,NULL,0,0,NULL,3.0000,40.0000,40.0000,NULL,0.0000,0.0000,0.0000,0.0000,0.0000,0.0000,120.0000,120.0000,0.0000,0.0000,'simple',NULL,NULL,NULL,NULL,50.0000,40.0000,40.0000,120.0000,120.0000,0.0000,0.0000,0,0,NULL,NULL,NULL,NULL,NULL,NULL,NULL,NULL,NULL,NULL),(641,195,'2019-08-06 08:06:55','0000-00-00 00:00:00',1,1,NULL,0,'24-MB01','Faux Suede Black',NULL,NULL,NULL,0,0,NULL,1.0000,40.0000,40.0000,NULL,0.0000,0.0000,0.0000,0.0000,0.0000,0.0000,40.0000,40.0000,0.0000,0.0000,'simple',NULL,NULL,NULL,NULL,50.0000,40.0000,40.0000,40.0000,40.0000,0.0000,0.0000,0,0,NULL,NULL,NULL,NULL,NULL,NULL,NULL,NULL,NULL,NULL),(660,199,'2019-08-06 13:43:34','2019-08-06 13:44:53',1,1,NULL,0,'24-MB01','Faux Suede Black',NULL,NULL,NULL,0,0,NULL,2.0000,40.0000,40.0000,NULL,0.0000,0.0000,0.0000,0.0000,0.0000,0.0000,80.0000,80.0000,0.0000,0.0000,'simple',NULL,NULL,NULL,NULL,50.0000,40.0000,40.0000,80.0000,80.0000,0.0000,0.0000,0,0,NULL,NULL,NULL,NULL,NULL,NULL,NULL,NULL,NULL,NULL),(668,203,'2019-08-09 04:10:36','0000-00-00 00:00:00',1,19,NULL,0,'24-MB01','Faux Suede Black',NULL,NULL,NULL,0,0,NULL,1.0000,40.0000,40.0000,NULL,0.0000,0.0000,0.0000,0.0000,0.0000,0.0000,40.0000,40.0000,0.0000,0.0000,'simple',NULL,NULL,NULL,NULL,NULL,40.0000,40.0000,40.0000,40.0000,0.0000,0.0000,0,0,NULL,NULL,NULL,NULL,NULL,NULL,NULL,NULL,NULL,NULL),(681,206,'2019-08-11 08:33:32','0000-00-00 00:00:00',1,1,NULL,0,'24-MB01','Faux Suede Black',NULL,NULL,NULL,0,0,NULL,1.0000,40.0000,40.0000,NULL,0.0000,0.0000,0.0000,0.0000,0.0000,0.0000,40.0000,40.0000,0.0000,0.0000,'simple',NULL,NULL,NULL,NULL,50.0000,40.0000,40.0000,40.0000,40.0000,0.0000,0.0000,0,0,NULL,NULL,NULL,NULL,NULL,NULL,NULL,NULL,NULL,NULL),(719,217,'2019-08-24 12:10:46','2019-08-24 12:10:46',1,1,NULL,0,'24-MB01','Faux Suede Black',NULL,NULL,NULL,0,0,NULL,1.0000,40.0000,40.0000,NULL,0.0000,0.0000,0.0000,0.0000,0.0000,0.0000,40.0000,40.0000,0.0000,0.0000,'simple',NULL,NULL,NULL,NULL,50.0000,40.0000,40.0000,40.0000,40.0000,0.0000,0.0000,0,0,NULL,NULL,NULL,NULL,NULL,NULL,NULL,NULL,NULL,NULL),(746,226,'2019-08-27 08:26:03','2019-08-27 08:30:05',1,1,NULL,0,'24-MB01','Faux Suede Black',NULL,NULL,NULL,0,0,NULL,7.0000,40.0000,40.0000,NULL,0.0000,0.0000,0.0000,0.0000,0.0000,0.0000,280.0000,280.0000,0.0000,0.0000,'simple',NULL,NULL,NULL,NULL,50.0000,40.0000,40.0000,280.0000,280.0000,0.0000,0.0000,0,0,NULL,NULL,NULL,NULL,NULL,NULL,NULL,NULL,NULL,NULL),(805,247,'2019-09-04 13:34:31','2019-09-04 13:34:31',1,1,NULL,0,'24-MB01','Faux Suede Black',NULL,NULL,NULL,0,0,NULL,1.0000,40.0000,40.0000,NULL,0.0000,0.0000,0.0000,0.0000,0.0000,0.0000,40.0000,40.0000,0.0000,0.0000,'simple',NULL,NULL,NULL,NULL,50.0000,40.0000,40.0000,40.0000,40.0000,0.0000,0.0000,0,0,NULL,NULL,NULL,NULL,NULL,NULL,NULL,NULL,NULL,NULL),(811,249,'2019-09-06 05:05:33','2019-09-06 05:05:33',1,19,NULL,0,'24-MB01','Faux Suede Black',NULL,NULL,NULL,0,0,NULL,4.0000,40.0000,40.0000,NULL,0.0000,0.0000,0.0000,0.0000,0.0000,0.0000,121.5600,160.0000,0.0000,0.0000,'simple',NULL,NULL,NULL,NULL,NULL,30.3900,40.0000,121.5600,160.0000,0.0000,0.0000,0,0,NULL,NULL,NULL,NULL,NULL,NULL,NULL,NULL,NULL,NULL),(833,256,'2019-09-09 03:16:13','2019-09-09 03:36:36',1,1,NULL,0,'24-MB01','Faux Suede Black',NULL,NULL,NULL,0,0,NULL,2.0000,40.0000,40.0000,NULL,0.0000,0.0000,0.0000,0.0000,0.0000,0.0000,80.0000,80.0000,0.0000,0.0000,'simple',NULL,NULL,NULL,NULL,50.0000,40.0000,40.0000,80.0000,80.0000,0.0000,0.0000,0,0,NULL,NULL,NULL,NULL,NULL,NULL,NULL,NULL,NULL,NULL),(857,261,'2019-09-09 11:22:28','2019-09-09 11:22:28',1,1,NULL,0,'24-MB01','Faux Suede Black',NULL,NULL,NULL,0,0,NULL,1.0000,40.0000,40.0000,NULL,0.0000,0.0000,0.0000,0.0000,0.0000,0.0000,40.0000,40.0000,0.0000,0.0000,'simple',NULL,NULL,NULL,NULL,50.0000,40.0000,40.0000,40.0000,40.0000,0.0000,0.0000,0,0,NULL,NULL,NULL,NULL,NULL,NULL,NULL,NULL,NULL,NULL),(861,264,'2019-09-09 13:15:46','2019-09-09 16:43:09',1,1,NULL,0,'24-MB01','Faux Suede Black',NULL,NULL,NULL,0,0,NULL,7.0000,40.0000,40.0000,NULL,0.0000,0.0000,0.0000,0.0000,0.0000,0.0000,280.0000,280.0000,0.0000,0.0000,'simple',NULL,NULL,NULL,NULL,50.0000,40.0000,40.0000,280.0000,280.0000,0.0000,0.0000,0,0,NULL,NULL,NULL,NULL,NULL,NULL,NULL,NULL,NULL,NULL),(870,269,'2019-09-10 06:38:47','2019-09-10 07:06:57',1,2,NULL,0,'24-MB01','Faux Suede Black',NULL,NULL,NULL,0,0,NULL,1.0000,40.0000,40.0000,NULL,0.0000,0.0000,0.0000,0.0000,0.0000,0.0000,40.0000,40.0000,0.0000,0.0000,'simple',NULL,NULL,NULL,NULL,50.0000,40.0000,40.0000,40.0000,40.0000,0.0000,0.0000,0,0,NULL,NULL,NULL,NULL,NULL,NULL,NULL,NULL,NULL,NULL),(875,271,'2019-09-10 10:54:58','2019-09-10 10:55:32',1,1,NULL,0,'24-MB01','Faux Suede Black',NULL,NULL,NULL,0,0,NULL,2.0000,40.0000,40.0000,NULL,0.0000,0.0000,0.0000,0.0000,0.0000,0.0000,80.0000,80.0000,0.0000,0.0000,'simple',NULL,NULL,NULL,NULL,50.0000,40.0000,40.0000,80.0000,80.0000,0.0000,0.0000,0,0,NULL,NULL,NULL,NULL,NULL,NULL,NULL,NULL,NULL,NULL),(878,270,'2019-09-10 11:15:58','2019-09-10 11:16:40',1,1,NULL,0,'24-MB01','Faux Suede Black',NULL,NULL,NULL,0,0,NULL,2.0000,40.0000,40.0000,NULL,0.0000,0.0000,0.0000,0.0000,0.0000,0.0000,80.0000,80.0000,0.0000,0.0000,'simple',NULL,NULL,NULL,NULL,50.0000,40.0000,40.0000,80.0000,80.0000,0.0000,0.0000,0,0,NULL,NULL,NULL,NULL,NULL,NULL,NULL,NULL,NULL,NULL),(886,274,'2019-09-11 02:01:26','2019-09-11 02:23:36',1,19,NULL,0,'24-MB01','Faux Suede Black',NULL,NULL,NULL,0,0,NULL,3.0000,40.0000,40.0000,NULL,0.0000,0.0000,0.0000,0.0000,0.0000,0.0000,120.0000,120.0000,0.0000,0.0000,'simple',NULL,NULL,NULL,NULL,50.0000,40.0000,40.0000,120.0000,120.0000,0.0000,0.0000,0,0,NULL,NULL,NULL,NULL,NULL,NULL,NULL,NULL,NULL,NULL),(895,208,'2019-09-11 02:12:14','2019-09-11 02:12:14',1,1,NULL,0,'24-MB01','Faux Suede Black',NULL,NULL,NULL,0,0,NULL,1.0000,40.0000,40.0000,NULL,0.0000,0.0000,0.0000,0.0000,0.0000,0.0000,40.0000,40.0000,0.0000,0.0000,'simple',NULL,NULL,NULL,NULL,50.0000,40.0000,40.0000,40.0000,40.0000,0.0000,0.0000,0,0,NULL,NULL,NULL,NULL,NULL,NULL,NULL,NULL,NULL,NULL),(897,273,'2019-09-11 03:58:03','2019-09-11 03:58:03',1,1,NULL,0,'24-MB01','Faux Suede Black',NULL,NULL,NULL,0,0,NULL,1.0000,40.0000,40.0000,NULL,0.0000,0.0000,0.0000,0.0000,0.0000,0.0000,40.0000,40.0000,0.0000,0.0000,'simple',NULL,NULL,NULL,NULL,50.0000,40.0000,40.0000,40.0000,40.0000,0.0000,0.0000,0,0,NULL,NULL,NULL,NULL,NULL,NULL,NULL,NULL,NULL,NULL),(904,279,'2019-09-11 07:47:35','2019-09-11 07:47:57',1,1,NULL,0,'24-MB01','Faux Suede Black',NULL,NULL,NULL,0,0,NULL,2.0000,40.0000,40.0000,NULL,0.0000,0.0000,0.0000,0.0000,0.0000,0.0000,80.0000,80.0000,0.0000,0.0000,'simple',NULL,NULL,NULL,NULL,50.0000,40.0000,40.0000,80.0000,80.0000,0.0000,0.0000,0,0,NULL,NULL,NULL,NULL,NULL,NULL,NULL,NULL,NULL,NULL),(914,283,'2019-09-11 13:59:57','2019-09-11 13:59:57',1,1,NULL,0,'24-MB01','Faux Suede Black',NULL,NULL,NULL,0,0,NULL,1.0000,40.0000,40.0000,NULL,0.0000,0.0000,0.0000,0.0000,0.0000,0.0000,40.0000,40.0000,0.0000,0.0000,'simple',NULL,NULL,NULL,NULL,50.0000,40.0000,40.0000,40.0000,40.0000,0.0000,0.0000,0,0,NULL,NULL,NULL,NULL,NULL,NULL,NULL,NULL,NULL,NULL),(915,284,'2019-09-11 16:17:34','2019-09-11 16:29:02',1,1,NULL,0,'24-MB01','Faux Suede Black',NULL,NULL,NULL,0,0,NULL,2.0000,40.0000,40.0000,NULL,0.0000,0.0000,0.0000,0.0000,0.0000,0.0000,80.0000,80.0000,0.0000,0.0000,'simple',NULL,NULL,NULL,NULL,50.0000,40.0000,40.0000,80.0000,80.0000,0.0000,0.0000,0,0,NULL,NULL,NULL,NULL,NULL,NULL,NULL,NULL,NULL,NULL),(919,286,'2019-09-12 03:16:27','2019-09-12 03:17:23',1,1,NULL,0,'24-MB01','Faux Suede Black',NULL,NULL,NULL,0,0,NULL,3.0000,40.0000,40.0000,NULL,0.0000,0.0000,0.0000,0.0000,0.0000,0.0000,120.0000,120.0000,0.0000,0.0000,'simple',NULL,NULL,NULL,NULL,50.0000,40.0000,40.0000,120.0000,120.0000,0.0000,0.0000,0,0,NULL,NULL,NULL,NULL,NULL,NULL,NULL,NULL,NULL,NULL),(920,287,'2019-09-12 03:18:11','2019-09-12 03:20:03',1,1,NULL,0,'24-MB01','Faux Suede Black',NULL,NULL,NULL,0,0,NULL,6.0000,40.0000,40.0000,NULL,0.0000,0.0000,0.0000,0.0000,0.0000,0.0000,240.0000,240.0000,0.0000,0.0000,'simple',NULL,NULL,NULL,NULL,50.0000,40.0000,40.0000,240.0000,240.0000,0.0000,0.0000,0,0,NULL,NULL,NULL,NULL,NULL,NULL,NULL,NULL,NULL,NULL),(931,291,'2019-09-12 10:06:57','2019-09-19 13:28:20',1,2,NULL,0,'24-MB01','Faux Suede Black',NULL,NULL,NULL,0,0,NULL,5.0000,40.0000,40.0000,NULL,0.0000,0.0000,0.0000,0.0000,0.0000,0.0000,200.0000,200.0000,0.0000,0.0000,'simple',NULL,NULL,NULL,NULL,50.0000,40.0000,40.0000,200.0000,200.0000,0.0000,0.0000,0,0,NULL,NULL,NULL,NULL,NULL,NULL,NULL,NULL,NULL,NULL),(933,292,'2019-09-12 11:37:40','2019-09-12 14:10:12',1,1,NULL,0,'24-MB01','Faux Suede Black',NULL,NULL,NULL,0,0,NULL,3.0000,40.0000,40.0000,NULL,0.0000,0.0000,0.0000,0.0000,0.0000,0.0000,120.0000,120.0000,0.0000,0.0000,'simple',NULL,NULL,NULL,NULL,50.0000,40.0000,40.0000,120.0000,120.0000,0.0000,0.0000,0,0,NULL,NULL,NULL,NULL,NULL,NULL,NULL,NULL,NULL,NULL),(944,300,'2019-09-13 01:45:04','2019-09-13 02:08:17',1,5,NULL,0,'24-MB01','Faux Suede Black',NULL,NULL,NULL,0,0,NULL,1.0000,40.0000,40.0000,NULL,0.0000,0.0000,0.0000,0.0000,0.0000,0.0000,40.0000,40.0000,0.0000,0.0000,'simple',NULL,NULL,NULL,NULL,50.0000,40.0000,40.0000,40.0000,40.0000,0.0000,0.0000,0,0,NULL,NULL,NULL,NULL,NULL,NULL,NULL,NULL,NULL,NULL),(990,310,'2019-09-13 09:02:17','2019-09-13 11:51:30',1,1,NULL,0,'24-MB01','Faux Suede Black',NULL,NULL,NULL,0,0,NULL,5.0000,40.0000,40.0000,NULL,0.0000,0.0000,0.0000,0.0000,0.0000,0.0000,200.0000,200.0000,0.0000,0.0000,'simple',NULL,NULL,NULL,NULL,50.0000,40.0000,40.0000,200.0000,200.0000,0.0000,0.0000,0,0,NULL,NULL,NULL,NULL,NULL,NULL,NULL,NULL,NULL,NULL),(1055,334,'2019-09-17 04:44:21','2019-09-17 04:46:40',1,3,NULL,0,'24-MB01','Faux Suede Black',NULL,NULL,NULL,0,0,NULL,6.0000,40.0000,40.0000,NULL,0.0000,0.0000,0.0000,0.0000,0.0000,0.0000,240.0000,240.0000,0.0000,0.0000,'simple',NULL,NULL,NULL,NULL,50.0000,40.0000,40.0000,240.0000,240.0000,0.0000,0.0000,0,0,NULL,NULL,NULL,NULL,NULL,NULL,NULL,NULL,NULL,NULL),(1062,335,'2019-09-17 05:58:37','2019-09-17 05:58:37',1,1,NULL,0,'24-MB01','Faux Suede Black',NULL,NULL,NULL,0,0,NULL,1.0000,40.0000,40.0000,NULL,0.0000,0.0000,0.0000,0.0000,0.0000,0.0000,40.0000,40.0000,0.0000,0.0000,'simple',NULL,NULL,NULL,NULL,50.0000,40.0000,40.0000,40.0000,40.0000,0.0000,0.0000,0,0,NULL,NULL,NULL,NULL,NULL,NULL,NULL,NULL,NULL,NULL),(1086,339,'2019-09-17 07:17:07','2019-09-17 07:17:07',1,1,NULL,0,'24-MB01','Faux Suede Black',NULL,NULL,NULL,0,0,NULL,1.0000,40.0000,40.0000,NULL,0.0000,0.0000,0.0000,0.0000,0.0000,0.0000,40.0000,40.0000,0.0000,0.0000,'simple',NULL,NULL,NULL,NULL,50.0000,40.0000,40.0000,40.0000,40.0000,0.0000,0.0000,0,0,NULL,NULL,NULL,NULL,NULL,NULL,NULL,NULL,NULL,NULL),(1106,346,'2019-09-17 09:13:07','2019-09-17 09:13:07',1,1,NULL,0,'24-MB01','Faux Suede Black',NULL,NULL,NULL,0,0,NULL,1.0000,40.0000,40.0000,NULL,0.0000,0.0000,0.0000,0.0000,0.0000,0.0000,40.0000,40.0000,0.0000,0.0000,'simple',NULL,NULL,NULL,NULL,50.0000,40.0000,40.0000,40.0000,40.0000,0.0000,0.0000,0,0,NULL,NULL,NULL,NULL,NULL,NULL,NULL,NULL,NULL,NULL),(1146,360,'2019-09-18 08:16:39','2019-09-18 08:16:39',1,19,NULL,0,'24-MB01','Faux Suede Black',NULL,NULL,NULL,0,0,NULL,1.0000,40.0000,40.0000,NULL,0.0000,0.0000,0.0000,0.0000,0.0000,0.0000,40.0000,40.0000,0.0000,0.0000,'simple',NULL,NULL,NULL,NULL,50.0000,40.0000,40.0000,40.0000,40.0000,0.0000,0.0000,0,0,NULL,NULL,NULL,NULL,NULL,NULL,NULL,NULL,NULL,NULL),(1187,375,'2019-09-19 10:11:10','2019-09-19 10:11:10',1,1,NULL,0,'24-MB01','Faux Suede Black',NULL,NULL,NULL,0,0,NULL,1.0000,40.0000,40.0000,NULL,0.0000,0.0000,0.0000,0.0000,0.0000,0.0000,40.0000,40.0000,0.0000,0.0000,'simple',NULL,NULL,NULL,NULL,50.0000,40.0000,40.0000,40.0000,40.0000,0.0000,0.0000,0,0,NULL,NULL,NULL,NULL,NULL,NULL,NULL,NULL,NULL,NULL),(1216,383,'2019-09-20 04:29:08','2019-09-20 04:29:15',1,1,NULL,0,'24-MB01','Faux Suede Black',NULL,NULL,NULL,0,0,NULL,5.0000,40.0000,40.0000,NULL,0.0000,0.0000,0.0000,0.0000,0.0000,0.0000,200.0000,200.0000,0.0000,0.0000,'simple',NULL,NULL,NULL,NULL,50.0000,40.0000,40.0000,200.0000,200.0000,0.0000,0.0000,0,0,NULL,NULL,NULL,NULL,NULL,NULL,NULL,NULL,NULL,NULL),(1221,384,'2019-09-20 04:55:48','2019-09-20 05:04:33',1,1,NULL,0,'24-MB01','Faux Suede Black',NULL,NULL,NULL,0,0,NULL,326.0000,40.0000,40.0000,NULL,0.0000,0.0000,0.0000,0.0000,0.0000,0.0000,13040.0000,13040.0000,0.0000,0.0000,'simple',NULL,NULL,NULL,NULL,50.0000,40.0000,40.0000,13040.0000,13040.0000,0.0000,0.0000,0,0,NULL,NULL,NULL,NULL,NULL,NULL,NULL,NULL,NULL,NULL),(1235,393,'2020-08-05 01:48:18','2020-08-05 01:48:18',1,1,NULL,0,'24-MB01','Faux Suede Black',NULL,NULL,NULL,0,0,NULL,1.0000,40.0000,40.0000,NULL,0.0000,0.0000,0.0000,0.0000,0.0000,0.0000,40.0000,40.0000,0.0000,0.0000,'simple',NULL,NULL,NULL,NULL,50.0000,40.0000,40.0000,40.0000,40.0000,0.0000,0.0000,0,0,NULL,NULL,NULL,NULL,NULL,NULL,NULL,NULL,NULL,NULL),(1240,395,'2020-08-31 14:28:37','2020-08-31 14:28:37',1,1,NULL,0,'24-MB01','Faux Suede Black',NULL,NULL,NULL,0,0,NULL,1.0000,40.0000,40.0000,NULL,0.0000,0.0000,0.0000,0.0000,0.0000,0.0000,40.0000,40.0000,0.0000,0.0000,'simple',NULL,NULL,NULL,NULL,50.0000,40.0000,40.0000,40.0000,40.0000,0.0000,0.0000,0,0,NULL,NULL,NULL,NULL,NULL,NULL,NULL,NULL,NULL,NULL),(1241,396,'2020-09-05 15:57:31','2020-09-05 15:57:31',1,1,NULL,0,'24-MB01','Faux Suede Black',NULL,NULL,NULL,0,0,NULL,1.0000,40.0000,40.0000,NULL,0.0000,0.0000,0.0000,0.0000,0.0000,0.0000,40.0000,40.0000,0.0000,0.0000,'simple',NULL,NULL,NULL,NULL,50.0000,40.0000,40.0000,40.0000,40.0000,0.0000,0.0000,0,0,NULL,NULL,NULL,NULL,NULL,NULL,NULL,NULL,NULL,NULL),(1242,397,'2020-09-06 03:00:19','2020-09-06 03:00:19',1,1,NULL,0,'24-MB01','Faux Suede Black',NULL,NULL,NULL,0,0,NULL,1.0000,40.0000,40.0000,NULL,0.0000,0.0000,0.0000,0.0000,0.0000,0.0000,40.0000,40.0000,0.0000,0.0000,'simple',NULL,NULL,NULL,NULL,50.0000,40.0000,40.0000,40.0000,40.0000,0.0000,0.0000,0,0,NULL,NULL,NULL,NULL,NULL,NULL,NULL,NULL,NULL,NULL),(1250,400,'2020-09-07 15:27:47','2020-09-07 15:46:31',1,2,NULL,0,'24-MB01','Faux Suede Black',NULL,NULL,NULL,0,0,NULL,2.0000,40.0000,40.0000,NULL,0.0000,0.0000,0.0000,0.0000,0.0000,0.0000,80.0000,80.0000,0.0000,0.0000,'simple',NULL,NULL,NULL,NULL,50.0000,40.0000,40.0000,80.0000,80.0000,0.0000,0.0000,0,0,NULL,NULL,NULL,NULL,NULL,NULL,NULL,NULL,NULL,NULL),(1255,405,'2020-10-14 14:27:48','2020-10-14 14:27:48',1,13,NULL,0,'24-MB01','Faux Suede Black',NULL,NULL,NULL,0,0,NULL,1.0000,40.0000,40.0000,NULL,0.0000,0.0000,0.0000,0.0000,0.0000,0.0000,40.0000,40.0000,0.0000,0.0000,'simple',NULL,NULL,NULL,NULL,50.0000,40.0000,40.0000,40.0000,40.0000,0.0000,0.0000,0,0,NULL,NULL,NULL,NULL,NULL,NULL,NULL,NULL,NULL,NULL),(1256,406,'2020-12-12 03:31:45','2020-12-12 03:31:45',1,1,NULL,0,'24-MB01','Faux Suede Black',NULL,NULL,NULL,0,0,NULL,1.0000,40.0000,40.0000,NULL,0.0000,0.0000,0.0000,0.0000,0.0000,0.0000,40.0000,40.0000,0.0000,0.0000,'simple',NULL,NULL,NULL,NULL,50.0000,40.0000,40.0000,40.0000,40.0000,0.0000,0.0000,0,0,NULL,NULL,NULL,NULL,NULL,NULL,NULL,NULL,NULL,NULL),(1258,408,'2021-01-15 03:44:42','2021-01-15 03:44:42',1,1,NULL,0,'24-MB01','Faux Suede Black',NULL,NULL,NULL,0,0,NULL,1.0000,40.0000,40.0000,NULL,0.0000,0.0000,0.0000,0.0000,0.0000,0.0000,40.0000,40.0000,0.0000,0.0000,'simple',NULL,NULL,NULL,NULL,50.0000,40.0000,40.0000,40.0000,40.0000,0.0000,0.0000,0,0,NULL,NULL,NULL,NULL,NULL,NULL,NULL,NULL,NULL,NULL),(1261,409,'2021-01-15 06:18:07','2021-01-15 06:18:07',1,1,NULL,0,'24-MB01','Faux Suede Black',NULL,NULL,NULL,0,0,NULL,1.0000,40.0000,40.0000,NULL,0.0000,0.0000,0.0000,0.0000,0.0000,0.0000,40.0000,40.0000,0.0000,0.0000,'simple',NULL,NULL,NULL,NULL,50.0000,40.0000,40.0000,40.0000,40.0000,0.0000,0.0000,0,0,NULL,NULL,NULL,NULL,NULL,NULL,NULL,NULL,NULL,NULL),(1266,412,'2021-03-01 10:40:02','2021-03-01 10:56:25',1,3,NULL,0,'24-MB01','Faux Suede Black',NULL,NULL,NULL,0,0,NULL,1.0000,40.0000,40.0000,NULL,0.0000,0.0000,0.0000,0.0000,0.0000,0.0000,40.0000,40.0000,0.0000,0.0000,'simple',NULL,NULL,NULL,NULL,50.0000,40.0000,40.0000,40.0000,40.0000,0.0000,0.0000,0,0,NULL,NULL,NULL,NULL,NULL,NULL,NULL,NULL,NULL,NULL),(1278,418,'2021-03-04 11:14:50','2021-03-04 11:14:50',1,1,NULL,0,'24-MB01','Faux Suede Black',NULL,NULL,NULL,0,0,NULL,1.0000,40.0000,40.0000,NULL,0.0000,0.0000,0.0000,0.0000,0.0000,0.0000,40.0000,40.0000,0.0000,0.0000,'simple',NULL,NULL,NULL,NULL,50.0000,40.0000,40.0000,40.0000,40.0000,0.0000,0.0000,0,0,NULL,NULL,NULL,NULL,NULL,NULL,NULL,NULL,NULL,NULL),(1282,421,'2021-03-05 02:00:22','2021-03-05 02:00:22',1,1,NULL,0,'24-MB01','Faux Suede Black',NULL,NULL,NULL,0,0,NULL,1.0000,40.0000,40.0000,NULL,0.0000,0.0000,0.0000,0.0000,0.0000,0.0000,40.0000,40.0000,0.0000,0.0000,'simple',NULL,NULL,NULL,NULL,50.0000,40.0000,40.0000,40.0000,40.0000,0.0000,0.0000,0,0,NULL,NULL,NULL,NULL,NULL,NULL,NULL,NULL,NULL,NULL),(1283,422,'2021-03-05 02:04:47','2021-03-05 02:04:47',1,1,NULL,0,'24-MB01','Faux Suede Black',NULL,NULL,NULL,0,0,NULL,1.0000,40.0000,40.0000,NULL,0.0000,0.0000,0.0000,0.0000,0.0000,0.0000,40.0000,40.0000,0.0000,0.0000,'simple',NULL,NULL,NULL,NULL,50.0000,40.0000,40.0000,40.0000,40.0000,0.0000,0.0000,0,0,NULL,NULL,NULL,NULL,NULL,NULL,NULL,NULL,NULL,NULL),(1294,427,'2021-03-08 10:24:53','2021-03-08 10:48:44',1,1,NULL,0,'24-MB01','Faux Suede Black',NULL,NULL,NULL,0,0,NULL,3.0000,40.0000,40.0000,NULL,0.0000,0.0000,0.0000,0.0000,0.0000,0.0000,120.0000,120.0000,0.0000,0.0000,'simple',NULL,NULL,NULL,NULL,50.0000,40.0000,40.0000,120.0000,120.0000,0.0000,0.0000,0,0,NULL,NULL,NULL,NULL,NULL,NULL,NULL,NULL,NULL,NULL),(1300,429,'2021-03-12 08:40:30','2021-03-12 08:40:30',1,1,NULL,0,'24-MB01','Faux Suede Black',NULL,NULL,NULL,0,0,NULL,1.0000,40.0000,40.0000,NULL,0.0000,0.0000,0.0000,0.0000,0.0000,0.0000,40.0000,40.0000,0.0000,0.0000,'simple',NULL,NULL,NULL,NULL,NULL,40.0000,40.0000,40.0000,40.0000,0.0000,0.0000,0,0,NULL,NULL,NULL,NULL,NULL,NULL,NULL,NULL,NULL,NULL),(1306,432,'2021-03-13 12:46:36','2021-03-13 12:52:28',1,7,NULL,0,'24-MB01','Faux Suede Black',NULL,NULL,NULL,0,0,NULL,1.0000,40.0000,40.0000,NULL,0.0000,0.0000,0.0000,0.0000,0.0000,0.0000,40.0000,40.0000,0.0000,0.0000,'simple',NULL,NULL,NULL,NULL,NULL,40.0000,40.0000,40.0000,40.0000,0.0000,0.0000,0,0,NULL,NULL,NULL,NULL,NULL,NULL,NULL,NULL,NULL,NULL),(1325,437,'2021-03-16 08:31:30','2021-03-16 09:25:58',1,1,NULL,0,'24-MB01','Faux Suede Black',NULL,NULL,NULL,0,0,NULL,12.0000,40.0000,40.0000,NULL,0.0000,0.0000,0.0000,0.0000,0.0000,0.0000,480.0000,480.0000,0.0000,0.0000,'simple',NULL,NULL,NULL,NULL,NULL,40.0000,40.0000,480.0000,480.0000,0.0000,0.0000,0,0,NULL,NULL,NULL,NULL,NULL,NULL,NULL,NULL,NULL,NULL),(1328,437,'2021-03-16 08:48:51','2021-03-16 08:48:51',1,1,NULL,0,'24-MB01','Faux Suede Black',NULL,NULL,NULL,0,0,NULL,100.0000,40.0000,40.0000,NULL,0.0000,0.0000,0.0000,0.0000,0.0000,0.0000,4000.0000,4000.0000,0.0000,0.0000,'simple',NULL,NULL,NULL,NULL,NULL,40.0000,40.0000,4000.0000,4000.0000,0.0000,0.0000,0,0,NULL,NULL,NULL,NULL,NULL,NULL,NULL,NULL,NULL,NULL),(1339,441,'2021-03-16 11:42:26','2021-03-16 11:45:29',1,13,NULL,0,'24-MB01','Faux Suede Black',NULL,NULL,NULL,0,0,NULL,2.0000,40.0000,40.0000,NULL,0.0000,0.0000,0.0000,0.0000,0.0000,0.0000,80.0000,80.0000,0.0000,0.0000,'simple',NULL,NULL,NULL,NULL,NULL,40.0000,40.0000,80.0000,80.0000,0.0000,0.0000,0,0,NULL,NULL,NULL,NULL,NULL,NULL,NULL,NULL,NULL,NULL),(1342,442,'2021-03-16 12:43:59','2021-03-16 12:43:59',1,1,NULL,0,'24-MB01','Faux Suede Black',NULL,NULL,NULL,0,0,NULL,1.0000,40.0000,40.0000,NULL,0.0000,0.0000,0.0000,0.0000,0.0000,0.0000,40.0000,40.0000,0.0000,0.0000,'simple',NULL,NULL,NULL,NULL,NULL,40.0000,40.0000,40.0000,40.0000,0.0000,0.0000,0,0,NULL,NULL,NULL,NULL,NULL,NULL,NULL,NULL,NULL,NULL),(1352,445,'2021-03-18 03:08:55','2021-03-18 03:13:47',1,15,NULL,0,'24-MB01','Faux Suede Black',NULL,NULL,NULL,0,0,NULL,2.0000,40.0000,40.0000,NULL,0.0000,0.0000,0.0000,0.0000,0.0000,0.0000,80.0000,80.0000,0.0000,0.0000,'simple',NULL,NULL,NULL,NULL,NULL,40.0000,40.0000,80.0000,80.0000,0.0000,0.0000,0,0,NULL,NULL,NULL,NULL,NULL,NULL,NULL,NULL,NULL,NULL),(1432,466,'2021-03-23 03:01:46','2021-03-23 03:01:46',1,1,NULL,0,'24-MB01','Faux Suede Black',NULL,NULL,NULL,0,0,NULL,1.0000,40.0000,40.0000,NULL,0.0000,0.0000,0.0000,0.0000,0.0000,0.0000,40.0000,40.0000,0.0000,0.0000,'simple',NULL,NULL,NULL,NULL,NULL,40.0000,40.0000,40.0000,40.0000,0.0000,0.0000,0,0,NULL,NULL,NULL,NULL,NULL,NULL,NULL,NULL,NULL,NULL),(1433,467,'2021-03-23 07:54:24','2021-03-23 07:54:24',1,1,NULL,0,'24-MB01','Faux Suede Black',NULL,NULL,NULL,0,0,NULL,1.0000,40.0000,40.0000,NULL,0.0000,0.0000,0.0000,0.0000,0.0000,0.0000,40.0000,40.0000,0.0000,0.0000,'simple',NULL,NULL,NULL,NULL,NULL,40.0000,40.0000,40.0000,40.0000,0.0000,0.0000,0,0,NULL,NULL,NULL,NULL,NULL,NULL,NULL,NULL,NULL,NULL),(1435,468,'2021-03-23 07:55:47','2021-03-23 07:55:55',1,1,NULL,0,'24-MB01','Faux Suede Black',NULL,NULL,NULL,0,0,NULL,2.0000,40.0000,40.0000,NULL,0.0000,0.0000,0.0000,0.0000,0.0000,0.0000,80.0000,80.0000,0.0000,0.0000,'simple',NULL,NULL,NULL,NULL,NULL,40.0000,40.0000,80.0000,80.0000,0.0000,0.0000,0,0,NULL,NULL,NULL,NULL,NULL,NULL,NULL,NULL,NULL,NULL),(1437,469,'2021-03-23 07:57:06','2021-03-23 07:57:06',1,1,NULL,0,'24-MB01','Faux Suede Black',NULL,NULL,NULL,0,0,NULL,1.0000,40.0000,40.0000,NULL,0.0000,0.0000,0.0000,0.0000,0.0000,0.0000,40.0000,40.0000,0.0000,0.0000,'simple',NULL,NULL,NULL,NULL,NULL,40.0000,40.0000,40.0000,40.0000,0.0000,0.0000,0,0,NULL,NULL,NULL,NULL,NULL,NULL,NULL,NULL,NULL,NULL),(1439,470,'2021-03-23 08:02:57','2021-03-23 08:23:43',1,1,NULL,0,'24-MB01','Faux Suede Black',NULL,NULL,NULL,0,0,NULL,5.0000,40.0000,40.0000,NULL,0.0000,0.0000,0.0000,0.0000,0.0000,0.0000,200.0000,200.0000,0.0000,0.0000,'simple',NULL,NULL,NULL,NULL,NULL,40.0000,40.0000,200.0000,200.0000,0.0000,0.0000,0,0,NULL,NULL,NULL,NULL,NULL,NULL,NULL,NULL,NULL,NULL),(1444,472,'2021-03-25 03:57:14','2021-03-25 03:57:14',1,1,NULL,0,'24-MB01','Faux Suede Black',NULL,NULL,NULL,0,0,NULL,1.0000,40.0000,40.0000,NULL,0.0000,0.0000,0.0000,0.0000,0.0000,0.0000,40.0000,40.0000,0.0000,0.0000,'simple',NULL,NULL,NULL,NULL,NULL,40.0000,40.0000,40.0000,40.0000,0.0000,0.0000,0,0,NULL,NULL,NULL,NULL,NULL,NULL,NULL,NULL,NULL,NULL),(1477,483,'2021-04-01 01:35:07','2021-04-01 01:35:07',1,1,NULL,0,'24-MB01','Faux Suede Black',NULL,NULL,NULL,0,0,NULL,1.0000,40.0000,40.0000,NULL,0.0000,0.0000,0.0000,0.0000,0.0000,0.0000,40.0000,40.0000,0.0000,0.0000,'simple',NULL,NULL,NULL,NULL,NULL,40.0000,40.0000,40.0000,40.0000,0.0000,0.0000,0,0,NULL,NULL,NULL,NULL,NULL,NULL,NULL,NULL,NULL,NULL),(1488,486,'2021-08-06 18:38:16','2021-08-06 18:38:16',1,1,NULL,0,'24-MB01','Faux Suede Black',NULL,NULL,NULL,0,0,NULL,1.0000,50.0000,50.0000,NULL,0.0000,0.0000,0.0000,0.0000,0.0000,0.0000,50.0000,50.0000,0.0000,0.0000,'simple',NULL,NULL,NULL,NULL,NULL,50.0000,50.0000,50.0000,50.0000,0.0000,0.0000,0,0,NULL,NULL,NULL,NULL,NULL,NULL,NULL,NULL,NULL,NULL),(1489,487,'2021-08-06 18:42:14','2021-08-06 18:42:14',1,1,NULL,0,'24-MB01','Faux Suede Black',NULL,NULL,NULL,0,0,NULL,1.0000,50.0000,50.0000,NULL,0.0000,0.0000,0.0000,0.0000,0.0000,0.0000,50.0000,50.0000,0.0000,0.0000,'simple',NULL,NULL,NULL,NULL,NULL,50.0000,50.0000,50.0000,50.0000,0.0000,0.0000,0,0,NULL,NULL,NULL,NULL,NULL,NULL,NULL,NULL,NULL,NULL),(1490,488,'2021-08-06 18:46:23','2021-08-06 18:46:23',1,1,NULL,0,'24-MB01','Faux Suede Black',NULL,NULL,NULL,0,0,NULL,1.0000,50.0000,50.0000,NULL,0.0000,0.0000,0.0000,0.0000,0.0000,0.0000,50.0000,50.0000,0.0000,0.0000,'simple',NULL,NULL,NULL,NULL,NULL,50.0000,50.0000,50.0000,50.0000,0.0000,0.0000,0,0,NULL,NULL,NULL,NULL,NULL,NULL,NULL,NULL,NULL,NULL),(1491,489,'2021-08-07 00:49:21','2021-08-07 00:49:21',1,2,NULL,0,'24-MB01','Faux Suede Black',NULL,NULL,NULL,0,0,NULL,1.0000,50.0000,50.0000,NULL,0.0000,0.0000,0.0000,0.0000,0.0000,0.0000,50.0000,50.0000,0.0000,0.0000,'simple',NULL,NULL,NULL,NULL,NULL,50.0000,50.0000,50.0000,50.0000,0.0000,0.0000,0,0,NULL,NULL,NULL,NULL,NULL,NULL,NULL,NULL,NULL,NULL),(1492,490,'2021-08-07 00:58:41','2021-08-07 00:58:41',1,1,NULL,0,'24-MB01','Faux Suede Black',NULL,NULL,NULL,0,0,NULL,1.0000,50.0000,50.0000,NULL,0.0000,0.0000,0.0000,0.0000,0.0000,0.0000,50.0000,50.0000,0.0000,0.0000,'simple',NULL,NULL,NULL,NULL,NULL,50.0000,50.0000,50.0000,50.0000,0.0000,0.0000,0,0,NULL,NULL,NULL,NULL,NULL,NULL,NULL,NULL,NULL,NULL),(1501,492,'2022-12-10 22:42:01','2022-12-10 22:54:24',1,1,NULL,0,'24-MB01','Faux Suede Black',NULL,NULL,NULL,0,0,NULL,13.0000,50.0000,50.0000,NULL,0.0000,0.0000,0.0000,0.0000,0.0000,0.0000,650.0000,650.0000,0.0000,0.0000,'simple',NULL,NULL,NULL,NULL,NULL,50.0000,50.0000,650.0000,650.0000,0.0000,0.0000,0,0,NULL,NULL,NULL,NULL,NULL,NULL,NULL,NULL,NULL,NULL),(1507,493,'2023-02-13 11:27:21','2023-02-13 11:27:21',1,1,NULL,0,'24-MB01','Faux Suede Black',NULL,NULL,NULL,0,0,NULL,1.0000,50.0000,50.0000,NULL,0.0000,0.0000,0.0000,0.0000,0.0000,0.0000,50.0000,50.0000,0.0000,0.0000,'simple',NULL,NULL,NULL,NULL,NULL,50.0000,50.0000,50.0000,50.0000,0.0000,0.0000,0,0,NULL,NULL,NULL,NULL,NULL,NULL,NULL,NULL,NULL,NULL);

--
-- Table structure for table `quote_item_option`
--

CREATE TABLE `quote_item_option` (
  `option_id` int(10) unsigned NOT NULL AUTO_INCREMENT COMMENT 'Option ID',
  `item_id` int(10) unsigned NOT NULL COMMENT 'Item ID',
  `product_id` int(10) unsigned NOT NULL COMMENT 'Product ID',
  `code` varchar(255) NOT NULL COMMENT 'Code',
  `value` text COMMENT 'Value',
  PRIMARY KEY (`option_id`),
  KEY `QUOTE_ITEM_OPTION_ITEM_ID` (`item_id`),
  CONSTRAINT `QUOTE_ITEM_OPTION_ITEM_ID_QUOTE_ITEM_ITEM_ID` FOREIGN KEY (`item_id`) REFERENCES `quote_item` (`item_id`) ON DELETE CASCADE
) ENGINE=InnoDB AUTO_INCREMENT=2152 DEFAULT CHARSET=utf8 COMMENT='Sales Flat Quote Item Option';

--
-- Dumping data for table `quote_item_option`
--

INSERT INTO `quote_item_option` VALUES (14,6,1,'info_buyRequest','{\"super_product_config\":{\"product_type\":\"grouped\",\"product_id\":\"104\"}}'),(15,6,104,'product_type','grouped'),(31,20,1,'info_buyRequest','{\"uenc\":\"aHR0cDovL3dwMmNhcnQuY29tL2dlY2tvL2Nsb3RoaW5nLmh0bWw_cD0z\",\"product\":\"1\",\"qty\":1}'),(66,30,1,'info_buyRequest','{\"uenc\":\"aHR0cDovL3dwMmNhcnQuY29tL2dlY2tvLw,,\",\"product\":\"1\",\"qty\":1}'),(110,53,1,'info_buyRequest','{\"uenc\":\"aHR0cDovL3dwMmNhcnQuY29tL2dlY2tvLw,,\",\"product\":\"1\",\"qty\":1}'),(149,80,1,'info_buyRequest','{\"uenc\":\"aHR0cDovL3dwMmNhcnQuY29tL2dlY2tvLw,,\",\"product\":\"1\",\"qty\":1}'),(293,186,1,'info_buyRequest','{\"uenc\":\"aHR0cDovL3dwMmNhcnQuY29tL2dlY2tvLw,,\",\"product\":\"1\",\"qty\":1}'),(305,194,1,'info_buyRequest','{\"super_product_config\":{\"product_type\":\"grouped\",\"product_id\":\"104\"}}'),(306,194,104,'product_type','grouped'),(310,198,1,'info_buyRequest','{\"uenc\":\"aHR0cDovL3dwMmNhcnQuY29tL2dlY2tvLw,,\",\"product\":\"1\",\"qty\":1}'),(329,213,1,'info_buyRequest','{\"uenc\":\"aHR0cDovL3dwMmNhcnQuY29tL2dlY2tvLw,,\",\"product\":\"1\",\"qty\":1}'),(331,215,1,'info_buyRequest','{\"uenc\":\"aHR0cDovL3dwMmNhcnQuY29tL2dlY2tvLw,,\",\"product\":\"1\",\"qty\":1}'),(333,217,1,'info_buyRequest','{\"uenc\":\"aHR0cDovL3dwMmNhcnQuY29tL2dlY2tvLw,,\",\"product\":\"1\",\"qty\":1}'),(335,219,1,'info_buyRequest','{\"uenc\":\"aHR0cDovL3dwMmNhcnQuY29tL2dlY2tvLw,,\",\"product\":\"1\",\"qty\":1}'),(339,223,1,'info_buyRequest','{\"uenc\":\"aHR0cDovL3dwMmNhcnQuY29tL2dlY2tvLw,,\",\"product\":\"1\",\"qty\":1}'),(345,229,1,'info_buyRequest','{\"uenc\":\"aHR0cDovL3dwMmNhcnQuY29tL2dlY2tvLw,,\",\"product\":\"1\",\"qty\":1}'),(347,231,1,'info_buyRequest','{\"uenc\":\"aHR0cDovL3dwMmNhcnQuY29tL2dlY2tvLw,,\",\"product\":\"1\",\"qty\":1}'),(356,236,1,'info_buyRequest','{\"uenc\":\"aHR0cDovL3dwMmNhcnQuY29tL2dlY2tvLw,,\",\"product\":\"1\",\"qty\":1}'),(363,243,1,'info_buyRequest','{\"uenc\":\"aHR0cDovL3dwMmNhcnQuY29tL2dlY2tvL2ZhdXgtc3VlZGUtYmxhY2suaHRtbA,,\",\"product\":\"1\",\"selected_configurable_option\":\"\",\"related_product\":\"\",\"item\":\"1\",\"qty\":\"1\"}'),(367,247,1,'info_buyRequest','{\"uenc\":\"aHR0cDovL3dwMmNhcnQuY29tL2dlY2tvLw,,\",\"product\":\"1\",\"qty\":1}'),(384,264,1,'info_buyRequest','{\"uenc\":\"aHR0cDovL3dwMmNhcnQuY29tL2dlY2tvLw,,\",\"product\":\"1\",\"qty\":1}'),(420,300,1,'info_buyRequest','{\"uenc\":\"aHR0cDovL3dwMmNhcnQuY29tL2dlY2tvLw,,\",\"product\":\"1\",\"qty\":1}'),(421,301,1,'info_buyRequest','{\"uenc\":\"aHR0cDovL3dwMmNhcnQuY29tL2dlY2tvLw,,\",\"product\":\"1\",\"qty\":1}'),(448,324,1,'info_buyRequest','{\"uenc\":\"aHR0cDovL3dwMmNhcnQuY29tL2dlY2tvLw,,\",\"product\":\"1\",\"qty\":1}'),(453,329,1,'info_buyRequest','{\"uenc\":\"aHR0cDovL3dwMmNhcnQuY29tL2dlY2tvLw,,\",\"product\":\"1\",\"qty\":1}'),(471,347,1,'info_buyRequest','{\"uenc\":\"aHR0cDovL3dwMmNhcnQuY29tL2dlY2tvLw,,\",\"product\":\"1\",\"qty\":1}'),(472,348,1,'info_buyRequest','{\"uenc\":\"aHR0cDovL3dwMmNhcnQuY29tL2dlY2tvLw,,\",\"product\":\"1\",\"qty\":1}'),(473,349,1,'info_buyRequest','{\"id\":\"1\",\"product\":\"1\",\"uenc\":\"aHR0cDovL3dwMmNhcnQuY29tL2dlY2tvL2NoZWNrb3V0L2NhcnQvYWRkL3VlbmMvYUhSMGNEb3ZMM2R3TW1OaGNuUXVZMjl0TDJkbFkydHZMM05oYkdVdGNISnZaSFZqZEhNJTJDL3Byb2R1Y3QvMS8,\",\"qty\":1}'),(487,363,1,'info_buyRequest','{\"uenc\":\"aHR0cDovL3dwMmNhcnQuY29tL2dlY2tvL21hZ2ljcHJvZHVjdC9pbmRleC9wcm9kdWN0Lw,,\",\"product\":\"1\",\"qty\":1}'),(494,366,1,'info_buyRequest','{\"id\":\"1\",\"product\":\"1\",\"uenc\":\"aHR0cDovL3dwMmNhcnQuY29tL2dlY2tvL2NoZWNrb3V0L2NhcnQvYWRkL3VlbmMvYUhSMGNEb3ZMM2R3TW1OaGNuUXVZMjl0TDJkbFkydHZMMk5zYjNSb2FXNW5MbWgwYld3JTJDL3Byb2R1Y3QvMS8,\",\"qty\":1}'),(519,387,1,'info_buyRequest','{\"id\":\"1\",\"product\":\"1\",\"uenc\":\"aHR0cDovL3dwMmNhcnQuY29tL2dlY2tvL2NoZWNrb3V0L2NhcnQvYWRkL3VlbmMvYUhSMGNEb3ZMM2R3TW1OaGNuUXVZMjl0TDJkbFkydHZMMjFoWjJsamNISnZaSFZqZEM5cGJtUmxlQzl3Y205a2RXTjBMdyUyQyUyQy9wcm9kdWN0LzEv\",\"qty\":1}'),(537,401,1,'info_buyRequest','{\"id\":\"1\",\"product\":\"1\",\"uenc\":\"aHR0cDovL3dwMmNhcnQuY29tL2dlY2tvL2NoZWNrb3V0L2NhcnQvYWRkL3VlbmMvYUhSMGNEb3ZMM2R3TW1OaGNuUXVZMjl0TDJkbFkydHZMdyUyQyUyQy9wcm9kdWN0LzEv\",\"qty\":1}'),(582,422,1,'info_buyRequest','{\"id\":\"1\",\"product\":\"1\",\"uenc\":\"aHR0cDovL3dwMmNhcnQuY29tL2dlY2tvL2NoZWNrb3V0L2NhcnQvYWRkL3VlbmMvYUhSMGNEb3ZMM2R3TW1OaGNuUXVZMjl0TDJkbFkydHZMMk5zYjNSb2FXNW5MbWgwYld3JTJDL3Byb2R1Y3QvMS8,\",\"qty\":1}'),(636,452,1,'info_buyRequest','{\"id\":\"1\",\"product\":\"1\",\"uenc\":\"aHR0cDovL3dwMmNhcnQuY29tL2dlY2tvL2NoZWNrb3V0L2NhcnQvYWRkL3VlbmMvYUhSMGNEb3ZMM2R3TW1OaGNuUXVZMjl0TDJkbFkydHZMdyUyQyUyQy9wcm9kdWN0LzEv\",\"qty\":1}'),(643,459,1,'info_buyRequest','{\"id\":\"1\",\"product\":\"1\",\"uenc\":\"aHR0cDovL3dwMmNhcnQuY29tL2dlY2tvL2NoZWNrb3V0L2NhcnQvYWRkL3VlbmMvYUhSMGNEb3ZMM2R3TW1OaGNuUXVZMjl0TDJkbFkydHZMdyUyQyUyQy9wcm9kdWN0LzEv\",\"qty\":1}'),(673,489,1,'info_buyRequest','{\"id\":\"1\",\"product\":\"1\",\"uenc\":\"aHR0cDovL3dwMmNhcnQuY29tL2dlY2tvL2NoZWNrb3V0L2NhcnQvYWRkL3VlbmMvYUhSMGNEb3ZMM2R3TW1OaGNuUXVZMjl0TDJkbFkydHZMdyUyQyUyQy9wcm9kdWN0LzEv\",\"qty\":1}'),(680,496,1,'info_buyRequest','{\"id\":\"1\",\"product\":\"1\",\"uenc\":\"aHR0cDovL3dwMmNhcnQuY29tL2dlY2tvL2NoZWNrb3V0L2NhcnQvYWRkL3VlbmMvYUhSMGNEb3ZMM2R3TW1OaGNuUXVZMjl0TDJkbFkydHZMdyUyQyUyQy9wcm9kdWN0LzEv\",\"qty\":1}'),(682,498,1,'info_buyRequest','{\"id\":\"1\",\"product\":\"1\",\"uenc\":\"aHR0cDovL3dwMmNhcnQuY29tL2dlY2tvL2NoZWNrb3V0L2NhcnQvYWRkL3VlbmMvYUhSMGNEb3ZMM2R3TW1OaGNuUXVZMjl0TDJkbFkydHZMdyUyQyUyQy9wcm9kdWN0LzEv\",\"qty\":1}'),(694,510,1,'info_buyRequest','{\"super_product_config\":{\"product_type\":\"grouped\",\"product_id\":\"104\"}}'),(695,510,104,'product_type','grouped'),(717,523,1,'info_buyRequest','{\"super_product_config\":{\"product_type\":\"grouped\",\"product_id\":\"104\"}}'),(718,523,104,'product_type','grouped'),(731,536,1,'info_buyRequest','{\"id\":\"1\",\"product\":\"1\",\"uenc\":\"aHR0cDovL3dwMmNhcnQuY29tL2dlY2tvL2NoZWNrb3V0L2NhcnQvYWRkL3VlbmMvYUhSMGNEb3ZMM2R3TW1OaGNuUXVZMjl0TDJkbFkydHZMdyUyQyUyQy9wcm9kdWN0LzEv\",\"qty\":1}'),(744,549,1,'info_buyRequest','{\"id\":\"1\",\"product\":\"1\",\"uenc\":\"aHR0cDovL3dwMmNhcnQuY29tL2dlY2tvL2NoZWNrb3V0L2NhcnQvYWRkL3VlbmMvYUhSMGNEb3ZMM2R3TW1OaGNuUXVZMjl0TDJkbFkydHZMdyUyQyUyQy9wcm9kdWN0LzEv\",\"qty\":1}'),(750,555,1,'info_buyRequest','{\"id\":\"1\",\"product\":\"1\",\"uenc\":\"aHR0cDovL3dwMmNhcnQuY29tL2dlY2tvL2NoZWNrb3V0L2NhcnQvYWRkL3VlbmMvYUhSMGNEb3ZMM2R3TW1OaGNuUXVZMjl0TDJkbFkydHZMdyUyQyUyQy9wcm9kdWN0LzEv\",\"qty\":1}'),(764,569,1,'info_buyRequest','{\"id\":\"1\",\"product\":\"1\",\"selected_configurable_option\":\"\",\"related_product\":\"\",\"item\":\"1\",\"qty\":\"1\"}'),(781,586,1,'info_buyRequest','{\"id\":\"1\",\"product\":\"1\",\"uenc\":\"aHR0cDovL3dwMmNhcnQuY29tL2dlY2tvL2NoZWNrb3V0L2NhcnQvYWRkL3VlbmMvYUhSMGNEb3ZMM2R3TW1OaGNuUXVZMjl0TDJkbFkydHZMMk5zYjNSb2FXNW5MbWgwYld3JTJDL3Byb2R1Y3QvMS8,\",\"qty\":1}'),(845,603,1,'info_buyRequest','{\"super_product_config\":{\"product_type\":\"grouped\",\"product_id\":\"104\"}}'),(846,603,104,'product_type','grouped'),(853,606,1,'info_buyRequest','{\"id\":\"1\",\"product\":\"1\",\"uenc\":\"aHR0cDovL3dwMmNhcnQuY29tL2dlY2tvL2NoZWNrb3V0L2NhcnQvYWRkL3VlbmMvYUhSMGNEb3ZMM2R3TW1OaGNuUXVZMjl0TDJkbFkydHZMdyUyQyUyQy9wcm9kdWN0LzEv\",\"qty\":1}'),(906,617,1,'info_buyRequest','{\"id\":\"1\",\"product\":\"1\",\"uenc\":\"aHR0cDovL3dwMmNhcnQuY29tL2dlY2tvL2NoZWNrb3V0L2NhcnQvYWRkL3VlbmMvYUhSMGNEb3ZMM2R3TW1OaGNuUXVZMjl0TDJkbFkydHZMMk5zYjNSb2FXNW5MbWgwYld3JTJDL3Byb2R1Y3QvMS8,\",\"qty\":1}'),(959,641,1,'info_buyRequest','{\"id\":\"1\",\"product\":\"1\",\"uenc\":\"aHR0cDovL3dwMmNhcnQuY29tL2dlY2tvL2RlZmF1bHQvY2hlY2tvdXQvY2FydC9hZGQvdWVuYy9hSFIwY0RvdkwzZHdNbU5oY25RdVkyOXRMMmRsWTJ0dkwyUmxabUYxYkhRdlkyeHZkR2hwYm1jdWFIUnRiQSUyQyUyQy9wcm9kdWN0LzEv\",\"qty\":1}'),(982,660,1,'info_buyRequest','{\"id\":\"1\",\"product\":\"1\",\"uenc\":\"aHR0cDovL3dwMmNhcnQuY29tL2dlY2tvL2RlZmF1bHQvY2hlY2tvdXQvY2FydC9hZGQvdWVuYy9hSFIwY0RvdkwzZHdNbU5oY25RdVkyOXRMMmRsWTJ0dkwyUmxabUYxYkhRdi9wcm9kdWN0LzEv\",\"qty\":1}'),(994,668,1,'info_buyRequest','{\"super_product_config\":{\"product_type\":\"grouped\",\"product_id\":\"104\"}}'),(995,668,104,'product_type','grouped'),(1010,681,1,'info_buyRequest','{\"id\":\"1\",\"product\":\"1\",\"uenc\":\"aHR0cDovL3dwMmNhcnQuY29tL2dlY2tvL2RlZmF1bHQvY2hlY2tvdXQvY2FydC9hZGQvdWVuYy9hSFIwY0RvdkwzZHdNbU5oY25RdVkyOXRMMmRsWTJ0dkwyMWhaMmxqY0hKdlpIVmpkQzlwYm1SbGVDOXdjbTlrZFdOMEx3JTJDJTJDL3Byb2R1Y3QvMS8,\",\"qty\":1}'),(1077,719,1,'info_buyRequest','{\"id\":\"1\",\"product\":\"1\",\"selected_configurable_option\":\"\",\"related_product\":\"\",\"item\":\"1\",\"qty\":\"1\"}'),(1108,746,1,'info_buyRequest','{\"id\":\"1\",\"product\":\"1\",\"selected_configurable_option\":\"\",\"related_product\":\"\",\"item\":\"1\",\"qty\":\"1\"}'),(1179,805,1,'info_buyRequest','{\"id\":\"1\",\"product\":\"1\",\"uenc\":\"aHR0cDovL3dwMmNhcnQuY29tL2dlY2tvL2RlZmF1bHQvY2hlY2tvdXQvY2FydC9hZGQvdWVuYy9hSFIwY0RvdkwzZHdNbU5oY25RdVkyOXRMMmRsWTJ0dkwyUmxabUYxYkhRdi9wcm9kdWN0LzEv\",\"qty\":1}'),(1185,811,1,'info_buyRequest','{\"super_product_config\":{\"product_type\":\"grouped\",\"product_id\":\"104\"}}'),(1186,811,104,'product_type','grouped'),(1255,833,1,'info_buyRequest','{\"id\":\"1\",\"product\":\"1\",\"uenc\":\"aHR0cDovL3dwMmNhcnQuY29tL2dlY2tvL2RlZmF1bHQvY2hlY2tvdXQvY2FydC9hZGQvdWVuYy9hSFIwY0RvdkwzZHdNbU5oY25RdVkyOXRMMmRsWTJ0dkwyUmxabUYxYkhRdi9wcm9kdWN0LzEv\",\"qty\":1}'),(1305,857,1,'info_buyRequest','{\"id\":\"1\",\"product\":\"1\",\"uenc\":\"aHR0cDovL3dwMmNhcnQuY29tL2dlY2tvL2RlZmF1bHQvY2hlY2tvdXQvY2FydC9hZGQvdWVuYy9hSFIwY0RvdkwzZHdNbU5oY25RdVkyOXRMMmRsWTJ0dkwyUmxabUYxYkhRdi9wcm9kdWN0LzEv\",\"qty\":1}'),(1309,861,1,'info_buyRequest','{\"id\":\"1\",\"product\":\"1\",\"uenc\":\"aHR0cDovL3dwMmNhcnQuY29tL2dlY2tvL2RlZmF1bHQvY2hlY2tvdXQvY2FydC9hZGQvdWVuYy9hSFIwY0RvdkwzZHdNbU5oY25RdVkyOXRMMmRsWTJ0dkwyUmxabUYxYkhRdi9wcm9kdWN0LzEv\",\"qty\":1}'),(1318,870,1,'info_buyRequest','{\"id\":\"1\",\"product\":\"1\",\"uenc\":\"aHR0cDovL3dwMmNhcnQuY29tL2dlY2tvL2RlZmF1bHQvY2hlY2tvdXQvY2FydC9hZGQvdWVuYy9hSFIwY0RvdkwzZHdNbU5oY25RdVkyOXRMMmRsWTJ0dkwyUmxabUYxYkhRdi9wcm9kdWN0LzEv\",\"qty\":1}'),(1323,875,1,'info_buyRequest','{\"id\":\"1\",\"product\":\"1\",\"uenc\":\"aHR0cDovL3dwMmNhcnQuY29tL2dlY2tvL2RlZmF1bHQvY2hlY2tvdXQvY2FydC9hZGQvdWVuYy9hSFIwY0RvdkwzZHdNbU5oY25RdVkyOXRMMmRsWTJ0dkx3JTJDJTJDL3Byb2R1Y3QvMS8,\",\"qty\":1}'),(1326,878,1,'info_buyRequest','{\"id\":\"1\",\"product\":\"1\",\"uenc\":\"aHR0cDovL3dwMmNhcnQuY29tL2dlY2tvL2RlZmF1bHQvY2hlY2tvdXQvY2FydC9hZGQvdWVuYy9hSFIwY0RvdkwzZHdNbU5oY25RdVkyOXRMMmRsWTJ0dkwyUmxabUYxYkhRdi9wcm9kdWN0LzEv\",\"qty\":1}'),(1334,886,1,'info_buyRequest','{\"id\":\"1\",\"product\":\"1\",\"uenc\":\"aHR0cDovL3dwMmNhcnQuY29tL2dlY2tvL2RlZmF1bHQvY2hlY2tvdXQvY2FydC9hZGQvdWVuYy9hSFIwY0RvdkwzZHdNbU5oY25RdVkyOXRMMmRsWTJ0dkx3JTJDJTJDL3Byb2R1Y3QvMS8,\",\"qty\":1}'),(1343,895,1,'info_buyRequest','{\"id\":\"1\",\"product\":\"1\",\"uenc\":\"aHR0cDovL3dwMmNhcnQuY29tL2dlY2tvL2RlZmF1bHQvY2hlY2tvdXQvY2FydC9hZGQvdWVuYy9hSFIwY0RvdkwzZHdNbU5oY25RdVkyOXRMMmRsWTJ0dkx3JTJDJTJDL3Byb2R1Y3QvMS8,\",\"qty\":1}'),(1345,897,1,'info_buyRequest','{\"id\":\"1\",\"product\":\"1\",\"uenc\":\"aHR0cDovL3dwMmNhcnQuY29tL2dlY2tvL2RlZmF1bHQvY2hlY2tvdXQvY2FydC9hZGQvdWVuYy9hSFIwY0RvdkwzZHdNbU5oY25RdVkyOXRMMmRsWTJ0dkwyUmxabUYxYkhRdi9wcm9kdWN0LzEv\",\"qty\":1}'),(1352,904,1,'info_buyRequest','{\"id\":\"1\",\"product\":\"1\",\"uenc\":\"aHR0cDovL3dwMmNhcnQuY29tL2dlY2tvL2RlZmF1bHQvY2hlY2tvdXQvY2FydC9hZGQvdWVuYy9hSFIwY0RvdkwzZHdNbU5oY25RdVkyOXRMMmRsWTJ0dkx3JTJDJTJDL3Byb2R1Y3QvMS8,\",\"qty\":1}'),(1362,914,1,'info_buyRequest','{\"id\":\"1\",\"product\":\"1\",\"uenc\":\"aHR0cDovL3dwMmNhcnQuY29tL2dlY2tvL2RlZmF1bHQvY2hlY2tvdXQvY2FydC9hZGQvdWVuYy9hSFIwY0RvdkwzZHdNbU5oY25RdVkyOXRMMmRsWTJ0dkx3JTJDJTJDL3Byb2R1Y3QvMS8,\",\"qty\":1}'),(1363,915,1,'info_buyRequest','{\"id\":\"1\",\"product\":\"1\",\"uenc\":\"aHR0cDovL3dwMmNhcnQuY29tL2dlY2tvL2RlZmF1bHQvY2hlY2tvdXQvY2FydC9hZGQvdWVuYy9hSFIwY0RvdkwzZHdNbU5oY25RdVkyOXRMMmRsWTJ0dkx3JTJDJTJDL3Byb2R1Y3QvMS8,\",\"qty\":1}'),(1367,919,1,'info_buyRequest','{\"id\":\"1\",\"product\":\"1\",\"uenc\":\"aHR0cDovL3dwMmNhcnQuY29tL2dlY2tvL2RlZmF1bHQvY2hlY2tvdXQvY2FydC9hZGQvdWVuYy9hSFIwY0RvdkwzZHdNbU5oY25RdVkyOXRMMmRsWTJ0dkwyUmxabUYxYkhRdi9wcm9kdWN0LzEv\",\"qty\":1}'),(1368,920,1,'info_buyRequest','{\"id\":\"1\",\"product\":\"1\",\"uenc\":\"aHR0cDovL3dwMmNhcnQuY29tL2dlY2tvL2RlZmF1bHQvY2hlY2tvdXQvY2FydC9hZGQvdWVuYy9hSFIwY0RvdkwzZHdNbU5oY25RdVkyOXRMMmRsWTJ0dkx3JTJDJTJDL3Byb2R1Y3QvMS8,\",\"qty\":1}'),(1379,931,1,'info_buyRequest','{\"id\":\"1\",\"product\":\"1\",\"uenc\":\"aHR0cDovL3dwMmNhcnQuY29tL2dlY2tvL2RlZmF1bHQvY2hlY2tvdXQvY2FydC9hZGQvdWVuYy9hSFIwY0RvdkwzZHdNbU5oY25RdVkyOXRMMmRsWTJ0dkwyUmxabUYxYkhRdi9wcm9kdWN0LzEv\",\"qty\":1}'),(1381,933,1,'info_buyRequest','{\"id\":\"1\",\"product\":\"1\",\"uenc\":\"aHR0cDovL3dwMmNhcnQuY29tL2dlY2tvL2RlZmF1bHQvY2hlY2tvdXQvY2FydC9hZGQvdWVuYy9hSFIwY0RvdkwzZHdNbU5oY25RdVkyOXRMMmRsWTJ0dkwyUmxabUYxYkhRdi9wcm9kdWN0LzEv\",\"qty\":1}'),(1396,944,1,'info_buyRequest','{\"id\":\"1\",\"product\":\"1\",\"uenc\":\"aHR0cDovL3dwMmNhcnQuY29tL2dlY2tvL2RlZmF1bHQvY2hlY2tvdXQvY2FydC9hZGQvdWVuYy9hSFIwY0RvdkwzZHdNbU5oY25RdVkyOXRMMmRsWTJ0dkx3JTJDJTJDL3Byb2R1Y3QvMS8,\",\"qty\":1}'),(1450,990,1,'info_buyRequest','{\"id\":\"1\",\"product\":\"1\",\"uenc\":\"aHR0cDovL3dwMmNhcnQuY29tL2dlY2tvL2RlZmF1bHQvY2hlY2tvdXQvY2FydC9hZGQvdWVuYy9hSFIwY0RvdkwzZHdNbU5oY25RdVkyOXRMMmRsWTJ0dkx3JTJDJTJDL3Byb2R1Y3QvMS8,\",\"qty\":1}'),(1523,1055,1,'info_buyRequest','{\"qty\":1}'),(1530,1062,1,'info_buyRequest','{\"id\":\"1\",\"product\":\"1\",\"uenc\":\"aHR0cDovL3dwMmNhcnQuY29tL2dlY2tvL2RlZmF1bHQvY2hlY2tvdXQvY2FydC9hZGQvdWVuYy9hSFIwY0RvdkwzZHdNbU5oY25RdVkyOXRMMmRsWTJ0dkx3JTJDJTJDL3Byb2R1Y3QvMS8,\",\"qty\":1}'),(1571,1086,1,'info_buyRequest','{\"id\":\"1\",\"product\":\"1\",\"uenc\":\"aHR0cDovL3dwMmNhcnQuY29tL2dlY2tvL2RlZmF1bHQvY2hlY2tvdXQvY2FydC9hZGQvdWVuYy9hSFIwY0RvdkwzZHdNbU5oY25RdVkyOXRMMmRsWTJ0dkx3JTJDJTJDL3Byb2R1Y3QvMS8,\",\"qty\":1}'),(1591,1106,1,'info_buyRequest','{\"id\":\"1\",\"product\":\"1\",\"uenc\":\"aHR0cDovL3dwMmNhcnQuY29tL2dlY2tvL2RlZmF1bHQvY2hlY2tvdXQvY2FydC9hZGQvdWVuYy9hSFIwY0RvdkwzZHdNbU5oY25RdVkyOXRMMmRsWTJ0dkx3JTJDJTJDL3Byb2R1Y3QvMS8,\",\"qty\":1}'),(1639,1146,1,'info_buyRequest','{\"id\":\"1\",\"product\":\"1\",\"uenc\":\"aHR0cDovL3dwMmNhcnQuY29tL2dlY2tvL2VuZ2xpc2hfMTAvY2hlY2tvdXQvY2FydC9hZGQvdWVuYy9hSFIwY0RvdkwzZHdNbU5oY25RdVkyOXRMMmRsWTJ0dkx3JTJDJTJDL3Byb2R1Y3QvMS8,\",\"qty\":1}'),(1680,1187,1,'info_buyRequest','{\"id\":\"1\",\"product\":\"1\",\"uenc\":\"aHR0cDovL3dwMmNhcnQuY29tL2dlY2tvL2RlZmF1bHQvY2hlY2tvdXQvY2FydC9hZGQvdWVuYy9hSFIwY0RvdkwzZHdNbU5oY25RdVkyOXRMMmRsWTJ0dkx3JTJDJTJDL3Byb2R1Y3QvMS8,\",\"qty\":1}'),(1714,1216,1,'info_buyRequest','{\"id\":\"1\",\"product\":\"1\",\"uenc\":\"aHR0cDovL3dwMmNhcnQuY29tL2dlY2tvL2RlZmF1bHQvY2hlY2tvdXQvY2FydC9hZGQvdWVuYy9hSFIwY0RvdkwzZHdNbU5oY25RdVkyOXRMMmRsWTJ0dkx3JTJDJTJDL3Byb2R1Y3QvMS8,\",\"qty\":1}'),(1719,1221,1,'info_buyRequest','{\"id\":\"1\",\"product\":\"1\",\"uenc\":\"aHR0cDovL3dwMmNhcnQuY29tL2dlY2tvL2RlZmF1bHQvY2hlY2tvdXQvY2FydC9hZGQvdWVuYy9hSFIwY0RvdkwzZHdNbU5oY25RdVkyOXRMMmRsWTJ0dkx3JTJDJTJDL3Byb2R1Y3QvMS8,\",\"qty\":1}'),(1737,1235,1,'info_buyRequest','{\"id\":\"1\",\"product\":\"1\",\"uenc\":\"aHR0cDovL3dwMmNhcnQuY29tL3R1cmFuL2NoZWNrb3V0L2NhcnQvYWRkL3VlbmMvYUhSMGNEb3ZMM2R3TW1OaGNuUXVZMjl0TDNSMWNtRnVMdyUyQyUyQy9wcm9kdWN0LzEv\",\"qty\":1}'),(1742,1240,1,'info_buyRequest','{\"id\":\"1\",\"product\":\"1\",\"uenc\":\"aHR0cHM6Ly93cDJjYXJ0LmNvbS90dXJhbi9jaGVja291dC9jYXJ0L2FkZC91ZW5jL2FIUjBjSE02THk5M2NESmpZWEowTG1OdmJTOTBkWEpoYmk4JTJDL3Byb2R1Y3QvMS8,\",\"qty\":1}'),(1743,1241,1,'info_buyRequest','{\"id\":\"1\",\"product\":\"1\",\"uenc\":\"aHR0cHM6Ly93cDJjYXJ0LmNvbS90dXJhbi9jaGVja291dC9jYXJ0L2FkZC91ZW5jL2FIUjBjSE02THk5M2NESmpZWEowTG1OdmJTOTBkWEpoYmk4JTJDL3Byb2R1Y3QvMS8,\",\"qty\":1}'),(1744,1242,1,'info_buyRequest','{\"id\":\"1\",\"product\":\"1\",\"uenc\":\"aHR0cHM6Ly93cDJjYXJ0LmNvbS90dXJhbi9jaGVja291dC9jYXJ0L2FkZC91ZW5jL2FIUjBjSE02THk5M2NESmpZWEowTG1OdmJTOTBkWEpoYmk4JTJDL3Byb2R1Y3QvMS8,\",\"qty\":1}'),(1756,1250,1,'info_buyRequest','{\"id\":\"1\",\"product\":\"1\",\"uenc\":\"aHR0cHM6Ly93cDJjYXJ0LmNvbS90dXJhbi9hci9jaGVja291dC9jYXJ0L2FkZC91ZW5jL2FIUjBjSE02THk5M2NESmpZWEowTG1OdmJTOTBkWEpoYmk5aGNnJTJDJTJDL3Byb2R1Y3QvMS8,\",\"qty\":1}'),(1761,1255,1,'info_buyRequest','{\"id\":\"1\",\"product\":\"1\",\"uenc\":\"aHR0cHM6Ly93cDJjYXJ0LmNvbS90dXJhbi9lbmdsaXNoXzcvY2hlY2tvdXQvY2FydC9hZGQvdWVuYy9hSFIwY0hNNkx5OTNjREpqWVhKMExtTnZiUzkwZFhKaGJpOWxibWRzYVhOb1h6YyUyQy9wcm9kdWN0LzEv\",\"qty\":1}'),(1762,1256,1,'info_buyRequest','{\"id\":\"1\",\"product\":\"1\",\"uenc\":\"aHR0cHM6Ly93cDJjYXJ0LmNvbS90dXJhbi9kZWZhdWx0L2NoZWNrb3V0L2NhcnQvYWRkL3VlbmMvYUhSMGNITTZMeTkzY0RKallYSjBMbU52YlM5MGRYSmhiaTglMkMvcHJvZHVjdC8xLw,,\",\"qty\":1}'),(1764,1258,1,'info_buyRequest','{\"id\":\"1\",\"product\":\"1\",\"uenc\":\"aHR0cHM6Ly93cDJjYXJ0LmNvbS90dXJhbi9kZWZhdWx0L2NoZWNrb3V0L2NhcnQvYWRkL3VlbmMvYUhSMGNITTZMeTkzY0RKallYSjBMbU52YlM5MGRYSmhiaTlrWldaaGRXeDBMdyUyQyUyQy9wcm9kdWN0LzEv\",\"qty\":1}'),(1767,1261,1,'info_buyRequest','{\"id\":\"1\",\"product\":\"1\",\"uenc\":\"aHR0cHM6Ly93cDJjYXJ0LmNvbS90dXJhbi9kZWZhdWx0L2NoZWNrb3V0L2NhcnQvYWRkL3VlbmMvYUhSMGNITTZMeTkzY0RKallYSjBMbU52YlM5MGRYSmhiaTglMkMvcHJvZHVjdC8xLw,,\",\"qty\":1}'),(1772,1266,1,'info_buyRequest','{\"product\":\"1\",\"uenc\":\"aHR0cDovL3dwMmNhcnQuY29tL3R1cmFuL2RlZmF1bHQvY2hlY2tvdXQvY2FydC9hZGQvdWVuYy9hSFIwY0RvdkwzZHdNbU5oY25RdVkyOXRMM1IxY21GdUwyUmxabUYxYkhRdi9wcm9kdWN0LzEv\",\"qty\":1}'),(1800,1278,1,'info_buyRequest','{\"product\":\"1\",\"uenc\":\"aHR0cHM6Ly93cDJjYXJ0LmNvbS90dXJhbi9kZWZhdWx0L2NoZWNrb3V0L2NhcnQvYWRkL3VlbmMvYUhSMGNITTZMeTkzY0RKallYSjBMbU52YlM5MGRYSmhiaTlrWldaaGRXeDBMdyUyQyUyQy9wcm9kdWN0LzEv\",\"qty\":1}'),(1808,1282,1,'info_buyRequest','{\"product\":\"1\",\"uenc\":\"aHR0cHM6Ly93cDJjYXJ0LmNvbS90dXJhbi9kZWZhdWx0L2NoZWNrb3V0L2NhcnQvYWRkL3VlbmMvYUhSMGNITTZMeTkzY0RKallYSjBMbU52YlM5MGRYSmhiaTlrWldaaGRXeDBMdyUyQyUyQy9wcm9kdWN0LzEv\",\"qty\":1}'),(1809,1283,1,'info_buyRequest','{\"product\":\"1\",\"uenc\":\"aHR0cHM6Ly93cDJjYXJ0LmNvbS90dXJhbi9kZWZhdWx0L2NoZWNrb3V0L2NhcnQvYWRkL3VlbmMvYUhSMGNITTZMeTkzY0RKallYSjBMbU52YlM5MGRYSmhiaTlrWldaaGRXeDBMdyUyQyUyQy9wcm9kdWN0LzEv\",\"qty\":1}'),(1826,1294,1,'info_buyRequest','{\"product\":\"1\",\"uenc\":\"aHR0cHM6Ly93cDJjYXJ0LmNvbS90dXJhbi9kZWZhdWx0L2NoZWNrb3V0L2NhcnQvYWRkL3VlbmMvYUhSMGNITTZMeTkzY0RKallYSjBMbU52YlM5MGRYSmhiaTlrWldaaGRXeDBMdyUyQyUyQy9wcm9kdWN0LzEv\",\"qty\":1}'),(1832,1300,1,'info_buyRequest','{\"product\":\"1\",\"uenc\":\"aHR0cHM6Ly93cDJjYXJ0LmNvbS90dXJhbi9kZWZhdWx0L2NoZWNrb3V0L2NhcnQvYWRkL3VlbmMvYUhSMGNITTZMeTkzY0RKallYSjBMbU52YlM5MGRYSmhiaTlrWldaaGRXeDBMM0psYkdGNExtaDBiV3clMkMvcHJvZHVjdC8xLw,,\",\"qty\":1}'),(1846,1306,1,'info_buyRequest','{\"product\":\"1\",\"uenc\":\"aHR0cHM6Ly93cDJjYXJ0LmNvbS90dXJhbi9lbmdsaXNoXzQvY2hlY2tvdXQvY2FydC9hZGQvdWVuYy9hSFIwY0hNNkx5OTNjREpqWVhKMExtTnZiUzkwZFhKaGJpOWxibWRzYVhOb1h6UXYvcHJvZHVjdC8xLw,,\",\"qty\":1}'),(1887,1325,1,'info_buyRequest','{\"product\":\"1\",\"uenc\":\"aHR0cDovL21hZ2ljY2FydC5pby90dXJhbi9kZWZhdWx0L2NoZWNrb3V0L2NhcnQvYWRkL3VlbmMvYUhSMGNEb3ZMMjFoWjJsalkyRnlkQzVwYnk5MGRYSmhiaTlrWldaaGRXeDBMM0psYkdGNEwySnZkSFJ2YlM1b2RHMXMvcHJvZHVjdC8xLw,,\",\"qty\":1}'),(1891,1328,1,'info_buyRequest','{\"super_product_config\":{\"product_type\":\"grouped\",\"product_id\":\"303\"}}'),(1892,1328,303,'product_type','grouped'),(1910,1339,1,'info_buyRequest','{\"product\":\"1\",\"uenc\":\"aHR0cDovL21hZ2ljY2FydC5pby90dXJhbi9lbmdsaXNoXzcvY2hlY2tvdXQvY2FydC9hZGQvdWVuYy9hSFIwY0RvdkwyMWhaMmxqWTJGeWRDNXBieTkwZFhKaGJpOWxibWRzYVhOb1h6Y3YvcHJvZHVjdC8xLw,,\",\"qty\":1}'),(1913,1342,1,'info_buyRequest','{\"product\":\"1\",\"uenc\":\"aHR0cDovL21hZ2ljY2FydC5pby90dXJhbi9kZWZhdWx0L2NoZWNrb3V0L2NhcnQvYWRkL3VlbmMvYUhSMGNEb3ZMMjFoWjJsalkyRnlkQzVwYnk5MGRYSmhiaTlrWldaaGRXeDBMdyUyQyUyQy9wcm9kdWN0LzEv\",\"qty\":1}'),(1927,1352,1,'info_buyRequest','{\"product\":\"1\",\"uenc\":\"aHR0cDovL21hZ2ljY2FydC5pby90dXJhbi9lbmdsaXNoXzgvY2hlY2tvdXQvY2FydC9hZGQvdWVuYy9hSFIwY0RvdkwyMWhaMmxqWTJGeWRDNXBieTkwZFhKaGJpOWxibWRzYVhOb1h6ZyUyQy9wcm9kdWN0LzEv\",\"qty\":1}'),(2039,1432,1,'info_buyRequest','{\"product\":\"1\",\"uenc\":\"aHR0cDovL21hZ2ljY2FydC5pby90dXJhbi9kZWZhdWx0L2NoZWNrb3V0L2NhcnQvYWRkL3VlbmMvYUhSMGNEb3ZMMjFoWjJsalkyRnlkQzVwYnk5MGRYSmhiaTlrWldaaGRXeDBMMkZqWTJWemMyOXlhV1Z6TG1oMGJXdyUyQy9wcm9kdWN0LzEv\",\"qty\":1}'),(2040,1433,1,'info_buyRequest','{\"product\":\"1\",\"uenc\":\"aHR0cDovL21hZ2ljY2FydC5pby90dXJhbi9kZWZhdWx0L2NoZWNrb3V0L2NhcnQvYWRkL3VlbmMvYUhSMGNEb3ZMMjFoWjJsalkyRnlkQzVwYnk5MGRYSmhiaTglMkMvcHJvZHVjdC8xLw,,\",\"qty\":1}'),(2042,1435,1,'info_buyRequest','{\"product\":\"1\",\"uenc\":\"aHR0cDovL21hZ2ljY2FydC5pby90dXJhbi9kZWZhdWx0L2NoZWNrb3V0L2NhcnQvYWRkL3VlbmMvYUhSMGNEb3ZMMjFoWjJsalkyRnlkQzVwYnk5MGRYSmhiaTglMkMvcHJvZHVjdC8xLw,,\",\"qty\":1}'),(2045,1437,1,'info_buyRequest','{\"product\":\"1\",\"uenc\":\"aHR0cDovL21hZ2ljY2FydC5pby90dXJhbi9kZWZhdWx0L2NoZWNrb3V0L2NhcnQvYWRkL3VlbmMvYUhSMGNEb3ZMMjFoWjJsalkyRnlkQzVwYnk5MGRYSmhiaTglMkMvcHJvZHVjdC8xLw,,\",\"qty\":1}'),(2047,1439,1,'info_buyRequest','{\"product\":\"1\",\"uenc\":\"aHR0cDovL21hZ2ljY2FydC5pby90dXJhbi9kZWZhdWx0L2NoZWNrb3V0L2NhcnQvYWRkL3VlbmMvYUhSMGNEb3ZMMjFoWjJsalkyRnlkQzVwYnk5MGRYSmhiaTlrWldaaGRXeDBMdyUyQyUyQy9wcm9kdWN0LzEv\",\"qty\":1}'),(2052,1444,1,'info_buyRequest','{\"product\":\"1\",\"uenc\":\"aHR0cDovL21hZ2ljY2FydC5pby90dXJhbi9kZWZhdWx0L2NoZWNrb3V0L2NhcnQvYWRkL3VlbmMvYUhSMGNEb3ZMMjFoWjJsalkyRnlkQzVwYnk5MGRYSmhiaTglMkMvcHJvZHVjdC8xLw,,\",\"qty\":1}'),(2126,1477,1,'info_buyRequest','{\"product\":\"1\",\"uenc\":\"aHR0cHM6Ly9tYWdpY2NhcnQuaW8vdHVyYW4vZGVmYXVsdC9jaGVja291dC9jYXJ0L2FkZC91ZW5jL2FIUjBjSE02THk5dFlXZHBZMk5oY25RdWFXOHZkSFZ5WVc0dlpHVm1ZWFZzZEM4JTJDL3Byb2R1Y3QvMS8,\",\"qty\":1}'),(2137,1488,1,'info_buyRequest','{\"uenc\":\"aHR0cHM6Ly90a2hvcmcuZG90LXplcm9uZS5jb20v\",\"product\":\"1\",\"qty\":1}'),(2138,1489,1,'info_buyRequest','{\"uenc\":\"aHR0cHM6Ly90a2hvcmcuZG90LXplcm9uZS5jb20v\",\"product\":\"1\",\"qty\":1}'),(2139,1490,1,'info_buyRequest','{\"uenc\":\"aHR0cHM6Ly90a2hvcmcuZG90LXplcm9uZS5jb20v\",\"product\":\"1\",\"qty\":1}'),(2140,1491,1,'info_buyRequest','{\"uenc\":\"aHR0cHM6Ly90a2hvcmcuZG90LXplcm9uZS5jb20vZmF1eC1zdWVkZS1ibGFjay5odG1s\",\"product\":\"1\",\"selected_configurable_option\":\"\",\"related_product\":\"\",\"item\":\"1\",\"qty\":\"1\"}'),(2141,1492,1,'info_buyRequest','{\"uenc\":\"aHR0cHM6Ly90a2hvcmcuZG90LXplcm9uZS5jb20vZmF1eC1zdWVkZS1ibGFjay5odG1s\",\"product\":\"1\",\"selected_configurable_option\":\"\",\"related_product\":\"\",\"item\":\"1\",\"qty\":\"1\"}'),(2150,1501,1,'info_buyRequest','{\"uenc\":\"aHR0cHM6Ly90a2hvcmcuZG90LXplcm9uZS5jb20vZmF1eC1zdWVkZS1ibGFjay5odG1s\",\"product\":\"1\",\"item\":\"1\",\"qty\":\"1\",\"related_product\":\"extractvalue(1,concat(char(126),md5(1107565909)))\",\"selected_configurable_option\":\"123456\"}'),(2151,1507,1,'info_buyRequest','{\"uenc\":\"aHR0cHM6Ly90a2hvcmcuZG90LXplcm9uZS5jb20v\",\"product\":\"1\",\"qty\":1}');

--
-- Table structure for table `quote_payment`
--

CREATE TABLE `quote_payment` (
  `payment_id` int(10) unsigned NOT NULL AUTO_INCREMENT COMMENT 'Payment ID',
  `quote_id` int(10) unsigned NOT NULL DEFAULT '0' COMMENT 'Quote ID',
  `created_at` timestamp NOT NULL DEFAULT CURRENT_TIMESTAMP COMMENT 'Created At',
  `updated_at` timestamp NOT NULL DEFAULT CURRENT_TIMESTAMP ON UPDATE CURRENT_TIMESTAMP COMMENT 'Updated At',
  `method` varchar(255) DEFAULT NULL COMMENT 'Method',
  `cc_type` varchar(255) DEFAULT NULL COMMENT 'Cc Type',
  `cc_number_enc` varchar(255) DEFAULT NULL COMMENT 'Cc Number Enc',
  `cc_last_4` varchar(255) DEFAULT NULL COMMENT 'Cc Last 4',
  `cc_cid_enc` varchar(255) DEFAULT NULL COMMENT 'Cc Cid Enc',
  `cc_owner` varchar(255) DEFAULT NULL COMMENT 'Cc Owner',
  `cc_exp_month` varchar(255) DEFAULT NULL COMMENT 'Cc Exp Month',
  `cc_exp_year` smallint(5) unsigned DEFAULT '0' COMMENT 'Cc Exp Year',
  `cc_ss_owner` varchar(255) DEFAULT NULL COMMENT 'Cc Ss Owner',
  `cc_ss_start_month` smallint(5) unsigned DEFAULT '0' COMMENT 'Cc Ss Start Month',
  `cc_ss_start_year` smallint(5) unsigned DEFAULT '0' COMMENT 'Cc Ss Start Year',
  `po_number` varchar(255) DEFAULT NULL COMMENT 'Po Number',
  `additional_data` text COMMENT 'Additional Data',
  `cc_ss_issue` varchar(255) DEFAULT NULL COMMENT 'Cc Ss Issue',
  `additional_information` text COMMENT 'Additional Information',
  `paypal_payer_id` varchar(255) DEFAULT NULL COMMENT 'Paypal Payer ID',
  `paypal_payer_status` varchar(255) DEFAULT NULL COMMENT 'Paypal Payer Status',
  `paypal_correlation_id` varchar(255) DEFAULT NULL COMMENT 'Paypal Correlation ID',
  PRIMARY KEY (`payment_id`),
  KEY `QUOTE_PAYMENT_QUOTE_ID` (`quote_id`),
  CONSTRAINT `QUOTE_PAYMENT_QUOTE_ID_QUOTE_ENTITY_ID` FOREIGN KEY (`quote_id`) REFERENCES `quote` (`entity_id`) ON DELETE CASCADE
) ENGINE=InnoDB AUTO_INCREMENT=60 DEFAULT CHARSET=utf8 COMMENT='Sales Flat Quote Payment';

--
-- Dumping data for table `quote_payment`
--

INSERT INTO `quote_payment` VALUES (1,1,'2019-02-26 07:09:39','0000-00-00 00:00:00','checkmo',NULL,NULL,NULL,NULL,NULL,NULL,0,NULL,0,0,NULL,NULL,NULL,'null',NULL,NULL,NULL),(2,4,'2019-03-18 00:04:26','0000-00-00 00:00:00','checkmo',NULL,NULL,NULL,NULL,NULL,NULL,0,NULL,0,0,NULL,NULL,NULL,'null',NULL,NULL,NULL),(3,5,'2019-03-18 00:16:57','0000-00-00 00:00:00','checkmo',NULL,NULL,NULL,NULL,NULL,NULL,0,NULL,0,0,NULL,NULL,NULL,'null',NULL,NULL,NULL),(4,6,'2019-03-18 00:27:33','0000-00-00 00:00:00','checkmo',NULL,NULL,NULL,NULL,NULL,NULL,0,NULL,0,0,NULL,NULL,NULL,'null',NULL,NULL,NULL),(5,7,'2019-04-10 03:58:03','0000-00-00 00:00:00','checkmo',NULL,NULL,NULL,NULL,NULL,NULL,0,NULL,0,0,NULL,NULL,NULL,'null',NULL,NULL,NULL),(6,13,'2019-04-10 07:46:06','0000-00-00 00:00:00','checkmo',NULL,NULL,NULL,NULL,NULL,NULL,0,NULL,0,0,NULL,NULL,NULL,'null',NULL,NULL,NULL),(7,15,'2019-04-10 15:54:20','0000-00-00 00:00:00','checkmo',NULL,NULL,NULL,NULL,NULL,NULL,0,NULL,0,0,NULL,NULL,NULL,'null',NULL,NULL,NULL),(8,17,'2019-04-30 09:59:26','0000-00-00 00:00:00','checkmo',NULL,NULL,NULL,NULL,NULL,NULL,0,NULL,0,0,NULL,NULL,NULL,'null',NULL,NULL,NULL),(15,189,'2019-08-27 08:32:40','2019-08-27 08:32:40','checkmo',NULL,NULL,NULL,NULL,NULL,NULL,0,NULL,0,0,NULL,NULL,NULL,'null',NULL,NULL,NULL),(17,255,'2019-09-17 02:19:20','2019-09-17 02:19:20','checkmo',NULL,NULL,NULL,NULL,NULL,NULL,0,NULL,0,0,NULL,NULL,NULL,'null',NULL,NULL,NULL),(18,385,'2020-01-13 08:20:57','2020-01-13 08:20:57','checkmo',NULL,NULL,NULL,NULL,NULL,NULL,0,NULL,0,0,NULL,NULL,NULL,'null',NULL,NULL,NULL),(19,386,'2020-01-14 07:37:55','2020-01-14 07:37:55','checkmo',NULL,NULL,NULL,NULL,NULL,NULL,0,NULL,0,0,NULL,NULL,NULL,'null',NULL,NULL,NULL),(20,398,'2020-09-06 17:26:53','2020-09-06 17:26:53','checkmo',NULL,NULL,NULL,NULL,NULL,NULL,0,NULL,0,0,NULL,NULL,NULL,'null',NULL,NULL,NULL),(21,399,'2020-09-06 17:43:09','2020-09-06 17:43:09','checkmo',NULL,NULL,NULL,NULL,NULL,NULL,0,NULL,0,0,NULL,NULL,NULL,'null',NULL,NULL,NULL),(22,415,'2021-03-04 08:29:52','2021-03-04 08:29:52','checkmo',NULL,NULL,NULL,NULL,NULL,NULL,0,NULL,0,0,NULL,NULL,NULL,'null',NULL,NULL,NULL),(23,416,'2021-03-04 10:05:03','2021-03-04 10:05:03','checkmo',NULL,NULL,NULL,NULL,NULL,NULL,0,NULL,0,0,NULL,NULL,NULL,'null',NULL,NULL,NULL),(24,417,'2021-03-04 11:00:01','2021-03-04 11:00:01','checkmo',NULL,NULL,NULL,NULL,NULL,NULL,0,NULL,0,0,NULL,NULL,NULL,'null',NULL,NULL,NULL),(25,419,'2021-03-05 01:17:23','2021-03-05 01:17:23','checkmo',NULL,NULL,NULL,NULL,NULL,NULL,0,NULL,0,0,NULL,NULL,NULL,'null',NULL,NULL,NULL),(26,420,'2021-03-05 01:44:34','2021-03-05 01:44:34','checkmo',NULL,NULL,NULL,NULL,NULL,NULL,0,NULL,0,0,NULL,NULL,NULL,'null',NULL,NULL,NULL),(27,421,'2021-03-05 02:01:29','2021-03-05 02:01:29','checkmo',NULL,NULL,NULL,NULL,NULL,NULL,0,NULL,0,0,NULL,NULL,NULL,'null',NULL,NULL,NULL),(28,422,'2021-03-05 02:05:25','2021-03-05 02:05:25','checkmo',NULL,NULL,NULL,NULL,NULL,NULL,0,NULL,0,0,NULL,NULL,NULL,'null',NULL,NULL,NULL),(29,423,'2021-03-05 03:04:14','2021-03-05 03:04:14','checkmo',NULL,NULL,NULL,NULL,NULL,NULL,0,NULL,0,0,NULL,NULL,NULL,'null',NULL,NULL,NULL),(30,428,'2021-03-10 11:51:47','2021-03-10 11:51:47','checkmo',NULL,NULL,NULL,NULL,NULL,NULL,0,NULL,0,0,NULL,NULL,NULL,'null',NULL,NULL,NULL),(31,429,'2021-03-12 09:59:24','2021-03-12 09:59:24','checkmo',NULL,NULL,NULL,NULL,NULL,NULL,0,NULL,0,0,NULL,NULL,NULL,'null',NULL,NULL,NULL),(32,430,'2021-03-13 01:44:35','2021-03-13 01:44:35','checkmo',NULL,NULL,NULL,NULL,NULL,NULL,0,NULL,0,0,NULL,NULL,NULL,'null',NULL,NULL,NULL),(33,436,'2021-03-16 08:18:50','2021-03-16 08:18:50','checkmo',NULL,NULL,NULL,NULL,NULL,NULL,0,NULL,0,0,NULL,NULL,NULL,'null',NULL,NULL,NULL),(34,439,'2021-03-16 10:33:44','2021-03-16 10:33:44','checkmo',NULL,NULL,NULL,NULL,NULL,NULL,0,NULL,0,0,NULL,NULL,NULL,'null',NULL,NULL,NULL),(35,441,'2021-03-17 08:21:06','2021-03-17 08:21:06','checkmo',NULL,NULL,NULL,NULL,NULL,NULL,0,NULL,0,0,NULL,NULL,NULL,'null',NULL,NULL,NULL),(36,444,'2021-03-19 03:55:16','2021-03-19 03:55:16','checkmo',NULL,NULL,NULL,NULL,NULL,NULL,0,NULL,0,0,NULL,NULL,NULL,'null',NULL,NULL,NULL),(37,451,'2021-03-19 04:28:52','2021-03-19 04:28:52','checkmo',NULL,NULL,NULL,NULL,NULL,NULL,0,NULL,0,0,NULL,NULL,NULL,'null',NULL,NULL,NULL),(38,452,'2021-03-19 04:47:10','2021-03-19 04:47:10','checkmo',NULL,NULL,NULL,NULL,NULL,NULL,0,NULL,0,0,NULL,NULL,NULL,'null',NULL,NULL,NULL),(39,453,'2021-03-19 04:52:08','2021-03-19 04:52:08','checkmo',NULL,NULL,NULL,NULL,NULL,NULL,0,NULL,0,0,NULL,NULL,NULL,'null',NULL,NULL,NULL),(40,454,'2021-03-19 04:53:19','2021-03-19 04:53:19','checkmo',NULL,NULL,NULL,NULL,NULL,NULL,0,NULL,0,0,NULL,NULL,NULL,'null',NULL,NULL,NULL),(41,455,'2021-03-19 04:54:21','2021-03-19 04:54:21','checkmo',NULL,NULL,NULL,NULL,NULL,NULL,0,NULL,0,0,NULL,NULL,NULL,'null',NULL,NULL,NULL),(42,456,'2021-03-19 04:54:54','2021-03-19 04:54:54','checkmo',NULL,NULL,NULL,NULL,NULL,NULL,0,NULL,0,0,NULL,NULL,NULL,'null',NULL,NULL,NULL),(43,457,'2021-03-19 04:55:27','2021-03-19 04:55:27','checkmo',NULL,NULL,NULL,NULL,NULL,NULL,0,NULL,0,0,NULL,NULL,NULL,'null',NULL,NULL,NULL),(44,458,'2021-03-19 04:56:04','2021-03-19 04:56:04','checkmo',NULL,NULL,NULL,NULL,NULL,NULL,0,NULL,0,0,NULL,NULL,NULL,'null',NULL,NULL,NULL),(45,459,'2021-03-19 04:57:10','2021-03-19 04:57:10','checkmo',NULL,NULL,NULL,NULL,NULL,NULL,0,NULL,0,0,NULL,NULL,NULL,'null',NULL,NULL,NULL),(46,460,'2021-03-19 04:58:23','2021-03-19 04:58:23','checkmo',NULL,NULL,NULL,NULL,NULL,NULL,0,NULL,0,0,NULL,NULL,NULL,'null',NULL,NULL,NULL),(47,464,'2021-03-22 03:55:20','2021-03-22 03:55:20','checkmo',NULL,NULL,NULL,NULL,NULL,NULL,0,NULL,0,0,NULL,NULL,NULL,'null',NULL,NULL,NULL),(48,466,'2021-03-23 03:04:11','2021-03-23 03:04:11','checkmo',NULL,NULL,NULL,NULL,NULL,NULL,0,NULL,0,0,NULL,NULL,NULL,'null',NULL,NULL,NULL),(49,471,'2021-03-24 05:03:58','2021-03-24 05:03:58','checkmo',NULL,NULL,NULL,NULL,NULL,NULL,0,NULL,0,0,NULL,NULL,NULL,'null',NULL,NULL,NULL),(50,474,'2021-03-29 04:10:26','2021-03-29 04:10:26','checkmo',NULL,NULL,NULL,NULL,NULL,NULL,0,NULL,0,0,NULL,NULL,NULL,'null',NULL,NULL,NULL),(51,475,'2021-03-29 04:15:50','2021-03-29 04:15:50','checkmo',NULL,NULL,NULL,NULL,NULL,NULL,0,NULL,0,0,NULL,NULL,NULL,'null',NULL,NULL,NULL),(52,476,'2021-03-29 04:23:18','2021-03-29 04:23:18','checkmo',NULL,NULL,NULL,NULL,NULL,NULL,0,NULL,0,0,NULL,NULL,NULL,'null',NULL,NULL,NULL),(53,477,'2021-03-29 04:31:09','2021-03-29 04:31:09','checkmo',NULL,NULL,NULL,NULL,NULL,NULL,0,NULL,0,0,NULL,NULL,NULL,'null',NULL,NULL,NULL),(54,461,'2021-03-29 04:48:13','2021-03-29 04:48:13','checkmo',NULL,NULL,NULL,NULL,NULL,NULL,0,NULL,0,0,NULL,NULL,NULL,'null',NULL,NULL,NULL),(55,479,'2021-03-30 05:04:49','2021-03-30 05:04:49','checkmo',NULL,NULL,NULL,NULL,NULL,NULL,0,NULL,0,0,NULL,NULL,NULL,'null',NULL,NULL,NULL),(56,485,'2021-08-06 18:36:15','2021-08-06 18:36:15','knet',NULL,NULL,NULL,NULL,NULL,NULL,0,NULL,0,0,NULL,NULL,NULL,'null',NULL,NULL,NULL),(57,486,'2021-08-06 18:39:13','2021-08-06 18:39:13','knet',NULL,NULL,NULL,NULL,NULL,NULL,0,NULL,0,0,NULL,NULL,NULL,'null',NULL,NULL,NULL),(58,487,'2021-08-06 18:43:09','2021-08-06 18:43:09','knet',NULL,NULL,NULL,NULL,NULL,NULL,0,NULL,0,0,NULL,NULL,NULL,'null',NULL,NULL,NULL),(59,488,'2021-08-06 18:47:04','2021-08-06 18:47:04','knet',NULL,NULL,NULL,NULL,NULL,NULL,0,NULL,0,0,NULL,NULL,NULL,'null',NULL,NULL,NULL);

--
-- Table structure for table `quote_shipping_rate`
--

CREATE TABLE `quote_shipping_rate` (
  `rate_id` int(10) unsigned NOT NULL AUTO_INCREMENT COMMENT 'Rate ID',
  `address_id` int(10) unsigned NOT NULL DEFAULT '0' COMMENT 'Address ID',
  `created_at` timestamp NOT NULL DEFAULT CURRENT_TIMESTAMP COMMENT 'Created At',
  `updated_at` timestamp NOT NULL DEFAULT CURRENT_TIMESTAMP ON UPDATE CURRENT_TIMESTAMP COMMENT 'Updated At',
  `carrier` varchar(255) DEFAULT NULL COMMENT 'Carrier',
  `carrier_title` varchar(255) DEFAULT NULL COMMENT 'Carrier Title',
  `code` varchar(255) DEFAULT NULL COMMENT 'Code',
  `method` varchar(255) DEFAULT NULL COMMENT 'Method',
  `method_description` text COMMENT 'Method Description',
  `price` decimal(20,4) NOT NULL DEFAULT '0.0000' COMMENT 'Price',
  `error_message` text COMMENT 'Error Message',
  `method_title` text COMMENT 'Method Title',
  PRIMARY KEY (`rate_id`),
  KEY `QUOTE_SHIPPING_RATE_ADDRESS_ID` (`address_id`),
  CONSTRAINT `QUOTE_SHIPPING_RATE_ADDRESS_ID_QUOTE_ADDRESS_ADDRESS_ID` FOREIGN KEY (`address_id`) REFERENCES `quote_address` (`address_id`) ON DELETE CASCADE
) ENGINE=InnoDB AUTO_INCREMENT=560 DEFAULT CHARSET=utf8 COMMENT='Sales Flat Quote Shipping Rate';

--
-- Dumping data for table `quote_shipping_rate`
--

INSERT INTO `quote_shipping_rate` VALUES (2,2,'2019-02-26 07:09:39','0000-00-00 00:00:00','flatrate','Flat Rate','flatrate_flatrate','flatrate',NULL,15.0000,NULL,'Fixed'),(4,9,'2019-03-18 00:04:26','0000-00-00 00:00:00','flatrate','Flat Rate','flatrate_flatrate','flatrate',NULL,45.0000,NULL,'Fixed'),(6,12,'2019-03-18 00:16:57','0000-00-00 00:00:00','flatrate','Flat Rate','flatrate_flatrate','flatrate',NULL,10.0000,NULL,'Fixed'),(8,15,'2019-03-18 00:27:33','0000-00-00 00:00:00','flatrate','Flat Rate','flatrate_flatrate','flatrate',NULL,15.0000,NULL,'Fixed'),(10,18,'2019-04-10 03:58:03','0000-00-00 00:00:00','flatrate','Flat Rate','flatrate_flatrate','flatrate',NULL,15.0000,NULL,'Fixed'),(15,31,'2019-04-10 07:46:06','0000-00-00 00:00:00','flatrate','Flat Rate','flatrate_flatrate','flatrate',NULL,15.0000,NULL,'Fixed'),(28,64,'2019-04-10 16:06:29','0000-00-00 00:00:00','flatrate','Flat Rate','flatrate_flatrate','flatrate',NULL,70.0000,NULL,'Fixed'),(32,63,'2019-04-10 16:20:22','0000-00-00 00:00:00','flatrate','Flat Rate','flatrate_flatrate','flatrate',NULL,10.0000,NULL,'Fixed'),(172,223,'2019-07-05 03:35:09','0000-00-00 00:00:00','flatrate','Flat Rate','flatrate_flatrate','flatrate',NULL,5.0000,NULL,'Fixed'),(310,480,'2019-08-04 15:15:40','0000-00-00 00:00:00','flatrate','Flat Rate','flatrate_flatrate','flatrate',NULL,95.0000,NULL,'Fixed'),(311,480,'2019-08-04 15:15:40','0000-00-00 00:00:00','freeshipping','Free Shipping','freeshipping_freeshipping','freeshipping',NULL,0.0000,NULL,'Free'),(383,490,'2019-08-27 08:32:40','2019-08-27 08:32:40','flatrate','Flat Rate','flatrate_flatrate','flatrate',NULL,75.0000,NULL,'Fixed'),(388,626,'2019-09-17 02:19:20','2019-09-17 02:19:20','flatrate','Flat Rate','flatrate_flatrate','flatrate',NULL,20.0000,NULL,'Fixed'),(407,910,'2019-09-19 13:28:20','2019-09-19 13:28:20','flatrate','Flat Rate','flatrate_flatrate','flatrate',NULL,40.0000,NULL,'Fixed'),(408,910,'2019-09-19 13:28:20','2019-09-19 13:28:20','freeshipping','Free Shipping','freeshipping_freeshipping','freeshipping',NULL,0.0000,NULL,'Free'),(410,933,'2020-01-13 08:20:57','2020-01-13 08:20:57','flatrate','Flat Rate','flatrate_flatrate','flatrate',NULL,15.0000,NULL,'Fixed'),(412,936,'2020-01-14 07:37:55','2020-01-14 07:37:55','flatrate','Flat Rate','flatrate_flatrate','flatrate',NULL,10.0000,NULL,'Fixed'),(415,938,'2020-01-14 09:13:48','2020-01-14 09:13:48','flatrate','Flat Rate','flatrate_flatrate','flatrate',NULL,10.0000,NULL,'Fixed'),(417,967,'2020-09-06 17:26:53','2020-09-06 17:26:53','freeshipping','Free Shipping','freeshipping_freeshipping','freeshipping',NULL,0.0000,NULL,'Free'),(419,970,'2020-09-06 17:43:09','2020-09-06 17:43:09','flatrate','Flat Rate','flatrate_flatrate','flatrate',NULL,15.0000,NULL,'Fixed'),(428,1003,'2021-03-04 09:36:38','2021-03-04 09:36:38','flatrate','Flat Rate','flatrate_flatrate','flatrate',NULL,10.0000,NULL,'Fixed'),(431,1006,'2021-03-04 10:06:54','2021-03-04 10:06:54','flatrate','Flat Rate','flatrate_flatrate','flatrate',NULL,5.0000,NULL,'Fixed'),(434,1009,'2021-03-04 11:00:14','2021-03-04 11:00:14','flatrate','Flat Rate','flatrate_flatrate','flatrate',NULL,5.0000,NULL,'Fixed'),(437,1014,'2021-03-05 01:17:32','2021-03-05 01:17:32','flatrate','Flat Rate','flatrate_flatrate','flatrate',NULL,5.0000,NULL,'Fixed'),(441,1017,'2021-03-05 01:47:29','2021-03-05 01:47:29','flatrate','Flat Rate','flatrate_flatrate','flatrate',NULL,5.0000,NULL,'Fixed'),(445,1020,'2021-03-05 02:01:59','2021-03-05 02:01:59','flatrate','Flat Rate','flatrate_flatrate','flatrate',NULL,5.0000,NULL,'Fixed'),(448,1023,'2021-03-05 02:05:34','2021-03-05 02:05:34','flatrate','Flat Rate','flatrate_flatrate','flatrate',NULL,5.0000,NULL,'Fixed'),(451,1026,'2021-03-05 03:10:07','2021-03-05 03:10:07','flatrate','Flat Rate','flatrate_flatrate','flatrate',NULL,5.0000,NULL,'Fixed'),(456,1039,'2021-03-10 11:51:51','2021-03-10 11:51:51','flatrate','Flat Rate','flatrate_flatrate','flatrate',NULL,15.0000,NULL,'Fixed'),(461,1042,'2021-03-12 10:00:14','2021-03-12 10:00:14','flatrate','Flat Rate','flatrate_flatrate','flatrate',NULL,20.0000,NULL,'Fixed'),(466,1045,'2021-03-13 03:48:35','2021-03-13 03:48:35','flatrate','Flat Rate','flatrate_flatrate','flatrate',NULL,10.0000,NULL,'Fixed'),(467,1054,'2021-03-16 03:16:49','2021-03-16 03:16:49','flatrate','Flat Rate','flatrate_flatrate','flatrate',NULL,10.0000,NULL,'Fixed'),(470,1058,'2021-03-16 08:19:09','2021-03-16 08:19:09','flatrate','Flat Rate','flatrate_flatrate','flatrate',NULL,10.0000,NULL,'Fixed'),(474,1065,'2021-03-16 10:33:49','2021-03-16 10:33:49','freeshipping','Free Shipping','freeshipping_freeshipping','freeshipping',NULL,0.0000,NULL,'Free'),(480,1070,'2021-03-17 08:35:34','2021-03-17 08:35:34','flatrate','Flat Rate','flatrate_flatrate','flatrate',NULL,15.0000,NULL,'Fixed'),(484,1077,'2021-03-19 03:55:21','2021-03-19 03:55:21','freeshipping','Free Shipping','freeshipping_freeshipping','freeshipping',NULL,0.0000,NULL,'Free'),(488,1092,'2021-03-19 04:28:54','2021-03-19 04:28:54','freeshipping','Free Shipping','freeshipping_freeshipping','freeshipping',NULL,0.0000,NULL,'Free'),(491,1098,'2021-03-19 04:52:11','2021-03-19 04:52:11','flatrate','Flat Rate','flatrate_flatrate','flatrate',NULL,15.0000,NULL,'Fixed'),(494,1101,'2021-03-19 04:53:23','2021-03-19 04:53:23','flatrate','Flat Rate','flatrate_flatrate','flatrate',NULL,20.0000,NULL,'Fixed'),(498,1104,'2021-03-19 04:54:26','2021-03-19 04:54:26','freeshipping','Free Shipping','freeshipping_freeshipping','freeshipping',NULL,0.0000,NULL,'Free'),(501,1107,'2021-03-19 04:54:59','2021-03-19 04:54:59','flatrate','Flat Rate','flatrate_flatrate','flatrate',NULL,20.0000,NULL,'Fixed'),(504,1110,'2021-03-19 04:55:31','2021-03-19 04:55:31','flatrate','Flat Rate','flatrate_flatrate','flatrate',NULL,20.0000,NULL,'Fixed'),(507,1113,'2021-03-19 04:56:06','2021-03-19 04:56:06','flatrate','Flat Rate','flatrate_flatrate','flatrate',NULL,20.0000,NULL,'Fixed'),(511,1116,'2021-03-19 04:57:14','2021-03-19 04:57:14','freeshipping','Free Shipping','freeshipping_freeshipping','freeshipping',NULL,0.0000,NULL,'Free'),(515,1119,'2021-03-19 04:58:25','2021-03-19 04:58:25','freeshipping','Free Shipping','freeshipping_freeshipping','freeshipping',NULL,0.0000,NULL,'Free'),(519,1128,'2021-03-22 03:55:24','2021-03-22 03:55:24','flatrate','Flat Rate','flatrate_flatrate','flatrate',NULL,15.0000,NULL,'Fixed'),(522,1135,'2021-03-23 03:04:14','2021-03-23 03:04:14','flatrate','Flat Rate','flatrate_flatrate','flatrate',NULL,5.0000,NULL,'Fixed'),(525,1146,'2021-03-24 05:04:11','2021-03-24 05:04:11','flatrate','Flat Rate','flatrate_flatrate','flatrate',NULL,5.0000,NULL,'Fixed'),(529,1153,'2021-03-29 04:12:43','2021-03-29 04:12:43','flatrate','Flat Rate','flatrate_flatrate','flatrate',NULL,15.0000,NULL,'Fixed'),(532,1156,'2021-03-29 04:15:55','2021-03-29 04:15:55','flatrate','Flat Rate','flatrate_flatrate','flatrate',NULL,10.0000,NULL,'Fixed'),(536,1159,'2021-03-29 04:23:22','2021-03-29 04:23:22','freeshipping','Free Shipping','freeshipping_freeshipping','freeshipping',NULL,0.0000,NULL,'Free'),(539,1162,'2021-03-29 04:31:16','2021-03-29 04:31:16','flatrate','Flat Rate','flatrate_flatrate','flatrate',NULL,10.0000,NULL,'Fixed'),(543,1122,'2021-03-29 04:48:17','2021-03-29 04:48:17','freeshipping','Free Shipping','freeshipping_freeshipping','freeshipping',NULL,0.0000,NULL,'Free'),(546,1168,'2021-03-30 05:04:59','2021-03-30 05:04:59','flatrate','Flat Rate','flatrate_flatrate','flatrate',NULL,5.0000,NULL,'Fixed'),(549,1181,'2021-08-06 18:36:21','2021-08-06 18:36:21','flatrate','Flat Rate','flatrate_flatrate','flatrate',NULL,5.0000,NULL,'Fixed'),(552,1184,'2021-08-06 18:39:16','2021-08-06 18:39:16','flatrate','Flat Rate','flatrate_flatrate','flatrate',NULL,5.0000,NULL,'Fixed'),(555,1187,'2021-08-06 18:43:11','2021-08-06 18:43:11','flatrate','Flat Rate','flatrate_flatrate','flatrate',NULL,5.0000,NULL,'Fixed'),(558,1190,'2021-08-06 18:47:06','2021-08-06 18:47:06','flatrate','Flat Rate','flatrate_flatrate','flatrate',NULL,5.0000,NULL,'Fixed'),(559,1201,'2023-02-13 11:27:21','2023-02-13 11:27:21','flatrate','Flat Rate','flatrate_flatrate','flatrate',NULL,5.0000,NULL,'Fixed');

--
-- Table structure for table `rating`
--

CREATE TABLE `rating` (
  `rating_id` smallint(5) unsigned NOT NULL AUTO_INCREMENT COMMENT 'Rating ID',
  `entity_id` smallint(5) unsigned NOT NULL DEFAULT '0' COMMENT 'Entity ID',
  `rating_code` varchar(64) NOT NULL COMMENT 'Rating Code',
  `position` smallint(5) unsigned NOT NULL DEFAULT '0' COMMENT 'Rating Position On Storefront',
  `is_active` smallint(6) NOT NULL DEFAULT '1' COMMENT 'Rating is active.',
  PRIMARY KEY (`rating_id`),
  UNIQUE KEY `RATING_RATING_CODE` (`rating_code`),
  KEY `RATING_ENTITY_ID` (`entity_id`),
  CONSTRAINT `RATING_ENTITY_ID_RATING_ENTITY_ENTITY_ID` FOREIGN KEY (`entity_id`) REFERENCES `rating_entity` (`entity_id`) ON DELETE CASCADE
) ENGINE=InnoDB AUTO_INCREMENT=4 DEFAULT CHARSET=utf8 COMMENT='Ratings';

--
-- Dumping data for table `rating`
--

INSERT INTO `rating` VALUES (1,1,'Quality',0,1),(2,1,'Value',0,1),(3,1,'Price',0,1);

--
-- Table structure for table `rating_entity`
--

CREATE TABLE `rating_entity` (
  `entity_id` smallint(5) unsigned NOT NULL AUTO_INCREMENT COMMENT 'Entity ID',
  `entity_code` varchar(64) NOT NULL COMMENT 'Entity Code',
  PRIMARY KEY (`entity_id`),
  UNIQUE KEY `RATING_ENTITY_ENTITY_CODE` (`entity_code`)
) ENGINE=InnoDB AUTO_INCREMENT=4 DEFAULT CHARSET=utf8 COMMENT='Rating entities';

--
-- Dumping data for table `rating_entity`
--

INSERT INTO `rating_entity` VALUES (1,'product'),(2,'product_review'),(3,'review');

--
-- Table structure for table `rating_option`
--

CREATE TABLE `rating_option` (
  `option_id` int(10) unsigned NOT NULL AUTO_INCREMENT COMMENT 'Rating Option ID',
  `rating_id` smallint(5) unsigned NOT NULL DEFAULT '0' COMMENT 'Rating ID',
  `code` varchar(32) NOT NULL COMMENT 'Rating Option Code',
  `value` smallint(5) unsigned NOT NULL DEFAULT '0' COMMENT 'Rating Option Value',
  `position` smallint(5) unsigned NOT NULL DEFAULT '0' COMMENT 'Ration option position on Storefront',
  PRIMARY KEY (`option_id`),
  KEY `RATING_OPTION_RATING_ID` (`rating_id`),
  CONSTRAINT `RATING_OPTION_RATING_ID_RATING_RATING_ID` FOREIGN KEY (`rating_id`) REFERENCES `rating` (`rating_id`) ON DELETE CASCADE
) ENGINE=InnoDB AUTO_INCREMENT=16 DEFAULT CHARSET=utf8 COMMENT='Rating options';

--
-- Dumping data for table `rating_option`
--

INSERT INTO `rating_option` VALUES (1,1,'1',1,1),(2,1,'2',2,2),(3,1,'3',3,3),(4,1,'4',4,4),(5,1,'5',5,5),(6,2,'1',1,1),(7,2,'2',2,2),(8,2,'3',3,3),(9,2,'4',4,4),(10,2,'5',5,5),(11,3,'1',1,1),(12,3,'2',2,2),(13,3,'3',3,3),(14,3,'4',4,4),(15,3,'5',5,5);

--
-- Table structure for table `rating_option_vote`
--

CREATE TABLE `rating_option_vote` (
  `vote_id` bigint(20) unsigned NOT NULL AUTO_INCREMENT COMMENT 'Vote ID',
  `option_id` int(10) unsigned NOT NULL DEFAULT '0' COMMENT 'Vote option ID',
  `remote_ip` varchar(16) NOT NULL COMMENT 'Customer IP',
  `remote_ip_long` bigint(20) NOT NULL DEFAULT '0' COMMENT 'Customer IP converted to long integer format',
  `customer_id` int(10) unsigned DEFAULT '0' COMMENT 'Customer ID',
  `entity_pk_value` bigint(20) unsigned NOT NULL DEFAULT '0' COMMENT 'Product ID',
  `rating_id` smallint(5) unsigned NOT NULL DEFAULT '0' COMMENT 'Rating ID',
  `review_id` bigint(20) unsigned DEFAULT NULL COMMENT 'Review ID',
  `percent` smallint(6) NOT NULL DEFAULT '0' COMMENT 'Percent amount',
  `value` smallint(6) NOT NULL DEFAULT '0' COMMENT 'Vote option value',
  PRIMARY KEY (`vote_id`),
  KEY `RATING_OPTION_VOTE_OPTION_ID` (`option_id`),
  KEY `RATING_OPTION_VOTE_REVIEW_ID_REVIEW_REVIEW_ID` (`review_id`),
  CONSTRAINT `RATING_OPTION_VOTE_OPTION_ID_RATING_OPTION_OPTION_ID` FOREIGN KEY (`option_id`) REFERENCES `rating_option` (`option_id`) ON DELETE CASCADE,
  CONSTRAINT `RATING_OPTION_VOTE_REVIEW_ID_REVIEW_REVIEW_ID` FOREIGN KEY (`review_id`) REFERENCES `review` (`review_id`) ON DELETE CASCADE
) ENGINE=InnoDB AUTO_INCREMENT=458 DEFAULT CHARSET=utf8 COMMENT='Rating option values';

--
-- Dumping data for table `rating_option_vote`
--

INSERT INTO `rating_option_vote` VALUES (31,13,'149.28.132.155',14928,NULL,1,3,13,60,3),(32,10,'149.28.132.155',14928,NULL,1,2,13,100,5),(33,5,'149.28.132.155',14928,NULL,1,1,13,100,5),(55,13,'149.28.132.155',14928,NULL,1,3,21,60,3),(56,9,'149.28.132.155',14928,NULL,1,2,21,80,4),(57,3,'149.28.132.155',14928,NULL,1,1,21,60,3),(130,5,'169.150.227.180',169150,NULL,1,1,46,100,5),(131,10,'169.150.227.180',169150,NULL,1,2,46,100,5),(132,15,'169.150.227.180',169150,NULL,1,3,46,100,5),(411,5,'169.150.227.180',169150,NULL,1,1,297,100,5),(412,10,'169.150.227.180',169150,NULL,1,2,297,100,5),(413,15,'169.150.227.180',169150,NULL,1,3,297,100,5),(417,5,'169.150.227.180',169150,NULL,1,1,301,100,5),(418,10,'169.150.227.180',169150,NULL,1,2,301,100,5),(419,15,'169.150.227.180',169150,NULL,1,3,301,100,5),(422,5,'169.150.227.180',169150,NULL,1,1,304,100,5),(423,10,'169.150.227.180',169150,NULL,1,2,304,100,5),(424,15,'169.150.227.180',169150,NULL,1,3,304,100,5),(428,5,'169.150.227.180',169150,NULL,1,1,308,100,5),(429,10,'169.150.227.180',169150,NULL,1,2,308,100,5),(430,15,'169.150.227.180',169150,NULL,1,3,308,100,5),(433,5,'169.150.227.180',169150,NULL,1,1,311,100,5),(434,10,'169.150.227.180',169150,NULL,1,2,311,100,5),(435,15,'169.150.227.180',169150,NULL,1,3,311,100,5),(437,5,'169.150.227.180',169150,NULL,1,1,313,100,5),(438,10,'169.150.227.180',169150,NULL,1,2,313,100,5),(439,15,'169.150.227.180',169150,NULL,1,3,313,100,5),(442,5,'169.150.227.180',169150,NULL,1,1,316,100,5),(443,10,'169.150.227.180',169150,NULL,1,2,316,100,5),(444,15,'169.150.227.180',169150,NULL,1,3,316,100,5),(446,5,'169.150.227.180',169150,NULL,1,1,318,100,5),(447,10,'169.150.227.180',169150,NULL,1,2,318,100,5),(448,15,'169.150.227.180',169150,NULL,1,3,318,100,5),(451,5,'169.150.227.180',169150,NULL,1,1,321,100,5),(452,10,'169.150.227.180',169150,NULL,1,2,321,100,5),(453,15,'169.150.227.180',169150,NULL,1,3,321,100,5),(455,5,'169.150.227.180',169150,NULL,1,1,323,100,5),(456,10,'169.150.227.180',169150,NULL,1,2,323,100,5),(457,15,'169.150.227.180',169150,NULL,1,3,323,100,5);

--
-- Table structure for table `rating_option_vote_aggregated`
--

CREATE TABLE `rating_option_vote_aggregated` (
  `primary_id` int(11) NOT NULL AUTO_INCREMENT COMMENT 'Vote aggregation ID',
  `rating_id` smallint(5) unsigned NOT NULL DEFAULT '0' COMMENT 'Rating ID',
  `entity_pk_value` bigint(20) unsigned NOT NULL DEFAULT '0' COMMENT 'Product ID',
  `vote_count` int(10) unsigned NOT NULL DEFAULT '0' COMMENT 'Vote dty',
  `vote_value_sum` int(10) unsigned NOT NULL DEFAULT '0' COMMENT 'General vote sum',
  `percent` smallint(6) NOT NULL DEFAULT '0' COMMENT 'Vote percent',
  `percent_approved` smallint(6) DEFAULT '0' COMMENT 'Vote percent approved by admin',
  `store_id` smallint(5) unsigned NOT NULL DEFAULT '0' COMMENT 'Store ID',
  PRIMARY KEY (`primary_id`),
  KEY `RATING_OPTION_VOTE_AGGREGATED_RATING_ID` (`rating_id`),
  KEY `RATING_OPTION_VOTE_AGGREGATED_STORE_ID` (`store_id`),
  CONSTRAINT `RATING_OPTION_VOTE_AGGREGATED_RATING_ID_RATING_RATING_ID` FOREIGN KEY (`rating_id`) REFERENCES `rating` (`rating_id`) ON DELETE CASCADE,
  CONSTRAINT `RATING_OPTION_VOTE_AGGREGATED_STORE_ID_STORE_STORE_ID` FOREIGN KEY (`store_id`) REFERENCES `store` (`store_id`) ON DELETE CASCADE
) ENGINE=InnoDB AUTO_INCREMENT=522 DEFAULT CHARSET=utf8 COMMENT='Rating vote aggregated';

--
-- Dumping data for table `rating_option_vote_aggregated`
--

INSERT INTO `rating_option_vote_aggregated` VALUES (403,3,1,13,61,94,60,0),(404,3,1,13,61,94,60,1),(405,2,1,13,64,98,90,0),(406,2,1,13,64,98,90,1),(407,1,1,13,63,97,80,0),(408,1,1,13,63,97,80,1),(445,1,1,2,8,80,80,2),(446,1,1,2,8,80,80,3),(447,1,1,2,8,80,80,4),(448,1,1,2,8,80,80,5),(449,1,1,2,8,80,80,6),(450,1,1,2,8,80,80,7),(451,1,1,2,8,80,80,8),(452,1,1,2,8,80,80,9),(453,1,1,2,8,80,80,10),(454,1,1,2,8,80,80,11),(455,1,1,2,8,80,80,12),(456,1,1,2,8,80,80,13),(457,1,1,2,8,80,80,14),(458,1,1,2,8,80,80,15),(459,1,1,2,8,80,80,16),(460,1,1,2,8,80,80,17),(461,1,1,2,8,80,80,18),(462,1,1,2,8,80,80,19),(463,1,1,2,8,80,80,20),(474,2,1,2,9,90,90,2),(475,2,1,2,9,90,90,3),(476,2,1,2,9,90,90,4),(477,2,1,2,9,90,90,5),(478,2,1,2,9,90,90,6),(479,2,1,2,9,90,90,7),(480,2,1,2,9,90,90,8),(481,2,1,2,9,90,90,9),(482,2,1,2,9,90,90,10),(483,2,1,2,9,90,90,11),(484,2,1,2,9,90,90,12),(485,2,1,2,9,90,90,13),(486,2,1,2,9,90,90,14),(487,2,1,2,9,90,90,15),(488,2,1,2,9,90,90,16),(489,2,1,2,9,90,90,17),(490,2,1,2,9,90,90,18),(491,2,1,2,9,90,90,19),(492,2,1,2,9,90,90,20),(503,3,1,2,6,60,60,2),(504,3,1,2,6,60,60,3),(505,3,1,2,6,60,60,4),(506,3,1,2,6,60,60,5),(507,3,1,2,6,60,60,6),(508,3,1,2,6,60,60,7),(509,3,1,2,6,60,60,8),(510,3,1,2,6,60,60,9),(511,3,1,2,6,60,60,10),(512,3,1,2,6,60,60,11),(513,3,1,2,6,60,60,12),(514,3,1,2,6,60,60,13),(515,3,1,2,6,60,60,14),(516,3,1,2,6,60,60,15),(517,3,1,2,6,60,60,16),(518,3,1,2,6,60,60,17),(519,3,1,2,6,60,60,18),(520,3,1,2,6,60,60,19),(521,3,1,2,6,60,60,20);

--
-- Table structure for table `rating_store`
--

CREATE TABLE `rating_store` (
  `rating_id` smallint(5) unsigned NOT NULL DEFAULT '0' COMMENT 'Rating ID',
  `store_id` smallint(5) unsigned NOT NULL DEFAULT '0' COMMENT 'Store ID',
  PRIMARY KEY (`rating_id`,`store_id`),
  KEY `RATING_STORE_STORE_ID` (`store_id`),
  CONSTRAINT `RATING_STORE_RATING_ID_RATING_RATING_ID` FOREIGN KEY (`rating_id`) REFERENCES `rating` (`rating_id`) ON DELETE CASCADE,
  CONSTRAINT `RATING_STORE_STORE_ID_STORE_STORE_ID` FOREIGN KEY (`store_id`) REFERENCES `store` (`store_id`) ON DELETE CASCADE
) ENGINE=InnoDB DEFAULT CHARSET=utf8 COMMENT='Rating Store';

--
-- Dumping data for table `rating_store`
--

INSERT INTO `rating_store` VALUES (1,0),(2,0),(3,0),(1,1),(2,1),(3,1),(1,2),(2,2),(3,2),(1,3),(2,3),(3,3),(1,4),(2,4),(3,4),(1,5),(2,5),(3,5),(1,6),(2,6),(3,6),(1,7),(2,7),(3,7),(1,8),(2,8),(3,8),(1,9),(2,9),(3,9),(1,10),(2,10),(3,10),(1,11),(2,11),(3,11),(1,12),(2,12),(3,12),(1,13),(2,13),(3,13),(1,14),(2,14),(3,14),(1,15),(2,15),(3,15),(1,16),(2,16),(3,16),(1,17),(2,17),(3,17),(1,18),(2,18),(3,18),(1,19),(2,19),(3,19),(1,20),(2,20),(3,20);

--
-- Table structure for table `rating_title`
--

CREATE TABLE `rating_title` (
  `rating_id` smallint(5) unsigned NOT NULL DEFAULT '0' COMMENT 'Rating ID',
  `store_id` smallint(5) unsigned NOT NULL DEFAULT '0' COMMENT 'Store ID',
  `value` varchar(255) NOT NULL COMMENT 'Rating Label',
  PRIMARY KEY (`rating_id`,`store_id`),
  KEY `RATING_TITLE_STORE_ID` (`store_id`),
  CONSTRAINT `RATING_TITLE_RATING_ID_RATING_RATING_ID` FOREIGN KEY (`rating_id`) REFERENCES `rating` (`rating_id`) ON DELETE CASCADE,
  CONSTRAINT `RATING_TITLE_STORE_ID_STORE_STORE_ID` FOREIGN KEY (`store_id`) REFERENCES `store` (`store_id`) ON DELETE CASCADE
) ENGINE=InnoDB DEFAULT CHARSET=utf8 COMMENT='Rating Title';

--
-- Dumping data for table `rating_title`
--


--
-- Table structure for table `release_notification_viewer_log`
--

CREATE TABLE `release_notification_viewer_log` (
  `id` int(10) unsigned NOT NULL AUTO_INCREMENT COMMENT 'Log ID',
  `viewer_id` int(10) unsigned NOT NULL COMMENT 'Viewer admin user ID',
  `last_view_version` varchar(16) NOT NULL COMMENT 'Viewer last view on product version',
  PRIMARY KEY (`id`),
  UNIQUE KEY `RELEASE_NOTIFICATION_VIEWER_LOG_VIEWER_ID` (`viewer_id`),
  CONSTRAINT `RELEASE_NOTIFICATION_VIEWER_LOG_VIEWER_ID_ADMIN_USER_USER_ID` FOREIGN KEY (`viewer_id`) REFERENCES `admin_user` (`user_id`) ON DELETE CASCADE
) ENGINE=InnoDB AUTO_INCREMENT=2 DEFAULT CHARSET=utf8 COMMENT='Release Notification Viewer Log Table';

--
-- Dumping data for table `release_notification_viewer_log`
--

INSERT INTO `release_notification_viewer_log` VALUES (1,1,'2.3.0');

--
-- Table structure for table `report_compared_product_index`
--

CREATE TABLE `report_compared_product_index` (
  `index_id` bigint(20) unsigned NOT NULL AUTO_INCREMENT COMMENT 'Index ID',
  `visitor_id` int(10) unsigned DEFAULT NULL COMMENT 'Visitor ID',
  `customer_id` int(10) unsigned DEFAULT NULL COMMENT 'Customer ID',
  `product_id` int(10) unsigned NOT NULL COMMENT 'Product ID',
  `store_id` smallint(5) unsigned DEFAULT NULL COMMENT 'Store ID',
  `added_at` timestamp NOT NULL DEFAULT CURRENT_TIMESTAMP COMMENT 'Added At',
  PRIMARY KEY (`index_id`),
  UNIQUE KEY `REPORT_COMPARED_PRODUCT_INDEX_VISITOR_ID_PRODUCT_ID` (`visitor_id`,`product_id`),
  UNIQUE KEY `REPORT_COMPARED_PRODUCT_INDEX_CUSTOMER_ID_PRODUCT_ID` (`customer_id`,`product_id`),
  KEY `REPORT_COMPARED_PRODUCT_INDEX_STORE_ID` (`store_id`),
  KEY `REPORT_COMPARED_PRODUCT_INDEX_ADDED_AT` (`added_at`),
  KEY `REPORT_COMPARED_PRODUCT_INDEX_PRODUCT_ID` (`product_id`),
  CONSTRAINT `REPORT_CMPD_PRD_IDX_CSTR_ID_CSTR_ENTT_ENTT_ID` FOREIGN KEY (`customer_id`) REFERENCES `customer_entity` (`entity_id`) ON DELETE CASCADE,
  CONSTRAINT `REPORT_CMPD_PRD_IDX_PRD_ID_CAT_PRD_ENTT_ENTT_ID` FOREIGN KEY (`product_id`) REFERENCES `catalog_product_entity` (`entity_id`) ON DELETE CASCADE,
  CONSTRAINT `REPORT_COMPARED_PRODUCT_INDEX_STORE_ID_STORE_STORE_ID` FOREIGN KEY (`store_id`) REFERENCES `store` (`store_id`) ON DELETE SET NULL
) ENGINE=InnoDB DEFAULT CHARSET=utf8 COMMENT='Reports Compared Product Index Table';

--
-- Dumping data for table `report_compared_product_index`
--


--
-- Table structure for table `report_event`
--

CREATE TABLE `report_event` (
  `event_id` bigint(20) unsigned NOT NULL AUTO_INCREMENT COMMENT 'Event ID',
  `logged_at` timestamp NOT NULL DEFAULT CURRENT_TIMESTAMP COMMENT 'Logged At',
  `event_type_id` smallint(5) unsigned NOT NULL DEFAULT '0' COMMENT 'Event Type ID',
  `object_id` int(10) unsigned NOT NULL DEFAULT '0' COMMENT 'Object ID',
  `subject_id` int(10) unsigned NOT NULL DEFAULT '0' COMMENT 'Subject ID',
  `subtype` smallint(5) unsigned NOT NULL DEFAULT '0' COMMENT 'Subtype',
  `store_id` smallint(5) unsigned NOT NULL COMMENT 'Store ID',
  PRIMARY KEY (`event_id`),
  KEY `REPORT_EVENT_EVENT_TYPE_ID` (`event_type_id`),
  KEY `REPORT_EVENT_SUBJECT_ID` (`subject_id`),
  KEY `REPORT_EVENT_OBJECT_ID` (`object_id`),
  KEY `REPORT_EVENT_SUBTYPE` (`subtype`),
  KEY `REPORT_EVENT_STORE_ID` (`store_id`),
  CONSTRAINT `REPORT_EVENT_EVENT_TYPE_ID_REPORT_EVENT_TYPES_EVENT_TYPE_ID` FOREIGN KEY (`event_type_id`) REFERENCES `report_event_types` (`event_type_id`) ON DELETE CASCADE,
  CONSTRAINT `REPORT_EVENT_STORE_ID_STORE_STORE_ID` FOREIGN KEY (`store_id`) REFERENCES `store` (`store_id`) ON DELETE CASCADE
) ENGINE=InnoDB DEFAULT CHARSET=utf8 COMMENT='Reports Event Table';

--
-- Dumping data for table `report_event`
--


--
-- Table structure for table `report_event_types`
--

CREATE TABLE `report_event_types` (
  `event_type_id` smallint(5) unsigned NOT NULL AUTO_INCREMENT COMMENT 'Event Type ID',
  `event_name` varchar(64) NOT NULL COMMENT 'Event Name',
  `customer_login` smallint(5) unsigned NOT NULL DEFAULT '0' COMMENT 'Customer Login',
  PRIMARY KEY (`event_type_id`)
) ENGINE=InnoDB AUTO_INCREMENT=7 DEFAULT CHARSET=utf8 COMMENT='Reports Event Type Table';

--
-- Dumping data for table `report_event_types`
--

INSERT INTO `report_event_types` VALUES (1,'catalog_product_view',0),(2,'sendfriend_product',0),(3,'catalog_product_compare_add_product',0),(4,'checkout_cart_add_product',0),(5,'wishlist_add_product',0),(6,'wishlist_share',0);

--
-- Table structure for table `report_viewed_product_aggregated_daily`
--

CREATE TABLE `report_viewed_product_aggregated_daily` (
  `id` int(10) unsigned NOT NULL AUTO_INCREMENT COMMENT 'ID',
  `period` date DEFAULT NULL COMMENT 'Period',
  `store_id` smallint(5) unsigned DEFAULT NULL COMMENT 'Store ID',
  `product_id` int(10) unsigned DEFAULT NULL COMMENT 'Product ID',
  `product_name` varchar(255) DEFAULT NULL COMMENT 'Product Name',
  `product_price` decimal(12,4) NOT NULL DEFAULT '0.0000' COMMENT 'Product Price',
  `views_num` int(11) NOT NULL DEFAULT '0' COMMENT 'Number of Views',
  `rating_pos` smallint(5) unsigned NOT NULL DEFAULT '0' COMMENT 'Rating Pos',
  PRIMARY KEY (`id`),
  UNIQUE KEY `REPORT_VIEWED_PRD_AGGRED_DAILY_PERIOD_STORE_ID_PRD_ID` (`period`,`store_id`,`product_id`),
  KEY `REPORT_VIEWED_PRODUCT_AGGREGATED_DAILY_STORE_ID` (`store_id`),
  KEY `REPORT_VIEWED_PRODUCT_AGGREGATED_DAILY_PRODUCT_ID` (`product_id`),
  CONSTRAINT `REPORT_VIEWED_PRD_AGGRED_DAILY_PRD_ID_CAT_PRD_ENTT_ENTT_ID` FOREIGN KEY (`product_id`) REFERENCES `catalog_product_entity` (`entity_id`) ON DELETE CASCADE,
  CONSTRAINT `REPORT_VIEWED_PRODUCT_AGGREGATED_DAILY_STORE_ID_STORE_STORE_ID` FOREIGN KEY (`store_id`) REFERENCES `store` (`store_id`) ON DELETE CASCADE
) ENGINE=InnoDB AUTO_INCREMENT=216 DEFAULT CHARSET=utf8 COMMENT='Most Viewed Products Aggregated Daily';

--
-- Dumping data for table `report_viewed_product_aggregated_daily`
--

INSERT INTO `report_viewed_product_aggregated_daily` VALUES (1,'2019-02-19',1,1,'Faux Suede Black',50.0000,1,1),(8,'2019-02-21',1,1,'Faux Suede Black',50.0000,4,1),(15,'2019-02-27',1,1,'Faux Suede Black',50.0000,4,3),(68,'2019-08-19',1,1,'Faux Suede Black',50.0000,1,11),(118,'2019-08-23',1,1,'Faux Suede Black',50.0000,2,2),(182,'2019-08-27',1,1,'Faux Suede Black',50.0000,4,1),(215,'2019-09-11',1,1,'Faux Suede Black',50.0000,2,7);

--
-- Table structure for table `report_viewed_product_aggregated_monthly`
--

CREATE TABLE `report_viewed_product_aggregated_monthly` (
  `id` int(10) unsigned NOT NULL AUTO_INCREMENT COMMENT 'ID',
  `period` date DEFAULT NULL COMMENT 'Period',
  `store_id` smallint(5) unsigned DEFAULT NULL COMMENT 'Store ID',
  `product_id` int(10) unsigned DEFAULT NULL COMMENT 'Product ID',
  `product_name` varchar(255) DEFAULT NULL COMMENT 'Product Name',
  `product_price` decimal(12,4) NOT NULL DEFAULT '0.0000' COMMENT 'Product Price',
  `views_num` int(11) NOT NULL DEFAULT '0' COMMENT 'Number of Views',
  `rating_pos` smallint(5) unsigned NOT NULL DEFAULT '0' COMMENT 'Rating Pos',
  PRIMARY KEY (`id`),
  UNIQUE KEY `REPORT_VIEWED_PRD_AGGRED_MONTHLY_PERIOD_STORE_ID_PRD_ID` (`period`,`store_id`,`product_id`),
  KEY `REPORT_VIEWED_PRODUCT_AGGREGATED_MONTHLY_STORE_ID` (`store_id`),
  KEY `REPORT_VIEWED_PRODUCT_AGGREGATED_MONTHLY_PRODUCT_ID` (`product_id`),
  CONSTRAINT `REPORT_VIEWED_PRD_AGGRED_MONTHLY_PRD_ID_CAT_PRD_ENTT_ENTT_ID` FOREIGN KEY (`product_id`) REFERENCES `catalog_product_entity` (`entity_id`) ON DELETE CASCADE,
  CONSTRAINT `REPORT_VIEWED_PRODUCT_AGGREGATED_MONTHLY_STORE_ID_STORE_STORE_ID` FOREIGN KEY (`store_id`) REFERENCES `store` (`store_id`) ON DELETE CASCADE
) ENGINE=InnoDB AUTO_INCREMENT=108 DEFAULT CHARSET=utf8 COMMENT='Most Viewed Products Aggregated Monthly';

--
-- Dumping data for table `report_viewed_product_aggregated_monthly`
--

INSERT INTO `report_viewed_product_aggregated_monthly` VALUES (4,'2019-02-01',1,1,'Faux Suede Black',50.0000,9,1),(45,'2019-08-01',1,1,'Faux Suede Black',50.0000,7,2),(107,'2019-09-01',1,1,'Faux Suede Black',50.0000,2,13);

--
-- Table structure for table `report_viewed_product_aggregated_yearly`
--

CREATE TABLE `report_viewed_product_aggregated_yearly` (
  `id` int(10) unsigned NOT NULL AUTO_INCREMENT COMMENT 'ID',
  `period` date DEFAULT NULL COMMENT 'Period',
  `store_id` smallint(5) unsigned DEFAULT NULL COMMENT 'Store ID',
  `product_id` int(10) unsigned DEFAULT NULL COMMENT 'Product ID',
  `product_name` varchar(255) DEFAULT NULL COMMENT 'Product Name',
  `product_price` decimal(12,4) NOT NULL DEFAULT '0.0000' COMMENT 'Product Price',
  `views_num` int(11) NOT NULL DEFAULT '0' COMMENT 'Number of Views',
  `rating_pos` smallint(5) unsigned NOT NULL DEFAULT '0' COMMENT 'Rating Pos',
  PRIMARY KEY (`id`),
  UNIQUE KEY `REPORT_VIEWED_PRD_AGGRED_YEARLY_PERIOD_STORE_ID_PRD_ID` (`period`,`store_id`,`product_id`),
  KEY `REPORT_VIEWED_PRODUCT_AGGREGATED_YEARLY_STORE_ID` (`store_id`),
  KEY `REPORT_VIEWED_PRODUCT_AGGREGATED_YEARLY_PRODUCT_ID` (`product_id`),
  CONSTRAINT `REPORT_VIEWED_PRD_AGGRED_YEARLY_PRD_ID_CAT_PRD_ENTT_ENTT_ID` FOREIGN KEY (`product_id`) REFERENCES `catalog_product_entity` (`entity_id`) ON DELETE CASCADE,
  CONSTRAINT `REPORT_VIEWED_PRODUCT_AGGREGATED_YEARLY_STORE_ID_STORE_STORE_ID` FOREIGN KEY (`store_id`) REFERENCES `store` (`store_id`) ON DELETE CASCADE
) ENGINE=InnoDB AUTO_INCREMENT=5 DEFAULT CHARSET=utf8 COMMENT='Most Viewed Products Aggregated Yearly';

--
-- Dumping data for table `report_viewed_product_aggregated_yearly`
--

INSERT INTO `report_viewed_product_aggregated_yearly` VALUES (4,'2019-01-01',1,1,'Faux Suede Black',50.0000,18,2);

--
-- Table structure for table `report_viewed_product_index`
--

CREATE TABLE `report_viewed_product_index` (
  `index_id` bigint(20) unsigned NOT NULL AUTO_INCREMENT COMMENT 'Index ID',
  `visitor_id` int(10) unsigned DEFAULT NULL COMMENT 'Visitor ID',
  `customer_id` int(10) unsigned DEFAULT NULL COMMENT 'Customer ID',
  `product_id` int(10) unsigned NOT NULL COMMENT 'Product ID',
  `store_id` smallint(5) unsigned DEFAULT NULL COMMENT 'Store ID',
  `added_at` timestamp NOT NULL DEFAULT CURRENT_TIMESTAMP COMMENT 'Added At',
  PRIMARY KEY (`index_id`),
  UNIQUE KEY `REPORT_VIEWED_PRODUCT_INDEX_VISITOR_ID_PRODUCT_ID` (`visitor_id`,`product_id`),
  UNIQUE KEY `REPORT_VIEWED_PRODUCT_INDEX_CUSTOMER_ID_PRODUCT_ID` (`customer_id`,`product_id`),
  KEY `REPORT_VIEWED_PRODUCT_INDEX_STORE_ID` (`store_id`),
  KEY `REPORT_VIEWED_PRODUCT_INDEX_ADDED_AT` (`added_at`),
  KEY `REPORT_VIEWED_PRODUCT_INDEX_PRODUCT_ID` (`product_id`),
  CONSTRAINT `REPORT_VIEWED_PRD_IDX_CSTR_ID_CSTR_ENTT_ENTT_ID` FOREIGN KEY (`customer_id`) REFERENCES `customer_entity` (`entity_id`) ON DELETE CASCADE,
  CONSTRAINT `REPORT_VIEWED_PRD_IDX_PRD_ID_CAT_PRD_ENTT_ENTT_ID` FOREIGN KEY (`product_id`) REFERENCES `catalog_product_entity` (`entity_id`) ON DELETE CASCADE,
  CONSTRAINT `REPORT_VIEWED_PRODUCT_INDEX_STORE_ID_STORE_STORE_ID` FOREIGN KEY (`store_id`) REFERENCES `store` (`store_id`) ON DELETE SET NULL
) ENGINE=InnoDB DEFAULT CHARSET=utf8 COMMENT='Reports Viewed Product Index Table';

--
-- Dumping data for table `report_viewed_product_index`
--


--
-- Table structure for table `reporting_counts`
--

CREATE TABLE `reporting_counts` (
  `entity_id` int(10) unsigned NOT NULL AUTO_INCREMENT COMMENT 'Entity ID',
  `type` varchar(255) DEFAULT NULL COMMENT 'Item Reported',
  `count` int(10) unsigned DEFAULT NULL COMMENT 'Count Value',
  `updated_at` timestamp NOT NULL DEFAULT CURRENT_TIMESTAMP ON UPDATE CURRENT_TIMESTAMP COMMENT 'Updated At',
  PRIMARY KEY (`entity_id`)
) ENGINE=InnoDB DEFAULT CHARSET=utf8 COMMENT='Reporting for all count related events generated via the cron job';

--
-- Dumping data for table `reporting_counts`
--


--
-- Table structure for table `reporting_module_status`
--

CREATE TABLE `reporting_module_status` (
  `entity_id` int(10) unsigned NOT NULL AUTO_INCREMENT COMMENT 'Module ID',
  `name` varchar(255) DEFAULT NULL COMMENT 'Module Name',
  `active` varchar(255) DEFAULT NULL COMMENT 'Module Active Status',
  `setup_version` varchar(255) DEFAULT NULL COMMENT 'Module Version',
  `state` varchar(255) DEFAULT NULL COMMENT 'Module State',
  `updated_at` timestamp NOT NULL DEFAULT CURRENT_TIMESTAMP ON UPDATE CURRENT_TIMESTAMP COMMENT 'Updated At',
  PRIMARY KEY (`entity_id`)
) ENGINE=InnoDB DEFAULT CHARSET=utf8 COMMENT='Module Status Table';

--
-- Dumping data for table `reporting_module_status`
--


--
-- Table structure for table `reporting_orders`
--

CREATE TABLE `reporting_orders` (
  `entity_id` int(10) unsigned NOT NULL AUTO_INCREMENT COMMENT 'Entity ID',
  `customer_id` int(10) unsigned DEFAULT NULL COMMENT 'Customer ID',
  `total` decimal(20,4) unsigned DEFAULT NULL,
  `total_base` decimal(20,4) unsigned DEFAULT NULL,
  `item_count` int(10) unsigned NOT NULL COMMENT 'Line Item Count',
  `updated_at` timestamp NOT NULL DEFAULT CURRENT_TIMESTAMP COMMENT 'Updated At',
  PRIMARY KEY (`entity_id`)
) ENGINE=InnoDB DEFAULT CHARSET=utf8 COMMENT='Reporting for all orders';

--
-- Dumping data for table `reporting_orders`
--


--
-- Table structure for table `reporting_system_updates`
--

CREATE TABLE `reporting_system_updates` (
  `entity_id` int(10) unsigned NOT NULL AUTO_INCREMENT COMMENT 'Entity ID',
  `type` varchar(255) DEFAULT NULL COMMENT 'Update Type',
  `action` varchar(255) DEFAULT NULL COMMENT 'Action Performed',
  `updated_at` timestamp NOT NULL DEFAULT CURRENT_TIMESTAMP COMMENT 'Updated At',
  PRIMARY KEY (`entity_id`)
) ENGINE=InnoDB DEFAULT CHARSET=utf8 COMMENT='Reporting for system updates';

--
-- Dumping data for table `reporting_system_updates`
--


--
-- Table structure for table `reporting_users`
--

CREATE TABLE `reporting_users` (
  `entity_id` int(10) unsigned NOT NULL AUTO_INCREMENT COMMENT 'Entity ID',
  `type` varchar(255) DEFAULT NULL COMMENT 'User Type',
  `action` varchar(255) DEFAULT NULL COMMENT 'Action Performed',
  `updated_at` timestamp NOT NULL DEFAULT CURRENT_TIMESTAMP COMMENT 'Updated At',
  PRIMARY KEY (`entity_id`)
) ENGINE=InnoDB DEFAULT CHARSET=utf8 COMMENT='Reporting for user actions';

--
-- Dumping data for table `reporting_users`
--


--
-- Table structure for table `review`
--

CREATE TABLE `review` (
  `review_id` bigint(20) unsigned NOT NULL AUTO_INCREMENT COMMENT 'Review ID',
  `created_at` timestamp NOT NULL DEFAULT CURRENT_TIMESTAMP COMMENT 'Review create date',
  `entity_id` smallint(5) unsigned NOT NULL DEFAULT '0' COMMENT 'Entity ID',
  `entity_pk_value` int(10) unsigned NOT NULL DEFAULT '0' COMMENT 'Product ID',
  `status_id` smallint(5) unsigned NOT NULL DEFAULT '0' COMMENT 'Status code',
  PRIMARY KEY (`review_id`),
  KEY `REVIEW_ENTITY_ID` (`entity_id`),
  KEY `REVIEW_STATUS_ID` (`status_id`),
  KEY `REVIEW_ENTITY_PK_VALUE` (`entity_pk_value`),
  CONSTRAINT `REVIEW_ENTITY_ID_REVIEW_ENTITY_ENTITY_ID` FOREIGN KEY (`entity_id`) REFERENCES `review_entity` (`entity_id`) ON DELETE CASCADE,
  CONSTRAINT `REVIEW_STATUS_ID_REVIEW_STATUS_STATUS_ID` FOREIGN KEY (`status_id`) REFERENCES `review_status` (`status_id`) ON DELETE NO ACTION
) ENGINE=InnoDB AUTO_INCREMENT=1463 DEFAULT CHARSET=utf8 COMMENT='Review base information';

--
-- Dumping data for table `review`
--

INSERT INTO `review` VALUES (13,'2019-02-28 04:32:50',1,1,1),(21,'2019-02-28 04:48:26',1,1,1),(46,'2022-12-10 22:33:48',1,1,2),(297,'2022-12-10 22:46:45',1,1,2),(301,'2022-12-10 22:46:50',1,1,2),(304,'2022-12-10 22:46:51',1,1,2),(308,'2022-12-10 22:46:55',1,1,2),(311,'2022-12-10 22:46:56',1,1,2),(313,'2022-12-10 22:46:59',1,1,2),(316,'2022-12-10 22:47:00',1,1,2),(318,'2022-12-10 22:47:01',1,1,2),(321,'2022-12-10 22:47:02',1,1,2),(323,'2022-12-10 22:47:04',1,1,2),(324,'2022-12-10 22:47:05',1,1,2),(326,'2022-12-10 22:47:06',1,1,2),(328,'2022-12-10 22:47:06',1,1,2),(331,'2022-12-10 22:47:08',1,1,2),(334,'2022-12-10 22:47:10',1,1,2),(335,'2022-12-10 22:47:11',1,1,2),(337,'2022-12-10 22:47:12',1,1,2),(339,'2022-12-10 22:47:12',1,1,2),(342,'2022-12-10 22:47:14',1,1,2),(345,'2022-12-10 22:47:16',1,1,2),(347,'2022-12-10 22:47:17',1,1,2),(348,'2022-12-10 22:47:17',1,1,2),(350,'2022-12-10 22:47:18',1,1,2),(352,'2022-12-10 22:47:19',1,1,2),(355,'2022-12-10 22:47:20',1,1,2),(358,'2022-12-10 22:47:22',1,1,2),(360,'2022-12-10 22:47:23',1,1,2),(361,'2022-12-10 22:47:24',1,1,2),(363,'2022-12-10 22:47:24',1,1,2),(365,'2022-12-10 22:47:25',1,1,2),(367,'2022-12-10 22:47:26',1,1,2),(369,'2022-12-10 22:47:27',1,1,2),(372,'2022-12-10 22:47:29',1,1,2),(373,'2022-12-10 22:47:30',1,1,2),(374,'2022-12-10 22:47:31',1,1,2),(376,'2022-12-10 22:47:31',1,1,2),(378,'2022-12-10 22:47:32',1,1,2),(380,'2022-12-10 22:47:32',1,1,2),(384,'2022-12-10 22:47:35',1,1,2),(385,'2022-12-10 22:47:37',1,1,2),(387,'2022-12-10 22:47:38',1,1,2),(389,'2022-12-10 22:47:38',1,1,2),(391,'2022-12-10 22:47:39',1,1,2),(392,'2022-12-10 22:47:40',1,1,2),(394,'2022-12-10 22:47:40',1,1,2),(397,'2022-12-10 22:47:42',1,1,2),(399,'2022-12-10 22:47:44',1,1,2),(400,'2022-12-10 22:47:45',1,1,2),(402,'2022-12-10 22:47:46',1,1,2),(404,'2022-12-10 22:47:46',1,1,2),(406,'2022-12-10 22:47:47',1,1,2),(407,'2022-12-10 22:47:47',1,1,2),(410,'2022-12-10 22:47:49',1,1,2),(412,'2022-12-10 22:47:50',1,1,2),(414,'2022-12-10 22:47:51',1,1,2),(416,'2022-12-10 22:47:53',1,1,2),(417,'2022-12-10 22:47:53',1,1,2),(419,'2022-12-10 22:47:54',1,1,2),(421,'2022-12-10 22:47:54',1,1,2),(422,'2022-12-10 22:47:55',1,1,2),(425,'2022-12-10 22:47:57',1,1,2),(427,'2022-12-10 22:47:58',1,1,2),(429,'2022-12-10 22:47:59',1,1,2),(431,'2022-12-10 22:47:59',1,1,2),(432,'2022-12-10 22:48:00',1,1,2),(434,'2022-12-10 22:48:01',1,1,2),(436,'2022-12-10 22:48:02',1,1,2),(438,'2022-12-10 22:48:03',1,1,2),(440,'2022-12-10 22:48:04',1,1,2),(442,'2022-12-10 22:48:05',1,1,2),(444,'2022-12-10 22:48:06',1,1,2),(446,'2022-12-10 22:48:06',1,1,2),(447,'2022-12-10 22:48:07',1,1,2),(449,'2022-12-10 22:48:08',1,1,2),(451,'2022-12-10 22:48:09',1,1,2),(452,'2022-12-10 22:48:10',1,1,2),(455,'2022-12-10 22:48:11',1,1,2),(457,'2022-12-10 22:48:12',1,1,2),(458,'2022-12-10 22:48:13',1,1,2),(460,'2022-12-10 22:48:13',1,1,2),(462,'2022-12-10 22:48:14',1,1,2),(465,'2022-12-10 22:48:16',1,1,2),(466,'2022-12-10 22:48:16',1,1,2),(469,'2022-12-10 22:48:17',1,1,2),(471,'2022-12-10 22:48:18',1,1,2),(473,'2022-12-10 22:48:20',1,1,2),(476,'2022-12-10 22:48:21',1,1,2),(479,'2022-12-10 22:48:23',1,1,2),(480,'2022-12-10 22:48:24',1,1,2),(484,'2022-12-10 22:48:26',1,1,2),(486,'2022-12-10 22:48:27',1,1,2),(489,'2022-12-10 22:48:29',1,1,2),(490,'2022-12-10 22:48:29',1,1,2),(494,'2022-12-10 22:48:32',1,1,2),(495,'2022-12-10 22:48:33',1,1,2),(497,'2022-12-10 22:48:33',1,1,2),(500,'2022-12-10 22:48:34',1,1,2),(501,'2022-12-10 22:48:34',1,1,2),(505,'2022-12-10 22:48:38',1,1,2),(506,'2022-12-10 22:48:39',1,1,2),(508,'2022-12-10 22:48:39',1,1,2),(510,'2022-12-10 22:48:40',1,1,2),(512,'2022-12-10 22:48:40',1,1,2),(515,'2022-12-10 22:48:44',1,1,2),(517,'2022-12-10 22:48:45',1,1,2),(519,'2022-12-10 22:48:46',1,1,2),(521,'2022-12-10 22:48:46',1,1,2),(525,'2022-12-10 22:48:52',1,1,2),(527,'2022-12-10 22:48:52',1,1,2),(529,'2022-12-10 22:48:53',1,1,2),(533,'2022-12-10 22:48:57',1,1,2),(535,'2022-12-10 22:48:58',1,1,2),(537,'2022-12-10 22:48:59',1,1,2),(541,'2022-12-10 22:49:04',1,1,2),(543,'2022-12-10 22:49:04',1,1,2),(545,'2022-12-10 22:49:05',1,1,2),(549,'2022-12-10 22:49:10',1,1,2),(551,'2022-12-10 22:49:11',1,1,2),(553,'2022-12-10 22:49:11',1,1,2),(557,'2022-12-10 22:49:16',1,1,2),(558,'2022-12-10 22:49:16',1,1,2),(560,'2022-12-10 22:49:17',1,1,2),(563,'2022-12-10 22:49:20',1,1,2),(565,'2022-12-10 22:49:21',1,1,2),(566,'2022-12-10 22:49:22',1,1,2),(568,'2022-12-10 22:49:23',1,1,2),(571,'2022-12-10 22:49:26',1,1,2),(573,'2022-12-10 22:49:28',1,1,2),(574,'2022-12-10 22:49:28',1,1,2),(575,'2022-12-10 22:49:29',1,1,2),(578,'2022-12-10 22:49:31',1,1,2),(580,'2022-12-10 22:49:33',1,1,2),(581,'2022-12-10 22:49:35',1,1,2),(584,'2022-12-10 22:49:37',1,1,2),(586,'2022-12-10 22:49:39',1,1,2),(587,'2022-12-10 22:49:41',1,1,2),(590,'2022-12-10 22:49:43',1,1,2),(592,'2022-12-10 22:49:45',1,1,2),(593,'2022-12-10 22:49:46',1,1,2),(596,'2022-12-10 22:49:49',1,1,2),(598,'2022-12-10 22:49:51',1,1,2),(599,'2022-12-10 22:49:52',1,1,2),(602,'2022-12-10 22:49:55',1,1,2),(604,'2022-12-10 22:49:57',1,1,2),(605,'2022-12-10 22:49:58',1,1,2),(607,'2022-12-10 22:50:01',1,1,2),(609,'2022-12-10 22:50:02',1,1,2),(611,'2022-12-10 22:50:03',1,1,2),(612,'2022-12-10 22:50:05',1,1,2),(614,'2022-12-10 22:50:08',1,1,2),(616,'2022-12-10 22:50:09',1,1,2),(618,'2022-12-10 22:50:09',1,1,2),(619,'2022-12-10 22:50:11',1,1,2),(621,'2022-12-10 22:50:14',1,1,2),(623,'2022-12-10 22:50:14',1,1,2),(625,'2022-12-10 22:50:15',1,1,2),(626,'2022-12-10 22:50:16',1,1,2),(629,'2022-12-10 22:50:19',1,1,2),(631,'2022-12-10 22:50:19',1,1,2),(633,'2022-12-10 22:50:20',1,1,2),(634,'2022-12-10 22:50:21',1,1,2),(637,'2022-12-10 22:50:25',1,1,2),(639,'2022-12-10 22:50:25',1,1,2),(641,'2022-12-10 22:50:26',1,1,2),(642,'2022-12-10 22:50:27',1,1,2),(645,'2022-12-10 22:50:30',1,1,2),(647,'2022-12-10 22:50:31',1,1,2),(649,'2022-12-10 22:50:32',1,1,2),(650,'2022-12-10 22:50:33',1,1,2),(652,'2022-12-10 22:50:36',1,1,2),(654,'2022-12-10 22:50:37',1,1,2),(657,'2022-12-10 22:50:38',1,1,2),(658,'2022-12-10 22:50:39',1,1,2),(661,'2022-12-10 22:50:42',1,1,2),(662,'2022-12-10 22:50:43',1,1,2),(665,'2022-12-10 22:50:44',1,1,2),(666,'2022-12-10 22:50:44',1,1,2),(669,'2022-12-10 22:50:48',1,1,2),(671,'2022-12-10 22:50:49',1,1,2),(673,'2022-12-10 22:50:49',1,1,2),(674,'2022-12-10 22:50:50',1,1,2),(677,'2022-12-10 22:50:54',1,1,2),(679,'2022-12-10 22:50:55',1,1,2),(681,'2022-12-10 22:50:55',1,1,2),(682,'2022-12-10 22:50:56',1,1,2),(684,'2022-12-10 22:50:59',1,1,2),(688,'2022-12-10 22:51:01',1,1,2),(689,'2022-12-10 22:51:02',1,1,2),(692,'2022-12-10 22:51:04',1,1,2),(695,'2022-12-10 22:51:07',1,1,2),(696,'2022-12-10 22:51:08',1,1,2),(699,'2022-12-10 22:51:10',1,1,2),(701,'2022-12-10 22:51:13',1,1,2),(702,'2022-12-10 22:51:14',1,1,2),(706,'2022-12-10 22:51:18',1,1,2),(707,'2022-12-10 22:51:19',1,1,2),(710,'2022-12-10 22:51:23',1,1,2),(712,'2022-12-10 22:51:24',1,1,2),(715,'2022-12-10 22:51:28',1,1,2),(717,'2022-12-10 22:51:29',1,1,2),(720,'2022-12-10 22:51:34',1,1,2),(722,'2022-12-10 22:51:35',1,1,2),(725,'2022-12-10 22:51:39',1,1,2),(727,'2022-12-10 22:51:41',1,1,2),(730,'2022-12-10 22:51:45',1,1,2),(731,'2022-12-10 22:51:46',1,1,2),(735,'2022-12-10 22:51:51',1,1,2),(736,'2022-12-10 22:51:51',1,1,2),(740,'2022-12-10 22:51:56',1,1,2),(741,'2022-12-10 22:51:57',1,1,2),(744,'2022-12-10 22:52:02',1,1,2),(745,'2022-12-10 22:52:03',1,1,2),(748,'2022-12-10 22:52:08',1,1,2),(749,'2022-12-10 22:52:08',1,1,2),(752,'2022-12-10 22:52:13',1,1,2),(753,'2022-12-10 22:52:14',1,1,2),(756,'2022-12-10 22:52:19',1,1,2),(759,'2022-12-10 22:52:25',1,1,2),(762,'2022-12-10 22:52:34',1,1,2),(765,'2022-12-10 22:52:40',1,1,2),(768,'2022-12-10 22:52:45',1,1,2),(771,'2022-12-10 22:52:52',1,1,2),(774,'2022-12-10 22:52:58',1,1,2),(777,'2022-12-10 22:53:03',1,1,2),(780,'2022-12-10 22:53:10',1,1,2),(782,'2022-12-10 22:53:15',1,1,2),(784,'2022-12-10 22:53:16',1,1,2),(786,'2022-12-10 22:53:21',1,1,2),(788,'2022-12-10 22:53:22',1,1,2),(790,'2022-12-10 22:53:27',1,1,2),(792,'2022-12-10 22:53:28',1,1,2),(794,'2022-12-10 22:53:33',1,1,2),(797,'2022-12-10 22:53:39',1,1,2),(800,'2022-12-10 22:53:45',1,1,2),(803,'2022-12-10 22:53:50',1,1,2),(806,'2022-12-10 22:53:55',1,1,2),(809,'2022-12-10 22:54:01',1,1,2),(827,'2022-12-10 22:54:59',1,1,2),(830,'2022-12-10 22:55:06',1,1,2),(833,'2022-12-10 22:55:13',1,1,2),(836,'2022-12-10 22:55:19',1,1,2),(839,'2022-12-10 22:55:25',1,1,2),(842,'2022-12-10 22:55:32',1,1,2),(845,'2022-12-10 22:55:38',1,1,2),(848,'2022-12-10 22:55:43',1,1,2),(851,'2022-12-10 22:55:49',1,1,2),(854,'2022-12-10 22:55:56',1,1,2),(857,'2022-12-10 22:56:02',1,1,2),(862,'2022-12-10 22:56:08',1,1,2),(867,'2022-12-10 22:56:14',1,1,2),(873,'2022-12-10 22:56:20',1,1,2),(879,'2022-12-10 22:56:27',1,1,2),(886,'2022-12-10 22:56:32',1,1,2),(893,'2022-12-10 22:56:39',1,1,2),(901,'2022-12-10 22:56:44',1,1,2),(911,'2022-12-10 22:56:52',1,1,2),(919,'2022-12-10 22:56:58',1,1,2),(927,'2022-12-10 22:57:04',1,1,2),(937,'2022-12-10 22:57:10',1,1,2),(947,'2022-12-10 22:57:16',1,1,2),(956,'2022-12-10 22:57:23',1,1,2),(965,'2022-12-10 22:57:28',1,1,2),(974,'2022-12-10 22:57:34',1,1,2),(983,'2022-12-10 22:57:41',1,1,2),(991,'2022-12-10 22:57:47',1,1,2),(998,'2022-12-10 22:57:53',1,1,2),(1005,'2022-12-10 22:57:59',1,1,2),(1011,'2022-12-10 22:58:04',1,1,2),(1017,'2022-12-10 22:58:10',1,1,2),(1023,'2022-12-10 22:58:16',1,1,2),(1029,'2022-12-10 22:58:22',1,1,2),(1036,'2022-12-10 22:58:28',1,1,2),(1043,'2022-12-10 22:58:34',1,1,2),(1050,'2022-12-10 22:58:40',1,1,2),(1057,'2022-12-10 22:58:46',1,1,2),(1064,'2022-12-10 22:58:52',1,1,2),(1073,'2022-12-10 22:58:58',1,1,2),(1083,'2022-12-10 22:59:04',1,1,2),(1093,'2022-12-10 22:59:10',1,1,2),(1100,'2022-12-10 22:59:15',1,1,2),(1109,'2022-12-10 22:59:22',1,1,2),(1119,'2022-12-10 22:59:27',1,1,2),(1129,'2022-12-10 22:59:34',1,1,2),(1140,'2022-12-10 22:59:40',1,1,2),(1152,'2022-12-10 22:59:47',1,1,2),(1164,'2022-12-10 22:59:53',1,1,2),(1175,'2022-12-10 23:00:01',1,1,2),(1186,'2022-12-10 23:00:09',1,1,2),(1194,'2022-12-10 23:00:15',1,1,2),(1203,'2022-12-10 23:00:22',1,1,2),(1210,'2022-12-10 23:00:28',1,1,2),(1218,'2022-12-10 23:00:35',1,1,2),(1224,'2022-12-10 23:00:41',1,1,2),(1232,'2022-12-10 23:00:48',1,1,2),(1239,'2022-12-10 23:00:54',1,1,2),(1245,'2022-12-10 23:01:01',1,1,2),(1251,'2022-12-10 23:01:09',1,1,2),(1256,'2022-12-10 23:01:18',1,1,2),(1263,'2022-12-10 23:01:26',1,1,2),(1269,'2022-12-10 23:01:35',1,1,2),(1276,'2022-12-10 23:01:42',1,1,2),(1282,'2022-12-10 23:01:48',1,1,2),(1288,'2022-12-10 23:01:56',1,1,2),(1294,'2022-12-10 23:02:05',1,1,2),(1300,'2022-12-10 23:02:14',1,1,2),(1306,'2022-12-10 23:02:24',1,1,2),(1311,'2022-12-10 23:02:34',1,1,2),(1317,'2022-12-10 23:02:43',1,1,2),(1322,'2022-12-10 23:02:51',1,1,2),(1329,'2022-12-10 23:03:00',1,1,2),(1336,'2022-12-10 23:03:08',1,1,2),(1343,'2022-12-10 23:03:16',1,1,2),(1349,'2022-12-10 23:03:24',1,1,2),(1358,'2022-12-10 23:03:33',1,1,2),(1369,'2022-12-10 23:03:43',1,1,2),(1380,'2022-12-10 23:03:52',1,1,2),(1392,'2022-12-10 23:04:02',1,1,2),(1405,'2022-12-10 23:04:12',1,1,2),(1417,'2022-12-10 23:04:22',1,1,2),(1430,'2022-12-10 23:04:32',1,1,2),(1441,'2022-12-10 23:04:43',1,1,2),(1452,'2022-12-10 23:04:54',1,1,2),(1462,'2022-12-10 23:05:04',1,1,2);

--
-- Table structure for table `review_detail`
--

CREATE TABLE `review_detail` (
  `detail_id` bigint(20) unsigned NOT NULL AUTO_INCREMENT COMMENT 'Review detail ID',
  `review_id` bigint(20) unsigned NOT NULL DEFAULT '0' COMMENT 'Review ID',
  `store_id` smallint(5) unsigned DEFAULT '0' COMMENT 'Store ID',
  `title` varchar(255) NOT NULL COMMENT 'Title',
  `detail` text NOT NULL COMMENT 'Detail description',
  `nickname` varchar(128) NOT NULL COMMENT 'User nickname',
  `customer_id` int(10) unsigned DEFAULT NULL COMMENT 'Customer ID',
  PRIMARY KEY (`detail_id`),
  KEY `REVIEW_DETAIL_REVIEW_ID` (`review_id`),
  KEY `REVIEW_DETAIL_STORE_ID` (`store_id`),
  KEY `REVIEW_DETAIL_CUSTOMER_ID` (`customer_id`),
  CONSTRAINT `REVIEW_DETAIL_CUSTOMER_ID_CUSTOMER_ENTITY_ENTITY_ID` FOREIGN KEY (`customer_id`) REFERENCES `customer_entity` (`entity_id`) ON DELETE SET NULL,
  CONSTRAINT `REVIEW_DETAIL_REVIEW_ID_REVIEW_REVIEW_ID` FOREIGN KEY (`review_id`) REFERENCES `review` (`review_id`) ON DELETE CASCADE,
  CONSTRAINT `REVIEW_DETAIL_STORE_ID_STORE_STORE_ID` FOREIGN KEY (`store_id`) REFERENCES `store` (`store_id`) ON DELETE SET NULL
) ENGINE=InnoDB AUTO_INCREMENT=1463 DEFAULT CHARSET=utf8 COMMENT='Review detail information';

--
-- Dumping data for table `review_detail`
--

INSERT INTO `review_detail` VALUES (13,13,1,'Alotheme','Lorem ipsum dolor sit amet, an munere tibique consequat mel, congue albucius no qui, at everti meliore erroribus sea. Vero graeco cotidieque ea duo, in eirmod insolens interpretaris nam. Pro at nostrud percipit definitiones, eu tale porro cum. Sea ne accusata voluptatibus. Ne cum falli dolor voluptua, duo ei sonet choro facilisis, labores officiis torquatos cum ei.','Binh Dong',NULL),(21,21,1,'Alotheme','Lorem ipsum dolor sit amet, an munere tibique consequat mel, congue albucius no qui, at everti meliore erroribus sea. Vero graeco cotidieque ea duo, in eirmod insolens interpretaris nam. Pro at nostrud percipit definitiones, eu tale porro cum. Sea ne accusata voluptatibus. Ne cum falli dolor voluptua, duo ei sonet choro facilisis, labores officiis torquatos cum ei.','Binh Dong',NULL),(46,46,1,'123456','123456','admin',NULL),(297,297,1,'123456','123456','admin',NULL),(301,301,1,'123456','123456','admin',NULL),(304,304,1,'123456','123456','admin',NULL),(308,308,1,'123456','123456','admin',NULL),(311,311,1,'123456','123456','admin',NULL),(313,313,1,'123456','123456','admin',NULL),(316,316,1,'123456','123456','admin',NULL),(318,318,1,'123456','123456','admin',NULL),(321,321,1,'123456','123456','admin',NULL),(323,323,1,'123456','123456','admin',NULL),(324,324,1,'123456','123456','admin',NULL),(326,326,1,'123456','123456','admin',NULL),(328,328,1,'123456','123456','admin',NULL),(331,331,1,'123456','123456','admin',NULL),(334,334,1,'123456','123456','admin',NULL),(335,335,1,'123456','123456','admin',NULL),(337,337,1,'123456','123456','admin',NULL),(339,339,1,'123456','123456','admin',NULL),(342,342,1,'123456','123456','admin',NULL),(345,345,1,'123456','123456','admin',NULL),(347,347,1,'123456','123456','admin',NULL),(348,348,1,'123456','123456','admin',NULL),(350,350,1,'123456','123456','admin',NULL),(352,352,1,'123456','123456','admin',NULL),(355,355,1,'123456','123456','admin',NULL),(358,358,1,'123456','123456','admin',NULL),(360,360,1,'123456','123456','admin',NULL),(361,361,1,'123456','123456','admin',NULL),(363,363,1,'123456','123456','admin',NULL),(365,365,1,'123456','123456','admin',NULL),(367,367,1,'123456','123456','admin',NULL),(369,369,1,'123456','123456','admin',NULL),(372,372,1,'123456','123456','admin',NULL),(373,373,1,'123456','123456','admin',NULL),(374,374,1,'123456','123456','admin',NULL),(376,376,1,'123456','123456','admin',NULL),(378,378,1,'123456','123456','admin',NULL),(380,380,1,'123456','123456','admin',NULL),(384,384,1,'123456','123456','admin',NULL),(385,385,1,'123456','123456','admin',NULL),(387,387,1,'123456','123456','admin',NULL),(389,389,1,'123456','123456','admin',NULL),(391,391,1,'123456','123456','admin',NULL),(392,392,1,'123456','123456','admin',NULL),(394,394,1,'123456','123456','admin',NULL),(397,397,1,'123456','123456','admin',NULL),(399,399,1,'123456','123456','admin',NULL),(400,400,1,'123456','123456','admin',NULL),(402,402,1,'123456','123456','admin',NULL),(404,404,1,'123456','123456','admin',NULL),(406,406,1,'123456','123456','admin',NULL),(407,407,1,'123456','123456','admin',NULL),(410,410,1,'123456','123456','admin',NULL),(412,412,1,'123456','123456','admin',NULL),(414,414,1,'123456','123456','admin',NULL),(416,416,1,'123456','123456','admin',NULL),(417,417,1,'123456','123456','admin',NULL),(419,419,1,'123456','123456','admin',NULL),(421,421,1,'123456','123456','admin',NULL),(422,422,1,'123456','123456','admin',NULL),(425,425,1,'123456','123456','admin',NULL),(427,427,1,'123456','123456','admin',NULL),(429,429,1,'123456','123456','admin',NULL),(431,431,1,'123456','123456','admin',NULL),(432,432,1,'123456','123456','admin',NULL),(434,434,1,'123456','123456','admin',NULL),(436,436,1,'123456','123456','admin',NULL),(438,438,1,'123456','123456','admin',NULL),(440,440,1,'123456','123456','admin',NULL),(442,442,1,'123456','123456','admin',NULL),(444,444,1,'123456','123456','admin',NULL),(446,446,1,'123456','123456','admin',NULL),(447,447,1,'123456','123456','admin',NULL),(449,449,1,'123456','123456','admin',NULL),(451,451,1,'123456','123456','admin',NULL),(452,452,1,'123456','123456','admin',NULL),(455,455,1,'123456','123456','admin',NULL),(457,457,1,'123456','123456','admin',NULL),(458,458,1,'123456','123456','admin',NULL),(460,460,1,'123456','123456','admin',NULL),(462,462,1,'123456','123456','admin',NULL),(465,465,1,'123456','123456','admin',NULL),(466,466,1,'123456','123456','admin',NULL),(469,469,1,'123456','123456','admin',NULL),(471,471,1,'123456','123456','admin',NULL),(473,473,1,'123456','123456','admin',NULL),(476,476,1,'123456','123456','admin',NULL),(479,479,1,'123456','123456','admin',NULL),(480,480,1,'123456','123456','admin',NULL),(484,484,1,'123456','123456','admin',NULL),(486,486,1,'123456','123456','admin',NULL),(489,489,1,'123456','123456','admin',NULL),(490,490,1,'123456','123456','admin',NULL),(494,494,1,'123456','123456','admin',NULL),(495,495,1,'123456','123456','admin',NULL),(497,497,1,'123456','123456','admin',NULL),(500,500,1,'123456','123456','admin',NULL),(501,501,1,'123456','123456','admin',NULL),(505,505,1,'123456','123456','admin',NULL),(506,506,1,'123456','123456','admin',NULL),(508,508,1,'123456','123456','admin',NULL),(510,510,1,'123456','123456','admin',NULL),(512,512,1,'123456','123456','admin',NULL),(515,515,1,'123456','123456','admin',NULL),(517,517,1,'123456','123456','admin',NULL),(519,519,1,'123456','123456','admin',NULL),(521,521,1,'123456','123456','admin',NULL),(525,525,1,'123456','123456','admin',NULL),(527,527,1,'123456','123456','admin',NULL),(529,529,1,'123456','123456','admin',NULL),(533,533,1,'123456','123456','admin',NULL),(535,535,1,'123456','123456','admin',NULL),(537,537,1,'123456','123456','admin',NULL),(541,541,1,'123456','123456','admin',NULL),(543,543,1,'123456','123456','admin',NULL),(545,545,1,'123456','123456','admin',NULL),(549,549,1,'123456','123456','admin',NULL),(551,551,1,'123456','123456','admin',NULL),(553,553,1,'123456','123456','admin',NULL),(557,557,1,'123456','123456','admin',NULL),(558,558,1,'123456','123456','admin',NULL),(560,560,1,'123456','123456','admin',NULL),(563,563,1,'123456','123456','admin',NULL),(565,565,1,'123456','123456','admin',NULL),(566,566,1,'123456','123456','admin',NULL),(568,568,1,'123456','123456','admin',NULL),(571,571,1,'123456','123456','admin',NULL),(573,573,1,'123456','123456','admin',NULL),(574,574,1,'123456','123456','admin',NULL),(575,575,1,'123456','123456','admin',NULL),(578,578,1,'123456','123456','admin',NULL),(580,580,1,'123456','123456','admin',NULL),(581,581,1,'123456','123456','admin',NULL),(584,584,1,'123456','123456','admin',NULL),(586,586,1,'123456','123456','admin',NULL),(587,587,1,'123456','123456','admin',NULL),(590,590,1,'123456','123456','admin',NULL),(592,592,1,'123456','123456','admin',NULL),(593,593,1,'123456','123456','admin',NULL),(596,596,1,'123456','123456','admin',NULL),(598,598,1,'123456','123456','admin',NULL),(599,599,1,'123456','123456','admin',NULL),(602,602,1,'123456','123456','admin',NULL),(604,604,1,'123456','123456','admin',NULL),(605,605,1,'123456','123456','admin',NULL),(607,607,1,'123456','123456','admin',NULL),(609,609,1,'123456','123456','admin',NULL),(611,611,1,'123456','123456','admin',NULL),(612,612,1,'123456','123456','admin',NULL),(614,614,1,'123456','123456','admin',NULL),(616,616,1,'123456','123456','admin',NULL),(618,618,1,'123456','123456','admin',NULL),(619,619,1,'123456','123456','admin',NULL),(621,621,1,'123456','123456','admin',NULL),(623,623,1,'123456','123456','admin',NULL),(625,625,1,'123456','123456','admin',NULL),(626,626,1,'123456','123456','admin',NULL),(629,629,1,'123456','123456','admin',NULL),(631,631,1,'123456','123456','admin',NULL),(633,633,1,'123456','123456','admin',NULL),(634,634,1,'123456','123456','admin',NULL),(637,637,1,'123456','123456','admin',NULL),(639,639,1,'123456','123456','admin',NULL),(641,641,1,'123456','123456','admin',NULL),(642,642,1,'123456','123456','admin',NULL),(645,645,1,'123456','123456','admin',NULL),(647,647,1,'123456','123456','admin',NULL),(649,649,1,'123456','123456','admin',NULL),(650,650,1,'123456','123456','admin',NULL),(652,652,1,'123456','123456','admin',NULL),(654,654,1,'123456','123456','admin',NULL),(657,657,1,'123456','123456','admin',NULL),(658,658,1,'123456','123456','admin',NULL),(661,661,1,'123456','123456','admin',NULL),(662,662,1,'123456','123456','admin',NULL),(665,665,1,'123456','123456','admin',NULL),(666,666,1,'123456','123456','admin',NULL),(669,669,1,'123456','123456','admin',NULL),(671,671,1,'123456','123456','admin',NULL),(673,673,1,'123456','123456','admin',NULL),(674,674,1,'123456','123456','admin',NULL),(677,677,1,'123456','123456','admin',NULL),(679,679,1,'123456','123456','admin',NULL),(681,681,1,'123456','123456','admin',NULL),(682,682,1,'123456','123456','admin',NULL),(684,684,1,'123456','123456','admin',NULL),(688,688,1,'123456','123456','admin',NULL),(689,689,1,'123456','123456','admin',NULL),(692,692,1,'123456','123456','admin',NULL),(695,695,1,'123456','123456','admin',NULL),(696,696,1,'123456','123456','admin',NULL),(699,699,1,'123456','123456','admin',NULL),(701,701,1,'123456','123456','admin',NULL),(702,702,1,'123456','123456','admin',NULL),(706,706,1,'123456','123456','admin',NULL),(707,707,1,'123456','123456','admin',NULL),(710,710,1,'123456','123456','admin',NULL),(712,712,1,'123456','123456','admin',NULL),(715,715,1,'123456','123456','admin',NULL),(717,717,1,'123456','123456','admin',NULL),(720,720,1,'123456','123456','admin',NULL),(722,722,1,'123456','123456','admin',NULL),(725,725,1,'123456','123456','admin',NULL),(727,727,1,'123456','123456','admin',NULL),(730,730,1,'123456','123456','admin',NULL),(731,731,1,'123456','123456','admin',NULL),(735,735,1,'123456','123456','admin',NULL),(736,736,1,'123456','123456','admin',NULL),(740,740,1,'123456','123456','admin',NULL),(741,741,1,'123456','123456','admin',NULL),(744,744,1,'123456','123456','admin',NULL),(745,745,1,'123456','123456','admin',NULL),(748,748,1,'123456','123456','admin',NULL),(749,749,1,'123456','123456','admin',NULL),(752,752,1,'123456','123456','admin',NULL),(753,753,1,'123456','123456','admin',NULL),(756,756,1,'123456','123456','admin',NULL),(759,759,1,'123456','123456','admin',NULL),(762,762,1,'123456','123456','admin',NULL),(765,765,1,'123456','123456','admin',NULL),(768,768,1,'123456','123456','admin',NULL),(771,771,1,'123456','123456','admin',NULL),(774,774,1,'123456','123456','admin',NULL),(777,777,1,'123456','123456','admin',NULL),(780,780,1,'123456','123456','admin',NULL),(782,782,1,'123456','123456','admin',NULL),(784,784,1,'123456','123456','admin',NULL),(786,786,1,'123456','123456','admin',NULL),(788,788,1,'123456','123456','admin',NULL),(790,790,1,'123456','123456','admin',NULL),(792,792,1,'123456','123456','admin',NULL),(794,794,1,'123456','123456','admin',NULL),(797,797,1,'123456','123456','admin',NULL),(800,800,1,'123456','123456','admin',NULL),(803,803,1,'123456','123456','admin',NULL),(806,806,1,'123456','123456','admin',NULL),(809,809,1,'123456','123456','admin',NULL),(827,827,1,'123456','123456','admin',NULL),(830,830,1,'123456','123456','admin',NULL),(833,833,1,'123456','123456','admin',NULL),(836,836,1,'123456','123456','admin',NULL),(839,839,1,'123456','123456','admin',NULL),(842,842,1,'123456','123456','admin',NULL),(845,845,1,'123456','123456','admin',NULL),(848,848,1,'123456','123456','admin',NULL),(851,851,1,'123456','123456','admin',NULL),(854,854,1,'123456','123456','admin',NULL),(857,857,1,'123456','123456','admin',NULL),(862,862,1,'123456','123456','admin',NULL),(867,867,1,'123456','123456','admin',NULL),(873,873,1,'123456','123456','admin',NULL),(879,879,1,'123456','123456','admin',NULL),(886,886,1,'123456','123456','admin',NULL),(893,893,1,'123456','123456','admin',NULL),(901,901,1,'123456','123456','admin',NULL),(911,911,1,'123456','123456','admin',NULL),(919,919,1,'123456','123456','admin',NULL),(927,927,1,'123456','123456','admin',NULL),(937,937,1,'123456','123456','admin',NULL),(947,947,1,'123456','123456','admin',NULL),(956,956,1,'123456','123456','admin',NULL),(965,965,1,'123456','123456','admin',NULL),(974,974,1,'123456','123456','admin',NULL),(983,983,1,'123456','123456','admin',NULL),(991,991,1,'123456','123456','admin',NULL),(998,998,1,'123456','123456','admin',NULL),(1005,1005,1,'123456','123456','admin',NULL),(1011,1011,1,'123456','123456','admin',NULL),(1017,1017,1,'123456','123456','admin',NULL),(1023,1023,1,'123456','123456','admin',NULL),(1029,1029,1,'123456','123456','admin',NULL),(1036,1036,1,'123456','123456','admin',NULL),(1043,1043,1,'123456','123456','admin',NULL),(1050,1050,1,'123456','123456','admin',NULL),(1057,1057,1,'123456','123456','admin',NULL),(1064,1064,1,'123456','123456','admin',NULL),(1073,1073,1,'123456','123456','admin',NULL),(1083,1083,1,'123456','123456','admin',NULL),(1093,1093,1,'123456','123456','admin',NULL),(1100,1100,1,'123456','123456','admin',NULL),(1109,1109,1,'123456','123456','admin',NULL),(1119,1119,1,'123456','123456','admin',NULL),(1129,1129,1,'123456','123456','admin',NULL),(1140,1140,1,'123456','123456','admin',NULL),(1152,1152,1,'123456','123456','admin',NULL),(1164,1164,1,'123456','123456','admin',NULL),(1175,1175,1,'123456','123456','admin',NULL),(1186,1186,1,'123456','123456','admin',NULL),(1194,1194,1,'123456','123456','admin',NULL),(1203,1203,1,'123456','123456','admin',NULL),(1210,1210,1,'123456','123456','admin',NULL),(1218,1218,1,'123456','123456','admin',NULL),(1224,1224,1,'123456','123456','admin',NULL),(1232,1232,1,'123456','123456','admin',NULL),(1239,1239,1,'123456','123456','admin',NULL),(1245,1245,1,'123456','123456','admin',NULL),(1251,1251,1,'123456','123456','admin',NULL),(1256,1256,1,'123456','123456','admin',NULL),(1263,1263,1,'123456','123456','admin',NULL),(1269,1269,1,'123456','123456','admin',NULL),(1276,1276,1,'123456','123456','admin',NULL),(1282,1282,1,'123456','123456','admin',NULL),(1288,1288,1,'123456','123456','admin',NULL),(1294,1294,1,'123456','123456','admin',NULL),(1300,1300,1,'123456','123456','admin',NULL),(1306,1306,1,'123456','123456','admin',NULL),(1311,1311,1,'123456','123456','admin',NULL),(1317,1317,1,'123456','123456','admin',NULL),(1322,1322,1,'123456','123456','admin',NULL),(1329,1329,1,'123456','123456','admin',NULL),(1336,1336,1,'123456','123456','admin',NULL),(1343,1343,1,'123456','123456','admin',NULL),(1349,1349,1,'123456','123456','admin',NULL),(1358,1358,1,'123456','123456','admin',NULL),(1369,1369,1,'123456','123456','admin',NULL),(1380,1380,1,'123456','123456','admin',NULL),(1392,1392,1,'123456','123456','admin',NULL),(1405,1405,1,'123456','123456','admin',NULL),(1417,1417,1,'123456','123456','admin',NULL),(1430,1430,1,'123456','123456','admin',NULL),(1441,1441,1,'123456','123456','admin',NULL),(1452,1452,1,'123456','123456','admin',NULL),(1462,1462,1,'123456','123456','admin',NULL);

--
-- Table structure for table `review_entity`
--

CREATE TABLE `review_entity` (
  `entity_id` smallint(5) unsigned NOT NULL AUTO_INCREMENT COMMENT 'Review entity ID',
  `entity_code` varchar(32) NOT NULL COMMENT 'Review entity code',
  PRIMARY KEY (`entity_id`)
) ENGINE=InnoDB AUTO_INCREMENT=4 DEFAULT CHARSET=utf8 COMMENT='Review entities';

--
-- Dumping data for table `review_entity`
--

INSERT INTO `review_entity` VALUES (1,'product'),(2,'customer'),(3,'category');

--
-- Table structure for table `review_entity_summary`
--

CREATE TABLE `review_entity_summary` (
  `primary_id` bigint(20) NOT NULL AUTO_INCREMENT COMMENT 'Summary review entity ID',
  `entity_pk_value` bigint(20) NOT NULL DEFAULT '0' COMMENT 'Product ID',
  `entity_type` smallint(6) NOT NULL DEFAULT '0' COMMENT 'Entity type ID',
  `reviews_count` smallint(6) NOT NULL DEFAULT '0' COMMENT 'Qty of reviews',
  `rating_summary` smallint(6) NOT NULL DEFAULT '0' COMMENT 'Summarized rating',
  `store_id` smallint(5) unsigned NOT NULL DEFAULT '0' COMMENT 'Store ID',
  PRIMARY KEY (`primary_id`),
  UNIQUE KEY `REVIEW_ENTITY_SUMMARY_ENTITY_PK_VALUE_STORE_ID_ENTITY_TYPE` (`entity_pk_value`,`store_id`,`entity_type`),
  KEY `REVIEW_ENTITY_SUMMARY_STORE_ID` (`store_id`),
  CONSTRAINT `REVIEW_ENTITY_SUMMARY_STORE_ID_STORE_STORE_ID` FOREIGN KEY (`store_id`) REFERENCES `store` (`store_id`) ON DELETE CASCADE
) ENGINE=InnoDB AUTO_INCREMENT=978 DEFAULT CHARSET=utf8 COMMENT='Review aggregates';

--
-- Dumping data for table `review_entity_summary`
--

INSERT INTO `review_entity_summary` VALUES (276,1,1,2,77,1),(277,1,1,2,77,2),(278,1,1,2,77,3),(279,1,1,2,77,4),(280,1,1,2,77,5),(281,1,1,2,77,6),(282,1,1,2,77,7),(283,1,1,2,77,8),(284,1,1,2,77,9),(285,1,1,2,77,10),(286,1,1,2,77,11),(287,1,1,2,77,12),(288,1,1,2,77,13),(289,1,1,2,77,14),(290,1,1,2,77,15),(291,1,1,2,77,16),(292,1,1,2,77,17),(293,1,1,2,77,18),(294,1,1,2,77,19),(295,1,1,2,77,20),(487,1,1,2,77,0),(976,1,1,0,0,21),(977,1,1,0,0,22);

--
-- Table structure for table `review_status`
--

CREATE TABLE `review_status` (
  `status_id` smallint(5) unsigned NOT NULL AUTO_INCREMENT COMMENT 'Status ID',
  `status_code` varchar(32) NOT NULL COMMENT 'Status code',
  PRIMARY KEY (`status_id`)
) ENGINE=InnoDB AUTO_INCREMENT=4 DEFAULT CHARSET=utf8 COMMENT='Review statuses';

--
-- Dumping data for table `review_status`
--

INSERT INTO `review_status` VALUES (1,'Approved'),(2,'Pending'),(3,'Not Approved');

--
-- Table structure for table `review_store`
--

CREATE TABLE `review_store` (
  `review_id` bigint(20) unsigned NOT NULL COMMENT 'Review ID',
  `store_id` smallint(5) unsigned NOT NULL COMMENT 'Store ID',
  PRIMARY KEY (`review_id`,`store_id`),
  KEY `REVIEW_STORE_STORE_ID` (`store_id`),
  CONSTRAINT `REVIEW_STORE_REVIEW_ID_REVIEW_REVIEW_ID` FOREIGN KEY (`review_id`) REFERENCES `review` (`review_id`) ON DELETE CASCADE,
  CONSTRAINT `REVIEW_STORE_STORE_ID_STORE_STORE_ID` FOREIGN KEY (`store_id`) REFERENCES `store` (`store_id`) ON DELETE CASCADE
) ENGINE=InnoDB DEFAULT CHARSET=utf8 COMMENT='Review Store';

--
-- Dumping data for table `review_store`
--

INSERT INTO `review_store` VALUES (13,0),(21,0),(46,0),(297,0),(301,0),(304,0),(308,0),(311,0),(313,0),(316,0),(318,0),(321,0),(323,0),(324,0),(326,0),(328,0),(331,0),(334,0),(335,0),(337,0),(339,0),(342,0),(345,0),(347,0),(348,0),(350,0),(352,0),(355,0),(358,0),(360,0),(361,0),(363,0),(365,0),(367,0),(369,0),(372,0),(373,0),(374,0),(376,0),(378,0),(380,0),(384,0),(385,0),(387,0),(389,0),(391,0),(392,0),(394,0),(397,0),(399,0),(400,0),(402,0),(404,0),(406,0),(407,0),(410,0),(412,0),(414,0),(416,0),(417,0),(419,0),(421,0),(422,0),(425,0),(427,0),(429,0),(431,0),(432,0),(434,0),(436,0),(438,0),(440,0),(442,0),(444,0),(446,0),(447,0),(449,0),(451,0),(452,0),(455,0),(457,0),(458,0),(460,0),(462,0),(465,0),(466,0),(469,0),(471,0),(473,0),(476,0),(479,0),(480,0),(484,0),(486,0),(489,0),(490,0),(494,0),(495,0),(497,0),(500,0),(501,0),(505,0),(506,0),(508,0),(510,0),(512,0),(515,0),(517,0),(519,0),(521,0),(525,0),(527,0),(529,0),(533,0),(535,0),(537,0),(541,0),(543,0),(545,0),(549,0),(551,0),(553,0),(557,0),(558,0),(560,0),(563,0),(565,0),(566,0),(568,0),(571,0),(573,0),(574,0),(575,0),(578,0),(580,0),(581,0),(584,0),(586,0),(587,0),(590,0),(592,0),(593,0),(596,0),(598,0),(599,0),(602,0),(604,0),(605,0),(607,0),(609,0),(611,0),(612,0),(614,0),(616,0),(618,0),(619,0),(621,0),(623,0),(625,0),(626,0),(629,0),(631,0),(633,0),(634,0),(637,0),(639,0),(641,0),(642,0),(645,0),(647,0),(649,0),(650,0),(652,0),(654,0),(657,0),(658,0),(661,0),(662,0),(665,0),(666,0),(669,0),(671,0),(673,0),(674,0),(677,0),(679,0),(681,0),(682,0),(684,0),(688,0),(689,0),(692,0),(695,0),(696,0),(699,0),(701,0),(702,0),(706,0),(707,0),(710,0),(712,0),(715,0),(717,0),(720,0),(722,0),(725,0),(727,0),(730,0),(731,0),(735,0),(736,0),(740,0),(741,0),(744,0),(745,0),(748,0),(749,0),(752,0),(753,0),(756,0),(759,0),(762,0),(765,0),(768,0),(771,0),(774,0),(777,0),(780,0),(782,0),(784,0),(786,0),(788,0),(790,0),(792,0),(794,0),(797,0),(800,0),(803,0),(806,0),(809,0),(827,0),(830,0),(833,0),(836,0),(839,0),(842,0),(845,0),(848,0),(851,0),(854,0),(857,0),(862,0),(867,0),(873,0),(879,0),(886,0),(893,0),(901,0),(911,0),(919,0),(927,0),(937,0),(947,0),(956,0),(965,0),(974,0),(983,0),(991,0),(998,0),(1005,0),(1011,0),(1017,0),(1023,0),(1029,0),(1036,0),(1043,0),(1050,0),(1057,0),(1064,0),(1073,0),(1083,0),(1093,0),(1100,0),(1109,0),(1119,0),(1129,0),(1140,0),(1152,0),(1164,0),(1175,0),(1186,0),(1194,0),(1203,0),(1210,0),(1218,0),(1224,0),(1232,0),(1239,0),(1245,0),(1251,0),(1256,0),(1263,0),(1269,0),(1276,0),(1282,0),(1288,0),(1294,0),(1300,0),(1306,0),(1311,0),(1317,0),(1322,0),(1329,0),(1336,0),(1343,0),(1349,0),(1358,0),(1369,0),(1380,0),(1392,0),(1405,0),(1417,0),(1430,0),(1441,0),(1452,0),(1462,0),(13,1),(21,1),(46,1),(297,1),(301,1),(304,1),(308,1),(311,1),(313,1),(316,1),(318,1),(321,1),(323,1),(324,1),(326,1),(328,1),(331,1),(334,1),(335,1),(337,1),(339,1),(342,1),(345,1),(347,1),(348,1),(350,1),(352,1),(355,1),(358,1),(360,1),(361,1),(363,1),(365,1),(367,1),(369,1),(372,1),(373,1),(374,1),(376,1),(378,1),(380,1),(384,1),(385,1),(387,1),(389,1),(391,1),(392,1),(394,1),(397,1),(399,1),(400,1),(402,1),(404,1),(406,1),(407,1),(410,1),(412,1),(414,1),(416,1),(417,1),(419,1),(421,1),(422,1),(425,1),(427,1),(429,1),(431,1),(432,1),(434,1),(436,1),(438,1),(440,1),(442,1),(444,1),(446,1),(447,1),(449,1),(451,1),(452,1),(455,1),(457,1),(458,1),(460,1),(462,1),(465,1),(466,1),(469,1),(471,1),(473,1),(476,1),(479,1),(480,1),(484,1),(486,1),(489,1),(490,1),(494,1),(495,1),(497,1),(500,1),(501,1),(505,1),(506,1),(508,1),(510,1),(512,1),(515,1),(517,1),(519,1),(521,1),(525,1),(527,1),(529,1),(533,1),(535,1),(537,1),(541,1),(543,1),(545,1),(549,1),(551,1),(553,1),(557,1),(558,1),(560,1),(563,1),(565,1),(566,1),(568,1),(571,1),(573,1),(574,1),(575,1),(578,1),(580,1),(581,1),(584,1),(586,1),(587,1),(590,1),(592,1),(593,1),(596,1),(598,1),(599,1),(602,1),(604,1),(605,1),(607,1),(609,1),(611,1),(612,1),(614,1),(616,1),(618,1),(619,1),(621,1),(623,1),(625,1),(626,1),(629,1),(631,1),(633,1),(634,1),(637,1),(639,1),(641,1),(642,1),(645,1),(647,1),(649,1),(650,1),(652,1),(654,1),(657,1),(658,1),(661,1),(662,1),(665,1),(666,1),(669,1),(671,1),(673,1),(674,1),(677,1),(679,1),(681,1),(682,1),(684,1),(688,1),(689,1),(692,1),(695,1),(696,1),(699,1),(701,1),(702,1),(706,1),(707,1),(710,1),(712,1),(715,1),(717,1),(720,1),(722,1),(725,1),(727,1),(730,1),(731,1),(735,1),(736,1),(740,1),(741,1),(744,1),(745,1),(748,1),(749,1),(752,1),(753,1),(756,1),(759,1),(762,1),(765,1),(768,1),(771,1),(774,1),(777,1),(780,1),(782,1),(784,1),(786,1),(788,1),(790,1),(792,1),(794,1),(797,1),(800,1),(803,1),(806,1),(809,1),(827,1),(830,1),(833,1),(836,1),(839,1),(842,1),(845,1),(848,1),(851,1),(854,1),(857,1),(862,1),(867,1),(873,1),(879,1),(886,1),(893,1),(901,1),(911,1),(919,1),(927,1),(937,1),(947,1),(956,1),(965,1),(974,1),(983,1),(991,1),(998,1),(1005,1),(1011,1),(1017,1),(1023,1),(1029,1),(1036,1),(1043,1),(1050,1),(1057,1),(1064,1),(1073,1),(1083,1),(1093,1),(1100,1),(1109,1),(1119,1),(1129,1),(1140,1),(1152,1),(1164,1),(1175,1),(1186,1),(1194,1),(1203,1),(1210,1),(1218,1),(1224,1),(1232,1),(1239,1),(1245,1),(1251,1),(1256,1),(1263,1),(1269,1),(1276,1),(1282,1),(1288,1),(1294,1),(1300,1),(1306,1),(1311,1),(1317,1),(1322,1),(1329,1),(1336,1),(1343,1),(1349,1),(1358,1),(1369,1),(1380,1),(1392,1),(1405,1),(1417,1),(1430,1),(1441,1),(1452,1),(1462,1),(13,2),(21,2),(13,3),(21,3),(13,4),(21,4),(13,5),(21,5),(13,6),(21,6),(13,7),(21,7),(13,8),(21,8),(13,9),(21,9),(13,10),(21,10),(13,11),(21,11),(13,12),(21,12),(13,13),(21,13),(13,14),(21,14),(13,15),(21,15),(13,16),(21,16),(13,17),(21,17),(13,18),(21,18),(13,19),(21,19),(13,20),(21,20);

--
