-- Table structure for table `catalog_product_entity_varchar`
--

CREATE TABLE `catalog_product_entity_varchar` (
  `value_id` int(11) NOT NULL AUTO_INCREMENT COMMENT 'Value ID',
  `attribute_id` smallint(5) unsigned NOT NULL DEFAULT '0' COMMENT 'Attribute ID',
  `store_id` smallint(5) unsigned NOT NULL DEFAULT '0' COMMENT 'Store ID',
  `entity_id` int(10) unsigned NOT NULL DEFAULT '0' COMMENT 'Entity ID',
  `value` varchar(255) DEFAULT NULL COMMENT 'Value',
  PRIMARY KEY (`value_id`),
  UNIQUE KEY `CATALOG_PRODUCT_ENTITY_VARCHAR_ENTITY_ID_ATTRIBUTE_ID_STORE_ID` (`entity_id`,`attribute_id`,`store_id`),
  KEY `CATALOG_PRODUCT_ENTITY_VARCHAR_ATTRIBUTE_ID` (`attribute_id`),
  KEY `CATALOG_PRODUCT_ENTITY_VARCHAR_STORE_ID` (`store_id`),
  CONSTRAINT `CATALOG_PRODUCT_ENTITY_VARCHAR_STORE_ID_STORE_STORE_ID` FOREIGN KEY (`store_id`) REFERENCES `store` (`store_id`) ON DELETE CASCADE,
  CONSTRAINT `CAT_PRD_ENTT_VCHR_ATTR_ID_EAV_ATTR_ATTR_ID` FOREIGN KEY (`attribute_id`) REFERENCES `eav_attribute` (`attribute_id`) ON DELETE CASCADE,
  CONSTRAINT `CAT_PRD_ENTT_VCHR_ENTT_ID_CAT_PRD_ENTT_ENTT_ID` FOREIGN KEY (`entity_id`) REFERENCES `catalog_product_entity` (`entity_id`) ON DELETE CASCADE
) ENGINE=InnoDB AUTO_INCREMENT=403 DEFAULT CHARSET=utf8 COMMENT='Catalog Product Varchar Attribute Backend Table';

--
-- Dumping data for table `catalog_product_entity_varchar`
--

INSERT INTO `catalog_product_entity_varchar` VALUES (1,73,0,1,'Women Blouse'),(2,84,0,1,'Women Blouse'),(3,86,0,1,'Women Blouse Lorem ipsum dolor sit amet, consectetur adipiscing elit, sed do eiusmod tempor incididunt ut labore et dolore magna aliqua. Ut enim ad minim veniam, quis nostrud exercitation ullamco laboris nisi ut aliquip ex ea commodo consequat. Duis aute '),(4,106,0,1,'container2'),(5,119,0,1,'women-blouse'),(6,134,0,1,'2'),(7,73,0,2,'Fashion Dress'),(8,84,0,2,'Women Blouse'),(9,86,0,2,'Women Blouse Lorem ipsum dolor sit amet, consectetur adipiscing elit, sed do eiusmod tempor incididunt ut labore et dolore magna aliqua. Ut enim ad minim veniam, quis nostrud exercitation ullamco laboris nisi ut aliquip ex ea commodo consequat. Duis aute '),(10,106,0,2,'container2'),(11,119,0,2,'women-blouse-1'),(12,134,0,2,'2'),(14,73,0,3,'Blue Denim Jeans'),(15,84,0,3,'Women Blouse'),(16,86,0,3,'Women Blouse Lorem ipsum dolor sit amet, consectetur adipiscing elit, sed do eiusmod tempor incididunt ut labore et dolore magna aliqua. Ut enim ad minim veniam, quis nostrud exercitation ullamco laboris nisi ut aliquip ex ea commodo consequat. Duis aute '),(17,106,0,3,'container2'),(18,119,0,3,'women-blouse-2'),(19,134,0,3,'2'),(21,73,0,4,'Sheri Collar Shirt'),(22,84,0,4,'Women Blouse'),(23,86,0,4,'Women Blouse Lorem ipsum dolor sit amet, consectetur adipiscing elit, sed do eiusmod tempor incididunt ut labore et dolore magna aliqua. Ut enim ad minim veniam, quis nostrud exercitation ullamco laboris nisi ut aliquip ex ea commodo consequat. Duis aute '),(24,106,0,4,'container2'),(25,119,0,4,'women-blouse-3'),(26,134,0,4,'2'),(28,73,0,5,'Fashion Jacket'),(29,84,0,5,'Women Blouse'),(30,86,0,5,'Women Blouse Lorem ipsum dolor sit amet, consectetur adipiscing elit, sed do eiusmod tempor incididunt ut labore et dolore magna aliqua. Ut enim ad minim veniam, quis nostrud exercitation ullamco laboris nisi ut aliquip ex ea commodo consequat. Duis aute '),(31,106,0,5,'container2'),(32,119,0,5,'women-blouse-4'),(33,134,0,5,'2'),(35,73,0,6,'Sample Product'),(36,84,0,6,'Women Blouse'),(37,86,0,6,'Women Blouse Lorem ipsum dolor sit amet, consectetur adipiscing elit, sed do eiusmod tempor incididunt ut labore et dolore magna aliqua. Ut enim ad minim veniam, quis nostrud exercitation ullamco laboris nisi ut aliquip ex ea commodo consequat. Duis aute '),(38,106,0,6,'container2'),(39,119,0,6,'women-blouse-5'),(40,134,0,6,'2'),(42,73,0,7,'Elizabeth Kint Top'),(43,84,0,7,'Women Blouse'),(44,86,0,7,'Women Blouse Lorem ipsum dolor sit amet, consectetur adipiscing elit, sed do eiusmod tempor incididunt ut labore et dolore magna aliqua. Ut enim ad minim veniam, quis nostrud exercitation ullamco laboris nisi ut aliquip ex ea commodo consequat. Duis aute '),(45,106,0,7,'container2'),(46,119,0,7,'women-blouse-6'),(47,134,0,7,'2'),(49,73,0,8,'Pink Shirt'),(50,84,0,8,'Women Blouse'),(51,86,0,8,'Women Blouse Lorem ipsum dolor sit amet, consectetur adipiscing elit, sed do eiusmod tempor incididunt ut labore et dolore magna aliqua. Ut enim ad minim veniam, quis nostrud exercitation ullamco laboris nisi ut aliquip ex ea commodo consequat. Duis aute '),(52,106,0,8,'container2'),(53,119,0,8,'women-blouse-7'),(54,134,0,8,'2'),(56,73,0,9,'Sample Fashion'),(57,84,0,9,'Women Blouse'),(58,86,0,9,'Women Blouse Lorem ipsum dolor sit amet, consectetur adipiscing elit, sed do eiusmod tempor incididunt ut labore et dolore magna aliqua. Ut enim ad minim veniam, quis nostrud exercitation ullamco laboris nisi ut aliquip ex ea commodo consequat. Duis aute '),(59,106,0,9,'container2'),(60,119,0,9,'women-blouse-8'),(61,134,0,9,'2'),(63,73,0,10,'Sample Configurable-White'),(64,84,0,10,'Sample Configurable'),(65,86,0,10,'Sample Configurable '),(66,106,0,10,'container2'),(67,119,0,10,'sample-configurable-white'),(68,134,0,10,'0'),(69,73,0,11,'Sample Configurable-Black'),(70,84,0,11,'Sample Configurable'),(71,86,0,11,'Sample Configurable '),(72,106,0,11,'container2'),(73,119,0,11,'sample-configurable-black'),(74,134,0,11,'0'),(75,73,0,12,'Sample Configurable-Red'),(76,84,0,12,'Sample Configurable'),(77,86,0,12,'Sample Configurable '),(78,106,0,12,'container2'),(79,119,0,12,'sample-configurable-red'),(80,134,0,12,'0'),(81,73,0,13,'Sample Configurable-Blue'),(82,84,0,13,'Sample Configurable'),(83,86,0,13,'Sample Configurable '),(84,106,0,13,'container2'),(85,119,0,13,'sample-configurable-blue'),(86,134,0,13,'0'),(87,73,0,14,'Sample Configurable-Green'),(88,84,0,14,'Sample Configurable'),(89,86,0,14,'Sample Configurable '),(90,106,0,14,'container2'),(91,119,0,14,'sample-configurable-green'),(92,134,0,14,'0'),(93,73,0,15,'Sample Configurable'),(94,84,0,15,'Sample Configurable'),(95,86,0,15,'Sample Configurable '),(96,106,0,15,'container2'),(97,119,0,15,'sample-configurable'),(98,134,0,15,'2'),(99,100,0,1,NULL),(100,155,0,1,'default'),(101,156,0,1,'0'),(102,73,0,16,'Extend Type Product-Red-Small'),(103,84,0,16,'Extend Type Product'),(104,86,0,16,'Extend Type Product Lorem ipsum dolor sit amet, consectetur adipiscing elit, sed do eiusmod tempor incididunt ut labore et dolore magna aliqua. Ut enim ad minim veniam, quis nostrud exercitation ullamco laboris nisi ut aliquip ex ea commodo consequat. Dui'),(105,104,0,16,'1column'),(106,106,0,16,'container2'),(107,119,0,16,'extend-type-product-red-small'),(108,134,0,16,'0'),(109,155,0,16,'carousel'),(110,156,0,16,'0'),(111,73,0,17,'Extend Type Product-Red-Medium'),(112,84,0,17,'Extend Type Product'),(113,86,0,17,'Extend Type Product Lorem ipsum dolor sit amet, consectetur adipiscing elit, sed do eiusmod tempor incididunt ut labore et dolore magna aliqua. Ut enim ad minim veniam, quis nostrud exercitation ullamco laboris nisi ut aliquip ex ea commodo consequat. Dui'),(114,104,0,17,'1column'),(115,106,0,17,'container2'),(116,119,0,17,'extend-type-product-red-medium'),(117,134,0,17,'0'),(118,155,0,17,'carousel'),(119,156,0,17,'0'),(120,73,0,18,'Extend Type Product-Red-Large'),(121,84,0,18,'Extend Type Product'),(122,86,0,18,'Extend Type Product Lorem ipsum dolor sit amet, consectetur adipiscing elit, sed do eiusmod tempor incididunt ut labore et dolore magna aliqua. Ut enim ad minim veniam, quis nostrud exercitation ullamco laboris nisi ut aliquip ex ea commodo consequat. Dui'),(123,104,0,18,'1column'),(124,106,0,18,'container2'),(125,119,0,18,'extend-type-product-red-large'),(126,134,0,18,'0'),(127,155,0,18,'carousel'),(128,156,0,18,'0'),(129,73,0,19,'Extend Type Product-Red-Extra Large'),(130,84,0,19,'Extend Type Product'),(131,86,0,19,'Extend Type Product Lorem ipsum dolor sit amet, consectetur adipiscing elit, sed do eiusmod tempor incididunt ut labore et dolore magna aliqua. Ut enim ad minim veniam, quis nostrud exercitation ullamco laboris nisi ut aliquip ex ea commodo consequat. Dui'),(132,104,0,19,'1column'),(133,106,0,19,'container2'),(134,119,0,19,'extend-type-product-red-extra-large'),(135,134,0,19,'0'),(136,155,0,19,'carousel'),(137,156,0,19,'0'),(138,73,0,20,'Extend Type Product-Blue-Small'),(139,84,0,20,'Extend Type Product'),(140,86,0,20,'Extend Type Product Lorem ipsum dolor sit amet, consectetur adipiscing elit, sed do eiusmod tempor incididunt ut labore et dolore magna aliqua. Ut enim ad minim veniam, quis nostrud exercitation ullamco laboris nisi ut aliquip ex ea commodo consequat. Dui'),(141,104,0,20,'1column'),(142,106,0,20,'container2'),(143,119,0,20,'extend-type-product-blue-small'),(144,134,0,20,'0'),(145,155,0,20,'carousel'),(146,156,0,20,'0'),(147,73,0,21,'Extend Type Product-Blue-Medium'),(148,84,0,21,'Extend Type Product'),(149,86,0,21,'Extend Type Product Lorem ipsum dolor sit amet, consectetur adipiscing elit, sed do eiusmod tempor incididunt ut labore et dolore magna aliqua. Ut enim ad minim veniam, quis nostrud exercitation ullamco laboris nisi ut aliquip ex ea commodo consequat. Dui'),(150,104,0,21,'1column'),(151,106,0,21,'container2'),(152,119,0,21,'extend-type-product-blue-medium'),(153,134,0,21,'0'),(154,155,0,21,'carousel'),(155,156,0,21,'0'),(156,73,0,22,'Extend Type Product-Blue-Large'),(157,84,0,22,'Extend Type Product'),(158,86,0,22,'Extend Type Product Lorem ipsum dolor sit amet, consectetur adipiscing elit, sed do eiusmod tempor incididunt ut labore et dolore magna aliqua. Ut enim ad minim veniam, quis nostrud exercitation ullamco laboris nisi ut aliquip ex ea commodo consequat. Dui'),(159,104,0,22,'1column'),(160,106,0,22,'container2'),(161,119,0,22,'extend-type-product-blue-large'),(162,134,0,22,'0'),(163,155,0,22,'carousel'),(164,156,0,22,'0'),(165,73,0,23,'Extend Type Product-Blue-Extra Large'),(166,84,0,23,'Extend Type Product'),(167,86,0,23,'Extend Type Product Lorem ipsum dolor sit amet, consectetur adipiscing elit, sed do eiusmod tempor incididunt ut labore et dolore magna aliqua. Ut enim ad minim veniam, quis nostrud exercitation ullamco laboris nisi ut aliquip ex ea commodo consequat. Dui'),(168,104,0,23,'1column'),(169,106,0,23,'container2'),(170,119,0,23,'extend-type-product-blue-extra-large'),(171,134,0,23,'0'),(172,155,0,23,'carousel'),(173,156,0,23,'0'),(174,73,0,24,'Extend Type Product-Green-Small'),(175,84,0,24,'Extend Type Product'),(176,86,0,24,'Extend Type Product Lorem ipsum dolor sit amet, consectetur adipiscing elit, sed do eiusmod tempor incididunt ut labore et dolore magna aliqua. Ut enim ad minim veniam, quis nostrud exercitation ullamco laboris nisi ut aliquip ex ea commodo consequat. Dui'),(177,104,0,24,'1column'),(178,106,0,24,'container2'),(179,119,0,24,'extend-type-product-green-small'),(180,134,0,24,'0'),(181,155,0,24,'carousel'),(182,156,0,24,'0'),(183,73,0,25,'Extend Type Product-Green-Medium'),(184,84,0,25,'Extend Type Product'),(185,86,0,25,'Extend Type Product Lorem ipsum dolor sit amet, consectetur adipiscing elit, sed do eiusmod tempor incididunt ut labore et dolore magna aliqua. Ut enim ad minim veniam, quis nostrud exercitation ullamco laboris nisi ut aliquip ex ea commodo consequat. Dui'),(186,104,0,25,'1column'),(187,106,0,25,'container2'),(188,119,0,25,'extend-type-product-green-medium'),(189,134,0,25,'0'),(190,155,0,25,'carousel'),(191,156,0,25,'0'),(192,73,0,26,'Extend Type Product-Green-Large'),(193,84,0,26,'Extend Type Product'),(194,86,0,26,'Extend Type Product Lorem ipsum dolor sit amet, consectetur adipiscing elit, sed do eiusmod tempor incididunt ut labore et dolore magna aliqua. Ut enim ad minim veniam, quis nostrud exercitation ullamco laboris nisi ut aliquip ex ea commodo consequat. Dui'),(195,104,0,26,'1column'),(196,106,0,26,'container2'),(197,119,0,26,'extend-type-product-green-large'),(198,134,0,26,'0'),(199,155,0,26,'carousel'),(200,156,0,26,'0'),(201,73,0,27,'Extend Type Product-Green-Extra Large'),(202,84,0,27,'Extend Type Product'),(203,86,0,27,'Extend Type Product Lorem ipsum dolor sit amet, consectetur adipiscing elit, sed do eiusmod tempor incididunt ut labore et dolore magna aliqua. Ut enim ad minim veniam, quis nostrud exercitation ullamco laboris nisi ut aliquip ex ea commodo consequat. Dui'),(204,104,0,27,'1column'),(205,106,0,27,'container2'),(206,119,0,27,'extend-type-product-green-extra-large'),(207,134,0,27,'0'),(208,155,0,27,'carousel'),(209,156,0,27,'0'),(210,73,0,28,'Extend Type Product-Black-Small'),(211,84,0,28,'Extend Type Product'),(212,86,0,28,'Extend Type Product Lorem ipsum dolor sit amet, consectetur adipiscing elit, sed do eiusmod tempor incididunt ut labore et dolore magna aliqua. Ut enim ad minim veniam, quis nostrud exercitation ullamco laboris nisi ut aliquip ex ea commodo consequat. Dui'),(213,104,0,28,'1column'),(214,106,0,28,'container2'),(215,119,0,28,'extend-type-product-black-small'),(216,134,0,28,'0'),(217,155,0,28,'carousel'),(218,156,0,28,'0'),(219,73,0,29,'Extend Type Product-Black-Medium'),(220,84,0,29,'Extend Type Product'),(221,86,0,29,'Extend Type Product Lorem ipsum dolor sit amet, consectetur adipiscing elit, sed do eiusmod tempor incididunt ut labore et dolore magna aliqua. Ut enim ad minim veniam, quis nostrud exercitation ullamco laboris nisi ut aliquip ex ea commodo consequat. Dui'),(222,104,0,29,'1column'),(223,106,0,29,'container2'),(224,119,0,29,'extend-type-product-black-medium'),(225,134,0,29,'0'),(226,155,0,29,'carousel'),(227,156,0,29,'0'),(228,73,0,30,'Extend Type Product-Black-Large'),(229,84,0,30,'Extend Type Product'),(230,86,0,30,'Extend Type Product Lorem ipsum dolor sit amet, consectetur adipiscing elit, sed do eiusmod tempor incididunt ut labore et dolore magna aliqua. Ut enim ad minim veniam, quis nostrud exercitation ullamco laboris nisi ut aliquip ex ea commodo consequat. Dui'),(231,104,0,30,'1column'),(232,106,0,30,'container2'),(233,119,0,30,'extend-type-product-black-large'),(234,134,0,30,'0'),(235,155,0,30,'carousel'),(236,156,0,30,'0'),(237,73,0,31,'Extend Type Product-Black-Extra Large'),(238,84,0,31,'Extend Type Product'),(239,86,0,31,'Extend Type Product Lorem ipsum dolor sit amet, consectetur adipiscing elit, sed do eiusmod tempor incididunt ut labore et dolore magna aliqua. Ut enim ad minim veniam, quis nostrud exercitation ullamco laboris nisi ut aliquip ex ea commodo consequat. Dui'),(240,104,0,31,'1column'),(241,106,0,31,'container2'),(242,119,0,31,'extend-type-product-black-extra-large'),(243,134,0,31,'0'),(244,155,0,31,'carousel'),(245,156,0,31,'0'),(246,73,0,32,'Extend Type Product'),(247,84,0,32,'Extend Type Product'),(248,86,0,32,'Extend Type Product Lorem ipsum dolor sit amet, consectetur adipiscing elit, sed do eiusmod tempor incididunt ut labore et dolore magna aliqua. Ut enim ad minim veniam, quis nostrud exercitation ullamco laboris nisi ut aliquip ex ea commodo consequat. Dui'),(249,87,0,32,'//s/a/sample.jpg'),(250,88,0,32,'//s/a/sample.jpg'),(251,89,0,32,'//s/a/sample.jpg'),(252,104,0,32,'1column'),(253,106,0,32,'container2'),(254,119,0,32,'extend-type-product'),(255,134,0,32,'2'),(256,155,0,32,'carousel'),(257,156,0,32,'0'),(264,73,0,33,'Fullwidth Type Product'),(267,87,0,33,'//s/a/sample_4.jpg'),(268,88,0,33,'//s/a/sample_4.jpg'),(269,89,0,33,'//s/a/sample_4.jpg'),(270,104,0,33,'1column'),(271,106,0,33,'container2'),(272,119,0,33,'fullwidth-type-product'),(273,134,0,33,'2'),(274,155,0,33,'fullwidth'),(275,156,0,33,'6'),(289,84,0,33,'Fullwidth Type Product'),(290,86,0,33,'Fullwidth Type Product'),(297,73,0,34,'Grid Type Product'),(298,84,0,34,'Grid Type Product'),(299,86,0,34,'Grid Type Product'),(300,87,0,34,'//s/a/sample_4_1.jpg'),(301,88,0,34,'//s/a/sample_4_1.jpg'),(302,89,0,34,'//s/a/sample_4_1.jpg'),(303,104,0,34,'1column'),(304,106,0,34,'container2'),(305,119,0,34,'grid-type-product'),(306,134,0,34,'2'),(307,155,0,34,'grid'),(308,156,0,34,'8'),(319,73,0,35,'Right Info Sticky Product'),(320,84,0,35,'Right Info Sticky Product'),(321,86,0,35,'Right Info Sticky Product'),(322,87,0,35,'//s/a/sample_4_1_1.jpg'),(323,88,0,35,'//s/a/sample_4_1_1.jpg'),(324,89,0,35,'//s/a/sample_4_1_1.jpg'),(325,104,0,35,'1column'),(326,106,0,35,'container2'),(327,119,0,35,'right-info-sticky-product'),(328,134,0,35,'2'),(329,155,0,35,'sticky_right'),(330,156,0,35,'6'),(341,73,0,36,'Vertical Layout Product'),(342,84,0,36,'Vertical Layout Product'),(343,86,0,36,'Vertical Layout Product'),(344,87,0,36,'//s/a/sample1_4.jpg'),(345,88,0,36,'//s/a/sample1_4.jpg'),(346,89,0,36,'//s/a/sample1_4.jpg'),(347,104,0,36,'1column'),(348,106,0,36,'container2'),(349,119,0,36,'vertical-layout-product'),(350,134,0,36,'2'),(351,155,0,36,'wide_grid'),(352,156,0,36,'6'),(357,73,0,37,'Vertical Layout Product-Black'),(358,84,0,37,'Vertical Layout Product'),(359,86,0,37,'Vertical Layout Product'),(360,104,0,37,'1column'),(361,106,0,37,'container2'),(362,119,0,37,'vertical-layout-product-black'),(363,134,0,37,'0'),(364,155,0,37,'wide_grid'),(365,156,0,37,'6'),(366,73,0,38,'Vertical Layout Product-Red'),(367,84,0,38,'Vertical Layout Product'),(368,86,0,38,'Vertical Layout Product'),(369,104,0,38,'1column'),(370,106,0,38,'container2'),(371,119,0,38,'vertical-layout-product-red'),(372,134,0,38,'0'),(373,155,0,38,'wide_grid'),(374,156,0,38,'6'),(375,73,0,39,'Vertical Layout Product-Blue'),(376,84,0,39,'Vertical Layout Product'),(377,86,0,39,'Vertical Layout Product'),(378,104,0,39,'1column'),(379,106,0,39,'container2'),(380,119,0,39,'vertical-layout-product-blue'),(381,134,0,39,'0'),(382,155,0,39,'wide_grid'),(383,156,0,39,'6'),(384,73,0,40,'Vertical Layout Product-Green'),(385,84,0,40,'Vertical Layout Product'),(386,86,0,40,'Vertical Layout Product'),(387,104,0,40,'1column'),(388,106,0,40,'container2'),(389,119,0,40,'vertical-layout-product-green'),(390,134,0,40,'0'),(391,155,0,40,'wide_grid'),(392,156,0,40,'6'),(402,122,0,33,'0');
DELIMITER ;;
/*!50003 CREATE*/ /*!50017 DEFINER=`root`@`localhost`*/ /*!50003 TRIGGER `trg_catalog_product_entity_varchar_after_insert` AFTER INSERT ON `catalog_product_entity_varchar` FOR EACH ROW BEGIN
INSERT IGNORE INTO `scconnector_google_feed_cl` (`entity_id`) VALUES (NEW.`entity_id`);
END */;;
DELIMITER ;
DELIMITER ;;
/*!50003 CREATE*/ /*!50017 DEFINER=`root`@`localhost`*/ /*!50003 TRIGGER `trg_catalog_product_entity_varchar_after_update` AFTER UPDATE ON `catalog_product_entity_varchar` FOR EACH ROW BEGIN
IF (NOT(NEW.`value_id` <=> OLD.`value_id`) OR NOT(NEW.`attribute_id` <=> OLD.`attribute_id`) OR NOT(NEW.`store_id` <=> OLD.`store_id`) OR NOT(NEW.`entity_id` <=> OLD.`entity_id`) OR NOT(NEW.`value` <=> OLD.`value`)) THEN INSERT IGNORE INTO `scconnector_google_feed_cl` (`entity_id`) VALUES (NEW.`entity_id`); END IF;
END */;;
DELIMITER ;
DELIMITER ;;
/*!50003 CREATE*/ /*!50017 DEFINER=`root`@`localhost`*/ /*!50003 TRIGGER `trg_catalog_product_entity_varchar_after_delete` AFTER DELETE ON `catalog_product_entity_varchar` FOR EACH ROW BEGIN
INSERT IGNORE INTO `scconnector_google_feed_cl` (`entity_id`) VALUES (OLD.`entity_id`);
END */;;
DELIMITER ;

--
-- Table structure for table `catalog_product_frontend_action`
--

CREATE TABLE `catalog_product_frontend_action` (
  `action_id` bigint(20) unsigned NOT NULL AUTO_INCREMENT COMMENT 'Product Action ID',
  `type_id` varchar(64) NOT NULL COMMENT 'Type of product action',
  `visitor_id` int(10) unsigned DEFAULT NULL COMMENT 'Visitor ID',
  `customer_id` int(10) unsigned DEFAULT NULL COMMENT 'Customer ID',
  `product_id` int(10) unsigned NOT NULL COMMENT 'Product ID',
  `added_at` bigint(20) NOT NULL COMMENT 'Added At',
  PRIMARY KEY (`action_id`),
  UNIQUE KEY `CATALOG_PRODUCT_FRONTEND_ACTION_VISITOR_ID_PRODUCT_ID_TYPE_ID` (`visitor_id`,`product_id`,`type_id`),
  UNIQUE KEY `CATALOG_PRODUCT_FRONTEND_ACTION_CUSTOMER_ID_PRODUCT_ID_TYPE_ID` (`customer_id`,`product_id`,`type_id`),
  KEY `CAT_PRD_FRONTEND_ACTION_PRD_ID_CAT_PRD_ENTT_ENTT_ID` (`product_id`),
  CONSTRAINT `CAT_PRD_FRONTEND_ACTION_CSTR_ID_CSTR_ENTT_ENTT_ID` FOREIGN KEY (`customer_id`) REFERENCES `customer_entity` (`entity_id`) ON DELETE CASCADE,
  CONSTRAINT `CAT_PRD_FRONTEND_ACTION_PRD_ID_CAT_PRD_ENTT_ENTT_ID` FOREIGN KEY (`product_id`) REFERENCES `catalog_product_entity` (`entity_id`) ON DELETE CASCADE
) ENGINE=InnoDB DEFAULT CHARSET=utf8 COMMENT='Catalog Product Frontend Action Table';

--
-- Dumping data for table `catalog_product_frontend_action`
--


--
-- Table structure for table `catalog_product_index_eav`
--

CREATE TABLE `catalog_product_index_eav` (
  `entity_id` int(10) unsigned NOT NULL COMMENT 'Entity ID',
  `attribute_id` smallint(5) unsigned NOT NULL COMMENT 'Attribute ID',
  `store_id` smallint(5) unsigned NOT NULL COMMENT 'Store ID',
  `value` int(10) unsigned NOT NULL COMMENT 'Value',
  `source_id` int(10) unsigned NOT NULL DEFAULT '0' COMMENT 'Original entity ID for attribute value',
  PRIMARY KEY (`entity_id`,`attribute_id`,`store_id`,`value`,`source_id`),
  KEY `CATALOG_PRODUCT_INDEX_EAV_ATTRIBUTE_ID` (`attribute_id`),
  KEY `CATALOG_PRODUCT_INDEX_EAV_STORE_ID` (`store_id`),
  KEY `CATALOG_PRODUCT_INDEX_EAV_VALUE` (`value`)
) ENGINE=InnoDB DEFAULT CHARSET=utf8 COMMENT='Catalog Product EAV Index Table';

--
-- Dumping data for table `catalog_product_index_eav`
--

INSERT INTO `catalog_product_index_eav` VALUES (15,93,1,4,10),(15,93,1,5,11),(15,93,1,6,12),(15,93,1,7,13),(15,93,1,8,14),(15,93,2,4,10),(15,93,2,5,11),(15,93,2,6,12),(15,93,2,7,13),(15,93,2,8,14),(32,93,1,5,28),(32,93,1,5,29),(32,93,1,5,30),(32,93,1,5,31),(32,93,1,6,16),(32,93,1,6,17),(32,93,1,6,18),(32,93,1,6,19),(32,93,1,7,20),(32,93,1,7,21),(32,93,1,7,22),(32,93,1,7,23),(32,93,1,8,24),(32,93,1,8,25),(32,93,1,8,26),(32,93,1,8,27),(32,93,2,5,28),(32,93,2,5,29),(32,93,2,5,30),(32,93,2,5,31),(32,93,2,6,16),(32,93,2,6,17),(32,93,2,6,18),(32,93,2,6,19),(32,93,2,7,20),(32,93,2,7,21),(32,93,2,7,22),(32,93,2,7,23),(32,93,2,8,24),(32,93,2,8,25),(32,93,2,8,26),(32,93,2,8,27),(33,93,1,5,28),(33,93,1,5,29),(33,93,1,5,30),(33,93,1,5,31),(33,93,1,6,16),(33,93,1,6,17),(33,93,1,6,18),(33,93,1,6,19),(33,93,1,7,20),(33,93,1,7,21),(33,93,1,7,22),(33,93,1,7,23),(33,93,1,8,24),(33,93,1,8,25),(33,93,1,8,26),(33,93,1,8,27),(33,93,2,5,28),(33,93,2,5,29),(33,93,2,5,30),(33,93,2,5,31),(33,93,2,6,16),(33,93,2,6,17),(33,93,2,6,18),(33,93,2,6,19),(33,93,2,7,20),(33,93,2,7,21),(33,93,2,7,22),(33,93,2,7,23),(33,93,2,8,24),(33,93,2,8,25),(33,93,2,8,26),(33,93,2,8,27),(34,93,1,5,28),(34,93,1,5,29),(34,93,1,5,30),(34,93,1,5,31),(34,93,1,6,16),(34,93,1,6,17),(34,93,1,6,18),(34,93,1,6,19),(34,93,1,7,20),(34,93,1,7,21),(34,93,1,7,22),(34,93,1,7,23),(34,93,1,8,24),(34,93,1,8,25),(34,93,1,8,26),(34,93,1,8,27),(34,93,2,5,28),(34,93,2,5,29),(34,93,2,5,30),(34,93,2,5,31),(34,93,2,6,16),(34,93,2,6,17),(34,93,2,6,18),(34,93,2,6,19),(34,93,2,7,20),(34,93,2,7,21),(34,93,2,7,22),(34,93,2,7,23),(34,93,2,8,24),(34,93,2,8,25),(34,93,2,8,26),(34,93,2,8,27),(35,93,1,5,28),(35,93,1,5,29),(35,93,1,5,30),(35,93,1,5,31),(35,93,1,6,16),(35,93,1,6,17),(35,93,1,6,18),(35,93,1,6,19),(35,93,1,7,20),(35,93,1,7,21),(35,93,1,7,22),(35,93,1,7,23),(35,93,1,8,24),(35,93,1,8,25),(35,93,1,8,26),(35,93,1,8,27),(35,93,2,5,28),(35,93,2,5,29),(35,93,2,5,30),(35,93,2,5,31),(35,93,2,6,16),(35,93,2,6,17),(35,93,2,6,18),(35,93,2,6,19),(35,93,2,7,20),(35,93,2,7,21),(35,93,2,7,22),(35,93,2,7,23),(35,93,2,8,24),(35,93,2,8,25),(35,93,2,8,26),(35,93,2,8,27),(36,93,1,5,37),(36,93,1,6,38),(36,93,1,7,39),(36,93,1,8,40),(36,93,2,5,37),(36,93,2,6,38),(36,93,2,7,39),(36,93,2,8,40),(1,99,1,4,1),(1,99,2,4,1),(2,99,1,4,2),(2,99,2,4,2),(3,99,1,4,3),(3,99,2,4,3),(4,99,1,4,4),(4,99,2,4,4),(5,99,1,4,5),(5,99,2,4,5),(6,99,1,4,6),(6,99,2,4,6),(7,99,1,4,7),(7,99,2,4,7),(8,99,1,4,8),(8,99,2,4,8),(9,99,1,4,9),(9,99,2,4,9),(15,99,1,1,10),(15,99,1,1,11),(15,99,1,1,12),(15,99,1,1,13),(15,99,1,1,14),(15,99,1,4,15),(15,99,2,1,10),(15,99,2,1,11),(15,99,2,1,12),(15,99,2,1,13),(15,99,2,1,14),(15,99,2,4,15),(32,99,1,1,16),(32,99,1,1,17),(32,99,1,1,18),(32,99,1,1,19),(32,99,1,1,20),(32,99,1,1,21),(32,99,1,1,22),(32,99,1,1,23),(32,99,1,1,24),(32,99,1,1,25),(32,99,1,1,26),(32,99,1,1,27),(32,99,1,1,28),(32,99,1,1,29),(32,99,1,1,30),(32,99,1,1,31),(32,99,1,4,32),(32,99,2,1,16),(32,99,2,1,17),(32,99,2,1,18),(32,99,2,1,19),(32,99,2,1,20),(32,99,2,1,21),(32,99,2,1,22),(32,99,2,1,23),(32,99,2,1,24),(32,99,2,1,25),(32,99,2,1,26),(32,99,2,1,27),(32,99,2,1,28),(32,99,2,1,29),(32,99,2,1,30),(32,99,2,1,31),(32,99,2,4,32),(33,99,1,1,16),(33,99,1,1,17),(33,99,1,1,18),(33,99,1,1,19),(33,99,1,1,20),(33,99,1,1,21),(33,99,1,1,22),(33,99,1,1,23),(33,99,1,1,24),(33,99,1,1,25),(33,99,1,1,26),(33,99,1,1,27),(33,99,1,1,28),(33,99,1,1,29),(33,99,1,1,30),(33,99,1,1,31),(33,99,1,4,33),(33,99,2,1,16),(33,99,2,1,17),(33,99,2,1,18),(33,99,2,1,19),(33,99,2,1,20),(33,99,2,1,21),(33,99,2,1,22),(33,99,2,1,23),(33,99,2,1,24),(33,99,2,1,25),(33,99,2,1,26),(33,99,2,1,27),(33,99,2,1,28),(33,99,2,1,29),(33,99,2,1,30),(33,99,2,1,31),(33,99,2,4,33),(34,99,1,1,16),(34,99,1,1,17),(34,99,1,1,18),(34,99,1,1,19),(34,99,1,1,20),(34,99,1,1,21),(34,99,1,1,22),(34,99,1,1,23),(34,99,1,1,24),(34,99,1,1,25),(34,99,1,1,26),(34,99,1,1,27),(34,99,1,1,28),(34,99,1,1,29),(34,99,1,1,30),(34,99,1,1,31),(34,99,1,4,34),(34,99,2,1,16),(34,99,2,1,17),(34,99,2,1,18),(34,99,2,1,19),(34,99,2,1,20),(34,99,2,1,21),(34,99,2,1,22),(34,99,2,1,23),(34,99,2,1,24),(34,99,2,1,25),(34,99,2,1,26),(34,99,2,1,27),(34,99,2,1,28),(34,99,2,1,29),(34,99,2,1,30),(34,99,2,1,31),(34,99,2,4,34),(35,99,1,1,16),(35,99,1,1,17),(35,99,1,1,18),(35,99,1,1,19),(35,99,1,1,20),(35,99,1,1,21),(35,99,1,1,22),(35,99,1,1,23),(35,99,1,1,24),(35,99,1,1,25),(35,99,1,1,26),(35,99,1,1,27),(35,99,1,1,28),(35,99,1,1,29),(35,99,1,1,30),(35,99,1,1,31),(35,99,1,4,35),(35,99,2,1,16),(35,99,2,1,17),(35,99,2,1,18),(35,99,2,1,19),(35,99,2,1,20),(35,99,2,1,21),(35,99,2,1,22),(35,99,2,1,23),(35,99,2,1,24),(35,99,2,1,25),(35,99,2,1,26),(35,99,2,1,27),(35,99,2,1,28),(35,99,2,1,29),(35,99,2,1,30),(35,99,2,1,31),(35,99,2,4,35),(36,99,1,1,37),(36,99,1,1,38),(36,99,1,1,39),(36,99,1,1,40),(36,99,1,4,36),(36,99,2,1,37),(36,99,2,1,38),(36,99,2,1,39),(36,99,2,1,40),(36,99,2,4,36),(32,159,1,9,16),(32,159,1,9,20),(32,159,1,9,24),(32,159,1,9,28),(32,159,1,10,17),(32,159,1,10,21),(32,159,1,10,25),(32,159,1,10,29),(32,159,1,11,18),(32,159,1,11,22),(32,159,1,11,26),(32,159,1,11,30),(32,159,1,12,19),(32,159,1,12,23),(32,159,1,12,27),(32,159,1,12,31),(32,159,2,9,16),(32,159,2,9,20),(32,159,2,9,24),(32,159,2,9,28),(32,159,2,10,17),(32,159,2,10,21),(32,159,2,10,25),(32,159,2,10,29),(32,159,2,11,18),(32,159,2,11,22),(32,159,2,11,26),(32,159,2,11,30),(32,159,2,12,19),(32,159,2,12,23),(32,159,2,12,27),(32,159,2,12,31),(33,159,1,9,16),(33,159,1,9,20),(33,159,1,9,24),(33,159,1,9,28),(33,159,1,10,17),(33,159,1,10,21),(33,159,1,10,25),(33,159,1,10,29),(33,159,1,11,18),(33,159,1,11,22),(33,159,1,11,26),(33,159,1,11,30),(33,159,1,12,19),(33,159,1,12,23),(33,159,1,12,27),(33,159,1,12,31),(33,159,2,9,16),(33,159,2,9,20),(33,159,2,9,24),(33,159,2,9,28),(33,159,2,10,17),(33,159,2,10,21),(33,159,2,10,25),(33,159,2,10,29),(33,159,2,11,18),(33,159,2,11,22),(33,159,2,11,26),(33,159,2,11,30),(33,159,2,12,19),(33,159,2,12,23),(33,159,2,12,27),(33,159,2,12,31),(34,159,1,9,16),(34,159,1,9,20),(34,159,1,9,24),(34,159,1,9,28),(34,159,1,10,17),(34,159,1,10,21),(34,159,1,10,25),(34,159,1,10,29),(34,159,1,11,18),(34,159,1,11,22),(34,159,1,11,26),(34,159,1,11,30),(34,159,1,12,19),(34,159,1,12,23),(34,159,1,12,27),(34,159,1,12,31),(34,159,2,9,16),(34,159,2,9,20),(34,159,2,9,24),(34,159,2,9,28),(34,159,2,10,17),(34,159,2,10,21),(34,159,2,10,25),(34,159,2,10,29),(34,159,2,11,18),(34,159,2,11,22),(34,159,2,11,26),(34,159,2,11,30),(34,159,2,12,19),(34,159,2,12,23),(34,159,2,12,27),(34,159,2,12,31),(35,159,1,9,16),(35,159,1,9,20),(35,159,1,9,24),(35,159,1,9,28),(35,159,1,10,17),(35,159,1,10,21),(35,159,1,10,25),(35,159,1,10,29),(35,159,1,11,18),(35,159,1,11,22),(35,159,1,11,26),(35,159,1,11,30),(35,159,1,12,19),(35,159,1,12,23),(35,159,1,12,27),(35,159,1,12,31),(35,159,2,9,16),(35,159,2,9,20),(35,159,2,9,24),(35,159,2,9,28),(35,159,2,10,17),(35,159,2,10,21),(35,159,2,10,25),(35,159,2,10,29),(35,159,2,11,18),(35,159,2,11,22),(35,159,2,11,26),(35,159,2,11,30),(35,159,2,12,19),(35,159,2,12,23),(35,159,2,12,27),(35,159,2,12,31),(36,159,1,9,36),(36,159,1,9,37),(36,159,1,9,38),(36,159,1,9,39),(36,159,1,9,40),(36,159,2,9,36),(36,159,2,9,37),(36,159,2,9,38),(36,159,2,9,39),(36,159,2,9,40);

--
-- Table structure for table `catalog_product_index_eav_decimal`
--

CREATE TABLE `catalog_product_index_eav_decimal` (
  `entity_id` int(10) unsigned NOT NULL COMMENT 'Entity ID',
  `attribute_id` smallint(5) unsigned NOT NULL COMMENT 'Attribute ID',
  `store_id` smallint(5) unsigned NOT NULL COMMENT 'Store ID',
  `value` decimal(12,4) NOT NULL COMMENT 'Value',
  `source_id` int(10) unsigned NOT NULL DEFAULT '0' COMMENT 'Original entity ID for attribute value',
  PRIMARY KEY (`entity_id`,`attribute_id`,`store_id`,`value`,`source_id`),
  KEY `CATALOG_PRODUCT_INDEX_EAV_DECIMAL_ATTRIBUTE_ID` (`attribute_id`),
  KEY `CATALOG_PRODUCT_INDEX_EAV_DECIMAL_STORE_ID` (`store_id`),
  KEY `CATALOG_PRODUCT_INDEX_EAV_DECIMAL_VALUE` (`value`)
) ENGINE=InnoDB DEFAULT CHARSET=utf8 COMMENT='Catalog Product EAV Decimal Index Table';

--
-- Dumping data for table `catalog_product_index_eav_decimal`
--


--
-- Table structure for table `catalog_product_index_eav_decimal_idx`
--

CREATE TABLE `catalog_product_index_eav_decimal_idx` (
  `entity_id` int(10) unsigned NOT NULL COMMENT 'Entity ID',
  `attribute_id` smallint(5) unsigned NOT NULL COMMENT 'Attribute ID',
  `store_id` smallint(5) unsigned NOT NULL COMMENT 'Store ID',
  `value` decimal(12,4) NOT NULL COMMENT 'Value',
  `source_id` int(10) unsigned NOT NULL DEFAULT '0' COMMENT 'Original entity ID for attribute value',
  PRIMARY KEY (`entity_id`,`attribute_id`,`store_id`,`value`,`source_id`),
  KEY `CATALOG_PRODUCT_INDEX_EAV_DECIMAL_IDX_ATTRIBUTE_ID` (`attribute_id`),
  KEY `CATALOG_PRODUCT_INDEX_EAV_DECIMAL_IDX_STORE_ID` (`store_id`),
  KEY `CATALOG_PRODUCT_INDEX_EAV_DECIMAL_IDX_VALUE` (`value`)
) ENGINE=InnoDB DEFAULT CHARSET=utf8 COMMENT='Catalog Product EAV Decimal Indexer Index Table';

--
-- Dumping data for table `catalog_product_index_eav_decimal_idx`
--


--
-- Table structure for table `catalog_product_index_eav_decimal_replica`
--

CREATE TABLE `catalog_product_index_eav_decimal_replica` (
  `entity_id` int(10) unsigned NOT NULL COMMENT 'Entity ID',
  `attribute_id` smallint(5) unsigned NOT NULL COMMENT 'Attribute ID',
  `store_id` smallint(5) unsigned NOT NULL COMMENT 'Store ID',
  `value` decimal(12,4) NOT NULL COMMENT 'Value',
  `source_id` int(10) unsigned NOT NULL DEFAULT '0' COMMENT 'Original entity ID for attribute value',
  PRIMARY KEY (`entity_id`,`attribute_id`,`store_id`,`value`,`source_id`),
  KEY `CATALOG_PRODUCT_INDEX_EAV_DECIMAL_ATTRIBUTE_ID` (`attribute_id`),
  KEY `CATALOG_PRODUCT_INDEX_EAV_DECIMAL_STORE_ID` (`store_id`),
  KEY `CATALOG_PRODUCT_INDEX_EAV_DECIMAL_VALUE` (`value`)
) ENGINE=InnoDB DEFAULT CHARSET=utf8 COMMENT='Catalog Product EAV Decimal Index Table';

--
-- Dumping data for table `catalog_product_index_eav_decimal_replica`
--


--
-- Table structure for table `catalog_product_index_eav_decimal_tmp`
--

CREATE TABLE `catalog_product_index_eav_decimal_tmp` (
  `entity_id` int(10) unsigned NOT NULL COMMENT 'Entity ID',
  `attribute_id` smallint(5) unsigned NOT NULL COMMENT 'Attribute ID',
  `store_id` smallint(5) unsigned NOT NULL COMMENT 'Store ID',
  `value` decimal(12,4) NOT NULL COMMENT 'Value',
  `source_id` int(10) unsigned NOT NULL DEFAULT '0' COMMENT 'Original entity ID for attribute value',
  PRIMARY KEY (`entity_id`,`attribute_id`,`store_id`,`value`,`source_id`),
  KEY `CATALOG_PRODUCT_INDEX_EAV_DECIMAL_TMP_ATTRIBUTE_ID` (`attribute_id`),
  KEY `CATALOG_PRODUCT_INDEX_EAV_DECIMAL_TMP_STORE_ID` (`store_id`),
  KEY `CATALOG_PRODUCT_INDEX_EAV_DECIMAL_TMP_VALUE` (`value`)
) ENGINE=InnoDB DEFAULT CHARSET=utf8 COMMENT='Catalog Product EAV Decimal Indexer Temp Table';

--
-- Dumping data for table `catalog_product_index_eav_decimal_tmp`
--


--
-- Table structure for table `catalog_product_index_eav_idx`
--

CREATE TABLE `catalog_product_index_eav_idx` (
  `entity_id` int(10) unsigned NOT NULL COMMENT 'Entity ID',
  `attribute_id` smallint(5) unsigned NOT NULL COMMENT 'Attribute ID',
  `store_id` smallint(5) unsigned NOT NULL COMMENT 'Store ID',
  `value` int(10) unsigned NOT NULL COMMENT 'Value',
  `source_id` int(10) unsigned NOT NULL DEFAULT '0' COMMENT 'Original entity ID for attribute value',
  PRIMARY KEY (`entity_id`,`attribute_id`,`store_id`,`value`,`source_id`),
  KEY `CATALOG_PRODUCT_INDEX_EAV_IDX_ATTRIBUTE_ID` (`attribute_id`),
  KEY `CATALOG_PRODUCT_INDEX_EAV_IDX_STORE_ID` (`store_id`),
  KEY `CATALOG_PRODUCT_INDEX_EAV_IDX_VALUE` (`value`)
) ENGINE=InnoDB DEFAULT CHARSET=utf8 COMMENT='Catalog Product EAV Indexer Index Table';

--
-- Dumping data for table `catalog_product_index_eav_idx`
--

INSERT INTO `catalog_product_index_eav_idx` VALUES (15,93,1,4,10),(15,93,1,5,11),(15,93,1,6,12),(15,93,1,7,13),(15,93,1,8,14),(15,93,2,4,10),(15,93,2,5,11),(15,93,2,6,12),(15,93,2,7,13),(15,93,2,8,14);

--
-- Table structure for table `catalog_product_index_eav_replica`
--

CREATE TABLE `catalog_product_index_eav_replica` (
  `entity_id` int(10) unsigned NOT NULL COMMENT 'Entity ID',
  `attribute_id` smallint(5) unsigned NOT NULL COMMENT 'Attribute ID',
  `store_id` smallint(5) unsigned NOT NULL COMMENT 'Store ID',
  `value` int(10) unsigned NOT NULL COMMENT 'Value',
  `source_id` int(10) unsigned NOT NULL DEFAULT '0' COMMENT 'Original entity ID for attribute value',
  PRIMARY KEY (`entity_id`,`attribute_id`,`store_id`,`value`,`source_id`),
  KEY `CATALOG_PRODUCT_INDEX_EAV_ATTRIBUTE_ID` (`attribute_id`),
  KEY `CATALOG_PRODUCT_INDEX_EAV_STORE_ID` (`store_id`),
  KEY `CATALOG_PRODUCT_INDEX_EAV_VALUE` (`value`)
) ENGINE=InnoDB DEFAULT CHARSET=utf8 COMMENT='Catalog Product EAV Index Table';

--
-- Dumping data for table `catalog_product_index_eav_replica`
--

INSERT INTO `catalog_product_index_eav_replica` VALUES (15,93,1,4,10),(15,93,1,5,11),(15,93,1,6,12),(15,93,1,7,13),(15,93,1,8,14),(15,93,2,4,10),(15,93,2,5,11),(15,93,2,6,12),(15,93,2,7,13),(15,93,2,8,14),(32,93,1,5,28),(32,93,1,5,29),(32,93,1,5,30),(32,93,1,5,31),(32,93,1,6,16),(32,93,1,6,17),(32,93,1,6,18),(32,93,1,6,19),(32,93,1,7,20),(32,93,1,7,21),(32,93,1,7,22),(32,93,1,7,23),(32,93,1,8,24),(32,93,1,8,25),(32,93,1,8,26),(32,93,1,8,27),(32,93,2,5,28),(32,93,2,5,29),(32,93,2,5,30),(32,93,2,5,31),(32,93,2,6,16),(32,93,2,6,17),(32,93,2,6,18),(32,93,2,6,19),(32,93,2,7,20),(32,93,2,7,21),(32,93,2,7,22),(32,93,2,7,23),(32,93,2,8,24),(32,93,2,8,25),(32,93,2,8,26),(32,93,2,8,27),(33,93,1,5,28),(33,93,1,5,29),(33,93,1,5,30),(33,93,1,5,31),(33,93,1,6,16),(33,93,1,6,17),(33,93,1,6,18),(33,93,1,6,19),(33,93,1,7,20),(33,93,1,7,21),(33,93,1,7,22),(33,93,1,7,23),(33,93,1,8,24),(33,93,1,8,25),(33,93,1,8,26),(33,93,1,8,27),(33,93,2,5,28),(33,93,2,5,29),(33,93,2,5,30),(33,93,2,5,31),(33,93,2,6,16),(33,93,2,6,17),(33,93,2,6,18),(33,93,2,6,19),(33,93,2,7,20),(33,93,2,7,21),(33,93,2,7,22),(33,93,2,7,23),(33,93,2,8,24),(33,93,2,8,25),(33,93,2,8,26),(33,93,2,8,27),(34,93,1,5,28),(34,93,1,5,29),(34,93,1,5,30),(34,93,1,5,31),(34,93,1,6,16),(34,93,1,6,17),(34,93,1,6,18),(34,93,1,6,19),(34,93,1,7,20),(34,93,1,7,21),(34,93,1,7,22),(34,93,1,7,23),(34,93,1,8,24),(34,93,1,8,25),(34,93,1,8,26),(34,93,1,8,27),(34,93,2,5,28),(34,93,2,5,29),(34,93,2,5,30),(34,93,2,5,31),(34,93,2,6,16),(34,93,2,6,17),(34,93,2,6,18),(34,93,2,6,19),(34,93,2,7,20),(34,93,2,7,21),(34,93,2,7,22),(34,93,2,7,23),(34,93,2,8,24),(34,93,2,8,25),(34,93,2,8,26),(34,93,2,8,27),(35,93,1,5,28),(35,93,1,5,29),(35,93,1,5,30),(35,93,1,5,31),(35,93,1,6,16),(35,93,1,6,17),(35,93,1,6,18),(35,93,1,6,19),(35,93,1,7,20),(35,93,1,7,21),(35,93,1,7,22),(35,93,1,7,23),(35,93,1,8,24),(35,93,1,8,25),(35,93,1,8,26),(35,93,1,8,27),(35,93,2,5,28),(35,93,2,5,29),(35,93,2,5,30),(35,93,2,5,31),(35,93,2,6,16),(35,93,2,6,17),(35,93,2,6,18),(35,93,2,6,19),(35,93,2,7,20),(35,93,2,7,21),(35,93,2,7,22),(35,93,2,7,23),(35,93,2,8,24),(35,93,2,8,25),(35,93,2,8,26),(35,93,2,8,27),(36,93,1,5,37),(36,93,1,6,38),(36,93,1,7,39),(36,93,1,8,40),(36,93,2,5,37),(36,93,2,6,38),(36,93,2,7,39),(36,93,2,8,40),(1,99,1,4,1),(1,99,2,4,1),(2,99,1,4,2),(2,99,2,4,2),(3,99,1,4,3),(3,99,2,4,3),(4,99,1,4,4),(4,99,2,4,4),(5,99,1,4,5),(5,99,2,4,5),(6,99,1,4,6),(6,99,2,4,6),(7,99,1,4,7),(7,99,2,4,7),(8,99,1,4,8),(8,99,2,4,8),(9,99,1,4,9),(9,99,2,4,9),(15,99,1,1,10),(15,99,1,1,11),(15,99,1,1,12),(15,99,1,1,13),(15,99,1,1,14),(15,99,1,4,15),(15,99,2,1,10),(15,99,2,1,11),(15,99,2,1,12),(15,99,2,1,13),(15,99,2,1,14),(15,99,2,4,15),(32,99,1,1,16),(32,99,1,1,17),(32,99,1,1,18),(32,99,1,1,19),(32,99,1,1,20),(32,99,1,1,21),(32,99,1,1,22),(32,99,1,1,23),(32,99,1,1,24),(32,99,1,1,25),(32,99,1,1,26),(32,99,1,1,27),(32,99,1,1,28),(32,99,1,1,29),(32,99,1,1,30),(32,99,1,1,31),(32,99,1,4,32),(32,99,2,1,16),(32,99,2,1,17),(32,99,2,1,18),(32,99,2,1,19),(32,99,2,1,20),(32,99,2,1,21),(32,99,2,1,22),(32,99,2,1,23),(32,99,2,1,24),(32,99,2,1,25),(32,99,2,1,26),(32,99,2,1,27),(32,99,2,1,28),(32,99,2,1,29),(32,99,2,1,30),(32,99,2,1,31),(32,99,2,4,32),(33,99,1,1,16),(33,99,1,1,17),(33,99,1,1,18),(33,99,1,1,19),(33,99,1,1,20),(33,99,1,1,21),(33,99,1,1,22),(33,99,1,1,23),(33,99,1,1,24),(33,99,1,1,25),(33,99,1,1,26),(33,99,1,1,27),(33,99,1,1,28),(33,99,1,1,29),(33,99,1,1,30),(33,99,1,1,31),(33,99,1,4,33),(33,99,2,1,16),(33,99,2,1,17),(33,99,2,1,18),(33,99,2,1,19),(33,99,2,1,20),(33,99,2,1,21),(33,99,2,1,22),(33,99,2,1,23),(33,99,2,1,24),(33,99,2,1,25),(33,99,2,1,26),(33,99,2,1,27),(33,99,2,1,28),(33,99,2,1,29),(33,99,2,1,30),(33,99,2,1,31),(33,99,2,4,33),(34,99,1,1,16),(34,99,1,1,17),(34,99,1,1,18),(34,99,1,1,19),(34,99,1,1,20),(34,99,1,1,21),(34,99,1,1,22),(34,99,1,1,23),(34,99,1,1,24),(34,99,1,1,25),(34,99,1,1,26),(34,99,1,1,27),(34,99,1,1,28),(34,99,1,1,29),(34,99,1,1,30),(34,99,1,1,31),(34,99,1,4,34),(34,99,2,1,16),(34,99,2,1,17),(34,99,2,1,18),(34,99,2,1,19),(34,99,2,1,20),(34,99,2,1,21),(34,99,2,1,22),(34,99,2,1,23),(34,99,2,1,24),(34,99,2,1,25),(34,99,2,1,26),(34,99,2,1,27),(34,99,2,1,28),(34,99,2,1,29),(34,99,2,1,30),(34,99,2,1,31),(34,99,2,4,34),(35,99,1,1,16),(35,99,1,1,17),(35,99,1,1,18),(35,99,1,1,19),(35,99,1,1,20),(35,99,1,1,21),(35,99,1,1,22),(35,99,1,1,23),(35,99,1,1,24),(35,99,1,1,25),(35,99,1,1,26),(35,99,1,1,27),(35,99,1,1,28),(35,99,1,1,29),(35,99,1,1,30),(35,99,1,1,31),(35,99,1,4,35),(35,99,2,1,16),(35,99,2,1,17),(35,99,2,1,18),(35,99,2,1,19),(35,99,2,1,20),(35,99,2,1,21),(35,99,2,1,22),(35,99,2,1,23),(35,99,2,1,24),(35,99,2,1,25),(35,99,2,1,26),(35,99,2,1,27),(35,99,2,1,28),(35,99,2,1,29),(35,99,2,1,30),(35,99,2,1,31),(35,99,2,4,35),(36,99,1,1,37),(36,99,1,1,38),(36,99,1,1,39),(36,99,1,1,40),(36,99,1,4,36),(36,99,2,1,37),(36,99,2,1,38),(36,99,2,1,39),(36,99,2,1,40),(36,99,2,4,36),(32,159,1,9,16),(32,159,1,9,20),(32,159,1,9,24),(32,159,1,9,28),(32,159,1,10,17),(32,159,1,10,21),(32,159,1,10,25),(32,159,1,10,29),(32,159,1,11,18),(32,159,1,11,22),(32,159,1,11,26),(32,159,1,11,30),(32,159,1,12,19),(32,159,1,12,23),(32,159,1,12,27),(32,159,1,12,31),(32,159,2,9,16),(32,159,2,9,20),(32,159,2,9,24),(32,159,2,9,28),(32,159,2,10,17),(32,159,2,10,21),(32,159,2,10,25),(32,159,2,10,29),(32,159,2,11,18),(32,159,2,11,22),(32,159,2,11,26),(32,159,2,11,30),(32,159,2,12,19),(32,159,2,12,23),(32,159,2,12,27),(32,159,2,12,31),(33,159,1,9,16),(33,159,1,9,20),(33,159,1,9,24),(33,159,1,9,28),(33,159,1,10,17),(33,159,1,10,21),(33,159,1,10,25),(33,159,1,10,29),(33,159,1,11,18),(33,159,1,11,22),(33,159,1,11,26),(33,159,1,11,30),(33,159,1,12,19),(33,159,1,12,23),(33,159,1,12,27),(33,159,1,12,31),(33,159,2,9,16),(33,159,2,9,20),(33,159,2,9,24),(33,159,2,9,28),(33,159,2,10,17),(33,159,2,10,21),(33,159,2,10,25),(33,159,2,10,29),(33,159,2,11,18),(33,159,2,11,22),(33,159,2,11,26),(33,159,2,11,30),(33,159,2,12,19),(33,159,2,12,23),(33,159,2,12,27),(33,159,2,12,31),(34,159,1,9,16),(34,159,1,9,20),(34,159,1,9,24),(34,159,1,9,28),(34,159,1,10,17),(34,159,1,10,21),(34,159,1,10,25),(34,159,1,10,29),(34,159,1,11,18),(34,159,1,11,22),(34,159,1,11,26),(34,159,1,11,30),(34,159,1,12,19),(34,159,1,12,23),(34,159,1,12,27),(34,159,1,12,31),(34,159,2,9,16),(34,159,2,9,20),(34,159,2,9,24),(34,159,2,9,28),(34,159,2,10,17),(34,159,2,10,21),(34,159,2,10,25),(34,159,2,10,29),(34,159,2,11,18),(34,159,2,11,22),(34,159,2,11,26),(34,159,2,11,30),(34,159,2,12,19),(34,159,2,12,23),(34,159,2,12,27),(34,159,2,12,31),(35,159,1,9,16),(35,159,1,9,20),(35,159,1,9,24),(35,159,1,9,28),(35,159,1,10,17),(35,159,1,10,21),(35,159,1,10,25),(35,159,1,10,29),(35,159,1,11,18),(35,159,1,11,22),(35,159,1,11,26),(35,159,1,11,30),(35,159,1,12,19),(35,159,1,12,23),(35,159,1,12,27),(35,159,1,12,31),(35,159,2,9,16),(35,159,2,9,20),(35,159,2,9,24),(35,159,2,9,28),(35,159,2,10,17),(35,159,2,10,21),(35,159,2,10,25),(35,159,2,10,29),(35,159,2,11,18),(35,159,2,11,22),(35,159,2,11,26),(35,159,2,11,30),(35,159,2,12,19),(35,159,2,12,23),(35,159,2,12,27),(35,159,2,12,31),(36,159,1,9,36),(36,159,1,9,37),(36,159,1,9,38),(36,159,1,9,39),(36,159,1,9,40),(36,159,2,9,36),(36,159,2,9,37),(36,159,2,9,38),(36,159,2,9,39),(36,159,2,9,40);

--
-- Table structure for table `catalog_product_index_eav_tmp`
--

CREATE TABLE `catalog_product_index_eav_tmp` (
  `entity_id` int(10) unsigned NOT NULL COMMENT 'Entity ID',
  `attribute_id` smallint(5) unsigned NOT NULL COMMENT 'Attribute ID',
  `store_id` smallint(5) unsigned NOT NULL COMMENT 'Store ID',
  `value` int(10) unsigned NOT NULL COMMENT 'Value',
  `source_id` int(10) unsigned NOT NULL DEFAULT '0' COMMENT 'Original entity ID for attribute value',
  PRIMARY KEY (`entity_id`,`attribute_id`,`store_id`,`value`,`source_id`),
  KEY `CATALOG_PRODUCT_INDEX_EAV_TMP_ATTRIBUTE_ID` (`attribute_id`),
  KEY `CATALOG_PRODUCT_INDEX_EAV_TMP_STORE_ID` (`store_id`),
  KEY `CATALOG_PRODUCT_INDEX_EAV_TMP_VALUE` (`value`)
) ENGINE=InnoDB DEFAULT CHARSET=utf8 COMMENT='Catalog Product EAV Indexer Temp Table';

--
-- Dumping data for table `catalog_product_index_eav_tmp`
--


--
-- Table structure for table `catalog_product_index_price`
--

CREATE TABLE `catalog_product_index_price` (
  `entity_id` int(10) unsigned NOT NULL COMMENT 'Entity ID',
  `customer_group_id` int(10) unsigned NOT NULL COMMENT 'Customer Group ID',
  `website_id` smallint(5) unsigned NOT NULL COMMENT 'Website ID',
  `tax_class_id` smallint(5) unsigned DEFAULT '0' COMMENT 'Tax Class ID',
  `price` decimal(20,6) DEFAULT NULL COMMENT 'Price',
  `final_price` decimal(20,6) DEFAULT NULL COMMENT 'Final Price',
  `min_price` decimal(20,6) DEFAULT NULL COMMENT 'Min Price',
  `max_price` decimal(20,6) DEFAULT NULL COMMENT 'Max Price',
  `tier_price` decimal(20,6) DEFAULT NULL COMMENT 'Tier Price',
  PRIMARY KEY (`entity_id`,`customer_group_id`,`website_id`),
  KEY `CATALOG_PRODUCT_INDEX_PRICE_CUSTOMER_GROUP_ID` (`customer_group_id`),
  KEY `CATALOG_PRODUCT_INDEX_PRICE_MIN_PRICE` (`min_price`),
  KEY `CAT_PRD_IDX_PRICE_WS_ID_CSTR_GROUP_ID_MIN_PRICE` (`website_id`,`customer_group_id`,`min_price`)
) ENGINE=InnoDB DEFAULT CHARSET=utf8 COMMENT='Catalog Product Price Index Table';

--
-- Dumping data for table `catalog_product_index_price`
--

INSERT INTO `catalog_product_index_price` VALUES (1,0,1,2,70.000000,70.000000,70.000000,70.000000,NULL),(1,1,1,2,70.000000,70.000000,70.000000,70.000000,NULL),(1,2,1,2,70.000000,70.000000,70.000000,70.000000,NULL),(1,3,1,2,70.000000,70.000000,70.000000,70.000000,NULL),(2,0,1,2,90.000000,90.000000,90.000000,90.000000,NULL),(2,1,1,2,90.000000,90.000000,90.000000,90.000000,NULL),(2,2,1,2,90.000000,90.000000,90.000000,90.000000,NULL),(2,3,1,2,90.000000,90.000000,90.000000,90.000000,NULL),(3,0,1,2,200.000000,200.000000,200.000000,200.000000,NULL),(3,1,1,2,200.000000,200.000000,200.000000,200.000000,NULL),(3,2,1,2,200.000000,200.000000,200.000000,200.000000,NULL),(3,3,1,2,200.000000,200.000000,200.000000,200.000000,NULL),(4,0,1,2,70.000000,70.000000,70.000000,70.000000,NULL),(4,1,1,2,70.000000,70.000000,70.000000,70.000000,NULL),(4,2,1,2,70.000000,70.000000,70.000000,70.000000,NULL),(4,3,1,2,70.000000,70.000000,70.000000,70.000000,NULL),(5,0,1,2,33.000000,33.000000,33.000000,33.000000,NULL),(5,1,1,2,33.000000,33.000000,33.000000,33.000000,NULL),(5,2,1,2,33.000000,33.000000,33.000000,33.000000,NULL),(5,3,1,2,33.000000,33.000000,33.000000,33.000000,NULL),(6,0,1,2,70.000000,50.000000,50.000000,50.000000,NULL),(6,1,1,2,70.000000,50.000000,50.000000,50.000000,NULL),(6,2,1,2,70.000000,50.000000,50.000000,50.000000,NULL),(6,3,1,2,70.000000,50.000000,50.000000,50.000000,NULL),(7,0,1,2,220.000000,220.000000,220.000000,220.000000,NULL),(7,1,1,2,220.000000,220.000000,220.000000,220.000000,NULL),(7,2,1,2,220.000000,220.000000,220.000000,220.000000,NULL),(7,3,1,2,220.000000,220.000000,220.000000,220.000000,NULL),(8,0,1,2,90.000000,90.000000,90.000000,90.000000,NULL),(8,1,1,2,90.000000,90.000000,90.000000,90.000000,NULL),(8,2,1,2,90.000000,90.000000,90.000000,90.000000,NULL),(8,3,1,2,90.000000,90.000000,90.000000,90.000000,NULL),(9,0,1,2,90.000000,90.000000,90.000000,90.000000,NULL),(9,1,1,2,90.000000,90.000000,90.000000,90.000000,NULL),(9,2,1,2,90.000000,90.000000,90.000000,90.000000,NULL),(9,3,1,2,90.000000,90.000000,90.000000,90.000000,NULL),(10,0,1,2,120.000000,120.000000,120.000000,120.000000,NULL),(10,1,1,2,120.000000,120.000000,120.000000,120.000000,NULL),(10,2,1,2,120.000000,120.000000,120.000000,120.000000,NULL),(10,3,1,2,120.000000,120.000000,120.000000,120.000000,NULL),(11,0,1,2,120.000000,120.000000,120.000000,120.000000,NULL),(11,1,1,2,120.000000,120.000000,120.000000,120.000000,NULL),(11,2,1,2,120.000000,120.000000,120.000000,120.000000,NULL),(11,3,1,2,120.000000,120.000000,120.000000,120.000000,NULL),(12,0,1,2,120.000000,120.000000,120.000000,120.000000,NULL),(12,1,1,2,120.000000,120.000000,120.000000,120.000000,NULL),(12,2,1,2,120.000000,120.000000,120.000000,120.000000,NULL),(12,3,1,2,120.000000,120.000000,120.000000,120.000000,NULL),(13,0,1,2,120.000000,120.000000,120.000000,120.000000,NULL),(13,1,1,2,120.000000,120.000000,120.000000,120.000000,NULL),(13,2,1,2,120.000000,120.000000,120.000000,120.000000,NULL),(13,3,1,2,120.000000,120.000000,120.000000,120.000000,NULL),(14,0,1,2,120.000000,120.000000,120.000000,120.000000,NULL),(14,1,1,2,120.000000,120.000000,120.000000,120.000000,NULL),(14,2,1,2,120.000000,120.000000,120.000000,120.000000,NULL),(14,3,1,2,120.000000,120.000000,120.000000,120.000000,NULL),(15,0,1,2,120.000000,120.000000,120.000000,120.000000,NULL),(15,1,1,2,120.000000,120.000000,120.000000,120.000000,NULL),(15,2,1,2,120.000000,120.000000,120.000000,120.000000,NULL),(15,3,1,2,120.000000,120.000000,120.000000,120.000000,NULL),(16,0,1,2,101.000000,101.000000,101.000000,101.000000,NULL),(16,1,1,2,101.000000,101.000000,101.000000,101.000000,NULL),(16,2,1,2,101.000000,101.000000,101.000000,101.000000,NULL),(16,3,1,2,101.000000,101.000000,101.000000,101.000000,NULL),(17,0,1,2,101.000000,101.000000,101.000000,101.000000,NULL),(17,1,1,2,101.000000,101.000000,101.000000,101.000000,NULL),(17,2,1,2,101.000000,101.000000,101.000000,101.000000,NULL),(17,3,1,2,101.000000,101.000000,101.000000,101.000000,NULL),(18,0,1,2,101.000000,101.000000,101.000000,101.000000,NULL),(18,1,1,2,101.000000,101.000000,101.000000,101.000000,NULL),(18,2,1,2,101.000000,101.000000,101.000000,101.000000,NULL),(18,3,1,2,101.000000,101.000000,101.000000,101.000000,NULL),(19,0,1,2,101.000000,101.000000,101.000000,101.000000,NULL),(19,1,1,2,101.000000,101.000000,101.000000,101.000000,NULL),(19,2,1,2,101.000000,101.000000,101.000000,101.000000,NULL),(19,3,1,2,101.000000,101.000000,101.000000,101.000000,NULL),(20,0,1,2,101.000000,101.000000,101.000000,101.000000,NULL),(20,1,1,2,101.000000,101.000000,101.000000,101.000000,NULL),(20,2,1,2,101.000000,101.000000,101.000000,101.000000,NULL),(20,3,1,2,101.000000,101.000000,101.000000,101.000000,NULL),(21,0,1,2,101.000000,101.000000,101.000000,101.000000,NULL),(21,1,1,2,101.000000,101.000000,101.000000,101.000000,NULL),(21,2,1,2,101.000000,101.000000,101.000000,101.000000,NULL),(21,3,1,2,101.000000,101.000000,101.000000,101.000000,NULL),(22,0,1,2,101.000000,101.000000,101.000000,101.000000,NULL),(22,1,1,2,101.000000,101.000000,101.000000,101.000000,NULL),(22,2,1,2,101.000000,101.000000,101.000000,101.000000,NULL),(22,3,1,2,101.000000,101.000000,101.000000,101.000000,NULL),(23,0,1,2,101.000000,101.000000,101.000000,101.000000,NULL),(23,1,1,2,101.000000,101.000000,101.000000,101.000000,NULL),(23,2,1,2,101.000000,101.000000,101.000000,101.000000,NULL),(23,3,1,2,101.000000,101.000000,101.000000,101.000000,NULL),(24,0,1,2,101.000000,101.000000,101.000000,101.000000,NULL),(24,1,1,2,101.000000,101.000000,101.000000,101.000000,NULL),(24,2,1,2,101.000000,101.000000,101.000000,101.000000,NULL),(24,3,1,2,101.000000,101.000000,101.000000,101.000000,NULL),(25,0,1,2,101.000000,101.000000,101.000000,101.000000,NULL),(25,1,1,2,101.000000,101.000000,101.000000,101.000000,NULL),(25,2,1,2,101.000000,101.000000,101.000000,101.000000,NULL),(25,3,1,2,101.000000,101.000000,101.000000,101.000000,NULL),(26,0,1,2,101.000000,101.000000,101.000000,101.000000,NULL),(26,1,1,2,101.000000,101.000000,101.000000,101.000000,NULL),(26,2,1,2,101.000000,101.000000,101.000000,101.000000,NULL),(26,3,1,2,101.000000,101.000000,101.000000,101.000000,NULL),(27,0,1,2,101.000000,101.000000,101.000000,101.000000,NULL),(27,1,1,2,101.000000,101.000000,101.000000,101.000000,NULL),(27,2,1,2,101.000000,101.000000,101.000000,101.000000,NULL),(27,3,1,2,101.000000,101.000000,101.000000,101.000000,NULL),(28,0,1,2,101.000000,101.000000,101.000000,101.000000,NULL),(28,1,1,2,101.000000,101.000000,101.000000,101.000000,NULL),(28,2,1,2,101.000000,101.000000,101.000000,101.000000,NULL),(28,3,1,2,101.000000,101.000000,101.000000,101.000000,NULL),(29,0,1,2,101.000000,101.000000,101.000000,101.000000,NULL),(29,1,1,2,101.000000,101.000000,101.000000,101.000000,NULL),(29,2,1,2,101.000000,101.000000,101.000000,101.000000,NULL),(29,3,1,2,101.000000,101.000000,101.000000,101.000000,NULL),(30,0,1,2,101.000000,101.000000,101.000000,101.000000,NULL),(30,1,1,2,101.000000,101.000000,101.000000,101.000000,NULL),(30,2,1,2,101.000000,101.000000,101.000000,101.000000,NULL),(30,3,1,2,101.000000,101.000000,101.000000,101.000000,NULL),(31,0,1,2,101.000000,101.000000,101.000000,101.000000,NULL),(31,1,1,2,101.000000,101.000000,101.000000,101.000000,NULL),(31,2,1,2,101.000000,101.000000,101.000000,101.000000,NULL),(31,3,1,2,101.000000,101.000000,101.000000,101.000000,NULL),(32,0,1,2,0.000000,0.000000,101.000000,101.000000,NULL),(32,1,1,2,0.000000,0.000000,101.000000,101.000000,NULL),(32,2,1,2,0.000000,0.000000,101.000000,101.000000,NULL),(32,3,1,2,0.000000,0.000000,101.000000,101.000000,NULL),(33,0,1,2,0.000000,0.000000,101.000000,101.000000,NULL),(33,1,1,2,0.000000,0.000000,101.000000,101.000000,NULL),(33,2,1,2,0.000000,0.000000,101.000000,101.000000,NULL),(33,3,1,2,0.000000,0.000000,101.000000,101.000000,NULL),(34,0,1,2,0.000000,0.000000,101.000000,101.000000,NULL),(34,1,1,2,0.000000,0.000000,101.000000,101.000000,NULL),(34,2,1,2,0.000000,0.000000,101.000000,101.000000,NULL),(34,3,1,2,0.000000,0.000000,101.000000,101.000000,NULL),(35,0,1,2,0.000000,0.000000,101.000000,101.000000,NULL),(35,1,1,2,0.000000,0.000000,101.000000,101.000000,NULL),(35,2,1,2,0.000000,0.000000,101.000000,101.000000,NULL),(35,3,1,2,0.000000,0.000000,101.000000,101.000000,NULL),(36,0,1,2,0.000000,0.000000,101.000000,101.000000,NULL),(36,1,1,2,0.000000,0.000000,101.000000,101.000000,NULL),(36,2,1,2,0.000000,0.000000,101.000000,101.000000,NULL),(36,3,1,2,0.000000,0.000000,101.000000,101.000000,NULL),(37,0,1,2,101.000000,101.000000,101.000000,101.000000,NULL),(37,1,1,2,101.000000,101.000000,101.000000,101.000000,NULL),(37,2,1,2,101.000000,101.000000,101.000000,101.000000,NULL),(37,3,1,2,101.000000,101.000000,101.000000,101.000000,NULL),(38,0,1,2,101.000000,101.000000,101.000000,101.000000,NULL),(38,1,1,2,101.000000,101.000000,101.000000,101.000000,NULL),(38,2,1,2,101.000000,101.000000,101.000000,101.000000,NULL),(38,3,1,2,101.000000,101.000000,101.000000,101.000000,NULL),(39,0,1,2,101.000000,101.000000,101.000000,101.000000,NULL),(39,1,1,2,101.000000,101.000000,101.000000,101.000000,NULL),(39,2,1,2,101.000000,101.000000,101.000000,101.000000,NULL),(39,3,1,2,101.000000,101.000000,101.000000,101.000000,NULL),(40,0,1,2,101.000000,101.000000,101.000000,101.000000,NULL),(40,1,1,2,101.000000,101.000000,101.000000,101.000000,NULL),(40,2,1,2,101.000000,101.000000,101.000000,101.000000,NULL),(40,3,1,2,101.000000,101.000000,101.000000,101.000000,NULL);

--
-- Table structure for table `catalog_product_index_price_bundle_idx`
--

CREATE TABLE `catalog_product_index_price_bundle_idx` (
  `entity_id` int(10) unsigned NOT NULL COMMENT 'Entity ID',
  `customer_group_id` int(11) NOT NULL,
  `website_id` smallint(5) unsigned NOT NULL COMMENT 'Website ID',
  `tax_class_id` smallint(5) unsigned DEFAULT '0' COMMENT 'Tax Class ID',
  `price_type` smallint(5) unsigned NOT NULL COMMENT 'Price Type',
  `special_price` decimal(20,6) DEFAULT NULL COMMENT 'Special Price',
  `tier_percent` decimal(20,6) DEFAULT NULL COMMENT 'Tier Percent',
  `orig_price` decimal(20,6) DEFAULT NULL COMMENT 'Orig Price',
  `price` decimal(20,6) DEFAULT NULL COMMENT 'Price',
  `min_price` decimal(20,6) DEFAULT NULL COMMENT 'Min Price',
  `max_price` decimal(20,6) DEFAULT NULL COMMENT 'Max Price',
  `tier_price` decimal(20,6) DEFAULT NULL COMMENT 'Tier Price',
  `base_tier` decimal(20,6) DEFAULT NULL COMMENT 'Base Tier',
  PRIMARY KEY (`entity_id`,`customer_group_id`,`website_id`)
) ENGINE=InnoDB DEFAULT CHARSET=utf8 COMMENT='Catalog Product Index Price Bundle Idx';

--
-- Dumping data for table `catalog_product_index_price_bundle_idx`
--


--
-- Table structure for table `catalog_product_index_price_bundle_opt_idx`
--

CREATE TABLE `catalog_product_index_price_bundle_opt_idx` (
  `entity_id` int(10) unsigned NOT NULL COMMENT 'Entity ID',
  `customer_group_id` int(11) NOT NULL,
  `website_id` smallint(5) unsigned NOT NULL COMMENT 'Website ID',
  `option_id` int(10) unsigned NOT NULL DEFAULT '0' COMMENT 'Option ID',
  `min_price` decimal(20,6) DEFAULT NULL COMMENT 'Min Price',
  `alt_price` decimal(20,6) DEFAULT NULL COMMENT 'Alt Price',
  `max_price` decimal(20,6) DEFAULT NULL COMMENT 'Max Price',
  `tier_price` decimal(20,6) DEFAULT NULL COMMENT 'Tier Price',
  `alt_tier_price` decimal(20,6) DEFAULT NULL COMMENT 'Alt Tier Price',
  PRIMARY KEY (`entity_id`,`customer_group_id`,`website_id`,`option_id`)
) ENGINE=InnoDB DEFAULT CHARSET=utf8 COMMENT='Catalog Product Index Price Bundle Opt Idx';

--
-- Dumping data for table `catalog_product_index_price_bundle_opt_idx`
--


--
-- Table structure for table `catalog_product_index_price_bundle_opt_tmp`
--

CREATE TABLE `catalog_product_index_price_bundle_opt_tmp` (
  `entity_id` int(10) unsigned NOT NULL COMMENT 'Entity ID',
  `customer_group_id` int(11) NOT NULL,
  `website_id` smallint(5) unsigned NOT NULL COMMENT 'Website ID',
  `option_id` int(10) unsigned NOT NULL DEFAULT '0' COMMENT 'Option ID',
  `min_price` decimal(20,6) DEFAULT NULL COMMENT 'Min Price',
  `alt_price` decimal(20,6) DEFAULT NULL COMMENT 'Alt Price',
  `max_price` decimal(20,6) DEFAULT NULL COMMENT 'Max Price',
  `tier_price` decimal(20,6) DEFAULT NULL COMMENT 'Tier Price',
  `alt_tier_price` decimal(20,6) DEFAULT NULL COMMENT 'Alt Tier Price',
  PRIMARY KEY (`entity_id`,`customer_group_id`,`website_id`,`option_id`)
) ENGINE=InnoDB DEFAULT CHARSET=utf8 COMMENT='Catalog Product Index Price Bundle Opt Tmp';

--
-- Dumping data for table `catalog_product_index_price_bundle_opt_tmp`
--


--
-- Table structure for table `catalog_product_index_price_bundle_sel_idx`
--

CREATE TABLE `catalog_product_index_price_bundle_sel_idx` (
  `entity_id` int(10) unsigned NOT NULL COMMENT 'Entity ID',
  `customer_group_id` int(11) NOT NULL,
  `website_id` smallint(5) unsigned NOT NULL COMMENT 'Website ID',
  `option_id` int(10) unsigned NOT NULL DEFAULT '0' COMMENT 'Option ID',
  `selection_id` int(10) unsigned NOT NULL DEFAULT '0' COMMENT 'Selection ID',
  `group_type` smallint(5) unsigned DEFAULT '0' COMMENT 'Group Type',
  `is_required` smallint(5) unsigned DEFAULT '0' COMMENT 'Is Required',
  `price` decimal(20,6) DEFAULT NULL COMMENT 'Price',
  `tier_price` decimal(20,6) DEFAULT NULL COMMENT 'Tier Price',
  PRIMARY KEY (`entity_id`,`customer_group_id`,`website_id`,`option_id`,`selection_id`)
) ENGINE=InnoDB DEFAULT CHARSET=utf8 COMMENT='Catalog Product Index Price Bundle Sel Idx';

--
-- Dumping data for table `catalog_product_index_price_bundle_sel_idx`
--


--
-- Table structure for table `catalog_product_index_price_bundle_sel_tmp`
--

CREATE TABLE `catalog_product_index_price_bundle_sel_tmp` (
  `entity_id` int(10) unsigned NOT NULL COMMENT 'Entity ID',
  `customer_group_id` int(11) NOT NULL,
  `website_id` smallint(5) unsigned NOT NULL COMMENT 'Website ID',
  `option_id` int(10) unsigned NOT NULL DEFAULT '0' COMMENT 'Option ID',
  `selection_id` int(10) unsigned NOT NULL DEFAULT '0' COMMENT 'Selection ID',
  `group_type` smallint(5) unsigned DEFAULT '0' COMMENT 'Group Type',
  `is_required` smallint(5) unsigned DEFAULT '0' COMMENT 'Is Required',
  `price` decimal(20,6) DEFAULT NULL COMMENT 'Price',
  `tier_price` decimal(20,6) DEFAULT NULL COMMENT 'Tier Price',
  PRIMARY KEY (`entity_id`,`customer_group_id`,`website_id`,`option_id`,`selection_id`)
) ENGINE=InnoDB DEFAULT CHARSET=utf8 COMMENT='Catalog Product Index Price Bundle Sel Tmp';

--
-- Dumping data for table `catalog_product_index_price_bundle_sel_tmp`
--


--
-- Table structure for table `catalog_product_index_price_bundle_tmp`
--

CREATE TABLE `catalog_product_index_price_bundle_tmp` (
  `entity_id` int(10) unsigned NOT NULL COMMENT 'Entity ID',
  `customer_group_id` int(11) NOT NULL,
  `website_id` smallint(5) unsigned NOT NULL COMMENT 'Website ID',
  `tax_class_id` smallint(5) unsigned DEFAULT '0' COMMENT 'Tax Class ID',
  `price_type` smallint(5) unsigned NOT NULL COMMENT 'Price Type',
  `special_price` decimal(20,6) DEFAULT NULL COMMENT 'Special Price',
  `tier_percent` decimal(20,6) DEFAULT NULL COMMENT 'Tier Percent',
  `orig_price` decimal(20,6) DEFAULT NULL COMMENT 'Orig Price',
  `price` decimal(20,6) DEFAULT NULL COMMENT 'Price',
  `min_price` decimal(20,6) DEFAULT NULL COMMENT 'Min Price',
  `max_price` decimal(20,6) DEFAULT NULL COMMENT 'Max Price',
  `tier_price` decimal(20,6) DEFAULT NULL COMMENT 'Tier Price',
  `base_tier` decimal(20,6) DEFAULT NULL COMMENT 'Base Tier',
  PRIMARY KEY (`entity_id`,`customer_group_id`,`website_id`)
) ENGINE=InnoDB DEFAULT CHARSET=utf8 COMMENT='Catalog Product Index Price Bundle Tmp';

--
-- Dumping data for table `catalog_product_index_price_bundle_tmp`
--


--
-- Table structure for table `catalog_product_index_price_cfg_opt_agr_idx`
--

CREATE TABLE `catalog_product_index_price_cfg_opt_agr_idx` (
  `parent_id` int(10) unsigned NOT NULL COMMENT 'Parent ID',
  `child_id` int(10) unsigned NOT NULL COMMENT 'Child ID',
  `customer_group_id` int(10) unsigned NOT NULL DEFAULT '0' COMMENT 'Customer Group ID',
  `website_id` smallint(5) unsigned NOT NULL COMMENT 'Website ID',
  `price` decimal(20,6) DEFAULT NULL COMMENT 'Price',
  `tier_price` decimal(20,6) DEFAULT NULL COMMENT 'Tier Price',
  PRIMARY KEY (`parent_id`,`child_id`,`customer_group_id`,`website_id`)
) ENGINE=InnoDB DEFAULT CHARSET=utf8 COMMENT='Catalog Product Price Indexer Config Option Aggregate Index Table';

--
-- Dumping data for table `catalog_product_index_price_cfg_opt_agr_idx`
--


--
-- Table structure for table `catalog_product_index_price_cfg_opt_agr_tmp`
--

CREATE TABLE `catalog_product_index_price_cfg_opt_agr_tmp` (
  `parent_id` int(10) unsigned NOT NULL COMMENT 'Parent ID',
  `child_id` int(10) unsigned NOT NULL COMMENT 'Child ID',
  `customer_group_id` int(10) unsigned NOT NULL DEFAULT '0' COMMENT 'Customer Group ID',
  `website_id` smallint(5) unsigned NOT NULL COMMENT 'Website ID',
  `price` decimal(20,6) DEFAULT NULL COMMENT 'Price',
  `tier_price` decimal(20,6) DEFAULT NULL COMMENT 'Tier Price',
  PRIMARY KEY (`parent_id`,`child_id`,`customer_group_id`,`website_id`)
) ENGINE=InnoDB DEFAULT CHARSET=utf8 COMMENT='Catalog Product Price Indexer Config Option Aggregate Temp Table';

--
-- Dumping data for table `catalog_product_index_price_cfg_opt_agr_tmp`
--


--
-- Table structure for table `catalog_product_index_price_cfg_opt_idx`
--

CREATE TABLE `catalog_product_index_price_cfg_opt_idx` (
  `entity_id` int(10) unsigned NOT NULL COMMENT 'Entity ID',
  `customer_group_id` int(10) unsigned NOT NULL DEFAULT '0' COMMENT 'Customer Group ID',
  `website_id` smallint(5) unsigned NOT NULL COMMENT 'Website ID',
  `min_price` decimal(20,6) DEFAULT NULL COMMENT 'Min Price',
  `max_price` decimal(20,6) DEFAULT NULL COMMENT 'Max Price',
  `tier_price` decimal(20,6) DEFAULT NULL COMMENT 'Tier Price',
  PRIMARY KEY (`entity_id`,`customer_group_id`,`website_id`)
) ENGINE=InnoDB DEFAULT CHARSET=utf8 COMMENT='Catalog Product Price Indexer Config Option Index Table';

--
-- Dumping data for table `catalog_product_index_price_cfg_opt_idx`
--


--
-- Table structure for table `catalog_product_index_price_cfg_opt_tmp`
--

CREATE TABLE `catalog_product_index_price_cfg_opt_tmp` (
  `entity_id` int(10) unsigned NOT NULL COMMENT 'Entity ID',
  `customer_group_id` int(10) unsigned NOT NULL DEFAULT '0' COMMENT 'Customer Group ID',
  `website_id` smallint(5) unsigned NOT NULL COMMENT 'Website ID',
  `min_price` decimal(20,6) DEFAULT NULL COMMENT 'Min Price',
  `max_price` decimal(20,6) DEFAULT NULL COMMENT 'Max Price',
  `tier_price` decimal(20,6) DEFAULT NULL COMMENT 'Tier Price',
  PRIMARY KEY (`entity_id`,`customer_group_id`,`website_id`)
) ENGINE=InnoDB DEFAULT CHARSET=utf8 COMMENT='Catalog Product Price Indexer Config Option Temp Table';

--
-- Dumping data for table `catalog_product_index_price_cfg_opt_tmp`
--


--
-- Table structure for table `catalog_product_index_price_downlod_idx`
--

CREATE TABLE `catalog_product_index_price_downlod_idx` (
  `entity_id` int(10) unsigned NOT NULL COMMENT 'Entity ID',
  `customer_group_id` int(11) NOT NULL,
  `website_id` smallint(5) unsigned NOT NULL COMMENT 'Website ID',
  `min_price` decimal(20,6) NOT NULL DEFAULT '0.000000' COMMENT 'Minimum price',
  `max_price` decimal(20,6) NOT NULL DEFAULT '0.000000' COMMENT 'Maximum price',
  PRIMARY KEY (`entity_id`,`customer_group_id`,`website_id`)
) ENGINE=InnoDB DEFAULT CHARSET=utf8 COMMENT='Indexer Table for price of downloadable products';

--
-- Dumping data for table `catalog_product_index_price_downlod_idx`
--


--
-- Table structure for table `catalog_product_index_price_downlod_tmp`
--

CREATE TABLE `catalog_product_index_price_downlod_tmp` (
  `entity_id` int(10) unsigned NOT NULL COMMENT 'Entity ID',
  `customer_group_id` int(11) NOT NULL,
  `website_id` smallint(5) unsigned NOT NULL COMMENT 'Website ID',
  `min_price` decimal(20,6) NOT NULL DEFAULT '0.000000' COMMENT 'Minimum price',
  `max_price` decimal(20,6) NOT NULL DEFAULT '0.000000' COMMENT 'Maximum price',
  PRIMARY KEY (`entity_id`,`customer_group_id`,`website_id`)
) ENGINE=InnoDB DEFAULT CHARSET=utf8 COMMENT='Temporary Indexer Table for price of downloadable products';

--
-- Dumping data for table `catalog_product_index_price_downlod_tmp`
--


--
-- Table structure for table `catalog_product_index_price_final_idx`
--

CREATE TABLE `catalog_product_index_price_final_idx` (
  `entity_id` int(10) unsigned NOT NULL COMMENT 'Entity ID',
  `customer_group_id` int(10) unsigned NOT NULL DEFAULT '0' COMMENT 'Customer Group ID',
  `website_id` smallint(5) unsigned NOT NULL COMMENT 'Website ID',
  `tax_class_id` smallint(5) unsigned DEFAULT '0' COMMENT 'Tax Class ID',
  `orig_price` decimal(20,6) DEFAULT NULL COMMENT 'Original Price',
  `price` decimal(20,6) DEFAULT NULL COMMENT 'Price',
  `min_price` decimal(20,6) DEFAULT NULL COMMENT 'Min Price',
  `max_price` decimal(20,6) DEFAULT NULL COMMENT 'Max Price',
  `tier_price` decimal(20,6) DEFAULT NULL COMMENT 'Tier Price',
  `base_tier` decimal(20,6) DEFAULT NULL COMMENT 'Base Tier',
  PRIMARY KEY (`entity_id`,`customer_group_id`,`website_id`)
) ENGINE=InnoDB DEFAULT CHARSET=utf8 COMMENT='Catalog Product Price Indexer Final Index Table';

--
-- Dumping data for table `catalog_product_index_price_final_idx`
--


--
-- Table structure for table `catalog_product_index_price_final_tmp`
--

CREATE TABLE `catalog_product_index_price_final_tmp` (
  `entity_id` int(10) unsigned NOT NULL COMMENT 'Entity ID',
  `customer_group_id` int(10) unsigned NOT NULL DEFAULT '0' COMMENT 'Customer Group ID',
  `website_id` smallint(5) unsigned NOT NULL COMMENT 'Website ID',
  `tax_class_id` smallint(5) unsigned DEFAULT '0' COMMENT 'Tax Class ID',
  `orig_price` decimal(20,6) DEFAULT NULL COMMENT 'Original Price',
  `price` decimal(20,6) DEFAULT NULL COMMENT 'Price',
  `min_price` decimal(20,6) DEFAULT NULL COMMENT 'Min Price',
  `max_price` decimal(20,6) DEFAULT NULL COMMENT 'Max Price',
  `tier_price` decimal(20,6) DEFAULT NULL COMMENT 'Tier Price',
  `base_tier` decimal(20,6) DEFAULT NULL COMMENT 'Base Tier',
  PRIMARY KEY (`entity_id`,`customer_group_id`,`website_id`)
) ENGINE=InnoDB DEFAULT CHARSET=utf8 COMMENT='Catalog Product Price Indexer Final Temp Table';

--
-- Dumping data for table `catalog_product_index_price_final_tmp`
--


--
-- Table structure for table `catalog_product_index_price_idx`
--

CREATE TABLE `catalog_product_index_price_idx` (
  `entity_id` int(10) unsigned NOT NULL COMMENT 'Entity ID',
  `customer_group_id` int(10) unsigned NOT NULL DEFAULT '0' COMMENT 'Customer Group ID',
  `website_id` smallint(5) unsigned NOT NULL COMMENT 'Website ID',
  `tax_class_id` smallint(5) unsigned DEFAULT '0' COMMENT 'Tax Class ID',
  `price` decimal(20,6) DEFAULT NULL COMMENT 'Price',
  `final_price` decimal(20,6) DEFAULT NULL COMMENT 'Final Price',
  `min_price` decimal(20,6) DEFAULT NULL COMMENT 'Min Price',
  `max_price` decimal(20,6) DEFAULT NULL COMMENT 'Max Price',
  `tier_price` decimal(20,6) DEFAULT NULL COMMENT 'Tier Price',
  PRIMARY KEY (`entity_id`,`customer_group_id`,`website_id`),
  KEY `CATALOG_PRODUCT_INDEX_PRICE_IDX_CUSTOMER_GROUP_ID` (`customer_group_id`),
  KEY `CATALOG_PRODUCT_INDEX_PRICE_IDX_WEBSITE_ID` (`website_id`),
  KEY `CATALOG_PRODUCT_INDEX_PRICE_IDX_MIN_PRICE` (`min_price`)
) ENGINE=InnoDB DEFAULT CHARSET=utf8 COMMENT='Catalog Product Price Indexer Index Table';

--
-- Dumping data for table `catalog_product_index_price_idx`
--

INSERT INTO `catalog_product_index_price_idx` VALUES (1,0,1,2,70.000000,70.000000,70.000000,70.000000,NULL),(1,1,1,2,70.000000,70.000000,70.000000,70.000000,NULL),(1,2,1,2,70.000000,70.000000,70.000000,70.000000,NULL),(1,3,1,2,70.000000,70.000000,70.000000,70.000000,NULL),(2,0,1,2,90.000000,90.000000,90.000000,90.000000,NULL),(2,1,1,2,90.000000,90.000000,90.000000,90.000000,NULL),(2,2,1,2,90.000000,90.000000,90.000000,90.000000,NULL),(2,3,1,2,90.000000,90.000000,90.000000,90.000000,NULL),(3,0,1,2,200.000000,200.000000,200.000000,200.000000,NULL),(3,1,1,2,200.000000,200.000000,200.000000,200.000000,NULL),(3,2,1,2,200.000000,200.000000,200.000000,200.000000,NULL),(3,3,1,2,200.000000,200.000000,200.000000,200.000000,NULL),(4,0,1,2,70.000000,70.000000,70.000000,70.000000,NULL),(4,1,1,2,70.000000,70.000000,70.000000,70.000000,NULL),(4,2,1,2,70.000000,70.000000,70.000000,70.000000,NULL),(4,3,1,2,70.000000,70.000000,70.000000,70.000000,NULL),(5,0,1,2,33.000000,33.000000,33.000000,33.000000,NULL),(5,1,1,2,33.000000,33.000000,33.000000,33.000000,NULL),(5,2,1,2,33.000000,33.000000,33.000000,33.000000,NULL),(5,3,1,2,33.000000,33.000000,33.000000,33.000000,NULL),(6,0,1,2,70.000000,50.000000,50.000000,50.000000,NULL),(6,1,1,2,70.000000,50.000000,50.000000,50.000000,NULL),(6,2,1,2,70.000000,50.000000,50.000000,50.000000,NULL),(6,3,1,2,70.000000,50.000000,50.000000,50.000000,NULL),(7,0,1,2,220.000000,220.000000,220.000000,220.000000,NULL),(7,1,1,2,220.000000,220.000000,220.000000,220.000000,NULL),(7,2,1,2,220.000000,220.000000,220.000000,220.000000,NULL),(7,3,1,2,220.000000,220.000000,220.000000,220.000000,NULL),(8,0,1,2,90.000000,90.000000,90.000000,90.000000,NULL),(8,1,1,2,90.000000,90.000000,90.000000,90.000000,NULL),(8,2,1,2,90.000000,90.000000,90.000000,90.000000,NULL),(8,3,1,2,90.000000,90.000000,90.000000,90.000000,NULL),(9,0,1,2,90.000000,90.000000,90.000000,90.000000,NULL),(9,1,1,2,90.000000,90.000000,90.000000,90.000000,NULL),(9,2,1,2,90.000000,90.000000,90.000000,90.000000,NULL),(9,3,1,2,90.000000,90.000000,90.000000,90.000000,NULL),(10,0,1,2,120.000000,120.000000,120.000000,120.000000,NULL),(10,1,1,2,120.000000,120.000000,120.000000,120.000000,NULL),(10,2,1,2,120.000000,120.000000,120.000000,120.000000,NULL),(10,3,1,2,120.000000,120.000000,120.000000,120.000000,NULL),(11,0,1,2,120.000000,120.000000,120.000000,120.000000,NULL),(11,1,1,2,120.000000,120.000000,120.000000,120.000000,NULL),(11,2,1,2,120.000000,120.000000,120.000000,120.000000,NULL),(11,3,1,2,120.000000,120.000000,120.000000,120.000000,NULL),(12,0,1,2,120.000000,120.000000,120.000000,120.000000,NULL),(12,1,1,2,120.000000,120.000000,120.000000,120.000000,NULL),(12,2,1,2,120.000000,120.000000,120.000000,120.000000,NULL),(12,3,1,2,120.000000,120.000000,120.000000,120.000000,NULL),(13,0,1,2,120.000000,120.000000,120.000000,120.000000,NULL),(13,1,1,2,120.000000,120.000000,120.000000,120.000000,NULL),(13,2,1,2,120.000000,120.000000,120.000000,120.000000,NULL),(13,3,1,2,120.000000,120.000000,120.000000,120.000000,NULL),(14,0,1,2,120.000000,120.000000,120.000000,120.000000,NULL),(14,1,1,2,120.000000,120.000000,120.000000,120.000000,NULL),(14,2,1,2,120.000000,120.000000,120.000000,120.000000,NULL),(14,3,1,2,120.000000,120.000000,120.000000,120.000000,NULL),(15,0,1,2,120.000000,120.000000,120.000000,120.000000,NULL),(15,1,1,2,120.000000,120.000000,120.000000,120.000000,NULL),(15,2,1,2,120.000000,120.000000,120.000000,120.000000,NULL),(15,3,1,2,120.000000,120.000000,120.000000,120.000000,NULL);

--
-- Table structure for table `catalog_product_index_price_opt_agr_idx`
--

CREATE TABLE `catalog_product_index_price_opt_agr_idx` (
  `entity_id` int(10) unsigned NOT NULL COMMENT 'Entity ID',
  `customer_group_id` int(10) unsigned NOT NULL DEFAULT '0' COMMENT 'Customer Group ID',
  `website_id` smallint(5) unsigned NOT NULL COMMENT 'Website ID',
  `option_id` int(10) unsigned NOT NULL DEFAULT '0' COMMENT 'Option ID',
  `min_price` decimal(20,6) DEFAULT NULL COMMENT 'Min Price',
  `max_price` decimal(20,6) DEFAULT NULL COMMENT 'Max Price',
  `tier_price` decimal(20,6) DEFAULT NULL COMMENT 'Tier Price',
  PRIMARY KEY (`entity_id`,`customer_group_id`,`website_id`,`option_id`)
) ENGINE=InnoDB DEFAULT CHARSET=utf8 COMMENT='Catalog Product Price Indexer Option Aggregate Index Table';

--
-- Dumping data for table `catalog_product_index_price_opt_agr_idx`
--


--
-- Table structure for table `catalog_product_index_price_opt_agr_tmp`
--

CREATE TABLE `catalog_product_index_price_opt_agr_tmp` (
  `entity_id` int(10) unsigned NOT NULL COMMENT 'Entity ID',
  `customer_group_id` int(10) unsigned NOT NULL DEFAULT '0' COMMENT 'Customer Group ID',
  `website_id` smallint(5) unsigned NOT NULL COMMENT 'Website ID',
  `option_id` int(10) unsigned NOT NULL DEFAULT '0' COMMENT 'Option ID',
  `min_price` decimal(20,6) DEFAULT NULL COMMENT 'Min Price',
  `max_price` decimal(20,6) DEFAULT NULL COMMENT 'Max Price',
  `tier_price` decimal(20,6) DEFAULT NULL COMMENT 'Tier Price',
  PRIMARY KEY (`entity_id`,`customer_group_id`,`website_id`,`option_id`)
) ENGINE=InnoDB DEFAULT CHARSET=utf8 COMMENT='Catalog Product Price Indexer Option Aggregate Temp Table';

--
-- Dumping data for table `catalog_product_index_price_opt_agr_tmp`
--


--
-- Table structure for table `catalog_product_index_price_opt_idx`
--

CREATE TABLE `catalog_product_index_price_opt_idx` (
  `entity_id` int(10) unsigned NOT NULL COMMENT 'Entity ID',
  `customer_group_id` int(10) unsigned NOT NULL DEFAULT '0' COMMENT 'Customer Group ID',
  `website_id` smallint(5) unsigned NOT NULL COMMENT 'Website ID',
  `min_price` decimal(20,6) DEFAULT NULL COMMENT 'Min Price',
  `max_price` decimal(20,6) DEFAULT NULL COMMENT 'Max Price',
  `tier_price` decimal(20,6) DEFAULT NULL COMMENT 'Tier Price',
  PRIMARY KEY (`entity_id`,`customer_group_id`,`website_id`)
) ENGINE=InnoDB DEFAULT CHARSET=utf8 COMMENT='Catalog Product Price Indexer Option Index Table';

--
-- Dumping data for table `catalog_product_index_price_opt_idx`
--


--
-- Table structure for table `catalog_product_index_price_opt_tmp`
--

CREATE TABLE `catalog_product_index_price_opt_tmp` (
  `entity_id` int(10) unsigned NOT NULL COMMENT 'Entity ID',
  `customer_group_id` int(10) unsigned NOT NULL DEFAULT '0' COMMENT 'Customer Group ID',
  `website_id` smallint(5) unsigned NOT NULL COMMENT 'Website ID',
  `min_price` decimal(20,6) DEFAULT NULL COMMENT 'Min Price',
  `max_price` decimal(20,6) DEFAULT NULL COMMENT 'Max Price',
  `tier_price` decimal(20,6) DEFAULT NULL COMMENT 'Tier Price',
  PRIMARY KEY (`entity_id`,`customer_group_id`,`website_id`)
) ENGINE=InnoDB DEFAULT CHARSET=utf8 COMMENT='Catalog Product Price Indexer Option Temp Table';

--
-- Dumping data for table `catalog_product_index_price_opt_tmp`
--


--
-- Table structure for table `catalog_product_index_price_replica`
--

CREATE TABLE `catalog_product_index_price_replica` (
  `entity_id` int(10) unsigned NOT NULL COMMENT 'Entity ID',
  `customer_group_id` int(10) unsigned NOT NULL COMMENT 'Customer Group ID',
  `website_id` smallint(5) unsigned NOT NULL COMMENT 'Website ID',
  `tax_class_id` smallint(5) unsigned DEFAULT '0' COMMENT 'Tax Class ID',
  `price` decimal(20,6) DEFAULT NULL COMMENT 'Price',
  `final_price` decimal(20,6) DEFAULT NULL COMMENT 'Final Price',
  `min_price` decimal(20,6) DEFAULT NULL COMMENT 'Min Price',
  `max_price` decimal(20,6) DEFAULT NULL COMMENT 'Max Price',
  `tier_price` decimal(20,6) DEFAULT NULL COMMENT 'Tier Price',
  PRIMARY KEY (`entity_id`,`customer_group_id`,`website_id`),
  KEY `CATALOG_PRODUCT_INDEX_PRICE_CUSTOMER_GROUP_ID` (`customer_group_id`),
  KEY `CATALOG_PRODUCT_INDEX_PRICE_MIN_PRICE` (`min_price`),
  KEY `CAT_PRD_IDX_PRICE_WS_ID_CSTR_GROUP_ID_MIN_PRICE` (`website_id`,`customer_group_id`,`min_price`)
) ENGINE=InnoDB DEFAULT CHARSET=utf8 COMMENT='Catalog Product Price Index Table';

--
-- Dumping data for table `catalog_product_index_price_replica`
--

INSERT INTO `catalog_product_index_price_replica` VALUES (1,0,1,2,70.000000,70.000000,70.000000,70.000000,NULL),(1,1,1,2,70.000000,70.000000,70.000000,70.000000,NULL),(1,2,1,2,70.000000,70.000000,70.000000,70.000000,NULL),(1,3,1,2,70.000000,70.000000,70.000000,70.000000,NULL),(2,0,1,2,90.000000,90.000000,90.000000,90.000000,NULL),(2,1,1,2,90.000000,90.000000,90.000000,90.000000,NULL),(2,2,1,2,90.000000,90.000000,90.000000,90.000000,NULL),(2,3,1,2,90.000000,90.000000,90.000000,90.000000,NULL),(3,0,1,2,200.000000,200.000000,200.000000,200.000000,NULL),(3,1,1,2,200.000000,200.000000,200.000000,200.000000,NULL),(3,2,1,2,200.000000,200.000000,200.000000,200.000000,NULL),(3,3,1,2,200.000000,200.000000,200.000000,200.000000,NULL),(4,0,1,2,70.000000,70.000000,70.000000,70.000000,NULL),(4,1,1,2,70.000000,70.000000,70.000000,70.000000,NULL),(4,2,1,2,70.000000,70.000000,70.000000,70.000000,NULL),(4,3,1,2,70.000000,70.000000,70.000000,70.000000,NULL),(5,0,1,2,33.000000,33.000000,33.000000,33.000000,NULL),(5,1,1,2,33.000000,33.000000,33.000000,33.000000,NULL),(5,2,1,2,33.000000,33.000000,33.000000,33.000000,NULL),(5,3,1,2,33.000000,33.000000,33.000000,33.000000,NULL),(6,0,1,2,70.000000,50.000000,50.000000,50.000000,NULL),(6,1,1,2,70.000000,50.000000,50.000000,50.000000,NULL),(6,2,1,2,70.000000,50.000000,50.000000,50.000000,NULL),(6,3,1,2,70.000000,50.000000,50.000000,50.000000,NULL),(7,0,1,2,220.000000,220.000000,220.000000,220.000000,NULL),(7,1,1,2,220.000000,220.000000,220.000000,220.000000,NULL),(7,2,1,2,220.000000,220.000000,220.000000,220.000000,NULL),(7,3,1,2,220.000000,220.000000,220.000000,220.000000,NULL),(8,0,1,2,90.000000,90.000000,90.000000,90.000000,NULL),(8,1,1,2,90.000000,90.000000,90.000000,90.000000,NULL),(8,2,1,2,90.000000,90.000000,90.000000,90.000000,NULL),(8,3,1,2,90.000000,90.000000,90.000000,90.000000,NULL),(9,0,1,2,90.000000,90.000000,90.000000,90.000000,NULL),(9,1,1,2,90.000000,90.000000,90.000000,90.000000,NULL),(9,2,1,2,90.000000,90.000000,90.000000,90.000000,NULL),(9,3,1,2,90.000000,90.000000,90.000000,90.000000,NULL),(10,0,1,2,120.000000,120.000000,120.000000,120.000000,NULL),(10,1,1,2,120.000000,120.000000,120.000000,120.000000,NULL),(10,2,1,2,120.000000,120.000000,120.000000,120.000000,NULL),(10,3,1,2,120.000000,120.000000,120.000000,120.000000,NULL),(11,0,1,2,120.000000,120.000000,120.000000,120.000000,NULL),(11,1,1,2,120.000000,120.000000,120.000000,120.000000,NULL),(11,2,1,2,120.000000,120.000000,120.000000,120.000000,NULL),(11,3,1,2,120.000000,120.000000,120.000000,120.000000,NULL),(12,0,1,2,120.000000,120.000000,120.000000,120.000000,NULL),(12,1,1,2,120.000000,120.000000,120.000000,120.000000,NULL),(12,2,1,2,120.000000,120.000000,120.000000,120.000000,NULL),(12,3,1,2,120.000000,120.000000,120.000000,120.000000,NULL),(13,0,1,2,120.000000,120.000000,120.000000,120.000000,NULL),(13,1,1,2,120.000000,120.000000,120.000000,120.000000,NULL),(13,2,1,2,120.000000,120.000000,120.000000,120.000000,NULL),(13,3,1,2,120.000000,120.000000,120.000000,120.000000,NULL),(14,0,1,2,120.000000,120.000000,120.000000,120.000000,NULL),(14,1,1,2,120.000000,120.000000,120.000000,120.000000,NULL),(14,2,1,2,120.000000,120.000000,120.000000,120.000000,NULL),(14,3,1,2,120.000000,120.000000,120.000000,120.000000,NULL),(15,0,1,2,120.000000,120.000000,120.000000,120.000000,NULL),(15,1,1,2,120.000000,120.000000,120.000000,120.000000,NULL),(15,2,1,2,120.000000,120.000000,120.000000,120.000000,NULL),(15,3,1,2,120.000000,120.000000,120.000000,120.000000,NULL),(16,0,1,2,101.000000,101.000000,101.000000,101.000000,NULL),(16,1,1,2,101.000000,101.000000,101.000000,101.000000,NULL),(16,2,1,2,101.000000,101.000000,101.000000,101.000000,NULL),(16,3,1,2,101.000000,101.000000,101.000000,101.000000,NULL),(17,0,1,2,101.000000,101.000000,101.000000,101.000000,NULL),(17,1,1,2,101.000000,101.000000,101.000000,101.000000,NULL),(17,2,1,2,101.000000,101.000000,101.000000,101.000000,NULL),(17,3,1,2,101.000000,101.000000,101.000000,101.000000,NULL),(18,0,1,2,101.000000,101.000000,101.000000,101.000000,NULL),(18,1,1,2,101.000000,101.000000,101.000000,101.000000,NULL),(18,2,1,2,101.000000,101.000000,101.000000,101.000000,NULL),(18,3,1,2,101.000000,101.000000,101.000000,101.000000,NULL),(19,0,1,2,101.000000,101.000000,101.000000,101.000000,NULL),(19,1,1,2,101.000000,101.000000,101.000000,101.000000,NULL),(19,2,1,2,101.000000,101.000000,101.000000,101.000000,NULL),(19,3,1,2,101.000000,101.000000,101.000000,101.000000,NULL),(20,0,1,2,101.000000,101.000000,101.000000,101.000000,NULL),(20,1,1,2,101.000000,101.000000,101.000000,101.000000,NULL),(20,2,1,2,101.000000,101.000000,101.000000,101.000000,NULL),(20,3,1,2,101.000000,101.000000,101.000000,101.000000,NULL),(21,0,1,2,101.000000,101.000000,101.000000,101.000000,NULL),(21,1,1,2,101.000000,101.000000,101.000000,101.000000,NULL),(21,2,1,2,101.000000,101.000000,101.000000,101.000000,NULL),(21,3,1,2,101.000000,101.000000,101.000000,101.000000,NULL),(22,0,1,2,101.000000,101.000000,101.000000,101.000000,NULL),(22,1,1,2,101.000000,101.000000,101.000000,101.000000,NULL),(22,2,1,2,101.000000,101.000000,101.000000,101.000000,NULL),(22,3,1,2,101.000000,101.000000,101.000000,101.000000,NULL),(23,0,1,2,101.000000,101.000000,101.000000,101.000000,NULL),(23,1,1,2,101.000000,101.000000,101.000000,101.000000,NULL),(23,2,1,2,101.000000,101.000000,101.000000,101.000000,NULL),(23,3,1,2,101.000000,101.000000,101.000000,101.000000,NULL),(24,0,1,2,101.000000,101.000000,101.000000,101.000000,NULL),(24,1,1,2,101.000000,101.000000,101.000000,101.000000,NULL),(24,2,1,2,101.000000,101.000000,101.000000,101.000000,NULL),(24,3,1,2,101.000000,101.000000,101.000000,101.000000,NULL),(25,0,1,2,101.000000,101.000000,101.000000,101.000000,NULL),(25,1,1,2,101.000000,101.000000,101.000000,101.000000,NULL),(25,2,1,2,101.000000,101.000000,101.000000,101.000000,NULL),(25,3,1,2,101.000000,101.000000,101.000000,101.000000,NULL),(26,0,1,2,101.000000,101.000000,101.000000,101.000000,NULL),(26,1,1,2,101.000000,101.000000,101.000000,101.000000,NULL),(26,2,1,2,101.000000,101.000000,101.000000,101.000000,NULL),(26,3,1,2,101.000000,101.000000,101.000000,101.000000,NULL),(27,0,1,2,101.000000,101.000000,101.000000,101.000000,NULL),(27,1,1,2,101.000000,101.000000,101.000000,101.000000,NULL),(27,2,1,2,101.000000,101.000000,101.000000,101.000000,NULL),(27,3,1,2,101.000000,101.000000,101.000000,101.000000,NULL),(28,0,1,2,101.000000,101.000000,101.000000,101.000000,NULL),(28,1,1,2,101.000000,101.000000,101.000000,101.000000,NULL),(28,2,1,2,101.000000,101.000000,101.000000,101.000000,NULL),(28,3,1,2,101.000000,101.000000,101.000000,101.000000,NULL),(29,0,1,2,101.000000,101.000000,101.000000,101.000000,NULL),(29,1,1,2,101.000000,101.000000,101.000000,101.000000,NULL),(29,2,1,2,101.000000,101.000000,101.000000,101.000000,NULL),(29,3,1,2,101.000000,101.000000,101.000000,101.000000,NULL),(30,0,1,2,101.000000,101.000000,101.000000,101.000000,NULL),(30,1,1,2,101.000000,101.000000,101.000000,101.000000,NULL),(30,2,1,2,101.000000,101.000000,101.000000,101.000000,NULL),(30,3,1,2,101.000000,101.000000,101.000000,101.000000,NULL),(31,0,1,2,101.000000,101.000000,101.000000,101.000000,NULL),(31,1,1,2,101.000000,101.000000,101.000000,101.000000,NULL),(31,2,1,2,101.000000,101.000000,101.000000,101.000000,NULL),(31,3,1,2,101.000000,101.000000,101.000000,101.000000,NULL),(32,0,1,2,0.000000,0.000000,101.000000,101.000000,NULL),(32,1,1,2,0.000000,0.000000,101.000000,101.000000,NULL),(32,2,1,2,0.000000,0.000000,101.000000,101.000000,NULL),(32,3,1,2,0.000000,0.000000,101.000000,101.000000,NULL),(33,0,1,2,0.000000,0.000000,101.000000,101.000000,NULL),(33,1,1,2,0.000000,0.000000,101.000000,101.000000,NULL),(33,2,1,2,0.000000,0.000000,101.000000,101.000000,NULL),(33,3,1,2,0.000000,0.000000,101.000000,101.000000,NULL),(34,0,1,2,0.000000,0.000000,101.000000,101.000000,NULL),(34,1,1,2,0.000000,0.000000,101.000000,101.000000,NULL),(34,2,1,2,0.000000,0.000000,101.000000,101.000000,NULL),(34,3,1,2,0.000000,0.000000,101.000000,101.000000,NULL),(35,0,1,2,0.000000,0.000000,101.000000,101.000000,NULL),(35,1,1,2,0.000000,0.000000,101.000000,101.000000,NULL),(35,2,1,2,0.000000,0.000000,101.000000,101.000000,NULL),(35,3,1,2,0.000000,0.000000,101.000000,101.000000,NULL),(36,0,1,2,0.000000,0.000000,101.000000,101.000000,NULL),(36,1,1,2,0.000000,0.000000,101.000000,101.000000,NULL),(36,2,1,2,0.000000,0.000000,101.000000,101.000000,NULL),(36,3,1,2,0.000000,0.000000,101.000000,101.000000,NULL),(37,0,1,2,101.000000,101.000000,101.000000,101.000000,NULL),(37,1,1,2,101.000000,101.000000,101.000000,101.000000,NULL),(37,2,1,2,101.000000,101.000000,101.000000,101.000000,NULL),(37,3,1,2,101.000000,101.000000,101.000000,101.000000,NULL),(38,0,1,2,101.000000,101.000000,101.000000,101.000000,NULL),(38,1,1,2,101.000000,101.000000,101.000000,101.000000,NULL),(38,2,1,2,101.000000,101.000000,101.000000,101.000000,NULL),(38,3,1,2,101.000000,101.000000,101.000000,101.000000,NULL),(39,0,1,2,101.000000,101.000000,101.000000,101.000000,NULL),(39,1,1,2,101.000000,101.000000,101.000000,101.000000,NULL),(39,2,1,2,101.000000,101.000000,101.000000,101.000000,NULL),(39,3,1,2,101.000000,101.000000,101.000000,101.000000,NULL),(40,0,1,2,101.000000,101.000000,101.000000,101.000000,NULL),(40,1,1,2,101.000000,101.000000,101.000000,101.000000,NULL),(40,2,1,2,101.000000,101.000000,101.000000,101.000000,NULL),(40,3,1,2,101.000000,101.000000,101.000000,101.000000,NULL);

--
-- Table structure for table `catalog_product_index_price_tmp`
--

CREATE TABLE `catalog_product_index_price_tmp` (
  `entity_id` int(10) unsigned NOT NULL COMMENT 'Entity ID',
  `customer_group_id` int(10) unsigned NOT NULL DEFAULT '0' COMMENT 'Customer Group ID',
  `website_id` smallint(5) unsigned NOT NULL COMMENT 'Website ID',
  `tax_class_id` smallint(5) unsigned DEFAULT '0' COMMENT 'Tax Class ID',
  `price` decimal(20,6) DEFAULT NULL COMMENT 'Price',
  `final_price` decimal(20,6) DEFAULT NULL COMMENT 'Final Price',
  `min_price` decimal(20,6) DEFAULT NULL COMMENT 'Min Price',
  `max_price` decimal(20,6) DEFAULT NULL COMMENT 'Max Price',
  `tier_price` decimal(20,6) DEFAULT NULL COMMENT 'Tier Price',
  PRIMARY KEY (`entity_id`,`customer_group_id`,`website_id`),
  KEY `CATALOG_PRODUCT_INDEX_PRICE_TMP_CUSTOMER_GROUP_ID` (`customer_group_id`),
  KEY `CATALOG_PRODUCT_INDEX_PRICE_TMP_WEBSITE_ID` (`website_id`),
  KEY `CATALOG_PRODUCT_INDEX_PRICE_TMP_MIN_PRICE` (`min_price`)
) ENGINE=InnoDB DEFAULT CHARSET=utf8 COMMENT='Catalog Product Price Indexer Temp Table';

--
-- Dumping data for table `catalog_product_index_price_tmp`
--


--
-- Table structure for table `catalog_product_index_tier_price`
--

CREATE TABLE `catalog_product_index_tier_price` (
  `entity_id` int(10) unsigned NOT NULL COMMENT 'Entity ID',
  `customer_group_id` int(10) unsigned NOT NULL COMMENT 'Customer Group ID',
  `website_id` smallint(5) unsigned NOT NULL COMMENT 'Website ID',
  `min_price` decimal(20,6) DEFAULT NULL COMMENT 'Min Price',
  PRIMARY KEY (`entity_id`,`customer_group_id`,`website_id`),
  KEY `CATALOG_PRODUCT_INDEX_TIER_PRICE_CUSTOMER_GROUP_ID` (`customer_group_id`),
  KEY `CATALOG_PRODUCT_INDEX_TIER_PRICE_WEBSITE_ID` (`website_id`),
  CONSTRAINT `CAT_PRD_IDX_TIER_PRICE_CSTR_GROUP_ID_CSTR_GROUP_CSTR_GROUP_ID` FOREIGN KEY (`customer_group_id`) REFERENCES `customer_group` (`customer_group_id`) ON DELETE CASCADE,
  CONSTRAINT `CAT_PRD_IDX_TIER_PRICE_ENTT_ID_CAT_PRD_ENTT_ENTT_ID` FOREIGN KEY (`entity_id`) REFERENCES `catalog_product_entity` (`entity_id`) ON DELETE CASCADE,
  CONSTRAINT `CAT_PRD_IDX_TIER_PRICE_WS_ID_STORE_WS_WS_ID` FOREIGN KEY (`website_id`) REFERENCES `store_website` (`website_id`) ON DELETE CASCADE
) ENGINE=InnoDB DEFAULT CHARSET=utf8 COMMENT='Catalog Product Tier Price Index Table';

--
-- Dumping data for table `catalog_product_index_tier_price`
--


--
-- Table structure for table `catalog_product_index_website`
--

CREATE TABLE `catalog_product_index_website` (
  `website_id` smallint(5) unsigned NOT NULL COMMENT 'Website ID',
  `website_date` date DEFAULT NULL COMMENT 'Website Date',
  `rate` float DEFAULT '1' COMMENT 'Rate',
  `default_store_id` smallint(5) unsigned NOT NULL COMMENT 'Default store ID for website',
  PRIMARY KEY (`website_id`),
  KEY `CATALOG_PRODUCT_INDEX_WEBSITE_WEBSITE_DATE` (`website_date`),
  CONSTRAINT `CAT_PRD_IDX_WS_WS_ID_STORE_WS_WS_ID` FOREIGN KEY (`website_id`) REFERENCES `store_website` (`website_id`) ON DELETE CASCADE
) ENGINE=InnoDB DEFAULT CHARSET=utf8 COMMENT='Catalog Product Website Index Table';

--
-- Dumping data for table `catalog_product_index_website`
--

INSERT INTO `catalog_product_index_website` VALUES (1,'2021-05-04',1,1);

--
-- Table structure for table `catalog_product_link`
--

CREATE TABLE `catalog_product_link` (
  `link_id` int(10) unsigned NOT NULL AUTO_INCREMENT COMMENT 'Link ID',
  `product_id` int(10) unsigned NOT NULL DEFAULT '0' COMMENT 'Product ID',
  `linked_product_id` int(10) unsigned NOT NULL DEFAULT '0' COMMENT 'Linked Product ID',
  `link_type_id` smallint(5) unsigned NOT NULL DEFAULT '0' COMMENT 'Link Type ID',
  PRIMARY KEY (`link_id`),
  UNIQUE KEY `CATALOG_PRODUCT_LINK_LINK_TYPE_ID_PRODUCT_ID_LINKED_PRODUCT_ID` (`link_type_id`,`product_id`,`linked_product_id`),
  KEY `CATALOG_PRODUCT_LINK_PRODUCT_ID` (`product_id`),
  KEY `CATALOG_PRODUCT_LINK_LINKED_PRODUCT_ID` (`linked_product_id`),
  CONSTRAINT `CATALOG_PRODUCT_LINK_PRODUCT_ID_CATALOG_PRODUCT_ENTITY_ENTITY_ID` FOREIGN KEY (`product_id`) REFERENCES `catalog_product_entity` (`entity_id`) ON DELETE CASCADE,
  CONSTRAINT `CAT_PRD_LNK_LNKED_PRD_ID_CAT_PRD_ENTT_ENTT_ID` FOREIGN KEY (`linked_product_id`) REFERENCES `catalog_product_entity` (`entity_id`) ON DELETE CASCADE,
  CONSTRAINT `CAT_PRD_LNK_LNK_TYPE_ID_CAT_PRD_LNK_TYPE_LNK_TYPE_ID` FOREIGN KEY (`link_type_id`) REFERENCES `catalog_product_link_type` (`link_type_id`) ON DELETE CASCADE
) ENGINE=InnoDB AUTO_INCREMENT=229 DEFAULT CHARSET=utf8 COMMENT='Catalog Product To Product Linkage Table';

--
-- Dumping data for table `catalog_product_link`
--

INSERT INTO `catalog_product_link` VALUES (49,32,1,1),(50,32,2,1),(51,32,3,1),(52,32,4,1),(53,32,5,1),(54,32,6,1),(217,33,1,1),(218,33,2,1),(219,33,3,1),(220,33,4,1),(221,33,5,1),(222,33,6,1),(121,34,1,1),(122,34,2,1),(123,34,3,1),(124,34,4,1),(125,34,5,1),(126,34,6,1),(157,35,1,1),(158,35,2,1),(159,35,3,1),(160,35,4,1),(161,35,5,1),(162,35,6,1),(205,36,1,1),(206,36,2,1),(207,36,3,1),(208,36,4,1),(209,36,5,1),(210,36,6,1),(60,32,4,4),(59,32,5,4),(58,32,6,4),(55,32,7,4),(56,32,8,4),(57,32,9,4),(223,33,4,4),(224,33,5,4),(225,33,6,4),(226,33,7,4),(227,33,8,4),(228,33,9,4),(131,34,4,4),(130,34,5,4),(132,34,6,4),(127,34,7,4),(128,34,8,4),(129,34,9,4),(167,35,4,4),(166,35,5,4),(168,35,6,4),(163,35,7,4),(164,35,8,4),(165,35,9,4),(215,36,4,4),(214,36,5,4),(216,36,6,4),(211,36,7,4),(212,36,8,4),(213,36,9,4);

--
-- Table structure for table `catalog_product_link_attribute`
--

CREATE TABLE `catalog_product_link_attribute` (
  `product_link_attribute_id` smallint(5) unsigned NOT NULL AUTO_INCREMENT COMMENT 'Product Link Attribute ID',
  `link_type_id` smallint(5) unsigned NOT NULL DEFAULT '0' COMMENT 'Link Type ID',
  `product_link_attribute_code` varchar(32) DEFAULT NULL COMMENT 'Product Link Attribute Code',
  `data_type` varchar(32) DEFAULT NULL COMMENT 'Data Type',
  PRIMARY KEY (`product_link_attribute_id`),
  KEY `CATALOG_PRODUCT_LINK_ATTRIBUTE_LINK_TYPE_ID` (`link_type_id`),
  CONSTRAINT `CAT_PRD_LNK_ATTR_LNK_TYPE_ID_CAT_PRD_LNK_TYPE_LNK_TYPE_ID` FOREIGN KEY (`link_type_id`) REFERENCES `catalog_product_link_type` (`link_type_id`) ON DELETE CASCADE
) ENGINE=InnoDB AUTO_INCREMENT=6 DEFAULT CHARSET=utf8 COMMENT='Catalog Product Link Attribute Table';

--
-- Dumping data for table `catalog_product_link_attribute`
--

INSERT INTO `catalog_product_link_attribute` VALUES (1,1,'position','int'),(2,4,'position','int'),(3,5,'position','int'),(4,3,'position','int'),(5,3,'qty','decimal');

--
-- Table structure for table `catalog_product_link_attribute_decimal`
--

CREATE TABLE `catalog_product_link_attribute_decimal` (
  `value_id` int(10) unsigned NOT NULL AUTO_INCREMENT COMMENT 'Value ID',
  `product_link_attribute_id` smallint(5) unsigned DEFAULT NULL COMMENT 'Product Link Attribute ID',
  `link_id` int(10) unsigned NOT NULL COMMENT 'Link ID',
  `value` decimal(20,6) NOT NULL DEFAULT '0.000000' COMMENT 'Value',
  PRIMARY KEY (`value_id`),
  UNIQUE KEY `CAT_PRD_LNK_ATTR_DEC_PRD_LNK_ATTR_ID_LNK_ID` (`product_link_attribute_id`,`link_id`),
  KEY `CATALOG_PRODUCT_LINK_ATTRIBUTE_DECIMAL_LINK_ID` (`link_id`),
  CONSTRAINT `CAT_PRD_LNK_ATTR_DEC_LNK_ID_CAT_PRD_LNK_LNK_ID` FOREIGN KEY (`link_id`) REFERENCES `catalog_product_link` (`link_id`) ON DELETE CASCADE,
  CONSTRAINT `FK_AB2EFA9A14F7BCF1D5400056203D14B6` FOREIGN KEY (`product_link_attribute_id`) REFERENCES `catalog_product_link_attribute` (`product_link_attribute_id`) ON DELETE CASCADE
) ENGINE=InnoDB DEFAULT CHARSET=utf8 COMMENT='Catalog Product Link Decimal Attribute Table';

--
-- Dumping data for table `catalog_product_link_attribute_decimal`
--


--
-- Table structure for table `catalog_product_link_attribute_int`
--

CREATE TABLE `catalog_product_link_attribute_int` (
  `value_id` int(10) unsigned NOT NULL AUTO_INCREMENT COMMENT 'Value ID',
  `product_link_attribute_id` smallint(5) unsigned DEFAULT NULL COMMENT 'Product Link Attribute ID',
  `link_id` int(10) unsigned NOT NULL COMMENT 'Link ID',
  `value` int(11) NOT NULL DEFAULT '0' COMMENT 'Value',
  PRIMARY KEY (`value_id`),
  UNIQUE KEY `CAT_PRD_LNK_ATTR_INT_PRD_LNK_ATTR_ID_LNK_ID` (`product_link_attribute_id`,`link_id`),
  KEY `CATALOG_PRODUCT_LINK_ATTRIBUTE_INT_LINK_ID` (`link_id`),
  CONSTRAINT `CAT_PRD_LNK_ATTR_INT_LNK_ID_CAT_PRD_LNK_LNK_ID` FOREIGN KEY (`link_id`) REFERENCES `catalog_product_link` (`link_id`) ON DELETE CASCADE,
  CONSTRAINT `FK_D6D878F8BA2A4282F8DDED7E6E3DE35C` FOREIGN KEY (`product_link_attribute_id`) REFERENCES `catalog_product_link_attribute` (`product_link_attribute_id`) ON DELETE CASCADE
) ENGINE=InnoDB AUTO_INCREMENT=229 DEFAULT CHARSET=utf8 COMMENT='Catalog Product Link Integer Attribute Table';

--
-- Dumping data for table `catalog_product_link_attribute_int`
--

INSERT INTO `catalog_product_link_attribute_int` VALUES (49,1,49,1),(50,1,50,2),(51,1,51,3),(52,1,52,4),(53,1,53,5),(54,1,54,6),(55,2,55,1),(56,2,56,2),(57,2,57,3),(58,2,58,7),(59,2,59,8),(60,2,60,9),(121,1,121,1),(122,1,122,2),(123,1,123,3),(124,1,124,4),(125,1,125,5),(126,1,126,6),(127,2,127,1),(128,2,128,2),(129,2,129,3),(130,2,130,7),(131,2,131,8),(132,2,132,9),(157,1,157,1),(158,1,158,2),(159,1,159,3),(160,1,160,4),(161,1,161,5),(162,1,162,6),(163,2,163,1),(164,2,164,2),(165,2,165,3),(166,2,166,7),(167,2,167,8),(168,2,168,9),(205,1,205,1),(206,1,206,2),(207,1,207,3),(208,1,208,4),(209,1,209,5),(210,1,210,6),(211,2,211,1),(212,2,212,2),(213,2,213,3),(214,2,214,7),(215,2,215,8),(216,2,216,9),(217,1,217,1),(218,1,218,2),(219,1,219,3),(220,1,220,4),(221,1,221,5),(222,1,222,6),(223,2,223,8),(224,2,224,7),(225,2,225,9),(226,2,226,1),(227,2,227,2),(228,2,228,3);

--
-- Table structure for table `catalog_product_link_attribute_varchar`
--

CREATE TABLE `catalog_product_link_attribute_varchar` (
  `value_id` int(10) unsigned NOT NULL AUTO_INCREMENT COMMENT 'Value ID',
  `product_link_attribute_id` smallint(5) unsigned NOT NULL DEFAULT '0' COMMENT 'Product Link Attribute ID',
  `link_id` int(10) unsigned NOT NULL COMMENT 'Link ID',
  `value` varchar(255) DEFAULT NULL COMMENT 'Value',
  PRIMARY KEY (`value_id`),
  UNIQUE KEY `CAT_PRD_LNK_ATTR_VCHR_PRD_LNK_ATTR_ID_LNK_ID` (`product_link_attribute_id`,`link_id`),
  KEY `CATALOG_PRODUCT_LINK_ATTRIBUTE_VARCHAR_LINK_ID` (`link_id`),
  CONSTRAINT `CAT_PRD_LNK_ATTR_VCHR_LNK_ID_CAT_PRD_LNK_LNK_ID` FOREIGN KEY (`link_id`) REFERENCES `catalog_product_link` (`link_id`) ON DELETE CASCADE,
  CONSTRAINT `FK_DEE9C4DA61CFCC01DFCF50F0D79CEA51` FOREIGN KEY (`product_link_attribute_id`) REFERENCES `catalog_product_link_attribute` (`product_link_attribute_id`) ON DELETE CASCADE
) ENGINE=InnoDB DEFAULT CHARSET=utf8 COMMENT='Catalog Product Link Varchar Attribute Table';

--
-- Dumping data for table `catalog_product_link_attribute_varchar`
--


--
-- Table structure for table `catalog_product_link_type`
--

CREATE TABLE `catalog_product_link_type` (
  `link_type_id` smallint(5) unsigned NOT NULL AUTO_INCREMENT COMMENT 'Link Type ID',
  `code` varchar(32) DEFAULT NULL COMMENT 'Code',
  PRIMARY KEY (`link_type_id`)
) ENGINE=InnoDB AUTO_INCREMENT=6 DEFAULT CHARSET=utf8 COMMENT='Catalog Product Link Type Table';

--
-- Dumping data for table `catalog_product_link_type`
--

INSERT INTO `catalog_product_link_type` VALUES (1,'relation'),(3,'super'),(4,'up_sell'),(5,'cross_sell');

--
-- Table structure for table `catalog_product_option`
--

CREATE TABLE `catalog_product_option` (
  `option_id` int(10) unsigned NOT NULL AUTO_INCREMENT COMMENT 'Option ID',
  `product_id` int(10) unsigned NOT NULL DEFAULT '0' COMMENT 'Product ID',
  `type` varchar(50) DEFAULT NULL COMMENT 'Type',
  `is_require` smallint(6) NOT NULL DEFAULT '1' COMMENT 'Is Required',
  `sku` varchar(64) DEFAULT NULL COMMENT 'SKU',
  `max_characters` int(10) unsigned DEFAULT NULL COMMENT 'Max Characters',
  `file_extension` varchar(50) DEFAULT NULL COMMENT 'File Extension',
  `image_size_x` smallint(5) unsigned DEFAULT NULL COMMENT 'Image Size X',
  `image_size_y` smallint(5) unsigned DEFAULT NULL COMMENT 'Image Size Y',
  `sort_order` int(10) unsigned NOT NULL DEFAULT '0' COMMENT 'Sort Order',
  PRIMARY KEY (`option_id`),
  KEY `CATALOG_PRODUCT_OPTION_PRODUCT_ID` (`product_id`),
  CONSTRAINT `CAT_PRD_OPT_PRD_ID_CAT_PRD_ENTT_ENTT_ID` FOREIGN KEY (`product_id`) REFERENCES `catalog_product_entity` (`entity_id`) ON DELETE CASCADE
) ENGINE=InnoDB DEFAULT CHARSET=utf8 COMMENT='Catalog Product Option Table';

--
-- Dumping data for table `catalog_product_option`
--


--
-- Table structure for table `catalog_product_option_price`
--

CREATE TABLE `catalog_product_option_price` (
  `option_price_id` int(10) unsigned NOT NULL AUTO_INCREMENT COMMENT 'Option Price ID',
  `option_id` int(10) unsigned NOT NULL DEFAULT '0' COMMENT 'Option ID',
  `store_id` smallint(5) unsigned NOT NULL DEFAULT '0' COMMENT 'Store ID',
  `price` decimal(20,6) NOT NULL DEFAULT '0.000000' COMMENT 'Price',
  `price_type` varchar(7) NOT NULL DEFAULT 'fixed' COMMENT 'Price Type',
  PRIMARY KEY (`option_price_id`),
  UNIQUE KEY `CATALOG_PRODUCT_OPTION_PRICE_OPTION_ID_STORE_ID` (`option_id`,`store_id`),
  KEY `CATALOG_PRODUCT_OPTION_PRICE_STORE_ID` (`store_id`),
  CONSTRAINT `CATALOG_PRODUCT_OPTION_PRICE_STORE_ID_STORE_STORE_ID` FOREIGN KEY (`store_id`) REFERENCES `store` (`store_id`) ON DELETE CASCADE,
  CONSTRAINT `CAT_PRD_OPT_PRICE_OPT_ID_CAT_PRD_OPT_OPT_ID` FOREIGN KEY (`option_id`) REFERENCES `catalog_product_option` (`option_id`) ON DELETE CASCADE
) ENGINE=InnoDB DEFAULT CHARSET=utf8 COMMENT='Catalog Product Option Price Table';

--
-- Dumping data for table `catalog_product_option_price`
--


--
-- Table structure for table `catalog_product_option_title`
--

CREATE TABLE `catalog_product_option_title` (
  `option_title_id` int(10) unsigned NOT NULL AUTO_INCREMENT COMMENT 'Option Title ID',
  `option_id` int(10) unsigned NOT NULL DEFAULT '0' COMMENT 'Option ID',
  `store_id` smallint(5) unsigned NOT NULL DEFAULT '0' COMMENT 'Store ID',
  `title` varchar(255) DEFAULT NULL COMMENT 'Title',
  PRIMARY KEY (`option_title_id`),
  UNIQUE KEY `CATALOG_PRODUCT_OPTION_TITLE_OPTION_ID_STORE_ID` (`option_id`,`store_id`),
  KEY `CATALOG_PRODUCT_OPTION_TITLE_STORE_ID` (`store_id`),
  CONSTRAINT `CATALOG_PRODUCT_OPTION_TITLE_STORE_ID_STORE_STORE_ID` FOREIGN KEY (`store_id`) REFERENCES `store` (`store_id`) ON DELETE CASCADE,
  CONSTRAINT `CAT_PRD_OPT_TTL_OPT_ID_CAT_PRD_OPT_OPT_ID` FOREIGN KEY (`option_id`) REFERENCES `catalog_product_option` (`option_id`) ON DELETE CASCADE
) ENGINE=InnoDB DEFAULT CHARSET=utf8 COMMENT='Catalog Product Option Title Table';

--
-- Dumping data for table `catalog_product_option_title`
--


--
-- Table structure for table `catalog_product_option_type_price`
--

CREATE TABLE `catalog_product_option_type_price` (
  `option_type_price_id` int(10) unsigned NOT NULL AUTO_INCREMENT COMMENT 'Option Type Price ID',
  `option_type_id` int(10) unsigned NOT NULL DEFAULT '0' COMMENT 'Option Type ID',
  `store_id` smallint(5) unsigned NOT NULL DEFAULT '0' COMMENT 'Store ID',
  `price` decimal(20,6) NOT NULL DEFAULT '0.000000' COMMENT 'Price',
  `price_type` varchar(7) NOT NULL DEFAULT 'fixed' COMMENT 'Price Type',
  PRIMARY KEY (`option_type_price_id`),
  UNIQUE KEY `CATALOG_PRODUCT_OPTION_TYPE_PRICE_OPTION_TYPE_ID_STORE_ID` (`option_type_id`,`store_id`),
  KEY `CATALOG_PRODUCT_OPTION_TYPE_PRICE_STORE_ID` (`store_id`),
  CONSTRAINT `CATALOG_PRODUCT_OPTION_TYPE_PRICE_STORE_ID_STORE_STORE_ID` FOREIGN KEY (`store_id`) REFERENCES `store` (`store_id`) ON DELETE CASCADE,
  CONSTRAINT `FK_B523E3378E8602F376CC415825576B7F` FOREIGN KEY (`option_type_id`) REFERENCES `catalog_product_option_type_value` (`option_type_id`) ON DELETE CASCADE
) ENGINE=InnoDB DEFAULT CHARSET=utf8 COMMENT='Catalog Product Option Type Price Table';

--
-- Dumping data for table `catalog_product_option_type_price`
--


--
-- Table structure for table `catalog_product_option_type_title`
--

CREATE TABLE `catalog_product_option_type_title` (
  `option_type_title_id` int(10) unsigned NOT NULL AUTO_INCREMENT COMMENT 'Option Type Title ID',
  `option_type_id` int(10) unsigned NOT NULL DEFAULT '0' COMMENT 'Option Type ID',
  `store_id` smallint(5) unsigned NOT NULL DEFAULT '0' COMMENT 'Store ID',
  `title` varchar(255) DEFAULT NULL COMMENT 'Title',
  PRIMARY KEY (`option_type_title_id`),
  UNIQUE KEY `CATALOG_PRODUCT_OPTION_TYPE_TITLE_OPTION_TYPE_ID_STORE_ID` (`option_type_id`,`store_id`),
  KEY `CATALOG_PRODUCT_OPTION_TYPE_TITLE_STORE_ID` (`store_id`),
  CONSTRAINT `CATALOG_PRODUCT_OPTION_TYPE_TITLE_STORE_ID_STORE_STORE_ID` FOREIGN KEY (`store_id`) REFERENCES `store` (`store_id`) ON DELETE CASCADE,
  CONSTRAINT `FK_C085B9CF2C2A302E8043FDEA1937D6A2` FOREIGN KEY (`option_type_id`) REFERENCES `catalog_product_option_type_value` (`option_type_id`) ON DELETE CASCADE
) ENGINE=InnoDB DEFAULT CHARSET=utf8 COMMENT='Catalog Product Option Type Title Table';

--
-- Dumping data for table `catalog_product_option_type_title`
--


--
-- Table structure for table `catalog_product_option_type_value`
--

CREATE TABLE `catalog_product_option_type_value` (
  `option_type_id` int(10) unsigned NOT NULL AUTO_INCREMENT COMMENT 'Option Type ID',
  `option_id` int(10) unsigned NOT NULL DEFAULT '0' COMMENT 'Option ID',
  `sku` varchar(64) DEFAULT NULL COMMENT 'SKU',
  `sort_order` int(10) unsigned NOT NULL DEFAULT '0' COMMENT 'Sort Order',
  PRIMARY KEY (`option_type_id`),
  KEY `CATALOG_PRODUCT_OPTION_TYPE_VALUE_OPTION_ID` (`option_id`),
  CONSTRAINT `CAT_PRD_OPT_TYPE_VAL_OPT_ID_CAT_PRD_OPT_OPT_ID` FOREIGN KEY (`option_id`) REFERENCES `catalog_product_option` (`option_id`) ON DELETE CASCADE
) ENGINE=InnoDB DEFAULT CHARSET=utf8 COMMENT='Catalog Product Option Type Value Table';

--
-- Dumping data for table `catalog_product_option_type_value`
--


--
-- Table structure for table `catalog_product_relation`
--

CREATE TABLE `catalog_product_relation` (
  `parent_id` int(10) unsigned NOT NULL COMMENT 'Parent ID',
  `child_id` int(10) unsigned NOT NULL COMMENT 'Child ID',
  PRIMARY KEY (`parent_id`,`child_id`),
  KEY `CATALOG_PRODUCT_RELATION_CHILD_ID` (`child_id`),
  CONSTRAINT `CAT_PRD_RELATION_CHILD_ID_CAT_PRD_ENTT_ENTT_ID` FOREIGN KEY (`child_id`) REFERENCES `catalog_product_entity` (`entity_id`) ON DELETE CASCADE,
  CONSTRAINT `CAT_PRD_RELATION_PARENT_ID_CAT_PRD_ENTT_ENTT_ID` FOREIGN KEY (`parent_id`) REFERENCES `catalog_product_entity` (`entity_id`) ON DELETE CASCADE
) ENGINE=InnoDB DEFAULT CHARSET=utf8 COMMENT='Catalog Product Relation Table';

--
-- Dumping data for table `catalog_product_relation`
--

INSERT INTO `catalog_product_relation` VALUES (15,10),(15,11),(15,12),(15,13),(15,14),(32,16),(33,16),(34,16),(35,16),(32,17),(33,17),(34,17),(35,17),(32,18),(33,18),(34,18),(35,18),(32,19),(33,19),(34,19),(35,19),(32,20),(33,20),(34,20),(35,20),(32,21),(33,21),(34,21),(35,21),(32,22),(33,22),(34,22),(35,22),(32,23),(33,23),(34,23),(35,23),(32,24),(33,24),(34,24),(35,24),(32,25),(33,25),(34,25),(35,25),(32,26),(33,26),(34,26),(35,26),(32,27),(33,27),(34,27),(35,27),(32,28),(33,28),(34,28),(35,28),(32,29),(33,29),(34,29),(35,29),(32,30),(33,30),(34,30),(35,30),(32,31),(33,31),(34,31),(35,31),(36,37),(36,38),(36,39),(36,40);

--
-- Table structure for table `catalog_product_super_attribute`
--

CREATE TABLE `catalog_product_super_attribute` (
  `product_super_attribute_id` int(10) unsigned NOT NULL AUTO_INCREMENT COMMENT 'Product Super Attribute ID',
  `product_id` int(10) unsigned NOT NULL DEFAULT '0' COMMENT 'Product ID',
  `attribute_id` smallint(5) unsigned NOT NULL DEFAULT '0' COMMENT 'Attribute ID',
  `position` smallint(5) unsigned NOT NULL DEFAULT '0' COMMENT 'Position',
  PRIMARY KEY (`product_super_attribute_id`),
  UNIQUE KEY `CATALOG_PRODUCT_SUPER_ATTRIBUTE_PRODUCT_ID_ATTRIBUTE_ID` (`product_id`,`attribute_id`),
  CONSTRAINT `CAT_PRD_SPR_ATTR_PRD_ID_CAT_PRD_ENTT_ENTT_ID` FOREIGN KEY (`product_id`) REFERENCES `catalog_product_entity` (`entity_id`) ON DELETE CASCADE
) ENGINE=InnoDB AUTO_INCREMENT=11 DEFAULT CHARSET=utf8 COMMENT='Catalog Product Super Attribute Table';

--
-- Dumping data for table `catalog_product_super_attribute`
--

INSERT INTO `catalog_product_super_attribute` VALUES (1,15,93,0),(2,32,93,0),(3,32,159,1),(4,33,93,0),(5,33,159,1),(6,34,93,0),(7,34,159,1),(8,35,93,0),(9,35,159,1),(10,36,93,0);

--
-- Table structure for table `catalog_product_super_attribute_label`
--

CREATE TABLE `catalog_product_super_attribute_label` (
  `value_id` int(10) unsigned NOT NULL AUTO_INCREMENT COMMENT 'Value ID',
  `product_super_attribute_id` int(10) unsigned NOT NULL DEFAULT '0' COMMENT 'Product Super Attribute ID',
  `store_id` smallint(5) unsigned NOT NULL DEFAULT '0' COMMENT 'Store ID',
  `use_default` smallint(5) unsigned DEFAULT '0' COMMENT 'Use Default Value',
  `value` varchar(255) DEFAULT NULL COMMENT 'Value',
  PRIMARY KEY (`value_id`),
  UNIQUE KEY `CAT_PRD_SPR_ATTR_LBL_PRD_SPR_ATTR_ID_STORE_ID` (`product_super_attribute_id`,`store_id`),
  KEY `CATALOG_PRODUCT_SUPER_ATTRIBUTE_LABEL_STORE_ID` (`store_id`),
  CONSTRAINT `CATALOG_PRODUCT_SUPER_ATTRIBUTE_LABEL_STORE_ID_STORE_STORE_ID` FOREIGN KEY (`store_id`) REFERENCES `store` (`store_id`) ON DELETE CASCADE,
  CONSTRAINT `FK_309442281DF7784210ED82B2CC51E5D5` FOREIGN KEY (`product_super_attribute_id`) REFERENCES `catalog_product_super_attribute` (`product_super_attribute_id`) ON DELETE CASCADE
) ENGINE=InnoDB AUTO_INCREMENT=11 DEFAULT CHARSET=utf8 COMMENT='Catalog Product Super Attribute Label Table';

--
-- Dumping data for table `catalog_product_super_attribute_label`
--

INSERT INTO `catalog_product_super_attribute_label` VALUES (1,1,0,0,'Color'),(2,2,0,0,'Color'),(3,3,0,0,'Size'),(4,4,0,0,'Color'),(5,5,0,0,'Size'),(6,6,0,0,'Color'),(7,7,0,0,'Size'),(8,8,0,0,'Color'),(9,9,0,0,'Size'),(10,10,0,0,'Color');

--
-- Table structure for table `catalog_product_super_link`
--

CREATE TABLE `catalog_product_super_link` (
  `link_id` int(10) unsigned NOT NULL AUTO_INCREMENT COMMENT 'Link ID',
  `product_id` int(10) unsigned NOT NULL DEFAULT '0' COMMENT 'Product ID',
  `parent_id` int(10) unsigned NOT NULL DEFAULT '0' COMMENT 'Parent ID',
  PRIMARY KEY (`link_id`),
  UNIQUE KEY `CATALOG_PRODUCT_SUPER_LINK_PRODUCT_ID_PARENT_ID` (`product_id`,`parent_id`),
  KEY `CATALOG_PRODUCT_SUPER_LINK_PARENT_ID` (`parent_id`),
  CONSTRAINT `CAT_PRD_SPR_LNK_PARENT_ID_CAT_PRD_ENTT_ENTT_ID` FOREIGN KEY (`parent_id`) REFERENCES `catalog_product_entity` (`entity_id`) ON DELETE CASCADE,
  CONSTRAINT `CAT_PRD_SPR_LNK_PRD_ID_CAT_PRD_ENTT_ENTT_ID` FOREIGN KEY (`product_id`) REFERENCES `catalog_product_entity` (`entity_id`) ON DELETE CASCADE
) ENGINE=InnoDB AUTO_INCREMENT=90 DEFAULT CHARSET=utf8 COMMENT='Catalog Product Super Link Table';

--
-- Dumping data for table `catalog_product_super_link`
--

INSERT INTO `catalog_product_super_link` VALUES (1,10,15),(2,11,15),(3,12,15),(4,13,15),(5,14,15),(6,16,32),(26,16,33),(42,16,34),(58,16,35),(7,17,32),(27,17,33),(43,17,34),(59,17,35),(8,18,32),(28,18,33),(44,18,34),(60,18,35),(9,19,32),(29,19,33),(45,19,34),(61,19,35),(10,20,32),(30,20,33),(46,20,34),(62,20,35),(11,21,32),(31,21,33),(47,21,34),(63,21,35),(12,22,32),(32,22,33),(48,22,34),(64,22,35),(13,23,32),(33,23,33),(49,23,34),(65,23,35),(14,24,32),(34,24,33),(50,24,34),(66,24,35),(15,25,32),(35,25,33),(51,25,34),(67,25,35),(16,26,32),(36,26,33),(52,26,34),(68,26,35),(17,27,32),(37,27,33),(53,27,34),(69,27,35),(18,28,32),(22,28,33),(38,28,34),(54,28,35),(19,29,32),(23,29,33),(39,29,34),(55,29,35),(20,30,32),(24,30,33),(40,30,34),(56,30,35),(21,31,32),(25,31,33),(41,31,34),(57,31,35),(86,37,36),(87,38,36),(88,39,36),(89,40,36);

--
-- Table structure for table `catalog_product_website`
--

CREATE TABLE `catalog_product_website` (
  `product_id` int(10) unsigned NOT NULL COMMENT 'Product ID',
  `website_id` smallint(5) unsigned NOT NULL COMMENT 'Website ID',
  PRIMARY KEY (`product_id`,`website_id`),
  KEY `CATALOG_PRODUCT_WEBSITE_WEBSITE_ID` (`website_id`),
  CONSTRAINT `CATALOG_PRODUCT_WEBSITE_WEBSITE_ID_STORE_WEBSITE_WEBSITE_ID` FOREIGN KEY (`website_id`) REFERENCES `store_website` (`website_id`) ON DELETE CASCADE,
  CONSTRAINT `CAT_PRD_WS_PRD_ID_CAT_PRD_ENTT_ENTT_ID` FOREIGN KEY (`product_id`) REFERENCES `catalog_product_entity` (`entity_id`) ON DELETE CASCADE
) ENGINE=InnoDB DEFAULT CHARSET=utf8 COMMENT='Catalog Product To Website Linkage Table';

--
-- Dumping data for table `catalog_product_website`
--

INSERT INTO `catalog_product_website` VALUES (1,1),(2,1),(3,1),(4,1),(5,1),(6,1),(7,1),(8,1),(9,1),(10,1),(11,1),(12,1),(13,1),(14,1),(15,1),(16,1),(17,1),(18,1),(19,1),(20,1),(21,1),(22,1),(23,1),(24,1),(25,1),(26,1),(27,1),(28,1),(29,1),(30,1),(31,1),(32,1),(33,1),(34,1),(35,1),(36,1),(37,1),(38,1),(39,1),(40,1);
DELIMITER ;;
/*!50003 CREATE*/ /*!50017 DEFINER=`root`@`localhost`*/ /*!50003 TRIGGER `trg_catalog_product_website_after_insert` AFTER INSERT ON `catalog_product_website` FOR EACH ROW BEGIN
INSERT IGNORE INTO `scconnector_google_remove_cl` (`entity_id`) VALUES (NEW.`product_id`);
END */;;
DELIMITER ;
DELIMITER ;;
/*!50003 CREATE*/ /*!50017 DEFINER=`root`@`localhost`*/ /*!50003 TRIGGER `trg_catalog_product_website_after_update` AFTER UPDATE ON `catalog_product_website` FOR EACH ROW BEGIN
IF (NOT(NEW.`product_id` <=> OLD.`product_id`) OR NOT(NEW.`website_id` <=> OLD.`website_id`)) THEN INSERT IGNORE INTO `scconnector_google_remove_cl` (`entity_id`) VALUES (NEW.`product_id`); END IF;
END */;;
DELIMITER ;
DELIMITER ;;
/*!50003 CREATE*/ /*!50017 DEFINER=`root`@`localhost`*/ /*!50003 TRIGGER `trg_catalog_product_website_after_delete` AFTER DELETE ON `catalog_product_website` FOR EACH ROW BEGIN
INSERT IGNORE INTO `scconnector_google_remove_cl` (`entity_id`) VALUES (OLD.`product_id`);
END */;;
DELIMITER ;

--
-- Table structure for table `catalog_url_rewrite_product_category`
--

CREATE TABLE `catalog_url_rewrite_product_category` (
  `url_rewrite_id` int(10) unsigned NOT NULL COMMENT 'url_rewrite_id',
  `category_id` int(10) unsigned NOT NULL COMMENT 'category_id',
  `product_id` int(10) unsigned NOT NULL COMMENT 'product_id',
  KEY `CATALOG_URL_REWRITE_PRODUCT_CATEGORY_CATEGORY_ID_PRODUCT_ID` (`category_id`,`product_id`),
  KEY `CAT_URL_REWRITE_PRD_CTGR_PRD_ID_CAT_PRD_ENTT_ENTT_ID` (`product_id`),
  KEY `FK_BB79E64705D7F17FE181F23144528FC8` (`url_rewrite_id`),
  CONSTRAINT `CAT_URL_REWRITE_PRD_CTGR_CTGR_ID_CAT_CTGR_ENTT_ENTT_ID` FOREIGN KEY (`category_id`) REFERENCES `catalog_category_entity` (`entity_id`) ON DELETE CASCADE,
  CONSTRAINT `CAT_URL_REWRITE_PRD_CTGR_PRD_ID_CAT_PRD_ENTT_ENTT_ID` FOREIGN KEY (`product_id`) REFERENCES `catalog_product_entity` (`entity_id`) ON DELETE CASCADE,
  CONSTRAINT `FK_BB79E64705D7F17FE181F23144528FC8` FOREIGN KEY (`url_rewrite_id`) REFERENCES `url_rewrite` (`url_rewrite_id`) ON DELETE CASCADE
) ENGINE=InnoDB DEFAULT CHARSET=utf8 COMMENT='url_rewrite_relation';

--
-- Dumping data for table `catalog_url_rewrite_product_category`
--

INSERT INTO `catalog_url_rewrite_product_category` VALUES (1417,3,1),(1418,6,1),(1419,10,1),(1420,4,1),(1422,3,1),(1423,6,1),(1424,10,1),(1425,4,1),(1427,3,2),(1428,6,2),(1429,10,2),(1430,4,2),(1432,3,2),(1433,6,2),(1434,10,2),(1435,4,2),(1437,3,3),(1438,6,3),(1439,10,3),(1440,4,3),(1442,3,3),(1443,6,3),(1444,10,3),(1445,4,3),(1447,3,4),(1448,6,4),(1449,10,4),(1450,4,4),(1452,3,4),(1453,6,4),(1454,10,4),(1455,4,4),(1457,3,5),(1458,6,5),(1459,10,5),(1460,4,5),(1462,3,5),(1463,6,5),(1464,10,5),(1465,4,5),(1467,3,6),(1468,6,6),(1469,10,6),(1470,4,6),(1472,3,6),(1473,6,6),(1474,10,6),(1475,4,6),(1477,3,7),(1478,6,7),(1479,10,7),(1480,4,7),(1482,3,7),(1483,6,7),(1484,10,7),(1485,4,7),(1487,3,8),(1488,6,8),(1489,10,8),(1490,4,8),(1492,3,8),(1493,6,8),(1494,10,8),(1495,4,8),(1497,3,9),(1498,6,9),(1499,10,9),(1500,4,9),(1502,3,9),(1503,6,9),(1504,10,9),(1505,4,9),(1507,3,15),(1508,6,15),(1509,4,15),(1511,3,15),(1512,6,15),(1513,4,15),(1714,4,32),(1718,4,32),(1713,3,32),(1717,3,32),(1715,6,32),(1719,6,32),(1730,4,33),(1738,4,33),(1729,3,33),(1737,3,33),(1731,6,33),(1739,6,33),(1754,4,34),(1762,4,34),(1753,3,34),(1761,3,34),(1755,6,34),(1763,6,34),(1778,4,35),(1786,4,35),(1777,3,35),(1785,3,35),(1779,6,35),(1787,6,35),(1802,4,36),(1810,4,36),(1801,3,36),(1809,3,36),(1803,6,36),(1811,6,36);

--
-- Table structure for table `cataloginventory_stock`
--

CREATE TABLE `cataloginventory_stock` (
  `stock_id` smallint(5) unsigned NOT NULL AUTO_INCREMENT COMMENT 'Stock ID',
  `website_id` smallint(5) unsigned NOT NULL COMMENT 'Website ID',
  `stock_name` varchar(255) DEFAULT NULL COMMENT 'Stock Name',
  PRIMARY KEY (`stock_id`),
  KEY `CATALOGINVENTORY_STOCK_WEBSITE_ID` (`website_id`)
) ENGINE=InnoDB AUTO_INCREMENT=2 DEFAULT CHARSET=utf8 COMMENT='Cataloginventory Stock';

--
-- Dumping data for table `cataloginventory_stock`
--

INSERT INTO `cataloginventory_stock` VALUES (1,0,'Default');

--
-- Table structure for table `cataloginventory_stock_item`
--

CREATE TABLE `cataloginventory_stock_item` (
  `item_id` int(10) unsigned NOT NULL AUTO_INCREMENT COMMENT 'Item ID',
  `product_id` int(10) unsigned NOT NULL DEFAULT '0' COMMENT 'Product ID',
  `stock_id` smallint(5) unsigned NOT NULL DEFAULT '0' COMMENT 'Stock ID',
  `qty` decimal(12,4) DEFAULT NULL COMMENT 'Qty',
  `min_qty` decimal(12,4) NOT NULL DEFAULT '0.0000' COMMENT 'Min Qty',
  `use_config_min_qty` smallint(5) unsigned NOT NULL DEFAULT '1' COMMENT 'Use Config Min Qty',
  `is_qty_decimal` smallint(5) unsigned NOT NULL DEFAULT '0' COMMENT 'Is Qty Decimal',
  `backorders` smallint(5) unsigned NOT NULL DEFAULT '0' COMMENT 'Backorders',
  `use_config_backorders` smallint(5) unsigned NOT NULL DEFAULT '1' COMMENT 'Use Config Backorders',
  `min_sale_qty` decimal(12,4) NOT NULL DEFAULT '1.0000' COMMENT 'Min Sale Qty',
  `use_config_min_sale_qty` smallint(5) unsigned NOT NULL DEFAULT '1' COMMENT 'Use Config Min Sale Qty',
  `max_sale_qty` decimal(12,4) NOT NULL DEFAULT '0.0000' COMMENT 'Max Sale Qty',
  `use_config_max_sale_qty` smallint(5) unsigned NOT NULL DEFAULT '1' COMMENT 'Use Config Max Sale Qty',
  `is_in_stock` smallint(5) unsigned NOT NULL DEFAULT '0' COMMENT 'Is In Stock',
  `low_stock_date` timestamp NULL DEFAULT NULL COMMENT 'Low Stock Date',
  `notify_stock_qty` decimal(12,4) DEFAULT NULL COMMENT 'Notify Stock Qty',
  `use_config_notify_stock_qty` smallint(5) unsigned NOT NULL DEFAULT '1' COMMENT 'Use Config Notify Stock Qty',
  `manage_stock` smallint(5) unsigned NOT NULL DEFAULT '0' COMMENT 'Manage Stock',
  `use_config_manage_stock` smallint(5) unsigned NOT NULL DEFAULT '1' COMMENT 'Use Config Manage Stock',
  `stock_status_changed_auto` smallint(5) unsigned NOT NULL DEFAULT '0' COMMENT 'Stock Status Changed Automatically',
  `use_config_qty_increments` smallint(5) unsigned NOT NULL DEFAULT '1' COMMENT 'Use Config Qty Increments',
  `qty_increments` decimal(12,4) NOT NULL DEFAULT '0.0000' COMMENT 'Qty Increments',
  `use_config_enable_qty_inc` smallint(5) unsigned NOT NULL DEFAULT '1' COMMENT 'Use Config Enable Qty Increments',
  `enable_qty_increments` smallint(5) unsigned NOT NULL DEFAULT '0' COMMENT 'Enable Qty Increments',
  `is_decimal_divided` smallint(5) unsigned NOT NULL DEFAULT '0' COMMENT 'Is Divided into Multiple Boxes for Shipping',
  `website_id` smallint(5) unsigned NOT NULL DEFAULT '0' COMMENT 'Website ID',
  PRIMARY KEY (`item_id`),
  UNIQUE KEY `CATALOGINVENTORY_STOCK_ITEM_PRODUCT_ID_STOCK_ID` (`product_id`,`stock_id`),
  KEY `CATALOGINVENTORY_STOCK_ITEM_WEBSITE_ID` (`website_id`),
  KEY `CATALOGINVENTORY_STOCK_ITEM_STOCK_ID` (`stock_id`),
  CONSTRAINT `CATINV_STOCK_ITEM_PRD_ID_CAT_PRD_ENTT_ENTT_ID` FOREIGN KEY (`product_id`) REFERENCES `catalog_product_entity` (`entity_id`) ON DELETE CASCADE,
  CONSTRAINT `CATINV_STOCK_ITEM_STOCK_ID_CATINV_STOCK_STOCK_ID` FOREIGN KEY (`stock_id`) REFERENCES `cataloginventory_stock` (`stock_id`) ON DELETE CASCADE
) ENGINE=InnoDB AUTO_INCREMENT=41 DEFAULT CHARSET=utf8 COMMENT='Cataloginventory Stock Item';

--
-- Dumping data for table `cataloginventory_stock_item`
--

INSERT INTO `cataloginventory_stock_item` VALUES (1,1,1,999.0000,0.0000,1,0,0,1,1.0000,1,10000.0000,1,1,NULL,1.0000,1,1,1,0,1,1.0000,1,0,0,0),(2,2,1,999.0000,0.0000,1,0,0,1,1.0000,1,10000.0000,1,1,NULL,1.0000,1,1,1,0,1,1.0000,1,0,0,0),(3,3,1,999.0000,0.0000,1,0,0,1,1.0000,1,10000.0000,1,1,NULL,1.0000,1,1,1,0,1,1.0000,1,0,0,0),(4,4,1,999.0000,0.0000,1,0,0,1,1.0000,1,10000.0000,1,1,NULL,1.0000,1,1,1,0,1,1.0000,1,0,0,0),(5,5,1,999.0000,0.0000,1,0,0,1,1.0000,1,10000.0000,1,1,NULL,1.0000,1,1,1,0,1,1.0000,1,0,0,0),(6,6,1,999.0000,0.0000,1,0,0,1,1.0000,1,10000.0000,1,1,NULL,1.0000,1,1,1,0,1,1.0000,1,0,0,0),(7,7,1,999.0000,0.0000,1,0,0,1,1.0000,1,10000.0000,1,1,NULL,1.0000,1,1,1,0,1,1.0000,1,0,0,0),(8,8,1,999.0000,0.0000,1,0,0,1,1.0000,1,10000.0000,1,1,NULL,1.0000,1,1,1,0,1,1.0000,1,0,0,0),(9,9,1,999.0000,0.0000,1,0,0,1,1.0000,1,10000.0000,1,1,NULL,1.0000,1,1,1,0,1,1.0000,1,0,0,0),(10,10,1,999.0000,0.0000,1,0,0,1,1.0000,1,10000.0000,1,1,NULL,1.0000,1,1,1,0,1,1.0000,1,0,0,0),(11,11,1,999.0000,0.0000,1,0,0,1,1.0000,1,10000.0000,1,1,NULL,1.0000,1,1,1,0,1,1.0000,1,0,0,0),(12,12,1,999.0000,0.0000,1,0,0,1,1.0000,1,10000.0000,1,1,NULL,1.0000,1,1,1,0,1,1.0000,1,0,0,0),(13,13,1,999.0000,0.0000,1,0,0,1,1.0000,1,10000.0000,1,1,NULL,1.0000,1,1,1,0,1,1.0000,1,0,0,0),(14,14,1,999.0000,0.0000,1,0,0,1,1.0000,1,10000.0000,1,1,NULL,1.0000,1,1,1,0,1,1.0000,1,0,0,0),(15,15,1,0.0000,0.0000,1,0,0,1,1.0000,1,10000.0000,1,1,NULL,1.0000,1,1,1,0,1,1.0000,1,0,0,0),(16,16,1,999.0000,0.0000,1,0,0,1,1.0000,1,10000.0000,1,1,NULL,1.0000,1,1,1,0,1,1.0000,1,0,0,0),(17,17,1,999.0000,0.0000,1,0,0,1,1.0000,1,10000.0000,1,1,NULL,1.0000,1,1,1,0,1,1.0000,1,0,0,0),(18,18,1,999.0000,0.0000,1,0,0,1,1.0000,1,10000.0000,1,1,NULL,1.0000,1,1,1,0,1,1.0000,1,0,0,0),(19,19,1,999.0000,0.0000,1,0,0,1,1.0000,1,10000.0000,1,1,NULL,1.0000,1,1,1,0,1,1.0000,1,0,0,0),(20,20,1,999.0000,0.0000,1,0,0,1,1.0000,1,10000.0000,1,1,NULL,1.0000,1,1,1,0,1,1.0000,1,0,0,0),(21,21,1,999.0000,0.0000,1,0,0,1,1.0000,1,10000.0000,1,1,NULL,1.0000,1,1,1,0,1,1.0000,1,0,0,0),(22,22,1,999.0000,0.0000,1,0,0,1,1.0000,1,10000.0000,1,1,NULL,1.0000,1,1,1,0,1,1.0000,1,0,0,0),(23,23,1,999.0000,0.0000,1,0,0,1,1.0000,1,10000.0000,1,1,NULL,1.0000,1,1,1,0,1,1.0000,1,0,0,0),(24,24,1,999.0000,0.0000,1,0,0,1,1.0000,1,10000.0000,1,1,NULL,1.0000,1,1,1,0,1,1.0000,1,0,0,0),(25,25,1,999.0000,0.0000,1,0,0,1,1.0000,1,10000.0000,1,1,NULL,1.0000,1,1,1,0,1,1.0000,1,0,0,0),(26,26,1,999.0000,0.0000,1,0,0,1,1.0000,1,10000.0000,1,1,NULL,1.0000,1,1,1,0,1,1.0000,1,0,0,0),(27,27,1,999.0000,0.0000,1,0,0,1,1.0000,1,10000.0000,1,1,NULL,1.0000,1,1,1,0,1,1.0000,1,0,0,0),(28,28,1,999.0000,0.0000,1,0,0,1,1.0000,1,10000.0000,1,1,NULL,1.0000,1,1,1,0,1,1.0000,1,0,0,0),(29,29,1,999.0000,0.0000,1,0,0,1,1.0000,1,10000.0000,1,1,NULL,1.0000,1,1,1,0,1,1.0000,1,0,0,0),(30,30,1,999.0000,0.0000,1,0,0,1,1.0000,1,10000.0000,1,1,NULL,1.0000,1,1,1,0,1,1.0000,1,0,0,0),(31,31,1,999.0000,0.0000,1,0,0,1,1.0000,1,10000.0000,1,1,NULL,1.0000,1,1,1,0,1,1.0000,1,0,0,0),(32,32,1,0.0000,0.0000,1,0,0,1,1.0000,1,10000.0000,1,1,NULL,1.0000,1,1,1,0,1,1.0000,1,0,0,0),(33,33,1,0.0000,0.0000,1,0,0,1,1.0000,1,10000.0000,1,1,NULL,1.0000,1,1,1,0,1,1.0000,1,0,0,0),(34,34,1,0.0000,0.0000,1,0,0,1,1.0000,1,10000.0000,1,1,NULL,1.0000,1,1,1,0,1,1.0000,1,0,0,0),(35,35,1,0.0000,0.0000,1,0,0,1,1.0000,1,10000.0000,1,1,NULL,1.0000,1,1,1,0,1,1.0000,1,0,0,0),(36,36,1,0.0000,0.0000,1,0,0,1,1.0000,1,10000.0000,1,1,NULL,1.0000,1,1,1,0,1,1.0000,1,0,0,0),(37,37,1,999.0000,0.0000,1,0,0,1,1.0000,1,10000.0000,1,1,NULL,1.0000,1,1,1,0,1,1.0000,1,0,0,0),(38,38,1,999.0000,0.0000,1,0,0,1,1.0000,1,10000.0000,1,1,NULL,1.0000,1,1,1,0,1,1.0000,1,0,0,0),(39,39,1,999.0000,0.0000,1,0,0,1,1.0000,1,10000.0000,1,1,NULL,1.0000,1,1,1,0,1,1.0000,1,0,0,0),(40,40,1,999.0000,0.0000,1,0,0,1,1.0000,1,10000.0000,1,1,NULL,1.0000,1,1,1,0,1,1.0000,1,0,0,0);
DELIMITER ;;
/*!50003 CREATE*/ /*!50017 DEFINER=`root`@`localhost`*/ /*!50003 TRIGGER `trg_cataloginventory_stock_item_after_insert` AFTER INSERT ON `cataloginventory_stock_item` FOR EACH ROW BEGIN
INSERT IGNORE INTO `scconnector_google_feed_cl` (`entity_id`) VALUES (NEW.`product_id`);
END */;;
DELIMITER ;
DELIMITER ;;
/*!50003 CREATE*/ /*!50017 DEFINER=`root`@`localhost`*/ /*!50003 TRIGGER `trg_cataloginventory_stock_item_after_update` AFTER UPDATE ON `cataloginventory_stock_item` FOR EACH ROW BEGIN
IF (NOT(NEW.`item_id` <=> OLD.`item_id`) OR NOT(NEW.`product_id` <=> OLD.`product_id`) OR NOT(NEW.`stock_id` <=> OLD.`stock_id`) OR NOT(NEW.`qty` <=> OLD.`qty`) OR NOT(NEW.`min_qty` <=> OLD.`min_qty`) OR NOT(NEW.`use_config_min_qty` <=> OLD.`use_config_min_qty`) OR NOT(NEW.`is_qty_decimal` <=> OLD.`is_qty_decimal`) OR NOT(NEW.`backorders` <=> OLD.`backorders`) OR NOT(NEW.`use_config_backorders` <=> OLD.`use_config_backorders`) OR NOT(NEW.`min_sale_qty` <=> OLD.`min_sale_qty`) OR NOT(NEW.`use_config_min_sale_qty` <=> OLD.`use_config_min_sale_qty`) OR NOT(NEW.`max_sale_qty` <=> OLD.`max_sale_qty`) OR NOT(NEW.`use_config_max_sale_qty` <=> OLD.`use_config_max_sale_qty`) OR NOT(NEW.`is_in_stock` <=> OLD.`is_in_stock`) OR NOT(NEW.`low_stock_date` <=> OLD.`low_stock_date`) OR NOT(NEW.`notify_stock_qty` <=> OLD.`notify_stock_qty`) OR NOT(NEW.`use_config_notify_stock_qty` <=> OLD.`use_config_notify_stock_qty`) OR NOT(NEW.`manage_stock` <=> OLD.`manage_stock`) OR NOT(NEW.`use_config_manage_stock` <=> OLD.`use_config_manage_stock`) OR NOT(NEW.`stock_status_changed_auto` <=> OLD.`stock_status_changed_auto`) OR NOT(NEW.`use_config_qty_increments` <=> OLD.`use_config_qty_increments`) OR NOT(NEW.`qty_increments` <=> OLD.`qty_increments`) OR NOT(NEW.`use_config_enable_qty_inc` <=> OLD.`use_config_enable_qty_inc`) OR NOT(NEW.`enable_qty_increments` <=> OLD.`enable_qty_increments`) OR NOT(NEW.`is_decimal_divided` <=> OLD.`is_decimal_divided`) OR NOT(NEW.`website_id` <=> OLD.`website_id`)) THEN INSERT IGNORE INTO `scconnector_google_feed_cl` (`entity_id`) VALUES (NEW.`product_id`); END IF;
END */;;
DELIMITER ;
DELIMITER ;;
/*!50003 CREATE*/ /*!50017 DEFINER=`root`@`localhost`*/ /*!50003 TRIGGER `trg_cataloginventory_stock_item_after_delete` AFTER DELETE ON `cataloginventory_stock_item` FOR EACH ROW BEGIN
INSERT IGNORE INTO `scconnector_google_feed_cl` (`entity_id`) VALUES (OLD.`product_id`);
END */;;
DELIMITER ;

--
-- Table structure for table `cataloginventory_stock_status`
--

CREATE TABLE `cataloginventory_stock_status` (
  `product_id` int(10) unsigned NOT NULL COMMENT 'Product ID',
  `website_id` smallint(5) unsigned NOT NULL COMMENT 'Website ID',
  `stock_id` smallint(5) unsigned NOT NULL COMMENT 'Stock ID',
  `qty` decimal(12,4) NOT NULL DEFAULT '0.0000' COMMENT 'Qty',
  `stock_status` smallint(5) unsigned NOT NULL COMMENT 'Stock Status',
  PRIMARY KEY (`product_id`,`website_id`,`stock_id`),
  KEY `CATALOGINVENTORY_STOCK_STATUS_STOCK_ID` (`stock_id`),
  KEY `CATALOGINVENTORY_STOCK_STATUS_WEBSITE_ID` (`website_id`),
  KEY `CATALOGINVENTORY_STOCK_STATUS_STOCK_STATUS` (`stock_status`)
) ENGINE=InnoDB DEFAULT CHARSET=utf8 COMMENT='Cataloginventory Stock Status';

--
-- Dumping data for table `cataloginventory_stock_status`
--

INSERT INTO `cataloginventory_stock_status` VALUES (1,0,1,999.0000,1),(2,0,1,999.0000,1),(3,0,1,999.0000,1),(4,0,1,999.0000,1),(5,0,1,999.0000,1),(6,0,1,999.0000,1),(7,0,1,999.0000,1),(8,0,1,999.0000,1),(9,0,1,999.0000,1),(10,0,1,999.0000,1),(11,0,1,999.0000,1),(12,0,1,999.0000,1),(13,0,1,999.0000,1),(14,0,1,999.0000,1),(15,0,1,0.0000,1),(16,0,1,999.0000,1),(17,0,1,999.0000,1),(18,0,1,999.0000,1),(19,0,1,999.0000,1),(20,0,1,999.0000,1),(21,0,1,999.0000,1),(22,0,1,999.0000,1),(23,0,1,999.0000,1),(24,0,1,999.0000,1),(25,0,1,999.0000,1),(26,0,1,999.0000,1),(27,0,1,999.0000,1),(28,0,1,999.0000,1),(29,0,1,999.0000,1),(30,0,1,999.0000,1),(31,0,1,999.0000,1),(32,0,1,0.0000,1),(33,0,1,0.0000,1),(34,0,1,0.0000,1),(35,0,1,0.0000,1),(36,0,1,0.0000,1),(37,0,1,999.0000,1),(38,0,1,999.0000,1),(39,0,1,999.0000,1),(40,0,1,999.0000,1);

--
-- Table structure for table `cataloginventory_stock_status_idx`
--

CREATE TABLE `cataloginventory_stock_status_idx` (
  `product_id` int(10) unsigned NOT NULL COMMENT 'Product ID',
  `website_id` smallint(5) unsigned NOT NULL COMMENT 'Website ID',
  `stock_id` smallint(5) unsigned NOT NULL COMMENT 'Stock ID',
  `qty` decimal(12,4) NOT NULL DEFAULT '0.0000' COMMENT 'Qty',
  `stock_status` smallint(5) unsigned NOT NULL COMMENT 'Stock Status',
  PRIMARY KEY (`product_id`,`website_id`,`stock_id`),
  KEY `CATALOGINVENTORY_STOCK_STATUS_IDX_STOCK_ID` (`stock_id`),
  KEY `CATALOGINVENTORY_STOCK_STATUS_IDX_WEBSITE_ID` (`website_id`)
) ENGINE=InnoDB DEFAULT CHARSET=utf8 COMMENT='Cataloginventory Stock Status Indexer Idx';

--
-- Dumping data for table `cataloginventory_stock_status_idx`
--

INSERT INTO `cataloginventory_stock_status_idx` VALUES (1,0,1,999.0000,1),(2,0,1,999.0000,1),(3,0,1,999.0000,1),(4,0,1,999.0000,1),(5,0,1,999.0000,1),(6,0,1,999.0000,1),(7,0,1,999.0000,1),(8,0,1,999.0000,1),(9,0,1,999.0000,1),(10,0,1,999.0000,1),(11,0,1,999.0000,1),(12,0,1,999.0000,1),(13,0,1,999.0000,1),(14,0,1,999.0000,1),(15,0,1,0.0000,1);

--
-- Table structure for table `cataloginventory_stock_status_replica`
--

CREATE TABLE `cataloginventory_stock_status_replica` (
  `product_id` int(10) unsigned NOT NULL COMMENT 'Product ID',
  `website_id` smallint(5) unsigned NOT NULL COMMENT 'Website ID',
  `stock_id` smallint(5) unsigned NOT NULL COMMENT 'Stock ID',
  `qty` decimal(12,4) NOT NULL DEFAULT '0.0000' COMMENT 'Qty',
  `stock_status` smallint(5) unsigned NOT NULL COMMENT 'Stock Status',
  PRIMARY KEY (`product_id`,`website_id`,`stock_id`),
  KEY `CATALOGINVENTORY_STOCK_STATUS_STOCK_ID` (`stock_id`),
  KEY `CATALOGINVENTORY_STOCK_STATUS_WEBSITE_ID` (`website_id`),
  KEY `CATALOGINVENTORY_STOCK_STATUS_STOCK_STATUS` (`stock_status`)
) ENGINE=InnoDB DEFAULT CHARSET=utf8 COMMENT='Cataloginventory Stock Status';

--
-- Dumping data for table `cataloginventory_stock_status_replica`
--

INSERT INTO `cataloginventory_stock_status_replica` VALUES (1,0,1,999.0000,1),(2,0,1,999.0000,1),(3,0,1,999.0000,1),(4,0,1,999.0000,1),(5,0,1,999.0000,1),(6,0,1,999.0000,1),(7,0,1,999.0000,1),(8,0,1,999.0000,1),(9,0,1,999.0000,1),(10,0,1,999.0000,1),(11,0,1,999.0000,1),(12,0,1,999.0000,1),(13,0,1,999.0000,1),(14,0,1,999.0000,1),(15,0,1,0.0000,1),(16,0,1,999.0000,1),(17,0,1,999.0000,1),(18,0,1,999.0000,1),(19,0,1,999.0000,1),(20,0,1,999.0000,1),(21,0,1,999.0000,1),(22,0,1,999.0000,1),(23,0,1,999.0000,1),(24,0,1,999.0000,1),(25,0,1,999.0000,1),(26,0,1,999.0000,1),(27,0,1,999.0000,1),(28,0,1,999.0000,1),(29,0,1,999.0000,1),(30,0,1,999.0000,1),(31,0,1,999.0000,1),(32,0,1,0.0000,1),(33,0,1,0.0000,1),(34,0,1,0.0000,1),(35,0,1,0.0000,1),(36,0,1,0.0000,1),(37,0,1,999.0000,1),(38,0,1,999.0000,1),(39,0,1,999.0000,1),(40,0,1,999.0000,1);

--
-- Table structure for table `cataloginventory_stock_status_tmp`
--

CREATE TABLE `cataloginventory_stock_status_tmp` (
  `product_id` int(10) unsigned NOT NULL COMMENT 'Product ID',
  `website_id` smallint(5) unsigned NOT NULL COMMENT 'Website ID',
  `stock_id` smallint(5) unsigned NOT NULL COMMENT 'Stock ID',
  `qty` decimal(12,4) NOT NULL DEFAULT '0.0000' COMMENT 'Qty',
  `stock_status` smallint(5) unsigned NOT NULL COMMENT 'Stock Status',
  PRIMARY KEY (`product_id`,`website_id`,`stock_id`),
  KEY `CATALOGINVENTORY_STOCK_STATUS_TMP_STOCK_ID` (`stock_id`),
  KEY `CATALOGINVENTORY_STOCK_STATUS_TMP_WEBSITE_ID` (`website_id`)
) ENGINE=InnoDB DEFAULT CHARSET=utf8 COMMENT='Cataloginventory Stock Status Indexer Tmp';

--
-- Dumping data for table `cataloginventory_stock_status_tmp`
--


--
-- Table structure for table `catalogrule`
--

CREATE TABLE `catalogrule` (
  `rule_id` int(10) unsigned NOT NULL AUTO_INCREMENT COMMENT 'Entity ID',
  `name` varchar(255) DEFAULT NULL COMMENT 'Name',
  `description` text COMMENT 'Description',
  `from_date` date DEFAULT NULL COMMENT 'From',
  `to_date` date DEFAULT NULL COMMENT 'To',
  `is_active` smallint(6) NOT NULL DEFAULT '0' COMMENT 'Is Active',
  `conditions_serialized` mediumtext COMMENT 'Conditions Serialized',
  `actions_serialized` mediumtext COMMENT 'Actions Serialized',
  `stop_rules_processing` smallint(6) NOT NULL DEFAULT '1' COMMENT 'Stop Rules Processing',
  `sort_order` int(10) unsigned NOT NULL DEFAULT '0' COMMENT 'Sort Order',
  `simple_action` varchar(32) DEFAULT NULL COMMENT 'Simple Action',
  `discount_amount` decimal(20,6) NOT NULL DEFAULT '0.000000' COMMENT 'Discount Amount',
  PRIMARY KEY (`rule_id`),
  KEY `CATALOGRULE_IS_ACTIVE_SORT_ORDER_TO_DATE_FROM_DATE` (`is_active`,`sort_order`,`to_date`,`from_date`)
) ENGINE=InnoDB DEFAULT CHARSET=utf8 COMMENT='CatalogRule';

--
-- Dumping data for table `catalogrule`
--


--
-- Table structure for table `catalogrule_customer_group`
--

CREATE TABLE `catalogrule_customer_group` (
  `rule_id` int(10) unsigned NOT NULL COMMENT 'Rule ID',
  `customer_group_id` int(10) unsigned NOT NULL COMMENT 'Customer Group ID',
  PRIMARY KEY (`rule_id`,`customer_group_id`),
  KEY `CATALOGRULE_CUSTOMER_GROUP_CUSTOMER_GROUP_ID` (`customer_group_id`),
  CONSTRAINT `CATALOGRULE_CUSTOMER_GROUP_RULE_ID_CATALOGRULE_RULE_ID` FOREIGN KEY (`rule_id`) REFERENCES `catalogrule` (`rule_id`) ON DELETE CASCADE,
  CONSTRAINT `CATRULE_CSTR_GROUP_CSTR_GROUP_ID_CSTR_GROUP_CSTR_GROUP_ID` FOREIGN KEY (`customer_group_id`) REFERENCES `customer_group` (`customer_group_id`) ON DELETE CASCADE
) ENGINE=InnoDB DEFAULT CHARSET=utf8 COMMENT='Catalog Rules To Customer Groups Relations';

--
-- Dumping data for table `catalogrule_customer_group`
--


--
-- Table structure for table `catalogrule_group_website`
--

CREATE TABLE `catalogrule_group_website` (
  `rule_id` int(10) unsigned NOT NULL DEFAULT '0' COMMENT 'Rule ID',
  `customer_group_id` int(10) unsigned NOT NULL DEFAULT '0' COMMENT 'Customer Group ID',
  `website_id` smallint(5) unsigned NOT NULL DEFAULT '0' COMMENT 'Website ID',
  PRIMARY KEY (`rule_id`,`customer_group_id`,`website_id`),
  KEY `CATALOGRULE_GROUP_WEBSITE_CUSTOMER_GROUP_ID` (`customer_group_id`),
  KEY `CATALOGRULE_GROUP_WEBSITE_WEBSITE_ID` (`website_id`)
) ENGINE=InnoDB DEFAULT CHARSET=utf8 COMMENT='CatalogRule Group Website';

--
-- Dumping data for table `catalogrule_group_website`
--


--
-- Table structure for table `catalogrule_group_website_replica`
--

CREATE TABLE `catalogrule_group_website_replica` (
  `rule_id` int(10) unsigned NOT NULL DEFAULT '0' COMMENT 'Rule ID',
  `customer_group_id` int(10) unsigned NOT NULL DEFAULT '0' COMMENT 'Customer Group ID',
  `website_id` smallint(5) unsigned NOT NULL DEFAULT '0' COMMENT 'Website ID',
  PRIMARY KEY (`rule_id`,`customer_group_id`,`website_id`),
  KEY `CATALOGRULE_GROUP_WEBSITE_CUSTOMER_GROUP_ID` (`customer_group_id`),
  KEY `CATALOGRULE_GROUP_WEBSITE_WEBSITE_ID` (`website_id`)
) ENGINE=InnoDB DEFAULT CHARSET=utf8 COMMENT='CatalogRule Group Website';

--
-- Dumping data for table `catalogrule_group_website_replica`
--


--
-- Table structure for table `catalogrule_product`
--

CREATE TABLE `catalogrule_product` (
  `rule_product_id` int(10) unsigned NOT NULL AUTO_INCREMENT COMMENT 'Rule Product ID',
  `rule_id` int(10) unsigned NOT NULL DEFAULT '0' COMMENT 'Rule ID',
  `from_time` int(10) unsigned NOT NULL DEFAULT '0' COMMENT 'From Time',
  `to_time` int(10) unsigned NOT NULL DEFAULT '0' COMMENT 'To time',
  `customer_group_id` int(11) DEFAULT NULL,
  `product_id` int(10) unsigned NOT NULL DEFAULT '0' COMMENT 'Product ID',
  `action_operator` varchar(10) DEFAULT 'to_fixed' COMMENT 'Action Operator',
  `action_amount` decimal(20,6) NOT NULL DEFAULT '0.000000' COMMENT 'Action Amount',
  `action_stop` smallint(6) NOT NULL DEFAULT '0' COMMENT 'Action Stop',
  `sort_order` int(10) unsigned NOT NULL DEFAULT '0' COMMENT 'Sort Order',
  `website_id` smallint(5) unsigned NOT NULL COMMENT 'Website ID',
  PRIMARY KEY (`rule_product_id`),
  UNIQUE KEY `UNQ_EAA51B56FF092A0DCB795D1CEF812B7B` (`rule_id`,`from_time`,`to_time`,`website_id`,`customer_group_id`,`product_id`,`sort_order`),
  KEY `CATALOGRULE_PRODUCT_CUSTOMER_GROUP_ID` (`customer_group_id`),
  KEY `CATALOGRULE_PRODUCT_WEBSITE_ID` (`website_id`),
  KEY `CATALOGRULE_PRODUCT_FROM_TIME` (`from_time`),
  KEY `CATALOGRULE_PRODUCT_TO_TIME` (`to_time`),
  KEY `CATALOGRULE_PRODUCT_PRODUCT_ID` (`product_id`)
) ENGINE=InnoDB DEFAULT CHARSET=utf8 COMMENT='CatalogRule Product';

--
-- Dumping data for table `catalogrule_product`
--


--
-- Table structure for table `catalogrule_product_price`
--

CREATE TABLE `catalogrule_product_price` (
  `rule_product_price_id` int(10) unsigned NOT NULL AUTO_INCREMENT COMMENT 'Rule Product PriceId',
  `rule_date` date NOT NULL COMMENT 'Rule Date',
  `customer_group_id` int(11) DEFAULT NULL,
  `product_id` int(10) unsigned NOT NULL DEFAULT '0' COMMENT 'Product ID',
  `rule_price` decimal(20,6) NOT NULL DEFAULT '0.000000' COMMENT 'Rule Price',
  `website_id` smallint(5) unsigned NOT NULL COMMENT 'Website ID',
  `latest_start_date` date DEFAULT NULL COMMENT 'Latest StartDate',
  `earliest_end_date` date DEFAULT NULL COMMENT 'Earliest EndDate',
  PRIMARY KEY (`rule_product_price_id`),
  UNIQUE KEY `CATRULE_PRD_PRICE_RULE_DATE_WS_ID_CSTR_GROUP_ID_PRD_ID` (`rule_date`,`website_id`,`customer_group_id`,`product_id`),
  KEY `CATALOGRULE_PRODUCT_PRICE_CUSTOMER_GROUP_ID` (`customer_group_id`),
  KEY `CATALOGRULE_PRODUCT_PRICE_WEBSITE_ID` (`website_id`),
  KEY `CATALOGRULE_PRODUCT_PRICE_PRODUCT_ID` (`product_id`)
) ENGINE=InnoDB DEFAULT CHARSET=utf8 COMMENT='CatalogRule Product Price';

--
-- Dumping data for table `catalogrule_product_price`
--


--
-- Table structure for table `catalogrule_product_price_replica`
--

CREATE TABLE `catalogrule_product_price_replica` (
  `rule_product_price_id` int(10) unsigned NOT NULL AUTO_INCREMENT COMMENT 'Rule Product PriceId',
  `rule_date` date NOT NULL COMMENT 'Rule Date',
  `customer_group_id` int(11) DEFAULT NULL,
  `product_id` int(10) unsigned NOT NULL DEFAULT '0' COMMENT 'Product ID',
  `rule_price` decimal(20,6) NOT NULL DEFAULT '0.000000' COMMENT 'Rule Price',
  `website_id` smallint(5) unsigned NOT NULL COMMENT 'Website ID',
  `latest_start_date` date DEFAULT NULL COMMENT 'Latest StartDate',
  `earliest_end_date` date DEFAULT NULL COMMENT 'Earliest EndDate',
  PRIMARY KEY (`rule_product_price_id`),
  UNIQUE KEY `CATRULE_PRD_PRICE_RULE_DATE_WS_ID_CSTR_GROUP_ID_PRD_ID` (`rule_date`,`website_id`,`customer_group_id`,`product_id`),
  KEY `CATALOGRULE_PRODUCT_PRICE_CUSTOMER_GROUP_ID` (`customer_group_id`),
  KEY `CATALOGRULE_PRODUCT_PRICE_WEBSITE_ID` (`website_id`),
  KEY `CATALOGRULE_PRODUCT_PRICE_PRODUCT_ID` (`product_id`)
) ENGINE=InnoDB DEFAULT CHARSET=utf8 COMMENT='CatalogRule Product Price';

--
-- Dumping data for table `catalogrule_product_price_replica`
--


--
-- Table structure for table `catalogrule_product_replica`
--

CREATE TABLE `catalogrule_product_replica` (
  `rule_product_id` int(10) unsigned NOT NULL AUTO_INCREMENT COMMENT 'Rule Product ID',
  `rule_id` int(10) unsigned NOT NULL DEFAULT '0' COMMENT 'Rule ID',
  `from_time` int(10) unsigned NOT NULL DEFAULT '0' COMMENT 'From Time',
  `to_time` int(10) unsigned NOT NULL DEFAULT '0' COMMENT 'To time',
  `customer_group_id` int(11) DEFAULT NULL,
  `product_id` int(10) unsigned NOT NULL DEFAULT '0' COMMENT 'Product ID',
  `action_operator` varchar(10) DEFAULT 'to_fixed' COMMENT 'Action Operator',
  `action_amount` decimal(20,6) NOT NULL DEFAULT '0.000000' COMMENT 'Action Amount',
  `action_stop` smallint(6) NOT NULL DEFAULT '0' COMMENT 'Action Stop',
  `sort_order` int(10) unsigned NOT NULL DEFAULT '0' COMMENT 'Sort Order',
  `website_id` smallint(5) unsigned NOT NULL COMMENT 'Website ID',
  PRIMARY KEY (`rule_product_id`),
  UNIQUE KEY `UNQ_EAA51B56FF092A0DCB795D1CEF812B7B` (`rule_id`,`from_time`,`to_time`,`website_id`,`customer_group_id`,`product_id`,`sort_order`),
  KEY `CATALOGRULE_PRODUCT_CUSTOMER_GROUP_ID` (`customer_group_id`),
  KEY `CATALOGRULE_PRODUCT_WEBSITE_ID` (`website_id`),
  KEY `CATALOGRULE_PRODUCT_FROM_TIME` (`from_time`),
  KEY `CATALOGRULE_PRODUCT_TO_TIME` (`to_time`),
  KEY `CATALOGRULE_PRODUCT_PRODUCT_ID` (`product_id`)
) ENGINE=InnoDB DEFAULT CHARSET=utf8 COMMENT='CatalogRule Product';

--
-- Dumping data for table `catalogrule_product_replica`
--


--
-- Table structure for table `catalogrule_website`
--

CREATE TABLE `catalogrule_website` (
  `rule_id` int(10) unsigned NOT NULL COMMENT 'Rule ID',
  `website_id` smallint(5) unsigned NOT NULL COMMENT 'Website ID',
  PRIMARY KEY (`rule_id`,`website_id`),
  KEY `CATALOGRULE_WEBSITE_WEBSITE_ID` (`website_id`),
  CONSTRAINT `CATALOGRULE_WEBSITE_RULE_ID_CATALOGRULE_RULE_ID` FOREIGN KEY (`rule_id`) REFERENCES `catalogrule` (`rule_id`) ON DELETE CASCADE,
  CONSTRAINT `CATALOGRULE_WEBSITE_WEBSITE_ID_STORE_WEBSITE_WEBSITE_ID` FOREIGN KEY (`website_id`) REFERENCES `store_website` (`website_id`) ON DELETE CASCADE
) ENGINE=InnoDB DEFAULT CHARSET=utf8 COMMENT='Catalog Rules To Websites Relations';

--
-- Dumping data for table `catalogrule_website`
--


--
-- Table structure for table `catalogsearch_fulltext_scope1`
--

CREATE TABLE `catalogsearch_fulltext_scope1` (
  `entity_id` int(10) unsigned NOT NULL COMMENT 'Entity ID',
  `attribute_id` int(10) unsigned NOT NULL COMMENT 'Attribute_id',
  `data_index` longtext COMMENT 'Data index',
  PRIMARY KEY (`entity_id`,`attribute_id`),
  FULLTEXT KEY `FTI_FULLTEXT_DATA_INDEX` (`data_index`)
) ENGINE=InnoDB DEFAULT CHARSET=utf8 COMMENT='catalogsearch_fulltext_scope1_tmp';

--
-- Dumping data for table `catalogsearch_fulltext_scope1`
--

INSERT INTO `catalogsearch_fulltext_scope1` VALUES (1,73,'Women Blouse'),(1,74,'Women Blouse'),(1,75,'Lorem ipsum dolor sit amet, consectetur adipiscing elit, sed do eiusmod tempor incididunt ut labore et dolore magna aliqua. Ut enim ad minim veniam, quis nostrud exercitation ullamco laboris nisi ut aliquip ex ea commodo consequat. Duis aute irure dolor in reprehenderit in voluptate velit esse cillum dolore eu fugiat nulla pariatur. Excepteur sint occaecat cupidatat non proident, sunt in culpa qui officia deserunt mollit anim id est laborum. Ut enim ad minim veniam, quis nostrud exercitation ullamco laboris nisi ut aliquip ex ea commodo consequat. Duis aute irure dolor in reprehenderit in voluptate velit esse cillum dolore eu fugiat nulla pariatur. Excepteur sint occaecat cupidatat non proident, sunt in culpa qui officia deserunt mollit anim id est laborum. Any Product types that You want - Simple, Configurable, Bundled and Grouped Products Downloadable/Digital Products, Virtual Products Inventory Management with Backordered items Customer Personalized Products - upload text for embroidery, monogramming, etc. Create Store-specific attributes on the fly Advanced Pricing Rules and support for Special Prices Tax Rates per location, customer group and product type Detailed Configuration Options in Theme Admin Penl'),(1,76,'Lorem ipsum dolor sit amet, consectetur adipiscing elit, sed do eiusmod tempor incididunt ut labore et dolore magna aliqua. Ut enim ad minim veniam, quis nostrud exercitation ullamco laboris nisi ut aliquip ex ea commodo consequat. Duis aute irure dolor in reprehenderit in voluptate velit esse cillum dolore eu fugiat nulla pariatur. Excepteur sint occaecat cupidatat non proident, sunt in culpa qui officia deserunt mollit anim id est laborum.'),(1,97,'Enabled'),(1,119,'women-blouse'),(1,133,'Taxable Goods'),(2,73,'Fashion Dress'),(2,74,'Fashion Dress'),(2,75,'Lorem ipsum dolor sit amet, consectetur adipiscing elit, sed do eiusmod tempor incididunt ut labore et dolore magna aliqua. Ut enim ad minim veniam, quis nostrud exercitation ullamco laboris nisi ut aliquip ex ea commodo consequat. Duis aute irure dolor in reprehenderit in voluptate velit esse cillum dolore eu fugiat nulla pariatur. Excepteur sint occaecat cupidatat non proident, sunt in culpa qui officia deserunt mollit anim id est laborum. Ut enim ad minim veniam, quis nostrud exercitation ullamco laboris nisi ut aliquip ex ea commodo consequat. Duis aute irure dolor in reprehenderit in voluptate velit esse cillum dolore eu fugiat nulla pariatur. Excepteur sint occaecat cupidatat non proident, sunt in culpa qui officia deserunt mollit anim id est laborum. Any Product types that You want - Simple, Configurable, Bundled and Grouped Products Downloadable/Digital Products, Virtual Products Inventory Management with Backordered items Customer Personalized Products - upload text for embroidery, monogramming, etc. Create Store-specific attributes on the fly Advanced Pricing Rules and support for Special Prices Tax Rates per location, customer group and product type Detailed Configuration Options in Theme Admin Penl'),(2,76,'Lorem ipsum dolor sit amet, consectetur adipiscing elit, sed do eiusmod tempor incididunt ut labore et dolore magna aliqua. Ut enim ad minim veniam, quis nostrud exercitation ullamco laboris nisi ut aliquip ex ea commodo consequat. Duis aute irure dolor in reprehenderit in voluptate velit esse cillum dolore eu fugiat nulla pariatur. Excepteur sint occaecat cupidatat non proident, sunt in culpa qui officia deserunt mollit anim id est laborum.'),(2,97,'Enabled'),(2,119,'women-blouse-1'),(2,133,'Taxable Goods'),(3,73,'Blue Denim Jeans'),(3,74,'Blue Denim Jeans'),(3,75,'Lorem ipsum dolor sit amet, consectetur adipiscing elit, sed do eiusmod tempor incididunt ut labore et dolore magna aliqua. Ut enim ad minim veniam, quis nostrud exercitation ullamco laboris nisi ut aliquip ex ea commodo consequat. Duis aute irure dolor in reprehenderit in voluptate velit esse cillum dolore eu fugiat nulla pariatur. Excepteur sint occaecat cupidatat non proident, sunt in culpa qui officia deserunt mollit anim id est laborum. Ut enim ad minim veniam, quis nostrud exercitation ullamco laboris nisi ut aliquip ex ea commodo consequat. Duis aute irure dolor in reprehenderit in voluptate velit esse cillum dolore eu fugiat nulla pariatur. Excepteur sint occaecat cupidatat non proident, sunt in culpa qui officia deserunt mollit anim id est laborum. Any Product types that You want - Simple, Configurable, Bundled and Grouped Products Downloadable/Digital Products, Virtual Products Inventory Management with Backordered items Customer Personalized Products - upload text for embroidery, monogramming, etc. Create Store-specific attributes on the fly Advanced Pricing Rules and support for Special Prices Tax Rates per location, customer group and product type Detailed Configuration Options in Theme Admin Penl'),(3,76,'Lorem ipsum dolor sit amet, consectetur adipiscing elit, sed do eiusmod tempor incididunt ut labore et dolore magna aliqua. Ut enim ad minim veniam, quis nostrud exercitation ullamco laboris nisi ut aliquip ex ea commodo consequat. Duis aute irure dolor in reprehenderit in voluptate velit esse cillum dolore eu fugiat nulla pariatur. Excepteur sint occaecat cupidatat non proident, sunt in culpa qui officia deserunt mollit anim id est laborum.'),(3,97,'Enabled'),(3,119,'women-blouse-2'),(3,133,'Taxable Goods'),(4,73,'Sheri Collar Shirt'),(4,74,'Sheri Collar Shirt'),(4,75,'Lorem ipsum dolor sit amet, consectetur adipiscing elit, sed do eiusmod tempor incididunt ut labore et dolore magna aliqua. Ut enim ad minim veniam, quis nostrud exercitation ullamco laboris nisi ut aliquip ex ea commodo consequat. Duis aute irure dolor in reprehenderit in voluptate velit esse cillum dolore eu fugiat nulla pariatur. Excepteur sint occaecat cupidatat non proident, sunt in culpa qui officia deserunt mollit anim id est laborum. Ut enim ad minim veniam, quis nostrud exercitation ullamco laboris nisi ut aliquip ex ea commodo consequat. Duis aute irure dolor in reprehenderit in voluptate velit esse cillum dolore eu fugiat nulla pariatur. Excepteur sint occaecat cupidatat non proident, sunt in culpa qui officia deserunt mollit anim id est laborum. Any Product types that You want - Simple, Configurable, Bundled and Grouped Products Downloadable/Digital Products, Virtual Products Inventory Management with Backordered items Customer Personalized Products - upload text for embroidery, monogramming, etc. Create Store-specific attributes on the fly Advanced Pricing Rules and support for Special Prices Tax Rates per location, customer group and product type Detailed Configuration Options in Theme Admin Penl'),(4,76,'Lorem ipsum dolor sit amet, consectetur adipiscing elit, sed do eiusmod tempor incididunt ut labore et dolore magna aliqua. Ut enim ad minim veniam, quis nostrud exercitation ullamco laboris nisi ut aliquip ex ea commodo consequat. Duis aute irure dolor in reprehenderit in voluptate velit esse cillum dolore eu fugiat nulla pariatur. Excepteur sint occaecat cupidatat non proident, sunt in culpa qui officia deserunt mollit anim id est laborum.'),(4,97,'Enabled'),(4,119,'women-blouse-3'),(4,133,'Taxable Goods'),(5,73,'Fashion Jacket'),(5,74,'Fashion Jacket'),(5,75,'Lorem ipsum dolor sit amet, consectetur adipiscing elit, sed do eiusmod tempor incididunt ut labore et dolore magna aliqua. Ut enim ad minim veniam, quis nostrud exercitation ullamco laboris nisi ut aliquip ex ea commodo consequat. Duis aute irure dolor in reprehenderit in voluptate velit esse cillum dolore eu fugiat nulla pariatur. Excepteur sint occaecat cupidatat non proident, sunt in culpa qui officia deserunt mollit anim id est laborum. Ut enim ad minim veniam, quis nostrud exercitation ullamco laboris nisi ut aliquip ex ea commodo consequat. Duis aute irure dolor in reprehenderit in voluptate velit esse cillum dolore eu fugiat nulla pariatur. Excepteur sint occaecat cupidatat non proident, sunt in culpa qui officia deserunt mollit anim id est laborum. Any Product types that You want - Simple, Configurable, Bundled and Grouped Products Downloadable/Digital Products, Virtual Products Inventory Management with Backordered items Customer Personalized Products - upload text for embroidery, monogramming, etc. Create Store-specific attributes on the fly Advanced Pricing Rules and support for Special Prices Tax Rates per location, customer group and product type Detailed Configuration Options in Theme Admin Penl'),(5,76,'Lorem ipsum dolor sit amet, consectetur adipiscing elit, sed do eiusmod tempor incididunt ut labore et dolore magna aliqua. Ut enim ad minim veniam, quis nostrud exercitation ullamco laboris nisi ut aliquip ex ea commodo consequat. Duis aute irure dolor in reprehenderit in voluptate velit esse cillum dolore eu fugiat nulla pariatur. Excepteur sint occaecat cupidatat non proident, sunt in culpa qui officia deserunt mollit anim id est laborum.'),(5,97,'Enabled'),(5,119,'women-blouse-4'),(5,133,'Taxable Goods'),(6,73,'Sample Product'),(6,74,'Sample Product'),(6,75,'Lorem ipsum dolor sit amet, consectetur adipiscing elit, sed do eiusmod tempor incididunt ut labore et dolore magna aliqua. Ut enim ad minim veniam, quis nostrud exercitation ullamco laboris nisi ut aliquip ex ea commodo consequat. Duis aute irure dolor in reprehenderit in voluptate velit esse cillum dolore eu fugiat nulla pariatur. Excepteur sint occaecat cupidatat non proident, sunt in culpa qui officia deserunt mollit anim id est laborum. Ut enim ad minim veniam, quis nostrud exercitation ullamco laboris nisi ut aliquip ex ea commodo consequat. Duis aute irure dolor in reprehenderit in voluptate velit esse cillum dolore eu fugiat nulla pariatur. Excepteur sint occaecat cupidatat non proident, sunt in culpa qui officia deserunt mollit anim id est laborum. Any Product types that You want - Simple, Configurable, Bundled and Grouped Products Downloadable/Digital Products, Virtual Products Inventory Management with Backordered items Customer Personalized Products - upload text for embroidery, monogramming, etc. Create Store-specific attributes on the fly Advanced Pricing Rules and support for Special Prices Tax Rates per location, customer group and product type Detailed Configuration Options in Theme Admin Penl'),(6,76,'Lorem ipsum dolor sit amet, consectetur adipiscing elit, sed do eiusmod tempor incididunt ut labore et dolore magna aliqua. Ut enim ad minim veniam, quis nostrud exercitation ullamco laboris nisi ut aliquip ex ea commodo consequat. Duis aute irure dolor in reprehenderit in voluptate velit esse cillum dolore eu fugiat nulla pariatur. Excepteur sint occaecat cupidatat non proident, sunt in culpa qui officia deserunt mollit anim id est laborum.'),(6,97,'Enabled'),(6,119,'women-blouse-5'),(6,133,'Taxable Goods'),(7,73,'Elizabeth Kint Top'),(7,74,'Elizabeth Kint Top'),(7,75,'Lorem ipsum dolor sit amet, consectetur adipiscing elit, sed do eiusmod tempor incididunt ut labore et dolore magna aliqua. Ut enim ad minim veniam, quis nostrud exercitation ullamco laboris nisi ut aliquip ex ea commodo consequat. Duis aute irure dolor in reprehenderit in voluptate velit esse cillum dolore eu fugiat nulla pariatur. Excepteur sint occaecat cupidatat non proident, sunt in culpa qui officia deserunt mollit anim id est laborum. Ut enim ad minim veniam, quis nostrud exercitation ullamco laboris nisi ut aliquip ex ea commodo consequat. Duis aute irure dolor in reprehenderit in voluptate velit esse cillum dolore eu fugiat nulla pariatur. Excepteur sint occaecat cupidatat non proident, sunt in culpa qui officia deserunt mollit anim id est laborum. Any Product types that You want - Simple, Configurable, Bundled and Grouped Products Downloadable/Digital Products, Virtual Products Inventory Management with Backordered items Customer Personalized Products - upload text for embroidery, monogramming, etc. Create Store-specific attributes on the fly Advanced Pricing Rules and support for Special Prices Tax Rates per location, customer group and product type Detailed Configuration Options in Theme Admin Penl'),(7,76,'Lorem ipsum dolor sit amet, consectetur adipiscing elit, sed do eiusmod tempor incididunt ut labore et dolore magna aliqua. Ut enim ad minim veniam, quis nostrud exercitation ullamco laboris nisi ut aliquip ex ea commodo consequat. Duis aute irure dolor in reprehenderit in voluptate velit esse cillum dolore eu fugiat nulla pariatur. Excepteur sint occaecat cupidatat non proident, sunt in culpa qui officia deserunt mollit anim id est laborum.'),(7,97,'Enabled'),(7,119,'women-blouse-6'),(7,133,'Taxable Goods'),(8,73,'Pink Shirt'),(8,74,'Pink Shirt'),(8,75,'Lorem ipsum dolor sit amet, consectetur adipiscing elit, sed do eiusmod tempor incididunt ut labore et dolore magna aliqua. Ut enim ad minim veniam, quis nostrud exercitation ullamco laboris nisi ut aliquip ex ea commodo consequat. Duis aute irure dolor in reprehenderit in voluptate velit esse cillum dolore eu fugiat nulla pariatur. Excepteur sint occaecat cupidatat non proident, sunt in culpa qui officia deserunt mollit anim id est laborum. Ut enim ad minim veniam, quis nostrud exercitation ullamco laboris nisi ut aliquip ex ea commodo consequat. Duis aute irure dolor in reprehenderit in voluptate velit esse cillum dolore eu fugiat nulla pariatur. Excepteur sint occaecat cupidatat non proident, sunt in culpa qui officia deserunt mollit anim id est laborum. Any Product types that You want - Simple, Configurable, Bundled and Grouped Products Downloadable/Digital Products, Virtual Products Inventory Management with Backordered items Customer Personalized Products - upload text for embroidery, monogramming, etc. Create Store-specific attributes on the fly Advanced Pricing Rules and support for Special Prices Tax Rates per location, customer group and product type Detailed Configuration Options in Theme Admin Penl'),(8,76,'Lorem ipsum dolor sit amet, consectetur adipiscing elit, sed do eiusmod tempor incididunt ut labore et dolore magna aliqua. Ut enim ad minim veniam, quis nostrud exercitation ullamco laboris nisi ut aliquip ex ea commodo consequat. Duis aute irure dolor in reprehenderit in voluptate velit esse cillum dolore eu fugiat nulla pariatur. Excepteur sint occaecat cupidatat non proident, sunt in culpa qui officia deserunt mollit anim id est laborum.'),(8,97,'Enabled'),(8,119,'women-blouse-7'),(8,133,'Taxable Goods'),(9,73,'Sample Fashion'),(9,74,'Sample Fashion'),(9,75,'Lorem ipsum dolor sit amet, consectetur adipiscing elit, sed do eiusmod tempor incididunt ut labore et dolore magna aliqua. Ut enim ad minim veniam, quis nostrud exercitation ullamco laboris nisi ut aliquip ex ea commodo consequat. Duis aute irure dolor in reprehenderit in voluptate velit esse cillum dolore eu fugiat nulla pariatur. Excepteur sint occaecat cupidatat non proident, sunt in culpa qui officia deserunt mollit anim id est laborum. Ut enim ad minim veniam, quis nostrud exercitation ullamco laboris nisi ut aliquip ex ea commodo consequat. Duis aute irure dolor in reprehenderit in voluptate velit esse cillum dolore eu fugiat nulla pariatur. Excepteur sint occaecat cupidatat non proident, sunt in culpa qui officia deserunt mollit anim id est laborum. Any Product types that You want - Simple, Configurable, Bundled and Grouped Products Downloadable/Digital Products, Virtual Products Inventory Management with Backordered items Customer Personalized Products - upload text for embroidery, monogramming, etc. Create Store-specific attributes on the fly Advanced Pricing Rules and support for Special Prices Tax Rates per location, customer group and product type Detailed Configuration Options in Theme Admin Penl'),(9,76,'Lorem ipsum dolor sit amet, consectetur adipiscing elit, sed do eiusmod tempor incididunt ut labore et dolore magna aliqua. Ut enim ad minim veniam, quis nostrud exercitation ullamco laboris nisi ut aliquip ex ea commodo consequat. Duis aute irure dolor in reprehenderit in voluptate velit esse cillum dolore eu fugiat nulla pariatur. Excepteur sint occaecat cupidatat non proident, sunt in culpa qui officia deserunt mollit anim id est laborum.'),(9,97,'Enabled'),(9,119,'women-blouse-8'),(9,133,'Taxable Goods'),(15,73,'Sample Configurable | Sample Configurable-White | Sample Configurable-Black | Sample Configurable-Red | Sample Configurable-Blue | Sample Configurable-Green'),(15,74,'Sample Configurable'),(15,93,'White | Black | Red | Blue | Green'),(15,97,'Enabled | Enabled | Enabled | Enabled | Enabled | Enabled'),(15,119,'sample-configurable | sample-configurable-white | sample-configurable-black | sample-configurable-red | sample-configurable-blue | sample-configurable-green'),(15,133,'Taxable Goods | Taxable Goods | Taxable Goods | Taxable Goods | Taxable Goods | Taxable Goods'),(32,73,'Extend Type Product | Extend Type Product-Red-Small | Extend Type Product-Red-Medium | Extend Type Product-Red-Large | Extend Type Product-Red-Extra Large | Extend Type Product-Blue-Small | Extend Type Product-Blue-Medium | Extend Type Product-Blue-Large | Extend Type Product-Blue-Extra Large | Extend Type Product-Green-Small | Extend Type Product-Green-Medium | Extend Type Product-Green-Large | Extend Type Product-Green-Extra Large | Extend Type Product-Black-Small | Extend Type Product-Black-Medium | Extend Type Product-Black-Large | Extend Type Product-Black-Extra Large'),(32,74,'P_TYPE_CAROUSEL'),(32,75,'Lorem ipsum dolor sit amet, consectetur adipiscing elit, sed do eiusmod tempor incididunt ut labore et dolore magna aliqua. Ut enim ad minim veniam, quis nostrud exercitation ullamco laboris nisi ut aliquip ex ea commodo consequat. Duis aute irure dolor in reprehenderit in voluptate velit esse cillum dolore eu fugiat nulla pariatur. Excepteur sint occaecat. Any Product types that You want - Simple, Configurable Downloadable/Digital Products, Virtual Products Inventory Management with Backordered items Sed do eiusmod tempor incididunt ut labore et dolore magna aliqua. Ut enim ad minim veniam, quis nostrud exercitation ullamco laboris nisi ut aliquip ex ea commodo consequat. | Lorem ipsum dolor sit amet, consectetur adipiscing elit, sed do eiusmod tempor incididunt ut labore et dolore magna aliqua. Ut enim ad minim veniam, quis nostrud exercitation ullamco laboris nisi ut aliquip ex ea commodo consequat. Duis aute irure dolor in reprehenderit in voluptate velit esse cillum dolore eu fugiat nulla pariatur. Excepteur sint occaecat. Any Product types that You want - Simple, Configurable Downloadable/Digital Products, Virtual Products Inventory Management with Backordered items Sed do eiusmod tempor incididunt ut labore et dolore magna aliqua. Ut enim ad minim veniam, quis nostrud exercitation ullamco laboris nisi ut aliquip ex ea commodo consequat. | Lorem ipsum dolor sit amet, consectetur adipiscing elit, sed do eiusmod tempor incididunt ut labore et dolore magna aliqua. Ut enim ad minim veniam, quis nostrud exercitation ullamco laboris nisi ut aliquip ex ea commodo consequat. Duis aute irure dolor in reprehenderit in voluptate velit esse cillum dolore eu fugiat nulla pariatur. Excepteur sint occaecat. Any Product types that You want - Simple, Configurable Downloadable/Digital Products, Virtual Products Inventory Management with Backordered items Sed do eiusmod tempor incididunt ut labore et dolore magna aliqua. Ut enim ad minim veniam, quis nostrud exercitation ullamco laboris nisi ut aliquip ex ea commodo consequat. | Lorem ipsum dolor sit amet, consectetur adipiscing elit, sed do eiusmod tempor incididunt ut labore et dolore magna aliqua. Ut enim ad minim veniam, quis nostrud exercitation ullamco laboris nisi ut aliquip ex ea commodo consequat. Duis aute irure dolor in reprehenderit in voluptate velit esse cillum dolore eu fugiat nulla pariatur. Excepteur sint occaecat. Any Product types that You want - Simple, Configurable Downloadable/Digital Products, Virtual Products Inventory Management with Backordered items Sed do eiusmod tempor incididunt ut labore et dolore magna aliqua. Ut enim ad minim veniam, quis nostrud exercitation ullamco laboris nisi ut aliquip ex ea commodo consequat. | Lorem ipsum dolor sit amet, consectetur adipiscing elit, sed do eiusmod tempor incididunt ut labore et dolore magna aliqua. Ut enim ad minim veniam, quis nostrud exercitation ullamco laboris nisi ut aliquip ex ea commodo consequat. Duis aute irure dolor in reprehenderit in voluptate velit esse cillum dolore eu fugiat nulla pariatur. Excepteur sint occaecat. Any Product types that You want - Simple, Configurable Downloadable/Digital Products, Virtual Products Inventory Management with Backordered items Sed do eiusmod tempor incididunt ut labore et dolore magna aliqua. Ut enim ad minim veniam, quis nostrud exercitation ullamco laboris nisi ut aliquip ex ea commodo consequat. | Lorem ipsum dolor sit amet, consectetur adipiscing elit, sed do eiusmod tempor incididunt ut labore et dolore magna aliqua. Ut enim ad minim veniam, quis nostrud exercitation ullamco laboris nisi ut aliquip ex ea commodo consequat. Duis aute irure dolor in reprehenderit in voluptate velit esse cillum dolore eu fugiat nulla pariatur. Excepteur sint occaecat. Any Product types that You want - Simple, Configurable Downloadable/Digital Products, Virtual Products Inventory Management with Backordered items Sed do eiusmod tempor incididunt ut labore et dolore magna aliqua. Ut enim ad minim veniam, quis nostrud exercitation ullamco laboris nisi ut aliquip ex ea commodo consequat. | Lorem ipsum dolor sit amet, consectetur adipiscing elit, sed do eiusmod tempor incididunt ut labore et dolore magna aliqua. Ut enim ad minim veniam, quis nostrud exercitation ullamco laboris nisi ut aliquip ex ea commodo consequat. Duis aute irure dolor in reprehenderit in voluptate velit esse cillum dolore eu fugiat nulla pariatur. Excepteur sint occaecat. Any Product types that You want - Simple, Configurable Downloadable/Digital Products, Virtual Products Inventory Management with Backordered items Sed do eiusmod tempor incididunt ut labore et dolore magna aliqua. Ut enim ad minim veniam, quis nostrud exercitation ullamco laboris nisi ut aliquip ex ea commodo consequat. | Lorem ipsum dolor sit amet, consectetur adipiscing elit, sed do eiusmod tempor incididunt ut labore et dolore magna aliqua. Ut enim ad minim veniam, quis nostrud exercitation ullamco laboris nisi ut aliquip ex ea commodo consequat. Duis aute irure dolor in reprehenderit in voluptate velit esse cillum dolore eu fugiat nulla pariatur. Excepteur sint occaecat. Any Product types that You want - Simple, Configurable Downloadable/Digital Products, Virtual Products Inventory Management with Backordered items Sed do eiusmod tempor incididunt ut labore et dolore magna aliqua. Ut enim ad minim veniam, quis nostrud exercitation ullamco laboris nisi ut aliquip ex ea commodo consequat. | Lorem ipsum dolor sit amet, consectetur adipiscing elit, sed do eiusmod tempor incididunt ut labore et dolore magna aliqua. Ut enim ad minim veniam, quis nostrud exercitation ullamco laboris nisi ut aliquip ex ea commodo consequat. Duis aute irure dolor in reprehenderit in voluptate velit esse cillum dolore eu fugiat nulla pariatur. Excepteur sint occaecat. Any Product types that You want - Simple, Configurable Downloadable/Digital Products, Virtual Products Inventory Management with Backordered items Sed do eiusmod tempor incididunt ut labore et dolore magna aliqua. Ut enim ad minim veniam, quis nostrud exercitation ullamco laboris nisi ut aliquip ex ea commodo consequat. | Lorem ipsum dolor sit amet, consectetur adipiscing elit, sed do eiusmod tempor incididunt ut labore et dolore magna aliqua. Ut enim ad minim veniam, quis nostrud exercitation ullamco laboris nisi ut aliquip ex ea commodo consequat. Duis aute irure dolor in reprehenderit in voluptate velit esse cillum dolore eu fugiat nulla pariatur. Excepteur sint occaecat. Any Product types that You want - Simple, Configurable Downloadable/Digital Products, Virtual Products Inventory Management with Backordered items Sed do eiusmod tempor incididunt ut labore et dolore magna aliqua. Ut enim ad minim veniam, quis nostrud exercitation ullamco laboris nisi ut aliquip ex ea commodo consequat. | Lorem ipsum dolor sit amet, consectetur adipiscing elit, sed do eiusmod tempor incididunt ut labore et dolore magna aliqua. Ut enim ad minim veniam, quis nostrud exercitation ullamco laboris nisi ut aliquip ex ea commodo consequat. Duis aute irure dolor in reprehenderit in voluptate velit esse cillum dolore eu fugiat nulla pariatur. Excepteur sint occaecat. Any Product types that You want - Simple, Configurable Downloadable/Digital Products, Virtual Products Inventory Management with Backordered items Sed do eiusmod tempor incididunt ut labore et dolore magna aliqua. Ut enim ad minim veniam, quis nostrud exercitation ullamco laboris nisi ut aliquip ex ea commodo consequat. | Lorem ipsum dolor sit amet, consectetur adipiscing elit, sed do eiusmod tempor incididunt ut labore et dolore magna aliqua. Ut enim ad minim veniam, quis nostrud exercitation ullamco laboris nisi ut aliquip ex ea commodo consequat. Duis aute irure dolor in reprehenderit in voluptate velit esse cillum dolore eu fugiat nulla pariatur. Excepteur sint occaecat. Any Product types that You want - Simple, Configurable Downloadable/Digital Products, Virtual Products Inventory Management with Backordered items Sed do eiusmod tempor incididunt ut labore et dolore magna aliqua. Ut enim ad minim veniam, quis nostrud exercitation ullamco laboris nisi ut aliquip ex ea commodo consequat. | Lorem ipsum dolor sit amet, consectetur adipiscing elit, sed do eiusmod tempor incididunt ut labore et dolore magna aliqua. Ut enim ad minim veniam, quis nostrud exercitation ullamco laboris nisi ut aliquip ex ea commodo consequat. Duis aute irure dolor in reprehenderit in voluptate velit esse cillum dolore eu fugiat nulla pariatur. Excepteur sint occaecat. Any Product types that You want - Simple, Configurable Downloadable/Digital Products, Virtual Products Inventory Management with Backordered items Sed do eiusmod tempor incididunt ut labore et dolore magna aliqua. Ut enim ad minim veniam, quis nostrud exercitation ullamco laboris nisi ut aliquip ex ea commodo consequat. | Lorem ipsum dolor sit amet, consectetur adipiscing elit, sed do eiusmod tempor incididunt ut labore et dolore magna aliqua. Ut enim ad minim veniam, quis nostrud exercitation ullamco laboris nisi ut aliquip ex ea commodo consequat. Duis aute irure dolor in reprehenderit in voluptate velit esse cillum dolore eu fugiat nulla pariatur. Excepteur sint occaecat. Any Product types that You want - Simple, Configurable Downloadable/Digital Products, Virtual Products Inventory Management with Backordered items Sed do eiusmod tempor incididunt ut labore et dolore magna aliqua. Ut enim ad minim veniam, quis nostrud exercitation ullamco laboris nisi ut aliquip ex ea commodo consequat. | Lorem ipsum dolor sit amet, consectetur adipiscing elit, sed do eiusmod tempor incididunt ut labore et dolore magna aliqua. Ut enim ad minim veniam, quis nostrud exercitation ullamco laboris nisi ut aliquip ex ea commodo consequat. Duis aute irure dolor in reprehenderit in voluptate velit esse cillum dolore eu fugiat nulla pariatur. Excepteur sint occaecat. Any Product types that You want - Simple, Configurable Downloadable/Digital Products, Virtual Products Inventory Management with Backordered items Sed do eiusmod tempor incididunt ut labore et dolore magna aliqua. Ut enim ad minim veniam, quis nostrud exercitation ullamco laboris nisi ut aliquip ex ea commodo consequat. | Lorem ipsum dolor sit amet, consectetur adipiscing elit, sed do eiusmod tempor incididunt ut labore et dolore magna aliqua. Ut enim ad minim veniam, quis nostrud exercitation ullamco laboris nisi ut aliquip ex ea commodo consequat. Duis aute irure dolor in reprehenderit in voluptate velit esse cillum dolore eu fugiat nulla pariatur. Excepteur sint occaecat. Any Product types that You want - Simple, Configurable Downloadable/Digital Products, Virtual Products Inventory Management with Backordered items Sed do eiusmod tempor incididunt ut labore et dolore magna aliqua. Ut enim ad minim veniam, quis nostrud exercitation ullamco laboris nisi ut aliquip ex ea commodo consequat. | Lorem ipsum dolor sit amet, consectetur adipiscing elit, sed do eiusmod tempor incididunt ut labore et dolore magna aliqua. Ut enim ad minim veniam, quis nostrud exercitation ullamco laboris nisi ut aliquip ex ea commodo consequat. Duis aute irure dolor in reprehenderit in voluptate velit esse cillum dolore eu fugiat nulla pariatur. Excepteur sint occaecat. Any Product types that You want - Simple, Configurable Downloadable/Digital Products, Virtual Products Inventory Management with Backordered items Sed do eiusmod tempor incididunt ut labore et dolore magna aliqua. Ut enim ad minim veniam, quis nostrud exercitation ullamco laboris nisi ut aliquip ex ea commodo consequat.'),(32,76,'Duis aute irure dolor in reprehenderit in voluptate velit esse cillum dolore eu fugiat nulla pariatur. Excepteur sint occaecat cupidatat non. Duis aute irure dolor in reprehenderit in voluptate velit esse cillum dolore eu fugiat nulla pariatur. Excepteur sint occaecat cupidatat nonxcepteur sint occaecat cupidatat non. Duis aute irure dolor in reprehenderit in voluptate velit esse cillum dolore eu fugiat nulla pariatur. Excepteur sint occaecat cupidatat non | Duis aute irure dolor in reprehenderit in voluptate velit esse cillum dolore eu fugiat nulla pariatur. Excepteur sint occaecat cupidatat non. Duis aute irure dolor in reprehenderit in voluptate velit esse cillum dolore eu fugiat nulla pariatur. Excepteur sint occaecat cupidatat nonxcepteur sint occaecat cupidatat non. Duis aute irure dolor in reprehenderit in voluptate velit esse cillum dolore eu fugiat nulla pariatur. Excepteur sint occaecat cupidatat non | Duis aute irure dolor in reprehenderit in voluptate velit esse cillum dolore eu fugiat nulla pariatur. Excepteur sint occaecat cupidatat non. Duis aute irure dolor in reprehenderit in voluptate velit esse cillum dolore eu fugiat nulla pariatur. Excepteur sint occaecat cupidatat nonxcepteur sint occaecat cupidatat non. Duis aute irure dolor in reprehenderit in voluptate velit esse cillum dolore eu fugiat nulla pariatur. Excepteur sint occaecat cupidatat non | Duis aute irure dolor in reprehenderit in voluptate velit esse cillum dolore eu fugiat nulla pariatur. Excepteur sint occaecat cupidatat non. Duis aute irure dolor in reprehenderit in voluptate velit esse cillum dolore eu fugiat nulla pariatur. Excepteur sint occaecat cupidatat nonxcepteur sint occaecat cupidatat non. Duis aute irure dolor in reprehenderit in voluptate velit esse cillum dolore eu fugiat nulla pariatur. Excepteur sint occaecat cupidatat non | Duis aute irure dolor in reprehenderit in voluptate velit esse cillum dolore eu fugiat nulla pariatur. Excepteur sint occaecat cupidatat non. Duis aute irure dolor in reprehenderit in voluptate velit esse cillum dolore eu fugiat nulla pariatur. Excepteur sint occaecat cupidatat nonxcepteur sint occaecat cupidatat non. Duis aute irure dolor in reprehenderit in voluptate velit esse cillum dolore eu fugiat nulla pariatur. Excepteur sint occaecat cupidatat non | Duis aute irure dolor in reprehenderit in voluptate velit esse cillum dolore eu fugiat nulla pariatur. Excepteur sint occaecat cupidatat non. Duis aute irure dolor in reprehenderit in voluptate velit esse cillum dolore eu fugiat nulla pariatur. Excepteur sint occaecat cupidatat nonxcepteur sint occaecat cupidatat non. Duis aute irure dolor in reprehenderit in voluptate velit esse cillum dolore eu fugiat nulla pariatur. Excepteur sint occaecat cupidatat non | Duis aute irure dolor in reprehenderit in voluptate velit esse cillum dolore eu fugiat nulla pariatur. Excepteur sint occaecat cupidatat non. Duis aute irure dolor in reprehenderit in voluptate velit esse cillum dolore eu fugiat nulla pariatur. Excepteur sint occaecat cupidatat nonxcepteur sint occaecat cupidatat non. Duis aute irure dolor in reprehenderit in voluptate velit esse cillum dolore eu fugiat nulla pariatur. Excepteur sint occaecat cupidatat non | Duis aute irure dolor in reprehenderit in voluptate velit esse cillum dolore eu fugiat nulla pariatur. Excepteur sint occaecat cupidatat non. Duis aute irure dolor in reprehenderit in voluptate velit esse cillum dolore eu fugiat nulla pariatur. Excepteur sint occaecat cupidatat nonxcepteur sint occaecat cupidatat non. Duis aute irure dolor in reprehenderit in voluptate velit esse cillum dolore eu fugiat nulla pariatur. Excepteur sint occaecat cupidatat non | Duis aute irure dolor in reprehenderit in voluptate velit esse cillum dolore eu fugiat nulla pariatur. Excepteur sint occaecat cupidatat non. Duis aute irure dolor in reprehenderit in voluptate velit esse cillum dolore eu fugiat nulla pariatur. Excepteur sint occaecat cupidatat nonxcepteur sint occaecat cupidatat non. Duis aute irure dolor in reprehenderit in voluptate velit esse cillum dolore eu fugiat nulla pariatur. Excepteur sint occaecat cupidatat non | Duis aute irure dolor in reprehenderit in voluptate velit esse cillum dolore eu fugiat nulla pariatur. Excepteur sint occaecat cupidatat non. Duis aute irure dolor in reprehenderit in voluptate velit esse cillum dolore eu fugiat nulla pariatur. Excepteur sint occaecat cupidatat nonxcepteur sint occaecat cupidatat non. Duis aute irure dolor in reprehenderit in voluptate velit esse cillum dolore eu fugiat nulla pariatur. Excepteur sint occaecat cupidatat non | Duis aute irure dolor in reprehenderit in voluptate velit esse cillum dolore eu fugiat nulla pariatur. Excepteur sint occaecat cupidatat non. Duis aute irure dolor in reprehenderit in voluptate velit esse cillum dolore eu fugiat nulla pariatur. Excepteur sint occaecat cupidatat nonxcepteur sint occaecat cupidatat non. Duis aute irure dolor in reprehenderit in voluptate velit esse cillum dolore eu fugiat nulla pariatur. Excepteur sint occaecat cupidatat non | Duis aute irure dolor in reprehenderit in voluptate velit esse cillum dolore eu fugiat nulla pariatur. Excepteur sint occaecat cupidatat non. Duis aute irure dolor in reprehenderit in voluptate velit esse cillum dolore eu fugiat nulla pariatur. Excepteur sint occaecat cupidatat nonxcepteur sint occaecat cupidatat non. Duis aute irure dolor in reprehenderit in voluptate velit esse cillum dolore eu fugiat nulla pariatur. Excepteur sint occaecat cupidatat non | Duis aute irure dolor in reprehenderit in voluptate velit esse cillum dolore eu fugiat nulla pariatur. Excepteur sint occaecat cupidatat non. Duis aute irure dolor in reprehenderit in voluptate velit esse cillum dolore eu fugiat nulla pariatur. Excepteur sint occaecat cupidatat nonxcepteur sint occaecat cupidatat non. Duis aute irure dolor in reprehenderit in voluptate velit esse cillum dolore eu fugiat nulla pariatur. Excepteur sint occaecat cupidatat non | Duis aute irure dolor in reprehenderit in voluptate velit esse cillum dolore eu fugiat nulla pariatur. Excepteur sint occaecat cupidatat non. Duis aute irure dolor in reprehenderit in voluptate velit esse cillum dolore eu fugiat nulla pariatur. Excepteur sint occaecat cupidatat nonxcepteur sint occaecat cupidatat non. Duis aute irure dolor in reprehenderit in voluptate velit esse cillum dolore eu fugiat nulla pariatur. Excepteur sint occaecat cupidatat non | Duis aute irure dolor in reprehenderit in voluptate velit esse cillum dolore eu fugiat nulla pariatur. Excepteur sint occaecat cupidatat non. Duis aute irure dolor in reprehenderit in voluptate velit esse cillum dolore eu fugiat nulla pariatur. Excepteur sint occaecat cupidatat nonxcepteur sint occaecat cupidatat non. Duis aute irure dolor in reprehenderit in voluptate velit esse cillum dolore eu fugiat nulla pariatur. Excepteur sint occaecat cupidatat non | Duis aute irure dolor in reprehenderit in voluptate velit esse cillum dolore eu fugiat nulla pariatur. Excepteur sint occaecat cupidatat non. Duis aute irure dolor in reprehenderit in voluptate velit esse cillum dolore eu fugiat nulla pariatur. Excepteur sint occaecat cupidatat nonxcepteur sint occaecat cupidatat non. Duis aute irure dolor in reprehenderit in voluptate velit esse cillum dolore eu fugiat nulla pariatur. Excepteur sint occaecat cupidatat non | Duis aute irure dolor in reprehenderit in voluptate velit esse cillum dolore eu fugiat nulla pariatur. Excepteur sint occaecat cupidatat non. Duis aute irure dolor in reprehenderit in voluptate velit esse cillum dolore eu fugiat nulla pariatur. Excepteur sint occaecat cupidatat nonxcepteur sint occaecat cupidatat non. Duis aute irure dolor in reprehenderit in voluptate velit esse cillum dolore eu fugiat nulla pariatur. Excepteur sint occaecat cupidatat non'),(32,93,'Red | Red | Red | Red | Blue | Blue | Blue | Blue | Green | Green | Green | Green | Black | Black | Black | Black'),(32,97,'Enabled | Enabled | Enabled | Enabled | Enabled | Enabled | Enabled | Enabled | Enabled | Enabled | Enabled | Enabled | Enabled | Enabled | Enabled | Enabled | Enabled'),(32,119,'extend-type-product | extend-type-product-red-small | extend-type-product-red-medium | extend-type-product-red-large | extend-type-product-red-extra-large | extend-type-product-blue-small | extend-type-product-blue-medium | extend-type-product-blue-large | extend-type-product-blue-extra-large | extend-type-product-green-small | extend-type-product-green-medium | extend-type-product-green-large | extend-type-product-green-extra-large | extend-type-product-black-small | extend-type-product-black-medium | extend-type-product-black-large | extend-type-product-black-extra-large'),(32,133,'Taxable Goods | Taxable Goods | Taxable Goods | Taxable Goods | Taxable Goods | Taxable Goods | Taxable Goods | Taxable Goods | Taxable Goods | Taxable Goods | Taxable Goods | Taxable Goods | Taxable Goods | Taxable Goods | Taxable Goods | Taxable Goods | Taxable Goods'),(33,73,'Fullwidth Type Product | Extend Type Product-Black-Small | Extend Type Product-Black-Medium | Extend Type Product-Black-Large | Extend Type Product-Black-Extra Large | Extend Type Product-Red-Small | Extend Type Product-Red-Medium | Extend Type Product-Red-Large | Extend Type Product-Red-Extra Large | Extend Type Product-Blue-Small | Extend Type Product-Blue-Medium | Extend Type Product-Blue-Large | Extend Type Product-Blue-Extra Large | Extend Type Product-Green-Small | Extend Type Product-Green-Medium | Extend Type Product-Green-Large | Extend Type Product-Green-Extra Large'),(33,74,'P_TYPE_FULLWIDTH'),(33,75,'Lorem ipsum dolor sit amet, consectetur adipiscing elit, sed do eiusmod tempor incididunt ut labore et dolore magna aliqua. Ut enim ad minim veniam, quis nostrud exercitation ullamco laboris nisi ut aliquip ex ea commodo consequat. Duis aute irure dolor in reprehenderit in voluptate velit esse cillum dolore eu fugiat nulla pariatur. Excepteur sint occaecat. Lorem ipsum dolor sit amet, consectetur adipiscing elit, sed do eiusmod tempor incididunt ut labore et dolore magna aliqua. Ut enim ad minim veniam, quis nostrud exercitation ullamco laboris nisi ut aliquip ex ea commodo consequat. Duis aute irure dolor in reprehenderit in voluptate velit esse cillum dolore eu fugiat nulla pariatur. Excepteur sint occaecat. Lorem ipsum dolor sit amet, consectetur adipiscing elit, sed do eiusmod tempor incididunt ut labore et dolore magna aliqua. Ut enim ad minim veniam. Any Product types that You want - Simple, Configurable Downloadable/Digital Products, Virtual Products Inventory Management with Backordered items DEDICATED SERVICE Consult our specialists for help with an order, customization, or design advice. FREE RETURNS We stand behind our goods and services and want you to be satisfied with them. INTERNATIONAL SHIPPING Currently over 50 countries qualify for express international shipping. Lorem ipsum dolor sit amet, consectetur adipiscing elit, sed do eiusmod tempor incididunt ut labore et dolore magna aliqua. Ut enim ad minim veniam, quis nostrud exercitation ullamco laboris nisi ut aliquip ex ea commodo consequat. Duis aute irure dolor in reprehenderit in voluptate velit esse cillum dolore. Lorem ipsum dolor sit amet, consectetur adipiscing elit, sed do eiusmod tempor incididunt ut labore et dolore magna aliqua. Ut enim ad minim veniam, quis nostrud exercitation ullamco laboris nisi ut aliquip ex ea commodo consequat. Duis aute irure dolor in reprehenderit in voluptate velit esse cillum dolore.Duis aute irure dolor in reprehenderit in voluptate velit esse cillum dolore. | Lorem ipsum dolor sit amet, consectetur adipiscing elit, sed do eiusmod tempor incididunt ut labore et dolore magna aliqua. Ut enim ad minim veniam, quis nostrud exercitation ullamco laboris nisi ut aliquip ex ea commodo consequat. Duis aute irure dolor in reprehenderit in voluptate velit esse cillum dolore eu fugiat nulla pariatur. Excepteur sint occaecat. Any Product types that You want - Simple, Configurable Downloadable/Digital Products, Virtual Products Inventory Management with Backordered items Sed do eiusmod tempor incididunt ut labore et dolore magna aliqua. Ut enim ad minim veniam, quis nostrud exercitation ullamco laboris nisi ut aliquip ex ea commodo consequat. | Lorem ipsum dolor sit amet, consectetur adipiscing elit, sed do eiusmod tempor incididunt ut labore et dolore magna aliqua. Ut enim ad minim veniam, quis nostrud exercitation ullamco laboris nisi ut aliquip ex ea commodo consequat. Duis aute irure dolor in reprehenderit in voluptate velit esse cillum dolore eu fugiat nulla pariatur. Excepteur sint occaecat. Any Product types that You want - Simple, Configurable Downloadable/Digital Products, Virtual Products Inventory Management with Backordered items Sed do eiusmod tempor incididunt ut labore et dolore magna aliqua. Ut enim ad minim veniam, quis nostrud exercitation ullamco laboris nisi ut aliquip ex ea commodo consequat. | Lorem ipsum dolor sit amet, consectetur adipiscing elit, sed do eiusmod tempor incididunt ut labore et dolore magna aliqua. Ut enim ad minim veniam, quis nostrud exercitation ullamco laboris nisi ut aliquip ex ea commodo consequat. Duis aute irure dolor in reprehenderit in voluptate velit esse cillum dolore eu fugiat nulla pariatur. Excepteur sint occaecat. Any Product types that You want - Simple, Configurable Downloadable/Digital Products, Virtual Products Inventory Management with Backordered items Sed do eiusmod tempor incididunt ut labore et dolore magna aliqua. Ut enim ad minim veniam, quis nostrud exercitation ullamco laboris nisi ut aliquip ex ea commodo consequat. | Lorem ipsum dolor sit amet, consectetur adipiscing elit, sed do eiusmod tempor incididunt ut labore et dolore magna aliqua. Ut enim ad minim veniam, quis nostrud exercitation ullamco laboris nisi ut aliquip ex ea commodo consequat. Duis aute irure dolor in reprehenderit in voluptate velit esse cillum dolore eu fugiat nulla pariatur. Excepteur sint occaecat. Any Product types that You want - Simple, Configurable Downloadable/Digital Products, Virtual Products Inventory Management with Backordered items Sed do eiusmod tempor incididunt ut labore et dolore magna aliqua. Ut enim ad minim veniam, quis nostrud exercitation ullamco laboris nisi ut aliquip ex ea commodo consequat. | Lorem ipsum dolor sit amet, consectetur adipiscing elit, sed do eiusmod tempor incididunt ut labore et dolore magna aliqua. Ut enim ad minim veniam, quis nostrud exercitation ullamco laboris nisi ut aliquip ex ea commodo consequat. Duis aute irure dolor in reprehenderit in voluptate velit esse cillum dolore eu fugiat nulla pariatur. Excepteur sint occaecat. Any Product types that You want - Simple, Configurable Downloadable/Digital Products, Virtual Products Inventory Management with Backordered items Sed do eiusmod tempor incididunt ut labore et dolore magna aliqua. Ut enim ad minim veniam, quis nostrud exercitation ullamco laboris nisi ut aliquip ex ea commodo consequat. | Lorem ipsum dolor sit amet, consectetur adipiscing elit, sed do eiusmod tempor incididunt ut labore et dolore magna aliqua. Ut enim ad minim veniam, quis nostrud exercitation ullamco laboris nisi ut aliquip ex ea commodo consequat. Duis aute irure dolor in reprehenderit in voluptate velit esse cillum dolore eu fugiat nulla pariatur. Excepteur sint occaecat. Any Product types that You want - Simple, Configurable Downloadable/Digital Products, Virtual Products Inventory Management with Backordered items Sed do eiusmod tempor incididunt ut labore et dolore magna aliqua. Ut enim ad minim veniam, quis nostrud exercitation ullamco laboris nisi ut aliquip ex ea commodo consequat. | Lorem ipsum dolor sit amet, consectetur adipiscing elit, sed do eiusmod tempor incididunt ut labore et dolore magna aliqua. Ut enim ad minim veniam, quis nostrud exercitation ullamco laboris nisi ut aliquip ex ea commodo consequat. Duis aute irure dolor in reprehenderit in voluptate velit esse cillum dolore eu fugiat nulla pariatur. Excepteur sint occaecat. Any Product types that You want - Simple, Configurable Downloadable/Digital Products, Virtual Products Inventory Management with Backordered items Sed do eiusmod tempor incididunt ut labore et dolore magna aliqua. Ut enim ad minim veniam, quis nostrud exercitation ullamco laboris nisi ut aliquip ex ea commodo consequat. | Lorem ipsum dolor sit amet, consectetur adipiscing elit, sed do eiusmod tempor incididunt ut labore et dolore magna aliqua. Ut enim ad minim veniam, quis nostrud exercitation ullamco laboris nisi ut aliquip ex ea commodo consequat. Duis aute irure dolor in reprehenderit in voluptate velit esse cillum dolore eu fugiat nulla pariatur. Excepteur sint occaecat. Any Product types that You want - Simple, Configurable Downloadable/Digital Products, Virtual Products Inventory Management with Backordered items Sed do eiusmod tempor incididunt ut labore et dolore magna aliqua. Ut enim ad minim veniam, quis nostrud exercitation ullamco laboris nisi ut aliquip ex ea commodo consequat. | Lorem ipsum dolor sit amet, consectetur adipiscing elit, sed do eiusmod tempor incididunt ut labore et dolore magna aliqua. Ut enim ad minim veniam, quis nostrud exercitation ullamco laboris nisi ut aliquip ex ea commodo consequat. Duis aute irure dolor in reprehenderit in voluptate velit esse cillum dolore eu fugiat nulla pariatur. Excepteur sint occaecat. Any Product types that You want - Simple, Configurable Downloadable/Digital Products, Virtual Products Inventory Management with Backordered items Sed do eiusmod tempor incididunt ut labore et dolore magna aliqua. Ut enim ad minim veniam, quis nostrud exercitation ullamco laboris nisi ut aliquip ex ea commodo consequat. | Lorem ipsum dolor sit amet, consectetur adipiscing elit, sed do eiusmod tempor incididunt ut labore et dolore magna aliqua. Ut enim ad minim veniam, quis nostrud exercitation ullamco laboris nisi ut aliquip ex ea commodo consequat. Duis aute irure dolor in reprehenderit in voluptate velit esse cillum dolore eu fugiat nulla pariatur. Excepteur sint occaecat. Any Product types that You want - Simple, Configurable Downloadable/Digital Products, Virtual Products Inventory Management with Backordered items Sed do eiusmod tempor incididunt ut labore et dolore magna aliqua. Ut enim ad minim veniam, quis nostrud exercitation ullamco laboris nisi ut aliquip ex ea commodo consequat. | Lorem ipsum dolor sit amet, consectetur adipiscing elit, sed do eiusmod tempor incididunt ut labore et dolore magna aliqua. Ut enim ad minim veniam, quis nostrud exercitation ullamco laboris nisi ut aliquip ex ea commodo consequat. Duis aute irure dolor in reprehenderit in voluptate velit esse cillum dolore eu fugiat nulla pariatur. Excepteur sint occaecat. Any Product types that You want - Simple, Configurable Downloadable/Digital Products, Virtual Products Inventory Management with Backordered items Sed do eiusmod tempor incididunt ut labore et dolore magna aliqua. Ut enim ad minim veniam, quis nostrud exercitation ullamco laboris nisi ut aliquip ex ea commodo consequat. | Lorem ipsum dolor sit amet, consectetur adipiscing elit, sed do eiusmod tempor incididunt ut labore et dolore magna aliqua. Ut enim ad minim veniam, quis nostrud exercitation ullamco laboris nisi ut aliquip ex ea commodo consequat. Duis aute irure dolor in reprehenderit in voluptate velit esse cillum dolore eu fugiat nulla pariatur. Excepteur sint occaecat. Any Product types that You want - Simple, Configurable Downloadable/Digital Products, Virtual Products Inventory Management with Backordered items Sed do eiusmod tempor incididunt ut labore et dolore magna aliqua. Ut enim ad minim veniam, quis nostrud exercitation ullamco laboris nisi ut aliquip ex ea commodo consequat. | Lorem ipsum dolor sit amet, consectetur adipiscing elit, sed do eiusmod tempor incididunt ut labore et dolore magna aliqua. Ut enim ad minim veniam, quis nostrud exercitation ullamco laboris nisi ut aliquip ex ea commodo consequat. Duis aute irure dolor in reprehenderit in voluptate velit esse cillum dolore eu fugiat nulla pariatur. Excepteur sint occaecat. Any Product types that You want - Simple, Configurable Downloadable/Digital Products, Virtual Products Inventory Management with Backordered items Sed do eiusmod tempor incididunt ut labore et dolore magna aliqua. Ut enim ad minim veniam, quis nostrud exercitation ullamco laboris nisi ut aliquip ex ea commodo consequat. | Lorem ipsum dolor sit amet, consectetur adipiscing elit, sed do eiusmod tempor incididunt ut labore et dolore magna aliqua. Ut enim ad minim veniam, quis nostrud exercitation ullamco laboris nisi ut aliquip ex ea commodo consequat. Duis aute irure dolor in reprehenderit in voluptate velit esse cillum dolore eu fugiat nulla pariatur. Excepteur sint occaecat. Any Product types that You want - Simple, Configurable Downloadable/Digital Products, Virtual Products Inventory Management with Backordered items Sed do eiusmod tempor incididunt ut labore et dolore magna aliqua. Ut enim ad minim veniam, quis nostrud exercitation ullamco laboris nisi ut aliquip ex ea commodo consequat. | Lorem ipsum dolor sit amet, consectetur adipiscing elit, sed do eiusmod tempor incididunt ut labore et dolore magna aliqua. Ut enim ad minim veniam, quis nostrud exercitation ullamco laboris nisi ut aliquip ex ea commodo consequat. Duis aute irure dolor in reprehenderit in voluptate velit esse cillum dolore eu fugiat nulla pariatur. Excepteur sint occaecat. Any Product types that You want - Simple, Configurable Downloadable/Digital Products, Virtual Products Inventory Management with Backordered items Sed do eiusmod tempor incididunt ut labore et dolore magna aliqua. Ut enim ad minim veniam, quis nostrud exercitation ullamco laboris nisi ut aliquip ex ea commodo consequat. | Lorem ipsum dolor sit amet, consectetur adipiscing elit, sed do eiusmod tempor incididunt ut labore et dolore magna aliqua. Ut enim ad minim veniam, quis nostrud exercitation ullamco laboris nisi ut aliquip ex ea commodo consequat. Duis aute irure dolor in reprehenderit in voluptate velit esse cillum dolore eu fugiat nulla pariatur. Excepteur sint occaecat. Any Product types that You want - Simple, Configurable Downloadable/Digital Products, Virtual Products Inventory Management with Backordered items Sed do eiusmod tempor incididunt ut labore et dolore magna aliqua. Ut enim ad minim veniam, quis nostrud exercitation ullamco laboris nisi ut aliquip ex ea commodo consequat.'),(33,76,'Duis aute irure dolor in reprehenderit in voluptate velit esse cillum dolore eu fugiat nulla pariatur. Excepteur sint occaecat cupidatat non proident, sunt in culpa qui officia deserunt mollit anim id est laborum. | Duis aute irure dolor in reprehenderit in voluptate velit esse cillum dolore eu fugiat nulla pariatur. Excepteur sint occaecat cupidatat non. Duis aute irure dolor in reprehenderit in voluptate velit esse cillum dolore eu fugiat nulla pariatur. Excepteur sint occaecat cupidatat nonxcepteur sint occaecat cupidatat non. Duis aute irure dolor in reprehenderit in voluptate velit esse cillum dolore eu fugiat nulla pariatur. Excepteur sint occaecat cupidatat non | Duis aute irure dolor in reprehenderit in voluptate velit esse cillum dolore eu fugiat nulla pariatur. Excepteur sint occaecat cupidatat non. Duis aute irure dolor in reprehenderit in voluptate velit esse cillum dolore eu fugiat nulla pariatur. Excepteur sint occaecat cupidatat nonxcepteur sint occaecat cupidatat non. Duis aute irure dolor in reprehenderit in voluptate velit esse cillum dolore eu fugiat nulla pariatur. Excepteur sint occaecat cupidatat non | Duis aute irure dolor in reprehenderit in voluptate velit esse cillum dolore eu fugiat nulla pariatur. Excepteur sint occaecat cupidatat non. Duis aute irure dolor in reprehenderit in voluptate velit esse cillum dolore eu fugiat nulla pariatur. Excepteur sint occaecat cupidatat nonxcepteur sint occaecat cupidatat non. Duis aute irure dolor in reprehenderit in voluptate velit esse cillum dolore eu fugiat nulla pariatur. Excepteur sint occaecat cupidatat non | Duis aute irure dolor in reprehenderit in voluptate velit esse cillum dolore eu fugiat nulla pariatur. Excepteur sint occaecat cupidatat non. Duis aute irure dolor in reprehenderit in voluptate velit esse cillum dolore eu fugiat nulla pariatur. Excepteur sint occaecat cupidatat nonxcepteur sint occaecat cupidatat non. Duis aute irure dolor in reprehenderit in voluptate velit esse cillum dolore eu fugiat nulla pariatur. Excepteur sint occaecat cupidatat non | Duis aute irure dolor in reprehenderit in voluptate velit esse cillum dolore eu fugiat nulla pariatur. Excepteur sint occaecat cupidatat non. Duis aute irure dolor in reprehenderit in voluptate velit esse cillum dolore eu fugiat nulla pariatur. Excepteur sint occaecat cupidatat nonxcepteur sint occaecat cupidatat non. Duis aute irure dolor in reprehenderit in voluptate velit esse cillum dolore eu fugiat nulla pariatur. Excepteur sint occaecat cupidatat non | Duis aute irure dolor in reprehenderit in voluptate velit esse cillum dolore eu fugiat nulla pariatur. Excepteur sint occaecat cupidatat non. Duis aute irure dolor in reprehenderit in voluptate velit esse cillum dolore eu fugiat nulla pariatur. Excepteur sint occaecat cupidatat nonxcepteur sint occaecat cupidatat non. Duis aute irure dolor in reprehenderit in voluptate velit esse cillum dolore eu fugiat nulla pariatur. Excepteur sint occaecat cupidatat non | Duis aute irure dolor in reprehenderit in voluptate velit esse cillum dolore eu fugiat nulla pariatur. Excepteur sint occaecat cupidatat non. Duis aute irure dolor in reprehenderit in voluptate velit esse cillum dolore eu fugiat nulla pariatur. Excepteur sint occaecat cupidatat nonxcepteur sint occaecat cupidatat non. Duis aute irure dolor in reprehenderit in voluptate velit esse cillum dolore eu fugiat nulla pariatur. Excepteur sint occaecat cupidatat non | Duis aute irure dolor in reprehenderit in voluptate velit esse cillum dolore eu fugiat nulla pariatur. Excepteur sint occaecat cupidatat non. Duis aute irure dolor in reprehenderit in voluptate velit esse cillum dolore eu fugiat nulla pariatur. Excepteur sint occaecat cupidatat nonxcepteur sint occaecat cupidatat non. Duis aute irure dolor in reprehenderit in voluptate velit esse cillum dolore eu fugiat nulla pariatur. Excepteur sint occaecat cupidatat non | Duis aute irure dolor in reprehenderit in voluptate velit esse cillum dolore eu fugiat nulla pariatur. Excepteur sint occaecat cupidatat non. Duis aute irure dolor in reprehenderit in voluptate velit esse cillum dolore eu fugiat nulla pariatur. Excepteur sint occaecat cupidatat nonxcepteur sint occaecat cupidatat non. Duis aute irure dolor in reprehenderit in voluptate velit esse cillum dolore eu fugiat nulla pariatur. Excepteur sint occaecat cupidatat non | Duis aute irure dolor in reprehenderit in voluptate velit esse cillum dolore eu fugiat nulla pariatur. Excepteur sint occaecat cupidatat non. Duis aute irure dolor in reprehenderit in voluptate velit esse cillum dolore eu fugiat nulla pariatur. Excepteur sint occaecat cupidatat nonxcepteur sint occaecat cupidatat non. Duis aute irure dolor in reprehenderit in voluptate velit esse cillum dolore eu fugiat nulla pariatur. Excepteur sint occaecat cupidatat non | Duis aute irure dolor in reprehenderit in voluptate velit esse cillum dolore eu fugiat nulla pariatur. Excepteur sint occaecat cupidatat non. Duis aute irure dolor in reprehenderit in voluptate velit esse cillum dolore eu fugiat nulla pariatur. Excepteur sint occaecat cupidatat nonxcepteur sint occaecat cupidatat non. Duis aute irure dolor in reprehenderit in voluptate velit esse cillum dolore eu fugiat nulla pariatur. Excepteur sint occaecat cupidatat non | Duis aute irure dolor in reprehenderit in voluptate velit esse cillum dolore eu fugiat nulla pariatur. Excepteur sint occaecat cupidatat non. Duis aute irure dolor in reprehenderit in voluptate velit esse cillum dolore eu fugiat nulla pariatur. Excepteur sint occaecat cupidatat nonxcepteur sint occaecat cupidatat non. Duis aute irure dolor in reprehenderit in voluptate velit esse cillum dolore eu fugiat nulla pariatur. Excepteur sint occaecat cupidatat non | Duis aute irure dolor in reprehenderit in voluptate velit esse cillum dolore eu fugiat nulla pariatur. Excepteur sint occaecat cupidatat non. Duis aute irure dolor in reprehenderit in voluptate velit esse cillum dolore eu fugiat nulla pariatur. Excepteur sint occaecat cupidatat nonxcepteur sint occaecat cupidatat non. Duis aute irure dolor in reprehenderit in voluptate velit esse cillum dolore eu fugiat nulla pariatur. Excepteur sint occaecat cupidatat non | Duis aute irure dolor in reprehenderit in voluptate velit esse cillum dolore eu fugiat nulla pariatur. Excepteur sint occaecat cupidatat non. Duis aute irure dolor in reprehenderit in voluptate velit esse cillum dolore eu fugiat nulla pariatur. Excepteur sint occaecat cupidatat nonxcepteur sint occaecat cupidatat non. Duis aute irure dolor in reprehenderit in voluptate velit esse cillum dolore eu fugiat nulla pariatur. Excepteur sint occaecat cupidatat non | Duis aute irure dolor in reprehenderit in voluptate velit esse cillum dolore eu fugiat nulla pariatur. Excepteur sint occaecat cupidatat non. Duis aute irure dolor in reprehenderit in voluptate velit esse cillum dolore eu fugiat nulla pariatur. Excepteur sint occaecat cupidatat nonxcepteur sint occaecat cupidatat non. Duis aute irure dolor in reprehenderit in voluptate velit esse cillum dolore eu fugiat nulla pariatur. Excepteur sint occaecat cupidatat non | Duis aute irure dolor in reprehenderit in voluptate velit esse cillum dolore eu fugiat nulla pariatur. Excepteur sint occaecat cupidatat non. Duis aute irure dolor in reprehenderit in voluptate velit esse cillum dolore eu fugiat nulla pariatur. Excepteur sint occaecat cupidatat nonxcepteur sint occaecat cupidatat non. Duis aute irure dolor in reprehenderit in voluptate velit esse cillum dolore eu fugiat nulla pariatur. Excepteur sint occaecat cupidatat non'),(33,93,'Black | Black | Black | Black | Red | Red | Red | Red | Blue | Blue | Blue | Blue | Green | Green | Green | Green'),(33,97,'Enabled | Enabled | Enabled | Enabled | Enabled | Enabled | Enabled | Enabled | Enabled | Enabled | Enabled | Enabled | Enabled | Enabled | Enabled | Enabled | Enabled'),(33,119,'fullwidth-type-product | extend-type-product-black-small | extend-type-product-black-medium | extend-type-product-black-large | extend-type-product-black-extra-large | extend-type-product-red-small | extend-type-product-red-medium | extend-type-product-red-large | extend-type-product-red-extra-large | extend-type-product-blue-small | extend-type-product-blue-medium | extend-type-product-blue-large | extend-type-product-blue-extra-large | extend-type-product-green-small | extend-type-product-green-medium | extend-type-product-green-large | extend-type-product-green-extra-large'),(33,133,'Taxable Goods | Taxable Goods | Taxable Goods | Taxable Goods | Taxable Goods | Taxable Goods | Taxable Goods | Taxable Goods | Taxable Goods | Taxable Goods | Taxable Goods | Taxable Goods | Taxable Goods | Taxable Goods | Taxable Goods | Taxable Goods | Taxable Goods'),(34,73,'Grid Type Product | Extend Type Product-Black-Small | Extend Type Product-Black-Medium | Extend Type Product-Black-Large | Extend Type Product-Black-Extra Large | Extend Type Product-Red-Small | Extend Type Product-Red-Medium | Extend Type Product-Red-Large | Extend Type Product-Red-Extra Large | Extend Type Product-Blue-Small | Extend Type Product-Blue-Medium | Extend Type Product-Blue-Large | Extend Type Product-Blue-Extra Large | Extend Type Product-Green-Small | Extend Type Product-Green-Medium | Extend Type Product-Green-Large | Extend Type Product-Green-Extra Large'),(34,74,'P_TYPE_GRID'),(34,75,'Lorem ipsum dolor sit amet, consectetur adipiscing elit, sed do eiusmod tempor incididunt ut labore et dolore magna aliqua. Ut enim ad minim veniam, quis nostrud exercitation ullamco laboris nisi ut aliquip ex ea commodo consequat. Duis aute irure dolor in reprehenderit in voluptate velit esse cillum dolore eu fugiat nulla pariatur. Excepteur sint occaecat. Any Product types that You want - Simple, Configurable Downloadable/Digital Products, Virtual Products Inventory Management with Backordered items Sed do eiusmod tempor incididunt ut labore et dolore magna aliqua. Ut enim ad minim veniam, quis nostrud exercitation ullamco laboris nisi ut aliquip ex ea commodo consequat. | Lorem ipsum dolor sit amet, consectetur adipiscing elit, sed do eiusmod tempor incididunt ut labore et dolore magna aliqua. Ut enim ad minim veniam, quis nostrud exercitation ullamco laboris nisi ut aliquip ex ea commodo consequat. Duis aute irure dolor in reprehenderit in voluptate velit esse cillum dolore eu fugiat nulla pariatur. Excepteur sint occaecat. Any Product types that You want - Simple, Configurable Downloadable/Digital Products, Virtual Products Inventory Management with Backordered items Sed do eiusmod tempor incididunt ut labore et dolore magna aliqua. Ut enim ad minim veniam, quis nostrud exercitation ullamco laboris nisi ut aliquip ex ea commodo consequat. | Lorem ipsum dolor sit amet, consectetur adipiscing elit, sed do eiusmod tempor incididunt ut labore et dolore magna aliqua. Ut enim ad minim veniam, quis nostrud exercitation ullamco laboris nisi ut aliquip ex ea commodo consequat. Duis aute irure dolor in reprehenderit in voluptate velit esse cillum dolore eu fugiat nulla pariatur. Excepteur sint occaecat. Any Product types that You want - Simple, Configurable Downloadable/Digital Products, Virtual Products Inventory Management with Backordered items Sed do eiusmod tempor incididunt ut labore et dolore magna aliqua. Ut enim ad minim veniam, quis nostrud exercitation ullamco laboris nisi ut aliquip ex ea commodo consequat. | Lorem ipsum dolor sit amet, consectetur adipiscing elit, sed do eiusmod tempor incididunt ut labore et dolore magna aliqua. Ut enim ad minim veniam, quis nostrud exercitation ullamco laboris nisi ut aliquip ex ea commodo consequat. Duis aute irure dolor in reprehenderit in voluptate velit esse cillum dolore eu fugiat nulla pariatur. Excepteur sint occaecat. Any Product types that You want - Simple, Configurable Downloadable/Digital Products, Virtual Products Inventory Management with Backordered items Sed do eiusmod tempor incididunt ut labore et dolore magna aliqua. Ut enim ad minim veniam, quis nostrud exercitation ullamco laboris nisi ut aliquip ex ea commodo consequat. | Lorem ipsum dolor sit amet, consectetur adipiscing elit, sed do eiusmod tempor incididunt ut labore et dolore magna aliqua. Ut enim ad minim veniam, quis nostrud exercitation ullamco laboris nisi ut aliquip ex ea commodo consequat. Duis aute irure dolor in reprehenderit in voluptate velit esse cillum dolore eu fugiat nulla pariatur. Excepteur sint occaecat. Any Product types that You want - Simple, Configurable Downloadable/Digital Products, Virtual Products Inventory Management with Backordered items Sed do eiusmod tempor incididunt ut labore et dolore magna aliqua. Ut enim ad minim veniam, quis nostrud exercitation ullamco laboris nisi ut aliquip ex ea commodo consequat. | Lorem ipsum dolor sit amet, consectetur adipiscing elit, sed do eiusmod tempor incididunt ut labore et dolore magna aliqua. Ut enim ad minim veniam, quis nostrud exercitation ullamco laboris nisi ut aliquip ex ea commodo consequat. Duis aute irure dolor in reprehenderit in voluptate velit esse cillum dolore eu fugiat nulla pariatur. Excepteur sint occaecat. Any Product types that You want - Simple, Configurable Downloadable/Digital Products, Virtual Products Inventory Management with Backordered items Sed do eiusmod tempor incididunt ut labore et dolore magna aliqua. Ut enim ad minim veniam, quis nostrud exercitation ullamco laboris nisi ut aliquip ex ea commodo consequat. | Lorem ipsum dolor sit amet, consectetur adipiscing elit, sed do eiusmod tempor incididunt ut labore et dolore magna aliqua. Ut enim ad minim veniam, quis nostrud exercitation ullamco laboris nisi ut aliquip ex ea commodo consequat. Duis aute irure dolor in reprehenderit in voluptate velit esse cillum dolore eu fugiat nulla pariatur. Excepteur sint occaecat. Any Product types that You want - Simple, Configurable Downloadable/Digital Products, Virtual Products Inventory Management with Backordered items Sed do eiusmod tempor incididunt ut labore et dolore magna aliqua. Ut enim ad minim veniam, quis nostrud exercitation ullamco laboris nisi ut aliquip ex ea commodo consequat. | Lorem ipsum dolor sit amet, consectetur adipiscing elit, sed do eiusmod tempor incididunt ut labore et dolore magna aliqua. Ut enim ad minim veniam, quis nostrud exercitation ullamco laboris nisi ut aliquip ex ea commodo consequat. Duis aute irure dolor in reprehenderit in voluptate velit esse cillum dolore eu fugiat nulla pariatur. Excepteur sint occaecat. Any Product types that You want - Simple, Configurable Downloadable/Digital Products, Virtual Products Inventory Management with Backordered items Sed do eiusmod tempor incididunt ut labore et dolore magna aliqua. Ut enim ad minim veniam, quis nostrud exercitation ullamco laboris nisi ut aliquip ex ea commodo consequat. | Lorem ipsum dolor sit amet, consectetur adipiscing elit, sed do eiusmod tempor incididunt ut labore et dolore magna aliqua. Ut enim ad minim veniam, quis nostrud exercitation ullamco laboris nisi ut aliquip ex ea commodo consequat. Duis aute irure dolor in reprehenderit in voluptate velit esse cillum dolore eu fugiat nulla pariatur. Excepteur sint occaecat. Any Product types that You want - Simple, Configurable Downloadable/Digital Products, Virtual Products Inventory Management with Backordered items Sed do eiusmod tempor incididunt ut labore et dolore magna aliqua. Ut enim ad minim veniam, quis nostrud exercitation ullamco laboris nisi ut aliquip ex ea commodo consequat. | Lorem ipsum dolor sit amet, consectetur adipiscing elit, sed do eiusmod tempor incididunt ut labore et dolore magna aliqua. Ut enim ad minim veniam, quis nostrud exercitation ullamco laboris nisi ut aliquip ex ea commodo consequat. Duis aute irure dolor in reprehenderit in voluptate velit esse cillum dolore eu fugiat nulla pariatur. Excepteur sint occaecat. Any Product types that You want - Simple, Configurable Downloadable/Digital Products, Virtual Products Inventory Management with Backordered items Sed do eiusmod tempor incididunt ut labore et dolore magna aliqua. Ut enim ad minim veniam, quis nostrud exercitation ullamco laboris nisi ut aliquip ex ea commodo consequat. | Lorem ipsum dolor sit amet, consectetur adipiscing elit, sed do eiusmod tempor incididunt ut labore et dolore magna aliqua. Ut enim ad minim veniam, quis nostrud exercitation ullamco laboris nisi ut aliquip ex ea commodo consequat. Duis aute irure dolor in reprehenderit in voluptate velit esse cillum dolore eu fugiat nulla pariatur. Excepteur sint occaecat. Any Product types that You want - Simple, Configurable Downloadable/Digital Products, Virtual Products Inventory Management with Backordered items Sed do eiusmod tempor incididunt ut labore et dolore magna aliqua. Ut enim ad minim veniam, quis nostrud exercitation ullamco laboris nisi ut aliquip ex ea commodo consequat. | Lorem ipsum dolor sit amet, consectetur adipiscing elit, sed do eiusmod tempor incididunt ut labore et dolore magna aliqua. Ut enim ad minim veniam, quis nostrud exercitation ullamco laboris nisi ut aliquip ex ea commodo consequat. Duis aute irure dolor in reprehenderit in voluptate velit esse cillum dolore eu fugiat nulla pariatur. Excepteur sint occaecat. Any Product types that You want - Simple, Configurable Downloadable/Digital Products, Virtual Products Inventory Management with Backordered items Sed do eiusmod tempor incididunt ut labore et dolore magna aliqua. Ut enim ad minim veniam, quis nostrud exercitation ullamco laboris nisi ut aliquip ex ea commodo consequat. | Lorem ipsum dolor sit amet, consectetur adipiscing elit, sed do eiusmod tempor incididunt ut labore et dolore magna aliqua. Ut enim ad minim veniam, quis nostrud exercitation ullamco laboris nisi ut aliquip ex ea commodo consequat. Duis aute irure dolor in reprehenderit in voluptate velit esse cillum dolore eu fugiat nulla pariatur. Excepteur sint occaecat. Any Product types that You want - Simple, Configurable Downloadable/Digital Products, Virtual Products Inventory Management with Backordered items Sed do eiusmod tempor incididunt ut labore et dolore magna aliqua. Ut enim ad minim veniam, quis nostrud exercitation ullamco laboris nisi ut aliquip ex ea commodo consequat. | Lorem ipsum dolor sit amet, consectetur adipiscing elit, sed do eiusmod tempor incididunt ut labore et dolore magna aliqua. Ut enim ad minim veniam, quis nostrud exercitation ullamco laboris nisi ut aliquip ex ea commodo consequat. Duis aute irure dolor in reprehenderit in voluptate velit esse cillum dolore eu fugiat nulla pariatur. Excepteur sint occaecat. Any Product types that You want - Simple, Configurable Downloadable/Digital Products, Virtual Products Inventory Management with Backordered items Sed do eiusmod tempor incididunt ut labore et dolore magna aliqua. Ut enim ad minim veniam, quis nostrud exercitation ullamco laboris nisi ut aliquip ex ea commodo consequat. | Lorem ipsum dolor sit amet, consectetur adipiscing elit, sed do eiusmod tempor incididunt ut labore et dolore magna aliqua. Ut enim ad minim veniam, quis nostrud exercitation ullamco laboris nisi ut aliquip ex ea commodo consequat. Duis aute irure dolor in reprehenderit in voluptate velit esse cillum dolore eu fugiat nulla pariatur. Excepteur sint occaecat. Any Product types that You want - Simple, Configurable Downloadable/Digital Products, Virtual Products Inventory Management with Backordered items Sed do eiusmod tempor incididunt ut labore et dolore magna aliqua. Ut enim ad minim veniam, quis nostrud exercitation ullamco laboris nisi ut aliquip ex ea commodo consequat. | Lorem ipsum dolor sit amet, consectetur adipiscing elit, sed do eiusmod tempor incididunt ut labore et dolore magna aliqua. Ut enim ad minim veniam, quis nostrud exercitation ullamco laboris nisi ut aliquip ex ea commodo consequat. Duis aute irure dolor in reprehenderit in voluptate velit esse cillum dolore eu fugiat nulla pariatur. Excepteur sint occaecat. Any Product types that You want - Simple, Configurable Downloadable/Digital Products, Virtual Products Inventory Management with Backordered items Sed do eiusmod tempor incididunt ut labore et dolore magna aliqua. Ut enim ad minim veniam, quis nostrud exercitation ullamco laboris nisi ut aliquip ex ea commodo consequat. | Lorem ipsum dolor sit amet, consectetur adipiscing elit, sed do eiusmod tempor incididunt ut labore et dolore magna aliqua. Ut enim ad minim veniam, quis nostrud exercitation ullamco laboris nisi ut aliquip ex ea commodo consequat. Duis aute irure dolor in reprehenderit in voluptate velit esse cillum dolore eu fugiat nulla pariatur. Excepteur sint occaecat. Any Product types that You want - Simple, Configurable Downloadable/Digital Products, Virtual Products Inventory Management with Backordered items Sed do eiusmod tempor incididunt ut labore et dolore magna aliqua. Ut enim ad minim veniam, quis nostrud exercitation ullamco laboris nisi ut aliquip ex ea commodo consequat.'),(34,76,'Duis aute irure dolor in reprehenderit in voluptate velit esse cillum dolore eu fugiat nulla pariatur. Excepteur sint occaecat cupidatat non proident, sunt in culpa qui officia deserunt mollit anim id est laborum. | Duis aute irure dolor in reprehenderit in voluptate velit esse cillum dolore eu fugiat nulla pariatur. Excepteur sint occaecat cupidatat non. Duis aute irure dolor in reprehenderit in voluptate velit esse cillum dolore eu fugiat nulla pariatur. Excepteur sint occaecat cupidatat nonxcepteur sint occaecat cupidatat non. Duis aute irure dolor in reprehenderit in voluptate velit esse cillum dolore eu fugiat nulla pariatur. Excepteur sint occaecat cupidatat non | Duis aute irure dolor in reprehenderit in voluptate velit esse cillum dolore eu fugiat nulla pariatur. Excepteur sint occaecat cupidatat non. Duis aute irure dolor in reprehenderit in voluptate velit esse cillum dolore eu fugiat nulla pariatur. Excepteur sint occaecat cupidatat nonxcepteur sint occaecat cupidatat non. Duis aute irure dolor in reprehenderit in voluptate velit esse cillum dolore eu fugiat nulla pariatur. Excepteur sint occaecat cupidatat non | Duis aute irure dolor in reprehenderit in voluptate velit esse cillum dolore eu fugiat nulla pariatur. Excepteur sint occaecat cupidatat non. Duis aute irure dolor in reprehenderit in voluptate velit esse cillum dolore eu fugiat nulla pariatur. Excepteur sint occaecat cupidatat nonxcepteur sint occaecat cupidatat non. Duis aute irure dolor in reprehenderit in voluptate velit esse cillum dolore eu fugiat nulla pariatur. Excepteur sint occaecat cupidatat non | Duis aute irure dolor in reprehenderit in voluptate velit esse cillum dolore eu fugiat nulla pariatur. Excepteur sint occaecat cupidatat non. Duis aute irure dolor in reprehenderit in voluptate velit esse cillum dolore eu fugiat nulla pariatur. Excepteur sint occaecat cupidatat nonxcepteur sint occaecat cupidatat non. Duis aute irure dolor in reprehenderit in voluptate velit esse cillum dolore eu fugiat nulla pariatur. Excepteur sint occaecat cupidatat non | Duis aute irure dolor in reprehenderit in voluptate velit esse cillum dolore eu fugiat nulla pariatur. Excepteur sint occaecat cupidatat non. Duis aute irure dolor in reprehenderit in voluptate velit esse cillum dolore eu fugiat nulla pariatur. Excepteur sint occaecat cupidatat nonxcepteur sint occaecat cupidatat non. Duis aute irure dolor in reprehenderit in voluptate velit esse cillum dolore eu fugiat nulla pariatur. Excepteur sint occaecat cupidatat non | Duis aute irure dolor in reprehenderit in voluptate velit esse cillum dolore eu fugiat nulla pariatur. Excepteur sint occaecat cupidatat non. Duis aute irure dolor in reprehenderit in voluptate velit esse cillum dolore eu fugiat nulla pariatur. Excepteur sint occaecat cupidatat nonxcepteur sint occaecat cupidatat non. Duis aute irure dolor in reprehenderit in voluptate velit esse cillum dolore eu fugiat nulla pariatur. Excepteur sint occaecat cupidatat non | Duis aute irure dolor in reprehenderit in voluptate velit esse cillum dolore eu fugiat nulla pariatur. Excepteur sint occaecat cupidatat non. Duis aute irure dolor in reprehenderit in voluptate velit esse cillum dolore eu fugiat nulla pariatur. Excepteur sint occaecat cupidatat nonxcepteur sint occaecat cupidatat non. Duis aute irure dolor in reprehenderit in voluptate velit esse cillum dolore eu fugiat nulla pariatur. Excepteur sint occaecat cupidatat non | Duis aute irure dolor in reprehenderit in voluptate velit esse cillum dolore eu fugiat nulla pariatur. Excepteur sint occaecat cupidatat non. Duis aute irure dolor in reprehenderit in voluptate velit esse cillum dolore eu fugiat nulla pariatur. Excepteur sint occaecat cupidatat nonxcepteur sint occaecat cupidatat non. Duis aute irure dolor in reprehenderit in voluptate velit esse cillum dolore eu fugiat nulla pariatur. Excepteur sint occaecat cupidatat non | Duis aute irure dolor in reprehenderit in voluptate velit esse cillum dolore eu fugiat nulla pariatur. Excepteur sint occaecat cupidatat non. Duis aute irure dolor in reprehenderit in voluptate velit esse cillum dolore eu fugiat nulla pariatur. Excepteur sint occaecat cupidatat nonxcepteur sint occaecat cupidatat non. Duis aute irure dolor in reprehenderit in voluptate velit esse cillum dolore eu fugiat nulla pariatur. Excepteur sint occaecat cupidatat non | Duis aute irure dolor in reprehenderit in voluptate velit esse cillum dolore eu fugiat nulla pariatur. Excepteur sint occaecat cupidatat non. Duis aute irure dolor in reprehenderit in voluptate velit esse cillum dolore eu fugiat nulla pariatur. Excepteur sint occaecat cupidatat nonxcepteur sint occaecat cupidatat non. Duis aute irure dolor in reprehenderit in voluptate velit esse cillum dolore eu fugiat nulla pariatur. Excepteur sint occaecat cupidatat non | Duis aute irure dolor in reprehenderit in voluptate velit esse cillum dolore eu fugiat nulla pariatur. Excepteur sint occaecat cupidatat non. Duis aute irure dolor in reprehenderit in voluptate velit esse cillum dolore eu fugiat nulla pariatur. Excepteur sint occaecat cupidatat nonxcepteur sint occaecat cupidatat non. Duis aute irure dolor in reprehenderit in voluptate velit esse cillum dolore eu fugiat nulla pariatur. Excepteur sint occaecat cupidatat non | Duis aute irure dolor in reprehenderit in voluptate velit esse cillum dolore eu fugiat nulla pariatur. Excepteur sint occaecat cupidatat non. Duis aute irure dolor in reprehenderit in voluptate velit esse cillum dolore eu fugiat nulla pariatur. Excepteur sint occaecat cupidatat nonxcepteur sint occaecat cupidatat non. Duis aute irure dolor in reprehenderit in voluptate velit esse cillum dolore eu fugiat nulla pariatur. Excepteur sint occaecat cupidatat non | Duis aute irure dolor in reprehenderit in voluptate velit esse cillum dolore eu fugiat nulla pariatur. Excepteur sint occaecat cupidatat non. Duis aute irure dolor in reprehenderit in voluptate velit esse cillum dolore eu fugiat nulla pariatur. Excepteur sint occaecat cupidatat nonxcepteur sint occaecat cupidatat non. Duis aute irure dolor in reprehenderit in voluptate velit esse cillum dolore eu fugiat nulla pariatur. Excepteur sint occaecat cupidatat non | Duis aute irure dolor in reprehenderit in voluptate velit esse cillum dolore eu fugiat nulla pariatur. Excepteur sint occaecat cupidatat non. Duis aute irure dolor in reprehenderit in voluptate velit esse cillum dolore eu fugiat nulla pariatur. Excepteur sint occaecat cupidatat nonxcepteur sint occaecat cupidatat non. Duis aute irure dolor in reprehenderit in voluptate velit esse cillum dolore eu fugiat nulla pariatur. Excepteur sint occaecat cupidatat non | Duis aute irure dolor in reprehenderit in voluptate velit esse cillum dolore eu fugiat nulla pariatur. Excepteur sint occaecat cupidatat non. Duis aute irure dolor in reprehenderit in voluptate velit esse cillum dolore eu fugiat nulla pariatur. Excepteur sint occaecat cupidatat nonxcepteur sint occaecat cupidatat non. Duis aute irure dolor in reprehenderit in voluptate velit esse cillum dolore eu fugiat nulla pariatur. Excepteur sint occaecat cupidatat non | Duis aute irure dolor in reprehenderit in voluptate velit esse cillum dolore eu fugiat nulla pariatur. Excepteur sint occaecat cupidatat non. Duis aute irure dolor in reprehenderit in voluptate velit esse cillum dolore eu fugiat nulla pariatur. Excepteur sint occaecat cupidatat nonxcepteur sint occaecat cupidatat non. Duis aute irure dolor in reprehenderit in voluptate velit esse cillum dolore eu fugiat nulla pariatur. Excepteur sint occaecat cupidatat non'),(34,93,'Black | Black | Black | Black | Red | Red | Red | Red | Blue | Blue | Blue | Blue | Green | Green | Green | Green'),(34,97,'Enabled | Enabled | Enabled | Enabled | Enabled | Enabled | Enabled | Enabled | Enabled | Enabled | Enabled | Enabled | Enabled | Enabled | Enabled | Enabled | Enabled'),(34,119,'grid-type-product | extend-type-product-black-small | extend-type-product-black-medium | extend-type-product-black-large | extend-type-product-black-extra-large | extend-type-product-red-small | extend-type-product-red-medium | extend-type-product-red-large | extend-type-product-red-extra-large | extend-type-product-blue-small | extend-type-product-blue-medium | extend-type-product-blue-large | extend-type-product-blue-extra-large | extend-type-product-green-small | extend-type-product-green-medium | extend-type-product-green-large | extend-type-product-green-extra-large'),(34,133,'Taxable Goods | Taxable Goods | Taxable Goods | Taxable Goods | Taxable Goods | Taxable Goods | Taxable Goods | Taxable Goods | Taxable Goods | Taxable Goods | Taxable Goods | Taxable Goods | Taxable Goods | Taxable Goods | Taxable Goods | Taxable Goods | Taxable Goods'),(35,73,'Right Info Sticky Product | Extend Type Product-Black-Small | Extend Type Product-Black-Medium | Extend Type Product-Black-Large | Extend Type Product-Black-Extra Large | Extend Type Product-Red-Small | Extend Type Product-Red-Medium | Extend Type Product-Red-Large | Extend Type Product-Red-Extra Large | Extend Type Product-Blue-Small | Extend Type Product-Blue-Medium | Extend Type Product-Blue-Large | Extend Type Product-Blue-Extra Large | Extend Type Product-Green-Small | Extend Type Product-Green-Medium | Extend Type Product-Green-Large | Extend Type Product-Green-Extra Large'),(35,74,'P_TYPE_STICKY_RIGHT'),(35,75,'Lorem ipsum dolor sit amet, consectetur adipiscing elit, sed do eiusmod tempor incididunt ut labore et dolore magna aliqua. Ut enim ad minim veniam, quis nostrud exercitation ullamco laboris nisi ut aliquip ex ea commodo consequat. Duis aute irure dolor in reprehenderit in voluptate velit esse cillum dolore eu fugiat nulla pariatur. Excepteur sint occaecat. Any Product types that You want - Simple, Configurable Downloadable/Digital Products, Virtual Products Inventory Management with Backordered items Sed do eiusmod tempor incididunt ut labore et dolore magna aliqua. Ut enim ad minim veniam, quis nostrud exercitation ullamco laboris nisi ut aliquip ex ea commodo consequat. | Lorem ipsum dolor sit amet, consectetur adipiscing elit, sed do eiusmod tempor incididunt ut labore et dolore magna aliqua. Ut enim ad minim veniam, quis nostrud exercitation ullamco laboris nisi ut aliquip ex ea commodo consequat. Duis aute irure dolor in reprehenderit in voluptate velit esse cillum dolore eu fugiat nulla pariatur. Excepteur sint occaecat. Any Product types that You want - Simple, Configurable Downloadable/Digital Products, Virtual Products Inventory Management with Backordered items Sed do eiusmod tempor incididunt ut labore et dolore magna aliqua. Ut enim ad minim veniam, quis nostrud exercitation ullamco laboris nisi ut aliquip ex ea commodo consequat. | Lorem ipsum dolor sit amet, consectetur adipiscing elit, sed do eiusmod tempor incididunt ut labore et dolore magna aliqua. Ut enim ad minim veniam, quis nostrud exercitation ullamco laboris nisi ut aliquip ex ea commodo consequat. Duis aute irure dolor in reprehenderit in voluptate velit esse cillum dolore eu fugiat nulla pariatur. Excepteur sint occaecat. Any Product types that You want - Simple, Configurable Downloadable/Digital Products, Virtual Products Inventory Management with Backordered items Sed do eiusmod tempor incididunt ut labore et dolore magna aliqua. Ut enim ad minim veniam, quis nostrud exercitation ullamco laboris nisi ut aliquip ex ea commodo consequat. | Lorem ipsum dolor sit amet, consectetur adipiscing elit, sed do eiusmod tempor incididunt ut labore et dolore magna aliqua. Ut enim ad minim veniam, quis nostrud exercitation ullamco laboris nisi ut aliquip ex ea commodo consequat. Duis aute irure dolor in reprehenderit in voluptate velit esse cillum dolore eu fugiat nulla pariatur. Excepteur sint occaecat. Any Product types that You want - Simple, Configurable Downloadable/Digital Products, Virtual Products Inventory Management with Backordered items Sed do eiusmod tempor incididunt ut labore et dolore magna aliqua. Ut enim ad minim veniam, quis nostrud exercitation ullamco laboris nisi ut aliquip ex ea commodo consequat. | Lorem ipsum dolor sit amet, consectetur adipiscing elit, sed do eiusmod tempor incididunt ut labore et dolore magna aliqua. Ut enim ad minim veniam, quis nostrud exercitation ullamco laboris nisi ut aliquip ex ea commodo consequat. Duis aute irure dolor in reprehenderit in voluptate velit esse cillum dolore eu fugiat nulla pariatur. Excepteur sint occaecat. Any Product types that You want - Simple, Configurable Downloadable/Digital Products, Virtual Products Inventory Management with Backordered items Sed do eiusmod tempor incididunt ut labore et dolore magna aliqua. Ut enim ad minim veniam, quis nostrud exercitation ullamco laboris nisi ut aliquip ex ea commodo consequat. | Lorem ipsum dolor sit amet, consectetur adipiscing elit, sed do eiusmod tempor incididunt ut labore et dolore magna aliqua. Ut enim ad minim veniam, quis nostrud exercitation ullamco laboris nisi ut aliquip ex ea commodo consequat. Duis aute irure dolor in reprehenderit in voluptate velit esse cillum dolore eu fugiat nulla pariatur. Excepteur sint occaecat. Any Product types that You want - Simple, Configurable Downloadable/Digital Products, Virtual Products Inventory Management with Backordered items Sed do eiusmod tempor incididunt ut labore et dolore magna aliqua. Ut enim ad minim veniam, quis nostrud exercitation ullamco laboris nisi ut aliquip ex ea commodo consequat. | Lorem ipsum dolor sit amet, consectetur adipiscing elit, sed do eiusmod tempor incididunt ut labore et dolore magna aliqua. Ut enim ad minim veniam, quis nostrud exercitation ullamco laboris nisi ut aliquip ex ea commodo consequat. Duis aute irure dolor in reprehenderit in voluptate velit esse cillum dolore eu fugiat nulla pariatur. Excepteur sint occaecat. Any Product types that You want - Simple, Configurable Downloadable/Digital Products, Virtual Products Inventory Management with Backordered items Sed do eiusmod tempor incididunt ut labore et dolore magna aliqua. Ut enim ad minim veniam, quis nostrud exercitation ullamco laboris nisi ut aliquip ex ea commodo consequat. | Lorem ipsum dolor sit amet, consectetur adipiscing elit, sed do eiusmod tempor incididunt ut labore et dolore magna aliqua. Ut enim ad minim veniam, quis nostrud exercitation ullamco laboris nisi ut aliquip ex ea commodo consequat. Duis aute irure dolor in reprehenderit in voluptate velit esse cillum dolore eu fugiat nulla pariatur. Excepteur sint occaecat. Any Product types that You want - Simple, Configurable Downloadable/Digital Products, Virtual Products Inventory Management with Backordered items Sed do eiusmod tempor incididunt ut labore et dolore magna aliqua. Ut enim ad minim veniam, quis nostrud exercitation ullamco laboris nisi ut aliquip ex ea commodo consequat. | Lorem ipsum dolor sit amet, consectetur adipiscing elit, sed do eiusmod tempor incididunt ut labore et dolore magna aliqua. Ut enim ad minim veniam, quis nostrud exercitation ullamco laboris nisi ut aliquip ex ea commodo consequat. Duis aute irure dolor in reprehenderit in voluptate velit esse cillum dolore eu fugiat nulla pariatur. Excepteur sint occaecat. Any Product types that You want - Simple, Configurable Downloadable/Digital Products, Virtual Products Inventory Management with Backordered items Sed do eiusmod tempor incididunt ut labore et dolore magna aliqua. Ut enim ad minim veniam, quis nostrud exercitation ullamco laboris nisi ut aliquip ex ea commodo consequat. | Lorem ipsum dolor sit amet, consectetur adipiscing elit, sed do eiusmod tempor incididunt ut labore et dolore magna aliqua. Ut enim ad minim veniam, quis nostrud exercitation ullamco laboris nisi ut aliquip ex ea commodo consequat. Duis aute irure dolor in reprehenderit in voluptate velit esse cillum dolore eu fugiat nulla pariatur. Excepteur sint occaecat. Any Product types that You want - Simple, Configurable Downloadable/Digital Products, Virtual Products Inventory Management with Backordered items Sed do eiusmod tempor incididunt ut labore et dolore magna aliqua. Ut enim ad minim veniam, quis nostrud exercitation ullamco laboris nisi ut aliquip ex ea commodo consequat. | Lorem ipsum dolor sit amet, consectetur adipiscing elit, sed do eiusmod tempor incididunt ut labore et dolore magna aliqua. Ut enim ad minim veniam, quis nostrud exercitation ullamco laboris nisi ut aliquip ex ea commodo consequat. Duis aute irure dolor in reprehenderit in voluptate velit esse cillum dolore eu fugiat nulla pariatur. Excepteur sint occaecat. Any Product types that You want - Simple, Configurable Downloadable/Digital Products, Virtual Products Inventory Management with Backordered items Sed do eiusmod tempor incididunt ut labore et dolore magna aliqua. Ut enim ad minim veniam, quis nostrud exercitation ullamco laboris nisi ut aliquip ex ea commodo consequat. | Lorem ipsum dolor sit amet, consectetur adipiscing elit, sed do eiusmod tempor incididunt ut labore et dolore magna aliqua. Ut enim ad minim veniam, quis nostrud exercitation ullamco laboris nisi ut aliquip ex ea commodo consequat. Duis aute irure dolor in reprehenderit in voluptate velit esse cillum dolore eu fugiat nulla pariatur. Excepteur sint occaecat. Any Product types that You want - Simple, Configurable Downloadable/Digital Products, Virtual Products Inventory Management with Backordered items Sed do eiusmod tempor incididunt ut labore et dolore magna aliqua. Ut enim ad minim veniam, quis nostrud exercitation ullamco laboris nisi ut aliquip ex ea commodo consequat. | Lorem ipsum dolor sit amet, consectetur adipiscing elit, sed do eiusmod tempor incididunt ut labore et dolore magna aliqua. Ut enim ad minim veniam, quis nostrud exercitation ullamco laboris nisi ut aliquip ex ea commodo consequat. Duis aute irure dolor in reprehenderit in voluptate velit esse cillum dolore eu fugiat nulla pariatur. Excepteur sint occaecat. Any Product types that You want - Simple, Configurable Downloadable/Digital Products, Virtual Products Inventory Management with Backordered items Sed do eiusmod tempor incididunt ut labore et dolore magna aliqua. Ut enim ad minim veniam, quis nostrud exercitation ullamco laboris nisi ut aliquip ex ea commodo consequat. | Lorem ipsum dolor sit amet, consectetur adipiscing elit, sed do eiusmod tempor incididunt ut labore et dolore magna aliqua. Ut enim ad minim veniam, quis nostrud exercitation ullamco laboris nisi ut aliquip ex ea commodo consequat. Duis aute irure dolor in reprehenderit in voluptate velit esse cillum dolore eu fugiat nulla pariatur. Excepteur sint occaecat. Any Product types that You want - Simple, Configurable Downloadable/Digital Products, Virtual Products Inventory Management with Backordered items Sed do eiusmod tempor incididunt ut labore et dolore magna aliqua. Ut enim ad minim veniam, quis nostrud exercitation ullamco laboris nisi ut aliquip ex ea commodo consequat. | Lorem ipsum dolor sit amet, consectetur adipiscing elit, sed do eiusmod tempor incididunt ut labore et dolore magna aliqua. Ut enim ad minim veniam, quis nostrud exercitation ullamco laboris nisi ut aliquip ex ea commodo consequat. Duis aute irure dolor in reprehenderit in voluptate velit esse cillum dolore eu fugiat nulla pariatur. Excepteur sint occaecat. Any Product types that You want - Simple, Configurable Downloadable/Digital Products, Virtual Products Inventory Management with Backordered items Sed do eiusmod tempor incididunt ut labore et dolore magna aliqua. Ut enim ad minim veniam, quis nostrud exercitation ullamco laboris nisi ut aliquip ex ea commodo consequat. | Lorem ipsum dolor sit amet, consectetur adipiscing elit, sed do eiusmod tempor incididunt ut labore et dolore magna aliqua. Ut enim ad minim veniam, quis nostrud exercitation ullamco laboris nisi ut aliquip ex ea commodo consequat. Duis aute irure dolor in reprehenderit in voluptate velit esse cillum dolore eu fugiat nulla pariatur. Excepteur sint occaecat. Any Product types that You want - Simple, Configurable Downloadable/Digital Products, Virtual Products Inventory Management with Backordered items Sed do eiusmod tempor incididunt ut labore et dolore magna aliqua. Ut enim ad minim veniam, quis nostrud exercitation ullamco laboris nisi ut aliquip ex ea commodo consequat. | Lorem ipsum dolor sit amet, consectetur adipiscing elit, sed do eiusmod tempor incididunt ut labore et dolore magna aliqua. Ut enim ad minim veniam, quis nostrud exercitation ullamco laboris nisi ut aliquip ex ea commodo consequat. Duis aute irure dolor in reprehenderit in voluptate velit esse cillum dolore eu fugiat nulla pariatur. Excepteur sint occaecat. Any Product types that You want - Simple, Configurable Downloadable/Digital Products, Virtual Products Inventory Management with Backordered items Sed do eiusmod tempor incididunt ut labore et dolore magna aliqua. Ut enim ad minim veniam, quis nostrud exercitation ullamco laboris nisi ut aliquip ex ea commodo consequat.'),(35,76,'Duis aute irure dolor in reprehenderit in voluptate velit esse cillum dolore eu fugiat nulla pariatur. Excepteur sint occaecat cupidatat non proident, sunt in culpa qui officia deserunt mollit anim id est laborum. | Duis aute irure dolor in reprehenderit in voluptate velit esse cillum dolore eu fugiat nulla pariatur. Excepteur sint occaecat cupidatat non. Duis aute irure dolor in reprehenderit in voluptate velit esse cillum dolore eu fugiat nulla pariatur. Excepteur sint occaecat cupidatat nonxcepteur sint occaecat cupidatat non. Duis aute irure dolor in reprehenderit in voluptate velit esse cillum dolore eu fugiat nulla pariatur. Excepteur sint occaecat cupidatat non | Duis aute irure dolor in reprehenderit in voluptate velit esse cillum dolore eu fugiat nulla pariatur. Excepteur sint occaecat cupidatat non. Duis aute irure dolor in reprehenderit in voluptate velit esse cillum dolore eu fugiat nulla pariatur. Excepteur sint occaecat cupidatat nonxcepteur sint occaecat cupidatat non. Duis aute irure dolor in reprehenderit in voluptate velit esse cillum dolore eu fugiat nulla pariatur. Excepteur sint occaecat cupidatat non | Duis aute irure dolor in reprehenderit in voluptate velit esse cillum dolore eu fugiat nulla pariatur. Excepteur sint occaecat cupidatat non. Duis aute irure dolor in reprehenderit in voluptate velit esse cillum dolore eu fugiat nulla pariatur. Excepteur sint occaecat cupidatat nonxcepteur sint occaecat cupidatat non. Duis aute irure dolor in reprehenderit in voluptate velit esse cillum dolore eu fugiat nulla pariatur. Excepteur sint occaecat cupidatat non | Duis aute irure dolor in reprehenderit in voluptate velit esse cillum dolore eu fugiat nulla pariatur. Excepteur sint occaecat cupidatat non. Duis aute irure dolor in reprehenderit in voluptate velit esse cillum dolore eu fugiat nulla pariatur. Excepteur sint occaecat cupidatat nonxcepteur sint occaecat cupidatat non. Duis aute irure dolor in reprehenderit in voluptate velit esse cillum dolore eu fugiat nulla pariatur. Excepteur sint occaecat cupidatat non | Duis aute irure dolor in reprehenderit in voluptate velit esse cillum dolore eu fugiat nulla pariatur. Excepteur sint occaecat cupidatat non. Duis aute irure dolor in reprehenderit in voluptate velit esse cillum dolore eu fugiat nulla pariatur. Excepteur sint occaecat cupidatat nonxcepteur sint occaecat cupidatat non. Duis aute irure dolor in reprehenderit in voluptate velit esse cillum dolore eu fugiat nulla pariatur. Excepteur sint occaecat cupidatat non | Duis aute irure dolor in reprehenderit in voluptate velit esse cillum dolore eu fugiat nulla pariatur. Excepteur sint occaecat cupidatat non. Duis aute irure dolor in reprehenderit in voluptate velit esse cillum dolore eu fugiat nulla pariatur. Excepteur sint occaecat cupidatat nonxcepteur sint occaecat cupidatat non. Duis aute irure dolor in reprehenderit in voluptate velit esse cillum dolore eu fugiat nulla pariatur. Excepteur sint occaecat cupidatat non | Duis aute irure dolor in reprehenderit in voluptate velit esse cillum dolore eu fugiat nulla pariatur. Excepteur sint occaecat cupidatat non. Duis aute irure dolor in reprehenderit in voluptate velit esse cillum dolore eu fugiat nulla pariatur. Excepteur sint occaecat cupidatat nonxcepteur sint occaecat cupidatat non. Duis aute irure dolor in reprehenderit in voluptate velit esse cillum dolore eu fugiat nulla pariatur. Excepteur sint occaecat cupidatat non | Duis aute irure dolor in reprehenderit in voluptate velit esse cillum dolore eu fugiat nulla pariatur. Excepteur sint occaecat cupidatat non. Duis aute irure dolor in reprehenderit in voluptate velit esse cillum dolore eu fugiat nulla pariatur. Excepteur sint occaecat cupidatat nonxcepteur sint occaecat cupidatat non. Duis aute irure dolor in reprehenderit in voluptate velit esse cillum dolore eu fugiat nulla pariatur. Excepteur sint occaecat cupidatat non | Duis aute irure dolor in reprehenderit in voluptate velit esse cillum dolore eu fugiat nulla pariatur. Excepteur sint occaecat cupidatat non. Duis aute irure dolor in reprehenderit in voluptate velit esse cillum dolore eu fugiat nulla pariatur. Excepteur sint occaecat cupidatat nonxcepteur sint occaecat cupidatat non. Duis aute irure dolor in reprehenderit in voluptate velit esse cillum dolore eu fugiat nulla pariatur. Excepteur sint occaecat cupidatat non | Duis aute irure dolor in reprehenderit in voluptate velit esse cillum dolore eu fugiat nulla pariatur. Excepteur sint occaecat cupidatat non. Duis aute irure dolor in reprehenderit in voluptate velit esse cillum dolore eu fugiat nulla pariatur. Excepteur sint occaecat cupidatat nonxcepteur sint occaecat cupidatat non. Duis aute irure dolor in reprehenderit in voluptate velit esse cillum dolore eu fugiat nulla pariatur. Excepteur sint occaecat cupidatat non | Duis aute irure dolor in reprehenderit in voluptate velit esse cillum dolore eu fugiat nulla pariatur. Excepteur sint occaecat cupidatat non. Duis aute irure dolor in reprehenderit in voluptate velit esse cillum dolore eu fugiat nulla pariatur. Excepteur sint occaecat cupidatat nonxcepteur sint occaecat cupidatat non. Duis aute irure dolor in reprehenderit in voluptate velit esse cillum dolore eu fugiat nulla pariatur. Excepteur sint occaecat cupidatat non | Duis aute irure dolor in reprehenderit in voluptate velit esse cillum dolore eu fugiat nulla pariatur. Excepteur sint occaecat cupidatat non. Duis aute irure dolor in reprehenderit in voluptate velit esse cillum dolore eu fugiat nulla pariatur. Excepteur sint occaecat cupidatat nonxcepteur sint occaecat cupidatat non. Duis aute irure dolor in reprehenderit in voluptate velit esse cillum dolore eu fugiat nulla pariatur. Excepteur sint occaecat cupidatat non | Duis aute irure dolor in reprehenderit in voluptate velit esse cillum dolore eu fugiat nulla pariatur. Excepteur sint occaecat cupidatat non. Duis aute irure dolor in reprehenderit in voluptate velit esse cillum dolore eu fugiat nulla pariatur. Excepteur sint occaecat cupidatat nonxcepteur sint occaecat cupidatat non. Duis aute irure dolor in reprehenderit in voluptate velit esse cillum dolore eu fugiat nulla pariatur. Excepteur sint occaecat cupidatat non | Duis aute irure dolor in reprehenderit in voluptate velit esse cillum dolore eu fugiat nulla pariatur. Excepteur sint occaecat cupidatat non. Duis aute irure dolor in reprehenderit in voluptate velit esse cillum dolore eu fugiat nulla pariatur. Excepteur sint occaecat cupidatat nonxcepteur sint occaecat cupidatat non. Duis aute irure dolor in reprehenderit in voluptate velit esse cillum dolore eu fugiat nulla pariatur. Excepteur sint occaecat cupidatat non | Duis aute irure dolor in reprehenderit in voluptate velit esse cillum dolore eu fugiat nulla pariatur. Excepteur sint occaecat cupidatat non. Duis aute irure dolor in reprehenderit in voluptate velit esse cillum dolore eu fugiat nulla pariatur. Excepteur sint occaecat cupidatat nonxcepteur sint occaecat cupidatat non. Duis aute irure dolor in reprehenderit in voluptate velit esse cillum dolore eu fugiat nulla pariatur. Excepteur sint occaecat cupidatat non | Duis aute irure dolor in reprehenderit in voluptate velit esse cillum dolore eu fugiat nulla pariatur. Excepteur sint occaecat cupidatat non. Duis aute irure dolor in reprehenderit in voluptate velit esse cillum dolore eu fugiat nulla pariatur. Excepteur sint occaecat cupidatat nonxcepteur sint occaecat cupidatat non. Duis aute irure dolor in reprehenderit in voluptate velit esse cillum dolore eu fugiat nulla pariatur. Excepteur sint occaecat cupidatat non'),(35,93,'Black | Black | Black | Black | Red | Red | Red | Red | Blue | Blue | Blue | Blue | Green | Green | Green | Green'),(35,97,'Enabled | Enabled | Enabled | Enabled | Enabled | Enabled | Enabled | Enabled | Enabled | Enabled | Enabled | Enabled | Enabled | Enabled | Enabled | Enabled | Enabled'),(35,119,'right-info-sticky-product | extend-type-product-black-small | extend-type-product-black-medium | extend-type-product-black-large | extend-type-product-black-extra-large | extend-type-product-red-small | extend-type-product-red-medium | extend-type-product-red-large | extend-type-product-red-extra-large | extend-type-product-blue-small | extend-type-product-blue-medium | extend-type-product-blue-large | extend-type-product-blue-extra-large | extend-type-product-green-small | extend-type-product-green-medium | extend-type-product-green-large | extend-type-product-green-extra-large'),(35,133,'Taxable Goods | Taxable Goods | Taxable Goods | Taxable Goods | Taxable Goods | Taxable Goods | Taxable Goods | Taxable Goods | Taxable Goods | Taxable Goods | Taxable Goods | Taxable Goods | Taxable Goods | Taxable Goods | Taxable Goods | Taxable Goods | Taxable Goods'),(36,73,'Vertical Layout Product | Vertical Layout Product-Black | Vertical Layout Product-Red | Vertical Layout Product-Blue | Vertical Layout Product-Green'),(36,74,'P_TYPE_VERTICAL_LAYOUT'),(36,75,'Lorem ipsum dolor sit amet, consectetur adipiscing elit, sed do eiusmod tempor incididunt ut labore et dolore magna aliqua. Ut enim ad minim veniam, quis nostrud exercitation ullamco laboris nisi ut aliquip ex ea commodo consequat. Duis aute irure dolor in reprehenderit in voluptate velit esse cillum dolore eu fugiat nulla pariatur. Excepteur sint occaecat. Any Product types that You want - Simple, Configurable Downloadable/Digital Products, Virtual Products Inventory Management with Backordered items Sed do eiusmod tempor incididunt ut labore et dolore magna aliqua. Ut enim ad minim veniam, quis nostrud exercitation ullamco laboris nisi ut aliquip ex ea commodo consequat. | Lorem ipsum dolor sit amet, consectetur adipiscing elit, sed do eiusmod tempor incididunt ut labore et dolore magna aliqua. Ut enim ad minim veniam, quis nostrud exercitation ullamco laboris nisi ut aliquip ex ea commodo consequat. Duis aute irure dolor in reprehenderit in voluptate velit esse cillum dolore eu fugiat nulla pariatur. Excepteur sint occaecat. Any Product types that You want - Simple, Configurable Downloadable/Digital Products, Virtual Products Inventory Management with Backordered items Sed do eiusmod tempor incididunt ut labore et dolore magna aliqua. Ut enim ad minim veniam, quis nostrud exercitation ullamco laboris nisi ut aliquip ex ea commodo consequat. | Lorem ipsum dolor sit amet, consectetur adipiscing elit, sed do eiusmod tempor incididunt ut labore et dolore magna aliqua. Ut enim ad minim veniam, quis nostrud exercitation ullamco laboris nisi ut aliquip ex ea commodo consequat. Duis aute irure dolor in reprehenderit in voluptate velit esse cillum dolore eu fugiat nulla pariatur. Excepteur sint occaecat. Any Product types that You want - Simple, Configurable Downloadable/Digital Products, Virtual Products Inventory Management with Backordered items Sed do eiusmod tempor incididunt ut labore et dolore magna aliqua. Ut enim ad minim veniam, quis nostrud exercitation ullamco laboris nisi ut aliquip ex ea commodo consequat. | Lorem ipsum dolor sit amet, consectetur adipiscing elit, sed do eiusmod tempor incididunt ut labore et dolore magna aliqua. Ut enim ad minim veniam, quis nostrud exercitation ullamco laboris nisi ut aliquip ex ea commodo consequat. Duis aute irure dolor in reprehenderit in voluptate velit esse cillum dolore eu fugiat nulla pariatur. Excepteur sint occaecat. Any Product types that You want - Simple, Configurable Downloadable/Digital Products, Virtual Products Inventory Management with Backordered items Sed do eiusmod tempor incididunt ut labore et dolore magna aliqua. Ut enim ad minim veniam, quis nostrud exercitation ullamco laboris nisi ut aliquip ex ea commodo consequat. | Lorem ipsum dolor sit amet, consectetur adipiscing elit, sed do eiusmod tempor incididunt ut labore et dolore magna aliqua. Ut enim ad minim veniam, quis nostrud exercitation ullamco laboris nisi ut aliquip ex ea commodo consequat. Duis aute irure dolor in reprehenderit in voluptate velit esse cillum dolore eu fugiat nulla pariatur. Excepteur sint occaecat. Any Product types that You want - Simple, Configurable Downloadable/Digital Products, Virtual Products Inventory Management with Backordered items Sed do eiusmod tempor incididunt ut labore et dolore magna aliqua. Ut enim ad minim veniam, quis nostrud exercitation ullamco laboris nisi ut aliquip ex ea commodo consequat.'),(36,76,'Duis aute irure dolor in reprehenderit in voluptate velit esse cillum dolore eu fugiat nulla pariatur. Excepteur sint occaecat cupidatat non proident, sunt in culpa qui officia deserunt mollit anim id est laborum. | Duis aute irure dolor in reprehenderit in voluptate velit esse cillum dolore eu fugiat nulla pariatur. Excepteur sint occaecat cupidatat non proident, sunt in culpa qui officia deserunt mollit anim id est laborum. | Duis aute irure dolor in reprehenderit in voluptate velit esse cillum dolore eu fugiat nulla pariatur. Excepteur sint occaecat cupidatat non proident, sunt in culpa qui officia deserunt mollit anim id est laborum. | Duis aute irure dolor in reprehenderit in voluptate velit esse cillum dolore eu fugiat nulla pariatur. Excepteur sint occaecat cupidatat non proident, sunt in culpa qui officia deserunt mollit anim id est laborum. | Duis aute irure dolor in reprehenderit in voluptate velit esse cillum dolore eu fugiat nulla pariatur. Excepteur sint occaecat cupidatat non proident, sunt in culpa qui officia deserunt mollit anim id est laborum.'),(36,93,'Black | Red | Blue | Green'),(36,97,'Enabled | Enabled | Enabled | Enabled | Enabled'),(36,119,'vertical-layout-product | vertical-layout-product-black | vertical-layout-product-red | vertical-layout-product-blue | vertical-layout-product-green'),(36,133,'Taxable Goods | Taxable Goods | Taxable Goods | Taxable Goods | Taxable Goods');

--
