
--
-- Table structure for table `eav_attribute_set`
--

CREATE TABLE `eav_attribute_set` (
  `attribute_set_id` smallint(5) unsigned NOT NULL AUTO_INCREMENT COMMENT 'Attribute Set ID',
  `entity_type_id` smallint(5) unsigned NOT NULL DEFAULT '0' COMMENT 'Entity Type ID',
  `attribute_set_name` varchar(255) DEFAULT NULL COMMENT 'Attribute Set Name',
  `sort_order` smallint(6) NOT NULL DEFAULT '0' COMMENT 'Sort Order',
  PRIMARY KEY (`attribute_set_id`),
  UNIQUE KEY `EAV_ATTRIBUTE_SET_ENTITY_TYPE_ID_ATTRIBUTE_SET_NAME` (`entity_type_id`,`attribute_set_name`),
  KEY `EAV_ATTRIBUTE_SET_ENTITY_TYPE_ID_SORT_ORDER` (`entity_type_id`,`sort_order`),
  CONSTRAINT `EAV_ATTRIBUTE_SET_ENTITY_TYPE_ID_EAV_ENTITY_TYPE_ENTITY_TYPE_ID` FOREIGN KEY (`entity_type_id`) REFERENCES `eav_entity_type` (`entity_type_id`) ON DELETE CASCADE
) ENGINE=InnoDB AUTO_INCREMENT=10 DEFAULT CHARSET=utf8 COMMENT='Eav Attribute Set';

--
-- Dumping data for table `eav_attribute_set`
--

INSERT INTO `eav_attribute_set` VALUES (1,1,'Default',2),(2,2,'Default',2),(3,3,'Default',1),(4,4,'Default',1),(5,5,'Default',1),(6,6,'Default',1),(7,7,'Default',1),(8,8,'Default',1),(9,4,'Configurable',0);

--
-- Table structure for table `eav_entity`
--

CREATE TABLE `eav_entity` (
  `entity_id` int(10) unsigned NOT NULL AUTO_INCREMENT COMMENT 'Entity ID',
  `entity_type_id` smallint(5) unsigned NOT NULL DEFAULT '0' COMMENT 'Entity Type ID',
  `attribute_set_id` smallint(5) unsigned NOT NULL DEFAULT '0' COMMENT 'Attribute Set ID',
  `increment_id` varchar(50) DEFAULT NULL COMMENT 'Increment ID',
  `parent_id` int(10) unsigned NOT NULL DEFAULT '0' COMMENT 'Parent ID',
  `store_id` smallint(5) unsigned NOT NULL DEFAULT '0' COMMENT 'Store ID',
  `created_at` timestamp NOT NULL DEFAULT CURRENT_TIMESTAMP COMMENT 'Created At',
  `updated_at` timestamp NOT NULL DEFAULT CURRENT_TIMESTAMP ON UPDATE CURRENT_TIMESTAMP COMMENT 'Updated At',
  `is_active` smallint(5) unsigned NOT NULL DEFAULT '1' COMMENT 'Defines Is Entity Active',
  PRIMARY KEY (`entity_id`),
  KEY `EAV_ENTITY_ENTITY_TYPE_ID` (`entity_type_id`),
  KEY `EAV_ENTITY_STORE_ID` (`store_id`),
  CONSTRAINT `EAV_ENTITY_ENTITY_TYPE_ID_EAV_ENTITY_TYPE_ENTITY_TYPE_ID` FOREIGN KEY (`entity_type_id`) REFERENCES `eav_entity_type` (`entity_type_id`) ON DELETE CASCADE,
  CONSTRAINT `EAV_ENTITY_STORE_ID_STORE_STORE_ID` FOREIGN KEY (`store_id`) REFERENCES `store` (`store_id`) ON DELETE CASCADE
) ENGINE=InnoDB DEFAULT CHARSET=utf8 COMMENT='Eav Entity';

--
-- Dumping data for table `eav_entity`
--


--
-- Table structure for table `eav_entity_attribute`
--

CREATE TABLE `eav_entity_attribute` (
  `entity_attribute_id` int(10) unsigned NOT NULL AUTO_INCREMENT COMMENT 'Entity Attribute ID',
  `entity_type_id` smallint(5) unsigned NOT NULL DEFAULT '0' COMMENT 'Entity Type ID',
  `attribute_set_id` smallint(5) unsigned NOT NULL DEFAULT '0' COMMENT 'Attribute Set ID',
  `attribute_group_id` smallint(5) unsigned NOT NULL DEFAULT '0' COMMENT 'Attribute Group ID',
  `attribute_id` smallint(5) unsigned NOT NULL DEFAULT '0' COMMENT 'Attribute ID',
  `sort_order` smallint(6) NOT NULL DEFAULT '0' COMMENT 'Sort Order',
  PRIMARY KEY (`entity_attribute_id`),
  UNIQUE KEY `EAV_ENTITY_ATTRIBUTE_ATTRIBUTE_SET_ID_ATTRIBUTE_ID` (`attribute_set_id`,`attribute_id`),
  UNIQUE KEY `EAV_ENTITY_ATTRIBUTE_ATTRIBUTE_GROUP_ID_ATTRIBUTE_ID` (`attribute_group_id`,`attribute_id`),
  KEY `EAV_ENTITY_ATTRIBUTE_ATTRIBUTE_SET_ID_SORT_ORDER` (`attribute_set_id`,`sort_order`),
  KEY `EAV_ENTITY_ATTRIBUTE_ATTRIBUTE_ID` (`attribute_id`),
  CONSTRAINT `EAV_ENTITY_ATTRIBUTE_ATTRIBUTE_ID_EAV_ATTRIBUTE_ATTRIBUTE_ID` FOREIGN KEY (`attribute_id`) REFERENCES `eav_attribute` (`attribute_id`) ON DELETE CASCADE,
  CONSTRAINT `EAV_ENTT_ATTR_ATTR_GROUP_ID_EAV_ATTR_GROUP_ATTR_GROUP_ID` FOREIGN KEY (`attribute_group_id`) REFERENCES `eav_attribute_group` (`attribute_group_id`) ON DELETE CASCADE
) ENGINE=InnoDB AUTO_INCREMENT=302 DEFAULT CHARSET=utf8 COMMENT='Eav Entity Attributes';

--
-- Dumping data for table `eav_entity_attribute`
--

INSERT INTO `eav_entity_attribute` VALUES (1,1,1,1,1,10),(2,1,1,1,2,20),(3,1,1,1,3,20),(4,1,1,1,4,30),(5,1,1,1,5,40),(6,1,1,1,6,50),(7,1,1,1,7,60),(8,1,1,1,8,70),(9,1,1,1,9,80),(10,1,1,1,10,25),(11,1,1,1,11,90),(12,1,1,1,12,81),(13,1,1,1,13,115),(14,1,1,1,14,120),(15,1,1,1,15,82),(16,1,1,1,16,83),(17,1,1,1,17,100),(18,1,1,1,18,85),(19,1,1,1,19,86),(20,1,1,1,20,110),(21,1,1,1,21,121),(22,2,2,2,22,10),(23,2,2,2,23,20),(24,2,2,2,24,30),(25,2,2,2,25,40),(26,2,2,2,26,50),(27,2,2,2,27,60),(28,2,2,2,28,70),(29,2,2,2,29,80),(30,2,2,2,30,90),(31,2,2,2,31,100),(32,2,2,2,32,100),(33,2,2,2,33,110),(34,2,2,2,34,120),(35,2,2,2,35,130),(36,2,2,2,36,131),(37,2,2,2,37,132),(38,2,2,2,38,133),(39,2,2,2,39,134),(40,2,2,2,40,135),(41,1,1,1,41,87),(42,1,1,1,42,100),(43,1,1,1,43,110),(44,1,1,1,44,120),(45,3,3,4,45,1),(46,3,3,4,46,2),(47,3,3,4,47,4),(48,3,3,4,48,5),(49,3,3,4,49,6),(50,3,3,4,50,7),(51,3,3,4,51,8),(52,3,3,5,52,10),(53,3,3,5,53,20),(54,3,3,5,54,30),(55,3,3,4,55,12),(56,3,3,4,56,13),(57,3,3,4,57,14),(58,3,3,4,58,15),(59,3,3,4,59,16),(60,3,3,6,60,10),(61,3,3,6,61,30),(62,3,3,6,62,40),(63,3,3,6,63,50),(64,3,3,6,64,60),(65,3,3,4,65,24),(66,3,3,4,66,25),(67,3,3,5,67,40),(68,3,3,5,68,50),(69,3,3,4,69,10),(70,3,3,6,70,5),(71,3,3,6,71,6),(72,3,3,5,72,51),(73,4,4,7,73,10),(74,4,4,7,74,20),(75,4,4,13,75,90),(76,4,4,13,76,100),(77,4,4,7,77,30),(78,4,4,8,78,3),(79,4,4,8,79,4),(80,4,4,8,80,5),(81,4,4,8,81,6),(82,4,4,7,82,70),(83,4,4,9,84,20),(84,4,4,9,85,30),(85,4,4,9,86,40),(86,4,4,10,87,1),(87,4,4,10,88,2),(88,4,4,10,89,3),(89,4,4,10,90,4),(90,4,4,7,91,6),(91,4,4,8,92,7),(92,4,4,7,94,90),(93,4,4,7,95,100),(94,4,4,10,96,5),(95,4,4,7,97,5),(96,4,4,8,98,8),(97,4,4,7,99,80),(98,4,4,14,100,40),(99,4,4,14,101,20),(100,4,4,14,102,30),(101,4,4,11,103,10),(102,4,4,11,104,5),(103,4,4,7,105,80),(104,4,4,11,106,6),(105,4,4,7,107,14),(106,4,4,7,108,15),(107,4,4,7,109,16),(108,4,4,7,110,17),(109,4,4,7,111,18),(110,4,4,7,112,19),(111,4,4,7,113,20),(112,4,4,7,114,110),(113,4,4,7,115,60),(114,4,4,14,116,50),(115,3,3,4,117,3),(116,3,3,4,118,17),(117,4,4,9,119,10),(118,4,4,7,120,11),(119,4,4,8,121,9),(120,4,4,8,122,10),(121,4,4,7,123,31),(122,4,4,7,124,21),(123,4,4,7,125,71),(124,4,4,8,126,11),(125,4,4,15,127,1),(126,4,4,7,128,111),(127,4,4,7,129,112),(128,4,4,7,130,113),(129,4,4,7,131,114),(130,4,4,10,132,3),(131,4,4,7,133,40),(132,4,4,20,134,10),(133,4,4,7,135,102),(134,3,3,21,136,10),(135,3,3,21,137,20),(136,3,3,21,138,30),(137,3,3,21,139,40),(138,3,3,21,140,50),(139,3,3,21,141,60),(140,3,3,21,142,70),(141,3,3,21,143,80),(142,3,3,21,144,90),(143,3,3,21,145,100),(144,3,3,21,146,110),(145,3,3,21,147,120),(146,3,3,21,148,130),(147,3,3,21,149,140),(148,3,3,22,150,10),(149,3,3,22,151,20),(150,3,3,22,152,30),(151,3,3,22,153,40),(152,3,3,22,154,50),(154,4,9,23,134,10),(156,4,9,25,101,20),(158,4,9,25,102,30),(160,4,9,25,100,40),(162,4,9,25,116,50),(164,4,9,26,104,5),(166,4,9,26,106,6),(168,4,9,26,103,10),(170,4,9,27,78,3),(172,4,9,27,79,4),(174,4,9,27,80,5),(176,4,9,27,81,6),(178,4,9,27,92,7),(180,4,9,27,98,8),(182,4,9,27,121,9),(184,4,9,27,122,10),(186,4,9,27,126,11),(188,4,9,28,119,10),(190,4,9,28,84,20),(192,4,9,28,85,30),(194,4,9,28,86,40),(196,4,9,29,87,1),(198,4,9,29,88,2),(200,4,9,29,89,3),(202,4,9,29,132,3),(204,4,9,29,90,4),(206,4,9,29,96,5),(208,4,9,30,127,1),(210,4,9,31,75,90),(212,4,9,31,76,100),(214,4,9,32,97,5),(216,4,9,32,91,6),(218,4,9,32,73,10),(220,4,9,32,120,11),(222,4,9,32,107,14),(224,4,9,32,108,15),(226,4,9,32,109,16),(228,4,9,32,110,17),(230,4,9,32,111,18),(232,4,9,32,112,19),(234,4,9,32,74,20),(236,4,9,32,113,20),(238,4,9,32,124,21),(240,4,9,32,77,30),(242,4,9,32,123,31),(244,4,9,32,133,40),(246,4,9,32,115,60),(248,4,9,32,82,70),(250,4,9,32,125,71),(252,4,9,32,105,80),(254,4,9,32,99,80),(256,4,9,32,94,90),(258,4,9,32,95,100),(260,4,9,32,135,102),(262,4,9,32,114,110),(264,4,9,32,128,111),(266,4,9,32,129,112),(268,4,9,32,130,113),(270,4,9,32,131,114),(272,4,9,32,93,116),(273,4,9,32,155,200),(274,4,4,7,155,200),(275,4,9,32,156,201),(276,4,4,7,156,201),(277,4,9,32,157,202),(278,4,4,7,157,202),(279,4,9,32,158,203),(280,4,4,7,158,203),(282,4,9,32,159,205),(289,4,9,32,163,206),(290,4,4,7,163,204),(299,4,9,26,168,51),(300,4,4,11,168,51),(301,3,3,6,169,51);

--
-- Table structure for table `eav_entity_datetime`
--

CREATE TABLE `eav_entity_datetime` (
  `value_id` int(11) NOT NULL AUTO_INCREMENT COMMENT 'Value ID',
  `entity_type_id` smallint(5) unsigned NOT NULL DEFAULT '0' COMMENT 'Entity Type ID',
  `attribute_id` smallint(5) unsigned NOT NULL DEFAULT '0' COMMENT 'Attribute ID',
  `store_id` smallint(5) unsigned NOT NULL DEFAULT '0' COMMENT 'Store ID',
  `entity_id` int(10) unsigned NOT NULL DEFAULT '0' COMMENT 'Entity ID',
  `value` datetime DEFAULT NULL COMMENT 'Attribute Value',
  PRIMARY KEY (`value_id`),
  UNIQUE KEY `EAV_ENTITY_DATETIME_ENTITY_ID_ATTRIBUTE_ID_STORE_ID` (`entity_id`,`attribute_id`,`store_id`),
  KEY `EAV_ENTITY_DATETIME_STORE_ID` (`store_id`),
  KEY `EAV_ENTITY_DATETIME_ATTRIBUTE_ID_VALUE` (`attribute_id`,`value`),
  KEY `EAV_ENTITY_DATETIME_ENTITY_TYPE_ID_VALUE` (`entity_type_id`,`value`),
  CONSTRAINT `EAV_ENTITY_DATETIME_ENTITY_ID_EAV_ENTITY_ENTITY_ID` FOREIGN KEY (`entity_id`) REFERENCES `eav_entity` (`entity_id`) ON DELETE CASCADE,
  CONSTRAINT `EAV_ENTITY_DATETIME_STORE_ID_STORE_STORE_ID` FOREIGN KEY (`store_id`) REFERENCES `store` (`store_id`) ON DELETE CASCADE,
  CONSTRAINT `EAV_ENTT_DTIME_ENTT_TYPE_ID_EAV_ENTT_TYPE_ENTT_TYPE_ID` FOREIGN KEY (`entity_type_id`) REFERENCES `eav_entity_type` (`entity_type_id`) ON DELETE CASCADE
) ENGINE=InnoDB DEFAULT CHARSET=utf8 COMMENT='Eav Entity Value Prefix';

--
-- Dumping data for table `eav_entity_datetime`
--


--
-- Table structure for table `eav_entity_decimal`
--

CREATE TABLE `eav_entity_decimal` (
  `value_id` int(11) NOT NULL AUTO_INCREMENT COMMENT 'Value ID',
  `entity_type_id` smallint(5) unsigned NOT NULL DEFAULT '0' COMMENT 'Entity Type ID',
  `attribute_id` smallint(5) unsigned NOT NULL DEFAULT '0' COMMENT 'Attribute ID',
  `store_id` smallint(5) unsigned NOT NULL DEFAULT '0' COMMENT 'Store ID',
  `entity_id` int(10) unsigned NOT NULL DEFAULT '0' COMMENT 'Entity ID',
  `value` decimal(12,4) NOT NULL DEFAULT '0.0000' COMMENT 'Attribute Value',
  PRIMARY KEY (`value_id`),
  UNIQUE KEY `EAV_ENTITY_DECIMAL_ENTITY_ID_ATTRIBUTE_ID_STORE_ID` (`entity_id`,`attribute_id`,`store_id`),
  KEY `EAV_ENTITY_DECIMAL_STORE_ID` (`store_id`),
  KEY `EAV_ENTITY_DECIMAL_ATTRIBUTE_ID_VALUE` (`attribute_id`,`value`),
  KEY `EAV_ENTITY_DECIMAL_ENTITY_TYPE_ID_VALUE` (`entity_type_id`,`value`),
  CONSTRAINT `EAV_ENTITY_DECIMAL_ENTITY_ID_EAV_ENTITY_ENTITY_ID` FOREIGN KEY (`entity_id`) REFERENCES `eav_entity` (`entity_id`) ON DELETE CASCADE,
  CONSTRAINT `EAV_ENTITY_DECIMAL_ENTITY_TYPE_ID_EAV_ENTITY_TYPE_ENTITY_TYPE_ID` FOREIGN KEY (`entity_type_id`) REFERENCES `eav_entity_type` (`entity_type_id`) ON DELETE CASCADE,
  CONSTRAINT `EAV_ENTITY_DECIMAL_STORE_ID_STORE_STORE_ID` FOREIGN KEY (`store_id`) REFERENCES `store` (`store_id`) ON DELETE CASCADE
) ENGINE=InnoDB DEFAULT CHARSET=utf8 COMMENT='Eav Entity Value Prefix';

--
-- Dumping data for table `eav_entity_decimal`
--


--
-- Table structure for table `eav_entity_int`
--

CREATE TABLE `eav_entity_int` (
  `value_id` int(11) NOT NULL AUTO_INCREMENT COMMENT 'Value ID',
  `entity_type_id` smallint(5) unsigned NOT NULL DEFAULT '0' COMMENT 'Entity Type ID',
  `attribute_id` smallint(5) unsigned NOT NULL DEFAULT '0' COMMENT 'Attribute ID',
  `store_id` smallint(5) unsigned NOT NULL DEFAULT '0' COMMENT 'Store ID',
  `entity_id` int(10) unsigned NOT NULL DEFAULT '0' COMMENT 'Entity ID',
  `value` int(11) NOT NULL DEFAULT '0' COMMENT 'Attribute Value',
  PRIMARY KEY (`value_id`),
  UNIQUE KEY `EAV_ENTITY_INT_ENTITY_ID_ATTRIBUTE_ID_STORE_ID` (`entity_id`,`attribute_id`,`store_id`),
  KEY `EAV_ENTITY_INT_STORE_ID` (`store_id`),
  KEY `EAV_ENTITY_INT_ATTRIBUTE_ID_VALUE` (`attribute_id`,`value`),
  KEY `EAV_ENTITY_INT_ENTITY_TYPE_ID_VALUE` (`entity_type_id`,`value`),
  CONSTRAINT `EAV_ENTITY_INT_ENTITY_ID_EAV_ENTITY_ENTITY_ID` FOREIGN KEY (`entity_id`) REFERENCES `eav_entity` (`entity_id`) ON DELETE CASCADE,
  CONSTRAINT `EAV_ENTITY_INT_ENTITY_TYPE_ID_EAV_ENTITY_TYPE_ENTITY_TYPE_ID` FOREIGN KEY (`entity_type_id`) REFERENCES `eav_entity_type` (`entity_type_id`) ON DELETE CASCADE,
  CONSTRAINT `EAV_ENTITY_INT_STORE_ID_STORE_STORE_ID` FOREIGN KEY (`store_id`) REFERENCES `store` (`store_id`) ON DELETE CASCADE
) ENGINE=InnoDB DEFAULT CHARSET=utf8 COMMENT='Eav Entity Value Prefix';

--
-- Dumping data for table `eav_entity_int`
--


--
-- Table structure for table `eav_entity_store`
--

CREATE TABLE `eav_entity_store` (
  `entity_store_id` int(10) unsigned NOT NULL AUTO_INCREMENT COMMENT 'Entity Store ID',
  `entity_type_id` smallint(5) unsigned NOT NULL DEFAULT '0' COMMENT 'Entity Type ID',
  `store_id` smallint(5) unsigned NOT NULL DEFAULT '0' COMMENT 'Store ID',
  `increment_prefix` varchar(20) DEFAULT NULL COMMENT 'Increment Prefix',
  `increment_last_id` varchar(50) DEFAULT NULL COMMENT 'Last Incremented ID',
  PRIMARY KEY (`entity_store_id`),
  KEY `EAV_ENTITY_STORE_ENTITY_TYPE_ID` (`entity_type_id`),
  KEY `EAV_ENTITY_STORE_STORE_ID` (`store_id`),
  CONSTRAINT `EAV_ENTITY_STORE_ENTITY_TYPE_ID_EAV_ENTITY_TYPE_ENTITY_TYPE_ID` FOREIGN KEY (`entity_type_id`) REFERENCES `eav_entity_type` (`entity_type_id`) ON DELETE CASCADE,
  CONSTRAINT `EAV_ENTITY_STORE_STORE_ID_STORE_STORE_ID` FOREIGN KEY (`store_id`) REFERENCES `store` (`store_id`) ON DELETE CASCADE
) ENGINE=InnoDB DEFAULT CHARSET=utf8 COMMENT='Eav Entity Store';

--
-- Dumping data for table `eav_entity_store`
--


--
-- Table structure for table `eav_entity_text`
--

CREATE TABLE `eav_entity_text` (
  `value_id` int(11) NOT NULL AUTO_INCREMENT COMMENT 'Value ID',
  `entity_type_id` smallint(5) unsigned NOT NULL DEFAULT '0' COMMENT 'Entity Type ID',
  `attribute_id` smallint(5) unsigned NOT NULL DEFAULT '0' COMMENT 'Attribute ID',
  `store_id` smallint(5) unsigned NOT NULL DEFAULT '0' COMMENT 'Store ID',
  `entity_id` int(10) unsigned NOT NULL DEFAULT '0' COMMENT 'Entity ID',
  `value` text NOT NULL COMMENT 'Attribute Value',
  PRIMARY KEY (`value_id`),
  UNIQUE KEY `EAV_ENTITY_TEXT_ENTITY_ID_ATTRIBUTE_ID_STORE_ID` (`entity_id`,`attribute_id`,`store_id`),
  KEY `EAV_ENTITY_TEXT_ENTITY_TYPE_ID` (`entity_type_id`),
  KEY `EAV_ENTITY_TEXT_ATTRIBUTE_ID` (`attribute_id`),
  KEY `EAV_ENTITY_TEXT_STORE_ID` (`store_id`),
  CONSTRAINT `EAV_ENTITY_TEXT_ENTITY_ID_EAV_ENTITY_ENTITY_ID` FOREIGN KEY (`entity_id`) REFERENCES `eav_entity` (`entity_id`) ON DELETE CASCADE,
  CONSTRAINT `EAV_ENTITY_TEXT_ENTITY_TYPE_ID_EAV_ENTITY_TYPE_ENTITY_TYPE_ID` FOREIGN KEY (`entity_type_id`) REFERENCES `eav_entity_type` (`entity_type_id`) ON DELETE CASCADE,
  CONSTRAINT `EAV_ENTITY_TEXT_STORE_ID_STORE_STORE_ID` FOREIGN KEY (`store_id`) REFERENCES `store` (`store_id`) ON DELETE CASCADE
) ENGINE=InnoDB DEFAULT CHARSET=utf8 COMMENT='Eav Entity Value Prefix';

--
-- Dumping data for table `eav_entity_text`
--


--
-- Table structure for table `eav_entity_type`
--

CREATE TABLE `eav_entity_type` (
  `entity_type_id` smallint(5) unsigned NOT NULL AUTO_INCREMENT COMMENT 'Entity Type ID',
  `entity_type_code` varchar(50) NOT NULL COMMENT 'Entity Type Code',
  `entity_model` varchar(255) NOT NULL COMMENT 'Entity Model',
  `attribute_model` varchar(255) DEFAULT NULL COMMENT 'Attribute Model',
  `entity_table` varchar(255) DEFAULT NULL COMMENT 'Entity Table',
  `value_table_prefix` varchar(255) DEFAULT NULL COMMENT 'Value Table Prefix',
  `entity_id_field` varchar(255) DEFAULT NULL COMMENT 'Entity ID Field',
  `is_data_sharing` smallint(5) unsigned NOT NULL DEFAULT '1' COMMENT 'Defines Is Data Sharing',
  `data_sharing_key` varchar(100) DEFAULT 'default' COMMENT 'Data Sharing Key',
  `default_attribute_set_id` smallint(5) unsigned NOT NULL DEFAULT '0' COMMENT 'Default Attribute Set ID',
  `increment_model` varchar(255) DEFAULT NULL COMMENT 'Increment Model',
  `increment_per_store` smallint(5) unsigned NOT NULL DEFAULT '0' COMMENT 'Increment Per Store',
  `increment_pad_length` smallint(5) unsigned NOT NULL DEFAULT '8' COMMENT 'Increment Pad Length',
  `increment_pad_char` varchar(1) NOT NULL DEFAULT '0' COMMENT 'Increment Pad Char',
  `additional_attribute_table` varchar(255) DEFAULT NULL COMMENT 'Additional Attribute Table',
  `entity_attribute_collection` varchar(255) DEFAULT NULL COMMENT 'Entity Attribute Collection',
  PRIMARY KEY (`entity_type_id`),
  KEY `EAV_ENTITY_TYPE_ENTITY_TYPE_CODE` (`entity_type_code`)
) ENGINE=InnoDB AUTO_INCREMENT=9 DEFAULT CHARSET=utf8 COMMENT='Eav Entity Type';

--
-- Dumping data for table `eav_entity_type`
--

INSERT INTO `eav_entity_type` VALUES (1,'customer','Magento\\Customer\\Model\\ResourceModel\\Customer','Magento\\Customer\\Model\\Attribute','customer_entity',NULL,NULL,1,'default',1,'Magento\\Eav\\Model\\Entity\\Increment\\NumericValue',0,8,'0','customer_eav_attribute','Magento\\Customer\\Model\\ResourceModel\\Attribute\\Collection'),(2,'customer_address','Magento\\Customer\\Model\\ResourceModel\\Address','Magento\\Customer\\Model\\Attribute','customer_address_entity',NULL,NULL,1,'default',2,NULL,0,8,'0','customer_eav_attribute','Magento\\Customer\\Model\\ResourceModel\\Address\\Attribute\\Collection'),(3,'catalog_category','Magento\\Catalog\\Model\\ResourceModel\\Category','Magento\\Catalog\\Model\\ResourceModel\\Eav\\Attribute','catalog_category_entity',NULL,NULL,1,'default',3,NULL,0,8,'0','catalog_eav_attribute','Magento\\Catalog\\Model\\ResourceModel\\Category\\Attribute\\Collection'),(4,'catalog_product','Magento\\Catalog\\Model\\ResourceModel\\Product','Magento\\Catalog\\Model\\ResourceModel\\Eav\\Attribute','catalog_product_entity',NULL,NULL,1,'default',4,NULL,0,8,'0','catalog_eav_attribute','Magento\\Catalog\\Model\\ResourceModel\\Product\\Attribute\\Collection'),(5,'order','Magento\\Sales\\Model\\ResourceModel\\Order',NULL,'sales_order',NULL,NULL,1,'default',5,'Magento\\Eav\\Model\\Entity\\Increment\\NumericValue',1,8,'0',NULL,NULL),(6,'invoice','Magento\\Sales\\Model\\ResourceModel\\Order\\Invoice',NULL,'sales_invoice',NULL,NULL,1,'default',6,'Magento\\Eav\\Model\\Entity\\Increment\\NumericValue',1,8,'0',NULL,NULL),(7,'creditmemo','Magento\\Sales\\Model\\ResourceModel\\Order\\Creditmemo',NULL,'sales_creditmemo',NULL,NULL,1,'default',7,'Magento\\Eav\\Model\\Entity\\Increment\\NumericValue',1,8,'0',NULL,NULL),(8,'shipment','Magento\\Sales\\Model\\ResourceModel\\Order\\Shipment',NULL,'sales_shipment',NULL,NULL,1,'default',8,'Magento\\Eav\\Model\\Entity\\Increment\\NumericValue',1,8,'0',NULL,NULL);

--
-- Table structure for table `eav_entity_varchar`
--

CREATE TABLE `eav_entity_varchar` (
  `value_id` int(11) NOT NULL AUTO_INCREMENT COMMENT 'Value ID',
  `entity_type_id` smallint(5) unsigned NOT NULL DEFAULT '0' COMMENT 'Entity Type ID',
  `attribute_id` smallint(5) unsigned NOT NULL DEFAULT '0' COMMENT 'Attribute ID',
  `store_id` smallint(5) unsigned NOT NULL DEFAULT '0' COMMENT 'Store ID',
  `entity_id` int(10) unsigned NOT NULL DEFAULT '0' COMMENT 'Entity ID',
  `value` varchar(255) DEFAULT NULL COMMENT 'Attribute Value',
  PRIMARY KEY (`value_id`),
  UNIQUE KEY `EAV_ENTITY_VARCHAR_ENTITY_ID_ATTRIBUTE_ID_STORE_ID` (`entity_id`,`attribute_id`,`store_id`),
  KEY `EAV_ENTITY_VARCHAR_STORE_ID` (`store_id`),
  KEY `EAV_ENTITY_VARCHAR_ATTRIBUTE_ID_VALUE` (`attribute_id`,`value`),
  KEY `EAV_ENTITY_VARCHAR_ENTITY_TYPE_ID_VALUE` (`entity_type_id`,`value`),
  CONSTRAINT `EAV_ENTITY_VARCHAR_ENTITY_ID_EAV_ENTITY_ENTITY_ID` FOREIGN KEY (`entity_id`) REFERENCES `eav_entity` (`entity_id`) ON DELETE CASCADE,
  CONSTRAINT `EAV_ENTITY_VARCHAR_ENTITY_TYPE_ID_EAV_ENTITY_TYPE_ENTITY_TYPE_ID` FOREIGN KEY (`entity_type_id`) REFERENCES `eav_entity_type` (`entity_type_id`) ON DELETE CASCADE,
  CONSTRAINT `EAV_ENTITY_VARCHAR_STORE_ID_STORE_STORE_ID` FOREIGN KEY (`store_id`) REFERENCES `store` (`store_id`) ON DELETE CASCADE
) ENGINE=InnoDB DEFAULT CHARSET=utf8 COMMENT='Eav Entity Value Prefix';

--
-- Dumping data for table `eav_entity_varchar`
--


--
-- Table structure for table `eav_form_element`
--

CREATE TABLE `eav_form_element` (
  `element_id` int(10) unsigned NOT NULL AUTO_INCREMENT COMMENT 'Element ID',
  `type_id` smallint(5) unsigned NOT NULL COMMENT 'Type ID',
  `fieldset_id` smallint(5) unsigned DEFAULT NULL COMMENT 'Fieldset ID',
  `attribute_id` smallint(5) unsigned NOT NULL COMMENT 'Attribute ID',
  `sort_order` int(11) NOT NULL DEFAULT '0' COMMENT 'Sort Order',
  PRIMARY KEY (`element_id`),
  UNIQUE KEY `EAV_FORM_ELEMENT_TYPE_ID_ATTRIBUTE_ID` (`type_id`,`attribute_id`),
  KEY `EAV_FORM_ELEMENT_FIELDSET_ID` (`fieldset_id`),
  KEY `EAV_FORM_ELEMENT_ATTRIBUTE_ID` (`attribute_id`),
  CONSTRAINT `EAV_FORM_ELEMENT_ATTRIBUTE_ID_EAV_ATTRIBUTE_ATTRIBUTE_ID` FOREIGN KEY (`attribute_id`) REFERENCES `eav_attribute` (`attribute_id`) ON DELETE CASCADE,
  CONSTRAINT `EAV_FORM_ELEMENT_FIELDSET_ID_EAV_FORM_FIELDSET_FIELDSET_ID` FOREIGN KEY (`fieldset_id`) REFERENCES `eav_form_fieldset` (`fieldset_id`) ON DELETE SET NULL,
  CONSTRAINT `EAV_FORM_ELEMENT_TYPE_ID_EAV_FORM_TYPE_TYPE_ID` FOREIGN KEY (`type_id`) REFERENCES `eav_form_type` (`type_id`) ON DELETE CASCADE
) ENGINE=InnoDB AUTO_INCREMENT=43 DEFAULT CHARSET=utf8 COMMENT='Eav Form Element';

--
-- Dumping data for table `eav_form_element`
--

INSERT INTO `eav_form_element` VALUES (1,1,NULL,23,0),(2,1,NULL,25,1),(3,1,NULL,27,2),(4,1,NULL,9,3),(5,1,NULL,28,4),(6,1,NULL,29,5),(7,1,NULL,31,6),(8,1,NULL,33,7),(9,1,NULL,30,8),(10,1,NULL,34,9),(11,1,NULL,35,10),(12,2,NULL,23,0),(13,2,NULL,25,1),(14,2,NULL,27,2),(15,2,NULL,9,3),(16,2,NULL,28,4),(17,2,NULL,29,5),(18,2,NULL,31,6),(19,2,NULL,33,7),(20,2,NULL,30,8),(21,2,NULL,34,9),(22,2,NULL,35,10),(23,3,NULL,23,0),(24,3,NULL,25,1),(25,3,NULL,27,2),(26,3,NULL,28,3),(27,3,NULL,29,4),(28,3,NULL,31,5),(29,3,NULL,33,6),(30,3,NULL,30,7),(31,3,NULL,34,8),(32,3,NULL,35,9),(33,4,NULL,23,0),(34,4,NULL,25,1),(35,4,NULL,27,2),(36,4,NULL,28,3),(37,4,NULL,29,4),(38,4,NULL,31,5),(39,4,NULL,33,6),(40,4,NULL,30,7),(41,4,NULL,34,8),(42,4,NULL,35,9);

--
-- Table structure for table `eav_form_fieldset`
--

CREATE TABLE `eav_form_fieldset` (
  `fieldset_id` smallint(5) unsigned NOT NULL AUTO_INCREMENT COMMENT 'Fieldset ID',
  `type_id` smallint(5) unsigned NOT NULL COMMENT 'Type ID',
  `code` varchar(64) NOT NULL COMMENT 'Code',
  `sort_order` int(11) NOT NULL DEFAULT '0' COMMENT 'Sort Order',
  PRIMARY KEY (`fieldset_id`),
  UNIQUE KEY `EAV_FORM_FIELDSET_TYPE_ID_CODE` (`type_id`,`code`),
  CONSTRAINT `EAV_FORM_FIELDSET_TYPE_ID_EAV_FORM_TYPE_TYPE_ID` FOREIGN KEY (`type_id`) REFERENCES `eav_form_type` (`type_id`) ON DELETE CASCADE
) ENGINE=InnoDB DEFAULT CHARSET=utf8 COMMENT='Eav Form Fieldset';

--
-- Dumping data for table `eav_form_fieldset`
--


--
-- Table structure for table `eav_form_fieldset_label`
--

CREATE TABLE `eav_form_fieldset_label` (
  `fieldset_id` smallint(5) unsigned NOT NULL COMMENT 'Fieldset ID',
  `store_id` smallint(5) unsigned NOT NULL COMMENT 'Store ID',
  `label` varchar(255) NOT NULL COMMENT 'Label',
  PRIMARY KEY (`fieldset_id`,`store_id`),
  KEY `EAV_FORM_FIELDSET_LABEL_STORE_ID` (`store_id`),
  CONSTRAINT `EAV_FORM_FIELDSET_LABEL_STORE_ID_STORE_STORE_ID` FOREIGN KEY (`store_id`) REFERENCES `store` (`store_id`) ON DELETE CASCADE,
  CONSTRAINT `EAV_FORM_FSET_LBL_FSET_ID_EAV_FORM_FSET_FSET_ID` FOREIGN KEY (`fieldset_id`) REFERENCES `eav_form_fieldset` (`fieldset_id`) ON DELETE CASCADE
) ENGINE=InnoDB DEFAULT CHARSET=utf8 COMMENT='Eav Form Fieldset Label';

--
-- Dumping data for table `eav_form_fieldset_label`
--


--
-- Table structure for table `eav_form_type`
--

CREATE TABLE `eav_form_type` (
  `type_id` smallint(5) unsigned NOT NULL AUTO_INCREMENT COMMENT 'Type ID',
  `code` varchar(64) NOT NULL COMMENT 'Code',
  `label` varchar(255) NOT NULL COMMENT 'Label',
  `is_system` smallint(5) unsigned NOT NULL DEFAULT '0' COMMENT 'Is System',
  `theme` varchar(64) DEFAULT NULL COMMENT 'Theme',
  `store_id` smallint(5) unsigned NOT NULL COMMENT 'Store ID',
  PRIMARY KEY (`type_id`),
  UNIQUE KEY `EAV_FORM_TYPE_CODE_THEME_STORE_ID` (`code`,`theme`,`store_id`),
  KEY `EAV_FORM_TYPE_STORE_ID` (`store_id`),
  CONSTRAINT `EAV_FORM_TYPE_STORE_ID_STORE_STORE_ID` FOREIGN KEY (`store_id`) REFERENCES `store` (`store_id`) ON DELETE CASCADE
) ENGINE=InnoDB AUTO_INCREMENT=5 DEFAULT CHARSET=utf8 COMMENT='Eav Form Type';

--
-- Dumping data for table `eav_form_type`
--

INSERT INTO `eav_form_type` VALUES (1,'checkout_onepage_register','checkout_onepage_register',1,'',0),(2,'checkout_onepage_register_guest','checkout_onepage_register_guest',1,'',0),(3,'checkout_onepage_billing_address','checkout_onepage_billing_address',1,'',0),(4,'checkout_onepage_shipping_address','checkout_onepage_shipping_address',1,'',0);

--
-- Table structure for table `eav_form_type_entity`
--

CREATE TABLE `eav_form_type_entity` (
  `type_id` smallint(5) unsigned NOT NULL COMMENT 'Type ID',
  `entity_type_id` smallint(5) unsigned NOT NULL COMMENT 'Entity Type ID',
  PRIMARY KEY (`type_id`,`entity_type_id`),
  KEY `EAV_FORM_TYPE_ENTITY_ENTITY_TYPE_ID` (`entity_type_id`),
  CONSTRAINT `EAV_FORM_TYPE_ENTITY_TYPE_ID_EAV_FORM_TYPE_TYPE_ID` FOREIGN KEY (`type_id`) REFERENCES `eav_form_type` (`type_id`) ON DELETE CASCADE,
  CONSTRAINT `EAV_FORM_TYPE_ENTT_ENTT_TYPE_ID_EAV_ENTT_TYPE_ENTT_TYPE_ID` FOREIGN KEY (`entity_type_id`) REFERENCES `eav_entity_type` (`entity_type_id`) ON DELETE CASCADE
) ENGINE=InnoDB DEFAULT CHARSET=utf8 COMMENT='Eav Form Type Entity';

--
-- Dumping data for table `eav_form_type_entity`
--

INSERT INTO `eav_form_type_entity` VALUES (1,1),(2,1),(1,2),(2,2),(3,2),(4,2);

--
-- Table structure for table `email_abandoned_cart`
--

CREATE TABLE `email_abandoned_cart` (
  `id` int(10) unsigned NOT NULL AUTO_INCREMENT COMMENT 'Primary Key',
  `quote_id` int(10) unsigned DEFAULT NULL COMMENT 'Quote Id',
  `store_id` smallint(5) unsigned DEFAULT NULL COMMENT 'Store Id',
  `customer_id` int(10) unsigned DEFAULT NULL COMMENT 'Customer ID',
  `email` varchar(255) NOT NULL DEFAULT '' COMMENT 'Email',
  `is_active` smallint(5) unsigned NOT NULL DEFAULT '1' COMMENT 'Quote Active',
  `quote_updated_at` timestamp NULL DEFAULT NULL COMMENT 'Quote updated at',
  `abandoned_cart_number` smallint(5) unsigned NOT NULL DEFAULT '0' COMMENT 'Abandoned Cart number',
  `items_count` smallint(5) unsigned DEFAULT '0' COMMENT 'Quote items count',
  `items_ids` varchar(255) DEFAULT NULL COMMENT 'Quote item ids',
  `created_at` timestamp NULL DEFAULT NULL COMMENT 'Created At',
  `updated_at` timestamp NULL DEFAULT NULL COMMENT 'Updated at',
  `status` text NOT NULL COMMENT 'Contact Status',
  PRIMARY KEY (`id`),
  KEY `EMAIL_ABANDONED_CART_QUOTE_ID` (`quote_id`),
  KEY `EMAIL_ABANDONED_CART_STORE_ID` (`store_id`),
  KEY `EMAIL_ABANDONED_CART_CUSTOMER_ID` (`customer_id`),
  KEY `EMAIL_ABANDONED_CART_EMAIL` (`email`)
) ENGINE=InnoDB DEFAULT CHARSET=utf8 COMMENT='Abandoned Carts Table';

--
-- Dumping data for table `email_abandoned_cart`
--


--
-- Table structure for table `email_automation`
--

CREATE TABLE `email_automation` (
  `id` int(10) unsigned NOT NULL AUTO_INCREMENT COMMENT 'Primary Key',
  `automation_type` varchar(255) DEFAULT NULL COMMENT 'Automation Type',
  `store_name` varchar(255) DEFAULT NULL COMMENT 'Automation Type',
  `enrolment_status` varchar(255) NOT NULL COMMENT 'Entrolment Status',
  `email` varchar(255) DEFAULT NULL COMMENT 'Email',
  `type_id` varchar(255) DEFAULT NULL COMMENT 'Type ID',
  `program_id` varchar(255) DEFAULT NULL COMMENT 'Program ID',
  `website_id` smallint(5) unsigned NOT NULL COMMENT 'Website Id',
  `message` varchar(255) NOT NULL COMMENT 'Message',
  `created_at` timestamp NULL DEFAULT NULL COMMENT 'Creation Time',
  `updated_at` timestamp NULL DEFAULT NULL COMMENT 'Update Time',
  PRIMARY KEY (`id`),
  KEY `EMAIL_AUTOMATION_AUTOMATION_TYPE` (`automation_type`),
  KEY `EMAIL_AUTOMATION_ENROLMENT_STATUS` (`enrolment_status`),
  KEY `EMAIL_AUTOMATION_TYPE_ID` (`type_id`),
  KEY `EMAIL_AUTOMATION_EMAIL` (`email`),
  KEY `EMAIL_AUTOMATION_PROGRAM_ID` (`program_id`),
  KEY `EMAIL_AUTOMATION_CREATED_AT` (`created_at`),
  KEY `EMAIL_AUTOMATION_UPDATED_AT` (`updated_at`),
  KEY `EMAIL_AUTOMATION_WEBSITE_ID` (`website_id`)
) ENGINE=InnoDB DEFAULT CHARSET=utf8 COMMENT='Automation Status';

--
-- Dumping data for table `email_automation`
--


--
-- Table structure for table `email_campaign`
--

CREATE TABLE `email_campaign` (
  `id` int(10) unsigned NOT NULL AUTO_INCREMENT COMMENT 'Primary Key',
  `campaign_id` int(10) unsigned NOT NULL COMMENT 'Campaign ID',
  `email` varchar(255) NOT NULL DEFAULT '' COMMENT 'Contact Email',
  `customer_id` int(10) unsigned NOT NULL COMMENT 'Customer ID',
  `sent_at` timestamp NULL DEFAULT NULL COMMENT 'Send Date',
  `order_increment_id` varchar(50) NOT NULL COMMENT 'Order Increment ID',
  `quote_id` int(10) unsigned NOT NULL COMMENT 'Sales Quote ID',
  `message` varchar(255) NOT NULL DEFAULT '' COMMENT 'Error Message',
  `checkout_method` varchar(255) NOT NULL DEFAULT '' COMMENT 'Checkout Method Used',
  `store_id` smallint(5) unsigned NOT NULL DEFAULT '0' COMMENT 'Store ID',
  `event_name` varchar(255) NOT NULL DEFAULT '' COMMENT 'Event Name',
  `send_id` varchar(255) NOT NULL DEFAULT '' COMMENT 'Send Id',
  `send_status` smallint(6) NOT NULL DEFAULT '0' COMMENT 'Campaign send status',
  `created_at` timestamp NULL DEFAULT NULL COMMENT 'Creation Time',
  `updated_at` timestamp NULL DEFAULT NULL COMMENT 'Update Time',
  PRIMARY KEY (`id`),
  KEY `EMAIL_CAMPAIGN_STORE_ID` (`store_id`),
  KEY `EMAIL_CAMPAIGN_CAMPAIGN_ID` (`campaign_id`),
  KEY `EMAIL_CAMPAIGN_EMAIL` (`email`),
  KEY `EMAIL_CAMPAIGN_SEND_ID` (`send_id`),
  KEY `EMAIL_CAMPAIGN_SEND_STATUS` (`send_status`),
  KEY `EMAIL_CAMPAIGN_CREATED_AT` (`created_at`),
  KEY `EMAIL_CAMPAIGN_UPDATED_AT` (`updated_at`),
  KEY `EMAIL_CAMPAIGN_SENT_AT` (`sent_at`),
  KEY `EMAIL_CAMPAIGN_EVENT_NAME` (`event_name`),
  KEY `EMAIL_CAMPAIGN_MESSAGE` (`message`),
  KEY `EMAIL_CAMPAIGN_QUOTE_ID` (`quote_id`),
  KEY `EMAIL_CAMPAIGN_CUSTOMER_ID` (`customer_id`),
  CONSTRAINT `EMAIL_CAMPAIGN_STORE_ID_CORE/STORE_STORE_ID` FOREIGN KEY (`store_id`) REFERENCES `store` (`store_id`) ON DELETE CASCADE
) ENGINE=InnoDB DEFAULT CHARSET=utf8 COMMENT='Connector Campaigns';

--
-- Dumping data for table `email_campaign`
--


--
-- Table structure for table `email_catalog`
--

CREATE TABLE `email_catalog` (
  `id` int(10) unsigned NOT NULL AUTO_INCREMENT COMMENT 'Primary Key',
  `product_id` int(10) unsigned NOT NULL COMMENT 'Product Id',
  `imported` smallint(5) unsigned DEFAULT NULL COMMENT 'Product Imported',
  `modified` smallint(5) unsigned DEFAULT NULL COMMENT 'Product Modified',
  `created_at` timestamp NULL DEFAULT NULL COMMENT 'Creation Time',
  `updated_at` timestamp NULL DEFAULT NULL COMMENT 'Update Time',
  `processed` smallint(5) unsigned NOT NULL COMMENT 'Product processed',
  `last_imported_at` timestamp NULL DEFAULT NULL COMMENT 'Last imported date',
  PRIMARY KEY (`id`),
  KEY `EMAIL_CATALOG_PRODUCT_ID` (`product_id`),
  KEY `EMAIL_CATALOG_CREATED_AT` (`created_at`),
  KEY `EMAIL_CATALOG_UPDATED_AT` (`updated_at`),
  KEY `EMAIL_CATALOG_PROCESSED` (`processed`),
  KEY `EMAIL_CATALOG_LAST_IMPORTED_AT` (`last_imported_at`),
  CONSTRAINT `EMAIL_CATALOG_PRODUCT_ID_CATALOG_PRODUCT_ENTITY_ENTITY_ID` FOREIGN KEY (`product_id`) REFERENCES `catalog_product_entity` (`entity_id`) ON DELETE CASCADE
) ENGINE=InnoDB AUTO_INCREMENT=41 DEFAULT CHARSET=utf8 COMMENT='Connector Catalog';

--
-- Dumping data for table `email_catalog`
--

INSERT INTO `email_catalog` VALUES (1,1,NULL,NULL,'2016-08-26 02:49:12',NULL,0,NULL),(2,2,NULL,NULL,'2016-08-26 02:49:18',NULL,0,NULL),(3,3,NULL,NULL,'2016-08-26 02:50:34',NULL,0,NULL),(4,4,NULL,NULL,'2016-08-26 02:51:43',NULL,0,NULL),(5,5,NULL,NULL,'2016-08-26 02:52:57',NULL,0,NULL),(6,6,NULL,NULL,'2016-08-26 02:53:49',NULL,0,NULL),(7,7,NULL,NULL,'2016-08-26 02:55:05',NULL,0,NULL),(8,8,NULL,NULL,'2016-08-26 02:56:13',NULL,0,NULL),(9,9,NULL,NULL,'2016-08-26 02:57:05',NULL,0,NULL),(10,10,NULL,NULL,'2016-08-26 03:04:41',NULL,0,NULL),(11,11,NULL,NULL,'2016-08-26 03:04:43',NULL,0,NULL),(12,12,NULL,NULL,'2016-08-26 03:04:44',NULL,0,NULL),(13,13,NULL,NULL,'2016-08-26 03:04:46',NULL,0,NULL),(14,14,NULL,NULL,'2016-08-26 03:04:47',NULL,0,NULL),(15,15,NULL,NULL,'2016-08-26 03:04:48',NULL,0,NULL),(16,16,NULL,NULL,'2018-06-19 14:45:36','2018-06-19 14:45:36',0,NULL),(17,17,NULL,NULL,'2018-06-19 14:45:37','2018-06-19 14:45:37',0,NULL),(18,18,NULL,NULL,'2018-06-19 14:45:38','2018-06-19 14:45:38',0,NULL),(19,19,NULL,NULL,'2018-06-19 14:45:38','2018-06-19 14:45:38',0,NULL),(20,20,NULL,NULL,'2018-06-19 14:45:39','2018-06-19 14:45:39',0,NULL),(21,21,NULL,NULL,'2018-06-19 14:45:40','2018-06-19 14:45:40',0,NULL),(22,22,NULL,NULL,'2018-06-19 14:45:40','2018-06-19 14:45:40',0,NULL),(23,23,NULL,NULL,'2018-06-19 14:45:41','2018-06-19 14:45:41',0,NULL),(24,24,NULL,NULL,'2018-06-19 14:45:42','2018-06-19 14:45:42',0,NULL),(25,25,NULL,NULL,'2018-06-19 14:45:42','2018-06-19 14:45:42',0,NULL),(26,26,NULL,NULL,'2018-06-19 14:45:43','2018-06-19 14:45:43',0,NULL),(27,27,NULL,NULL,'2018-06-19 14:45:43','2018-06-19 14:45:43',0,NULL),(28,28,NULL,NULL,'2018-06-19 14:45:44','2018-06-19 14:45:44',0,NULL),(29,29,NULL,NULL,'2018-06-19 14:45:45','2018-06-19 14:45:45',0,NULL),(30,30,NULL,NULL,'2018-06-19 14:45:45','2018-06-19 14:45:45',0,NULL),(31,31,NULL,NULL,'2018-06-19 14:45:46','2018-06-19 14:45:46',0,NULL),(32,32,NULL,NULL,'2018-06-19 14:45:47','2018-06-19 14:45:47',0,NULL),(33,33,NULL,NULL,'2018-06-19 15:14:36','2018-06-19 15:14:36',0,NULL),(34,34,NULL,NULL,'2018-06-19 17:06:08','2018-06-19 17:06:08',0,NULL),(35,35,NULL,NULL,'2018-06-19 17:08:29','2018-06-19 17:08:29',0,NULL),(36,36,NULL,NULL,'2018-06-19 17:11:10','2018-06-19 17:11:10',0,NULL),(37,37,NULL,NULL,'2018-06-19 17:13:16','2018-06-19 17:13:16',0,NULL),(38,38,NULL,NULL,'2018-06-19 17:13:17','2018-06-19 17:13:17',0,NULL),(39,39,NULL,NULL,'2018-06-19 17:13:17','2018-06-19 17:13:17',0,NULL),(40,40,NULL,NULL,'2018-06-19 17:13:18','2018-06-19 17:13:18',0,NULL);

--
-- Table structure for table `email_contact`
--

CREATE TABLE `email_contact` (
  `email_contact_id` int(10) unsigned NOT NULL AUTO_INCREMENT COMMENT 'Primary Key',
  `is_guest` smallint(5) unsigned DEFAULT NULL COMMENT 'Is Guest',
  `contact_id` varchar(15) DEFAULT NULL COMMENT 'Connector Contact ID',
  `customer_id` int(10) unsigned NOT NULL COMMENT 'Customer ID',
  `website_id` smallint(5) unsigned NOT NULL DEFAULT '0' COMMENT 'Website ID',
  `store_id` smallint(5) unsigned NOT NULL DEFAULT '0' COMMENT 'Store ID',
  `email` varchar(255) NOT NULL DEFAULT '' COMMENT 'Customer Email',
  `is_subscriber` smallint(5) unsigned DEFAULT NULL COMMENT 'Is Subscriber',
  `subscriber_status` smallint(5) unsigned DEFAULT NULL COMMENT 'Subscriber status',
  `email_imported` smallint(5) unsigned NOT NULL DEFAULT '0' COMMENT 'Is Imported',
  `subscriber_imported` smallint(5) unsigned NOT NULL DEFAULT '0' COMMENT 'Is Subscriber Imported',
  `suppressed` smallint(5) unsigned DEFAULT NULL COMMENT 'Is Suppressed',
  `last_subscribed_at` timestamp NULL DEFAULT NULL COMMENT 'Last subscribed date',
  PRIMARY KEY (`email_contact_id`),
  KEY `EMAIL_CONTACT_EMAIL_CONTACT_ID` (`email_contact_id`),
  KEY `EMAIL_CONTACT_IS_GUEST` (`is_guest`),
  KEY `EMAIL_CONTACT_CUSTOMER_ID` (`customer_id`),
  KEY `EMAIL_CONTACT_WEBSITE_ID` (`website_id`),
  KEY `EMAIL_CONTACT_IS_SUBSCRIBER` (`is_subscriber`),
  KEY `EMAIL_CONTACT_SUBSCRIBER_STATUS` (`subscriber_status`),
  KEY `EMAIL_CONTACT_EMAIL_IMPORTED` (`email_imported`),
  KEY `EMAIL_CONTACT_SUBSCRIBER_IMPORTED` (`subscriber_imported`),
  KEY `EMAIL_CONTACT_SUPPRESSED` (`suppressed`),
  KEY `EMAIL_CONTACT_EMAIL` (`email`),
  KEY `EMAIL_CONTACT_CONTACT_ID` (`contact_id`),
  CONSTRAINT `EMAIL_CONTACT_WEBSITE_ID_STORE_WEBSITE_WEBSITE_ID` FOREIGN KEY (`website_id`) REFERENCES `store_website` (`website_id`) ON DELETE CASCADE
) ENGINE=InnoDB DEFAULT CHARSET=utf8 COMMENT='Connector Contacts';

--
-- Dumping data for table `email_contact`
--


--
-- Table structure for table `email_contact_consent`
--

CREATE TABLE `email_contact_consent` (
  `id` int(10) unsigned NOT NULL AUTO_INCREMENT COMMENT 'Primary Key',
  `email_contact_id` int(10) unsigned DEFAULT NULL COMMENT 'Email Contact Id',
  `consent_url` varchar(255) DEFAULT NULL COMMENT 'Contact consent url',
  `consent_datetime` datetime DEFAULT NULL COMMENT 'Contact consent datetime',
  `consent_ip` varchar(255) DEFAULT NULL COMMENT 'Contact consent ip',
  `consent_user_agent` varchar(255) DEFAULT NULL COMMENT 'Contact consent user agent',
  PRIMARY KEY (`id`),
  KEY `EMAIL_CONTACT_CONSENT_EMAIL_CONTACT_ID` (`email_contact_id`),
  CONSTRAINT `FK_17E9EA0C469163E550BC6B732AC49FDB` FOREIGN KEY (`email_contact_id`) REFERENCES `email_contact` (`email_contact_id`) ON DELETE CASCADE
) ENGINE=InnoDB DEFAULT CHARSET=utf8 COMMENT='Email contact consent table.';

--
-- Dumping data for table `email_contact_consent`
--


--
-- Table structure for table `email_coupon_attribute`
--

CREATE TABLE `email_coupon_attribute` (
  `id` int(10) unsigned NOT NULL AUTO_INCREMENT COMMENT 'Primary Key',
  `salesrule_coupon_id` int(10) unsigned NOT NULL COMMENT 'Coupon ID',
  `email` varchar(255) DEFAULT NULL COMMENT 'Email',
  `expires_at` timestamp NULL DEFAULT NULL COMMENT 'Coupon expiration date',
  PRIMARY KEY (`id`),
  KEY `EMAIL_COUPON_ATTRIBUTE_COUPON_ID` (`salesrule_coupon_id`),
  KEY `EMAIL_COUPON_ATTRIBUTE_EMAIL` (`email`),
  CONSTRAINT `EMAIL_COUPON_ATTRIBUTE_COUPON_ID_SALESRULE_COUPON_COUPON_ID` FOREIGN KEY (`salesrule_coupon_id`) REFERENCES `salesrule_coupon` (`coupon_id`) ON DELETE CASCADE
) ENGINE=InnoDB DEFAULT CHARSET=utf8 COMMENT='Dotdigital coupon attributes table';

--
-- Dumping data for table `email_coupon_attribute`
--


--
-- Table structure for table `email_failed_auth`
--

CREATE TABLE `email_failed_auth` (
  `id` int(10) unsigned NOT NULL AUTO_INCREMENT COMMENT 'Primary Key',
  `failures_num` int(10) unsigned DEFAULT NULL COMMENT 'Number of fails',
  `first_attempt_date` datetime DEFAULT NULL COMMENT 'First attempt date',
  `last_attempt_date` datetime DEFAULT NULL COMMENT 'Last attempt date',
  `url` varchar(255) DEFAULT NULL COMMENT 'URL',
  `store_id` int(10) unsigned DEFAULT NULL COMMENT 'Store Id',
  PRIMARY KEY (`id`),
  KEY `EMAIL_AUTH_EDC_STORE_ID` (`store_id`)
) ENGINE=InnoDB DEFAULT CHARSET=utf8 COMMENT='Email Failed Auth Table.';

--
-- Dumping data for table `email_failed_auth`
--


--
-- Table structure for table `email_importer`
--

CREATE TABLE `email_importer` (
  `id` int(10) unsigned NOT NULL AUTO_INCREMENT COMMENT 'Primary Key',
  `import_type` varchar(255) NOT NULL DEFAULT '' COMMENT 'Import Type',
  `website_id` smallint(6) NOT NULL DEFAULT '0' COMMENT 'Website Id',
  `import_status` smallint(6) NOT NULL DEFAULT '0' COMMENT 'Import Status',
  `import_id` varchar(255) NOT NULL DEFAULT '' COMMENT 'Import Id',
  `import_data` mediumblob NOT NULL COMMENT 'Import Data',
  `import_mode` varchar(255) NOT NULL DEFAULT '' COMMENT 'Import Mode',
  `import_file` text NOT NULL COMMENT 'Import File',
  `message` varchar(255) NOT NULL DEFAULT '' COMMENT 'Error Message',
  `created_at` timestamp NULL DEFAULT NULL COMMENT 'Creation Time',
  `updated_at` timestamp NULL DEFAULT NULL COMMENT 'Update Time',
  `import_started` timestamp NULL DEFAULT NULL COMMENT 'Import Started',
  `import_finished` timestamp NULL DEFAULT NULL COMMENT 'Import Finished',
  PRIMARY KEY (`id`),
  KEY `EMAIL_IMPORTER_IMPORT_TYPE` (`import_type`),
  KEY `EMAIL_IMPORTER_WEBSITE_ID` (`website_id`),
  KEY `EMAIL_IMPORTER_IMPORT_STATUS` (`import_status`),
  KEY `EMAIL_IMPORTER_IMPORT_MODE` (`import_mode`),
  KEY `EMAIL_IMPORTER_CREATED_AT` (`created_at`),
  KEY `EMAIL_IMPORTER_UPDATED_AT` (`updated_at`),
  KEY `EMAIL_IMPORTER_IMPORT_ID` (`import_id`),
  KEY `EMAIL_IMPORTER_IMPORT_STARTED` (`import_started`),
  KEY `EMAIL_IMPORTER_IMPORT_FINISHED` (`import_finished`)
) ENGINE=InnoDB DEFAULT CHARSET=utf8 COMMENT='Email Importer';

--
-- Dumping data for table `email_importer`
--


--
-- Table structure for table `email_order`
--

CREATE TABLE `email_order` (
  `email_order_id` int(10) unsigned NOT NULL AUTO_INCREMENT COMMENT 'Primary Key',
  `order_id` int(10) unsigned NOT NULL COMMENT 'Order ID',
  `order_status` varchar(255) NOT NULL COMMENT 'Order Status',
  `quote_id` int(10) unsigned NOT NULL COMMENT 'Sales Quote ID',
  `store_id` smallint(5) unsigned NOT NULL DEFAULT '0' COMMENT 'Store ID',
  `email_imported` smallint(5) unsigned NOT NULL DEFAULT '0' COMMENT 'Is Order Imported',
  `modified` smallint(5) unsigned DEFAULT NULL COMMENT 'Is Order Modified',
  `created_at` timestamp NULL DEFAULT NULL COMMENT 'Creation Time',
  `updated_at` timestamp NULL DEFAULT NULL COMMENT 'Update Time',
  PRIMARY KEY (`email_order_id`),
  KEY `EMAIL_ORDER_STORE_ID` (`store_id`),
  KEY `EMAIL_ORDER_QUOTE_ID` (`quote_id`),
  KEY `EMAIL_ORDER_EMAIL_IMPORTED` (`email_imported`),
  KEY `EMAIL_ORDER_ORDER_STATUS` (`order_status`),
  KEY `EMAIL_ORDER_MODIFIED` (`modified`),
  KEY `EMAIL_ORDER_UPDATED_AT` (`updated_at`),
  KEY `EMAIL_ORDER_CREATED_AT` (`created_at`),
  KEY `EMAIL_ORDER_ORDER_ID_SALES_ORDER_ENTITY_ID` (`order_id`),
  CONSTRAINT `EMAIL_ORDER_ORDER_ID_SALES_ORDER_ENTITY_ID` FOREIGN KEY (`order_id`) REFERENCES `sales_order` (`entity_id`) ON DELETE CASCADE,
  CONSTRAINT `EMAIL_ORDER_STORE_ID_STORE_STORE_ID` FOREIGN KEY (`store_id`) REFERENCES `store` (`store_id`) ON DELETE CASCADE
) ENGINE=InnoDB DEFAULT CHARSET=utf8 COMMENT='Transactional Order Data';

--
-- Dumping data for table `email_order`
--


--
-- Table structure for table `email_review`
--

CREATE TABLE `email_review` (
  `id` int(10) unsigned NOT NULL AUTO_INCREMENT COMMENT 'Primary Key',
  `review_id` int(10) unsigned NOT NULL COMMENT 'Review Id',
  `customer_id` int(10) unsigned NOT NULL COMMENT 'Customer ID',
  `store_id` smallint(5) unsigned NOT NULL COMMENT 'Store Id',
  `review_imported` smallint(5) unsigned NOT NULL DEFAULT '0' COMMENT 'Review Imported',
  `created_at` timestamp NULL DEFAULT NULL COMMENT 'Creation Time',
  `updated_at` timestamp NULL DEFAULT NULL COMMENT 'Update Time',
  PRIMARY KEY (`id`),
  KEY `EMAIL_REVIEW_REVIEW_ID` (`review_id`),
  KEY `EMAIL_REVIEW_CUSTOMER_ID` (`customer_id`),
  KEY `EMAIL_REVIEW_STORE_ID` (`store_id`),
  KEY `EMAIL_REVIEW_REVIEW_IMPORTED` (`review_imported`),
  KEY `EMAIL_REVIEW_CREATED_AT` (`created_at`),
  KEY `EMAIL_REVIEW_UPDATED_AT` (`updated_at`)
) ENGINE=InnoDB DEFAULT CHARSET=utf8 COMMENT='Connector Reviews';

--
-- Dumping data for table `email_review`
--


--
-- Table structure for table `email_rules`
--

CREATE TABLE `email_rules` (
  `id` int(10) unsigned NOT NULL AUTO_INCREMENT COMMENT 'Primary Key',
  `name` varchar(255) NOT NULL DEFAULT '' COMMENT 'Rule Name',
  `website_ids` varchar(255) NOT NULL DEFAULT '0' COMMENT 'Website Id',
  `type` smallint(6) NOT NULL DEFAULT '0' COMMENT 'Rule Type',
  `status` smallint(6) NOT NULL DEFAULT '0' COMMENT 'Status',
  `combination` smallint(6) NOT NULL DEFAULT '1' COMMENT 'Rule Condition',
  `conditions` blob NOT NULL COMMENT 'Rule Conditions',
  `created_at` timestamp NULL DEFAULT NULL COMMENT 'Creation Time',
  `updated_at` timestamp NULL DEFAULT NULL COMMENT 'Update Time',
  PRIMARY KEY (`id`)
) ENGINE=InnoDB DEFAULT CHARSET=utf8 COMMENT='Connector Rules';

--
-- Dumping data for table `email_rules`
--


--
-- Table structure for table `email_template`
--

CREATE TABLE `email_template` (
  `template_id` int(10) unsigned NOT NULL AUTO_INCREMENT COMMENT 'Template ID',
  `template_code` varchar(150) NOT NULL COMMENT 'Template Name',
  `template_text` text NOT NULL COMMENT 'Template Content',
  `template_styles` text COMMENT 'Templste Styles',
  `template_type` int(10) unsigned DEFAULT NULL COMMENT 'Template Type',
  `template_subject` varchar(200) NOT NULL COMMENT 'Template Subject',
  `template_sender_name` varchar(200) DEFAULT NULL COMMENT 'Template Sender Name',
  `template_sender_email` varchar(200) DEFAULT NULL COMMENT 'Template Sender Email',
  `added_at` timestamp NOT NULL DEFAULT CURRENT_TIMESTAMP COMMENT 'Date of Template Creation',
  `modified_at` timestamp NOT NULL DEFAULT CURRENT_TIMESTAMP ON UPDATE CURRENT_TIMESTAMP COMMENT 'Date of Template Modification',
  `orig_template_code` varchar(200) DEFAULT NULL COMMENT 'Original Template Code',
  `orig_template_variables` text COMMENT 'Original Template Variables',
  `is_legacy` tinyint(1) NOT NULL DEFAULT '0' COMMENT 'Should the template render in legacy mode',
  PRIMARY KEY (`template_id`),
  UNIQUE KEY `EMAIL_TEMPLATE_TEMPLATE_CODE` (`template_code`),
  KEY `EMAIL_TEMPLATE_ADDED_AT` (`added_at`),
  KEY `EMAIL_TEMPLATE_MODIFIED_AT` (`modified_at`)
) ENGINE=InnoDB AUTO_INCREMENT=3 DEFAULT CHARSET=utf8 COMMENT='Email Templates';

--
-- Dumping data for table `email_template`
--

INSERT INTO `email_template` VALUES (1,'New Pickup Order','<!--@subject {{trans \"Your %store_name order confirmation\" store_name=$store.getFrontendName()}} @-->\n<!--@vars {\n\"var order.getCustomerName()\":\"Customer Name\",\n\"var store.getFrontendName()\":\"Customer Name\",\n\"var is_pickup_order\":\"Check if order is a pickup order\",\n\"var $this.getUrl($store,\'customer/account/\',[_nosid:1]) |raw\":\"Gets the link to the Customer Account\",\n\"var store_email |raw\":\"Defined Email Address for this type of mails\",\n\"var store_phone |raw\":\"Defined Phone Number in the Store Information\",\n\"var store_hours |raw\":\"Defined Opening Hours Phone Number in the Store Information\",\n\"var order.increment_id |raw\":\"Order Id\",\n\"var order.getCreatedAtFormatted(2) |raw\":\"Get the date of order creation\",\n\"var order.getEmailCustomerNote()\":\"Email Order Note\",\n\"var formattedBillingAddress|raw\":\"Billing Address\",\n\"var order.getIsNotVirtual()\":\"Check if shipment exists\",\n\"var pickupAddress|raw\":\"Pickup Location Address\",\n\"var formattedShippingAddress|raw\":\"Customer Shipping Address\",\n\"var payment_html|raw\":\"Payment Details\",\n\"var order.getShippingDescription()\":\"Shipping Description\",\n\"var shipping_msg\":\"Shipping message\",\n\"layout handle=\\\"sales_email_order_items\\\" order=$order area=\\\"frontend\\\"\":\"Order Items Grid\"\n} @-->\n\n{{template config_path=\"design/email/header_template\"}}\n\n<table>\n    <tr class=\"email-intro\">\n        <td>\n            <p class=\"greeting\">{{trans \"%customer_name,\" customer_name=$order.getCustomerName()}}</p>\n            <p>\n                {{trans \"Thank you for your order from %store_name.\" store_name=$store.getFrontendName()}}\n                {{if is_pickup_order}}\n                    {{trans \"We will send you a notification once your items are ready for pickup.\"}}\n                {{else}}\n                    {{trans \"Once your package ships we will send you a tracking number.\"}}\n                {{/if}}\n                {{trans \'You can check the status of your order by <a href=\"%account_url\">logging into your account</a>.\' account_url=$this.getUrl($store,\'customer/account/\',[_nosid:1]) |raw}}\n            </p>\n            <p>\n                {{trans \'If you have questions about your order, you can email us at <a href=\"mailto:%store_email\">%store_email</a>\' store_email=$store_email |raw}}{{depend store_phone}} {{trans \' or call us at <a href=\"tel:%store_phone\">%store_phone</a>\' store_phone=$store_phone |raw}}{{/depend}}.\n                {{depend store_hours}}\n                {{trans \'Our hours are <span class=\"no-link\">%store_hours</span>.\' store_hours=$store_hours |raw}}\n                {{/depend}}\n            </p>\n        </td>\n    </tr>\n    <tr class=\"email-summary\">\n        <td>\n            <h1>{{trans \'Your Order <span class=\"no-link\">#%increment_id</span>\' increment_id=$order.increment_id |raw}}</h1>\n            <p>{{trans \'Placed on <span class=\"no-link\">%created_at</span>\' created_at=$order.getCreatedAtFormatted(2) |raw}}</p>\n        </td>\n    </tr>\n    <tr class=\"email-information\">\n        <td>\n            {{depend order.getEmailCustomerNote()}}\n            <table class=\"message-info\">\n                <tr>\n                    <td>\n                        {{var order.getEmailCustomerNote()|escape|nl2br}}\n                    </td>\n                </tr>\n            </table>\n            {{/depend}}\n            <table class=\"order-details\">\n                <tr>\n                    <td class=\"address-details\">\n                        <h3>{{trans \"Billing Info\"}}</h3>\n                        <p>{{var formattedBillingAddress|raw}}</p>\n                    </td>\n                    {{depend order.getIsNotVirtual()}}\n                    <td class=\"address-details\">\n                        <h3>{{trans \"Shipping Info\"}}</h3>\n                        {{if is_pickup_order}}\n                            <h4>{{trans \"Pickup Location\"}}</h4>\n                            <p>{{var pickupAddress|raw}}</p>\n                            <h4>{{trans \"Recipient Address\"}}</h4>\n                        {{/if}}\n                        <p>{{var formattedShippingAddress|raw}}</p>\n                    </td>\n                    {{/depend}}\n                </tr>\n                <tr>\n                    <td class=\"method-info\">\n                        <h3>{{trans \"Payment Method\"}}</h3>\n                        {{var payment_html|raw}}\n                    </td>\n                    {{depend order.getIsNotVirtual()}}\n                    <td class=\"method-info\">\n                        <h3>{{trans \"Shipping Method\"}}</h3>\n                        <p>{{var order.getShippingDescription()}}</p>\n                        {{if shipping_msg}}\n                        <p>{{var shipping_msg}}</p>\n                        {{/if}}\n                    </td>\n                    {{/depend}}\n                </tr>\n            </table>\n            {{layout handle=\"sales_email_order_items\" order=$order area=\"frontend\"}}\n        </td>\n    </tr>\n</table>\n\n{{template config_path=\"design/email/footer_template\"}}\n',NULL,2,'{{trans \"Your %store_name order confirmation\" store_name=$store.getFrontendName()}}',NULL,NULL,'2019-09-23 04:09:03','2021-05-04 01:50:02','sales_email_order_template','{\"var formattedBillingAddress|raw\":\"Billing Address\",\"var order.getEmailCustomerNote()\":\"Email Order Note\",\"var order.increment_id\":\"Order Id\",\"layout handle=\\\"sales_email_order_items\\\" order=$order area=\\\"frontend\\\"\":\"Order Items Grid\",\"var payment_html|raw\":\"Payment Details\",\"var formattedShippingAddress|raw\":\"Shipping Address\",\"var order.getShippingDescription()\":\"Shipping Description\",\"var shipping_msg\":\"Shipping message\"}',1),(2,'New Pickup Order For Guest','<!--@subject {{trans \"Your %store_name order confirmation\" store_name=$store.getFrontendName()}} @-->\n<!--@vars {\n\"var order.getBillingAddress().getName()\":\"Guest Customer Name\",\n\"var store.getFrontendName()\":\"Customer Name\",\n\"var is_pickup_order\":\"Check if order is a pickup order\",\n\"var store_email |raw\":\"Defined Email Address for this type of mails\",\n\"var store_phone |raw\":\"Defined Phone Number in the Store Information\",\n\"var store_hours |raw\":\"Defined Opening Hours Phone Number in the Store Information\",\n\"var order.increment_id |raw\":\"Order Id\",\n\"var order.getCreatedAtFormatted(2) |raw\":\"Get the date of order creation\",\n\"var order.getEmailCustomerNote()\":\"Email Order Note\",\n\"var formattedBillingAddress|raw\":\"Billing Address\",\n\"var order.getIsNotVirtual()\":\"Check if shipment exists\",\n\"var pickupAddress|raw\":\"Pickup Location Address\",\n\"var formattedShippingAddress|raw\":\"Customer Shipping Address\",\n\"var payment_html|raw\":\"Payment Details\",\n\"var order.getShippingDescription()\":\"Shipping Description\",\n\"var shipping_msg\":\"Shipping message\",\n\"layout handle=\\\"sales_email_order_items\\\" order=$order area=\\\"frontend\\\"\":\"Order Items Grid\"\n} @-->\n\n{{template config_path=\"design/email/header_template\"}}\n\n<table>\n    <tr class=\"email-intro\">\n        <td>\n            <p class=\"greeting\">{{trans \"%name,\" name=$order.getBillingAddress().getName()}}</p>\n            <p>\n                {{trans \"Thank you for your order from %store_name.\" store_name=$store.getFrontendName()}}\n                {{if is_pickup_order}}\n                    {{trans \"We will send you a notification once your items are ready for pickup.\"}}\n                {{else}}\n                    {{trans \"Once your package ships we will send an email with a link to track your order.\"}}\n                {{/if}}\n                {{trans \'If you have questions about your order, you can email us at <a href=\"mailto:%store_email\">%store_email</a>\' store_email=$store_email |raw}}{{depend store_phone}} {{trans \' or call us at <a href=\"tel:%store_phone\">%store_phone</a>\' store_phone=$store_phone |raw}}{{/depend}}.\n                {{depend store_hours}}\n                    {{trans \'Our hours are <span class=\"no-link\">%store_hours</span>.\' store_hours=$store_hours |raw}}\n                {{/depend}}\n            </p>\n        </td>\n    </tr>\n    <tr class=\"email-summary\">\n        <td>\n            <h1>{{trans \'Your Order <span class=\"no-link\">#%increment_id</span>\' increment_id=$order.increment_id |raw}}</h1>\n            <p>{{trans \'Placed on <span class=\"no-link\">%created_at</span>\' created_at=$order.getCreatedAtFormatted(2) |raw}}</p>\n        </td>\n    </tr>\n    <tr class=\"email-information\">\n        <td>\n            {{depend order.getEmailCustomerNote()}}\n            <table class=\"message-info\">\n                <tr>\n                    <td>\n                        {{var order.getEmailCustomerNote()|escape|nl2br}}\n                    </td>\n                </tr>\n            </table>\n            {{/depend}}\n            <table class=\"order-details\">\n                <tr>\n                    <td class=\"address-details\">\n                        <h3>{{trans \"Billing Info\"}}</h3>\n                        <p>{{var formattedBillingAddress|raw}}</p>\n                    </td>\n                    {{depend order.getIsNotVirtual()}}\n                    <td class=\"address-details\">\n                        <h3>{{trans \"Shipping Info\"}}</h3>\n                        {{if is_pickup_order}}\n                            <h4>{{trans \"Pickup Location\"}}</h4>\n                            <p>{{var pickupAddress|raw}}</p>\n                            <h4>{{trans \"Recipient Address\"}}</h4>\n                        {{/if}}\n                        <p>{{var formattedShippingAddress|raw}}</p>\n                    </td>\n                    {{/depend}}\n                </tr>\n                <tr>\n                    <td class=\"method-info\">\n                        <h3>{{trans \"Payment Method\"}}</h3>\n                        {{var payment_html|raw}}\n                    </td>\n                    {{depend order.getIsNotVirtual()}}\n                    <td class=\"method-info\">\n                        <h3>{{trans \"Shipping Method\"}}</h3>\n                        <p>{{var order.getShippingDescription()}}</p>\n                        {{if shipping_msg}}\n                        <p>{{var shipping_msg}}</p>\n                        {{/if}}\n                    </td>\n                    {{/depend}}\n                </tr>\n            </table>\n            {{layout handle=\"sales_email_order_items\" order=$order}}\n        </td>\n    </tr>\n</table>\n\n{{template config_path=\"design/email/footer_template\"}}\n',NULL,2,'{{trans \"Your %store_name order confirmation\" store_name=$store.getFrontendName()}}',NULL,NULL,'2019-09-23 04:09:03','2021-05-04 01:50:02','sales_email_order_guest_template','{\"var formattedBillingAddress|raw\":\"Billing Address\",\"var order.getEmailCustomerNote()\":\"Email Order Note\",\"var order.getBillingAddress().getName()\":\"Guest Customer Name\",\"var order.getCreatedAtFormatted(2)\":\"Order Created At (datetime)\",\"var order.increment_id\":\"Order Id\",\"layout handle=\\\"sales_email_order_items\\\" order=$order\":\"Order Items Grid\",\"var payment_html|raw\":\"Payment Details\",\"var formattedShippingAddress|raw\":\"Shipping Address\",\"var order.getShippingDescription()\":\"Shipping Description\",\"var shipping_msg\":\"Shipping message\"}',1);

--
-- Table structure for table `email_wishlist`
--

CREATE TABLE `email_wishlist` (
  `id` int(10) unsigned NOT NULL AUTO_INCREMENT COMMENT 'Primary Key',
  `wishlist_id` int(10) unsigned NOT NULL COMMENT 'Wishlist Id',
  `item_count` int(10) unsigned NOT NULL COMMENT 'Item Count',
  `customer_id` int(10) unsigned DEFAULT NULL COMMENT 'Customer ID',
  `store_id` smallint(5) unsigned NOT NULL COMMENT 'Store Id',
  `wishlist_imported` smallint(5) unsigned NOT NULL DEFAULT '0' COMMENT 'Wishlist Imported',
  `wishlist_modified` smallint(5) unsigned DEFAULT NULL COMMENT 'Wishlist Modified',
  `created_at` timestamp NULL DEFAULT NULL COMMENT 'Creation Time',
  `updated_at` timestamp NULL DEFAULT NULL COMMENT 'Update Time',
  PRIMARY KEY (`id`),
  KEY `EMAIL_WISHLIST_WISHLIST_ID` (`wishlist_id`),
  KEY `EMAIL_WISHLIST_ITEM_COUNT` (`item_count`),
  KEY `EMAIL_WISHLIST_CUSTOMER_ID` (`customer_id`),
  KEY `EMAIL_WISHLIST_WISHLIST_MODIFIED` (`wishlist_modified`),
  KEY `EMAIL_WISHLIST_WISHLIST_IMPORTED` (`wishlist_imported`),
  KEY `EMAIL_WISHLIST_CREATED_AT` (`created_at`),
  KEY `EMAIL_WISHLIST_UPDATED_AT` (`updated_at`),
  KEY `EMAIL_WISHLIST_STORE_ID` (`store_id`),
  CONSTRAINT `EMAIL_WISHLIST_CUSTOMER_ID_CUSTOMER_ENTITY_ENTITY_ID` FOREIGN KEY (`customer_id`) REFERENCES `customer_entity` (`entity_id`) ON DELETE CASCADE,
  CONSTRAINT `EMAIL_WISHLIST_WISHLIST_ID_WISHLIST_WISHLIST_ID` FOREIGN KEY (`wishlist_id`) REFERENCES `wishlist` (`wishlist_id`) ON DELETE CASCADE
) ENGINE=InnoDB DEFAULT CHARSET=utf8 COMMENT='Connector Wishlist';

--
-- Dumping data for table `email_wishlist`
--


--
-- Table structure for table `flag`
--

CREATE TABLE `flag` (
  `flag_id` int(10) unsigned NOT NULL AUTO_INCREMENT COMMENT 'Flag Id',
  `flag_code` varchar(255) NOT NULL COMMENT 'Flag Code',
  `state` smallint(5) unsigned NOT NULL DEFAULT '0' COMMENT 'Flag State',
  `flag_data` mediumtext,
  `last_update` timestamp NOT NULL DEFAULT CURRENT_TIMESTAMP ON UPDATE CURRENT_TIMESTAMP COMMENT 'Date of Last Flag Update',
  PRIMARY KEY (`flag_id`),
  KEY `FLAG_LAST_UPDATE` (`last_update`)
) ENGINE=InnoDB AUTO_INCREMENT=10 DEFAULT CHARSET=utf8 COMMENT='Flag';

--
-- Dumping data for table `flag`
--

INSERT INTO `flag` VALUES (1,'report_order_aggregated',0,NULL,'2017-03-29 19:48:03'),(2,'report_tax_aggregated',0,NULL,'2017-03-29 19:48:03'),(3,'report_shipping_aggregated',0,NULL,'2017-03-29 19:48:03'),(4,'report_invoiced_aggregated',0,NULL,'2017-03-29 19:48:03'),(5,'report_refunded_aggregated',0,NULL,'2017-03-29 19:48:04'),(6,'report_coupons_aggregated',0,NULL,'2017-03-29 19:48:04'),(7,'report_bestsellers_aggregated',0,NULL,'2017-03-29 19:48:04'),(8,'report_product_viewed_aggregated',0,NULL,'2017-03-29 19:48:04'),(9,'analytics_link_attempts_reverse_counter',0,'24','2018-04-07 14:34:18');

--
-- Table structure for table `gift_message`
--

CREATE TABLE `gift_message` (
  `gift_message_id` int(10) unsigned NOT NULL AUTO_INCREMENT COMMENT 'GiftMessage ID',
  `customer_id` int(10) unsigned NOT NULL DEFAULT '0' COMMENT 'Customer ID',
  `sender` varchar(255) DEFAULT NULL COMMENT 'Sender',
  `recipient` varchar(255) DEFAULT NULL COMMENT 'Registrant',
  `message` text COMMENT 'Message',
  PRIMARY KEY (`gift_message_id`)
) ENGINE=InnoDB DEFAULT CHARSET=utf8 COMMENT='Gift Message';

--
-- Dumping data for table `gift_message`
--


--
-- Table structure for table `googleoptimizer_code`
--

CREATE TABLE `googleoptimizer_code` (
  `code_id` int(10) unsigned NOT NULL AUTO_INCREMENT COMMENT 'Google experiment code ID',
  `entity_id` int(10) unsigned NOT NULL COMMENT 'Optimized entity ID product ID or catalog ID',
  `entity_type` varchar(50) DEFAULT NULL COMMENT 'Optimized entity type',
  `store_id` smallint(5) unsigned NOT NULL COMMENT 'Store ID',
  `experiment_script` text COMMENT 'Google experiment script',
  PRIMARY KEY (`code_id`),
  UNIQUE KEY `GOOGLEOPTIMIZER_CODE_STORE_ID_ENTITY_ID_ENTITY_TYPE` (`store_id`,`entity_id`,`entity_type`),
  CONSTRAINT `GOOGLEOPTIMIZER_CODE_STORE_ID_STORE_STORE_ID` FOREIGN KEY (`store_id`) REFERENCES `store` (`store_id`) ON DELETE CASCADE
) ENGINE=InnoDB DEFAULT CHARSET=utf8 COMMENT='Google Experiment code';

--
-- Dumping data for table `googleoptimizer_code`
--


--
-- Table structure for table `import_history`
--

CREATE TABLE `import_history` (
  `history_id` int(10) unsigned NOT NULL AUTO_INCREMENT COMMENT 'History record ID',
  `started_at` timestamp NOT NULL DEFAULT CURRENT_TIMESTAMP COMMENT 'Started at',
  `user_id` int(10) unsigned NOT NULL DEFAULT '0' COMMENT 'User ID',
  `imported_file` varchar(255) DEFAULT NULL COMMENT 'Imported file',
  `execution_time` varchar(255) DEFAULT NULL COMMENT 'Execution time',
  `summary` varchar(255) DEFAULT NULL COMMENT 'Summary',
  `error_file` varchar(255) NOT NULL COMMENT 'Imported file with errors',
  PRIMARY KEY (`history_id`)
) ENGINE=InnoDB DEFAULT CHARSET=utf8 COMMENT='Import history table';

--
-- Dumping data for table `import_history`
--


--
-- Table structure for table `importexport_importdata`
--

CREATE TABLE `importexport_importdata` (
  `id` int(10) unsigned NOT NULL AUTO_INCREMENT COMMENT 'ID',
  `entity` varchar(50) NOT NULL COMMENT 'Entity',
  `behavior` varchar(10) NOT NULL DEFAULT 'append' COMMENT 'Behavior',
  `data` longtext COMMENT 'Data',
  PRIMARY KEY (`id`)
) ENGINE=InnoDB DEFAULT CHARSET=utf8 COMMENT='Import Data Table';

--
-- Dumping data for table `importexport_importdata`
--


--
-- Table structure for table `indexer_state`
--

CREATE TABLE `indexer_state` (
  `state_id` int(10) unsigned NOT NULL AUTO_INCREMENT COMMENT 'Indexer State ID',
  `indexer_id` varchar(255) DEFAULT NULL COMMENT 'Indexer ID',
  `status` varchar(16) DEFAULT 'invalid' COMMENT 'Indexer Status',
  `updated` datetime DEFAULT NULL COMMENT 'Indexer Status',
  `hash_config` varchar(32) NOT NULL COMMENT 'Hash of indexer config',
  PRIMARY KEY (`state_id`),
  KEY `INDEXER_STATE_INDEXER_ID` (`indexer_id`)
) ENGINE=InnoDB AUTO_INCREMENT=14 DEFAULT CHARSET=utf8 COMMENT='Indexer State';

--
-- Dumping data for table `indexer_state`
--

INSERT INTO `indexer_state` VALUES (1,'design_config_grid','valid','2021-05-04 02:12:34','9e87ee5e1fa60d2b3e34ce8f64a63927'),(2,'customer_grid','valid','2021-05-04 02:12:34','647ab44dc49109e5bd7e22bf1da4124d'),(3,'catalog_category_product','valid','2021-05-04 02:12:34','e31da9504ee9e1cacea5218242fe7208'),(4,'catalog_product_category','valid','2021-05-04 02:12:34','b3b4404652611baeed2b7d6fcec5b9db'),(5,'catalog_product_price','valid','2021-05-04 02:12:35','9480b6ec1a92f73d346789e4fde634de'),(6,'catalog_product_attribute','valid','2021-05-04 02:12:35','03e9747182317efe47514ec9c717846c'),(7,'cataloginventory_stock','valid','2021-05-04 02:12:35','54c978b72fdf6eef8c6d9fa23eb5c330'),(8,'catalogrule_rule','valid','2021-05-04 02:12:35','955ea69dd941f3946767ce4e4dbc30d2'),(9,'catalogrule_product','valid','2021-05-04 02:12:35','7755fed180d914927979a6eaba242139'),(10,'catalogsearch_fulltext','valid','2021-05-04 02:12:36','54004ae2504eaa6d8e2f44c59f8e87cc'),(11,'inventory','valid','2021-05-04 02:12:35','809905fa38e48501071fa6233352e210'),(12,'scconnector_google_remove','valid','2021-05-04 02:12:35','2de12d19c74312fa3f0546f40f52a821'),(13,'scconnector_google_feed','valid','2021-05-04 02:12:35','3230f9f67f76c420f8be38249e2d99ee');

--
-- Table structure for table `integration`
--

CREATE TABLE `integration` (
  `integration_id` int(10) unsigned NOT NULL AUTO_INCREMENT COMMENT 'Integration ID',
  `name` varchar(255) NOT NULL COMMENT 'Integration name is displayed in the admin interface',
  `email` varchar(255) NOT NULL COMMENT 'Email address of the contact person',
  `endpoint` varchar(255) DEFAULT NULL COMMENT 'Endpoint for posting consumer credentials',
  `status` smallint(5) unsigned NOT NULL COMMENT 'Integration status',
  `consumer_id` int(10) unsigned DEFAULT NULL COMMENT 'Oauth consumer',
  `created_at` timestamp NOT NULL DEFAULT CURRENT_TIMESTAMP COMMENT 'Creation Time',
  `updated_at` timestamp NOT NULL DEFAULT CURRENT_TIMESTAMP ON UPDATE CURRENT_TIMESTAMP COMMENT 'Update Time',
  `setup_type` smallint(5) unsigned NOT NULL DEFAULT '0' COMMENT 'Integration type - manual or config file',
  `identity_link_url` varchar(255) DEFAULT NULL COMMENT 'Identity linking Url',
  PRIMARY KEY (`integration_id`),
  UNIQUE KEY `INTEGRATION_NAME` (`name`),
  UNIQUE KEY `INTEGRATION_CONSUMER_ID` (`consumer_id`),
  CONSTRAINT `INTEGRATION_CONSUMER_ID_OAUTH_CONSUMER_ENTITY_ID` FOREIGN KEY (`consumer_id`) REFERENCES `oauth_consumer` (`entity_id`) ON DELETE CASCADE
) ENGINE=InnoDB AUTO_INCREMENT=33 DEFAULT CHARSET=utf8 COMMENT='integration';

--
-- Dumping data for table `integration`
--

INSERT INTO `integration` VALUES (32,'Magento Social','social-support@magento.com','https://fbapp.ezsocialshop.com/facebook/index.php/magento_auth',2,32,'2018-10-30 18:48:16','2018-10-30 18:48:16',1,'https://fbapp.ezsocialshop.com/facebook/index.php/magento2/show_magento_success_popup');

--
-- Table structure for table `inventory_geoname`
--

CREATE TABLE `inventory_geoname` (
  `country_code` varchar(64) NOT NULL,
  `postcode` varchar(64) NOT NULL,
  `city` varchar(180) NOT NULL,
  `region` varchar(100) NOT NULL,
  `province` varchar(64) NOT NULL,
  `latitude` double NOT NULL,
  `longitude` double NOT NULL
) ENGINE=InnoDB DEFAULT CHARSET=utf8;

--
-- Dumping data for table `inventory_geoname`
--


--
-- Table structure for table `inventory_low_stock_notification_configuration`
--

CREATE TABLE `inventory_low_stock_notification_configuration` (
  `source_code` varchar(255) NOT NULL,
  `sku` varchar(64) NOT NULL,
  `notify_stock_qty` decimal(12,4) DEFAULT NULL,
  PRIMARY KEY (`source_code`,`sku`)
) ENGINE=InnoDB DEFAULT CHARSET=utf8;

--
-- Dumping data for table `inventory_low_stock_notification_configuration`
--


--
-- Table structure for table `inventory_reservation`
--

CREATE TABLE `inventory_reservation` (
  `reservation_id` int(10) unsigned NOT NULL AUTO_INCREMENT,
  `stock_id` int(10) unsigned NOT NULL,
  `sku` varchar(64) NOT NULL,
  `quantity` decimal(10,4) NOT NULL DEFAULT '0.0000',
  `metadata` varchar(255) DEFAULT NULL,
  PRIMARY KEY (`reservation_id`),
  KEY `INVENTORY_RESERVATION_STOCK_ID_SKU_QUANTITY` (`stock_id`,`sku`,`quantity`)
) ENGINE=InnoDB AUTO_INCREMENT=4 DEFAULT CHARSET=utf8;

--
-- Dumping data for table `inventory_reservation`
--

INSERT INTO `inventory_reservation` VALUES (1,1,'Elizabeth Kint Top',-1.0000,'{\"event_type\":\"order_placed\",\"object_type\":\"order\",\"object_id\":\"1\"}'),(2,1,'Pink Shirt',-1.0000,'{\"event_type\":\"order_placed\",\"object_type\":\"order\",\"object_id\":\"1\"}'),(3,1,'Sample Fashion',-1.0000,'{\"event_type\":\"order_placed\",\"object_type\":\"order\",\"object_id\":\"1\"}');

--
-- Table structure for table `inventory_shipment_source`
--

CREATE TABLE `inventory_shipment_source` (
  `shipment_id` int(10) unsigned NOT NULL,
  `source_code` varchar(255) NOT NULL,
  PRIMARY KEY (`shipment_id`)
) ENGINE=InnoDB DEFAULT CHARSET=utf8;

--
-- Dumping data for table `inventory_shipment_source`
--


--
-- Table structure for table `inventory_source`
--

CREATE TABLE `inventory_source` (
  `source_code` varchar(255) NOT NULL,
  `name` varchar(255) NOT NULL,
  `enabled` smallint(5) unsigned NOT NULL DEFAULT '1',
  `description` text,
  `latitude` decimal(8,6) DEFAULT NULL,
  `longitude` decimal(9,6) DEFAULT NULL,
  `country_id` varchar(2) NOT NULL,
  `region_id` int(10) unsigned DEFAULT NULL,
  `region` varchar(255) DEFAULT NULL,
  `city` varchar(255) DEFAULT NULL,
  `street` varchar(255) DEFAULT NULL,
  `postcode` varchar(255) NOT NULL,
  `contact_name` varchar(255) DEFAULT NULL,
  `email` varchar(255) DEFAULT NULL,
  `phone` varchar(255) DEFAULT NULL,
  `fax` varchar(255) DEFAULT NULL,
  `use_default_carrier_config` smallint(5) unsigned NOT NULL DEFAULT '1',
  PRIMARY KEY (`source_code`)
) ENGINE=InnoDB DEFAULT CHARSET=utf8;

--
-- Dumping data for table `inventory_source`
--

INSERT INTO `inventory_source` VALUES ('default','Default Source',1,'Default Source',0.000000,0.000000,'US',NULL,NULL,NULL,NULL,'00000',NULL,NULL,NULL,NULL,1);

--
-- Table structure for table `inventory_source_carrier_link`
--

CREATE TABLE `inventory_source_carrier_link` (
  `link_id` int(10) unsigned NOT NULL AUTO_INCREMENT,
  `source_code` varchar(255) NOT NULL,
  `carrier_code` varchar(255) NOT NULL,
  `position` smallint(5) unsigned DEFAULT NULL,
  PRIMARY KEY (`link_id`),
  KEY `INV_SOURCE_CARRIER_LNK_SOURCE_CODE_INV_SOURCE_SOURCE_CODE` (`source_code`),
  CONSTRAINT `INV_SOURCE_CARRIER_LNK_SOURCE_CODE_INV_SOURCE_SOURCE_CODE` FOREIGN KEY (`source_code`) REFERENCES `inventory_source` (`source_code`) ON DELETE CASCADE
) ENGINE=InnoDB DEFAULT CHARSET=utf8;

--
-- Dumping data for table `inventory_source_carrier_link`
--


--
-- Table structure for table `inventory_source_item`
--

CREATE TABLE `inventory_source_item` (
  `source_item_id` int(10) unsigned NOT NULL AUTO_INCREMENT,
  `source_code` varchar(255) NOT NULL,
  `sku` varchar(64) NOT NULL,
  `quantity` decimal(12,4) NOT NULL DEFAULT '0.0000',
  `status` smallint(5) unsigned NOT NULL DEFAULT '0',
  PRIMARY KEY (`source_item_id`),
  UNIQUE KEY `INVENTORY_SOURCE_ITEM_SOURCE_CODE_SKU` (`source_code`,`sku`),
  KEY `INVENTORY_SOURCE_ITEM_SKU_SOURCE_CODE_QUANTITY` (`sku`,`source_code`,`quantity`),
  CONSTRAINT `INVENTORY_SOURCE_ITEM_SOURCE_CODE_INVENTORY_SOURCE_SOURCE_CODE` FOREIGN KEY (`source_code`) REFERENCES `inventory_source` (`source_code`) ON DELETE CASCADE
) ENGINE=InnoDB AUTO_INCREMENT=41 DEFAULT CHARSET=utf8;

--
-- Dumping data for table `inventory_source_item`
--

INSERT INTO `inventory_source_item` VALUES (1,'default','Women Blouse',999.0000,1),(2,'default','Fashion Dress',999.0000,1),(3,'default','Blue Denim Jeans',999.0000,1),(4,'default','Sheri Collar Shirt',999.0000,1),(5,'default','Fashion Jacket',999.0000,1),(6,'default','Sample Product',999.0000,1),(7,'default','Elizabeth Kint Top',999.0000,1),(8,'default','Pink Shirt',999.0000,1),(9,'default','Sample Fashion',999.0000,1),(10,'default','Sample Configurable-White',999.0000,1),(11,'default','Sample Configurable-Black',999.0000,1),(12,'default','Sample Configurable-Red',999.0000,1),(13,'default','Sample Configurable-Blue',999.0000,1),(14,'default','Sample Configurable-Green',999.0000,1),(15,'default','Sample Configurable',0.0000,1),(16,'default','P_TYPE_CAROUSEL-Red-Small',999.0000,1),(17,'default','P_TYPE_CAROUSEL-Red-Medium',999.0000,1),(18,'default','P_TYPE_CAROUSEL-Red-Large',999.0000,1),(19,'default','P_TYPE_CAROUSEL-Red-Extra Large',999.0000,1),(20,'default','P_TYPE_CAROUSEL-Blue-Small',999.0000,1),(21,'default','P_TYPE_CAROUSEL-Blue-Medium',999.0000,1),(22,'default','P_TYPE_CAROUSEL-Blue-Large',999.0000,1),(23,'default','P_TYPE_CAROUSEL-Blue-Extra Large',999.0000,1),(24,'default','P_TYPE_CAROUSEL-Green-Small',999.0000,1),(25,'default','P_TYPE_CAROUSEL-Green-Medium',999.0000,1),(26,'default','P_TYPE_CAROUSEL-Green-Large',999.0000,1),(27,'default','P_TYPE_CAROUSEL-Green-Extra Large',999.0000,1),(28,'default','P_TYPE_CAROUSEL-Black-Small',999.0000,1),(29,'default','P_TYPE_CAROUSEL-Black-Medium',999.0000,1),(30,'default','P_TYPE_CAROUSEL-Black-Large',999.0000,1),(31,'default','P_TYPE_CAROUSEL-Black-Extra Large',999.0000,1),(32,'default','P_TYPE_CAROUSEL',0.0000,1),(33,'default','P_TYPE_FULLWIDTH',0.0000,1),(34,'default','P_TYPE_GRID',0.0000,1),(35,'default','P_TYPE_STICKY_RIGHT',0.0000,1),(36,'default','P_TYPE_VERTICAL_LAYOUT',0.0000,1),(37,'default','P_TYPE_VERTICAL_LAYOUT-Black',999.0000,1),(38,'default','P_TYPE_VERTICAL_LAYOUT-Red',999.0000,1),(39,'default','P_TYPE_VERTICAL_LAYOUT-Blue',999.0000,1),(40,'default','P_TYPE_VERTICAL_LAYOUT-Green',999.0000,1);

--
-- Table structure for table `inventory_source_stock_link`
--

CREATE TABLE `inventory_source_stock_link` (
  `link_id` int(10) unsigned NOT NULL AUTO_INCREMENT,
  `stock_id` int(10) unsigned NOT NULL,
  `source_code` varchar(255) NOT NULL,
  `priority` smallint(5) unsigned NOT NULL,
  PRIMARY KEY (`link_id`),
  UNIQUE KEY `INVENTORY_SOURCE_STOCK_LINK_STOCK_ID_SOURCE_CODE` (`stock_id`,`source_code`),
  KEY `INV_SOURCE_STOCK_LNK_SOURCE_CODE_INV_SOURCE_SOURCE_CODE` (`source_code`),
  KEY `INVENTORY_SOURCE_STOCK_LINK_STOCK_ID_PRIORITY` (`stock_id`,`priority`),
  CONSTRAINT `INVENTORY_SOURCE_STOCK_LINK_STOCK_ID_INVENTORY_STOCK_STOCK_ID` FOREIGN KEY (`stock_id`) REFERENCES `inventory_stock` (`stock_id`) ON DELETE CASCADE,
  CONSTRAINT `INV_SOURCE_STOCK_LNK_SOURCE_CODE_INV_SOURCE_SOURCE_CODE` FOREIGN KEY (`source_code`) REFERENCES `inventory_source` (`source_code`) ON DELETE CASCADE
) ENGINE=InnoDB AUTO_INCREMENT=2 DEFAULT CHARSET=utf8;

--
-- Dumping data for table `inventory_source_stock_link`
--

INSERT INTO `inventory_source_stock_link` VALUES (1,1,'default',1);

--
-- Table structure for table `inventory_stock`
--

CREATE TABLE `inventory_stock` (
  `stock_id` int(10) unsigned NOT NULL AUTO_INCREMENT,
  `name` varchar(255) NOT NULL,
  PRIMARY KEY (`stock_id`)
) ENGINE=InnoDB AUTO_INCREMENT=2 DEFAULT CHARSET=utf8;

--
-- Dumping data for table `inventory_stock`
--

INSERT INTO `inventory_stock` VALUES (1,'Default Stock');

--
-- Temporary table structure for view `inventory_stock_1`
--

/*!50001 DROP VIEW IF EXISTS `inventory_stock_1`*/;
/*!50001 CREATE VIEW `inventory_stock_1` AS SELECT 
 1 AS `product_id`,
 1 AS `website_id`,
 1 AS `stock_id`,
 1 AS `quantity`,
 1 AS `is_salable`,
 1 AS `sku`*/;

--
-- Table structure for table `inventory_stock_sales_channel`
--

CREATE TABLE `inventory_stock_sales_channel` (
  `type` varchar(64) NOT NULL,
  `code` varchar(64) NOT NULL,
  `stock_id` int(10) unsigned NOT NULL,
  PRIMARY KEY (`type`,`code`),
  KEY `INVENTORY_STOCK_SALES_CHANNEL_STOCK_ID_INVENTORY_STOCK_STOCK_ID` (`stock_id`),
  CONSTRAINT `INVENTORY_STOCK_SALES_CHANNEL_STOCK_ID_INVENTORY_STOCK_STOCK_ID` FOREIGN KEY (`stock_id`) REFERENCES `inventory_stock` (`stock_id`) ON DELETE CASCADE
) ENGINE=InnoDB DEFAULT CHARSET=utf8;

--
-- Dumping data for table `inventory_stock_sales_channel`
--

INSERT INTO `inventory_stock_sales_channel` VALUES ('website','base',1);

--
-- Table structure for table `klarna_core_order`
--

CREATE TABLE `klarna_core_order` (
  `id` int(10) unsigned NOT NULL AUTO_INCREMENT COMMENT 'Entity Id',
  `klarna_order_id` varchar(255) DEFAULT NULL COMMENT 'Klarna Order Id',
  `session_id` varchar(255) DEFAULT NULL COMMENT 'Session Id',
  `reservation_id` varchar(255) DEFAULT NULL COMMENT 'Reservation Id',
  `order_id` int(10) unsigned NOT NULL COMMENT 'Order Id',
  `is_acknowledged` smallint(6) NOT NULL DEFAULT '0' COMMENT 'Is Acknowledged',
  PRIMARY KEY (`id`),
  KEY `KLARNA_KCO_ORDER_ORDER_ID_SALES_ORDER_ENTITY_ID` (`order_id`),
  KEY `KLARNA_CORE_ORDER_IS_ACKNOWLEDGED` (`is_acknowledged`),
  KEY `KLARNA_CORE_ORDER_ORDER_ID` (`order_id`)
) ENGINE=InnoDB DEFAULT CHARSET=utf8 COMMENT='Klarna Order';

--
-- Dumping data for table `klarna_core_order`
--


--
-- Table structure for table `klarna_payments_quote`
--

CREATE TABLE `klarna_payments_quote` (
  `payments_quote_id` int(10) unsigned NOT NULL AUTO_INCREMENT COMMENT 'Payments Id',
  `session_id` varchar(255) DEFAULT NULL COMMENT 'Klarna Session Id',
  `client_token` text COMMENT 'Klarna Client Token',
  `authorization_token` varchar(255) DEFAULT NULL COMMENT 'Authorization Token',
  `is_active` smallint(6) NOT NULL DEFAULT '0' COMMENT 'Is Active',
  `quote_id` int(10) unsigned NOT NULL COMMENT 'Quote Id',
  `payment_methods` varchar(255) DEFAULT NULL COMMENT 'Payment Method Categories',
  `payment_method_info` text COMMENT 'Payment Method Category Info',
  PRIMARY KEY (`payments_quote_id`),
  KEY `KLARNA_PAYMENTS_QUOTE_QUOTE_ID_QUOTE_ENTITY_ID` (`quote_id`),
  KEY `KLARNA_PAYMENTS_QUOTE_QUOTE_ID` (`quote_id`)
) ENGINE=InnoDB DEFAULT CHARSET=utf8 COMMENT='Klarna Payments Quote';

--
-- Dumping data for table `klarna_payments_quote`
--


--
-- Table structure for table `layout_link`
--

CREATE TABLE `layout_link` (
  `layout_link_id` int(10) unsigned NOT NULL AUTO_INCREMENT COMMENT 'Link ID',
  `store_id` smallint(5) unsigned NOT NULL DEFAULT '0' COMMENT 'Store ID',
  `theme_id` int(10) unsigned NOT NULL COMMENT 'Theme ID',
  `layout_update_id` int(10) unsigned NOT NULL DEFAULT '0' COMMENT 'Layout Update ID',
  `is_temporary` tinyint(1) NOT NULL DEFAULT '0' COMMENT 'Defines whether Layout Update is Temporary',
  PRIMARY KEY (`layout_link_id`),
  KEY `LAYOUT_LINK_LAYOUT_UPDATE_ID` (`layout_update_id`),
  KEY `LAYOUT_LINK_STORE_ID_THEME_ID_LAYOUT_UPDATE_ID_IS_TEMPORARY` (`store_id`,`theme_id`,`layout_update_id`,`is_temporary`),
  KEY `LAYOUT_LINK_THEME_ID_THEME_THEME_ID` (`theme_id`),
  CONSTRAINT `LAYOUT_LINK_LAYOUT_UPDATE_ID_LAYOUT_UPDATE_LAYOUT_UPDATE_ID` FOREIGN KEY (`layout_update_id`) REFERENCES `layout_update` (`layout_update_id`) ON DELETE CASCADE,
  CONSTRAINT `LAYOUT_LINK_STORE_ID_STORE_STORE_ID` FOREIGN KEY (`store_id`) REFERENCES `store` (`store_id`) ON DELETE CASCADE,
  CONSTRAINT `LAYOUT_LINK_THEME_ID_THEME_THEME_ID` FOREIGN KEY (`theme_id`) REFERENCES `theme` (`theme_id`) ON DELETE CASCADE
) ENGINE=InnoDB DEFAULT CHARSET=utf8 COMMENT='Layout Link';

--
-- Dumping data for table `layout_link`
--


--
-- Table structure for table `layout_update`
--

CREATE TABLE `layout_update` (
  `layout_update_id` int(10) unsigned NOT NULL AUTO_INCREMENT COMMENT 'Layout Update ID',
  `handle` varchar(255) DEFAULT NULL COMMENT 'Handle',
  `xml` text COMMENT 'Xml',
  `sort_order` smallint(6) NOT NULL DEFAULT '0' COMMENT 'Sort Order',
  `updated_at` timestamp NULL DEFAULT '0000-00-00 00:00:00' ON UPDATE CURRENT_TIMESTAMP COMMENT 'Last Update Timestamp',
  PRIMARY KEY (`layout_update_id`),
  KEY `LAYOUT_UPDATE_HANDLE` (`handle`)
) ENGINE=InnoDB DEFAULT CHARSET=utf8 COMMENT='Layout Updates';

--
-- Dumping data for table `layout_update`
--


--
-- Table structure for table `magefan_blog_category`
--

CREATE TABLE `magefan_blog_category` (
  `category_id` int(11) NOT NULL AUTO_INCREMENT COMMENT 'Category ID',
  `title` varchar(255) DEFAULT NULL COMMENT 'Category Title',
  `meta_title` varchar(255) DEFAULT NULL COMMENT 'Category Meta Title',
  `meta_keywords` text COMMENT 'Category Meta Keywords',
  `meta_description` text COMMENT 'Category Meta Description',
  `identifier` varchar(100) DEFAULT NULL COMMENT 'Category String Identifier',
  `content_heading` varchar(255) DEFAULT NULL COMMENT 'Category Content Heading',
  `content` mediumtext COMMENT 'Category Content',
  `path` varchar(255) DEFAULT NULL COMMENT 'Category Path',
  `position` smallint(6) NOT NULL COMMENT 'Category Position',
  `is_active` smallint(6) NOT NULL DEFAULT '1' COMMENT 'Is Category Active',
  `page_layout` varchar(255) DEFAULT NULL COMMENT 'Post Layout',
  `layout_update_xml` text COMMENT 'Post Layout Update Content',
  `custom_theme` varchar(100) DEFAULT NULL COMMENT 'Post Custom Theme',
  `custom_layout` varchar(255) DEFAULT NULL COMMENT 'Post Custom Template',
  `custom_layout_update_xml` text COMMENT 'Post Custom Layout Update Content',
  `custom_theme_from` date DEFAULT NULL COMMENT 'Post Custom Theme Active From Date',
  `custom_theme_to` date DEFAULT NULL COMMENT 'Post Custom Theme Active To Date',
  PRIMARY KEY (`category_id`),
  KEY `MAGEFAN_BLOG_CATEGORY_IDENTIFIER` (`identifier`),
  FULLTEXT KEY `FTI_B76AD11A0A06CC3327BA3A86A016134F` (`title`,`meta_keywords`,`meta_description`,`identifier`,`content`)
) ENGINE=InnoDB AUTO_INCREMENT=2 DEFAULT CHARSET=utf8 COMMENT='Magefan Blog Category Table';

--
-- Dumping data for table `magefan_blog_category`
--

INSERT INTO `magefan_blog_category` VALUES (1,'News',NULL,NULL,NULL,'news',NULL,NULL,NULL,0,1,NULL,NULL,NULL,NULL,NULL,NULL,NULL);

--
-- Table structure for table `magefan_blog_category_store`
--

CREATE TABLE `magefan_blog_category_store` (
  `category_id` int(11) NOT NULL COMMENT 'Category ID',
  `store_id` smallint(5) unsigned NOT NULL COMMENT 'Store ID',
  PRIMARY KEY (`category_id`,`store_id`),
  KEY `MAGEFAN_BLOG_CATEGORY_STORE_STORE_ID` (`store_id`),
  CONSTRAINT `MAGEFAN_BLOG_CATEGORY_STORE_STORE_ID_STORE_STORE_ID` FOREIGN KEY (`store_id`) REFERENCES `store` (`store_id`) ON DELETE CASCADE,
  CONSTRAINT `MAGEFAN_BLOG_CTGR_STORE_CTGR_ID_MAGEFAN_BLOG_CTGR_CTGR_ID` FOREIGN KEY (`category_id`) REFERENCES `magefan_blog_category` (`category_id`) ON DELETE CASCADE
) ENGINE=InnoDB DEFAULT CHARSET=utf8 COMMENT='Magefan Blog Category To Store Linkage Table';

--
-- Dumping data for table `magefan_blog_category_store`
--

INSERT INTO `magefan_blog_category_store` VALUES (1,0);

--
-- Table structure for table `magefan_blog_post`
--

CREATE TABLE `magefan_blog_post` (
  `post_id` int(11) NOT NULL AUTO_INCREMENT COMMENT 'Post ID',
  `title` varchar(255) DEFAULT NULL COMMENT 'Post Title',
  `meta_title` varchar(255) DEFAULT NULL COMMENT 'Post Meta Title',
  `meta_keywords` text COMMENT 'Post Meta Keywords',
  `meta_description` text COMMENT 'Post Meta Description',
  `identifier` varchar(100) DEFAULT NULL COMMENT 'Post String Identifier',
  `og_title` varchar(255) DEFAULT NULL COMMENT 'Post OG Title',
  `og_description` varchar(255) DEFAULT NULL COMMENT 'Post OG Description',
  `og_img` varchar(255) DEFAULT NULL COMMENT 'Post OG Img',
  `og_type` varchar(255) DEFAULT NULL COMMENT 'Post OG Type',
  `content_heading` varchar(255) DEFAULT NULL COMMENT 'Post Content Heading',
  `content` mediumtext COMMENT 'Post Content',
  `creation_time` timestamp NULL DEFAULT NULL COMMENT 'Post Creation Time',
  `update_time` timestamp NULL DEFAULT NULL COMMENT 'Post Modification Time',
  `publish_time` timestamp NULL DEFAULT NULL COMMENT 'Post Publish Time',
  `is_active` smallint(6) NOT NULL DEFAULT '1' COMMENT 'Is Post Active',
  `featured_img` varchar(255) DEFAULT NULL COMMENT 'Thumbnail Image',
  `author_id` int(11) DEFAULT NULL COMMENT 'Author ID',
  `page_layout` varchar(255) DEFAULT NULL COMMENT 'Post Layout',
  `layout_update_xml` text COMMENT 'Post Layout Update Content',
  `custom_theme` varchar(100) DEFAULT NULL COMMENT 'Post Custom Theme',
  `custom_layout` varchar(255) DEFAULT NULL COMMENT 'Post Custom Template',
  `custom_layout_update_xml` text COMMENT 'Post Custom Layout Update Content',
  `custom_theme_from` date DEFAULT NULL COMMENT 'Post Custom Theme Active From Date',
  `custom_theme_to` date DEFAULT NULL COMMENT 'Post Custom Theme Active To Date',
  `media_gallery` mediumtext COMMENT 'Media Gallery',
  `secret` varchar(32) DEFAULT NULL COMMENT 'Post Secret',
  `views_count` int(11) DEFAULT NULL COMMENT 'Post Views Count',
  `is_recent_posts_skip` smallint(6) DEFAULT NULL COMMENT 'Is Post Skipped From Recent Posts',
  `short_content` mediumtext COMMENT 'Post Short Content',
  PRIMARY KEY (`post_id`),
  KEY `MAGEFAN_BLOG_POST_IDENTIFIER` (`identifier`),
  KEY `MAGEFAN_BLOG_POST_AUTHOR_ID` (`author_id`),
  KEY `MAGEFAN_BLOG_POST_VIEWS_COUNT` (`views_count`),
  KEY `MAGEFAN_BLOG_POST_IS_RECENT_POSTS_SKIP` (`is_recent_posts_skip`),
  FULLTEXT KEY `FTI_A5DB7871E89B230F74EDFBECEB4659FA` (`title`,`meta_keywords`,`meta_description`,`identifier`,`content`)
) ENGINE=InnoDB AUTO_INCREMENT=5 DEFAULT CHARSET=utf8 COMMENT='Magefan Blog Post Table';

--
-- Dumping data for table `magefan_blog_post`
--

INSERT INTO `magefan_blog_post` VALUES (2,'Fashion Trends',NULL,NULL,NULL,'fashion-trends',NULL,NULL,NULL,NULL,NULL,'<img src=\"{{media url=&quot;wysiwyg/smartwave/porto/blog/shop1_post4.jpg&quot;}}\" alt=\"\" /><p>Lorem ipsum dolor sit amet, consectetur adipiscing elit. Cras non placerat mi. Etiam non tellus sem. Aenean pretium convallis lorem, sit amet dapibus ante mollis a. Integer bibendum interdum sem, eget volutpat purus pulvinar in. Sed tristique augue vitae sagittis porta. Phasellus ullamcorper, dolor suscipit mattis viverra, sapien elit condimentum odio, ut imperdiet nisi risus sit amet ante. Sed sem lorem, laoreet et facilisis quis, tincidunt non lorem. Etiam tempus, dolor in sollicitudin faucibus, sem massa accumsan erat.</p><h3 style=\"color: #21293c; font-size: 18px; font-weight: 400; line-height: 27px;\">“ Many desktop publishing packages and web page editors now use Lorem Ipsum as their default model search for evolved over sometimes by accident, sometimes on purpose ”</h3><p>Aenean lorem diam, venenatis nec venenatis id, adipiscing ac massa. Nam vel dui eget justo dictum pretium a rhoncus ipsum. Donec venenatis erat tincidunt nunc suscipit, sit amet bibendum lacus posuere. Sed scelerisque, dolor a pharetra sodales, mi augue consequat sapien, et interdum tellus leo et nunc. Nunc imperdiet eu libero ut imperdiet.</p>','2021-05-04 02:34:45','2021-05-04 02:34:45','2021-05-04 02:34:45',1,'magefan_blog/shop1_post4_thumb.jpg',9,NULL,NULL,NULL,NULL,NULL,NULL,NULL,NULL,NULL,NULL,NULL,'Lorem ipsum dolor sit amet, consectetur adipiscing elit. Cras non placerat mi. Etiam non tellus sem. Aenean pretium convallis lorem, sit amet dapibus ante mollis a.'),(3,'Perfect Accessories',NULL,NULL,NULL,'perfect-accessories',NULL,NULL,NULL,NULL,NULL,'Leap into electronic typesetting, remaining essentially unchanged. It was popularised in the 1960s with the release of Letraset sheets containing Lorem Ipsum passages more recently with desktop publishing software like Aldus.','2021-05-04 02:38:02','2021-05-04 02:38:02','2021-05-04 02:38:02',1,'magefan_blog/shop4_post4.jpg',9,NULL,NULL,NULL,NULL,NULL,NULL,NULL,NULL,NULL,NULL,NULL,'Leap into electronic typesetting, remaining essentially unchanged. It was popularised in the 1960s with the release of Letraset sheets containing Lorem Ipsum passages more recently with desktop publishing software like Aldus.'),(4,'Post Format Standard',NULL,NULL,NULL,'post-format-standard',NULL,NULL,NULL,NULL,NULL,'<p>Lorem ipsum dolor sit amet, consectetur adipiscing elit. Cras non placerat mi. Etiam non tellus sem. Aenean pretium convallis lorem, sit amet dapibus ante mollis a. Integer bibendum interdum sem, eget volutpat purus pulvinar in. Sed tristique augue vitae sagittis porta. Phasellus ullamcorper, dolor suscipit mattis viverra, sapien elit condimentum odio, ut imperdiet nisi risus sit amet ante. Sed sem lorem, laoreet et facilisis quis, tincidunt non lorem. Etiam tempus, dolor in sollicitudin faucibus, sem massa accumsan erat.</p>\r\n<h3 style=\"color: #21293c; font-size: 18px; font-weight: 400; line-height: 27px;\">“ Many desktop publishing packages and web page editors now use Lorem Ipsum as their default model search for evolved over sometimes by accident, sometimes on purpose ”</h3>\r\n<p>Aenean lorem diam, venenatis nec venenatis id, adipiscing ac massa. Nam vel dui eget justo dictum pretium a rhoncus ipsum. Donec venenatis erat tincidunt nunc suscipit, sit amet bibendum lacus posuere. Sed scelerisque, dolor a pharetra sodales, mi augue consequat sapien, et interdum tellus leo et nunc. Nunc imperdiet eu libero ut imperdiet.</p>','2021-05-04 02:40:27','2021-05-04 02:40:27','2021-05-04 02:40:27',1,'magefan_blog/shop4_post1_thumb.jpg',9,NULL,NULL,NULL,NULL,NULL,NULL,NULL,NULL,NULL,NULL,NULL,'Lorem ipsum dolor sit amet, consectetur adipiscing elit. Cras non placerat mi. Etiam non tellus sem. Aenean pretium convallis lorem, sit amet dapibus ante mollis a. Integer bibendum interdum sem, eget volutpat purus pulvinar in');

--
-- Table structure for table `magefan_blog_post_category`
--

CREATE TABLE `magefan_blog_post_category` (
  `post_id` int(11) NOT NULL COMMENT 'Post ID',
  `category_id` int(11) NOT NULL COMMENT 'Category ID',
  PRIMARY KEY (`post_id`,`category_id`),
  KEY `MAGEFAN_BLOG_POST_CATEGORY_CATEGORY_ID` (`category_id`),
  CONSTRAINT `MAGEFAN_BLOG_POST_CATEGORY_POST_ID_MAGEFAN_BLOG_POST_POST_ID` FOREIGN KEY (`post_id`) REFERENCES `magefan_blog_post` (`post_id`) ON DELETE CASCADE,
  CONSTRAINT `MAGEFAN_BLOG_POST_CTGR_CTGR_ID_MAGEFAN_BLOG_CTGR_CTGR_ID` FOREIGN KEY (`category_id`) REFERENCES `magefan_blog_category` (`category_id`) ON DELETE CASCADE
) ENGINE=InnoDB DEFAULT CHARSET=utf8 COMMENT='Magefan Blog Post To Category Linkage Table';

--
-- Dumping data for table `magefan_blog_post_category`
--

INSERT INTO `magefan_blog_post_category` VALUES (2,1),(3,1),(4,1);

--
-- Table structure for table `magefan_blog_post_relatedpost`
--

CREATE TABLE `magefan_blog_post_relatedpost` (
  `post_id` int(11) NOT NULL COMMENT 'Post ID',
  `related_id` int(11) NOT NULL COMMENT 'Related Post ID',
  `position` int(11) NOT NULL COMMENT 'Position',
  PRIMARY KEY (`post_id`,`related_id`),
  KEY `MAGEFAN_BLOG_POST_RELATEDPRODUCT_RELATED_ID` (`related_id`),
  CONSTRAINT `FK_9F26E983FE1D7D7063B61D3F3C8D1104` FOREIGN KEY (`post_id`) REFERENCES `magefan_blog_post` (`post_id`) ON DELETE CASCADE,
  CONSTRAINT `MAGEFAN_BLOG_POST_RELATEDPRD1_POST_ID_MAGEFAN_BLOG_POST_POST_ID` FOREIGN KEY (`post_id`) REFERENCES `magefan_blog_post` (`post_id`) ON DELETE CASCADE
) ENGINE=InnoDB DEFAULT CHARSET=utf8 COMMENT='Magefan Blog Post To Post Linkage Table';

--
-- Dumping data for table `magefan_blog_post_relatedpost`
--


--
-- Table structure for table `magefan_blog_post_relatedproduct`
--

CREATE TABLE `magefan_blog_post_relatedproduct` (
  `post_id` int(11) NOT NULL COMMENT 'Post ID',
  `related_id` int(10) unsigned NOT NULL COMMENT 'Related Product ID',
  `position` int(11) NOT NULL COMMENT 'Position',
  PRIMARY KEY (`post_id`,`related_id`),
  KEY `MAGEFAN_BLOG_POST_RELATEDPRODUCT_RELATED_ID` (`related_id`),
  CONSTRAINT `MAGEFAN_BLOG_POST_RELATEDPRD_POST_ID_MAGEFAN_BLOG_POST_POST_ID` FOREIGN KEY (`post_id`) REFERENCES `magefan_blog_post` (`post_id`) ON DELETE CASCADE,
  CONSTRAINT `MAGEFAN_BLOG_POST_RELATEDPRD_RELATED_ID_CAT_PRD_ENTT_ENTT_ID` FOREIGN KEY (`related_id`) REFERENCES `catalog_product_entity` (`entity_id`) ON DELETE CASCADE
) ENGINE=InnoDB DEFAULT CHARSET=utf8 COMMENT='Magefan Blog Post To Product Linkage Table';

--
-- Dumping data for table `magefan_blog_post_relatedproduct`
--


--
-- Table structure for table `magefan_blog_post_store`
--

CREATE TABLE `magefan_blog_post_store` (
  `post_id` int(11) NOT NULL COMMENT 'Post ID',
  `store_id` smallint(5) unsigned NOT NULL COMMENT 'Store ID',
  PRIMARY KEY (`post_id`,`store_id`),
  KEY `MAGEFAN_BLOG_POST_STORE_STORE_ID` (`store_id`),
  CONSTRAINT `MAGEFAN_BLOG_POST_STORE_POST_ID_MAGEFAN_BLOG_POST_POST_ID` FOREIGN KEY (`post_id`) REFERENCES `magefan_blog_post` (`post_id`) ON DELETE CASCADE,
  CONSTRAINT `MAGEFAN_BLOG_POST_STORE_STORE_ID_STORE_STORE_ID` FOREIGN KEY (`store_id`) REFERENCES `store` (`store_id`) ON DELETE CASCADE
) ENGINE=InnoDB DEFAULT CHARSET=utf8 COMMENT='Magefan Blog Post To Store Linkage Table';

--
-- Dumping data for table `magefan_blog_post_store`
--

INSERT INTO `magefan_blog_post_store` VALUES (2,0),(3,0),(4,0);

--
-- Table structure for table `magefan_blog_post_tag`
--

CREATE TABLE `magefan_blog_post_tag` (
  `post_id` int(11) NOT NULL COMMENT 'Post ID',
  `tag_id` int(11) NOT NULL COMMENT 'Tag ID',
  PRIMARY KEY (`post_id`,`tag_id`),
  KEY `MAGEFAN_BLOG_POST_TAG_TAG_ID` (`tag_id`),
  CONSTRAINT `MAGEFAN_BLOG_POST_TAG_POST_ID_MAGEFAN_BLOG_POST_POST_ID` FOREIGN KEY (`post_id`) REFERENCES `magefan_blog_post` (`post_id`) ON DELETE CASCADE,
  CONSTRAINT `MAGEFAN_BLOG_POST_TAG_TAG_ID_MAGEFAN_BLOG_TAG_TAG_ID` FOREIGN KEY (`tag_id`) REFERENCES `magefan_blog_tag` (`tag_id`) ON DELETE CASCADE
) ENGINE=InnoDB DEFAULT CHARSET=utf8 COMMENT='Magefan Blog Post To Category Linkage Table';

--
-- Dumping data for table `magefan_blog_post_tag`
--


--
-- Table structure for table `magefan_blog_tag`
--

CREATE TABLE `magefan_blog_tag` (
  `tag_id` int(11) NOT NULL AUTO_INCREMENT COMMENT 'Tag ID',
  `title` varchar(255) DEFAULT NULL COMMENT 'Tag Title',
  `identifier` varchar(100) DEFAULT NULL COMMENT 'Tag String Identifier',
  PRIMARY KEY (`tag_id`),
  KEY `MAGEFAN_BLOG_TAG_IDENTIFIER` (`identifier`)
) ENGINE=InnoDB DEFAULT CHARSET=utf8 COMMENT='Magefan Blog Tag Table';

--
-- Dumping data for table `magefan_blog_tag`
--


--
-- Table structure for table `magento_acknowledged_bulk`
--

CREATE TABLE `magento_acknowledged_bulk` (
  `id` int(10) unsigned NOT NULL AUTO_INCREMENT COMMENT 'Internal ID',
  `bulk_uuid` varbinary(39) DEFAULT NULL COMMENT 'Related Bulk UUID',
  PRIMARY KEY (`id`),
  UNIQUE KEY `MAGENTO_ACKNOWLEDGED_BULK_BULK_UUID` (`bulk_uuid`),
  CONSTRAINT `MAGENTO_ACKNOWLEDGED_BULK_BULK_UUID_MAGENTO_BULK_UUID` FOREIGN KEY (`bulk_uuid`) REFERENCES `magento_bulk` (`uuid`) ON DELETE CASCADE
) ENGINE=InnoDB DEFAULT CHARSET=utf8 COMMENT='Bulk that was viewed by user from notification area';

--
-- Dumping data for table `magento_acknowledged_bulk`
--


--
-- Table structure for table `magento_bulk`
--

CREATE TABLE `magento_bulk` (
  `id` int(10) unsigned NOT NULL AUTO_INCREMENT COMMENT 'Bulk Internal ID (must not be exposed)',
  `uuid` varbinary(39) DEFAULT NULL COMMENT 'Bulk UUID (can be exposed to reference bulk entity)',
  `user_id` int(10) unsigned DEFAULT NULL COMMENT 'ID of the WebAPI user that performed an action',
  `user_type` int(11) DEFAULT NULL COMMENT 'Which type of user',
  `description` varchar(255) DEFAULT NULL COMMENT 'Bulk Description',
  `operation_count` int(10) unsigned NOT NULL COMMENT 'Total number of operations scheduled within this bulk',
  `start_time` timestamp NOT NULL DEFAULT CURRENT_TIMESTAMP COMMENT 'Bulk start time',
  PRIMARY KEY (`id`),
  UNIQUE KEY `MAGENTO_BULK_UUID` (`uuid`),
  KEY `MAGENTO_BULK_USER_ID` (`user_id`)
) ENGINE=InnoDB DEFAULT CHARSET=utf8 COMMENT='Bulk entity that represents set of related asynchronous operations';

--
-- Dumping data for table `magento_bulk`
--


--
-- Table structure for table `magento_operation`
--

CREATE TABLE `magento_operation` (
  `id` int(10) unsigned NOT NULL AUTO_INCREMENT COMMENT 'Operation ID',
  `bulk_uuid` varbinary(39) DEFAULT NULL COMMENT 'Related Bulk UUID',
  `topic_name` varchar(255) DEFAULT NULL COMMENT 'Name of the related message queue topic',
  `serialized_data` blob COMMENT 'Data (serialized) required to perform an operation',
  `result_serialized_data` blob COMMENT 'Result data (serialized) after perform an operation',
  `status` smallint(6) DEFAULT '0' COMMENT 'Operation status (OPEN | COMPLETE | RETRIABLY_FAILED | NOT_RETRIABLY_FAILED)',
  `error_code` smallint(6) DEFAULT NULL COMMENT 'Code of the error that appeared during operation execution (used to aggregate related failed operations)',
  `result_message` varchar(255) DEFAULT NULL COMMENT 'Operation result message',
  PRIMARY KEY (`id`),
  KEY `MAGENTO_OPERATION_BULK_UUID_ERROR_CODE` (`bulk_uuid`,`error_code`),
  CONSTRAINT `MAGENTO_OPERATION_BULK_UUID_MAGENTO_BULK_UUID` FOREIGN KEY (`bulk_uuid`) REFERENCES `magento_bulk` (`uuid`) ON DELETE CASCADE
) ENGINE=InnoDB DEFAULT CHARSET=utf8 COMMENT='Operation entity';

--
-- Dumping data for table `magento_operation`
--


--
-- Table structure for table `mageplaza_social_customer`
--

CREATE TABLE `mageplaza_social_customer` (
  `social_customer_id` int(10) unsigned NOT NULL AUTO_INCREMENT COMMENT 'Social Customer ID',
  `social_id` varchar(255) DEFAULT NULL COMMENT 'Social Id',
  `customer_id` int(10) unsigned DEFAULT NULL COMMENT 'Customer Id',
  `is_send_password_email` int(10) unsigned DEFAULT '0' COMMENT 'Is Send Password Email',
  `type` varchar(255) DEFAULT '' COMMENT 'Type',
  PRIMARY KEY (`social_customer_id`),
  KEY `MAGEPLAZA_SOCIAL_CUSTOMER_CUSTOMER_ID_CUSTOMER_ENTITY_ENTITY_ID` (`customer_id`),
  CONSTRAINT `MAGEPLAZA_SOCIAL_CUSTOMER_CUSTOMER_ID_CUSTOMER_ENTITY_ENTITY_ID` FOREIGN KEY (`customer_id`) REFERENCES `customer_entity` (`entity_id`) ON DELETE CASCADE
) ENGINE=InnoDB DEFAULT CHARSET=utf8 COMMENT='Social Customer Table';

--
-- Dumping data for table `mageplaza_social_customer`
--


--
-- Table structure for table `media_gallery_asset`
--

CREATE TABLE `media_gallery_asset` (
  `id` int(10) unsigned NOT NULL AUTO_INCREMENT COMMENT 'Entity ID',
  `path` varchar(255) DEFAULT NULL COMMENT 'Path',
  `title` varchar(255) DEFAULT NULL COMMENT 'Title',
  `source` varchar(255) DEFAULT NULL COMMENT 'Source',
  `content_type` varchar(255) DEFAULT NULL COMMENT 'Content Type',
  `width` int(10) unsigned NOT NULL DEFAULT '0' COMMENT 'Width',
  `height` int(10) unsigned NOT NULL DEFAULT '0' COMMENT 'Height',
  `created_at` timestamp NOT NULL DEFAULT CURRENT_TIMESTAMP COMMENT 'Created At',
  `updated_at` timestamp NOT NULL DEFAULT CURRENT_TIMESTAMP ON UPDATE CURRENT_TIMESTAMP COMMENT 'Updated At',
  PRIMARY KEY (`id`),
  UNIQUE KEY `MEDIA_GALLERY_ASSET_PATH` (`path`),
  KEY `MEDIA_GALLERY_ASSET_ID` (`id`)
) ENGINE=InnoDB DEFAULT CHARSET=utf8 COMMENT='Media Gallery Asset';

--
-- Dumping data for table `media_gallery_asset`
--


--
-- Table structure for table `media_gallery_asset_keyword`
--

CREATE TABLE `media_gallery_asset_keyword` (
  `keyword_id` int(10) unsigned NOT NULL COMMENT 'Keyword Id',
  `asset_id` int(10) unsigned NOT NULL COMMENT 'Asset ID',
  PRIMARY KEY (`keyword_id`,`asset_id`),
  KEY `MEDIA_GALLERY_ASSET_KEYWORD_ASSET_ID` (`asset_id`),
  KEY `MEDIA_GALLERY_ASSET_KEYWORD_KEYWORD_ID` (`keyword_id`),
  CONSTRAINT `MEDIA_GALLERY_ASSET_KEYWORD_ASSET_ID_MEDIA_GALLERY_ASSET_ID` FOREIGN KEY (`asset_id`) REFERENCES `media_gallery_asset` (`id`) ON DELETE CASCADE,
  CONSTRAINT `MEDIA_GALLERY_ASSET_KEYWORD_KEYWORD_ID_MEDIA_GALLERY_KEYWORD_ID` FOREIGN KEY (`keyword_id`) REFERENCES `media_gallery_keyword` (`id`) ON DELETE CASCADE
) ENGINE=InnoDB DEFAULT CHARSET=utf8 COMMENT='Media Gallery Asset Keyword';

--
-- Dumping data for table `media_gallery_asset_keyword`
--


--
-- Table structure for table `media_gallery_keyword`
--

CREATE TABLE `media_gallery_keyword` (
  `id` int(10) unsigned NOT NULL AUTO_INCREMENT COMMENT 'Keyword ID',
  `keyword` varchar(255) NOT NULL COMMENT 'Keyword',
  PRIMARY KEY (`id`),
  UNIQUE KEY `MEDIA_GALLERY_KEYWORD_KEYWORD` (`keyword`),
  KEY `MEDIA_GALLERY_KEYWORD_ID` (`id`)
) ENGINE=InnoDB DEFAULT CHARSET=utf8 COMMENT='Media Gallery Keyword';

--
-- Dumping data for table `media_gallery_keyword`
--


--
-- Table structure for table `msp_tfa_country_codes`
--

CREATE TABLE `msp_tfa_country_codes` (
  `msp_tfa_country_codes_id` int(10) unsigned NOT NULL AUTO_INCREMENT COMMENT 'TFA admin user ID',
  `code` text NOT NULL COMMENT 'Country code',
  `name` text NOT NULL COMMENT 'Country name',
  `dial_code` text NOT NULL COMMENT 'Prefix',
  PRIMARY KEY (`msp_tfa_country_codes_id`),
  KEY `MSP_TFA_COUNTRY_CODES_CODE` (`code`(128))
) ENGINE=InnoDB AUTO_INCREMENT=242 DEFAULT CHARSET=utf8 COMMENT='msp_tfa_country_codes';

--
-- Dumping data for table `msp_tfa_country_codes`
--

INSERT INTO `msp_tfa_country_codes` VALUES (1,'IL','Israel','+972'),(2,'AF','Afghanistan','+93'),(3,'AL','Albania','+355'),(4,'DZ','Algeria','+213'),(5,'AS','AmericanSamoa','+1 684'),(6,'AD','Andorra','+376'),(7,'AO','Angola','+244'),(8,'AI','Anguilla','+1 264'),(9,'AG','Antigua and Barbuda','+1268'),(10,'AR','Argentina','+54'),(11,'AM','Armenia','+374'),(12,'AW','Aruba','+297'),(13,'AU','Australia','+61'),(14,'AT','Austria','+43'),(15,'AZ','Azerbaijan','+994'),(16,'BS','Bahamas','+1 242'),(17,'BH','Bahrain','+973'),(18,'BD','Bangladesh','+880'),(19,'BB','Barbados','+1 246'),(20,'BY','Belarus','+375'),(21,'BE','Belgium','+32'),(22,'BZ','Belize','+501'),(23,'BJ','Benin','+229'),(24,'BM','Bermuda','+1 441'),(25,'BT','Bhutan','+975'),(26,'BA','Bosnia and Herzegovina','+387'),(27,'BW','Botswana','+267'),(28,'BR','Brazil','+55'),(29,'IO','British Indian Ocean Territory','+246'),(30,'BG','Bulgaria','+359'),(31,'BF','Burkina Faso','+226'),(32,'BI','Burundi','+257'),(33,'KH','Cambodia','+855'),(34,'CM','Cameroon','+237'),(35,'CA','Canada','+1'),(36,'CV','Cape Verde','+238'),(37,'KY','Cayman Islands','+ 345'),(38,'CF','Central African Republic','+236'),(39,'TD','Chad','+235'),(40,'CL','Chile','+56'),(41,'CN','China','+86'),(42,'CX','Christmas Island','+61'),(43,'CO','Colombia','+57'),(44,'KM','Comoros','+269'),(45,'CG','Congo','+242'),(46,'CK','Cook Islands','+682'),(47,'CR','Costa Rica','+506'),(48,'HR','Croatia','+385'),(49,'CU','Cuba','+53'),(50,'CY','Cyprus','+537'),(51,'CZ','Czech Republic','+420'),(52,'DK','Denmark','+45'),(53,'DJ','Djibouti','+253'),(54,'DM','Dominica','+1 767'),(55,'DO','Dominican Republic','+1 849'),(56,'EC','Ecuador','+593'),(57,'EG','Egypt','+20'),(58,'SV','El Salvador','+503'),(59,'GQ','Equatorial Guinea','+240'),(60,'ER','Eritrea','+291'),(61,'EE','Estonia','+372'),(62,'ET','Ethiopia','+251'),(63,'FO','Faroe Islands','+298'),(64,'FJ','Fiji','+679'),(65,'FI','Finland','+358'),(66,'FR','France','+33'),(67,'GF','French Guiana','+594'),(68,'PF','French Polynesia','+689'),(69,'GA','Gabon','+241'),(70,'GM','Gambia','+220'),(71,'GE','Georgia','+995'),(72,'DE','Germany','+49'),(73,'GH','Ghana','+233'),(74,'GI','Gibraltar','+350'),(75,'GR','Greece','+30'),(76,'GL','Greenland','+299'),(77,'GD','Grenada','+1 473'),(78,'GP','Guadeloupe','+590'),(79,'GU','Guam','+1 671'),(80,'GT','Guatemala','+502'),(81,'GN','Guinea','+224'),(82,'GW','Guinea-Bissau','+245'),(83,'GY','Guyana','+595'),(84,'HT','Haiti','+509'),(85,'HN','Honduras','+504'),(86,'HU','Hungary','+36'),(87,'IS','Iceland','+354'),(88,'IN','India','+91'),(89,'ID','Indonesia','+62'),(90,'IQ','Iraq','+964'),(91,'IE','Ireland','+353'),(92,'IL','Israel','+972'),(93,'IT','Italy','+39'),(94,'JM','Jamaica','+1 876'),(95,'JP','Japan','+81'),(96,'JO','Jordan','+962'),(97,'KZ','Kazakhstan','+7 7'),(98,'KE','Kenya','+254'),(99,'KI','Kiribati','+686'),(100,'KW','Kuwait','+965'),(101,'KG','Kyrgyzstan','+996'),(102,'LV','Latvia','+371'),(103,'LB','Lebanon','+961'),(104,'LS','Lesotho','+266'),(105,'LR','Liberia','+231'),(106,'LI','Liechtenstein','+423'),(107,'LT','Lithuania','+370'),(108,'LU','Luxembourg','+352'),(109,'MG','Madagascar','+261'),(110,'MW','Malawi','+265'),(111,'MY','Malaysia','+60'),(112,'MV','Maldives','+960'),(113,'ML','Mali','+223'),(114,'MT','Malta','+356'),(115,'MH','Marshall Islands','+692'),(116,'MQ','Martinique','+596'),(117,'MR','Mauritania','+222'),(118,'MU','Mauritius','+230'),(119,'YT','Mayotte','+262'),(120,'MX','Mexico','+52'),(121,'MC','Monaco','+377'),(122,'MN','Mongolia','+976'),(123,'ME','Montenegro','+382'),(124,'MS','Montserrat','+1664'),(125,'MA','Morocco','+212'),(126,'MM','Myanmar','+95'),(127,'NA','Namibia','+264'),(128,'NR','Nauru','+674'),(129,'NP','Nepal','+977'),(130,'NL','Netherlands','+31'),(131,'AN','Netherlands Antilles','+599'),(132,'NC','New Caledonia','+687'),(133,'NZ','New Zealand','+64'),(134,'NI','Nicaragua','+505'),(135,'NE','Niger','+227'),(136,'NG','Nigeria','+234'),(137,'NU','Niue','+683'),(138,'NF','Norfolk Island','+672'),(139,'MP','Northern Mariana Islands','+1 670'),(140,'NO','Norway','+47'),(141,'OM','Oman','+968'),(142,'PK','Pakistan','+92'),(143,'PW','Palau','+680'),(144,'PA','Panama','+507'),(145,'PG','Papua New Guinea','+675'),(146,'PY','Paraguay','+595'),(147,'PE','Peru','+51'),(148,'PH','Philippines','+63'),(149,'PL','Poland','+48'),(150,'PT','Portugal','+351'),(151,'PR','Puerto Rico','+1 939'),(152,'QA','Qatar','+974'),(153,'RO','Romania','+40'),(154,'RW','Rwanda','+250'),(155,'WS','Samoa','+685'),(156,'SM','San Marino','+378'),(157,'SA','Saudi Arabia','+966'),(158,'SN','Senegal','+221'),(159,'RS','Serbia','+381'),(160,'SC','Seychelles','+248'),(161,'SL','Sierra Leone','+232'),(162,'SG','Singapore','+65'),(163,'SK','Slovakia','+421'),(164,'SI','Slovenia','+386'),(165,'SB','Solomon Islands','+677'),(166,'ZA','South Africa','+27'),(167,'GS','South Georgia and the South Sandwich Islands','+500'),(168,'ES','Spain','+34'),(169,'LK','Sri Lanka','+94'),(170,'SD','Sudan','+249'),(171,'SR','Suriname','+597'),(172,'SZ','Swaziland','+268'),(173,'SE','Sweden','+46'),(174,'CH','Switzerland','+41'),(175,'TJ','Tajikistan','+992'),(176,'TH','Thailand','+66'),(177,'TG','Togo','+228'),(178,'TK','Tokelau','+690'),(179,'TO','Tonga','+676'),(180,'TT','Trinidad and Tobago','+1 868'),(181,'TN','Tunisia','+216'),(182,'TR','Turkey','+90'),(183,'TM','Turkmenistan','+993'),(184,'TC','Turks and Caicos Islands','+1 649'),(185,'TV','Tuvalu','+688'),(186,'UG','Uganda','+256'),(187,'UA','Ukraine','+380'),(188,'AE','United Arab Emirates','+971'),(189,'GB','United Kingdom','+44'),(190,'US','United States','+1'),(191,'UY','Uruguay','+598'),(192,'UZ','Uzbekistan','+998'),(193,'VU','Vanuatu','+678'),(194,'WF','Wallis and Futuna','+681'),(195,'YE','Yemen','+967'),(196,'ZM','Zambia','+260'),(197,'ZW','Zimbabwe','+263'),(198,'AX','land Islands',''),(199,'BO','Bolivia, Plurinational State of','+591'),(200,'BN','Brunei Darussalam','+673'),(201,'CC','Cocos (Keeling) Islands','+61'),(202,'CD','Congo, The Democratic Republic of the','+243'),(203,'CI','Cote d\'Ivoire','+225'),(204,'FK','Falkland Islands (Malvinas)','+500'),(205,'GG','Guernsey','+44'),(206,'VA','Holy See (Vatican City State)','+379'),(207,'HK','Hong Kong','+852'),(208,'IR','Iran, Islamic Republic of','+98'),(209,'IM','Isle of Man','+44'),(210,'JE','Jersey','+44'),(211,'KP','Korea, Democratic People\'s Republic of','+850'),(212,'KR','Korea, Republic of','+82'),(213,'LA','Lao People\'s Democratic Republic','+856'),(214,'LY','Libyan Arab Jamahiriya','+218'),(215,'MO','Macao','+853'),(216,'MK','Macedonia, The Former Yugoslav Republic of','+389'),(217,'FM','Micronesia, Federated States of','+691'),(218,'MD','Moldova, Republic of','+373'),(219,'MZ','Mozambique','+258'),(220,'PS','Palestinian Territory, Occupied','+970'),(221,'PN','Pitcairn','+872'),(222,'RE','Réunion','+262'),(223,'RU','Russia','+7'),(224,'BL','Saint Barthélemy','+590'),(225,'SH','Saint Helena, Ascension and Tristan Da Cunha','+290'),(226,'KN','Saint Kitts and Nevis','+1 869'),(227,'LC','Saint Lucia','+1 758'),(228,'MF','Saint Martin','+590'),(229,'PM','Saint Pierre and Miquelon','+508'),(230,'VC','Saint Vincent and the Grenadines','+1 784'),(231,'ST','Sao Tome and Principe','+239'),(232,'SO','Somalia','+252'),(233,'SJ','Svalbard and Jan Mayen','+47'),(234,'SY','Syrian Arab Republic','+963'),(235,'TW','Taiwan, Province of China','+886'),(236,'TZ','Tanzania, United Republic of','+255'),(237,'TL','Timor-Leste','+670'),(238,'VE','Venezuela, Bolivarian Republic of','+58'),(239,'VN','Viet Nam','+84'),(240,'VG','Virgin Islands, British','+1 284'),(241,'VI','Virgin Islands, U.S.','+1 340');

--
-- Table structure for table `msp_tfa_trusted`
--

CREATE TABLE `msp_tfa_trusted` (
  `msp_tfa_trusted_id` int(10) unsigned NOT NULL AUTO_INCREMENT COMMENT 'Trusted device ID',
  `date_time` datetime NOT NULL COMMENT 'Date and time',
  `user_id` int(10) unsigned NOT NULL COMMENT 'User ID',
  `device_name` text NOT NULL COMMENT 'Device name',
  `token` text NOT NULL COMMENT 'Token',
  `last_ip` text NOT NULL COMMENT 'Last IP',
  PRIMARY KEY (`msp_tfa_trusted_id`),
  KEY `MSP_TFA_TRUSTED_USER_ID_ADMIN_USER_USER_ID` (`user_id`),
  CONSTRAINT `MSP_TFA_TRUSTED_USER_ID_ADMIN_USER_USER_ID` FOREIGN KEY (`user_id`) REFERENCES `admin_user` (`user_id`) ON DELETE CASCADE
) ENGINE=InnoDB DEFAULT CHARSET=utf8 COMMENT='msp_tfa_trusted';

--
-- Dumping data for table `msp_tfa_trusted`
--


--
-- Table structure for table `msp_tfa_user_config`
--

CREATE TABLE `msp_tfa_user_config` (
  `msp_tfa_user_config_id` int(10) unsigned NOT NULL AUTO_INCREMENT COMMENT 'TFA admin user ID',
  `user_id` int(10) unsigned NOT NULL COMMENT 'User ID',
  `encoded_providers` text COMMENT 'Encoded providers list',
  `encoded_config` text COMMENT 'Encoded providers configuration',
  `default_provider` text COMMENT 'Default provider',
  PRIMARY KEY (`msp_tfa_user_config_id`),
  KEY `MSP_TFA_USER_CONFIG_USER_ID_ADMIN_USER_USER_ID` (`user_id`),
  CONSTRAINT `MSP_TFA_USER_CONFIG_USER_ID_ADMIN_USER_USER_ID` FOREIGN KEY (`user_id`) REFERENCES `admin_user` (`user_id`) ON DELETE CASCADE
) ENGINE=InnoDB DEFAULT CHARSET=utf8 COMMENT='msp_tfa_user_config';

--
-- Dumping data for table `msp_tfa_user_config`
--


--
-- Table structure for table `mview_state`
--

CREATE TABLE `mview_state` (
  `state_id` int(10) unsigned NOT NULL AUTO_INCREMENT COMMENT 'View State ID',
  `view_id` varchar(255) DEFAULT NULL COMMENT 'View ID',
  `mode` varchar(16) DEFAULT 'disabled' COMMENT 'View Mode',
  `status` varchar(16) DEFAULT 'idle' COMMENT 'View Status',
  `updated` datetime DEFAULT NULL COMMENT 'View updated time',
  `version_id` int(10) unsigned DEFAULT NULL COMMENT 'View Version ID',
  PRIMARY KEY (`state_id`),
  KEY `MVIEW_STATE_VIEW_ID` (`view_id`),
  KEY `MVIEW_STATE_MODE` (`mode`)
) ENGINE=InnoDB AUTO_INCREMENT=3 DEFAULT CHARSET=utf8 COMMENT='View State';

--
-- Dumping data for table `mview_state`
--

INSERT INTO `mview_state` VALUES (1,'scconnector_google_remove','enabled','idle','2021-05-04 02:12:35',0),(2,'scconnector_google_feed','enabled','idle','2021-05-04 02:12:35',0);

--
-- Table structure for table `mw_listing_visitors`
--

CREATE TABLE `mw_listing_visitors` (
  `user_id` int(11) NOT NULL,
  `first_name` varchar(150) NOT NULL,
  `first_name_ar` varchar(150) DEFAULT NULL,
  `last_name` varchar(150) NOT NULL,
  `address` varchar(250) NOT NULL,
  `address_ar` varchar(250) DEFAULT NULL,
  `city` varchar(150) NOT NULL,
  `state` varchar(150) NOT NULL,
  `country_id` int(11) DEFAULT NULL,
  `state_id` int(11) DEFAULT NULL,
  `zip` varchar(7) NOT NULL,
  `phone` varchar(15) NOT NULL,
  `full_number` varchar(20) DEFAULT NULL,
  `email` varchar(150) NOT NULL,
  `password` varchar(250) NOT NULL,
  `isTrash` int(1) NOT NULL,
  `status` enum('A','I','W','R') NOT NULL,
  `date_added` timestamp NOT NULL DEFAULT CURRENT_TIMESTAMP,
  `send_me` enum('N','Y') NOT NULL,
  `verification_code` varchar(150) NOT NULL,
  `v_send_at` datetime DEFAULT NULL,
  `reset_key` varchar(250) NOT NULL,
  `dob` date DEFAULT NULL,
  `calls_me` enum('M','F') NOT NULL,
  `country` int(3) NOT NULL,
  `image` varchar(200) NOT NULL,
  `mobile` varchar(50) NOT NULL,
  `slug` varchar(250) DEFAULT NULL,
  `email_verified` enum('0','1') NOT NULL,
  `timezone` varchar(200) DEFAULT NULL,
  `admin_approved` enum('0','1') NOT NULL,
  `a_notify` enum('0','1') NOT NULL,
  `r_notify` enum('0','1') NOT NULL,
  `w_notify` enum('0','1') NOT NULL,
  `otp` char(10) DEFAULT NULL,
  `otp_login` char(6) DEFAULT NULL,
  `otp_login_send` datetime DEFAULT NULL,
  `is_verified` char(1) DEFAULT NULL,
  `phone_verified` int(11) NOT NULL DEFAULT '0',
  `otp_attempt` int(1) DEFAULT NULL,
  `login_attempt` int(1) DEFAULT NULL,
  `user_status` enum('A','I') NOT NULL,
  `user_country` int(11) DEFAULT NULL,
  `national_id` varchar(255) DEFAULT NULL,
  PRIMARY KEY (`user_id`),
  KEY `status` (`status`),
  KEY `isTrash` (`isTrash`),
  KEY `country_id` (`country_id`),
  KEY `state_id` (`state_id`),
  KEY `state_id_2` (`state_id`),
  KEY `slug` (`slug`)
) ENGINE=InnoDB DEFAULT CHARSET=utf8;

--
-- Dumping data for table `mw_listing_visitors`
--

INSERT INTO `mw_listing_visitors` VALUES (31803,'raufahmadpk',NULL,'','',NULL,'','',65949,NULL,'','',NULL,'mohammad.shabaan@gmail.com0','$P$GlRGaN90VrCcZZ75ztsmu.5/h3Xi1V/',0,'A','2020-12-04 20:14:00','N','796890',NULL,'',NULL,'M',0,'','  ','-1','1',NULL,'0','0','0','0','0','',NULL,'0',0,0,0,'',0,'0'),(31808,'vineethnjalil','vineethnjalil','','','','','',65949,NULL,'','','','vineethnjalil1@gmail.com','$P$GhVfOoGkeBEagCM6DeNreWxKGwcWyL.',0,'A','2020-12-16 07:46:00','N','763900',NULL,'',NULL,'M',0,'','  ','-4','1',NULL,'0','0','0','0','0','',NULL,'0',0,0,0,'',0,'0'),(31809,'Fahad Al Ghadi',NULL,'','',NULL,'','',65949,NULL,'','',NULL,'al-ghadif@hotmail.com','$P$GpeoQOqjJsuXiWao//ZCA/JThUqgVs.',0,'A','2020-12-20 21:21:00','N','963442',NULL,'',NULL,'M',0,'','  ','-5','1',NULL,'0','0','0','0','0','',NULL,'0',0,0,0,'',0,'0'),(31810,'Sajid Nawaz',NULL,'','',NULL,'','',65949,NULL,'','',NULL,'sajidnawazpk@gmail.com','$P$GRDAj97/5IvIqdXODz9A166rO55GjP.',0,'A','2020-12-22 19:11:00','N','973340',NULL,'',NULL,'M',0,'','  ','-6','1',NULL,'0','0','0','0','0','',NULL,'0',0,0,0,'',0,'0'),(31812,'rayanjd',NULL,'','',NULL,'','',65949,NULL,'','',NULL,'rayanjd@gmail.com','$P$Gjb3YunOOiyKXBpUdIpvcKbWal3Pno1',0,'A','2020-12-31 16:54:00','N','590983',NULL,'',NULL,'M',0,'','  ','-8','1',NULL,'0','0','0','0','0','',NULL,'0',0,0,0,'',0,'0'),(31818,'Visitor',NULL,'','',NULL,'','',65949,NULL,'','',NULL,'vineethnjalil1ss@gmail.com','$P$GgMXZhAyr7yv68XBbpqGEFrsSaV7R2/',0,'A','2021-01-01 19:59:00','N','337825',NULL,'',NULL,'M',0,'','  ','-11','0',NULL,'0','0','0','0','0','',NULL,'0',0,0,0,'',0,'0'),(31819,'Visitor',NULL,'','',NULL,'','',65949,NULL,'','',NULL,'vineeaathnjalil@gmail.com','$P$Gd/DO3JsxOA7gkGaz7NR2FgPGsl.Ua.',0,'A','2021-01-01 20:05:00','N','52639',NULL,'',NULL,'M',0,'','  ','-12','0',NULL,'0','0','0','0','0','',NULL,'0',0,0,0,'',0,'0'),(31837,'GoogleUser',NULL,'','',NULL,'','',65949,NULL,'','',NULL,'arxal59@gmail.com','$P$GsB/xTvZE5/tI59jojEjju6Ofc87f50',0,'A','2021-02-19 00:02:00','N','870188',NULL,'',NULL,'M',0,'','  ','-24','1',NULL,'0','0','0','0','0','',NULL,'0',0,0,0,'',0,'0'),(31839,'AppleUser','مستخدم أبل','','','','','',65949,NULL,'','','','njalilvineeth1@gmail.com','$P$GmwTN8/JzMa.MF7w3/11Y8Gg0CWhHx/',0,'A','2021-02-22 17:36:00','N','57327',NULL,'',NULL,'M',0,'','  ','','1',NULL,'0','0','0','0','0','',NULL,'0',0,0,0,'',0,'0'),(31840,'AppleUser',NULL,'','',NULL,'','',65949,NULL,'','',NULL,'pthmzb4mim@privaterelay.appleid.com','$P$G.nZfIz6thae8cx1EluEgUj1AC9.m.0',0,'A','2021-02-24 17:37:00','N','988907',NULL,'',NULL,'M',0,'','  ','-25','1',NULL,'0','0','0','0','0','',NULL,'0',0,0,0,'',0,'0'),(31842,'Visitor','زائر','','',NULL,'','',65949,NULL,'','',NULL,'alghadif@gmail.com','$P$GosAeXsqrrgMngYGw0EQrP7Sp35Kqy0',0,'A','2021-02-24 22:14:00','N','489041','2021-02-24 14:20:00','',NULL,'M',0,'','  ','-26','0',NULL,'0','0','0','0','0','',NULL,'0',0,0,0,'',0,'0'),(31843,'AppleUser','مستخدم أبل','','',NULL,'','',65949,NULL,'','',NULL,'iqhfqik99x@privaterelay.appleid.com','$P$GuHnpAFgbe32bqzEp5HeX0oiUNGACh/',0,'A','2021-02-24 23:45:00','N','603417',NULL,'',NULL,'M',0,'','  ','-27','1',NULL,'0','0','0','0','0','',NULL,'0',0,0,0,'',0,'0'),(31867,'AppleUser','مستخدم أبل','','',NULL,'','',65949,NULL,'','',NULL,'7cd9gmkhgk@privaterelay.appleid.com','$P$GSgeMIBXdslJDe6FyrujG5v8uZmabR0',0,'A','2021-04-01 05:16:00','N','280070',NULL,'',NULL,'M',0,'','  ','-39','1',NULL,'0','0','0','0','0','',NULL,'0',0,0,0,'',0,'0'),(31869,'GoogleUser','مستخدم Google','','',NULL,'','',65949,NULL,'','',NULL,'gazimmhussain21@gmail.com','$P$GldORaS5UY2sbg57RhlmUW/IZTSPu9.',0,'A','2021-04-01 21:43:00','N','971836',NULL,'',NULL,'M',0,'','  ','-41','1',NULL,'0','0','0','0','0','',NULL,'0',0,0,0,'',0,'0'),(31881,'AppleUser','مستخدم أبل','','',NULL,'','',65949,NULL,'','',NULL,'fxcbzyjm8m@privaterelay.appleid.com','$P$G46CI9OpMfAepn7u/mM51o2WSv.1hO/',0,'A','2021-04-23 04:46:00','N','54012',NULL,'',NULL,'M',0,'','  ','-48','1',NULL,'0','0','0','0','0','',NULL,'0',0,0,0,'',0,'0'),(31882,'GoogleUser','مستخدم Google','','',NULL,'','',65949,NULL,'','',NULL,'mazensaade13@gmail.com','$P$GNhqb3MPa4Ip7dbVHUIc9JlW03T0xz0',0,'A','2021-04-24 10:21:00','N','851171',NULL,'',NULL,'M',0,'','  ','-49','1',NULL,'0','0','0','0','0','',NULL,'0',0,0,0,'',0,'0'),(31901,'Tsweeq Global Ltd. Co','شركة تسويق العالمية المحدودة','','Tsweeq Global Ltd. Co.','شركة تسويق العالمية المحدودة','','',65949,NULL,'','',NULL,'tsweeq.co@gmail.com','$P$GuaPR4GXnBNRRKtf4CVZ3h.qE7ErF11',0,'A','2021-06-09 19:10:00','N','401921',NULL,'',NULL,'M',0,'2021/06/2021-06-09112803-4090.jpg','  ','-62','1',NULL,'0','0','0','0','0','',NULL,'0',0,0,0,'',0,'0'),(31916,'Vineeth R','فينيث ر','','',NULL,'','',65949,NULL,'','',NULL,'ar.redspider96@gmail.com','$P$GGgtjxUblhhNRLBQhG8etmlzgcXhDj/',0,'A','2021-07-12 15:29:00','N','940247',NULL,'',NULL,'M',0,'','  ','-67','1',NULL,'0','0','0','0','0','',NULL,'0',0,0,0,'',0,'0'),(31920,'GoogleUser','مستخدم Google','','',NULL,'','',65949,NULL,'','',NULL,'naja877@gmail.com','$P$GxmbIHusflUD9n5KYZAkocuVPF.zZa0',0,'A','2021-07-14 21:26:00','N','738959',NULL,'',NULL,'M',0,'','  ','-70','1',NULL,'0','0','0','0','0','',NULL,'0',0,0,0,'',0,'0'),(31921,'GoogleUser','مستخدم Google','','',NULL,'','',65949,NULL,'','',NULL,'elsayedsaad684@gmail.com','$P$G5uDBpQCXVmsS0pVIjQI85i65mHOlB1',0,'A','2021-07-14 21:30:00','N','313104',NULL,'',NULL,'M',0,'','  ','-71','1',NULL,'0','0','0','0','0','',NULL,'0',0,0,0,'',0,'0'),(31924,'GoogleUser','مستخدم Google','','',NULL,'','',65949,NULL,'','',NULL,'roslynvilla454@gmail.com','$P$GjR8bDZVrLo.4/Vgr.6Ao4ror.PHBH.',0,'A','2021-07-16 14:47:00','N','382718',NULL,'',NULL,'M',0,'','  ','-73','1',NULL,'0','0','0','0','0','',NULL,'0',0,0,0,'',0,'0'),(31925,'joooban','جوبان','','',NULL,'','',65949,NULL,'','',NULL,'joooban@gmail.com','$P$Gm9KmzjBFg7BTTyFS4dIhhaTxGC9Oy/',0,'A','2021-07-25 22:28:00','N','632840',NULL,'',NULL,'M',0,'','  ','-74','1',NULL,'0','0','0','0','0','',NULL,'0',0,0,0,'',0,'0'),(31926,'AppleUser','مستخدم أبل','','',NULL,'','',65949,NULL,'','',NULL,'d269p5v6kv@privaterelay.appleid.com','$P$G2tp3M0oqYGJFyfw7RdM2lajKInVfq/',0,'A','2021-07-27 00:44:00','N','519473',NULL,'',NULL,'M',0,'','  ','-75','1',NULL,'0','0','0','0','0','',NULL,'0',0,0,0,'',0,'0'),(31927,'GoogleUser','مستخدم Google','','',NULL,'','',65949,NULL,'','',NULL,'shoug.andijani@gmail.com','$P$G6l4M/u8nHKBDss9ok9ifRCndE9AaX1',0,'A','2021-07-27 05:58:00','N','854836',NULL,'',NULL,'M',0,'','  ','-76','1',NULL,'0','0','0','0','0','',NULL,'0',0,0,0,'',0,'0'),(31928,'AppleUser','مستخدم أبل','','',NULL,'','',65949,NULL,'','',NULL,'asmar1943@hotmail.com','$P$G1eS6/zvStcpM7dt3Rw9E37qIrgTgN1',0,'A','2021-07-27 15:03:00','N','703145',NULL,'',NULL,'M',0,'','  ','-77','1',NULL,'0','0','0','0','0','',NULL,'0',0,0,0,'',0,'0'),(31930,'GoogleUser','مستخدم Google','','',NULL,'','',65949,NULL,'','',NULL,'abuyara1406@gmail.com','$P$G/4k11L6bf.6WaWSahVzTdRec7NwQ20',0,'A','2021-07-31 23:49:00','N','270223',NULL,'',NULL,'M',0,'','  ','-78','1',NULL,'0','0','0','0','0','',NULL,'0',0,0,0,'',0,'0'),(31931,'GoogleUser','مستخدم Google','','',NULL,'','',65949,NULL,'','',NULL,'omfahad979@icloud.com','$P$GH0FPEr6WpHYd4hlT79ycVvCP0v8hg/',0,'A','2021-08-04 18:21:00','N','359430',NULL,'',NULL,'M',0,'','  ','-79','1',NULL,'0','0','0','0','0','',NULL,'0',0,0,0,'',0,'0'),(31932,'hhhjjkihikygcgffsa','hhhjjkihikygcgffsa','','',NULL,'','',65949,NULL,'','',NULL,'hhhjjkihikygcgffsa@gmail.com','$P$GgsD5Irp.W4teuy01ggb/9K8TSa58P1',0,'A','2021-08-04 23:49:00','N','444977',NULL,'',NULL,'M',0,'','  ','-80','1',NULL,'0','0','0','0','0','',NULL,'0',0,0,0,'',0,'0'),(31933,'AppleUser','مستخدم أبل','','',NULL,'','',65949,NULL,'','',NULL,'ctyopo39@gmail.com','$P$GEEe0Q9f8RrAMwVeVlDQbv3qK4oNKG/',0,'A','2021-08-05 22:38:00','N','329909',NULL,'',NULL,'M',0,'','  ','-81','1',NULL,'0','0','0','0','0','',NULL,'0',0,0,0,'',0,'0'),(31934,'AppleUser','مستخدم أبل','','',NULL,'','',65949,NULL,'','',NULL,'kh493909@hotmail.com','$P$GjCFLdgncnRfr9j7tLsgvCqchNw49l0',0,'A','2021-08-09 07:02:00','N','150951',NULL,'',NULL,'M',0,'','  ','-82','1',NULL,'0','0','0','0','0','',NULL,'0',0,0,0,'',0,'0'),(31935,'GoogleUser',NULL,'','',NULL,'','',65949,NULL,'','',NULL,'trkya3944@gmail.com','$P$GOfaImzUNhWh.OQRtQBPQrZiMm5kAo0',0,'A','2021-08-14 03:24:00','N','409044',NULL,'',NULL,'M',0,'','  ','-83','1',NULL,'0','0','0','0','0','',NULL,'0',0,0,0,'',0,'0'),(31936,'Ahmed Elnagar','احمد النجار','','',NULL,'','',65949,NULL,'','',NULL,'relnagar60@gmail.com','$P$GRIXnrxZbDWbCUN3Y3nnhwYqdq7VI51',0,'A','2021-08-15 14:38:00','N','213551',NULL,'',NULL,'M',0,'','  ','-84','1',NULL,'0','0','0','0','0','',NULL,'0',0,0,0,'',0,'0'),(31937,'Visitor','زائر','','',NULL,'','',65949,NULL,'','',NULL,'doneca6484@cytsl.com','$P$GeHcLnOey2N8VHdiwLUUO1ROk7frQb.',0,'A','2021-08-16 18:28:00','N','800752',NULL,'',NULL,'M',0,'','  ','-85','1',NULL,'0','0','0','0','0','',NULL,'0',0,0,0,'',0,'0'),(31938,'AppleUser','مستخدم أبل','','',NULL,'','',65949,NULL,'','',NULL,'abdulah_151515@hotmail.com','$P$GpSbSW4dXkqifNTOxgEpRMf6vCfDJj1',0,'A','2021-08-17 04:08:00','N','93664',NULL,'',NULL,'M',0,'','  ','-86','1',NULL,'0','0','0','0','0','',NULL,'0',0,0,0,'',0,'0'),(31939,'GoogleUser','مستخدم Google','','',NULL,'','',65949,NULL,'','',NULL,'ali.bucheery12@gmail.com','$P$G7putkJ5uLXitk2WZKwr1dX7e3L1Qh1',0,'A','2021-08-24 18:39:00','N','678362',NULL,'',NULL,'M',0,'','  ','-87','1',NULL,'0','0','0','0','0','',NULL,'0',0,0,0,'',0,'0'),(31940,'GoogleUser','مستخدم Google','','',NULL,'','',65949,NULL,'','',NULL,'tarrad21@gmail.com','$P$G.qTOEh5gW2BZdFAPNcpCApgTkynu00',0,'A','2021-08-24 21:22:00','N','752161',NULL,'',NULL,'M',0,'','  ','-88','1',NULL,'0','0','0','0','0','',NULL,'0',0,0,0,'',0,'0'),(31941,'GoogleUser','مستخدم Google','','',NULL,'','',65949,NULL,'','',NULL,'samisss10ss@gmail.com','$P$GGA7XKn..jpj1ZOgCrrvMUllQggLGz/',0,'A','2021-08-30 10:15:00','N','897875',NULL,'',NULL,'M',0,'','  ','-89','1',NULL,'0','0','0','0','0','',NULL,'0',0,0,0,'',0,'0'),(31958,'Visitor',NULL,'','',NULL,'','',65949,NULL,'','',NULL,'rozan.sj@gmail.com','$P$G6gCS/7P3CF44jyRk87821y5xdFXzE0',0,'A','2021-10-24 13:59:00','N','419562',NULL,'',NULL,'M',0,'','  ','-97','0',NULL,'0','0','0','0','0','',NULL,'0',0,0,0,'',0,'0'),(31965,'Visitor',NULL,'','',NULL,'','',65949,NULL,'','',NULL,'kanza.agha@gmail.com','$P$GnqEp/GyHocJVANB5wsRkRi9HB41xU1',0,'A','2021-11-07 19:02:00','N','746001',NULL,'',NULL,'M',0,'','  ','-98','1',NULL,'0','0','0','0','0','',NULL,'0',0,0,0,'',0,'0'),(31971,'Visitor',NULL,'','',NULL,'','',65949,NULL,'','',NULL,'aasiakhan82@gmail.com','$P$GKWav9f9p6kBqATuumOwkKRufwKNsq0',0,'A','2021-12-03 16:03:00','N','78811',NULL,'',NULL,'M',0,'','  ','-102','1',NULL,'0','0','0','0','0','',NULL,'0',0,0,0,'',0,'0'),(31978,'Visitor',NULL,'','',NULL,'','',65949,NULL,'','',NULL,'eliasshadid1@gmail.com','$P$GAcpFi5SQ2GtX2d0tGs80dv1ln5/bZ.',0,'A','2021-12-13 12:06:00','N','509869',NULL,'',NULL,'M',0,'','  ','-105','1',NULL,'0','0','0','0','0','',NULL,'0',0,0,0,'',0,'0'),(31990,'Visitor',NULL,'','',NULL,'','',65949,NULL,'','',NULL,'mjboor-5738@hotmail.com','$P$GQcD1qyZFy9r0i00HGBhH3B8cW2gzf0',0,'A','2022-02-09 14:14:00','N','971340',NULL,'',NULL,'M',0,'','  ','-107','1',NULL,'0','0','0','0','0','',NULL,'0',0,0,0,'',0,'0'),(31999,'Visitor',NULL,'','',NULL,'','',65949,NULL,'','',NULL,'afa4322@gmail.com','$P$GNa9ptlKTyzmvaqmGU5N.7if7EZIvr.',0,'A','2022-03-06 19:37:00','N','454614',NULL,'',NULL,'M',0,'','  ','-46','0',NULL,'0','0','0','0','0','',NULL,'0',0,0,0,'',0,'0'),(32000,'Visitor',NULL,'','',NULL,'','',65949,NULL,'','',NULL,'azooz7915@gmail.com','$P$GGrWgvrqGoPpkJsP.DxX7RU62XIEwm1',0,'A','2022-03-08 03:28:00','N','789355',NULL,'',NULL,'M',0,'','  ','-52','1',NULL,'0','0','0','0','0','',NULL,'0',0,0,0,'',0,'0'),(32005,'GoogleUser',NULL,'','',NULL,'','',65949,NULL,'','',NULL,'aminesrd78@gmail.com','$P$GtLBVuOJRTBhUihyfHKVQcQ8hSuT2O/',0,'A','2022-03-18 08:17:00','N','209282',NULL,'',NULL,'M',0,'','  ','-55','1',NULL,'0','0','0','0','0','',NULL,'0',0,0,0,'',0,'0'),(32007,'AppleUser',NULL,'','',NULL,'','',65949,NULL,'','',NULL,'m.s.s1990@hotmail.com','$P$GMPVdjNCiranZ5rcdL9xQOdpndo5U7.',0,'A','2022-04-01 17:32:00','N','793207',NULL,'',NULL,'M',0,'','  ','-57','1',NULL,'0','0','0','0','0','',NULL,'0',0,0,0,'',0,'0'),(32008,'Visitor',NULL,'','',NULL,'','',65949,NULL,'','',NULL,'sabylgazina@gmail.com','$P$GaAgLk2disdqgKizkFTu6mRLIRDMv51',0,'A','2022-04-07 17:54:00','N','800427',NULL,'',NULL,'M',0,'','  ','-61','1',NULL,'0','0','0','0','0','',NULL,'0',0,0,0,'',0,'0'),(32009,'mussabdali',NULL,'','',NULL,'','',65949,NULL,'','',NULL,'mussabdali@gmail.com','$P$GnsCyteVjsCpYP3CDuXhbt5.ybUfpP1',0,'A','2022-04-10 05:23:00','N','385012',NULL,'',NULL,'M',0,'','  ','-63','1',NULL,'0','0','0','0','0','',NULL,'0',0,0,0,'',0,'0'),(32012,'ramseysafar',NULL,'','',NULL,'','',65949,NULL,'','',NULL,'ramseysafar@gmail.com','$P$GOXSW4PmVOqcrPAk1O5jmCHQr3cgbh0',0,'A','2022-04-25 19:12:00','N','722248',NULL,'',NULL,'M',0,'','  ','-92','1',NULL,'0','0','0','0','0','',NULL,'0',0,0,0,'',0,'0'),(32013,'AppleUser',NULL,'','',NULL,'','',65949,NULL,'','',NULL,'scqbhkmzqf@privaterelay.appleid.com','$P$GpDsDDnNVbMIC9p7yrANG6sVz3yBGs0',0,'A','2022-04-26 18:41:00','N','537257',NULL,'',NULL,'M',0,'','  ','-93','1',NULL,'0','0','0','0','0','',NULL,'0',0,0,0,'',0,'0'),(32014,'Visitor',NULL,'','',NULL,'','',65949,NULL,'','',NULL,'zqy130108@163.com','$P$GgeBTE9QyZCqQ0JWAmZ/UXU6eO1hN20',0,'A','2022-04-29 14:37:00','N','855252',NULL,'',NULL,'M',0,'','  ','-95','1',NULL,'0','0','0','0','0','',NULL,'0',0,0,0,'',0,'0'),(32015,'AppleUser',NULL,'','',NULL,'','',65949,NULL,'','',NULL,'mon-o15@hotmail.com','$P$GfCFNgCbXe6fEDUUZkrtj4pKVicHfJ0',0,'A','2022-04-30 10:31:00','N','927762',NULL,'',NULL,'M',0,'','  ','-96','1',NULL,'0','0','0','0','0','',NULL,'0',0,0,0,'',0,'0'),(32017,'GoogleUser',NULL,'','',NULL,'','',65949,NULL,'','',NULL,'mohamedsamah91@gmail.com','$P$GEgLgdTNNXGIDXECex3eu9WxylsTlE.',0,'A','2022-05-12 14:16:00','N','216403',NULL,'',NULL,'M',0,'','  ','-101','1',NULL,'0','0','0','0','0','',NULL,'0',0,0,0,'',0,'0'),(32018,'Visitor',NULL,'','',NULL,'','',65949,NULL,'','',NULL,'dalshamekh@gmail.com','$P$GiwudyCqJzLSG1SodDBNH7u3P7WGIc/',0,'A','2022-05-22 02:26:00','N','914582',NULL,'',NULL,'M',0,'','  ','-103','1',NULL,'0','0','0','0','0','',NULL,'0',0,0,0,'',0,'0'),(32019,'paulcojames',NULL,'','',NULL,'','',65949,NULL,'','',NULL,'paulcojames@gmail.com','$P$GdA1eHMtys4u41ZDZ/6SxU7VW2ou7o0',0,'A','2022-05-23 21:12:00','N','887180',NULL,'',NULL,'M',0,'','  ','-108','1',NULL,'0','0','0','0','0','',NULL,'0',0,0,0,'',0,'0'),(32024,'abd el rahman kabalan','','','','','','',65949,NULL,'','512345678','9.67E+11','abed.kabalan@gmail.com','$P$GicmDwF.8nUfpJP.PQFKVlI2a.YhPX1',0,'A','2022-05-25 15:06:00','N','230629',NULL,'',NULL,'M',0,'','  ','-114','1',NULL,'0','0','0','0','0','',NULL,'0',0,0,0,'',0,'0'),(32026,'faheem',NULL,'','',NULL,'','',65949,NULL,'','',NULL,'faheem@fbakhsh.com','$P$G2XOPMpnn6N3CEc7H08VI8D96rtwOZ.',0,'A','2022-06-27 17:00:00','N','521676',NULL,'',NULL,'M',0,'','  ','-115','1',NULL,'0','0','0','0','0','',NULL,'0',0,0,0,'',0,'0'),(32247,'To Test Account','لاختبار الحساب','','',NULL,'','',65949,NULL,'','233451234','9.66E+11','seeket@gmail.com','$P$GrSE0MrdKD9GTKESEhuQZ9T9eGw.a6/',0,'A','2023-01-23 21:21:00','N','96965',NULL,'',NULL,'M',0,'','  ','-189','0',NULL,'0','0','0','0','0','',NULL,'0',0,0,0,'',0,'0'),(32357,'Meen Ana','مين أنا','','',NULL,'','',65949,NULL,'','509024038',NULL,'esimsar.sa@gmail.com','$P$GJ6TRKQNHlVp4YuH1Nqh3ZKNokZ4s/1',0,'A','2023-03-09 19:04:00','N','531563','2023-08-14 10:08:00','',NULL,'M',0,'','  ','-10','0',NULL,'0','0','0','0','0','',NULL,'0',0,0,0,'',0,'0'),(32359,'مبارك الدوسري','مبارك الدوسري','','',NULL,'','',65949,NULL,'','556627993',NULL,'mbark2o@hotmail.com','$P$GyhTtZYgQ3vWCKEiEyHeRhwc5Q2ScG/',0,'A','2023-03-10 00:03:00','N','775346',NULL,'',NULL,'M',0,'','  ','-14','0',NULL,'0','0','0','0','0','',NULL,'0',0,0,0,'',0,'0'),(32360,'FgyHvlJEKcCYnmq','FgyHvlJEKcCYnmq','','',NULL,'','',65949,NULL,'','7864802282',NULL,'nikita4xand@outlook.com','$P$GHBHoXpGWlcN2p.pxofVOpy9yc.LQc0',0,'A','2023-03-10 07:54:00','N','867648',NULL,'',NULL,'M',0,'','  ','-15','0',NULL,'0','0','0','0','0','',NULL,'0',0,0,0,'',0,'0'),(32361,'QeGcxaVPoUTZFwNg','QeGcxaVPoUTZFwNg','','',NULL,'','',65949,NULL,'','5992028572',NULL,'dmitriysazzcx@outlook.com','$P$GzS3q65otVFwltllg.IBsLVcLewyyf0',0,'A','2023-03-11 12:58:00','N','266932',NULL,'',NULL,'M',0,'','  ','-16','0',NULL,'0','0','0','0','0','',NULL,'0',0,0,0,'',0,'0'),(32364,'rawan','روان','','','','','',65949,NULL,'','54 111 2229','9.67E+11','ralosaimi@diaramal.com','$P$GgDJL.6f9RyA6cJcQhiomF04hVvm/h0',0,'A','2023-03-21 17:18:00','N','105108','2023-03-21 09:26:00','',NULL,'M',0,'','  ','-18','1',NULL,'0','0','0','0','0','',NULL,'0',0,0,0,'',0,'0'),(32365,'rawan','روان','','','','','',65949,NULL,'','54 111 2229','9.67E+11','ralosaimi@diaramal.com','$P$Gj.4f3Snwt7kMSAW/hTwURorO62xe.0',0,'A','2023-03-21 17:18:00','N','463010',NULL,'',NULL,'M',0,'','  ','-19','1',NULL,'0','0','0','0','0','',NULL,'0',0,0,0,'',0,'0'),(32366,'Rawan','روان','','',NULL,'','',65949,NULL,'','5666777888','9.67E+12','ralosaimi@diaramal.com','$P$GbMqtUg42kurJSyIrIGKuJ.Bn8M2Fj.',0,'A','2023-03-21 17:54:00','N','143828',NULL,'',NULL,'M',0,'','  ','-20','0',NULL,'0','0','0','0','0','',NULL,'0',0,0,0,'',0,'0'),(32367,'Rawan','روان','','',NULL,'','',65949,NULL,'','566677788','9.67E+11','ralosaimi@diaramal.com','$P$GwgqgIL4SJi3ubNliEr5rr.6s9MasQ0',0,'A','2023-03-21 17:55:00','N','77170',NULL,'',NULL,'M',0,'','  ','-21','0',NULL,'0','0','0','0','0','',NULL,'0',0,0,0,'',0,'0'),(32370,'lbeQToFaKfEjUd','lbeQToFaKfEjUd','','',NULL,'','',65949,NULL,'','3558363358',NULL,'vabdociwox@outlook.com','$P$GkhCQl030kDluREqYdEVrhxJBSgOqu1',0,'A','2023-03-23 22:43:00','N','93795',NULL,'',NULL,'M',0,'','  ','-22','0',NULL,'0','0','0','0','0','',NULL,'0',0,0,0,'',0,'0'),(32371,'GxtcVsreDwvOzBTd','GxtcVsreDwvOzBTd','','',NULL,'','',65949,NULL,'','7542861358',NULL,'vabdociwox@outlook.com','$P$GvR1co42TYE2NbpyP005GE0jtmYlmA/',0,'A','2023-03-23 22:43:00','N','525958',NULL,'',NULL,'M',0,'','  ','-23','0',NULL,'0','0','0','0','0','',NULL,'0',0,0,0,'',0,'0'),(32412,'mohamed','محمد','','',NULL,'','',65949,NULL,'','231234321','9.66E+11','mohammad.shabaan@gmail.com','$P$Gf0GJXLPL7tKwLASmXdiF8O2Qc38Oo.',0,'A','2023-04-10 06:15:00','N','101866',NULL,'',NULL,'M',0,'','  ','-13','1',NULL,'0','0','0','0','0','',NULL,'0',0,0,0,'',0,'0'),(32418,'Abdulrahman','عبدالرحمن','','',NULL,'','',65949,NULL,'','541191225','9.67E+11','abed.kabalan+1@gmail.com','$P$GeAVffC8IF4DQ3JdW6IkUipQeDPYKJ/',0,'A','2023-04-10 21:26:00','N','542695',NULL,'',NULL,'M',0,'','  ','-32','0',NULL,'0','0','0','0','0','',NULL,'0',0,0,0,'',0,'0'),(32422,'mohaamed','محمد','','',NULL,'','',65949,NULL,'','541191226','9.67E+11','mohamm3ad.shabaan@gmail.com','$P$GKTxUm4q48qDrhy0Oua83EzV34m0IY.',0,'A','2023-04-11 20:35:00','N','568098','2023-04-16 07:49:00','',NULL,'M',0,'','  ','-34','0',NULL,'0','0','0','0','0','',NULL,'0',0,0,0,'',0,'0'),(32425,'to test','لاختبار','','',NULL,'','',65949,NULL,'','541191226','9.67E+11','mohammwad.shabaan@gmail.com','$P$G0M59iKFfRtb3SZgQW29uX2nIMywJi1',0,'A','2023-04-11 20:51:00','N','91432',NULL,'',NULL,'M',0,'','  ','-45','0',NULL,'0','0','0','0','0','',NULL,'0',0,0,0,'',0,'0'),(32426,'to test','لاختبار','','',NULL,'','',65949,NULL,'','541191226','9.67E+11','mohammad2.shabaan@gmail.com','$P$GOQrd96Un/EUMCO32jeryhMurkef.K1',0,'A','2023-04-12 05:52:00','N','960579',NULL,'',NULL,'M',0,'','  ','-64','1',NULL,'0','0','0','0','0','',NULL,'0',0,0,0,'',0,'0'),(32427,'demo','تجريبي','','',NULL,'','',65949,NULL,'','341191226','9.66E+11','mohammad.shkabaan@gmail.com','$P$Gv6rtHw5AyVGYUT3UR77i0giy8bWSJ0',0,'A','2023-04-12 06:05:00','N','907879',NULL,'',NULL,'M',0,'','  ','-65','1',NULL,'0','0','0','0','0','',NULL,'0',0,0,0,'',0,'0'),(32428,'testing','اختبارات','','',NULL,'','',65949,NULL,'','341191226','9.66E+11','mohammad.srhabaan@gmail.com','$P$G13EZRe3CSDfPhNc2mfdYs9xctic8B0',0,'A','2023-04-12 06:08:00','N','705425',NULL,'',NULL,'M',0,'','  ','-66','1',NULL,'0','0','0','0','0','',NULL,'0',0,0,0,'',0,'0'),(32429,'test','امتحان','','',NULL,'','',65949,NULL,'','341191226','9.66E+11','maohammajd.shabaan@gmail.com','$P$GwrxxQWpUrF9o2/w0SF1jGLXs2p5uX.',0,'A','2023-04-12 06:14:00','N','904735','2023-04-12 13:39:00','',NULL,'M',0,'','  ','-72','0',NULL,'0','0','0','0','0','',NULL,'0',0,0,0,'',0,'0'),(32430,'Abdulrahman','عبدالرحمن','','',NULL,'','',65949,NULL,'','541191226','9.67E+11','abed.kabalan+6@gmail.com','$P$GuxrUPk0PjowGIx.YDyYTAnqZe5kAV0',0,'A','2023-04-12 20:10:00','N','112290','2023-04-16 07:49:00','',NULL,'M',0,'','  ','-99','1',NULL,'0','0','0','0','0','',NULL,'0',0,0,0,'',0,'0'),(32431,'Abdulrahman','عبدالرحمن','','',NULL,'','',65949,NULL,'','541191226','9.67E+11','abed.kabalan+3@gmail.com','$P$GpOGzEpzXdojc1lXCH7eAYom.s7TSw.',0,'A','2023-04-12 20:10:00','N','346223',NULL,'',NULL,'M',0,'','  ','-100','1',NULL,'0','0','0','0','0','',NULL,'0',0,0,0,'',0,'0'),(32432,'o test','س الاختبار','','',NULL,'','',65949,NULL,'','312541234','9.66E+11','moham3000mwad.shabaan@gmail.com','$P$G9E3uI46e.3o9IjOujyO/JW41Mefa6/',0,'A','2023-04-12 23:37:00','N','633699','2023-04-12 21:45:00','',NULL,'M',0,'','  ','-111','0',NULL,'0','0','0','0','0','',NULL,'0',0,0,0,'',0,'0'),(32433,'to','ل','','',NULL,'','',65949,NULL,'','224234242','','mohamwwwmad.shabaan@gmail.com','$P$GG/PJ3u1.lOzdBr2E0OVJYBoBEHtHM.',0,'A','2023-04-13 06:31:00','N','890345',NULL,'',NULL,'M',0,'','  ','-112','0',NULL,'0','0','0','0','0','',NULL,'0',0,0,0,'',0,'0'),(32434,'mohamed','محمد','','',NULL,'','',65949,NULL,'','521234123','','mohammawwd.shabaan@gmail.com','$P$GK/.IqSh02oVmUgJbBiyXLBkeYmloW1',0,'A','2023-04-13 06:36:00','N','565250',NULL,'',NULL,'M',0,'','  ','-116','1',NULL,'0','0','0','0','0','',NULL,'0',0,0,0,'',0,'0'),(32435,'تجربة 99','تجربة 99','','',NULL,'','',65949,NULL,'','507241033','','abed.kabalan+5@gmail.com','$P$GWsJN6wAQJ/.gCt2luwMhGuBEx/kOS1',0,'A','2023-04-13 14:03:00','N','512444','2023-04-13 06:27:00','',NULL,'M',0,'','  ','-117','1',NULL,'0','0','0','0','0','',NULL,'0',0,0,0,'',0,'0'),(32436,'ohamed','محمد','','',NULL,'','',65949,NULL,'','543321345','','mohammad.shaeebaan@gmail.com','$P$GZwrwajNGJ9r/wjoEHPdQj6zIa1/lo/',0,'A','2023-04-13 23:59:00','N','993212','2023-04-14 22:06:00','',NULL,'M',0,'','  ','-118','1',NULL,'0','0','0','0','0','',NULL,'0',0,0,0,'',0,'0'),(32437,'test mohamed','اختبار محمد','','',NULL,'','',65949,NULL,'','542897123','','shaban@rentik.o','$P$G3C2mAGjk07wp3Gcb/WW0LyebxqY1V0',0,'A','2023-04-14 05:07:00','N','893667',NULL,'',NULL,'M',0,'','  ','-121','0',NULL,'0','0','0','0','0','',NULL,'0',0,0,0,'',0,'0'),(32438,'Testing','اختبارات','','',NULL,'','',65949,NULL,'','523123123','','mohammad.shabaopan@gmail.com','$P$GS4e9SuSBSWvKdcGh6UjPbtteJrutd1',0,'A','2023-04-15 06:08:00','N','934343',NULL,'',NULL,'M',0,'','  ','-122','1',NULL,'0','0','0','0','0','',NULL,'0',0,0,0,'',0,'0'),(32439,'Demos','العروض','','',NULL,'','',65949,NULL,'','543123123','','test@edemi.cco','$P$Gh/1JxB/O/kP2y.oqNVXEf9yxJ.66v1',0,'A','2023-04-15 06:10:00','N','655196',NULL,'',NULL,'M',0,'','  ','-129','1',NULL,'0','0','0','0','0','',NULL,'0',0,0,0,'',0,'0'),(32440,']ثةخ','] ثةخ','','',NULL,'','',65949,NULL,'','546234123','','mohammarrrd.shabaan+1@gmail.com','$P$GC1gEhgOkdWpsOoQEwnRlBZZIVlDs81',0,'A','2023-04-15 06:21:00','N','948053','2023-04-15 11:08:00','',NULL,'M',0,'','  ','-131','0',NULL,'0','0','0','0','0','',NULL,'0',0,0,0,'',0,'0'),(32441,'totest','لاختبار','','',NULL,'','',65949,NULL,'','546123543','','mohammad.shabaan+3@gmail.com','$P$GXckuOFD5QYirJl6PhQ1xK.ZkHoJeF0',0,'A','2023-04-15 19:34:00','N','62365','2023-04-15 11:39:00','',NULL,'M',0,'','  ','-139','0',NULL,'0','0','0','0','0','',NULL,'0',0,0,0,'',0,'0'),(32442,'mohmed','محمد','','',NULL,'','',65949,NULL,'','541191226','','mohammad.shabaan+7@gmail.com','$P$GYPisEbJger6wjiWPFSE3DW9DEIJTz/',0,'A','2023-04-16 05:19:00','N','329025','2023-04-17 12:01:00','',NULL,'M',0,'','  ','-141','1',NULL,'0','0','0','0','0','',NULL,'0',0,0,0,'',0,'0'),(32443,'SSS','سن اند ساند سبورتس','','',NULL,'','',65949,NULL,'','541191226','','abed.kabalan+4@gmail.com','$P$G/ZbE9FuBRvvpU.qrl8Ahr5FMUyUUu0',0,'A','2023-04-16 15:16:00','N','746077','2023-04-16 07:17:00','',NULL,'M',0,'','  ','-143','1',NULL,'0','0','0','0','0','',NULL,'0',0,0,0,'',0,'0'),(32444,'rawan turki','روان تركي','','',NULL,'','',65949,NULL,'','500155527','','rawanturkii11@gmail.com','$P$G0DRiT74P/.02TV4LDneyCfNNtYSTs.',0,'A','2023-04-16 15:48:00','N','898825','2023-04-16 07:58:00','',NULL,'M',0,'','  ','-144','1',NULL,'0','0','0','0','0','',NULL,'0',0,0,0,'',0,'0'),(32445,'rawan turki','روان تركي','','',NULL,'','',65949,NULL,'','500155527','','rawanturki63@gmail.com','$P$GlspdH3S7AfurzfcNEXD9MtCPV0FaB.',0,'A','2023-04-16 15:49:00','N','349516',NULL,'',NULL,'M',0,'','  ','-145','0',NULL,'0','0','0','0','0','',NULL,'0',0,0,0,'',0,'0'),(32447,'mohamed',NULL,'','',NULL,'','',65949,NULL,'','541191226','9.67E+11','mohammad.shabaan+9@gmail.com','$P$GZXUsjwcdWPqmaRquDjeWjZQLWex8V1',0,'A','2023-04-16 21:32:00','N','758678','2023-04-17 11:13:00','',NULL,'M',0,'','  ','-30','1',NULL,'0','0','0','0','0','',NULL,'0',0,0,0,'',0,'0'),(32448,'mohamedd test',NULL,'','',NULL,'','',65949,NULL,'','543123544','9.67E+11','mohammad.shabaan+10@gmail.com','$P$G5uzpLx1yvGAcY8FFcAfWzWnc9OkZO0',0,'A','2023-04-17 19:16:00','N','647042','2023-04-17 13:58:00','',NULL,'M',0,'','  ','-9','1',NULL,'0','0','0','0','0','',NULL,'0',0,0,0,'',0,'0'),(32449,'HHH',NULL,'','',NULL,'','',65949,NULL,'','541191226','9.67E+11','abed.kabalan+11@gmail.com','$P$Geiooq8DkeQoFivL6LZNGQdSJGfOln.',0,'A','2023-04-17 20:31:00','N','359373','2023-04-17 12:32:00','',NULL,'M',0,'','  ','-152','1',NULL,'0','0','0','0','0','',NULL,'0',0,0,0,'',0,'0'),(32450,'GGG',NULL,'','',NULL,'','',65949,NULL,'','561191223','9.67E+11','abed.kabalan+13@gmail.com','$P$GzH7UeydF0EzCf0Z69lj0UZn2BwHJd/',0,'A','2023-04-17 20:34:00','N','310802','2023-04-17 12:40:00','',NULL,'M',0,'','  ','-154','1',NULL,'0','0','0','0','0','',NULL,'0',0,0,0,'',0,'0'),(32452,'Opfkeodjwihefjwdwhf ifefkqwjioehfuewfwejfksfhweo ifoejkfdpwjfweoihfiewfowfowejfi fjewifjweighjvmhfewifjoepfjpwijgiowrh feiqjfweijfoiwhguhfwkdwjewfgeru',NULL,'','',NULL,'','',65949,NULL,'','847578828',NULL,'alb.er.t.ha.ns.hin49@gmail.com','$P$GWkYyBLx8Dvn65CbNq9UtJYClLAIsX0',0,'A','2023-04-20 04:49:00','N','623206',NULL,'',NULL,'M',0,'','  ','-155','0',NULL,'0','0','0','0','0','',NULL,'0',0,0,0,'',0,'0'),(32453,'سامي الصبيحي','','','','','','',65949,NULL,'','503660663','9.67E+11','safamsakn@gmail.com','$P$GZsCXMSVGasvdpMQwUgAs1VE9q1Dqw/',0,'A','2023-04-30 16:48:00','N','617329',NULL,'',NULL,'M',0,'','  ','-156','1',NULL,'0','0','0','0','0','',NULL,'0',0,0,0,'',0,'0'),(32467,'عفاف العتيبي',NULL,'','',NULL,'','',65949,NULL,'','505414546','9.66E+11','gous33ff@gmail.com','$P$GxYHSbj9KS7tHuVqcVljbFDmZqdKiZ1',0,'A','2023-06-04 00:47:00','N','243093','2023-06-03 16:58:00','',NULL,'M',0,'','  ','-17','0',NULL,'0','0','0','0','0','',NULL,'0',0,0,0,'',0,'0'),(32468,'عفاف ابعتيبي',NULL,'','',NULL,'','',65949,NULL,'','505414546','9.67E+11','ward33f@hotmail.com','$P$GPCf.LfpW0JaQ/UcIKOkaz6PO9CVy21',0,'A','2023-06-04 01:02:00','N','274731','2023-06-03 17:10:00','',NULL,'M',0,'','  ','-163','0',NULL,'0','0','0','0','0','',NULL,'0',0,0,0,'',0,'0'),(32469,'خالد الخضير',NULL,'','',NULL,'','',65949,NULL,'','503175311','9.67E+11','k.l.d.556@hotmail.com','$P$GAa806n5O/6Ya.B30gk/Z1yzgkfk/q1',0,'A','2023-06-05 21:18:00','N','108289','2023-06-05 13:20:00','',NULL,'M',0,'','  ','-164','1',NULL,'0','0','0','0','0','',NULL,'0',0,0,0,'',0,'0'),(32473,'زينب',NULL,'','',NULL,'','',65949,NULL,'','502660221','9.67E+11','zanaibsuliman2@gmail.com','$P$GGtD9QwGklIXDLNUGSVwZD8hNvBSpt1',0,'A','2023-06-08 09:49:00','N','181180',NULL,'',NULL,'M',0,'','  ','-165','1',NULL,'0','0','0','0','0','',NULL,'0',0,0,0,'',0,'0'),(32474,'محمد مخلد حامد المطيري',NULL,'','',NULL,'','',65949,NULL,'','562267572','9.67E+11','mmhs305@hotmail.com','$P$GyLzv5Em/rjUMIuo4Y8LYYHulSpFYV.',0,'A','2023-06-09 05:39:00','N','696172','2023-06-08 21:40:00','',NULL,'M',0,'','  ','-166','0',NULL,'0','0','0','0','0','',NULL,'0',0,0,0,'',0,'0'),(32475,'هيا الدوسري',NULL,'','',NULL,'','',65949,NULL,'','555037789','9.67E+11','mo0oaj@gmail.com','$P$GUcemTAQ9wuVlMdCV2Hl0F6/tNWkKq0',0,'A','2023-06-09 17:54:00','N','83437',NULL,'',NULL,'M',0,'','  ','-167','1',NULL,'0','0','0','0','0','',NULL,'0',0,0,0,'',0,'0'),(32476,'امجد محسن رياني',NULL,'','',NULL,'','',65949,NULL,'','583552322','9.67E+11','amjad44rayani@gmail.com','$P$GmIoYuzm4gWawFDGxICjA1TGM0tmVJ1',0,'A','2023-06-10 00:42:00','N','212914',NULL,'',NULL,'M',0,'','  ','-168','1',NULL,'0','0','0','0','0','',NULL,'0',0,0,0,'',0,'0'),(32477,'دعاء الغيثي',NULL,'','',NULL,'','',65949,NULL,'','541058080','9.67E+11','do888da@gmail.com','$P$GEJnXCpwrDVFo23ATLBPDRQxo6Prrt.',0,'A','2023-06-11 03:19:00','N','739726',NULL,'',NULL,'M',0,'','  ','-169','1',NULL,'0','0','0','0','0','',NULL,'0',0,0,0,'',0,'0'),(32478,'Tasnim',NULL,'','',NULL,'','',65949,NULL,'','540269169','9.67E+11','toto.ham1990@gmail.com','$P$GSEFsZVtBZGN5KuDckf9g/wTtF8bm7.',0,'A','2023-06-11 06:34:00','N','925530',NULL,'',NULL,'M',0,'','  ','-170','1',NULL,'0','0','0','0','0','',NULL,'0',0,0,0,'',0,'0'),(32479,'Fawziah',NULL,'','',NULL,'','',65949,NULL,'','543135776','9.67E+11','cs.fwziah@gmail.com','$P$GIt0KntErQePFToqDq9c457Rpj0HJj/',0,'A','2023-06-12 08:21:00','N','572172','2023-06-12 00:26:00','',NULL,'M',0,'','  ','-171','1',NULL,'0','0','0','0','0','',NULL,'0',0,0,0,'',0,'0'),(32480,'Amal',NULL,'','',NULL,'','',65949,NULL,'','764478754','9.67E+11','amal_sd@yahoo.com','$P$GHHWE6Q9pMnNUix0/fABFbAwN2HSoI0',0,'A','2023-06-12 21:10:00','N','301189',NULL,'',NULL,'M',0,'','  ','-172','0',NULL,'0','0','0','0','0','',NULL,'0',0,0,0,'',0,'0'),(32481,'مريم الحمود',NULL,'','',NULL,'','',65949,NULL,'','543162226','9.67E+11','maryam_saud@yahoo.com','$P$G32CDXn.GOU88sGIcwECQTm2.hGxuI0',0,'A','2023-06-13 02:27:00','N','541119','2023-06-12 18:29:00','',NULL,'M',0,'','  ','-173','1',NULL,'0','0','0','0','0','',NULL,'0',0,0,0,'',0,'0'),(32482,'abdullah saeed',NULL,'','',NULL,'','',65949,NULL,'','556020323','9.67E+11','izare2004@gmail.com','$P$G9P49tzCongOZL9nQAczfVXCmKNlKt/',0,'A','2023-06-13 16:02:00','N','966606','2023-06-13 08:03:00','',NULL,'M',0,'','  ','-174','1',NULL,'0','0','0','0','0','',NULL,'0',0,0,0,'',0,'0'),(32486,'Siterfrivy',NULL,'','',NULL,'','',65949,NULL,'','875299986',NULL,'sirfak@yandex.com','$P$GR/hphc7xwUuNlcoWvrxAfv8NY5USF0',0,'A','2023-06-15 18:57:00','N','463478',NULL,'',NULL,'M',0,'','  ','-176','0',NULL,'0','0','0','0','0','',NULL,'0',0,0,0,'',0,'0'),(32487,'مكتب صالح عبدالله السحيباني',NULL,'','',NULL,'','',65949,NULL,'','567866544','9.67E+11','salehsasmktb@gmail.com','$P$Gr07wJkHkXJPgDY4HajCoo6pBGe./H1',0,'A','2023-06-22 03:44:00','N','384688',NULL,'',NULL,'M',0,'','  ','-177','1',NULL,'0','0','0','0','0','',NULL,'0',0,0,0,'',0,'0'),(32488,'عبدالرحمن مسعد اللحياني',NULL,'','',NULL,'','',65949,NULL,'','543307899','9.67E+11','mensahads1@gmail.com','$P$GtBKguyIDKixVgoKl1kQjyL8Joa5vO1',0,'A','2023-06-30 21:54:00','N','729002',NULL,'',NULL,'M',0,'','  ','-178','1',NULL,'0','0','0','0','0','',NULL,'0',0,0,0,'',0,'0'),(32629,'totest',NULL,'','',NULL,'','',65949,NULL,'','332222221','+966332222221','mohammad.shabaan@gmail.com','$P$GkiTXjmt.VF528bSa/lqCo6DQmhhn01',0,'A','2023-08-24 22:10:19','N','',NULL,'',NULL,'M',0,'','',NULL,'0',NULL,'0','0','0','0',NULL,NULL,NULL,'1',1,NULL,NULL,'A',NULL,NULL),(32630,'Demo','Demo','','',NULL,'','',65949,NULL,'','444444455','+966444444455','mohammad.shabaan@gmail.com','$P$G3ykf/6Ye.Iw7xSlS.xLNNVgQqQv3K0',0,'A','2023-08-25 21:59:52','N','',NULL,'',NULL,'M',0,'','',NULL,'0',NULL,'0','0','0','0',NULL,NULL,NULL,'1',1,NULL,NULL,'A',NULL,NULL),(32635,'',NULL,'','',NULL,'','',65949,NULL,'','561191223','+966561191223','','$P$GFJR8eretOf2r11KpWnGklSkNAbaX1/',0,'A','2023-08-26 13:51:21','N','118650',NULL,'',NULL,'M',0,'','',NULL,'0',NULL,'0','0','0','0',NULL,NULL,NULL,NULL,0,NULL,NULL,'A',NULL,NULL),(32640,'',NULL,'','',NULL,'','',65949,NULL,'','232223333','+966232223333','','$P$GnT3LGBLFvvm65SbPP.Gr1h/oFhmxB/',0,'A','2023-08-26 21:00:04','N','',NULL,'',NULL,'M',0,'','mohammad.shabaan@gmail.com',NULL,'0',NULL,'0','0','0','0',NULL,NULL,NULL,'0',0,NULL,NULL,'A',NULL,NULL),(32641,'',NULL,'','',NULL,'','',65949,NULL,'','888888777','+966888888777','','$P$GRfnvvTQ5FAMyUze3TI5Qp0Od/BS8Y.',0,'A','2023-08-26 21:20:35','N','340683',NULL,'',NULL,'M',0,'','mohammad.shabaan@gmail.com',NULL,'0',NULL,'0','0','0','0',NULL,NULL,NULL,'1',1,NULL,NULL,'A',NULL,NULL),(32642,'',NULL,'','',NULL,'','',65949,NULL,'','509024038','+966509024038','','$P$Gm/6HGLCW7jwWx1w1qC5KxJ2FaaFwB1',0,'A','2023-08-27 12:03:19','N','',NULL,'',NULL,'M',0,'','',NULL,'0',NULL,'0','0','0','0',NULL,NULL,NULL,'1',1,NULL,NULL,'A',NULL,NULL),(32643,'',NULL,'','',NULL,'','',65949,NULL,'','534539113','+966534539113','','$P$GbIz8Uu2KEVIKE.stRoi1sj6KcNLEP/',0,'A','2023-08-27 12:07:25','N','',NULL,'',NULL,'M',0,'','',NULL,'0',NULL,'0','0','0','0',NULL,NULL,NULL,'1',1,NULL,NULL,'A',NULL,NULL),(32644,'',NULL,'','',NULL,'','',65949,NULL,'','541191226','+966541191226','','$P$GjxGkce97X6qxawsWSsD.Vo6yKSC9a0',0,'A','2023-08-30 20:32:27','N','',NULL,'',NULL,'M',0,'','',NULL,'0',NULL,'0','0','0','0',NULL,NULL,NULL,'1',1,NULL,NULL,'A',NULL,NULL);

--
-- Table structure for table `newsletter_problem`
--

CREATE TABLE `newsletter_problem` (
  `problem_id` int(10) unsigned NOT NULL AUTO_INCREMENT COMMENT 'Problem ID',
  `subscriber_id` int(10) unsigned DEFAULT NULL COMMENT 'Subscriber ID',
  `queue_id` int(10) unsigned NOT NULL DEFAULT '0' COMMENT 'Queue ID',
  `problem_error_code` int(10) unsigned DEFAULT '0' COMMENT 'Problem Error Code',
  `problem_error_text` varchar(200) DEFAULT NULL COMMENT 'Problem Error Text',
  PRIMARY KEY (`problem_id`),
  KEY `NEWSLETTER_PROBLEM_SUBSCRIBER_ID` (`subscriber_id`),
  KEY `NEWSLETTER_PROBLEM_QUEUE_ID` (`queue_id`),
  CONSTRAINT `NEWSLETTER_PROBLEM_QUEUE_ID_NEWSLETTER_QUEUE_QUEUE_ID` FOREIGN KEY (`queue_id`) REFERENCES `newsletter_queue` (`queue_id`) ON DELETE CASCADE,
  CONSTRAINT `NLTTR_PROBLEM_SUBSCRIBER_ID_NLTTR_SUBSCRIBER_SUBSCRIBER_ID` FOREIGN KEY (`subscriber_id`) REFERENCES `newsletter_subscriber` (`subscriber_id`) ON DELETE CASCADE
) ENGINE=InnoDB DEFAULT CHARSET=utf8 COMMENT='Newsletter Problems';

--
-- Dumping data for table `newsletter_problem`
--


--
-- Table structure for table `newsletter_queue`
--

CREATE TABLE `newsletter_queue` (
  `queue_id` int(10) unsigned NOT NULL AUTO_INCREMENT COMMENT 'Queue ID',
  `template_id` int(10) unsigned NOT NULL DEFAULT '0' COMMENT 'Template ID',
  `newsletter_type` int(11) DEFAULT NULL COMMENT 'Newsletter Type',
  `newsletter_text` text COMMENT 'Newsletter Text',
  `newsletter_styles` text COMMENT 'Newsletter Styles',
  `newsletter_subject` varchar(200) DEFAULT NULL COMMENT 'Newsletter Subject',
  `newsletter_sender_name` varchar(200) DEFAULT NULL COMMENT 'Newsletter Sender Name',
  `newsletter_sender_email` varchar(200) DEFAULT NULL COMMENT 'Newsletter Sender Email',
  `queue_status` int(10) unsigned NOT NULL DEFAULT '0' COMMENT 'Queue Status',
  `queue_start_at` timestamp NULL DEFAULT NULL COMMENT 'Queue Start At',
  `queue_finish_at` timestamp NULL DEFAULT NULL COMMENT 'Queue Finish At',
  PRIMARY KEY (`queue_id`),
  KEY `NEWSLETTER_QUEUE_TEMPLATE_ID` (`template_id`),
  CONSTRAINT `NEWSLETTER_QUEUE_TEMPLATE_ID_NEWSLETTER_TEMPLATE_TEMPLATE_ID` FOREIGN KEY (`template_id`) REFERENCES `newsletter_template` (`template_id`) ON DELETE CASCADE
) ENGINE=InnoDB DEFAULT CHARSET=utf8 COMMENT='Newsletter Queue';

--
-- Dumping data for table `newsletter_queue`
--


--
-- Table structure for table `newsletter_queue_link`
--

CREATE TABLE `newsletter_queue_link` (
  `queue_link_id` int(10) unsigned NOT NULL AUTO_INCREMENT COMMENT 'Queue Link ID',
  `queue_id` int(10) unsigned NOT NULL DEFAULT '0' COMMENT 'Queue ID',
  `subscriber_id` int(10) unsigned NOT NULL DEFAULT '0' COMMENT 'Subscriber ID',
  `letter_sent_at` timestamp NULL DEFAULT NULL COMMENT 'Letter Sent At',
  PRIMARY KEY (`queue_link_id`),
  KEY `NEWSLETTER_QUEUE_LINK_SUBSCRIBER_ID` (`subscriber_id`),
  KEY `NEWSLETTER_QUEUE_LINK_QUEUE_ID_LETTER_SENT_AT` (`queue_id`,`letter_sent_at`),
  CONSTRAINT `NEWSLETTER_QUEUE_LINK_QUEUE_ID_NEWSLETTER_QUEUE_QUEUE_ID` FOREIGN KEY (`queue_id`) REFERENCES `newsletter_queue` (`queue_id`) ON DELETE CASCADE,
  CONSTRAINT `NLTTR_QUEUE_LNK_SUBSCRIBER_ID_NLTTR_SUBSCRIBER_SUBSCRIBER_ID` FOREIGN KEY (`subscriber_id`) REFERENCES `newsletter_subscriber` (`subscriber_id`) ON DELETE CASCADE
) ENGINE=InnoDB DEFAULT CHARSET=utf8 COMMENT='Newsletter Queue Link';

--
-- Dumping data for table `newsletter_queue_link`
--


--
-- Table structure for table `newsletter_queue_store_link`
--

CREATE TABLE `newsletter_queue_store_link` (
  `queue_id` int(10) unsigned NOT NULL DEFAULT '0' COMMENT 'Queue ID',
  `store_id` smallint(5) unsigned NOT NULL DEFAULT '0' COMMENT 'Store ID',
  PRIMARY KEY (`queue_id`,`store_id`),
  KEY `NEWSLETTER_QUEUE_STORE_LINK_STORE_ID` (`store_id`),
  CONSTRAINT `NEWSLETTER_QUEUE_STORE_LINK_QUEUE_ID_NEWSLETTER_QUEUE_QUEUE_ID` FOREIGN KEY (`queue_id`) REFERENCES `newsletter_queue` (`queue_id`) ON DELETE CASCADE,
  CONSTRAINT `NEWSLETTER_QUEUE_STORE_LINK_STORE_ID_STORE_STORE_ID` FOREIGN KEY (`store_id`) REFERENCES `store` (`store_id`) ON DELETE CASCADE
) ENGINE=InnoDB DEFAULT CHARSET=utf8 COMMENT='Newsletter Queue Store Link';

--
-- Dumping data for table `newsletter_queue_store_link`
--


--
-- Table structure for table `newsletter_subscriber`
--

CREATE TABLE `newsletter_subscriber` (
  `subscriber_id` int(10) unsigned NOT NULL AUTO_INCREMENT COMMENT 'Subscriber ID',
  `store_id` smallint(5) unsigned DEFAULT '0' COMMENT 'Store ID',
  `change_status_at` timestamp NULL DEFAULT NULL COMMENT 'Change Status At',
  `customer_id` int(10) unsigned NOT NULL DEFAULT '0' COMMENT 'Customer ID',
  `subscriber_email` varchar(150) DEFAULT NULL COMMENT 'Subscriber Email',
  `subscriber_status` int(11) NOT NULL DEFAULT '0' COMMENT 'Subscriber Status',
  `subscriber_confirm_code` varchar(32) DEFAULT 'NULL' COMMENT 'Subscriber Confirm Code',
  PRIMARY KEY (`subscriber_id`),
  KEY `NEWSLETTER_SUBSCRIBER_CUSTOMER_ID` (`customer_id`),
  KEY `NEWSLETTER_SUBSCRIBER_STORE_ID` (`store_id`),
  KEY `NEWSLETTER_SUBSCRIBER_SUBSCRIBER_EMAIL` (`subscriber_email`),
  CONSTRAINT `NEWSLETTER_SUBSCRIBER_STORE_ID_STORE_STORE_ID` FOREIGN KEY (`store_id`) REFERENCES `store` (`store_id`) ON DELETE SET NULL
) ENGINE=InnoDB DEFAULT CHARSET=utf8 COMMENT='Newsletter Subscriber';

--
-- Dumping data for table `newsletter_subscriber`
--


--
-- Table structure for table `newsletter_template`
--

CREATE TABLE `newsletter_template` (
  `template_id` int(10) unsigned NOT NULL AUTO_INCREMENT COMMENT 'Template ID',
  `template_code` varchar(150) DEFAULT NULL COMMENT 'Template Code',
  `template_text` text COMMENT 'Template Text',
  `template_styles` text COMMENT 'Template Styles',
  `template_type` int(10) unsigned DEFAULT NULL COMMENT 'Template Type',
  `template_subject` varchar(200) DEFAULT NULL COMMENT 'Template Subject',
  `template_sender_name` varchar(200) DEFAULT NULL COMMENT 'Template Sender Name',
  `template_sender_email` varchar(200) DEFAULT NULL COMMENT 'Template Sender Email',
  `template_actual` smallint(5) unsigned DEFAULT '1' COMMENT 'Template Actual',
  `added_at` timestamp NULL DEFAULT NULL COMMENT 'Added At',
  `modified_at` timestamp NULL DEFAULT NULL COMMENT 'Modified At',
  `is_legacy` tinyint(1) NOT NULL DEFAULT '0' COMMENT 'Should the template render in legacy mode',
  PRIMARY KEY (`template_id`),
  KEY `NEWSLETTER_TEMPLATE_TEMPLATE_ACTUAL` (`template_actual`),
  KEY `NEWSLETTER_TEMPLATE_ADDED_AT` (`added_at`),
  KEY `NEWSLETTER_TEMPLATE_MODIFIED_AT` (`modified_at`)
) ENGINE=InnoDB DEFAULT CHARSET=utf8 COMMENT='Newsletter Template';

--
-- Dumping data for table `newsletter_template`
--


--
-- Table structure for table `oauth_consumer`
--

CREATE TABLE `oauth_consumer` (
  `entity_id` int(10) unsigned NOT NULL AUTO_INCREMENT COMMENT 'Entity ID',
  `created_at` timestamp NOT NULL DEFAULT CURRENT_TIMESTAMP COMMENT 'Created At',
  `updated_at` timestamp NULL DEFAULT '0000-00-00 00:00:00' ON UPDATE CURRENT_TIMESTAMP COMMENT 'Updated At',
  `name` varchar(255) NOT NULL COMMENT 'Name of consumer',
  `key` varchar(32) NOT NULL COMMENT 'Key code',
  `secret` varchar(32) NOT NULL COMMENT 'Secret code',
  `callback_url` text COMMENT 'Callback URL',
  `rejected_callback_url` text NOT NULL COMMENT 'Rejected callback URL',
  PRIMARY KEY (`entity_id`),
  UNIQUE KEY `OAUTH_CONSUMER_KEY` (`key`),
  UNIQUE KEY `OAUTH_CONSUMER_SECRET` (`secret`),
  KEY `OAUTH_CONSUMER_CREATED_AT` (`created_at`),
  KEY `OAUTH_CONSUMER_UPDATED_AT` (`updated_at`)
) ENGINE=InnoDB AUTO_INCREMENT=33 DEFAULT CHARSET=utf8 COMMENT='OAuth Consumers';

--
-- Dumping data for table `oauth_consumer`
--

INSERT INTO `oauth_consumer` VALUES (1,'2017-10-26 03:39:53','0000-00-00 00:00:00','Integration1','ya06xb5g7pq4p4gu2jrgqrska1rhxdfy','48ec3rsleydfa6xsg1u5xf0j3un3r5ou',NULL,''),(2,'2017-10-27 04:40:22','2017-10-27 04:44:42','Integration2','mgwa3x2ijjbsawhm7v1e2dmbwl4d1w6a','gf463axviylrbjtxi0vxqj1i0wmiypko',NULL,''),(3,'2017-11-11 05:03:04','0000-00-00 00:00:00','Integration3','mi7vnj0xs1qj1ilh7l446b5iymy1gvow','mwy9xhd5su7x8qf4mr1a2tn7bc1dc0j3',NULL,''),(4,'2018-01-14 23:10:11','0000-00-00 00:00:00','Integration4','c4iu0wdhvk5l0gfofvde2j9icvhhb8ri','cnwiq0en6libv2mvoxjbu03cvfpmkywg',NULL,''),(5,'2018-01-14 23:11:04','0000-00-00 00:00:00','Integration5','v33mbj42l1txc6orgtjbtg5ibojohttu','aehapsbte0xf5ow0q2jbo7ir7efoptwy',NULL,''),(6,'2018-01-15 00:14:50','0000-00-00 00:00:00','Integration6','36mfxk8sfiwx4pvd0i78qcsk7unjn315','8xmt90avoi0wxnyp1m1cr9ryqsb6fxg3',NULL,''),(7,'2018-03-14 18:44:28','0000-00-00 00:00:00','Integration7','lwfoyhqdopm47j0ipv9c065w8rqx0j1w','ksk9nccdka1i960jbb8ixst1gsg0wqd1',NULL,''),(8,'2018-03-14 18:48:47','0000-00-00 00:00:00','Integration8','kk489ly4jf0v7ii995mj5lufkhjvasah','ykx5w7ps6op95ww3a0cajk553d0yc8ac',NULL,''),(9,'2018-03-14 18:49:20','0000-00-00 00:00:00','Integration9','7q5llsytktjb5k3740pn43sxviwy40on','po29xew5yfi3leenxid83o2gy55kamv8',NULL,''),(10,'2018-03-14 18:59:45','0000-00-00 00:00:00','Integration10','l7m9uotmhkbu8syr8mdl8gfhmeg8v7i4','5bicg0isdclb84x5g9mivjl669lvhwmm',NULL,''),(11,'2018-03-15 12:42:51','0000-00-00 00:00:00','Integration11','jrhasx9ob94aloxiutqdrdhdi8os9ban','5ly1dcptmyti7b84hkya29tmryntoc9q',NULL,''),(12,'2018-03-30 16:23:31','0000-00-00 00:00:00','Integration12','s5qxoi505h4igminij19e5vpu49ipwb1','3wp1416gwcnmtf7q07kis8i1dxn1uyvw',NULL,''),(13,'2018-03-30 16:34:38','0000-00-00 00:00:00','Integration13','dqn7fa5vkmigxi5sn94rbsqj5ustcgbl','lfd3y66en0465puc0vafpxos7jbjiojj',NULL,''),(14,'2018-04-07 13:16:25','0000-00-00 00:00:00','Integration14','7l80moay8i6xtd9k0o6k4ghykv32h3qn','85ec0aqb1jqxkkuaroi0v9bbj4ctc7pp',NULL,''),(15,'2018-04-07 14:03:24','0000-00-00 00:00:00','Integration15','ipu3yhddsghiisa8fii9eutif92k4kxi','n5m4r98q58xshw2jkn0txs8msme29fpl',NULL,''),(16,'2018-04-07 14:05:01','0000-00-00 00:00:00','Integration16','cyjws64aq01x9kg6ftj0i6woe6pyvrol','5x5lm7ll5p4e5x0fro46fqlib24w69mm',NULL,''),(17,'2018-04-07 14:34:16','0000-00-00 00:00:00','Integration17','fevyocm26jk7t88ssaw14s88o51yf8hk','0hd5x4cobnra0b8an4pvc2obi8m88yjb',NULL,''),(18,'2018-04-07 14:37:40','0000-00-00 00:00:00','Integration18','p2cmxi86j5sxcp0py9tddnbxa62xd67a','oh3d5hml4beg5ansu0ngloncykpvvdi8',NULL,''),(19,'2018-04-07 14:38:37','0000-00-00 00:00:00','Integration19','lc4an7gp6p0tuya33wtn2p6q086x7ywf','t9d5p8gyqy31xkqa011mgxsnh9n0mr89',NULL,''),(20,'2018-05-24 13:22:01','0000-00-00 00:00:00','Integration20','s02u0l27ysi2d67hhuakix0ehfjwy2sv','b630clkfj376rr7l4hmfbhi7767ceo4t',NULL,''),(21,'2018-05-24 14:12:01','0000-00-00 00:00:00','Integration21','q5wei83wkh6b5yl9k439jyubxy5n4d70','vuusxsssj7eq01nfvufpcs2fxby80g2q',NULL,''),(22,'2018-05-24 14:22:30','0000-00-00 00:00:00','Integration22','nka9bsu749b21r97254qieog2y6ws8ax','8sg93bgp06j9kgos6jwjv6y1fbr9274l',NULL,''),(23,'2018-05-24 15:15:17','0000-00-00 00:00:00','Integration23','1s6g0yig2bg1vab6lnnhuoeqnevngdxq','il0ieigrt7b7am3933bxs39nvbec4naw',NULL,''),(24,'2018-05-24 15:16:08','0000-00-00 00:00:00','Integration24','409pgm4tagyie8a0hi716v0othouw4nq','4g1p66wv53rsnco6c92gysc3wj7g8knb',NULL,''),(25,'2018-06-19 13:29:12','0000-00-00 00:00:00','Integration25','sii0m8wb0yab7jdv723qjh1i8h2gtsc2','unwndavx0btq3llrf63sx7u1p4qklc4l',NULL,''),(26,'2018-06-19 13:32:11','0000-00-00 00:00:00','Integration26','w22dempo4h6em9t422u7w49ml2g1hcdn','6b5wrgruks2iag8672har8nsbx5quapi',NULL,''),(27,'2018-06-19 13:33:59','0000-00-00 00:00:00','Integration27','4v1m4hq9vsqrrcampahsjy86inq5ed0n','p2grtxpminokwnggsujg6fgs4b98xoq5',NULL,''),(28,'2018-06-19 13:58:27','0000-00-00 00:00:00','Integration28','ckesw2byo2b73kvbdukdnjxpdw45fmsl','2gpwge5ls6fpw2fwr995k89xlbpj9nuw',NULL,''),(29,'2018-06-19 13:59:12','0000-00-00 00:00:00','Integration29','fma6svar8tf0691onkh1s7qesh63r7u7','gk57gnolljw5wag0vsv2xtqe4xdy5q9e',NULL,''),(30,'2018-06-19 17:45:34','0000-00-00 00:00:00','Integration30','q0eonmw4lw0a18ouj34ldm02pdedw2qv','bdwfh61nrof8cmulbfhl1o3ml33bphkf',NULL,''),(31,'2018-10-30 18:42:30','0000-00-00 00:00:00','Integration31','m5kx6123qmuuir7d4cj40s1324gcev5a','opit4it5eu5bpku82i0sx1olw7rfngx4',NULL,''),(32,'2018-10-30 18:48:16','0000-00-00 00:00:00','Integration32','qbe0j0g6kgpvuyq1k4u5aiay7nfvnm5q','4fxjbaudir0ui5k9ijaudy7rsfunn44n',NULL,'');

--
-- Table structure for table `oauth_nonce`
--

CREATE TABLE `oauth_nonce` (
  `nonce` varchar(32) NOT NULL COMMENT 'Nonce String',
  `timestamp` int(10) unsigned NOT NULL COMMENT 'Nonce Timestamp',
  `consumer_id` int(10) unsigned NOT NULL COMMENT 'Consumer ID',
  UNIQUE KEY `OAUTH_NONCE_NONCE_CONSUMER_ID` (`nonce`,`consumer_id`),
  KEY `OAUTH_NONCE_CONSUMER_ID_OAUTH_CONSUMER_ENTITY_ID` (`consumer_id`),
  KEY `OAUTH_NONCE_TIMESTAMP` (`timestamp`),
  CONSTRAINT `OAUTH_NONCE_CONSUMER_ID_OAUTH_CONSUMER_ENTITY_ID` FOREIGN KEY (`consumer_id`) REFERENCES `oauth_consumer` (`entity_id`) ON DELETE CASCADE
) ENGINE=InnoDB DEFAULT CHARSET=utf8 COMMENT='OAuth Nonce';

--
-- Dumping data for table `oauth_nonce`
--


--
-- Table structure for table `oauth_token`
--

CREATE TABLE `oauth_token` (
  `entity_id` int(10) unsigned NOT NULL AUTO_INCREMENT COMMENT 'Entity ID',
  `consumer_id` int(10) unsigned DEFAULT NULL COMMENT 'Oauth Consumer ID',
  `admin_id` int(10) unsigned DEFAULT NULL COMMENT 'Admin user ID',
  `customer_id` int(10) unsigned DEFAULT NULL COMMENT 'Customer user ID',
  `type` varchar(16) NOT NULL COMMENT 'Token Type',
  `token` varchar(32) NOT NULL COMMENT 'Token',
  `secret` varchar(32) NOT NULL COMMENT 'Token Secret',
  `verifier` varchar(32) DEFAULT NULL COMMENT 'Token Verifier',
  `callback_url` text NOT NULL COMMENT 'Token Callback URL',
  `revoked` smallint(5) unsigned NOT NULL DEFAULT '0' COMMENT 'Is Token revoked',
  `authorized` smallint(5) unsigned NOT NULL DEFAULT '0' COMMENT 'Is Token authorized',
  `user_type` int(11) DEFAULT NULL COMMENT 'User type',
  `created_at` timestamp NOT NULL DEFAULT CURRENT_TIMESTAMP COMMENT 'Token creation timestamp',
  PRIMARY KEY (`entity_id`),
  UNIQUE KEY `OAUTH_TOKEN_TOKEN` (`token`),
  KEY `OAUTH_TOKEN_CONSUMER_ID` (`consumer_id`),
  KEY `OAUTH_TOKEN_ADMIN_ID_ADMIN_USER_USER_ID` (`admin_id`),
  KEY `OAUTH_TOKEN_CUSTOMER_ID_CUSTOMER_ENTITY_ENTITY_ID` (`customer_id`),
  CONSTRAINT `OAUTH_TOKEN_ADMIN_ID_ADMIN_USER_USER_ID` FOREIGN KEY (`admin_id`) REFERENCES `admin_user` (`user_id`) ON DELETE CASCADE,
  CONSTRAINT `OAUTH_TOKEN_CONSUMER_ID_OAUTH_CONSUMER_ENTITY_ID` FOREIGN KEY (`consumer_id`) REFERENCES `oauth_consumer` (`entity_id`) ON DELETE CASCADE,
  CONSTRAINT `OAUTH_TOKEN_CUSTOMER_ID_CUSTOMER_ENTITY_ENTITY_ID` FOREIGN KEY (`customer_id`) REFERENCES `customer_entity` (`entity_id`) ON DELETE CASCADE
) ENGINE=InnoDB AUTO_INCREMENT=2 DEFAULT CHARSET=utf8 COMMENT='OAuth Tokens';

--
-- Dumping data for table `oauth_token`
--

INSERT INTO `oauth_token` VALUES (1,2,NULL,NULL,'verifier','78vv7hgmpd2co3rdt8f0is243v7d92uw','4y9b1hswffdevp6elaa4oiyenouybnqj','qvpthf87hhjluy0vx7v38ddq7hiu7dmx','oob',0,0,1,'2017-10-27 04:44:42');

--
-- Table structure for table `oauth_token_request_log`
--

CREATE TABLE `oauth_token_request_log` (
  `log_id` int(10) unsigned NOT NULL AUTO_INCREMENT COMMENT 'Log ID',
  `user_name` varchar(255) NOT NULL COMMENT 'Customer email or admin login',
  `user_type` smallint(5) unsigned NOT NULL COMMENT 'User type (admin or customer)',
  `failures_count` smallint(5) unsigned DEFAULT '0' COMMENT 'Number of failed authentication attempts in a row',
  `lock_expires_at` timestamp NOT NULL DEFAULT CURRENT_TIMESTAMP ON UPDATE CURRENT_TIMESTAMP COMMENT 'Lock expiration time',
  PRIMARY KEY (`log_id`),
  UNIQUE KEY `OAUTH_TOKEN_REQUEST_LOG_USER_NAME_USER_TYPE` (`user_name`,`user_type`)
) ENGINE=InnoDB DEFAULT CHARSET=utf8 COMMENT='Log of token request authentication failures.';

--
-- Dumping data for table `oauth_token_request_log`
--


--
-- Table structure for table `password_reset_request_event`
--

CREATE TABLE `password_reset_request_event` (
  `id` int(10) unsigned NOT NULL AUTO_INCREMENT COMMENT 'Entity ID',
  `request_type` smallint(5) unsigned NOT NULL COMMENT 'Type of the event under a security control',
  `account_reference` varchar(255) DEFAULT NULL COMMENT 'An identifier for existing account or another target',
  `created_at` timestamp NOT NULL DEFAULT CURRENT_TIMESTAMP COMMENT 'Timestamp when the event occurs',
  `ip` varchar(15) NOT NULL COMMENT 'Remote user IP',
  PRIMARY KEY (`id`),
  KEY `PASSWORD_RESET_REQUEST_EVENT_ACCOUNT_REFERENCE` (`account_reference`),
  KEY `PASSWORD_RESET_REQUEST_EVENT_CREATED_AT` (`created_at`)
) ENGINE=InnoDB DEFAULT CHARSET=utf8 COMMENT='Password Reset Request Event under a security control';

--
-- Dumping data for table `password_reset_request_event`
--


--
-- Table structure for table `patch_list`
--

CREATE TABLE `patch_list` (
  `patch_id` int(11) NOT NULL AUTO_INCREMENT COMMENT 'Patch Auto Increment',
  `patch_name` varchar(1024) NOT NULL COMMENT 'Patch Class Name',
  PRIMARY KEY (`patch_id`)
) ENGINE=InnoDB AUTO_INCREMENT=138 DEFAULT CHARSET=utf8 COMMENT='List of data/schema patches';

--
-- Dumping data for table `patch_list`
--

INSERT INTO `patch_list` VALUES (1,'Magento\\Store\\Setup\\Patch\\Schema\\InitializeStoresAndWebsites'),(2,'Magento\\Catalog\\Setup\\Patch\\Schema\\EnableSegmentation'),(3,'Magento\\Bundle\\Setup\\Patch\\Schema\\UpdateBundleRelatedSchema'),(4,'Magento\\InventoryCatalog\\Setup\\Patch\\Schema\\CreateLegacyStockStatusView'),(5,'Magento\\InventoryCatalog\\Setup\\Patch\\Schema\\InitializeDefaultStock'),(6,'Magento\\InventoryCatalog\\Setup\\Patch\\Schema\\UpdateInventorySourceItem'),(7,'Magento\\InventoryCatalog\\Setup\\Patch\\Schema\\ReindexDefaultSource'),(8,'Magento\\Store\\Setup\\Patch\\Schema\\InitializeStoresAndWebsites'),(9,'Magento\\InventorySales\\Setup\\Patch\\Schema\\InitializeWebsiteDefaultSock'),(10,'Magento\\Wishlist\\Setup\\Patch\\Schema\\AddProductIdConstraint'),(11,'Magento\\Store\\Setup\\Patch\\Data\\UpdateStoreGroupCodes'),(12,'Magento\\Directory\\Setup\\Patch\\Data\\InitializeDirectoryData'),(13,'Magento\\Directory\\Setup\\Patch\\Data\\AddDataForCroatia'),(14,'Magento\\Directory\\Setup\\Patch\\Data\\AddDataForIndia'),(15,'Magento\\Directory\\Setup\\Patch\\Data\\AddDataForAustralia'),(16,'Magento\\Directory\\Setup\\Patch\\Data\\AddDataForMexico'),(17,'Magento\\Config\\Setup\\Patch\\Data\\UpdateClassAliases'),(18,'Magento\\Theme\\Setup\\Patch\\Data\\RegisterThemes'),(19,'Magento\\Theme\\Setup\\Patch\\Data\\ConvertSerializedData'),(20,'Magento\\Eav\\Setup\\Patch\\Data\\InitializeAttributeModels'),(21,'Magento\\Customer\\Setup\\Patch\\Data\\DefaultCustomerGroupsAndAttributes'),(22,'Magento\\Customer\\Setup\\Patch\\Data\\UpdateCustomerAttributesMetadata'),(23,'Magento\\Customer\\Setup\\Patch\\Data\\AddNonSpecifiedGenderAttributeOption'),(24,'Magento\\Customer\\Setup\\Patch\\Data\\UpdateIdentifierCustomerAttributesVisibility'),(25,'Magento\\Customer\\Setup\\Patch\\Data\\AddCustomerUpdatedAtAttribute'),(26,'Magento\\Customer\\Setup\\Patch\\Data\\UpgradePasswordHashAndAddress'),(27,'Magento\\Customer\\Setup\\Patch\\Data\\RemoveCheckoutRegisterAndUpdateAttributes'),(28,'Magento\\Customer\\Setup\\Patch\\Data\\AddSecurityTrackingAttributes'),(29,'Magento\\Customer\\Setup\\Patch\\Data\\UpdateAutocompleteOnStorefrontConfigPath'),(30,'Magento\\Customer\\Setup\\Patch\\Data\\MigrateStoresAllowedCountriesToWebsite'),(31,'Magento\\Customer\\Setup\\Patch\\Data\\ConvertValidationRulesFromSerializedToJson'),(32,'Magento\\Customer\\Setup\\Patch\\Data\\UpdateVATNumber'),(33,'Magento\\Customer\\Setup\\Patch\\Data\\UpdateCustomerAttributeInputFilters'),(34,'Magento\\Authorization\\Setup\\Patch\\Data\\InitializeAuthRoles'),(35,'Magento\\Indexer\\Setup\\Patch\\Data\\InitializeIndexerState'),(36,'Magento\\Cms\\Setup\\Patch\\Data\\CreateDefaultPages'),(37,'Magento\\Cms\\Setup\\Patch\\Data\\UpdatePrivacyPolicyPage'),(38,'Magento\\Cms\\Setup\\Patch\\Data\\ConvertWidgetConditionsToJson'),(39,'Magento\\Catalog\\Setup\\Patch\\Data\\InstallDefaultCategories'),(40,'Magento\\Catalog\\Setup\\Patch\\Data\\SetNewResourceModelsPaths'),(41,'Magento\\Catalog\\Setup\\Patch\\Data\\UpdateDefaultAttributeValue'),(42,'Magento\\Catalog\\Setup\\Patch\\Data\\UpdateMediaAttributesBackendTypes'),(43,'Magento\\Catalog\\Setup\\Patch\\Data\\UpdateProductAttributes'),(44,'Magento\\Catalog\\Setup\\Patch\\Data\\UpdateProductMetaDescription'),(45,'Magento\\Catalog\\Setup\\Patch\\Data\\ChangePriceAttributeDefaultScope'),(46,'Magento\\Catalog\\Setup\\Patch\\Data\\DisallowUsingHtmlForProductName'),(47,'Magento\\Catalog\\Setup\\Patch\\Data\\EnableDirectiveParsing'),(48,'Magento\\Catalog\\Setup\\Patch\\Data\\EnableSegmentation'),(49,'Magento\\Catalog\\Setup\\Patch\\Data\\UpgradeWidgetData'),(50,'Magento\\Catalog\\Setup\\Patch\\Data\\UpgradeWebsiteAttributes'),(51,'Magento\\CatalogInventory\\Setup\\Patch\\Data\\CreateDefaultStock'),(52,'Magento\\CatalogInventory\\Setup\\Patch\\Data\\UpdateStockItemsWebsite'),(53,'Magento\\CatalogInventory\\Setup\\Patch\\Data\\ConvertSerializedDataToJson'),(54,'Magento\\Msrp\\Setup\\Patch\\Data\\InitializeMsrpAttributes'),(55,'Magento\\Msrp\\Setup\\Patch\\Data\\ChangePriceAttributeDefaultScope'),(56,'Magento\\CatalogRule\\Setup\\Patch\\Data\\UpdateClassAliasesForCatalogRules'),(57,'Magento\\CatalogRule\\Setup\\Patch\\Data\\ConvertSerializedDataToJson'),(58,'Magento\\CatalogUrlRewrite\\Setup\\Patch\\Data\\CreateUrlAttributes'),(59,'Magento\\Widget\\Setup\\Patch\\Data\\UpgradeModelInstanceClassAliases'),(60,'Magento\\Widget\\Setup\\Patch\\Data\\ConvertSerializedData'),(61,'Magento\\Quote\\Setup\\Patch\\Data\\InstallEntityTypes'),(62,'Magento\\Quote\\Setup\\Patch\\Data\\ConvertSerializedDataToJson'),(63,'Magento\\User\\Setup\\Patch\\Data\\UpgradePasswordHashes'),(64,'Magento\\User\\Setup\\Patch\\Data\\UpgradeSerializedFields'),(65,'Magento\\Sales\\Setup\\Patch\\Data\\InstallOrderStatusesAndInitialSalesConfig'),(66,'Magento\\Sales\\Setup\\Patch\\Data\\UpdateEntityTypes'),(67,'Magento\\Sales\\Setup\\Patch\\Data\\ConvertSerializedDataToJson'),(68,'Magento\\Sales\\Setup\\Patch\\Data\\FillQuoteAddressIdInSalesOrderAddress'),(69,'Magento\\Sales\\Setup\\Patch\\Data\\UpdateEntityTypeModelForInvoice'),(70,'Magento\\Checkout\\Setup\\Patch\\Data\\PrepareInitialCheckoutConfiguration'),(71,'Magento\\ConfigurableProduct\\Setup\\Patch\\Data\\InstallInitialConfigurableAttributes'),(72,'Magento\\ConfigurableProduct\\Setup\\Patch\\Data\\UpdateManufacturerAttribute'),(73,'Magento\\ConfigurableProduct\\Setup\\Patch\\Data\\UpdateTierPriceAttribute'),(74,'Magento\\CurrencySymbol\\Setup\\Patch\\Data\\ConvertSerializedCustomCurrencySymbolToJson'),(75,'Magento\\Integration\\Setup\\Patch\\Data\\RemoveInactiveTokens'),(76,'Magento\\Dhl\\Setup\\Patch\\Data\\PrepareShipmentDays'),(77,'Magento\\Downloadable\\Setup\\Patch\\Data\\InstallDownloadableAttributes'),(78,'Magento\\Downloadable\\Setup\\Patch\\Data\\UpdateLinksExistDefaultAttributeValue'),(79,'Magento\\Bundle\\Setup\\Patch\\Data\\ApplyAttributesUpdate'),(80,'Magento\\Bundle\\Setup\\Patch\\Data\\UpdateBundleRelatedEntityTypes'),(81,'Magento\\CatalogSearch\\Setup\\Patch\\Data\\MySQLSearchDeprecationNotification'),(82,'Magento\\CatalogSearch\\Setup\\Patch\\Data\\SetInitialSearchWeightForAttributes'),(83,'Magento\\EncryptionKey\\Setup\\Patch\\Data\\SodiumChachaPatch'),(84,'Magento\\Fedex\\Setup\\Patch\\Data\\ConfigureFedexDefaults'),(85,'Magento\\GiftMessage\\Setup\\Patch\\Data\\AddGiftMessageAttributes'),(86,'Magento\\GiftMessage\\Setup\\Patch\\Data\\MoveGiftMessageToGiftOptionsGroup'),(87,'Magento\\GiftMessage\\Setup\\Patch\\Data\\UpdateGiftMessageAttribute'),(88,'Magento\\GroupedProduct\\Setup\\Patch\\Data\\InitializeGroupedProductLinks'),(89,'Magento\\GroupedProduct\\Setup\\Patch\\Data\\UpdateProductRelations'),(90,'Magento\\AuthorizenetAcceptjs\\Setup\\Patch\\Data\\CopyCurrentConfig'),(91,'Magento\\Analytics\\Setup\\Patch\\Data\\PrepareInitialConfig'),(92,'Magento\\InventoryLowQuantityNotification\\Setup\\Patch\\Data\\MigrateCatalogInventoryNotifyStockQuantityData'),(93,'Magento\\SalesRule\\Setup\\Patch\\Data\\PrepareRuleModelSerializedData'),(94,'Magento\\SalesRule\\Setup\\Patch\\Data\\ConvertSerializedDataToJson'),(95,'Magento\\SalesRule\\Setup\\Patch\\Data\\FillSalesRuleProductAttributeTable'),(96,'Magento\\Vault\\Setup\\Patch\\Data\\SetCreditCardAsDefaultTokenType'),(97,'Magento\\Paypal\\Setup\\Patch\\Data\\AddPaypalOrderStatuses'),(98,'Magento\\Paypal\\Setup\\Patch\\Data\\UpdatePaypalCreditOption'),(99,'Magento\\Reports\\Setup\\Patch\\Data\\InitializeReportEntityTypesAndPages'),(100,'Magento\\Review\\Setup\\Patch\\Data\\InitReviewStatusesAndData'),(101,'Magento\\OfflineShipping\\Setup\\Patch\\Data\\UpdateQuoteShippingAddresses'),(102,'Magento\\OfflineShipping\\Setup\\Patch\\Data\\UpdateShippingTablerate'),(103,'Magento\\UrlRewrite\\Setup\\Patch\\Data\\ConvertSerializedDataToJson'),(104,'Magento\\Swatches\\Setup\\Patch\\Data\\AddSwatchImageAttribute'),(105,'Magento\\Swatches\\Setup\\Patch\\Data\\AddSwatchImageToDefaultAttribtueSet'),(106,'Magento\\Swatches\\Setup\\Patch\\Data\\UpdateAdminTextSwatchValues'),(107,'Magento\\Swatches\\Setup\\Patch\\Data\\ConvertAdditionalDataToJson'),(108,'Magento\\Tax\\Setup\\Patch\\Data\\AddTaxAttributeAndTaxClasses'),(109,'Magento\\Tax\\Setup\\Patch\\Data\\UpdateTaxClassAttributeVisibility'),(110,'Magento\\Tax\\Setup\\Patch\\Data\\UpdateTaxRegionId'),(111,'Magento\\SampleData\\Setup\\Patch\\Data\\ClearSampleDataState'),(112,'Magento\\Usps\\Setup\\Patch\\Data\\UpdateAllowedMethods'),(113,'Magento\\Braintree\\Setup\\Patch\\Data\\ConvertSerializedDataToJson'),(114,'Magento\\Weee\\Setup\\Patch\\Data\\InitQuoteAndOrderAttributes'),(115,'Magento\\Wishlist\\Setup\\Patch\\Data\\ConvertSerializedData'),(116,'Magento\\Store\\Setup\\Patch\\Data\\DisableSid'),(117,'Magento\\Downloadable\\Setup\\Patch\\Data\\AddDownloadableHostsConfig'),(118,'Klarna\\Core\\Setup\\Patch\\Data\\UpdateKcoApiPathsInCoreConfig'),(119,'Klarna\\Core\\Setup\\Patch\\Data\\UpdateKlarnaApiVersionInCoreConfig'),(120,'Klarna\\Kp\\Setup\\Patch\\Data\\RemoveHtmlTag'),(121,'Klarna\\Kp\\Setup\\Patch\\Data\\ResetIsActive'),(122,'Temando\\ShippingRemover\\Setup\\Patch\\Schema\\EmptyTablesRemoval'),(123,'Magento\\Directory\\Setup\\Patch\\Data\\AddCountriesCaribbeanCuracaoKosovoSintMaarten'),(124,'Magento\\Directory\\Setup\\Patch\\Data\\AddDataForBelgium'),(125,'Magento\\Directory\\Setup\\Patch\\Data\\AddDataForChina'),(126,'Magento\\Directory\\Setup\\Patch\\Data\\AddDataForColombia'),(127,'Magento\\Directory\\Setup\\Patch\\Data\\AddDataForPoland'),(128,'Magento\\Catalog\\Setup\\Patch\\Data\\UpdateCustomLayoutAttributes'),(129,'Magento\\Msrp\\Setup\\Patch\\Data\\ChangeMsrpAttributeLabel'),(130,'Magento\\CatalogUrlRewrite\\Setup\\Patch\\Data\\UpdateUrlKeySearchable'),(131,'Magento\\Email\\Setup\\Patch\\Data\\FlagLegacyTemplates'),(132,'Magento\\Analytics\\Setup\\Patch\\Data\\ActivateDataCollection'),(133,'Magento\\Reports\\Setup\\Patch\\Data\\ReportDisableNotification'),(134,'Magento\\Newsletter\\Setup\\Patch\\Data\\FlagLegacyTemplates'),(135,'Temando\\ShippingRemover\\Setup\\Patch\\Data\\AttributesRemoval'),(136,'Temando\\ShippingRemover\\Setup\\Patch\\Data\\BookmarkCleaner'),(137,'Temando\\ShippingRemover\\Setup\\Patch\\Data\\ConfigRemoval');

--
-- Table structure for table `paypal_billing_agreement`
--

CREATE TABLE `paypal_billing_agreement` (
  `agreement_id` int(10) unsigned NOT NULL AUTO_INCREMENT COMMENT 'Agreement ID',
  `customer_id` int(10) unsigned NOT NULL COMMENT 'Customer ID',
  `method_code` varchar(32) NOT NULL COMMENT 'Method Code',
  `reference_id` varchar(32) NOT NULL COMMENT 'Reference ID',
  `status` varchar(20) NOT NULL COMMENT 'Status',
  `created_at` timestamp NOT NULL DEFAULT CURRENT_TIMESTAMP COMMENT 'Created At',
  `updated_at` timestamp NULL DEFAULT NULL COMMENT 'Updated At',
  `store_id` smallint(5) unsigned DEFAULT NULL COMMENT 'Store ID',
  `agreement_label` varchar(255) DEFAULT NULL COMMENT 'Agreement Label',
  PRIMARY KEY (`agreement_id`),
  KEY `PAYPAL_BILLING_AGREEMENT_CUSTOMER_ID` (`customer_id`),
  KEY `PAYPAL_BILLING_AGREEMENT_STORE_ID` (`store_id`),
  CONSTRAINT `PAYPAL_BILLING_AGREEMENT_CUSTOMER_ID_CUSTOMER_ENTITY_ENTITY_ID` FOREIGN KEY (`customer_id`) REFERENCES `customer_entity` (`entity_id`) ON DELETE CASCADE,
  CONSTRAINT `PAYPAL_BILLING_AGREEMENT_STORE_ID_STORE_STORE_ID` FOREIGN KEY (`store_id`) REFERENCES `store` (`store_id`) ON DELETE SET NULL
) ENGINE=InnoDB DEFAULT CHARSET=utf8 COMMENT='Sales Billing Agreement';

--
-- Dumping data for table `paypal_billing_agreement`
--


--
-- Table structure for table `paypal_billing_agreement_order`
--

CREATE TABLE `paypal_billing_agreement_order` (
  `agreement_id` int(10) unsigned NOT NULL COMMENT 'Agreement ID',
  `order_id` int(10) unsigned NOT NULL COMMENT 'Order ID',
  PRIMARY KEY (`agreement_id`,`order_id`),
  KEY `PAYPAL_BILLING_AGREEMENT_ORDER_ORDER_ID` (`order_id`),
  CONSTRAINT `PAYPAL_BILLING_AGREEMENT_ORDER_ORDER_ID_SALES_ORDER_ENTITY_ID` FOREIGN KEY (`order_id`) REFERENCES `sales_order` (`entity_id`) ON DELETE CASCADE,
  CONSTRAINT `PAYPAL_BILLING_AGRT_ORDER_AGRT_ID_PAYPAL_BILLING_AGRT_AGRT_ID` FOREIGN KEY (`agreement_id`) REFERENCES `paypal_billing_agreement` (`agreement_id`) ON DELETE CASCADE
) ENGINE=InnoDB DEFAULT CHARSET=utf8 COMMENT='Sales Billing Agreement Order';

--
-- Dumping data for table `paypal_billing_agreement_order`
--


--
-- Table structure for table `paypal_cert`
--

CREATE TABLE `paypal_cert` (
  `cert_id` smallint(5) unsigned NOT NULL AUTO_INCREMENT COMMENT 'Cert ID',
  `website_id` smallint(5) unsigned NOT NULL DEFAULT '0' COMMENT 'Website ID',
  `content` text COMMENT 'Content',
  `updated_at` timestamp NULL DEFAULT NULL COMMENT 'Updated At',
  PRIMARY KEY (`cert_id`),
  KEY `PAYPAL_CERT_WEBSITE_ID` (`website_id`),
  CONSTRAINT `PAYPAL_CERT_WEBSITE_ID_STORE_WEBSITE_WEBSITE_ID` FOREIGN KEY (`website_id`) REFERENCES `store_website` (`website_id`) ON DELETE CASCADE
) ENGINE=InnoDB DEFAULT CHARSET=utf8 COMMENT='Paypal Certificate Table';

--
-- Dumping data for table `paypal_cert`
--


--
-- Table structure for table `paypal_payment_transaction`
--

CREATE TABLE `paypal_payment_transaction` (
  `transaction_id` int(10) unsigned NOT NULL AUTO_INCREMENT COMMENT 'Entity ID',
  `txn_id` varchar(100) DEFAULT NULL COMMENT 'Txn ID',
  `additional_information` blob COMMENT 'Additional Information',
  `created_at` timestamp NULL DEFAULT NULL COMMENT 'Created At',
  PRIMARY KEY (`transaction_id`),
  UNIQUE KEY `PAYPAL_PAYMENT_TRANSACTION_TXN_ID` (`txn_id`)
) ENGINE=InnoDB DEFAULT CHARSET=utf8 COMMENT='PayPal Payflow Link Payment Transaction';

--
-- Dumping data for table `paypal_payment_transaction`
--


--
-- Table structure for table `paypal_settlement_report`
--

CREATE TABLE `paypal_settlement_report` (
  `report_id` int(10) unsigned NOT NULL AUTO_INCREMENT COMMENT 'Report ID',
  `report_date` date DEFAULT NULL COMMENT 'Report Date',
  `account_id` varchar(64) DEFAULT NULL COMMENT 'Account ID',
  `filename` varchar(24) DEFAULT NULL COMMENT 'Filename',
  `last_modified` timestamp NULL DEFAULT NULL COMMENT 'Last Modified',
  PRIMARY KEY (`report_id`),
  UNIQUE KEY `PAYPAL_SETTLEMENT_REPORT_REPORT_DATE_ACCOUNT_ID` (`report_date`,`account_id`)
) ENGINE=InnoDB DEFAULT CHARSET=utf8 COMMENT='Paypal Settlement Report Table';

--
-- Dumping data for table `paypal_settlement_report`
--


--
-- Table structure for table `paypal_settlement_report_row`
--

CREATE TABLE `paypal_settlement_report_row` (
  `row_id` int(10) unsigned NOT NULL AUTO_INCREMENT COMMENT 'Row ID',
  `report_id` int(10) unsigned NOT NULL COMMENT 'Report ID',
  `transaction_id` varchar(19) DEFAULT NULL COMMENT 'Transaction ID',
  `invoice_id` varchar(127) DEFAULT NULL COMMENT 'Invoice ID',
  `paypal_reference_id` varchar(19) DEFAULT NULL COMMENT 'Paypal Reference ID',
  `paypal_reference_id_type` varchar(3) DEFAULT NULL COMMENT 'Paypal Reference ID Type',
  `transaction_event_code` varchar(5) DEFAULT NULL COMMENT 'Transaction Event Code',
  `transaction_initiation_date` timestamp NULL DEFAULT NULL COMMENT 'Transaction Initiation Date',
  `transaction_completion_date` timestamp NULL DEFAULT NULL COMMENT 'Transaction Completion Date',
  `transaction_debit_or_credit` varchar(2) NOT NULL DEFAULT 'CR' COMMENT 'Transaction Debit Or Credit',
  `gross_transaction_amount` decimal(20,6) NOT NULL DEFAULT '0.000000' COMMENT 'Gross Transaction Amount',
  `gross_transaction_currency` varchar(3) DEFAULT NULL COMMENT 'Gross Transaction Currency',
  `fee_debit_or_credit` varchar(2) DEFAULT NULL COMMENT 'Fee Debit Or Credit',
  `fee_amount` decimal(20,6) NOT NULL DEFAULT '0.000000' COMMENT 'Fee Amount',
  `fee_currency` varchar(3) DEFAULT NULL COMMENT 'Fee Currency',
  `custom_field` varchar(255) DEFAULT NULL COMMENT 'Custom Field',
  `consumer_id` varchar(127) DEFAULT NULL COMMENT 'Consumer ID',
  `payment_tracking_id` varchar(255) DEFAULT NULL COMMENT 'Payment Tracking ID',
  `store_id` varchar(50) DEFAULT NULL COMMENT 'Store ID',
  PRIMARY KEY (`row_id`),
  KEY `PAYPAL_SETTLEMENT_REPORT_ROW_REPORT_ID` (`report_id`),
  CONSTRAINT `FK_E183E488F593E0DE10C6EBFFEBAC9B55` FOREIGN KEY (`report_id`) REFERENCES `paypal_settlement_report` (`report_id`) ON DELETE CASCADE
) ENGINE=InnoDB DEFAULT CHARSET=utf8 COMMENT='Paypal Settlement Report Row Table';

--
-- Dumping data for table `paypal_settlement_report_row`
--


--
-- Table structure for table `persistent_session`
--

CREATE TABLE `persistent_session` (
  `persistent_id` int(10) unsigned NOT NULL AUTO_INCREMENT COMMENT 'Session ID',
  `key` varchar(50) NOT NULL COMMENT 'Unique cookie key',
  `customer_id` int(10) unsigned DEFAULT NULL COMMENT 'Customer ID',
  `website_id` smallint(5) unsigned NOT NULL DEFAULT '0' COMMENT 'Website ID',
  `info` text COMMENT 'Session Data',
  `updated_at` timestamp NOT NULL DEFAULT CURRENT_TIMESTAMP ON UPDATE CURRENT_TIMESTAMP COMMENT 'Updated At',
  PRIMARY KEY (`persistent_id`),
  UNIQUE KEY `PERSISTENT_SESSION_KEY` (`key`),
  UNIQUE KEY `PERSISTENT_SESSION_CUSTOMER_ID` (`customer_id`),
  KEY `PERSISTENT_SESSION_UPDATED_AT` (`updated_at`),
  KEY `PERSISTENT_SESSION_WEBSITE_ID_STORE_WEBSITE_WEBSITE_ID` (`website_id`),
  CONSTRAINT `PERSISTENT_SESSION_CUSTOMER_ID_CUSTOMER_ENTITY_ENTITY_ID` FOREIGN KEY (`customer_id`) REFERENCES `customer_entity` (`entity_id`) ON DELETE CASCADE,
  CONSTRAINT `PERSISTENT_SESSION_WEBSITE_ID_STORE_WEBSITE_WEBSITE_ID` FOREIGN KEY (`website_id`) REFERENCES `store_website` (`website_id`) ON DELETE CASCADE
) ENGINE=InnoDB DEFAULT CHARSET=utf8 COMMENT='Persistent Session';

--
-- Dumping data for table `persistent_session`
--


--
-- Table structure for table `product_alert_price`
--

CREATE TABLE `product_alert_price` (
  `alert_price_id` int(10) unsigned NOT NULL AUTO_INCREMENT COMMENT 'Product alert price ID',
  `customer_id` int(10) unsigned NOT NULL DEFAULT '0' COMMENT 'Customer ID',
  `product_id` int(10) unsigned NOT NULL DEFAULT '0' COMMENT 'Product ID',
  `price` decimal(20,6) NOT NULL DEFAULT '0.000000' COMMENT 'Price amount',
  `website_id` smallint(5) unsigned NOT NULL DEFAULT '0' COMMENT 'Website ID',
  `add_date` timestamp NOT NULL DEFAULT CURRENT_TIMESTAMP COMMENT 'Product alert add date',
  `last_send_date` timestamp NULL DEFAULT NULL COMMENT 'Product alert last send date',
  `send_count` smallint(5) unsigned NOT NULL DEFAULT '0' COMMENT 'Product alert send count',
  `status` smallint(5) unsigned NOT NULL DEFAULT '0' COMMENT 'Product alert status',
  `store_id` smallint(5) unsigned DEFAULT '0' COMMENT 'Store ID',
  PRIMARY KEY (`alert_price_id`),
  KEY `PRODUCT_ALERT_PRICE_CUSTOMER_ID` (`customer_id`),
  KEY `PRODUCT_ALERT_PRICE_PRODUCT_ID` (`product_id`),
  KEY `PRODUCT_ALERT_PRICE_WEBSITE_ID` (`website_id`),
  KEY `PRODUCT_ALERT_PRICE_STORE_ID` (`store_id`),
  CONSTRAINT `PRODUCT_ALERT_PRICE_CUSTOMER_ID_CUSTOMER_ENTITY_ENTITY_ID` FOREIGN KEY (`customer_id`) REFERENCES `customer_entity` (`entity_id`) ON DELETE CASCADE,
  CONSTRAINT `PRODUCT_ALERT_PRICE_PRODUCT_ID_CATALOG_PRODUCT_ENTITY_ENTITY_ID` FOREIGN KEY (`product_id`) REFERENCES `catalog_product_entity` (`entity_id`) ON DELETE CASCADE,
  CONSTRAINT `PRODUCT_ALERT_PRICE_STORE_ID_STORE_STORE_ID` FOREIGN KEY (`store_id`) REFERENCES `store` (`store_id`) ON DELETE CASCADE,
  CONSTRAINT `PRODUCT_ALERT_PRICE_WEBSITE_ID_STORE_WEBSITE_WEBSITE_ID` FOREIGN KEY (`website_id`) REFERENCES `store_website` (`website_id`) ON DELETE CASCADE
) ENGINE=InnoDB DEFAULT CHARSET=utf8 COMMENT='Product Alert Price';

--
-- Dumping data for table `product_alert_price`
--


--
-- Table structure for table `product_alert_stock`
--

CREATE TABLE `product_alert_stock` (
  `alert_stock_id` int(10) unsigned NOT NULL AUTO_INCREMENT COMMENT 'Product alert stock ID',
  `customer_id` int(10) unsigned NOT NULL DEFAULT '0' COMMENT 'Customer ID',
  `product_id` int(10) unsigned NOT NULL DEFAULT '0' COMMENT 'Product ID',
  `website_id` smallint(5) unsigned NOT NULL DEFAULT '0' COMMENT 'Website ID',
  `add_date` timestamp NOT NULL DEFAULT CURRENT_TIMESTAMP COMMENT 'Product alert add date',
  `send_date` timestamp NULL DEFAULT NULL COMMENT 'Product alert send date',
  `send_count` smallint(5) unsigned NOT NULL DEFAULT '0' COMMENT 'Send Count',
  `status` smallint(5) unsigned NOT NULL DEFAULT '0' COMMENT 'Product alert status',
  `store_id` smallint(5) unsigned DEFAULT '0' COMMENT 'Store ID',
  PRIMARY KEY (`alert_stock_id`),
  KEY `PRODUCT_ALERT_STOCK_CUSTOMER_ID` (`customer_id`),
  KEY `PRODUCT_ALERT_STOCK_PRODUCT_ID` (`product_id`),
  KEY `PRODUCT_ALERT_STOCK_WEBSITE_ID` (`website_id`),
  KEY `PRODUCT_ALERT_STOCK_STORE_ID` (`store_id`),
  CONSTRAINT `PRODUCT_ALERT_STOCK_CUSTOMER_ID_CUSTOMER_ENTITY_ENTITY_ID` FOREIGN KEY (`customer_id`) REFERENCES `customer_entity` (`entity_id`) ON DELETE CASCADE,
  CONSTRAINT `PRODUCT_ALERT_STOCK_PRODUCT_ID_CATALOG_PRODUCT_ENTITY_ENTITY_ID` FOREIGN KEY (`product_id`) REFERENCES `catalog_product_entity` (`entity_id`) ON DELETE CASCADE,
  CONSTRAINT `PRODUCT_ALERT_STOCK_STORE_ID_STORE_STORE_ID` FOREIGN KEY (`store_id`) REFERENCES `store` (`store_id`) ON DELETE CASCADE,
  CONSTRAINT `PRODUCT_ALERT_STOCK_WEBSITE_ID_STORE_WEBSITE_WEBSITE_ID` FOREIGN KEY (`website_id`) REFERENCES `store_website` (`website_id`) ON DELETE CASCADE
) ENGINE=InnoDB DEFAULT CHARSET=utf8 COMMENT='Product Alert Stock';

--
-- Dumping data for table `product_alert_stock`
--


--
-- Table structure for table `queue`
--

CREATE TABLE `queue` (
  `id` int(10) unsigned NOT NULL AUTO_INCREMENT COMMENT 'Queue ID',
  `name` varchar(255) DEFAULT NULL COMMENT 'Queue name',
  PRIMARY KEY (`id`),
  UNIQUE KEY `QUEUE_NAME` (`name`)
) ENGINE=InnoDB AUTO_INCREMENT=10 DEFAULT CHARSET=utf8 COMMENT='Table storing unique queues';

--
-- Dumping data for table `queue`
--

INSERT INTO `queue` VALUES (9,'async.operations.all'),(4,'codegenerator'),(3,'export'),(6,'inventory.mass.update'),(7,'inventory.reservations.cleanup'),(8,'inventory.reservations.update'),(5,'inventory.source.items.cleanup'),(1,'product_action_attribute.update'),(2,'product_action_attribute.website.update');

--
-- Table structure for table `queue_lock`
--

CREATE TABLE `queue_lock` (
  `id` int(10) unsigned NOT NULL AUTO_INCREMENT COMMENT 'Message ID',
  `message_code` varchar(255) NOT NULL DEFAULT '' COMMENT 'Message Code',
  `created_at` timestamp NOT NULL DEFAULT CURRENT_TIMESTAMP ON UPDATE CURRENT_TIMESTAMP COMMENT 'Created At',
  PRIMARY KEY (`id`),
  UNIQUE KEY `QUEUE_LOCK_MESSAGE_CODE` (`message_code`)
) ENGINE=InnoDB DEFAULT CHARSET=utf8 COMMENT='Messages that were processed are inserted here to be locked.';

--
-- Dumping data for table `queue_lock`
--


--
-- Table structure for table `queue_message`
--

CREATE TABLE `queue_message` (
  `id` bigint(20) unsigned NOT NULL AUTO_INCREMENT COMMENT 'Message ID',
  `topic_name` varchar(255) DEFAULT NULL COMMENT 'Message topic',
  `body` longtext COMMENT 'Message body',
  PRIMARY KEY (`id`)
) ENGINE=InnoDB DEFAULT CHARSET=utf8 COMMENT='Queue messages';

--
-- Dumping data for table `queue_message`
--


--
-- Table structure for table `queue_message_status`
--

CREATE TABLE `queue_message_status` (
  `id` bigint(20) unsigned NOT NULL AUTO_INCREMENT COMMENT 'Relation ID',
  `queue_id` int(10) unsigned NOT NULL COMMENT 'Queue ID',
  `message_id` bigint(20) unsigned NOT NULL COMMENT 'Message ID',
  `updated_at` timestamp NOT NULL DEFAULT CURRENT_TIMESTAMP ON UPDATE CURRENT_TIMESTAMP COMMENT 'Updated At',
  `status` smallint(5) unsigned NOT NULL COMMENT 'Message status in particular queue',
  `number_of_trials` smallint(5) unsigned NOT NULL DEFAULT '0' COMMENT 'Number of trials to processed failed message processing',
  PRIMARY KEY (`id`),
  UNIQUE KEY `QUEUE_MESSAGE_STATUS_QUEUE_ID_MESSAGE_ID` (`queue_id`,`message_id`),
  KEY `QUEUE_MESSAGE_STATUS_MESSAGE_ID_QUEUE_MESSAGE_ID` (`message_id`),
  KEY `QUEUE_MESSAGE_STATUS_STATUS_UPDATED_AT` (`status`,`updated_at`),
  CONSTRAINT `QUEUE_MESSAGE_STATUS_MESSAGE_ID_QUEUE_MESSAGE_ID` FOREIGN KEY (`message_id`) REFERENCES `queue_message` (`id`) ON DELETE CASCADE,
  CONSTRAINT `QUEUE_MESSAGE_STATUS_QUEUE_ID_QUEUE_ID` FOREIGN KEY (`queue_id`) REFERENCES `queue` (`id`) ON DELETE CASCADE
) ENGINE=InnoDB DEFAULT CHARSET=utf8 COMMENT='Relation table to keep associations between queues and messages';

--
-- Dumping data for table `queue_message_status`
--


--
-- Table structure for table `queue_poison_pill`
--

CREATE TABLE `queue_poison_pill` (
  `version` varchar(255) NOT NULL COMMENT 'Poison Pill version.'
) ENGINE=InnoDB DEFAULT CHARSET=utf8 COMMENT='Sequence table for poison pill versions';

--
-- Dumping data for table `queue_poison_pill`
--

INSERT INTO `queue_poison_pill` VALUES ('version-6090af1e9fac5');

--
-- Table structure for table `quote`
--

CREATE TABLE `quote` (
  `entity_id` int(10) unsigned NOT NULL AUTO_INCREMENT COMMENT 'Entity ID',
  `store_id` smallint(5) unsigned NOT NULL DEFAULT '0' COMMENT 'Store ID',
  `created_at` timestamp NOT NULL DEFAULT CURRENT_TIMESTAMP COMMENT 'Created At',
  `updated_at` timestamp NOT NULL DEFAULT CURRENT_TIMESTAMP ON UPDATE CURRENT_TIMESTAMP,
  `converted_at` timestamp NULL DEFAULT NULL COMMENT 'Converted At',
  `is_active` smallint(5) unsigned DEFAULT '1' COMMENT 'Is Active',
  `is_virtual` smallint(5) unsigned DEFAULT '0' COMMENT 'Is Virtual',
  `is_multi_shipping` smallint(5) unsigned DEFAULT '0' COMMENT 'Is Multi Shipping',
  `items_count` int(10) unsigned DEFAULT '0' COMMENT 'Items Count',
  `items_qty` decimal(12,4) DEFAULT '0.0000' COMMENT 'Items Qty',
  `orig_order_id` int(10) unsigned DEFAULT '0' COMMENT 'Orig Order ID',
  `store_to_base_rate` decimal(12,4) DEFAULT '0.0000' COMMENT 'Store To Base Rate',
  `store_to_quote_rate` decimal(12,4) DEFAULT '0.0000' COMMENT 'Store To Quote Rate',
  `base_currency_code` varchar(255) DEFAULT NULL COMMENT 'Base Currency Code',
  `store_currency_code` varchar(255) DEFAULT NULL COMMENT 'Store Currency Code',
  `quote_currency_code` varchar(255) DEFAULT NULL COMMENT 'Quote Currency Code',
  `grand_total` decimal(20,4) DEFAULT '0.0000' COMMENT 'Grand Total',
  `base_grand_total` decimal(20,4) DEFAULT '0.0000' COMMENT 'Base Grand Total',
  `checkout_method` varchar(255) DEFAULT NULL COMMENT 'Checkout Method',
  `customer_id` int(10) unsigned DEFAULT NULL COMMENT 'Customer ID',
  `customer_tax_class_id` int(10) unsigned DEFAULT NULL COMMENT 'Customer Tax Class ID',
  `customer_group_id` int(10) unsigned DEFAULT '0' COMMENT 'Customer Group ID',
  `customer_email` varchar(255) DEFAULT NULL COMMENT 'Customer Email',
  `customer_prefix` varchar(40) DEFAULT NULL COMMENT 'Customer Prefix',
  `customer_firstname` varchar(255) DEFAULT NULL COMMENT 'Customer Firstname',
  `customer_middlename` varchar(40) DEFAULT NULL COMMENT 'Customer Middlename',
  `customer_lastname` varchar(255) DEFAULT NULL COMMENT 'Customer Lastname',
  `customer_suffix` varchar(40) DEFAULT NULL COMMENT 'Customer Suffix',
  `customer_dob` datetime DEFAULT NULL COMMENT 'Customer Dob',
  `customer_note` varchar(255) DEFAULT NULL COMMENT 'Customer Note',
  `customer_note_notify` smallint(5) unsigned DEFAULT '1' COMMENT 'Customer Note Notify',
  `customer_is_guest` smallint(5) unsigned DEFAULT '0' COMMENT 'Customer Is Guest',
  `remote_ip` varchar(45) DEFAULT NULL COMMENT 'Remote Ip',
  `applied_rule_ids` varchar(255) DEFAULT NULL COMMENT 'Applied Rule Ids',
  `reserved_order_id` varchar(64) DEFAULT NULL COMMENT 'Reserved Order ID',
  `password_hash` varchar(255) DEFAULT NULL COMMENT 'Password Hash',
  `coupon_code` varchar(255) DEFAULT NULL COMMENT 'Coupon Code',
  `global_currency_code` varchar(255) DEFAULT NULL COMMENT 'Global Currency Code',
  `base_to_global_rate` decimal(20,4) DEFAULT NULL COMMENT 'Base To Global Rate',
  `base_to_quote_rate` decimal(20,4) DEFAULT NULL COMMENT 'Base To Quote Rate',
  `customer_taxvat` varchar(255) DEFAULT NULL COMMENT 'Customer Taxvat',
  `customer_gender` varchar(255) DEFAULT NULL COMMENT 'Customer Gender',
  `subtotal` decimal(20,4) DEFAULT NULL COMMENT 'Subtotal',
  `base_subtotal` decimal(20,4) DEFAULT NULL COMMENT 'Base Subtotal',
  `subtotal_with_discount` decimal(20,4) DEFAULT NULL COMMENT 'Subtotal With Discount',
  `base_subtotal_with_discount` decimal(20,4) DEFAULT NULL COMMENT 'Base Subtotal With Discount',
  `is_changed` int(10) unsigned DEFAULT NULL COMMENT 'Is Changed',
  `trigger_recollect` smallint(6) NOT NULL DEFAULT '0' COMMENT 'Trigger Recollect',
  `ext_shipping_info` text COMMENT 'Ext Shipping Info',
  `is_persistent` smallint(5) unsigned DEFAULT '0' COMMENT 'Is Quote Persistent',
  `gift_message_id` int(11) DEFAULT NULL COMMENT 'Gift Message ID',
  PRIMARY KEY (`entity_id`),
  KEY `QUOTE_CUSTOMER_ID_STORE_ID_IS_ACTIVE` (`customer_id`,`store_id`,`is_active`),
  KEY `QUOTE_STORE_ID` (`store_id`),
  CONSTRAINT `QUOTE_STORE_ID_STORE_STORE_ID` FOREIGN KEY (`store_id`) REFERENCES `store` (`store_id`) ON DELETE CASCADE
) ENGINE=InnoDB AUTO_INCREMENT=10 DEFAULT CHARSET=utf8 COMMENT='Sales Flat Quote';

--
-- Dumping data for table `quote`
--

INSERT INTO `quote` VALUES (1,1,'2017-01-17 04:06:05','2017-01-17 04:06:21',NULL,1,0,0,2,2.0000,0,0.0000,0.0000,'USD','USD','USD',120.0000,120.0000,NULL,NULL,3,0,NULL,NULL,NULL,NULL,NULL,NULL,NULL,NULL,1,0,'127.0.0.1',NULL,NULL,NULL,NULL,'USD',1.0000,1.0000,NULL,NULL,120.0000,120.0000,120.0000,120.0000,1,0,NULL,0,NULL),(2,1,'2017-02-18 03:09:31','0000-00-00 00:00:00',NULL,1,0,0,1,1.0000,0,0.0000,0.0000,'USD','USD','USD',220.0000,220.0000,NULL,NULL,3,0,NULL,NULL,NULL,NULL,NULL,NULL,NULL,NULL,1,0,'127.0.0.1',NULL,NULL,NULL,NULL,'USD',1.0000,1.0000,NULL,NULL,220.0000,220.0000,220.0000,220.0000,1,0,NULL,0,NULL),(3,1,'2017-03-29 19:51:19','0000-00-00 00:00:00',NULL,1,0,0,1,1.0000,0,0.0000,0.0000,'USD','USD','USD',50.0000,50.0000,NULL,NULL,3,0,NULL,NULL,NULL,NULL,NULL,NULL,NULL,NULL,1,0,'127.0.0.1',NULL,NULL,NULL,NULL,'USD',1.0000,1.0000,NULL,NULL,50.0000,50.0000,50.0000,50.0000,1,0,NULL,0,NULL),(4,1,'2017-09-24 02:31:40','0000-00-00 00:00:00',NULL,1,0,0,1,1.0000,0,0.0000,0.0000,'USD','USD','USD',50.0000,50.0000,NULL,NULL,3,0,NULL,NULL,NULL,NULL,NULL,NULL,NULL,NULL,1,0,'127.0.0.1',NULL,NULL,NULL,NULL,'USD',1.0000,1.0000,NULL,NULL,50.0000,50.0000,50.0000,50.0000,1,0,NULL,0,NULL),(5,1,'2017-09-24 03:45:01','0000-00-00 00:00:00',NULL,1,0,0,1,1.0000,0,0.0000,0.0000,'USD','USD','USD',70.0000,70.0000,NULL,NULL,3,0,NULL,NULL,NULL,NULL,NULL,NULL,NULL,NULL,1,0,'127.0.0.1',NULL,NULL,NULL,NULL,'USD',1.0000,1.0000,NULL,NULL,70.0000,70.0000,70.0000,70.0000,1,0,NULL,0,NULL),(6,1,'2018-05-24 14:10:26','2018-05-24 14:10:31',NULL,1,0,0,2,2.0000,0,0.0000,0.0000,'USD','USD','USD',160.0000,160.0000,NULL,NULL,3,0,NULL,NULL,NULL,NULL,NULL,NULL,NULL,NULL,1,0,'127.0.0.1',NULL,NULL,NULL,NULL,'USD',1.0000,1.0000,NULL,NULL,160.0000,160.0000,160.0000,160.0000,1,0,NULL,0,NULL),(7,1,'2018-05-24 14:12:33','2018-05-24 14:19:17',NULL,1,0,0,4,6.0000,0,0.0000,0.0000,'USD','USD','USD',730.0000,730.0000,NULL,NULL,3,0,NULL,NULL,NULL,NULL,NULL,NULL,NULL,NULL,1,0,'127.0.0.1',NULL,NULL,NULL,NULL,'USD',1.0000,1.0000,NULL,NULL,700.0000,700.0000,700.0000,700.0000,1,0,NULL,0,NULL),(8,1,'2021-05-04 02:56:48','2021-05-04 03:23:18',NULL,0,0,0,3,3.0000,0,0.0000,0.0000,'USD','USD','USD',415.0000,415.0000,NULL,1,3,1,'abc@gmail.com',NULL,'test',NULL,'test',NULL,NULL,NULL,1,0,'::1',NULL,'000000001',NULL,NULL,'USD',1.0000,1.0000,NULL,NULL,400.0000,400.0000,400.0000,400.0000,1,0,NULL,0,NULL),(9,1,'2021-05-04 09:15:23','2021-05-04 09:15:23',NULL,1,0,0,1,4.0000,0,0.0000,0.0000,'USD','USD','USD',404.0000,404.0000,NULL,NULL,3,0,NULL,NULL,NULL,NULL,NULL,NULL,NULL,NULL,1,0,'::1',NULL,NULL,NULL,NULL,'USD',1.0000,1.0000,NULL,NULL,404.0000,404.0000,404.0000,404.0000,1,0,NULL,0,NULL);

--
-- Table structure for table `quote_address`
--

CREATE TABLE `quote_address` (
  `address_id` int(10) unsigned NOT NULL AUTO_INCREMENT COMMENT 'Address ID',
  `quote_id` int(10) unsigned NOT NULL DEFAULT '0' COMMENT 'Quote ID',
  `created_at` timestamp NOT NULL DEFAULT CURRENT_TIMESTAMP COMMENT 'Created At',
  `updated_at` timestamp NOT NULL DEFAULT CURRENT_TIMESTAMP ON UPDATE CURRENT_TIMESTAMP COMMENT 'Updated At',
  `customer_id` int(10) unsigned DEFAULT NULL COMMENT 'Customer ID',
  `save_in_address_book` smallint(6) DEFAULT '0' COMMENT 'Save In Address Book',
  `customer_address_id` int(10) unsigned DEFAULT NULL COMMENT 'Customer Address ID',
  `address_type` varchar(10) DEFAULT NULL COMMENT 'Address Type',
  `email` varchar(255) DEFAULT NULL COMMENT 'Email',
  `prefix` varchar(40) DEFAULT NULL COMMENT 'Prefix',
  `firstname` varchar(255) DEFAULT NULL,
  `middlename` varchar(40) DEFAULT NULL,
  `lastname` varchar(255) DEFAULT NULL,
  `suffix` varchar(40) DEFAULT NULL COMMENT 'Suffix',
  `company` varchar(255) DEFAULT NULL COMMENT 'Company',
  `street` varchar(255) DEFAULT NULL COMMENT 'Street',
  `city` varchar(255) DEFAULT NULL,
  `region` varchar(255) DEFAULT NULL,
  `region_id` int(10) unsigned DEFAULT NULL COMMENT 'Region ID',
  `postcode` varchar(20) DEFAULT NULL COMMENT 'Postcode',
  `country_id` varchar(30) DEFAULT NULL COMMENT 'Country ID',
  `telephone` varchar(255) DEFAULT NULL,
  `fax` varchar(255) DEFAULT NULL,
  `same_as_billing` smallint(5) unsigned NOT NULL DEFAULT '0' COMMENT 'Same As Billing',
  `collect_shipping_rates` smallint(5) unsigned NOT NULL DEFAULT '0' COMMENT 'Collect Shipping Rates',
  `shipping_method` varchar(120) DEFAULT NULL,
  `shipping_description` varchar(255) DEFAULT NULL COMMENT 'Shipping Description',
  `weight` decimal(12,4) NOT NULL DEFAULT '0.0000' COMMENT 'Weight',
  `subtotal` decimal(20,4) NOT NULL DEFAULT '0.0000' COMMENT 'Subtotal',
  `base_subtotal` decimal(20,4) NOT NULL DEFAULT '0.0000' COMMENT 'Base Subtotal',
  `subtotal_with_discount` decimal(20,4) NOT NULL DEFAULT '0.0000' COMMENT 'Subtotal With Discount',
  `base_subtotal_with_discount` decimal(20,4) NOT NULL DEFAULT '0.0000' COMMENT 'Base Subtotal With Discount',
  `tax_amount` decimal(20,4) NOT NULL DEFAULT '0.0000' COMMENT 'Tax Amount',
  `base_tax_amount` decimal(20,4) NOT NULL DEFAULT '0.0000' COMMENT 'Base Tax Amount',
  `shipping_amount` decimal(20,4) NOT NULL DEFAULT '0.0000' COMMENT 'Shipping Amount',
  `base_shipping_amount` decimal(20,4) NOT NULL DEFAULT '0.0000' COMMENT 'Base Shipping Amount',
  `shipping_tax_amount` decimal(20,4) DEFAULT NULL COMMENT 'Shipping Tax Amount',
  `base_shipping_tax_amount` decimal(20,4) DEFAULT NULL COMMENT 'Base Shipping Tax Amount',
  `discount_amount` decimal(20,4) NOT NULL DEFAULT '0.0000' COMMENT 'Discount Amount',
  `base_discount_amount` decimal(20,4) NOT NULL DEFAULT '0.0000' COMMENT 'Base Discount Amount',
  `grand_total` decimal(20,4) NOT NULL DEFAULT '0.0000' COMMENT 'Grand Total',
  `base_grand_total` decimal(20,4) NOT NULL DEFAULT '0.0000' COMMENT 'Base Grand Total',
  `customer_notes` text COMMENT 'Customer Notes',
  `applied_taxes` text COMMENT 'Applied Taxes',
  `discount_description` varchar(255) DEFAULT NULL COMMENT 'Discount Description',
  `shipping_discount_amount` decimal(20,4) DEFAULT NULL COMMENT 'Shipping Discount Amount',
  `base_shipping_discount_amount` decimal(20,4) DEFAULT NULL COMMENT 'Base Shipping Discount Amount',
  `subtotal_incl_tax` decimal(20,4) DEFAULT NULL COMMENT 'Subtotal Incl Tax',
  `base_subtotal_total_incl_tax` decimal(20,4) DEFAULT NULL COMMENT 'Base Subtotal Total Incl Tax',
  `discount_tax_compensation_amount` decimal(20,4) DEFAULT NULL COMMENT 'Discount Tax Compensation Amount',
  `base_discount_tax_compensation_amount` decimal(20,4) DEFAULT NULL COMMENT 'Base Discount Tax Compensation Amount',
  `shipping_discount_tax_compensation_amount` decimal(20,4) DEFAULT NULL COMMENT 'Shipping Discount Tax Compensation Amount',
  `base_shipping_discount_tax_compensation_amnt` decimal(20,4) DEFAULT NULL COMMENT 'Base Shipping Discount Tax Compensation Amount',
  `shipping_incl_tax` decimal(20,4) DEFAULT NULL COMMENT 'Shipping Incl Tax',
  `base_shipping_incl_tax` decimal(20,4) DEFAULT NULL COMMENT 'Base Shipping Incl Tax',
  `free_shipping` smallint(5) unsigned NOT NULL DEFAULT '0' COMMENT 'Free Shipping',
  `vat_id` text COMMENT 'Vat ID',
  `vat_is_valid` smallint(6) DEFAULT NULL COMMENT 'Vat Is Valid',
  `vat_request_id` text COMMENT 'Vat Request ID',
  `vat_request_date` text COMMENT 'Vat Request Date',
  `vat_request_success` smallint(6) DEFAULT NULL COMMENT 'Vat Request Success',
  `gift_message_id` int(11) DEFAULT NULL COMMENT 'Gift Message ID',
  `validated_country_code` text COMMENT 'Validated Country Code',
  `validated_vat_number` text COMMENT 'Validated Vat Number',
  PRIMARY KEY (`address_id`),
  KEY `QUOTE_ADDRESS_QUOTE_ID` (`quote_id`),
  CONSTRAINT `QUOTE_ADDRESS_QUOTE_ID_QUOTE_ENTITY_ID` FOREIGN KEY (`quote_id`) REFERENCES `quote` (`entity_id`) ON DELETE CASCADE
) ENGINE=InnoDB AUTO_INCREMENT=21 DEFAULT CHARSET=utf8 COMMENT='Sales Flat Quote Address';

--
-- Dumping data for table `quote_address`
--

INSERT INTO `quote_address` VALUES (1,1,'2017-01-17 04:06:05','2017-10-26 03:39:54',NULL,0,NULL,'billing',NULL,NULL,NULL,NULL,NULL,NULL,NULL,NULL,NULL,NULL,NULL,NULL,NULL,NULL,NULL,0,0,NULL,NULL,0.0000,0.0000,0.0000,0.0000,0.0000,0.0000,0.0000,0.0000,0.0000,NULL,NULL,0.0000,0.0000,0.0000,0.0000,NULL,'null',NULL,NULL,NULL,0.0000,NULL,0.0000,0.0000,0.0000,NULL,NULL,NULL,0,NULL,NULL,NULL,NULL,NULL,NULL,NULL,NULL),(2,1,'2017-01-17 04:06:05','2017-10-26 03:39:54',NULL,0,NULL,'shipping',NULL,NULL,NULL,NULL,NULL,NULL,NULL,NULL,NULL,NULL,NULL,NULL,NULL,NULL,NULL,1,1,NULL,NULL,2.0000,120.0000,120.0000,120.0000,120.0000,0.0000,0.0000,0.0000,0.0000,0.0000,0.0000,0.0000,0.0000,120.0000,120.0000,NULL,'[]',NULL,0.0000,0.0000,120.0000,120.0000,0.0000,0.0000,0.0000,NULL,0.0000,0.0000,0,NULL,NULL,NULL,NULL,NULL,NULL,NULL,NULL),(3,2,'2017-02-18 03:09:31','2017-10-26 03:39:54',NULL,0,NULL,'billing',NULL,NULL,NULL,NULL,NULL,NULL,NULL,NULL,NULL,NULL,NULL,NULL,NULL,NULL,NULL,0,0,NULL,NULL,0.0000,0.0000,0.0000,0.0000,0.0000,0.0000,0.0000,0.0000,0.0000,NULL,NULL,0.0000,0.0000,0.0000,0.0000,NULL,'null',NULL,NULL,NULL,0.0000,NULL,0.0000,0.0000,0.0000,NULL,NULL,NULL,0,NULL,NULL,NULL,NULL,NULL,NULL,NULL,NULL),(4,2,'2017-02-18 03:09:31','2017-10-26 03:39:54',NULL,0,NULL,'shipping',NULL,NULL,NULL,NULL,NULL,NULL,NULL,NULL,NULL,NULL,NULL,NULL,NULL,NULL,NULL,1,0,NULL,NULL,1.0000,220.0000,220.0000,220.0000,220.0000,0.0000,0.0000,0.0000,0.0000,0.0000,0.0000,0.0000,0.0000,220.0000,220.0000,NULL,'[]',NULL,0.0000,0.0000,220.0000,220.0000,0.0000,0.0000,0.0000,NULL,0.0000,0.0000,0,NULL,NULL,NULL,NULL,NULL,NULL,NULL,NULL),(5,3,'2017-03-29 19:51:19','2017-10-26 03:39:54',NULL,0,NULL,'billing',NULL,NULL,NULL,NULL,NULL,NULL,NULL,NULL,NULL,NULL,NULL,NULL,NULL,NULL,NULL,0,0,NULL,NULL,0.0000,0.0000,0.0000,0.0000,0.0000,0.0000,0.0000,0.0000,0.0000,NULL,NULL,0.0000,0.0000,0.0000,0.0000,NULL,'null',NULL,NULL,NULL,0.0000,NULL,0.0000,0.0000,0.0000,NULL,NULL,NULL,0,NULL,NULL,NULL,NULL,NULL,NULL,NULL,NULL),(6,3,'2017-03-29 19:51:19','2017-10-26 03:39:54',NULL,0,NULL,'shipping',NULL,NULL,NULL,NULL,NULL,NULL,NULL,NULL,NULL,NULL,NULL,NULL,NULL,NULL,NULL,1,0,NULL,NULL,1.0000,50.0000,50.0000,50.0000,50.0000,0.0000,0.0000,0.0000,0.0000,0.0000,0.0000,0.0000,0.0000,50.0000,50.0000,NULL,'[]',NULL,0.0000,0.0000,50.0000,50.0000,0.0000,0.0000,0.0000,NULL,0.0000,0.0000,0,NULL,NULL,NULL,NULL,NULL,NULL,NULL,NULL),(7,4,'2017-09-24 02:31:40','2017-10-26 03:39:54',NULL,0,NULL,'billing',NULL,NULL,NULL,NULL,NULL,NULL,NULL,NULL,NULL,NULL,NULL,NULL,NULL,NULL,NULL,0,0,NULL,NULL,0.0000,0.0000,0.0000,0.0000,0.0000,0.0000,0.0000,0.0000,0.0000,NULL,NULL,0.0000,0.0000,0.0000,0.0000,NULL,'null',NULL,NULL,NULL,0.0000,NULL,0.0000,0.0000,0.0000,NULL,NULL,NULL,0,NULL,NULL,NULL,NULL,NULL,NULL,NULL,NULL),(8,4,'2017-09-24 02:31:40','2017-10-26 03:39:54',NULL,0,NULL,'shipping',NULL,NULL,NULL,NULL,NULL,NULL,NULL,NULL,NULL,NULL,NULL,NULL,NULL,NULL,NULL,1,0,NULL,NULL,1.0000,50.0000,50.0000,50.0000,50.0000,0.0000,0.0000,0.0000,0.0000,0.0000,0.0000,0.0000,0.0000,50.0000,50.0000,NULL,'[]',NULL,0.0000,0.0000,50.0000,50.0000,0.0000,0.0000,0.0000,NULL,0.0000,0.0000,0,NULL,NULL,NULL,NULL,NULL,NULL,NULL,NULL),(9,5,'2017-09-24 03:45:01','2017-10-26 03:39:54',NULL,0,NULL,'billing',NULL,NULL,NULL,NULL,NULL,NULL,NULL,NULL,NULL,NULL,NULL,NULL,NULL,NULL,NULL,0,0,NULL,NULL,0.0000,0.0000,0.0000,0.0000,0.0000,0.0000,0.0000,0.0000,0.0000,NULL,NULL,0.0000,0.0000,0.0000,0.0000,NULL,'null',NULL,NULL,NULL,0.0000,NULL,0.0000,0.0000,0.0000,NULL,NULL,NULL,0,NULL,NULL,NULL,NULL,NULL,NULL,NULL,NULL),(10,5,'2017-09-24 03:45:01','2017-10-26 03:39:54',NULL,0,NULL,'shipping',NULL,NULL,NULL,NULL,NULL,NULL,NULL,NULL,NULL,NULL,NULL,NULL,NULL,NULL,NULL,1,0,NULL,NULL,1.0000,70.0000,70.0000,70.0000,70.0000,0.0000,0.0000,0.0000,0.0000,0.0000,0.0000,0.0000,0.0000,70.0000,70.0000,NULL,'[]',NULL,0.0000,0.0000,70.0000,70.0000,0.0000,0.0000,0.0000,NULL,0.0000,0.0000,0,NULL,NULL,NULL,NULL,NULL,NULL,NULL,NULL),(11,6,'2018-05-24 14:10:26','0000-00-00 00:00:00',NULL,0,NULL,'billing',NULL,NULL,NULL,NULL,NULL,NULL,NULL,NULL,NULL,NULL,NULL,NULL,NULL,NULL,NULL,0,0,NULL,NULL,0.0000,0.0000,0.0000,0.0000,0.0000,0.0000,0.0000,0.0000,0.0000,NULL,NULL,0.0000,0.0000,0.0000,0.0000,NULL,'null',NULL,NULL,NULL,0.0000,NULL,0.0000,0.0000,0.0000,NULL,NULL,NULL,0,NULL,NULL,NULL,NULL,NULL,NULL,NULL,NULL),(12,6,'2018-05-24 14:10:26','0000-00-00 00:00:00',NULL,0,NULL,'shipping',NULL,NULL,NULL,NULL,NULL,NULL,NULL,NULL,NULL,NULL,NULL,NULL,NULL,NULL,NULL,1,1,NULL,NULL,2.0000,160.0000,160.0000,160.0000,160.0000,0.0000,0.0000,0.0000,0.0000,0.0000,0.0000,0.0000,0.0000,160.0000,160.0000,NULL,'[]',NULL,0.0000,0.0000,160.0000,160.0000,0.0000,0.0000,0.0000,NULL,0.0000,0.0000,0,NULL,NULL,NULL,NULL,NULL,NULL,NULL,NULL),(13,7,'2018-05-24 14:12:33','0000-00-00 00:00:00',NULL,0,NULL,'billing',NULL,NULL,NULL,NULL,NULL,NULL,NULL,NULL,NULL,NULL,NULL,NULL,'US',NULL,NULL,0,0,NULL,NULL,0.0000,0.0000,0.0000,0.0000,0.0000,0.0000,0.0000,0.0000,0.0000,NULL,NULL,0.0000,0.0000,0.0000,0.0000,NULL,'null',NULL,NULL,NULL,0.0000,NULL,0.0000,0.0000,0.0000,NULL,NULL,NULL,0,NULL,NULL,NULL,NULL,NULL,NULL,NULL,NULL),(14,7,'2018-05-24 14:12:34','2018-05-24 14:19:17',NULL,0,NULL,'shipping',NULL,NULL,NULL,NULL,NULL,NULL,NULL,NULL,NULL,NULL,NULL,NULL,'US',NULL,NULL,0,0,'flatrate_flatrate','Flat Rate - Fixed',6.0000,700.0000,700.0000,700.0000,700.0000,0.0000,0.0000,30.0000,30.0000,0.0000,0.0000,0.0000,0.0000,730.0000,730.0000,NULL,'[]',NULL,0.0000,0.0000,700.0000,700.0000,0.0000,0.0000,0.0000,NULL,30.0000,30.0000,0,NULL,NULL,NULL,NULL,NULL,NULL,NULL,NULL),(16,8,'2021-05-04 02:56:48','2021-05-04 03:23:11',1,1,1,'shipping','abc@gmail.com',NULL,'test',NULL,'test',NULL,NULL,'2245\n2345\n2345','2452345',NULL,NULL,'234','GB','0834296822',NULL,0,0,'flatrate_flatrate','Flat Rate - Fixed',3.0000,400.0000,400.0000,400.0000,400.0000,0.0000,0.0000,15.0000,15.0000,0.0000,0.0000,0.0000,0.0000,415.0000,415.0000,NULL,'[]',NULL,0.0000,0.0000,400.0000,400.0000,0.0000,0.0000,0.0000,NULL,15.0000,15.0000,0,NULL,NULL,NULL,NULL,NULL,NULL,NULL,NULL),(18,8,'2021-05-04 03:23:16','2021-05-04 03:23:16',1,NULL,NULL,'billing','abc@gmail.com',NULL,'test',NULL,'test',NULL,NULL,'2245\n2345\n2345','2452345',NULL,NULL,'234','GB','0834296822',NULL,0,0,NULL,NULL,0.0000,0.0000,0.0000,0.0000,0.0000,0.0000,0.0000,0.0000,0.0000,0.0000,0.0000,0.0000,0.0000,0.0000,0.0000,NULL,'null',NULL,0.0000,0.0000,0.0000,NULL,0.0000,0.0000,0.0000,NULL,0.0000,0.0000,0,NULL,NULL,NULL,NULL,NULL,NULL,NULL,NULL),(19,9,'2021-05-04 09:15:23','2021-05-04 09:15:23',NULL,0,NULL,'billing',NULL,NULL,NULL,NULL,NULL,NULL,NULL,NULL,NULL,NULL,NULL,NULL,NULL,NULL,NULL,0,0,NULL,NULL,0.0000,0.0000,0.0000,0.0000,0.0000,0.0000,0.0000,0.0000,0.0000,0.0000,0.0000,0.0000,0.0000,0.0000,0.0000,NULL,'null',NULL,0.0000,0.0000,0.0000,NULL,0.0000,0.0000,0.0000,NULL,0.0000,0.0000,0,NULL,NULL,NULL,NULL,NULL,NULL,NULL,NULL),(20,9,'2021-05-04 09:15:23','2021-05-04 09:15:23',NULL,0,NULL,'shipping',NULL,NULL,NULL,NULL,NULL,NULL,NULL,NULL,NULL,NULL,NULL,NULL,NULL,NULL,NULL,1,0,NULL,NULL,4.0000,404.0000,404.0000,404.0000,404.0000,0.0000,0.0000,0.0000,0.0000,0.0000,0.0000,0.0000,0.0000,404.0000,404.0000,NULL,'[]',NULL,0.0000,0.0000,404.0000,404.0000,0.0000,0.0000,0.0000,NULL,0.0000,0.0000,0,NULL,NULL,NULL,NULL,NULL,NULL,NULL,NULL);

--
-- Table structure for table `quote_address_item`
--

CREATE TABLE `quote_address_item` (
  `address_item_id` int(10) unsigned NOT NULL AUTO_INCREMENT COMMENT 'Address Item ID',
  `parent_item_id` int(10) unsigned DEFAULT NULL COMMENT 'Parent Item ID',
  `quote_address_id` int(10) unsigned NOT NULL DEFAULT '0' COMMENT 'Quote Address ID',
  `quote_item_id` int(10) unsigned NOT NULL DEFAULT '0' COMMENT 'Quote Item ID',
  `created_at` timestamp NOT NULL DEFAULT CURRENT_TIMESTAMP COMMENT 'Created At',
  `updated_at` timestamp NOT NULL DEFAULT CURRENT_TIMESTAMP ON UPDATE CURRENT_TIMESTAMP COMMENT 'Updated At',
  `applied_rule_ids` text COMMENT 'Applied Rule Ids',
  `additional_data` text COMMENT 'Additional Data',
  `weight` decimal(12,4) DEFAULT '0.0000' COMMENT 'Weight',
  `qty` decimal(12,4) NOT NULL DEFAULT '0.0000' COMMENT 'Qty',
  `discount_amount` decimal(20,4) DEFAULT '0.0000' COMMENT 'Discount Amount',
  `tax_amount` decimal(20,4) DEFAULT '0.0000' COMMENT 'Tax Amount',
  `row_total` decimal(20,4) NOT NULL DEFAULT '0.0000' COMMENT 'Row Total',
  `base_row_total` decimal(20,4) NOT NULL DEFAULT '0.0000' COMMENT 'Base Row Total',
  `row_total_with_discount` decimal(20,4) DEFAULT '0.0000' COMMENT 'Row Total With Discount',
  `base_discount_amount` decimal(20,4) DEFAULT '0.0000' COMMENT 'Base Discount Amount',
  `base_tax_amount` decimal(20,4) DEFAULT '0.0000' COMMENT 'Base Tax Amount',
  `row_weight` decimal(12,4) DEFAULT '0.0000' COMMENT 'Row Weight',
  `product_id` int(10) unsigned DEFAULT NULL COMMENT 'Product ID',
  `super_product_id` int(10) unsigned DEFAULT NULL COMMENT 'Super Product ID',
  `parent_product_id` int(10) unsigned DEFAULT NULL COMMENT 'Parent Product ID',
  `sku` varchar(255) DEFAULT NULL COMMENT 'Sku',
  `image` varchar(255) DEFAULT NULL COMMENT 'Image',
  `name` varchar(255) DEFAULT NULL COMMENT 'Name',
  `description` text COMMENT 'Description',
  `is_qty_decimal` int(10) unsigned DEFAULT NULL COMMENT 'Is Qty Decimal',
  `price` decimal(12,4) DEFAULT NULL COMMENT 'Price',
  `discount_percent` decimal(12,4) DEFAULT NULL COMMENT 'Discount Percent',
  `no_discount` int(10) unsigned DEFAULT NULL COMMENT 'No Discount',
  `tax_percent` decimal(12,4) DEFAULT NULL COMMENT 'Tax Percent',
  `base_price` decimal(12,4) DEFAULT NULL COMMENT 'Base Price',
  `base_cost` decimal(12,4) DEFAULT NULL COMMENT 'Base Cost',
  `price_incl_tax` decimal(20,4) DEFAULT NULL COMMENT 'Price Incl Tax',
  `base_price_incl_tax` decimal(20,4) DEFAULT NULL COMMENT 'Base Price Incl Tax',
  `row_total_incl_tax` decimal(20,4) DEFAULT NULL COMMENT 'Row Total Incl Tax',
  `base_row_total_incl_tax` decimal(20,4) DEFAULT NULL COMMENT 'Base Row Total Incl Tax',
  `discount_tax_compensation_amount` decimal(20,4) DEFAULT NULL COMMENT 'Discount Tax Compensation Amount',
  `base_discount_tax_compensation_amount` decimal(20,4) DEFAULT NULL COMMENT 'Base Discount Tax Compensation Amount',
  `free_shipping` int(10) unsigned DEFAULT NULL COMMENT 'Free Shipping',
  `gift_message_id` int(11) DEFAULT NULL COMMENT 'Gift Message ID',
  `store_id` smallint(5) unsigned DEFAULT NULL COMMENT 'Store ID',
  PRIMARY KEY (`address_item_id`),
  KEY `QUOTE_ADDRESS_ITEM_QUOTE_ADDRESS_ID` (`quote_address_id`),
  KEY `QUOTE_ADDRESS_ITEM_PARENT_ITEM_ID` (`parent_item_id`),
  KEY `QUOTE_ADDRESS_ITEM_QUOTE_ITEM_ID` (`quote_item_id`),
  KEY `QUOTE_ADDRESS_ITEM_STORE_ID` (`store_id`),
  CONSTRAINT `QUOTE_ADDRESS_ITEM_QUOTE_ADDRESS_ID_QUOTE_ADDRESS_ADDRESS_ID` FOREIGN KEY (`quote_address_id`) REFERENCES `quote_address` (`address_id`) ON DELETE CASCADE,
  CONSTRAINT `QUOTE_ADDRESS_ITEM_QUOTE_ITEM_ID_QUOTE_ITEM_ITEM_ID` FOREIGN KEY (`quote_item_id`) REFERENCES `quote_item` (`item_id`) ON DELETE CASCADE,
  CONSTRAINT `QUOTE_ADDR_ITEM_PARENT_ITEM_ID_QUOTE_ADDR_ITEM_ADDR_ITEM_ID` FOREIGN KEY (`parent_item_id`) REFERENCES `quote_address_item` (`address_item_id`) ON DELETE CASCADE
) ENGINE=InnoDB DEFAULT CHARSET=utf8 COMMENT='Sales Flat Quote Address Item';

--
-- Dumping data for table `quote_address_item`
--


--
-- Table structure for table `quote_id_mask`
--

CREATE TABLE `quote_id_mask` (
  `entity_id` int(10) unsigned NOT NULL AUTO_INCREMENT COMMENT 'Entity ID',
  `quote_id` int(10) unsigned NOT NULL COMMENT 'Quote ID',
  `masked_id` varchar(32) DEFAULT NULL COMMENT 'Masked ID',
  PRIMARY KEY (`entity_id`,`quote_id`),
  KEY `QUOTE_ID_MASK_QUOTE_ID` (`quote_id`),
  KEY `QUOTE_ID_MASK_MASKED_ID` (`masked_id`),
  CONSTRAINT `QUOTE_ID_MASK_QUOTE_ID_QUOTE_ENTITY_ID` FOREIGN KEY (`quote_id`) REFERENCES `quote` (`entity_id`) ON DELETE CASCADE
) ENGINE=InnoDB AUTO_INCREMENT=10 DEFAULT CHARSET=utf8 COMMENT='Quote ID and masked ID mapping';

--
-- Dumping data for table `quote_id_mask`
--

INSERT INTO `quote_id_mask` VALUES (4,4,'0fb3f60a6fd8f7615bcf218383f7e067'),(3,3,'3313f023ea2d420a4f2da703dc904ceb'),(1,1,'64a76550128c3ef9b2e75829d1586d7a'),(5,5,'8c77b7381a6d5de9b3e8ea9298560649'),(6,6,'a7a19c8a1d05987c1cd9899065cf29d8'),(7,7,'b55b33d35d1b0186f9f91a6f19e968e3'),(2,2,'e0eb42c2b3b3b7e35ed784161cbe77e4'),(8,8,'QyLY8LEx51FmlKVmrFrRDP8Q2vK4t5ec'),(9,9,'wdcd6Kv1lcpIdtDQ4YkYzJj2OKrXtS9B');

--
-- Table structure for table `quote_item`
--

CREATE TABLE `quote_item` (
  `item_id` int(10) unsigned NOT NULL AUTO_INCREMENT COMMENT 'Item ID',
  `quote_id` int(10) unsigned NOT NULL DEFAULT '0' COMMENT 'Quote ID',
  `created_at` timestamp NOT NULL DEFAULT CURRENT_TIMESTAMP COMMENT 'Created At',
  `updated_at` timestamp NOT NULL DEFAULT CURRENT_TIMESTAMP ON UPDATE CURRENT_TIMESTAMP COMMENT 'Updated At',
  `product_id` int(10) unsigned DEFAULT NULL COMMENT 'Product ID',
  `store_id` smallint(5) unsigned DEFAULT NULL COMMENT 'Store ID',
  `parent_item_id` int(10) unsigned DEFAULT NULL COMMENT 'Parent Item ID',
  `is_virtual` smallint(5) unsigned DEFAULT NULL COMMENT 'Is Virtual',
  `sku` varchar(255) DEFAULT NULL COMMENT 'Sku',
  `name` varchar(255) DEFAULT NULL COMMENT 'Name',
  `description` text COMMENT 'Description',
  `applied_rule_ids` text COMMENT 'Applied Rule Ids',
  `additional_data` text COMMENT 'Additional Data',
  `is_qty_decimal` smallint(5) unsigned DEFAULT NULL COMMENT 'Is Qty Decimal',
  `no_discount` smallint(5) unsigned DEFAULT '0' COMMENT 'No Discount',
  `weight` decimal(12,4) DEFAULT '0.0000' COMMENT 'Weight',
  `qty` decimal(12,4) NOT NULL DEFAULT '0.0000' COMMENT 'Qty',
  `price` decimal(12,4) NOT NULL DEFAULT '0.0000' COMMENT 'Price',
  `base_price` decimal(12,4) NOT NULL DEFAULT '0.0000' COMMENT 'Base Price',
  `custom_price` decimal(12,4) DEFAULT NULL COMMENT 'Custom Price',
  `discount_percent` decimal(12,4) DEFAULT '0.0000' COMMENT 'Discount Percent',
  `discount_amount` decimal(20,4) DEFAULT '0.0000' COMMENT 'Discount Amount',
  `base_discount_amount` decimal(20,4) DEFAULT '0.0000' COMMENT 'Base Discount Amount',
  `tax_percent` decimal(12,4) DEFAULT '0.0000' COMMENT 'Tax Percent',
  `tax_amount` decimal(20,4) DEFAULT '0.0000' COMMENT 'Tax Amount',
  `base_tax_amount` decimal(20,4) DEFAULT '0.0000' COMMENT 'Base Tax Amount',
  `row_total` decimal(20,4) NOT NULL DEFAULT '0.0000' COMMENT 'Row Total',
  `base_row_total` decimal(20,4) NOT NULL DEFAULT '0.0000' COMMENT 'Base Row Total',
  `row_total_with_discount` decimal(20,4) DEFAULT '0.0000' COMMENT 'Row Total With Discount',
  `row_weight` decimal(12,4) DEFAULT '0.0000' COMMENT 'Row Weight',
  `product_type` varchar(255) DEFAULT NULL COMMENT 'Product Type',
  `base_tax_before_discount` decimal(20,4) DEFAULT NULL COMMENT 'Base Tax Before Discount',
  `tax_before_discount` decimal(20,4) DEFAULT NULL COMMENT 'Tax Before Discount',
  `original_custom_price` decimal(12,4) DEFAULT NULL COMMENT 'Original Custom Price',
  `redirect_url` varchar(255) DEFAULT NULL COMMENT 'Redirect Url',
  `base_cost` decimal(12,4) DEFAULT NULL COMMENT 'Base Cost',
  `price_incl_tax` decimal(20,4) DEFAULT NULL COMMENT 'Price Incl Tax',
  `base_price_incl_tax` decimal(20,4) DEFAULT NULL COMMENT 'Base Price Incl Tax',
  `row_total_incl_tax` decimal(20,4) DEFAULT NULL COMMENT 'Row Total Incl Tax',
  `base_row_total_incl_tax` decimal(20,4) DEFAULT NULL COMMENT 'Base Row Total Incl Tax',
  `discount_tax_compensation_amount` decimal(20,4) DEFAULT NULL COMMENT 'Discount Tax Compensation Amount',
  `base_discount_tax_compensation_amount` decimal(20,4) DEFAULT NULL COMMENT 'Base Discount Tax Compensation Amount',
  `free_shipping` smallint(5) unsigned NOT NULL DEFAULT '0' COMMENT 'Free Shipping',
  `gift_message_id` int(11) DEFAULT NULL COMMENT 'Gift Message ID',
  `weee_tax_applied` text COMMENT 'Weee Tax Applied',
  `weee_tax_applied_amount` decimal(12,4) DEFAULT NULL COMMENT 'Weee Tax Applied Amount',
  `weee_tax_applied_row_amount` decimal(12,4) DEFAULT NULL COMMENT 'Weee Tax Applied Row Amount',
  `weee_tax_disposition` decimal(12,4) DEFAULT NULL COMMENT 'Weee Tax Disposition',
  `weee_tax_row_disposition` decimal(12,4) DEFAULT NULL COMMENT 'Weee Tax Row Disposition',
  `base_weee_tax_applied_amount` decimal(12,4) DEFAULT NULL COMMENT 'Base Weee Tax Applied Amount',
  `base_weee_tax_applied_row_amnt` decimal(12,4) DEFAULT NULL COMMENT 'Base Weee Tax Applied Row Amnt',
  `base_weee_tax_disposition` decimal(12,4) DEFAULT NULL COMMENT 'Base Weee Tax Disposition',
  `base_weee_tax_row_disposition` decimal(12,4) DEFAULT NULL COMMENT 'Base Weee Tax Row Disposition',
  `is_excluded_product` smallint(5) unsigned DEFAULT '0' COMMENT 'Is Excluded Product',
  PRIMARY KEY (`item_id`),
  KEY `QUOTE_ITEM_PARENT_ITEM_ID` (`parent_item_id`),
  KEY `QUOTE_ITEM_PRODUCT_ID` (`product_id`),
  KEY `QUOTE_ITEM_QUOTE_ID` (`quote_id`),
  KEY `QUOTE_ITEM_STORE_ID` (`store_id`),
  CONSTRAINT `QUOTE_ITEM_PARENT_ITEM_ID_QUOTE_ITEM_ITEM_ID` FOREIGN KEY (`parent_item_id`) REFERENCES `quote_item` (`item_id`) ON DELETE CASCADE,
  CONSTRAINT `QUOTE_ITEM_PRODUCT_ID_CATALOG_PRODUCT_ENTITY_ENTITY_ID` FOREIGN KEY (`product_id`) REFERENCES `catalog_product_entity` (`entity_id`) ON DELETE CASCADE,
  CONSTRAINT `QUOTE_ITEM_QUOTE_ID_QUOTE_ENTITY_ID` FOREIGN KEY (`quote_id`) REFERENCES `quote` (`entity_id`) ON DELETE CASCADE,
  CONSTRAINT `QUOTE_ITEM_STORE_ID_STORE_STORE_ID` FOREIGN KEY (`store_id`) REFERENCES `store` (`store_id`) ON DELETE SET NULL
) ENGINE=InnoDB AUTO_INCREMENT=18 DEFAULT CHARSET=utf8 COMMENT='Sales Flat Quote Item';

--
-- Dumping data for table `quote_item`
--

INSERT INTO `quote_item` VALUES (1,1,'2017-01-17 04:06:05','0000-00-00 00:00:00',6,1,NULL,0,'Sample Product','Sample Product',NULL,NULL,NULL,0,0,1.0000,1.0000,50.0000,50.0000,NULL,0.0000,0.0000,0.0000,0.0000,0.0000,0.0000,50.0000,50.0000,0.0000,1.0000,'simple',NULL,NULL,NULL,NULL,NULL,50.0000,50.0000,50.0000,50.0000,0.0000,0.0000,0,NULL,NULL,NULL,NULL,NULL,NULL,NULL,NULL,NULL,NULL,0),(2,1,'2017-01-17 04:06:21','0000-00-00 00:00:00',4,1,NULL,0,'Sheri Collar Shirt','Sheri Collar Shirt',NULL,NULL,NULL,0,0,1.0000,1.0000,70.0000,70.0000,NULL,0.0000,0.0000,0.0000,0.0000,0.0000,0.0000,70.0000,70.0000,0.0000,1.0000,'simple',NULL,NULL,NULL,NULL,NULL,70.0000,70.0000,70.0000,70.0000,0.0000,0.0000,0,NULL,NULL,NULL,NULL,NULL,NULL,NULL,NULL,NULL,NULL,0),(3,2,'2017-02-18 03:09:31','0000-00-00 00:00:00',7,1,NULL,0,'Elizabeth Kint Top','Elizabeth Kint Top',NULL,NULL,NULL,0,0,1.0000,1.0000,220.0000,220.0000,NULL,0.0000,0.0000,0.0000,0.0000,0.0000,0.0000,220.0000,220.0000,0.0000,1.0000,'simple',NULL,NULL,NULL,NULL,NULL,220.0000,220.0000,220.0000,220.0000,0.0000,0.0000,0,NULL,NULL,NULL,NULL,NULL,NULL,NULL,NULL,NULL,NULL,0),(4,3,'2017-03-29 19:51:19','0000-00-00 00:00:00',6,1,NULL,0,'Sample Product','Sample Product',NULL,NULL,NULL,0,0,1.0000,1.0000,50.0000,50.0000,NULL,0.0000,0.0000,0.0000,0.0000,0.0000,0.0000,50.0000,50.0000,0.0000,1.0000,'simple',NULL,NULL,NULL,NULL,NULL,50.0000,50.0000,50.0000,50.0000,0.0000,0.0000,0,NULL,NULL,NULL,NULL,NULL,NULL,NULL,NULL,NULL,NULL,0),(5,4,'2017-09-24 02:31:40','0000-00-00 00:00:00',6,1,NULL,0,'Sample Product','Sample Product',NULL,NULL,NULL,0,0,1.0000,1.0000,50.0000,50.0000,NULL,0.0000,0.0000,0.0000,0.0000,0.0000,0.0000,50.0000,50.0000,0.0000,1.0000,'simple',NULL,NULL,NULL,NULL,NULL,50.0000,50.0000,50.0000,50.0000,0.0000,0.0000,0,NULL,NULL,NULL,NULL,NULL,NULL,NULL,NULL,NULL,NULL,0),(6,5,'2017-09-24 03:45:01','0000-00-00 00:00:00',1,1,NULL,0,'Women Blouse','Women Blouse',NULL,NULL,NULL,0,0,1.0000,1.0000,70.0000,70.0000,NULL,0.0000,0.0000,0.0000,0.0000,0.0000,0.0000,70.0000,70.0000,0.0000,1.0000,'simple',NULL,NULL,NULL,NULL,NULL,70.0000,70.0000,70.0000,70.0000,0.0000,0.0000,0,NULL,NULL,NULL,NULL,NULL,NULL,NULL,NULL,NULL,NULL,0),(7,6,'2018-05-24 14:10:26','0000-00-00 00:00:00',1,1,NULL,0,'Women Blouse','Women Blouse',NULL,NULL,NULL,0,0,1.0000,1.0000,70.0000,70.0000,NULL,0.0000,0.0000,0.0000,0.0000,0.0000,0.0000,70.0000,70.0000,0.0000,1.0000,'simple',NULL,NULL,NULL,NULL,NULL,70.0000,70.0000,70.0000,70.0000,0.0000,0.0000,0,NULL,NULL,NULL,NULL,NULL,NULL,NULL,NULL,NULL,NULL,0),(8,6,'2018-05-24 14:10:31','0000-00-00 00:00:00',2,1,NULL,0,'Fashion Dress','Fashion Dress',NULL,NULL,NULL,0,0,1.0000,1.0000,90.0000,90.0000,NULL,0.0000,0.0000,0.0000,0.0000,0.0000,0.0000,90.0000,90.0000,0.0000,1.0000,'simple',NULL,NULL,NULL,NULL,NULL,90.0000,90.0000,90.0000,90.0000,0.0000,0.0000,0,NULL,NULL,NULL,NULL,NULL,NULL,NULL,NULL,NULL,NULL,0),(9,7,'2018-05-24 14:12:34','0000-00-00 00:00:00',1,1,NULL,0,'Women Blouse','Women Blouse',NULL,NULL,NULL,0,0,1.0000,1.0000,70.0000,70.0000,NULL,0.0000,0.0000,0.0000,0.0000,0.0000,0.0000,70.0000,70.0000,0.0000,1.0000,'simple',NULL,NULL,NULL,NULL,NULL,70.0000,70.0000,70.0000,70.0000,0.0000,0.0000,0,NULL,NULL,NULL,NULL,NULL,NULL,NULL,NULL,NULL,NULL,0),(10,7,'2018-05-24 14:12:56','0000-00-00 00:00:00',2,1,NULL,0,'Fashion Dress','Fashion Dress',NULL,NULL,NULL,0,0,1.0000,1.0000,90.0000,90.0000,NULL,0.0000,0.0000,0.0000,0.0000,0.0000,0.0000,90.0000,90.0000,0.0000,1.0000,'simple',NULL,NULL,NULL,NULL,NULL,90.0000,90.0000,90.0000,90.0000,0.0000,0.0000,0,NULL,NULL,NULL,NULL,NULL,NULL,NULL,NULL,NULL,NULL,0),(11,7,'2018-05-24 14:12:59','2018-05-24 14:13:21',3,1,NULL,0,'Blue Denim Jeans','Blue Denim Jeans',NULL,NULL,NULL,0,0,1.0000,2.0000,200.0000,200.0000,NULL,0.0000,0.0000,0.0000,0.0000,0.0000,0.0000,400.0000,400.0000,0.0000,2.0000,'simple',NULL,NULL,NULL,NULL,NULL,200.0000,200.0000,400.0000,400.0000,0.0000,0.0000,0,NULL,NULL,NULL,NULL,NULL,NULL,NULL,NULL,NULL,NULL,0),(12,7,'2018-05-24 14:13:00','2018-05-24 14:13:23',4,1,NULL,0,'Sheri Collar Shirt','Sheri Collar Shirt',NULL,NULL,NULL,0,0,1.0000,2.0000,70.0000,70.0000,NULL,0.0000,0.0000,0.0000,0.0000,0.0000,0.0000,140.0000,140.0000,0.0000,2.0000,'simple',NULL,NULL,NULL,NULL,NULL,70.0000,70.0000,140.0000,140.0000,0.0000,0.0000,0,NULL,NULL,NULL,NULL,NULL,NULL,NULL,NULL,NULL,NULL,0),(13,8,'2021-05-04 02:56:48','2021-05-04 02:56:48',7,1,NULL,0,'Elizabeth Kint Top','Elizabeth Kint Top',NULL,NULL,NULL,0,0,1.0000,1.0000,220.0000,220.0000,NULL,0.0000,0.0000,0.0000,0.0000,0.0000,0.0000,220.0000,220.0000,0.0000,1.0000,'simple',NULL,NULL,NULL,NULL,NULL,220.0000,220.0000,220.0000,220.0000,0.0000,0.0000,0,NULL,NULL,NULL,NULL,NULL,NULL,NULL,NULL,NULL,NULL,0),(14,8,'2021-05-04 02:56:51','2021-05-04 02:56:51',8,1,NULL,0,'Pink Shirt','Pink Shirt',NULL,NULL,NULL,0,0,1.0000,1.0000,90.0000,90.0000,NULL,0.0000,0.0000,0.0000,0.0000,0.0000,0.0000,90.0000,90.0000,0.0000,1.0000,'simple',NULL,NULL,NULL,NULL,NULL,90.0000,90.0000,90.0000,90.0000,0.0000,0.0000,0,NULL,NULL,NULL,NULL,NULL,NULL,NULL,NULL,NULL,NULL,0),(15,8,'2021-05-04 02:56:55','2021-05-04 02:56:55',9,1,NULL,0,'Sample Fashion','Sample Fashion',NULL,NULL,NULL,0,0,1.0000,1.0000,90.0000,90.0000,NULL,0.0000,0.0000,0.0000,0.0000,0.0000,0.0000,90.0000,90.0000,0.0000,1.0000,'simple',NULL,NULL,NULL,NULL,NULL,90.0000,90.0000,90.0000,90.0000,0.0000,0.0000,0,NULL,NULL,NULL,NULL,NULL,NULL,NULL,NULL,NULL,NULL,0),(16,9,'2021-05-04 09:15:23','2021-05-04 09:15:23',36,1,NULL,0,'P_TYPE_VERTICAL_LAYOUT-Black','Vertical Layout Product',NULL,NULL,NULL,0,0,1.0000,4.0000,101.0000,101.0000,NULL,0.0000,0.0000,0.0000,0.0000,0.0000,0.0000,404.0000,404.0000,0.0000,4.0000,'configurable',NULL,NULL,NULL,NULL,NULL,101.0000,101.0000,404.0000,404.0000,0.0000,0.0000,0,NULL,NULL,NULL,NULL,NULL,NULL,NULL,NULL,NULL,NULL,0),(17,9,'2021-05-04 09:15:23','2021-05-04 09:15:23',37,1,16,0,'P_TYPE_VERTICAL_LAYOUT-Black','Vertical Layout Product-Black',NULL,NULL,NULL,0,0,1.0000,1.0000,101.0000,0.0000,NULL,0.0000,0.0000,0.0000,0.0000,0.0000,0.0000,0.0000,0.0000,0.0000,0.0000,'simple',NULL,NULL,NULL,NULL,NULL,NULL,NULL,NULL,NULL,NULL,NULL,0,NULL,NULL,NULL,NULL,NULL,NULL,NULL,NULL,NULL,NULL,0);

--
-- Table structure for table `quote_item_option`
--

CREATE TABLE `quote_item_option` (
  `option_id` int(10) unsigned NOT NULL AUTO_INCREMENT COMMENT 'Option ID',
  `item_id` int(10) unsigned NOT NULL COMMENT 'Item ID',
  `product_id` int(10) unsigned NOT NULL COMMENT 'Product ID',
  `code` varchar(255) NOT NULL COMMENT 'Code',
  `value` text COMMENT 'Value',
  PRIMARY KEY (`option_id`),
  KEY `QUOTE_ITEM_OPTION_ITEM_ID` (`item_id`),
  CONSTRAINT `QUOTE_ITEM_OPTION_ITEM_ID_QUOTE_ITEM_ITEM_ID` FOREIGN KEY (`item_id`) REFERENCES `quote_item` (`item_id`) ON DELETE CASCADE
) ENGINE=InnoDB AUTO_INCREMENT=22 DEFAULT CHARSET=utf8 COMMENT='Sales Flat Quote Item Option';

--
