--
-- Host: localhost    Database: klairboutique
-- ------------------------------------------------------


--
-- Table structure for table `mag2_admin_analytics_usage_version_log`
--

CREATE TABLE `mag2_admin_analytics_usage_version_log` (
  `id` int(10) unsigned NOT NULL AUTO_INCREMENT COMMENT 'Log ID',
  `last_viewed_in_version` varchar(50) NOT NULL COMMENT 'Viewer last viewed on product version',
  PRIMARY KEY (`id`),
  UNIQUE KEY `MAG2_ADMIN_ANALYTICS_USAGE_VERSION_LOG_LAST_VIEWED_IN_VERSION` (`last_viewed_in_version`)
) ENGINE=InnoDB AUTO_INCREMENT=2 DEFAULT CHARSET=utf8 COMMENT='Admin Notification Viewer Log Table';

--
-- Dumping data for table `mag2_admin_analytics_usage_version_log`
--

INSERT INTO `mag2_admin_analytics_usage_version_log` VALUES (1,'2.4.1');

--
-- Table structure for table `mag2_admin_passwords`
--

CREATE TABLE `mag2_admin_passwords` (
  `password_id` int(10) unsigned NOT NULL AUTO_INCREMENT COMMENT 'Password ID',
  `user_id` int(10) unsigned NOT NULL DEFAULT '0' COMMENT 'User ID',
  `password_hash` varchar(100) DEFAULT NULL COMMENT 'Password Hash',
  `expires` int(10) unsigned NOT NULL DEFAULT '0' COMMENT 'Deprecated',
  `last_updated` int(10) unsigned NOT NULL DEFAULT '0' COMMENT 'Last Updated',
  PRIMARY KEY (`password_id`),
  KEY `MAG2_ADMIN_PASSWORDS_USER_ID` (`user_id`),
  CONSTRAINT `MAG2_ADMIN_PASSWORDS_USER_ID_MAG2_ADMIN_USER_USER_ID` FOREIGN KEY (`user_id`) REFERENCES `mag2_admin_user` (`user_id`) ON DELETE CASCADE
) ENGINE=InnoDB AUTO_INCREMENT=72 DEFAULT CHARSET=utf8 COMMENT='Admin Passwords';

--
-- Dumping data for table `mag2_admin_passwords`
--

INSERT INTO `mag2_admin_passwords` VALUES (2,2,'058b1d117991c26dac5844dd33bbfae720dd398b581dc719f6b0662f4f3c639a:ctH0u1rtURYee6pYHX0wix4ydUJF7JmK:1',0,1544705419),(5,4,'dcb64bd5be0bab10b83aef27d0deb027f6cc74780c815582e0efc3ad62bba728:rOzeSgWHUcFukIOkpV1bSJIlPkqPTRD7:1',0,1561018419),(8,6,'19be83140c16aa7f99cd962b08a40ebcd4cdc1fb807b2de81901857da44bb919:Dx33lbfofJm7yR8AWdvbPWOUtZdu8BD2:1',0,1562840451),(11,8,'1a745779f154dd61cc0ea7f44fe2ef831b2f0c657c12200728a17b03071e805b:IjYX5ahqTepZmlCqRyJwLTfFm6Vi2F3r:1',0,1565633023),(12,9,'994c961fca67251c32c7ce48b6d03149f56b50c408beea9aa452d237a5301618:z2TQN7rjlrOj4YHMPppFAgYkmNiI1caf:1',0,1566112724),(13,10,'819476eeefd0cf11630da96b6bfbf7f55f9dbe78c2c07fc0db12791c51d6c8aa:nu5XHBcftF5M8vl63lvQ7XEKqpjLXRB0:1',0,1566147670),(14,11,'7d62072b2a1da0bc13fd6ced53df52ef12c6c5c656814074e13e6129eaa374ba:vSbIlSYMfTbRK5fQGF7oMtRSKcwrbzZC:1',0,1566220706),(16,12,'adc98eaea235ea15e5579a95600b263dbebabd64a11bf46df0a5de025e8eecf8:rglp730yCl2DKZEI3CQIKKOOSdo2lQPY:1',0,1571133987),(17,6,'19be83140c16aa7f99cd962b08a40ebcd4cdc1fb807b2de81901857da44bb919:Dx33lbfofJm7yR8AWdvbPWOUtZdu8BD2:1',0,1572534851),(18,9,'5cd66b8dfbdbc8a8b8a755617b68abf0a2abec1546d438acdaa13ceebd857d86:52afIsiaS3hyl3rMWEUkqgycssmdxCek:1',0,1572682923),(19,8,'b8e7b9fe31093be8738ad61851c89170271ceb2215a80719c59766b7338ec823:YMn6tvOKeqGT2qkz1m2tkwbH62xvSvf3:1',0,1572682961),(20,13,'adf20faa76cc8ce2f7b940c0d014cf4e17b79d23ff59e6d9724174da953c0bd6:aI1cFO0hHaUnbry4YCMzMxULruWSl30Y:1',0,1583839253),(21,14,'3fa536ea4993c6d5630266fedbcdff44cfd16cbc4a76eff620bc1695a4d2777a:bwtbsM1RVbtszrTXBYOcwmKoPKpftlhm:1',0,1583839401),(22,13,'2afa16a051035b20cd58b188f48cfccc9e7956a5be5d255a61a77601e418da65:pn71VUQwd3rOB2EAeMTL1Rq7kHU6znzu:1',0,1587210271),(23,15,'137aa695a693eaa38aba40fdb8f9a76dff8bec74b8a74d475b88c0f7b8b0c233:krJWrGOMQc6UGXdVjIbYTPoqj3FrInE1:1',0,1587648567),(24,16,'3ea260cc95cbeaab914973c4b0e54986471a3c6cb1afca90e2748334f663204c:nG3yWIoulIDH6whqsIKKUiZmA6qxgyDe:1',0,1587668172),(25,11,'7aa50b2bdeff1e4b6f087fe7bd59944b25363b20df20644bdfdaf27e4c01f94e:3Ru4NFfUREGRIzlQtG2VO7nv32I5ZJMv:1',0,1588699093),(27,18,'339fae88a442469590dd8c1a1d54aa351b66a8ca5c274b5d2e93996ff67fadf1:onVm1lAsvwoDvBir2N3Yh1wMovqjZfMD:1',0,1589713700),(28,15,'137aa695a693eaa38aba40fdb8f9a76dff8bec74b8a74d475b88c0f7b8b0c233:krJWrGOMQc6UGXdVjIbYTPoqj3FrInE1:1',0,1589713708),(30,19,'e36169d799c3aee72112ca0036bfbdddac5c265f47604744c4576e9ff61f6c67:RArZvimpd2TtVUQstlnPldNN8tVvAveH:1',0,1591703653),(32,21,'44e27a697f54cc6120e37a103244d6a2cad1983e338ff01925b5ef31e5bc9ec6:Cx7VFGaFGWsr5o7MmfJRHVyJSCtPELLP:1',0,1591782651),(33,21,'44e27a697f54cc6120e37a103244d6a2cad1983e338ff01925b5ef31e5bc9ec6:Cx7VFGaFGWsr5o7MmfJRHVyJSCtPELLP:1',0,1591883986),(34,21,'44e27a697f54cc6120e37a103244d6a2cad1983e338ff01925b5ef31e5bc9ec6:Cx7VFGaFGWsr5o7MmfJRHVyJSCtPELLP:1',0,1592384234),(36,21,'c4d96052d8b34491ba54f239d42bbe86e1ce1347ef0afa4cc708c81b6256fb50:T08xpuEvCFpQIngB4e13U1AjW5CwOzDR:1',0,1594037249),(37,21,'48cc42dbe1cc0339fd0280b8660b3f2a78e0450b58287dd3eca352bf91c5c1b2:fJBr52MCwVMVYhDqL6DWXyPhB7LPqD4T:1',0,1594043030),(38,21,'5fe4a7bdd38d9fc6e15160c6c79db5b7b6a7477e7007cbb5804b61974a6020a1:5ebpuq5LMsYNEawKOVnMdARwdYj0rD7c:1',0,1594043333),(39,21,'ec5943cf5b0c83fdb86b001d752b95b5255a0a94eccf3d88fb879460c3d40c65:IeSwXzlr6syHP3e8r0VnHPU4sAFC7CPj:1',0,1594043535),(40,21,'c37857d180912d60e7304bf6ffaa4bcf5d3ff0a93b6922221de15a417e94763d:LqdQhRrsT5lctnjr1Up6wZXEi04ZHvow:1',0,1595488644),(41,21,'fbf214b79f27f446cc95391add3285dedfee6bc8df4d9e637bac1e0e69612bd4:Ndasjx4lmYFhDFkz7DJsnwiyQooxJjFq:1',0,1595488803),(42,21,'a3711032b694592c130573141dd6973dd390cb38d6b368ae3d9ac55a4ffd0e66:wV2m4t0SRX8RuT48GnPDZ1C26g4ZwLBe:1',0,1595493585),(43,15,'137aa695a693eaa38aba40fdb8f9a76dff8bec74b8a74d475b88c0f7b8b0c233:krJWrGOMQc6UGXdVjIbYTPoqj3FrInE1:1',0,1595941896),(44,18,'339fae88a442469590dd8c1a1d54aa351b66a8ca5c274b5d2e93996ff67fadf1:onVm1lAsvwoDvBir2N3Yh1wMovqjZfMD:1',0,1595941896),(45,22,'cbffb094957ffcc7d08380f06a185a85e9d40c4fdac60a0cb5644fe3518e3b42:pYqMVcifFRrst1BuyDBgrJwJCu63BG7f:1',0,1597321842),(46,22,'cbffb094957ffcc7d08380f06a185a85e9d40c4fdac60a0cb5644fe3518e3b42:pYqMVcifFRrst1BuyDBgrJwJCu63BG7f:1',0,1597321934),(47,22,'92c87b1961c34038ee1588eeab01fa00574e1f6033dc0d3c2f95cc74d9e7e025:VVbzVyahFZmYBmMWPiAmKs304Ud3r7gr:1',0,1597322711),(48,21,'70e9b22871b509148c266ef17998f53a332208d67f64667caa69031042119b92:x5b77yx7izReCOd5EdBkHJBVVOrlOSDP:1',0,1597323012),(49,15,'137aa695a693eaa38aba40fdb8f9a76dff8bec74b8a74d475b88c0f7b8b0c233:krJWrGOMQc6UGXdVjIbYTPoqj3FrInE1:1',0,1607254278),(50,18,'339fae88a442469590dd8c1a1d54aa351b66a8ca5c274b5d2e93996ff67fadf1:onVm1lAsvwoDvBir2N3Yh1wMovqjZfMD:1',0,1607254278),(51,23,'37c0c7524e74f72366dcf9503424cbebfdbe98415b86ced0394696cb4622abfc:RTsl5aOBbFVyo7FMOb4ZOUcCUpwDdB7Y:1',0,1607500089),(52,21,'70e9b22871b509148c266ef17998f53a332208d67f64667caa69031042119b92:x5b77yx7izReCOd5EdBkHJBVVOrlOSDP:1',0,1607500421),(53,23,'37c0c7524e74f72366dcf9503424cbebfdbe98415b86ced0394696cb4622abfc:RTsl5aOBbFVyo7FMOb4ZOUcCUpwDdB7Y:1',0,1607500421),(54,23,'a9a5a18575e91041c5c6c83c2b128417b2b9863fe0824c93e16210284e937170:KXTwKrxTZAsazpgO5YDPyhDePAO2rqsc:1',0,1608800677),(55,22,'f320768007d53706feaa7554e453a770868a082c22b3016fed34dfd869dc95af:wF8OakHuqyoByC0GKCKy40S5ZCwgVOBQ:1',0,1609054094),(56,23,'fb7d80d857e0418d3240d0e88e0d66b2f33412c0be73ed66a27944b95b573b68:wsHfyse8wN0SIq6sfAQT8myWZbEe727l:1',0,1615276879),(57,22,'4030378dedf52354824fd0fe8fc2750905d13052712b233f6d9f8ffb9fcbdefe:cxyx3ozqswup7el8aCzMfS7dGvBgfMue:1',0,1615276922),(58,24,'e3c924d105d4b5b68a086da86c8310e6962ed066e4dcfa8ef60c6c86bb5c55e0:dybSbpDwuek2VJfvKhvts411pSFIwDxx:1',0,1620204013),(59,22,'a71b40e503ff16d1b39bdc52063808908d2bc9e5cd5aa81af7ae7368b04a5aa8:hHfEKmlMooQOZxmuPQvcrOvkthR5lgsJ:1',0,1620204747),(60,22,'2a4d99e5d1cab7b351997474c29dbe63b399111ccb562533474927be699dde8c:fpGbvu5eSJSZVSZMsfqShcdpkY15eX4C:1',0,1620204831),(61,25,'c28e72e169f09ae3683f35d2e7c53566794d6a5834afef0e1a08c23de2b54194:JG3vVryGQpaQP7hmr5feDdxKGPBSxOcd:1',0,1620561862),(62,22,'76d8a21251d497a4ce31bafc18c4867c4f7768b7529fc4c8b014435f75cd9374:4ro3YagnEptUcmBbqsORbg4hWAuCd1AM:1',0,1624446639),(63,23,'6497c0d8e2bfc4c7901bb35b4896c55097b86c0c5b3723b11aaef2dc31676f30:JKxd0rpcRWeEaTNCOE2sadiQ81BLz4lW:1',0,1624446702),(64,26,'2440d6bf31df9b5d1ff4f42472d437775f681135f4bc18fb93921d1c599a8491:X5gEBWQp3WPLoi0urdaevnH0vqIsWdX3:1',0,1633001540),(65,26,'ae2b5c3599c52a10113c5ad2e4c2ce1bdfdb8e16eda028c6b0088684569f940a:qRAKjPIoiYnbh5XYshw6AznbGUtbYA3M:1',0,1633004860),(66,26,'e2cb1cae41e02a16c7d628b89e18a256d4796fdd020c81e5cd5b68e4e19b7fad:jkJXoGicGIAa8toNAkmNVpSNuCbIrfM2:1',0,1633009826),(67,26,'2997c7da3e5cdee9a83d6494d2f2a4ca41e59093aacd0b275be5149f095d3591:XE7TdPkp3MP77KuEJl6nOoejo5fnOock:1',0,1633010040),(68,26,'c41e1c64fa23cc891b97d2dffced208010e890d46ba142f57a4d7163b9fb637a:y4HHvdOONXatq4Eqaiq0NCIeZrXCskt3:1',0,1633010109),(69,26,'c41e1c64fa23cc891b97d2dffced208010e890d46ba142f57a4d7163b9fb637a:y4HHvdOONXatq4Eqaiq0NCIeZrXCskt3:1',0,1634643698),(70,11,'2f12dd3077ba0b34157475026b43f1324275c89c7fd0c857befe976705bd6b21:BbHSRLTerdh2Bwjx:2',0,1634776542),(71,22,'279f311562cc7ff1ce703fca08794e8c928cc305e7c4d35af9626210c47c2b2a:3PWyt4eOvHGlgqBy:2',0,1635729146);

--
-- Table structure for table `mag2_admin_system_messages`
--

CREATE TABLE `mag2_admin_system_messages` (
  `identity` varchar(100) NOT NULL COMMENT 'Message ID',
  `severity` smallint(5) unsigned NOT NULL DEFAULT '0' COMMENT 'Problem type',
  `created_at` timestamp NOT NULL DEFAULT CURRENT_TIMESTAMP COMMENT 'Create date',
  PRIMARY KEY (`identity`)
) ENGINE=InnoDB DEFAULT CHARSET=utf8 COMMENT='Admin System Messages';

--
-- Dumping data for table `mag2_admin_system_messages`
--

INSERT INTO `mag2_admin_system_messages` VALUES ('48020c8a4512db709593af61d3b577a84b656d7785d9319e146c128646167e2d',2,'2020-05-09 03:17:51'),('da332d712f3215b9b94bfa268c398323',2,'2021-11-10 07:03:46'),('MEDIA_SYNCHRONIZATION_ERROR',2,'2019-10-15 13:40:45');

--
-- Table structure for table `mag2_admin_user`
--

CREATE TABLE `mag2_admin_user` (
  `user_id` int(10) unsigned NOT NULL AUTO_INCREMENT COMMENT 'User ID',
  `firstname` varchar(32) DEFAULT NULL COMMENT 'User First Name',
  `lastname` varchar(32) DEFAULT NULL COMMENT 'User Last Name',
  `email` varchar(128) DEFAULT NULL COMMENT 'User Email',
  `username` varchar(40) DEFAULT NULL COMMENT 'User Login',
  `password` varchar(255) NOT NULL COMMENT 'User Password',
  `created` timestamp NOT NULL DEFAULT CURRENT_TIMESTAMP COMMENT 'User Created Time',
  `modified` timestamp NOT NULL DEFAULT CURRENT_TIMESTAMP ON UPDATE CURRENT_TIMESTAMP COMMENT 'User Modified Time',
  `logdate` timestamp NULL DEFAULT NULL COMMENT 'User Last Login Time',
  `lognum` smallint(5) unsigned NOT NULL DEFAULT '0' COMMENT 'User Login Number',
  `reload_acl_flag` smallint(6) NOT NULL DEFAULT '0' COMMENT 'Reload ACL',
  `is_active` smallint(6) NOT NULL DEFAULT '1' COMMENT 'User Is Active',
  `extra` text COMMENT 'User Extra Data',
  `rp_token` text COMMENT 'Reset Password Link Token',
  `rp_token_created_at` timestamp NULL DEFAULT NULL COMMENT 'Reset Password Link Token Creation Date',
  `interface_locale` varchar(16) NOT NULL DEFAULT 'en_US' COMMENT 'Backend interface locale',
  `failures_num` smallint(6) DEFAULT '0' COMMENT 'Failure Number',
  `first_failure` timestamp NULL DEFAULT NULL COMMENT 'First Failure',
  `lock_expires` timestamp NULL DEFAULT NULL COMMENT 'Expiration Lock Dates',
  `refresh_token` text COMMENT 'Email connector refresh token',
  PRIMARY KEY (`user_id`),
  UNIQUE KEY `MAG2_ADMIN_USER_USERNAME` (`username`)
) ENGINE=InnoDB AUTO_INCREMENT=27 DEFAULT CHARSET=utf8 COMMENT='Admin User Table';

--
-- Dumping data for table `mag2_admin_user`
--

INSERT INTO `mag2_admin_user` VALUES (4,'qa','mawaqaa','qa@mawaqaa.com','Testing','dcb64bd5be0bab10b83aef27d0deb027f6cc74780c815582e0efc3ad62bba728:rOzeSgWHUcFukIOkpV1bSJIlPkqPTRD7:1','2019-06-20 08:13:39','2019-06-20 08:13:39',NULL,0,0,1,'null',NULL,NULL,'en_US',0,NULL,NULL,NULL),(11,'mawaqaa','mawaqaa','info@mawaqaa.com','mawaqaa','2f12dd3077ba0b34157475026b43f1324275c89c7fd0c857befe976705bd6b21:BbHSRLTerdh2Bwjx:2','2019-08-19 13:18:26','2021-10-21 00:35:42','2021-10-21 00:35:42',563,0,1,'{\"configState\":{\"mpbettermaintenance_comingsoon_setting\":\"1\",\"mpbettermaintenance_display_setting\":\"1\",\"mpbettermaintenance_general\":\"1\",\"mpbettermaintenance_maintenance_setting\":\"1\",\"wokiee_settings_promo_line\":\"1\",\"wokiee_settings_product_listing\":\"1\",\"wokiee_settings_product_view\":\"1\",\"wokiee_settings_product_labels\":\"1\",\"wokiee_settings_sidebar\":\"1\",\"wokiee_settings_link_socials\":\"1\",\"wokiee_settings_general\":\"1\",\"wokiee_settings_header_settings\":\"1\",\"wokiee_settings_footer_settings\":\"1\",\"wokiee_settings_newsletter\":\"1\",\"wokiee_settings_contacts\":\"1\",\"payment_other_upayments\":\"0\",\"payment_other_upayment_fort_group\":\"1\",\"smtp_configuration_option\":\"1\",\"smtp_module\":\"1\",\"smtp_general\":\"1\",\"smtp_developer\":\"0\",\"general_country\":\"1\",\"general_region\":\"1\",\"general_locale\":\"1\",\"trans_email_ident_general\":\"1\",\"trans_email_ident_sales\":\"1\",\"trans_email_ident_support\":\"1\",\"trans_email_ident_custom1\":\"1\",\"trans_email_ident_custom2\":\"1\",\"eadesign_pdfgenerator_general\":\"0\",\"general_store_information\":\"1\",\"general_single_store_mode\":\"1\",\"admin_emails\":\"1\",\"admin_startup\":\"1\",\"admin_url\":\"1\",\"admin_security\":\"1\",\"admin_dashboard\":\"1\",\"admin_captcha\":\"1\",\"oauth_access_token_lifetime\":\"1\",\"oauth_cleanup\":\"1\",\"oauth_consumer\":\"1\",\"oauth_authentication_lock\":\"1\",\"payment_other_knet\":\"0\",\"payment_other_cashondelivery\":\"0\",\"sales_general\":\"1\",\"sales_totals_sort\":\"1\",\"sales_reorder\":\"1\",\"sales_identity\":\"1\",\"sales_minimum_order\":\"1\",\"sales_dashboard\":\"1\",\"sales_orders\":\"1\",\"sales_gift_options\":\"1\",\"sales_msrp\":\"1\",\"sales_instant_purchase\":\"1\",\"sales_pdf_invoice\":\"1\",\"sales_pdf_shipment\":\"1\",\"sales_pdf_creditmemo\":\"1\",\"catalog_fields_masks\":\"1\",\"catalog_frontend\":\"1\",\"catalog_review\":\"1\",\"catalog_productalert\":\"1\",\"catalog_productalert_cron\":\"1\",\"catalog_placeholder\":\"1\",\"catalog_recently_products\":\"1\",\"carriers_flatrate\":\"1\",\"carriers_freeshipping\":\"0\",\"carriers_tablerate\":\"0\",\"carriers_ups\":\"0\",\"carriers_usps\":\"0\",\"carriers_fedex\":\"0\",\"carriers_dhl\":\"0\",\"sales_email_general\":\"1\",\"sales_email_order\":\"1\",\"wokiee_colors_general\":\"1\",\"wokiee_colors_buttons_colors\":\"1\",\"wokiee_colors_inputs\":\"1\",\"wokiee_colors_promo_colors\":\"1\",\"wokiee_colors_header_colors\":\"1\",\"wokiee_colors_megamenu\":\"1\",\"wokiee_colors_mobile_menu\":\"1\",\"wokiee_colors_footer_colors\":\"1\",\"wokiee_colors_captions_colors\":\"1\",\"wokiee_colors_breadcrumbs_colors\":\"1\",\"wokiee_colors_products_listing\":\"1\",\"web_url\":\"1\",\"web_seo\":\"1\",\"web_unsecure\":\"1\",\"web_secure\":\"1\",\"web_default\":\"1\",\"web_cookie\":\"1\",\"web_session\":\"1\",\"web_browser_capabilities\":\"1\",\"currency_options\":\"1\",\"currency_yahoofinance\":\"1\",\"currency_fixerio\":\"1\",\"currency_webservicex\":\"1\",\"currency_import\":\"1\",\"contact_contact\":\"1\",\"contact_email\":\"1\",\"newrelicreporting_general\":\"1\",\"newrelicreporting_cron\":\"1\",\"mfblog_index_page\":\"1\",\"mfblog_post_view\":\"1\",\"mfblog_post_list\":\"1\",\"mfblog_author\":\"1\",\"mfblog_product_page\":\"1\",\"mfblog_sidebar\":\"1\",\"mfblog_permalink\":\"1\",\"mfblog_social\":\"1\",\"mfblog_top_menu\":\"1\",\"catalog_product_video\":\"1\",\"catalog_price\":\"1\",\"catalog_layered_navigation\":\"1\",\"catalog_seo\":\"1\",\"catalog_navigation\":\"1\",\"catalog_search\":\"1\",\"catalog_downloadable\":\"1\",\"catalog_custom_options\":\"1\",\"cataloginventory_options\":\"1\",\"cataloginventory_item_options\":\"1\",\"sitemap_category\":\"1\",\"sitemap_product\":\"1\",\"sitemap_page\":\"1\",\"sitemap_generate\":\"1\",\"sitemap_limit\":\"1\",\"sitemap_search_engines\":\"1\",\"rss_config\":\"1\",\"rss_wishlist\":\"1\",\"rss_catalog\":\"1\",\"rss_order\":\"1\",\"customer_account_share\":\"1\",\"customer_online_customers\":\"1\",\"customer_create_account\":\"1\",\"customer_password\":\"1\",\"customer_account_information\":\"1\",\"customer_address\":\"1\",\"customer_startup\":\"1\",\"customer_address_templates\":\"1\",\"customer_captcha\":\"1\",\"wishlist_general\":\"1\",\"wishlist_email\":\"1\",\"wishlist_wishlist_link\":\"0\",\"sales_email_order_comment\":\"1\",\"sales_email_invoice\":\"1\",\"sales_email_invoice_comment\":\"1\",\"sales_email_shipment\":\"1\",\"sales_email_creditmemo\":\"1\",\"sales_email_creditmemo_comment\":\"1\",\"tax_vertex_settings\":\"1\",\"tax_vertex_seller_info\":\"1\",\"tax_avaiable_shipping_product_codes\":\"1\",\"tax_classes\":\"1\",\"tax_calculation\":\"1\",\"tax_defaults\":\"1\",\"tax_display\":\"1\",\"tax_cart_display\":\"1\",\"tax_sales_display\":\"1\",\"tax_weee\":\"1\",\"checkout_options\":\"1\",\"checkout_cart\":\"1\",\"checkout_cart_link\":\"1\",\"checkout_sidebar\":\"1\",\"checkout_payment_failed\":\"1\",\"shipping_origin\":\"1\",\"shipping_shipping_policy\":\"1\",\"google_adwords\":\"1\",\"google_analytics\":\"1\",\"mpbannerslider_module\":\"1\",\"mpbannerslider_general\":\"1\",\"mpbannerslider_mpbannerslider_design\":\"1\",\"wokiee_colors_custom_css\":\"1\",\"payment_other_account\":\"1\",\"payment_other_recommended_solutions\":\"1\",\"payment_other_express_checkout_other\":\"0\",\"payment_other_other_paypal_payment_solutions\":\"0\",\"payment_other_paypal_group_all_in_one\":\"1\",\"payment_other_other_payment_methods\":\"1\",\"payment_other_klarna_section\":\"1\",\"payment_other_amazon_payment\":\"0\",\"payment_other_free\":\"0\",\"payment_other_banktransfer\":\"0\",\"payment_other_checkmo\":\"0\",\"payment_other_purchaseorder\":\"0\",\"payment_other_authorizenet_directpost\":\"0\",\"payment_other_tap\":\"0\",\"payment_other_knetmpgs\":\"0\",\"payment_other_mpgs\":\"1\",\"payment_other_hesabe\":\"0\",\"dev_grid\":\"1\",\"dev_static\":\"1\",\"dev_image\":\"1\",\"dev_css\":\"1\",\"dev_js\":\"1\",\"dev_debug\":\"1\",\"dev_template\":\"1\",\"system_media_storage_configuration\":\"1\",\"system_full_page_cache\":\"1\",\"system_backup\":\"0\",\"system_adminnotification\":\"1\",\"system_currency\":\"0\",\"system_smtp\":\"1\",\"system_cron\":\"0\",\"webapi_webapisecurity\":\"1\",\"webapi_soap\":\"1\",\"connector_developer_settings_cron_schedules\":\"1\",\"connector_developer_settings_ip_restriction\":\"1\",\"connector_developer_settings_oauth\":\"1\",\"connector_developer_settings_debug\":\"1\",\"connector_developer_settings_sync_settings\":\"1\",\"connector_developer_settings_import_settings\":\"1\",\"connector_configuration_data_fields\":\"1\",\"connector_configuration_tracking\":\"1\",\"connector_configuration_consent\":\"1\",\"connector_configuration_transactional_data\":\"1\",\"connector_configuration_abandoned_carts\":\"1\",\"connector_configuration_dynamic_content_style\":\"1\",\"connector_configuration_admin\":\"1\",\"connector_configuration_customer_addressbook\":\"1\",\"dev_translate_inline\":\"1\",\"dev_restrict\":\"1\",\"dev_front_end_development_workflow\":\"1\",\"connector_data_mapping_customer_data\":\"0\",\"connector_data_mapping_dynamic_datafield\":\"1\",\"catalog_price_decimal_general\":\"1\",\"mpcurrencyformatter_module\":\"1\",\"mpcurrencyformatter_general\":\"1\"}}',NULL,NULL,'en_US',0,NULL,NULL,NULL),(12,'Admin','Admin','admin@example.com','admin100','adc98eaea235ea15e5579a95600b263dbebabd64a11bf46df0a5de025e8eecf8:rglp730yCl2DKZEI3CQIKKOOSdo2lQPY:1','2019-10-15 10:06:27','2019-10-15 10:06:27',NULL,0,0,1,NULL,NULL,NULL,'en_US',0,NULL,NULL,NULL),(15,'api','user','developer@mawaqaa.com','apiuser','137aa695a693eaa38aba40fdb8f9a76dff8bec74b8a74d475b88c0f7b8b0c233:krJWrGOMQc6UGXdVjIbYTPoqj3FrInE1:1','2020-04-23 13:29:27','2021-09-08 07:13:58','2021-09-08 07:13:58',9214,1,1,'null',NULL,NULL,'en_US',0,NULL,NULL,NULL),(16,'mobile','mobile','mobile@mobile.mawaqaa','mobile','3ea260cc95cbeaab914973c4b0e54986471a3c6cb1afca90e2748334f663204c:nG3yWIoulIDH6whqsIKKUiZmA6qxgyDe:1','2020-04-23 18:56:12','2021-01-19 09:18:09','2021-01-19 09:18:09',66,0,1,'{\"configState\":{\"admin_security\":\"1\",\"system_full_page_cache\":\"0\",\"dev_grid\":\"0\",\"dev_static\":\"0\"}}',NULL,NULL,'en_US',0,NULL,NULL,NULL),(18,'api','user2','elganady@gmail.com','apiuser2','339fae88a442469590dd8c1a1d54aa351b66a8ca5c274b5d2e93996ff67fadf1:onVm1lAsvwoDvBir2N3Yh1wMovqjZfMD:1','2020-05-17 11:08:20','2020-05-17 11:10:15','2020-05-17 11:10:15',2,1,1,'null',NULL,NULL,'en_US',0,NULL,NULL,NULL),(19,'click','click','admin@click.com','click','e36169d799c3aee72112ca0036bfbdddac5c265f47604744c4576e9ff61f6c67:RArZvimpd2TtVUQstlnPldNN8tVvAveH:1','2020-06-09 11:54:13','2020-07-02 12:17:48','2020-07-02 12:17:48',21,0,1,'{\"configState\":{\"mpbettermaintenance_general\":\"1\",\"mpbettermaintenance_display_setting\":\"1\",\"mpbettermaintenance_maintenance_setting\":\"1\",\"mpbettermaintenance_comingsoon_setting\":\"1\",\"wokiee_settings_general\":\"1\",\"wokiee_settings_promo_line\":\"1\",\"wokiee_settings_header_settings\":\"1\",\"wokiee_settings_footer_settings\":\"1\",\"wokiee_settings_link_socials\":\"1\",\"wokiee_settings_sidebar\":\"1\",\"wokiee_settings_contacts\":\"1\",\"wokiee_settings_newsletter\":\"1\",\"wokiee_settings_product_labels\":\"0\",\"wokiee_settings_product_listing\":\"0\",\"wokiee_settings_product_view\":\"0\",\"payment_other_upayment_fort_group\":\"1\",\"payment_other_account\":\"1\",\"payment_other_recommended_solutions\":\"1\",\"payment_other_express_checkout_other\":\"0\",\"payment_other_other_paypal_payment_solutions\":\"0\",\"payment_other_paypal_group_all_in_one\":\"1\",\"payment_other_other_payment_methods\":\"1\",\"payment_other_klarna_section\":\"0\",\"payment_other_amazon_payment\":\"0\",\"payment_other_upayments\":\"1\",\"payment_other_knet\":\"1\",\"payment_other_free\":\"1\",\"payment_other_cashondelivery\":\"1\",\"payment_other_banktransfer\":\"1\",\"payment_other_checkmo\":\"1\",\"payment_other_purchaseorder\":\"1\",\"payment_other_authorizenet_directpost\":\"1\",\"payment_other_tap\":\"1\",\"smtp_developer\":\"1\",\"trans_email_ident_general\":\"1\",\"trans_email_ident_sales\":\"1\",\"trans_email_ident_support\":\"1\",\"trans_email_ident_custom1\":\"1\",\"trans_email_ident_custom2\":\"1\",\"system_smtp\":\"1\",\"admin_emails\":\"1\",\"system_adminnotification\":\"0\",\"admin_startup\":\"0\",\"admin_url\":\"1\",\"sales_email_general\":\"0\",\"contact_contact\":\"1\",\"contact_email\":\"1\"}}',NULL,NULL,'en_US',0,NULL,NULL,NULL),(21,'website','admin','websiteadmin@gmail.com','websiteadmin','70e9b22871b509148c266ef17998f53a332208d67f64667caa69031042119b92:x5b77yx7izReCOd5EdBkHJBVVOrlOSDP:1','2020-06-10 09:50:51','2020-12-09 07:53:41','2020-11-18 08:32:19',79,1,1,'\"null\"',NULL,NULL,'en_US',0,NULL,NULL,NULL),(22,'store','admin','admssdsdcddin@kklkl.lkl','storeadmin','ea2e5a418b306693ae956ea7d0c6e950fd7868998bfd88f3998119aa0e6f551c:xxxxxxxx:1','2020-08-13 12:30:42','2021-11-10 11:00:04','2021-11-10 06:26:45',205,0,1,'{\"configState\":{\"wokiee_colors_general\":\"1\",\"wokiee_colors_buttons_colors\":\"1\",\"wokiee_colors_inputs\":\"1\",\"wokiee_colors_promo_colors\":\"1\",\"wokiee_colors_header_colors\":\"1\",\"wokiee_colors_megamenu\":\"1\",\"wokiee_colors_mobile_menu\":\"1\",\"wokiee_colors_footer_colors\":\"1\",\"wokiee_colors_captions_colors\":\"1\",\"wokiee_colors_breadcrumbs_colors\":\"1\",\"wokiee_colors_products_listing\":\"1\",\"wokiee_colors_custom_css\":\"1\",\"wokiee_settings_general\":\"0\",\"wokiee_settings_promo_line\":\"0\",\"wokiee_settings_header_settings\":\"0\",\"wokiee_settings_footer_settings\":\"0\",\"wokiee_settings_link_socials\":\"1\",\"wokiee_settings_sidebar\":\"1\",\"wokiee_settings_product_labels\":\"1\",\"wokiee_settings_product_listing\":\"1\",\"wokiee_settings_product_view\":\"1\",\"wokiee_settings_newsletter\":\"1\",\"wokiee_settings_contacts\":\"1\",\"general_country\":\"1\",\"general_region\":\"1\",\"general_locale\":\"1\",\"general_store_information\":\"1\",\"general_single_store_mode\":\"1\",\"web_url\":\"1\",\"web_seo\":\"1\",\"web_unsecure\":\"1\",\"web_secure\":\"1\",\"web_default\":\"1\",\"web_cookie\":\"1\",\"web_session\":\"1\",\"web_browser_capabilities\":\"1\",\"currency_options\":\"1\",\"currency_yahoofinance\":\"1\",\"currency_fixerio\":\"1\",\"currency_webservicex\":\"1\",\"currency_import\":\"1\",\"trans_email_ident_general\":\"1\",\"trans_email_ident_sales\":\"1\",\"trans_email_ident_support\":\"1\",\"trans_email_ident_custom1\":\"1\",\"trans_email_ident_custom2\":\"1\",\"contact_contact\":\"1\",\"contact_email\":\"1\",\"newrelicreporting_general\":\"1\",\"newrelicreporting_cron\":\"1\",\"mfblog_index_page\":\"1\",\"mfblog_post_view\":\"1\",\"mfblog_product_page\":\"1\",\"catalog_fields_masks\":\"1\",\"catalog_frontend\":\"1\",\"catalog_review\":\"1\",\"catalog_productalert\":\"1\",\"catalog_productalert_cron\":\"1\",\"catalog_placeholder\":\"1\",\"catalog_recently_products\":\"1\",\"catalog_product_video\":\"1\",\"catalog_price\":\"1\",\"catalog_layered_navigation\":\"1\",\"catalog_seo\":\"1\",\"catalog_navigation\":\"1\",\"catalog_search\":\"1\",\"catalog_downloadable\":\"1\",\"catalog_custom_options\":\"1\",\"cataloginventory_options\":\"1\",\"cataloginventory_item_options\":\"1\",\"sitemap_category\":\"1\",\"sitemap_product\":\"1\",\"sitemap_page\":\"1\",\"sitemap_generate\":\"1\",\"sitemap_limit\":\"1\",\"sitemap_search_engines\":\"1\",\"rss_config\":\"1\",\"rss_wishlist\":\"1\",\"rss_catalog\":\"1\",\"rss_order\":\"1\",\"customer_account_share\":\"1\",\"customer_online_customers\":\"1\",\"customer_create_account\":\"1\",\"customer_password\":\"1\",\"customer_account_information\":\"1\",\"customer_address\":\"1\",\"customer_startup\":\"1\",\"customer_address_templates\":\"1\",\"customer_captcha\":\"1\",\"wishlist_general\":\"1\",\"wishlist_email\":\"1\",\"wishlist_wishlist_link\":\"1\",\"sales_general\":\"1\",\"sales_totals_sort\":\"0\",\"sales_reorder\":\"0\",\"sales_identity\":\"0\",\"sales_minimum_order\":\"0\",\"sales_dashboard\":\"0\",\"sales_orders\":\"0\",\"sales_gift_options\":\"0\",\"sales_msrp\":\"0\",\"sales_instant_purchase\":\"0\",\"sales_email_general\":\"1\",\"sales_email_order\":\"1\",\"sales_email_order_comment\":\"1\",\"sales_email_invoice\":\"1\",\"sales_email_invoice_comment\":\"1\",\"sales_email_shipment\":\"1\",\"sales_email_shipment_comment\":\"1\",\"sales_email_creditmemo\":\"1\",\"sales_email_creditmemo_comment\":\"1\",\"sales_pdf_invoice\":\"1\",\"sales_pdf_shipment\":\"1\",\"sales_pdf_creditmemo\":\"1\",\"tax_vertex_settings\":\"0\",\"tax_vertex_seller_info\":\"1\",\"tax_avaiable_shipping_product_codes\":\"1\",\"tax_classes\":\"1\",\"tax_calculation\":\"1\",\"tax_defaults\":\"1\",\"tax_display\":\"1\",\"tax_cart_display\":\"1\",\"tax_sales_display\":\"1\",\"tax_weee\":\"1\",\"checkout_options\":\"1\",\"checkout_cart\":\"1\",\"checkout_cart_link\":\"1\",\"checkout_sidebar\":\"1\",\"checkout_payment_failed\":\"1\",\"shipping_origin\":\"1\",\"shipping_shipping_policy\":\"1\",\"carriers_flatrate\":\"1\",\"smtp_module\":\"1\",\"smtp_general\":\"1\",\"smtp_configuration_option\":\"1\",\"smtp_developer\":\"0\",\"payment_other_knet\":\"0\",\"payment_other_cashondelivery\":\"0\",\"payment_other_other_payment_methods\":\"1\",\"payment_other_klarna_section\":\"1\",\"payment_other_recommended_solutions\":\"1\",\"payment_other_free\":\"0\",\"carriers_freeshipping\":\"0\",\"carriers_tablerate\":\"1\",\"carriers_ups\":\"0\",\"carriers_usps\":\"0\",\"carriers_fedex\":\"0\",\"carriers_dhl\":\"0\",\"payment_other_account\":\"1\",\"payment_other_express_checkout_other\":\"0\",\"payment_other_other_paypal_payment_solutions\":\"0\",\"payment_other_paypal_group_all_in_one\":\"1\",\"payment_other_amazon_payment\":\"0\",\"payment_other_upayments\":\"0\",\"payment_other_banktransfer\":\"0\",\"payment_other_checkmo\":\"0\",\"payment_other_purchaseorder\":\"0\",\"payment_other_hesabe\":\"1\",\"payment_other_authorizenet_directpost\":\"0\",\"payment_other_knetmpgs\":\"1\",\"payment_other_mpgs\":\"0\",\"payment_other_tap\":\"0\",\"connector_dynamic_content_external_dynamic_content_urls\":\"0\",\"connector_dynamic_content_products\":\"1\",\"connector_dynamic_content_manual_product_push\":\"0\",\"dev_translate_inline\":\"1\",\"dev_front_end_development_workflow\":\"0\",\"dev_restrict\":\"0\",\"dev_template\":\"1\",\"dev_debug\":\"1\",\"dev_js\":\"1\",\"dev_css\":\"1\",\"dev_image\":\"1\",\"dev_static\":\"1\",\"dev_grid\":\"1\",\"admin_captcha\":\"1\",\"admin_dashboard\":\"0\",\"admin_security\":\"1\",\"admin_url\":\"1\",\"admin_startup\":\"1\",\"admin_emails\":\"1\",\"system_media_storage_configuration\":\"1\",\"system_full_page_cache\":\"1\",\"system_backup\":\"1\",\"system_adminnotification\":\"1\",\"system_currency\":\"1\",\"system_smtp\":\"1\",\"system_cron\":\"1\"}}',NULL,NULL,'en_US',2,'2021-11-10 10:56:32',NULL,NULL),(23,'ravan','ravan','info@ravan.com','ravan_admin','6497c0d8e2bfc4c7901bb35b4896c55097b86c0c5b3723b11aaef2dc31676f30:JKxd0rpcRWeEaTNCOE2sadiQ81BLz4lW:1','2020-12-09 07:48:09','2021-10-19 11:41:38','2021-09-08 07:45:18',278,1,1,'null',NULL,NULL,'en_US',0,NULL,NULL,NULL),(24,'Lana','lana','lana@mawaqaa.com','storeadmin1','e3c924d105d4b5b68a086da86c8310e6962ed066e4dcfa8ef60c6c86bb5c55e0:dybSbpDwuek2VJfvKhvts411pSFIwDxx:1','2021-05-05 08:40:13','2021-05-09 06:51:46','2021-05-09 06:51:46',3,0,1,'null',NULL,NULL,'en_US',0,NULL,NULL,NULL),(25,'Bilal','tawqan','admin@ambientloungekw.com','ambientlounge','c28e72e169f09ae3683f35d2e7c53566794d6a5834afef0e1a08c23de2b54194:JG3vVryGQpaQP7hmr5feDdxKGPBSxOcd:1','2021-05-09 12:04:22','2021-10-19 11:41:38','2021-05-09 12:06:36',1,1,1,'null',NULL,NULL,'en_US',0,NULL,NULL,NULL),(26,'Healthy','cart','orders@thehealthycart.com.kw','cart_admin','c41e1c64fa23cc891b97d2dffced208010e890d46ba142f57a4d7163b9fb637a:y4HHvdOONXatq4Eqaiq0NCIeZrXCskt3:1','2021-09-30 11:32:20','2021-10-20 13:10:23','2021-10-20 13:10:23',27,0,1,'\"null\"',NULL,NULL,'en_US',0,NULL,NULL,NULL);

--
-- Table structure for table `mag2_admin_user_expiration`
--

CREATE TABLE `mag2_admin_user_expiration` (
  `user_id` int(10) unsigned NOT NULL COMMENT 'User ID',
  `expires_at` timestamp NOT NULL DEFAULT '0000-00-00 00:00:00' COMMENT 'User Expiration Date',
  PRIMARY KEY (`user_id`),
  CONSTRAINT `MAG2_ADMIN_USER_EXPIRATION_USER_ID_MAG2_ADMIN_USER_USER_ID` FOREIGN KEY (`user_id`) REFERENCES `mag2_admin_user` (`user_id`) ON DELETE CASCADE
) ENGINE=InnoDB DEFAULT CHARSET=utf8 COMMENT='Admin User expiration dates table';

--
-- Dumping data for table `mag2_admin_user_expiration`
--


--
-- Table structure for table `mag2_admin_user_session`
--

CREATE TABLE `mag2_admin_user_session` (
  `id` int(10) unsigned NOT NULL AUTO_INCREMENT COMMENT 'Entity ID',
  `session_id` varchar(128) NOT NULL COMMENT 'Session ID value',
  `user_id` int(10) unsigned DEFAULT NULL COMMENT 'Admin User ID',
  `status` smallint(5) unsigned NOT NULL DEFAULT '1' COMMENT 'Current Session status',
  `created_at` timestamp NOT NULL DEFAULT CURRENT_TIMESTAMP COMMENT 'Created Time',
  `updated_at` timestamp NOT NULL DEFAULT CURRENT_TIMESTAMP ON UPDATE CURRENT_TIMESTAMP COMMENT 'Update Time',
  `ip` varchar(15) NOT NULL COMMENT 'Remote user IP',
  PRIMARY KEY (`id`),
  KEY `MAG2_ADMIN_USER_SESSION_SESSION_ID` (`session_id`),
  KEY `MAG2_ADMIN_USER_SESSION_USER_ID` (`user_id`),
  CONSTRAINT `MAG2_ADMIN_USER_SESSION_USER_ID_ADMIN_USER_USER_ID` FOREIGN KEY (`user_id`) REFERENCES `mag2_admin_user` (`user_id`) ON DELETE CASCADE
) ENGINE=InnoDB AUTO_INCREMENT=1902 DEFAULT CHARSET=utf8 COMMENT='Admin User sessions table';

--
-- Dumping data for table `mag2_admin_user_session`
--

INSERT INTO `mag2_admin_user_session` VALUES (902,'2ac66a177b06acfadadba448f5b2c224',16,1,'2020-07-02 08:30:46','2020-07-02 08:33:21','188.70.57.63'),(903,'b98bb5943e50c1621778805d3446eceb',16,1,'2020-07-02 11:46:07','2020-07-02 11:47:31','188.71.226.160'),(904,'8c58cc1fc7a74df1e927f30bf7ca0ce6',19,1,'2020-07-02 12:17:48','2020-07-02 12:22:22','195.39.149.135'),(905,'c21cca46d623ada5d4ae55b7f7cb7edf',11,0,'2020-07-06 11:14:36','2020-07-06 13:39:18','94.128.112.5'),(906,'6606fcf15e9bbc0a54874bc8ecbfaf44',11,0,'2020-07-06 13:40:41','2020-07-06 13:40:59','94.128.112.5'),(907,'1a63239b5f594ee4f0c0aacaa4e0ae45',11,0,'2020-07-06 13:41:47','2020-07-06 13:52:45','94.128.112.5'),(908,'d64b1adfe8429af9398c99e88e85164f',21,0,'2020-07-06 13:53:20','2020-07-06 13:55:01','94.128.112.5'),(910,'0c55ddaf57f32055f5d3dfadb33150e7',21,1,'2020-07-07 11:12:05','2020-07-07 11:12:05','37.39.91.217'),(914,'f1e2bb42193486d20325f4a6273d5036',11,1,'2020-07-13 06:56:27','2020-07-13 06:58:47','94.128.116.249'),(922,'7a4d23642e1d253bef95d4556cc8ac34',11,1,'2020-07-15 06:25:08','2020-07-15 06:26:35','94.129.242.172'),(931,'4631980b81f48a1f0a3e78146e92a733',11,0,'2020-07-23 08:33:01','2020-07-23 08:41:27','195.39.149.135'),(932,'',NULL,0,'2020-07-23 08:41:27','2020-07-23 08:41:27',''),(933,'7dc2a1f8ee214bf406aa10deadef0b7b',21,1,'2020-07-23 09:54:46','2020-07-23 09:54:46','195.39.149.135'),(934,'930e8e615086dc2272f512123ce578ce',21,1,'2020-07-23 10:57:30','2020-07-23 11:08:14','94.128.246.158'),(935,'67196cc99fb12c9a2670d0058b98405e',21,1,'2020-07-23 11:53:18','2020-07-23 13:33:37','94.128.246.158'),(936,'2727b7e2fd3660d2bd221fcfd618b347',21,1,'2020-07-23 14:53:38','2020-07-23 14:55:56','94.128.65.185'),(937,'c9c08975854089e8e4247dd1af2c3220',21,1,'2020-07-23 20:13:12','2020-07-23 20:47:35','37.231.22.41'),(938,'5eb1d60e1ad94d494cb207f44c7c77c9',21,1,'2020-07-24 17:56:53','2020-07-24 19:58:56','94.128.148.224'),(939,'3c3321abe7759124b3ed65298866518f',21,1,'2020-07-25 17:14:35','2020-07-25 17:14:35','37.39.232.137'),(940,'2821cd36e19c76b317217de22b7fc58d',21,1,'2020-07-25 17:15:45','2020-07-25 17:44:42','37.39.232.137'),(941,'48e12be3478b554cf7f79675f5932bd7',21,1,'2020-07-26 14:54:29','2020-07-26 14:54:29','46.186.212.182'),(942,'bf9ded93e13e7413e136f79aad068480',21,1,'2020-07-26 14:55:23','2020-07-26 14:55:23','46.186.212.182'),(943,'d62389a6acdf7941280cf8fe188d99dc',21,1,'2020-07-26 14:56:57','2020-07-26 15:27:22','46.186.212.182'),(944,'9650c8cbe903d2f975389026495cb79a',21,1,'2020-07-26 17:06:08','2020-07-26 17:21:25','46.186.212.182'),(945,'439e7a5b51b5e8d9b497016041989eb4',21,1,'2020-07-26 20:53:48','2020-07-26 23:33:01','37.231.20.14'),(949,'d66d3da6d8dc2608f7bda922f6e1bc3f',16,1,'2020-07-28 08:15:11','2020-07-28 08:21:07','188.71.224.97'),(950,'b84623bc01ac56ecc9cf18bae5d72666',11,1,'2020-07-28 08:16:16','2020-07-28 08:17:26','94.128.115.253'),(953,'41be96e0a4e503155d15889fd08d8ab9',11,1,'2020-07-28 13:07:23','2020-07-28 13:11:04','94.128.115.253'),(954,'de6b775acdb01ad4088283c4e9c582c8',21,1,'2020-08-04 15:27:13','2020-08-04 15:56:52','37.231.27.10'),(956,'65429f3cfa1177ed72918c5db21c941f',11,1,'2020-08-05 11:46:32','2020-08-05 11:49:39','94.129.244.23'),(957,'90e4207e6fc75ee6e1927225d8d25278',21,1,'2020-08-05 11:56:49','2020-08-05 14:06:28','94.128.249.251'),(960,'9d0ca1bdc3dd677d139836f3248ba8a7',11,1,'2020-08-05 13:26:09','2020-08-05 13:28:27','195.39.149.135'),(962,'fea48b561a6d58407b4ef46e0933e7a6',21,1,'2020-08-05 18:07:52','2020-08-05 19:30:34','46.186.200.70'),(966,'f19190939f0685ceca41ad34a139badc',21,1,'2020-08-06 13:34:20','2020-08-06 13:57:12','94.128.247.253'),(967,'483567d13cc6e8488905ca8a0c3623ea',21,1,'2020-08-06 16:59:14','2020-08-06 16:59:14','46.186.200.70'),(968,'f8d17457661db801ced129af77924ce1',21,1,'2020-08-06 17:00:29','2020-08-06 18:04:01','46.186.200.70'),(969,'47e5faeecba319e0c429aaba23ca85d4',21,1,'2020-08-07 13:50:13','2020-08-07 13:50:13','37.231.8.158'),(970,'b28f98d47ff86b17e7a122e2999110da',21,1,'2020-08-07 19:02:51','2020-08-07 19:36:59','94.129.71.236'),(971,'6e2cffbd9ff4e5812be81f370a7294ca',21,1,'2020-08-08 19:42:50','2020-08-08 19:49:29','94.129.141.83'),(972,'7387f11ea1ed49c9ac4cba70d46ebd99',21,1,'2020-08-08 21:38:06','2020-08-08 21:38:06','94.129.65.181'),(973,'9f46260f3c0af872a29c4cf17dda23a1',21,1,'2020-08-08 23:12:54','2020-08-08 23:14:09','94.129.65.181'),(974,'f1bef29c1df322d0a9784d396a5cec68',21,1,'2020-08-08 23:43:38','2020-08-08 23:49:49','94.129.65.181'),(978,'6638c89de4a317aff36b41ed4781d84a',21,1,'2020-08-09 15:09:07','2020-08-09 15:09:07','37.36.79.222'),(979,'309abc0b8b3e498fb56a634a42ce092d',21,1,'2020-08-09 15:11:07','2020-08-09 16:00:48','37.36.79.222'),(984,'b4d7a48d6379e4c09ef9a631d2d84dd9',21,1,'2020-08-10 09:10:37','2020-08-10 09:11:40','94.129.142.109'),(988,'9d8c3be1831c4c749aa564019af61743',21,1,'2020-08-10 14:16:35','2020-08-10 16:22:01','37.36.79.222'),(991,'9296b1330db8552fdaf8f587eeccfc06',22,0,'2020-08-13 12:31:13','2020-08-13 12:47:43','188.71.202.247'),(992,'91340d2de365cc76f1803d4c53163331',22,0,'2020-08-13 12:48:07','2020-08-13 12:51:15','188.71.202.247'),(993,'0d4144ebc58fc6fd0870b62450983669',21,1,'2020-08-13 12:52:04','2020-08-13 12:52:04','188.71.202.247'),(994,'95cb08d8db35b0788fae1f09393253a6',21,0,'2020-08-13 13:22:26','2020-08-13 13:22:45','188.71.202.247'),(995,'36fb08b47ccd832139ca88525c12854d',22,1,'2020-08-13 13:23:30','2020-08-13 13:35:51','188.71.202.247'),(996,'3268fe3edf324fc15901d520fab89319',11,1,'2020-08-13 13:42:11','2020-08-13 13:42:11','94.129.244.127'),(997,'119e1b5a8d6704f355ad9d3e06213518',22,1,'2020-08-16 08:53:57','2020-08-16 09:36:33','188.71.120.173'),(998,'66fad43a8a5814b5d5d91cc984805f4b',11,1,'2020-08-16 09:25:36','2020-08-16 10:56:53','83.96.113.132'),(999,'7730a3405ba148d98ca6725daec6fe6a',22,1,'2020-08-16 11:12:03','2020-08-16 13:10:49','195.39.149.135'),(1000,'54158811578d69360354d39a1ae4adf3',11,1,'2020-08-16 11:42:41','2020-08-16 13:30:51','83.96.113.132'),(1001,'96b107d369e6784ac599688419e36370',11,1,'2020-08-16 20:03:25','2020-08-16 20:03:25','37.36.51.185'),(1002,'9218a69a6b7fb3c92d1752bec3f4eaf9',11,1,'2020-08-17 05:52:47','2020-08-17 07:23:41','83.96.113.132'),(1003,'4aaaec7c1b0f3ada45415254218ea081',11,1,'2020-08-17 08:39:36','2020-08-17 13:07:11','83.96.113.132'),(1004,'ce7bb63a78d7db3a7f7042d992c6cb7d',22,1,'2020-08-17 12:06:05','2020-08-17 12:06:05','195.39.149.135'),(1005,'f17f132ce09fc5486a96eeb44737db98',22,1,'2020-08-17 12:10:14','2020-08-17 12:10:14','195.39.149.135'),(1006,'f11b7ae0a5523caca0dd35d46dd4e333',22,1,'2020-08-17 12:10:56','2020-08-17 12:10:56','195.39.149.135'),(1007,'d5586efa1937059700bedfad6a39891e',22,1,'2020-08-17 12:16:36','2020-08-17 12:16:36','94.129.244.32'),(1008,'6665d6ee0ff9ce18509fb9244aef09db',22,1,'2020-08-17 12:17:26','2020-08-17 12:17:26','94.129.244.32'),(1009,'43fbaee10fe4f0da862a1bfb2a581dfe',22,1,'2020-08-17 12:18:54','2020-08-17 12:18:54','94.129.244.32'),(1010,'04158eb1d54ae51f8416682ea9106cd1',22,1,'2020-08-17 12:19:47','2020-08-17 12:19:47','94.129.244.32'),(1011,'1178fa19c14a9b2d9ef7cd607090eb87',11,1,'2020-08-17 12:20:11','2020-08-17 12:20:11','94.129.244.32'),(1012,'16157268dab8d6dee3a1e88a3effc6ce',22,1,'2020-08-17 12:24:41','2020-08-17 12:24:41','94.129.244.32'),(1013,'d5e7f224a2dbc2bab79ebb976d21edde',22,1,'2020-08-17 12:26:22','2020-08-17 12:39:55','94.129.244.32'),(1014,'1ea6f5e3d862ab160fe7d29655d0a49e',11,1,'2020-08-17 18:43:17','2020-08-17 18:44:18','37.39.243.216'),(1015,'e1cbf5d9fc7e727e3bc6bfbd82433c6f',11,1,'2020-08-17 19:10:46','2020-08-17 19:50:44','37.39.243.216'),(1016,'e05d8762cdb32803d381ce035cc872ff',11,1,'2020-08-18 06:02:28','2020-08-18 06:09:14','83.96.113.132'),(1017,'d2f5aa2fc68219487f5cada5bb78f2a7',11,1,'2020-08-18 07:12:10','2020-08-18 07:14:05','83.96.113.132'),(1018,'662fcf3324d0b98ac59bf74e4aca589d',22,1,'2020-08-18 07:41:42','2020-08-18 07:41:42','195.39.149.135'),(1019,'3a9a67fb7dafd6f67e10d9deb1eae14a',22,1,'2020-08-18 07:42:56','2020-08-18 07:47:26','195.39.149.135'),(1020,'00a9698afbe7d0cc50155652b1d97755',11,1,'2020-08-18 08:55:34','2020-08-18 09:04:50','83.96.113.132'),(1021,'9f17d3d13bfaf8f6b7677879c395b0d6',16,1,'2020-08-18 09:10:53','2020-08-18 09:27:27','188.70.56.236'),(1022,'82f9c69d0756a83a2fab4a07961333ce',11,1,'2020-08-18 09:44:09','2020-08-18 09:59:59','83.96.113.132'),(1023,'cf5419b7f0780f7c83e8c874546a2ecb',16,1,'2020-08-18 10:42:32','2020-08-18 10:44:59','188.70.56.236'),(1024,'b63a9987f9e8127f914e54ad98ff907d',11,1,'2020-08-18 10:55:50','2020-08-18 12:16:35','83.96.113.132'),(1025,'0b55e7a60bc08f97b187759c3e4b7c8e',16,1,'2020-08-18 11:48:05','2020-08-18 11:57:48','188.70.56.236'),(1026,'e2a23f541682e4e3a8ae73a727557f1b',11,1,'2020-08-18 18:15:59','2020-08-18 18:25:52','94.129.244.32'),(1027,'182904110d8651a7c253b0667255eb28',11,1,'2020-08-18 19:08:19','2020-08-18 20:15:55','188.236.137.127'),(1028,'7277051a634e097c459c0b95ec9f0fb8',11,1,'2020-08-19 06:12:44','2020-08-19 09:36:37','83.96.113.132'),(1029,'1412075b50869c501dd4fa738187e613',11,1,'2020-08-19 06:57:47','2020-08-19 07:39:01','94.129.94.246'),(1030,'8766f8cdacf8582d8a403f817dd090ac',11,1,'2020-08-19 08:12:42','2020-08-19 08:12:42','195.39.149.135'),(1031,'3967955eac9ba753a93ec98d00de30ad',16,1,'2020-08-19 09:07:34','2020-08-19 09:14:45','37.231.124.236'),(1032,'8053b60c87623ff2449fcaf1fb882797',11,0,'2020-08-19 10:41:16','2020-08-19 11:02:25','83.96.113.132'),(1033,'cf59f9ba94ce356858a01932a310e232',22,1,'2020-08-19 10:45:41','2020-08-19 10:58:02','195.39.149.135'),(1034,'f7cdfaf8da07eddba282a58c5313e72e',21,0,'2020-08-19 11:01:30','2020-08-19 11:30:33','94.128.118.124'),(1035,'',NULL,0,'2020-08-19 11:02:25','2020-08-19 11:02:25',''),(1036,'2af7162c5435fdf3bd6361cfcf34ce0f',21,1,'2020-08-19 11:03:47','2020-08-19 12:42:09','188.70.60.177'),(1037,'89a651cee0c87111b060f4169ab553d9',11,1,'2020-08-19 11:30:41','2020-08-19 11:30:41','94.128.118.124'),(1038,'b498ced4b6f4200d495130993e591919',21,1,'2020-08-19 12:19:42','2020-08-19 12:31:25','94.128.118.124'),(1039,'3577111c996d2519bf540fc195999d63',21,1,'2020-08-19 13:12:56','2020-08-19 13:12:56','195.39.149.135'),(1040,'abbc80c72aba613d7b33992bd191694c',22,1,'2020-08-19 13:13:31','2020-08-19 13:24:42','195.39.149.135'),(1041,'0e4a1d07f48c6f6df6bf924532f11c82',11,1,'2020-08-19 14:00:56','2020-08-19 14:39:03','94.128.118.124'),(1042,'167400a5b8aac71bee05f0a9f9509d03',11,1,'2020-08-19 14:28:56','2020-08-19 14:34:22','94.128.118.124'),(1043,'84197f54e933f6760c9bc00c37f82f03',11,1,'2020-08-21 19:10:04','2020-08-21 19:34:08','37.34.215.65'),(1044,'f117ea78998305592ea470ad8cdd103c',16,1,'2020-08-26 07:56:35','2020-08-26 08:06:29','188.70.27.44'),(1045,'20bf5b4ad9598336d4406a7978cdf65c',11,1,'2020-08-27 07:35:15','2020-08-27 07:36:21','37.39.211.132'),(1046,'3ae73fa851a80c6013b99a0ed8f88f25',11,1,'2020-08-30 09:54:36','2020-08-30 09:54:36','83.96.113.132'),(1047,'06403d65b6c5ad3d2f336aa99856ccc8',22,1,'2020-09-01 06:54:35','2020-09-01 07:20:26','188.71.248.244'),(1048,'9b36a88f3be02ff1939895c04e45ba84',22,1,'2020-09-06 18:08:40','2020-09-06 18:10:05','188.70.16.35'),(1049,'54e7cd4e3aab82c0261160619364c2fa',11,1,'2020-09-15 12:14:49','2020-09-15 12:14:49','31.203.19.54'),(1050,'07c9dca986092063bf204579df21ac60',16,1,'2020-09-16 09:47:36','2020-09-16 10:07:49','188.70.46.181'),(1051,'98ddf4b4d5d20f31ce455274b83aa8d4',11,1,'2020-09-27 06:27:43','2020-09-27 06:28:55','83.96.113.132'),(1052,'8644d1c0067fe505b4b525705114853a',11,1,'2020-09-28 07:12:21','2020-09-28 07:17:24','83.96.113.132'),(1053,'834734ec8d44eb902c8f6865a958ef23',11,1,'2020-10-13 11:58:44','2020-10-13 12:38:58','83.96.113.132'),(1054,'b64ccea85b9565cee01b621a025d9d27',11,1,'2020-10-15 12:42:07','2020-10-15 12:42:07','94.129.240.91'),(1055,'d59213ce46a58bde3f5ba18483a27bae',11,1,'2020-10-19 08:19:13','2020-10-19 08:32:26','94.129.240.244'),(1056,'7dd688ae8daec2e0c0151c0702ce91cf',11,1,'2020-10-19 08:43:15','2020-10-19 08:46:19','83.96.113.132'),(1057,'534a31fefe528c135376acf465101d36',11,1,'2020-10-19 10:49:21','2020-10-19 10:49:21','94.129.240.244'),(1058,'9b83a7b22002b257995e07445319e7ad',11,1,'2020-10-21 09:50:17','2020-10-21 09:50:17','94.129.240.244'),(1059,'6e0ba4878a2fe33b02bd5b4b629835c0',11,1,'2020-10-21 10:36:22','2020-10-21 11:06:49','94.129.240.244'),(1060,'5930e7280b927ce1390c71e5a2c95606',11,1,'2020-10-21 11:05:37','2020-10-21 11:37:26','94.129.240.244'),(1061,'498f8ee59cbbc647ce536013eea67f47',11,1,'2020-10-21 12:44:43','2020-10-21 13:12:43','94.129.240.244'),(1062,'08aee74827c3bd4d943a982f6b22a9b1',11,1,'2020-10-21 12:48:36','2020-10-21 13:15:54','94.129.240.244'),(1063,'08a46ff96c1c457384e041468ee5693d',11,1,'2020-10-25 11:56:47','2020-10-25 12:12:25','94.128.193.21'),(1064,'392d660917f9e39361edf29acd6dd9cd',11,1,'2020-10-25 11:57:37','2020-10-25 12:57:28','94.128.193.21'),(1065,'552c2b18ddc10009a1ef58cb7886478a',11,1,'2020-10-25 13:47:41','2020-10-25 13:49:03','94.128.193.21'),(1066,'e4d36638261a9c55220c8175b0149e92',11,1,'2020-10-26 07:56:06','2020-10-26 08:14:29','94.129.242.156'),(1067,'be13e91fa7a72c6935779164b9be0c4e',11,1,'2020-10-26 08:17:09','2020-10-26 08:18:32','83.96.113.132'),(1068,'1365da9d106d599cc9700f1790976fa2',16,1,'2020-10-26 08:54:09','2020-10-26 09:04:14','37.39.192.241'),(1069,'762588dedcae617b3dd2aea9c4163b71',11,1,'2020-10-26 09:27:28','2020-10-26 09:37:11','94.129.242.156'),(1070,'58a69a6946dce14b0d3a9f144f15e11f',16,1,'2020-10-26 10:43:55','2020-10-26 11:08:57','188.70.0.146'),(1071,'e06eab63ac6bab07d6a80bc14ccf0757',11,1,'2020-10-26 10:51:10','2020-10-26 10:51:10','94.129.242.156'),(1072,'eda38ed59c4f9f15c9d91738ae08aa08',11,1,'2020-10-26 12:11:40','2020-10-26 12:35:59','94.129.242.156'),(1073,'9be0d4c6fdaba1c881469cd990754895',11,1,'2020-10-26 13:40:07','2020-10-26 13:40:07','83.96.113.132'),(1074,'ebd8ab9d9557240b3db350814bdb890e',11,1,'2020-10-27 06:34:38','2020-10-27 07:14:58','83.96.113.132'),(1075,'aff58d3905dea96fc4c5721f947e67d1',11,1,'2020-10-27 08:14:35','2020-10-27 08:14:35','94.129.242.156'),(1076,'f2fb0f614bba9ea28ee6271429888b96',11,1,'2020-10-28 06:20:26','2020-10-28 06:53:19','83.96.113.132'),(1077,'8e1f4595b6cf50596e884009168cfe08',11,1,'2020-11-01 06:53:08','2020-11-01 07:03:28','83.96.113.132'),(1078,'bf23d80fbf6aa92834fd2dd19000dd04',11,1,'2020-11-01 07:39:31','2020-11-01 08:35:59','83.96.113.132'),(1079,'0e954933a7264f6775139262e714580d',11,1,'2020-11-01 08:03:51','2020-11-01 08:08:49','94.129.241.62'),(1080,'1f61a8d04b64e48dc575fe9ac9d6fc21',11,1,'2020-11-01 09:13:03','2020-11-01 09:13:03','83.96.113.132'),(1081,'663be70eb4f344f4e92a9f56464b3b84',11,1,'2020-11-01 09:44:54','2020-11-01 09:44:54','83.96.113.132'),(1082,'0a6f7f988358232045de7cdbc02b717d',11,1,'2020-11-01 11:28:56','2020-11-01 11:43:40','83.96.113.132'),(1083,'b6705be0f34b542cab125ea17e220a4a',11,1,'2020-11-02 05:54:31','2020-11-02 05:54:31','83.96.113.132'),(1084,'3b5e6870776b887749fa3065047c27d9',11,1,'2020-11-09 05:56:18','2020-11-09 05:56:18','83.96.113.132'),(1085,'914d6fcd35e5ccbe9f8834714537ea79',11,1,'2020-11-09 05:56:33','2020-11-09 06:13:15','83.96.113.132'),(1086,'d1c624e6e08e9ecf201c4a9d4eac5268',16,1,'2020-11-09 06:23:44','2020-11-09 06:51:00','188.71.24.61'),(1087,'0d27421850e07aa6ed605f8d564bf9b8',11,1,'2020-11-09 06:41:46','2020-11-09 09:10:43','83.96.113.132'),(1088,'9774c2bcbd4deb959e05ef8f82fbfbe5',11,1,'2020-11-09 13:24:26','2020-11-09 13:29:57','83.96.113.132'),(1089,'e09c409c0de49f498e2b36dca17a0b76',11,1,'2020-11-15 10:45:43','2020-11-15 13:33:08','83.96.113.132'),(1090,'3768105235643d1832c4153e18773dd1',11,1,'2020-11-16 06:21:15','2020-11-16 07:03:41','83.96.113.132'),(1091,'48e6efdd08731b85a709734e4d3fad32',11,1,'2020-11-16 06:35:30','2020-11-16 06:35:30','188.71.109.62'),(1092,'25761bd40a64c86957bb8a64d024192c',11,1,'2020-11-16 07:04:53','2020-11-16 07:04:53','83.96.113.132'),(1093,'d57a52b5583ca524d0016b3686ae4126',11,1,'2020-11-16 09:03:08','2020-11-16 09:03:08','83.96.113.132'),(1094,'158461edb8f9c31743c6b71c64668ade',11,1,'2020-11-16 09:03:20','2020-11-16 09:38:36','83.96.113.132'),(1095,'a0f2733efec65aa9e8cdaed2e5f8efea',11,1,'2020-11-16 10:48:13','2020-11-16 11:01:59','83.96.113.132'),(1096,'acc6ab635ddfffc0c63e62b1ad305539',11,1,'2020-11-16 11:44:47','2020-11-16 12:10:13','83.96.113.132'),(1097,'d3248808d3320dc1af137ca2f2eaa540',11,1,'2020-11-16 13:18:42','2020-11-16 13:25:38','83.96.113.132'),(1098,'758dbbcf04494fb4bc35965572a4d73c',11,1,'2020-11-17 06:38:12','2020-11-17 07:32:29','83.96.113.132'),(1099,'5efea4f3b7ec707cfa184706958a93d0',11,1,'2020-11-17 08:27:01','2020-11-17 09:03:53','188.71.252.115'),(1100,'f705acdb140831d30afa492fdc44d560',11,1,'2020-11-17 11:00:44','2020-11-17 11:00:44','83.96.113.132'),(1101,'b59acaa1ae05b367dd5bf0fd587b673c',11,1,'2020-11-17 11:42:17','2020-11-17 12:20:58','83.96.113.132'),(1102,'94f3ee02e3d79e60d28ec0229d7a225c',11,1,'2020-11-18 06:09:22','2020-11-18 06:09:22','83.96.113.132'),(1103,'bdf15dca190749a3116cd4b93a8454da',11,1,'2020-11-18 06:09:35','2020-11-18 06:09:35','83.96.113.132'),(1104,'4ca8f2bef9fd99d1abdf1cf13c342338',11,1,'2020-11-18 06:16:25','2020-11-18 06:16:25','83.96.113.132'),(1105,'8510c2ca28fd9b5ef1ce960f6169493b',11,1,'2020-11-18 06:18:40','2020-11-18 06:18:40','83.96.113.132'),(1106,'9f8d3d767ff7b986b67e356661e71923',11,1,'2020-11-18 06:18:55','2020-11-18 06:18:55','83.96.113.132'),(1107,'29cc2fb23d47a8b8cabfe81877c698d3',11,1,'2020-11-18 06:19:47','2020-11-18 07:23:59','83.96.113.132'),(1108,'f905241e1db1a02321402bd333275b49',11,1,'2020-11-18 06:42:55','2020-11-18 06:42:55','83.96.113.132'),(1109,'84dba51184f54c299c503f5693e5a995',11,1,'2020-11-18 07:24:55','2020-11-18 10:04:29','83.96.113.132'),(1110,'aacc53b3fa6b273a445b2a35fbad4665',21,0,'2020-11-18 08:32:19','2020-11-18 08:33:31','188.71.118.146'),(1111,'e0de88fbafd0a7bce97ef69b4e701901',22,1,'2020-11-18 08:33:42','2020-11-18 08:33:42','188.71.118.146'),(1112,'9d403c304b726850ad81ef7d840ad40b',11,1,'2020-11-18 12:43:16','2020-11-18 13:28:36','83.96.113.132'),(1113,'5246474a19e52523d974d97359199d9f',11,1,'2020-11-18 12:47:28','2020-11-18 12:57:25','83.96.113.132'),(1114,'6c06b7398dbde518c1608e88a1c40dbe',11,1,'2020-11-22 06:21:18','2020-11-22 07:00:12','188.70.42.158'),(1115,'2994006b2b50911bcb499e9ccf6022bd',11,1,'2020-11-22 08:00:30','2020-11-22 08:19:34','188.70.42.158'),(1116,'8be11a630468720ab2bfb7b19bd10d92',11,1,'2020-11-22 10:06:19','2020-11-22 10:06:19','83.96.113.132'),(1117,'eb98c49dea15cdf4127b6424a3c8807c',11,1,'2020-11-22 11:19:19','2020-11-22 12:28:38','83.96.113.132'),(1118,'6df485da7d4fd485847e80acbc8b97f2',11,1,'2020-11-23 06:11:27','2020-11-23 06:47:16','83.96.113.132'),(1119,'f77061c35c197ca2eb7e3001ef3b7bf1',11,1,'2020-11-23 12:54:12','2020-11-23 13:36:22','83.96.113.132'),(1120,'032066b5c7fe9ce1b0ca8dfc80af3de0',11,1,'2020-11-24 06:36:56','2020-11-24 07:21:44','188.70.110.11'),(1121,'3a23ce133e53e38edabb6b4b25b00bce',11,1,'2020-11-24 11:18:37','2020-11-24 11:37:57','83.96.113.132'),(1122,'37b8028446b652cb0e77b62a06a919b0',11,1,'2020-11-24 13:42:42','2020-11-24 13:42:42','83.96.113.132'),(1123,'55849983953eca084e1df3869bf04d2a',11,1,'2020-11-24 14:04:53','2020-11-24 14:19:47','94.129.241.237'),(1124,'4daed70449784ae03a56c5355d502932',11,1,'2020-11-25 09:04:45','2020-11-25 09:04:45','188.70.42.158'),(1125,'820c3a86f61cc6e89e43a69ab7166505',11,1,'2020-11-25 10:19:32','2020-11-25 10:40:43','188.70.117.46'),(1126,'4884d7ae75821b2a598313b0dcfc5c8a',11,1,'2020-11-25 14:09:29','2020-11-25 14:10:35','94.129.241.237'),(1127,'efac37b9f71699854fabc8b003d40b46',11,1,'2020-11-26 05:57:28','2020-11-26 05:57:28','83.96.113.132'),(1128,'92cace32816bcb4528779dff2108b6c3',11,1,'2020-11-26 12:18:55','2020-11-26 12:18:55','83.96.113.132'),(1129,'50ec90dc6901d60ceeeb06774d7a3031',11,1,'2020-11-26 12:20:43','2020-11-26 13:30:33','83.96.113.132'),(1130,'bcd014b7424d027d3fc4e2ee38ae07cc',11,1,'2020-11-26 12:27:26','2020-11-26 12:30:16','94.129.241.237'),(1131,'ed4a7cd6b88cd170761fc1b308c9e73c',11,1,'2020-11-29 06:01:01','2020-11-29 06:07:57','83.96.113.132'),(1132,'949ab96a3800904f7534829cd169e9d0',11,1,'2020-11-29 08:07:01','2020-11-29 10:23:07','94.129.240.156'),(1133,'f8ab3339143d20ffc0a9c736cc7cd214',11,1,'2020-11-29 09:57:12','2020-11-29 09:57:12','94.129.240.156'),(1134,'ac929f89bc5a0b0c259c0dbc3affca8a',11,1,'2020-11-29 09:57:22','2020-11-29 09:57:22','94.129.240.156'),(1135,'c564df80d9e10f91dc5e523de18205e8',11,1,'2020-11-29 11:18:26','2020-11-29 13:55:57','83.96.113.132'),(1136,'171493605d4a6ebb514954dbcbf0a449',11,1,'2020-11-30 06:18:21','2020-11-30 09:51:58','94.129.240.156'),(1137,'1cab4064205f938aa702295bc32cdcbd',11,1,'2020-11-30 07:16:57','2020-11-30 07:16:57','94.129.240.156'),(1138,'1dd2e68aa7b36a39a4ae23143a8896d5',11,1,'2020-11-30 10:50:44','2020-11-30 10:53:27','94.129.240.156'),(1139,'f8741cca06d5434a3d418c4b73274406',11,1,'2020-11-30 10:56:19','2020-11-30 10:56:19','94.129.240.156'),(1140,'18467a457c8d55623dcacff7443c4809',11,1,'2020-11-30 10:56:34','2020-11-30 13:33:51','94.129.240.156'),(1141,'28a36348b855768d2ad90717f7546813',11,1,'2020-11-30 13:38:43','2020-11-30 14:17:27','94.129.240.156'),(1142,'1fd31293ff2d2d133424c94b19d31fbd',11,1,'2020-12-01 06:12:40','2020-12-01 06:29:15','94.129.240.156'),(1143,'5db08354b7779b0479090a4e34131e49',11,1,'2020-12-01 06:53:57','2020-12-01 06:56:09','94.129.240.156'),(1144,'9f4673d79e3a81ff150acc9040bedf67',11,1,'2020-12-01 07:20:28','2020-12-01 11:56:28','94.129.240.156'),(1145,'a9bf20e66b6a842f35b8e5e2807b5c2a',11,1,'2020-12-01 13:00:03','2020-12-01 13:14:36','83.96.113.132'),(1146,'6ef2b8d53d59c247ad95b0918d9e40bf',11,1,'2020-12-01 13:21:17','2020-12-01 13:21:17','83.96.113.132'),(1147,'edabb4064cbc287033a64ee345a2cda2',11,1,'2020-12-02 06:04:17','2020-12-02 06:14:09','83.96.113.132'),(1148,'37563e9f3622bf40a80580a049d7c731',11,1,'2020-12-03 07:39:18','2020-12-03 08:38:20','188.70.91.65'),(1149,'bd979e1fc0582f4e250197291a015978',11,1,'2020-12-03 08:36:59','2020-12-03 09:29:22','83.96.113.132'),(1150,'a217af1c7980811c37081b1bd2ee6993',11,1,'2020-12-03 09:36:19','2020-12-03 09:51:36','188.70.100.33'),(1151,'7d55150a6521b06aac3434b3b80ec16e',11,1,'2020-12-03 11:10:39','2020-12-03 11:10:39','188.70.91.65'),(1152,'450a01835a24ffdefa68717c3e49ee80',11,1,'2020-12-03 11:10:47','2020-12-03 12:51:48','188.70.91.65'),(1153,'b9e370b7d0577c486d2448aaa3f8cebb',11,1,'2020-12-03 12:00:27','2020-12-03 12:24:31','83.96.113.132'),(1154,'fe11c4eb8bd355f0557e86c79cdda0ac',11,1,'2020-12-06 06:36:22','2020-12-06 07:24:10','188.70.102.230'),(1155,'5613ee7696dc5c5b1453f2722b76a03e',16,1,'2020-12-06 08:37:57','2020-12-06 08:46:06','94.128.64.26'),(1156,'23d890d42db3c8e81b69ca8b8c456c34',11,1,'2020-12-06 09:14:40','2020-12-06 09:20:19','188.70.91.65'),(1157,'9f6c1906a88ca8ca875576b71d9d7a9c',16,1,'2020-12-06 11:00:56','2020-12-06 11:10:17','188.70.18.143'),(1158,'7bfc059eeb284d2921eeb64b91f9fa87',11,1,'2020-12-06 11:29:03','2020-12-06 11:30:23','94.128.191.104'),(1159,'36b48ebe506221039f92e9bcf1085c50',16,1,'2020-12-06 13:31:38','2020-12-06 13:31:38','188.70.18.143'),(1160,'09e2ff54f2dcd500f92ce35d8707d170',16,1,'2020-12-07 05:42:55','2020-12-07 06:10:09','94.128.67.218'),(1161,'cfe037228660c4fd5e3d964ce41e4a3f',11,1,'2020-12-07 06:32:14','2020-12-07 06:32:14','188.70.91.65'),(1162,'32d8314e833e710219fee1b8332ba9f1',11,1,'2020-12-07 09:26:14','2020-12-07 09:45:19','83.96.113.132'),(1163,'92aa46157bf7446dffe87ce24bed5e0a',11,1,'2020-12-07 12:13:14','2020-12-07 13:23:35','83.96.113.132'),(1164,'8c398b7269e8896b8f9763b80d905041',11,1,'2020-12-07 12:58:25','2020-12-07 13:02:34','94.129.244.252'),(1165,'4398f4040b9cdd93bf9902d086bb18de',16,1,'2020-12-07 13:31:13','2020-12-07 13:35:40','188.70.61.224'),(1166,'d50a1f78acc484549af40cd4f5040a7d',11,1,'2020-12-08 06:20:22','2020-12-08 07:08:16','83.96.113.132'),(1167,'b918683468c7671afe878f3c11bfc1b3',11,1,'2020-12-08 06:39:07','2020-12-08 06:41:37','83.96.113.132'),(1168,'8247e256a3e72d0e87fe03ac6e968ba9',11,1,'2020-12-08 07:49:41','2020-12-08 07:49:41','83.96.113.132'),(1169,'848a23de5ae1fc765c62d903cbd21e5b',22,1,'2020-12-08 07:53:26','2020-12-08 07:57:51','94.129.244.252'),(1170,'b96a9ee325022ad5e7d964fee193cfb9',11,1,'2020-12-08 09:08:32','2020-12-08 09:24:11','83.96.113.132'),(1171,'bdd335943f71daca81cf5cfa89675fbf',11,1,'2020-12-08 10:39:52','2020-12-08 13:11:08','83.96.113.132'),(1172,'bb3a6634c6a22f30e549fed92389fbcf',11,1,'2020-12-08 11:34:14','2020-12-08 11:39:49','83.96.113.132'),(1173,'c53751988d532b60cecd8895efe50361',11,0,'2020-12-09 06:43:48','2020-12-09 07:50:01','83.96.113.132'),(1174,'3ddef65057406d04a25a72dacbb08825',11,1,'2020-12-09 07:21:05','2020-12-09 07:53:17','94.129.244.252'),(1175,'1ac3e66e2b8307e4c84f32119fc49044',23,1,'2020-12-09 07:50:44','2020-12-09 07:54:09','83.96.113.132'),(1176,'34613795d57b63d071e2880f6d962b1c',23,1,'2020-12-09 12:37:20','2020-12-09 12:48:15','188.70.112.188'),(1177,'daee23cc4909a83bfe0768f553a853c6',11,1,'2020-12-09 12:47:07','2020-12-09 12:58:09','83.96.113.132'),(1178,'69edd21f1697f96edb67f2284881ff7d',11,0,'2020-12-10 07:42:22','2020-12-10 07:43:29','83.96.113.132'),(1179,'',NULL,0,'2020-12-10 07:43:29','2020-12-10 07:43:29',''),(1180,'40fc0479bc864f2613926108c072799f',23,0,'2020-12-10 07:43:49','2020-12-10 07:44:22','83.96.113.132'),(1181,'',NULL,0,'2020-12-10 07:44:24','2020-12-10 07:44:24',''),(1182,'ce54d059db3cec0ac10018a419e24ce7',11,1,'2020-12-10 07:44:28','2020-12-10 07:59:34','83.96.113.132'),(1183,'6a9dba60f044d9ed0641a9c97c035c6b',11,1,'2020-12-13 06:56:23','2020-12-13 06:57:28','83.96.113.132'),(1184,'a42588338ab1325d1b8af609f7a230bd',23,1,'2020-12-13 17:25:09','2020-12-13 19:00:15','188.70.101.43'),(1185,'344ac9711723afe82ccf5e28b7507727',11,1,'2020-12-21 12:07:06','2020-12-21 12:11:24','94.129.242.154'),(1186,'7c409174b27c4917a9c220db9527d051',23,1,'2020-12-21 17:26:05','2020-12-21 18:20:45','188.70.118.103'),(1187,'df2defbd9f66d0a110fb35fd29004bb9',11,1,'2020-12-22 06:35:16','2020-12-22 06:36:31','83.96.113.132'),(1188,'7bfab28052a36141f6b9b8dd31e91cec',23,1,'2020-12-22 15:45:52','2020-12-22 16:13:28','188.236.160.57'),(1189,'8738ee8e0bcb8ce1a4a1c0f8b479244d',11,1,'2020-12-23 11:05:09','2020-12-23 11:14:29','94.128.189.184'),(1190,'26e009644a0753769abbc525c2849c95',11,1,'2020-12-24 07:57:57','2020-12-24 09:56:57','94.129.243.42'),(1191,'129399d5473bb7ad67f187e5db83fd02',11,1,'2020-12-27 07:13:19','2020-12-27 07:30:08','83.96.113.132'),(1192,'4799f0afd8b16c83fb7995313f1bbadc',23,0,'2020-12-27 07:25:22','2020-12-27 07:30:01','83.96.113.132'),(1193,'c52d45a4ba309e4d35768373deb80800',11,1,'2020-12-27 07:27:07','2020-12-27 07:28:13','83.96.113.132'),(1194,'',NULL,0,'2020-12-27 07:30:02','2020-12-27 07:30:02',''),(1195,'9485d38d56107da173af324b5e35fb5d',22,1,'2020-12-27 07:30:10','2020-12-27 07:53:58','83.96.113.132'),(1196,'66d6c04259f6ec475e0a758f2220b1e6',22,1,'2020-12-27 09:03:09','2020-12-27 09:03:09','188.71.97.143'),(1197,'0a6c72ca041450671ddf115a0e13f979',22,1,'2020-12-27 09:13:42','2020-12-27 09:13:42','83.96.113.132'),(1198,'86f82a40a85f749ef071d55f3ce47c3a',23,0,'2020-12-27 09:22:37','2020-12-27 09:24:40','188.70.17.98'),(1199,'b81561ea9686f6bbe82a1368916b68cf',22,1,'2020-12-27 09:24:54','2020-12-27 09:57:50','188.70.17.98'),(1200,'c71e8258b7b5236420aa99913be278e2',22,1,'2020-12-27 11:14:57','2020-12-27 12:11:40','83.96.113.132'),(1201,'c64a1469f6f8daf11c36e27114fff76b',22,1,'2020-12-27 11:35:46','2020-12-27 11:57:13','188.71.248.13'),(1202,'309915f5e8760f252e8631f2b135ae17',11,1,'2020-12-27 12:06:32','2020-12-27 12:08:38','94.128.188.178'),(1203,'d17cd01de672c677bdbba95900b0e7b0',22,1,'2020-12-28 06:46:53','2020-12-28 06:51:29','83.96.113.132'),(1204,'64cce94f0fd59e71f2c1b5565c480206',11,1,'2020-12-28 07:04:53','2020-12-28 07:05:56','83.96.113.132'),(1205,'db0130f9ab645c7187a49f468eea814c',22,1,'2020-12-28 07:46:08','2020-12-28 09:52:04','83.96.113.132'),(1206,'43cb03e898b8d3b359302153abfd24ba',22,1,'2020-12-28 11:15:20','2020-12-28 11:36:36','83.96.113.132'),(1207,'f104a508f624c7c458542ff6231d7603',11,1,'2020-12-28 11:37:50','2020-12-28 11:41:27','83.96.113.132'),(1208,'ddb29e0168ddc0948ed1101da92fc57f',22,1,'2020-12-28 12:18:28','2020-12-28 12:56:26','83.96.113.132'),(1209,'7805ae4ae85e7dceb6378aacad04c2ac',11,1,'2020-12-28 12:23:16','2020-12-28 12:50:01','83.96.113.132'),(1210,'694d6cbf4d73e6fc58d71945e4e5ddb5',11,1,'2020-12-29 06:28:50','2020-12-29 06:51:47','188.71.110.247'),(1211,'c0c76f1302f03822f805683bd96491f4',22,1,'2020-12-29 07:01:26','2020-12-29 07:06:41','83.96.113.132'),(1212,'3415304711e559c125d6cf41a1eb5edd',11,1,'2020-12-30 07:08:04','2020-12-30 07:09:05','83.96.113.132'),(1213,'36eb8cef653164782c8ebb5799e1e1a6',23,0,'2021-01-06 05:58:28','2021-01-06 06:02:57','83.96.113.132'),(1214,'',NULL,0,'2021-01-06 06:02:57','2021-01-06 06:02:57',''),(1215,'b05ee50a13acaf86ee23b748445e8421',22,0,'2021-01-06 06:03:11','2021-01-06 06:06:10','83.96.113.132'),(1216,'',NULL,0,'2021-01-06 06:06:10','2021-01-06 06:06:10',''),(1217,'90af7eb8ef84ab77db763c0c331d672c',23,0,'2021-01-06 06:06:28','2021-01-06 06:07:36','83.96.113.132'),(1218,'',NULL,0,'2021-01-06 06:07:36','2021-01-06 06:07:36',''),(1219,'aa5e9ad4533b3754a26cc08e82129a94',22,1,'2021-01-06 06:07:48','2021-01-06 06:10:10','83.96.113.132'),(1220,'d9403f947c7850d173ecc8deba019cac',22,1,'2021-01-06 06:57:14','2021-01-06 07:33:55','83.96.113.132'),(1221,'a8c8bf392a2e6020ba96f1eabc042c1f',22,1,'2021-01-06 08:48:24','2021-01-06 08:53:30','83.96.113.132'),(1222,'a4a24b8fb7fd6c5d19b91f11cebae51b',22,0,'2021-01-06 09:42:35','2021-01-06 09:45:02','83.96.113.132'),(1223,'',NULL,0,'2021-01-06 09:45:03','2021-01-06 09:45:03',''),(1224,'6a988bcabfe4140dba3aac87e07a4c85',23,1,'2021-01-06 09:45:21','2021-01-06 09:51:37','83.96.113.132'),(1225,'804c552fc90c05ad687f9fd1e48983f8',23,1,'2021-01-06 10:41:58','2021-01-06 10:41:58','83.96.113.132'),(1226,'c4f5e23cdf2c2d766b890ab237087561',23,1,'2021-01-06 10:43:09','2021-01-06 10:55:55','188.70.47.149'),(1227,'25daac003cc095bb8514173ac876b5fd',22,1,'2021-01-06 12:29:37','2021-01-06 13:21:39','83.96.113.132'),(1228,'3b18a1c2307dd0a5dc8fb2d040e03c38',22,1,'2021-01-07 05:30:29','2021-01-07 06:06:08','83.96.113.132'),(1229,'84ee40c9677c70634152621ca60af6fd',22,1,'2021-01-07 07:45:12','2021-01-07 08:24:12','83.96.113.132'),(1230,'9bd908f0bb2481938e3be7b7cdc64f4e',22,1,'2021-01-07 09:16:16','2021-01-07 09:43:49','83.96.113.132'),(1231,'31965857ae8491d33206093011c64690',23,1,'2021-01-07 09:34:17','2021-01-07 09:34:17','37.37.60.155'),(1232,'3b118bb26b85c5d61555099ba23348f4',23,1,'2021-01-07 10:58:55','2021-01-07 11:12:27','37.37.60.155'),(1233,'bf68c5db8c62e03cc3f02090b3d0c110',22,1,'2021-01-07 11:10:15','2021-01-07 13:20:59','83.96.113.132'),(1234,'eb8cd7e858024b28c4fe4adc60c5ae15',23,1,'2021-01-08 11:37:44','2021-01-08 11:37:44','37.37.60.155'),(1235,'91b60625d4b426fdbc3fb4c05af6acac',23,1,'2021-01-08 11:38:00','2021-01-08 11:39:04','37.37.60.155'),(1236,'47a2d4ab51518a003e33bb89532077e0',16,1,'2021-01-10 05:21:15','2021-01-10 05:23:23','188.71.107.69'),(1237,'cb15ae6c337a1c5fa0d7889c4fdad471',22,1,'2021-01-10 05:23:14','2021-01-10 06:39:02','83.96.113.132'),(1238,'e1a7bee9968bf8a43d2d514982164aab',11,1,'2021-01-10 06:41:56','2021-01-10 06:48:59','94.129.240.45'),(1239,'523322165235d50c04a3ec74a5c94b3c',16,1,'2021-01-10 07:11:49','2021-01-10 07:46:34','188.71.194.237'),(1240,'bbfb13f0fa5bfdf46d62b5ecf794b5ae',22,1,'2021-01-10 07:28:53','2021-01-10 09:51:21','83.96.113.132'),(1241,'d405fbbcad2a3a90345429523e6db2f9',11,1,'2021-01-10 08:58:54','2021-01-10 09:39:23','94.129.240.45'),(1242,'4b0736068bcf2060a491de7216f5d398',16,1,'2021-01-10 09:13:56','2021-01-10 09:57:21','188.71.107.69'),(1243,'a5584726f393baac079bffefcd02c4e2',11,1,'2021-01-10 10:51:34','2021-01-10 11:35:15','188.70.96.112'),(1244,'c1dd198fcaa8ad0aca1b08f82cc1c7a0',22,1,'2021-01-10 10:53:33','2021-01-10 10:53:33','83.96.113.132'),(1245,'49ca250498dbdd22f7353e5f7075b7ff',22,1,'2021-01-10 10:57:46','2021-01-10 11:46:07','83.96.113.132'),(1246,'7be3c9c0e5969ae6dc9b4868003cfd8b',11,1,'2021-01-10 11:20:57','2021-01-10 11:23:07','94.129.240.45'),(1247,'37ee28250244f05e7e529903c435b1c1',22,1,'2021-01-10 12:51:10','2021-01-10 13:15:13','83.96.113.132'),(1248,'6d917adb1ffd068bbc67a291deb2494b',22,1,'2021-01-11 05:23:32','2021-01-11 07:01:02','83.96.113.132'),(1249,'bb75f85d65008c8a5d4b506060af307e',22,1,'2021-01-11 09:12:48','2021-01-11 09:54:19','83.96.113.132'),(1250,'cd4016709ac43cf356a049ac686f6e85',22,1,'2021-01-11 11:22:01','2021-01-11 12:26:38','83.96.113.132'),(1251,'3ef69504b9f217c0ec8e7272c11d0eff',22,1,'2021-01-12 05:49:16','2021-01-12 07:16:43','83.96.113.132'),(1252,'f01e7e888e50fafe47e2aa7c0457a1a0',16,1,'2021-01-12 09:09:32','2021-01-12 09:37:57','188.70.36.234'),(1253,'511073ec7855aa10019d50bca2d61332',22,1,'2021-01-12 09:21:14','2021-01-12 10:08:37','188.70.49.237'),(1254,'54114f6c6dd2c1ef17109f9ebcd3b1be',23,1,'2021-01-12 12:17:58','2021-01-12 12:21:32','37.37.60.155'),(1255,'515e3f3091695c3d31a1f0ac4a809c12',22,1,'2021-01-12 12:29:52','2021-01-12 13:18:39','83.96.113.132'),(1256,'152d07a4f1d9f82932062c2c8d6f4f83',23,1,'2021-01-12 18:08:12','2021-01-12 18:19:43','37.37.60.155'),(1257,'716272104920a75bce52c0693db8887b',22,1,'2021-01-13 05:41:28','2021-01-13 08:30:03','83.96.113.132'),(1258,'6b78b173c46e373a1f52bd5a60df8dc9',11,1,'2021-01-13 07:49:45','2021-01-13 08:00:59','94.129.240.45'),(1259,'2ef23937ce755eafb687ef7b2591b1a2',23,1,'2021-01-13 08:26:40','2021-01-13 08:32:53','37.37.60.155'),(1260,'effa4caea782c45c28fb84b97cef7ed4',11,1,'2021-01-13 08:42:18','2021-01-13 08:42:18','94.129.240.45'),(1261,'78d5c142c8bb2c4832cace841faf94b1',11,1,'2021-01-13 09:13:05','2021-01-13 09:14:22','94.129.240.45'),(1262,'38391366754e632150ec186c0f9cf52e',23,1,'2021-01-13 09:35:40','2021-01-13 09:37:13','188.236.200.66'),(1263,'b8ec0b847bb43c1cf0f38a5e87662b3b',23,1,'2021-01-14 10:04:02','2021-01-14 10:04:02','188.236.242.27'),(1264,'f755b9534064f88ba727656bf64dee7f',11,1,'2021-01-14 11:13:38','2021-01-14 11:17:16','83.96.113.132'),(1265,'a15dce1119a8710edaf86182c5ef2246',11,1,'2021-01-14 12:56:25','2021-01-14 13:22:53','94.129.240.45'),(1266,'77f83dbb772d2aa653d9cd389d37e100',23,1,'2021-01-14 13:30:01','2021-01-14 13:30:01','188.236.242.27'),(1267,'e7a715b7e1e9ad7cf5d5a8924d97aa08',23,1,'2021-01-14 15:02:14','2021-01-14 15:02:14','188.236.242.27'),(1268,'8927c882364546ba2a691731c2e260fc',23,1,'2021-01-15 07:32:06','2021-01-15 07:33:10','188.236.217.83'),(1269,'b8d8822e4eb06f9b19283b1446a62129',23,1,'2021-01-15 08:23:11','2021-01-15 08:53:15','188.236.217.83'),(1270,'55684492c4c9823d7ebbdde7aeb56ab5',23,1,'2021-01-15 11:15:01','2021-01-15 11:38:47','37.38.148.116'),(1271,'7509577a4699ed54b5444a6b27c79d6f',23,1,'2021-01-15 13:39:53','2021-01-15 13:39:53','37.38.148.116'),(1272,'bb248128a29e6738cb49fba3dc5bedd0',23,1,'2021-01-15 15:01:31','2021-01-15 15:01:31','37.38.148.116'),(1273,'8788654bede451eac6d632e78f3fa355',23,1,'2021-01-16 07:12:54','2021-01-16 07:12:54','37.38.148.116'),(1274,'f41fd31654d0cbf59e3b2d99597ec27b',23,1,'2021-01-16 08:38:53','2021-01-16 08:38:53','37.38.148.116'),(1275,'54020ffd33b7b0101011c967e74ba58f',23,1,'2021-01-16 09:26:26','2021-01-16 09:26:26','37.38.148.116'),(1276,'a0469370c0a7dd942acef60ab9772bda',23,1,'2021-01-16 10:49:27','2021-01-16 10:49:27','37.38.148.116'),(1277,'beebd585fcc854e0c4e802ca21846da3',23,1,'2021-01-16 13:53:05','2021-01-16 13:53:05','37.38.148.116'),(1278,'f09386cd0a442982d1ac15d02e59fc74',23,1,'2021-01-17 08:15:30','2021-01-17 08:53:56','37.38.148.116'),(1279,'b63d1806065278c1247a3df875230e5b',23,1,'2021-01-17 11:02:00','2021-01-17 11:02:00','37.38.148.116'),(1280,'b9a44339878e9cbb2b8e5c6e7f841333',23,1,'2021-01-17 12:47:25','2021-01-17 12:47:25','37.38.148.116'),(1281,'13e4679e56591c3635783bc84d700293',23,1,'2021-01-17 13:43:01','2021-01-17 13:43:01','37.38.148.116'),(1282,'a30b66e379b0f923356634c4213f413f',22,1,'2021-01-17 17:21:54','2021-01-17 17:42:48','188.70.32.167'),(1283,'fb17f1685cfa76190d32e88196e82167',11,1,'2021-01-18 05:32:07','2021-01-18 05:36:02','94.129.246.137'),(1284,'d47616ba01acf3b335d2504e90337b43',16,1,'2021-01-18 05:58:46','2021-01-18 06:03:23','188.71.251.201'),(1285,'69f030cdf4a3f27fa0d3bac4595e7bc2',23,1,'2021-01-18 09:30:42','2021-01-18 09:32:11','37.39.173.74'),(1286,'52bfa61a21078a127016e5f656e6bf3f',23,1,'2021-01-19 08:10:52','2021-01-19 08:17:07','149.147.20.17'),(1287,'e0a9da244dfb223995e57d202e034c71',16,1,'2021-01-19 09:18:09','2021-01-19 09:36:39','188.71.199.54'),(1288,'f7dc00993ed5febb5035634bc82db7f0',23,1,'2021-01-19 10:58:55','2021-01-19 11:02:30','149.147.20.17'),(1289,'208d3dd46b36d1c866994ac4e91404df',23,1,'2021-01-19 11:53:01','2021-01-19 11:53:01','149.147.20.17'),(1290,'8b0a2ec0dc35743dffa299f48ba561e6',23,1,'2021-01-19 13:32:34','2021-01-19 13:32:34','149.147.20.17'),(1291,'78912c8840495f779b934ae26e06b3c0',23,1,'2021-01-19 16:08:52','2021-01-19 16:08:52','149.147.20.17'),(1292,'46a35f0818d4be0d3b71753dce8e70df',23,1,'2021-01-20 08:25:52','2021-01-20 09:01:05','149.147.20.17'),(1293,'056f492f7b99d0056427f83fc76b34c7',23,1,'2021-01-20 10:14:06','2021-01-20 10:14:06','149.147.20.17'),(1294,'c94a8a02c26f1b60fec9595bec044231',23,1,'2021-01-20 11:50:15','2021-01-20 12:30:06','149.147.20.17'),(1295,'280b1e6fbe724cbcac16c55b2892d709',22,1,'2021-01-20 12:25:22','2021-01-20 12:35:48','83.96.113.132'),(1296,'07e49496fba7ec28c33bad6043d10820',23,1,'2021-01-20 13:28:43','2021-01-20 13:30:12','149.147.20.17'),(1297,'d437272aba860eb80583a2b23db148db',23,1,'2021-01-21 08:24:04','2021-01-21 08:24:04','149.147.20.17'),(1298,'f9902524f923b324183508fb52be3b5f',23,1,'2021-01-21 09:41:10','2021-01-21 09:41:10','149.147.20.17'),(1299,'503774a6b02f7c66297bbb02e97ca19e',23,1,'2021-01-21 10:44:43','2021-01-21 10:44:43','149.147.20.17'),(1300,'2905f4eca32cd282e0fa714d2fab8592',11,1,'2021-01-21 11:03:56','2021-01-21 11:03:56','83.96.113.132'),(1301,'76423a582c86a2032543fc85b7cfd96b',23,1,'2021-01-21 11:12:44','2021-01-21 11:12:44','149.147.20.17'),(1302,'4599969f2a616009486e63dc91d7ceed',23,1,'2021-01-21 12:46:58','2021-01-21 12:46:58','149.147.20.17'),(1303,'a220317b06672dde8300cab409586e6c',23,1,'2021-01-22 08:36:19','2021-01-22 08:36:19','149.147.20.17'),(1304,'516138a269a3938fc4863bb828234a61',23,1,'2021-01-22 11:46:01','2021-01-22 11:46:01','149.147.20.17'),(1305,'f8627d403f05ee8edc5fbadd27adb458',23,1,'2021-01-23 07:59:33','2021-01-23 08:33:34','37.38.129.181'),(1306,'1479a2fcfabc3cee26868094501fab75',23,1,'2021-01-23 11:25:38','2021-01-23 11:25:38','37.38.129.181'),(1307,'7b3ab13e549b3ec0aab5910d317aae8f',23,1,'2021-01-23 15:04:12','2021-01-23 15:04:12','37.38.129.181'),(1308,'33aee931af0f90d10e69c2b4d3548485',23,1,'2021-01-24 11:51:09','2021-01-24 11:51:09','37.38.129.181'),(1309,'d0fc50ca96024c54a66c502af0b602b0',23,1,'2021-01-25 08:03:19','2021-01-25 08:03:19','37.38.129.181'),(1310,'86f5d7aa53f3ddf79a96dc6cdfc1352d',23,1,'2021-01-25 09:30:23','2021-01-25 09:30:23','37.38.129.181'),(1311,'84056bf3631eafe756ef750a51d155ea',23,1,'2021-01-25 14:45:28','2021-01-25 14:45:28','37.38.129.181'),(1312,'fae5255094b644cb2013f43181e4aaa2',23,1,'2021-01-26 13:14:10','2021-01-26 13:14:10','37.38.129.181'),(1313,'344de669c174edbda7cdc291d5d48b2f',23,1,'2021-01-27 07:36:53','2021-01-27 07:58:52','37.38.129.181'),(1314,'fb261454bcf3917aef3d06d03d7163b9',22,1,'2021-01-28 05:52:37','2021-01-28 05:52:37','83.96.113.132'),(1315,'97850e55bdd5a9020513ed84e8f9f056',23,1,'2021-01-28 07:53:05','2021-01-28 10:06:27','37.38.129.181'),(1316,'63e30b9bc9d74ffeeb38b42f35f0a6ae',23,1,'2021-01-28 10:43:43','2021-01-28 10:43:43','37.38.129.181'),(1317,'d1222a21db1c69ece1716da8bceb8f4e',23,1,'2021-01-28 11:14:06','2021-01-28 11:41:05','37.38.129.181'),(1318,'cb3e3e8d20b242916e5bb1bc1e4a9263',22,1,'2021-01-28 11:33:15','2021-01-28 12:16:08','188.70.119.91'),(1319,'1930b154fd83d14096c334a91adc7d4e',23,1,'2021-01-28 12:40:17','2021-01-28 12:40:17','37.38.129.181'),(1320,'8fa82aae5d0f5cd4b97f6cb624ef9038',23,1,'2021-01-29 07:50:45','2021-01-29 07:50:45','37.38.129.181'),(1321,'b0099540529644c71bad42359318174b',23,1,'2021-01-29 11:46:06','2021-01-29 11:57:41','37.38.129.181'),(1322,'a9c43b99b235da40ef0b66b82a3365d2',23,1,'2021-01-30 08:11:41','2021-01-30 08:11:41','37.38.129.181'),(1323,'cc80ac85e0a336a4d8c377e0fc59e24c',23,1,'2021-01-30 09:24:08','2021-01-30 10:03:19','37.38.129.181'),(1324,'1d5c32c0a9890d0c797d61e7be0451ee',23,1,'2021-01-30 14:27:51','2021-01-30 14:27:51','37.38.129.181'),(1325,'70ea904715d4ee5346ecb6c94acffa03',23,1,'2021-01-30 16:35:19','2021-01-30 16:35:19','37.38.129.181'),(1326,'929121d6b2dc6970ac8276fa194a96f2',22,1,'2021-01-31 06:41:43','2021-01-31 06:42:58','188.71.121.136'),(1327,'bfe3d746ed6fa523b230d0d21955b7e7',23,1,'2021-01-31 08:19:15','2021-01-31 08:19:15','37.38.129.181'),(1328,'d1b9da66cdf04c35d7c22f6351431989',22,1,'2021-01-31 08:27:18','2021-01-31 08:27:18','188.71.101.255'),(1329,'38618fc26b24dfbc2e148b89f38046e9',23,1,'2021-01-31 11:08:06','2021-01-31 11:08:06','31.203.162.132'),(1330,'21ecab2edd3326516a280f08425b8c74',23,1,'2021-01-31 15:48:32','2021-01-31 15:48:32','31.203.162.132'),(1331,'11335b34c5c020f91734b853fbdd22d8',22,1,'2021-02-01 12:02:40','2021-02-01 12:06:11','188.70.109.198'),(1332,'7930c9abc0d89158a73ad1b122e4eaae',23,1,'2021-02-01 20:45:25','2021-02-01 20:45:25','31.203.162.132'),(1333,'80ac1cbc5f83bacf9ec0dcb8003712d3',23,1,'2021-02-02 08:14:28','2021-02-02 08:14:28','46.186.249.73'),(1334,'c49b464e1e4d6a0db136e9819cfe7890',23,1,'2021-02-02 09:08:46','2021-02-02 10:09:38','46.186.249.73'),(1335,'808d3cd7b7edc48797d26c7019a8d74a',23,1,'2021-02-02 10:52:12','2021-02-02 11:57:54','46.186.249.73'),(1336,'ba125ded86ccb8e4d44279c2a8a6892b',23,1,'2021-02-02 12:41:30','2021-02-02 13:13:28','46.186.249.73'),(1337,'6288678053928dfa19a9a70e0ed07c70',23,1,'2021-02-02 15:58:35','2021-02-02 15:58:35','46.186.249.73'),(1338,'5293f1a736062fe2b45be849b95c3ca1',23,1,'2021-02-03 08:15:34','2021-02-03 09:38:42','37.37.141.175'),(1339,'8b51287992b68ee88206a463e1fd5dfc',23,1,'2021-02-03 12:07:49','2021-02-03 12:32:06','37.37.141.175'),(1340,'36e1b76d63d02a54c922567899339848',23,1,'2021-02-03 13:53:43','2021-02-03 13:53:43','37.37.141.175'),(1341,'3c8526bca0b78c3fab97ce50e0e3adb3',23,1,'2021-02-04 07:51:51','2021-02-04 07:51:51','37.37.141.175'),(1342,'3d25f26cb228dd53460b687e8c521f14',23,1,'2021-02-04 07:54:32','2021-02-04 07:54:32','37.37.141.175'),(1343,'033258f1a3592ae2c3bb02e82d9e6890',23,1,'2021-02-04 11:30:45','2021-02-04 11:33:23','37.37.141.175'),(1344,'a029c777064c05ebe89eab8843a97884',23,1,'2021-02-04 12:20:07','2021-02-04 12:20:07','37.37.141.175'),(1345,'27064fe6347300e606d146561f7f4ed2',23,1,'2021-02-04 13:12:50','2021-02-04 13:12:50','37.37.141.175'),(1346,'593b8963e6b8f28913124294aaa884ee',23,1,'2021-02-04 15:47:52','2021-02-04 15:47:52','37.37.190.116'),(1347,'6b3db1861e12c8980644efe27a986264',23,1,'2021-02-04 16:54:04','2021-02-04 16:54:04','37.37.190.116'),(1348,'5d696608bd96b5aa17b9b1e92c311041',23,1,'2021-02-05 08:37:04','2021-02-05 08:37:04','37.37.190.116'),(1349,'b5a7171407edef04e961d2265314b393',23,1,'2021-02-05 08:37:28','2021-02-05 08:37:28','37.37.190.116'),(1350,'3f28cd5524e20e59a01348e3821748d4',23,1,'2021-02-05 13:09:31','2021-02-05 13:09:31','37.37.190.116'),(1351,'6848406fdd0e7275af20bc3ec44de4f2',23,1,'2021-02-06 07:25:17','2021-02-06 07:25:17','37.37.190.116'),(1352,'73c322943d73ef5ea64d9e1ca3400867',23,1,'2021-02-06 12:46:03','2021-02-06 12:46:03','37.37.190.116'),(1353,'97452140570ef4bf8929ff3debb37a7d',23,1,'2021-02-08 02:27:10','2021-02-08 02:27:10','37.37.190.116'),(1354,'78e3d7d3c011739bdedd5eb11572894e',22,1,'2021-02-09 06:00:09','2021-02-09 06:00:09','83.96.113.132'),(1355,'5acd626ce69040cce711c518e1bb4220',23,1,'2021-02-09 11:19:09','2021-02-09 11:19:09','37.37.190.116'),(1356,'a430e592a1ce6e4e48934cbe9c7eaa4a',23,1,'2021-02-10 09:24:22','2021-02-10 09:24:22','37.37.190.116'),(1357,'df19a81651fd9531bd3d92f501883a78',23,1,'2021-02-13 08:39:28','2021-02-13 08:39:28','37.37.190.116'),(1358,'7d50d9839308279c88e51fd8b2a199ea',23,1,'2021-02-15 12:26:04','2021-02-15 12:26:04','31.203.210.137'),(1359,'6d0a378dd6d01073cba2117847fed1aa',23,1,'2021-02-19 09:13:45','2021-02-19 09:13:45','37.39.168.147'),(1360,'0ce0387b1011b35e242bdd6c4820aaa1',23,1,'2021-02-19 11:47:13','2021-02-19 12:18:55','31.203.210.137'),(1361,'69e483e99691b739f599f4918bec99bb',23,1,'2021-02-20 17:01:13','2021-02-20 17:01:13','37.38.227.20'),(1362,'2e06eed309738ce7d0c018b481b400cb',23,1,'2021-02-20 18:01:40','2021-02-20 18:37:08','37.38.227.20'),(1363,'f7eff6ba67f8f1d5bc2cb66b149a64df',23,1,'2021-02-20 20:33:38','2021-02-20 20:33:38','188.236.136.35'),(1364,'c99707cda00817b4d6f81f552fbf6e5b',23,1,'2021-02-21 07:41:49','2021-02-21 07:41:49','188.236.136.35'),(1365,'c3585ba354e48b4554021bc17df1db36',23,1,'2021-02-21 17:38:50','2021-02-21 17:38:50','37.38.227.20'),(1366,'70431a6d5b8c741eff2d925ea2a12c28',23,1,'2021-02-22 11:49:11','2021-02-22 11:51:02','37.38.227.20'),(1367,'440ba7dab652c61bd028ce6c9827fc0b',22,1,'2021-02-23 06:08:19','2021-02-23 06:08:19','83.96.113.132'),(1368,'f0f48e1058e58dc3c24f59dbbd14ca53',23,1,'2021-02-24 10:08:45','2021-02-24 10:08:45','188.236.206.139'),(1369,'730660676446eb2c150d1e79793f6269',23,1,'2021-02-28 08:51:18','2021-02-28 08:51:18','37.38.227.20'),(1370,'a8b45e05cd989c5e651ce738dddef7eb',22,1,'2021-03-09 07:55:17','2021-03-09 08:09:26','94.128.192.20'),(1371,'5abcfce13d3a54d859f910e896b00586',22,1,'2021-03-10 06:14:07','2021-03-10 07:29:14','94.129.243.255'),(1372,'ab56f9fe1d0e858a69de5ed014017212',22,1,'2021-03-10 08:34:58','2021-03-10 08:34:58','94.129.243.255'),(1373,'ff37852d9ad4cd317efb2eea8dfdd6e5',22,1,'2021-03-10 10:30:40','2021-03-10 10:38:34','94.129.243.255'),(1374,'4a1ec2cadea1eab956cda30ab1a09ad9',11,1,'2021-03-10 11:17:03','2021-03-10 11:32:13','94.129.243.255'),(1375,'4179f84b6b3c44f89589b24adec0e92a',11,1,'2021-03-11 06:02:52','2021-03-11 07:11:17','83.96.113.132'),(1376,'55f023443f68b4624c912d6187e9e14a',11,1,'2021-03-14 07:25:32','2021-03-14 08:35:53','188.71.207.87'),(1377,'489d2b4aa7c5c66ea0d1a84d17c9c4bd',11,1,'2021-03-14 10:57:57','2021-03-14 11:47:17','188.71.207.87'),(1378,'301c0817a82c2b70b3c6f8bc785c05d8',11,1,'2021-03-15 05:47:59','2021-03-15 06:09:28','188.71.207.87'),(1379,'b33e1996329fdabaaa844f6119a49a71',11,1,'2021-03-15 08:58:48','2021-03-15 08:58:48','83.96.113.132'),(1380,'4d461e690e7c5d44497f8e0f2eb01a5d',11,1,'2021-03-15 09:57:30','2021-03-15 09:57:30','83.96.113.132'),(1381,'87b2d2344dff79069f772fd0f873b772',11,1,'2021-03-15 10:46:18','2021-03-15 11:35:52','188.71.207.87'),(1382,'8d0e412a0ef24914350fb5dba3927691',11,1,'2021-03-16 05:54:34','2021-03-16 06:00:23','188.71.240.172'),(1383,'dd0e709e9f0ca6ed78f42a95d589f588',11,1,'2021-03-16 07:34:53','2021-03-16 08:03:06','188.71.240.172'),(1384,'5a040ca8249c911f0765fba7517af65e',11,1,'2021-03-16 08:39:57','2021-03-16 08:47:55','188.71.240.172'),(1385,'efc5726e7053681b3806620aee1fb9bc',11,1,'2021-03-16 09:47:18','2021-03-16 10:16:20','188.71.240.172'),(1386,'b2a9e2238351d6202c1c8a7fdaa66780',22,1,'2021-03-16 11:44:06','2021-03-16 11:53:39','83.96.113.132'),(1387,'da8be873b98373515609c2f33134e394',22,1,'2021-03-17 07:50:12','2021-03-17 07:53:39','83.96.113.132'),(1388,'2eddad055a4ec70859261870866526c3',22,1,'2021-03-17 08:53:34','2021-03-17 10:18:39','83.96.113.132'),(1389,'526df456bc67a146649485db36e6ba35',11,1,'2021-03-17 09:27:44','2021-03-17 10:14:47','94.129.247.42'),(1390,'3fa7b88444b6e13c124a985d1240e66d',11,1,'2021-03-17 10:45:34','2021-03-17 11:23:51','94.129.247.42'),(1391,'b45e5870ee325ccb6baad4812bbd35d6',11,1,'2021-03-17 17:19:31','2021-03-17 19:11:38','188.236.219.254'),(1392,'dda3188222fdd4711c2adaa2ea084ed6',11,1,'2021-03-17 17:49:47','2021-03-17 19:23:00','188.236.219.254'),(1393,'f67efaebfc1a06f06123a4c214aeee30',11,1,'2021-03-18 05:23:28','2021-03-18 08:48:16','188.70.31.153'),(1394,'dccb14b07e655f170bf077af683832c3',22,1,'2021-03-18 07:31:08','2021-03-18 07:37:16','83.96.113.132'),(1395,'647b8c4b267062b453d3c4c135cd2582',22,1,'2021-03-18 08:52:10','2021-03-18 09:23:58','83.96.113.132'),(1396,'ecfcceaa38a5262e8a5d5e94e1714e56',11,1,'2021-03-18 09:54:09','2021-03-18 11:25:12','94.129.188.117'),(1397,'e203c84fc88b982e19aeecb0ce1842be',22,1,'2021-03-18 10:28:16','2021-03-18 10:39:43','83.96.113.132'),(1398,'db62c6d4c172063f0e2aacadc36ca308',11,1,'2021-03-18 10:57:11','2021-03-18 11:10:16','94.129.188.117'),(1399,'adc6bb287631b3a585bd3e7aebb2ba63',22,1,'2021-03-18 11:58:53','2021-03-18 11:58:53','83.96.113.132'),(1400,'e055e50bce6f7bb79345a3506f04dc6f',11,1,'2021-03-19 16:07:30','2021-03-19 16:07:30','188.236.219.254'),(1401,'3726f5d217ea67b712357c82b0dd0758',11,1,'2021-03-19 17:01:34','2021-03-19 17:01:34','188.236.219.254'),(1402,'b31b8c341e1422bbf3bf89e307a5f0c8',11,1,'2021-03-19 17:06:50','2021-03-19 20:34:41','188.236.219.254'),(1403,'2ec521817ab27ddd8e60d8115a95335d',11,1,'2021-03-19 19:52:18','2021-03-19 20:20:35','188.236.219.254'),(1404,'4ba4dc4a511c0206acfe0bcf1b048fe7',22,1,'2021-03-22 11:28:22','2021-03-22 12:02:25','188.70.32.68'),(1405,'c579275b41f96fdad7559dfdc3d2e2ed',11,1,'2021-03-22 11:32:41','2021-03-22 11:32:41','188.70.32.68'),(1406,'fa2122c9be97dc598a07047541f4f42c',11,1,'2021-03-22 11:36:05','2021-03-22 11:42:36','188.70.32.68'),(1407,'eeb7662caaf3b252a921a515f512b9e8',11,1,'2021-03-22 11:49:30','2021-03-22 11:49:30','188.70.32.68'),(1408,'acfea0edfde8d04209af14cc6880e7b8',22,1,'2021-03-23 10:15:34','2021-03-23 10:18:54','188.70.40.84'),(1409,'d99b696419036805f17492332eb1e53d',11,1,'2021-03-23 11:38:07','2021-03-23 11:40:44','188.70.40.84'),(1410,'3769fa72c068478c0060aaaf2f374804',11,1,'2021-03-23 12:09:18','2021-03-23 13:29:33','188.70.40.84'),(1411,'400a2ce100a791bb5902c94f01e73d17',11,1,'2021-03-24 05:42:38','2021-03-24 07:27:09','188.70.40.84'),(1412,'35888bd989516b55f13c438bc755b472',11,1,'2021-03-24 06:27:44','2021-03-24 06:42:58','188.71.218.199'),(1413,'2966a8644139135ff66fbc208cef83a1',11,1,'2021-03-24 09:07:25','2021-03-24 09:07:25','83.96.113.132'),(1414,'8720137fa283302bac5041dfbb077851',11,1,'2021-03-25 06:05:10','2021-03-25 06:40:35','94.129.191.25'),(1415,'f7d6cf09ed2b2b0f37317ec79889da46',11,1,'2021-03-25 08:49:18','2021-03-25 12:07:48','94.129.191.25'),(1416,'43a5e8665e5a7c6835201de684bd3bc4',22,1,'2021-03-25 11:08:15','2021-03-25 11:11:13','94.129.191.25'),(1417,'6526894bffec5dbfdc1c061e42f44108',23,1,'2021-03-25 12:36:21','2021-03-25 12:36:21','188.70.11.115'),(1418,'30098b77feb8216eb726d8b2516e7f11',11,1,'2021-03-25 12:40:26','2021-03-25 12:44:29','94.129.191.25'),(1419,'e0428ab75ae85d765cab564177ae5f54',23,1,'2021-03-26 20:13:12','2021-03-26 21:20:18','188.71.214.13'),(1420,'4484c6fe7f927d6471ccef2a1cf6dbf8',11,1,'2021-03-28 08:04:03','2021-03-28 13:23:23','188.71.246.56'),(1421,'923b5b93ad6097fe733618c5d862ba0f',11,1,'2021-03-28 09:30:15','2021-03-28 09:31:16','188.70.32.77'),(1422,'ff233e17cd3dd275a2eeafcaee4d8538',22,1,'2021-03-28 11:11:58','2021-03-28 11:24:54','94.128.192.71'),(1423,'f855099e7971f499cdb99a0cd321a27c',23,1,'2021-03-28 13:09:46','2021-03-28 13:50:51','188.71.202.190'),(1424,'d13016f95517c79e29d41dac92b1d95e',11,1,'2021-03-29 05:45:03','2021-03-29 05:53:35','188.71.246.56'),(1425,'94554a0e249f4aed5474ed9640511d98',11,1,'2021-03-29 05:56:20','2021-03-29 07:40:16','188.71.246.56'),(1426,'b3f1547e9cc7372bccd31b387e963a07',23,1,'2021-03-29 19:42:38','2021-03-29 21:42:16','188.70.34.255'),(1427,'08f35995f420edd9c1f191b79bcf4af4',23,1,'2021-03-29 22:54:27','2021-03-30 00:23:54','37.231.236.91'),(1428,'f68a4a82a21f7cd006b1567cc23c6aec',11,1,'2021-03-30 12:23:21','2021-03-30 13:18:08','94.128.193.125'),(1429,'381295b96cba89fd402d503b41382889',11,1,'2021-03-30 12:25:42','2021-03-30 12:25:42','94.128.193.125'),(1430,'806ba9fd96f782b8aa325138170bd15e',23,1,'2021-03-30 12:37:26','2021-03-30 14:06:32','188.70.26.7'),(1431,'b7c90e60780fa8404ac243fad02878c6',11,1,'2021-03-31 06:18:52','2021-03-31 06:26:16','83.96.113.132'),(1432,'47325ad8871a5e6ec6d30d8a04abccc7',11,1,'2021-04-01 06:44:06','2021-04-01 07:30:44','188.71.246.56'),(1433,'b62318ccd8f693c124e1c34175f05c30',23,1,'2021-04-01 12:16:55','2021-04-01 12:41:45','188.71.215.139'),(1434,'088e56a546d5570d0071987e3db606ea',23,1,'2021-04-02 12:56:09','2021-04-02 14:03:21','188.70.20.231'),(1435,'2bb7b9deaeb1baa28e6541d61ae4eb2d',23,1,'2021-04-02 15:05:08','2021-04-02 15:09:50','188.70.20.231'),(1436,'56017cd38edd00c796e195ab699ff5c2',23,1,'2021-04-02 23:11:05','2021-04-02 23:11:05','94.128.226.47'),(1437,'ec329738592df674327d8b8803136d6b',23,1,'2021-04-03 00:03:29','2021-04-03 01:52:20','94.128.226.47'),(1438,'b0d216d2223dea62a15dc1397672281a',11,1,'2021-04-04 06:19:56','2021-04-04 06:20:58','188.71.235.34'),(1439,'bb5a4db8c8beb3f32916f8a530f90fa7',23,1,'2021-04-05 12:44:10','2021-04-05 13:22:50','188.71.215.152'),(1440,'bd805a9bda82fd420d2a67c82908fcdd',11,1,'2021-04-05 13:17:57','2021-04-05 13:21:54','188.70.4.26'),(1441,'77c79d98f4a20b81fd829692181aac8c',11,1,'2021-04-05 13:23:05','2021-04-05 13:23:05','188.70.4.26'),(1442,'ea34d43a7e7a609fc94e26bae075b1fc',23,1,'2021-04-05 21:43:22','2021-04-05 23:41:17','94.129.69.77'),(1443,'6ece633e6b711f34f8537d6fa4b3579c',23,1,'2021-04-06 01:26:23','2021-04-06 02:50:17','94.129.69.77'),(1444,'b8d3915c7b13d1a87408e0dd12a51587',23,1,'2021-04-06 03:31:47','2021-04-06 03:31:47','103.111.33.127'),(1445,'bfeb045d4caa6cf40c091b644e78a73f',11,1,'2021-04-06 05:30:30','2021-04-06 06:23:48','188.70.4.26'),(1446,'cab7f51a853e48c68b74498358ecdaaf',23,1,'2021-04-06 06:29:01','2021-04-06 06:29:01','199.188.237.155'),(1447,'ee1cca39ddcdb83516c82b2bdeec8cb5',11,1,'2021-04-06 06:36:04','2021-04-06 06:56:13','188.70.4.26'),(1448,'f5ad80e3af3b7baa53e546f0d25bb3bd',23,1,'2021-04-06 07:48:55','2021-04-06 07:48:55','199.188.237.95'),(1449,'d76a79cbc1a261608b65a5c1d7b922b2',23,1,'2021-04-06 09:02:21','2021-04-06 09:02:21','199.188.237.23'),(1450,'6f33f2513bc1360c01ef32c8f9537f88',23,1,'2021-04-06 09:02:29','2021-04-06 09:02:29','199.188.237.23'),(1451,'a07eba240ea1351e6018fc36da8e6458',22,1,'2021-04-06 11:14:07','2021-04-06 11:14:07','188.70.4.26'),(1452,'0eff3c303ab46210b4835a64a1c081f5',23,1,'2021-04-06 11:19:43','2021-04-06 11:19:43','196.53.110.125'),(1453,'29f96d22924fcef59890862d1aefc8fb',23,1,'2021-04-06 12:29:18','2021-04-06 12:29:18','103.111.33.172'),(1454,'141b7e8d6adf4f02134f21abf062fe5b',23,1,'2021-04-06 15:35:53','2021-04-06 15:35:53','199.188.237.239'),(1455,'c2687a652a63a796b15a23e67a8033b8',23,1,'2021-04-06 15:36:01','2021-04-06 15:37:02','199.188.237.239'),(1456,'302f9a924686d0f7cd3540df7135fe2d',23,1,'2021-04-06 19:18:39','2021-04-06 19:34:58','188.70.29.198'),(1457,'b55535d2111276c0dd86f6a240d3f41e',23,1,'2021-04-06 22:31:54','2021-04-06 22:31:54','188.236.204.4'),(1458,'2deb47b7546ac0ed608161d00d6f72a9',23,1,'2021-04-07 01:04:35','2021-04-07 01:04:35','199.188.237.47'),(1459,'632edeed4b31bbd7aa63e660a8a51156',23,1,'2021-04-07 04:14:44','2021-04-07 04:14:44','199.188.237.95'),(1460,'665c024683f9e520ef21dadfd1d01270',23,1,'2021-04-07 04:41:41','2021-04-07 04:41:41','196.53.110.101'),(1461,'1f1f4f6507a837be1a60892003281698',23,1,'2021-04-07 05:55:04','2021-04-07 05:55:04','199.188.237.11'),(1462,'c7d7f687987b7a754945b4ddd8ed7060',23,1,'2021-04-07 05:55:12','2021-04-07 05:55:12','199.188.237.11'),(1463,'ec9afd450b1456b477528416071be23c',11,1,'2021-04-07 08:19:40','2021-04-07 08:21:50','188.70.4.26'),(1464,'b8d28e291290d3aedaf7fcc57486f964',22,1,'2021-04-07 08:20:24','2021-04-07 08:28:36','83.96.113.132'),(1465,'6d79a103757afa630ff828f088a5bbfd',23,1,'2021-04-07 10:40:50','2021-04-07 10:40:50','199.188.237.83'),(1466,'b4da479a165c2c9cd8b991095ca291c1',23,1,'2021-04-07 12:50:29','2021-04-07 12:50:29','107.182.237.249'),(1467,'347cc610053ad905fefafdd92d7f2c05',23,1,'2021-04-07 12:50:36','2021-04-07 13:04:41','107.182.237.249'),(1468,'8ddf4ffbf2ba38c22a9e06c7140aaa4e',11,1,'2021-04-07 13:18:38','2021-04-07 13:19:43','188.70.4.26'),(1469,'44b1d312c92d2ea86e258bda56c7e37f',23,1,'2021-04-07 13:54:53','2021-04-07 13:54:53','196.53.110.197'),(1470,'269c8b7926300db1980d52e13d6aaf07',23,1,'2021-04-07 15:11:50','2021-04-07 15:11:50','199.188.237.95'),(1471,'14da8cd69bdd66370ef051f119aac86e',23,1,'2021-04-07 17:35:58','2021-04-07 17:35:58','199.188.237.95'),(1472,'d414920f9232f8a5f63f78e58a9ccf88',23,1,'2021-04-07 17:36:09','2021-04-07 17:36:09','199.188.237.95'),(1473,'6099978dc57be90642145a05834a6b0a',23,1,'2021-04-07 21:38:37','2021-04-07 21:39:43','188.70.56.131'),(1474,'e5fd188e13f25cc1ba005ecb38f8f869',23,1,'2021-04-07 22:35:16','2021-04-07 22:36:28','199.188.237.119'),(1475,'29e241afb2174e6d838cec40888b74b1',23,1,'2021-04-07 23:48:49','2021-04-07 23:48:49','216.198.86.136'),(1476,'b04511d8c38e22679bdddf9f3bcbce96',23,1,'2021-04-07 23:49:07','2021-04-07 23:49:07','216.198.86.136'),(1477,'d4402525092f787f9d13be805745a0ab',23,1,'2021-04-08 03:39:26','2021-04-08 03:39:26','196.53.110.209'),(1478,'f46d2998206f7cda8d5dfdef6a8c040f',23,1,'2021-04-08 03:39:36','2021-04-08 03:42:43','196.53.110.209'),(1479,'00531b13c8baad0e662f77aeabaae38a',22,1,'2021-04-08 06:42:44','2021-04-08 06:42:44','94.129.241.147'),(1480,'fae8dd60d09d49faf2f7d8952bd78524',23,1,'2021-04-08 08:27:13','2021-04-08 08:27:13','196.53.110.29'),(1481,'cf5146bd6a9314a0c4ed257544e114c6',22,0,'2021-04-08 12:08:17','2021-04-08 12:08:29','94.129.241.147'),(1482,'eb1ef2838cd674f7d55bcaf3ddbd97c0',22,1,'2021-04-08 12:08:36','2021-04-08 12:08:36','94.129.241.147'),(1483,'cfd145893ed4cfde604ba6e53a205f4d',23,1,'2021-04-08 12:26:45','2021-04-08 12:28:04','196.53.110.149'),(1484,'31510e4da4245797204e6ab687e6b01a',23,1,'2021-04-08 13:23:08','2021-04-08 13:23:08','199.188.237.191'),(1485,'f8ded03d3adc6518319676d0af87a148',23,1,'2021-04-08 13:25:31','2021-04-08 14:48:05','188.70.23.85'),(1486,'b33c7b9751999f97d2039ce951c19e73',22,1,'2021-04-08 13:47:27','2021-04-08 13:55:41','94.129.241.147'),(1487,'e1c51f1325be25bdd139cd44ee2f92a6',23,0,'2021-04-08 15:33:19','2021-04-08 16:02:29','94.29.152.224'),(1488,'',NULL,0,'2021-04-08 16:02:30','2021-04-08 16:02:30',''),(1489,'f363fa0965cb82dec043c9bf10fd5d61',23,0,'2021-04-08 16:06:31','2021-04-08 16:17:25','94.29.152.224'),(1490,'5a9bfdb4e9d772550d0f12f36a81235b',23,1,'2021-04-08 17:47:04','2021-04-08 17:47:04','199.188.237.59'),(1491,'c74c8d238dabd753257723dcf1ba23c9',23,1,'2021-04-08 17:47:13','2021-04-08 18:57:01','199.188.237.59'),(1492,'1508ff9eaabe0b7e51c09af2e67dc4d2',23,1,'2021-04-08 20:06:19','2021-04-08 20:06:19','196.53.110.17'),(1493,'af806048ae35289e51ab0fe06222d2a0',23,1,'2021-04-08 20:40:26','2021-04-08 20:40:26','199.188.237.167'),(1494,'1a7406d6e1f91d81a810939a5a9d9794',23,1,'2021-04-08 21:10:03','2021-04-08 21:11:08','196.53.110.89'),(1495,'57bf1d60b72388ffd74b33e5d16a251b',23,1,'2021-04-08 22:12:48','2021-04-08 22:17:06','199.188.237.95'),(1496,'d4a46e5cc66829a2d0d72e6a1b8ff587',23,1,'2021-04-09 03:06:19','2021-04-09 03:06:19','199.188.237.203'),(1497,'5989ba41b20be78fd00013328b53cbfb',23,1,'2021-04-09 03:06:26','2021-04-09 03:07:44','199.188.237.203'),(1498,'72ebb17400cd4b7f14f958d4b795ab8c',23,1,'2021-04-09 08:27:12','2021-04-09 08:27:12','196.53.110.137'),(1499,'62209da54231bdad2c81c2d03b4c58cd',23,1,'2021-04-09 08:27:21','2021-04-09 08:33:07','196.53.110.137'),(1500,'ff58d873f2b49769d2459a6f58b7855c',23,1,'2021-04-09 09:22:18','2021-04-09 09:22:18','196.53.110.65'),(1501,'4a13c8fc34ba5197199c710506e378d2',23,1,'2021-04-09 13:34:01','2021-04-09 13:34:01','199.188.237.143'),(1502,'86a4d3749178bcfcdf0fa1b6fdea4a26',23,1,'2021-04-09 13:34:09','2021-04-09 13:34:09','199.188.237.143'),(1503,'7739edf38b8b0d199eb34f06ee054746',23,1,'2021-04-09 14:21:59','2021-04-09 14:21:59','188.70.48.7'),(1504,'dc07355e889ebc049503a643eca36767',23,1,'2021-04-09 14:50:27','2021-04-09 14:50:27','199.188.237.155'),(1505,'cd8d6b75d2288aededba03f0ce0224d4',23,0,'2021-04-09 15:54:06','2021-04-09 16:01:24','94.29.152.231'),(1506,'',NULL,0,'2021-04-09 16:01:24','2021-04-09 16:01:24',''),(1507,'cae949615cbeac31d11a556fc8c1e1f6',23,1,'2021-04-09 16:40:34','2021-04-09 18:30:31','188.70.17.4'),(1508,'76e1fac73209be660b509cb2d9299892',23,1,'2021-04-09 21:25:12','2021-04-09 21:25:12','196.53.110.17'),(1509,'cfc53fb6334424224605270e531cf402',23,1,'2021-04-09 23:44:22','2021-04-09 23:44:22','188.71.235.77'),(1510,'e7d098b0b3846b077bb0ea014268f6a5',23,1,'2021-04-09 23:44:29','2021-04-09 23:45:41','188.71.235.77'),(1511,'6cb14a0ffb9d45c9f47ae96a7ac46cda',23,1,'2021-04-10 00:58:10','2021-04-10 00:58:10','188.71.235.77'),(1512,'cb2f6bab741ff1e5f4a0e7555399a29e',23,1,'2021-04-10 00:58:19','2021-04-10 00:58:19','188.71.235.77'),(1513,'5d2bf13648fb6b1710dd08f045c09dd5',23,1,'2021-04-10 04:57:36','2021-04-10 04:58:37','188.71.235.77'),(1514,'2ea2551fc51aed6a8c426ef7e5262ec5',23,1,'2021-04-10 13:18:40','2021-04-10 13:18:40','188.71.235.77'),(1515,'ae472db1c19adb87952424fcdaf04cdc',23,0,'2021-04-10 15:19:55','2021-04-10 15:29:37','94.29.152.238'),(1516,'',NULL,0,'2021-04-10 15:29:38','2021-04-10 15:29:38',''),(1517,'0b2b13b57cea9590cc98318e9c8a2615',23,1,'2021-04-10 18:10:16','2021-04-10 18:10:16','188.71.235.77'),(1518,'9aeb773ef061de82956411b5e715113b',23,1,'2021-04-10 18:10:24','2021-04-10 18:10:24','188.71.235.77'),(1519,'cd7ece4b435addcb4cd40de7e0aa85db',23,1,'2021-04-11 02:02:58','2021-04-11 02:02:58','188.71.244.189'),(1520,'4ec25b3a88cb3f74a90b5282cd3692e0',23,1,'2021-04-11 02:03:06','2021-04-11 02:03:06','188.71.244.189'),(1521,'9738a696929cd72cb23388c7f267a88a',22,1,'2021-04-11 06:18:00','2021-04-11 07:12:14','94.129.243.174'),(1522,'614eea4ccf6b640d5f759586d88914b2',11,1,'2021-04-11 08:11:19','2021-04-11 09:05:43','188.70.62.126'),(1523,'abc4d5a025d014919c66ff6badd22790',11,1,'2021-04-11 12:49:07','2021-04-11 13:36:51','188.70.62.126'),(1524,'eee684610695e9fd4c5b425707727e1a',23,1,'2021-04-11 13:27:41','2021-04-11 13:35:18','188.71.244.189'),(1525,'81dd1d3dae332845e52354c81ed28591',23,1,'2021-04-11 14:12:37','2021-04-11 14:12:37','188.71.244.189'),(1526,'b2811075edb74f2f58421a8a9a908512',23,1,'2021-04-11 14:12:45','2021-04-11 14:12:45','188.71.244.189'),(1527,'77bdb7abe3a0fe98db514cd2538d07cc',23,1,'2021-04-11 14:48:42','2021-04-11 15:16:19','188.71.244.189'),(1528,'52b144fcd29827f8ee162d84dcf7f3d4',23,1,'2021-04-11 15:41:49','2021-04-11 16:10:02','188.71.244.189'),(1529,'7a38a04e879ff8e43380f89ba490d27c',22,1,'2021-04-12 02:17:07','2021-04-12 02:20:58','176.65.1.13'),(1530,'9b91b3b0296d49c0881fc29a0a441951',23,1,'2021-04-12 04:33:42','2021-04-12 04:36:03','188.70.55.174'),(1531,'e700043cd7b29c629f034ad0d7ef1889',11,1,'2021-04-12 11:56:15','2021-04-12 11:56:15','83.96.113.132'),(1532,'8cec8ca9303f9d42b5b119a160f52e26',11,1,'2021-04-12 13:33:46','2021-04-12 13:50:22','188.70.62.126'),(1533,'80c9791ded8634096cc017b9c492b890',23,1,'2021-04-12 15:02:07','2021-04-12 15:02:07','188.70.55.174'),(1534,'640474c0af1c44e9bb92949ac07bc011',23,1,'2021-04-13 03:33:14','2021-04-13 03:49:06','94.129.66.58'),(1535,'73955ce6ef86909aad4482251de52d4c',11,1,'2021-04-13 08:14:50','2021-04-13 08:25:55','188.70.62.126'),(1536,'07fc428164a16fcc38d62f3f730d3760',23,1,'2021-04-13 10:52:50','2021-04-13 10:52:50','188.70.55.174'),(1537,'2fa4d88821dab1bf5505aaefec75eebd',23,1,'2021-04-13 10:52:59','2021-04-13 10:52:59','188.70.55.174'),(1538,'7d6f25096db8cb757a41fb1239c7cb46',11,1,'2021-04-13 11:48:12','2021-04-13 11:48:12','188.70.62.126'),(1539,'123f80e9eb5d59cc411983115ad8f5ea',23,1,'2021-04-13 12:50:11','2021-04-13 13:13:42','188.70.33.208'),(1540,'006076c97f1ba75fb303b13ec8814f75',23,1,'2021-04-13 18:47:19','2021-04-13 18:48:24','188.70.33.208'),(1541,'09a309c9cf7a31a7a624b84a0b2371f4',23,1,'2021-04-13 19:39:28','2021-04-13 19:40:29','188.70.33.208'),(1542,'ca687d85b76b6491617ae8b34814de76',23,1,'2021-04-13 23:39:04','2021-04-13 23:39:04','188.70.33.208'),(1543,'cb2cd6bc03f2b63b12601b1bdea681be',23,1,'2021-04-13 23:39:17','2021-04-13 23:41:33','188.70.33.208'),(1544,'d7c9ee4a927e370c8c88d675861be48b',23,1,'2021-04-14 02:19:39','2021-04-14 03:00:59','188.70.33.208'),(1545,'6d746e4dfa396df8f8ad65da2a18224e',11,1,'2021-04-14 06:48:34','2021-04-14 06:52:10','188.70.62.126'),(1546,'3144f6185f8f9288a0d00efc2a71803f',23,0,'2021-04-14 11:32:46','2021-04-14 11:37:48','94.29.152.244'),(1547,'',NULL,0,'2021-04-14 11:37:49','2021-04-14 11:37:49',''),(1548,'7c85619020605cc477cac649981d09c0',23,1,'2021-04-14 14:09:21','2021-04-14 14:13:28','188.71.243.255'),(1549,'fa97f368b07a99741632d388d710ce67',23,1,'2021-04-14 17:43:47','2021-04-14 17:45:56','94.129.66.58'),(1550,'bbebbf6cb3450da31475eb3e135dfd7a',23,1,'2021-04-14 23:50:00','2021-04-14 23:50:00','188.71.243.255'),(1551,'166699b7dafe1ae009653eff4b345bd4',23,1,'2021-04-14 23:50:11','2021-04-14 23:50:11','188.71.243.255'),(1552,'8e8ba4103c3132e0a246257286823f84',23,1,'2021-04-15 01:47:33','2021-04-15 01:53:06','188.71.243.255'),(1553,'f6e04bd518e1ef15e9973d7e3d9a69c0',23,1,'2021-04-15 01:47:33','2021-04-15 01:47:33','188.71.243.255'),(1554,'787bc55cb2065c6fc7faaa8fe687a814',23,1,'2021-04-15 08:12:56','2021-04-15 08:12:56','188.71.243.255'),(1555,'ba7758679c7436fe3d828d9527743f26',23,1,'2021-04-15 08:13:39','2021-04-15 08:13:39','188.71.243.255'),(1556,'cd0a1efe4b6fee500e03229fc149e1c5',23,0,'2021-04-15 12:34:22','2021-04-15 12:40:26','94.29.152.169'),(1557,'',NULL,0,'2021-04-15 12:40:28','2021-04-15 12:40:28',''),(1558,'67c341bdbd8be089eb70fa5c9a802dfc',23,1,'2021-04-15 17:39:21','2021-04-15 17:47:22','188.71.243.255'),(1559,'57b0538317f22c0d6d16b7ee845f56c8',23,1,'2021-04-15 20:00:24','2021-04-15 20:24:38','94.129.66.58'),(1560,'3cf3d4caf7aa577d09b115e4c4d49a6f',23,1,'2021-04-15 23:57:38','2021-04-16 00:08:28','94.129.66.58'),(1561,'f9e9313dfe234d2beead952f73b3bf0c',23,1,'2021-04-16 00:47:46','2021-04-16 00:54:13','94.129.66.58'),(1562,'1e458f79f761fa4a9685713037b2a3f0',23,1,'2021-04-16 02:01:22','2021-04-16 02:05:16','94.129.66.58'),(1563,'d12f47b77d4d5580111092a18c2daeb9',23,1,'2021-04-16 02:22:01','2021-04-16 03:58:25','94.129.66.58'),(1564,'7a9a638ec28679a1f25c1abef1704afe',23,1,'2021-04-16 09:58:57','2021-04-16 09:58:57','188.71.232.169'),(1565,'b9468e2300dfe0cf85c085351b416c1a',23,1,'2021-04-16 09:59:23','2021-04-16 10:04:04','188.71.232.169'),(1566,'d79cc678694ec430c4fd89857a918c1a',23,0,'2021-04-16 10:24:01','2021-04-16 10:36:13','94.29.152.78'),(1567,'',NULL,0,'2021-04-16 10:36:13','2021-04-16 10:36:13',''),(1568,'10eeb97662d2df5e62ceb2512179098b',23,1,'2021-04-16 13:29:11','2021-04-16 13:29:11','188.71.232.169'),(1569,'240cad979b33468657cfce49e6b6eca0',23,1,'2021-04-16 13:29:20','2021-04-16 13:29:20','188.71.232.169'),(1570,'1b7af2e0a093884e31718aa08da85c2d',23,1,'2021-04-16 20:16:21','2021-04-16 20:24:07','94.129.159.45'),(1571,'95ea2d9184d29eb7c5650bfd1eb08ad3',23,0,'2021-04-17 11:02:16','2021-04-17 11:09:13','94.29.152.243'),(1572,'',NULL,0,'2021-04-17 11:09:13','2021-04-17 11:09:13',''),(1573,'7acabe4e9f4b0e23f33a9bffc80cdb42',23,1,'2021-04-17 23:48:44','2021-04-17 23:50:05','94.129.159.45'),(1574,'dd73cca7824d872203183b3b92c613d1',11,1,'2021-04-18 06:59:45','2021-04-18 08:34:40','188.70.62.126'),(1575,'07bcb4e8a1b33fbf909e6ffc0cb4bab4',22,1,'2021-04-18 07:50:31','2021-04-18 08:21:19','94.128.199.172'),(1576,'b07be9eea34fd9185e3ea307228f31a5',11,1,'2021-04-18 09:38:14','2021-04-18 09:38:14','188.70.62.126'),(1577,'b82e612b95e4c5fad9dcda8eed29bded',11,1,'2021-04-18 11:44:29','2021-04-18 13:01:35','188.70.62.126'),(1578,'c90c90d5ec16d0e445fa2bd979475e82',23,0,'2021-04-18 13:09:50','2021-04-18 13:12:39','94.29.154.77'),(1579,'',NULL,0,'2021-04-18 13:12:39','2021-04-18 13:12:39',''),(1580,'442c0a18a0ac184800277afe094230b1',23,1,'2021-04-18 17:18:50','2021-04-18 17:18:50','188.71.235.250'),(1581,'8bcd6d553e923d7c8992e0cc326d1c75',23,1,'2021-04-18 17:19:08','2021-04-18 17:23:10','188.71.235.250'),(1582,'32da4b7d0d16798cefdc314196b2e876',23,1,'2021-04-18 23:03:35','2021-04-18 23:03:35','94.129.159.45'),(1583,'727c565a4a192ac6111a0e0d0d180523',23,1,'2021-04-18 23:03:44','2021-04-18 23:03:44','94.129.159.45'),(1584,'6384bf03d04d379d95d350aea20e72f6',23,1,'2021-04-19 03:54:19','2021-04-19 03:58:36','188.70.38.191'),(1585,'c4e1a592217f71e8487ffce542739f85',11,1,'2021-04-19 06:51:27','2021-04-19 07:24:12','83.96.113.132'),(1586,'c23cd584dfe4c5c1fe72a1983fbcbfc6',11,1,'2021-04-19 07:53:16','2021-04-19 08:23:05','188.236.230.18'),(1587,'d914bd3a684e079eb549c1ebae22346d',11,1,'2021-04-19 08:12:47','2021-04-19 08:33:30','188.70.62.126'),(1588,'06f448808f4417d37f82dee7ec45bca3',23,1,'2021-04-19 09:11:52','2021-04-19 09:11:52','188.70.16.17'),(1589,'a755288b211ffcbd870e438e2e30f3b5',22,1,'2021-04-19 09:37:16','2021-04-19 10:11:35','94.129.246.239'),(1590,'44651c40287e4c7b2b4fc5e6fb9354bf',23,0,'2021-04-19 10:44:00','2021-04-19 10:45:11','94.29.153.81'),(1591,'',NULL,0,'2021-04-19 10:45:11','2021-04-19 10:45:11',''),(1592,'5753b2c6ae851233c1e980685914ffb2',11,1,'2021-04-19 10:50:11','2021-04-19 10:55:22','188.70.62.126'),(1593,'a166f4b1036d799d8e54b6b371bb2d1d',23,1,'2021-04-19 20:59:09','2021-04-19 20:59:09','188.71.226.84'),(1594,'9b7ee4078e89368cb8137b587a0f8392',23,1,'2021-04-20 01:03:32','2021-04-20 01:26:19','94.128.84.96'),(1595,'caf9e4380997eb2d799b3e735cb0b6b2',22,1,'2021-04-20 09:44:52','2021-04-20 10:05:04','94.129.246.239'),(1596,'956bdbf3d2838aeee780d868716a299a',23,0,'2021-04-20 10:19:46','2021-04-20 10:21:38','94.29.152.79'),(1597,'',NULL,0,'2021-04-20 10:21:39','2021-04-20 10:21:39',''),(1598,'b7eabdce3bcd812bd401750ba5a8883b',22,1,'2021-04-20 11:31:41','2021-04-20 11:33:17','94.129.246.239'),(1599,'2cd8fe691b787eff064dd5e0276766cb',11,1,'2021-04-20 11:46:38','2021-04-20 11:52:16','188.70.62.126'),(1600,'059d376a561cf193288e3cb742ee942f',11,1,'2021-04-21 10:57:22','2021-04-21 10:57:22','188.70.62.126'),(1601,'7d4a89f4d3048bb63eb497f00d6e87ad',11,1,'2021-04-21 11:19:27','2021-04-21 13:08:16','188.70.62.126'),(1602,'6beed8d6caf9c1a42ae623a6ddda5597',11,1,'2021-04-22 07:16:46','2021-04-22 08:23:11','188.70.62.126'),(1603,'8b5accb57e1cf83e731992343f0eb9ec',22,1,'2021-04-22 07:23:42','2021-04-22 07:28:21','94.129.246.239'),(1604,'7bb3a21d95fb1774c7617af7a9471bf1',11,1,'2021-04-22 09:12:31','2021-04-22 09:13:40','188.70.11.244'),(1605,'cd52271f6f463dd2e7fe4fa34a4fe132',11,1,'2021-04-22 10:14:08','2021-04-22 10:20:41','188.70.11.244'),(1606,'631e0cd6e203d6b2839f318b71880f10',11,1,'2021-04-28 12:33:23','2021-04-28 12:34:25','83.96.113.132'),(1607,'76701319de0f7cd7162efed1519689f9',11,1,'2021-04-29 07:17:24','2021-04-29 07:17:24','188.70.46.145'),(1608,'bd1301c0ec7746c7201d6759f1fe327a',11,1,'2021-04-29 08:17:14','2021-04-29 09:50:56','188.70.46.145'),(1609,'bc880217df12498cfa50d1f9c26b265e',11,1,'2021-04-29 12:13:26','2021-04-29 12:24:08','188.70.46.145'),(1610,'c509a07afedebd65b7265a4b802c8d0a',11,1,'2021-05-02 11:53:07','2021-05-02 12:21:31','188.70.46.145'),(1611,'bf860cfefdf48831c086294d2fcf2e82',11,1,'2021-05-02 18:30:31','2021-05-02 18:36:43','188.71.193.29'),(1612,'5608a67173d7f135a179f47d9715f1a9',11,1,'2021-05-03 06:49:31','2021-05-03 08:05:13','188.70.46.145'),(1613,'cae22efc0e58629e0d0ef2dd987de2ac',11,1,'2021-05-03 20:42:38','2021-05-03 22:57:11','149.147.11.195'),(1614,'d2b19cb898aef138d22accb678f75a5c',11,0,'2021-05-04 07:06:34','2021-05-04 08:26:24','83.96.113.132'),(1615,'2e8a3874378a3d0be10b0828e5b66e72',11,1,'2021-05-04 07:40:17','2021-05-04 08:06:45','94.129.240.112'),(1616,'b81c653436e9bf15fb16c2b06fec023f',11,1,'2021-05-04 08:26:44','2021-05-04 09:26:44','188.70.46.145'),(1617,'308f1a76133a59bac0615be6e9f90114',11,1,'2021-05-04 09:03:30','2021-05-04 09:06:35','94.129.240.112'),(1618,'e9e12c9e186c6aad5cef9bc497383e1a',11,0,'2021-05-05 07:29:52','2021-05-05 08:41:45','83.96.113.132'),(1619,'333949a3c924f035385b62fbfbd5d307',11,1,'2021-05-05 08:16:14','2021-05-05 08:54:03','94.129.240.112'),(1620,'7d547e57a2d07160b7db3374af291429',11,1,'2021-05-05 08:42:41','2021-05-05 09:26:06','188.70.46.145'),(1621,'e7837f18e1b1b107c65e01c6f23827b6',24,1,'2021-05-05 09:02:37','2021-05-05 09:18:27','188.70.46.145'),(1622,'194785f48cfa843992c8893b6e0a1940',11,1,'2021-05-05 12:16:00','2021-05-05 12:38:42','188.70.46.145'),(1623,'0bfd43e65615346abb1726ba8b3f0b5b',11,1,'2021-05-05 19:59:47','2021-05-05 20:30:23','188.71.237.33'),(1624,'627023754962c60aac18dd30f891897b',24,1,'2021-05-06 07:37:59','2021-05-06 12:48:19','188.70.53.57'),(1625,'5d11f311cba56a635cb001ffa5460289',11,1,'2021-05-06 07:49:58','2021-05-06 07:49:58','188.70.53.57'),(1626,'43c8b440f5acfec326e6bbe2a5e0f7af',11,1,'2021-05-06 07:51:04','2021-05-06 08:14:36','188.70.53.57'),(1627,'9efbc2a93ee760a6adaef612648bf63a',11,1,'2021-05-06 09:12:53','2021-05-06 09:12:53','94.129.240.112'),(1628,'c3cc08ae47ba8d21ff9c6f832b0406d2',11,1,'2021-05-06 09:18:18','2021-05-06 09:51:04','188.70.53.57'),(1629,'49cff7dc8eb4c64f4ce3adaa3729a18b',24,1,'2021-05-09 06:51:46','2021-05-09 11:27:51','188.71.251.66'),(1630,'3f5c2f67a0a5b952e79bc9c67e767edb',11,1,'2021-05-09 07:17:19','2021-05-09 07:17:19','188.71.251.66'),(1631,'fd6ec940a70096488fefa9f58c062fd5',11,1,'2021-05-09 08:10:19','2021-05-09 08:10:19','94.129.246.171'),(1632,'225851414da24373e4dd4cea3940f430',11,1,'2021-05-09 08:59:48','2021-05-09 08:59:48','94.129.246.171'),(1633,'7c8f7fa6aed1bd69c6f3ac0cac589382',11,1,'2021-05-09 10:21:30','2021-05-09 11:13:46','83.96.113.132'),(1634,'d8f52beb544ef796acc4dbfff94c7af9',11,1,'2021-05-09 10:46:01','2021-05-09 12:18:01','94.129.246.171'),(1635,'2156c597c8dea77dbc9ebf7b5f92fcd5',11,0,'2021-05-09 11:39:50','2021-05-09 12:05:34','83.96.113.132'),(1636,'472602deac5d937915a69f4165a9c253',11,0,'2021-05-09 12:05:51','2021-05-09 12:06:28','94.129.246.171'),(1637,'ee198db36907d021799aa0c97a137eaf',25,0,'2021-05-09 12:06:36','2021-05-09 12:27:25','94.129.246.171'),(1638,'3e8694554097acf460adb28d7ffea047',11,1,'2021-05-09 12:27:46','2021-05-09 12:27:46','94.129.246.171'),(1639,'ada25f280a2c6111fc16ca0770a04d06',11,1,'2021-05-10 06:54:04','2021-05-10 06:54:04','94.129.246.171'),(1640,'e5e8e0e3891fba74fe80b87a1d49d67e',11,1,'2021-05-10 08:39:34','2021-05-10 08:43:02','94.129.246.171'),(1641,'765bab3a2c995bd5dcbaa6afa12c3138',11,1,'2021-05-10 10:12:04','2021-05-10 10:36:47','94.129.246.171'),(1642,'faaaa200e5943a0de461f3684a6c4633',11,1,'2021-05-10 11:14:41','2021-05-10 11:36:39','94.129.246.171'),(1643,'310ae1fa9b39e62ab35479dc5e5f3c7f',11,1,'2021-05-11 07:05:38','2021-05-11 07:05:38','94.129.246.171'),(1644,'91e88032163fd4d256c8997b41448789',11,1,'2021-05-11 08:57:42','2021-05-11 09:45:57','94.129.246.171'),(1645,'3cad33c87d14a81a81a299b04977943c',11,1,'2021-05-11 11:23:06','2021-05-11 11:25:15','94.129.246.171'),(1646,'1361b4af5f5241bec3f5b653148c29ab',11,1,'2021-05-16 08:24:29','2021-05-16 08:26:08','188.71.233.229'),(1647,'29048d1ecd289abbbd3a7857ffd39af8',11,1,'2021-05-17 06:01:41','2021-05-17 06:03:50','188.71.233.229'),(1648,'25eeb3bd80de7cdaa3b24e6f7ca854fc',11,1,'2021-05-24 08:21:41','2021-05-24 09:00:35','94.128.191.225'),(1649,'7b8d4aceda4f9d2eb2f6c16dd2a1dd36',11,1,'2021-05-25 08:18:20','2021-05-25 08:18:20','188.70.31.121'),(1650,'17d66b8e846ec5ab198bcd5d0f30373b',11,1,'2021-05-25 08:39:08','2021-05-25 08:41:24','188.70.31.121'),(1651,'76b6599c3be8ba6257382d45732a9242',11,1,'2021-05-25 09:11:57','2021-05-25 10:09:19','188.70.31.121'),(1652,'571c28df394ab905b6fae7f096aaf488',11,1,'2021-06-23 11:06:34','2021-06-23 11:13:38','83.96.113.132'),(1653,'ebb584e12702b29bf4e2a3d1eb4e247e',22,1,'2021-06-23 12:00:14','2021-06-23 12:30:54','188.70.48.69'),(1654,'f7db933010f07e3d9627d47538dd343b',22,1,'2021-06-24 06:52:15','2021-06-24 06:54:37','188.70.48.69'),(1655,'7b45f8dd4219aaf217ad1bffb4772b2b',22,1,'2021-06-24 06:52:15','2021-06-24 06:52:15','188.70.48.69'),(1656,'2063f8ea60e926b9c46f7b048b4dc375',22,1,'2021-06-27 06:17:35','2021-06-27 09:15:09','188.70.48.69'),(1657,'65b1e1c87c7e8ddc00d1888cbd3352de',22,1,'2021-06-28 05:58:58','2021-06-28 05:58:58','188.70.48.69'),(1658,'0d61bc0ad57caa81b62a4be48a30890a',22,1,'2021-06-28 08:37:59','2021-06-28 09:44:18','154.185.9.118'),(1659,'86d379d484c267d9d56fdc2931fd525f',22,1,'2021-06-28 10:38:35','2021-06-28 11:23:53','154.187.223.154'),(1660,'28fecafe1a71b18258baed78c8f6102d',22,1,'2021-06-30 07:12:47','2021-06-30 07:16:23','188.70.48.69'),(1661,'81e69fde4480076fb1b4d57f474a8b56',22,1,'2021-07-04 06:33:33','2021-07-04 06:44:17','188.70.48.69'),(1662,'94e5d056e348ca968d2b7f8e7947c007',22,1,'2021-07-04 10:35:35','2021-07-04 13:04:27','188.70.48.69'),(1663,'ce69e7b6e314b273470f9e56fcc47d8b',22,1,'2021-07-05 06:35:30','2021-07-05 08:09:46','83.96.113.132'),(1664,'e4fc1a9b7733d9ed1754c51e0fb551b0',22,1,'2021-07-05 09:29:07','2021-07-05 10:06:47','188.70.48.69'),(1665,'96b442af30791c807b7aa03ea745ca98',22,1,'2021-07-06 06:48:24','2021-07-06 08:42:22','188.70.48.69'),(1666,'41a7074d46f6ef63ae6fd3a88f18f3d5',22,1,'2021-07-06 11:17:17','2021-07-06 11:48:40','188.70.48.69'),(1667,'31700db97aaeaaccdcfa6d012da38b5b',22,1,'2021-07-06 13:04:21','2021-07-06 13:20:25','188.70.48.69'),(1668,'129c584d4ac06602290145015bf93704',22,1,'2021-07-07 06:46:16','2021-07-07 06:46:16','188.70.48.69'),(1669,'569217e14e280950f00941cb591dfbaa',22,1,'2021-07-07 08:11:33','2021-07-07 09:05:05','83.96.113.132'),(1670,'8e3c78fc44099e6b8e03c3c84a157607',22,1,'2021-07-07 09:43:34','2021-07-07 09:54:01','188.70.48.69'),(1671,'0c8093a90fe20eb026f00759f2f14bf4',22,1,'2021-07-07 11:34:53','2021-07-07 11:34:53','188.70.48.69'),(1672,'1db5aed322c05f0d592c2eb1c0daac1e',22,1,'2021-07-08 07:09:54','2021-07-08 07:09:54','188.70.48.69'),(1673,'7815d866e30be377591985d43adc6a15',22,1,'2021-07-08 08:01:09','2021-07-08 08:09:55','188.70.48.69'),(1674,'3f8147f128d3d07d857459748640cec0',22,1,'2021-07-08 11:08:40','2021-07-08 11:31:43','188.70.48.69'),(1675,'19053322df9ceba39c2deb639777df83',22,1,'2021-07-08 13:14:05','2021-07-08 13:43:30','83.96.113.132'),(1676,'3337b1242ee70e6302f975153ac77b1e',22,1,'2021-07-11 07:01:48','2021-07-11 07:02:54','83.96.113.132'),(1677,'2ede158e42a9b412bdef2ce650865059',11,1,'2021-07-11 10:46:46','2021-07-11 11:04:51','83.96.113.132'),(1678,'fb4b415ad36246f334f083b3d9c0d0e9',22,1,'2021-07-11 11:13:37','2021-07-11 11:43:18','188.70.48.69'),(1679,'427645c3cb9fed3372fd30886a9e97a5',11,1,'2021-07-11 11:40:55','2021-07-11 11:42:03','83.96.113.132'),(1680,'ed3bbd6638b6bde8dd9ab5b46fb07a7e',22,0,'2021-07-12 06:03:12','2021-07-12 06:09:37','188.70.48.69'),(1681,'41f30b8d7a24e169130c4884ff3e50fb',23,1,'2021-07-12 06:10:52','2021-07-12 06:16:42','188.70.48.69'),(1682,'3271bd90ec8b7b358b9814648cda988c',22,1,'2021-07-12 08:35:30','2021-07-12 09:25:50','188.70.48.69'),(1683,'4e24b5809b2a80fc6ec117d2c5129812',22,1,'2021-07-12 12:58:36','2021-07-12 12:58:36','188.70.48.69'),(1684,'07d255fe649a6d77e003659a0beba1ad',22,1,'2021-07-13 11:32:43','2021-07-13 11:37:26','188.70.48.69'),(1685,'39aa986771506187d2b7dfa1005eb5b7',22,1,'2021-07-13 12:06:07','2021-07-13 12:25:06','83.96.113.132'),(1686,'11f01ee1409b92b333769a805347d47b',22,1,'2021-07-13 13:12:28','2021-07-13 13:12:28','188.70.48.69'),(1687,'942b550bdde40b1f796bd6e0d57faab2',22,1,'2021-07-13 13:12:42','2021-07-13 13:54:44','188.70.48.69'),(1688,'97755cf1d4076b12123f3c0b199fda46',22,1,'2021-07-14 07:12:19','2021-07-14 07:26:19','188.70.48.69'),(1689,'47a964311b50ea6f3bd65e171607f8d2',22,1,'2021-07-14 13:13:41','2021-07-14 13:19:19','188.70.48.69'),(1690,'7bb73a43ba98477f908376ef65a7678c',22,1,'2021-07-18 09:23:34','2021-07-18 09:24:35','83.96.113.132'),(1691,'e4079c1e430ce795be8156a22b57e6e6',22,1,'2021-07-18 13:14:02','2021-07-18 13:16:21','188.70.48.69'),(1692,'55864deb0d3f43b580295273f484d2c5',22,1,'2021-07-25 06:21:52','2021-07-25 06:38:56','188.71.247.215'),(1693,'8395faa34b1a756e0469e5557efb85ca',22,1,'2021-07-25 07:57:11','2021-07-25 08:10:35','188.71.247.215'),(1694,'9b259515ef25bc43601b6a439f0e00d8',22,1,'2021-07-25 09:49:31','2021-07-25 10:26:44','188.71.247.215'),(1695,'9ed7b1f926955372e863e07cb0b2d942',11,1,'2021-07-25 10:59:24','2021-07-25 11:12:38','188.71.247.215'),(1696,'fd9b8f1f9b58a71788f33fd62190868d',22,1,'2021-07-26 19:03:13','2021-07-26 19:05:11','94.128.214.194'),(1697,'991e4725aae5c572a4ec97e78f1eb131',22,1,'2021-07-26 20:17:00','2021-07-26 20:17:00','37.231.188.222'),(1698,'c7efb5f915886e4732581a954bfee079',22,1,'2021-07-26 21:14:51','2021-07-26 21:25:59','37.231.188.222'),(1699,'84464890df0ae16385d6bf5914471c6b',22,1,'2021-07-27 07:51:53','2021-07-27 07:53:20','78.89.175.74'),(1700,'3f17c6528329542091cf870f2a9c7859',22,1,'2021-07-27 07:57:00','2021-07-27 07:58:04','188.71.247.215'),(1701,'1096daf35b404865e2d73a16853eb2c1',22,1,'2021-07-27 08:42:35','2021-07-27 10:48:27','78.89.175.74'),(1702,'52e97dfa6ef84008aea09dc7efbf0ce5',22,1,'2021-07-28 08:44:02','2021-07-28 08:44:02','78.89.175.74'),(1703,'413ee62adb1b0a3680049a71b33c1a4e',22,1,'2021-07-28 08:52:22','2021-07-28 08:59:14','188.71.247.215'),(1704,'8a2f6c10686b4e30b1c039d4e03137fb',22,1,'2021-07-28 11:57:37','2021-07-28 11:57:37','188.71.247.215'),(1705,'0e2c82abf59f5d4b7cd8ecd78f4f5f78',22,1,'2021-07-28 11:58:05','2021-07-28 12:08:05','188.71.247.215'),(1706,'d482ab966ff625b4f82e552ac67084e1',22,1,'2021-07-28 12:23:16','2021-07-28 13:15:13','188.71.238.154'),(1707,'ad1fc63f37f782789d3945bcd6429ce2',22,1,'2021-07-28 13:20:40','2021-07-28 13:34:24','188.71.247.215'),(1708,'066ffad3d214e0c0e101d9550f62b14b',22,1,'2021-07-28 13:23:30','2021-07-28 13:34:11','78.89.175.74'),(1709,'0b3deb4357d78b2c166fb0af84353510',22,1,'2021-07-29 05:51:57','2021-07-29 07:15:04','188.71.247.215'),(1710,'189e9c4edfacc0322b49c675ce3e2c2c',11,1,'2021-07-29 07:20:28','2021-07-29 07:22:49','188.71.247.215'),(1711,'221fe74a42887105499793da7ea20954',22,1,'2021-07-29 09:25:33','2021-07-29 09:33:16','188.71.247.215'),(1712,'03900d04182bcefafb497c0b390bb371',22,1,'2021-07-29 11:47:15','2021-07-29 11:47:15','188.71.247.215'),(1713,'4588fd25d473df58f427fac99cd083db',22,1,'2021-08-02 09:52:54','2021-08-02 10:02:42','78.89.175.74'),(1714,'58ab588d7e24ed1be49bd997411eb9c4',11,1,'2021-08-04 11:54:02','2021-08-04 11:55:04','188.71.247.215'),(1715,'c0ad441ccc96b01187ce394fbdf14359',22,1,'2021-08-06 15:02:45','2021-08-06 15:04:01','94.128.86.58'),(1716,'506c800a093d782626c60090c0b19026',22,1,'2021-08-10 06:13:59','2021-08-10 06:15:07','188.70.36.155'),(1717,'268ec558f129e8462030535e5d51e39e',22,0,'2021-08-11 06:03:08','2021-08-11 06:05:18','83.96.113.132'),(1718,'02384cca49cf4582e9b15df76df8be54',23,0,'2021-08-11 06:06:54','2021-08-11 07:32:05','83.96.113.132'),(1719,'11445568698cb7e2306a0b82b370a86b',22,1,'2021-08-11 07:32:32','2021-08-11 07:33:47','188.70.36.155'),(1720,'192261ddab7418eddcd5f2864fcb8a27',22,1,'2021-08-11 13:53:20','2021-08-11 14:13:32','78.89.175.74'),(1721,'1485b678dca221b59351ef3cda55feff',22,1,'2021-08-11 23:41:51','2021-08-11 23:44:05','41.45.234.214'),(1722,'160e4c645d58568ad0ac59815c210865',22,1,'2021-08-12 05:49:13','2021-08-12 06:55:41','188.70.36.155'),(1723,'12c66040d0ea6d2495e64d58b3b03ffe',22,0,'2021-08-12 06:00:06','2021-08-12 07:02:52','188.70.36.155'),(1724,'8c0583ec29efee6147c2e24c7fd85559',22,1,'2021-08-12 06:18:13','2021-08-12 06:20:59','78.89.175.74'),(1725,'1ac8f171b6b5d2f327a2560e16a605b1',23,1,'2021-08-12 07:04:00','2021-08-12 09:25:32','188.70.36.155'),(1726,'a3cf6a23702efb632fab27acbcd3142f',22,1,'2021-08-12 08:48:45','2021-08-12 09:27:07','78.89.175.74'),(1727,'61d4cb90109c477caf474fc9e28bae98',22,0,'2021-08-12 09:26:39','2021-08-12 09:45:37','188.70.36.155'),(1728,'e5d78fb1591578fb47cf3aa54907ee99',23,1,'2021-08-12 09:46:05','2021-08-12 09:54:05','188.70.36.155'),(1729,'0babfb5ea4e2fcd97b40046ecc2cd86b',22,0,'2021-08-12 11:05:24','2021-08-12 11:07:25','188.70.36.155'),(1730,'1caae439490d8db4cd91fb0b4604d9b3',23,1,'2021-08-12 11:08:00','2021-08-12 11:11:35','188.70.36.155'),(1731,'cc345631a29335ccccc2ef1517d8b910',22,1,'2021-08-17 13:22:35','2021-08-17 13:22:35','78.89.175.74'),(1732,'c868da526291132680092019ba156675',22,1,'2021-08-17 13:23:57','2021-08-17 13:23:57','188.70.36.155'),(1733,'395d12a30b2f4833d74cf8504b239100',22,1,'2021-08-17 13:28:24','2021-08-17 13:28:24','188.70.36.155'),(1734,'727e894b66903a4f82c1c8b1c7d1a53d',22,1,'2021-08-17 13:35:10','2021-08-17 13:35:10','78.89.175.74'),(1735,'46005c4cca928f2a12bd97c4da19fee4',22,1,'2021-08-17 13:38:00','2021-08-17 13:47:43','188.70.36.155'),(1736,'0c4e4f316d4c4752fdab7bbb29c0bb92',22,1,'2021-08-18 06:22:58','2021-08-18 06:22:58','78.89.175.74'),(1737,'05f5a28c2e8b1d34a5cd1db717818f7c',22,1,'2021-08-18 07:15:50','2021-08-18 09:23:39','83.96.113.132'),(1738,'5356f5d58688fffd46bae142a90b0180',22,1,'2021-08-18 07:57:07','2021-08-18 08:10:02','154.187.173.192'),(1739,'2b9ceab9dd6c5cd1aad94cb6e13ae5c8',22,1,'2021-08-18 11:05:46','2021-08-18 11:27:25','78.89.175.74'),(1740,'d27e54d963a1d4f2c8e8c7994794df9d',22,1,'2021-08-18 12:13:36','2021-08-18 12:13:36','78.89.175.74'),(1741,'56d5e30b87da8dda4bb0b4e61b28ef7a',22,1,'2021-08-18 13:13:47','2021-08-18 13:13:47','188.70.36.155'),(1742,'3653841011eda966c516448dda3d41c0',22,1,'2021-08-19 06:44:20','2021-08-19 07:25:45','78.89.175.74'),(1743,'d46c44741925924a8d9b569a3f990d6a',22,1,'2021-08-19 08:29:21','2021-08-19 08:29:21','78.89.175.74'),(1744,'512f785e4a15a46b23c668546bffa3bf',22,1,'2021-08-19 08:30:21','2021-08-19 08:33:50','188.70.36.155'),(1745,'b935c424568519d38a522ac30e899ec2',22,1,'2021-08-19 10:06:17','2021-08-19 10:06:17','188.70.36.155'),(1746,'f18315b71e2afd4478a048796a49e7b9',23,1,'2021-08-19 10:19:44','2021-08-19 10:34:06','89.203.26.214'),(1747,'22d4abab49bec4e7b7991d6525d186c4',22,1,'2021-08-19 13:15:21','2021-08-19 13:15:21','188.70.36.155'),(1748,'ae7d9ba2cb3380a26bfa329c23bcc6ea',23,1,'2021-08-19 19:44:41','2021-08-19 20:02:49','89.203.26.214'),(1749,'12fe585af4abe1e9fa2e3116bd04318d',23,1,'2021-08-20 08:59:33','2021-08-20 09:32:32','89.203.26.214'),(1750,'f2eb3747ce88d624a33180261178d318',23,1,'2021-08-20 10:31:55','2021-08-20 10:34:20','89.203.26.214'),(1751,'1f15e5a95c4289bfd8fae04aab25403b',23,1,'2021-08-20 11:12:43','2021-08-20 11:33:50','89.203.26.214'),(1752,'892959a52e7d058d59f1b27a5afdbda2',23,1,'2021-08-20 12:56:45','2021-08-20 12:57:58','89.203.26.214'),(1753,'9328131905000929d2a35ddc94481e81',23,1,'2021-08-21 07:42:40','2021-08-21 08:12:06','94.129.69.118'),(1754,'778462578f867246871d4cbf14f0d49a',23,1,'2021-08-21 19:19:27','2021-08-21 20:14:27','89.203.26.214'),(1755,'875f95ebb113f13eb70fa84b681f459c',22,1,'2021-08-22 05:57:06','2021-08-22 05:59:46','188.70.36.155'),(1756,'6bc01a289ee80a26f73e6b5ebe5763d7',22,1,'2021-08-22 07:10:36','2021-08-22 07:43:16','83.96.113.132'),(1757,'d7b9423119abbd0c364f31fa08eec2c1',22,1,'2021-08-22 07:25:20','2021-08-22 07:34:53','78.89.175.74'),(1758,'bda1e1cf9317c48d1d348208010cfac5',23,1,'2021-08-22 08:27:52','2021-08-22 08:45:34','89.203.26.214'),(1759,'b3c15cdee66dd660e01cc561135667aa',22,1,'2021-08-22 08:33:20','2021-08-22 08:33:20','83.96.113.132'),(1760,'5fc7dbf371aec9264009e96639eca5e9',22,1,'2021-08-23 06:00:57','2021-08-23 06:02:55','83.96.113.132'),(1761,'b2151bec1b58f586cbfea4cc87e4e028',23,1,'2021-08-23 10:00:37','2021-08-23 10:11:43','89.203.26.214'),(1762,'0876e213abbea28324121f132ba3bf41',23,1,'2021-08-24 08:10:38','2021-08-24 09:15:31','89.203.26.214'),(1763,'a046f20ee851910eb2c9856c5b9a2c0c',22,1,'2021-08-25 05:46:47','2021-08-25 05:54:22','188.70.36.155'),(1764,'cbb3e356ade5fe01c46ce73bf9529836',23,1,'2021-08-25 07:26:02','2021-08-25 07:41:33','89.203.26.214'),(1765,'ea6426428f4e35ad4a798c3c2a9810c8',23,1,'2021-08-25 08:57:05','2021-08-25 08:57:05','89.203.26.214'),(1766,'83b4db349530d1da9f662df322271060',23,1,'2021-08-25 09:58:59','2021-08-25 10:04:27','89.203.26.214'),(1767,'977a5e18bb92ec55f4668243b18e5750',23,1,'2021-08-25 17:13:22','2021-08-25 17:25:36','94.128.70.228'),(1768,'7f06efd32fca714f308947587c661ac2',23,1,'2021-08-26 06:28:58','2021-08-26 06:35:26','89.203.26.214'),(1769,'edf15394a5c8c9c97c6c0398ce3ba71e',23,1,'2021-08-26 07:22:19','2021-08-26 07:47:17','89.203.26.214'),(1770,'e6c2c2e3116a8198211d7cb00afd5d74',23,1,'2021-08-26 12:19:23','2021-08-26 12:39:30','94.129.64.249'),(1771,'87c59444d5842e9fc4242fc1d93fc7f5',23,1,'2021-08-27 07:13:55','2021-08-27 08:04:27','89.203.26.214'),(1772,'1b53c08e3478b16f4072ffdfe759103a',23,1,'2021-08-28 09:06:29','2021-08-28 09:15:52','89.203.26.214'),(1773,'7833e3c37ccf21a8819d2b96a9b6e0f6',23,1,'2021-08-29 09:37:28','2021-08-29 09:54:54','89.203.26.214'),(1774,'a8e63dab6013419eaee95a5f9908f43c',23,1,'2021-08-30 08:53:22','2021-08-30 09:27:15','89.203.26.214'),(1775,'bd03382d8500414693690370042e70b9',22,1,'2021-08-30 09:06:37','2021-08-30 09:08:30','83.96.113.132'),(1776,'6009debcb3e032b1cb16ce5feff3951b',22,1,'2021-08-30 11:40:32','2021-08-30 12:00:31','188.71.244.121'),(1777,'649d6b7b5a57b11ef9cc4ed5847195c2',23,1,'2021-08-30 12:30:57','2021-08-30 12:36:56','89.203.26.214'),(1778,'15883fbbfa83afda1032492b1e5a708d',23,1,'2021-08-31 06:35:21','2021-08-31 07:28:27','89.203.26.214'),(1779,'02f20b39f906d536bce002e5c095bb82',22,1,'2021-08-31 07:24:00','2021-08-31 07:24:00','188.71.244.121'),(1780,'8bc9e5d08fdda9e3401e0c54ed929820',23,1,'2021-09-01 09:23:05','2021-09-01 10:28:43','89.203.26.214'),(1781,'b70c64344fb86455f07dcb81477b2e11',22,1,'2021-09-01 12:25:50','2021-09-01 12:37:01','188.70.55.41'),(1782,'002b1fc713f7e8cc3f95fc0f77c46313',23,1,'2021-09-02 08:11:37','2021-09-02 08:43:37','89.203.26.214'),(1783,'4ac6c24a9ef1923b6dfc2ecf8731f1a5',22,1,'2021-09-02 08:15:16','2021-09-02 08:15:16','83.96.113.132'),(1784,'f52976f0c711a900fad04b44a951e2a8',23,1,'2021-09-04 08:41:16','2021-09-04 09:12:51','89.203.26.214'),(1785,'57f344f3c3700561319c6fc92f68ce60',22,1,'2021-09-05 06:30:08','2021-09-05 07:09:49','188.70.55.41'),(1786,'9f3b60515ee4a2a3dfe3b3c4d0fa69fb',23,1,'2021-09-05 06:53:43','2021-09-05 08:20:04','89.203.26.214'),(1787,'926bfc652d12b3d814539790e8a2f163',22,1,'2021-09-05 09:04:10','2021-09-05 09:12:23','188.71.234.98'),(1788,'499e3dd0749a2b34e67870145e9d47c5',22,1,'2021-09-05 09:58:29','2021-09-05 09:58:29','188.71.234.98'),(1789,'af0135afce9e7f33c7fce17ef6660430',23,1,'2021-09-05 20:06:05','2021-09-05 20:51:11','89.203.26.214'),(1790,'bcdf08e3ff8405283e1d9181d59eee6d',22,1,'2021-09-06 06:15:49','2021-09-06 06:22:48','188.71.234.98'),(1791,'484f8773b4166bfc53bfc3cb27eb2c53',22,1,'2021-09-06 06:36:02','2021-09-06 06:36:02','78.89.175.74'),(1792,'ee8a247efe4c111e4adb8dda64136329',22,1,'2021-09-06 11:16:04','2021-09-06 11:26:13','188.71.234.98'),(1793,'4814617d9a526ee647f84145dfd8b07b',22,1,'2021-09-06 12:13:05','2021-09-06 12:13:05','83.96.113.132'),(1794,'5d74a19c47c5cdceb69a9bc6a9a8a5d0',22,1,'2021-09-06 12:51:06','2021-09-06 13:32:40','83.96.113.132'),(1795,'99e6051ad3a53265a22d2074148e71a7',22,1,'2021-09-07 05:35:50','2021-09-07 05:35:50','188.71.234.98'),(1796,'aaa410b3b6484c16565e6b4e8dff5d3b',23,1,'2021-09-07 08:55:32','2021-09-07 09:24:51','89.203.26.214'),(1797,'65abfca0b4f378c9348abc5fe1be6e6b',22,1,'2021-09-08 06:36:12','2021-09-08 06:39:16','188.71.234.98'),(1798,'27a8315a130428b24bd484d86b5131f8',23,1,'2021-09-08 07:45:18','2021-09-08 08:54:52','89.203.26.214'),(1799,'9159625232c57ee16d0b539218f5b0f0',11,1,'2021-09-26 11:56:46','2021-09-26 13:45:14','83.96.113.132'),(1800,'5c75b4464cf17e3bbfe1be9fbc230c5c',11,1,'2021-09-27 06:17:53','2021-09-27 08:36:38','83.96.113.132'),(1801,'6f3e75a703c2b47e914b941103bf1497',11,1,'2021-09-27 09:58:00','2021-09-27 09:58:00','83.96.113.132'),(1802,'12553e9776b2038f3638070f9e00972f',11,1,'2021-09-27 11:09:54','2021-09-27 11:09:54','83.96.113.132'),(1803,'42365e3c76bffbb4e64c75e0a70c7900',11,1,'2021-09-27 11:56:07','2021-09-27 12:14:11','83.96.113.132'),(1804,'7b364b9647b8b1ab5d47b52cdb9dcdac',11,1,'2021-09-27 13:08:34','2021-09-27 13:40:22','83.96.113.132'),(1805,'5ce54c148d266fe880e2e2bab19ef53e',11,1,'2021-09-29 06:06:26','2021-09-29 07:03:59','83.96.113.132'),(1806,'94929a3942639ef10159453aeb589d80',11,1,'2021-09-29 08:35:14','2021-09-29 08:55:09','83.96.113.132'),(1807,'c39621d3d450ee61e72264fd90da7a55',11,1,'2021-09-29 12:02:13','2021-09-29 12:24:24','83.96.113.132'),(1808,'58465c632f7453415537ac3b15bcb9cd',11,1,'2021-09-30 06:20:58','2021-09-30 07:28:44','83.96.113.132'),(1809,'5d82aa4b71114c2e715c9a2a268fd841',11,1,'2021-09-30 06:42:24','2021-09-30 07:28:04','188.70.18.238'),(1810,'faf5bb91e3f73e3246933cc464f2ec38',11,1,'2021-09-30 09:13:24','2021-09-30 09:16:52','83.96.113.132'),(1811,'674b085a54709598862f3c80a302198e',11,0,'2021-09-30 11:16:04','2021-09-30 11:32:24','83.96.113.132'),(1812,'76016acb65446cec2aa58dc66b8183ce',11,1,'2021-09-30 11:23:31','2021-09-30 11:37:54','188.70.18.238'),(1813,'45756d1bfbd79d52628229e35b0f4f99',11,0,'2021-09-30 11:33:11','2021-09-30 12:00:17','83.96.113.132'),(1814,'3d538603e249bc6738e056b317b20d75',11,0,'2021-09-30 12:00:40','2021-09-30 12:27:47','188.70.18.238'),(1815,'8cd8cc0b5073876a3b92232859e4eb77',11,1,'2021-09-30 12:29:10','2021-09-30 13:04:32','188.70.18.238'),(1816,'2d3e1373a4fdcca686c2893073491621',11,0,'2021-09-30 13:49:21','2021-09-30 13:50:41','83.96.113.132'),(1817,'a8df094e87c221c6697fc3f8e44e04a6',11,0,'2021-09-30 13:52:10','2021-09-30 13:54:05','83.96.113.132'),(1818,'a1c1a2719acfb056749037958a268627',11,0,'2021-09-30 13:54:34','2021-09-30 13:55:14','83.96.113.132'),(1819,'3fe78a6d2057e9598bb4759b9e1701af',26,1,'2021-09-30 13:55:22','2021-09-30 13:55:22','83.96.113.132'),(1820,'df6d73dec06b38e585025d673be7dc58',26,1,'2021-09-30 18:25:32','2021-09-30 18:26:35','37.231.56.113'),(1821,'29327dd4cdc47233d3a5b3589f9759a5',26,0,'2021-10-03 05:58:48','2021-10-03 05:59:43','83.96.113.132'),(1822,'340218e0a2fca669f0175a6590985e64',11,1,'2021-10-03 05:59:51','2021-10-03 06:38:55','83.96.113.132'),(1823,'3ec0a25fc1648a1231720c15f6e736df',11,1,'2021-10-03 11:20:24','2021-10-03 11:21:38','154.187.118.232'),(1824,'30040d4a2ef928d178ec4114be2a2b15',11,1,'2021-10-04 05:59:31','2021-10-04 06:44:01','83.96.113.132'),(1825,'24e67c649b71d5c8c952b9603b4e8c20',11,1,'2021-10-04 09:10:34','2021-10-04 09:10:34','83.96.113.132'),(1826,'46e64136d4d6e12edd81cef010e1da8b',11,1,'2021-10-04 09:10:48','2021-10-04 09:51:36','83.96.113.132'),(1827,'bd84126c1e573566a3c135fd5754fde3',26,1,'2021-10-04 10:47:54','2021-10-04 11:04:54','94.129.69.61'),(1828,'60c1ba603a58d78628a177369e53b7b4',11,1,'2021-10-04 11:04:43','2021-10-04 13:00:05','83.96.113.132'),(1829,'cbc034784d929fc69c44d09b66894f8d',26,1,'2021-10-04 11:29:51','2021-10-04 11:29:51','94.129.69.61'),(1830,'ab86166e5b6afa355b4aa90d288b2b86',26,1,'2021-10-04 11:29:51','2021-10-04 11:30:57','94.129.69.61'),(1831,'d0af259bc6f29089597e0b83e6bfd535',11,1,'2021-10-04 12:12:42','2021-10-04 12:25:03','188.71.228.108'),(1832,'8d1e288127ff2a35383fc4adf48bed60',26,1,'2021-10-04 12:55:31','2021-10-04 12:57:49','94.129.69.61'),(1833,'56f3850217222412ba42d0babaf30b78',11,1,'2021-10-05 05:50:52','2021-10-05 05:52:24','83.96.113.132'),(1834,'cdc54c37a07713b4125d7b50d5d9aa6a',26,1,'2021-10-05 10:41:00','2021-10-05 10:58:47','94.129.69.61'),(1835,'430a2edf450507f52445f1fe14202d6d',11,1,'2021-10-05 11:01:34','2021-10-05 13:38:52','83.96.113.132'),(1836,'1b1dec5e3ea5fd283b8e6be9599218eb',26,1,'2021-10-05 12:21:08','2021-10-05 12:37:50','94.129.69.61'),(1837,'1e8efc90d8a0c0ccdba248774d27ebf9',26,1,'2021-10-05 13:18:46','2021-10-05 15:02:29','94.129.69.61'),(1838,'750cc5c1f8e4521a751112de5dc30fc3',26,1,'2021-10-05 20:42:32','2021-10-05 22:33:10','94.129.69.61'),(1839,'0f498dba3c0e1d9f160ec61d15dd79f8',26,1,'2021-10-06 07:06:04','2021-10-06 10:19:11','37.231.14.142'),(1840,'57435e41467b6db7e6b0558f6a6c4f50',11,1,'2021-10-06 07:08:10','2021-10-06 09:52:54','83.96.113.132'),(1841,'20b83d30664baaad3110868418f96694',11,1,'2021-10-06 11:05:48','2021-10-06 11:39:01','83.96.113.132'),(1842,'7e9b9bc3b45c84dc6bc8c9a7e3a043b4',11,0,'2021-10-06 11:39:41','2021-10-06 12:28:50','83.96.113.132'),(1843,'8320ddf7a7d749def80a5371e13c6557',11,0,'2021-10-06 12:43:54','2021-10-06 12:44:47','83.96.113.132'),(1844,'572e9732a4973ee4a10d7868ec90eedf',26,0,'2021-10-06 12:45:10','2021-10-06 13:38:38','83.96.113.132'),(1845,'6e6bbe631d884b755b039d76e2d57e9f',11,1,'2021-10-06 13:38:46','2021-10-06 13:40:49','83.96.113.132'),(1846,'1ca356785d2e35ef155b7ffc3c95e335',11,1,'2021-10-07 05:50:05','2021-10-07 07:11:17','83.96.113.132'),(1847,'917d22d85696f418bbadca5aff25f5a9',26,1,'2021-10-07 08:31:02','2021-10-07 08:31:02','94.128.85.65'),(1848,'2a36e57e4b1ac83ac6273bceba80f3f4',11,1,'2021-10-07 09:36:40','2021-10-07 09:40:39','83.96.113.132'),(1849,'fafbdb9b074157f0f07423d6c125946d',11,1,'2021-10-07 11:09:52','2021-10-07 11:30:10','83.96.113.132'),(1850,'55b9f64fcc7d4572871bcb6a3888c80b',11,1,'2021-10-07 12:03:49','2021-10-07 12:55:19','188.71.228.108'),(1851,'5a438d55e1521b464448fe4f2702a4f5',11,1,'2021-10-10 08:00:14','2021-10-10 08:26:36','188.71.228.108'),(1852,'2c7dba27d3ae3e0dc2b95e861b5d6fde',11,1,'2021-10-10 09:38:09','2021-10-10 10:03:43','83.96.113.132'),(1853,'6de9244565a7c31dfaf0f0f003431f7c',11,1,'2021-10-10 10:59:38','2021-10-10 11:59:58','83.96.113.132'),(1854,'043fa195ed1fd1dcfe38fb4c41b4e473',11,1,'2021-10-10 12:32:41','2021-10-10 13:18:24','83.96.113.132'),(1855,'f151b8adce878423eb6b90c3871fc15d',11,1,'2021-10-10 12:56:55','2021-10-10 13:42:57','188.71.228.108'),(1856,'ac26bfe8da67edb82f778e4f1cbad331',11,1,'2021-10-10 14:19:30','2021-10-10 14:19:30','188.71.228.108'),(1857,'51f4ab1996b1a4b6cf53df701dc4b814',11,1,'2021-10-11 11:38:20','2021-10-11 11:38:20','188.71.228.108'),(1858,'da813ab8e89040946b44b09046c16ede',11,1,'2021-10-11 12:30:47','2021-10-11 13:37:33','188.71.228.108'),(1859,'c26ec192b34bdfeb487ff5eb95c6074b',11,1,'2021-10-12 11:44:44','2021-10-12 11:46:20','83.96.113.132'),(1860,'ff3ad08a2091271fc9597d64ca29f52b',11,1,'2021-10-12 13:23:03','2021-10-12 13:28:47','188.71.228.108'),(1861,'f4ba7ca400571a9c2011603ae4b7b7d5',11,1,'2021-10-13 09:56:49','2021-10-13 09:58:20','83.96.113.132'),(1862,'1afce4fc4d944d38c3bf1a0c810e977b',11,1,'2021-10-13 10:58:35','2021-10-13 10:58:35','83.96.113.132'),(1863,'0382079e57f90c78df66dad64bb4bf9b',11,1,'2021-10-14 06:22:10','2021-10-14 06:22:10','83.96.113.132'),(1864,'d71f9de24352d77ed526cc53de75bce3',11,1,'2021-10-14 07:24:28','2021-10-14 07:24:28','83.96.113.132'),(1865,'fda2b475782e812c7fe68fb57581b360',11,1,'2021-10-14 07:33:58','2021-10-14 07:35:13','188.71.228.108'),(1866,'657f283e854ced23c8d1496c57c8aea9',11,1,'2021-10-14 08:11:22','2021-10-14 08:16:31','188.71.228.108'),(1867,'68ab48e9b3b2a19be9114617e8ee67bc',11,1,'2021-10-14 11:26:37','2021-10-14 12:06:02','188.71.228.108'),(1868,'dbb04d1e91ff9d9462e6709f7bc4aacc',11,1,'2021-10-14 11:36:42','2021-10-14 12:37:17','188.71.228.108'),(1869,'2fabc7aca4e1b1410dc6f76f5ea06998',26,1,'2021-10-16 10:39:06','2021-10-16 10:39:06','94.128.216.253'),(1870,'d47c7e62a2dcd8c702d899a5b49e824b',26,1,'2021-10-16 12:29:54','2021-10-16 12:29:54','94.128.216.253'),(1871,'2da63ea8e114eeef05fdbbc885d86d75',26,1,'2021-10-17 19:26:20','2021-10-17 20:24:31','94.128.216.253'),(1872,'24dffbf7a2ac70c065e9f5f66788c5a9',11,1,'2021-10-18 06:33:06','2021-10-18 06:53:50','83.96.113.132'),(1873,'98903f626607b8e9b846cf71d260d741',26,1,'2021-10-18 07:34:03','2021-10-18 07:34:03','94.128.64.206'),(1874,'4aaabd5619f1a2c1cbb5a6dd24f65394',26,1,'2021-10-18 08:57:00','2021-10-18 08:57:00','94.128.64.206'),(1875,'a665d7c667209bf6cf2c393550deb271',11,1,'2021-10-18 09:10:49','2021-10-18 09:48:55','83.96.113.132'),(1876,'82f3f8aca680eed7b27ea3346999ad3a',26,1,'2021-10-18 15:02:06','2021-10-18 15:02:06','94.128.64.206'),(1877,'562d81d2b7d13073a33bc57d61c2a3a7',26,1,'2021-10-18 16:38:56','2021-10-18 16:56:34','94.128.64.206'),(1878,'25b41df5aca629a83059a29590168347',26,1,'2021-10-19 07:46:12','2021-10-19 08:20:22','94.129.68.236'),(1879,'fcc554af22b328e2398d8f8c73c0c810',11,1,'2021-10-19 08:31:35','2021-10-19 08:31:35','83.96.113.132'),(1880,'b88c62a68bdbf12a0650784704a0a908',11,0,'2021-10-19 11:27:28','2021-10-19 11:29:36','83.96.113.132'),(1881,'5897017b98ee7cf435c62b40de066409',26,1,'2021-10-19 11:28:03','2021-10-19 11:45:24','94.129.68.236'),(1882,'ce033c3c2163ff194da74d32fc0e3a35',26,0,'2021-10-19 11:30:29','2021-10-19 11:38:43','83.96.113.132'),(1883,'a4b4365a55624443df0455fe7487b277',11,0,'2021-10-19 11:38:57','2021-10-19 11:41:41','83.96.113.132'),(1884,'8f76ab33012af58b3685e42c7c9b4ffd',26,0,'2021-10-19 11:41:52','2021-10-19 11:43:22','83.96.113.132'),(1885,'4f94444d8c8f5201f17bcae64aaa3e0b',11,0,'2021-10-19 11:43:30','2021-10-19 11:44:25','83.96.113.132'),(1886,'6a9e6c7560107b5776e0c16ee9d9dbbb',26,0,'2021-10-19 11:44:47','2021-10-19 11:51:14','83.96.113.132'),(1887,'9ca39427cf182f8e52a966279bf6e70b',11,1,'2021-10-19 11:51:22','2021-10-19 12:15:06','83.96.113.132'),(1888,'51c6f927bf355b5d99ac1829a882ef08',11,1,'2021-10-19 12:21:31','2021-10-19 12:21:31','83.96.113.132'),(1889,'2f9a6de34899b2465f83e3d0b15cc349',26,1,'2021-10-20 09:10:02','2021-10-20 09:21:20','94.128.70.198'),(1890,'5cb3b13ebea8749330870185eac1054b',11,1,'2021-10-20 09:22:02','2021-10-20 09:54:36','83.96.113.132'),(1891,'fcc5d435440134b240ca30273231453b',26,1,'2021-10-20 13:10:23','2021-10-20 13:10:23','94.128.70.198'),(1892,'d8915df9c3c77f4ce274a80fe44a9bd1',11,1,'2021-10-20 13:42:11','2021-10-20 13:43:41','83.96.113.132'),(1893,'bgmio0sfkftms79hhgpj6v5l3i',11,1,'2021-10-21 00:35:42','2021-10-21 00:52:58','41.40.121.135'),(1894,'8re5tll5omf0bi81st2vs6jknf',22,1,'2021-11-01 01:12:26','2021-11-01 01:20:58','41.237.73.39'),(1895,'ns4le3c7cq0uel0k5bq7rttjoc',22,1,'2021-11-01 10:50:39','2021-11-01 11:18:48','41.47.146.72'),(1896,'h4ika1s8tnk3p032kcn8i3og65',22,1,'2021-11-07 06:25:07','2021-11-07 08:35:27','78.89.175.74'),(1897,'acmbrd7le8vgl3ueuitsuspkq2',22,1,'2021-11-08 23:11:34','2021-11-08 23:57:44','94.129.48.238'),(1898,'6v85e8q2cm5trvu72pg9icqgf6',22,1,'2021-11-09 07:28:56','2021-11-09 07:30:08','78.89.175.74'),(1899,'qd7nvfs9m4ek0g4h5kqtvb1i38',22,1,'2021-11-09 18:33:35','2021-11-09 20:28:07','94.129.48.238'),(1900,'kj5stkjd0pdmj6qp2mgn7djtuv',22,1,'2021-11-09 22:57:31','2021-11-09 23:25:01','94.129.48.238'),(1901,'plbv2o68c6ob0a4mqpgh3krjsm',22,1,'2021-11-10 06:26:46','2021-11-10 07:07:44','78.89.175.74');

--
-- Table structure for table `mag2_adminnotification_inbox`
--

CREATE TABLE `mag2_adminnotification_inbox` (
  `notification_id` int(10) unsigned NOT NULL AUTO_INCREMENT COMMENT 'Notification ID',
  `severity` smallint(5) unsigned NOT NULL DEFAULT '0' COMMENT 'Problem type',
  `date_added` timestamp NOT NULL DEFAULT CURRENT_TIMESTAMP COMMENT 'Create date',
  `title` varchar(255) NOT NULL COMMENT 'Title',
  `description` text COMMENT 'Description',
  `url` varchar(255) DEFAULT NULL COMMENT 'Url',
  `is_read` smallint(5) unsigned NOT NULL DEFAULT '0' COMMENT 'Flag if notification read',
  `is_remove` smallint(5) unsigned NOT NULL DEFAULT '0' COMMENT 'Flag if notification might be removed',
  PRIMARY KEY (`notification_id`),
  KEY `MAG2_ADMINNOTIFICATION_INBOX_SEVERITY` (`severity`),
  KEY `MAG2_ADMINNOTIFICATION_INBOX_IS_READ` (`is_read`),
  KEY `MAG2_ADMINNOTIFICATION_INBOX_IS_REMOVE` (`is_remove`)
) ENGINE=InnoDB AUTO_INCREMENT=176 DEFAULT CHARSET=utf8 COMMENT='Adminnotification Inbox';

--
-- Dumping data for table `mag2_adminnotification_inbox`
--

INSERT INTO `mag2_adminnotification_inbox` VALUES (1,3,'2018-12-04 20:21:41','New version 2.8.5 of Magefan Magento 2 Blog Extension is now available.',' You can download the new version from Magefan Store or update it via composer. Get us in touch if you need our help with an update or you have any questions.\n                                https://magefan.com/magento2-blog-extension?version=2.8.5\n                             ','https://magefan.com/magento2-blog-extension?version=2.8.5',0,0),(2,4,'2018-12-04 20:21:41','FAQ: How to configure &quot;read more&quot; in your Magento 2 blog post',' If you still don\'t know how to configure read more functionality in your magento 2 blog post, please read this article.\n                Online documentation for Magento 2 blog extension is also available on our website. http://goo.gl/XOEdpy ','http://magefan.com/blog/add-read-more-tag-to-blog-post-content/?from=notification1',0,0),(3,4,'2018-12-12 22:08:04','What does 2019 look like for you? Take our Retail Trends survey!','Let us know what\'s important to you and your business in 2019!\n\nWe invite you to take our retail trends survey which should take no more than a few minutes to complete. As always, any individual information you provide will remain strictly confidential.\n\nYou can take the survey at: \nwww.surveymonkey.com/r/GHNQTJ2\n','https://www.surveymonkey.com/r/GHNQTJ2',0,0),(4,4,'2018-12-12 00:00:00','December Updates &amp; Releases for your Mageplaza Extensions','In December 2018, we released 5 brand new extensions, and update 4 extensions. Please read the following information to learn what we’ve worked on this month.','https://www.mageplaza.com/blog/releases-2018-12/?utm_source=notification&amp;utm_medium=rss&amp;utm_campaign=BFCM',0,0),(5,1,'2018-12-10 06:00:00','Important WeltPixel Product Updates - December 2018. Compatibility with Magento 2.3 / 2.2.7 now available.','We made multiple product improvements and aligned compatibility of our products with latest Magento 2.3 Open Source and Commerce Cloud B2B. You can download the latest release from your weltpixel.com account. Change logs at this link: https://support.weltpixel.com/hc/en-us/articles/115002963573-WeltPixel-Product-Updates-Change-Log-and-New-Releases','https://support.weltpixel.com/hc/en-us/articles/115002963573-WeltPixel-Product-Updates-Change-Log-and-New-Releases?utm_source=Admin&amp;utm_medium=Notifications&amp;utm_campaign=Release1.8.0',0,0),(6,4,'2018-12-16 05:28:57','Embed YouTube video with Magento 2 YouTube widget extension by Magefan.','Simple to use, no HTML knowledge required. Includes video lazy load technique for better page speed.','https://magefan.com/magento2-youtube-extension?from=ntf-new',0,0),(7,3,'2019-01-22 11:05:25','New version 2.8.6 of Magefan Magento 2 Blog Extension is now available.',' You can download the new version from Magefan Store or update it via composer. Get us in touch if you need our help with an update or you have any questions.\n                                https://magefan.com/magento2-blog-extension?version=2.8.6\n                             ','https://magefan.com/magento2-blog-extension?version=2.8.6',0,0),(8,4,'2018-12-12 00:00:00','December Updates &amp; Releases for your Mageplaza Extensions','In December 2018, we released 5 brand new extensions, and update 4 extensions. Please read the following information to learn what we’ve worked on this month.','https://www.mageplaza.com/blog/releases-2018-12/?utm_source=notification&amp;utm_medium=rss&amp;utm_campaign=released',0,0),(9,4,'2018-12-21 00:00:00','Xmas sale 2018 - 30% off on all extensions','A big chance to buy Mageplaza extensions with 30% off which you will definitely use in 2019. Be quick and save money NOW!','https://www.mageplaza.com/magento-2-extensions/?utm_source=notification&amp;utm_medium=rss&amp;utm_campaign=XMAS',0,0),(10,4,'2019-01-31 00:00:00','January Updates &amp; Releases for your Mageplaza Extensions','In January 2019, we released 20 brand new extensions, and update 17 extensions. Please read the following information to learn what we’ve worked on this month.','https://www.mageplaza.com/blog/releases-2019-01/?utm_source=notification&amp;utm_medium=rss&amp;utm_campaign=released',0,0),(11,4,'2019-02-01 00:00:00','A Big Change in Mageplaza Refund Policy from Feb 01 2019','From Feb 01, 2019, Mageplaza officially applies a new refund policy which allows customers to ask for a full refund within 60 days instead of 30 days. Please read the details to learn more','https://www.mageplaza.com//blog/double-extend-to-60-day-money-back-guarantee.html/?utm_source=notification&amp;utm_medium=rss&amp;utm_campaign=refundpolicy',0,0),(12,4,'2019-02-04 00:00:00','Lunar New Year Sale 2019','Don\'t miss a chance to get Mageplaza extensions with 25% off from Feb 04 to Feb 06 (EST timezone). Be quick friends!','https://www.mageplaza.com/magento-2-extensions/?utm_source=notification&amp;utm_medium=rss&amp;utm_campaign=Tetsale2019',0,0),(13,4,'2019-02-12 22:15:58','Take our brief product survey.','Hello Magento Community, \n\nThrough this survey, the product team at Magento wants seek feedback on three different topics i.e. Magento Security,  Sales Channel, and Magento Cloud. Your feedback will help us to make better product decisions in future.\n\n**if you are a partner/non-seller/non-merchant taking this survey, please respond to the survey on behalf of your clients/merchants to whom these questions/topics may apply.\n\nYour feedback is 100% confidential and will not be shared in any way.\n\n\nThanks\nMagento UX\n\nhttps://www.surveymonkey.com/r/M2_Feb2019_ProductUXSurvey\n','https://www.surveymonkey.com/r/M2_Feb2019_ProductUXSurvey',0,0),(14,3,'2019-02-19 08:44:42','New version 2.8.7 of Magefan Magento 2 Blog Extension is now available.',' You can download the new version from Magefan Store or update it via composer. Get us in touch if you need our help with an update or you have any questions.\n                                https://magefan.com/magento2-blog-extension?version=2.8.7\n                             ','https://magefan.com/magento2-blog-extension?version=2.8.7',0,0),(15,4,'2019-02-14 00:00:00','Couples\' Day Sale 2019','Use code COUPLE25 when you buy 2 extensions to get 25% off. From Feb 14 to 16 (EST timezone). Our message: Great things come in pairs','https://www.mageplaza.com/deals/?utm_source=notification&amp;utm_medium=rss&amp;utm_campaign=valentine2019',0,0),(16,1,'2019-03-01 20:19:18','Action required: Update Authorize.Net Direct Post from MD5 to SHA-512 – 3/1/2019','Magento\'s implementation of the Authorize.Net Direct Post payment method uses MD5 based hash, and on March 14, 2019 Authorize.net will stop supporting MD5 based hash usage. This will result in Magento merchants not being able to process payments using Authorize.Net Direct Post. To avoid disruption and to continue processing payments, merchants need to apply a patch provided by Magento and add a Signature Key (SHA-512) in the Magento Admin configuration settings. For information on applying this patch please see the Magento Help Center.\n\nhttps://support.magento.com/hc/en-us/articles/360024368392','https://support.magento.com/hc/en-us/articles/360024368392',0,0),(17,4,'2019-03-20 03:53:15','Is it time to take your Magento Open Source commerce to the next level? ','We’re here to help! Magento Commerce Cloud gives you access to Page Builder, a powerful drag-and-drop content creation and editing tool that allows you to quickly design, test and launch new content with no coding or developer support required. Check it out with a free demo today.  http://bit.ly/2HwGsBs ','http://bit.ly/2HwGsBs',0,0),(18,4,'2019-02-14 00:00:00','Reward Points Ultimate Released 2 Hot Features','Reward Points extension now supports API and importation function. Check it out','https://www.mageplaza.com/magento-2-reward-points-extension/?utm_source=notification&amp;utm_medium=rss&amp;utm_campaign=released',0,0),(19,4,'2019-03-04 00:00:00','February Updates &amp; Releases for your Mageplaza Extensions','In February 2019, we released 4 brand new extensions, and update 7 extensions. Please read the following information to learn what we’ve worked on this month.','https://www.mageplaza.com/blog/releases-2019-02/?utm_source=notification&amp;utm_medium=rss&amp;utm_campaign=released',0,0),(20,4,'2019-03-17 00:00:00','St Patrick\'s Day Sale - 20% off','Happy St. Patrick\'s Day! You have 25% discount on every extension on Mageplaza. Don\'t forget to use it before the sale ends. Explore now!!!','https://www.mageplaza.com/magento-2-extensions/?utm_source=notification&amp;utm_medium=rss&amp;utm_campaign=stpatrick',0,0),(21,4,'2019-03-23 00:00:00','Hot release of the week','Mageplaza Mass Order Action for Magento has been released on our store this week. It cuts down a huge amount of time for admins. Yass!! Give it a try and have more time to enjoy your coffee at work!!!','https://www.mageplaza.com/magento-2-mass-order-actions/?utm_source=notification&amp;utm_medium=rss&amp;utm_campaign=release',0,0),(22,4,'2019-03-25 20:26:07','We’re here to help grow your business and take your commerce strategy to the next level.  ','Is it time to graduate from Magento Open Source and take the next step in your growth? Magento Commerce Cloud gives you out of the box content creation capabilities with our Page Builder tool, mobile responsive layouts, measurement and management tools, and so much more. Get a no obligation demo today. http://bit.ly/2HwGsBs ','http://bit.ly/2HwGsBs ',0,0),(23,1,'2019-03-26 18:05:01','Magento Open Source 2.3.1 delivers Powerful New Merchant and Developer Experience Enhancements – 3/26/2019','The latest release of Magento Open Source empowers merchants to act more quickly, operate more efficiently, and scale their businesses. Magento 2.3.1 also delivers important security enhancements and performance improvements. With these important updates we strongly recommend that you upgrade to ensure your sites maintain the highest level of security. You can review the release notes for more information about all of the enhancements.','https://devdocs.magento.com/guides/v2.3/release-notes/bk-release-notes.html',0,0),(24,4,'2019-03-27 22:47:30','2019: Your Time to Join the Progressive Web App Movement ','Progressive Web App technology is enabling smarter, faster mobile shopping experiences. Forrester presents their latest findings on this next-generation technology, now available on Magento Commerce 2. Read the report and reshape your customers mobile engagement. \nLearn more: http://bit.ly/2W5r4zg ','http://bit.ly/2W5r4zg  ',0,0),(25,4,'2019-04-04 00:00:00','March releases &amp; updates for your Mageplaza extensions','Last month, Mageplaza released 5 brand new extensions and update 1 extension. Check it out and find out your favorite one!','https://www.mageplaza.com/blog/releases-2019-03/?utm_source=notification&amp;utm_medium=rss&amp;utm_campaign=release',0,0),(26,1,'2019-04-04 06:00:00','Important WeltPixel Product Updates - April 2019. Compatibility with Magento 2.3.1.','We made multiple product improvements and aligned compatibility of our products with latest Magento 2.3.1 Open Source and Commerce Cloud B2B. You can download the latest release from your weltpixel.com account. Change logs at this link: https://support.weltpixel.com/hc/en-us/articles/115002963573-WeltPixel-Product-Updates-Change-Log-and-New-Releases','https://support.weltpixel.com/hc/en-us/articles/115002963573-WeltPixel-Product-Updates-Change-Log-and-New-Releases?utm_source=Admin&amp;utm_medium=Notifications&amp;utm_campaign=Release1.8.3',0,0),(27,4,'2019-04-10 20:16:37','How low can your commerce Total Cost of Ownership go?','Magento provides multiple eCommerce offerings with unique benefits. The question becomes: Is your free version of Magento Open Source the best option for your business and budget? Properly evaluate the all-in costs of software, development, upkeep and support needs with this free guide: http://bit.ly/2WLcNIz ','http://bit.ly/2WLcNIz',0,0),(28,4,'2019-04-18 14:18:53','Open Source is great, but is it always a better value? Not necessarily.   ','Let’s shed light on the perception that Magento Open Source is always the cheaper option. Spoiler alert – you may be surprised. Learn how Magento Commerce accelerates time to market, simplifies content creation, scales with your business and more in our myth-busting guide: http://bit.ly/2COUs5E ','http://bit.ly/2COUs5E',0,0),(29,4,'2019-04-23 22:53:48','Seamlessly add intelligent, global shipping to your Magento store ','Provide the shipping and pickup options required to compete. Meet customer expectations, drive conversion, increase revenue, and lower abandonment. Learn more: http://bit.ly/2DtWitd','http://bit.ly/2DtWitd',0,0),(30,4,'2019-04-30 22:49:23','Improve customer experience with intelligent, multi-carrier shipping ','Provide the shipping and pickup options required to compete. Meet customer expectations, drive conversion, increase revenue, and lower abandonment. Learn more: http://bit.ly/2DtWitd ','http://bit.ly/2DtWitd ',0,0),(31,4,'2019-05-02 21:41:03','7 Secrets to a Successful Migration: How Beer Hawk Upgraded from Magento Open Source 1 to Magento Commerce 2','Find out how Beer Hawk, a leading online craft beer retailer, experienced explosive growth after upgrading to Magento Commerce 2 in only 3 months. Joined by their solutions partner, Pinpoint, learn about the challenges they faced, the things they wished they would have known in advance, and how this new platform is enabling the rapid expansion of omnichannel bars and subscription models. Attend Magento Imagine 2019. Learn more: http://bit.ly/2vBledY','http://bit.ly/2vBledY',0,0),(32,1,'2019-04-30 06:00:00','Important WeltPixel Product Updates - May 2019. Monthly improvements based on community feedback.','This month we\'ve made multiple product improvements and aligned compatibility of our products with latest Magento 2.3.1 Open Source and Commerce Cloud B2B. You can download the latest release from your weltpixel.com account. Change logs at this link: https://support.weltpixel.com/hc/en-us/articles/115002963573-WeltPixel-Product-Updates-Change-Log-and-New-Releases','https://support.weltpixel.com/hc/en-us/articles/115002963573-WeltPixel-Product-Updates-Change-Log-and-New-Releases?utm_source=Admin&amp;utm_medium=Notifications&amp;utm_campaign=Release1.8.4',0,0),(33,3,'2019-06-02 21:55:35','New version 2.8.10 of Magefan Magento 2 Blog Extension is now available.',' You can download the new version from Magefan Store or update it via composer. Get us in touch if you need our help with an update or you have any questions.\n                                https://magefan.com/magento2-blog-extension?version=2.8.10\n                             ','https://magefan.com/magento2-blog-extension?version=2.8.10',1,0),(34,4,'2019-06-03 19:54:35','Drive cart conversion and revenue with Magento Shipping','Provide the shipping and pickup options required to compete. Meet customer expectations, drive conversion, increase revenue, and lower abandonment. Learn more: http://bit.ly/2DtWitd','http://bit.ly/2DtWitd',1,0),(35,1,'2019-06-10 06:00:00','WeltPixel Product Updates - June 2019. Monthly improvements based on user feedback. Discover WeSupply.','This month, we\'ve continued improving and optimizing our products based on user feedback and suggestions. You can download the latest release from your weltpixel.com account. Change logs at this link: https://support.weltpixel.com/hc/en-us/articles/115002963573-WeltPixel-Product-Updates-Change-Log-and-New-Releases . Also, Learn more about WeSupply, our newest product designed to automate your customer support, increase customer satisfaction rate and answer the no. 1 customer service question: &quot;Where is my order?&quot;: https://labs.wesupply.xyz/','https://support.weltpixel.com/hc/en-us/articles/115002963573-WeltPixel-Product-Updates-Change-Log-and-New-Releases?utm_source=Admin&amp;utm_medium=Notifications&amp;utm_campaign=Release1.8.5',1,0),(36,4,'2019-06-13 18:29:36','How low can your commerce Total Cost of Ownership go?  ','Magento provides multiple eCommerce offerings with unique benefits. The question becomes: Is your free version of Magento Open Source the best option for your business and budget? Properly evaluate the all-in costs of software, development, upkeep and support needs with this free guide: http://bit.ly/2XMWGLw','http://bit.ly/2XMWGLw',0,0),(37,1,'2019-06-25 16:09:17','Important Security and Performance Updates Released in Magento 2.3.2','The latest releases of Magento include important security enhancements along with performance and productivity improvements. We strongly recommend that you upgrade to ensure your sites maintain the highest level of security. You can review the release notes for more information about all of the enhancements and information on security updates included in these versions of Magento at our Security Center: https://magento.com/security/','https://devdocs.magento.com/guides/v2.3/release-notes/bk-release-notes.html',0,0),(38,1,'2019-06-28 06:00:00','Psst..Stack Framework Bundle - Professional Package ONLY NOW at special price! $300 discount ','A Bundle Pack of 25+ Premium Magento extensions to get you started with any Magento 2 project.','https://www.weltpixel.com/stack-magento-framework-extension-pack?utm_source=Admin&amp;utm_medium=Notifications&amp;utm_campaign=StackDiscount',0,0),(39,4,'2019-04-04 00:00:00','June releases &amp; updates for your Mageplaza extensions','Last month, Mageplaza released 1 brand new extension and 18 updates. Check it out!','https://www.mageplaza.com/blog/releases-2019-06/?utm_source=notification&amp;utm_medium=rss&amp;utm_campaign=release',0,0),(40,4,'2019-07-16 15:39:08','Webinar: Power Your Marketing in Magento with Google Shopping ads Channel','Join us on Wednesday, July 31, 2019 to discover how to reach more customers and improve ROI while simplifying your Google advertising operations – all from the Magento admin – with Google Shopping ads Channel. During this 45-minute webinar you’ll learn how you can seamlessly connect your Magento store with Google Merchant Center (GMC) and Google Ads, sync your product catalog and inventory with GMC so you never have to worry about advertising out-of-stock products or inaccurate pricing, and get the most out of your Smart Shopping campaigns with our campaign’s best practices. Two convenient webinar times – 8:00am PDT and 5:00pm PDT. Register today!','https://magento.com/resources/power-your-marketing-in-magento-google-shopping-ads-channel',0,0),(41,1,'2019-07-23 06:00:00','Important WeltPixel Product Updates - July 2019. Performance Improvements.','This month, we\'ve continued improving and optimizing our products based on user feedback and suggestions. We\'ve also released a new Speed Optimization &amp; Advanced JS Bundling extension that is included in all Pearl Theme packs for free. You can download the latest release from your weltpixel.com account.','https://support.weltpixel.com/hc/en-us/articles/115002963573-WeltPixel-Product-Updates-Change-Log-and-New-Releases?utm_source=Admin&amp;utm_medium=Notifications&amp;utm_campaign=Release1.9.0',0,0),(42,3,'2019-07-31 12:09:38','New version 2.9.0 of Magefan Magento 2 Blog Extension is now available.',' You can download the new version from Magefan Store or update it via composer. Get us in touch if you need our help with an update or you have any questions.\n                                https://magefan.com/magento2-blog-extension?version=2.9.0\n                             ','https://magefan.com/magento2-blog-extension?version=2.9.0',0,0),(43,1,'2019-08-08 13:28:15','PSD2 Compliance Deadline: 09/14/2019','On September 14, the new Payment Services Directive (PSD2) will go into effect for all merchants who sell to customers in the EU. For information on compliance, PSD2 Authentication Standards, and actions that need to be taken prior to the deadline, please see the Magento DevBlog. https://community.magento.com/t5/Magento-DevBlog/3D-Secure-2-0-changes/ba-p/136460','https://community.magento.com/t5/Magento-DevBlog/3D-Secure-2-0-changes/ba-p/136460',0,0),(44,4,'2019-08-23 14:07:14','MagentoLive Europe 2019','Join 2000+ Commerce Innovators for MagentoLive Europe in Amsterdam from 22-23 October. Register Now!','https://live-eu.magento.com/',0,0),(45,4,'2019-08-27 14:06:49','Breaking news! Adobe (Magento) is recognized by Gartner as a Leader based on Magento Commerce in the 2019 Magic Quadrant for Digital Commerce. ','Learn why Magento Commerce is a Leader for a third year in a row and continues to move because of our ability to execute. Read the full report: http://bit.ly/2Zj3CVs','http://bit.ly/2Zj3CVs',0,0),(46,4,'2019-09-02 00:00:00','Big sale on Vietnam Independence Day','20% off on all extensions from Sep 02 - 04. Grab your deals now! Happy Independence Day xxx','https://www.mageplaza.com/magento-2-extensions/?utm_source=notification&amp;utm_medium=rss&amp;utm_campaign=sale',0,0),(47,4,'2019-09-22 09:59:18','Magento 2 Zero Downtime Deployment Script',' Do you hate to see when your store is broken while running Magento 2 deployment commands? In the next 5 minutes, we\'ll help you with this issue. ','https://magefan.com/blog/magento-2-zero-downtime-deployment',0,0),(48,4,'2019-09-30 00:00:00','Flash sale - TODAY only','15% off on all extensions TODAY ONLY (Sep 30). Find your extensions now','https://www.mageplaza.com/magento-2-extensions/?utm_source=notification&amp;utm_medium=rss&amp;utm_campaign=sale',0,0),(49,4,'2019-10-01 16:15:34','It’s time to take your operations in a new direction by diversifying your revenue streams. ','We’ve got five ways you can effortlessly boost sales while reaching a wider audience. Download this informative guide and start fast-tracking your revenue growth today. Link: http://bit.ly/2m6svAN','http://bit.ly/2m6svAN',0,0),(50,4,'2019-10-08 18:50:49','It’s time to get your digital business out of the slow lane. ','Accelerate your revenue growth and drive customer satisfaction with these 5 must-have eCommerce features. Download this informative guide: http://bit.ly/2lLFOX6','http://bit.ly/2lLFOX6',1,0),(51,1,'2019-10-09 19:59:13','Magento Open Source 2.3.3 delivers important security updates along with performance and functionality enhancements – 10/9/2019 ','The latest release of Magento Open Source 2.3.3, Magento Open Source 2.2.10 and our new security-only patch 2.3.2-p2 are now available. Magento Open Source 2.3.3 includes important security enhancements along with new features, improved performance, and quality. With these important updates we strongly recommend that you upgrade to ensure your sites maintain the highest level of security. You can review the release notes for more information about all of the enhancements. For more information about security updates included in these versions of Magento please see our Security Center: https://magento.com/security/','https://devdocs.magento.com/guides/v2.3/release-notes/bk-release-notes.html',1,0),(52,4,'2019-10-10 12:36:55','NEW Magento 2 Alternate Hreflang Tags Extension with Better Store Switcher\n',' Do you manage Magento multi-language store without using Hreflang tags? You should definitely enable them. ','https://magefan.com/magento2-alternate-hreflang-extension',1,0),(53,1,'2019-10-14 15:58:01','Important hotfix for Magento Open Source 2.3.3','A hotfix for Magento Open Source 2.3.3 has been published to address an issue related to Elasticsearch that may present itself during or after upgrading to our latest 2.3.3 release. We strongly recommend that everyone upgrading to 2.3.3, download and apply this hotfix prior to deployment. For more information please visit our release notes. https://devdocs.magento.com/guides/v2.3/release-notes/bk-release-notes.html ','https://devdocs.magento.com/guides/v2.3/release-notes/bk-release-notes.html',0,0),(54,4,'2019-10-16 13:53:12','You are invited: The True Cost Savings of Magento Commerce Webinar','Join other Magento Open Source customers for a live webinar on October 30th with commerce experts Matthew Boland and John Glasgow from Adobe to learn how upgrading from Open Source to Magento Commerce can trim your costs and deliver major ROI. Register today: http://bit.ly/2BcYK5A','http://bit.ly/2BcYK5A',0,0),(55,1,'2019-10-21 06:00:00','Important WeltPixel Product Updates - October 2019. Magento 2.3.3 Compatibility.','This month\'s update comes just in time for holiday season, so you can level up your online store just in time for the most important month of the year. This update brings improvements to all of our products and bug fixes, based on your feedback. You can download the latest release from your weltpixel.com account.','https://support.weltpixel.com/hc/en-us/articles/115002963573-WeltPixel-Product-Updates-Change-Log-and-New-Releases?utm_source=Admin&amp;utm_medium=Notifications&amp;utm_campaign=Release1.9.1',0,0),(56,4,'2019-10-23 12:49:48','eBook: Advanced Strategies for Fast-Tracking Revenue Growth','Take your business in a new direction by selling more to a larger audience. Our guide explains 5 ways you can quickly add new revenue streams to your business. Link here: http://bit.ly/2m6svAN','http://bit.ly/2m6svAN',0,0),(57,3,'2019-10-27 11:08:08','New version 2.9.1 of Magefan Magento 2 Blog Extension is now available.',' You can download the new version from Magefan Store or update it via composer. Get us in touch if you need our help with an update or you have any questions.\n                                https://magefan.com/magento2-blog-extension?version=2.9.1\n                             ','https://magefan.com/magento2-blog-extension?version=2.9.1',0,0),(58,4,'2019-10-30 06:00:00','Halloween Promo. $300 Off on Pearl Theme and Stack Framework PRO Packs - SPOOKY300 discount code! ','Get your discounted license now. Hurry! Only 100 Promo Packs available.','https://www.weltpixel.com/magento-2-theme-pearl?utm_source=Admin&amp;utm_medium=Notifications&amp;utm_campaign=Halloween',0,0),(59,4,'2019-11-11 18:31:19','Special Offer for Open Source Customers through November 29th.','Take advantage of a special discount when you move to a Magento Commerce cloud subscription (formerly Enterprise Edition) through November 29th. With exciting new features like Page Builder and Content Staging and Preview, now is the perfect time to contact us. Link here: http://bit.ly/2O4hPNg','http://bit.ly/2O4hPNg',0,0),(60,4,'2019-11-14 16:36:56','We need your help! How do you fulfill and ship your orders?','We need your help! How do you fulfill and ship your orders?','http://selfserve.decipherinc.com/survey/selfserve/9d5/g013/191028 ',0,0),(61,1,'2019-11-27 13:09:03','35% OFF. BLACK FRIDAY SALE! Get 25% OFF any Magento 2 Extension. Use coupon code: BF2019',' Improve your store &amp; save budget today. URL: http://bit.ly/2pSs7Iz ','https://magefan.com/magento2-extensions?from=ntf-black-friday2019',0,0),(62,4,'2019-09-30 00:00:00','BLACK FRIDAY CYBER WEEK SUPER SALES','Up to 30% off on ALL extensions PLUS up to 15% off when buying from 2 modules. Check it out NOW.','https://www.mageplaza.com/magento-2-extensions/?utm_source=notification&amp;utm_medium=rss&amp;utm_campaign=sale',0,0),(63,1,'2019-11-25 06:00:00','FEEL THE RUSH! LIMITED DEAL $300 OFF - BLACKPIXEL300 discount code! ','Get your discounted license now. Hurry! Only 100 Promo Packs.','https://www.weltpixel.com/magento-2-theme-pearl?utm_source=Admin&amp;utm_medium=Notifications&amp;utm_campaign=BlackFriday2019',0,0),(64,1,'2019-11-28 09:39:36','25% OFF. BLACK FRIDAY SALE! Get 25% OFF any Magento 2 Extension. Use coupon code: BF2019',' Improve your store &amp; save budget today. URL: http://bit.ly/2pSs7Iz ','https://magefan.com/magento2-extensions?from=ntf-black-friday2019',0,0),(65,4,'2019-12-02 15:09:11','2020: The Year You Reimagine Your Mobile Platform','Smarter, faster mobile shopping experiences are now achievable with Progressive Web App technology. Forrester reveals how to leverage this next-generation technology, now available on Magento Commerce 2. Reimagine your mobile environment with this exclusive report.  Link here: http://bit.ly/2W5r4zg','http://bit.ly/2W5r4zg ',0,0),(66,4,'2019-12-09 18:08:56','Online B2B purchases are set to skyrocket to $9 trillion in the US alone this year. Get in on the action with B2B and B2C selling.','The lines between B2B and B2C commerce are blurring. Here’s 5 reasons to go hybrid with your commerce strategy in 2020. http://bit.ly/2DPgAx0','http://bit.ly/2DPgAx0',0,0),(67,4,'2019-12-11 00:00:00','Last chance 2019','30% ALL extensions on everything. Check it out NOW.','https://www.mageplaza.com/magento-2-extensions/?utm_source=notification&amp;utm_medium=rss&amp;utm_campaign=sale-12',0,0),(68,4,'2019-12-10 06:00:00',' Important WeltPixel Product Updates - December 2019 ','As usual, your feedback translates into our latest product updates. This end of year release contains the usual bug fixes and improvements as well as an important NEW functionality for the Google Tag Manager Extension. Get your updates from the Downloadable Products section of your weltpixel.com account.','https://support.weltpixel.com/hc/en-us/articles/115002963573-WeltPixel-Product-Updates-Change-Log-and-New-Releases?utm_source=Admin&amp;utm_medium=Notifications&amp;utm_campaign=Release1.9.2',0,0),(69,4,'2019-12-16 18:39:06','Did you know? A whopping 89% of B2B businesses now rely on digital content to guide their purchasing process.','Learn how you can integrate compelling content into your B2B sales strategy with our latest eBook. Download Now: http://bit.ly/368QIbu','http://bit.ly/368QIbu',0,0),(70,4,'2020-01-02 18:26:08','Are you set up to achieve your eCommerce goals? Make upgrading your resolution for 2020.','Upgrading to Magento Commerce might cost less than you think. Watch our webinar to learn the true cost savings of upgrading to Magento Commerce 2. Watch Now: http://bit.ly/2BcYK5A','http://bit.ly/2BcYK5A',0,0),(71,4,'2019-12-11 00:00:00','Holiday Announcement &amp; Christmas sale','Some important notes about holiday supports and Christmas sales in 3 days. Read more here','https://www.mageplaza.com/blog/holiday-announcement.html/?utm_source=notification&amp;utm_medium=rss&amp;utm_campaign=sale-12',0,0),(72,4,'2020-01-13 18:02:52','eCommerce is an ocean of opportunity. Take our quiz and find out if you are a pilot fish, octopus, or shark.','Find out if you’re ready to sell with the big fish by taking our brief quiz designed to identify your competitive selling potential. Answer our set of quick questions to see where you stack up and receive personalized resources to give your digital growth strategy some teeth. http://bit.ly/2NkNvhS','http://bit.ly/2NkNvhS',0,0),(73,4,'2020-01-14 00:00:00','Releases &amp; updates in 2019 December on Mageplaza','15 hot releases and 33 important updates last month. Read more here','https://www.mageplaza.com/blog/releases-2019-12/?utm_source=notification&amp;utm_medium=rss&amp;utm_campaign=sale-12',0,0),(74,4,'2020-01-27 16:01:40','Learn The 6 Sweet Features Behind Every Irresistible eCommerce Experience. ','92% percent of online shoppers call it quits before checkout over poor site performance. Discover the six essential features your commerce platform needs to create truly memorable customer moments. Link here: http://bit.ly/2RrcS4d\n','http://bit.ly/2RrcS4d',0,0),(75,1,'2020-01-28 20:09:22','Magento Open Source 2.3.4 delivers important security updates and features to help you build a more engaging customer experience – 1/28/2020','The latest releases of Magento Open Source – 2.3.4, 2.3.3-p1, and 2.2.11 – are now generally available. The latest release of Magento Open Source includes important security enhancements along with new functionality and platform quality improvements. With these important updates we strongly recommend that you upgrade to ensure your sites maintain the highest level of security. You can review the release notes for more information about all of the enhancements. Learn how this release can help you build a more engaging customer experience at Magento.com/blog.','https://devdocs.magento.com/guides/v2.3/release-notes/bk-release-notes.html',0,0),(76,4,'2020-02-03 19:53:41','You are invited: Seize the New Year– 5 Growth Strategies for 2020.','Join us for a live webinar on February 13th with Magento experts Shannon Hane and Matthew Wasley from Adobe to learn the latest eCommerce strategies to accelerate revenue growth in 2020. Register today: http://bit.ly/2GPpb4b','http://bit.ly/2GPpb4b',0,0),(77,4,'2020-02-10 16:41:26','Are you putting off integrating your ERP and eCommerce?','Get started on the journey to a more integrated and profitable eCommerce business. Download our comprehensive guide, eCommerce + ERP: Better Together. http://bit.ly/33XMHVV','http://bit.ly/33XMHVV',0,0),(78,4,'2020-02-12 15:11:23','Join Tomorrow\'s Webinar: Seize the New Year– 5 Growth Strategies for 2020.','Join us for a live webinar tomorrow, February 13th with Magento experts Shannon Hane and Matthew Wasley from Adobe to learn the latest eCommerce strategies to accelerate revenue growth in 2020. Register today: http://bit.ly/2GPpb4b','http://bit.ly/2GPpb4b',0,0),(79,4,'2020-02-28 14:39:26','2020 goal: Is your product content keeping up with your customers?','Magento Page Builder gives you fast content updates and even faster growth. Download our eBook to learn more. Link here: http://bit.ly/2NyTuQf','http://bit.ly/2NyTuQf',0,0),(80,1,'2020-03-05 21:25:23','Retrieving data. Wait a few seconds and try to cut or copy again.','&quot;We have discovered an error in Magento 2.3.4 that can prevent a shopper from completing an order when using PayPal Express Checkout. The issue occurs for any country where the region field in the address section is a text field (as opposed to a drop-down menu).\nWe have released a hotfix to resolve this issue and recommend that merchants on Magento version 2.3.4 who are also using PayPal Express Checkout download and apply this hotfix as soon as possible to prevent further errors. Please refer to our help center for instructions and troubleshooting. A fix for this issue will be included in Magento 2.3.5.','https://support.magento.com/hc/en-us/articles/360039451972',0,0),(81,3,'2020-03-10 11:24:46','New version 2.9.2 of Magefan Magento 2 Blog Extension is now available.',' You can download the new version from Magefan Store or update it via composer. Get us in touch if you need our help with an update or you have any questions.\n                                    https://magefan.com/magento2-blog-extension?version=2.9.2\n                                 ','https://magefan.com/magento2-blog-extension?version=2.9.2',0,0),(82,4,'2019-02-11 06:00:00',' Important WeltPixel Product Updates - February 2019 ','Compatibility with Magento 2.3.4 for all WeltPixel Products available now! As usual, your feedback translates into our latest product updates. Get your updates from the Downloadable Products section of your weltpixel.com account.','https://support.weltpixel.com/hc/en-us/articles/115002963573-WeltPixel-Product-Updates-Change-Log-and-New-Releases?utm_source=Admin&amp;utm_medium=Notifications&amp;utm_campaign=Release1.9.4',0,0),(83,3,'2020-04-07 13:00:13','New version 2.9.3 of Magefan Magento 2 Blog Extension is now available.',' You can download the new version from Magefan Store or update it via composer. Get us in touch if you need our help with an update or you have any questions.\n                                    https://magefan.com/magento2-blog-extension?version=2.9.3\n                                 ','https://magefan.com/magento2-blog-extension?version=2.9.3',0,0),(84,4,'2020-03-18 06:00:00',' Important WeltPixel Product Updates - March 2020 ','Hope you and your loved ones are safe during this period. We want to announce that all WeltPixel Products received updates recently! As usual, your feedback translates into our latest product updates. Get your updates from the Downloadable Products section of your weltpixel.com account.','https://support.weltpixel.com/hc/en-us/articles/115002963573-WeltPixel-Product-Updates-Change-Log-and-New-Releases?utm_source=Admin&amp;utm_medium=Notifications&amp;utm_campaign=Release1.9.5',0,0),(85,4,'2020-03-16 00:00:00','St. Patrick\'s Day Sale Announcement','20% discount on every extension is on NOW. Ends on March 18th, don\'t miss out','https://www.mageplaza.com/deals/?utm_source=notification&amp;utm_medium=rss&amp;utm_campaign=sale-12',0,0),(86,4,'2020-03-25 00:00:00','COVID-19 Mageplaza Support Campaign','25% discount on all extensions for young business during the coronavirus pandemic. Check it out','https://www.mageplaza.com/blog/covid-mageplaza-support-young-ebusiness-during-pandemic.html?utm_source=notification&amp;utm_medium=rss&amp;utm_campaign=sale-12',0,0),(87,4,'2020-03-20 15:03:20','Simplify and accelerate your content updates with Page Builder','Content is critical to eCommerce engagement. In fact, 87 percent of shoppers say product content has a high impact on their purchasing decisions. Page Builder delivers a drag-and-drop content creation and management tool which simplifies your website updates from start to finish. Learn how this powerful creative tool can grow your business. Link here: http://bit.ly/2NyTuQf','http://bit.ly/2NyTuQf',0,0),(88,1,'2020-03-24 16:02:43','Important Hot Fix Available for Magento Commerce 2.3','A new Hot Fix is available to close a security issue in Magento Open Source 2.3, all versions. We recommend that users of potentially affected deployments take immediate action by updating your Magento installation with the latest patch. Please review our Security Blog via the included link for more information about the bug and how to apply the Hot Fix.','https://magento.com/security/hot-fix-available-cve-2019-8118',0,0),(89,4,'2020-04-08 16:41:38','Watch On-Demand Webinar: Seize the New Year– 5 Growth Strategies for 2020.','Magento experts Shannon Hane and Matthew Wasley from Adobe will share the latest eCommerce strategies to accelerate revenue growth in 2020. Watch now: http://bit.ly/2GPpb4b','http://bit.ly/2GPpb4b',0,0),(90,4,'2020-04-10 17:14:30','You are invited! Join our live webinar on April 23rd: The True Cost Savings of Magento Commerce 2.','Join us for The True Cost Savings of Magento Commerce 2 webinar on April 23rd. John Glasgow and Matt Boland from Adobe will discuss how your business can reduce operating costs and grow revenue. Leading solution partner Atwix will also share how they are helping customers launch innovative solutions to meet expectations in today’s environment. Register Now: https://bit.ly/2JRgJCX','https://bit.ly/2JRgJCX',0,0),(91,4,'2020-04-14 22:03:09','Upgrade to Magento Commerce with no payments for the first 3 months. ','Adobe is committed to supporting merchants during this challenging time. Upgrade to Magento Commerce 2 quickly and affordably with limited time offers. Pay nothing for the first 3 months, and our Magento Commerce launch package will get you up and running fast. Free Magento U classes will ensure your teams are fully equipped to take their digital operations to the next level. Learn more: https://bit.ly/2RBnk8M','https://bit.ly/2RBnk8M',0,0),(92,4,'2020-04-22 16:52:09','Join Tomorrow\'s Webinar: The True Cost Savings of Magento Commerce 2.','Join us for a live webinar tomorrow, April 23rd. John Glasgow and Tricia Lee from Adobe will discuss how your business can reduce operating costs and grow revenue. They will also review special limited time offers. Slava Kravchuk from Atwix, # 1 Contributing Partner, will also share a customer case study leading the way in innovative B2B retail experiences. Register Now: https://bit.ly/2JRgJCX','https://bit.ly/2JRgJCX',0,0),(93,1,'2020-04-28 18:29:06','Magento Open Source 2.3.5-p1 delivers important security updates and features ','The latest releases of Magento Open Source – 2.3.5-p1 and 2.3.4-p2 – are now generally available. The latest release of Magento Open Source includes important security enhancements along with new functionality and platform quality improvements. With these important updates we strongly recommend that you upgrade to ensure your sites maintain the highest level of security. You can review the release notes for more information about all of the enhancements. Learn how this release can help you save time and maximize resources at Magento.com/blog. ','https://devdocs.magento.com/guides/v2.3/release-notes/bk-release-notes.html',0,0),(94,4,'2020-05-04 18:02:10','One Platform to Rule them All','The lines between B2B and B2C commerce are blurring. B2C companies are adding wholesale storefronts while their traditionally B2B counterparts are increasingly selling direct to consumers.','http://bit.ly/2DPgAx0',0,0),(95,3,'2020-05-05 17:17:16','New version 2.9.4 of Magefan Magento 2 Blog Extension is now available.',' You can download the new version from Magefan Store or update it via composer. Get us in touch if you need our help with an update or you have any questions.\n                                    https://magefan.com/magento2-blog-extension?version=2.9.4\n                                 ','https://magefan.com/magento2-blog-extension?version=2.9.4',0,0),(96,1,'2020-05-06 01:15:26','You are invited! Join our live webinar on May 21st: Fast-Track Your Move to Magento Commerce','Join our live webinar on May 21st: Fast-Track Your Move to Magento Commerce. 5x Magento Master, Brent Peterson, will share insider advice on getting your new Magento Commerce site to market in 30 days or less. Also, Tricia Lee from Adobe will cover limited-time offers designed to help merchants upgrade quickly and affordably. Register now: https://bit.ly/2L1lxpW','https://bit.ly/2L1lxpW',0,0),(97,4,'2020-05-11 23:43:35','5 Ways You Can Deliver Commerce to Your Customers','Now more than ever, eCommerce is helping individuals and communities satisfy their most essential needs. Discover the 5 ways brands are bringing commerce to their customers in our eGuide, The New Everywhere (and Every Device) Commerce. Learn more: https://bit.ly/2YIrL6l','https://bit.ly/2YIrL6l',0,0),(98,4,'2020-05-19 23:51:00','Webinar Tomorrow! Join our live webinar on May 21st: Fast-Track Your Move to Magento Commerce.','Join us tomorrow for our live webinar: Fast-Track Your Move to Magento Commerce. 5x Magento Master, Brent Peterson, will share insider advice on getting your new Magento Commerce site to market in 30 days or less. Also, Tricia Lee from Adobe will cover limited-time offers designed to help merchants upgrade quickly and affordably. Register now: https://bit.ly/2L1lxpW','https://bit.ly/2L1lxpW',0,0),(99,4,'2020-04-10 17:14:30','Watch On-On Demand: The True Cost Savings of Magento Commerce 2.','Join us for The True Cost Savings of Magento Commerce 2 webinar on April 23rd. John Glasgow and Matt Boland from Adobe will discuss how your business can reduce operating costs and grow revenue. Leading solution partner Atwix will also share how they are helping customers launch innovative solutions to meet expectations in today’s environment. Register Now: https://bit.ly/2JRgJCX','https://bit.ly/2JRgJCX',0,0),(100,4,'2020-05-26 00:00:00','6 days left: COVID-19 Mageplaza Support Campaign','Mageplaza Covid-19 Support Program ends on May 31, if you have not signed up, do it NOW. 25% discount on all extensions for young business during the coronavirus pandemic','https://www.mageplaza.com/blog/covid-mageplaza-support-young-ebusiness-during-pandemic.html?utm_source=notification&amp;utm_medium=rss&amp;utm_campaign=sale-12',0,0),(101,4,'2020-06-08 16:43:12','Find out why Forrester positioned Adobe as a Leader in their latest B2B commerce report.','Read why Adobe was named a Leader in the “Forrester Wave: B2B Commerce Suites, Q2 2020,” and discover how we can support your business with our global partner ecosystem. https://bit.ly/2z845hk','https://bit.ly/2z845hk',0,0),(102,4,'2020-06-10 00:00:00','8 New deals have been up. All hot extensions','8 high-demand Mageplaza extensions are on sales, up to 25% off. You don\'t want to miss them! Check it out NOW','https://www.mageplaza.com/deals/',0,0),(103,4,'2020-06-11 18:19:15','Ask us your questions during our upcoming webinar, The True Cost Savings of Magento Commerce 2.','Join us on Tuesday, June 23rd, for a new session of The True Cost Savings of Magento Commerce 2 now with extended time for live Q&amp;A. John Glasgow from Adobe will share how your business can reduce operating costs and grow revenue. And Slava Kravchuk from Atwix, # 1 Contributing Partner, will share a customer case study leading the way in innovative B2B retail experiences. Register Now: https://bit.ly/3dLYlsN','https://bit.ly/3dLYlsN',0,0),(104,4,'2020-06-16 19:19:54','Your input requested: Shipping &amp; Fulfillment','We would like to get your feedback on how you think about and manage your shipping &amp; fulfillment so we can build great features for you! http://selfserve.decipherinc.com/survey/selfserve/9d5/200603','http://selfserve.decipherinc.com/survey/selfserve/9d5/200603',0,0),(105,1,'2020-06-22 17:29:07','Join the webinar tomorrow and bring your questions! Register for The True Cost Savings of Magento Commerce 2 on June 23rd. ','Join us tomorrow, June 23rd, for a new session of The True Cost Savings of Magento Commerce 2 now with extended time for live Q&amp;A. John Glasgow from Adobe will share how your business can reduce operating costs and grow revenue. And Slava Kravchuk from Atwix, # 1 Contributing Partner, will share a customer case study leading the way in innovative B2B retail experiences. Register Now: https://bit.ly/3dLYlsN','https://bit.ly/3dLYlsN',0,0),(106,4,'2020-06-23 20:20:12','NEW Magento 2 Multi-Blog Extension ',' Magento 2 Multi Blog extension is the extension that allows you to have 2 separate blogs on your Magento 2 store and manage them from one admin panel. This extension could be useful for those who already use Magento 2 Blog and want to improve their store with the second blog. ','https://magefan.com/magento-2-multi-blog-extension',0,0),(107,4,'2020-05-19 23:51:00','Watch our live webinar on-demand: Fast-Track Your Move to Magento Commerce.','Watch our on-demand webinar: Fast-Track Your Move to Magento Commerce. 5x Magento Master, Brent Peterson, will share insider advice on getting your new Magento Commerce site to market in 30 days or less. Also, Tricia Lee from Adobe will cover limited-time offers designed to help merchants upgrade quickly and affordably. View now: https://bit.ly/2L1lxpW','https://bit.ly/2L1lxpW',0,0),(108,4,'2020-06-25 21:45:31','We’re proud to be recognized as Leader in B2C commerce by Forrester in their latest report. ','Read the latest “Forrester Wave: B2C Commerce Suites, Q2 2020” report to learn why “Adobe leads with flexibility, supported by a strong global partner ecosystem.” https://bit.ly/370vz4V','https://bit.ly/370vz4V',0,0),(109,4,'2020-06-26 17:15:35','Embrace digital change with insights from eCommerce leaders at Adobe Experience Maker\'s Live July 22-23.','Take part in 40+ diverse sessions at Experience Makers Live July 22-23, with topics including Magento Commerce product roadmap, delivered by John Stockton, Sr. Director of Product Marketing at Adobe, customer case studies highlighting real-world applications of Magento Commerce features and functionality, and how Magento Commerce is helping merchants adapt to the challenges of a new digital reality. Register today! https://adobe.ly/3i7XGnK','https://adobe.ly/3i7XGnK',0,0),(110,4,'2020-01-07 00:00:00','8 New deals have been up. All hot extensions. Up to 33% off','8 high-demand Mageplaza extensions are on sales, up to 33% off. You don\'t want to miss them! Check it out NOW','https://www.mageplaza.com/deals/',0,0),(111,4,'2020-07-10 00:56:40','Is Your Website Selling as Much as It Can? Take our commerce self-assessment and uncover opportunities to improve conversion rates.','An engaging user experience is essential to converting casual visitors into loyal customers. Find out if your eCommerce environment inspires long-term loyalty with our commerce self-assessment which asks, Is Your Website Selling as Much as It Can? Download now: https://bit.ly/3gt16Qk','https://bit.ly/3gt16Qk',0,0),(112,3,'2020-07-16 09:34:38','New version 2.9.5 of Magefan Magento 2 Blog Extension is now available.',' You can download the new version from Magefan Store or update it via composer. Get us in touch if you need our help with an update or you have any questions.\n                                    https://magefan.com/magento2-blog-extension?version=2.9.5\n                                 ','https://magefan.com/magento2-blog-extension?version=2.9.5',0,0),(113,4,'2020-07-21 15:55:36','Meet the Magento Commerce Interactive Product Experience.','Meet the world’s most flexible eCommerce platform by immersing yourself in the Magento Commerce Interactive Product Experience. This interactive simulation demonstrates the powerful functionality helping merchants sustain – and grow – their business. Start Product Tour: https://adobe.ly/3eR7kZ3','https://adobe.ly/3eR7kZ3',0,0),(114,4,'2020-07-24 00:00:00','Flash Sales - Happy Friday - Only TODAY','15% discount on every extension is on TODAY ONLY. Check it out. Don\'t miss out','https://www.mageplaza.com/deals/?utm_source=notification&amp;utm_medium=rss&amp;utm_campaign=sale-12',0,0),(115,4,'2020-07-28 16:12:12','Tell us about your experience with Magento','We want to hear from you! Please take a short survey about your experience using Magento Admin. Your feedback will help us improve our products and develop new features.  http://selfserve.decipherinc.com/survey/selfserve/9d5/200508?list=1','http://selfserve.decipherinc.com/survey/selfserve/9d5/200508?list=1',0,0),(116,1,'2020-07-28 16:17:11','Magento Open Source 2.4 delivers important security updates and features to accelerate your business in the changing commerce landscape – 7/28/2020','The latest releases of Magento Open Source – 2.4 and 2.3.5-p2 – are now available. The latest release of Magento Open Source includes important security enhancements along with new functionality and platform quality improvements. With these important updates we strongly recommend that you upgrade to ensure your sites maintain the highest level of security. You can review the release notes for more information about all of the enhancements. Learn how this release can help you adapt to the changing commerce landscape at Magento.com/blog.','https://devdocs.magento.com/guides/v2.4/release-notes/bk-release-notes.html',0,0),(117,4,'2020-07-31 16:37:31','Is Your Website Selling as Much as It Can? Join our upcoming webinar and learn how to turn your website into a conversion machine.','Join us on August 13 for our webinar: Is Your Website Selling As Much As It Can? Digital Strategist Ereika Stimley and eCommerce Consultant Corey Gelato will walk you through a website self-assessment and live demo that will help you uncover opportunities to increase conversions and grow revenues. Register now: https://bit.ly/2PcjcL3','https://bit.ly/2PcjcL3',0,0),(118,3,'2020-08-06 13:34:22','New version 2.9.6 of Magefan Magento 2 Blog Extension is now available.',' You can download the new version from Magefan Store or update it via composer. Get us in touch if you need our help with an update or you have any questions.\n                                    https://magefan.com/magento2-blog-extension?version=2.9.6\n                                 ','https://magefan.com/magento2-blog-extension?version=2.9.6',0,0),(119,4,'2020-08-07 20:57:02','The Essentials of an Unforgettable Customer Experience','Learning what’s shaping tomorrow’s shopping experiences is essential for growth. Download our eBook full of advice about crafting a better buying journey using Magento Commerce and other key technologies. Download now: https://bit.ly/31tNXkq','https://bit.ly/31tNXkq',0,0),(120,4,'2020-08-11 16:54:10','Turn your website into a conversion machine. Don\'t miss this week\'s webinar on Aug 13th! ','Join us on Aug 13 for our webinar: Is Your Website Selling As Much As It Can? Adobe Digital Strategist Ereika Stimley and eCommerce Consultant Corey Gelato will walk you through a website self-assessment and live demo that will help you uncover opportunities to increase conversions and grow revenues. Register now: https://bit.ly/2PcjcL3','https://bit.ly/2PcjcL3',0,0),(121,4,'2020-08-24 17:19:20','We would love your input on Magento Payments','We value the perspective of our users and we would appreciate if you took this short survey on Magento Payments. Your response will influence the design of the next generation Magento Payments solution. https://bit.ly/2CXZro2','https://bit.ly/2CXZro2',0,0),(122,4,'2020-09-14 13:33:10','Get real-time insights into the security status of the store​ with Enhanced Security Scan Tool.','The Enhanced Magento Security Scan Tool provides our on-prem and cloud merchants with real-time insights into the security status of their store by proactively notifying them if their store is vulnerable. ','https://account.magento.com/scanner ',0,0),(123,4,'2020-09-14 13:37:29','Now Available: Magento Quality Patch (MQP) tool to identify and resolve issues more quickly','The introduction of the MQP tool provides a way for you to know which quality patches are available for you installed version and apply or revert them giving you self-service access to resolve issues more quickly.','https://support.magento.com/hc/en-us/articles/360047139492-Magento-Quality-Patches-released-a-new-tool-to-self-serve-quality-patches',0,0),(124,3,'2020-09-15 12:14:51','New version 2.9.6 of Magefan  Magento 2 Blog Модуль is now available.',' You can download the new version from Magefan Store or update it via composer. Get us in touch if you need our help with an update or you have any questions.\n                                    https://magefan.com/magento-2-blog-modul?version=2.9.6\n                                 ','https://magefan.com/magento-2-blog-modul?version=2.9.6',0,0),(125,4,'2020-09-16 18:03:56','Free 25-Point Website Evaluation for Magento Open Source Users','​Reach out to us today to get your free 25-point site assessment to identify top conversion drivers and turn your website into a conversion machine.​ Our team of experts will evaluate your site and identify specific areas for conversion improvements. https://bit.ly/3lcgILt','https://bit.ly/3lcgILt',0,0),(126,4,'2020-09-21 17:18:39','New resource updates to the Open Source page on Magento.com. ','Check out the updated Open Source page on Magento.com. Learn how to maximize your Open Source store, discover offers for Open Source merchants, and view comparison charts between Open Source and Magento Commerce. Go to page: https://adobe.ly/3kCB5jW','https://adobe.ly/3kCB5jW',0,0),(127,4,'2020-09-25 01:48:09','Don\'t miss Adobe Developer\'s Live: Commerce which brings together developers and experience builders in a one-day free conference on Monday, Sept 28th. ','The one-day free conference will feature important Magento developer updates, technical sessions and community networking opportunities. Adobe product teams across Adobe Experience Cloud will showcase the latest tech advances and developer tools powering customer experience management across industries. Register now: https://bit.ly/3hYzbrX','https://bit.ly/3hYzbrX',0,0),(128,4,'2020-09-28 00:00:00','BUY MORE - SAVE MORE - PAY LESS','10% to 25% discount on every extension depending on how much you buy. Check it out. Don\'t miss out','https://www.mageplaza.com/deals/?utm_source=notification&amp;utm_medium=rss&amp;utm_campaign=sale-12',0,0),(129,4,'2020-08-11 16:54:10','Turn your website into a conversion machine. ','Join us on Aug 13 for our webinar: Is Your Website Selling As Much As It Can? Adobe Digital Strategist Ereika Stimley and eCommerce Consultant Corey Gelato will walk you through a website self-assessment and live demo that will help you uncover opportunities to increase conversions and grow revenues. Register now: https://bit.ly/2PcjcL3','https://bit.ly/2PcjcL3',0,0),(130,4,'2020-09-28 22:07:26','Is Your Website Selling as Much as It Can? Watch our on-demand webinar and learn how to turn your website into a conversion machine.','Watch our on-demand webinar: Is Your Website Selling As Much As It Can? Digital Strategist Ereika Stimley and eCommerce Consultant Corey Gelato will walk you through a website self-assessment and live demo that will help you uncover opportunities to increase conversions and grow revenues. Watch now: https://bit.ly/2EAujMc','https://bit.ly/2EAujMc',0,0),(131,4,'2020-10-06 16:53:57','[Webinar] Is your site to ready to handle spikes in traffic and transactions? ','Your site speed can make or break your conversion rate this holiday season and beyond. Join us on October 15th for a fireside chat &quot;Is Your Website Ready for the 2020 Holiday Season?&quot; to learn what Commerce features you must have, and how to scale your webstore to maximize conversion rates. If you can\'t make the live webinar, be sure to register anyway and we\'ll send you the recording and slides afterward. Register today: https://bit.ly/33wzXbC','https://bit.ly/33wzXbC',0,0),(132,4,'2020-10-13 14:23:08','[Last Chance To Register] Is your website ready for major growth?','Explosive growth can happen any time. Is your website ready? Join us on October 15th for a fireside chat to learn how to scale your webstore and prepare for spikes in web traffic during the holidays and beyond. If you can\'t make the live webinar, register anyway and we\'ll sending the recording afterward. Register now: https://bit.ly/33wzXbC','https://bit.ly/33wzXbC',0,0),(133,4,'2020-10-19 00:00:00','FREE INSTALLATION - STARTS TODAY','Free installation services for all orders from 3+ extensions. Check it out. Don\'t miss out','https://www.mageplaza.com/deals/?utm_source=notification&amp;utm_medium=rss&amp;utm_campaign=sale-12',0,0),(134,3,'2020-11-01 06:53:12','New version 2.9.7 of Magefan Magento 2 Blog Extension is now available.',' You can download the new version from Magefan Store or update it via composer. Get us in touch if you need our help with an update or you have any questions.\n                                    https://magefan.com/magento2-blog-extension?version=2.9.7\n                                 ','https://magefan.com/magento2-blog-extension?version=2.9.7',0,0),(135,4,'2020-10-29 00:00:00','Happy Halloween - Spooky Discounts','20% off on ALL extensions. Reveal the spooky code NOW! No trick---','https://www.mageplaza.com/deals/?utm_source=notification&amp;utm_medium=rss&amp;utm_campaign=sale-12',0,0),(136,4,'2020-11-02 16:19:52','2021 Planning - reach out to us today to get your free site assessment to identify top conversion drivers.  ','Considering moving to Magento Commerce in 2021? Would you like a demo or free site assessment? Our team of experts would love to help. Get started now. https://bit.ly/3lcgILt','https://bit.ly/3lcgILt',0,0),(137,1,'2020-11-04 14:28:07','Please help prioritize our roadmap - SHORT survey','We are looking to better understand how we can help you manage all of your digital ecommerce from one place. Please help us prioritize our roadmap! Very short survey is here! http://selfserve.decipherinc.com/survey/selfserve/9d5/201000','http://selfserve.decipherinc.com/survey/selfserve/9d5/201000',0,0),(138,4,'2020-11-23 19:59:51','Upgrade to Magento Commerce quickly with Rapid Deployment Packages','Our experienced solution partners offer special design and implementation packages for businesses to upgrade their site quickly and cost effectively. Learn More: https://adobe.ly/3nqaXKx','https://adobe.ly/3nqaXKx',0,0),(139,1,'2020-11-24 06:36:59','BLACK FRIDAY Sale won’t last forever! 27% OFF any Magento 2 Extension','Be the first to open the Black Friday season and get the best solutions for your store at a fair price NOW! Only this week 27% OFF any Magento 2 Extension. URL: https://magefan.com/magento2-extensions ','https://magefan.com/magento2-extensions?from=ntf-black-friday2020',0,0),(140,4,'2020-11-26 00:00:00','BFCM MEGA SALES 2020 - UP TO 25% OFF','Up to 25% off on your order. Black friday starts early. Don\'t miss out. Check it out!!!','https://www.mageplaza.com/deals/?utm_source=notification&amp;utm_medium=rss&amp;utm_campaign=bfcm20',0,0),(141,4,'2020-12-01 22:02:47','[Video] Fuel Your Business Growth with Magento Commerce','Follow along as our friends at Goodacre Farm &amp; Supply transform their business into a cloud-based eCommerce machine with easy content creation, support for multiple web stores, and personalized product recommendations. Watch Now: https://bit.ly/3m8S2mW','https://bit.ly/3m8S2mW',0,0),(142,1,'2020-12-07 09:26:18','Attention! You use an ancient version of Blog Extension. It is strongly recommended to update Blog Extension to the newest version 2.9.7',' \n                                    https://magefan.com/magento2-blog-extension?ancient=2.9.1                                 ','https://magefan.com/magento2-blog-extension?ancient=2.9.1',0,0),(143,4,'2020-12-07 16:29:27','SURVEY: Business Financing and Support','Please complete if you are responsible for your business finances. We\'d like to hear from you about your past and future business financing needs. Strictly confidential.','http://selfserve.decipherinc.com/survey/selfserve/9d5/g30c/201100',0,0),(144,4,'2020-12-11 00:37:39','Experience the new Interactive Tour to compare Open Source and Magento Commerce.','Create closer consumer connections in the New Year. Explore our interactive product simulation and learn how Magento Commerce delivers everything you need to drive growth in an increasingly competitive online market. https://adobe.ly/3okS1wS','https://adobe.ly/3okS1wS',0,0),(145,1,'2020-12-13 06:56:26','Attention! Your Blog extension version is extremely outdated. It is strongly recommended to update it to the latest version 2.9.7',' \n                                    https://magefan.com/magento2-blog-extension?ancient=2.9.1                                 ','https://magefan.com/magento2-blog-extension?ancient=2.9.1',0,0),(146,4,'2020-12-24 00:00:00','XMAS SALES - 20% OFF','Merry Christmas and Happy New Year. Visit Mageplaza website to get your 20% off - every extension. Check it out','https://www.mageplaza.com/deals/?utm_source=notification&amp;utm_medium=rss&amp;utm_campaign=bfcm20',0,0),(147,4,'2021-01-08 21:35:55','Happy new year! Is Your Website Selling as Much as It Can? Watch our on-demand webinar and learn how to turn your website into a conversion machine.','Watch our on-demand webinar: Is Your Website Selling As Much As It Can? Digital Strategist Ereika Stimley and eCommerce Consultant Corey Gelato will walk you through a website self-assessment and live demo that will help you uncover opportunities to increase conversions and grow revenues. Watch now: https://bit.ly/2EAujMc','https://bit.ly/2EAujMc',0,0),(148,4,'2021-01-14 01:32:42','You\'re invited to our webinar: Is Magento Commerce or Open Source right for you? ','Magento Commerce and Magento Open Source may sound alike, but each offers sharply distinct benefits. To get the facts, sign up for our webinar Is Magento Commerce or Open Source right for you? at 10:00 AM PT on February 4th. Register now: http://bit.ly/3icfnTM','http://bit.ly/3icfnTM',0,0),(149,4,'2021-01-25 00:00:00','FLASH SALES - 10% OFF','10% OFF on ALL extensions. Flash sales - Ends Anytime. Check it out','https://www.mageplaza.com/deals/?utm_source=notification&amp;utm_medium=rss&amp;utm_campaign=bfcm20',0,0),(150,4,'2021-01-30 08:11:43','NEW Magento 2 Zero Downtime Deployment Extension.',' Do you hate to see when your store is broken while running Magento 2 deployment commands? Install New Zero Downtime Deployment extension and forget about it. Deploy new features and bug fixes without interrupting your customers.','https://magefan.com/magento-2-zero-downtime-deployment?from=ntf-new',0,0),(151,4,'2021-02-10 15:06:05','Magento Commerce 2.4.2 delivers important security updates and features to help secure and optimize your store','Magento Open Source 2.4.2, along with security-only patches 2.3.6-p1 and 2.4.1-p1, is now generally available. The latest release of Magento Open Source includes important security enhancements along with new functionality and platform quality improvements. With these important updates we strongly recommend that you upgrade to ensure your sites maintain the highest level of security. You can review the release notes for more information about all of the enhancements. Learn how this release can help you save time and maximize resources at Magento.com/blog. ','https://devdocs.magento.com/guides/v2.4/release-notes/bk-release-notes.html',0,0),(152,4,'2021-02-10 15:08:37','Register now for Summit 2021 and stay ahead of commerce trends ','Learn best practices from digital commerce experts during two days of live keynotes, sessions, and sneak peeks. Understand the latest digital commerce trends, discover industry best practices, and network with peers around the world. Register now!','https://summit.adobe.com/na/?utm_source=m1o&amp;utm_medium=rss&amp;utm_campaign=NA_210427_12576_RSS_EVTR_ACOM_FM_Summit_2021_M1_OS',0,0),(153,4,'2021-02-22 23:52:27','Quarterly Business Planning - reach out to us today to get your free site assessment to ensure your commerce growth needs are being met in 2021.','Would you like a free site assessment? Our best-in-breed commerce solution gives your business unmatched agility and scalability. It\'s time to experience limitless eCommerce with no comprises. Learn more: https://bit.ly/3lcgILt','https://bit.ly/3lcgILt',0,0),(154,4,'2021-02-22 23:52:27','Quarterly Business Planning - reach out to us today to get your free site assessment.','Would you like a free site assessment? Our best-in-breed commerce solution gives your business unmatched agility and scalability. It\'s time to experience limitless eCommerce with no comprises. Learn more: https://bit.ly/3lcgILt','https://bit.ly/3lcgILt',0,0),(155,1,'2021-02-28 08:51:21','Attention! Your Blog extension version is extremely outdated. It is strongly recommended to update it to the latest version 2.9.8',' \n                                    https://magefan.com/magento2-blog-extension?ancient=2.9.1                                 ','https://magefan.com/magento2-blog-extension?ancient=2.9.1',0,0),(156,4,'2021-03-23 00:33:54','You\'re invited to our webinar this week: How digital commerce can scale B2B selling','Digital commerce is fast becoming the default way to buy—even for B2B customers. In just 8 weeks, Byrne Electrical, the leading manufacturer of power and data solutions for numerous industries, launched an eCommerce portal for more than 1,100 of their customers. To learn how they did it, join George Fabis, Director of IT for Byrne, and Slava Kravchuk, CEO &amp; Founder of Atwix, a Magento Commerce solutions partner, for a live discussion on Thursday, March 25. Register Now: https://bit.ly/3r1MCvG','https://bit.ly/3r1MCvG',0,0),(157,1,'2021-05-02 11:53:09','Attention! Your Blog extension version is extremely outdated. It is strongly recommended to update it to the latest version 2.10.0',' \n                                    https://magefan.com/magento2-blog-extension?ancient=2.9.1                                 ','https://magefan.com/magento2-blog-extension?ancient=2.9.1',0,0),(158,1,'2021-05-11 11:23:06','Attention! Your Blog extension version is extremely outdated. It is strongly recommended to update it to the latest version 2.10.1',' \n                                    https://magefan.com/magento2-blog-extension?ancient=2.9.1                                 ','https://magefan.com/magento2-blog-extension?ancient=2.9.1',0,0),(159,4,'2021-05-11 20:44:41','Magento Open Source 2.4.2-p1 &amp; 2.3.7 deliver important security updates','The latest releases of Magento Open Source – 2.3.7 and 2.4.2-p1 – are now generally available. The latest release of Magento Open Source includes important security updates. With these important updates we strongly recommend that you upgrade to ensure your sites maintain the highest level of security. You can review the release notes for more information about all of the updates. Learn how this release can help you save time and maximize resources at Magento.com/blog.','https://devdocs.magento.com/guides/v2.3/release-notes/bk-release-notes.html ',0,0),(160,4,'2019-02-01 00:00:00','A Big Change in Mageplaza Refund Policy from Feb 01 2019','From Feb 01, 2019, Mageplaza officially applies a new refund policy which allows customers to ask for a full refund within 60 days instead of 30 days. Please read the details to learn more','https://www.mageplaza.com//blog/double-extend-to-60-day-money-back-guarantee.html?utm_source=notification&amp;utm_medium=rss&amp;utm_campaign=refundpolicy',0,0),(161,4,'2019-12-11 00:00:00','Holiday Announcement &amp; Christmas sale','Some important notes about holiday supports and Christmas sales in 3 days. Read more here','https://www.mageplaza.com/blog/holiday-announcement.html?utm_source=notification&amp;utm_medium=rss&amp;utm_campaign=sale-12',0,0),(162,1,'2021-07-25 06:22:13','Attention! Your Blog extension version is extremely outdated. It is strongly recommended to update it to the latest version 2.10.2',' \n                                    https://magefan.com/magento2-blog-extension?ancient=2.9.1                                 ','https://magefan.com/magento2-blog-extension?ancient=2.9.1',0,0),(163,4,'2021-07-20 00:00:00','FLASH SALES - 15% OFF','15% EXTRA discount on ALL extensions. Flash sales 3 days only. Check it out &amp;amp; get the code','https://www.mageplaza.com/deals/?utm_source=notification&amp;utm_medium=rss&amp;utm_campaign=july21',0,0),(164,4,'2021-07-22 00:00:00','LAST CHANCE - 15% OFF','15% EXTRA discount on ALL extensions. Last day to have it. Ends . Check it out &amp;amp; get the code','https://www.mageplaza.com/deals/?utm_source=notification&amp;utm_medium=rss&amp;utm_campaign=july21',0,0),(165,3,'2021-08-03 00:00:00','New FREE Magento 2 Facebook Pixel Extension','Integrate Facebook Pixel just in a few clicks with the new FREE Magento 2 Facebook Pixel Extension. Hurry up to try it out! https://magefan.com/magento-2-facebook-pixel-extension','https://magefan.com/magento-2-facebook-pixel-extension?utm_source=website&amp;utm_medium=admin_notification&amp;utm_campaign=new_extension_fb_pixel',0,0),(166,4,'2021-08-10 17:53:11','Magento Open Source 2.4.3 available today!','Magento Open Source 2.4.3, along with security-only patches 2.4.2-p1 and 2.3.7-p2, is now generally available. Magento Open Source 2.4.3 includes 33 security and 370+ quality improvements, along with performance and scale enhancements.  With these important updates, we strongly recommend that you upgrade to maintain the highest level of security for your sites. Learn how this release can help you save time and maximize resources in our release blog. ','http://magento.com/blog/magento-news/get-ready-your-peak-season-adobe-commerce-243',0,0),(167,1,'2021-09-26 11:56:48','Attention! Your Blog extension version is extremely outdated. It is strongly recommended to update it to the latest version 2.10.3',' \n                                    https://magefan.com/magento2-blog-extension?ancient=2.9.1                                 ','https://magefan.com/magento2-blog-extension?ancient=2.9.1',0,0),(168,4,'2021-10-01 14:44:47','New, Simplified Upgrade Process and Lifecycle Policy Helps Reduce Your TCO ','Adobe Commerce developed a new release strategy and updated its lifecycle policy in effort to help Merchants lower their total cost of ownership and accelerate their time to innovation. Learn more about how upgrades are now more predictable and easier to implement in our blog.','https://magento.com/blog/accelerating-innovation-through-simplified-release-strategy',0,0),(169,4,'2021-10-21 00:06:26','Disable Notice','To improve performance, collecting statistics for the Magento Report module is disabled by default. \nYou can enable it in System Config.','',0,0),(170,4,'2021-01-14 01:32:42','You&#039;re invited to our webinar: Is Magento Commerce or Open Source right for you? ','Magento Commerce and Magento Open Source may sound alike, but each offers sharply distinct benefits. To get the facts, sign up for our webinar Is Magento Commerce or Open Source right for you? at 10:00 AM PT on February 4th. Register now: http://bit.ly/3icfnTM','http://bit.ly/3icfnTM',0,0),(171,4,'2021-03-23 00:33:54','You&#039;re invited to our webinar this week: How digital commerce can scale B2B selling','Digital commerce is fast becoming the default way to buy—even for B2B customers. In just 8 weeks, Byrne Electrical, the leading manufacturer of power and data solutions for numerous industries, launched an eCommerce portal for more than 1,100 of their customers. To learn how they did it, join George Fabis, Director of IT for Byrne, and Slava Kravchuk, CEO &amp; Founder of Atwix, a Magento Commerce solutions partner, for a live discussion on Thursday, March 25. Register Now: https://bit.ly/3r1MCvG','https://bit.ly/3r1MCvG',0,0),(172,4,'2019-02-14 00:00:00','Couples&#039; Day Sale 2019','Use code COUPLE25 when you buy 2 extensions to get 25% off. From Feb 14 to 16 (EST timezone). Our message: Great things come in pairs','https://www.mageplaza.com/deals/?utm_source=notification&amp;utm_medium=rss&amp;utm_campaign=valentine2019',0,0),(173,4,'2019-03-17 00:00:00','St Patrick&#039;s Day Sale - 20% off','Happy St. Patrick&#039;s Day! You have 25% discount on every extension on Mageplaza. Don&#039;t forget to use it before the sale ends. Explore now!!!','https://www.mageplaza.com/magento-2-extensions/?utm_source=notification&amp;utm_medium=rss&amp;utm_campaign=stpatrick',0,0),(174,4,'2020-03-16 00:00:00','St. Patrick&#039;s Day Sale Announcement','20% discount on every extension is on NOW. Ends on March 18th, don&#039;t miss out','https://www.mageplaza.com/deals/?utm_source=notification&amp;utm_medium=rss&amp;utm_campaign=sale-12',0,0),(175,4,'2021-10-22 19:06:48','Magento Technology Stack Evaluation Survey','Please take a few minutes to fill out this survey https://forms.office.com/r/DLN8K3h2h0. We appreciate your effort to support the future of Adobe Commerce!','https://forms.office.com/r/DLN8K3h2h0',0,0);

--
-- Table structure for table `mag2_adobe_stock_asset`
--

CREATE TABLE `mag2_adobe_stock_asset` (
  `id` int(10) unsigned NOT NULL AUTO_INCREMENT COMMENT 'Entity ID',
  `media_gallery_id` int(10) unsigned DEFAULT NULL COMMENT 'Media gallery ID',
  `category_id` int(10) unsigned DEFAULT NULL COMMENT 'Category ID',
  `creator_id` int(10) unsigned DEFAULT NULL COMMENT 'Creator ID',
  `is_licensed` int(10) unsigned NOT NULL DEFAULT '0' COMMENT 'Is Licensed',
  `creation_date` varchar(255) DEFAULT NULL COMMENT 'Creation Date',
  PRIMARY KEY (`id`),
  KEY `MAG2_ADOBE_STOCK_ASSET_MDA_GLR_ID_MAG2_MDA_GLR_ASSET_ID` (`media_gallery_id`),
  KEY `MAG2_ADOBE_STOCK_ASSET_ID` (`id`),
  KEY `MAG2_ADOBE_STOCK_ASSET_CATEGORY_ID` (`category_id`),
  KEY `MAG2_ADOBE_STOCK_ASSET_CREATOR_ID` (`creator_id`),
  CONSTRAINT `MAG2_ADOBE_STOCK_ASSET_CATEGORY_ID_MAG2_ADOBE_STOCK_CATEGORY_ID` FOREIGN KEY (`category_id`) REFERENCES `mag2_adobe_stock_category` (`id`) ON DELETE SET NULL,
  CONSTRAINT `MAG2_ADOBE_STOCK_ASSET_CREATOR_ID_MAG2_ADOBE_STOCK_CREATOR_ID` FOREIGN KEY (`creator_id`) REFERENCES `mag2_adobe_stock_creator` (`id`) ON DELETE SET NULL,
  CONSTRAINT `MAG2_ADOBE_STOCK_ASSET_MDA_GLR_ID_MAG2_MDA_GLR_ASSET_ID` FOREIGN KEY (`media_gallery_id`) REFERENCES `mag2_media_gallery_asset` (`id`) ON DELETE CASCADE
) ENGINE=InnoDB DEFAULT CHARSET=utf8 COMMENT='Adobe Stock Asset';

--
-- Dumping data for table `mag2_adobe_stock_asset`
--


--
-- Table structure for table `mag2_adobe_stock_category`
--

CREATE TABLE `mag2_adobe_stock_category` (
  `id` int(10) unsigned NOT NULL AUTO_INCREMENT COMMENT 'Entity ID',
  `name` varchar(255) DEFAULT NULL COMMENT 'Name',
  PRIMARY KEY (`id`),
  KEY `MAG2_ADOBE_STOCK_CATEGORY_ID` (`id`)
) ENGINE=InnoDB DEFAULT CHARSET=utf8 COMMENT='Adobe Stock Category';

--
-- Dumping data for table `mag2_adobe_stock_category`
--


--
-- Table structure for table `mag2_adobe_stock_creator`
--

CREATE TABLE `mag2_adobe_stock_creator` (
  `id` int(10) unsigned NOT NULL AUTO_INCREMENT COMMENT 'ID',
  `name` varchar(255) DEFAULT NULL COMMENT 'Asset creator''s name',
  PRIMARY KEY (`id`),
  KEY `MAG2_ADOBE_STOCK_CREATOR_ID` (`id`)
) ENGINE=InnoDB DEFAULT CHARSET=utf8 COMMENT='Adobe Stock Creator';

--
-- Dumping data for table `mag2_adobe_stock_creator`
--


--
-- Table structure for table `mag2_adobe_user_profile`
--

CREATE TABLE `mag2_adobe_user_profile` (
  `id` int(10) unsigned NOT NULL AUTO_INCREMENT COMMENT 'Entity ID',
  `admin_user_id` int(10) unsigned NOT NULL DEFAULT '0' COMMENT 'Admin User Id',
  `name` varchar(255) NOT NULL COMMENT 'Display Name',
  `email` varchar(255) NOT NULL COMMENT 'user profile email',
  `image` varchar(255) NOT NULL COMMENT 'user profile avatar',
  `account_type` varchar(255) DEFAULT NULL COMMENT 'Account Type',
  `access_token` text COMMENT 'Access Token',
  `refresh_token` text COMMENT 'Refresh Token',
  `created_at` timestamp NOT NULL DEFAULT CURRENT_TIMESTAMP COMMENT 'Created At',
  `updated_at` timestamp NOT NULL DEFAULT CURRENT_TIMESTAMP ON UPDATE CURRENT_TIMESTAMP COMMENT 'Updated At',
  `access_token_expires_at` timestamp NOT NULL DEFAULT '0000-00-00 00:00:00' COMMENT 'Access Token Expires At',
  PRIMARY KEY (`id`),
  KEY `MAG2_ADOBE_USER_PROFILE_ADMIN_USER_ID_MAG2_ADMIN_USER_USER_ID` (`admin_user_id`),
  KEY `MAG2_ADOBE_USER_PROFILE_ID` (`id`),
  CONSTRAINT `MAG2_ADOBE_USER_PROFILE_ADMIN_USER_ID_MAG2_ADMIN_USER_USER_ID` FOREIGN KEY (`admin_user_id`) REFERENCES `mag2_admin_user` (`user_id`) ON DELETE CASCADE
) ENGINE=InnoDB DEFAULT CHARSET=utf8 COMMENT='Adobe IMS User Profile';

--
-- Dumping data for table `mag2_adobe_user_profile`
--


--
-- Table structure for table `mag2_amazon_customer`
--

CREATE TABLE `mag2_amazon_customer` (
  `entity_id` int(10) unsigned NOT NULL AUTO_INCREMENT COMMENT 'Entity_id',
  `customer_id` int(10) unsigned NOT NULL COMMENT 'Customer_id',
  `amazon_id` varchar(255) NOT NULL COMMENT 'Amazon_id',
  PRIMARY KEY (`entity_id`),
  UNIQUE KEY `MAG2_AMAZON_CUSTOMER_CUSTOMER_ID_AMAZON_ID` (`customer_id`,`amazon_id`),
  UNIQUE KEY `MAG2_AMAZON_CUSTOMER_CUSTOMER_ID` (`customer_id`)
) ENGINE=InnoDB DEFAULT CHARSET=utf8 COMMENT='mag2_amazon_customer';

--
-- Dumping data for table `mag2_amazon_customer`
--


--
-- Table structure for table `mag2_amazon_pending_authorization`
--

CREATE TABLE `mag2_amazon_pending_authorization` (
  `entity_id` int(10) unsigned NOT NULL AUTO_INCREMENT COMMENT 'Entity_id',
  `order_id` int(10) unsigned NOT NULL COMMENT 'Order_id',
  `payment_id` int(10) unsigned NOT NULL COMMENT 'Payment_id',
  `authorization_id` varchar(255) DEFAULT NULL COMMENT 'Authorization_id',
  `created_at` datetime NOT NULL COMMENT 'Created_at',
  `updated_at` datetime DEFAULT NULL COMMENT 'Updated_at',
  `processed` smallint(5) unsigned DEFAULT '0' COMMENT 'Initial authorization processed',
  `capture` smallint(5) unsigned DEFAULT '0' COMMENT 'Initial authorization has capture',
  `capture_id` varchar(255) DEFAULT NULL COMMENT 'Initial authorization capture id',
  PRIMARY KEY (`entity_id`),
  UNIQUE KEY `UNQ_39C68EEE1583AFDE2F271404681021BE` (`order_id`,`payment_id`,`authorization_id`)
) ENGINE=InnoDB DEFAULT CHARSET=utf8 COMMENT='mag2_amazon_pending_authorization';

--
-- Dumping data for table `mag2_amazon_pending_authorization`
--


--
-- Table structure for table `mag2_amazon_pending_capture`
--

CREATE TABLE `mag2_amazon_pending_capture` (
  `entity_id` int(10) unsigned NOT NULL AUTO_INCREMENT COMMENT 'Entity_id',
  `capture_id` varchar(255) NOT NULL COMMENT 'Capture_id',
  `created_at` datetime NOT NULL COMMENT 'Created_at',
  `order_id` int(10) unsigned NOT NULL COMMENT 'order id',
  `payment_id` int(10) unsigned NOT NULL COMMENT 'payment id',
  PRIMARY KEY (`entity_id`),
  UNIQUE KEY `MAG2_AMAZON_PENDING_CAPTURE_ORDER_ID_PAYMENT_ID_CAPTURE_ID` (`order_id`,`payment_id`,`capture_id`)
) ENGINE=InnoDB DEFAULT CHARSET=utf8 COMMENT='mag2_amazon_pending_capture';

--
-- Dumping data for table `mag2_amazon_pending_capture`
--


--
-- Table structure for table `mag2_amazon_pending_refund`
--

CREATE TABLE `mag2_amazon_pending_refund` (
  `entity_id` int(10) unsigned NOT NULL AUTO_INCREMENT COMMENT 'Entity_id',
  `refund_id` varchar(255) NOT NULL COMMENT 'Refund_id',
  `created_at` datetime NOT NULL COMMENT 'Created_at',
  `order_id` int(10) unsigned NOT NULL COMMENT 'Order_id',
  `payment_id` int(10) unsigned NOT NULL COMMENT 'Payment_id',
  PRIMARY KEY (`entity_id`),
  UNIQUE KEY `MAG2_AMAZON_PENDING_REFUND_ORDER_ID_PAYMENT_ID_REFUND_ID` (`order_id`,`payment_id`,`refund_id`)
) ENGINE=InnoDB DEFAULT CHARSET=utf8 COMMENT='mag2_amazon_pending_refund';

--
-- Dumping data for table `mag2_amazon_pending_refund`
--


--
-- Table structure for table `mag2_amazon_quote`
--

CREATE TABLE `mag2_amazon_quote` (
  `entity_id` int(10) unsigned NOT NULL AUTO_INCREMENT COMMENT 'Entity ID',
  `quote_id` int(10) unsigned NOT NULL COMMENT 'Quote ID',
  `amazon_order_reference_id` varchar(255) NOT NULL COMMENT 'Amazon Order Reference ID',
  `sandbox_simulation_reference` varchar(255) DEFAULT NULL COMMENT 'Sandbox simulation reference',
  `confirmed` smallint(5) unsigned NOT NULL DEFAULT '0' COMMENT 'Quote confirmed with Amazon',
  PRIMARY KEY (`entity_id`),
  UNIQUE KEY `MAG2_AMAZON_QUOTE_QUOTE_ID` (`quote_id`),
  CONSTRAINT `MAG2_AMAZON_QUOTE_QUOTE_ID_MAG2_QUOTE_ENTITY_ID` FOREIGN KEY (`quote_id`) REFERENCES `mag2_quote` (`entity_id`) ON DELETE CASCADE
) ENGINE=InnoDB DEFAULT CHARSET=utf8 COMMENT='amazon_quote';

--
-- Dumping data for table `mag2_amazon_quote`
--


--
-- Table structure for table `mag2_amazon_sales_order`
--

CREATE TABLE `mag2_amazon_sales_order` (
  `entity_id` int(10) unsigned NOT NULL AUTO_INCREMENT COMMENT 'Entity ID',
  `order_id` int(10) unsigned NOT NULL COMMENT 'Order ID',
  `amazon_order_reference_id` varchar(255) NOT NULL COMMENT 'Amazon Order Reference ID',
  PRIMARY KEY (`entity_id`),
  UNIQUE KEY `MAG2_AMAZON_SALES_ORDER_ORDER_ID` (`order_id`),
  CONSTRAINT `MAG2_AMAZON_SALES_ORDER_ORDER_ID_MAG2_SALES_ORDER_ENTITY_ID` FOREIGN KEY (`order_id`) REFERENCES `mag2_sales_order` (`entity_id`) ON DELETE CASCADE
) ENGINE=InnoDB DEFAULT CHARSET=utf8 COMMENT='amazon_sales_order';

--
-- Dumping data for table `mag2_amazon_sales_order`
--


--
-- Table structure for table `mag2_authorization_role`
--

CREATE TABLE `mag2_authorization_role` (
  `role_id` int(10) unsigned NOT NULL AUTO_INCREMENT COMMENT 'Role ID',
  `parent_id` int(10) unsigned NOT NULL DEFAULT '0' COMMENT 'Parent Role ID',
  `tree_level` smallint(5) unsigned NOT NULL DEFAULT '0' COMMENT 'Role Tree Level',
  `sort_order` smallint(5) unsigned NOT NULL DEFAULT '0' COMMENT 'Role Sort Order',
  `role_type` varchar(1) NOT NULL DEFAULT '0' COMMENT 'Role Type',
  `user_id` int(10) unsigned NOT NULL DEFAULT '0' COMMENT 'User ID',
  `user_type` varchar(16) DEFAULT NULL COMMENT 'User Type',
  `role_name` varchar(50) DEFAULT NULL COMMENT 'Role Name',
  PRIMARY KEY (`role_id`),
  KEY `MAG2_AUTHORIZATION_ROLE_PARENT_ID_SORT_ORDER` (`parent_id`,`sort_order`),
  KEY `MAG2_AUTHORIZATION_ROLE_TREE_LEVEL` (`tree_level`)
) ENGINE=InnoDB AUTO_INCREMENT=317 DEFAULT CHARSET=utf8 COMMENT='Admin Role Table';

--
-- Dumping data for table `mag2_authorization_role`
--

INSERT INTO `mag2_authorization_role` VALUES (2,0,1,1,'G',0,'2','Administrators'),(7,2,2,0,'U',2,'2','h'),(31,0,1,0,'U',28,'1','128'),(73,0,1,0,'G',0,'2','Super User'),(95,2,2,0,'U',12,'2','admin100'),(98,73,2,0,'U',6,'2','lamis'),(99,2,2,0,'U',10,'2','rasha'),(101,73,2,0,'U',9,'2','Ekhlass'),(102,73,2,0,'U',8,'2','Shikh'),(117,2,2,0,'U',13,'2','saleemmawaqaa'),(118,2,2,0,'U',14,'2','ooo'),(130,0,1,0,'G',0,'2','API'),(134,2,2,0,'U',16,'2','mobile'),(160,2,2,0,'U',19,'2','click'),(164,0,1,0,'G',0,'2','websiteadmin'),(168,2,2,0,'U',11,'2','mawaqaa'),(207,0,1,0,'U',167,'1','1167'),(209,2,2,0,'U',20,'2','store'),(231,130,2,0,'U',15,'2','api'),(232,130,2,0,'U',18,'2','api'),(257,2,2,0,'U',24,'2','Lana'),(262,2,2,0,'U',22,'2','store'),(315,164,2,0,'U',26,'2','Healthy'),(316,0,1,0,'U',245,'1','1245');

--
-- Table structure for table `mag2_authorization_rule`
--

CREATE TABLE `mag2_authorization_rule` (
  `rule_id` int(10) unsigned NOT NULL AUTO_INCREMENT COMMENT 'Rule ID',
  `role_id` int(10) unsigned NOT NULL DEFAULT '0' COMMENT 'Role ID',
  `resource_id` varchar(255) DEFAULT NULL COMMENT 'Resource ID',
  `privileges` varchar(20) DEFAULT NULL COMMENT 'Privileges',
  `permission` varchar(10) DEFAULT NULL COMMENT 'Permission',
  PRIMARY KEY (`rule_id`),
  KEY `MAG2_AUTHORIZATION_RULE_RESOURCE_ID_ROLE_ID` (`resource_id`,`role_id`),
  KEY `MAG2_AUTHORIZATION_RULE_ROLE_ID_RESOURCE_ID` (`role_id`,`resource_id`),
  CONSTRAINT `MAG2_AUTHORIZATION_RULE_ROLE_ID_MAG2_AUTHORIZATION_ROLE_ROLE_ID` FOREIGN KEY (`role_id`) REFERENCES `mag2_authorization_role` (`role_id`) ON DELETE CASCADE
) ENGINE=InnoDB AUTO_INCREMENT=211073 DEFAULT CHARSET=utf8 COMMENT='Admin Rule Table';

--
-- Dumping data for table `mag2_authorization_rule`
--

INSERT INTO `mag2_authorization_rule` VALUES (461,2,'Magento_Backend::all',NULL,'allow'),(78554,73,'Magento_Backend::all',NULL,'deny'),(78555,73,'Magento_Backend::admin',NULL,'allow'),(78556,73,'Magento_Backend::dashboard',NULL,'allow'),(78557,73,'Magento_Backend::eadesign',NULL,'allow'),(78558,73,'Eadesigndev_Eacore::other',NULL,'allow'),(78559,73,'Eadesigndev_Eacore::index',NULL,'allow'),(78560,73,'Magento_Analytics::analytics',NULL,'allow'),(78561,73,'Magento_Analytics::analytics_api',NULL,'allow'),(78562,73,'Magento_Sales::sales',NULL,'allow'),(78563,73,'Magento_Sales::sales_operation',NULL,'allow'),(78564,73,'Magento_Sales::sales_order',NULL,'allow'),(78565,73,'Magento_Sales::actions',NULL,'allow'),(78566,73,'Magento_Sales::create',NULL,'allow'),(78567,73,'Magento_Sales::actions_view',NULL,'allow'),(78568,73,'Magento_Sales::email',NULL,'allow'),(78569,73,'Magento_Sales::reorder',NULL,'allow'),(78570,73,'Magento_Sales::actions_edit',NULL,'allow'),(78571,73,'Magento_Sales::cancel',NULL,'allow'),(78572,73,'Magento_Sales::review_payment',NULL,'allow'),(78573,73,'Magento_Sales::capture',NULL,'allow'),(78574,73,'Magento_Sales::invoice',NULL,'allow'),(78575,73,'Magento_Sales::creditmemo',NULL,'allow'),(78576,73,'Magento_Sales::hold',NULL,'allow'),(78577,73,'Magento_Sales::unhold',NULL,'allow'),(78578,73,'Magento_Sales::ship',NULL,'allow'),(78579,73,'Magento_Sales::comment',NULL,'allow'),(78580,73,'Magento_Sales::emails',NULL,'allow'),(78581,73,'Magento_Paypal::authorization',NULL,'allow'),(78582,73,'Magento_Sales::sales_invoice',NULL,'allow'),(78583,73,'Magento_Sales::shipment',NULL,'allow'),(78584,73,'Magento_Sales::sales_creditmemo',NULL,'allow'),(78585,73,'Magento_Paypal::billing_agreement',NULL,'allow'),(78586,73,'Magento_Paypal::billing_agreement_actions',NULL,'allow'),(78587,73,'Magento_Paypal::billing_agreement_actions_view',NULL,'allow'),(78588,73,'Magento_Paypal::actions_manage',NULL,'allow'),(78589,73,'Magento_Paypal::use',NULL,'allow'),(78590,73,'Magento_Sales::transactions',NULL,'allow'),(78591,73,'Magento_Sales::transactions_fetch',NULL,'allow'),(78592,73,'Magento_Catalog::catalog',NULL,'allow'),(78593,73,'Magento_Catalog::catalog_inventory',NULL,'allow'),(78594,73,'Magento_Catalog::products',NULL,'allow'),(78595,73,'Magento_Catalog::categories',NULL,'deny'),(78596,73,'Magento_Cart::cart',NULL,'deny'),(78597,73,'Magento_Cart::manage',NULL,'deny'),(78598,73,'Magento_Customer::customer',NULL,'allow'),(78599,73,'Magento_Customer::manage',NULL,'allow'),(78600,73,'Magento_Customer::online',NULL,'allow'),(78601,73,'Magento_Backend::myaccount',NULL,'deny'),(78602,73,'Magento_Backend::marketing',NULL,'allow'),(78603,73,'Magento_CatalogRule::promo',NULL,'deny'),(78604,73,'Magento_CatalogRule::promo_catalog',NULL,'deny'),(78605,73,'Magento_SalesRule::quote',NULL,'deny'),(78606,73,'Dotdigitalgroup_Email::automation',NULL,'allow'),(78607,73,'Dotdigitalgroup_Email::automation_studio',NULL,'allow'),(78608,73,'Dotdigitalgroup_Email::exclusion_rules',NULL,'allow'),(78609,73,'Magento_Backend::marketing_communications',NULL,'allow'),(78610,73,'Magento_Email::template',NULL,'allow'),(78611,73,'Magento_Newsletter::template',NULL,'allow'),(78612,73,'Magento_Newsletter::queue',NULL,'allow'),(78613,73,'Magento_Newsletter::subscriber',NULL,'allow'),(78614,73,'Magento_Backend::marketing_seo',NULL,'allow'),(78615,73,'Magento_Search::search',NULL,'allow'),(78616,73,'Magento_Search::synonyms',NULL,'allow'),(78617,73,'Magento_UrlRewrite::urlrewrite',NULL,'allow'),(78618,73,'Magento_Sitemap::sitemap',NULL,'allow'),(78619,73,'Magento_Backend::marketing_user_content',NULL,'allow'),(78620,73,'Magento_Review::reviews_all',NULL,'allow'),(78621,73,'Magento_Review::pending',NULL,'allow'),(78622,73,'Mageplaza_Core::menu',NULL,'allow'),(78623,73,'Mageplaza_Smtp::smtp',NULL,'allow'),(78624,73,'Mageplaza_Smtp::log',NULL,'allow'),(78625,73,'Mageplaza_Core::documentation',NULL,'allow'),(78626,73,'Mageplaza_Core::userguide',NULL,'allow'),(78627,73,'Mageplaza_Core::activate',NULL,'allow'),(78628,73,'Mageplaza_BannerSlider::bannerslider',NULL,'allow'),(78629,73,'Mageplaza_BannerSlider::banner',NULL,'allow'),(78630,73,'Mageplaza_BannerSlider::slider',NULL,'allow'),(78631,73,'Magento_Backend::content',NULL,'allow'),(78632,73,'Magento_Backend::content_elements',NULL,'allow'),(78633,73,'Magento_Cms::page',NULL,'allow'),(78634,73,'Magento_Cms::save',NULL,'allow'),(78635,73,'Magento_Cms::page_delete',NULL,'allow'),(78636,73,'Magento_Cms::block',NULL,'allow'),(78637,73,'Magento_Widget::widget_instance',NULL,'allow'),(78638,73,'Magento_Cms::media_gallery',NULL,'allow'),(78639,73,'Magefan_Blog::elements',NULL,'allow'),(78640,73,'Magefan_Blog::post',NULL,'allow'),(78641,73,'Magefan_Blog::category',NULL,'allow'),(78642,73,'Magefan_Blog::tag',NULL,'allow'),(78643,73,'Magefan_Blog::comment',NULL,'allow'),(78644,73,'Magefan_Blog::import',NULL,'allow'),(78645,73,'Magento_Backend::design',NULL,'allow'),(78646,73,'Magento_Theme::theme',NULL,'allow'),(78647,73,'Magento_Backend::schedule',NULL,'allow'),(78648,73,'Magento_Backend::content_translation',NULL,'allow'),(78649,73,'Magento_Reports::report',NULL,'allow'),(78650,73,'Dotdigitalgroup_Email::reports',NULL,'allow'),(78651,73,'Dotdigitalgroup_Email::contact',NULL,'allow'),(78652,73,'Dotdigitalgroup_Email::order',NULL,'allow'),(78653,73,'Dotdigitalgroup_Email::review',NULL,'allow'),(78654,73,'Dotdigitalgroup_Email::wishlist',NULL,'allow'),(78655,73,'Dotdigitalgroup_Email::catalog',NULL,'allow'),(78656,73,'Dotdigitalgroup_Email::importer',NULL,'allow'),(78657,73,'Dotdigitalgroup_Email::campaign',NULL,'allow'),(78658,73,'Dotdigitalgroup_Email::cron',NULL,'allow'),(78659,73,'Dotdigitalgroup_Email::dashboard',NULL,'allow'),(78660,73,'Dotdigitalgroup_Email::automation_enrollment',NULL,'allow'),(78661,73,'Dotdigitalgroup_Email::logviewer',NULL,'allow'),(78662,73,'Magento_Reports::report_marketing',NULL,'allow'),(78663,73,'Magento_Reports::shopcart',NULL,'allow'),(78664,73,'Magento_Reports::product',NULL,'allow'),(78665,73,'Magento_Reports::abandoned',NULL,'allow'),(78666,73,'Magento_Reports::report_search',NULL,'allow'),(78667,73,'Magento_Newsletter::problem',NULL,'allow'),(78668,73,'Magento_Reports::review',NULL,'allow'),(78669,73,'Magento_Reports::review_customer',NULL,'allow'),(78670,73,'Magento_Reports::review_product',NULL,'allow'),(78671,73,'Magento_Reports::salesroot',NULL,'allow'),(78672,73,'Magento_Reports::salesroot_sales',NULL,'allow'),(78673,73,'Magento_Reports::tax',NULL,'allow'),(78674,73,'Magento_Reports::invoiced',NULL,'allow'),(78675,73,'Magento_Reports::shipping',NULL,'allow'),(78676,73,'Magento_Reports::refunded',NULL,'allow'),(78677,73,'Magento_Reports::coupons',NULL,'allow'),(78678,73,'Magento_Paypal::paypal_settlement_reports',NULL,'allow'),(78679,73,'Magento_Paypal::paypal_settlement_reports_view',NULL,'allow'),(78680,73,'Magento_Paypal::fetch',NULL,'allow'),(78681,73,'Magento_Braintree::settlement_report',NULL,'allow'),(78682,73,'Magento_Reports::customers',NULL,'allow'),(78683,73,'Magento_Reports::totals',NULL,'allow'),(78684,73,'Magento_Reports::customers_orders',NULL,'allow'),(78685,73,'Magento_Reports::accounts',NULL,'allow'),(78686,73,'Magento_Reports::report_products',NULL,'allow'),(78687,73,'Magento_Reports::viewed',NULL,'allow'),(78688,73,'Magento_Reports::bestsellers',NULL,'allow'),(78689,73,'Magento_Reports::lowstock',NULL,'allow'),(78690,73,'Magento_Reports::sold',NULL,'allow'),(78691,73,'Magento_Reports::downloads',NULL,'allow'),(78692,73,'Magento_Reports::statistics',NULL,'allow'),(78693,73,'Magento_Reports::statistics_refresh',NULL,'allow'),(78694,73,'Magento_Analytics::business_intelligence',NULL,'allow'),(78695,73,'Magento_Analytics::advanced_reporting',NULL,'allow'),(78696,73,'Magento_Analytics::bi_essentials',NULL,'allow'),(78697,73,'Magento_Backend::stores',NULL,'allow'),(78698,73,'Magento_Backend::stores_settings',NULL,'deny'),(78699,73,'Magento_Backend::store',NULL,'deny'),(78700,73,'Magento_Config::config',NULL,'deny'),(78701,73,'Magento_Newsletter::newsletter',NULL,'deny'),(78702,73,'Mageplaza_BannerSlider::bannerslider_config',NULL,'deny'),(78703,73,'Magento_Downloadable::downloadable',NULL,'deny'),(78704,73,'Magento_Sales::fraud_protection',NULL,'deny'),(78705,73,'Magefan_Blog::config_blog',NULL,'deny'),(78706,73,'Magento_Payment::payment_services',NULL,'deny'),(78707,73,'Magento_Payment::payment',NULL,'deny'),(78708,73,'Dotdigitalgroup_Email::config',NULL,'deny'),(78709,73,'Magento_GoogleAnalytics::google',NULL,'deny'),(78710,73,'Magento_Contact::contact',NULL,'deny'),(78711,73,'Mageplaza_LayeredNavigation::configuration',NULL,'deny'),(78712,73,'Mageplaza_Smtp::configuration',NULL,'deny'),(78713,73,'WeltPixel_Backend::DocumentationSettings',NULL,'deny'),(78714,73,'Magento_CatalogInventory::cataloginventory',NULL,'deny'),(78715,73,'Magento_Catalog::config_catalog',NULL,'deny'),(78716,73,'Magento_CatalogSearch::config_catalog_search',NULL,'deny'),(78717,73,'Magento_Cms::config_cms',NULL,'deny'),(78718,73,'Magento_Shipping::carriers',NULL,'deny'),(78719,73,'Magento_Shipping::shipping_policy',NULL,'deny'),(78720,73,'Magento_Shipping::config_shipping',NULL,'deny'),(78721,73,'Magento_Multishipping::config_multishipping',NULL,'deny'),(78722,73,'Mageplaza_Core::marketplace',NULL,'deny'),(78723,73,'Mageplaza_Core::configuration',NULL,'deny'),(78724,73,'Magento_Config::config_general',NULL,'deny'),(78725,73,'Magento_Config::web',NULL,'deny'),(78726,73,'Magento_Config::config_design',NULL,'deny'),(78727,73,'Magento_Customer::config_customer',NULL,'deny'),(78728,73,'Lillik_PriceDecimal::config',NULL,'deny'),(78729,73,'Magento_Paypal::paypal',NULL,'deny'),(78730,73,'Magento_Tax::config_tax',NULL,'deny'),(78731,73,'Magento_Checkout::checkout',NULL,'deny'),(78732,73,'Magento_Sales::config_sales',NULL,'deny'),(78733,73,'Magento_Persistent::persistent',NULL,'deny'),(78734,73,'Magento_Sales::sales_email',NULL,'deny'),(78735,73,'Magento_Sales::sales_pdf',NULL,'deny'),(78736,73,'Magento_Sitemap::config_sitemap',NULL,'deny'),(78737,73,'Magento_Reports::reports',NULL,'deny'),(78738,73,'Magento_Config::config_system',NULL,'deny'),(78739,73,'Magento_Wishlist::config_wishlist',NULL,'deny'),(78740,73,'Magento_SalesRule::config_promo',NULL,'deny'),(78741,73,'Magento_Config::advanced',NULL,'deny'),(78742,73,'Magento_Config::config_admin',NULL,'deny'),(78743,73,'Magento_Config::trans_email',NULL,'deny'),(78744,73,'Magento_Config::dev',NULL,'deny'),(78745,73,'Magento_Config::currency',NULL,'deny'),(78746,73,'Magento_Rss::rss',NULL,'deny'),(78747,73,'Magento_Config::sendfriend',NULL,'deny'),(78748,73,'Magento_Analytics::analytics_settings',NULL,'deny'),(78749,73,'WeltPixel_Quickview::QuickviewSettings',NULL,'deny'),(78750,73,'WeltPixel_Backend::DeveloperSettings',NULL,'deny'),(78751,73,'Magento_NewRelicReporting::config_newrelicreporting',NULL,'deny'),(78752,73,'Magento_CheckoutAgreements::checkoutagreement',NULL,'deny'),(78753,73,'Magento_Sales::order_statuses',NULL,'deny'),(78754,73,'Magento_Tax::manage_tax',NULL,'allow'),(78755,73,'Magento_CurrencySymbol::system_currency',NULL,'allow'),(78756,73,'Magento_CurrencySymbol::currency_rates',NULL,'allow'),(78757,73,'Magento_CurrencySymbol::symbols',NULL,'allow'),(78758,73,'Magento_Backend::stores_attributes',NULL,'allow'),(78759,73,'Magento_Catalog::attributes_attributes',NULL,'allow'),(78760,73,'Magento_Catalog::update_attributes',NULL,'allow'),(78761,73,'Magento_Catalog::sets',NULL,'allow'),(78762,73,'Magento_Review::ratings',NULL,'allow'),(78763,73,'Magento_Swatches::iframe',NULL,'allow'),(78764,73,'Magento_Backend::stores_other_settings',NULL,'allow'),(78765,73,'Magento_Customer::group',NULL,'allow'),(78766,73,'Magento_Backend::system',NULL,'deny'),(78767,73,'Magento_Backend::convert',NULL,'deny'),(78768,73,'Magento_ImportExport::import',NULL,'deny'),(78769,73,'Magento_ImportExport::export',NULL,'deny'),(78770,73,'Magento_TaxImportExport::import_export',NULL,'deny'),(78771,73,'Magento_ImportExport::history',NULL,'deny'),(78772,73,'Magento_Backend::extensions',NULL,'deny'),(78773,73,'Magento_Backend::local',NULL,'deny'),(78774,73,'Magento_Backend::custom',NULL,'deny'),(78775,73,'Magento_Integration::extensions',NULL,'deny'),(78776,73,'Magento_Integration::integrations',NULL,'deny'),(78777,73,'Magento_Backend::tools',NULL,'deny'),(78778,73,'Magento_Backend::cache',NULL,'deny'),(78779,73,'Magento_Backend::main_actions',NULL,'deny'),(78780,73,'Magento_Backend::flush_cache_storage',NULL,'deny'),(78781,73,'Magento_Backend::flush_magento_cache',NULL,'deny'),(78782,73,'Magento_Backend::mass_actions',NULL,'deny'),(78783,73,'Magento_Backend::toggling_cache_type',NULL,'deny'),(78784,73,'Magento_Backend::refresh_cache_type',NULL,'deny'),(78785,73,'Magento_Backend::additional_cache_management',NULL,'deny'),(78786,73,'Magento_Backend::flush_catalog_images',NULL,'deny'),(78787,73,'Magento_Backend::flush_js_css',NULL,'deny'),(78788,73,'Magento_Backend::flush_static_files',NULL,'deny'),(78789,73,'Magento_Backend::setup_wizard',NULL,'deny'),(78790,73,'Magento_Indexer::index',NULL,'deny'),(78791,73,'Magento_Backup::backup',NULL,'deny'),(78792,73,'Magento_Backup::rollback',NULL,'deny'),(78793,73,'Magento_Indexer::changeMode',NULL,'deny'),(78794,73,'Magento_User::acl',NULL,'deny'),(78795,73,'Magento_User::acl_users',NULL,'deny'),(78796,73,'Magento_User::locks',NULL,'deny'),(78797,73,'Magento_User::acl_roles',NULL,'deny'),(78798,73,'Magento_Backend::system_other_settings',NULL,'deny'),(78799,73,'Magento_AdminNotification::adminnotification',NULL,'deny'),(78800,73,'Magento_AdminNotification::show_toolbar',NULL,'deny'),(78801,73,'Magento_AdminNotification::show_list',NULL,'deny'),(78802,73,'Magento_AdminNotification::mark_as_read',NULL,'deny'),(78803,73,'Magento_AdminNotification::adminnotification_remove',NULL,'deny'),(78804,73,'Magento_Variable::variable',NULL,'deny'),(78805,73,'Magento_EncryptionKey::crypt_key',NULL,'deny'),(78806,73,'Magento_Backend::global_search',NULL,'deny'),(78807,73,'WeltPixel_Backend::WeltPixel',NULL,'deny'),(78808,73,'WeltPixel_Backend::WeltPixel_Documentation',NULL,'deny'),(78809,73,'WeltPixel_Backend::WeltPixel_HelpCenter',NULL,'deny'),(78810,73,'WeltPixel_Backend::WeltPixel_Licenses',NULL,'deny'),(78811,73,'WeltPixel_Backend::Modules_License',NULL,'deny'),(78812,73,'WeltPixel_Backend::WeltPixel_Debugger',NULL,'deny'),(78813,73,'WeltPixel_Backend::WeltPixel_Debugger_Rewrites',NULL,'deny'),(78814,73,'WeltPixel_Backend::WeltPixel_Debugger_Modules',NULL,'deny'),(78815,73,'WeltPixel_Backend::WeltPixel_Debugger_Developer',NULL,'deny'),(78816,73,'WeltPixel_Backend::Pearl_Theme_Options',NULL,'deny'),(78817,73,'WeltPixel_Quickview::Quickview_Label',NULL,'deny'),(78818,73,'WeltPixel_Quickview::Quickview',NULL,'deny'),(110486,31,'Magento_Backend::all',NULL,'deny'),(110487,31,'Magento_Backend::admin',NULL,'allow'),(110488,31,'Magento_Backend::dashboard',NULL,'deny'),(110489,31,'Magento_Backend::eadesign',NULL,'deny'),(110490,31,'Eadesigndev_Eacore::other',NULL,'deny'),(110491,31,'Eadesigndev_Eacore::index',NULL,'deny'),(110492,31,'Eadesigndev_Pdfgenerator::templates',NULL,'deny'),(110493,31,'Eadesigndev_Pdfgenerator::save',NULL,'deny'),(110494,31,'Magento_Analytics::analytics',NULL,'allow'),(110495,31,'Magento_Analytics::analytics_api',NULL,'allow'),(110496,31,'Magento_Sales::sales',NULL,'deny'),(110497,31,'Magento_Sales::sales_operation',NULL,'deny'),(110498,31,'Magento_Sales::sales_order',NULL,'deny'),(110499,31,'Magento_Sales::actions',NULL,'deny'),(110500,31,'Magento_Sales::create',NULL,'deny'),(110501,31,'Magento_Sales::actions_view',NULL,'deny'),(110502,31,'Magento_Sales::email',NULL,'deny'),(110503,31,'Magento_Sales::reorder',NULL,'deny'),(110504,31,'Magento_Sales::actions_edit',NULL,'deny'),(110505,31,'Magento_Sales::cancel',NULL,'deny'),(110506,31,'Magento_Sales::review_payment',NULL,'deny'),(110507,31,'Magento_Sales::capture',NULL,'deny'),(110508,31,'Magento_Sales::invoice',NULL,'deny'),(110509,31,'Magento_Sales::creditmemo',NULL,'deny'),(110510,31,'Magento_Sales::hold',NULL,'deny'),(110511,31,'Magento_Sales::unhold',NULL,'deny'),(110512,31,'Magento_Sales::ship',NULL,'deny'),(110513,31,'Magento_Sales::comment',NULL,'deny'),(110514,31,'Magento_Sales::emails',NULL,'deny'),(110515,31,'Magento_Paypal::authorization',NULL,'deny'),(110516,31,'Magento_Sales::sales_invoice',NULL,'deny'),(110517,31,'Magento_Sales::shipment',NULL,'deny'),(110518,31,'Magento_Sales::sales_creditmemo',NULL,'deny'),(110519,31,'Magento_Paypal::billing_agreement',NULL,'deny'),(110520,31,'Magento_Paypal::billing_agreement_actions',NULL,'deny'),(110521,31,'Magento_Paypal::billing_agreement_actions_view',NULL,'deny'),(110522,31,'Magento_Paypal::actions_manage',NULL,'deny'),(110523,31,'Magento_Paypal::use',NULL,'deny'),(110524,31,'Magento_Sales::transactions',NULL,'deny'),(110525,31,'Magento_Sales::transactions_fetch',NULL,'deny'),(110526,31,'Magento_Catalog::catalog',NULL,'deny'),(110527,31,'Magento_Catalog::catalog_inventory',NULL,'deny'),(110528,31,'Magento_Catalog::products',NULL,'deny'),(110529,31,'Magento_Catalog::categories',NULL,'deny'),(110530,31,'Magento_Customer::customer',NULL,'deny'),(110531,31,'Magento_Customer::manage',NULL,'deny'),(110532,31,'Magento_Customer::online',NULL,'deny'),(110533,31,'Magento_Cart::cart',NULL,'deny'),(110534,31,'Magento_Cart::manage',NULL,'deny'),(110535,31,'Magento_Backend::marketing',NULL,'deny'),(110536,31,'Magento_CatalogRule::promo',NULL,'deny'),(110537,31,'Magento_CatalogRule::promo_catalog',NULL,'deny'),(110538,31,'Magento_SalesRule::quote',NULL,'deny'),(110539,31,'Dotdigitalgroup_Email::automation',NULL,'deny'),(110540,31,'Dotdigitalgroup_Email::automation_studio',NULL,'deny'),(110541,31,'Dotdigitalgroup_Email::exclusion_rules',NULL,'deny'),(110542,31,'Magento_Backend::marketing_communications',NULL,'deny'),(110543,31,'Magento_Email::template',NULL,'deny'),(110544,31,'Magento_Newsletter::template',NULL,'deny'),(110545,31,'Magento_Newsletter::queue',NULL,'deny'),(110546,31,'Magento_Newsletter::subscriber',NULL,'deny'),(110547,31,'Magento_Backend::marketing_seo',NULL,'deny'),(110548,31,'Magento_Search::search',NULL,'deny'),(110549,31,'Magento_Search::synonyms',NULL,'deny'),(110550,31,'Magento_UrlRewrite::urlrewrite',NULL,'deny'),(110551,31,'Magento_Sitemap::sitemap',NULL,'deny'),(110552,31,'Magento_Backend::marketing_user_content',NULL,'deny'),(110553,31,'Magento_Review::reviews_all',NULL,'deny'),(110554,31,'Magento_Review::pending',NULL,'deny'),(110555,31,'Magento_Backend::myaccount',NULL,'deny'),(110556,31,'Mageplaza_Core::menu',NULL,'deny'),(110557,31,'Mageplaza_Smtp::smtp',NULL,'deny'),(110558,31,'Mageplaza_Smtp::log',NULL,'deny'),(110559,31,'Mageplaza_Core::documentation',NULL,'deny'),(110560,31,'Mageplaza_Core::userguide',NULL,'deny'),(110561,31,'Mageplaza_Core::activate',NULL,'deny'),(110562,31,'Mageplaza_BannerSlider::bannerslider',NULL,'deny'),(110563,31,'Mageplaza_BannerSlider::banner',NULL,'deny'),(110564,31,'Mageplaza_BannerSlider::slider',NULL,'deny'),(110565,31,'Magento_Backend::content',NULL,'deny'),(110566,31,'Magento_Backend::content_elements',NULL,'deny'),(110567,31,'Magento_Cms::page',NULL,'deny'),(110568,31,'Magento_Cms::save',NULL,'deny'),(110569,31,'Magento_Cms::page_delete',NULL,'deny'),(110570,31,'Magento_Cms::block',NULL,'deny'),(110571,31,'Magento_Widget::widget_instance',NULL,'deny'),(110572,31,'Magento_Cms::media_gallery',NULL,'deny'),(110573,31,'Magefan_Blog::elements',NULL,'deny'),(110574,31,'Magefan_Blog::post',NULL,'deny'),(110575,31,'Magefan_Blog::category',NULL,'deny'),(110576,31,'Magefan_Blog::tag',NULL,'deny'),(110577,31,'Magefan_Blog::comment',NULL,'deny'),(110578,31,'Magefan_Blog::import',NULL,'deny'),(110579,31,'Magento_Backend::design',NULL,'deny'),(110580,31,'Magento_Theme::theme',NULL,'deny'),(110581,31,'Magento_Backend::schedule',NULL,'deny'),(110582,31,'Magento_Backend::content_translation',NULL,'deny'),(110583,31,'Magento_Reports::report',NULL,'deny'),(110584,31,'Dotdigitalgroup_Email::reports',NULL,'deny'),(110585,31,'Dotdigitalgroup_Email::contact',NULL,'deny'),(110586,31,'Dotdigitalgroup_Email::order',NULL,'deny'),(110587,31,'Dotdigitalgroup_Email::review',NULL,'deny'),(110588,31,'Dotdigitalgroup_Email::wishlist',NULL,'deny'),(110589,31,'Dotdigitalgroup_Email::catalog',NULL,'deny'),(110590,31,'Dotdigitalgroup_Email::importer',NULL,'deny'),(110591,31,'Dotdigitalgroup_Email::campaign',NULL,'deny'),(110592,31,'Dotdigitalgroup_Email::cron',NULL,'deny'),(110593,31,'Dotdigitalgroup_Email::dashboard',NULL,'deny'),(110594,31,'Dotdigitalgroup_Email::automation_enrollment',NULL,'deny'),(110595,31,'Dotdigitalgroup_Email::logviewer',NULL,'deny'),(110596,31,'Magento_Reports::report_marketing',NULL,'deny'),(110597,31,'Magento_Reports::shopcart',NULL,'deny'),(110598,31,'Magento_Reports::product',NULL,'deny'),(110599,31,'Magento_Reports::abandoned',NULL,'deny'),(110600,31,'Magento_Reports::report_search',NULL,'deny'),(110601,31,'Magento_Newsletter::problem',NULL,'deny'),(110602,31,'Magento_Reports::review',NULL,'deny'),(110603,31,'Magento_Reports::review_customer',NULL,'deny'),(110604,31,'Magento_Reports::review_product',NULL,'deny'),(110605,31,'Magento_Reports::salesroot',NULL,'deny'),(110606,31,'Magento_Reports::salesroot_sales',NULL,'deny'),(110607,31,'Magento_Reports::tax',NULL,'deny'),(110608,31,'Magento_Reports::invoiced',NULL,'deny'),(110609,31,'Magento_Reports::shipping',NULL,'deny'),(110610,31,'Magento_Reports::refunded',NULL,'deny'),(110611,31,'Magento_Reports::coupons',NULL,'deny'),(110612,31,'Magento_Paypal::paypal_settlement_reports',NULL,'deny'),(110613,31,'Magento_Paypal::paypal_settlement_reports_view',NULL,'deny'),(110614,31,'Magento_Paypal::fetch',NULL,'deny'),(110615,31,'Magento_Braintree::settlement_report',NULL,'deny'),(110616,31,'Magento_Reports::customers',NULL,'deny'),(110617,31,'Magento_Reports::totals',NULL,'deny'),(110618,31,'Magento_Reports::customers_orders',NULL,'deny'),(110619,31,'Magento_Reports::accounts',NULL,'deny'),(110620,31,'Magento_Reports::report_products',NULL,'deny'),(110621,31,'Magento_Reports::viewed',NULL,'deny'),(110622,31,'Magento_Reports::bestsellers',NULL,'deny'),(110623,31,'Magento_Reports::lowstock',NULL,'deny'),(110624,31,'Magento_Reports::sold',NULL,'deny'),(110625,31,'Magento_Reports::downloads',NULL,'deny'),(110626,31,'Magento_Reports::statistics',NULL,'deny'),(110627,31,'Magento_Reports::statistics_refresh',NULL,'deny'),(110628,31,'Magento_Analytics::business_intelligence',NULL,'deny'),(110629,31,'Magento_Analytics::advanced_reporting',NULL,'deny'),(110630,31,'Magento_Analytics::bi_essentials',NULL,'deny'),(110631,31,'Magento_Backend::stores',NULL,'deny'),(110632,31,'Magento_Backend::stores_settings',NULL,'deny'),(110633,31,'Magento_Backend::store',NULL,'deny'),(110634,31,'Magento_Config::config',NULL,'deny'),(110635,31,'Mageplaza_Smtp::configuration',NULL,'deny'),(110636,31,'Magento_Payment::payment',NULL,'deny'),(110637,31,'Magento_Cms::config_cms',NULL,'deny'),(110638,31,'Magento_Catalog::config_catalog',NULL,'deny'),(110639,31,'Magento_CatalogSearch::config_catalog_search',NULL,'deny'),(110640,31,'Mageplaza_LayeredNavigation::configuration',NULL,'deny'),(110641,31,'Magefan_Blog::config_blog',NULL,'deny'),(110642,31,'Mageplaza_CurrencyFormatter::configuration',NULL,'deny'),(110643,31,'Mageplaza_BannerSlider::bannerslider_config',NULL,'deny'),(110644,31,'Dotdigitalgroup_Email::config',NULL,'deny'),(110645,31,'Magento_Sales::fraud_protection',NULL,'deny'),(110646,31,'Magento_GoogleAnalytics::google',NULL,'deny'),(110647,31,'Magento_Newsletter::newsletter',NULL,'deny'),(110648,31,'Magento_Contact::contact',NULL,'deny'),(110649,31,'Magento_Downloadable::downloadable',NULL,'deny'),(110650,31,'Magento_CatalogInventory::cataloginventory',NULL,'deny'),(110651,31,'Magento_Payment::payment_services',NULL,'deny'),(110652,31,'Eadesigndev_Pdfgenerator::config_system',NULL,'deny'),(110653,31,'Magento_Shipping::config_shipping',NULL,'deny'),(110654,31,'Magento_Shipping::carriers',NULL,'deny'),(110655,31,'Magento_Shipping::shipping_policy',NULL,'deny'),(110656,31,'Magento_Multishipping::config_multishipping',NULL,'deny'),(110657,31,'Mageplaza_Core::marketplace',NULL,'deny'),(110658,31,'Mageplaza_Core::configuration',NULL,'deny'),(110659,31,'Magento_Config::config_general',NULL,'deny'),(110660,31,'Magento_Config::web',NULL,'deny'),(110661,31,'Magento_Config::config_design',NULL,'deny'),(110662,31,'Lillik_PriceDecimal::config',NULL,'deny'),(110663,31,'Magento_Customer::config_customer',NULL,'deny'),(110664,31,'Magento_Paypal::paypal',NULL,'deny'),(110665,31,'Magento_Tax::config_tax',NULL,'deny'),(110666,31,'Magento_Checkout::checkout',NULL,'deny'),(110667,31,'Magento_Persistent::persistent',NULL,'deny'),(110668,31,'Magento_Sales::config_sales',NULL,'deny'),(110669,31,'Magento_Sales::sales_email',NULL,'deny'),(110670,31,'Magento_Sales::sales_pdf',NULL,'deny'),(110671,31,'Magento_Reports::reports',NULL,'deny'),(110672,31,'Magento_Sitemap::config_sitemap',NULL,'deny'),(110673,31,'Magento_Config::config_system',NULL,'deny'),(110674,31,'Magento_Wishlist::config_wishlist',NULL,'deny'),(110675,31,'Magento_SalesRule::config_promo',NULL,'deny'),(110676,31,'Magento_Config::advanced',NULL,'deny'),(110677,31,'Magento_Config::config_admin',NULL,'deny'),(110678,31,'Magento_Config::trans_email',NULL,'deny'),(110679,31,'Magento_Config::dev',NULL,'deny'),(110680,31,'Magento_Config::currency',NULL,'deny'),(110681,31,'Magento_Rss::rss',NULL,'deny'),(110682,31,'Magento_Config::sendfriend',NULL,'deny'),(110683,31,'Magento_Analytics::analytics_settings',NULL,'deny'),(110684,31,'Magento_NewRelicReporting::config_newrelicreporting',NULL,'deny'),(110685,31,'Magento_CheckoutAgreements::checkoutagreement',NULL,'deny'),(110686,31,'Magento_Sales::order_statuses',NULL,'deny'),(110687,31,'Magento_Tax::manage_tax',NULL,'deny'),(110688,31,'Magento_CurrencySymbol::system_currency',NULL,'deny'),(110689,31,'Magento_CurrencySymbol::currency_rates',NULL,'deny'),(110690,31,'Magento_CurrencySymbol::symbols',NULL,'deny'),(110691,31,'Magento_Backend::stores_attributes',NULL,'deny'),(110692,31,'Magento_Catalog::attributes_attributes',NULL,'deny'),(110693,31,'Magento_Catalog::update_attributes',NULL,'deny'),(110694,31,'Magento_Catalog::sets',NULL,'deny'),(110695,31,'Magento_Review::ratings',NULL,'deny'),(110696,31,'Magento_Swatches::iframe',NULL,'deny'),(110697,31,'Magento_Backend::stores_other_settings',NULL,'deny'),(110698,31,'Magento_Customer::group',NULL,'deny'),(110699,31,'Magento_Backend::system',NULL,'deny'),(110700,31,'Magento_Backend::convert',NULL,'deny'),(110701,31,'Magento_ImportExport::import',NULL,'deny'),(110702,31,'Magento_ImportExport::export',NULL,'deny'),(110703,31,'Magento_TaxImportExport::import_export',NULL,'deny'),(110704,31,'Magento_ImportExport::history',NULL,'deny'),(110705,31,'Magento_Backend::extensions',NULL,'deny'),(110706,31,'Magento_Backend::local',NULL,'deny'),(110707,31,'Magento_Backend::custom',NULL,'deny'),(110708,31,'Magento_Integration::extensions',NULL,'deny'),(110709,31,'Magento_Integration::integrations',NULL,'deny'),(110710,31,'Magento_Backend::tools',NULL,'deny'),(110711,31,'Magento_Backend::cache',NULL,'deny'),(110712,31,'Magento_Backend::main_actions',NULL,'deny'),(110713,31,'Magento_Backend::flush_cache_storage',NULL,'deny'),(110714,31,'Magento_Backend::flush_magento_cache',NULL,'deny'),(110715,31,'Magento_Backend::mass_actions',NULL,'deny'),(110716,31,'Magento_Backend::toggling_cache_type',NULL,'deny'),(110717,31,'Magento_Backend::refresh_cache_type',NULL,'deny'),(110718,31,'Magento_Backend::additional_cache_management',NULL,'deny'),(110719,31,'Magento_Backend::flush_catalog_images',NULL,'deny'),(110720,31,'Magento_Backend::flush_js_css',NULL,'deny'),(110721,31,'Magento_Backend::flush_static_files',NULL,'deny'),(110722,31,'Magento_Backend::setup_wizard',NULL,'deny'),(110723,31,'Magento_Indexer::index',NULL,'deny'),(110724,31,'Magento_Backup::backup',NULL,'deny'),(110725,31,'Magento_Backup::rollback',NULL,'deny'),(110726,31,'Magento_Indexer::changeMode',NULL,'deny'),(110727,31,'Magento_User::acl',NULL,'deny'),(110728,31,'Magento_User::acl_users',NULL,'deny'),(110729,31,'Magento_User::locks',NULL,'deny'),(110730,31,'Magento_User::acl_roles',NULL,'deny'),(110731,31,'Magento_Backend::system_other_settings',NULL,'deny'),(110732,31,'Magento_AdminNotification::adminnotification',NULL,'deny'),(110733,31,'Magento_AdminNotification::show_toolbar',NULL,'deny'),(110734,31,'Magento_AdminNotification::show_list',NULL,'deny'),(110735,31,'Magento_AdminNotification::mark_as_read',NULL,'deny'),(110736,31,'Magento_AdminNotification::adminnotification_remove',NULL,'deny'),(110737,31,'Magento_Variable::variable',NULL,'deny'),(110738,31,'Magento_EncryptionKey::crypt_key',NULL,'deny'),(110739,31,'Magento_Backend::global_search',NULL,'deny'),(150114,207,'Magento_Backend::all',NULL,'allow'),(158819,130,'Magento_Backend::all',NULL,'deny'),(158820,130,'Magento_Backend::admin',NULL,'allow'),(158821,130,'Magento_Backend::dashboard',NULL,'deny'),(158822,130,'Magento_Backend::eadesign',NULL,'deny'),(158823,130,'Eadesigndev_Eacore::other',NULL,'deny'),(158824,130,'Eadesigndev_Eacore::index',NULL,'deny'),(158825,130,'Eadesigndev_Pdfgenerator::templates',NULL,'deny'),(158826,130,'Eadesigndev_Pdfgenerator::save',NULL,'deny'),(158827,130,'Magento_Analytics::analytics',NULL,'deny'),(158828,130,'Magento_Analytics::analytics_api',NULL,'deny'),(158829,130,'Magento_Sales::sales',NULL,'allow'),(158830,130,'Magento_Sales::sales_operation',NULL,'allow'),(158831,130,'Magento_Sales::sales_order',NULL,'allow'),(158832,130,'Magento_Sales::actions',NULL,'allow'),(158833,130,'Magento_Sales::create',NULL,'allow'),(158834,130,'Magento_Sales::actions_view',NULL,'allow'),(158835,130,'Magento_Sales::email',NULL,'allow'),(158836,130,'Magento_Sales::reorder',NULL,'allow'),(158837,130,'Magento_Sales::actions_edit',NULL,'allow'),(158838,130,'Magento_Sales::cancel',NULL,'allow'),(158839,130,'Magento_Sales::review_payment',NULL,'allow'),(158840,130,'Magento_Sales::capture',NULL,'allow'),(158841,130,'Magento_Sales::invoice',NULL,'allow'),(158842,130,'Magento_Sales::creditmemo',NULL,'allow'),(158843,130,'Magento_Sales::hold',NULL,'allow'),(158844,130,'Magento_Sales::unhold',NULL,'allow'),(158845,130,'Magento_Sales::ship',NULL,'allow'),(158846,130,'Magento_Sales::comment',NULL,'allow'),(158847,130,'Magento_Sales::emails',NULL,'allow'),(158848,130,'Magento_Paypal::authorization',NULL,'allow'),(158849,130,'Magento_Sales::sales_invoice',NULL,'allow'),(158850,130,'Magento_Sales::shipment',NULL,'allow'),(158851,130,'Magento_Sales::sales_creditmemo',NULL,'allow'),(158852,130,'Magento_Paypal::billing_agreement',NULL,'allow'),(158853,130,'Magento_Paypal::billing_agreement_actions',NULL,'allow'),(158854,130,'Magento_Paypal::billing_agreement_actions_view',NULL,'allow'),(158855,130,'Magento_Paypal::actions_manage',NULL,'allow'),(158856,130,'Magento_Paypal::use',NULL,'allow'),(158857,130,'Magento_Sales::transactions',NULL,'allow'),(158858,130,'Magento_Sales::transactions_fetch',NULL,'allow'),(158859,130,'Magento_Catalog::catalog',NULL,'allow'),(158860,130,'Magento_Catalog::catalog_inventory',NULL,'allow'),(158861,130,'Magento_Catalog::products',NULL,'allow'),(158862,130,'Magento_Catalog::categories',NULL,'allow'),(158863,130,'Magento_Customer::customer',NULL,'allow'),(158864,130,'Magento_Customer::manage',NULL,'allow'),(158865,130,'Magento_Customer::online',NULL,'allow'),(158866,130,'Magento_Cart::cart',NULL,'allow'),(158867,130,'Magento_Cart::manage',NULL,'allow'),(158868,130,'Magento_Backend::marketing',NULL,'deny'),(158869,130,'Magento_CatalogRule::promo',NULL,'deny'),(158870,130,'Magento_CatalogRule::promo_catalog',NULL,'deny'),(158871,130,'Magento_SalesRule::quote',NULL,'deny'),(158872,130,'Dotdigitalgroup_Email::automation',NULL,'deny'),(158873,130,'Dotdigitalgroup_Email::automation_studio',NULL,'deny'),(158874,130,'Dotdigitalgroup_Email::exclusion_rules',NULL,'deny'),(158875,130,'Magento_Backend::marketing_communications',NULL,'deny'),(158876,130,'Magento_Email::template',NULL,'deny'),(158877,130,'Magento_Newsletter::template',NULL,'deny'),(158878,130,'Magento_Newsletter::queue',NULL,'deny'),(158879,130,'Magento_Newsletter::subscriber',NULL,'deny'),(158880,130,'Magento_Backend::marketing_seo',NULL,'deny'),(158881,130,'Magento_Search::search',NULL,'deny'),(158882,130,'Magento_Search::synonyms',NULL,'deny'),(158883,130,'Magento_UrlRewrite::urlrewrite',NULL,'deny'),(158884,130,'Magento_Sitemap::sitemap',NULL,'deny'),(158885,130,'Magento_Backend::marketing_user_content',NULL,'deny'),(158886,130,'Magento_Review::reviews_all',NULL,'deny'),(158887,130,'Magento_Review::pending',NULL,'deny'),(158888,130,'Magento_Backend::myaccount',NULL,'allow'),(158889,130,'Mageplaza_Core::menu',NULL,'allow'),(158890,130,'Mageplaza_Smtp::smtp',NULL,'allow'),(158891,130,'Mageplaza_Smtp::log',NULL,'allow'),(158892,130,'Mageplaza_Core::documentation',NULL,'allow'),(158893,130,'Mageplaza_Core::userguide',NULL,'allow'),(158894,130,'Mageplaza_Core::activate',NULL,'allow'),(158895,130,'Mageplaza_BannerSlider::bannerslider',NULL,'allow'),(158896,130,'Mageplaza_BannerSlider::banner',NULL,'allow'),(158897,130,'Mageplaza_BannerSlider::slider',NULL,'allow'),(158898,130,'Magento_Backend::content',NULL,'allow'),(158899,130,'Magento_Backend::content_elements',NULL,'allow'),(158900,130,'Magento_Cms::page',NULL,'allow'),(158901,130,'Magento_Cms::save',NULL,'allow'),(158902,130,'Magento_Cms::page_delete',NULL,'allow'),(158903,130,'Magento_Cms::block',NULL,'allow'),(158904,130,'Magento_Widget::widget_instance',NULL,'allow'),(158905,130,'Magento_Cms::media_gallery',NULL,'allow'),(158906,130,'Magefan_Blog::elements',NULL,'allow'),(158907,130,'Magefan_Blog::post',NULL,'allow'),(158908,130,'Magefan_Blog::category',NULL,'allow'),(158909,130,'Magefan_Blog::tag',NULL,'allow'),(158910,130,'Magefan_Blog::comment',NULL,'allow'),(158911,130,'Magefan_Blog::import',NULL,'allow'),(158912,130,'Magento_Backend::design',NULL,'allow'),(158913,130,'Magento_Theme::theme',NULL,'allow'),(158914,130,'Magento_Backend::schedule',NULL,'allow'),(158915,130,'Magento_Backend::content_translation',NULL,'allow'),(158916,130,'Magento_Reports::report',NULL,'deny'),(158917,130,'Dotdigitalgroup_Email::reports',NULL,'deny'),(158918,130,'Dotdigitalgroup_Email::contact',NULL,'deny'),(158919,130,'Dotdigitalgroup_Email::order',NULL,'deny'),(158920,130,'Dotdigitalgroup_Email::review',NULL,'deny'),(158921,130,'Dotdigitalgroup_Email::wishlist',NULL,'deny'),(158922,130,'Dotdigitalgroup_Email::catalog',NULL,'deny'),(158923,130,'Dotdigitalgroup_Email::importer',NULL,'deny'),(158924,130,'Dotdigitalgroup_Email::campaign',NULL,'deny'),(158925,130,'Dotdigitalgroup_Email::cron',NULL,'deny'),(158926,130,'Dotdigitalgroup_Email::dashboard',NULL,'deny'),(158927,130,'Dotdigitalgroup_Email::automation_enrollment',NULL,'deny'),(158928,130,'Dotdigitalgroup_Email::logviewer',NULL,'deny'),(158929,130,'Magento_Reports::report_marketing',NULL,'deny'),(158930,130,'Magento_Reports::shopcart',NULL,'deny'),(158931,130,'Magento_Reports::product',NULL,'deny'),(158932,130,'Magento_Reports::abandoned',NULL,'deny'),(158933,130,'Magento_Reports::report_search',NULL,'deny'),(158934,130,'Magento_Newsletter::problem',NULL,'deny'),(158935,130,'Magento_Reports::review',NULL,'deny'),(158936,130,'Magento_Reports::review_customer',NULL,'deny'),(158937,130,'Magento_Reports::review_product',NULL,'deny'),(158938,130,'Magento_Reports::salesroot',NULL,'deny'),(158939,130,'Magento_Reports::salesroot_sales',NULL,'deny'),(158940,130,'Magento_Reports::tax',NULL,'deny'),(158941,130,'Magento_Reports::invoiced',NULL,'deny'),(158942,130,'Magento_Reports::shipping',NULL,'deny'),(158943,130,'Magento_Reports::refunded',NULL,'deny'),(158944,130,'Magento_Reports::coupons',NULL,'deny'),(158945,130,'Magento_Paypal::paypal_settlement_reports',NULL,'deny'),(158946,130,'Magento_Paypal::paypal_settlement_reports_view',NULL,'deny'),(158947,130,'Magento_Paypal::fetch',NULL,'deny'),(158948,130,'Magento_Braintree::settlement_report',NULL,'deny'),(158949,130,'Magento_Reports::customers',NULL,'deny'),(158950,130,'Magento_Reports::totals',NULL,'deny'),(158951,130,'Magento_Reports::customers_orders',NULL,'deny'),(158952,130,'Magento_Reports::accounts',NULL,'deny'),(158953,130,'Magento_Reports::report_products',NULL,'deny'),(158954,130,'Magento_Reports::viewed',NULL,'deny'),(158955,130,'Magento_Reports::bestsellers',NULL,'deny'),(158956,130,'Magento_Reports::lowstock',NULL,'deny'),(158957,130,'Magento_Reports::sold',NULL,'deny'),(158958,130,'Magento_Reports::downloads',NULL,'deny'),(158959,130,'Magento_Reports::statistics',NULL,'deny'),(158960,130,'Magento_Reports::statistics_refresh',NULL,'deny'),(158961,130,'Magento_Analytics::business_intelligence',NULL,'deny'),(158962,130,'Magento_Analytics::advanced_reporting',NULL,'deny'),(158963,130,'Magento_Analytics::bi_essentials',NULL,'deny'),(158964,130,'Magento_Backend::stores',NULL,'allow'),(158965,130,'Magento_Backend::stores_settings',NULL,'allow'),(158966,130,'Magento_Backend::store',NULL,'deny'),(158967,130,'Magento_Config::config',NULL,'allow'),(158968,130,'Mageserv_UPayments::ccavenue',NULL,'deny'),(158969,130,'Magento_Payment::payment',NULL,'deny'),(158970,130,'Mageplaza_Smtp::configuration',NULL,'deny'),(158971,130,'Mageplaza_LayeredNavigation::configuration',NULL,'deny'),(158972,130,'Mageplaza_CurrencyFormatter::configuration',NULL,'deny'),(158973,130,'Mageplaza_BannerSlider::bannerslider_config',NULL,'deny'),(158974,130,'Mageplaza_BetterMaintenance::configuration',NULL,'deny'),(158975,130,'Dotdigitalgroup_Email::config',NULL,'deny'),(158976,130,'Magento_Sales::fraud_protection',NULL,'deny'),(158977,130,'Magento_GoogleAnalytics::google',NULL,'deny'),(158978,130,'Magento_Newsletter::newsletter',NULL,'deny'),(158979,130,'Magento_Downloadable::downloadable',NULL,'deny'),(158980,130,'Magento_CatalogInventory::cataloginventory',NULL,'allow'),(158981,130,'Magento_Payment::payment_services',NULL,'deny'),(158982,130,'Magento_Contact::contact',NULL,'deny'),(158983,130,'Magefan_Blog::config_blog',NULL,'deny'),(158984,130,'Magento_Cms::config_cms',NULL,'deny'),(158985,130,'Magento_Catalog::config_catalog',NULL,'deny'),(158986,130,'Magento_CatalogSearch::config_catalog_search',NULL,'deny'),(158987,130,'Eadesigndev_Pdfgenerator::config_system',NULL,'deny'),(158988,130,'Magento_Shipping::carriers',NULL,'deny'),(158989,130,'Magento_Shipping::config_shipping',NULL,'deny'),(158990,130,'Magento_Shipping::shipping_policy',NULL,'deny'),(158991,130,'Magento_Multishipping::config_multishipping',NULL,'deny'),(158992,130,'Mageplaza_Core::marketplace',NULL,'deny'),(158993,130,'Mageplaza_Core::configuration',NULL,'deny'),(158994,130,'Magento_Config::config_general',NULL,'deny'),(158995,130,'Magento_Config::web',NULL,'deny'),(158996,130,'Magento_Config::config_design',NULL,'deny'),(158997,130,'Lillik_PriceDecimal::config',NULL,'deny'),(158998,130,'Magento_Customer::config_customer',NULL,'deny'),(158999,130,'Magento_Paypal::paypal',NULL,'deny'),(159000,130,'Magento_Tax::config_tax',NULL,'deny'),(159001,130,'Magento_Checkout::checkout',NULL,'deny'),(159002,130,'Magento_Persistent::persistent',NULL,'deny'),(159003,130,'Magento_Sales::config_sales',NULL,'deny'),(159004,130,'Magento_Sales::sales_email',NULL,'deny'),(159005,130,'Magento_Sales::sales_pdf',NULL,'deny'),(159006,130,'Magento_Reports::reports',NULL,'deny'),(159007,130,'Magento_Sitemap::config_sitemap',NULL,'deny'),(159008,130,'Magento_Config::config_system',NULL,'deny'),(159009,130,'Magento_Wishlist::config_wishlist',NULL,'deny'),(159010,130,'Magento_SalesRule::config_promo',NULL,'deny'),(159011,130,'Magento_Config::advanced',NULL,'deny'),(159012,130,'Magento_Config::config_admin',NULL,'deny'),(159013,130,'Magento_Config::trans_email',NULL,'deny'),(159014,130,'Magento_Config::dev',NULL,'deny'),(159015,130,'Magento_Config::currency',NULL,'deny'),(159016,130,'Magento_Rss::rss',NULL,'deny'),(159017,130,'Magento_Config::sendfriend',NULL,'deny'),(159018,130,'Magento_Analytics::analytics_settings',NULL,'deny'),(159019,130,'Magento_NewRelicReporting::config_newrelicreporting',NULL,'deny'),(159020,130,'Magento_CheckoutAgreements::checkoutagreement',NULL,'deny'),(159021,130,'Magento_Sales::order_statuses',NULL,'deny'),(159022,130,'Magento_Tax::manage_tax',NULL,'deny'),(159023,130,'Magento_CurrencySymbol::system_currency',NULL,'deny'),(159024,130,'Magento_CurrencySymbol::currency_rates',NULL,'deny'),(159025,130,'Magento_CurrencySymbol::symbols',NULL,'deny'),(159026,130,'Magento_Backend::stores_attributes',NULL,'allow'),(159027,130,'Magento_Catalog::attributes_attributes',NULL,'allow'),(159028,130,'Magento_Catalog::update_attributes',NULL,'allow'),(159029,130,'Magento_Catalog::sets',NULL,'allow'),(159030,130,'Magento_Review::ratings',NULL,'allow'),(159031,130,'Magento_Swatches::iframe',NULL,'allow'),(159032,130,'Magento_Backend::stores_other_settings',NULL,'deny'),(159033,130,'Magento_Customer::group',NULL,'deny'),(159034,130,'Magento_Backend::system',NULL,'deny'),(159035,130,'Magento_Backend::convert',NULL,'deny'),(159036,130,'Magento_ImportExport::import',NULL,'deny'),(159037,130,'Magento_ImportExport::export',NULL,'deny'),(159038,130,'Magento_TaxImportExport::import_export',NULL,'deny'),(159039,130,'Magento_ImportExport::history',NULL,'deny'),(159040,130,'Magento_Backend::extensions',NULL,'deny'),(159041,130,'Magento_Backend::local',NULL,'deny'),(159042,130,'Magento_Backend::custom',NULL,'deny'),(159043,130,'Magento_Integration::extensions',NULL,'deny'),(159044,130,'Magento_Integration::integrations',NULL,'deny'),(159045,130,'Magento_Backend::tools',NULL,'deny'),(159046,130,'Magento_Backend::cache',NULL,'deny'),(159047,130,'Magento_Backend::main_actions',NULL,'deny'),(159048,130,'Magento_Backend::flush_cache_storage',NULL,'deny'),(159049,130,'Magento_Backend::flush_magento_cache',NULL,'deny'),(159050,130,'Magento_Backend::mass_actions',NULL,'deny'),(159051,130,'Magento_Backend::toggling_cache_type',NULL,'deny'),(159052,130,'Magento_Backend::refresh_cache_type',NULL,'deny'),(159053,130,'Magento_Backend::additional_cache_management',NULL,'deny'),(159054,130,'Magento_Backend::flush_catalog_images',NULL,'deny'),(159055,130,'Magento_Backend::flush_js_css',NULL,'deny'),(159056,130,'Magento_Backend::flush_static_files',NULL,'deny'),(159057,130,'Magento_Backend::setup_wizard',NULL,'deny'),(159058,130,'Magento_Indexer::index',NULL,'deny'),(159059,130,'Magento_Backup::backup',NULL,'deny'),(159060,130,'Magento_Backup::rollback',NULL,'deny'),(159061,130,'Magento_Indexer::changeMode',NULL,'deny'),(159062,130,'Magento_User::acl',NULL,'deny'),(159063,130,'Magento_User::acl_users',NULL,'deny'),(159064,130,'Magento_User::locks',NULL,'deny'),(159065,130,'Magento_User::acl_roles',NULL,'deny'),(159066,130,'Magento_Backend::system_other_settings',NULL,'deny'),(159067,130,'Magento_AdminNotification::adminnotification',NULL,'deny'),(159068,130,'Magento_AdminNotification::show_toolbar',NULL,'deny'),(159069,130,'Magento_AdminNotification::show_list',NULL,'deny'),(159070,130,'Magento_AdminNotification::mark_as_read',NULL,'deny'),(159071,130,'Magento_AdminNotification::adminnotification_remove',NULL,'deny'),(159072,130,'Magento_Variable::variable',NULL,'deny'),(159073,130,'Magento_EncryptionKey::crypt_key',NULL,'deny'),(159074,130,'Magento_Backend::global_search',NULL,'allow'),(210019,164,'Magento_Backend::all',NULL,'deny'),(210020,164,'Magento_Backend::admin',NULL,'allow'),(210021,164,'Magento_Backend::dashboard',NULL,'allow'),(210022,164,'Magento_Backend::eadesign',NULL,'deny'),(210023,164,'Eadesigndev_Eacore::other',NULL,'deny'),(210024,164,'Eadesigndev_Eacore::index',NULL,'deny'),(210025,164,'Eadesigndev_Pdfgenerator::templates',NULL,'deny'),(210026,164,'Eadesigndev_Pdfgenerator::save',NULL,'deny'),(210027,164,'Magento_Analytics::analytics',NULL,'deny'),(210028,164,'Magento_Analytics::analytics_api',NULL,'deny'),(210029,164,'Magento_Sales::sales',NULL,'allow'),(210030,164,'Magento_Sales::sales_operation',NULL,'allow'),(210031,164,'Magento_Sales::sales_order',NULL,'allow'),(210032,164,'Magento_Sales::actions',NULL,'allow'),(210033,164,'Magento_Sales::create',NULL,'allow'),(210034,164,'Magento_Sales::actions_view',NULL,'allow'),(210035,164,'Magento_Sales::email',NULL,'allow'),(210036,164,'Magento_Sales::reorder',NULL,'allow'),(210037,164,'Magento_Sales::actions_edit',NULL,'allow'),(210038,164,'Magento_Sales::cancel',NULL,'allow'),(210039,164,'Magento_Sales::review_payment',NULL,'allow'),(210040,164,'Magento_Sales::capture',NULL,'allow'),(210041,164,'Magento_Sales::invoice',NULL,'allow'),(210042,164,'Magento_Sales::creditmemo',NULL,'allow'),(210043,164,'Magento_Sales::hold',NULL,'allow'),(210044,164,'Magento_Sales::unhold',NULL,'allow'),(210045,164,'Magento_Sales::ship',NULL,'allow'),(210046,164,'Magento_Sales::comment',NULL,'allow'),(210047,164,'Magento_Sales::emails',NULL,'allow'),(210048,164,'Magento_Paypal::authorization',NULL,'allow'),(210049,164,'Magento_Sales::sales_invoice',NULL,'allow'),(210050,164,'Magento_Sales::shipment',NULL,'allow'),(210051,164,'Magento_Sales::sales_creditmemo',NULL,'allow'),(210052,164,'Magento_Paypal::billing_agreement',NULL,'allow'),(210053,164,'Magento_Paypal::billing_agreement_actions',NULL,'allow'),(210054,164,'Magento_Paypal::billing_agreement_actions_view',NULL,'allow'),(210055,164,'Magento_Paypal::actions_manage',NULL,'allow'),(210056,164,'Magento_Paypal::use',NULL,'allow'),(210057,164,'Magento_Sales::transactions',NULL,'allow'),(210058,164,'Magento_Sales::transactions_fetch',NULL,'allow'),(210059,164,'Magento_Catalog::catalog',NULL,'allow'),(210060,164,'Magento_Catalog::catalog_inventory',NULL,'allow'),(210061,164,'Magento_Catalog::products',NULL,'allow'),(210062,164,'Magento_Catalog::categories',NULL,'deny'),(210063,164,'Magento_Customer::customer',NULL,'allow'),(210064,164,'Magento_Customer::manage',NULL,'allow'),(210065,164,'Magento_Customer::online',NULL,'allow'),(210066,164,'Magento_Cart::cart',NULL,'deny'),(210067,164,'Magento_Cart::manage',NULL,'deny'),(210068,164,'Magento_Backend::marketing',NULL,'allow'),(210069,164,'Magento_CatalogRule::promo',NULL,'allow'),(210070,164,'Magento_CatalogRule::promo_catalog',NULL,'allow'),(210071,164,'Magento_SalesRule::quote',NULL,'allow'),(210072,164,'Dotdigitalgroup_Email::automation',NULL,'allow'),(210073,164,'Dotdigitalgroup_Email::automation_studio',NULL,'allow'),(210074,164,'Dotdigitalgroup_Email::exclusion_rules',NULL,'allow'),(210075,164,'Magento_Backend::marketing_communications',NULL,'allow'),(210076,164,'Magento_Email::template',NULL,'allow'),(210077,164,'Magento_Newsletter::template',NULL,'allow'),(210078,164,'Magento_Newsletter::queue',NULL,'allow'),(210079,164,'Magento_Newsletter::subscriber',NULL,'allow'),(210080,164,'Magento_Backend::marketing_seo',NULL,'allow'),(210081,164,'Magento_Search::search',NULL,'allow'),(210082,164,'Magento_Search::synonyms',NULL,'allow'),(210083,164,'Magento_UrlRewrite::urlrewrite',NULL,'allow'),(210084,164,'Magento_Sitemap::sitemap',NULL,'allow'),(210085,164,'Magento_Backend::marketing_user_content',NULL,'allow'),(210086,164,'Magento_Review::reviews_all',NULL,'allow'),(210087,164,'Magento_Review::pending',NULL,'allow'),(210088,164,'Magento_Backend::myaccount',NULL,'allow'),(210089,164,'Mageplaza_Core::menu',NULL,'deny'),(210090,164,'Mageplaza_Smtp::smtp',NULL,'deny'),(210091,164,'Mageplaza_Smtp::log',NULL,'deny'),(210092,164,'Mageplaza_Core::documentation',NULL,'deny'),(210093,164,'Mageplaza_Core::userguide',NULL,'deny'),(210094,164,'Mageplaza_Core::activate',NULL,'deny'),(210095,164,'Mageplaza_BannerSlider::bannerslider',NULL,'deny'),(210096,164,'Mageplaza_BannerSlider::banner',NULL,'deny'),(210097,164,'Mageplaza_BannerSlider::slider',NULL,'deny'),(210098,164,'Magento_Backend::content',NULL,'allow'),(210099,164,'Magento_Backend::content_elements',NULL,'allow'),(210100,164,'Magento_Cms::page',NULL,'allow'),(210101,164,'Magento_Cms::save',NULL,'allow'),(210102,164,'Magento_Cms::page_delete',NULL,'allow'),(210103,164,'Magento_Cms::block',NULL,'allow'),(210104,164,'Magento_Widget::widget_instance',NULL,'allow'),(210105,164,'Magento_Cms::media_gallery',NULL,'allow'),(210106,164,'Magefan_Blog::elements',NULL,'allow'),(210107,164,'Magefan_Blog::post',NULL,'allow'),(210108,164,'Magefan_Blog::category',NULL,'allow'),(210109,164,'Magefan_Blog::tag',NULL,'allow'),(210110,164,'Magefan_Blog::comment',NULL,'allow'),(210111,164,'Magefan_Blog::import',NULL,'allow'),(210112,164,'Magento_Backend::design',NULL,'allow'),(210113,164,'Magento_Theme::theme',NULL,'allow'),(210114,164,'Magento_Backend::schedule',NULL,'allow'),(210115,164,'Magento_Backend::content_translation',NULL,'allow'),(210116,164,'Magento_Reports::report',NULL,'allow'),(210117,164,'Dotdigitalgroup_Email::reports',NULL,'deny'),(210118,164,'Dotdigitalgroup_Email::contact',NULL,'deny'),(210119,164,'Dotdigitalgroup_Email::order',NULL,'deny'),(210120,164,'Dotdigitalgroup_Email::review',NULL,'deny'),(210121,164,'Dotdigitalgroup_Email::wishlist',NULL,'deny'),(210122,164,'Dotdigitalgroup_Email::catalog',NULL,'deny'),(210123,164,'Dotdigitalgroup_Email::importer',NULL,'deny'),(210124,164,'Dotdigitalgroup_Email::campaign',NULL,'deny'),(210125,164,'Dotdigitalgroup_Email::cron',NULL,'deny'),(210126,164,'Dotdigitalgroup_Email::dashboard',NULL,'deny'),(210127,164,'Dotdigitalgroup_Email::automation_enrollment',NULL,'deny'),(210128,164,'Dotdigitalgroup_Email::logviewer',NULL,'deny'),(210129,164,'Magento_Reports::report_marketing',NULL,'deny'),(210130,164,'Magento_Reports::shopcart',NULL,'deny'),(210131,164,'Magento_Reports::product',NULL,'deny'),(210132,164,'Magento_Reports::abandoned',NULL,'deny'),(210133,164,'Magento_Reports::report_search',NULL,'deny'),(210134,164,'Magento_Newsletter::problem',NULL,'deny'),(210135,164,'Magento_Reports::review',NULL,'deny'),(210136,164,'Magento_Reports::review_customer',NULL,'deny'),(210137,164,'Magento_Reports::review_product',NULL,'deny'),(210138,164,'Magento_Reports::salesroot',NULL,'allow'),(210139,164,'Magento_Reports::salesroot_sales',NULL,'allow'),(210140,164,'Magento_Reports::tax',NULL,'allow'),(210141,164,'Magento_Reports::invoiced',NULL,'allow'),(210142,164,'Magento_Reports::shipping',NULL,'allow'),(210143,164,'Magento_Reports::refunded',NULL,'allow'),(210144,164,'Magento_Reports::coupons',NULL,'deny'),(210145,164,'Magento_Paypal::paypal_settlement_reports',NULL,'deny'),(210146,164,'Magento_Paypal::paypal_settlement_reports_view',NULL,'deny'),(210147,164,'Magento_Paypal::fetch',NULL,'deny'),(210148,164,'Magento_Braintree::settlement_report',NULL,'allow'),(210149,164,'Magento_Reports::customers',NULL,'deny'),(210150,164,'Magento_Reports::totals',NULL,'deny'),(210151,164,'Magento_Reports::customers_orders',NULL,'deny'),(210152,164,'Magento_Reports::accounts',NULL,'deny'),(210153,164,'Magento_Reports::report_products',NULL,'deny'),(210154,164,'Magento_Reports::viewed',NULL,'deny'),(210155,164,'Magento_Reports::bestsellers',NULL,'deny'),(210156,164,'Magento_Reports::lowstock',NULL,'deny'),(210157,164,'Magento_Reports::sold',NULL,'deny'),(210158,164,'Magento_Reports::downloads',NULL,'deny'),(210159,164,'Magento_Reports::statistics',NULL,'deny'),(210160,164,'Magento_Reports::statistics_refresh',NULL,'deny'),(210161,164,'Magento_Analytics::business_intelligence',NULL,'deny'),(210162,164,'Magento_Analytics::advanced_reporting',NULL,'deny'),(210163,164,'Magento_Analytics::bi_essentials',NULL,'deny'),(210164,164,'Magento_Backend::stores',NULL,'deny'),(210165,164,'Magento_Backend::stores_settings',NULL,'deny'),(210166,164,'Magento_Backend::store',NULL,'deny'),(210167,164,'Magento_Config::config',NULL,'deny'),(210168,164,'Mageserv_UPayments::ccavenue',NULL,'deny'),(210169,164,'Magento_Payment::payment',NULL,'deny'),(210170,164,'Mageplaza_Smtp::configuration',NULL,'deny'),(210171,164,'Mageplaza_LayeredNavigation::configuration',NULL,'deny'),(210172,164,'Mageplaza_CurrencyFormatter::configuration',NULL,'deny'),(210173,164,'Mageplaza_BannerSlider::bannerslider_config',NULL,'deny'),(210174,164,'Mageplaza_BetterMaintenance::configuration',NULL,'deny'),(210175,164,'Dotdigitalgroup_Email::config',NULL,'deny'),(210176,164,'Magento_Sales::fraud_protection',NULL,'deny'),(210177,164,'Magento_GoogleAnalytics::google',NULL,'deny'),(210178,164,'Magento_Newsletter::newsletter',NULL,'deny'),(210179,164,'Magento_Downloadable::downloadable',NULL,'deny'),(210180,164,'Magento_CatalogInventory::cataloginventory',NULL,'deny'),(210181,164,'Magento_Payment::payment_services',NULL,'deny'),(210182,164,'Magento_Contact::contact',NULL,'deny'),(210183,164,'Magefan_Blog::config_blog',NULL,'deny'),(210184,164,'Magento_Cms::config_cms',NULL,'deny'),(210185,164,'Magento_Catalog::config_catalog',NULL,'deny'),(210186,164,'Magento_CatalogSearch::config_catalog_search',NULL,'deny'),(210187,164,'Eadesigndev_Pdfgenerator::config_system',NULL,'deny'),(210188,164,'Magento_Shipping::carriers',NULL,'deny'),(210189,164,'Magento_Shipping::config_shipping',NULL,'deny'),(210190,164,'Magento_Shipping::shipping_policy',NULL,'deny'),(210191,164,'Magento_Multishipping::config_multishipping',NULL,'deny'),(210192,164,'Mageplaza_Core::marketplace',NULL,'deny'),(210193,164,'Mageplaza_Core::configuration',NULL,'deny'),(210194,164,'Magento_Config::config_general',NULL,'deny'),(210195,164,'Magento_Config::web',NULL,'deny'),(210196,164,'Magento_Config::config_design',NULL,'deny'),(210197,164,'Lillik_PriceDecimal::config',NULL,'deny'),(210198,164,'Magento_Customer::config_customer',NULL,'deny'),(210199,164,'Magento_Paypal::paypal',NULL,'deny'),(210200,164,'Magento_Tax::config_tax',NULL,'deny'),(210201,164,'Magento_Checkout::checkout',NULL,'deny'),(210202,164,'Magento_Persistent::persistent',NULL,'deny'),(210203,164,'Magento_Sales::config_sales',NULL,'deny'),(210204,164,'Magento_Sales::sales_email',NULL,'deny'),(210205,164,'Magento_Sales::sales_pdf',NULL,'deny'),(210206,164,'Magento_Reports::reports',NULL,'deny'),(210207,164,'Magento_Sitemap::config_sitemap',NULL,'deny'),(210208,164,'Magento_Config::config_system',NULL,'deny'),(210209,164,'Magento_Wishlist::config_wishlist',NULL,'deny'),(210210,164,'Magento_SalesRule::config_promo',NULL,'deny'),(210211,164,'Magento_Config::advanced',NULL,'deny'),(210212,164,'Magento_Config::config_admin',NULL,'deny'),(210213,164,'Magento_Config::trans_email',NULL,'deny'),(210214,164,'Magento_Config::dev',NULL,'deny'),(210215,164,'Magento_Config::currency',NULL,'deny'),(210216,164,'Magento_Rss::rss',NULL,'deny'),(210217,164,'Magento_Config::sendfriend',NULL,'deny'),(210218,164,'Magento_Analytics::analytics_settings',NULL,'deny'),(210219,164,'Magento_NewRelicReporting::config_newrelicreporting',NULL,'deny'),(210220,164,'Magento_CheckoutAgreements::checkoutagreement',NULL,'deny'),(210221,164,'Magento_Sales::order_statuses',NULL,'deny'),(210222,164,'Magento_Tax::manage_tax',NULL,'deny'),(210223,164,'Magento_CurrencySymbol::system_currency',NULL,'deny'),(210224,164,'Magento_CurrencySymbol::currency_rates',NULL,'deny'),(210225,164,'Magento_CurrencySymbol::symbols',NULL,'deny'),(210226,164,'Magento_Backend::stores_attributes',NULL,'deny'),(210227,164,'Magento_Catalog::attributes_attributes',NULL,'deny'),(210228,164,'Magento_Catalog::update_attributes',NULL,'deny'),(210229,164,'Magento_Catalog::sets',NULL,'deny'),(210230,164,'Magento_Review::ratings',NULL,'deny'),(210231,164,'Magento_Swatches::iframe',NULL,'deny'),(210232,164,'Magento_Backend::stores_other_settings',NULL,'deny'),(210233,164,'Magento_Customer::group',NULL,'deny'),(210234,164,'Magento_Backend::system',NULL,'deny'),(210235,164,'Magento_Backend::convert',NULL,'deny'),(210236,164,'Magento_ImportExport::import',NULL,'deny'),(210237,164,'Magento_ImportExport::export',NULL,'deny'),(210238,164,'Magento_TaxImportExport::import_export',NULL,'deny'),(210239,164,'Magento_ImportExport::history',NULL,'deny'),(210240,164,'Magento_Backend::extensions',NULL,'deny'),(210241,164,'Magento_Backend::local',NULL,'deny'),(210242,164,'Magento_Backend::custom',NULL,'deny'),(210243,164,'Magento_Integration::extensions',NULL,'deny'),(210244,164,'Magento_Integration::integrations',NULL,'deny'),(210245,164,'Magento_Backend::tools',NULL,'deny'),(210246,164,'Magento_Backend::cache',NULL,'deny'),(210247,164,'Magento_Backend::main_actions',NULL,'deny'),(210248,164,'Magento_Backend::flush_cache_storage',NULL,'deny'),(210249,164,'Magento_Backend::flush_magento_cache',NULL,'deny'),(210250,164,'Magento_Backend::mass_actions',NULL,'deny'),(210251,164,'Magento_Backend::toggling_cache_type',NULL,'deny'),(210252,164,'Magento_Backend::refresh_cache_type',NULL,'deny'),(210253,164,'Magento_Backend::additional_cache_management',NULL,'deny'),(210254,164,'Magento_Backend::flush_catalog_images',NULL,'deny'),(210255,164,'Magento_Backend::flush_js_css',NULL,'deny'),(210256,164,'Magento_Backend::flush_static_files',NULL,'deny'),(210257,164,'Magento_Backend::setup_wizard',NULL,'deny'),(210258,164,'Magento_Indexer::index',NULL,'deny'),(210259,164,'Magento_Backup::backup',NULL,'deny'),(210260,164,'Magento_Backup::rollback',NULL,'deny'),(210261,164,'Magento_Indexer::changeMode',NULL,'deny'),(210262,164,'Magento_User::acl',NULL,'deny'),(210263,164,'Magento_User::acl_users',NULL,'deny'),(210264,164,'Magento_User::locks',NULL,'deny'),(210265,164,'Magento_User::acl_roles',NULL,'deny'),(210266,164,'Magento_Backend::system_other_settings',NULL,'deny'),(210267,164,'Magento_AdminNotification::adminnotification',NULL,'deny'),(210268,164,'Magento_AdminNotification::show_toolbar',NULL,'deny'),(210269,164,'Magento_AdminNotification::show_list',NULL,'deny'),(210270,164,'Magento_AdminNotification::mark_as_read',NULL,'deny'),(210271,164,'Magento_AdminNotification::adminnotification_remove',NULL,'deny'),(210272,164,'Magento_Variable::variable',NULL,'deny'),(210273,164,'Magento_EncryptionKey::crypt_key',NULL,'deny'),(210274,164,'Magento_Backend::global_search',NULL,'deny'),(210807,316,'Magento_Backend::all',NULL,'deny'),(210808,316,'Magento_Backend::admin',NULL,'allow'),(210809,316,'Magento_Backend::dashboard',NULL,'deny'),(210810,316,'Magento_Analytics::analytics',NULL,'deny'),(210811,316,'Magento_Analytics::analytics_api',NULL,'deny'),(210812,316,'Magento_Sales::sales',NULL,'deny'),(210813,316,'Magento_Sales::sales_operation',NULL,'deny'),(210814,316,'Magento_Sales::sales_order',NULL,'deny'),(210815,316,'Magento_Sales::actions',NULL,'deny'),(210816,316,'Magento_Sales::create',NULL,'deny'),(210817,316,'Magento_Sales::actions_view',NULL,'deny'),(210818,316,'Magento_Sales::email',NULL,'deny'),(210819,316,'Magento_Sales::reorder',NULL,'deny'),(210820,316,'Magento_Sales::actions_edit',NULL,'deny'),(210821,316,'Magento_Sales::cancel',NULL,'deny'),(210822,316,'Magento_Sales::review_payment',NULL,'deny'),(210823,316,'Magento_Sales::capture',NULL,'deny'),(210824,316,'Magento_Sales::invoice',NULL,'deny'),(210825,316,'Magento_Sales::creditmemo',NULL,'deny'),(210826,316,'Magento_Sales::hold',NULL,'deny'),(210827,316,'Magento_Sales::unhold',NULL,'deny'),(210828,316,'Magento_Sales::ship',NULL,'deny'),(210829,316,'Magento_Sales::comment',NULL,'deny'),(210830,316,'Magento_Sales::emails',NULL,'deny'),(210831,316,'Magento_Paypal::authorization',NULL,'deny'),(210832,316,'Magento_Sales::sales_invoice',NULL,'deny'),(210833,316,'Magento_Sales::shipment',NULL,'deny'),(210834,316,'Temando_Shipping::dispatches',NULL,'deny'),(210835,316,'Magento_Sales::sales_creditmemo',NULL,'deny'),(210836,316,'Magento_Paypal::billing_agreement',NULL,'deny'),(210837,316,'Magento_Paypal::billing_agreement_actions',NULL,'deny'),(210838,316,'Magento_Paypal::billing_agreement_actions_view',NULL,'deny'),(210839,316,'Magento_Paypal::actions_manage',NULL,'deny'),(210840,316,'Magento_Paypal::use',NULL,'deny'),(210841,316,'Magento_Sales::transactions',NULL,'deny'),(210842,316,'Magento_Sales::transactions_fetch',NULL,'deny'),(210843,316,'Magento_Catalog::catalog',NULL,'allow'),(210844,316,'Magento_Catalog::catalog_inventory',NULL,'allow'),(210845,316,'Magento_Catalog::products',NULL,'allow'),(210846,316,'Magento_Catalog::categories',NULL,'deny'),(210847,316,'Magento_Customer::customer',NULL,'deny'),(210848,316,'Magento_Customer::manage',NULL,'deny'),(210849,316,'Magento_Customer::online',NULL,'deny'),(210850,316,'Magento_Cart::cart',NULL,'deny'),(210851,316,'Magento_Cart::manage',NULL,'deny'),(210852,316,'Magento_Backend::myaccount',NULL,'deny'),(210853,316,'Magento_Backend::marketing',NULL,'deny'),(210854,316,'Magento_CatalogRule::promo',NULL,'deny'),(210855,316,'Magento_CatalogRule::promo_catalog',NULL,'deny'),(210856,316,'Magento_SalesRule::quote',NULL,'deny'),(210857,316,'Dotdigitalgroup_Email::automation',NULL,'deny'),(210858,316,'Dotdigitalgroup_Email::automation_studio',NULL,'deny'),(210859,316,'Dotdigitalgroup_Email::exclusion_rules',NULL,'deny'),(210860,316,'Magento_Backend::marketing_communications',NULL,'deny'),(210861,316,'Magento_Email::template',NULL,'deny'),(210862,316,'Magento_Newsletter::template',NULL,'deny'),(210863,316,'Magento_Newsletter::queue',NULL,'deny'),(210864,316,'Magento_Newsletter::subscriber',NULL,'deny'),(210865,316,'Magento_Backend::marketing_seo',NULL,'deny'),(210866,316,'Magento_Search::search',NULL,'deny'),(210867,316,'Magento_Search::synonyms',NULL,'deny'),(210868,316,'Magento_UrlRewrite::urlrewrite',NULL,'deny'),(210869,316,'Magento_Sitemap::sitemap',NULL,'deny'),(210870,316,'Magento_Backend::marketing_user_content',NULL,'deny'),(210871,316,'Magento_Review::reviews_all',NULL,'deny'),(210872,316,'Magento_Review::pending',NULL,'deny'),(210873,316,'Mageplaza_Core::menu',NULL,'deny'),(210874,316,'Mageplaza_Core::documentation',NULL,'deny'),(210875,316,'Mageplaza_Core::userguide',NULL,'deny'),(210876,316,'Mageplaza_Core::activate',NULL,'deny'),(210877,316,'Mageplaza_BannerSlider::bannerslider',NULL,'deny'),(210878,316,'Mageplaza_BannerSlider::banner',NULL,'deny'),(210879,316,'Mageplaza_BannerSlider::slider',NULL,'deny'),(210880,316,'Magento_Backend::content',NULL,'deny'),(210881,316,'Magento_Backend::content_elements',NULL,'deny'),(210882,316,'Magento_Cms::page',NULL,'deny'),(210883,316,'Magento_Cms::save',NULL,'deny'),(210884,316,'Magento_Cms::page_delete',NULL,'deny'),(210885,316,'Magento_Cms::block',NULL,'deny'),(210886,316,'Magento_Widget::widget_instance',NULL,'deny'),(210887,316,'Magento_Cms::media_gallery',NULL,'deny'),(210888,316,'Magefan_Blog::elements',NULL,'deny'),(210889,316,'Magefan_Blog::post',NULL,'deny'),(210890,316,'Magefan_Blog::category',NULL,'deny'),(210891,316,'Magefan_Blog::tag',NULL,'deny'),(210892,316,'Magefan_Blog::comment',NULL,'deny'),(210893,316,'Magefan_Blog::import',NULL,'deny'),(210894,316,'Magento_Backend::design',NULL,'deny'),(210895,316,'Magento_Theme::theme',NULL,'deny'),(210896,316,'Magento_Backend::schedule',NULL,'deny'),(210897,316,'Magento_Backend::content_translation',NULL,'deny'),(210898,316,'Magento_Reports::report',NULL,'deny'),(210899,316,'Dotdigitalgroup_Email::reports',NULL,'deny'),(210900,316,'Dotdigitalgroup_Email::contact',NULL,'deny'),(210901,316,'Dotdigitalgroup_Email::order',NULL,'deny'),(210902,316,'Dotdigitalgroup_Email::review',NULL,'deny'),(210903,316,'Dotdigitalgroup_Email::wishlist',NULL,'deny'),(210904,316,'Dotdigitalgroup_Email::catalog',NULL,'deny'),(210905,316,'Dotdigitalgroup_Email::importer',NULL,'deny'),(210906,316,'Dotdigitalgroup_Email::campaign',NULL,'deny'),(210907,316,'Dotdigitalgroup_Email::cron',NULL,'deny'),(210908,316,'Dotdigitalgroup_Email::dashboard',NULL,'deny'),(210909,316,'Dotdigitalgroup_Email::automation_enrollment',NULL,'deny'),(210910,316,'Dotdigitalgroup_Email::logviewer',NULL,'deny'),(210911,316,'Magento_Reports::report_marketing',NULL,'deny'),(210912,316,'Magento_Reports::shopcart',NULL,'deny'),(210913,316,'Magento_Reports::product',NULL,'deny'),(210914,316,'Magento_Reports::abandoned',NULL,'deny'),(210915,316,'Magento_Reports::report_search',NULL,'deny'),(210916,316,'Magento_Newsletter::problem',NULL,'deny'),(210917,316,'Magento_Reports::review',NULL,'deny'),(210918,316,'Magento_Reports::review_customer',NULL,'deny'),(210919,316,'Magento_Reports::review_product',NULL,'deny'),(210920,316,'Magento_Reports::salesroot',NULL,'deny'),(210921,316,'Magento_Reports::salesroot_sales',NULL,'deny'),(210922,316,'Magento_Reports::tax',NULL,'deny'),(210923,316,'Magento_Reports::invoiced',NULL,'deny'),(210924,316,'Magento_Reports::shipping',NULL,'deny'),(210925,316,'Magento_Reports::refunded',NULL,'deny'),(210926,316,'Magento_Reports::coupons',NULL,'deny'),(210927,316,'Magento_Paypal::paypal_settlement_reports',NULL,'deny'),(210928,316,'Magento_Paypal::paypal_settlement_reports_view',NULL,'deny'),(210929,316,'Magento_Paypal::fetch',NULL,'deny'),(210930,316,'Magento_Braintree::settlement_report',NULL,'deny'),(210931,316,'Magento_Reports::customers',NULL,'deny'),(210932,316,'Magento_Reports::totals',NULL,'deny'),(210933,316,'Magento_Reports::customers_orders',NULL,'deny'),(210934,316,'Magento_Reports::accounts',NULL,'deny'),(210935,316,'Magento_Reports::report_products',NULL,'deny'),(210936,316,'Magento_Reports::viewed',NULL,'deny'),(210937,316,'Magento_Reports::bestsellers',NULL,'deny'),(210938,316,'Magento_Reports::lowstock',NULL,'deny'),(210939,316,'Magento_Reports::sold',NULL,'deny'),(210940,316,'Magento_Reports::downloads',NULL,'deny'),(210941,316,'Magento_Reports::statistics',NULL,'deny'),(210942,316,'Magento_Reports::statistics_refresh',NULL,'deny'),(210943,316,'Magento_Analytics::business_intelligence',NULL,'deny'),(210944,316,'Magento_Analytics::advanced_reporting',NULL,'deny'),(210945,316,'Magento_Analytics::bi_essentials',NULL,'deny'),(210946,316,'Magento_Backend::stores',NULL,'allow'),(210947,316,'Magento_Backend::stores_settings',NULL,'allow'),(210948,316,'Magento_Backend::store',NULL,'allow'),(210949,316,'Magento_Config::config',NULL,'deny'),(210950,316,'Magento_Newsletter::newsletter',NULL,'deny'),(210951,316,'Mageplaza_CurrencyFormatter::configuration',NULL,'deny'),(210952,316,'Magento_Cms::config_cms',NULL,'deny'),(210953,316,'Magento_Contact::contact',NULL,'deny'),(210954,316,'Magento_Downloadable::downloadable',NULL,'deny'),(210955,316,'Magento_CatalogInventory::cataloginventory',NULL,'deny'),(210956,316,'Magento_Sales::fraud_protection',NULL,'deny'),(210957,316,'Dotdigitalgroup_Email::config',NULL,'deny'),(210958,316,'Mageplaza_BetterMaintenance::configuration',NULL,'deny'),(210959,316,'Mageplaza_BannerSlider::bannerslider_config',NULL,'deny'),(210960,316,'Magento_GoogleAnalytics::google',NULL,'deny'),(210961,316,'Mageserv_UPayments::ccavenue',NULL,'deny'),(210962,316,'Mageplaza_LayeredNavigation::configuration',NULL,'deny'),(210963,316,'WeltPixel_Backend::DocumentationSettings',NULL,'deny'),(210964,316,'Magento_Payment::payment_services',NULL,'deny'),(210965,316,'Magento_Payment::payment',NULL,'deny'),(210966,316,'Magefan_Blog::config_blog',NULL,'deny'),(210967,316,'Magento_Catalog::config_catalog',NULL,'deny'),(210968,316,'Magento_CatalogSearch::config_catalog_search',NULL,'deny'),(210969,316,'Magento_Shipping::carriers',NULL,'deny'),(210970,316,'Magento_Shipping::shipping_policy',NULL,'deny'),(210971,316,'Magento_Shipping::config_shipping',NULL,'deny'),(210972,316,'Magento_Multishipping::config_multishipping',NULL,'deny'),(210973,316,'Mageplaza_Core::marketplace',NULL,'deny'),(210974,316,'Mageplaza_Core::configuration',NULL,'deny'),(210975,316,'Magento_Config::config_general',NULL,'deny'),(210976,316,'Magento_Config::web',NULL,'deny'),(210977,316,'Magento_Config::config_design',NULL,'deny'),(210978,316,'Magento_Customer::config_customer',NULL,'deny'),(210979,316,'Magento_Paypal::paypal',NULL,'deny'),(210980,316,'Magento_Tax::config_tax',NULL,'deny'),(210981,316,'Magento_Checkout::checkout',NULL,'deny'),(210982,316,'Magento_Sales::config_sales',NULL,'deny'),(210983,316,'Magento_Persistent::persistent',NULL,'deny'),(210984,316,'Magento_Sales::sales_email',NULL,'deny'),(210985,316,'Magento_Sales::sales_pdf',NULL,'deny'),(210986,316,'Magento_Sitemap::config_sitemap',NULL,'deny'),(210987,316,'Magento_Reports::reports',NULL,'deny'),(210988,316,'Magento_Wishlist::config_wishlist',NULL,'deny'),(210989,316,'Magento_Config::config_system',NULL,'deny'),(210990,316,'Magento_Config::advanced',NULL,'deny'),(210991,316,'Magento_SalesRule::config_promo',NULL,'deny'),(210992,316,'Magento_Config::config_admin',NULL,'deny'),(210993,316,'Magento_Config::trans_email',NULL,'deny'),(210994,316,'Magento_Config::dev',NULL,'deny'),(210995,316,'Magento_Config::currency',NULL,'deny'),(210996,316,'Magento_Rss::rss',NULL,'deny'),(210997,316,'Magento_Config::sendfriend',NULL,'deny'),(210998,316,'Magento_Analytics::analytics_settings',NULL,'deny'),(210999,316,'WeltPixel_Quickview::QuickviewSettings',NULL,'deny'),(211000,316,'WeltPixel_Backend::DeveloperSettings',NULL,'deny'),(211001,316,'Magento_NewRelicReporting::config_newrelicreporting',NULL,'deny'),(211002,316,'Magento_CheckoutAgreements::checkoutagreement',NULL,'deny'),(211003,316,'Magento_Sales::order_statuses',NULL,'deny'),(211004,316,'Temando_Shipping::shipping',NULL,'deny'),(211005,316,'Temando_Shipping::carriers',NULL,'deny'),(211006,316,'Temando_Shipping::locations',NULL,'deny'),(211007,316,'Temando_Shipping::packaging',NULL,'deny'),(211008,316,'Magento_Tax::manage_tax',NULL,'deny'),(211009,316,'Magento_CurrencySymbol::system_currency',NULL,'deny'),(211010,316,'Magento_CurrencySymbol::currency_rates',NULL,'deny'),(211011,316,'Magento_CurrencySymbol::symbols',NULL,'deny'),(211012,316,'Magento_Backend::stores_attributes',NULL,'deny'),(211013,316,'Magento_Catalog::attributes_attributes',NULL,'deny'),(211014,316,'Magento_Catalog::update_attributes',NULL,'deny'),(211015,316,'Magento_Catalog::sets',NULL,'deny'),(211016,316,'Magento_Review::ratings',NULL,'deny'),(211017,316,'Magento_Swatches::iframe',NULL,'deny'),(211018,316,'Magento_Backend::stores_other_settings',NULL,'deny'),(211019,316,'Magento_Customer::group',NULL,'deny'),(211020,316,'Magento_Backend::system',NULL,'deny'),(211021,316,'Magento_Backend::convert',NULL,'deny'),(211022,316,'Magento_ImportExport::import',NULL,'deny'),(211023,316,'Magento_ImportExport::export',NULL,'deny'),(211024,316,'Magento_TaxImportExport::import_export',NULL,'deny'),(211025,316,'Magento_ImportExport::history',NULL,'deny'),(211026,316,'Magento_Backend::extensions',NULL,'deny'),(211027,316,'Magento_Backend::local',NULL,'deny'),(211028,316,'Magento_Backend::custom',NULL,'deny'),(211029,316,'Magento_Integration::extensions',NULL,'deny'),(211030,316,'Magento_Integration::integrations',NULL,'deny'),(211031,316,'Magento_Backend::tools',NULL,'deny'),(211032,316,'Magento_Backend::cache',NULL,'deny'),(211033,316,'Magento_Backend::main_actions',NULL,'deny'),(211034,316,'Magento_Backend::flush_cache_storage',NULL,'deny'),(211035,316,'Magento_Backend::flush_magento_cache',NULL,'deny'),(211036,316,'Magento_Backend::mass_actions',NULL,'deny'),(211037,316,'Magento_Backend::toggling_cache_type',NULL,'deny'),(211038,316,'Magento_Backend::refresh_cache_type',NULL,'deny'),(211039,316,'Magento_Backend::additional_cache_management',NULL,'deny'),(211040,316,'Magento_Backend::flush_catalog_images',NULL,'deny'),(211041,316,'Magento_Backend::flush_js_css',NULL,'deny'),(211042,316,'Magento_Backend::flush_static_files',NULL,'deny'),(211043,316,'Magento_Backend::setup_wizard',NULL,'deny'),(211044,316,'Magento_Indexer::index',NULL,'deny'),(211045,316,'Magento_Backup::backup',NULL,'deny'),(211046,316,'Magento_Backup::rollback',NULL,'deny'),(211047,316,'Magento_Indexer::changeMode',NULL,'deny'),(211048,316,'Magento_User::acl',NULL,'deny'),(211049,316,'Magento_User::acl_users',NULL,'deny'),(211050,316,'Magento_User::locks',NULL,'deny'),(211051,316,'Magento_User::acl_roles',NULL,'deny'),(211052,316,'Magento_Backend::system_other_settings',NULL,'deny'),(211053,316,'Magento_AdminNotification::adminnotification',NULL,'deny'),(211054,316,'Magento_AdminNotification::show_toolbar',NULL,'deny'),(211055,316,'Magento_AdminNotification::show_list',NULL,'deny'),(211056,316,'Magento_AdminNotification::mark_as_read',NULL,'deny'),(211057,316,'Magento_AdminNotification::adminnotification_remove',NULL,'deny'),(211058,316,'Magento_Variable::variable',NULL,'deny'),(211059,316,'Magento_EncryptionKey::crypt_key',NULL,'deny'),(211060,316,'Magento_Backend::global_search',NULL,'deny'),(211061,316,'WeltPixel_Backend::WeltPixel',NULL,'deny'),(211062,316,'WeltPixel_Backend::WeltPixel_Documentation',NULL,'deny'),(211063,316,'WeltPixel_Backend::WeltPixel_HelpCenter',NULL,'deny'),(211064,316,'WeltPixel_Backend::WeltPixel_Licenses',NULL,'deny'),(211065,316,'WeltPixel_Backend::Modules_License',NULL,'deny'),(211066,316,'WeltPixel_Backend::WeltPixel_Debugger',NULL,'deny'),(211067,316,'WeltPixel_Backend::WeltPixel_Debugger_Rewrites',NULL,'deny'),(211068,316,'WeltPixel_Backend::WeltPixel_Debugger_Modules',NULL,'deny'),(211069,316,'WeltPixel_Backend::WeltPixel_Debugger_Developer',NULL,'deny'),(211070,316,'WeltPixel_Backend::Pearl_Theme_Options',NULL,'deny'),(211071,316,'WeltPixel_Quickview::Quickview_Label',NULL,'deny'),(211072,316,'WeltPixel_Quickview::Quickview',NULL,'deny');

--
