
--
-- Table structure for table `mag2_cybersource_ideal_option`
--

CREATE TABLE `mag2_cybersource_ideal_option` (
  `id` int(10) unsigned NOT NULL AUTO_INCREMENT COMMENT 'Primary Key',
  `option_id` varchar(100) NOT NULL DEFAULT '' COMMENT 'Option Id',
  `option_name` varchar(100) NOT NULL DEFAULT '' COMMENT 'Option Name',
  `created_date` datetime DEFAULT NULL COMMENT 'Created Date',
  PRIMARY KEY (`id`)
) ENGINE=InnoDB DEFAULT CHARSET=utf8 COMMENT='IDEAL option table';

--
-- Dumping data for table `mag2_cybersource_ideal_option`
--


--
-- Table structure for table `mag2_cybersource_payment_token`
--

CREATE TABLE `mag2_cybersource_payment_token` (
  `token_id` int(10) unsigned NOT NULL AUTO_INCREMENT COMMENT 'Token Id',
  `created_date` datetime DEFAULT NULL COMMENT 'Created Date',
  `customer_id` int(11) NOT NULL DEFAULT '0' COMMENT 'Customer Id',
  `order_id` text NOT NULL COMMENT 'Order Id',
  `quote_id` text NOT NULL COMMENT 'Quote Id',
  `payment_token` text NOT NULL COMMENT 'Payment Token',
  `customer_email` text NOT NULL COMMENT 'Customer Email',
  `store_id` int(11) NOT NULL COMMENT 'Store Id',
  `card_default` int(11) NOT NULL DEFAULT '0' COMMENT 'Cart Default',
  `card_expire` int(11) NOT NULL COMMENT 'Cart Expire',
  `card_type` text NOT NULL COMMENT 'Cart Type',
  `cc_last4` text NOT NULL COMMENT 'Cc Last 4',
  `payment_type` text NOT NULL COMMENT 'Payment Type',
  `updated_date` datetime NOT NULL COMMENT 'Updated Date',
  `card_expiry_date` text COMMENT 'Card Expiry Date',
  `address_id` int(11) DEFAULT NULL COMMENT 'Address ID',
  `reference_number` text COMMENT 'Reference Number',
  `authorize_only` int(11) DEFAULT '0' COMMENT 'Authorize Only',
  `transaction_id` text COMMENT 'Transaction ID',
  `cc_number` text COMMENT 'CC Number',
  `payment_method` varchar(10) NOT NULL COMMENT 'Payment Method',
  PRIMARY KEY (`token_id`)
) ENGINE=InnoDB DEFAULT CHARSET=utf8 COMMENT='Token Table';

--
-- Dumping data for table `mag2_cybersource_payment_token`
--


--
-- Table structure for table `mag2_design_change`
--

CREATE TABLE `mag2_design_change` (
  `design_change_id` int(11) NOT NULL AUTO_INCREMENT COMMENT 'Design Change ID',
  `store_id` smallint(5) unsigned NOT NULL DEFAULT '0' COMMENT 'Store ID',
  `design` varchar(255) DEFAULT NULL COMMENT 'Design',
  `date_from` date DEFAULT NULL COMMENT 'First Date of Design Activity',
  `date_to` date DEFAULT NULL COMMENT 'Last Date of Design Activity',
  PRIMARY KEY (`design_change_id`),
  KEY `MAG2_DESIGN_CHANGE_STORE_ID` (`store_id`),
  CONSTRAINT `MAG2_DESIGN_CHANGE_STORE_ID_MAG2_STORE_STORE_ID` FOREIGN KEY (`store_id`) REFERENCES `mag2_store` (`store_id`) ON DELETE CASCADE
) ENGINE=InnoDB DEFAULT CHARSET=utf8 COMMENT='Design Changes';

--
-- Dumping data for table `mag2_design_change`
--


--
-- Table structure for table `mag2_design_config_dummy_cl`
--

CREATE TABLE `mag2_design_config_dummy_cl` (
  `version_id` int(10) unsigned NOT NULL AUTO_INCREMENT COMMENT 'Version ID',
  `entity_id` int(10) unsigned NOT NULL DEFAULT '0' COMMENT 'Entity ID',
  PRIMARY KEY (`version_id`)
) ENGINE=InnoDB DEFAULT CHARSET=utf8 COMMENT='mag2_design_config_dummy_cl';

--
-- Dumping data for table `mag2_design_config_dummy_cl`
--


--
-- Table structure for table `mag2_design_config_grid_flat`
--

CREATE TABLE `mag2_design_config_grid_flat` (
  `entity_id` int(10) unsigned NOT NULL COMMENT 'Entity ID',
  `store_website_id` int(11) DEFAULT NULL COMMENT 'Store_website_id',
  `store_group_id` int(11) DEFAULT NULL COMMENT 'Store_group_id',
  `store_id` int(11) DEFAULT NULL COMMENT 'Store_id',
  `theme_theme_id` varchar(255) DEFAULT NULL COMMENT 'Theme_theme_id',
  PRIMARY KEY (`entity_id`),
  KEY `MAG2_DESIGN_CONFIG_GRID_FLAT_STORE_WEBSITE_ID` (`store_website_id`),
  KEY `MAG2_DESIGN_CONFIG_GRID_FLAT_STORE_GROUP_ID` (`store_group_id`),
  KEY `MAG2_DESIGN_CONFIG_GRID_FLAT_STORE_ID` (`store_id`),
  FULLTEXT KEY `MAG2_DESIGN_CONFIG_GRID_FLAT_THEME_THEME_ID` (`theme_theme_id`)
) ENGINE=InnoDB DEFAULT CHARSET=utf8 COMMENT='mag2_design_config_grid_flat';

--
-- Dumping data for table `mag2_design_config_grid_flat`
--

INSERT INTO `mag2_design_config_grid_flat` VALUES (0,NULL,NULL,NULL,'4'),(1,1,NULL,NULL,'4'),(2,1,1,1,'4'),(3,1,1,2,'4');

--
-- Table structure for table `mag2_directory_country`
--

CREATE TABLE `mag2_directory_country` (
  `country_id` varchar(2) NOT NULL COMMENT 'Country ID in ISO-2',
  `iso2_code` varchar(2) DEFAULT NULL COMMENT 'Country ISO-2 format',
  `iso3_code` varchar(3) DEFAULT NULL COMMENT 'Country ISO-3',
  PRIMARY KEY (`country_id`)
) ENGINE=InnoDB DEFAULT CHARSET=utf8 COMMENT='Directory Country';

--
-- Dumping data for table `mag2_directory_country`
--

INSERT INTO `mag2_directory_country` VALUES ('AD','AD','AND'),('AE','AE','ARE'),('AF','AF','AFG'),('AG','AG','ATG'),('AI','AI','AIA'),('AL','AL','ALB'),('AM','AM','ARM'),('AN','AN','ANT'),('AO','AO','AGO'),('AQ','AQ','ATA'),('AR','AR','ARG'),('AS','AS','ASM'),('AT','AT','AUT'),('AU','AU','AUS'),('AW','AW','ABW'),('AX','AX','ALA'),('AZ','AZ','AZE'),('BA','BA','BIH'),('BB','BB','BRB'),('BD','BD','BGD'),('BE','BE','BEL'),('BF','BF','BFA'),('BG','BG','BGR'),('BH','BH','BHR'),('BI','BI','BDI'),('BJ','BJ','BEN'),('BL','BL','BLM'),('BM','BM','BMU'),('BN','BN','BRN'),('BO','BO','BOL'),('BQ','BQ','BES'),('BR','BR','BRA'),('BS','BS','BHS'),('BT','BT','BTN'),('BV','BV','BVT'),('BW','BW','BWA'),('BY','BY','BLR'),('BZ','BZ','BLZ'),('CA','CA','CAN'),('CC','CC','CCK'),('CD','CD','COD'),('CF','CF','CAF'),('CG','CG','COG'),('CH','CH','CHE'),('CI','CI','CIV'),('CK','CK','COK'),('CL','CL','CHL'),('CM','CM','CMR'),('CN','CN','CHN'),('CO','CO','COL'),('CR','CR','CRI'),('CU','CU','CUB'),('CV','CV','CPV'),('CW','CW','CUW'),('CX','CX','CXR'),('CY','CY','CYP'),('CZ','CZ','CZE'),('DE','DE','DEU'),('DJ','DJ','DJI'),('DK','DK','DNK'),('DM','DM','DMA'),('DO','DO','DOM'),('DZ','DZ','DZA'),('EC','EC','ECU'),('EE','EE','EST'),('EG','EG','EGY'),('EH','EH','ESH'),('ER','ER','ERI'),('ES','ES','ESP'),('ET','ET','ETH'),('FI','FI','FIN'),('FJ','FJ','FJI'),('FK','FK','FLK'),('FM','FM','FSM'),('FO','FO','FRO'),('FR','FR','FRA'),('GA','GA','GAB'),('GB','GB','GBR'),('GD','GD','GRD'),('GE','GE','GEO'),('GF','GF','GUF'),('GG','GG','GGY'),('GH','GH','GHA'),('GI','GI','GIB'),('GL','GL','GRL'),('GM','GM','GMB'),('GN','GN','GIN'),('GP','GP','GLP'),('GQ','GQ','GNQ'),('GR','GR','GRC'),('GS','GS','SGS'),('GT','GT','GTM'),('GU','GU','GUM'),('GW','GW','GNB'),('GY','GY','GUY'),('HK','HK','HKG'),('HM','HM','HMD'),('HN','HN','HND'),('HR','HR','HRV'),('HT','HT','HTI'),('HU','HU','HUN'),('ID','ID','IDN'),('IE','IE','IRL'),('IL','IL','ISR'),('IM','IM','IMN'),('IN','IN','IND'),('IO','IO','IOT'),('IQ','IQ','IRQ'),('IR','IR','IRN'),('IS','IS','ISL'),('IT','IT','ITA'),('JE','JE','JEY'),('JM','JM','JAM'),('JO','JO','JOR'),('JP','JP','JPN'),('KE','KE','KEN'),('KG','KG','KGZ'),('KH','KH','KHM'),('KI','KI','KIR'),('KM','KM','COM'),('KN','KN','KNA'),('KP','KP','PRK'),('KR','KR','KOR'),('KW','KW','KWT'),('KY','KY','CYM'),('KZ','KZ','KAZ'),('LA','LA','LAO'),('LB','LB','LBN'),('LC','LC','LCA'),('LI','LI','LIE'),('LK','LK','LKA'),('LR','LR','LBR'),('LS','LS','LSO'),('LT','LT','LTU'),('LU','LU','LUX'),('LV','LV','LVA'),('LY','LY','LBY'),('MA','MA','MAR'),('MC','MC','MCO'),('MD','MD','MDA'),('ME','ME','MNE'),('MF','MF','MAF'),('MG','MG','MDG'),('MH','MH','MHL'),('MK','MK','MKD'),('ML','ML','MLI'),('MM','MM','MMR'),('MN','MN','MNG'),('MO','MO','MAC'),('MP','MP','MNP'),('MQ','MQ','MTQ'),('MR','MR','MRT'),('MS','MS','MSR'),('MT','MT','MLT'),('MU','MU','MUS'),('MV','MV','MDV'),('MW','MW','MWI'),('MX','MX','MEX'),('MY','MY','MYS'),('MZ','MZ','MOZ'),('NA','NA','NAM'),('NC','NC','NCL'),('NE','NE','NER'),('NF','NF','NFK'),('NG','NG','NGA'),('NI','NI','NIC'),('NL','NL','NLD'),('NO','NO','NOR'),('NP','NP','NPL'),('NR','NR','NRU'),('NU','NU','NIU'),('NZ','NZ','NZL'),('OM','OM','OMN'),('PA','PA','PAN'),('PE','PE','PER'),('PF','PF','PYF'),('PG','PG','PNG'),('PH','PH','PHL'),('PK','PK','PAK'),('PL','PL','POL'),('PM','PM','SPM'),('PN','PN','PCN'),('PS','PS','PSE'),('PT','PT','PRT'),('PW','PW','PLW'),('PY','PY','PRY'),('QA','QA','QAT'),('RE','RE','REU'),('RO','RO','ROU'),('RS','RS','SRB'),('RU','RU','RUS'),('RW','RW','RWA'),('SA','SA','SAU'),('SB','SB','SLB'),('SC','SC','SYC'),('SD','SD','SDN'),('SE','SE','SWE'),('SG','SG','SGP'),('SH','SH','SHN'),('SI','SI','SVN'),('SJ','SJ','SJM'),('SK','SK','SVK'),('SL','SL','SLE'),('SM','SM','SMR'),('SN','SN','SEN'),('SO','SO','SOM'),('SR','SR','SUR'),('ST','ST','STP'),('SV','SV','SLV'),('SX','SX','SXM'),('SY','SY','SYR'),('SZ','SZ','SWZ'),('TC','TC','TCA'),('TD','TD','TCD'),('TF','TF','ATF'),('TG','TG','TGO'),('TH','TH','THA'),('TJ','TJ','TJK'),('TK','TK','TKL'),('TL','TL','TLS'),('TM','TM','TKM'),('TN','TN','TUN'),('TO','TO','TON'),('TR','TR','TUR'),('TT','TT','TTO'),('TV','TV','TUV'),('TW','TW','TWN'),('TZ','TZ','TZA'),('UA','UA','UKR'),('UG','UG','UGA'),('UM','UM','UMI'),('US','US','USA'),('UY','UY','URY'),('UZ','UZ','UZB'),('VA','VA','VAT'),('VC','VC','VCT'),('VE','VE','VEN'),('VG','VG','VGB'),('VI','VI','VIR'),('VN','VN','VNM'),('VU','VU','VUT'),('WF','WF','WLF'),('WS','WS','WSM'),('XK','XK','XKX'),('YE','YE','YEM'),('YT','YT','MYT'),('ZA','ZA','ZAF'),('ZM','ZM','ZMB'),('ZW','ZW','ZWE');

--
-- Table structure for table `mag2_directory_country_format`
--

CREATE TABLE `mag2_directory_country_format` (
  `country_format_id` int(10) unsigned NOT NULL AUTO_INCREMENT COMMENT 'Country Format ID',
  `country_id` varchar(2) DEFAULT NULL COMMENT 'Country ID in ISO-2',
  `type` varchar(30) DEFAULT NULL COMMENT 'Country Format Type',
  `format` text NOT NULL COMMENT 'Country Format',
  PRIMARY KEY (`country_format_id`),
  UNIQUE KEY `MAG2_DIRECTORY_COUNTRY_FORMAT_COUNTRY_ID_TYPE` (`country_id`,`type`)
) ENGINE=InnoDB DEFAULT CHARSET=utf8 COMMENT='Directory Country Format';

--
-- Dumping data for table `mag2_directory_country_format`
--


--
-- Table structure for table `mag2_directory_country_region`
--

CREATE TABLE `mag2_directory_country_region` (
  `region_id` int(10) unsigned NOT NULL AUTO_INCREMENT COMMENT 'Region ID',
  `country_id` varchar(4) NOT NULL DEFAULT '0' COMMENT 'Country ID in ISO-2',
  `code` varchar(32) DEFAULT NULL COMMENT 'Region code',
  `default_name` varchar(255) DEFAULT NULL COMMENT 'Region Name',
  PRIMARY KEY (`region_id`),
  KEY `MAG2_DIRECTORY_COUNTRY_REGION_COUNTRY_ID` (`country_id`)
) ENGINE=InnoDB AUTO_INCREMENT=832 DEFAULT CHARSET=utf8 COMMENT='Directory Country Region';

--
-- Dumping data for table `mag2_directory_country_region`
--

INSERT INTO `mag2_directory_country_region` VALUES (1,'US','AL','Alabama'),(2,'US','AK','Alaska'),(3,'US','AS','American Samoa'),(4,'US','AZ','Arizona'),(5,'US','AR','Arkansas'),(6,'US','AE','Armed Forces Africa'),(7,'US','AA','Armed Forces Americas'),(8,'US','AE','Armed Forces Canada'),(9,'US','AE','Armed Forces Europe'),(10,'US','AE','Armed Forces Middle East'),(11,'US','AP','Armed Forces Pacific'),(12,'US','CA','California'),(13,'US','CO','Colorado'),(14,'US','CT','Connecticut'),(15,'US','DE','Delaware'),(16,'US','DC','District of Columbia'),(17,'US','FM','Federated States Of Micronesia'),(18,'US','FL','Florida'),(19,'US','GA','Georgia'),(20,'US','GU','Guam'),(21,'US','HI','Hawaii'),(22,'US','ID','Idaho'),(23,'US','IL','Illinois'),(24,'US','IN','Indiana'),(25,'US','IA','Iowa'),(26,'US','KS','Kansas'),(27,'US','KY','Kentucky'),(28,'US','LA','Louisiana'),(29,'US','ME','Maine'),(30,'US','MH','Marshall Islands'),(31,'US','MD','Maryland'),(32,'US','MA','Massachusetts'),(33,'US','MI','Michigan'),(34,'US','MN','Minnesota'),(35,'US','MS','Mississippi'),(36,'US','MO','Missouri'),(37,'US','MT','Montana'),(38,'US','NE','Nebraska'),(39,'US','NV','Nevada'),(40,'US','NH','New Hampshire'),(41,'US','NJ','New Jersey'),(42,'US','NM','New Mexico'),(43,'US','NY','New York'),(44,'US','NC','North Carolina'),(45,'US','ND','North Dakota'),(46,'US','MP','Northern Mariana Islands'),(47,'US','OH','Ohio'),(48,'US','OK','Oklahoma'),(49,'US','OR','Oregon'),(50,'US','PW','Palau'),(51,'US','PA','Pennsylvania'),(52,'US','PR','Puerto Rico'),(53,'US','RI','Rhode Island'),(54,'US','SC','South Carolina'),(55,'US','SD','South Dakota'),(56,'US','TN','Tennessee'),(57,'US','TX','Texas'),(58,'US','UT','Utah'),(59,'US','VT','Vermont'),(60,'US','VI','Virgin Islands'),(61,'US','VA','Virginia'),(62,'US','WA','Washington'),(63,'US','WV','West Virginia'),(64,'US','WI','Wisconsin'),(65,'US','WY','Wyoming'),(66,'CA','AB','Alberta'),(67,'CA','BC','British Columbia'),(68,'CA','MB','Manitoba'),(69,'CA','NL','Newfoundland and Labrador'),(70,'CA','NB','New Brunswick'),(71,'CA','NS','Nova Scotia'),(72,'CA','NT','Northwest Territories'),(73,'CA','NU','Nunavut'),(74,'CA','ON','Ontario'),(75,'CA','PE','Prince Edward Island'),(76,'CA','QC','Quebec'),(77,'CA','SK','Saskatchewan'),(78,'CA','YT','Yukon Territory'),(79,'DE','NDS','Niedersachsen'),(80,'DE','BAW','Baden-Württemberg'),(81,'DE','BAY','Bayern'),(82,'DE','BER','Berlin'),(83,'DE','BRG','Brandenburg'),(84,'DE','BRE','Bremen'),(85,'DE','HAM','Hamburg'),(86,'DE','HES','Hessen'),(87,'DE','MEC','Mecklenburg-Vorpommern'),(88,'DE','NRW','Nordrhein-Westfalen'),(89,'DE','RHE','Rheinland-Pfalz'),(90,'DE','SAR','Saarland'),(91,'DE','SAS','Sachsen'),(92,'DE','SAC','Sachsen-Anhalt'),(93,'DE','SCN','Schleswig-Holstein'),(94,'DE','THE','Thüringen'),(95,'AT','WI','Wien'),(96,'AT','NO','Niederösterreich'),(97,'AT','OO','Oberösterreich'),(98,'AT','SB','Salzburg'),(99,'AT','KN','Kärnten'),(100,'AT','ST','Steiermark'),(101,'AT','TI','Tirol'),(102,'AT','BL','Burgenland'),(103,'AT','VB','Vorarlberg'),(104,'CH','AG','Aargau'),(105,'CH','AI','Appenzell Innerrhoden'),(106,'CH','AR','Appenzell Ausserrhoden'),(107,'CH','BE','Bern'),(108,'CH','BL','Basel-Landschaft'),(109,'CH','BS','Basel-Stadt'),(110,'CH','FR','Freiburg'),(111,'CH','GE','Genf'),(112,'CH','GL','Glarus'),(113,'CH','GR','Graubünden'),(114,'CH','JU','Jura'),(115,'CH','LU','Luzern'),(116,'CH','NE','Neuenburg'),(117,'CH','NW','Nidwalden'),(118,'CH','OW','Obwalden'),(119,'CH','SG','St. Gallen'),(120,'CH','SH','Schaffhausen'),(121,'CH','SO','Solothurn'),(122,'CH','SZ','Schwyz'),(123,'CH','TG','Thurgau'),(124,'CH','TI','Tessin'),(125,'CH','UR','Uri'),(126,'CH','VD','Waadt'),(127,'CH','VS','Wallis'),(128,'CH','ZG','Zug'),(129,'CH','ZH','Zürich'),(130,'ES','A Coruсa','A Coruña'),(131,'ES','Alava','Alava'),(132,'ES','Albacete','Albacete'),(133,'ES','Alicante','Alicante'),(134,'ES','Almeria','Almeria'),(135,'ES','Asturias','Asturias'),(136,'ES','Avila','Avila'),(137,'ES','Badajoz','Badajoz'),(138,'ES','Baleares','Baleares'),(139,'ES','Barcelona','Barcelona'),(140,'ES','Burgos','Burgos'),(141,'ES','Caceres','Caceres'),(142,'ES','Cadiz','Cadiz'),(143,'ES','Cantabria','Cantabria'),(144,'ES','Castellon','Castellon'),(145,'ES','Ceuta','Ceuta'),(146,'ES','Ciudad Real','Ciudad Real'),(147,'ES','Cordoba','Cordoba'),(148,'ES','Cuenca','Cuenca'),(149,'ES','Girona','Girona'),(150,'ES','Granada','Granada'),(151,'ES','Guadalajara','Guadalajara'),(152,'ES','Guipuzcoa','Guipuzcoa'),(153,'ES','Huelva','Huelva'),(154,'ES','Huesca','Huesca'),(155,'ES','Jaen','Jaen'),(156,'ES','La Rioja','La Rioja'),(157,'ES','Las Palmas','Las Palmas'),(158,'ES','Leon','Leon'),(159,'ES','Lleida','Lleida'),(160,'ES','Lugo','Lugo'),(161,'ES','Madrid','Madrid'),(162,'ES','Malaga','Malaga'),(163,'ES','Melilla','Melilla'),(164,'ES','Murcia','Murcia'),(165,'ES','Navarra','Navarra'),(166,'ES','Ourense','Ourense'),(167,'ES','Palencia','Palencia'),(168,'ES','Pontevedra','Pontevedra'),(169,'ES','Salamanca','Salamanca'),(170,'ES','Santa Cruz de Tenerife','Santa Cruz de Tenerife'),(171,'ES','Segovia','Segovia'),(172,'ES','Sevilla','Sevilla'),(173,'ES','Soria','Soria'),(174,'ES','Tarragona','Tarragona'),(175,'ES','Teruel','Teruel'),(176,'ES','Toledo','Toledo'),(177,'ES','Valencia','Valencia'),(178,'ES','Valladolid','Valladolid'),(179,'ES','Vizcaya','Vizcaya'),(180,'ES','Zamora','Zamora'),(181,'ES','Zaragoza','Zaragoza'),(182,'FR','1','Ain'),(183,'FR','2','Aisne'),(184,'FR','3','Allier'),(185,'FR','4','Alpes-de-Haute-Provence'),(186,'FR','5','Hautes-Alpes'),(187,'FR','6','Alpes-Maritimes'),(188,'FR','7','Ardèche'),(189,'FR','8','Ardennes'),(190,'FR','9','Ariège'),(191,'FR','10','Aube'),(192,'FR','11','Aude'),(193,'FR','12','Aveyron'),(194,'FR','13','Bouches-du-Rhône'),(195,'FR','14','Calvados'),(196,'FR','15','Cantal'),(197,'FR','16','Charente'),(198,'FR','17','Charente-Maritime'),(199,'FR','18','Cher'),(200,'FR','19','Corrèze'),(201,'FR','2A','Corse-du-Sud'),(202,'FR','2B','Haute-Corse'),(203,'FR','21','Côte-d\'Or'),(204,'FR','22','Côtes-d\'Armor'),(205,'FR','23','Creuse'),(206,'FR','24','Dordogne'),(207,'FR','25','Doubs'),(208,'FR','26','Drôme'),(209,'FR','27','Eure'),(210,'FR','28','Eure-et-Loir'),(211,'FR','29','Finistère'),(212,'FR','30','Gard'),(213,'FR','31','Haute-Garonne'),(214,'FR','32','Gers'),(215,'FR','33','Gironde'),(216,'FR','34','Hérault'),(217,'FR','35','Ille-et-Vilaine'),(218,'FR','36','Indre'),(219,'FR','37','Indre-et-Loire'),(220,'FR','38','Isère'),(221,'FR','39','Jura'),(222,'FR','40','Landes'),(223,'FR','41','Loir-et-Cher'),(224,'FR','42','Loire'),(225,'FR','43','Haute-Loire'),(226,'FR','44','Loire-Atlantique'),(227,'FR','45','Loiret'),(228,'FR','46','Lot'),(229,'FR','47','Lot-et-Garonne'),(230,'FR','48','Lozère'),(231,'FR','49','Maine-et-Loire'),(232,'FR','50','Manche'),(233,'FR','51','Marne'),(234,'FR','52','Haute-Marne'),(235,'FR','53','Mayenne'),(236,'FR','54','Meurthe-et-Moselle'),(237,'FR','55','Meuse'),(238,'FR','56','Morbihan'),(239,'FR','57','Moselle'),(240,'FR','58','Nièvre'),(241,'FR','59','Nord'),(242,'FR','60','Oise'),(243,'FR','61','Orne'),(244,'FR','62','Pas-de-Calais'),(245,'FR','63','Puy-de-Dôme'),(246,'FR','64','Pyrénées-Atlantiques'),(247,'FR','65','Hautes-Pyrénées'),(248,'FR','66','Pyrénées-Orientales'),(249,'FR','67','Bas-Rhin'),(250,'FR','68','Haut-Rhin'),(251,'FR','69','Rhône'),(252,'FR','70','Haute-Saône'),(253,'FR','71','Saône-et-Loire'),(254,'FR','72','Sarthe'),(255,'FR','73','Savoie'),(256,'FR','74','Haute-Savoie'),(257,'FR','75','Paris'),(258,'FR','76','Seine-Maritime'),(259,'FR','77','Seine-et-Marne'),(260,'FR','78','Yvelines'),(261,'FR','79','Deux-Sèvres'),(262,'FR','80','Somme'),(263,'FR','81','Tarn'),(264,'FR','82','Tarn-et-Garonne'),(265,'FR','83','Var'),(266,'FR','84','Vaucluse'),(267,'FR','85','Vendée'),(268,'FR','86','Vienne'),(269,'FR','87','Haute-Vienne'),(270,'FR','88','Vosges'),(271,'FR','89','Yonne'),(272,'FR','90','Territoire-de-Belfort'),(273,'FR','91','Essonne'),(274,'FR','92','Hauts-de-Seine'),(275,'FR','93','Seine-Saint-Denis'),(276,'FR','94','Val-de-Marne'),(277,'FR','95','Val-d\'Oise'),(278,'RO','AB','Alba'),(279,'RO','AR','Arad'),(280,'RO','AG','Argeş'),(281,'RO','BC','Bacău'),(282,'RO','BH','Bihor'),(283,'RO','BN','Bistriţa-Năsăud'),(284,'RO','BT','Botoşani'),(285,'RO','BV','Braşov'),(286,'RO','BR','Brăila'),(287,'RO','B','Bucureşti'),(288,'RO','BZ','Buzău'),(289,'RO','CS','Caraş-Severin'),(290,'RO','CL','Călăraşi'),(291,'RO','CJ','Cluj'),(292,'RO','CT','Constanţa'),(293,'RO','CV','Covasna'),(294,'RO','DB','Dâmboviţa'),(295,'RO','DJ','Dolj'),(296,'RO','GL','Galaţi'),(297,'RO','GR','Giurgiu'),(298,'RO','GJ','Gorj'),(299,'RO','HR','Harghita'),(300,'RO','HD','Hunedoara'),(301,'RO','IL','Ialomiţa'),(302,'RO','IS','Iaşi'),(303,'RO','IF','Ilfov'),(304,'RO','MM','Maramureş'),(305,'RO','MH','Mehedinţi'),(306,'RO','MS','Mureş'),(307,'RO','NT','Neamţ'),(308,'RO','OT','Olt'),(309,'RO','PH','Prahova'),(310,'RO','SM','Satu-Mare'),(311,'RO','SJ','Sălaj'),(312,'RO','SB','Sibiu'),(313,'RO','SV','Suceava'),(314,'RO','TR','Teleorman'),(315,'RO','TM','Timiş'),(316,'RO','TL','Tulcea'),(317,'RO','VS','Vaslui'),(318,'RO','VL','Vâlcea'),(319,'RO','VN','Vrancea'),(320,'FI','Lappi','Lappi'),(321,'FI','Pohjois-Pohjanmaa','Pohjois-Pohjanmaa'),(322,'FI','Kainuu','Kainuu'),(323,'FI','Pohjois-Karjala','Pohjois-Karjala'),(324,'FI','Pohjois-Savo','Pohjois-Savo'),(325,'FI','Etelä-Savo','Etelä-Savo'),(326,'FI','Etelä-Pohjanmaa','Etelä-Pohjanmaa'),(327,'FI','Pohjanmaa','Pohjanmaa'),(328,'FI','Pirkanmaa','Pirkanmaa'),(329,'FI','Satakunta','Satakunta'),(330,'FI','Keski-Pohjanmaa','Keski-Pohjanmaa'),(331,'FI','Keski-Suomi','Keski-Suomi'),(332,'FI','Varsinais-Suomi','Varsinais-Suomi'),(333,'FI','Etelä-Karjala','Etelä-Karjala'),(334,'FI','Päijät-Häme','Päijät-Häme'),(335,'FI','Kanta-Häme','Kanta-Häme'),(336,'FI','Uusimaa','Uusimaa'),(337,'FI','Itä-Uusimaa','Itä-Uusimaa'),(338,'FI','Kymenlaakso','Kymenlaakso'),(339,'FI','Ahvenanmaa','Ahvenanmaa'),(340,'EE','EE-37','Harjumaa'),(341,'EE','EE-39','Hiiumaa'),(342,'EE','EE-44','Ida-Virumaa'),(343,'EE','EE-49','Jõgevamaa'),(344,'EE','EE-51','Järvamaa'),(345,'EE','EE-57','Läänemaa'),(346,'EE','EE-59','Lääne-Virumaa'),(347,'EE','EE-65','Põlvamaa'),(348,'EE','EE-67','Pärnumaa'),(349,'EE','EE-70','Raplamaa'),(350,'EE','EE-74','Saaremaa'),(351,'EE','EE-78','Tartumaa'),(352,'EE','EE-82','Valgamaa'),(353,'EE','EE-84','Viljandimaa'),(354,'EE','EE-86','Võrumaa'),(355,'LV','LV-DGV','Daugavpils'),(356,'LV','LV-JEL','Jelgava'),(357,'LV','Jēkabpils','Jēkabpils'),(358,'LV','LV-JUR','Jūrmala'),(359,'LV','LV-LPX','Liepāja'),(360,'LV','LV-LE','Liepājas novads'),(361,'LV','LV-REZ','Rēzekne'),(362,'LV','LV-RIX','Rīga'),(363,'LV','LV-RI','Rīgas novads'),(364,'LV','Valmiera','Valmiera'),(365,'LV','LV-VEN','Ventspils'),(366,'LV','Aglonas novads','Aglonas novads'),(367,'LV','LV-AI','Aizkraukles novads'),(368,'LV','Aizputes novads','Aizputes novads'),(369,'LV','Aknīstes novads','Aknīstes novads'),(370,'LV','Alojas novads','Alojas novads'),(371,'LV','Alsungas novads','Alsungas novads'),(372,'LV','LV-AL','Alūksnes novads'),(373,'LV','Amatas novads','Amatas novads'),(374,'LV','Apes novads','Apes novads'),(375,'LV','Auces novads','Auces novads'),(376,'LV','Babītes novads','Babītes novads'),(377,'LV','Baldones novads','Baldones novads'),(378,'LV','Baltinavas novads','Baltinavas novads'),(379,'LV','LV-BL','Balvu novads'),(380,'LV','LV-BU','Bauskas novads'),(381,'LV','Beverīnas novads','Beverīnas novads'),(382,'LV','Brocēnu novads','Brocēnu novads'),(383,'LV','Burtnieku novads','Burtnieku novads'),(384,'LV','Carnikavas novads','Carnikavas novads'),(385,'LV','Cesvaines novads','Cesvaines novads'),(386,'LV','Ciblas novads','Ciblas novads'),(387,'LV','LV-CE','Cēsu novads'),(388,'LV','Dagdas novads','Dagdas novads'),(389,'LV','LV-DA','Daugavpils novads'),(390,'LV','LV-DO','Dobeles novads'),(391,'LV','Dundagas novads','Dundagas novads'),(392,'LV','Durbes novads','Durbes novads'),(393,'LV','Engures novads','Engures novads'),(394,'LV','Garkalnes novads','Garkalnes novads'),(395,'LV','Grobiņas novads','Grobiņas novads'),(396,'LV','LV-GU','Gulbenes novads'),(397,'LV','Iecavas novads','Iecavas novads'),(398,'LV','Ikšķiles novads','Ikšķiles novads'),(399,'LV','Ilūkstes novads','Ilūkstes novads'),(400,'LV','Inčukalna novads','Inčukalna novads'),(401,'LV','Jaunjelgavas novads','Jaunjelgavas novads'),(402,'LV','Jaunpiebalgas novads','Jaunpiebalgas novads'),(403,'LV','Jaunpils novads','Jaunpils novads'),(404,'LV','LV-JL','Jelgavas novads'),(405,'LV','LV-JK','Jēkabpils novads'),(406,'LV','Kandavas novads','Kandavas novads'),(407,'LV','Kokneses novads','Kokneses novads'),(408,'LV','Krimuldas novads','Krimuldas novads'),(409,'LV','Krustpils novads','Krustpils novads'),(410,'LV','LV-KR','Krāslavas novads'),(411,'LV','LV-KU','Kuldīgas novads'),(412,'LV','Kārsavas novads','Kārsavas novads'),(413,'LV','Lielvārdes novads','Lielvārdes novads'),(414,'LV','LV-LM','Limbažu novads'),(415,'LV','Lubānas novads','Lubānas novads'),(416,'LV','LV-LU','Ludzas novads'),(417,'LV','Līgatnes novads','Līgatnes novads'),(418,'LV','Līvānu novads','Līvānu novads'),(419,'LV','LV-MA','Madonas novads'),(420,'LV','Mazsalacas novads','Mazsalacas novads'),(421,'LV','Mālpils novads','Mālpils novads'),(422,'LV','Mārupes novads','Mārupes novads'),(423,'LV','Naukšēnu novads','Naukšēnu novads'),(424,'LV','Neretas novads','Neretas novads'),(425,'LV','Nīcas novads','Nīcas novads'),(426,'LV','LV-OG','Ogres novads'),(427,'LV','Olaines novads','Olaines novads'),(428,'LV','Ozolnieku novads','Ozolnieku novads'),(429,'LV','LV-PR','Preiļu novads'),(430,'LV','Priekules novads','Priekules novads'),(431,'LV','Priekuļu novads','Priekuļu novads'),(432,'LV','Pārgaujas novads','Pārgaujas novads'),(433,'LV','Pāvilostas novads','Pāvilostas novads'),(434,'LV','Pļaviņu novads','Pļaviņu novads'),(435,'LV','Raunas novads','Raunas novads'),(436,'LV','Riebiņu novads','Riebiņu novads'),(437,'LV','Rojas novads','Rojas novads'),(438,'LV','Ropažu novads','Ropažu novads'),(439,'LV','Rucavas novads','Rucavas novads'),(440,'LV','Rugāju novads','Rugāju novads'),(441,'LV','Rundāles novads','Rundāles novads'),(442,'LV','LV-RE','Rēzeknes novads'),(443,'LV','Rūjienas novads','Rūjienas novads'),(444,'LV','Salacgrīvas novads','Salacgrīvas novads'),(445,'LV','Salas novads','Salas novads'),(446,'LV','Salaspils novads','Salaspils novads'),(447,'LV','LV-SA','Saldus novads'),(448,'LV','Saulkrastu novads','Saulkrastu novads'),(449,'LV','Siguldas novads','Siguldas novads'),(450,'LV','Skrundas novads','Skrundas novads'),(451,'LV','Skrīveru novads','Skrīveru novads'),(452,'LV','Smiltenes novads','Smiltenes novads'),(453,'LV','Stopiņu novads','Stopiņu novads'),(454,'LV','Strenču novads','Strenču novads'),(455,'LV','Sējas novads','Sējas novads'),(456,'LV','LV-TA','Talsu novads'),(457,'LV','LV-TU','Tukuma novads'),(458,'LV','Tērvetes novads','Tērvetes novads'),(459,'LV','Vaiņodes novads','Vaiņodes novads'),(460,'LV','LV-VK','Valkas novads'),(461,'LV','LV-VM','Valmieras novads'),(462,'LV','Varakļānu novads','Varakļānu novads'),(463,'LV','Vecpiebalgas novads','Vecpiebalgas novads'),(464,'LV','Vecumnieku novads','Vecumnieku novads'),(465,'LV','LV-VE','Ventspils novads'),(466,'LV','Viesītes novads','Viesītes novads'),(467,'LV','Viļakas novads','Viļakas novads'),(468,'LV','Viļānu novads','Viļānu novads'),(469,'LV','Vārkavas novads','Vārkavas novads'),(470,'LV','Zilupes novads','Zilupes novads'),(471,'LV','Ādažu novads','Ādažu novads'),(472,'LV','Ērgļu novads','Ērgļu novads'),(473,'LV','Ķeguma novads','Ķeguma novads'),(474,'LV','Ķekavas novads','Ķekavas novads'),(475,'LT','LT-AL','Alytaus Apskritis'),(476,'LT','LT-KU','Kauno Apskritis'),(477,'LT','LT-KL','Klaipėdos Apskritis'),(478,'LT','LT-MR','Marijampolės Apskritis'),(479,'LT','LT-PN','Panevėžio Apskritis'),(480,'LT','LT-SA','Šiaulių Apskritis'),(481,'LT','LT-TA','Tauragės Apskritis'),(482,'LT','LT-TE','Telšių Apskritis'),(483,'LT','LT-UT','Utenos Apskritis'),(484,'LT','LT-VL','Vilniaus Apskritis'),(485,'BR','AC','Acre'),(486,'BR','AL','Alagoas'),(487,'BR','AP','Amapá'),(488,'BR','AM','Amazonas'),(489,'BR','BA','Bahia'),(490,'BR','CE','Ceará'),(491,'BR','ES','Espírito Santo'),(492,'BR','GO','Goiás'),(493,'BR','MA','Maranhão'),(494,'BR','MT','Mato Grosso'),(495,'BR','MS','Mato Grosso do Sul'),(496,'BR','MG','Minas Gerais'),(497,'BR','PA','Pará'),(498,'BR','PB','Paraíba'),(499,'BR','PR','Paraná'),(500,'BR','PE','Pernambuco'),(501,'BR','PI','Piauí'),(502,'BR','RJ','Rio de Janeiro'),(503,'BR','RN','Rio Grande do Norte'),(504,'BR','RS','Rio Grande do Sul'),(505,'BR','RO','Rondônia'),(506,'BR','RR','Roraima'),(507,'BR','SC','Santa Catarina'),(508,'BR','SP','São Paulo'),(509,'BR','SE','Sergipe'),(510,'BR','TO','Tocantins'),(511,'BR','DF','Distrito Federal'),(512,'HR','HR-01','Zagrebačka županija'),(513,'HR','HR-02','Krapinsko-zagorska županija'),(514,'HR','HR-03','Sisačko-moslavačka županija'),(515,'HR','HR-04','Karlovačka županija'),(516,'HR','HR-05','Varaždinska županija'),(517,'HR','HR-06','Koprivničko-križevačka županija'),(518,'HR','HR-07','Bjelovarsko-bilogorska županija'),(519,'HR','HR-08','Primorsko-goranska županija'),(520,'HR','HR-09','Ličko-senjska županija'),(521,'HR','HR-10','Virovitičko-podravska županija'),(522,'HR','HR-11','Požeško-slavonska županija'),(523,'HR','HR-12','Brodsko-posavska županija'),(524,'HR','HR-13','Zadarska županija'),(525,'HR','HR-14','Osječko-baranjska županija'),(526,'HR','HR-15','Šibensko-kninska županija'),(527,'HR','HR-16','Vukovarsko-srijemska županija'),(528,'HR','HR-17','Splitsko-dalmatinska županija'),(529,'HR','HR-18','Istarska županija'),(530,'HR','HR-19','Dubrovačko-neretvanska županija'),(531,'HR','HR-20','Međimurska županija'),(532,'HR','HR-21','Grad Zagreb'),(533,'IN','AN','Andaman and Nicobar Islands'),(534,'IN','AP','Andhra Pradesh'),(535,'IN','AR','Arunachal Pradesh'),(536,'IN','AS','Assam'),(537,'IN','BR','Bihar'),(538,'IN','CH','Chandigarh'),(539,'IN','CT','Chhattisgarh'),(540,'IN','DN','Dadra and Nagar Haveli'),(541,'IN','DD','Daman and Diu'),(542,'IN','DL','Delhi'),(543,'IN','GA','Goa'),(544,'IN','GJ','Gujarat'),(545,'IN','HR','Haryana'),(546,'IN','HP','Himachal Pradesh'),(547,'IN','JK','Jammu and Kashmir'),(548,'IN','JH','Jharkhand'),(549,'IN','KA','Karnataka'),(550,'IN','KL','Kerala'),(551,'IN','LD','Lakshadweep'),(552,'IN','MP','Madhya Pradesh'),(553,'IN','MH','Maharashtra'),(554,'IN','MN','Manipur'),(555,'IN','ML','Meghalaya'),(556,'IN','MZ','Mizoram'),(557,'IN','NL','Nagaland'),(558,'IN','OR','Odisha'),(559,'IN','PY','Puducherry'),(560,'IN','PB','Punjab'),(561,'IN','RJ','Rajasthan'),(562,'IN','SK','Sikkim'),(563,'IN','TN','Tamil Nadu'),(564,'IN','TG','Telangana'),(565,'IN','TR','Tripura'),(566,'IN','UP','Uttar Pradesh'),(567,'IN','UT','Uttarakhand'),(568,'IN','WB','West Bengal'),(569,'BE','VAN','Antwerpen'),(570,'BE','WBR','Brabant wallon'),(571,'BE','BRU','Brussels-Capital Region'),(572,'BE','WHT','Hainaut'),(573,'BE','VLI','Limburg'),(574,'BE','WLG','Liège'),(575,'BE','WLX','Luxembourg'),(576,'BE','WNA','Namur'),(577,'BE','VOV','Oost-Vlaanderen'),(578,'BE','VBR','Vlaams-Brabant'),(579,'BE','VWV','West-Vlaanderen'),(580,'BG','BG-01','Blagoevgrad'),(581,'BG','BG-02','Burgas'),(582,'BG','BG-03','Varna'),(583,'BG','BG-04','Veliko Tarnovo'),(584,'BG','BG-05','Vidin'),(585,'BG','BG-06','Vratsa'),(586,'BG','BG-07','Gabrovo'),(587,'BG','BG-08','Dobrich'),(588,'BG','BG-09','Kardzhali'),(589,'BG','BG-10','Kyustendil'),(590,'BG','BG-11','Lovech'),(591,'BG','BG-12','Montana'),(592,'BG','BG-13','Pazardzhik'),(593,'BG','BG-14','Pernik'),(594,'BG','BG-15','Pleven'),(595,'BG','BG-16','Plovdiv'),(596,'BG','BG-17','Razgrad'),(597,'BG','BG-18','Ruse'),(598,'BG','BG-19','Silistra'),(599,'BG','BG-20','Sliven'),(600,'BG','BG-21','Smolyan'),(601,'BG','BG-22','Sofia City'),(602,'BG','BG-23','Sofia Province'),(603,'BG','BG-24','Stara Zagora'),(604,'BG','BG-25','Targovishte'),(605,'BG','BG-26','Haskovo'),(606,'BG','BG-27','Shumen'),(607,'BG','BG-28','Yambol'),(608,'CN','CN-AH','Anhui Sheng'),(609,'CN','CN-BJ','Beijing Shi'),(610,'CN','CN-CQ','Chongqing Shi'),(611,'CN','CN-FJ','Fujian Sheng'),(612,'CN','CN-GS','Gansu Sheng'),(613,'CN','CN-GD','Guangdong Sheng'),(614,'CN','CN-GX','Guangxi Zhuangzu Zizhiqu'),(615,'CN','CN-GZ','Guizhou Sheng'),(616,'CN','CN-HI','Hainan Sheng'),(617,'CN','CN-HE','Hebei Sheng'),(618,'CN','CN-HL','Heilongjiang Sheng'),(619,'CN','CN-HA','Henan Sheng'),(620,'CN','CN-HK','Hong Kong SAR'),(621,'CN','CN-HB','Hubei Sheng'),(622,'CN','CN-HN','Hunan Sheng'),(623,'CN','CN-JS','Jiangsu Sheng'),(624,'CN','CN-JX','Jiangxi Sheng'),(625,'CN','CN-JL','Jilin Sheng'),(626,'CN','CN-LN','Liaoning Sheng'),(627,'CN','CN-MO','Macao SAR'),(628,'CN','CN-NM','Nei Mongol Zizhiqu'),(629,'CN','CN-NX','Ningxia Huizi Zizhiqu'),(630,'CN','CN-QH','Qinghai Sheng'),(631,'CN','CN-SN','Shaanxi Sheng'),(632,'CN','CN-SD','Shandong Sheng'),(633,'CN','CN-SH','Shanghai Shi'),(634,'CN','CN-SX','Shanxi Sheng'),(635,'CN','CN-SC','Sichuan Sheng'),(636,'CN','CN-TW','Taiwan Sheng'),(637,'CN','CN-TJ','Tianjin Shi'),(638,'CN','CN-XJ','Xinjiang Uygur Zizhiqu'),(639,'CN','CN-XZ','Xizang Zizhiqu'),(640,'CN','CN-YN','Yunnan Sheng'),(641,'CN','CN-ZJ','Zhejiang Sheng'),(642,'CO','CO-AMA','Amazonas'),(643,'CO','CO-ANT','Antioquia'),(644,'CO','CO-ARA','Arauca'),(645,'CO','CO-ATL','Atlántico'),(646,'CO','CO-BOL','Bolívar'),(647,'CO','CO-BOY','Boyacá'),(648,'CO','CO-CAL','Caldas'),(649,'CO','CO-CAQ','Caquetá'),(650,'CO','CO-CAS','Casanare'),(651,'CO','CO-CAU','Cauca'),(652,'CO','CO-CES','Cesar'),(653,'CO','CO-CHO','Chocó'),(654,'CO','CO-COR','Córdoba'),(655,'CO','CO-CUN','Cundinamarca'),(656,'CO','CO-GUA','Guainía'),(657,'CO','CO-GUV','Guaviare'),(658,'CO','CO-HUL','Huila'),(659,'CO','CO-LAG','La Guajira'),(660,'CO','CO-MAG','Magdalena'),(661,'CO','CO-MET','Meta'),(662,'CO','CO-NAR','Nariño'),(663,'CO','CO-NSA','Norte de Santander'),(664,'CO','CO-PUT','Putumayo'),(665,'CO','CO-QUI','Quindío'),(666,'CO','CO-RIS','Risaralda'),(667,'CO','CO-SAP','San Andrés y Providencia'),(668,'CO','CO-SAN','Santander'),(669,'CO','CO-SUC','Sucre'),(670,'CO','CO-TOL','Tolima'),(671,'CO','CO-VAC','Valle del Cauca'),(672,'CO','CO-VAU','Vaupés'),(673,'CO','CO-VID','Vichada'),(674,'IT','AG','Agrigento'),(675,'IT','AL','Alessandria'),(676,'IT','AN','Ancona'),(677,'IT','AO','Aosta'),(678,'IT','AQ','L\'Aquila'),(679,'IT','AR','Arezzo'),(680,'IT','AP','Ascoli-Piceno'),(681,'IT','AT','Asti'),(682,'IT','AV','Avellino'),(683,'IT','BA','Bari'),(684,'IT','BT','Barletta-Andria-Trani'),(685,'IT','BL','Belluno'),(686,'IT','BN','Benevento'),(687,'IT','BG','Bergamo'),(688,'IT','BI','Biella'),(689,'IT','BO','Bologna'),(690,'IT','BZ','Bolzano'),(691,'IT','BS','Brescia'),(692,'IT','BR','Brindisi'),(693,'IT','CA','Cagliari'),(694,'IT','CL','Caltanissetta'),(695,'IT','CB','Campobasso'),(696,'IT','CI','Carbonia Iglesias'),(697,'IT','CE','Caserta'),(698,'IT','CT','Catania'),(699,'IT','CZ','Catanzaro'),(700,'IT','CH','Chieti'),(701,'IT','CO','Como'),(702,'IT','CS','Cosenza'),(703,'IT','CR','Cremona'),(704,'IT','KR','Crotone'),(705,'IT','CN','Cuneo'),(706,'IT','EN','Enna'),(707,'IT','FM','Fermo'),(708,'IT','FE','Ferrara'),(709,'IT','FI','Firenze'),(710,'IT','FG','Foggia'),(711,'IT','FC','Forli-Cesena'),(712,'IT','FR','Frosinone'),(713,'IT','GE','Genova'),(714,'IT','GO','Gorizia'),(715,'IT','GR','Grosseto'),(716,'IT','IM','Imperia'),(717,'IT','IS','Isernia'),(718,'IT','SP','La-Spezia'),(719,'IT','LT','Latina'),(720,'IT','LE','Lecce'),(721,'IT','LC','Lecco'),(722,'IT','LI','Livorno'),(723,'IT','LO','Lodi'),(724,'IT','LU','Lucca'),(725,'IT','MC','Macerata'),(726,'IT','MN','Mantova'),(727,'IT','MS','Massa-Carrara'),(728,'IT','MT','Matera'),(729,'IT','VS','Medio Campidano'),(730,'IT','ME','Messina'),(731,'IT','MI','Milano'),(732,'IT','MO','Modena'),(733,'IT','MB','Monza-Brianza'),(734,'IT','NA','Napoli'),(735,'IT','NO','Novara'),(736,'IT','NU','Nuoro'),(737,'IT','OG','Ogliastra'),(738,'IT','OT','Olbia Tempio'),(739,'IT','OR','Oristano'),(740,'IT','PD','Padova'),(741,'IT','PA','Palermo'),(742,'IT','PR','Parma'),(743,'IT','PV','Pavia'),(744,'IT','PG','Perugia'),(745,'IT','PU','Pesaro-Urbino'),(746,'IT','PE','Pescara'),(747,'IT','PC','Piacenza'),(748,'IT','PI','Pisa'),(749,'IT','PT','Pistoia'),(750,'IT','PN','Pordenone'),(751,'IT','PZ','Potenza'),(752,'IT','PO','Prato'),(753,'IT','RG','Ragusa'),(754,'IT','RA','Ravenna'),(755,'IT','RC','Reggio-Calabria'),(756,'IT','RE','Reggio-Emilia'),(757,'IT','RI','Rieti'),(758,'IT','RN','Rimini'),(759,'IT','RM','Roma'),(760,'IT','RO','Rovigo'),(761,'IT','SA','Salerno'),(762,'IT','SS','Sassari'),(763,'IT','SV','Savona'),(764,'IT','SI','Siena'),(765,'IT','SR','Siracusa'),(766,'IT','SO','Sondrio'),(767,'IT','TA','Taranto'),(768,'IT','TE','Teramo'),(769,'IT','TR','Terni'),(770,'IT','TO','Torino'),(771,'IT','TP','Trapani'),(772,'IT','TN','Trento'),(773,'IT','TV','Treviso'),(774,'IT','TS','Trieste'),(775,'IT','UD','Udine'),(776,'IT','VA','Varese'),(777,'IT','VE','Venezia'),(778,'IT','VB','Verbania'),(779,'IT','VC','Vercelli'),(780,'IT','VR','Verona'),(781,'IT','VV','Vibo-Valentia'),(782,'IT','VI','Vicenza'),(783,'IT','VT','Viterbo'),(784,'MX','AGU','Aguascalientes'),(785,'MX','BCN','Baja California'),(786,'MX','BCS','Baja California Sur'),(787,'MX','CAM','Campeche'),(788,'MX','CHP','Chiapas'),(789,'MX','CHH','Chihuahua'),(790,'MX','CMX','Ciudad de México'),(791,'MX','COA','Coahuila'),(792,'MX','COL','Colima'),(793,'MX','DUR','Durango'),(794,'MX','MEX','Estado de México'),(795,'MX','GUA','Guanajuato'),(796,'MX','GRO','Guerrero'),(797,'MX','HID','Hidalgo'),(798,'MX','JAL','Jalisco'),(799,'MX','MIC','Michoacán'),(800,'MX','MOR','Morelos'),(801,'MX','NAY','Nayarit'),(802,'MX','NLE','Nuevo León'),(803,'MX','OAX','Oaxaca'),(804,'MX','PUE','Puebla'),(805,'MX','QUE','Querétaro'),(806,'MX','ROO','Quintana Roo'),(807,'MX','SLP','San Luis Potosí'),(808,'MX','SIN','Sinaloa'),(809,'MX','SON','Sonora'),(810,'MX','TAB','Tabasco'),(811,'MX','TAM','Tamaulipas'),(812,'MX','TLA','Tlaxcala'),(813,'MX','VER','Veracruz'),(814,'MX','YUC','Yucatán'),(815,'MX','ZAC','Zacatecas'),(816,'PL','PL-02','dolnośląskie'),(817,'PL','PL-04','kujawsko-pomorskie'),(818,'PL','PL-06','lubelskie'),(819,'PL','PL-08','lubuskie'),(820,'PL','PL-10','łódzkie'),(821,'PL','PL-12','małopolskie'),(822,'PL','PL-14','mazowieckie'),(823,'PL','PL-16','opolskie'),(824,'PL','PL-18','podkarpackie'),(825,'PL','PL-20','podlaskie'),(826,'PL','PL-22','pomorskie'),(827,'PL','PL-24','śląskie'),(828,'PL','PL-26','świętokrzyskie'),(829,'PL','PL-28','warmińsko-mazurskie'),(830,'PL','PL-30','wielkopolskie'),(831,'PL','PL-32','zachodniopomorskie');

--
-- Table structure for table `mag2_directory_country_region_name`
--

CREATE TABLE `mag2_directory_country_region_name` (
  `locale` varchar(16) NOT NULL COMMENT 'Locale',
  `region_id` int(10) unsigned NOT NULL DEFAULT '0' COMMENT 'Region ID',
  `name` varchar(255) DEFAULT NULL COMMENT 'Region Name',
  PRIMARY KEY (`locale`,`region_id`),
  KEY `MAG2_DIRECTORY_COUNTRY_REGION_NAME_REGION_ID` (`region_id`),
  CONSTRAINT `FK_F86F579019837AE1B7EFF487A1C5B299` FOREIGN KEY (`region_id`) REFERENCES `mag2_directory_country_region` (`region_id`) ON DELETE CASCADE
) ENGINE=InnoDB DEFAULT CHARSET=utf8 COMMENT='Directory Country Region Name';

--
-- Dumping data for table `mag2_directory_country_region_name`
--

INSERT INTO `mag2_directory_country_region_name` VALUES ('en_US',1,'Alabama'),('en_US',2,'Alaska'),('en_US',3,'American Samoa'),('en_US',4,'Arizona'),('en_US',5,'Arkansas'),('en_US',6,'Armed Forces Africa'),('en_US',7,'Armed Forces Americas'),('en_US',8,'Armed Forces Canada'),('en_US',9,'Armed Forces Europe'),('en_US',10,'Armed Forces Middle East'),('en_US',11,'Armed Forces Pacific'),('en_US',12,'California'),('en_US',13,'Colorado'),('en_US',14,'Connecticut'),('en_US',15,'Delaware'),('en_US',16,'District of Columbia'),('en_US',17,'Federated States Of Micronesia'),('en_US',18,'Florida'),('en_US',19,'Georgia'),('en_US',20,'Guam'),('en_US',21,'Hawaii'),('en_US',22,'Idaho'),('en_US',23,'Illinois'),('en_US',24,'Indiana'),('en_US',25,'Iowa'),('en_US',26,'Kansas'),('en_US',27,'Kentucky'),('en_US',28,'Louisiana'),('en_US',29,'Maine'),('en_US',30,'Marshall Islands'),('en_US',31,'Maryland'),('en_US',32,'Massachusetts'),('en_US',33,'Michigan'),('en_US',34,'Minnesota'),('en_US',35,'Mississippi'),('en_US',36,'Missouri'),('en_US',37,'Montana'),('en_US',38,'Nebraska'),('en_US',39,'Nevada'),('en_US',40,'New Hampshire'),('en_US',41,'New Jersey'),('en_US',42,'New Mexico'),('en_US',43,'New York'),('en_US',44,'North Carolina'),('en_US',45,'North Dakota'),('en_US',46,'Northern Mariana Islands'),('en_US',47,'Ohio'),('en_US',48,'Oklahoma'),('en_US',49,'Oregon'),('en_US',50,'Palau'),('en_US',51,'Pennsylvania'),('en_US',52,'Puerto Rico'),('en_US',53,'Rhode Island'),('en_US',54,'South Carolina'),('en_US',55,'South Dakota'),('en_US',56,'Tennessee'),('en_US',57,'Texas'),('en_US',58,'Utah'),('en_US',59,'Vermont'),('en_US',60,'Virgin Islands'),('en_US',61,'Virginia'),('en_US',62,'Washington'),('en_US',63,'West Virginia'),('en_US',64,'Wisconsin'),('en_US',65,'Wyoming'),('en_US',66,'Alberta'),('en_US',67,'British Columbia'),('en_US',68,'Manitoba'),('en_US',69,'Newfoundland and Labrador'),('en_US',70,'New Brunswick'),('en_US',71,'Nova Scotia'),('en_US',72,'Northwest Territories'),('en_US',73,'Nunavut'),('en_US',74,'Ontario'),('en_US',75,'Prince Edward Island'),('en_US',76,'Quebec'),('en_US',77,'Saskatchewan'),('en_US',78,'Yukon Territory'),('en_US',79,'Niedersachsen'),('en_US',80,'Baden-Württemberg'),('en_US',81,'Bayern'),('en_US',82,'Berlin'),('en_US',83,'Brandenburg'),('en_US',84,'Bremen'),('en_US',85,'Hamburg'),('en_US',86,'Hessen'),('en_US',87,'Mecklenburg-Vorpommern'),('en_US',88,'Nordrhein-Westfalen'),('en_US',89,'Rheinland-Pfalz'),('en_US',90,'Saarland'),('en_US',91,'Sachsen'),('en_US',92,'Sachsen-Anhalt'),('en_US',93,'Schleswig-Holstein'),('en_US',94,'Thüringen'),('en_US',95,'Wien'),('en_US',96,'Niederösterreich'),('en_US',97,'Oberösterreich'),('en_US',98,'Salzburg'),('en_US',99,'Kärnten'),('en_US',100,'Steiermark'),('en_US',101,'Tirol'),('en_US',102,'Burgenland'),('en_US',103,'Vorarlberg'),('en_US',104,'Aargau'),('en_US',105,'Appenzell Innerrhoden'),('en_US',106,'Appenzell Ausserrhoden'),('en_US',107,'Bern'),('en_US',108,'Basel-Landschaft'),('en_US',109,'Basel-Stadt'),('en_US',110,'Freiburg'),('en_US',111,'Genf'),('en_US',112,'Glarus'),('en_US',113,'Graubünden'),('en_US',114,'Jura'),('en_US',115,'Luzern'),('en_US',116,'Neuenburg'),('en_US',117,'Nidwalden'),('en_US',118,'Obwalden'),('en_US',119,'St. Gallen'),('en_US',120,'Schaffhausen'),('en_US',121,'Solothurn'),('en_US',122,'Schwyz'),('en_US',123,'Thurgau'),('en_US',124,'Tessin'),('en_US',125,'Uri'),('en_US',126,'Waadt'),('en_US',127,'Wallis'),('en_US',128,'Zug'),('en_US',129,'Zürich'),('en_US',130,'A Coruña'),('en_US',131,'Alava'),('en_US',132,'Albacete'),('en_US',133,'Alicante'),('en_US',134,'Almeria'),('en_US',135,'Asturias'),('en_US',136,'Avila'),('en_US',137,'Badajoz'),('en_US',138,'Baleares'),('en_US',139,'Barcelona'),('en_US',140,'Burgos'),('en_US',141,'Caceres'),('en_US',142,'Cadiz'),('en_US',143,'Cantabria'),('en_US',144,'Castellon'),('en_US',145,'Ceuta'),('en_US',146,'Ciudad Real'),('en_US',147,'Cordoba'),('en_US',148,'Cuenca'),('en_US',149,'Girona'),('en_US',150,'Granada'),('en_US',151,'Guadalajara'),('en_US',152,'Guipuzcoa'),('en_US',153,'Huelva'),('en_US',154,'Huesca'),('en_US',155,'Jaen'),('en_US',156,'La Rioja'),('en_US',157,'Las Palmas'),('en_US',158,'Leon'),('en_US',159,'Lleida'),('en_US',160,'Lugo'),('en_US',161,'Madrid'),('en_US',162,'Malaga'),('en_US',163,'Melilla'),('en_US',164,'Murcia'),('en_US',165,'Navarra'),('en_US',166,'Ourense'),('en_US',167,'Palencia'),('en_US',168,'Pontevedra'),('en_US',169,'Salamanca'),('en_US',170,'Santa Cruz de Tenerife'),('en_US',171,'Segovia'),('en_US',172,'Sevilla'),('en_US',173,'Soria'),('en_US',174,'Tarragona'),('en_US',175,'Teruel'),('en_US',176,'Toledo'),('en_US',177,'Valencia'),('en_US',178,'Valladolid'),('en_US',179,'Vizcaya'),('en_US',180,'Zamora'),('en_US',181,'Zaragoza'),('en_US',182,'Ain'),('en_US',183,'Aisne'),('en_US',184,'Allier'),('en_US',185,'Alpes-de-Haute-Provence'),('en_US',186,'Hautes-Alpes'),('en_US',187,'Alpes-Maritimes'),('en_US',188,'Ardèche'),('en_US',189,'Ardennes'),('en_US',190,'Ariège'),('en_US',191,'Aube'),('en_US',192,'Aude'),('en_US',193,'Aveyron'),('en_US',194,'Bouches-du-Rhône'),('en_US',195,'Calvados'),('en_US',196,'Cantal'),('en_US',197,'Charente'),('en_US',198,'Charente-Maritime'),('en_US',199,'Cher'),('en_US',200,'Corrèze'),('en_US',201,'Corse-du-Sud'),('en_US',202,'Haute-Corse'),('en_US',203,'Côte-d\'Or'),('en_US',204,'Côtes-d\'Armor'),('en_US',205,'Creuse'),('en_US',206,'Dordogne'),('en_US',207,'Doubs'),('en_US',208,'Drôme'),('en_US',209,'Eure'),('en_US',210,'Eure-et-Loir'),('en_US',211,'Finistère'),('en_US',212,'Gard'),('en_US',213,'Haute-Garonne'),('en_US',214,'Gers'),('en_US',215,'Gironde'),('en_US',216,'Hérault'),('en_US',217,'Ille-et-Vilaine'),('en_US',218,'Indre'),('en_US',219,'Indre-et-Loire'),('en_US',220,'Isère'),('en_US',221,'Jura'),('en_US',222,'Landes'),('en_US',223,'Loir-et-Cher'),('en_US',224,'Loire'),('en_US',225,'Haute-Loire'),('en_US',226,'Loire-Atlantique'),('en_US',227,'Loiret'),('en_US',228,'Lot'),('en_US',229,'Lot-et-Garonne'),('en_US',230,'Lozère'),('en_US',231,'Maine-et-Loire'),('en_US',232,'Manche'),('en_US',233,'Marne'),('en_US',234,'Haute-Marne'),('en_US',235,'Mayenne'),('en_US',236,'Meurthe-et-Moselle'),('en_US',237,'Meuse'),('en_US',238,'Morbihan'),('en_US',239,'Moselle'),('en_US',240,'Nièvre'),('en_US',241,'Nord'),('en_US',242,'Oise'),('en_US',243,'Orne'),('en_US',244,'Pas-de-Calais'),('en_US',245,'Puy-de-Dôme'),('en_US',246,'Pyrénées-Atlantiques'),('en_US',247,'Hautes-Pyrénées'),('en_US',248,'Pyrénées-Orientales'),('en_US',249,'Bas-Rhin'),('en_US',250,'Haut-Rhin'),('en_US',251,'Rhône'),('en_US',252,'Haute-Saône'),('en_US',253,'Saône-et-Loire'),('en_US',254,'Sarthe'),('en_US',255,'Savoie'),('en_US',256,'Haute-Savoie'),('en_US',257,'Paris'),('en_US',258,'Seine-Maritime'),('en_US',259,'Seine-et-Marne'),('en_US',260,'Yvelines'),('en_US',261,'Deux-Sèvres'),('en_US',262,'Somme'),('en_US',263,'Tarn'),('en_US',264,'Tarn-et-Garonne'),('en_US',265,'Var'),('en_US',266,'Vaucluse'),('en_US',267,'Vendée'),('en_US',268,'Vienne'),('en_US',269,'Haute-Vienne'),('en_US',270,'Vosges'),('en_US',271,'Yonne'),('en_US',272,'Territoire-de-Belfort'),('en_US',273,'Essonne'),('en_US',274,'Hauts-de-Seine'),('en_US',275,'Seine-Saint-Denis'),('en_US',276,'Val-de-Marne'),('en_US',277,'Val-d\'Oise'),('en_US',278,'Alba'),('en_US',279,'Arad'),('en_US',280,'Argeş'),('en_US',281,'Bacău'),('en_US',282,'Bihor'),('en_US',283,'Bistriţa-Năsăud'),('en_US',284,'Botoşani'),('en_US',285,'Braşov'),('en_US',286,'Brăila'),('en_US',287,'Bucureşti'),('en_US',288,'Buzău'),('en_US',289,'Caraş-Severin'),('en_US',290,'Călăraşi'),('en_US',291,'Cluj'),('en_US',292,'Constanţa'),('en_US',293,'Covasna'),('en_US',294,'Dâmboviţa'),('en_US',295,'Dolj'),('en_US',296,'Galaţi'),('en_US',297,'Giurgiu'),('en_US',298,'Gorj'),('en_US',299,'Harghita'),('en_US',300,'Hunedoara'),('en_US',301,'Ialomiţa'),('en_US',302,'Iaşi'),('en_US',303,'Ilfov'),('en_US',304,'Maramureş'),('en_US',305,'Mehedinţi'),('en_US',306,'Mureş'),('en_US',307,'Neamţ'),('en_US',308,'Olt'),('en_US',309,'Prahova'),('en_US',310,'Satu-Mare'),('en_US',311,'Sălaj'),('en_US',312,'Sibiu'),('en_US',313,'Suceava'),('en_US',314,'Teleorman'),('en_US',315,'Timiş'),('en_US',316,'Tulcea'),('en_US',317,'Vaslui'),('en_US',318,'Vâlcea'),('en_US',319,'Vrancea'),('en_US',320,'Lappi'),('en_US',321,'Pohjois-Pohjanmaa'),('en_US',322,'Kainuu'),('en_US',323,'Pohjois-Karjala'),('en_US',324,'Pohjois-Savo'),('en_US',325,'Etelä-Savo'),('en_US',326,'Etelä-Pohjanmaa'),('en_US',327,'Pohjanmaa'),('en_US',328,'Pirkanmaa'),('en_US',329,'Satakunta'),('en_US',330,'Keski-Pohjanmaa'),('en_US',331,'Keski-Suomi'),('en_US',332,'Varsinais-Suomi'),('en_US',333,'Etelä-Karjala'),('en_US',334,'Päijät-Häme'),('en_US',335,'Kanta-Häme'),('en_US',336,'Uusimaa'),('en_US',337,'Itä-Uusimaa'),('en_US',338,'Kymenlaakso'),('en_US',339,'Ahvenanmaa'),('en_US',340,'Harjumaa'),('en_US',341,'Hiiumaa'),('en_US',342,'Ida-Virumaa'),('en_US',343,'Jõgevamaa'),('en_US',344,'Järvamaa'),('en_US',345,'Läänemaa'),('en_US',346,'Lääne-Virumaa'),('en_US',347,'Põlvamaa'),('en_US',348,'Pärnumaa'),('en_US',349,'Raplamaa'),('en_US',350,'Saaremaa'),('en_US',351,'Tartumaa'),('en_US',352,'Valgamaa'),('en_US',353,'Viljandimaa'),('en_US',354,'Võrumaa'),('en_US',355,'Daugavpils'),('en_US',356,'Jelgava'),('en_US',357,'Jēkabpils'),('en_US',358,'Jūrmala'),('en_US',359,'Liepāja'),('en_US',360,'Liepājas novads'),('en_US',361,'Rēzekne'),('en_US',362,'Rīga'),('en_US',363,'Rīgas novads'),('en_US',364,'Valmiera'),('en_US',365,'Ventspils'),('en_US',366,'Aglonas novads'),('en_US',367,'Aizkraukles novads'),('en_US',368,'Aizputes novads'),('en_US',369,'Aknīstes novads'),('en_US',370,'Alojas novads'),('en_US',371,'Alsungas novads'),('en_US',372,'Alūksnes novads'),('en_US',373,'Amatas novads'),('en_US',374,'Apes novads'),('en_US',375,'Auces novads'),('en_US',376,'Babītes novads'),('en_US',377,'Baldones novads'),('en_US',378,'Baltinavas novads'),('en_US',379,'Balvu novads'),('en_US',380,'Bauskas novads'),('en_US',381,'Beverīnas novads'),('en_US',382,'Brocēnu novads'),('en_US',383,'Burtnieku novads'),('en_US',384,'Carnikavas novads'),('en_US',385,'Cesvaines novads'),('en_US',386,'Ciblas novads'),('en_US',387,'Cēsu novads'),('en_US',388,'Dagdas novads'),('en_US',389,'Daugavpils novads'),('en_US',390,'Dobeles novads'),('en_US',391,'Dundagas novads'),('en_US',392,'Durbes novads'),('en_US',393,'Engures novads'),('en_US',394,'Garkalnes novads'),('en_US',395,'Grobiņas novads'),('en_US',396,'Gulbenes novads'),('en_US',397,'Iecavas novads'),('en_US',398,'Ikšķiles novads'),('en_US',399,'Ilūkstes novads'),('en_US',400,'Inčukalna novads'),('en_US',401,'Jaunjelgavas novads'),('en_US',402,'Jaunpiebalgas novads'),('en_US',403,'Jaunpils novads'),('en_US',404,'Jelgavas novads'),('en_US',405,'Jēkabpils novads'),('en_US',406,'Kandavas novads'),('en_US',407,'Kokneses novads'),('en_US',408,'Krimuldas novads'),('en_US',409,'Krustpils novads'),('en_US',410,'Krāslavas novads'),('en_US',411,'Kuldīgas novads'),('en_US',412,'Kārsavas novads'),('en_US',413,'Lielvārdes novads'),('en_US',414,'Limbažu novads'),('en_US',415,'Lubānas novads'),('en_US',416,'Ludzas novads'),('en_US',417,'Līgatnes novads'),('en_US',418,'Līvānu novads'),('en_US',419,'Madonas novads'),('en_US',420,'Mazsalacas novads'),('en_US',421,'Mālpils novads'),('en_US',422,'Mārupes novads'),('en_US',423,'Naukšēnu novads'),('en_US',424,'Neretas novads'),('en_US',425,'Nīcas novads'),('en_US',426,'Ogres novads'),('en_US',427,'Olaines novads'),('en_US',428,'Ozolnieku novads'),('en_US',429,'Preiļu novads'),('en_US',430,'Priekules novads'),('en_US',431,'Priekuļu novads'),('en_US',432,'Pārgaujas novads'),('en_US',433,'Pāvilostas novads'),('en_US',434,'Pļaviņu novads'),('en_US',435,'Raunas novads'),('en_US',436,'Riebiņu novads'),('en_US',437,'Rojas novads'),('en_US',438,'Ropažu novads'),('en_US',439,'Rucavas novads'),('en_US',440,'Rugāju novads'),('en_US',441,'Rundāles novads'),('en_US',442,'Rēzeknes novads'),('en_US',443,'Rūjienas novads'),('en_US',444,'Salacgrīvas novads'),('en_US',445,'Salas novads'),('en_US',446,'Salaspils novads'),('en_US',447,'Saldus novads'),('en_US',448,'Saulkrastu novads'),('en_US',449,'Siguldas novads'),('en_US',450,'Skrundas novads'),('en_US',451,'Skrīveru novads'),('en_US',452,'Smiltenes novads'),('en_US',453,'Stopiņu novads'),('en_US',454,'Strenču novads'),('en_US',455,'Sējas novads'),('en_US',456,'Talsu novads'),('en_US',457,'Tukuma novads'),('en_US',458,'Tērvetes novads'),('en_US',459,'Vaiņodes novads'),('en_US',460,'Valkas novads'),('en_US',461,'Valmieras novads'),('en_US',462,'Varakļānu novads'),('en_US',463,'Vecpiebalgas novads'),('en_US',464,'Vecumnieku novads'),('en_US',465,'Ventspils novads'),('en_US',466,'Viesītes novads'),('en_US',467,'Viļakas novads'),('en_US',468,'Viļānu novads'),('en_US',469,'Vārkavas novads'),('en_US',470,'Zilupes novads'),('en_US',471,'Ādažu novads'),('en_US',472,'Ērgļu novads'),('en_US',473,'Ķeguma novads'),('en_US',474,'Ķekavas novads'),('en_US',475,'Alytaus Apskritis'),('en_US',476,'Kauno Apskritis'),('en_US',477,'Klaipėdos Apskritis'),('en_US',478,'Marijampolės Apskritis'),('en_US',479,'Panevėžio Apskritis'),('en_US',480,'Šiaulių Apskritis'),('en_US',481,'Tauragės Apskritis'),('en_US',482,'Telšių Apskritis'),('en_US',483,'Utenos Apskritis'),('en_US',484,'Vilniaus Apskritis'),('en_US',485,'Acre'),('en_US',486,'Alagoas'),('en_US',487,'Amapá'),('en_US',488,'Amazonas'),('en_US',489,'Bahia'),('en_US',490,'Ceará'),('en_US',491,'Espírito Santo'),('en_US',492,'Goiás'),('en_US',493,'Maranhão'),('en_US',494,'Mato Grosso'),('en_US',495,'Mato Grosso do Sul'),('en_US',496,'Minas Gerais'),('en_US',497,'Pará'),('en_US',498,'Paraíba'),('en_US',499,'Paraná'),('en_US',500,'Pernambuco'),('en_US',501,'Piauí'),('en_US',502,'Rio de Janeiro'),('en_US',503,'Rio Grande do Norte'),('en_US',504,'Rio Grande do Sul'),('en_US',505,'Rondônia'),('en_US',506,'Roraima'),('en_US',507,'Santa Catarina'),('en_US',508,'São Paulo'),('en_US',509,'Sergipe'),('en_US',510,'Tocantins'),('en_US',511,'Distrito Federal'),('en_US',512,'Zagrebačka županija'),('en_US',513,'Krapinsko-zagorska županija'),('en_US',514,'Sisačko-moslavačka županija'),('en_US',515,'Karlovačka županija'),('en_US',516,'Varaždinska županija'),('en_US',517,'Koprivničko-križevačka županija'),('en_US',518,'Bjelovarsko-bilogorska županija'),('en_US',519,'Primorsko-goranska županija'),('en_US',520,'Ličko-senjska županija'),('en_US',521,'Virovitičko-podravska županija'),('en_US',522,'Požeško-slavonska županija'),('en_US',523,'Brodsko-posavska županija'),('en_US',524,'Zadarska županija'),('en_US',525,'Osječko-baranjska županija'),('en_US',526,'Šibensko-kninska županija'),('en_US',527,'Vukovarsko-srijemska županija'),('en_US',528,'Splitsko-dalmatinska županija'),('en_US',529,'Istarska županija'),('en_US',530,'Dubrovačko-neretvanska županija'),('en_US',531,'Međimurska županija'),('en_US',532,'Grad Zagreb'),('en_US',533,'Andaman and Nicobar Islands'),('en_US',534,'Andhra Pradesh'),('en_US',535,'Arunachal Pradesh'),('en_US',536,'Assam'),('en_US',537,'Bihar'),('en_US',538,'Chandigarh'),('en_US',539,'Chhattisgarh'),('en_US',540,'Dadra and Nagar Haveli'),('en_US',541,'Daman and Diu'),('en_US',542,'Delhi'),('en_US',543,'Goa'),('en_US',544,'Gujarat'),('en_US',545,'Haryana'),('en_US',546,'Himachal Pradesh'),('en_US',547,'Jammu and Kashmir'),('en_US',548,'Jharkhand'),('en_US',549,'Karnataka'),('en_US',550,'Kerala'),('en_US',551,'Lakshadweep'),('en_US',552,'Madhya Pradesh'),('en_US',553,'Maharashtra'),('en_US',554,'Manipur'),('en_US',555,'Meghalaya'),('en_US',556,'Mizoram'),('en_US',557,'Nagaland'),('en_US',558,'Odisha'),('en_US',559,'Puducherry'),('en_US',560,'Punjab'),('en_US',561,'Rajasthan'),('en_US',562,'Sikkim'),('en_US',563,'Tamil Nadu'),('en_US',564,'Telangana'),('en_US',565,'Tripura'),('en_US',566,'Uttar Pradesh'),('en_US',567,'Uttarakhand'),('en_US',568,'West Bengal'),('en_US',569,'Antwerpen'),('en_US',570,'Brabant wallon'),('en_US',571,'Brussels-Capital Region'),('en_US',572,'Hainaut'),('en_US',573,'Limburg'),('en_US',574,'Liège'),('en_US',575,'Luxembourg'),('en_US',576,'Namur'),('en_US',577,'Oost-Vlaanderen'),('en_US',578,'Vlaams-Brabant'),('en_US',579,'West-Vlaanderen'),('en_US',580,'Blagoevgrad'),('en_US',581,'Burgas'),('en_US',582,'Varna'),('en_US',583,'Veliko Tarnovo'),('en_US',584,'Vidin'),('en_US',585,'Vratsa'),('en_US',586,'Gabrovo'),('en_US',587,'Dobrich'),('en_US',588,'Kardzhali'),('en_US',589,'Kyustendil'),('en_US',590,'Lovech'),('en_US',591,'Montana'),('en_US',592,'Pazardzhik'),('en_US',593,'Pernik'),('en_US',594,'Pleven'),('en_US',595,'Plovdiv'),('en_US',596,'Razgrad'),('en_US',597,'Ruse'),('en_US',598,'Silistra'),('en_US',599,'Sliven'),('en_US',600,'Smolyan'),('en_US',601,'Sofia City'),('en_US',602,'Sofia Province'),('en_US',603,'Stara Zagora'),('en_US',604,'Targovishte'),('en_US',605,'Haskovo'),('en_US',606,'Shumen'),('en_US',607,'Yambol'),('en_US',608,'Anhui Sheng'),('en_US',609,'Beijing Shi'),('en_US',610,'Chongqing Shi'),('en_US',611,'Fujian Sheng'),('en_US',612,'Gansu Sheng'),('en_US',613,'Guangdong Sheng'),('en_US',614,'Guangxi Zhuangzu Zizhiqu'),('en_US',615,'Guizhou Sheng'),('en_US',616,'Hainan Sheng'),('en_US',617,'Hebei Sheng'),('en_US',618,'Heilongjiang Sheng'),('en_US',619,'Henan Sheng'),('en_US',620,'Hong Kong SAR'),('en_US',621,'Hubei Sheng'),('en_US',622,'Hunan Sheng'),('en_US',623,'Jiangsu Sheng'),('en_US',624,'Jiangxi Sheng'),('en_US',625,'Jilin Sheng'),('en_US',626,'Liaoning Sheng'),('en_US',627,'Macao SAR'),('en_US',628,'Nei Mongol Zizhiqu'),('en_US',629,'Ningxia Huizi Zizhiqu'),('en_US',630,'Qinghai Sheng'),('en_US',631,'Shaanxi Sheng'),('en_US',632,'Shandong Sheng'),('en_US',633,'Shanghai Shi'),('en_US',634,'Shanxi Sheng'),('en_US',635,'Sichuan Sheng'),('en_US',636,'Taiwan Sheng'),('en_US',637,'Tianjin Shi'),('en_US',638,'Xinjiang Uygur Zizhiqu'),('en_US',639,'Xizang Zizhiqu'),('en_US',640,'Yunnan Sheng'),('en_US',641,'Zhejiang Sheng'),('en_US',642,'Amazonas'),('en_US',643,'Antioquia'),('en_US',644,'Arauca'),('en_US',645,'Atlántico'),('en_US',646,'Bolívar'),('en_US',647,'Boyacá'),('en_US',648,'Caldas'),('en_US',649,'Caquetá'),('en_US',650,'Casanare'),('en_US',651,'Cauca'),('en_US',652,'Cesar'),('en_US',653,'Chocó'),('en_US',654,'Córdoba'),('en_US',655,'Cundinamarca'),('en_US',656,'Guainía'),('en_US',657,'Guaviare'),('en_US',658,'Huila'),('en_US',659,'La Guajira'),('en_US',660,'Magdalena'),('en_US',661,'Meta'),('en_US',662,'Nariño'),('en_US',663,'Norte de Santander'),('en_US',664,'Putumayo'),('en_US',665,'Quindío'),('en_US',666,'Risaralda'),('en_US',667,'San Andrés y Providencia'),('en_US',668,'Santander'),('en_US',669,'Sucre'),('en_US',670,'Tolima'),('en_US',671,'Valle del Cauca'),('en_US',672,'Vaupés'),('en_US',673,'Vichada'),('en_US',674,'Agrigento'),('en_US',675,'Alessandria'),('en_US',676,'Ancona'),('en_US',677,'Aosta'),('en_US',678,'L\'Aquila'),('en_US',679,'Arezzo'),('en_US',680,'Ascoli-Piceno'),('en_US',681,'Asti'),('en_US',682,'Avellino'),('en_US',683,'Bari'),('en_US',684,'Barletta-Andria-Trani'),('en_US',685,'Belluno'),('en_US',686,'Benevento'),('en_US',687,'Bergamo'),('en_US',688,'Biella'),('en_US',689,'Bologna'),('en_US',690,'Bolzano'),('en_US',691,'Brescia'),('en_US',692,'Brindisi'),('en_US',693,'Cagliari'),('en_US',694,'Caltanissetta'),('en_US',695,'Campobasso'),('en_US',696,'Carbonia Iglesias'),('en_US',697,'Caserta'),('en_US',698,'Catania'),('en_US',699,'Catanzaro'),('en_US',700,'Chieti'),('en_US',701,'Como'),('en_US',702,'Cosenza'),('en_US',703,'Cremona'),('en_US',704,'Crotone'),('en_US',705,'Cuneo'),('en_US',706,'Enna'),('en_US',707,'Fermo'),('en_US',708,'Ferrara'),('en_US',709,'Firenze'),('en_US',710,'Foggia'),('en_US',711,'Forli-Cesena'),('en_US',712,'Frosinone'),('en_US',713,'Genova'),('en_US',714,'Gorizia'),('en_US',715,'Grosseto'),('en_US',716,'Imperia'),('en_US',717,'Isernia'),('en_US',718,'La-Spezia'),('en_US',719,'Latina'),('en_US',720,'Lecce'),('en_US',721,'Lecco'),('en_US',722,'Livorno'),('en_US',723,'Lodi'),('en_US',724,'Lucca'),('en_US',725,'Macerata'),('en_US',726,'Mantova'),('en_US',727,'Massa-Carrara'),('en_US',728,'Matera'),('en_US',729,'Medio Campidano'),('en_US',730,'Messina'),('en_US',731,'Milano'),('en_US',732,'Modena'),('en_US',733,'Monza-Brianza'),('en_US',734,'Napoli'),('en_US',735,'Novara'),('en_US',736,'Nuoro'),('en_US',737,'Ogliastra'),('en_US',738,'Olbia Tempio'),('en_US',739,'Oristano'),('en_US',740,'Padova'),('en_US',741,'Palermo'),('en_US',742,'Parma'),('en_US',743,'Pavia'),('en_US',744,'Perugia'),('en_US',745,'Pesaro-Urbino'),('en_US',746,'Pescara'),('en_US',747,'Piacenza'),('en_US',748,'Pisa'),('en_US',749,'Pistoia'),('en_US',750,'Pordenone'),('en_US',751,'Potenza'),('en_US',752,'Prato'),('en_US',753,'Ragusa'),('en_US',754,'Ravenna'),('en_US',755,'Reggio-Calabria'),('en_US',756,'Reggio-Emilia'),('en_US',757,'Rieti'),('en_US',758,'Rimini'),('en_US',759,'Roma'),('en_US',760,'Rovigo'),('en_US',761,'Salerno'),('en_US',762,'Sassari'),('en_US',763,'Savona'),('en_US',764,'Siena'),('en_US',765,'Siracusa'),('en_US',766,'Sondrio'),('en_US',767,'Taranto'),('en_US',768,'Teramo'),('en_US',769,'Terni'),('en_US',770,'Torino'),('en_US',771,'Trapani'),('en_US',772,'Trento'),('en_US',773,'Treviso'),('en_US',774,'Trieste'),('en_US',775,'Udine'),('en_US',776,'Varese'),('en_US',777,'Venezia'),('en_US',778,'Verbania'),('en_US',779,'Vercelli'),('en_US',780,'Verona'),('en_US',781,'Vibo-Valentia'),('en_US',782,'Vicenza'),('en_US',783,'Viterbo'),('en_US',784,'Aguascalientes'),('en_US',785,'Baja California'),('en_US',786,'Baja California Sur'),('en_US',787,'Campeche'),('en_US',788,'Chiapas'),('en_US',789,'Chihuahua'),('en_US',790,'Ciudad de México'),('en_US',791,'Coahuila'),('en_US',792,'Colima'),('en_US',793,'Durango'),('en_US',794,'Estado de México'),('en_US',795,'Guanajuato'),('en_US',796,'Guerrero'),('en_US',797,'Hidalgo'),('en_US',798,'Jalisco'),('en_US',799,'Michoacán'),('en_US',800,'Morelos'),('en_US',801,'Nayarit'),('en_US',802,'Nuevo León'),('en_US',803,'Oaxaca'),('en_US',804,'Puebla'),('en_US',805,'Querétaro'),('en_US',806,'Quintana Roo'),('en_US',807,'San Luis Potosí'),('en_US',808,'Sinaloa'),('en_US',809,'Sonora'),('en_US',810,'Tabasco'),('en_US',811,'Tamaulipas'),('en_US',812,'Tlaxcala'),('en_US',813,'Veracruz'),('en_US',814,'Yucatán'),('en_US',815,'Zacatecas'),('en_US',816,'dolnośląskie'),('en_US',817,'kujawsko-pomorskie'),('en_US',818,'lubelskie'),('en_US',819,'lubuskie'),('en_US',820,'łódzkie'),('en_US',821,'małopolskie'),('en_US',822,'mazowieckie'),('en_US',823,'opolskie'),('en_US',824,'podkarpackie'),('en_US',825,'podlaskie'),('en_US',826,'pomorskie'),('en_US',827,'śląskie'),('en_US',828,'świętokrzyskie'),('en_US',829,'warmińsko-mazurskie'),('en_US',830,'wielkopolskie'),('en_US',831,'zachodniopomorskie');

--
-- Table structure for table `mag2_directory_currency_rate`
--

CREATE TABLE `mag2_directory_currency_rate` (
  `currency_from` varchar(3) NOT NULL COMMENT 'Currency Code Convert From',
  `currency_to` varchar(3) NOT NULL COMMENT 'Currency Code Convert To',
  `rate` decimal(24,12) NOT NULL DEFAULT '0.000000000000' COMMENT 'Currency Conversion Rate',
  PRIMARY KEY (`currency_from`,`currency_to`),
  KEY `MAG2_DIRECTORY_CURRENCY_RATE_CURRENCY_TO` (`currency_to`)
) ENGINE=InnoDB DEFAULT CHARSET=utf8 COMMENT='Directory Currency Rate';

--
-- Dumping data for table `mag2_directory_currency_rate`
--

INSERT INTO `mag2_directory_currency_rate` VALUES ('EUR','EUR',1.000000000000),('EUR','USD',1.415000000000),('USD','EUR',0.706700000000),('USD','USD',1.000000000000);

--
-- Table structure for table `mag2_downloadable_link`
--

CREATE TABLE `mag2_downloadable_link` (
  `link_id` int(10) unsigned NOT NULL AUTO_INCREMENT COMMENT 'Link ID',
  `product_id` int(10) unsigned NOT NULL DEFAULT '0' COMMENT 'Product ID',
  `sort_order` int(10) unsigned NOT NULL DEFAULT '0' COMMENT 'Sort order',
  `number_of_downloads` int(11) DEFAULT NULL COMMENT 'Number of downloads',
  `is_shareable` smallint(5) unsigned NOT NULL DEFAULT '0' COMMENT 'Shareable flag',
  `link_url` varchar(255) DEFAULT NULL COMMENT 'Link Url',
  `link_file` varchar(255) DEFAULT NULL COMMENT 'Link File',
  `link_type` varchar(20) DEFAULT NULL COMMENT 'Link Type',
  `sample_url` varchar(255) DEFAULT NULL COMMENT 'Sample Url',
  `sample_file` varchar(255) DEFAULT NULL COMMENT 'Sample File',
  `sample_type` varchar(20) DEFAULT NULL COMMENT 'Sample Type',
  PRIMARY KEY (`link_id`),
  KEY `MAG2_DOWNLOADABLE_LINK_PRODUCT_ID_SORT_ORDER` (`product_id`,`sort_order`),
  CONSTRAINT `MAG2_DL_LNK_PRD_ID_MAG2_CAT_PRD_ENTT_ENTT_ID` FOREIGN KEY (`product_id`) REFERENCES `mag2_catalog_product_entity` (`entity_id`) ON DELETE CASCADE
) ENGINE=InnoDB DEFAULT CHARSET=utf8 COMMENT='Downloadable Link Table';

--
-- Dumping data for table `mag2_downloadable_link`
--


--
-- Table structure for table `mag2_downloadable_link_price`
--

CREATE TABLE `mag2_downloadable_link_price` (
  `price_id` int(10) unsigned NOT NULL AUTO_INCREMENT COMMENT 'Price ID',
  `link_id` int(10) unsigned NOT NULL DEFAULT '0' COMMENT 'Link ID',
  `website_id` smallint(5) unsigned NOT NULL DEFAULT '0' COMMENT 'Website ID',
  `price` decimal(20,6) NOT NULL DEFAULT '0.000000' COMMENT 'Price',
  PRIMARY KEY (`price_id`),
  KEY `MAG2_DOWNLOADABLE_LINK_PRICE_LINK_ID` (`link_id`),
  KEY `MAG2_DOWNLOADABLE_LINK_PRICE_WEBSITE_ID` (`website_id`),
  CONSTRAINT `MAG2_DL_LNK_PRICE_LNK_ID_MAG2_DL_LNK_LNK_ID` FOREIGN KEY (`link_id`) REFERENCES `mag2_downloadable_link` (`link_id`) ON DELETE CASCADE,
  CONSTRAINT `MAG2_DL_LNK_PRICE_WS_ID_MAG2_STORE_WS_WS_ID` FOREIGN KEY (`website_id`) REFERENCES `mag2_store_website` (`website_id`) ON DELETE CASCADE
) ENGINE=InnoDB DEFAULT CHARSET=utf8 COMMENT='Downloadable Link Price Table';

--
-- Dumping data for table `mag2_downloadable_link_price`
--


--
-- Table structure for table `mag2_downloadable_link_purchased`
--

CREATE TABLE `mag2_downloadable_link_purchased` (
  `purchased_id` int(10) unsigned NOT NULL AUTO_INCREMENT COMMENT 'Purchased ID',
  `order_id` int(10) unsigned DEFAULT '0' COMMENT 'Order ID',
  `order_increment_id` varchar(50) DEFAULT NULL COMMENT 'Order Increment ID',
  `order_item_id` int(10) unsigned NOT NULL DEFAULT '0' COMMENT 'Order Item ID',
  `created_at` timestamp NOT NULL DEFAULT CURRENT_TIMESTAMP COMMENT 'Date of creation',
  `updated_at` timestamp NOT NULL DEFAULT CURRENT_TIMESTAMP ON UPDATE CURRENT_TIMESTAMP COMMENT 'Date of modification',
  `customer_id` int(10) unsigned DEFAULT '0' COMMENT 'Customer ID',
  `product_name` varchar(255) DEFAULT NULL COMMENT 'Product name',
  `product_sku` varchar(255) DEFAULT NULL COMMENT 'Product sku',
  `link_section_title` varchar(255) DEFAULT NULL COMMENT 'Link_section_title',
  PRIMARY KEY (`purchased_id`),
  KEY `MAG2_DOWNLOADABLE_LINK_PURCHASED_ORDER_ID` (`order_id`),
  KEY `MAG2_DOWNLOADABLE_LINK_PURCHASED_ORDER_ITEM_ID` (`order_item_id`),
  KEY `MAG2_DOWNLOADABLE_LINK_PURCHASED_CUSTOMER_ID` (`customer_id`),
  CONSTRAINT `MAG2_DL_LNK_PURCHASED_CSTR_ID_MAG2_CSTR_ENTT_ENTT_ID` FOREIGN KEY (`customer_id`) REFERENCES `mag2_customer_entity` (`entity_id`) ON DELETE SET NULL,
  CONSTRAINT `MAG2_DL_LNK_PURCHASED_ORDER_ID_MAG2_SALES_ORDER_ENTT_ID` FOREIGN KEY (`order_id`) REFERENCES `mag2_sales_order` (`entity_id`) ON DELETE SET NULL
) ENGINE=InnoDB DEFAULT CHARSET=utf8 COMMENT='Downloadable Link Purchased Table';

--
-- Dumping data for table `mag2_downloadable_link_purchased`
--


--
-- Table structure for table `mag2_downloadable_link_purchased_item`
--

CREATE TABLE `mag2_downloadable_link_purchased_item` (
  `item_id` int(10) unsigned NOT NULL AUTO_INCREMENT COMMENT 'Item ID',
  `purchased_id` int(10) unsigned NOT NULL DEFAULT '0' COMMENT 'Purchased ID',
  `order_item_id` int(10) unsigned DEFAULT '0' COMMENT 'Order Item ID',
  `product_id` int(10) unsigned DEFAULT '0' COMMENT 'Product ID',
  `link_hash` varchar(255) DEFAULT NULL COMMENT 'Link hash',
  `number_of_downloads_bought` int(10) unsigned NOT NULL DEFAULT '0' COMMENT 'Number of downloads bought',
  `number_of_downloads_used` int(10) unsigned NOT NULL DEFAULT '0' COMMENT 'Number of downloads used',
  `link_id` int(10) unsigned NOT NULL DEFAULT '0' COMMENT 'Link ID',
  `link_title` varchar(255) DEFAULT NULL COMMENT 'Link Title',
  `is_shareable` smallint(5) unsigned NOT NULL DEFAULT '0' COMMENT 'Shareable Flag',
  `link_url` varchar(255) DEFAULT NULL COMMENT 'Link Url',
  `link_file` varchar(255) DEFAULT NULL COMMENT 'Link File',
  `link_type` varchar(255) DEFAULT NULL COMMENT 'Link Type',
  `status` varchar(50) DEFAULT NULL COMMENT 'Status',
  `created_at` timestamp NOT NULL DEFAULT CURRENT_TIMESTAMP COMMENT 'Creation Time',
  `updated_at` timestamp NOT NULL DEFAULT CURRENT_TIMESTAMP ON UPDATE CURRENT_TIMESTAMP COMMENT 'Update Time',
  PRIMARY KEY (`item_id`),
  KEY `MAG2_DOWNLOADABLE_LINK_PURCHASED_ITEM_LINK_HASH` (`link_hash`),
  KEY `MAG2_DOWNLOADABLE_LINK_PURCHASED_ITEM_ORDER_ITEM_ID` (`order_item_id`),
  KEY `MAG2_DOWNLOADABLE_LINK_PURCHASED_ITEM_PURCHASED_ID` (`purchased_id`),
  CONSTRAINT `FK_D4BF42B8E0EC6F9754E8F1B9E8A02629` FOREIGN KEY (`purchased_id`) REFERENCES `mag2_downloadable_link_purchased` (`purchased_id`) ON DELETE CASCADE,
  CONSTRAINT `FK_F833BD15DF11B28BE2F8080D2FB10F77` FOREIGN KEY (`order_item_id`) REFERENCES `mag2_sales_order_item` (`item_id`) ON DELETE SET NULL
) ENGINE=InnoDB DEFAULT CHARSET=utf8 COMMENT='Downloadable Link Purchased Item Table';

--
-- Dumping data for table `mag2_downloadable_link_purchased_item`
--


--
-- Table structure for table `mag2_downloadable_link_title`
--

CREATE TABLE `mag2_downloadable_link_title` (
  `title_id` int(10) unsigned NOT NULL AUTO_INCREMENT COMMENT 'Title ID',
  `link_id` int(10) unsigned NOT NULL DEFAULT '0' COMMENT 'Link ID',
  `store_id` smallint(5) unsigned NOT NULL DEFAULT '0' COMMENT 'Store ID',
  `title` varchar(255) DEFAULT NULL COMMENT 'Title',
  PRIMARY KEY (`title_id`),
  UNIQUE KEY `MAG2_DOWNLOADABLE_LINK_TITLE_LINK_ID_STORE_ID` (`link_id`,`store_id`),
  KEY `MAG2_DOWNLOADABLE_LINK_TITLE_STORE_ID` (`store_id`),
  CONSTRAINT `MAG2_DL_LNK_TTL_LNK_ID_MAG2_DL_LNK_LNK_ID` FOREIGN KEY (`link_id`) REFERENCES `mag2_downloadable_link` (`link_id`) ON DELETE CASCADE,
  CONSTRAINT `MAG2_DOWNLOADABLE_LINK_TITLE_STORE_ID_MAG2_STORE_STORE_ID` FOREIGN KEY (`store_id`) REFERENCES `mag2_store` (`store_id`) ON DELETE CASCADE
) ENGINE=InnoDB DEFAULT CHARSET=utf8 COMMENT='Link Title Table';

--
-- Dumping data for table `mag2_downloadable_link_title`
--


--
-- Table structure for table `mag2_downloadable_sample`
--

CREATE TABLE `mag2_downloadable_sample` (
  `sample_id` int(10) unsigned NOT NULL AUTO_INCREMENT COMMENT 'Sample ID',
  `product_id` int(10) unsigned NOT NULL DEFAULT '0' COMMENT 'Product ID',
  `sample_url` varchar(255) DEFAULT NULL COMMENT 'Sample URL',
  `sample_file` varchar(255) DEFAULT NULL COMMENT 'Sample file',
  `sample_type` varchar(20) DEFAULT NULL COMMENT 'Sample Type',
  `sort_order` int(10) unsigned NOT NULL DEFAULT '0' COMMENT 'Sort Order',
  PRIMARY KEY (`sample_id`),
  KEY `MAG2_DOWNLOADABLE_SAMPLE_PRODUCT_ID` (`product_id`),
  CONSTRAINT `MAG2_DL_SAMPLE_PRD_ID_MAG2_CAT_PRD_ENTT_ENTT_ID` FOREIGN KEY (`product_id`) REFERENCES `mag2_catalog_product_entity` (`entity_id`) ON DELETE CASCADE
) ENGINE=InnoDB DEFAULT CHARSET=utf8 COMMENT='Downloadable Sample Table';

--
-- Dumping data for table `mag2_downloadable_sample`
--


--
-- Table structure for table `mag2_downloadable_sample_title`
--

CREATE TABLE `mag2_downloadable_sample_title` (
  `title_id` int(10) unsigned NOT NULL AUTO_INCREMENT COMMENT 'Title ID',
  `sample_id` int(10) unsigned NOT NULL DEFAULT '0' COMMENT 'Sample ID',
  `store_id` smallint(5) unsigned NOT NULL DEFAULT '0' COMMENT 'Store ID',
  `title` varchar(255) DEFAULT NULL COMMENT 'Title',
  PRIMARY KEY (`title_id`),
  UNIQUE KEY `MAG2_DOWNLOADABLE_SAMPLE_TITLE_SAMPLE_ID_STORE_ID` (`sample_id`,`store_id`),
  KEY `MAG2_DOWNLOADABLE_SAMPLE_TITLE_STORE_ID` (`store_id`),
  CONSTRAINT `MAG2_DL_SAMPLE_TTL_SAMPLE_ID_MAG2_DL_SAMPLE_SAMPLE_ID` FOREIGN KEY (`sample_id`) REFERENCES `mag2_downloadable_sample` (`sample_id`) ON DELETE CASCADE,
  CONSTRAINT `MAG2_DOWNLOADABLE_SAMPLE_TITLE_STORE_ID_MAG2_STORE_STORE_ID` FOREIGN KEY (`store_id`) REFERENCES `mag2_store` (`store_id`) ON DELETE CASCADE
) ENGINE=InnoDB DEFAULT CHARSET=utf8 COMMENT='Downloadable Sample Title Table';

--
-- Dumping data for table `mag2_downloadable_sample_title`
--


--
-- Table structure for table `mag2_eadesign_pdf_store`
--

CREATE TABLE `mag2_eadesign_pdf_store` (
  `template_id` smallint(6) NOT NULL COMMENT 'Template ID',
  `store_id` smallint(5) unsigned NOT NULL COMMENT 'Store ID',
  PRIMARY KEY (`template_id`,`store_id`),
  KEY `MAG2_EADESIGN_PDF_STORE_STORE_ID` (`store_id`)
) ENGINE=InnoDB DEFAULT CHARSET=utf8 COMMENT='PDF Generator To Store Linkage Table';

--
-- Dumping data for table `mag2_eadesign_pdf_store`
--

INSERT INTO `mag2_eadesign_pdf_store` VALUES (1,1),(2,1),(3,2);

--
-- Table structure for table `mag2_eadesign_pdf_templates`
--

CREATE TABLE `mag2_eadesign_pdf_templates` (
  `template_id` smallint(6) NOT NULL AUTO_INCREMENT COMMENT 'Template Id',
  `is_active` smallint(6) NOT NULL DEFAULT '1' COMMENT 'Template active?',
  `template_name` varchar(100) NOT NULL COMMENT 'Template name',
  `template_description` text NOT NULL COMMENT 'Template description',
  `template_default` tinyint(1) NOT NULL DEFAULT '0' COMMENT 'Template default',
  `template_type` smallint(6) NOT NULL DEFAULT '1' COMMENT 'Template type',
  `template_body` mediumtext COMMENT 'Template body',
  `template_header` mediumtext COMMENT 'Template header',
  `template_footer` mediumtext COMMENT 'Template footer',
  `template_css` text NOT NULL COMMENT 'Template css',
  `template_file_name` varchar(100) NOT NULL COMMENT 'Template file name',
  `template_paper_form` smallint(6) NOT NULL DEFAULT '0' COMMENT 'Paper format',
  `template_custom_form` smallint(6) NOT NULL DEFAULT '0' COMMENT 'Paper custom format',
  `template_custom_h` decimal(10,0) NOT NULL DEFAULT '1' COMMENT 'Custom template height',
  `template_custom_w` decimal(10,0) NOT NULL DEFAULT '1' COMMENT 'Custom template width',
  `template_custom_t` decimal(10,0) NOT NULL DEFAULT '1' COMMENT 'Custom template top margin',
  `template_custom_b` decimal(10,0) NOT NULL DEFAULT '1' COMMENT 'Custom template bottom margin',
  `template_custom_l` decimal(10,0) NOT NULL DEFAULT '1' COMMENT 'Custom template left margin',
  `template_custom_r` decimal(10,0) NOT NULL DEFAULT '1' COMMENT 'Custom template right margin',
  `template_paper_ori` smallint(6) NOT NULL DEFAULT '0' COMMENT 'Paper orientation',
  `creation_time` timestamp NOT NULL DEFAULT CURRENT_TIMESTAMP ON UPDATE CURRENT_TIMESTAMP COMMENT 'Creation Time',
  `update_time` timestamp NOT NULL DEFAULT '0000-00-00 00:00:00' COMMENT 'Update Time',
  PRIMARY KEY (`template_id`),
  KEY `MAG2_TEMPLATE_ID_TEMPLATE_ID` (`template_id`)
) ENGINE=InnoDB AUTO_INCREMENT=4 DEFAULT CHARSET=utf8 COMMENT='Eadesign PDF Generator Installer';

--
-- Dumping data for table `mag2_eadesign_pdf_templates`
--

INSERT INTO `mag2_eadesign_pdf_templates` VALUES (1,0,'Invoice Template Portrait!','The template for invoice default',1,1,'<div>\r\n<div class=\"body\" style=\"position: fixed; width: 100%; height: 29.7cm; margin: 0 auto; color: #555555; background: #FFFFFF; font-family: Arial; font-size: 14px;\">\r\n<div class=\"clearfix header\" style=\"padding: 10px 0; margin-bottom: 20px; border-bottom: 1px solid #AAAAAA;\">\r\n<div id=\"company\" style=\"float: right; text-align: right; width: 49%;\">\r\n<h2 class=\"name\" style=\"font-size: 1.4em; font-weight: normal; margin: 0;\">{{config path=\"general/store_information/name\"}}</h2>\r\n<div>Sharq-Kuwait</div>\r\n<div>22970250</div>\r\n<div><a href=\"mailto:info@kidsfantasy.com.kw\">info@kidsfantasy.com.kw</a></div>\r\n</div>\r\n\r\n<div id=\"company\" style=\"float: left; text-align: left; width: 49%;\">\r\n<div><img style=\" max-height:100px;\" src=\"{{config path=\"web/secure/base_url\"}}/pub/media/logo/default/razan.png\" /></div>\r\n</div>\r\n</div>\r\n<div class=\"main\">\r\n<div id=\"details\" class=\"clearfix\" style=\"margin-bottom: 50px;\">\r\n<div id=\"client\" style=\"padding-left: 6px; border-left: 6px solid #000; float: left; width: 49%;\">\r\n<div class=\"to\" style=\"color: #777777;\">SHIPPING ADDRESS:</div>\r\n<div class=\"name\">{{var formattedShippingAddress|raw}}</div>\r\n</div>\r\n<div id=\"invoice\" style=\"float: right; text-align: right; width: 49%;\">\r\n<h1 style=\"color: #000; font-size: 2.4em; line-height: 1em; font-weight: normal; margin: 0  0 10px 0;\">INVOICE {{var invoice.increment_id}}</h1>\r\n<div class=\"date\" style=\"font-size: 1.1em; color: #777777;\">Date of Order:{{var order.getCreatedAtFormatted(2) }}</div>\r\n<div class=\"date\" style=\"font-size: 1.1em; color: #777777;\">Status: {{var order.status}}</div>\r\n<div class=\"date\" style=\"font-size: 0.9em; color: #777777;\">Payment Method: {{var payment_html|raw}}</div>\r\n<div class=\"date\" style=\"font-size: 0.9em; color: #777777;\">Shipping Method: {{var order.getShippingDescription()}}</div>\r\n</div>\r\n</div>\r\n{{layout area=\"frontend\" handle=\"sales_email_order_invoice_items\" invoice=$invoice order=$order}}\r\n<div id=\"thanks\" style=\"font-size: 2em; margin-bottom: 50px;\">Thank you!</div>\r\n</div>\r\n</div>\r\n</div>',NULL,NULL,'\r\n                @font-face {  font-family: Arial;}.clearfix:after {  content: \"\";  display: table;  clear: both;}a {  color: #000;  text-decoration: none;}table {  width: 100%;  border-collapse: collapse;  border-spacing: 0;  margin-bottom: 20px;}table th, table td{  background: #EEEEEE;  text-align: center;  border-bottom: 1px solid #FFFFFF;}table thead th{font-weight: normal;text-transform: uppercase;padding-top: 5px;padding-bottom: 5px;}table thead th.item-info, table thead th.item-subtotal {  border: none;  background: #cf264c;  color: #fff;}table thead th.item-info{text-align: left;padding-left: 10px;}table thead th.item-qty{padding-left: 10px;padding-right: 10px;}table thead th.item-subtotal{text-align: right;padding-right: 10px;}table tfoot {background: #FFFFFF;text-align: right;}table tfoot td, table tfoot th {  padding: 10px 20px;  background: #FFFFFF;  border-bottom: none;  font-size: 1em;  white-space: nowrap;  border-top: 1px solid #AAAAAA;  text-align: right;  text-transform: uppercase;  font-weight: normal;}table tbody tr td:nth-child(1) {  text-align: left;  background: #cf264c;  color: #fff;  padding-left: 10px;  border-top: 1px solid #AAAAAA;  padding-top: 5px;  padding-bottom: 5px;}table tbody tr td:nth-child(3) {  text-align: right;  background: #cf264c;  color: #fff;  padding-right: 10px;  border-top: 1px solid #AAAAAA;  padding-top: 5px;  padding-bottom: 5px;}\r\n                ','invoice {{var ea_invoice_id}} {{var ea_invoice_date}} {{var ea_invoice_status}} ',1,0,25,25,15,15,15,15,1,'2019-12-08 11:20:18','2019-12-08 11:20:18'),(2,0,'Invoice Template Landscape!','The template for invoice default',0,1,'\n<div><div class=\"body\" style=\"position: fixed; width: 100%; height: 29.7cm; margin: 0 auto; color: #555555; background: #FFFFFF; font-family: Arial; font-size: 14px;\"><div class=\"clearfix header\" style=\"padding: 10px 0; margin-bottom: 20px; border-bottom: 1px solid #AAAAAA;\"><div id=\"company\" style=\"float: right; text-align: right; width: 49%;\"><h2 class=\"name\" style=\"font-size: 1.4em; font-weight: normal; margin: 0;\">EaDesign Web Development</h2><div>Lascar Catargi nr.10, et.1,Iasi,Romania</div><div>0232 272221</div><div><a href=\"mailto:office@eadesign.ro\">office@eadesign.ro</a></div></div></div><div class=\"main\"><div id=\"details\" class=\"clearfix\" style=\"margin-bottom: 50px;\"><div id=\"client\" style=\"padding-left: 6px; border-left: 6px solid #000; float: left; width: 49%;\"><div class=\"to\" style=\"color: #777777;\">INVOICE TO:</div><div class=\"name\">{{var formattedBillingAddress|raw}}</div></div><div id=\"invoice\" style=\"float: right; text-align: right; width: 49%;\"><h1 style=\"color: #000; font-size: 2.4em; line-height: 1em; font-weight: normal; margin: 0  0 10px 0;\">INVOICE {{var invoice.increment_id}}</h1><div class=\"date\" style=\"font-size: 1.1em; color: #777777;\">Date of Invoice:{{var invoice.created_at}}</div><div class=\"date\" style=\"font-size: 1.1em; color: #777777;\">Status: {{var order.status}}</div></div></div>  {{layout area=\"frontend\" handle=\"sales_email_order_invoice_items\" invoice=$invoice order=$order}}<div id=\"thanks\" style=\"font-size: 2em; margin-bottom: 50px;\">Thank you!</div></div></div></div>','This is the header','\n<h2>Dear {{var order.getCustomerName()}}</h2><h3>Thank you!</h3>','\n                @font-face {  font-family: Arial;}.clearfix:after {  content: \"\";  display: table;  clear: both;}a {  color: #000;  text-decoration: none;}table {  width: 100%;  border-collapse: collapse;  border-spacing: 0;  margin-bottom: 20px;}table th, table td{  background: #EEEEEE;  text-align: center;  border-bottom: 1px solid #FFFFFF;}table thead th{font-weight: normal;text-transform: uppercase;padding-top: 5px;padding-bottom: 5px;}table thead th.item-info, table thead th.item-subtotal {  border: none;  background: #ff8b00;  color: #fff;}table thead th.item-info{text-align: left;padding-left: 10px;}table thead th.item-subtotal{text-align: right;padding-right: 10px;}table tfoot {background: #FFFFFF;text-align: right;}table tfoot td, table tfoot th {  padding: 10px 20px;  background: #FFFFFF;  border-bottom: none;  font-size: 1em;  white-space: nowrap;  border-top: 1px solid #AAAAAA;  text-align: right;  text-transform: uppercase;  font-weight: normal;}table tbody tr td:nth-child(1) {  text-align: left;  background: #ff8b00;  color: #000;  padding-left: 10px;  border-top: 1px solid #AAAAAA;  padding-top: 5px;  padding-bottom: 5px;}table tbody tr td:nth-child(3) {  text-align: right;  background: #ff8b00;  color: #fff;  padding-right: 10px;  border-top: 1px solid #AAAAAA;  padding-top: 5px;  padding-bottom: 5px;}','invoice {{var ea_invoice_id}} {{var ea_invoice_date}} {{var ea_invoice_status}} ',2,0,10,25,10,10,15,15,1,'2019-06-11 08:55:54','2019-06-11 08:55:54'),(3,0,'ar','ar',1,1,'<div>\r\n<div class=\"body\" style=\"position: fixed; width: 100%; height: 29.7cm; margin: 0 auto; color: #555555; background: #FFFFFF; font-family: Arial; font-size: 14px;\">\r\n<div class=\"clearfix header\" style=\"padding: 10px 0; margin-bottom: 20px; border-bottom: 1px solid #AAAAAA;\">\r\n<div id=\"company\" style=\"float: right; text-align: right; width: 49%;\">\r\n<h2 class=\"name\" style=\"font-size: 1.4em; font-weight: normal; margin: 0;\">{{config path=\"general/store_information/name\"}}</h2>\r\n<div>Sharq-Kuwait</div>\r\n<div>22970250</div>\r\n<div><a href=\"mailto:info@kidsfantasy.com.kw\">info@kidsfantasy.com.kw</a></div>\r\n</div>\r\n\r\n<div id=\"company\" style=\"float: left; text-align: left; width: 49%;\">\r\n<div><img style=\" max-height:100px;\" src=\"{{config path=\"web/secure/base_url\"}}/pub/media/logo/default/razan.png\" /></div>\r\n</div>\r\n</div>\r\n<div class=\"main\">\r\n<div id=\"details\" class=\"clearfix\" style=\"margin-bottom: 50px;\">\r\n<div id=\"client\" style=\"padding-left: 6px; border-left: 6px solid #000; float: left; width: 49%;\">\r\n<div class=\"to\" style=\"color: #777777;\">SHIPPING ADDRESS:</div>\r\n<div class=\"name\">{{var formattedShippingAddress|raw}}</div>\r\n</div>\r\n<div id=\"invoice\" style=\"float: right; text-align: right; width: 49%;\">\r\n<h1 style=\"color: #000; font-size: 2.4em; line-height: 1em; font-weight: normal; margin: 0  0 10px 0;\">INVOICE {{var invoice.increment_id}}</h1>\r\n<div class=\"date\" style=\"font-size: 1.1em; color: #777777;\">Date of Order:{{var order.getCreatedAtFormatted(2) }}</div>\r\n<div class=\"date\" style=\"font-size: 1.1em; color: #777777;\">Status: {{var order.status}}</div>\r\n<div class=\"date\" style=\"font-size: 0.9em; color: #777777;\">Payment Method:{{var order.getPayment().getMethodInstance().getTitle()}}  </div>\r\n<div class=\"date\" style=\"font-size: 0.9em; color: #777777;\">Shipping Method: {{var order.getShippingDescription()}}</div>\r\n</div>\r\n</div>\r\n{{layout area=\"frontend\" handle=\"sales_email_order_invoice_items\" invoice=$invoice order=$order}}\r\n{{layout handle=\"pdfinvoice_order_invoice_items\" invoice=$invoice order=$order itemBarcode=1}}\r\n{{layout handle=\"pdfinvoice_order_items2\" order=$order itemBarcode=1}}\r\n<div id=\"thanks\" style=\"font-size: 2em; margin-bottom: 50px;\">Thank you!</div>\r\n</div>\r\n</div>\r\n</div>',NULL,NULL,'\r\n                @font-face {  font-family: Arial;}.clearfix:after {  content: \"\";  display: table;  clear: both;}a {  color: #000;  text-decoration: none;}table {  width: 100%;  border-collapse: collapse;  border-spacing: 0;  margin-bottom: 20px;}table th, table td{  background: #EEEEEE;  text-align: center;  border-bottom: 1px solid #FFFFFF;}table thead th{font-weight: normal;text-transform: uppercase;padding-top: 5px;padding-bottom: 5px;}table thead th.item-info, table thead th.item-subtotal {  border: none;  background: #cf264c;  color: #fff;}table thead th.item-info{text-align: left;padding-left: 10px;}table thead th.item-qty{padding-left: 10px;padding-right: 10px;}table thead th.item-subtotal{text-align: right;padding-right: 10px;}table tfoot {background: #FFFFFF;text-align: right;}table tfoot td, table tfoot th {  padding: 10px 20px;  background: #FFFFFF;  border-bottom: none;  font-size: 1em;  white-space: nowrap;  border-top: 1px solid #AAAAAA;  text-align: right;  text-transform: uppercase;  font-weight: normal;}table tbody tr td:nth-child(1) {  text-align: left;  background: #cf264c;  color: #fff;  padding-left: 10px;  border-top: 1px solid #AAAAAA;  padding-top: 5px;  padding-bottom: 5px;}table tbody tr td:nth-child(3) {  text-align: right;  background: #cf264c;  color: #fff;  padding-right: 10px;  border-top: 1px solid #AAAAAA;  padding-top: 5px;  padding-bottom: 5px;}\r\n                ','ar',1,0,25,25,20,20,20,20,1,'2019-12-08 09:15:33','2019-12-08 09:15:33');

--
-- Table structure for table `mag2_eav_attribute`
--

CREATE TABLE `mag2_eav_attribute` (
  `attribute_id` smallint(5) unsigned NOT NULL AUTO_INCREMENT COMMENT 'Attribute ID',
  `entity_type_id` smallint(5) unsigned NOT NULL DEFAULT '0' COMMENT 'Entity Type ID',
  `attribute_code` varchar(255) NOT NULL COMMENT 'Attribute Code',
  `attribute_model` varchar(255) DEFAULT NULL COMMENT 'Attribute Model',
  `backend_model` varchar(255) DEFAULT NULL COMMENT 'Backend Model',
  `backend_type` varchar(8) NOT NULL DEFAULT 'static' COMMENT 'Backend Type',
  `backend_table` varchar(255) DEFAULT NULL COMMENT 'Backend Table',
  `frontend_model` varchar(255) DEFAULT NULL COMMENT 'Frontend Model',
  `frontend_input` varchar(50) DEFAULT NULL COMMENT 'Frontend Input',
  `frontend_label` varchar(255) DEFAULT NULL COMMENT 'Frontend Label',
  `frontend_class` varchar(255) DEFAULT NULL COMMENT 'Frontend Class',
  `source_model` varchar(255) DEFAULT NULL COMMENT 'Source Model',
  `is_required` smallint(5) unsigned NOT NULL DEFAULT '0' COMMENT 'Defines Is Required',
  `is_user_defined` smallint(5) unsigned NOT NULL DEFAULT '0' COMMENT 'Defines Is User Defined',
  `default_value` text COMMENT 'Default Value',
  `is_unique` smallint(5) unsigned NOT NULL DEFAULT '0' COMMENT 'Defines Is Unique',
  `note` varchar(255) DEFAULT NULL COMMENT 'Note',
  PRIMARY KEY (`attribute_id`),
  UNIQUE KEY `MAG2_EAV_ATTRIBUTE_ENTITY_TYPE_ID_ATTRIBUTE_CODE` (`entity_type_id`,`attribute_code`),
  KEY `MAG2_EAV_ATTRIBUTE_FRONTEND_INPUT_ENTITY_TYPE_ID_IS_USER_DEFINED` (`frontend_input`,`entity_type_id`,`is_user_defined`),
  CONSTRAINT `MAG2_EAV_ATTR_ENTT_TYPE_ID_MAG2_EAV_ENTT_TYPE_ENTT_TYPE_ID` FOREIGN KEY (`entity_type_id`) REFERENCES `mag2_eav_entity_type` (`entity_type_id`) ON DELETE CASCADE
) ENGINE=InnoDB AUTO_INCREMENT=198 DEFAULT CHARSET=utf8 COMMENT='Eav Attribute';

--
-- Dumping data for table `mag2_eav_attribute`
--

INSERT INTO `mag2_eav_attribute` VALUES (1,1,'website_id',NULL,'Magento\\Customer\\Model\\Customer\\Attribute\\Backend\\Website','static',NULL,NULL,'select','Associate to Website',NULL,'Magento\\Customer\\Model\\Customer\\Attribute\\Source\\Website',1,0,NULL,0,NULL),(2,1,'store_id',NULL,'Magento\\Customer\\Model\\Customer\\Attribute\\Backend\\Store','static',NULL,NULL,'select','Create In',NULL,'Magento\\Customer\\Model\\Customer\\Attribute\\Source\\Store',1,0,NULL,0,NULL),(3,1,'created_in',NULL,NULL,'static',NULL,NULL,'text','Created From',NULL,NULL,0,0,NULL,0,NULL),(4,1,'prefix',NULL,NULL,'static',NULL,NULL,'text','Name Prefix',NULL,NULL,0,0,NULL,0,NULL),(5,1,'firstname',NULL,NULL,'static',NULL,NULL,'text','First Name',NULL,NULL,1,0,NULL,0,NULL),(6,1,'middlename',NULL,NULL,'static',NULL,NULL,'text','Middle Name/Initial',NULL,NULL,0,0,NULL,0,NULL),(7,1,'lastname',NULL,NULL,'static',NULL,NULL,'text','Last Name',NULL,NULL,1,0,NULL,0,NULL),(8,1,'suffix',NULL,NULL,'static',NULL,NULL,'text','Name Suffix',NULL,NULL,0,0,NULL,0,NULL),(9,1,'email',NULL,NULL,'static',NULL,NULL,'text','Email',NULL,NULL,1,0,NULL,0,NULL),(10,1,'group_id',NULL,NULL,'static',NULL,NULL,'select','Group',NULL,'Magento\\Customer\\Model\\Customer\\Attribute\\Source\\Group',1,0,NULL,0,NULL),(11,1,'dob',NULL,'Magento\\Eav\\Model\\Entity\\Attribute\\Backend\\Datetime','static',NULL,'Magento\\Eav\\Model\\Entity\\Attribute\\Frontend\\Datetime','date','Date of Birth',NULL,NULL,0,0,NULL,0,NULL),(12,1,'password_hash',NULL,'Magento\\Customer\\Model\\Customer\\Attribute\\Backend\\Password','static',NULL,NULL,'hidden',NULL,NULL,NULL,0,0,NULL,0,NULL),(13,1,'rp_token',NULL,NULL,'static',NULL,NULL,'hidden',NULL,NULL,NULL,0,0,NULL,0,NULL),(14,1,'rp_token_created_at',NULL,NULL,'static',NULL,NULL,'date',NULL,NULL,NULL,0,0,NULL,0,NULL),(15,1,'default_billing',NULL,'Magento\\Customer\\Model\\Customer\\Attribute\\Backend\\Billing','static',NULL,NULL,'text','Default Billing Address',NULL,NULL,0,0,NULL,0,NULL),(16,1,'default_shipping',NULL,'Magento\\Customer\\Model\\Customer\\Attribute\\Backend\\Shipping','static',NULL,NULL,'text','Default Shipping Address',NULL,NULL,0,0,NULL,0,NULL),(17,1,'taxvat',NULL,NULL,'static',NULL,NULL,'text','Tax/VAT Number',NULL,NULL,0,0,NULL,0,NULL),(18,1,'confirmation',NULL,NULL,'static',NULL,NULL,'text','Is Confirmed',NULL,NULL,0,0,NULL,0,NULL),(19,1,'created_at',NULL,NULL,'static',NULL,NULL,'date','Created At',NULL,NULL,0,0,NULL,0,NULL),(20,1,'gender',NULL,NULL,'static',NULL,NULL,'select','Gender',NULL,'Magento\\Eav\\Model\\Entity\\Attribute\\Source\\Table',0,0,NULL,0,NULL),(21,1,'disable_auto_group_change',NULL,'Magento\\Customer\\Model\\Attribute\\Backend\\Data\\Boolean','static',NULL,NULL,'boolean','Disable Automatic Group Change Based on VAT ID',NULL,NULL,0,0,NULL,0,NULL),(22,2,'prefix',NULL,NULL,'static',NULL,NULL,'text','Name Prefix',NULL,NULL,0,0,NULL,0,NULL),(23,2,'firstname',NULL,NULL,'static',NULL,NULL,'text','First Name',NULL,NULL,1,0,NULL,0,NULL),(24,2,'middlename',NULL,NULL,'static',NULL,NULL,'text','Middle Name/Initial',NULL,NULL,0,0,NULL,0,NULL),(25,2,'lastname',NULL,NULL,'static',NULL,NULL,'text','Last Name',NULL,NULL,1,0,NULL,0,NULL),(26,2,'suffix',NULL,NULL,'static',NULL,NULL,'text','Name Suffix',NULL,NULL,0,0,NULL,0,NULL),(27,2,'company',NULL,NULL,'static',NULL,NULL,'text','Company',NULL,NULL,0,0,NULL,0,NULL),(28,2,'street',NULL,'Magento\\Eav\\Model\\Entity\\Attribute\\Backend\\DefaultBackend','static',NULL,NULL,'multiline','Street Address',NULL,NULL,1,0,NULL,0,NULL),(29,2,'city',NULL,NULL,'static',NULL,NULL,'text','City',NULL,NULL,1,0,NULL,0,NULL),(30,2,'country_id','Magento\\Customer\\Model\\Attribute',NULL,'static',NULL,NULL,'select','Country',NULL,'Magento\\Customer\\Model\\ResourceModel\\Address\\Attribute\\Source\\Country',1,0,NULL,0,NULL),(31,2,'region',NULL,'Magento\\Customer\\Model\\ResourceModel\\Address\\Attribute\\Backend\\Region','static',NULL,NULL,'text','State/Province',NULL,NULL,0,0,NULL,0,NULL),(32,2,'region_id',NULL,NULL,'static',NULL,NULL,'hidden','State/Province',NULL,'Magento\\Customer\\Model\\ResourceModel\\Address\\Attribute\\Source\\Region',0,0,NULL,0,NULL),(33,2,'postcode',NULL,NULL,'static',NULL,NULL,'text','Zip/Postal Code',NULL,NULL,0,0,NULL,0,NULL),(34,2,'telephone',NULL,NULL,'static',NULL,NULL,'text','Phone Number',NULL,NULL,1,0,NULL,0,NULL),(35,2,'fax',NULL,NULL,'static',NULL,NULL,'text','Fax',NULL,NULL,0,0,NULL,0,NULL),(36,2,'vat_id',NULL,NULL,'static',NULL,NULL,'text','VAT Number',NULL,NULL,0,0,NULL,0,NULL),(37,2,'vat_is_valid',NULL,NULL,'static',NULL,NULL,'text','VAT number validity',NULL,NULL,0,0,NULL,0,NULL),(38,2,'vat_request_id',NULL,NULL,'static',NULL,NULL,'text','VAT number validation request ID',NULL,NULL,0,0,NULL,0,NULL),(39,2,'vat_request_date',NULL,NULL,'static',NULL,NULL,'text','VAT number validation request date',NULL,NULL,0,0,NULL,0,NULL),(40,2,'vat_request_success',NULL,NULL,'static',NULL,NULL,'text','VAT number validation request success',NULL,NULL,0,0,NULL,0,NULL),(41,1,'updated_at',NULL,NULL,'static',NULL,NULL,'date','Updated At',NULL,NULL,0,0,NULL,0,NULL),(42,1,'failures_num',NULL,NULL,'static',NULL,NULL,'hidden','Failures Number',NULL,NULL,0,0,NULL,0,NULL),(43,1,'first_failure',NULL,NULL,'static',NULL,NULL,'date','First Failure Date',NULL,NULL,0,0,NULL,0,NULL),(44,1,'lock_expires',NULL,NULL,'static',NULL,NULL,'date','Failures Number',NULL,NULL,0,0,NULL,0,NULL),(45,3,'name',NULL,NULL,'varchar',NULL,NULL,'text','Name',NULL,NULL,1,0,NULL,0,NULL),(46,3,'is_active',NULL,NULL,'int',NULL,NULL,'select','Is Active',NULL,'Magento\\Eav\\Model\\Entity\\Attribute\\Source\\Boolean',1,0,NULL,0,NULL),(47,3,'description',NULL,NULL,'text',NULL,NULL,'textarea','Description',NULL,NULL,0,0,NULL,0,NULL),(48,3,'image',NULL,'Magento\\Catalog\\Model\\Category\\Attribute\\Backend\\Image','varchar',NULL,NULL,'image','Image',NULL,NULL,0,0,NULL,0,NULL),(49,3,'meta_title',NULL,NULL,'varchar',NULL,NULL,'text','Page Title',NULL,NULL,0,0,NULL,0,NULL),(50,3,'meta_keywords',NULL,NULL,'text',NULL,NULL,'textarea','Meta Keywords',NULL,NULL,0,0,NULL,0,NULL),(51,3,'meta_description',NULL,NULL,'text',NULL,NULL,'textarea','Meta Description',NULL,NULL,0,0,NULL,0,NULL),(52,3,'display_mode',NULL,NULL,'varchar',NULL,NULL,'select','Display Mode',NULL,'Magento\\Catalog\\Model\\Category\\Attribute\\Source\\Mode',0,0,NULL,0,NULL),(53,3,'landing_page',NULL,NULL,'int',NULL,NULL,'select','CMS Block',NULL,'Magento\\Catalog\\Model\\Category\\Attribute\\Source\\Page',0,0,NULL,0,NULL),(54,3,'is_anchor',NULL,NULL,'int',NULL,NULL,'select','Is Anchor',NULL,'Magento\\Eav\\Model\\Entity\\Attribute\\Source\\Boolean',0,0,'1',0,NULL),(55,3,'path',NULL,NULL,'static',NULL,NULL,'text','Path',NULL,NULL,0,0,NULL,0,NULL),(56,3,'position',NULL,NULL,'static',NULL,NULL,'text','Position',NULL,NULL,0,0,NULL,0,NULL),(57,3,'all_children',NULL,NULL,'text',NULL,NULL,'text',NULL,NULL,NULL,0,0,NULL,0,NULL),(58,3,'path_in_store',NULL,NULL,'text',NULL,NULL,'text',NULL,NULL,NULL,0,0,NULL,0,NULL),(59,3,'children',NULL,NULL,'text',NULL,NULL,'text',NULL,NULL,NULL,0,0,NULL,0,NULL),(60,3,'custom_design',NULL,NULL,'varchar',NULL,NULL,'select','Custom Design',NULL,'Magento\\Theme\\Model\\Theme\\Source\\Theme',0,0,NULL,0,NULL),(61,3,'custom_design_from','Magento\\Catalog\\Model\\ResourceModel\\Eav\\Attribute','Magento\\Catalog\\Model\\Attribute\\Backend\\Startdate','datetime',NULL,'Magento\\Eav\\Model\\Entity\\Attribute\\Frontend\\Datetime','date','Active From',NULL,NULL,0,0,NULL,0,NULL),(62,3,'custom_design_to',NULL,'Magento\\Eav\\Model\\Entity\\Attribute\\Backend\\Datetime','datetime',NULL,NULL,'date','Active To',NULL,NULL,0,0,NULL,0,NULL),(63,3,'page_layout',NULL,NULL,'varchar',NULL,NULL,'select','Page Layout',NULL,'Magento\\Catalog\\Model\\Category\\Attribute\\Source\\Layout',0,0,NULL,0,NULL),(64,3,'custom_layout_update',NULL,'Magento\\Catalog\\Model\\Attribute\\Backend\\Customlayoutupdate','text',NULL,NULL,'textarea','Custom Layout Update',NULL,NULL,0,0,NULL,0,NULL),(65,3,'level',NULL,NULL,'static',NULL,NULL,'text','Level',NULL,NULL,0,0,NULL,0,NULL),(66,3,'children_count',NULL,NULL,'static',NULL,NULL,'text','Children Count',NULL,NULL,0,0,NULL,0,NULL),(67,3,'available_sort_by',NULL,'Magento\\Catalog\\Model\\Category\\Attribute\\Backend\\Sortby','text',NULL,NULL,'multiselect','Available Product Listing Sort By',NULL,'Magento\\Catalog\\Model\\Category\\Attribute\\Source\\Sortby',1,0,NULL,0,NULL),(68,3,'default_sort_by',NULL,'Magento\\Catalog\\Model\\Category\\Attribute\\Backend\\Sortby','varchar',NULL,NULL,'select','Default Product Listing Sort By',NULL,'Magento\\Catalog\\Model\\Category\\Attribute\\Source\\Sortby',1,0,NULL,0,NULL),(69,3,'include_in_menu',NULL,NULL,'int',NULL,NULL,'select','Include in Navigation Menu',NULL,'Magento\\Eav\\Model\\Entity\\Attribute\\Source\\Boolean',1,0,'1',0,NULL),(70,3,'custom_use_parent_settings',NULL,NULL,'int',NULL,NULL,'select','Use Parent Category Settings',NULL,'Magento\\Eav\\Model\\Entity\\Attribute\\Source\\Boolean',0,0,NULL,0,NULL),(71,3,'custom_apply_to_products',NULL,NULL,'int',NULL,NULL,'select','Apply To Products',NULL,'Magento\\Eav\\Model\\Entity\\Attribute\\Source\\Boolean',0,0,NULL,0,NULL),(72,3,'filter_price_range',NULL,NULL,'decimal',NULL,NULL,'text','Layered Navigation Price Step',NULL,NULL,0,0,NULL,0,NULL),(73,4,'name',NULL,NULL,'varchar',NULL,NULL,'text','Product Name','validate-length maximum-length-255',NULL,1,0,NULL,0,NULL),(74,4,'sku',NULL,'Magento\\Catalog\\Model\\Product\\Attribute\\Backend\\Sku','static',NULL,NULL,'text','SKU','validate-length maximum-length-64',NULL,1,0,NULL,1,NULL),(75,4,'description',NULL,NULL,'text',NULL,NULL,'textarea','Description',NULL,NULL,0,0,NULL,0,NULL),(76,4,'short_description',NULL,NULL,'text',NULL,NULL,'textarea','Short Description',NULL,NULL,0,0,NULL,0,NULL),(77,4,'price',NULL,'Magento\\Catalog\\Model\\Product\\Attribute\\Backend\\Price','decimal',NULL,NULL,'price','Price',NULL,NULL,1,0,NULL,0,NULL),(78,4,'special_price',NULL,'Magento\\Catalog\\Model\\Product\\Attribute\\Backend\\Price','decimal',NULL,NULL,'price','Special Price',NULL,NULL,0,0,NULL,0,NULL),(79,4,'special_from_date',NULL,'Magento\\Catalog\\Model\\Attribute\\Backend\\Startdate','datetime',NULL,NULL,'date','Special Price From Date',NULL,NULL,0,0,NULL,0,NULL),(80,4,'special_to_date',NULL,'Magento\\Eav\\Model\\Entity\\Attribute\\Backend\\Datetime','datetime',NULL,NULL,'date','Special Price To Date',NULL,NULL,0,0,NULL,0,NULL),(81,4,'cost',NULL,'Magento\\Catalog\\Model\\Product\\Attribute\\Backend\\Price','decimal',NULL,NULL,'price','Cost',NULL,NULL,0,1,NULL,0,NULL),(82,4,'weight',NULL,'Magento\\Catalog\\Model\\Product\\Attribute\\Backend\\Weight','decimal',NULL,NULL,'weight','Weight',NULL,NULL,0,0,NULL,0,NULL),(83,4,'manufacturer',NULL,NULL,'int',NULL,NULL,'select','Manufacturer',NULL,NULL,0,1,'254',0,NULL),(84,4,'meta_title',NULL,NULL,'varchar',NULL,NULL,'text','Meta Title',NULL,NULL,0,0,NULL,0,NULL),(85,4,'meta_keyword',NULL,NULL,'text',NULL,NULL,'textarea','Meta Keywords',NULL,NULL,0,0,NULL,0,NULL),(86,4,'meta_description',NULL,NULL,'varchar',NULL,NULL,'textarea','Meta Description',NULL,NULL,0,0,NULL,0,'Maximum 255 chars. Meta Description should optimally be between 150-160 characters'),(87,4,'image',NULL,NULL,'varchar',NULL,'Magento\\Catalog\\Model\\Product\\Attribute\\Frontend\\Image','media_image','Base',NULL,NULL,0,0,NULL,0,NULL),(88,4,'small_image',NULL,NULL,'varchar',NULL,'Magento\\Catalog\\Model\\Product\\Attribute\\Frontend\\Image','media_image','Small',NULL,NULL,0,0,NULL,0,NULL),(89,4,'thumbnail',NULL,NULL,'varchar',NULL,'Magento\\Catalog\\Model\\Product\\Attribute\\Frontend\\Image','media_image','Thumbnail',NULL,NULL,0,0,NULL,0,NULL),(90,4,'media_gallery',NULL,NULL,'static',NULL,NULL,'gallery','Media Gallery',NULL,NULL,0,0,NULL,0,NULL),(91,4,'old_id',NULL,NULL,'int',NULL,NULL,'text',NULL,NULL,NULL,0,0,NULL,0,NULL),(92,4,'tier_price',NULL,'Magento\\Catalog\\Model\\Product\\Attribute\\Backend\\Tierprice','decimal',NULL,NULL,'text','Tier Price',NULL,NULL,0,0,NULL,0,NULL),(93,4,'color','Magento\\Catalog\\Model\\ResourceModel\\Eav\\Attribute','Magento\\Eav\\Model\\Entity\\Attribute\\Backend\\DefaultBackend','int',NULL,NULL,'select','Color',NULL,NULL,0,1,'60',0,NULL),(94,4,'news_from_date',NULL,'Magento\\Catalog\\Model\\Attribute\\Backend\\Startdate','datetime',NULL,NULL,'date','Set Product as New from Date',NULL,NULL,0,0,NULL,0,NULL),(95,4,'news_to_date',NULL,'Magento\\Eav\\Model\\Entity\\Attribute\\Backend\\Datetime','datetime',NULL,NULL,'date','Set Product as New to Date',NULL,NULL,0,0,NULL,0,NULL),(96,4,'gallery',NULL,NULL,'varchar',NULL,NULL,'gallery','Image Gallery',NULL,NULL,0,0,NULL,0,NULL),(97,4,'status',NULL,NULL,'int',NULL,NULL,'select','Enable Product',NULL,'Magento\\Catalog\\Model\\Product\\Attribute\\Source\\Status',0,0,'1',0,NULL),(98,4,'minimal_price','Magento\\Catalog\\Model\\ResourceModel\\Eav\\Attribute','Magento\\Catalog\\Model\\Product\\Attribute\\Backend\\Price','decimal',NULL,NULL,'price','Minimal Price',NULL,NULL,0,0,NULL,0,NULL),(99,4,'visibility',NULL,NULL,'int',NULL,NULL,'select','Visibility',NULL,'Magento\\Catalog\\Model\\Product\\Visibility',0,0,'4',0,NULL),(100,4,'custom_design',NULL,NULL,'varchar',NULL,NULL,'select','New Theme',NULL,'Magento\\Theme\\Model\\Theme\\Source\\Theme',0,0,NULL,0,NULL),(101,4,'custom_design_from',NULL,'Magento\\Catalog\\Model\\Attribute\\Backend\\Startdate','datetime',NULL,NULL,'date','Active From',NULL,NULL,0,0,NULL,0,NULL),(102,4,'custom_design_to',NULL,'Magento\\Eav\\Model\\Entity\\Attribute\\Backend\\Datetime','datetime',NULL,NULL,'date','Active To',NULL,NULL,0,0,NULL,0,NULL),(103,4,'custom_layout_update',NULL,'Magento\\Catalog\\Model\\Attribute\\Backend\\Customlayoutupdate','text',NULL,NULL,'textarea','Layout Update XML',NULL,NULL,0,0,NULL,0,NULL),(104,4,'page_layout',NULL,NULL,'varchar',NULL,NULL,'select','Layout',NULL,'Magento\\Catalog\\Model\\Product\\Attribute\\Source\\Layout',0,0,NULL,0,NULL),(105,4,'category_ids',NULL,'Magento\\Catalog\\Model\\Product\\Attribute\\Backend\\Category','static',NULL,NULL,'text','Categories',NULL,NULL,0,0,NULL,0,NULL),(106,4,'options_container',NULL,NULL,'varchar',NULL,NULL,'select','Display Product Options In',NULL,'Magento\\Catalog\\Model\\Entity\\Product\\Attribute\\Design\\Options\\Container',0,0,'container2',0,NULL),(107,4,'required_options',NULL,NULL,'static',NULL,NULL,'text',NULL,NULL,NULL,0,0,NULL,0,NULL),(108,4,'has_options',NULL,NULL,'static',NULL,NULL,'text',NULL,NULL,NULL,0,0,NULL,0,NULL),(109,4,'image_label',NULL,NULL,'varchar',NULL,NULL,'text','Image Label',NULL,NULL,0,0,NULL,0,NULL),(110,4,'small_image_label',NULL,NULL,'varchar',NULL,NULL,'text','Small Image Label',NULL,NULL,0,0,NULL,0,NULL),(111,4,'thumbnail_label',NULL,NULL,'varchar',NULL,NULL,'text','Thumbnail Label',NULL,NULL,0,0,NULL,0,NULL),(112,4,'created_at',NULL,NULL,'static',NULL,NULL,'date',NULL,NULL,NULL,1,0,NULL,0,NULL),(113,4,'updated_at',NULL,NULL,'static',NULL,NULL,'date',NULL,NULL,NULL,1,0,NULL,0,NULL),(114,4,'country_of_manufacture',NULL,NULL,'varchar',NULL,NULL,'select','Country of Manufacture',NULL,'Magento\\Catalog\\Model\\Product\\Attribute\\Source\\Countryofmanufacture',0,0,NULL,0,NULL),(115,4,'quantity_and_stock_status',NULL,'Magento\\Catalog\\Model\\Product\\Attribute\\Backend\\Stock','int',NULL,NULL,'select','Quantity',NULL,'Magento\\CatalogInventory\\Model\\Source\\Stock',0,0,'1',0,NULL),(116,4,'custom_layout',NULL,NULL,'varchar',NULL,NULL,'select','New Layout',NULL,'Magento\\Catalog\\Model\\Product\\Attribute\\Source\\Layout',0,0,NULL,0,NULL),(117,4,'price_type',NULL,NULL,'int',NULL,NULL,'boolean','Dynamic Price',NULL,NULL,1,0,'0',0,NULL),(118,4,'sku_type',NULL,NULL,'int',NULL,NULL,'boolean','Dynamic SKU',NULL,NULL,1,0,'0',0,NULL),(119,4,'weight_type',NULL,NULL,'int',NULL,NULL,'boolean','Dynamic Weight',NULL,NULL,1,0,'0',0,NULL),(120,4,'price_view',NULL,NULL,'int',NULL,NULL,'select','Price View',NULL,'Magento\\Bundle\\Model\\Product\\Attribute\\Source\\Price\\View',1,0,NULL,0,NULL),(121,4,'shipment_type',NULL,NULL,'int',NULL,NULL,'select','Ship Bundle Items',NULL,'Magento\\Bundle\\Model\\Product\\Attribute\\Source\\Shipment\\Type',1,0,'0',0,NULL),(122,4,'msrp',NULL,'Magento\\Catalog\\Model\\Product\\Attribute\\Backend\\Price','decimal',NULL,NULL,'price','Minimum Advertised Price',NULL,NULL,0,0,NULL,0,NULL),(123,4,'msrp_display_actual_price_type',NULL,'Magento\\Catalog\\Model\\Product\\Attribute\\Backend\\Boolean','varchar',NULL,NULL,'select','Display Actual Price',NULL,'Magento\\Msrp\\Model\\Product\\Attribute\\Source\\Type\\Price',0,0,'0',0,NULL),(124,3,'url_key',NULL,NULL,'varchar',NULL,NULL,'text','URL Key',NULL,NULL,0,0,NULL,0,NULL),(125,3,'url_path',NULL,NULL,'varchar',NULL,NULL,'text',NULL,NULL,NULL,0,0,NULL,0,NULL),(126,4,'url_key',NULL,NULL,'varchar',NULL,NULL,'text','URL Key',NULL,NULL,0,0,NULL,0,NULL),(127,4,'url_path',NULL,NULL,'varchar',NULL,NULL,'text',NULL,NULL,NULL,0,0,NULL,0,NULL),(128,4,'links_purchased_separately',NULL,NULL,'int',NULL,NULL,NULL,'Links can be purchased separately',NULL,NULL,1,0,NULL,0,NULL),(129,4,'samples_title',NULL,NULL,'varchar',NULL,NULL,NULL,'Samples title',NULL,NULL,1,0,NULL,0,NULL),(130,4,'links_title',NULL,NULL,'varchar',NULL,NULL,NULL,'Links title',NULL,NULL,1,0,NULL,0,NULL),(131,4,'links_exist',NULL,NULL,'int',NULL,NULL,NULL,NULL,NULL,NULL,0,0,NULL,0,NULL),(132,4,'tax_class_id',NULL,NULL,'int',NULL,NULL,'select','Tax Class',NULL,'Magento\\Tax\\Model\\TaxClass\\Source\\Product',0,0,'2',0,NULL),(133,4,'gift_message_available',NULL,'Magento\\Catalog\\Model\\Product\\Attribute\\Backend\\Boolean','varchar',NULL,NULL,'select','Allow Gift Message',NULL,'Magento\\Catalog\\Model\\Product\\Attribute\\Source\\Boolean',0,0,NULL,0,NULL),(139,4,'gender',NULL,'Magento\\Eav\\Model\\Entity\\Attribute\\Backend\\ArrayBackend','varchar',NULL,NULL,'multiselect','Gender',NULL,NULL,0,1,'',0,NULL),(140,4,'category_gear',NULL,'Magento\\Eav\\Model\\Entity\\Attribute\\Backend\\ArrayBackend','varchar',NULL,NULL,'multiselect','Category Gear',NULL,NULL,0,1,'',0,NULL),(141,4,'size',NULL,'Magento\\Eav\\Model\\Entity\\Attribute\\Backend\\DefaultBackend','int',NULL,NULL,'select','Size',NULL,NULL,0,1,'',0,NULL),(142,4,'eco_collection',NULL,NULL,'int',NULL,NULL,'boolean','Eco Collection',NULL,'Magento\\Eav\\Model\\Entity\\Attribute\\Source\\Boolean',0,1,'',0,NULL),(143,4,'performance_fabric',NULL,NULL,'int',NULL,NULL,'boolean','Performance Fabric',NULL,'Magento\\Eav\\Model\\Entity\\Attribute\\Source\\Boolean',0,1,'',0,NULL),(144,4,'erin_recommends',NULL,NULL,'int',NULL,NULL,'boolean','Erin Recommends',NULL,'Magento\\Eav\\Model\\Entity\\Attribute\\Source\\Boolean',0,1,'',0,NULL),(145,4,'new',NULL,NULL,'int',NULL,NULL,'boolean','New',NULL,'Magento\\Eav\\Model\\Entity\\Attribute\\Source\\Boolean',0,1,'',0,NULL),(146,4,'sale',NULL,NULL,'int',NULL,NULL,'boolean','Sale',NULL,'Magento\\Eav\\Model\\Entity\\Attribute\\Source\\Boolean',0,1,'',0,NULL),(147,4,'format','Magento\\Catalog\\Model\\ResourceModel\\Eav\\Attribute','Magento\\Eav\\Model\\Entity\\Attribute\\Backend\\DefaultBackend','int',NULL,NULL,'select','Format',NULL,'Magento\\Eav\\Model\\Entity\\Attribute\\Source\\Table',0,1,'',0,NULL),(154,4,'swatch_image',NULL,NULL,'varchar',NULL,'Magento\\Catalog\\Model\\Product\\Attribute\\Frontend\\Image','media_image','Swatch',NULL,NULL,0,0,NULL,0,NULL),(158,4,'thm_featured',NULL,NULL,'int',NULL,NULL,'boolean','Featured Product',NULL,'Magento\\Eav\\Model\\Entity\\Attribute\\Source\\Boolean',0,0,'0',0,NULL),(159,4,'img_hover',NULL,NULL,'varchar',NULL,'Magento\\Catalog\\Model\\Product\\Attribute\\Frontend\\Image','media_image','Hover Image',NULL,NULL,0,0,NULL,0,NULL),(160,3,'ys_nav_simple',NULL,NULL,'int',NULL,NULL,'select','Apply simple mode (shows only tree)',NULL,'Magento\\Eav\\Model\\Entity\\Attribute\\Source\\Boolean',0,0,NULL,0,NULL),(161,3,'ys_nav_simple_width',NULL,NULL,'text',NULL,NULL,'text','Simple Menu Width',NULL,NULL,0,0,NULL,0,NULL),(162,3,'ys_nav_btm',NULL,NULL,'text',NULL,NULL,'textarea','Html block under menu ',NULL,NULL,0,0,NULL,0,'This field is compatible only with 1st-level category'),(163,3,'ys_nav_top',NULL,NULL,'text',NULL,NULL,'textarea','Top Html',NULL,NULL,0,0,NULL,0,NULL),(164,3,'ys_nav_left',NULL,NULL,'text',NULL,NULL,'textarea','Left Html',NULL,NULL,0,0,NULL,0,NULL),(165,3,'ys_nav_left_width',NULL,NULL,'text',NULL,NULL,'select','Left Html Width',NULL,'Ecomwares\\Wkmegamenu\\Model\\Attribute\\Columnsgrid',0,0,'3',0,NULL),(166,3,'ys_nav_right',NULL,NULL,'text',NULL,NULL,'textarea','Megamenu Vertical Right Html',NULL,NULL,0,0,NULL,0,'This field is compatible only with 1st-level category'),(167,3,'ys_nav_right_width',NULL,NULL,'text',NULL,NULL,'select','Right Html Width',NULL,'Ecomwares\\Wkmegamenu\\Model\\Attribute\\Columnsgrid',0,0,'3',0,NULL),(168,3,'ys_category_lable',NULL,NULL,'text',NULL,NULL,'text','Category label, for ex. \"Hot!\"',NULL,NULL,0,0,NULL,0,'This field is compatible only with 1st-level category megamenu'),(169,3,'ys_label_color',NULL,NULL,'text',NULL,NULL,'text','Category label background color',NULL,NULL,0,0,NULL,0,'This field is compatible only with 1st-level category megamenu'),(170,3,'ys_data_tm_width',NULL,NULL,'text',NULL,NULL,'select','Top Menu Dropdown Width',NULL,'Ecomwares\\Wkmegamenu\\Model\\Attribute\\Menuwidth',0,0,'1170',0,NULL),(171,3,'ys_data_tm_align_vertical',NULL,NULL,'text',NULL,NULL,'select','Top Menu Dropdown Align Vertical',NULL,'Ecomwares\\Wkmegamenu\\Model\\Attribute\\Alignvertical',0,0,'menu-bottom',0,NULL),(172,3,'ys_data_tm_align_horizontal',NULL,NULL,'text',NULL,NULL,'select','Top Menu Dropdown Align Horizontal',NULL,'Ecomwares\\Wkmegamenu\\Model\\Attribute\\Alignhorizontal',0,0,'menu-left',0,NULL),(173,3,'ys_products_list_type',NULL,NULL,'text',NULL,NULL,'select','Select Gallery Type',NULL,'Ecomwares\\Wkmegamenu\\Model\\Attribute\\CarouselType',0,0,'horizontal',0,NULL),(174,3,'ys_gal_proportion',NULL,NULL,'text',NULL,NULL,'select','Gallery-Banner cols width proportion',NULL,'Ecomwares\\Wkmegamenu\\Model\\Attribute\\GalleryProp',0,0,'cwc-1-2',0,NULL),(175,3,'ys_gal_order',NULL,NULL,'text',NULL,NULL,'select','Gallery-Banner sort order',NULL,'Ecomwares\\Wkmegamenu\\Model\\Attribute\\GalleryOrder',0,0,'ban-gal',0,NULL),(176,3,'ys_products_title',NULL,NULL,'text',NULL,NULL,'text','Product\'s block title',NULL,NULL,0,0,NULL,0,NULL),(177,3,'ys_products_ids',NULL,NULL,'text',NULL,NULL,'text','Product\'s ids, separated by commas',NULL,NULL,0,0,NULL,0,'Minimum two ids, only simple products'),(178,3,'ys_columns',NULL,NULL,'text',NULL,NULL,'select','Columns categories per row',NULL,'Ecomwares\\Wkmegamenu\\Model\\Attribute\\Columns',0,0,'3',0,NULL),(179,3,'ys_cat_image',NULL,NULL,'text',NULL,NULL,'textarea','Insert Image to 2-lvl category',NULL,NULL,0,0,NULL,0,NULL),(181,4,'barcode',NULL,NULL,'varchar',NULL,NULL,'text','Barcode',NULL,NULL,1,1,NULL,0,NULL),(182,4,'brand',NULL,NULL,'int',NULL,NULL,'select','Brand',NULL,'Magento\\Eav\\Model\\Entity\\Attribute\\Source\\Table',0,1,'449',0,NULL),(183,4,'supplier',NULL,NULL,'int',NULL,NULL,'select','Supplier',NULL,'Magento\\Eav\\Model\\Entity\\Attribute\\Source\\Table',0,1,'248',0,NULL),(184,1,'df',NULL,NULL,'static',NULL,NULL,'text','Mage2.PRO',NULL,NULL,0,0,NULL,0,NULL),(187,4,'lowest_price',NULL,'Magento\\Catalog\\Model\\Product\\Attribute\\Backend\\Price','decimal',NULL,NULL,'price','lowest price',NULL,NULL,0,1,NULL,0,NULL),(188,4,'width',NULL,NULL,'varchar',NULL,NULL,'text','width ',NULL,NULL,0,1,NULL,0,NULL),(189,4,'height',NULL,NULL,'varchar',NULL,NULL,'text','height ',NULL,NULL,0,1,NULL,0,NULL),(190,4,'depth',NULL,NULL,'varchar',NULL,NULL,'text','Depth ',NULL,NULL,0,1,NULL,0,NULL),(191,4,'weight_cover',NULL,NULL,'varchar',NULL,NULL,'text','Weight (cover)',NULL,NULL,0,1,NULL,0,NULL),(194,4,'custom_layout_update_file',NULL,'Magento\\Catalog\\Model\\Product\\Attribute\\Backend\\LayoutUpdate','varchar',NULL,NULL,'select','Custom Layout Update',NULL,'Magento\\Catalog\\Model\\Product\\Attribute\\Source\\LayoutUpdate',0,0,NULL,0,NULL),(195,3,'custom_layout_update_file',NULL,'Magento\\Catalog\\Model\\Category\\Attribute\\Backend\\LayoutUpdate','varchar',NULL,NULL,'select','Custom Layout Update',NULL,'Magento\\Catalog\\Model\\Category\\Attribute\\Source\\LayoutUpdate',0,0,NULL,0,NULL),(196,4,'charachters',NULL,NULL,'int',NULL,NULL,'select','charachters',NULL,'Magento\\Eav\\Model\\Entity\\Attribute\\Source\\Table',1,1,'',0,NULL),(197,4,'charachters_collection',NULL,NULL,'int',NULL,NULL,'select','charachters_collection',NULL,'Magento\\Eav\\Model\\Entity\\Attribute\\Source\\Table',0,1,'',0,NULL);

--
-- Table structure for table `mag2_eav_attribute_group`
--

CREATE TABLE `mag2_eav_attribute_group` (
  `attribute_group_id` smallint(5) unsigned NOT NULL AUTO_INCREMENT COMMENT 'Attribute Group ID',
  `attribute_set_id` smallint(5) unsigned NOT NULL DEFAULT '0' COMMENT 'Attribute Set ID',
  `attribute_group_name` varchar(255) DEFAULT NULL COMMENT 'Attribute Group Name',
  `sort_order` smallint(6) NOT NULL DEFAULT '0' COMMENT 'Sort Order',
  `default_id` smallint(5) unsigned DEFAULT '0' COMMENT 'Default ID',
  `attribute_group_code` varchar(255) NOT NULL COMMENT 'Attribute Group Code',
  `tab_group_code` varchar(255) DEFAULT NULL COMMENT 'Tab Group Code',
  PRIMARY KEY (`attribute_group_id`),
  UNIQUE KEY `MAG2_CAT_CTGR_PRD_ATTR_SET_ID_ATTR_GROUP_CODE` (`attribute_set_id`,`attribute_group_code`),
  UNIQUE KEY `MAG2_EAV_ATTRIBUTE_GROUP_ATTRIBUTE_SET_ID_ATTRIBUTE_GROUP_NAME` (`attribute_set_id`,`attribute_group_name`),
  KEY `MAG2_EAV_ATTRIBUTE_GROUP_ATTRIBUTE_SET_ID_SORT_ORDER` (`attribute_set_id`,`sort_order`),
  CONSTRAINT `MAG2_EAV_ATTR_GROUP_ATTR_SET_ID_MAG2_EAV_ATTR_SET_ATTR_SET_ID` FOREIGN KEY (`attribute_set_id`) REFERENCES `mag2_eav_attribute_set` (`attribute_set_id`) ON DELETE CASCADE
) ENGINE=InnoDB AUTO_INCREMENT=104 DEFAULT CHARSET=utf8 COMMENT='Eav Attribute Group';

--
-- Dumping data for table `mag2_eav_attribute_group`
--

INSERT INTO `mag2_eav_attribute_group` VALUES (1,1,'General',1,1,'general',NULL),(2,2,'General',1,1,'general',NULL),(3,3,'General',10,1,'general',NULL),(4,3,'General Information',2,0,'general-information',NULL),(5,3,'Display Settings',20,0,'display-settings',NULL),(6,3,'Custom Design',30,0,'custom-design',NULL),(7,4,'Product Details',1,1,'product-details','basic'),(8,4,'Advanced Pricing',6,0,'advanced-pricing','advanced'),(9,4,'Search Engine Optimization',5,0,'search-engine-optimization','basic'),(10,4,'Image Management',4,0,'image-management','basic'),(11,4,'Design',7,0,'design','advanced'),(12,4,'Autosettings',9,0,'autosettings','advanced'),(13,4,'Content',2,0,'content','basic'),(14,4,'Schedule Design Update',8,0,'schedule-design-update','advanced'),(15,4,'Bundle Items',3,0,'bundle-items',NULL),(16,5,'General',1,1,'general',NULL),(17,6,'General',1,1,'general',NULL),(18,7,'General',1,1,'general',NULL),(19,8,'General',1,1,'general',NULL),(20,4,'Gift Options',10,0,'gift-options',NULL),(21,9,'Gift Options',61,0,'gift-options',NULL),(22,9,'Autosettings',60,0,'autosettings','advanced'),(23,9,'Schedule Design Update',55,0,'schedule-design-update','advanced'),(24,9,'Design',50,0,'design','advanced'),(25,9,'Advanced Pricing',40,0,'advanced-pricing','advanced'),(26,9,'Search Engine Optimization',30,0,'search-engine-optimization','basic'),(27,9,'Image Management',20,0,'image-management','basic'),(28,9,'Bundle Items',16,0,'bundle-items',NULL),(29,9,'Content',15,0,'content','basic'),(30,9,'Product Details',10,1,'product-details','basic'),(31,10,'Gift Options',61,0,'gift-options',NULL),(32,10,'Autosettings',60,0,'autosettings','advanced'),(33,10,'Schedule Design Update',55,0,'schedule-design-update','advanced'),(34,10,'Design',50,0,'design','advanced'),(35,10,'Advanced Pricing',40,0,'advanced-pricing','advanced'),(36,10,'Search Engine Optimization',30,0,'search-engine-optimization','basic'),(37,10,'Image Management',20,0,'image-management','basic'),(38,10,'Bundle Items',16,0,'bundle-items',NULL),(39,10,'Content',15,0,'content','basic'),(40,10,'Product Details',10,1,'product-details','basic'),(41,11,'Gift Options',61,0,'gift-options',NULL),(42,11,'Autosettings',60,0,'autosettings','advanced'),(43,11,'Schedule Design Update',55,0,'schedule-design-update','advanced'),(44,11,'Design',50,0,'design','advanced'),(45,11,'Advanced Pricing',40,0,'advanced-pricing','advanced'),(46,11,'Search Engine Optimization',30,0,'search-engine-optimization','basic'),(47,11,'Image Management',20,0,'image-management','basic'),(48,11,'Bundle Items',16,0,'bundle-items',NULL),(49,11,'Content',15,0,'content','basic'),(50,11,'Product Details',10,1,'product-details','basic'),(51,12,'Gift Options',61,0,'gift-options',NULL),(52,12,'Autosettings',60,0,'autosettings','advanced'),(53,12,'Schedule Design Update',55,0,'schedule-design-update','advanced'),(54,12,'Design',50,0,'design','advanced'),(55,12,'Advanced Pricing',40,0,'advanced-pricing','advanced'),(56,12,'Search Engine Optimization',30,0,'search-engine-optimization','basic'),(57,12,'Image Management',20,0,'image-management','basic'),(58,12,'Bundle Items',16,0,'bundle-items',NULL),(59,12,'Content',15,0,'content','basic'),(60,12,'Product Details',10,1,'product-details','basic'),(61,13,'Gift Options',61,0,'gift-options',NULL),(62,13,'Autosettings',60,0,'autosettings','advanced'),(63,13,'Schedule Design Update',55,0,'schedule-design-update','advanced'),(64,13,'Design',50,0,'design','advanced'),(65,13,'Advanced Pricing',40,0,'advanced-pricing','advanced'),(66,13,'Search Engine Optimization',30,0,'search-engine-optimization','basic'),(67,13,'Image Management',20,0,'image-management','basic'),(68,13,'Bundle Items',16,0,'bundle-items',NULL),(69,13,'Content',15,0,'content','basic'),(70,13,'Product Details',10,1,'product-details','basic'),(71,14,'Gift Options',61,0,'gift-options',NULL),(72,14,'Autosettings',60,0,'autosettings','advanced'),(73,14,'Schedule Design Update',55,0,'schedule-design-update','advanced'),(74,14,'Design',50,0,'design','advanced'),(75,14,'Advanced Pricing',40,0,'advanced-pricing','advanced'),(76,14,'Search Engine Optimization',30,0,'search-engine-optimization','basic'),(77,14,'Image Management',20,0,'image-management','basic'),(78,14,'Bundle Items',16,0,'bundle-items',NULL),(79,14,'Content',15,0,'content','basic'),(80,14,'Product Details',10,1,'product-details','basic'),(81,15,'Gift Options',61,0,'gift-options',NULL),(82,15,'Autosettings',60,0,'autosettings','advanced'),(83,15,'Schedule Design Update',55,0,'schedule-design-update','advanced'),(84,15,'Design',50,0,'design','advanced'),(85,15,'Advanced Pricing',40,0,'advanced-pricing','advanced'),(86,15,'Search Engine Optimization',30,0,'search-engine-optimization','basic'),(87,15,'Image Management',20,0,'image-management','basic'),(88,15,'Bundle Items',16,0,'bundle-items',NULL),(89,15,'Content',15,0,'content','basic'),(90,15,'Product Details',10,1,'product-details','basic'),(91,3,'Wokiee Megamenu',31,0,'wokiee-megamenu',NULL),(92,4,'Attributes',11,0,'attributes',NULL),(93,16,'Attributes',11,0,'attributes',NULL),(94,16,'Gift Options',10,0,'gift-options',NULL),(95,16,'Autosettings',9,0,'autosettings','advanced'),(96,16,'Schedule Design Update',8,0,'schedule-design-update','advanced'),(97,16,'Design',7,0,'design','advanced'),(98,16,'Advanced Pricing',6,0,'advanced-pricing','advanced'),(99,16,'Search Engine Optimization',5,0,'search-engine-optimization','basic'),(100,16,'Image Management',4,0,'image-management','basic'),(101,16,'Bundle Items',3,0,'bundle-items',NULL),(102,16,'Content',2,0,'content','basic'),(103,16,'Product Details',1,1,'product-details','basic');

--
-- Table structure for table `mag2_eav_attribute_label`
--

CREATE TABLE `mag2_eav_attribute_label` (
  `attribute_label_id` int(10) unsigned NOT NULL AUTO_INCREMENT COMMENT 'Attribute Label ID',
  `attribute_id` smallint(5) unsigned NOT NULL DEFAULT '0' COMMENT 'Attribute ID',
  `store_id` smallint(5) unsigned NOT NULL DEFAULT '0' COMMENT 'Store ID',
  `value` varchar(255) DEFAULT NULL COMMENT 'Value',
  PRIMARY KEY (`attribute_label_id`),
  KEY `MAG2_EAV_ATTRIBUTE_LABEL_STORE_ID` (`store_id`),
  KEY `MAG2_EAV_ATTRIBUTE_LABEL_ATTRIBUTE_ID_STORE_ID` (`attribute_id`,`store_id`),
  CONSTRAINT `MAG2_EAV_ATTRIBUTE_LABEL_STORE_ID_MAG2_STORE_STORE_ID` FOREIGN KEY (`store_id`) REFERENCES `mag2_store` (`store_id`) ON DELETE CASCADE,
  CONSTRAINT `MAG2_EAV_ATTR_LBL_ATTR_ID_MAG2_EAV_ATTR_ATTR_ID` FOREIGN KEY (`attribute_id`) REFERENCES `mag2_eav_attribute` (`attribute_id`) ON DELETE CASCADE
) ENGINE=InnoDB AUTO_INCREMENT=507 DEFAULT CHARSET=utf8 COMMENT='Eav Attribute Label';

--
-- Dumping data for table `mag2_eav_attribute_label`
--

INSERT INTO `mag2_eav_attribute_label` VALUES (6,140,1,'Category'),(129,183,1,'Supplier'),(130,183,2,'Supplier'),(133,139,1,'Gender'),(134,139,2,'الجنس'),(365,83,1,'Brands'),(366,83,2,'الماركات'),(389,188,1,'width '),(390,188,2,'العرض'),(391,189,1,'height '),(392,189,2,'الإرتفاع'),(393,190,1,'Depth '),(394,190,2,'العمق'),(397,191,1,'Weight (cover)'),(398,191,2,'وزن الغطاء'),(403,82,1,'Weight'),(404,82,2,'الوزن'),(433,93,2,'اللون'),(434,93,1,'Color'),(437,181,2,'باركود'),(438,181,1,'Barcode'),(489,182,1,'Brand'),(490,182,2,'الماركة'),(491,196,1,'charachter'),(492,196,2,'الحرف'),(497,141,2,'الحجم'),(498,141,1,'Weight'),(499,197,1,'charachter'),(500,197,2,'الحرف'),(505,77,1,'Price'),(506,77,2,'السعر');

--
-- Table structure for table `mag2_eav_attribute_option`
--

CREATE TABLE `mag2_eav_attribute_option` (
  `option_id` int(10) unsigned NOT NULL AUTO_INCREMENT COMMENT 'Option ID',
  `attribute_id` smallint(5) unsigned NOT NULL DEFAULT '0' COMMENT 'Attribute ID',
  `sort_order` smallint(5) unsigned NOT NULL DEFAULT '0' COMMENT 'Sort Order',
  PRIMARY KEY (`option_id`),
  KEY `MAG2_EAV_ATTRIBUTE_OPTION_ATTRIBUTE_ID` (`attribute_id`),
  CONSTRAINT `MAG2_EAV_ATTR_OPT_ATTR_ID_MAG2_EAV_ATTR_ATTR_ID` FOREIGN KEY (`attribute_id`) REFERENCES `mag2_eav_attribute` (`attribute_id`) ON DELETE CASCADE
) ENGINE=InnoDB AUTO_INCREMENT=511 DEFAULT CHARSET=utf8 COMMENT='Eav Attribute Option';

--
-- Dumping data for table `mag2_eav_attribute_option`
--

INSERT INTO `mag2_eav_attribute_option` VALUES (1,20,0),(2,20,1),(3,20,3),(58,93,9),(59,93,10),(82,139,2),(83,139,3),(85,140,0),(86,140,1),(87,140,2),(88,140,3),(89,140,4),(90,140,5),(91,141,1),(92,141,3),(97,142,0),(98,143,0),(99,144,0),(100,145,0),(101,146,0),(102,147,0),(103,147,1),(168,141,6),(213,147,3),(214,147,4),(215,83,1),(216,83,2),(217,83,3),(218,83,4),(219,83,5),(242,83,6),(243,83,7),(244,183,1),(245,183,2),(248,183,3),(249,183,4),(250,183,5),(251,183,6),(252,183,7),(253,83,8),(254,83,9),(256,139,3),(427,141,4),(428,93,3),(429,93,4),(430,93,5),(431,93,6),(432,93,8),(433,93,8),(443,93,9),(444,93,10),(445,93,11),(446,93,12),(447,93,13),(448,93,14),(449,182,1),(476,141,2),(477,141,5),(482,196,1),(483,196,2),(484,196,3),(485,197,1),(486,197,2),(487,197,3),(488,197,4),(489,197,5),(490,197,6),(491,197,7),(492,197,8),(493,197,9),(494,197,10),(495,197,11),(496,197,12),(497,197,13),(498,197,14),(499,197,15),(500,197,16),(501,197,17),(502,197,18),(503,197,19),(504,197,20),(505,197,21),(506,197,22),(507,197,23),(508,197,24),(509,197,25),(510,197,26);

--
-- Table structure for table `mag2_eav_attribute_option_swatch`
--

CREATE TABLE `mag2_eav_attribute_option_swatch` (
  `swatch_id` int(10) unsigned NOT NULL AUTO_INCREMENT COMMENT 'Swatch ID',
  `option_id` int(10) unsigned NOT NULL COMMENT 'Option ID',
  `store_id` smallint(5) unsigned NOT NULL COMMENT 'Store ID',
  `type` smallint(5) unsigned NOT NULL COMMENT 'Swatch type: 0 - text, 1 - visual color, 2 - visual image',
  `value` varchar(255) DEFAULT NULL COMMENT 'Swatch Value',
  PRIMARY KEY (`swatch_id`),
  UNIQUE KEY `MAG2_EAV_ATTRIBUTE_OPTION_SWATCH_STORE_ID_OPTION_ID` (`store_id`,`option_id`),
  KEY `MAG2_EAV_ATTRIBUTE_OPTION_SWATCH_SWATCH_ID` (`swatch_id`),
  KEY `MAG2_EAV_ATTR_OPT_SWATCH_OPT_ID_EAV_ATTR_OPT_OPT_ID` (`option_id`),
  CONSTRAINT `MAG2_EAV_ATTRIBUTE_OPTION_SWATCH_STORE_ID_MAG2_STORE_STORE_ID` FOREIGN KEY (`store_id`) REFERENCES `mag2_store` (`store_id`) ON DELETE CASCADE,
  CONSTRAINT `MAG2_EAV_ATTR_OPT_SWATCH_OPT_ID_MAG2_EAV_ATTR_OPT_OPT_ID` FOREIGN KEY (`option_id`) REFERENCES `mag2_eav_attribute_option` (`option_id`) ON DELETE CASCADE
) ENGINE=InnoDB AUTO_INCREMENT=407 DEFAULT CHARSET=utf8 COMMENT='Magento Swatches table';

--
-- Dumping data for table `mag2_eav_attribute_option_swatch`
--

INSERT INTO `mag2_eav_attribute_option_swatch` VALUES (10,58,0,1,'#ff0000'),(11,59,0,1,'#f7ca03'),(13,91,0,0,'50 ML'),(14,91,1,0,'50 ML'),(15,167,0,0,'54'),(16,167,1,0,'54'),(17,92,0,0,'100 ML'),(18,92,1,0,'100 ML'),(19,168,0,0,'1000 ML'),(20,168,1,0,'1000 ML'),(21,93,0,0,'60'),(22,93,1,0,'60'),(53,91,2,0,'50 مل'),(54,167,2,0,'54'),(55,92,2,0,'100 مل'),(56,168,2,0,'1000 مل'),(57,93,2,0,'60'),(215,427,0,0,'250 ML'),(216,427,1,0,'250 ML'),(217,427,2,0,'250 مل'),(218,428,0,3,NULL),(219,429,0,1,'#002be8'),(220,430,0,1,'#e00d34'),(221,431,0,1,'#2d2e04'),(222,432,0,1,'#f500f5'),(223,433,0,1,'#0456c9'),(224,443,0,1,'#000000'),(225,445,0,1,'#a7b5e8'),(226,446,0,1,'#000000'),(227,444,0,1,'#84dee8'),(228,447,0,1,'#e3749e'),(229,448,0,1,'#08c9ff'),(302,476,0,0,'60 ML'),(303,476,1,0,'60 ML'),(304,476,2,0,'60 ML'),(305,477,0,0,'500 ML'),(306,477,1,0,'500 ML'),(307,477,2,0,'500 مل'),(320,482,0,0,'A'),(321,482,1,0,'A'),(322,482,2,0,'A'),(323,483,0,0,'B'),(324,483,1,0,'B'),(325,483,2,0,'B'),(326,484,0,0,'C'),(327,484,1,0,'C'),(328,484,2,0,'C'),(329,485,0,0,'A'),(330,485,1,0,'A'),(331,485,2,0,'A'),(332,486,0,0,'B'),(333,486,1,0,'B'),(334,486,2,0,'B'),(335,487,0,0,'C'),(336,487,1,0,'C'),(337,487,2,0,'C'),(338,488,0,0,'D'),(339,488,1,0,'D'),(340,488,2,0,'D'),(341,489,0,0,'E'),(342,489,1,0,'E'),(343,489,2,0,'E'),(344,490,0,0,'F'),(345,490,1,0,'F'),(346,490,2,0,'F'),(347,491,0,0,'G'),(348,491,1,0,'G'),(349,491,2,0,'G'),(350,492,0,0,'H'),(351,492,1,0,'H'),(352,492,2,0,'H'),(353,493,0,0,'I'),(354,493,1,0,'I'),(355,493,2,0,'I'),(356,494,0,0,'J'),(357,494,1,0,'J'),(358,494,2,0,'J'),(359,495,0,0,'K'),(360,495,1,0,'K'),(361,495,2,0,'K'),(362,496,0,0,'L'),(363,496,1,0,'L'),(364,496,2,0,'L'),(365,497,0,0,'M'),(366,497,1,0,'M'),(367,497,2,0,'M'),(368,498,0,0,'N'),(369,498,1,0,'N'),(370,498,2,0,'N'),(371,499,0,0,'O'),(372,499,1,0,'O'),(373,499,2,0,'O'),(374,500,0,0,'P'),(375,500,1,0,'P'),(376,500,2,0,'P'),(377,501,0,0,'Q'),(378,501,1,0,'Q'),(379,501,2,0,'Q'),(380,502,0,0,'R'),(381,502,1,0,'R'),(382,502,2,0,'R'),(383,503,0,0,'S'),(384,503,1,0,'S'),(385,503,2,0,'S'),(386,504,0,0,'T'),(387,504,1,0,'T'),(388,504,2,0,'T'),(389,505,0,0,'U'),(390,505,1,0,'U'),(391,505,2,0,'U'),(392,506,0,0,'V'),(393,506,1,0,'V'),(394,506,2,0,'V'),(395,507,0,0,'W'),(396,507,1,0,'W'),(397,507,2,0,'W'),(398,508,0,0,'X'),(399,508,1,0,'X'),(400,508,2,0,'X'),(401,509,0,0,'Y'),(402,509,1,0,'Y'),(403,509,2,0,'Y'),(404,510,0,0,'Z'),(405,510,1,0,'Z'),(406,510,2,0,'Z');

--
-- Table structure for table `mag2_eav_attribute_option_value`
--

CREATE TABLE `mag2_eav_attribute_option_value` (
  `value_id` int(10) unsigned NOT NULL AUTO_INCREMENT COMMENT 'Value ID',
  `option_id` int(10) unsigned NOT NULL DEFAULT '0' COMMENT 'Option ID',
  `store_id` smallint(5) unsigned NOT NULL DEFAULT '0' COMMENT 'Store ID',
  `value` varchar(255) DEFAULT NULL COMMENT 'Value',
  PRIMARY KEY (`value_id`),
  KEY `MAG2_EAV_ATTRIBUTE_OPTION_VALUE_OPTION_ID` (`option_id`),
  KEY `MAG2_EAV_ATTRIBUTE_OPTION_VALUE_STORE_ID` (`store_id`),
  CONSTRAINT `MAG2_EAV_ATTRIBUTE_OPTION_VALUE_STORE_ID_MAG2_STORE_STORE_ID` FOREIGN KEY (`store_id`) REFERENCES `mag2_store` (`store_id`) ON DELETE CASCADE,
  CONSTRAINT `MAG2_EAV_ATTR_OPT_VAL_OPT_ID_MAG2_EAV_ATTR_OPT_OPT_ID` FOREIGN KEY (`option_id`) REFERENCES `mag2_eav_attribute_option` (`option_id`) ON DELETE CASCADE
) ENGINE=InnoDB AUTO_INCREMENT=21454 DEFAULT CHARSET=utf8 COMMENT='Eav Attribute Option Value';

--
-- Dumping data for table `mag2_eav_attribute_option_value`
--

INSERT INTO `mag2_eav_attribute_option_value` VALUES (1,1,0,'Male'),(2,2,0,'Female'),(3,3,0,'Not Specified'),(85,85,0,'Cardio'),(86,86,0,'Electronic'),(87,87,0,'Exercise'),(88,88,0,'Fashion'),(89,89,0,'Hydration'),(90,90,0,'Timepiece'),(616,102,0,'Download'),(617,103,0,'DVD'),(618,213,1,'red'),(619,213,0,'red'),(620,213,2,'احمر'),(621,214,1,'blue'),(622,214,0,'blue'),(623,214,2,'ازرق'),(1330,244,1,'Safari'),(1331,244,0,'Safari'),(1332,244,2,'Safari'),(1333,245,1,'Shahalel'),(1334,245,0,'Shahalel'),(1335,245,2,'Shahalel'),(1336,248,0,'N/A'),(1337,249,1,'Toyzone'),(1338,249,0,'Toyzone'),(1339,249,2,'Toyzone'),(1340,250,1,'Alwaleed'),(1341,250,0,'Alwaleed'),(1342,250,2,'Alwaleed'),(1343,251,1,'NHE Toys'),(1344,251,0,'NHE Toys'),(1345,251,2,'NHE Toys'),(1346,252,1,'Ashkanani'),(1347,252,0,'Ashkanani'),(1348,252,2,'Ashkanani'),(1349,82,1,'Women'),(1350,82,0,'Women'),(1351,82,2,'نسائي'),(1352,83,1,'Men'),(1353,83,0,'Men'),(1354,83,2,'رجالي'),(1355,256,1,'Kids'),(1356,256,0,'Kids'),(1357,256,2,'أطفال'),(20050,215,1,'Step2'),(20051,215,0,'Step2'),(20052,215,2,'Step2'),(20053,216,1,'Little Tikes'),(20054,216,0,'Little Tikes'),(20055,216,2,'Little Tikes'),(20056,217,1,'Plum'),(20057,217,0,'Plum'),(20058,217,2,'Plum'),(20059,218,1,'Vtech'),(20060,218,0,'Vtech'),(20061,218,2,'Vtech'),(20062,219,1,'LEGO'),(20063,219,0,'LEGO'),(20064,219,2,'LEGO'),(20065,242,1,'VIGA'),(20066,242,0,'VIGA'),(20067,242,2,'VIGA'),(20068,243,1,'MAMALOVE'),(20069,243,0,'MAMALOVE'),(20070,243,2,'MAMALOVE'),(20071,253,1,'Hasbro'),(20072,253,0,'Hasbro'),(20073,253,2,'Hasbro'),(20074,254,1,' '),(20075,254,0,' '),(20076,254,2,' '),(20263,396,2,'باكو رابان'),(20264,396,1,'Paco Rabanne'),(20265,396,0,'Paco Rabanne'),(20266,397,2,'دافيدوف'),(20267,397,1,'Davidoff'),(20268,397,0,'Davidoff'),(20269,398,2,'جيفنشي'),(20270,398,1,'Givenchy'),(20271,398,0,'Givenchy'),(20272,399,2,'كارولينا هيريرا'),(20273,399,1,'Carolina Herrera'),(20274,399,0,'Carolina Herrera'),(20275,400,2,'إس.تي ديبون'),(20276,400,1,'s.t.dupont'),(20277,400,0,'s.t.dupont'),(20278,401,2,'بنتلي'),(20279,401,1,'Bentley'),(20280,401,0,'Bentley'),(20281,402,2,'مرسيدس'),(20282,402,1,'Mercedes'),(20283,402,0,'Mercedes'),(20284,403,2,'كارتير'),(20285,403,1,'Cartier'),(20286,403,0,'Cartier'),(20287,404,2,'شانيل'),(20288,404,1,'Chanel'),(20289,404,0,'Chanel'),(20290,405,2,'فيرزاتشي'),(20291,405,1,'Versace'),(20292,405,0,'Versace'),(20293,406,2,'كالفين كلاين'),(20294,406,1,'Calvin Klein'),(20295,406,0,'Calvin Klein'),(20296,407,2,'مانسيرا '),(20297,407,1,'Mancera'),(20298,407,0,'Mancera'),(20299,408,2,'مونت بلانك'),(20300,408,1,'Montblanc'),(20301,408,0,'Montblanc'),(20302,409,2,'دانهيل'),(20303,409,1,'Dunhill'),(20304,409,0,'Dunhill'),(20305,410,2,'ديور'),(20306,410,1,'Dior'),(20307,410,0,'Dior'),(20308,411,2,'شوبارد'),(20309,411,1,'Chopard'),(20310,411,0,'Chopard'),(20311,412,2,'بربري'),(20312,412,1,'Burberry'),(20313,412,0,'Burberry'),(20314,413,2,'دولتشي اند غابانا'),(20315,413,1,'Dolce & Gabbana'),(20316,413,0,'Dolce & Gabbana'),(20317,414,2,'بوس'),(20318,414,1,'Boss'),(20319,414,0,'Boss'),(20320,415,2,'جس'),(20321,415,1,'Guess'),(20322,415,0,'Guess'),(20323,416,2,'روبرتو كافالي'),(20324,416,1,'Roberto Cavalli'),(20325,416,0,'Roberto Cavalli'),(20326,417,2,'لاكوست'),(20327,417,1,'Lacoste'),(20328,417,0,'Lacoste'),(20329,418,2,'توم فورد'),(20330,418,1,'Tom Ford'),(20331,418,0,'Tom Ford'),(20332,419,2,' جاك بوجارت'),(20333,419,1,'Jacques Bogart'),(20334,419,0,'Jacques Bogart'),(20335,420,2,'جاكوار'),(20336,420,1,'Jaguar'),(20337,420,0,'Jaguar'),(20338,421,2,'قوتشي'),(20339,421,1,'Gucci'),(20340,421,0,'Gucci '),(20341,422,2,'هيرميس'),(20342,422,1,'Hermes '),(20343,422,0,'Hermes '),(20344,423,2,'لويس فويتون'),(20345,423,1,'Louis vuitton'),(20346,423,0,'Louis vuitton'),(20347,424,2,' ايجنر'),(20348,424,1,'Aigner'),(20349,424,0,'Aigner'),(20350,425,2,'فالنتينو'),(20351,425,1,'Valentino'),(20352,425,0,'Valentino'),(20353,426,2,'جورجيو أرماني'),(20354,426,1,'Giorgio armani'),(20355,426,0,'Giorgio armani'),(20493,434,1,'Butterfly '),(20494,434,0,'Acoustic Sofa'),(20495,434,2,'Butterfly '),(20496,435,1,' Evolution Sofa'),(20497,435,0,' Evolution Sofa'),(20498,435,2,' Evolution Sofa'),(20499,436,1,'Avatar Sofa'),(20500,436,0,'Avatar Sofa'),(20501,436,2,'Avatar Sofa'),(20502,437,1,'Butterfly Sofa'),(20503,437,0,'Butterfly Sofa'),(20504,437,2,'Butterfly Sofa'),(20505,438,1,'Twin Ottoman  '),(20506,438,0,'Twin Ottoman  '),(20507,438,2,'Twin Ottoman  '),(20508,439,1,'Versa Table '),(20509,439,0,'Versa Table '),(20510,439,2,'Versa Table '),(20511,440,1,'Satellite Twin Sofa'),(20512,440,0,'Satellite Twin Sofa'),(20513,440,2,'Satellite Twin Sofa'),(20514,441,0,'Luxury Cat Bed'),(20515,442,0,'Luxury Dog Bed '),(20681,167,0,'54'),(20685,93,0,'60'),(20690,428,2,'ابيض'),(20691,428,0,'White '),(20692,428,1,'White '),(20693,429,0,'Aubergine Dream'),(20694,429,1,'Aubergine Dream'),(20695,430,0,'Wildberry Deluxe'),(20696,430,1,'Wildberry Deluxe'),(20697,431,0,'Hot Chocolate'),(20698,431,1,'Hot Chocolate'),(20699,432,0,'Eco Weave'),(20700,432,1,'Eco Weave'),(20701,433,2,'yel'),(20702,433,0,'yel'),(20703,433,1,'yel'),(20704,443,0,'pink'),(20705,443,1,'pink'),(20706,58,2,'احمر'),(20707,58,0,'Red'),(20708,58,1,'Red'),(20709,444,0,'a'),(20710,59,2,'اسود'),(20711,59,0,'b'),(20712,59,1,'Black sapphire'),(20713,445,0,'c'),(20714,446,0,'d'),(20715,447,0,'e'),(20716,447,1,'t'),(20717,448,0,'f'),(20718,448,1,'uy'),(21243,449,1,'Nika'),(21244,449,0,'Nika'),(21245,449,2,'Nika'),(21246,482,1,'A'),(21247,482,0,'A'),(21248,482,2,'A'),(21249,483,1,'B'),(21250,483,0,'B'),(21251,483,2,'B'),(21252,484,1,'C'),(21253,484,0,'C'),(21254,484,2,'C'),(21369,91,1,'50 ML'),(21370,91,0,'50 ML'),(21371,476,0,'60 ML'),(21372,92,0,'100 ML'),(21373,427,0,'250 ML'),(21374,477,0,'500 ML'),(21375,168,0,'1000 ML'),(21376,485,1,'A'),(21377,485,0,'A'),(21378,485,2,'A'),(21379,486,1,'B'),(21380,486,0,'B'),(21381,486,2,'B'),(21382,487,1,'C'),(21383,487,0,'C'),(21384,487,2,'C'),(21385,488,1,'D'),(21386,488,0,'D'),(21387,488,2,'D'),(21388,489,1,'E'),(21389,489,0,'E'),(21390,489,2,'E'),(21391,490,1,'F'),(21392,490,0,'F'),(21393,490,2,'F'),(21394,491,1,'G'),(21395,491,0,'G'),(21396,491,2,'G'),(21397,492,1,'H'),(21398,492,0,'H'),(21399,492,2,'H'),(21400,493,1,'I'),(21401,493,0,'I'),(21402,493,2,'I'),(21403,494,1,'J'),(21404,494,0,'J'),(21405,494,2,'J'),(21406,495,1,'K'),(21407,495,0,'K'),(21408,495,2,'K'),(21409,496,1,'L'),(21410,496,0,'L'),(21411,496,2,'L'),(21412,497,1,'M'),(21413,497,0,'M'),(21414,497,2,'M'),(21415,498,1,'N'),(21416,498,0,'N'),(21417,498,2,'N'),(21418,499,1,'O'),(21419,499,0,'O'),(21420,499,2,'O'),(21421,500,1,'P'),(21422,500,0,'P'),(21423,500,2,'P'),(21424,501,1,'Q'),(21425,501,0,'Q'),(21426,501,2,'Q'),(21427,502,1,'R'),(21428,502,0,'R'),(21429,502,2,'R'),(21430,503,1,'S'),(21431,503,0,'S'),(21432,503,2,'S'),(21433,504,1,'T'),(21434,504,0,'T'),(21435,504,2,'T'),(21436,505,1,'U'),(21437,505,0,'U'),(21438,505,2,'U'),(21439,506,1,'V'),(21440,506,0,'V'),(21441,506,2,'V'),(21442,507,1,'W'),(21443,507,0,'W'),(21444,507,2,'W'),(21445,508,1,'X'),(21446,508,0,'X'),(21447,508,2,'X'),(21448,509,1,'Y'),(21449,509,0,'Y'),(21450,509,2,'Y'),(21451,510,1,'Z'),(21452,510,0,'Z'),(21453,510,2,'Z');

--
-- Table structure for table `mag2_eav_attribute_set`
--

CREATE TABLE `mag2_eav_attribute_set` (
  `attribute_set_id` smallint(5) unsigned NOT NULL AUTO_INCREMENT COMMENT 'Attribute Set ID',
  `entity_type_id` smallint(5) unsigned NOT NULL DEFAULT '0' COMMENT 'Entity Type ID',
  `attribute_set_name` varchar(255) DEFAULT NULL COMMENT 'Attribute Set Name',
  `sort_order` smallint(6) NOT NULL DEFAULT '0' COMMENT 'Sort Order',
  PRIMARY KEY (`attribute_set_id`),
  UNIQUE KEY `MAG2_EAV_ATTRIBUTE_SET_ENTITY_TYPE_ID_ATTRIBUTE_SET_NAME` (`entity_type_id`,`attribute_set_name`),
  KEY `MAG2_EAV_ATTRIBUTE_SET_ENTITY_TYPE_ID_SORT_ORDER` (`entity_type_id`,`sort_order`),
  CONSTRAINT `MAG2_EAV_ATTR_SET_ENTT_TYPE_ID_MAG2_EAV_ENTT_TYPE_ENTT_TYPE_ID` FOREIGN KEY (`entity_type_id`) REFERENCES `mag2_eav_entity_type` (`entity_type_id`) ON DELETE CASCADE
) ENGINE=InnoDB AUTO_INCREMENT=17 DEFAULT CHARSET=utf8 COMMENT='Eav Attribute Set';

--
-- Dumping data for table `mag2_eav_attribute_set`
--

INSERT INTO `mag2_eav_attribute_set` VALUES (1,1,'Default',2),(2,2,'Default',2),(3,3,'Default',1),(4,4,'Default',1),(5,5,'Default',1),(6,6,'Default',1),(7,7,'Default',1),(8,8,'Default',1),(9,4,'Top',0),(10,4,'Bottom',0),(11,4,'Gear',0),(12,4,'Sprite Stasis Ball',0),(13,4,'Sprite Yoga Strap',0),(14,4,'Downloadable',0),(15,4,'Bag',0),(16,4,'Lowest Price',0);

--
-- Table structure for table `mag2_eav_entity`
--

CREATE TABLE `mag2_eav_entity` (
  `entity_id` int(10) unsigned NOT NULL AUTO_INCREMENT COMMENT 'Entity ID',
  `entity_type_id` smallint(5) unsigned NOT NULL DEFAULT '0' COMMENT 'Entity Type ID',
  `attribute_set_id` smallint(5) unsigned NOT NULL DEFAULT '0' COMMENT 'Attribute Set ID',
  `increment_id` varchar(50) DEFAULT NULL COMMENT 'Increment ID',
  `parent_id` int(10) unsigned NOT NULL DEFAULT '0' COMMENT 'Parent ID',
  `store_id` smallint(5) unsigned NOT NULL DEFAULT '0' COMMENT 'Store ID',
  `created_at` timestamp NOT NULL DEFAULT CURRENT_TIMESTAMP COMMENT 'Created At',
  `updated_at` timestamp NOT NULL DEFAULT CURRENT_TIMESTAMP ON UPDATE CURRENT_TIMESTAMP COMMENT 'Updated At',
  `is_active` smallint(5) unsigned NOT NULL DEFAULT '1' COMMENT 'Defines Is Entity Active',
  PRIMARY KEY (`entity_id`),
  KEY `MAG2_EAV_ENTITY_ENTITY_TYPE_ID` (`entity_type_id`),
  KEY `MAG2_EAV_ENTITY_STORE_ID` (`store_id`),
  CONSTRAINT `MAG2_EAV_ENTITY_STORE_ID_MAG2_STORE_STORE_ID` FOREIGN KEY (`store_id`) REFERENCES `mag2_store` (`store_id`) ON DELETE CASCADE,
  CONSTRAINT `MAG2_EAV_ENTT_ENTT_TYPE_ID_MAG2_EAV_ENTT_TYPE_ENTT_TYPE_ID` FOREIGN KEY (`entity_type_id`) REFERENCES `mag2_eav_entity_type` (`entity_type_id`) ON DELETE CASCADE
) ENGINE=InnoDB DEFAULT CHARSET=utf8 COMMENT='Eav Entity';

--
-- Dumping data for table `mag2_eav_entity`
--


--
-- Table structure for table `mag2_eav_entity_attribute`
--

CREATE TABLE `mag2_eav_entity_attribute` (
  `entity_attribute_id` int(10) unsigned NOT NULL AUTO_INCREMENT COMMENT 'Entity Attribute ID',
  `entity_type_id` smallint(5) unsigned NOT NULL DEFAULT '0' COMMENT 'Entity Type ID',
  `attribute_set_id` smallint(5) unsigned NOT NULL DEFAULT '0' COMMENT 'Attribute Set ID',
  `attribute_group_id` smallint(5) unsigned NOT NULL DEFAULT '0' COMMENT 'Attribute Group ID',
  `attribute_id` smallint(5) unsigned NOT NULL DEFAULT '0' COMMENT 'Attribute ID',
  `sort_order` smallint(6) NOT NULL DEFAULT '0' COMMENT 'Sort Order',
  PRIMARY KEY (`entity_attribute_id`),
  UNIQUE KEY `MAG2_EAV_ENTITY_ATTRIBUTE_ATTRIBUTE_SET_ID_ATTRIBUTE_ID` (`attribute_set_id`,`attribute_id`),
  UNIQUE KEY `MAG2_EAV_ENTITY_ATTRIBUTE_ATTRIBUTE_GROUP_ID_ATTRIBUTE_ID` (`attribute_group_id`,`attribute_id`),
  KEY `MAG2_EAV_ENTITY_ATTRIBUTE_ATTRIBUTE_SET_ID_SORT_ORDER` (`attribute_set_id`,`sort_order`),
  KEY `MAG2_EAV_ENTITY_ATTRIBUTE_ATTRIBUTE_ID` (`attribute_id`),
  CONSTRAINT `FK_3DB3D63E6101ACBCA773145D758016E6` FOREIGN KEY (`attribute_group_id`) REFERENCES `mag2_eav_attribute_group` (`attribute_group_id`) ON DELETE CASCADE,
  CONSTRAINT `MAG2_EAV_ENTT_ATTR_ATTR_ID_MAG2_EAV_ATTR_ATTR_ID` FOREIGN KEY (`attribute_id`) REFERENCES `mag2_eav_attribute` (`attribute_id`) ON DELETE CASCADE
) ENGINE=InnoDB AUTO_INCREMENT=1850 DEFAULT CHARSET=utf8 COMMENT='Eav Entity Attributes';

--
-- Dumping data for table `mag2_eav_entity_attribute`
--

INSERT INTO `mag2_eav_entity_attribute` VALUES (1,1,1,1,1,10),(2,1,1,1,2,20),(3,1,1,1,3,20),(4,1,1,1,4,30),(5,1,1,1,5,40),(6,1,1,1,6,50),(7,1,1,1,7,60),(8,1,1,1,8,70),(9,1,1,1,9,80),(10,1,1,1,10,25),(11,1,1,1,11,90),(12,1,1,1,12,81),(13,1,1,1,13,115),(14,1,1,1,14,120),(15,1,1,1,15,82),(16,1,1,1,16,83),(17,1,1,1,17,100),(18,1,1,1,18,0),(19,1,1,1,19,0),(20,1,1,1,20,110),(21,1,1,1,21,28),(22,2,2,2,22,10),(23,2,2,2,23,20),(24,2,2,2,24,30),(25,2,2,2,25,40),(26,2,2,2,26,50),(27,2,2,2,27,60),(28,2,2,2,28,70),(29,2,2,2,29,100),(30,2,2,2,30,80),(31,2,2,2,31,90),(32,2,2,2,32,90),(33,2,2,2,33,110),(34,2,2,2,34,120),(35,2,2,2,35,130),(36,2,2,2,36,140),(37,2,2,2,37,132),(38,2,2,2,38,133),(39,2,2,2,39,134),(40,2,2,2,40,135),(41,1,1,1,41,87),(42,1,1,1,42,100),(43,1,1,1,43,110),(44,1,1,1,44,120),(45,3,3,4,45,1),(46,3,3,4,46,2),(47,3,3,4,47,4),(48,3,3,4,48,5),(49,3,3,4,49,6),(50,3,3,4,50,7),(51,3,3,4,51,8),(52,3,3,5,52,10),(53,3,3,5,53,20),(54,3,3,5,54,30),(55,3,3,4,55,12),(56,3,3,4,56,13),(57,3,3,4,57,14),(58,3,3,4,58,15),(59,3,3,4,59,16),(60,3,3,6,60,10),(61,3,3,6,61,30),(62,3,3,6,62,40),(63,3,3,6,63,50),(64,3,3,6,64,60),(65,3,3,4,65,24),(66,3,3,4,66,25),(67,3,3,5,67,40),(68,3,3,5,68,50),(69,3,3,4,69,10),(70,3,3,6,70,5),(71,3,3,6,71,6),(72,3,3,5,72,51),(90,4,4,7,91,6),(96,4,4,8,98,8),(105,4,4,7,107,14),(106,4,4,7,108,15),(107,4,4,7,109,16),(108,4,4,7,110,17),(109,4,4,7,111,18),(110,4,4,7,112,19),(111,4,4,7,113,20),(122,3,3,4,124,3),(123,3,3,4,125,17),(125,4,4,7,127,11),(126,4,4,7,128,111),(127,4,4,7,129,112),(128,4,4,7,130,113),(129,4,4,7,131,114),(132,4,9,21,133,10),(133,4,9,23,101,20),(134,4,9,23,102,30),(135,4,9,23,100,40),(136,4,9,23,116,50),(137,4,9,24,104,5),(138,4,9,24,106,6),(139,4,9,24,103,10),(140,4,9,25,78,3),(141,4,9,25,79,4),(142,4,9,25,80,5),(143,4,9,25,81,6),(144,4,9,25,92,7),(145,4,9,25,98,8),(146,4,9,25,120,9),(147,4,9,25,122,10),(148,4,9,25,123,11),(149,4,9,26,126,10),(150,4,9,26,84,20),(151,4,9,26,85,30),(152,4,9,26,86,40),(153,4,9,27,87,1),(154,4,9,27,88,2),(155,4,9,27,89,3),(156,4,9,27,90,4),(157,4,9,27,96,5),(158,4,9,28,121,1),(159,4,9,29,75,110),(160,4,9,29,76,100),(161,4,9,30,97,5),(162,4,9,30,91,6),(163,4,9,30,73,10),(164,4,9,30,127,11),(165,4,9,30,107,14),(166,4,9,30,108,15),(167,4,9,30,109,16),(168,4,9,30,110,17),(169,4,9,30,111,18),(170,4,9,30,112,19),(171,4,9,30,74,20),(172,4,9,30,113,20),(173,4,9,30,118,21),(174,4,9,30,77,30),(175,4,9,30,117,31),(176,4,9,30,132,40),(177,4,9,30,115,60),(178,4,9,30,82,70),(179,4,9,30,119,71),(180,4,9,30,105,80),(181,4,9,30,99,80),(182,4,9,30,94,90),(183,4,9,30,95,100),(184,4,9,30,114,110),(185,4,9,30,128,111),(186,4,9,30,129,112),(187,4,9,30,130,113),(188,4,9,30,131,114),(191,4,10,31,133,10),(192,4,10,33,101,20),(193,4,10,33,102,30),(194,4,10,33,100,40),(195,4,10,33,116,50),(196,4,10,34,104,5),(197,4,10,34,106,6),(198,4,10,34,103,10),(199,4,10,35,78,3),(200,4,10,35,79,4),(201,4,10,35,80,5),(202,4,10,35,81,6),(203,4,10,35,92,7),(204,4,10,35,98,8),(205,4,10,35,120,9),(206,4,10,35,122,10),(207,4,10,35,123,11),(208,4,10,36,126,10),(209,4,10,36,84,20),(210,4,10,36,85,30),(211,4,10,36,86,40),(212,4,10,37,87,1),(213,4,10,37,88,2),(214,4,10,37,89,3),(215,4,10,37,90,4),(216,4,10,37,96,5),(217,4,10,38,121,1),(218,4,10,39,75,110),(219,4,10,39,76,100),(220,4,10,40,97,5),(221,4,10,40,91,6),(222,4,10,40,73,10),(223,4,10,40,127,11),(224,4,10,40,107,14),(225,4,10,40,108,15),(226,4,10,40,109,16),(227,4,10,40,110,17),(228,4,10,40,111,18),(229,4,10,40,112,19),(230,4,10,40,74,20),(231,4,10,40,113,20),(232,4,10,40,118,21),(233,4,10,40,77,30),(234,4,10,40,117,31),(235,4,10,40,132,40),(236,4,10,40,115,60),(237,4,10,40,82,70),(238,4,10,40,119,71),(239,4,10,40,105,80),(240,4,10,40,99,80),(241,4,10,40,94,90),(242,4,10,40,95,100),(243,4,10,40,114,110),(244,4,10,40,128,111),(245,4,10,40,129,112),(246,4,10,40,130,113),(247,4,10,40,131,114),(250,4,11,41,133,10),(251,4,11,43,101,20),(252,4,11,43,102,30),(253,4,11,43,100,40),(254,4,11,43,116,50),(255,4,11,44,104,5),(256,4,11,44,106,6),(257,4,11,44,103,10),(258,4,11,45,78,3),(259,4,11,45,79,4),(260,4,11,45,80,5),(261,4,11,45,81,6),(262,4,11,45,92,7),(263,4,11,45,98,8),(264,4,11,45,120,9),(265,4,11,45,122,10),(266,4,11,45,123,11),(267,4,11,46,126,10),(268,4,11,46,84,20),(269,4,11,46,85,30),(270,4,11,46,86,40),(271,4,11,47,87,1),(272,4,11,47,88,2),(273,4,11,47,89,3),(274,4,11,47,90,4),(275,4,11,47,96,5),(276,4,11,48,121,1),(277,4,11,49,75,110),(278,4,11,49,76,100),(279,4,11,50,97,5),(280,4,11,50,91,6),(281,4,11,50,73,10),(282,4,11,50,127,11),(283,4,11,50,107,14),(284,4,11,50,108,15),(285,4,11,50,109,16),(286,4,11,50,110,17),(287,4,11,50,111,18),(288,4,11,50,112,19),(289,4,11,50,74,20),(290,4,11,50,113,20),(291,4,11,50,118,21),(292,4,11,50,77,30),(293,4,11,50,117,31),(294,4,11,50,132,40),(295,4,11,50,115,60),(296,4,11,50,82,70),(297,4,11,50,119,71),(298,4,11,50,105,80),(299,4,11,50,99,80),(300,4,11,50,94,90),(301,4,11,50,95,100),(302,4,11,50,114,110),(303,4,11,50,128,111),(304,4,11,50,129,112),(305,4,11,50,130,113),(306,4,11,50,131,114),(309,4,12,51,133,10),(310,4,12,53,101,20),(311,4,12,53,102,30),(312,4,12,53,100,40),(313,4,12,53,116,50),(314,4,12,54,104,5),(315,4,12,54,106,6),(316,4,12,54,103,10),(317,4,12,55,78,3),(318,4,12,55,79,4),(319,4,12,55,80,5),(320,4,12,55,81,6),(321,4,12,55,92,7),(322,4,12,55,98,8),(323,4,12,55,120,9),(324,4,12,55,122,10),(325,4,12,55,123,11),(326,4,12,56,126,10),(327,4,12,56,84,20),(328,4,12,56,85,30),(329,4,12,56,86,40),(330,4,12,57,87,1),(331,4,12,57,88,2),(332,4,12,57,89,3),(333,4,12,57,90,4),(334,4,12,57,96,5),(335,4,12,58,121,1),(336,4,12,59,75,110),(337,4,12,59,76,100),(338,4,12,60,97,5),(339,4,12,60,91,6),(340,4,12,60,73,10),(341,4,12,60,127,11),(342,4,12,60,107,14),(343,4,12,60,108,15),(344,4,12,60,109,16),(345,4,12,60,110,17),(346,4,12,60,111,18),(347,4,12,60,112,19),(348,4,12,60,74,20),(349,4,12,60,113,20),(350,4,12,60,118,21),(351,4,12,60,77,30),(352,4,12,60,117,31),(353,4,12,60,132,40),(354,4,12,60,115,60),(355,4,12,60,82,70),(356,4,12,60,119,71),(357,4,12,60,105,80),(358,4,12,60,99,80),(359,4,12,60,94,90),(360,4,12,60,95,100),(361,4,12,60,114,110),(362,4,12,60,128,111),(363,4,12,60,129,112),(364,4,12,60,130,113),(365,4,12,60,131,114),(368,4,13,61,133,10),(369,4,13,63,101,20),(370,4,13,63,102,30),(371,4,13,63,100,40),(372,4,13,63,116,50),(373,4,13,64,104,5),(374,4,13,64,106,6),(375,4,13,64,103,10),(376,4,13,65,78,3),(377,4,13,65,79,4),(378,4,13,65,80,5),(379,4,13,65,81,6),(380,4,13,65,92,7),(381,4,13,65,98,8),(382,4,13,65,120,9),(383,4,13,65,122,10),(384,4,13,65,123,11),(385,4,13,66,126,10),(386,4,13,66,84,20),(387,4,13,66,85,30),(388,4,13,66,86,40),(389,4,13,67,87,1),(390,4,13,67,88,2),(391,4,13,67,89,3),(392,4,13,67,90,4),(393,4,13,67,96,5),(394,4,13,68,121,1),(395,4,13,69,75,110),(396,4,13,69,76,100),(397,4,13,70,97,5),(398,4,13,70,91,6),(399,4,13,70,73,10),(400,4,13,70,127,11),(401,4,13,70,107,14),(402,4,13,70,108,15),(403,4,13,70,109,16),(404,4,13,70,110,17),(405,4,13,70,111,18),(406,4,13,70,112,19),(407,4,13,70,74,20),(408,4,13,70,113,20),(409,4,13,70,118,21),(410,4,13,70,77,30),(411,4,13,70,117,31),(412,4,13,70,132,40),(413,4,13,70,115,60),(414,4,13,70,82,70),(415,4,13,70,119,71),(416,4,13,70,105,80),(417,4,13,70,99,80),(418,4,13,70,94,90),(419,4,13,70,95,100),(420,4,13,70,114,110),(421,4,13,70,128,111),(422,4,13,70,129,112),(423,4,13,70,130,113),(424,4,13,70,131,114),(427,4,14,71,133,10),(428,4,14,73,101,20),(429,4,14,73,102,30),(430,4,14,73,100,40),(431,4,14,73,116,50),(432,4,14,74,104,5),(433,4,14,74,106,6),(434,4,14,74,103,10),(435,4,14,75,78,3),(436,4,14,75,79,4),(437,4,14,75,80,5),(438,4,14,75,81,6),(439,4,14,75,92,7),(440,4,14,75,98,8),(441,4,14,75,120,9),(442,4,14,75,122,10),(443,4,14,75,123,11),(444,4,14,76,126,10),(445,4,14,76,84,20),(446,4,14,76,85,30),(447,4,14,76,86,40),(448,4,14,77,87,1),(449,4,14,77,88,2),(450,4,14,77,89,3),(451,4,14,77,90,4),(452,4,14,77,96,5),(453,4,14,78,121,1),(454,4,14,79,75,110),(455,4,14,79,76,100),(456,4,14,80,97,5),(457,4,14,80,91,6),(458,4,14,80,73,10),(459,4,14,80,127,11),(460,4,14,80,107,14),(461,4,14,80,108,15),(462,4,14,80,109,16),(463,4,14,80,110,17),(464,4,14,80,111,18),(465,4,14,80,112,19),(466,4,14,80,74,20),(467,4,14,80,113,20),(468,4,14,80,118,21),(469,4,14,80,77,30),(470,4,14,80,117,31),(471,4,14,80,132,40),(472,4,14,80,115,60),(473,4,14,80,82,70),(474,4,14,80,119,71),(475,4,14,80,105,80),(476,4,14,80,99,80),(477,4,14,80,94,90),(478,4,14,80,95,100),(479,4,14,80,114,110),(480,4,14,80,128,111),(481,4,14,80,129,112),(482,4,14,80,130,113),(483,4,14,80,131,114),(486,4,15,81,133,10),(487,4,15,83,101,20),(488,4,15,83,102,30),(489,4,15,83,100,40),(490,4,15,83,116,50),(491,4,15,84,104,5),(492,4,15,84,106,6),(493,4,15,84,103,10),(494,4,15,85,78,3),(495,4,15,85,79,4),(496,4,15,85,80,5),(497,4,15,85,81,6),(498,4,15,85,92,7),(499,4,15,85,98,8),(500,4,15,85,120,9),(501,4,15,85,122,10),(502,4,15,85,123,11),(503,4,15,86,126,10),(504,4,15,86,84,20),(505,4,15,86,85,30),(506,4,15,86,86,40),(507,4,15,87,87,1),(508,4,15,87,88,2),(509,4,15,87,89,3),(510,4,15,87,90,4),(511,4,15,87,96,5),(512,4,15,88,121,1),(513,4,15,89,75,110),(514,4,15,89,76,100),(515,4,15,90,97,5),(516,4,15,90,91,6),(517,4,15,90,73,10),(518,4,15,90,127,11),(519,4,15,90,107,14),(520,4,15,90,108,15),(521,4,15,90,109,16),(522,4,15,90,110,17),(523,4,15,90,111,18),(524,4,15,90,112,19),(525,4,15,90,74,20),(526,4,15,90,113,20),(527,4,15,90,118,21),(528,4,15,90,77,30),(529,4,15,90,117,31),(530,4,15,90,132,40),(531,4,15,90,115,60),(532,4,15,90,82,70),(533,4,15,90,119,71),(534,4,15,90,105,80),(535,4,15,90,99,80),(536,4,15,90,94,90),(537,4,15,90,95,100),(538,4,15,90,114,110),(539,4,15,90,128,111),(540,4,15,90,129,112),(541,4,15,90,130,113),(542,4,15,90,131,114),(560,4,9,30,93,1014),(562,4,10,40,93,1015),(564,4,15,90,93,1016),(566,4,11,50,93,1017),(568,4,12,60,93,1018),(570,4,13,70,93,1019),(576,4,11,50,139,1022),(578,4,12,60,139,1023),(580,4,13,70,139,1024),(582,4,11,50,140,1025),(584,4,12,60,140,1026),(586,4,13,70,140,1027),(588,4,12,60,141,1028),(590,4,13,70,141,1029),(592,4,11,50,142,1030),(594,4,15,90,142,1031),(596,4,9,30,142,1032),(598,4,10,40,142,1033),(600,4,11,50,143,1034),(602,4,15,90,143,1035),(604,4,9,30,143,1036),(606,4,10,40,143,1037),(608,4,11,50,144,1038),(610,4,15,90,144,1039),(612,4,9,30,144,1040),(614,4,10,40,144,1041),(616,4,11,50,145,1042),(618,4,15,90,145,1043),(620,4,9,30,145,1044),(622,4,10,40,145,1045),(624,4,11,50,146,1046),(626,4,15,90,146,1047),(628,4,9,30,146,1048),(630,4,10,40,146,1049),(632,4,14,80,147,1000),(644,4,10,40,141,1005),(646,4,9,30,141,1006),(657,4,15,90,154,3),(658,4,10,40,154,3),(660,4,14,80,154,3),(661,4,11,50,154,3),(662,4,12,60,154,3),(663,4,13,70,154,3),(664,4,9,30,154,3),(689,4,15,90,158,3),(690,4,10,40,158,3),(692,4,14,80,158,3),(693,4,11,50,158,3),(694,4,12,60,158,3),(695,4,13,70,158,3),(696,4,9,30,158,3),(697,4,15,87,159,10),(698,4,10,37,159,10),(700,4,14,77,159,10),(701,4,11,47,159,10),(702,4,12,57,159,10),(703,4,13,67,159,10),(704,4,9,27,159,10),(705,3,3,91,160,0),(706,3,3,91,161,10),(707,3,3,91,162,20),(708,3,3,91,163,30),(709,3,3,91,164,40),(710,3,3,91,165,50),(711,3,3,91,166,60),(712,3,3,91,167,70),(713,3,3,91,168,80),(714,3,3,91,169,90),(715,3,3,91,170,100),(716,3,3,91,171,110),(717,3,3,91,172,120),(718,3,3,91,173,130),(719,3,3,91,174,140),(720,3,3,91,175,150),(721,3,3,91,176,160),(722,3,3,91,177,170),(723,3,3,91,178,180),(724,3,3,91,179,95),(726,4,15,90,141,1049),(728,4,9,30,147,1050),(1346,1,1,1,184,150),(1422,4,16,98,98,8),(1444,4,16,103,91,6),(1449,4,16,103,127,11),(1453,4,16,103,107,14),(1455,4,16,103,108,15),(1457,4,16,103,109,16),(1459,4,16,103,110,17),(1462,4,16,103,111,18),(1464,4,16,103,112,19),(1465,4,16,103,113,20),(1475,4,16,103,128,111),(1476,4,16,103,129,112),(1477,4,16,103,130,113),(1478,4,16,103,131,114),(1479,4,16,103,73,3),(1480,4,16,103,74,6),(1481,4,16,103,77,8),(1482,4,16,103,82,16),(1483,4,16,103,83,23),(1484,4,16,103,93,26),(1485,4,16,103,94,20),(1486,4,16,103,95,21),(1487,4,16,103,97,2),(1488,4,16,103,99,18),(1489,4,16,103,105,19),(1490,4,16,103,114,22),(1491,4,16,103,115,12),(1492,4,16,103,117,10),(1493,4,16,103,118,7),(1494,4,16,103,119,17),(1495,4,16,103,132,11),(1496,4,16,103,139,24),(1497,4,16,103,141,25),(1501,4,16,103,158,1),(1502,4,16,103,181,5),(1503,4,16,103,182,4),(1504,4,16,103,183,27),(1506,4,16,103,187,9),(1507,4,16,102,75,110),(1508,4,16,102,76,100),(1509,4,16,101,121,1),(1510,4,16,100,87,1),(1511,4,16,100,88,2),(1512,4,16,100,89,3),(1513,4,16,100,90,5),(1514,4,16,100,96,6),(1515,4,16,100,154,4),(1516,4,16,100,159,7),(1517,4,16,99,84,2),(1518,4,16,99,85,3),(1519,4,16,99,86,4),(1520,4,16,99,126,1),(1521,4,16,98,78,1),(1522,4,16,98,79,2),(1523,4,16,98,80,3),(1524,4,16,98,81,4),(1525,4,16,98,92,5),(1526,4,16,98,120,6),(1527,4,16,98,122,7),(1528,4,16,98,123,8),(1529,4,16,97,103,3),(1530,4,16,97,104,1),(1531,4,16,97,106,2),(1532,4,16,96,100,3),(1533,4,16,96,101,1),(1534,4,16,96,102,2),(1535,4,16,96,116,4),(1536,4,16,94,133,1),(1777,4,4,7,73,3),(1778,4,4,7,74,6),(1779,4,4,7,77,8),(1780,4,4,7,82,16),(1781,4,4,7,83,23),(1782,4,4,7,93,26),(1783,4,4,7,94,20),(1784,4,4,7,95,21),(1785,4,4,7,97,2),(1786,4,4,7,99,18),(1787,4,4,7,105,19),(1788,4,4,7,114,22),(1789,4,4,7,115,12),(1790,4,4,7,117,10),(1791,4,4,7,118,7),(1792,4,4,7,119,17),(1793,4,4,7,132,11),(1794,4,4,7,139,24),(1795,4,4,7,141,25),(1799,4,4,7,158,1),(1800,4,4,7,181,5),(1801,4,4,7,182,4),(1802,4,4,7,183,31),(1803,4,4,7,187,9),(1804,4,4,7,188,27),(1805,4,4,7,189,28),(1806,4,4,7,190,29),(1807,4,4,7,191,30),(1810,4,4,13,75,110),(1811,4,4,13,76,100),(1812,4,4,15,121,1),(1813,4,4,10,87,1),(1814,4,4,10,88,2),(1815,4,4,10,89,3),(1816,4,4,10,90,5),(1817,4,4,10,96,6),(1818,4,4,10,154,4),(1819,4,4,10,159,7),(1820,4,4,9,84,2),(1821,4,4,9,85,3),(1822,4,4,9,86,4),(1823,4,4,9,126,1),(1824,4,4,8,78,1),(1825,4,4,8,79,2),(1826,4,4,8,80,3),(1827,4,4,8,81,4),(1828,4,4,8,92,5),(1829,4,4,8,120,6),(1830,4,4,8,122,7),(1831,4,4,8,123,8),(1832,4,4,11,103,3),(1833,4,4,11,104,1),(1834,4,4,11,106,2),(1835,4,4,14,100,3),(1836,4,4,14,101,1),(1837,4,4,14,102,2),(1838,4,4,14,116,4),(1839,4,4,20,133,1),(1840,4,15,84,194,51),(1841,4,10,34,194,51),(1842,4,4,11,194,51),(1843,4,14,74,194,51),(1844,4,11,44,194,51),(1845,4,16,97,194,51),(1846,4,12,54,194,51),(1847,4,13,64,194,51),(1848,4,9,24,194,51),(1849,3,3,6,195,51);

--
-- Table structure for table `mag2_eav_entity_datetime`
--

CREATE TABLE `mag2_eav_entity_datetime` (
  `value_id` int(11) NOT NULL AUTO_INCREMENT COMMENT 'Value ID',
  `entity_type_id` smallint(5) unsigned NOT NULL DEFAULT '0' COMMENT 'Entity Type ID',
  `attribute_id` smallint(5) unsigned NOT NULL DEFAULT '0' COMMENT 'Attribute ID',
  `store_id` smallint(5) unsigned NOT NULL DEFAULT '0' COMMENT 'Store ID',
  `entity_id` int(10) unsigned NOT NULL DEFAULT '0' COMMENT 'Entity ID',
  `value` datetime DEFAULT NULL COMMENT 'Attribute Value',
  PRIMARY KEY (`value_id`),
  UNIQUE KEY `MAG2_EAV_ENTITY_DATETIME_ENTITY_ID_ATTRIBUTE_ID_STORE_ID` (`entity_id`,`attribute_id`,`store_id`),
  KEY `MAG2_EAV_ENTITY_DATETIME_STORE_ID` (`store_id`),
  KEY `MAG2_EAV_ENTITY_DATETIME_ATTRIBUTE_ID_VALUE` (`attribute_id`,`value`),
  KEY `MAG2_EAV_ENTITY_DATETIME_ENTITY_TYPE_ID_VALUE` (`entity_type_id`,`value`),
  CONSTRAINT `MAG2_EAV_ENTITY_DATETIME_ENTITY_ID_MAG2_EAV_ENTITY_ENTITY_ID` FOREIGN KEY (`entity_id`) REFERENCES `mag2_eav_entity` (`entity_id`) ON DELETE CASCADE,
  CONSTRAINT `MAG2_EAV_ENTITY_DATETIME_STORE_ID_MAG2_STORE_STORE_ID` FOREIGN KEY (`store_id`) REFERENCES `mag2_store` (`store_id`) ON DELETE CASCADE,
  CONSTRAINT `MAG2_EAV_ENTT_DTIME_ENTT_TYPE_ID_MAG2_EAV_ENTT_TYPE_ENTT_TYPE_ID` FOREIGN KEY (`entity_type_id`) REFERENCES `mag2_eav_entity_type` (`entity_type_id`) ON DELETE CASCADE
) ENGINE=InnoDB DEFAULT CHARSET=utf8 COMMENT='Eav Entity Value Prefix';

--
-- Dumping data for table `mag2_eav_entity_datetime`
--


--
-- Table structure for table `mag2_eav_entity_decimal`
--

CREATE TABLE `mag2_eav_entity_decimal` (
  `value_id` int(11) NOT NULL AUTO_INCREMENT COMMENT 'Value ID',
  `entity_type_id` smallint(5) unsigned NOT NULL DEFAULT '0' COMMENT 'Entity Type ID',
  `attribute_id` smallint(5) unsigned NOT NULL DEFAULT '0' COMMENT 'Attribute ID',
  `store_id` smallint(5) unsigned NOT NULL DEFAULT '0' COMMENT 'Store ID',
  `entity_id` int(10) unsigned NOT NULL DEFAULT '0' COMMENT 'Entity ID',
  `value` decimal(12,4) NOT NULL DEFAULT '0.0000' COMMENT 'Attribute Value',
  PRIMARY KEY (`value_id`),
  UNIQUE KEY `MAG2_EAV_ENTITY_DECIMAL_ENTITY_ID_ATTRIBUTE_ID_STORE_ID` (`entity_id`,`attribute_id`,`store_id`),
  KEY `MAG2_EAV_ENTITY_DECIMAL_STORE_ID` (`store_id`),
  KEY `MAG2_EAV_ENTITY_DECIMAL_ATTRIBUTE_ID_VALUE` (`attribute_id`,`value`),
  KEY `MAG2_EAV_ENTITY_DECIMAL_ENTITY_TYPE_ID_VALUE` (`entity_type_id`,`value`),
  CONSTRAINT `MAG2_EAV_ENTITY_DECIMAL_ENTITY_ID_MAG2_EAV_ENTITY_ENTITY_ID` FOREIGN KEY (`entity_id`) REFERENCES `mag2_eav_entity` (`entity_id`) ON DELETE CASCADE,
  CONSTRAINT `MAG2_EAV_ENTITY_DECIMAL_STORE_ID_MAG2_STORE_STORE_ID` FOREIGN KEY (`store_id`) REFERENCES `mag2_store` (`store_id`) ON DELETE CASCADE,
  CONSTRAINT `MAG2_EAV_ENTT_DEC_ENTT_TYPE_ID_MAG2_EAV_ENTT_TYPE_ENTT_TYPE_ID` FOREIGN KEY (`entity_type_id`) REFERENCES `mag2_eav_entity_type` (`entity_type_id`) ON DELETE CASCADE
) ENGINE=InnoDB DEFAULT CHARSET=utf8 COMMENT='Eav Entity Value Prefix';

--
-- Dumping data for table `mag2_eav_entity_decimal`
--


--
-- Table structure for table `mag2_eav_entity_int`
--

CREATE TABLE `mag2_eav_entity_int` (
  `value_id` int(11) NOT NULL AUTO_INCREMENT COMMENT 'Value ID',
  `entity_type_id` smallint(5) unsigned NOT NULL DEFAULT '0' COMMENT 'Entity Type ID',
  `attribute_id` smallint(5) unsigned NOT NULL DEFAULT '0' COMMENT 'Attribute ID',
  `store_id` smallint(5) unsigned NOT NULL DEFAULT '0' COMMENT 'Store ID',
  `entity_id` int(10) unsigned NOT NULL DEFAULT '0' COMMENT 'Entity ID',
  `value` int(11) NOT NULL DEFAULT '0' COMMENT 'Attribute Value',
  PRIMARY KEY (`value_id`),
  UNIQUE KEY `MAG2_EAV_ENTITY_INT_ENTITY_ID_ATTRIBUTE_ID_STORE_ID` (`entity_id`,`attribute_id`,`store_id`),
  KEY `MAG2_EAV_ENTITY_INT_STORE_ID` (`store_id`),
  KEY `MAG2_EAV_ENTITY_INT_ATTRIBUTE_ID_VALUE` (`attribute_id`,`value`),
  KEY `MAG2_EAV_ENTITY_INT_ENTITY_TYPE_ID_VALUE` (`entity_type_id`,`value`),
  CONSTRAINT `MAG2_EAV_ENTITY_INT_ENTITY_ID_MAG2_EAV_ENTITY_ENTITY_ID` FOREIGN KEY (`entity_id`) REFERENCES `mag2_eav_entity` (`entity_id`) ON DELETE CASCADE,
  CONSTRAINT `MAG2_EAV_ENTITY_INT_STORE_ID_MAG2_STORE_STORE_ID` FOREIGN KEY (`store_id`) REFERENCES `mag2_store` (`store_id`) ON DELETE CASCADE,
  CONSTRAINT `MAG2_EAV_ENTT_INT_ENTT_TYPE_ID_MAG2_EAV_ENTT_TYPE_ENTT_TYPE_ID` FOREIGN KEY (`entity_type_id`) REFERENCES `mag2_eav_entity_type` (`entity_type_id`) ON DELETE CASCADE
) ENGINE=InnoDB DEFAULT CHARSET=utf8 COMMENT='Eav Entity Value Prefix';

--
-- Dumping data for table `mag2_eav_entity_int`
--


--
-- Table structure for table `mag2_eav_entity_store`
--

CREATE TABLE `mag2_eav_entity_store` (
  `entity_store_id` int(10) unsigned NOT NULL AUTO_INCREMENT COMMENT 'Entity Store ID',
  `entity_type_id` smallint(5) unsigned NOT NULL DEFAULT '0' COMMENT 'Entity Type ID',
  `store_id` smallint(5) unsigned NOT NULL DEFAULT '0' COMMENT 'Store ID',
  `increment_prefix` varchar(20) DEFAULT NULL COMMENT 'Increment Prefix',
  `increment_last_id` varchar(50) DEFAULT NULL COMMENT 'Last Incremented ID',
  PRIMARY KEY (`entity_store_id`),
  KEY `MAG2_EAV_ENTITY_STORE_ENTITY_TYPE_ID` (`entity_type_id`),
  KEY `MAG2_EAV_ENTITY_STORE_STORE_ID` (`store_id`),
  CONSTRAINT `MAG2_EAV_ENTITY_STORE_STORE_ID_MAG2_STORE_STORE_ID` FOREIGN KEY (`store_id`) REFERENCES `mag2_store` (`store_id`) ON DELETE CASCADE,
  CONSTRAINT `MAG2_EAV_ENTT_STORE_ENTT_TYPE_ID_MAG2_EAV_ENTT_TYPE_ENTT_TYPE_ID` FOREIGN KEY (`entity_type_id`) REFERENCES `mag2_eav_entity_type` (`entity_type_id`) ON DELETE CASCADE
) ENGINE=InnoDB DEFAULT CHARSET=utf8 COMMENT='Eav Entity Store';

--
-- Dumping data for table `mag2_eav_entity_store`
--


--
-- Table structure for table `mag2_eav_entity_text`
--

CREATE TABLE `mag2_eav_entity_text` (
  `value_id` int(11) NOT NULL AUTO_INCREMENT COMMENT 'Value ID',
  `entity_type_id` smallint(5) unsigned NOT NULL DEFAULT '0' COMMENT 'Entity Type ID',
  `attribute_id` smallint(5) unsigned NOT NULL DEFAULT '0' COMMENT 'Attribute ID',
  `store_id` smallint(5) unsigned NOT NULL DEFAULT '0' COMMENT 'Store ID',
  `entity_id` int(10) unsigned NOT NULL DEFAULT '0' COMMENT 'Entity ID',
  `value` text NOT NULL COMMENT 'Attribute Value',
  PRIMARY KEY (`value_id`),
  UNIQUE KEY `MAG2_EAV_ENTITY_TEXT_ENTITY_ID_ATTRIBUTE_ID_STORE_ID` (`entity_id`,`attribute_id`,`store_id`),
  KEY `MAG2_EAV_ENTITY_TEXT_ENTITY_TYPE_ID` (`entity_type_id`),
  KEY `MAG2_EAV_ENTITY_TEXT_ATTRIBUTE_ID` (`attribute_id`),
  KEY `MAG2_EAV_ENTITY_TEXT_STORE_ID` (`store_id`),
  CONSTRAINT `MAG2_EAV_ENTITY_TEXT_ENTITY_ID_MAG2_EAV_ENTITY_ENTITY_ID` FOREIGN KEY (`entity_id`) REFERENCES `mag2_eav_entity` (`entity_id`) ON DELETE CASCADE,
  CONSTRAINT `MAG2_EAV_ENTITY_TEXT_STORE_ID_MAG2_STORE_STORE_ID` FOREIGN KEY (`store_id`) REFERENCES `mag2_store` (`store_id`) ON DELETE CASCADE,
  CONSTRAINT `MAG2_EAV_ENTT_TEXT_ENTT_TYPE_ID_MAG2_EAV_ENTT_TYPE_ENTT_TYPE_ID` FOREIGN KEY (`entity_type_id`) REFERENCES `mag2_eav_entity_type` (`entity_type_id`) ON DELETE CASCADE
) ENGINE=InnoDB DEFAULT CHARSET=utf8 COMMENT='Eav Entity Value Prefix';

--
-- Dumping data for table `mag2_eav_entity_text`
--


--
-- Table structure for table `mag2_eav_entity_type`
--

CREATE TABLE `mag2_eav_entity_type` (
  `entity_type_id` smallint(5) unsigned NOT NULL AUTO_INCREMENT COMMENT 'Entity Type ID',
  `entity_type_code` varchar(50) NOT NULL COMMENT 'Entity Type Code',
  `entity_model` varchar(255) NOT NULL COMMENT 'Entity Model',
  `attribute_model` varchar(255) DEFAULT NULL COMMENT 'Attribute Model',
  `entity_table` varchar(255) DEFAULT NULL COMMENT 'Entity Table',
  `value_table_prefix` varchar(255) DEFAULT NULL COMMENT 'Value Table Prefix',
  `entity_id_field` varchar(255) DEFAULT NULL COMMENT 'Entity ID Field',
  `is_data_sharing` smallint(5) unsigned NOT NULL DEFAULT '1' COMMENT 'Defines Is Data Sharing',
  `data_sharing_key` varchar(100) DEFAULT 'default' COMMENT 'Data Sharing Key',
  `default_attribute_set_id` smallint(5) unsigned NOT NULL DEFAULT '0' COMMENT 'Default Attribute Set ID',
  `increment_model` varchar(255) DEFAULT NULL COMMENT 'Increment Model',
  `increment_per_store` smallint(5) unsigned NOT NULL DEFAULT '0' COMMENT 'Increment Per Store',
  `increment_pad_length` smallint(5) unsigned NOT NULL DEFAULT '8' COMMENT 'Increment Pad Length',
  `increment_pad_char` varchar(1) NOT NULL DEFAULT '0' COMMENT 'Increment Pad Char',
  `additional_attribute_table` varchar(255) DEFAULT NULL COMMENT 'Additional Attribute Table',
  `entity_attribute_collection` varchar(255) DEFAULT NULL COMMENT 'Entity Attribute Collection',
  PRIMARY KEY (`entity_type_id`),
  KEY `MAG2_EAV_ENTITY_TYPE_ENTITY_TYPE_CODE` (`entity_type_code`)
) ENGINE=InnoDB AUTO_INCREMENT=9 DEFAULT CHARSET=utf8 COMMENT='Eav Entity Type';

--
-- Dumping data for table `mag2_eav_entity_type`
--

INSERT INTO `mag2_eav_entity_type` VALUES (1,'customer','Magento\\Customer\\Model\\ResourceModel\\Customer','Magento\\Customer\\Model\\Attribute','customer_entity',NULL,NULL,1,'default',1,'Magento\\Eav\\Model\\Entity\\Increment\\NumericValue',0,8,'0','customer_eav_attribute','Magento\\Customer\\Model\\ResourceModel\\Attribute\\Collection'),(2,'customer_address','Magento\\Customer\\Model\\ResourceModel\\Address','Magento\\Customer\\Model\\Attribute','customer_address_entity',NULL,NULL,1,'default',2,NULL,0,8,'0','customer_eav_attribute','Magento\\Customer\\Model\\ResourceModel\\Address\\Attribute\\Collection'),(3,'catalog_category','Magento\\Catalog\\Model\\ResourceModel\\Category','Magento\\Catalog\\Model\\ResourceModel\\Eav\\Attribute','catalog_category_entity',NULL,NULL,1,'default',3,NULL,0,8,'0','catalog_eav_attribute','Magento\\Catalog\\Model\\ResourceModel\\Category\\Attribute\\Collection'),(4,'catalog_product','Magento\\Catalog\\Model\\ResourceModel\\Product','Magento\\Catalog\\Model\\ResourceModel\\Eav\\Attribute','catalog_product_entity',NULL,NULL,1,'default',4,NULL,0,8,'0','catalog_eav_attribute','Magento\\Catalog\\Model\\ResourceModel\\Product\\Attribute\\Collection'),(5,'order','Magento\\Sales\\Model\\ResourceModel\\Order',NULL,'sales_order',NULL,NULL,1,'default',5,'Magento\\Eav\\Model\\Entity\\Increment\\NumericValue',1,8,'0',NULL,NULL),(6,'invoice','Magento\\Sales\\Model\\ResourceModel\\Order\\Invoice',NULL,'sales_invoice',NULL,NULL,1,'default',6,'Magento\\Eav\\Model\\Entity\\Increment\\NumericValue',1,8,'0',NULL,NULL),(7,'creditmemo','Magento\\Sales\\Model\\ResourceModel\\Order\\Creditmemo',NULL,'sales_creditmemo',NULL,NULL,1,'default',7,'Magento\\Eav\\Model\\Entity\\Increment\\NumericValue',1,8,'0',NULL,NULL),(8,'shipment','Magento\\Sales\\Model\\ResourceModel\\Order\\Shipment',NULL,'sales_shipment',NULL,NULL,1,'default',8,'Magento\\Eav\\Model\\Entity\\Increment\\NumericValue',1,8,'0',NULL,NULL);

--
-- Table structure for table `mag2_eav_entity_varchar`
--

CREATE TABLE `mag2_eav_entity_varchar` (
  `value_id` int(11) NOT NULL AUTO_INCREMENT COMMENT 'Value ID',
  `entity_type_id` smallint(5) unsigned NOT NULL DEFAULT '0' COMMENT 'Entity Type ID',
  `attribute_id` smallint(5) unsigned NOT NULL DEFAULT '0' COMMENT 'Attribute ID',
  `store_id` smallint(5) unsigned NOT NULL DEFAULT '0' COMMENT 'Store ID',
  `entity_id` int(10) unsigned NOT NULL DEFAULT '0' COMMENT 'Entity ID',
  `value` varchar(255) DEFAULT NULL COMMENT 'Attribute Value',
  PRIMARY KEY (`value_id`),
  UNIQUE KEY `MAG2_EAV_ENTITY_VARCHAR_ENTITY_ID_ATTRIBUTE_ID_STORE_ID` (`entity_id`,`attribute_id`,`store_id`),
  KEY `MAG2_EAV_ENTITY_VARCHAR_STORE_ID` (`store_id`),
  KEY `MAG2_EAV_ENTITY_VARCHAR_ATTRIBUTE_ID_VALUE` (`attribute_id`,`value`),
  KEY `MAG2_EAV_ENTITY_VARCHAR_ENTITY_TYPE_ID_VALUE` (`entity_type_id`,`value`),
  CONSTRAINT `MAG2_EAV_ENTITY_VARCHAR_ENTITY_ID_MAG2_EAV_ENTITY_ENTITY_ID` FOREIGN KEY (`entity_id`) REFERENCES `mag2_eav_entity` (`entity_id`) ON DELETE CASCADE,
  CONSTRAINT `MAG2_EAV_ENTITY_VARCHAR_STORE_ID_MAG2_STORE_STORE_ID` FOREIGN KEY (`store_id`) REFERENCES `mag2_store` (`store_id`) ON DELETE CASCADE,
  CONSTRAINT `MAG2_EAV_ENTT_VCHR_ENTT_TYPE_ID_MAG2_EAV_ENTT_TYPE_ENTT_TYPE_ID` FOREIGN KEY (`entity_type_id`) REFERENCES `mag2_eav_entity_type` (`entity_type_id`) ON DELETE CASCADE
) ENGINE=InnoDB DEFAULT CHARSET=utf8 COMMENT='Eav Entity Value Prefix';

--
-- Dumping data for table `mag2_eav_entity_varchar`
--


--
-- Table structure for table `mag2_eav_form_element`
--

CREATE TABLE `mag2_eav_form_element` (
  `element_id` int(10) unsigned NOT NULL AUTO_INCREMENT COMMENT 'Element ID',
  `type_id` smallint(5) unsigned NOT NULL COMMENT 'Type ID',
  `fieldset_id` smallint(5) unsigned DEFAULT NULL COMMENT 'Fieldset ID',
  `attribute_id` smallint(5) unsigned NOT NULL COMMENT 'Attribute ID',
  `sort_order` int(11) NOT NULL DEFAULT '0' COMMENT 'Sort Order',
  PRIMARY KEY (`element_id`),
  UNIQUE KEY `MAG2_EAV_FORM_ELEMENT_TYPE_ID_ATTRIBUTE_ID` (`type_id`,`attribute_id`),
  KEY `MAG2_EAV_FORM_ELEMENT_FIELDSET_ID` (`fieldset_id`),
  KEY `MAG2_EAV_FORM_ELEMENT_ATTRIBUTE_ID` (`attribute_id`),
  CONSTRAINT `MAG2_EAV_FORM_ELEMENT_TYPE_ID_MAG2_EAV_FORM_TYPE_TYPE_ID` FOREIGN KEY (`type_id`) REFERENCES `mag2_eav_form_type` (`type_id`) ON DELETE CASCADE,
  CONSTRAINT `MAG2_EAV_FORM_ELM_ATTR_ID_MAG2_EAV_ATTR_ATTR_ID` FOREIGN KEY (`attribute_id`) REFERENCES `mag2_eav_attribute` (`attribute_id`) ON DELETE CASCADE,
  CONSTRAINT `MAG2_EAV_FORM_ELM_FSET_ID_MAG2_EAV_FORM_FSET_FSET_ID` FOREIGN KEY (`fieldset_id`) REFERENCES `mag2_eav_form_fieldset` (`fieldset_id`) ON DELETE SET NULL
) ENGINE=InnoDB AUTO_INCREMENT=43 DEFAULT CHARSET=utf8 COMMENT='Eav Form Element';

--
-- Dumping data for table `mag2_eav_form_element`
--

INSERT INTO `mag2_eav_form_element` VALUES (1,1,NULL,23,0),(2,1,NULL,25,1),(3,1,NULL,27,2),(4,1,NULL,9,3),(5,1,NULL,28,4),(6,1,NULL,29,5),(7,1,NULL,31,6),(8,1,NULL,33,7),(9,1,NULL,30,8),(10,1,NULL,34,9),(11,1,NULL,35,10),(12,2,NULL,23,0),(13,2,NULL,25,1),(14,2,NULL,27,2),(15,2,NULL,9,3),(16,2,NULL,28,4),(17,2,NULL,29,5),(18,2,NULL,31,6),(19,2,NULL,33,7),(20,2,NULL,30,8),(21,2,NULL,34,9),(22,2,NULL,35,10),(23,3,NULL,23,0),(24,3,NULL,25,1),(25,3,NULL,27,2),(26,3,NULL,28,3),(27,3,NULL,29,4),(28,3,NULL,31,5),(29,3,NULL,33,6),(30,3,NULL,30,7),(31,3,NULL,34,8),(32,3,NULL,35,9),(33,4,NULL,23,0),(34,4,NULL,25,1),(35,4,NULL,27,2),(36,4,NULL,28,3),(37,4,NULL,29,4),(38,4,NULL,31,5),(39,4,NULL,33,6),(40,4,NULL,30,7),(41,4,NULL,34,8),(42,4,NULL,35,9);

--
-- Table structure for table `mag2_eav_form_fieldset`
--

CREATE TABLE `mag2_eav_form_fieldset` (
  `fieldset_id` smallint(5) unsigned NOT NULL AUTO_INCREMENT COMMENT 'Fieldset ID',
  `type_id` smallint(5) unsigned NOT NULL COMMENT 'Type ID',
  `code` varchar(64) NOT NULL COMMENT 'Code',
  `sort_order` int(11) NOT NULL DEFAULT '0' COMMENT 'Sort Order',
  PRIMARY KEY (`fieldset_id`),
  UNIQUE KEY `MAG2_EAV_FORM_FIELDSET_TYPE_ID_CODE` (`type_id`,`code`),
  CONSTRAINT `MAG2_EAV_FORM_FIELDSET_TYPE_ID_MAG2_EAV_FORM_TYPE_TYPE_ID` FOREIGN KEY (`type_id`) REFERENCES `mag2_eav_form_type` (`type_id`) ON DELETE CASCADE
) ENGINE=InnoDB DEFAULT CHARSET=utf8 COMMENT='Eav Form Fieldset';

--
-- Dumping data for table `mag2_eav_form_fieldset`
--


--
-- Table structure for table `mag2_eav_form_fieldset_label`
--

CREATE TABLE `mag2_eav_form_fieldset_label` (
  `fieldset_id` smallint(5) unsigned NOT NULL COMMENT 'Fieldset ID',
  `store_id` smallint(5) unsigned NOT NULL COMMENT 'Store ID',
  `label` varchar(255) NOT NULL COMMENT 'Label',
  PRIMARY KEY (`fieldset_id`,`store_id`),
  KEY `MAG2_EAV_FORM_FIELDSET_LABEL_STORE_ID` (`store_id`),
  CONSTRAINT `MAG2_EAV_FORM_FIELDSET_LABEL_STORE_ID_MAG2_STORE_STORE_ID` FOREIGN KEY (`store_id`) REFERENCES `mag2_store` (`store_id`) ON DELETE CASCADE,
  CONSTRAINT `MAG2_EAV_FORM_FSET_LBL_FSET_ID_MAG2_EAV_FORM_FSET_FSET_ID` FOREIGN KEY (`fieldset_id`) REFERENCES `mag2_eav_form_fieldset` (`fieldset_id`) ON DELETE CASCADE
) ENGINE=InnoDB DEFAULT CHARSET=utf8 COMMENT='Eav Form Fieldset Label';

--
-- Dumping data for table `mag2_eav_form_fieldset_label`
--


--
-- Table structure for table `mag2_eav_form_type`
--

CREATE TABLE `mag2_eav_form_type` (
  `type_id` smallint(5) unsigned NOT NULL AUTO_INCREMENT COMMENT 'Type ID',
  `code` varchar(64) NOT NULL COMMENT 'Code',
  `label` varchar(255) NOT NULL COMMENT 'Label',
  `is_system` smallint(5) unsigned NOT NULL DEFAULT '0' COMMENT 'Is System',
  `theme` varchar(64) DEFAULT NULL COMMENT 'Theme',
  `store_id` smallint(5) unsigned NOT NULL COMMENT 'Store ID',
  PRIMARY KEY (`type_id`),
  UNIQUE KEY `MAG2_EAV_FORM_TYPE_CODE_THEME_STORE_ID` (`code`,`theme`,`store_id`),
  KEY `MAG2_EAV_FORM_TYPE_STORE_ID` (`store_id`),
  CONSTRAINT `MAG2_EAV_FORM_TYPE_STORE_ID_MAG2_STORE_STORE_ID` FOREIGN KEY (`store_id`) REFERENCES `mag2_store` (`store_id`) ON DELETE CASCADE
) ENGINE=InnoDB AUTO_INCREMENT=5 DEFAULT CHARSET=utf8 COMMENT='Eav Form Type';

--
-- Dumping data for table `mag2_eav_form_type`
--

INSERT INTO `mag2_eav_form_type` VALUES (1,'checkout_onepage_register','checkout_onepage_register',1,'',0),(2,'checkout_onepage_register_guest','checkout_onepage_register_guest',1,'',0),(3,'checkout_onepage_billing_address','checkout_onepage_billing_address',1,'',0),(4,'checkout_onepage_shipping_address','checkout_onepage_shipping_address',1,'',0);

--
-- Table structure for table `mag2_eav_form_type_entity`
--

CREATE TABLE `mag2_eav_form_type_entity` (
  `type_id` smallint(5) unsigned NOT NULL COMMENT 'Type ID',
  `entity_type_id` smallint(5) unsigned NOT NULL COMMENT 'Entity Type ID',
  PRIMARY KEY (`type_id`,`entity_type_id`),
  KEY `MAG2_EAV_FORM_TYPE_ENTITY_ENTITY_TYPE_ID` (`entity_type_id`),
  CONSTRAINT `FK_B7B10E02EA7EE2229AFA19BBF4B165AE` FOREIGN KEY (`entity_type_id`) REFERENCES `mag2_eav_entity_type` (`entity_type_id`) ON DELETE CASCADE,
  CONSTRAINT `MAG2_EAV_FORM_TYPE_ENTITY_TYPE_ID_MAG2_EAV_FORM_TYPE_TYPE_ID` FOREIGN KEY (`type_id`) REFERENCES `mag2_eav_form_type` (`type_id`) ON DELETE CASCADE
) ENGINE=InnoDB DEFAULT CHARSET=utf8 COMMENT='Eav Form Type Entity';

--
-- Dumping data for table `mag2_eav_form_type_entity`
--

INSERT INTO `mag2_eav_form_type_entity` VALUES (1,1),(2,1),(1,2),(2,2),(3,2),(4,2);

--
-- Table structure for table `mag2_email_abandoned_cart`
--

CREATE TABLE `mag2_email_abandoned_cart` (
  `id` int(10) unsigned NOT NULL AUTO_INCREMENT COMMENT 'Primary Key',
  `quote_id` int(10) unsigned DEFAULT NULL COMMENT 'Quote Id',
  `store_id` smallint(5) unsigned DEFAULT NULL COMMENT 'Store Id',
  `customer_id` int(10) unsigned DEFAULT NULL COMMENT 'Customer ID',
  `email` varchar(255) NOT NULL DEFAULT '' COMMENT 'Email',
  `is_active` smallint(5) unsigned NOT NULL DEFAULT '1' COMMENT 'Quote Active',
  `quote_updated_at` timestamp NULL DEFAULT NULL COMMENT 'Quote updated at',
  `abandoned_cart_number` smallint(5) unsigned NOT NULL DEFAULT '0' COMMENT 'Abandoned Cart number',
  `items_count` smallint(5) unsigned DEFAULT '0' COMMENT 'Quote items count',
  `items_ids` varchar(255) DEFAULT NULL COMMENT 'Quote item ids',
  `created_at` timestamp NULL DEFAULT NULL COMMENT 'Created At',
  `updated_at` timestamp NULL DEFAULT NULL COMMENT 'Updated at',
  `status` text NOT NULL COMMENT 'Contact Status',
  PRIMARY KEY (`id`),
  KEY `MAG2_EMAIL_ABANDONED_CART_QUOTE_ID` (`quote_id`),
  KEY `MAG2_EMAIL_ABANDONED_CART_STORE_ID` (`store_id`),
  KEY `MAG2_EMAIL_ABANDONED_CART_CUSTOMER_ID` (`customer_id`),
  KEY `MAG2_EMAIL_ABANDONED_CART_EMAIL` (`email`)
) ENGINE=InnoDB DEFAULT CHARSET=utf8 COMMENT='Abandoned Carts Table';

--
-- Dumping data for table `mag2_email_abandoned_cart`
--


--
-- Table structure for table `mag2_email_automation`
--

CREATE TABLE `mag2_email_automation` (
  `id` int(10) unsigned NOT NULL AUTO_INCREMENT COMMENT 'Primary Key',
  `automation_type` varchar(255) DEFAULT NULL COMMENT 'Automation Type',
  `store_name` varchar(255) DEFAULT NULL COMMENT 'Automation Type',
  `enrolment_status` varchar(255) NOT NULL COMMENT 'Entrolment Status',
  `email` varchar(255) DEFAULT NULL COMMENT 'Email',
  `type_id` varchar(255) DEFAULT NULL COMMENT 'Type ID',
  `program_id` varchar(255) DEFAULT NULL COMMENT 'Program ID',
  `website_id` smallint(5) unsigned NOT NULL COMMENT 'Website Id',
  `message` varchar(255) NOT NULL COMMENT 'Message',
  `created_at` timestamp NULL DEFAULT NULL COMMENT 'Creation Time',
  `updated_at` timestamp NULL DEFAULT NULL COMMENT 'Update Time',
  PRIMARY KEY (`id`),
  KEY `MAG2_EMAIL_AUTOMATION_AUTOMATION_TYPE` (`automation_type`),
  KEY `MAG2_EMAIL_AUTOMATION_ENROLMENT_STATUS` (`enrolment_status`),
  KEY `MAG2_EMAIL_AUTOMATION_TYPE_ID` (`type_id`),
  KEY `MAG2_EMAIL_AUTOMATION_EMAIL` (`email`),
  KEY `MAG2_EMAIL_AUTOMATION_PROGRAM_ID` (`program_id`),
  KEY `MAG2_EMAIL_AUTOMATION_CREATED_AT` (`created_at`),
  KEY `MAG2_EMAIL_AUTOMATION_UPDATED_AT` (`updated_at`),
  KEY `MAG2_EMAIL_AUTOMATION_WEBSITE_ID` (`website_id`)
) ENGINE=InnoDB DEFAULT CHARSET=utf8 COMMENT='Automation Status';

--
-- Dumping data for table `mag2_email_automation`
--


--
-- Table structure for table `mag2_email_campaign`
--

CREATE TABLE `mag2_email_campaign` (
  `id` int(10) unsigned NOT NULL AUTO_INCREMENT COMMENT 'Primary Key',
  `campaign_id` int(10) unsigned NOT NULL COMMENT 'Campaign ID',
  `email` varchar(255) NOT NULL DEFAULT '' COMMENT 'Contact Email',
  `customer_id` int(10) unsigned NOT NULL COMMENT 'Customer ID',
  `sent_at` timestamp NULL DEFAULT NULL COMMENT 'Send Date',
  `order_increment_id` varchar(50) NOT NULL COMMENT 'Order Increment ID',
  `quote_id` int(10) unsigned NOT NULL COMMENT 'Sales Quote ID',
  `message` varchar(255) NOT NULL DEFAULT '' COMMENT 'Error Message',
  `checkout_method` varchar(255) NOT NULL DEFAULT '' COMMENT 'Checkout Method Used',
  `store_id` smallint(5) unsigned NOT NULL DEFAULT '0' COMMENT 'Store ID',
  `event_name` varchar(255) NOT NULL DEFAULT '' COMMENT 'Event Name',
  `send_id` varchar(255) NOT NULL DEFAULT '' COMMENT 'Send Id',
  `send_status` smallint(6) NOT NULL DEFAULT '0' COMMENT 'Campaign send status',
  `created_at` timestamp NULL DEFAULT NULL COMMENT 'Creation Time',
  `updated_at` timestamp NULL DEFAULT NULL COMMENT 'Update Time',
  PRIMARY KEY (`id`),
  KEY `MAG2_EMAIL_CAMPAIGN_STORE_ID` (`store_id`),
  KEY `MAG2_EMAIL_CAMPAIGN_CAMPAIGN_ID` (`campaign_id`),
  KEY `MAG2_EMAIL_CAMPAIGN_EMAIL` (`email`),
  KEY `MAG2_EMAIL_CAMPAIGN_SEND_ID` (`send_id`),
  KEY `MAG2_EMAIL_CAMPAIGN_SEND_STATUS` (`send_status`),
  KEY `MAG2_EMAIL_CAMPAIGN_CREATED_AT` (`created_at`),
  KEY `MAG2_EMAIL_CAMPAIGN_UPDATED_AT` (`updated_at`),
  KEY `MAG2_EMAIL_CAMPAIGN_SENT_AT` (`sent_at`),
  KEY `MAG2_EMAIL_CAMPAIGN_EVENT_NAME` (`event_name`),
  KEY `MAG2_EMAIL_CAMPAIGN_MESSAGE` (`message`),
  KEY `MAG2_EMAIL_CAMPAIGN_QUOTE_ID` (`quote_id`),
  KEY `MAG2_EMAIL_CAMPAIGN_CUSTOMER_ID` (`customer_id`)
) ENGINE=InnoDB DEFAULT CHARSET=utf8 COMMENT='Connector Campaigns';

--
-- Dumping data for table `mag2_email_campaign`
--


--
-- Table structure for table `mag2_email_catalog`
--

CREATE TABLE `mag2_email_catalog` (
  `id` int(10) unsigned NOT NULL AUTO_INCREMENT COMMENT 'Primary Key',
  `product_id` int(10) unsigned NOT NULL COMMENT 'Product Id',
  `created_at` timestamp NULL DEFAULT NULL COMMENT 'Creation Time',
  `updated_at` timestamp NULL DEFAULT NULL COMMENT 'Update Time',
  `processed` smallint(5) unsigned NOT NULL COMMENT 'Product processed',
  `last_imported_at` timestamp NULL DEFAULT NULL COMMENT 'Last imported date',
  PRIMARY KEY (`id`),
  KEY `MAG2_EMAIL_CATALOG_PRODUCT_ID` (`product_id`),
  KEY `MAG2_EMAIL_CATALOG_CREATED_AT` (`created_at`),
  KEY `MAG2_EMAIL_CATALOG_UPDATED_AT` (`updated_at`),
  KEY `MAG2_EMAIL_CATALOG_PROCESSED` (`processed`),
  KEY `MAG2_EMAIL_CATALOG_LAST_IMPORTED_AT` (`last_imported_at`),
  CONSTRAINT `MAG2_EMAIL_CATALOG_PRODUCT_ID_CATALOG_PRODUCT_ENTITY_ENTITY_ID` FOREIGN KEY (`product_id`) REFERENCES `mag2_catalog_product_entity` (`entity_id`) ON DELETE CASCADE
) ENGINE=InnoDB AUTO_INCREMENT=2207 DEFAULT CHARSET=utf8 COMMENT='Connector Catalog';

--
-- Dumping data for table `mag2_email_catalog`
--

INSERT INTO `mag2_email_catalog` VALUES (2186,2133,'2019-04-10 12:08:26','2019-04-10 12:08:26',0,NULL),(2187,2134,'2019-04-15 09:12:48','2019-04-15 09:12:48',0,NULL),(2188,2135,'2019-04-15 09:25:06','2019-04-15 09:25:06',0,NULL),(2189,2136,'2019-04-15 10:03:11','2019-04-15 10:03:11',0,NULL),(2190,2137,'2019-04-15 10:05:05','2019-04-15 10:05:05',0,NULL),(2191,2138,'2019-04-15 11:59:51','2019-04-15 11:59:51',0,NULL),(2192,2139,'2019-04-15 12:03:54','2019-04-15 12:03:54',0,NULL),(2193,2140,'2019-04-15 12:06:13','2019-04-15 12:06:13',0,NULL),(2198,2145,'2019-04-17 09:59:45','2019-04-17 09:59:45',0,NULL),(2199,2146,'2019-04-17 09:59:47','2019-04-17 09:59:47',0,NULL),(2200,2147,'2019-04-17 09:59:47','2019-04-17 09:59:47',0,NULL),(2201,2148,'2019-04-17 09:59:52','2019-04-17 09:59:52',0,NULL),(2202,2149,'2019-04-17 10:01:50','2019-04-17 10:01:50',0,NULL),(2203,2150,'2019-04-17 10:01:51','2019-04-17 10:01:51',0,NULL),(2204,2151,'2019-04-17 10:01:52','2019-04-17 10:01:52',0,NULL),(2205,2,'2021-11-09 23:19:37','2021-11-09 23:19:37',0,NULL),(2206,3,'2021-11-10 07:06:26','2021-11-10 07:06:26',0,NULL);

--
-- Table structure for table `mag2_email_contact`
--

CREATE TABLE `mag2_email_contact` (
  `email_contact_id` int(10) unsigned NOT NULL AUTO_INCREMENT COMMENT 'Primary Key',
  `is_guest` smallint(5) unsigned DEFAULT NULL COMMENT 'Is Guest',
  `contact_id` varchar(15) DEFAULT NULL COMMENT 'Connector Contact ID',
  `customer_id` int(10) unsigned NOT NULL COMMENT 'Customer ID',
  `website_id` smallint(5) unsigned NOT NULL DEFAULT '0' COMMENT 'Website ID',
  `store_id` smallint(5) unsigned NOT NULL DEFAULT '0' COMMENT 'Store ID',
  `email` varchar(255) NOT NULL DEFAULT '' COMMENT 'Customer Email',
  `is_subscriber` smallint(5) unsigned DEFAULT NULL COMMENT 'Is Subscriber',
  `subscriber_status` smallint(5) unsigned DEFAULT NULL COMMENT 'Subscriber status',
  `email_imported` smallint(5) unsigned NOT NULL DEFAULT '0' COMMENT 'Is Imported',
  `subscriber_imported` smallint(5) unsigned NOT NULL DEFAULT '0' COMMENT 'Is Subscriber Imported',
  `suppressed` smallint(5) unsigned DEFAULT NULL COMMENT 'Is Suppressed',
  `last_subscribed_at` timestamp NULL DEFAULT NULL COMMENT 'Last subscribed date',
  PRIMARY KEY (`email_contact_id`),
  KEY `MAG2_EMAIL_CONTACT_EMAIL_CONTACT_ID` (`email_contact_id`),
  KEY `MAG2_EMAIL_CONTACT_IS_GUEST` (`is_guest`),
  KEY `MAG2_EMAIL_CONTACT_CUSTOMER_ID` (`customer_id`),
  KEY `MAG2_EMAIL_CONTACT_WEBSITE_ID` (`website_id`),
  KEY `MAG2_EMAIL_CONTACT_IS_SUBSCRIBER` (`is_subscriber`),
  KEY `MAG2_EMAIL_CONTACT_SUBSCRIBER_STATUS` (`subscriber_status`),
  KEY `MAG2_EMAIL_CONTACT_EMAIL_IMPORTED` (`email_imported`),
  KEY `MAG2_EMAIL_CONTACT_SUBSCRIBER_IMPORTED` (`subscriber_imported`),
  KEY `MAG2_EMAIL_CONTACT_SUPPRESSED` (`suppressed`),
  KEY `MAG2_EMAIL_CONTACT_EMAIL` (`email`),
  KEY `MAG2_EMAIL_CONTACT_CONTACT_ID` (`contact_id`)
) ENGINE=InnoDB AUTO_INCREMENT=8 DEFAULT CHARSET=utf8 COMMENT='Connector Contacts';

--
-- Dumping data for table `mag2_email_contact`
--

INSERT INTO `mag2_email_contact` VALUES (1,NULL,NULL,1,1,1,'roni_cost@example.com',NULL,NULL,0,0,NULL,NULL),(2,NULL,NULL,0,0,0,'',NULL,NULL,0,0,NULL,NULL),(3,NULL,NULL,0,0,0,'',NULL,NULL,0,0,NULL,NULL),(4,NULL,NULL,0,0,0,'',NULL,NULL,0,0,NULL,NULL),(5,NULL,NULL,0,0,0,'',NULL,NULL,0,0,NULL,NULL),(6,NULL,NULL,0,0,0,'',NULL,NULL,0,0,NULL,NULL),(7,NULL,NULL,0,0,0,'',NULL,NULL,0,0,NULL,NULL);

--
-- Table structure for table `mag2_email_contact_consent`
--

CREATE TABLE `mag2_email_contact_consent` (
  `id` int(10) unsigned NOT NULL AUTO_INCREMENT COMMENT 'Primary Key',
  `email_contact_id` int(10) unsigned DEFAULT NULL COMMENT 'Email Contact Id',
  `consent_url` varchar(255) DEFAULT NULL COMMENT 'Contact consent url',
  `consent_datetime` datetime DEFAULT NULL COMMENT 'Contact consent datetime',
  `consent_ip` varchar(255) DEFAULT NULL COMMENT 'Contact consent ip',
  `consent_user_agent` varchar(255) DEFAULT NULL COMMENT 'Contact consent user agent',
  PRIMARY KEY (`id`),
  KEY `MAG2_EMAIL_CONTACT_CONSENT_EMAIL_CONTACT_ID` (`email_contact_id`)
) ENGINE=InnoDB DEFAULT CHARSET=utf8 COMMENT='Email contact consent table.';

--
-- Dumping data for table `mag2_email_contact_consent`
--


--
-- Table structure for table `mag2_email_coupon_attribute`
--

CREATE TABLE `mag2_email_coupon_attribute` (
  `id` int(10) unsigned NOT NULL AUTO_INCREMENT COMMENT 'Primary Key',
  `salesrule_coupon_id` int(10) unsigned NOT NULL COMMENT 'Coupon ID',
  `email` varchar(255) DEFAULT NULL COMMENT 'Email',
  `expires_at` timestamp NULL DEFAULT NULL COMMENT 'Coupon expiration date',
  PRIMARY KEY (`id`),
  KEY `MAG2_EMAIL_COUPON_ATTRIBUTE_COUPON_ID` (`salesrule_coupon_id`),
  KEY `MAG2_EMAIL_COUPON_ATTRIBUTE_EMAIL` (`email`),
  CONSTRAINT `MAG2_EMAIL_COUPON_ATTRIBUTE_COUPON_ID_SALESRULE_COUPON_COUPON_ID` FOREIGN KEY (`salesrule_coupon_id`) REFERENCES `mag2_salesrule_coupon` (`coupon_id`) ON DELETE CASCADE
) ENGINE=InnoDB DEFAULT CHARSET=utf8 COMMENT='Dotdigital coupon attributes table';

--
-- Dumping data for table `mag2_email_coupon_attribute`
--


--
-- Table structure for table `mag2_email_failed_auth`
--

CREATE TABLE `mag2_email_failed_auth` (
  `id` int(10) unsigned NOT NULL AUTO_INCREMENT COMMENT 'Primary Key',
  `failures_num` int(10) unsigned DEFAULT NULL COMMENT 'Number of fails',
  `first_attempt_date` datetime DEFAULT NULL COMMENT 'First attempt date',
  `last_attempt_date` datetime DEFAULT NULL COMMENT 'Last attempt date',
  `url` varchar(255) DEFAULT NULL COMMENT 'URL',
  `store_id` int(10) unsigned DEFAULT NULL COMMENT 'Store Id',
  PRIMARY KEY (`id`),
  KEY `MAG2_EMAIL_AUTH_EDC_STORE_ID` (`store_id`)
) ENGINE=InnoDB DEFAULT CHARSET=utf8 COMMENT='Email Failed Auth Table.';

--
-- Dumping data for table `mag2_email_failed_auth`
--


--
-- Table structure for table `mag2_email_importer`
--

CREATE TABLE `mag2_email_importer` (
  `id` int(10) unsigned NOT NULL AUTO_INCREMENT COMMENT 'Primary Key',
  `import_type` varchar(255) NOT NULL DEFAULT '' COMMENT 'Import Type',
  `website_id` smallint(6) NOT NULL DEFAULT '0' COMMENT 'Website Id',
  `import_status` smallint(6) NOT NULL DEFAULT '0' COMMENT 'Import Status',
  `import_id` varchar(255) NOT NULL DEFAULT '' COMMENT 'Import Id',
  `import_data` mediumblob NOT NULL COMMENT 'Import Data',
  `import_mode` varchar(255) NOT NULL DEFAULT '' COMMENT 'Import Mode',
  `import_file` text NOT NULL COMMENT 'Import File',
  `message` varchar(255) NOT NULL DEFAULT '' COMMENT 'Error Message',
  `created_at` timestamp NULL DEFAULT NULL COMMENT 'Creation Time',
  `updated_at` timestamp NULL DEFAULT NULL COMMENT 'Update Time',
  `import_started` timestamp NULL DEFAULT NULL COMMENT 'Import Started',
  `import_finished` timestamp NULL DEFAULT NULL COMMENT 'Import Finished',
  PRIMARY KEY (`id`),
  KEY `MAG2_EMAIL_IMPORTER_IMPORT_TYPE` (`import_type`),
  KEY `MAG2_EMAIL_IMPORTER_WEBSITE_ID` (`website_id`),
  KEY `MAG2_EMAIL_IMPORTER_IMPORT_STATUS` (`import_status`),
  KEY `MAG2_EMAIL_IMPORTER_IMPORT_MODE` (`import_mode`),
  KEY `MAG2_EMAIL_IMPORTER_CREATED_AT` (`created_at`),
  KEY `MAG2_EMAIL_IMPORTER_UPDATED_AT` (`updated_at`),
  KEY `MAG2_EMAIL_IMPORTER_IMPORT_ID` (`import_id`),
  KEY `MAG2_EMAIL_IMPORTER_IMPORT_STARTED` (`import_started`),
  KEY `MAG2_EMAIL_IMPORTER_IMPORT_FINISHED` (`import_finished`)
) ENGINE=InnoDB DEFAULT CHARSET=utf8 COMMENT='Email Importer';

--
-- Dumping data for table `mag2_email_importer`
--


--
-- Table structure for table `mag2_email_order`
--

CREATE TABLE `mag2_email_order` (
  `email_order_id` int(10) unsigned NOT NULL AUTO_INCREMENT COMMENT 'Primary Key',
  `order_id` int(10) unsigned NOT NULL COMMENT 'Order ID',
  `order_status` varchar(255) NOT NULL COMMENT 'Order Status',
  `quote_id` int(10) unsigned NOT NULL COMMENT 'Sales Quote ID',
  `store_id` smallint(5) unsigned NOT NULL DEFAULT '0' COMMENT 'Store ID',
  `email_imported` smallint(5) unsigned NOT NULL DEFAULT '0' COMMENT 'Is Order Imported',
  `modified` smallint(5) unsigned DEFAULT NULL COMMENT 'Is Order Modified',
  `created_at` timestamp NULL DEFAULT NULL COMMENT 'Creation Time',
  `updated_at` timestamp NULL DEFAULT NULL COMMENT 'Update Time',
  PRIMARY KEY (`email_order_id`),
  KEY `MAG2_EMAIL_ORDER_STORE_ID` (`store_id`),
  KEY `MAG2_EMAIL_ORDER_QUOTE_ID` (`quote_id`),
  KEY `MAG2_EMAIL_ORDER_EMAIL_IMPORTED` (`email_imported`),
  KEY `MAG2_EMAIL_ORDER_ORDER_STATUS` (`order_status`),
  KEY `MAG2_EMAIL_ORDER_MODIFIED` (`modified`),
  KEY `MAG2_EMAIL_ORDER_UPDATED_AT` (`updated_at`),
  KEY `MAG2_EMAIL_ORDER_CREATED_AT` (`created_at`),
  KEY `MAG2_EMAIL_ORDER_ORDER_ID_SALES_ORDER_ENTITY_ID` (`order_id`)
) ENGINE=InnoDB AUTO_INCREMENT=3 DEFAULT CHARSET=utf8 COMMENT='Transactional Order Data';

--
-- Dumping data for table `mag2_email_order`
--

INSERT INTO `mag2_email_order` VALUES (1,1,'processing',1,1,0,NULL,'2018-12-04 19:53:31','2018-12-04 19:53:32'),(2,2,'closed',2,1,0,NULL,'2018-12-04 19:53:32','2018-12-04 19:53:32');

--
-- Table structure for table `mag2_email_review`
--

CREATE TABLE `mag2_email_review` (
  `id` int(10) unsigned NOT NULL AUTO_INCREMENT COMMENT 'Primary Key',
  `review_id` int(10) unsigned NOT NULL COMMENT 'Review Id',
  `customer_id` int(10) unsigned NOT NULL COMMENT 'Customer ID',
  `store_id` smallint(5) unsigned NOT NULL COMMENT 'Store Id',
  `review_imported` smallint(5) unsigned NOT NULL DEFAULT '0' COMMENT 'Review Imported',
  `created_at` timestamp NULL DEFAULT NULL COMMENT 'Creation Time',
  `updated_at` timestamp NULL DEFAULT NULL COMMENT 'Update Time',
  PRIMARY KEY (`id`),
  KEY `MAG2_EMAIL_REVIEW_REVIEW_ID` (`review_id`),
  KEY `MAG2_EMAIL_REVIEW_CUSTOMER_ID` (`customer_id`),
  KEY `MAG2_EMAIL_REVIEW_STORE_ID` (`store_id`),
  KEY `MAG2_EMAIL_REVIEW_REVIEW_IMPORTED` (`review_imported`),
  KEY `MAG2_EMAIL_REVIEW_CREATED_AT` (`created_at`),
  KEY `MAG2_EMAIL_REVIEW_UPDATED_AT` (`updated_at`)
) ENGINE=InnoDB AUTO_INCREMENT=7 DEFAULT CHARSET=utf8 COMMENT='Connector Reviews';

--
-- Dumping data for table `mag2_email_review`
--

INSERT INTO `mag2_email_review` VALUES (1,351,3,1,0,'2019-04-16 07:20:31','2019-04-16 07:20:31'),(2,352,3,1,0,'2019-04-16 07:22:43','2019-04-16 07:22:43'),(3,3,196,2,0,'2021-08-20 11:33:50','2021-08-20 11:33:50'),(4,2,195,2,0,'2021-08-20 11:34:23','2021-08-20 11:34:23'),(5,13,194,2,0,'2021-08-21 19:32:17','2021-08-21 19:32:17'),(6,14,194,2,0,'2021-08-21 19:32:59','2021-08-21 19:32:59');

--
-- Table structure for table `mag2_email_rules`
--

CREATE TABLE `mag2_email_rules` (
  `id` int(10) unsigned NOT NULL AUTO_INCREMENT COMMENT 'Primary Key',
  `name` varchar(255) NOT NULL DEFAULT '' COMMENT 'Rule Name',
  `website_ids` varchar(255) NOT NULL DEFAULT '0' COMMENT 'Website Id',
  `type` smallint(6) NOT NULL DEFAULT '0' COMMENT 'Rule Type',
  `status` smallint(6) NOT NULL DEFAULT '0' COMMENT 'Status',
  `combination` smallint(6) NOT NULL DEFAULT '1' COMMENT 'Rule Condition',
  `conditions` blob NOT NULL COMMENT 'Rule Conditions',
  `created_at` timestamp NULL DEFAULT NULL COMMENT 'Creation Time',
  `updated_at` timestamp NULL DEFAULT NULL COMMENT 'Update Time',
  PRIMARY KEY (`id`)
) ENGINE=InnoDB DEFAULT CHARSET=utf8 COMMENT='Connector Rules';

--
-- Dumping data for table `mag2_email_rules`
--


--
-- Table structure for table `mag2_email_template`
--

CREATE TABLE `mag2_email_template` (
  `template_id` int(10) unsigned NOT NULL AUTO_INCREMENT COMMENT 'Template ID',
  `template_code` varchar(150) NOT NULL COMMENT 'Template Name',
  `template_text` text NOT NULL COMMENT 'Template Content',
  `template_styles` text COMMENT 'Templste Styles',
  `template_type` int(10) unsigned DEFAULT NULL COMMENT 'Template Type',
  `template_subject` varchar(200) NOT NULL COMMENT 'Template Subject',
  `template_sender_name` varchar(200) DEFAULT NULL COMMENT 'Template Sender Name',
  `template_sender_email` varchar(200) DEFAULT NULL COMMENT 'Template Sender Email',
  `added_at` timestamp NOT NULL DEFAULT CURRENT_TIMESTAMP COMMENT 'Date of Template Creation',
  `modified_at` timestamp NOT NULL DEFAULT CURRENT_TIMESTAMP ON UPDATE CURRENT_TIMESTAMP COMMENT 'Date of Template Modification',
  `orig_template_code` varchar(200) DEFAULT NULL COMMENT 'Original Template Code',
  `orig_template_variables` text COMMENT 'Original Template Variables',
  `is_legacy` tinyint(1) NOT NULL DEFAULT '0' COMMENT 'Should the template render in legacy mode',
  PRIMARY KEY (`template_id`),
  UNIQUE KEY `MAG2_EMAIL_TEMPLATE_TEMPLATE_CODE` (`template_code`),
  KEY `MAG2_EMAIL_TEMPLATE_ADDED_AT` (`added_at`),
  KEY `MAG2_EMAIL_TEMPLATE_MODIFIED_AT` (`modified_at`)
) ENGINE=InnoDB AUTO_INCREMENT=2 DEFAULT CHARSET=utf8 COMMENT='Email Templates';

--
-- Dumping data for table `mag2_email_template`
--

INSERT INTO `mag2_email_template` VALUES (1,'DM Fail Transaction','{{template config_path=\"design/email/header_template\"}}\n                    <table>\n                        <tr class=\"email-intro\">\n                            <td>\n                                <p class=\"greeting\">{{trans \"%name,\" name=$order.getCustomerName()}}</p>\n                                <p>\n                                    {{trans\n                                        \"Your order #%increment_id has been cancelled by our fraud detection system.\n                                        <strong>%order_status</strong>.\"\n                                        increment_id=$order.increment_id\n                                        order_status=$order.getStatusLabel() |raw}}\n                                </p>\n\n                                <p>\n                                    {{trans \"We apologize for any inconvenience and urge you to contact us by email: \n                                    <a href=\\\"mailto:%store_email\\\">%store_email</a>\" store_email=$store_email |raw}}\n                                    {{depend store_phone}}\n                                    {{trans \"or call us at \n                                    <a href=\\\"tel:%store_phone\">%store_phone</a>\\\" store_phone=$store_phone |raw}}\n                                    {{/depend}} if you believe this was cancelled in error.\n                                    {{depend store_hours}}\n                                    {{trans \"Our hours are\n                                    <span class=\\\"no-link\\\">%store_hours</span>.\" store_hours=$store_hours |raw}}\n                                    {{/depend}}\n                                </p>\n                            </td>\n                        </tr>\n                        <tr class=\"email-information\">\n                            <td>\n                                {{depend comment}}\n                                <table class=\"message-info\">\n                                    <tr>\n                                        <td>\n                                            {{var comment|escape|nl2br}}\n                                        </td>\n                                    </tr>\n                                </table>\n                                {{/depend}}\n                            </td>\n                        </tr>\n                    </table>\n                    {{template config_path=\"design/email/footer_template\"}}','',2,'{{trans \"your %store_name order has been cancelled\" store_name=$store.getFrontendName()}}','','','2019-11-28 09:37:35','2021-10-21 00:06:26',NULL,NULL,1);

--
-- Table structure for table `mag2_email_wishlist`
--

CREATE TABLE `mag2_email_wishlist` (
  `id` int(10) unsigned NOT NULL AUTO_INCREMENT COMMENT 'Primary Key',
  `wishlist_id` int(10) unsigned NOT NULL COMMENT 'Wishlist Id',
  `item_count` int(10) unsigned NOT NULL COMMENT 'Item Count',
  `customer_id` int(10) unsigned DEFAULT NULL COMMENT 'Customer ID',
  `store_id` smallint(5) unsigned NOT NULL COMMENT 'Store Id',
  `wishlist_imported` smallint(5) unsigned NOT NULL DEFAULT '0' COMMENT 'Wishlist Imported',
  `wishlist_modified` smallint(5) unsigned DEFAULT NULL COMMENT 'Wishlist Modified',
  `created_at` timestamp NULL DEFAULT NULL COMMENT 'Creation Time',
  `updated_at` timestamp NULL DEFAULT NULL COMMENT 'Update Time',
  PRIMARY KEY (`id`),
  KEY `MAG2_EMAIL_WISHLIST_WISHLIST_ID` (`wishlist_id`),
  KEY `MAG2_EMAIL_WISHLIST_ITEM_COUNT` (`item_count`),
  KEY `MAG2_EMAIL_WISHLIST_CUSTOMER_ID` (`customer_id`),
  KEY `MAG2_EMAIL_WISHLIST_WISHLIST_MODIFIED` (`wishlist_modified`),
  KEY `MAG2_EMAIL_WISHLIST_WISHLIST_IMPORTED` (`wishlist_imported`),
  KEY `MAG2_EMAIL_WISHLIST_CREATED_AT` (`created_at`),
  KEY `MAG2_EMAIL_WISHLIST_UPDATED_AT` (`updated_at`),
  KEY `MAG2_EMAIL_WISHLIST_STORE_ID` (`store_id`)
) ENGINE=InnoDB AUTO_INCREMENT=13 DEFAULT CHARSET=utf8 COMMENT='Connector Wishlist';

--
-- Dumping data for table `mag2_email_wishlist`
--

INSERT INTO `mag2_email_wishlist` VALUES (1,161,0,168,2,0,1,'2021-01-12 17:45:29','2021-01-12 17:46:10'),(2,181,1,192,2,0,1,'2021-08-19 15:23:57','2021-08-19 19:25:09'),(3,183,2,194,2,0,NULL,'2021-08-19 20:30:12','2021-08-21 08:53:13'),(4,184,1,195,2,0,NULL,'2021-08-19 22:36:36','2021-08-19 22:36:38'),(5,198,1,209,2,0,NULL,'2021-08-25 10:49:52','2021-08-25 10:49:52'),(6,201,2,212,2,0,NULL,'2021-08-27 00:42:01','2021-08-29 00:15:11'),(7,203,1,214,2,0,NULL,'2021-08-27 11:20:51','2021-08-27 11:22:03'),(8,205,1,216,2,0,NULL,'2021-08-29 21:19:26','2021-08-29 21:19:26'),(9,206,1,217,2,0,NULL,'2021-08-29 21:59:46','2021-08-29 21:59:46'),(10,213,1,224,2,0,NULL,'2021-08-30 21:08:05','2021-08-30 21:08:05'),(11,231,1,242,2,0,NULL,'2021-09-05 11:00:46','2021-09-05 11:08:10'),(12,237,0,248,2,0,1,'2021-09-07 14:58:57','2021-09-07 14:59:09');

--
-- Table structure for table `mag2_flag`
--

CREATE TABLE `mag2_flag` (
  `flag_id` int(10) unsigned NOT NULL AUTO_INCREMENT COMMENT 'Flag Id',
  `flag_code` varchar(255) NOT NULL COMMENT 'Flag Code',
  `state` smallint(5) unsigned NOT NULL DEFAULT '0' COMMENT 'Flag State',
  `flag_data` mediumtext,
  `last_update` timestamp NOT NULL DEFAULT CURRENT_TIMESTAMP ON UPDATE CURRENT_TIMESTAMP COMMENT 'Date of Last Flag Update',
  PRIMARY KEY (`flag_id`),
  KEY `MAG2_FLAG_LAST_UPDATE` (`last_update`)
) ENGINE=InnoDB AUTO_INCREMENT=15 DEFAULT CHARSET=utf8 COMMENT='Flag';

--
-- Dumping data for table `mag2_flag`
--

INSERT INTO `mag2_flag` VALUES (2,'catalog_website_attribute_is_sync_required',0,'0','2019-04-09 07:00:03'),(3,'report_bestsellers_aggregated',0,NULL,'2021-10-19 11:44:21'),(4,'report_order_aggregated',0,NULL,'2021-10-19 11:44:20'),(5,'report_invoiced_aggregated',0,NULL,'2021-10-19 11:44:20'),(6,'report_refunded_aggregated',0,NULL,'2021-10-19 11:44:20'),(7,'report_tax_aggregated',0,NULL,'2021-10-19 11:44:20'),(8,'report_coupons_aggregated',0,NULL,'2021-10-19 11:44:21'),(9,'report_shipping_aggregated',0,NULL,'2021-10-19 11:44:20'),(10,'catalog_rules_dirty',0,NULL,'2021-10-07 05:53:21'),(11,'report_product_viewed_aggregated',0,NULL,'2021-10-19 11:44:21'),(13,'config_hash',0,'{\"system\":\"9a18ecbd6d057d5ae015414825760241bfafd115\"}','2019-10-15 06:52:43'),(14,'synchronize',3,'{\"source\":\"File system\",\"destination\":\"database \\\"default_setup\\\"\",\"destination_storage_type\":1,\"destination_connection_name\":\"default_setup\",\"has_errors\":true,\"timeout_reached\":true}','2021-11-10 07:08:12');

--
-- Table structure for table `mag2_gift_message`
--

CREATE TABLE `mag2_gift_message` (
  `gift_message_id` int(10) unsigned NOT NULL AUTO_INCREMENT COMMENT 'GiftMessage ID',
  `customer_id` int(10) unsigned NOT NULL DEFAULT '0' COMMENT 'Customer ID',
  `sender` varchar(255) DEFAULT NULL COMMENT 'Sender',
  `recipient` varchar(255) DEFAULT NULL COMMENT 'Registrant',
  `message` text COMMENT 'Message',
  PRIMARY KEY (`gift_message_id`)
) ENGINE=InnoDB DEFAULT CHARSET=utf8 COMMENT='Gift Message';

--
-- Dumping data for table `mag2_gift_message`
--


--
-- Table structure for table `mag2_googleoptimizer_code`
--

CREATE TABLE `mag2_googleoptimizer_code` (
  `code_id` int(10) unsigned NOT NULL AUTO_INCREMENT COMMENT 'Google experiment code ID',
  `entity_id` int(10) unsigned NOT NULL COMMENT 'Optimized entity ID product ID or catalog ID',
  `entity_type` varchar(50) DEFAULT NULL COMMENT 'Optimized entity type',
  `store_id` smallint(5) unsigned NOT NULL COMMENT 'Store ID',
  `experiment_script` text COMMENT 'Google experiment script',
  PRIMARY KEY (`code_id`),
  UNIQUE KEY `MAG2_GOOGLEOPTIMIZER_CODE_STORE_ID_ENTITY_ID_ENTITY_TYPE` (`store_id`,`entity_id`,`entity_type`),
  CONSTRAINT `MAG2_GOOGLEOPTIMIZER_CODE_STORE_ID_MAG2_STORE_STORE_ID` FOREIGN KEY (`store_id`) REFERENCES `mag2_store` (`store_id`) ON DELETE CASCADE
) ENGINE=InnoDB DEFAULT CHARSET=utf8 COMMENT='Google Experiment code';

--
-- Dumping data for table `mag2_googleoptimizer_code`
--


--
-- Table structure for table `mag2_import_history`
--

CREATE TABLE `mag2_import_history` (
  `history_id` int(10) unsigned NOT NULL AUTO_INCREMENT COMMENT 'History record ID',
  `started_at` timestamp NOT NULL DEFAULT CURRENT_TIMESTAMP COMMENT 'Started at',
  `user_id` int(10) unsigned NOT NULL DEFAULT '0' COMMENT 'User ID',
  `imported_file` varchar(255) DEFAULT NULL COMMENT 'Imported file',
  `execution_time` varchar(255) DEFAULT NULL COMMENT 'Execution time',
  `summary` varchar(255) DEFAULT NULL COMMENT 'Summary',
  `error_file` varchar(255) NOT NULL COMMENT 'Imported file with errors',
  PRIMARY KEY (`history_id`)
) ENGINE=InnoDB AUTO_INCREMENT=85 DEFAULT CHARSET=utf8 COMMENT='Import history table';

--
-- Dumping data for table `mag2_import_history`
--

INSERT INTO `mag2_import_history` VALUES (1,'2018-12-04 19:52:08',0,NULL,'00:00:03','Created: 1994, Updated: 0, Deleted: 0',''),(2,'2020-05-08 01:44:58',11,'1588902298_catalog_product_20200508_012509.csv','00:00:11','Created: 1, Updated: 2, Deleted: 0','1588902298_catalog_product_20200508_012509_error_report.csv'),(3,'2020-05-08 01:55:58',11,'1588902958_catalog_product_20200508_012509.csv','00:00:04','Created: 1, Updated: 3, Deleted: 0',''),(4,'2020-05-08 02:08:21',11,'1588903701_catalog_product_20200508_012509.csv','00:00:07','Created: 2, Updated: 2, Deleted: 0',''),(5,'2020-05-08 02:15:39',11,'1588904139_catalog_product_20200508_012509.csv','00:00:06','Created: 1, Updated: 2, Deleted: 0',''),(6,'2020-05-08 02:47:43',11,'1588906063_catalog_product_20200508_012509.csv','00:00:04','Created: 1, Updated: 2, Deleted: 0',''),(7,'2020-05-08 02:56:18',11,'1588906578_product_template.csv','00:00:04','Created: 1, Updated: 2, Deleted: 0',''),(8,'2020-05-11 14:58:46',11,'1589209126_product_template.csv','Validation',NULL,'1589209126_product_template_error_report.csv'),(9,'2020-05-11 15:00:45',11,'1589209245_product_template.csv','Validation',NULL,'1589209245_product_template_error_report.csv'),(10,'2020-05-11 15:01:31',11,'1589209291_product_template.csv','00:00:03','Created: 1, Updated: 0, Deleted: 0',''),(11,'2020-05-20 21:03:26',11,'1590008606_firsr_100.csv','Validation',NULL,''),(12,'2020-05-20 21:05:40',11,'1590008740_firsr_100.csv','Validation',NULL,'1590008740_firsr_100_error_report.csv'),(13,'2020-05-20 21:12:08',11,'1590009128_firsr_100.csv','Validation',NULL,'1590009128_firsr_100_error_report.csv'),(14,'2020-05-22 01:50:19',11,'1590112219_100 of Dairam Data - Sheet1.csv','Validation',NULL,'1590112219_100 of Dairam Data - Sheet1_error_report.csv'),(15,'2020-05-22 01:59:19',11,'1590112759_1590112219_100 of Dairam Data - Sheet1_error_report.csv','Validation',NULL,'1590112759_1590112219_100 of Dairam Data - Sheet1_error_report_error_report.csv'),(16,'2020-05-23 03:51:15',11,'1590205875_100 of Dairam Data - Sheet1.csv','Validation',NULL,'1590205875_100 of Dairam Data - Sheet1_error_report.csv'),(17,'2020-05-23 03:59:15',11,'1590206355_100 of Dairam Data - Sheet1(1).csv','Validation',NULL,'1590206355_100 of Dairam Data - Sheet1(1)_error_report.csv'),(18,'2020-05-23 04:15:40',11,'1590207340_100 of Dairam Data - Sheet1(1).csv','Validation',NULL,'1590207340_100 of Dairam Data - Sheet1(1)_error_report.csv'),(19,'2020-05-23 04:16:13',11,'1590207373_100 of Dairam Data - Sheet1(1).csv','Validation',NULL,''),(20,'2020-05-23 04:18:31',11,'1590207511_100 of Dairam Data - Sheet1(1).csv','Validation',NULL,'1590207511_100 of Dairam Data - Sheet1(1)_error_report.csv'),(21,'2020-05-23 04:24:24',11,'1590207864_Untitled spreadsheet - Sheet1.csv','Validation',NULL,'1590207864_Untitled spreadsheet - Sheet1_error_report.csv'),(22,'2020-05-23 04:43:43',11,'1590209023_Untitled spreadsheet - Sheet1(1).csv','Validation',NULL,'1590209023_Untitled spreadsheet - Sheet1(1)_error_report.csv'),(23,'2020-05-23 04:46:12',11,'1590209172_Untitled spreadsheet - Sheet1(2).csv','Validation',NULL,'1590209172_Untitled spreadsheet - Sheet1(2)_error_report.csv'),(24,'2020-05-23 04:49:26',11,'1590209366_Untitled spreadsheet - Sheet1(2).csv','Validation',NULL,''),(25,'2020-05-23 04:50:36',11,'1590209436_Untitled spreadsheet - Sheet1(2).csv','Validation',NULL,'1590209436_Untitled spreadsheet - Sheet1(2)_error_report.csv'),(26,'2020-05-23 04:52:42',11,'1590209562_Untitled spreadsheet - Sheet1(3).csv','Validation',NULL,'1590209562_Untitled spreadsheet - Sheet1(3)_error_report.csv'),(27,'2020-05-23 05:13:26',11,'1590210806_Untitled spreadsheet - Sheet1(4).csv','Validation',NULL,'1590210806_Untitled spreadsheet - Sheet1(4)_error_report.csv'),(28,'2020-05-23 05:16:38',11,'1590210998_Untitled spreadsheet - Sheet1(5).csv','Validation',NULL,'1590210998_Untitled spreadsheet - Sheet1(5)_error_report.csv'),(29,'2020-05-23 05:20:32',11,'1590211232_Untitled spreadsheet - Sheet1(6).csv','00:00:41','Created: 50, Updated: 0, Deleted: 0',''),(30,'2020-05-27 03:13:20',11,'1590549200_Group_1_Dairam_Data_27_5_2020 - Sheet1.csv','Validation',NULL,'1590549200_Group_1_Dairam_Data_27_5_2020 - Sheet1_error_report.csv'),(31,'2020-05-27 03:30:35',11,'1590550235_1590549200_Group_1_Dairam_Data_27_5_2020 - Sheet1_error_report.csv','Validation',NULL,'1590550235_1590549200_Group_1_Dairam_Data_27_5_2020 - Sheet1_error_report_error_report.csv'),(32,'2020-05-27 03:37:17',11,'1590550637_Group_2_Dairam_Data_27_5_2020 - Sheet1.csv','Validation',NULL,'1590550637_Group_2_Dairam_Data_27_5_2020 - Sheet1_error_report.csv'),(33,'2020-05-27 03:45:59',11,'1590551159_Group_3_Dairam_Data_27_5_2020 - Sheet1.csv','Validation',NULL,'1590551159_Group_3_Dairam_Data_27_5_2020 - Sheet1_error_report.csv'),(34,'2020-05-27 03:48:06',11,'1590551286_Group_4_Dairam_Data_27_5_2020 - Sheet1.csv','Validation',NULL,'1590551286_Group_4_Dairam_Data_27_5_2020 - Sheet1_error_report.csv'),(35,'2020-05-28 13:33:26',11,'1590672806_Group_4_Dairam_Data_27_5_2020 - Sheet1.csv','Validation',NULL,'1590672806_Group_4_Dairam_Data_27_5_2020 - Sheet1_error_report.csv'),(36,'2020-05-28 13:34:15',11,'1590672855_Group_5_Dairam_Data_27_5_2020 - Sheet1.csv','Validation',NULL,'1590672855_Group_5_Dairam_Data_27_5_2020 - Sheet1_error_report.csv'),(37,'2020-10-19 08:22:14',11,'1603095734_Copy of qiratstore - Sheet1.csv','Validation',NULL,''),(38,'2020-10-19 08:25:32',11,'1603095932_Copy of qiratstore - Sheet1(1).csv','Validation',NULL,''),(39,'2020-10-19 08:28:40',11,'1603096120_Copy of qiratstore - Sheet1(2).csv','Validation',NULL,'1603096120_Copy of qiratstore - Sheet1(2)_error_report.csv'),(40,'2020-10-19 08:32:27',11,'1603096347_Copy of qiratstore - Sheet1(2).csv','In Progress',NULL,'1603096347_Copy of qiratstore - Sheet1(2)_error_report.csv'),(41,'2020-10-21 11:37:27',11,'1603280247_new_update_qirat - new_update_qirat(1).csv','00:00:17','Created: 4, Updated: 0, Deleted: 0','1603280247_new_update_qirat - new_update_qirat(1)_error_report.csv'),(42,'2020-10-21 12:50:48',11,'1603284648_new_update_qirat - new_update_qirat(1).csv','In Progress',NULL,'1603284648_new_update_qirat - new_update_qirat(1)_error_report.csv'),(43,'2020-10-21 13:11:26',11,'1603285886_new_update_qirat - new_update_qirat(1).csv','In Progress',NULL,'1603285886_new_update_qirat - new_update_qirat(1)_error_report.csv'),(44,'2020-10-21 13:14:04',11,'1603286044_new_update_qirat - new_update_qirat(1).csv','00:00:17','Created: 162, Updated: 140, Deleted: 0','1603286044_new_update_qirat - new_update_qirat(1)_error_report.csv'),(45,'2020-10-21 13:16:20',11,'1603286180_new_update_qirat - new_update_qirat(1).csv','00:00:14','Created: 2, Updated: 302, Deleted: 0','1603286180_new_update_qirat - new_update_qirat(1)_error_report.csv'),(46,'2020-10-25 11:59:10',11,'1603627150_new_update_qirat - new_update_qirat(1).csv','00:00:45','Created: 0, Updated: 4, Deleted: 0','1603627150_new_update_qirat - new_update_qirat(1)_error_report.csv'),(47,'2020-10-25 12:02:27',11,'1603627347_new_update_qirat - new_update_qirat(1).csv','00:00:27','Created: 0, Updated: 8, Deleted: 0','1603627347_new_update_qirat - new_update_qirat(1)_error_report.csv'),(48,'2020-10-25 12:14:16',11,'1603628056_new_update_qirat - new_update_qirat(1).csv','00:00:55','Created: 362, Updated: 304, Deleted: 0',''),(49,'2020-10-25 12:48:53',11,'1603630133_New Update qirat - New Update qirat.csv','Validation',NULL,''),(50,'2020-10-25 12:49:11',11,'1603630151_New Update qirat - New Update qirat.csv','00:00:41','Created: 1, Updated: 666, Deleted: 0',''),(51,'2020-10-26 07:56:58',11,'1603699018_New Update qirat - New Update qirat(1).csv','In Progress',NULL,'1603699018_New Update qirat - New Update qirat(1)_error_report.csv'),(52,'2020-10-26 08:05:34',11,'1603699534_New Update qirat - New Update qirat(1).csv','In Progress',NULL,'1603699534_New Update qirat - New Update qirat(1)_error_report.csv'),(53,'2020-10-26 08:07:05',11,'1603699625_New Update qirat - New Update qirat(1).csv','00:00:23','Created: 0, Updated: 303, Deleted: 0','1603699625_New Update qirat - New Update qirat(1)_error_report.csv'),(54,'2020-10-26 08:12:08',11,'1603699928_New Update qirat - New Update qirat(1).csv','00:00:16','Created: 0, Updated: 303, Deleted: 0','1603699928_New Update qirat - New Update qirat(1)_error_report.csv'),(55,'2020-10-26 08:13:50',11,'1603700030_New Update qirat - New Update qirat(1).csv','00:00:21','Created: 0, Updated: 667, Deleted: 0',''),(56,'2020-11-18 13:20:57',11,'1605705657_catalog_product_20201118_124504_2.csv','00:00:11','Created: 0, Updated: 680, Deleted: 0',''),(57,'2020-11-24 14:08:07',11,'1606226887_qirate quantity and price template - catalog_product_20201118_124504_2(1).csv','Validation',NULL,'1606226887_qirate quantity and price template - catalog_product_20201118_124504_2(1)_error_report.csv'),(58,'2020-11-24 14:19:48',11,'1606227588_qirate quantity and price template - catalog_product_20201118_124504_2(2).csv','Validation',NULL,''),(59,'2020-11-25 14:11:14',11,'1606313474_qirat_final_2 - Sheet1.csv','Validation',NULL,'1606313474_qirat_final_2 - Sheet1_error_report.csv'),(60,'2020-11-26 12:30:18',11,'1606393818_qirat_final_2 - Sheet1.csv','Validation',NULL,'1606393818_qirat_final_2 - Sheet1_error_report.csv'),(61,'2020-11-30 14:07:17',11,'1606745236_qirat_final_3 - Sheet1.csv','Validation',NULL,'1606745236_qirat_final_3 - Sheet1_error_report.csv'),(62,'2020-11-30 14:14:18',11,'1606745658_qirate_final_50 - Sheet1.csv','Validation',NULL,'1606745658_qirate_final_50 - Sheet1_error_report.csv'),(63,'2020-11-30 14:17:27',11,'1606745847_qirate_final_50 - Sheet1(1).csv','00:00:21','Created: 0, Updated: 615, Deleted: 0',''),(64,'2020-12-01 06:55:12',11,'1606805712_qirate_final_50 - Sheet1.csv','00:00:15','Created: 0, Updated: 643, Deleted: 0',''),(65,'2020-12-01 13:01:12',11,'1606827672_Book1.csv','Validation',NULL,'1606827672_Book1_error_report.csv'),(66,'2020-12-01 13:01:16',11,'1606827676_Book1.csv','Validation',NULL,'1606827676_Book1_error_report.csv'),(67,'2020-12-01 13:05:33',11,'1606827933_Book1.csv','00:00:11','Created: 19, Updated: 0, Deleted: 0',''),(68,'2021-03-16 11:45:49',22,'1615895149_Copy of New Zogha app - Sheet1.csv','Validation',NULL,'1615895149_Copy of New Zogha app - Sheet1_error_report.csv'),(69,'2021-03-16 11:48:56',22,'1615895336_Copy of New Zogha app - Sheet1.csv','Validation',NULL,'1615895336_Copy of New Zogha app - Sheet1_error_report.csv'),(70,'2021-03-16 11:52:16',22,'1615895536_New Zogha app - Sheet1.csv','Validation',NULL,'1615895536_New Zogha app - Sheet1_error_report.csv'),(71,'2021-03-16 11:53:39',22,'1615895619_Copy of New Zogha app - Sheet1(1).csv','00:00:06','Created: 1, Updated: 0, Deleted: 0',''),(72,'2021-03-17 07:52:18',22,'1615967538_New Zogha app - Sheet1(1).csv','00:00:22','Created: 2, Updated: 1, Deleted: 0','1615967538_New Zogha app - Sheet1(1)_error_report.csv'),(73,'2021-03-17 07:53:26',22,'1615967606_New Zogha app - Sheet1(1).csv','00:00:06','Created: 0, Updated: 3, Deleted: 0','1615967606_New Zogha app - Sheet1(1)_error_report.csv'),(74,'2021-03-17 08:54:20',22,'1615971260_FInal New Zogha app - Sheet1.csv','00:00:07','Created: 72, Updated: 2, Deleted: 0','1615971260_FInal New Zogha app - Sheet1_error_report.csv'),(75,'2021-03-17 08:56:10',22,'1615971370_FInal New Zogha app - Sheet1(1).csv','In Progress',NULL,'1615971370_FInal New Zogha app - Sheet1(1)_error_report.csv'),(76,'2021-03-17 09:06:00',22,'1615971960_FInal New Zogha app - Sheet1(2).csv','00:00:07','Created: 1, Updated: 164, Deleted: 0',''),(77,'2021-03-18 07:33:24',22,'1616052804_Prices Zogha - Sheet1.csv','Validation',NULL,'1616052804_Prices Zogha - Sheet1_error_report.csv'),(78,'2021-03-18 08:53:51',22,'1616057631_Prices Zogha - Sheet1.csv','Validation',NULL,'1616057631_Prices Zogha - Sheet1_error_report.csv'),(79,'2021-03-18 08:53:54',22,'1616057634_Prices Zogha - Sheet1.csv','Validation',NULL,'1616057634_Prices Zogha - Sheet1_error_report.csv'),(80,'2021-03-18 08:56:34',22,'1616057794_Prices Zogha - Sheet1(1).csv','00:00:14','Created: 0, Updated: 186, Deleted: 0',''),(81,'2021-11-07 08:29:02',22,'1636273742_catalog_product_20211107_082618.csv','Validation',NULL,'1636273742_catalog_product_20211107_082618_error_report.csv'),(82,'2021-11-07 08:36:08',22,'1636274168_catalog_product_20211107_082618.csv','Validation',NULL,'1636274168_catalog_product_20211107_082618_error_report.csv'),(83,'2021-11-07 08:36:15',22,'1636274175_catalog_product_20211107_082618.csv','Validation',NULL,'1636274175_catalog_product_20211107_082618_error_report.csv'),(84,'2021-11-09 23:06:50',22,'1636499210_catalog_product_20211107_082618.csv','Validation',NULL,'1636499210_catalog_product_20211107_082618_error_report.csv');

--
-- Table structure for table `mag2_importexport_importdata`
--

CREATE TABLE `mag2_importexport_importdata` (
  `id` int(10) unsigned NOT NULL AUTO_INCREMENT COMMENT 'ID',
  `entity` varchar(50) NOT NULL COMMENT 'Entity',
  `behavior` varchar(10) NOT NULL DEFAULT 'append' COMMENT 'Behavior',
  `data` longtext COMMENT 'Data',
  PRIMARY KEY (`id`)
) ENGINE=InnoDB AUTO_INCREMENT=296 DEFAULT CHARSET=utf8 COMMENT='Import Data Table';

--
-- Dumping data for table `mag2_importexport_importdata`
--

INSERT INTO `mag2_importexport_importdata` VALUES (295,'catalog_product','append','{\"1\":{\"sku\":\"10003\",\"store_view_code\":\"ar\",\"attribute_set_code\":\"Default\",\"product_type\":\"simple\",\"categories\":null,\"product_websites\":null,\"name\":\"\\u0634\\u0627\\u0645\\u064a\\u0648 \\u0645\\u0648\\u064a\\u0633\\u062a\\u0634\\u0648\\u0631 \\u0644\\u0648\\u0643 1000 \\u0645\\u0644\",\"description\":\"<p>\\u0634\\u0627\\u0645\\u0628\\u0648 \\u0644\\u0644\\u0634\\u0639\\u0631 \\u0627\\u0644\\u0645\\u062c\\u0639\\u062f \\u0627\\u0644\\u0645\\u062e\\u0635\\u0628 \\u0628\\u0632\\u064a\\u0648\\u062a \\u0633\\u0628\\u0639\\u0629 \\u0648 \\u062d\\u0645\\u0627\\u064a\\u0629 \\u0627\\u0644\\u0644\\u0648\\u0646 \\u060c \\u0627\\u0644\\u0645\\u0643\\u0648\\u0646 \\u0627\\u0644\\u0646\\u0634\\u0637 \\u0627\\u0644\\u062c\\u062f\\u064a\\u062f \\u0644\\u0644\\u0648\\u0646 \\u0645\\u0634\\u0631\\u0642 \\u0648\\u062f\\u0627\\u0626\\u0645. \\u064a\\u0646\\u0638\\u0641 \\u0628\\u0644\\u0637\\u0641 \\u0648\\u064a\\u0639\\u0637\\u064a \\u062a\\u0623\\u062b\\u064a\\u0631\\u064b\\u0627 \\u0633\\u0644\\u0633\\u064b\\u0627 \\u0648\\u0645\\u0642\\u0627\\u0648\\u0645\\u064b\\u0627 \\u0644\\u0644\\u062a\\u062c\\u0639\\u062f.<\\/p>\",\"short_description\":null,\"weight\":null,\"product_online\":null,\"tax_class_name\":null,\"visibility\":null,\"price\":null,\"special_price\":null,\"special_price_from_date\":null,\"special_price_to_date\":null,\"url_key\":null,\"meta_title\":null,\"meta_keywords\":null,\"meta_description\":null,\"base_image\":null,\"base_image_label\":null,\"small_image\":null,\"small_image_label\":null,\"thumbnail_image\":null,\"thumbnail_image_label\":null,\"swatch_image\":null,\"swatch_image_label\":null,\"created_at\":null,\"updated_at\":null,\"new_from_date\":null,\"new_to_date\":null,\"display_product_options_in\":null,\"map_price\":null,\"msrp_price\":null,\"map_enabled\":null,\"gift_message_available\":null,\"custom_design\":null,\"custom_design_from\":null,\"custom_design_to\":null,\"custom_layout_update\":null,\"page_layout\":null,\"product_options_container\":null,\"msrp_display_actual_price_type\":null,\"country_of_manufacture\":null,\"additional_attributes\":null,\"qty\":null,\"out_of_stock_qty\":null,\"use_config_min_qty\":null,\"is_qty_decimal\":null,\"allow_backorders\":null,\"use_config_backorders\":null,\"min_cart_qty\":null,\"use_config_min_sale_qty\":null,\"max_cart_qty\":null,\"use_config_max_sale_qty\":null,\"is_in_stock\":null,\"notify_on_stock_below\":null,\"use_config_notify_stock_qty\":null,\"manage_stock\":null,\"use_config_manage_stock\":null,\"use_config_qty_increments\":null,\"qty_increments\":null,\"use_config_enable_qty_inc\":null,\"enable_qty_increments\":null,\"is_decimal_divided\":null,\"website_id\":null,\"related_skus\":null,\"related_position\":null,\"crosssell_skus\":null,\"crosssell_position\":null,\"upsell_skus\":null,\"upsell_position\":null,\"additional_images\":null,\"additional_image_labels\":null,\"hide_from_product_page\":null,\"custom_options\":null,\"bundle_price_type\":null,\"bundle_sku_type\":null,\"bundle_price_view\":null,\"bundle_weight_type\":null,\"bundle_values\":null,\"bundle_shipment_type\":null,\"configurable_variations\":null,\"configurable_variation_labels\":null,\"associated_skus\":null,\"image\":null,\"image_label\":null,\"thumbnail\":null,\"thumbnail_label\":null,\"_media_image\":null,\"_media_image_label\":null,\"_media_is_disabled\":null,\"_store\":\"ar\",\"_attribute_set\":\"Default\",\"_product_websites\":null,\"status\":null,\"news_from_date\":null,\"news_to_date\":null,\"options_container\":null,\"minimal_price\":null,\"msrp\":null,\"msrp_enabled\":null,\"special_from_date\":null,\"special_to_date\":null,\"min_qty\":null,\"backorders\":null,\"min_sale_qty\":null,\"max_sale_qty\":null,\"notify_stock_qty\":null,\"_related_sku\":null,\"_related_position\":null,\"_crosssell_sku\":null,\"_crosssell_position\":null,\"_upsell_sku\":null,\"_upsell_position\":null,\"meta_keyword\":null,\"price_type\":null,\"shipment_type\":null,\"price_view\":null,\"weight_type\":null,\"sku_type\":null},\"5\":{\"sku\":\"10005-2\",\"store_view_code\":\"ar\",\"attribute_set_code\":\"Default\",\"product_type\":\"simple\",\"categories\":null,\"product_websites\":null,\"name\":\"\\u0642\\u0646\\u0627\\u0639 \\u0645\\u062d\\u0633\\u0646 \\u0644\\u0644\\u0634\\u0639\\u0631 500 \\u0645\\u0644 \",\"description\":\"<p>\\u0642\\u0646\\u0627\\u0639 \\u0645\\u064f\\u062d\\u0633\\u0651\\u0646 \\u0633\\u0639\\u0629 500 \\u0645\\u0644 \\u0645\\u064f\\u0642\\u0648\\u0651\\u0649 \\u0628\\u062a\\u0642\\u0646\\u064a\\u0629 AMINO BOND COMPLEX \\u060c \\u0648\\u0647\\u064a \\u062a\\u0631\\u0643\\u064a\\u0628\\u0629 \\u0641\\u0631\\u064a\\u062f\\u0629 \\u0645\\u0646 \\u0627\\u0644\\u0623\\u062d\\u0645\\u0627\\u0636 \\u0627\\u0644\\u0623\\u0645\\u064a\\u0646\\u064a\\u0629 \\u0648\\u0627\\u0644\\u0643\\u064a\\u0631\\u0627\\u062a\\u064a\\u0646 \\u0627\\u0644\\u0645\\u062a\\u062d\\u0644\\u0644 \\u0628\\u0627\\u0644\\u0645\\u0627\\u0621 \\u0648\\u0627\\u0644\\u0645\\u0643\\u0648\\u0646\\u0627\\u062a \\u0627\\u0644\\u0646\\u0634\\u0637\\u0629 \\u060c \\u0644\\u0644\\u062d\\u0635\\u0648\\u0644 \\u0639\\u0644\\u0649 \\u062a\\u0623\\u062b\\u064a\\u0631 \\u0633\\u0644\\u0633 \\u0648\\u0645\\u0642\\u0627\\u0648\\u0645 \\u0644\\u0644\\u062a\\u062c\\u0639\\u062f.<\\/p>\\r\\n\",\"short_description\":null,\"weight\":null,\"product_online\":null,\"tax_class_name\":null,\"visibility\":null,\"price\":null,\"special_price\":null,\"special_price_from_date\":null,\"special_price_to_date\":null,\"url_key\":null,\"meta_title\":null,\"meta_keywords\":null,\"meta_description\":null,\"base_image\":null,\"base_image_label\":null,\"small_image\":null,\"small_image_label\":null,\"thumbnail_image\":null,\"thumbnail_image_label\":null,\"swatch_image\":null,\"swatch_image_label\":null,\"created_at\":null,\"updated_at\":null,\"new_from_date\":null,\"new_to_date\":null,\"display_product_options_in\":null,\"map_price\":null,\"msrp_price\":null,\"map_enabled\":null,\"gift_message_available\":null,\"custom_design\":null,\"custom_design_from\":null,\"custom_design_to\":null,\"custom_layout_update\":null,\"page_layout\":null,\"product_options_container\":null,\"msrp_display_actual_price_type\":null,\"country_of_manufacture\":null,\"additional_attributes\":null,\"qty\":null,\"out_of_stock_qty\":null,\"use_config_min_qty\":null,\"is_qty_decimal\":null,\"allow_backorders\":null,\"use_config_backorders\":null,\"min_cart_qty\":null,\"use_config_min_sale_qty\":null,\"max_cart_qty\":null,\"use_config_max_sale_qty\":null,\"is_in_stock\":null,\"notify_on_stock_below\":null,\"use_config_notify_stock_qty\":null,\"manage_stock\":null,\"use_config_manage_stock\":null,\"use_config_qty_increments\":null,\"qty_increments\":null,\"use_config_enable_qty_inc\":null,\"enable_qty_increments\":null,\"is_decimal_divided\":null,\"website_id\":null,\"related_skus\":null,\"related_position\":null,\"crosssell_skus\":null,\"crosssell_position\":null,\"upsell_skus\":null,\"upsell_position\":null,\"additional_images\":null,\"additional_image_labels\":null,\"hide_from_product_page\":null,\"custom_options\":null,\"bundle_price_type\":null,\"bundle_sku_type\":null,\"bundle_price_view\":null,\"bundle_weight_type\":null,\"bundle_values\":null,\"bundle_shipment_type\":null,\"configurable_variations\":null,\"configurable_variation_labels\":null,\"associated_skus\":null,\"image\":null,\"image_label\":null,\"thumbnail\":null,\"thumbnail_label\":null,\"_media_image\":null,\"_media_image_label\":null,\"_media_is_disabled\":null,\"_store\":\"ar\",\"_attribute_set\":\"Default\",\"_product_websites\":null,\"status\":null,\"news_from_date\":null,\"news_to_date\":null,\"options_container\":null,\"minimal_price\":null,\"msrp\":null,\"msrp_enabled\":null,\"special_from_date\":null,\"special_to_date\":null,\"min_qty\":null,\"backorders\":null,\"min_sale_qty\":null,\"max_sale_qty\":null,\"notify_stock_qty\":null,\"_related_sku\":null,\"_related_position\":null,\"_crosssell_sku\":null,\"_crosssell_position\":null,\"_upsell_sku\":null,\"_upsell_position\":null,\"meta_keyword\":null,\"price_type\":null,\"shipment_type\":null,\"price_view\":null,\"weight_type\":null,\"sku_type\":null},\"7\":{\"sku\":\"10003-1\",\"store_view_code\":\"ar\",\"attribute_set_code\":\"Default\",\"product_type\":\"simple\",\"categories\":null,\"product_websites\":null,\"name\":\"\\u0634\\u0627\\u0645\\u0628\\u0648 \\u0645\\u064a\\u0633\\u062a\\u0634\\u0648\\u0631 \\u0644\\u0648\\u0643 250 \\u0645\\u0644\",\"description\":\"<p><span>\\u0634\\u0627\\u0645\\u0628\\u0648 \\u0644\\u0644\\u0634\\u0639\\u0631 \\u0627\\u0644\\u0645\\u062c\\u0639\\u062f \\u0627\\u0644\\u0645\\u062e\\u0635\\u0628 \\u0628\\u0632\\u064a\\u0648\\u062a \\u0633\\u0628\\u0639\\u0629 \\u0648 \\u062d\\u0645\\u0627\\u064a\\u0629 \\u0627\\u0644\\u0644\\u0648\\u0646 \\u060c \\u0627\\u0644\\u0645\\u0643\\u0648\\u0646 \\u0627\\u0644\\u0646\\u0634\\u0637 \\u0627\\u0644\\u062c\\u062f\\u064a\\u062f \\u0644\\u0644\\u0648\\u0646 \\u0645\\u0634\\u0631\\u0642 \\u0648\\u062f\\u0627\\u0626\\u0645. \\u064a\\u0646\\u0638\\u0641 \\u0628\\u0644\\u0637\\u0641 \\u0648\\u064a\\u0639\\u0637\\u064a \\u062a\\u0623\\u062b\\u064a\\u0631\\u064b\\u0627 \\u0633\\u0644\\u0633\\u064b\\u0627 \\u0648\\u0645\\u0642\\u0627\\u0648\\u0645\\u064b\\u0627 \\u0644\\u0644\\u062a\\u062c\\u0639\\u062f.<p><span>\",\"short_description\":null,\"weight\":null,\"product_online\":null,\"tax_class_name\":null,\"visibility\":null,\"price\":null,\"special_price\":null,\"special_price_from_date\":null,\"special_price_to_date\":null,\"url_key\":null,\"meta_title\":null,\"meta_keywords\":null,\"meta_description\":null,\"base_image\":null,\"base_image_label\":null,\"small_image\":null,\"small_image_label\":null,\"thumbnail_image\":null,\"thumbnail_image_label\":null,\"swatch_image\":null,\"swatch_image_label\":null,\"created_at\":null,\"updated_at\":null,\"new_from_date\":null,\"new_to_date\":null,\"display_product_options_in\":null,\"map_price\":null,\"msrp_price\":null,\"map_enabled\":null,\"gift_message_available\":null,\"custom_design\":null,\"custom_design_from\":null,\"custom_design_to\":null,\"custom_layout_update\":null,\"page_layout\":null,\"product_options_container\":null,\"msrp_display_actual_price_type\":null,\"country_of_manufacture\":null,\"additional_attributes\":null,\"qty\":null,\"out_of_stock_qty\":null,\"use_config_min_qty\":null,\"is_qty_decimal\":null,\"allow_backorders\":null,\"use_config_backorders\":null,\"min_cart_qty\":null,\"use_config_min_sale_qty\":null,\"max_cart_qty\":null,\"use_config_max_sale_qty\":null,\"is_in_stock\":null,\"notify_on_stock_below\":null,\"use_config_notify_stock_qty\":null,\"manage_stock\":null,\"use_config_manage_stock\":null,\"use_config_qty_increments\":null,\"qty_increments\":null,\"use_config_enable_qty_inc\":null,\"enable_qty_increments\":null,\"is_decimal_divided\":null,\"website_id\":null,\"related_skus\":null,\"related_position\":null,\"crosssell_skus\":null,\"crosssell_position\":null,\"upsell_skus\":null,\"upsell_position\":null,\"additional_images\":null,\"additional_image_labels\":null,\"hide_from_product_page\":null,\"custom_options\":null,\"bundle_price_type\":null,\"bundle_sku_type\":null,\"bundle_price_view\":null,\"bundle_weight_type\":null,\"bundle_values\":null,\"bundle_shipment_type\":null,\"configurable_variations\":null,\"configurable_variation_labels\":null,\"associated_skus\":null,\"image\":null,\"image_label\":null,\"thumbnail\":null,\"thumbnail_label\":null,\"_media_image\":null,\"_media_image_label\":null,\"_media_is_disabled\":null,\"_store\":\"ar\",\"_attribute_set\":\"Default\",\"_product_websites\":null,\"status\":null,\"news_from_date\":null,\"news_to_date\":null,\"options_container\":null,\"minimal_price\":null,\"msrp\":null,\"msrp_enabled\":null,\"special_from_date\":null,\"special_to_date\":null,\"min_qty\":null,\"backorders\":null,\"min_sale_qty\":null,\"max_sale_qty\":null,\"notify_stock_qty\":null,\"_related_sku\":null,\"_related_position\":null,\"_crosssell_sku\":null,\"_crosssell_position\":null,\"_upsell_sku\":null,\"_upsell_position\":null,\"meta_keyword\":null,\"price_type\":null,\"shipment_type\":null,\"price_view\":null,\"weight_type\":null,\"sku_type\":null},\"11\":{\"sku\":\"10011-3\",\"store_view_code\":\"default\",\"attribute_set_code\":\"Default\",\"product_type\":\"simple\",\"categories\":null,\"product_websites\":null,\"name\":null,\"description\":\"<p>Frizz free leave in cream, fortified with Amino Bond Complex.<\\/p>\",\"short_description\":null,\"weight\":null,\"product_online\":null,\"tax_class_name\":null,\"visibility\":null,\"price\":null,\"special_price\":null,\"special_price_from_date\":null,\"special_price_to_date\":null,\"url_key\":null,\"meta_title\":null,\"meta_keywords\":null,\"meta_description\":null,\"base_image\":null,\"base_image_label\":null,\"small_image\":null,\"small_image_label\":null,\"thumbnail_image\":null,\"thumbnail_image_label\":null,\"swatch_image\":null,\"swatch_image_label\":null,\"created_at\":null,\"updated_at\":null,\"new_from_date\":null,\"new_to_date\":null,\"display_product_options_in\":null,\"map_price\":null,\"msrp_price\":null,\"map_enabled\":null,\"gift_message_available\":null,\"custom_design\":null,\"custom_design_from\":null,\"custom_design_to\":null,\"custom_layout_update\":null,\"page_layout\":null,\"product_options_container\":null,\"msrp_display_actual_price_type\":null,\"country_of_manufacture\":null,\"additional_attributes\":null,\"qty\":null,\"out_of_stock_qty\":null,\"use_config_min_qty\":null,\"is_qty_decimal\":null,\"allow_backorders\":null,\"use_config_backorders\":null,\"min_cart_qty\":null,\"use_config_min_sale_qty\":null,\"max_cart_qty\":null,\"use_config_max_sale_qty\":null,\"is_in_stock\":null,\"notify_on_stock_below\":null,\"use_config_notify_stock_qty\":null,\"manage_stock\":null,\"use_config_manage_stock\":null,\"use_config_qty_increments\":null,\"qty_increments\":null,\"use_config_enable_qty_inc\":null,\"enable_qty_increments\":null,\"is_decimal_divided\":null,\"website_id\":null,\"related_skus\":null,\"related_position\":null,\"crosssell_skus\":null,\"crosssell_position\":null,\"upsell_skus\":null,\"upsell_position\":null,\"additional_images\":null,\"additional_image_labels\":null,\"hide_from_product_page\":null,\"custom_options\":null,\"bundle_price_type\":null,\"bundle_sku_type\":null,\"bundle_price_view\":null,\"bundle_weight_type\":null,\"bundle_values\":null,\"bundle_shipment_type\":null,\"configurable_variations\":null,\"configurable_variation_labels\":null,\"associated_skus\":null,\"image\":null,\"image_label\":null,\"thumbnail\":null,\"thumbnail_label\":null,\"_media_image\":null,\"_media_image_label\":null,\"_media_is_disabled\":null,\"_store\":\"default\",\"_attribute_set\":\"Default\",\"_product_websites\":null,\"status\":null,\"news_from_date\":null,\"news_to_date\":null,\"options_container\":null,\"minimal_price\":null,\"msrp\":null,\"msrp_enabled\":null,\"special_from_date\":null,\"special_to_date\":null,\"min_qty\":null,\"backorders\":null,\"min_sale_qty\":null,\"max_sale_qty\":null,\"notify_stock_qty\":null,\"_related_sku\":null,\"_related_position\":null,\"_crosssell_sku\":null,\"_crosssell_position\":null,\"_upsell_sku\":null,\"_upsell_position\":null,\"meta_keyword\":null,\"price_type\":null,\"shipment_type\":null,\"price_view\":null,\"weight_type\":null,\"sku_type\":null},\"12\":{\"sku\":\"10011-3\",\"store_view_code\":\"ar\",\"attribute_set_code\":\"Default\",\"product_type\":\"simple\",\"categories\":null,\"product_websites\":null,\"name\":\"\\u0643\\u0631\\u064a\\u0645 \\u0627\\u0643\\u0633\\u062a\\u0646\\u062f\\u0631 \\u0644\\u0644\\u0634\\u0639\\u0631 90 \\u0645\\u0644\",\"description\":\"<p><span>\\u0625\\u062c\\u0627\\u0632\\u0629 \\u062e\\u0627\\u0644\\u064a\\u0629 \\u0645\\u0646 \\u0627\\u0644\\u062a\\u062c\\u0639\\u062f \\u0628\\u0627\\u0644\\u0643\\u0631\\u064a\\u0645\\u0629 \\u060c \\u0645\\u0639\\u0632\\u0632 \\u0628\\u0645\\u0631\\u0643\\u0628 \\u0623\\u0645\\u064a\\u0646\\u0648 \\u0628\\u0648\\u0646\\u062f.<p><span>\",\"short_description\":null,\"weight\":null,\"product_online\":null,\"tax_class_name\":null,\"visibility\":null,\"price\":null,\"special_price\":null,\"special_price_from_date\":null,\"special_price_to_date\":null,\"url_key\":null,\"meta_title\":null,\"meta_keywords\":null,\"meta_description\":null,\"base_image\":null,\"base_image_label\":null,\"small_image\":null,\"small_image_label\":null,\"thumbnail_image\":null,\"thumbnail_image_label\":null,\"swatch_image\":null,\"swatch_image_label\":null,\"created_at\":null,\"updated_at\":null,\"new_from_date\":null,\"new_to_date\":null,\"display_product_options_in\":null,\"map_price\":null,\"msrp_price\":null,\"map_enabled\":null,\"gift_message_available\":null,\"custom_design\":null,\"custom_design_from\":null,\"custom_design_to\":null,\"custom_layout_update\":null,\"page_layout\":null,\"product_options_container\":null,\"msrp_display_actual_price_type\":null,\"country_of_manufacture\":null,\"additional_attributes\":null,\"qty\":null,\"out_of_stock_qty\":null,\"use_config_min_qty\":null,\"is_qty_decimal\":null,\"allow_backorders\":null,\"use_config_backorders\":null,\"min_cart_qty\":null,\"use_config_min_sale_qty\":null,\"max_cart_qty\":null,\"use_config_max_sale_qty\":null,\"is_in_stock\":null,\"notify_on_stock_below\":null,\"use_config_notify_stock_qty\":null,\"manage_stock\":null,\"use_config_manage_stock\":null,\"use_config_qty_increments\":null,\"qty_increments\":null,\"use_config_enable_qty_inc\":null,\"enable_qty_increments\":null,\"is_decimal_divided\":null,\"website_id\":null,\"related_skus\":null,\"related_position\":null,\"crosssell_skus\":null,\"crosssell_position\":null,\"upsell_skus\":null,\"upsell_position\":null,\"additional_images\":null,\"additional_image_labels\":null,\"hide_from_product_page\":null,\"custom_options\":null,\"bundle_price_type\":null,\"bundle_sku_type\":null,\"bundle_price_view\":null,\"bundle_weight_type\":null,\"bundle_values\":null,\"bundle_shipment_type\":null,\"configurable_variations\":null,\"configurable_variation_labels\":null,\"associated_skus\":null,\"image\":null,\"image_label\":null,\"thumbnail\":null,\"thumbnail_label\":null,\"_media_image\":null,\"_media_image_label\":null,\"_media_is_disabled\":null,\"_store\":\"ar\",\"_attribute_set\":\"Default\",\"_product_websites\":null,\"status\":null,\"news_from_date\":null,\"news_to_date\":null,\"options_container\":null,\"minimal_price\":null,\"msrp\":null,\"msrp_enabled\":null,\"special_from_date\":null,\"special_to_date\":null,\"min_qty\":null,\"backorders\":null,\"min_sale_qty\":null,\"max_sale_qty\":null,\"notify_stock_qty\":null,\"_related_sku\":null,\"_related_position\":null,\"_crosssell_sku\":null,\"_crosssell_position\":null,\"_upsell_sku\":null,\"_upsell_position\":null,\"meta_keyword\":null,\"price_type\":null,\"shipment_type\":null,\"price_view\":null,\"weight_type\":null,\"sku_type\":null},\"14\":{\"sku\":\"10006-2\",\"store_view_code\":\"ar\",\"attribute_set_code\":\"Default\",\"product_type\":\"simple\",\"categories\":null,\"product_websites\":null,\"name\":\"\\u0633\\u064a\\u0631\\u0645 \\u0634\\u064a\\u0645\\u0631 30 \\u0645\\u0644\",\"description\":\"<p><span>\\u0633\\u064a\\u0631\\u0648\\u0645 \\u0645\\u0636\\u0627\\u062f \\u0644\\u0644\\u062a\\u062c\\u0639\\u062f \\u0628\\u0632\\u064a\\u062a \\u0627\\u0644\\u0623\\u0631\\u0627\\u062c\\u0646 \\u0648\\u0645\\u0631\\u0643\\u0628 \\u0623\\u0645\\u064a\\u0646\\u0648 \\u0628\\u0648\\u0646\\u062f<p><span>\",\"short_description\":null,\"weight\":null,\"product_online\":null,\"tax_class_name\":null,\"visibility\":null,\"price\":null,\"special_price\":null,\"special_price_from_date\":null,\"special_price_to_date\":null,\"url_key\":null,\"meta_title\":null,\"meta_keywords\":null,\"meta_description\":null,\"base_image\":null,\"base_image_label\":null,\"small_image\":null,\"small_image_label\":null,\"thumbnail_image\":null,\"thumbnail_image_label\":null,\"swatch_image\":null,\"swatch_image_label\":null,\"created_at\":null,\"updated_at\":null,\"new_from_date\":null,\"new_to_date\":null,\"display_product_options_in\":null,\"map_price\":null,\"msrp_price\":null,\"map_enabled\":null,\"gift_message_available\":null,\"custom_design\":null,\"custom_design_from\":null,\"custom_design_to\":null,\"custom_layout_update\":null,\"page_layout\":null,\"product_options_container\":null,\"msrp_display_actual_price_type\":null,\"country_of_manufacture\":null,\"additional_attributes\":null,\"qty\":null,\"out_of_stock_qty\":null,\"use_config_min_qty\":null,\"is_qty_decimal\":null,\"allow_backorders\":null,\"use_config_backorders\":null,\"min_cart_qty\":null,\"use_config_min_sale_qty\":null,\"max_cart_qty\":null,\"use_config_max_sale_qty\":null,\"is_in_stock\":null,\"notify_on_stock_below\":null,\"use_config_notify_stock_qty\":null,\"manage_stock\":null,\"use_config_manage_stock\":null,\"use_config_qty_increments\":null,\"qty_increments\":null,\"use_config_enable_qty_inc\":null,\"enable_qty_increments\":null,\"is_decimal_divided\":null,\"website_id\":null,\"related_skus\":null,\"related_position\":null,\"crosssell_skus\":null,\"crosssell_position\":null,\"upsell_skus\":null,\"upsell_position\":null,\"additional_images\":null,\"additional_image_labels\":null,\"hide_from_product_page\":null,\"custom_options\":null,\"bundle_price_type\":null,\"bundle_sku_type\":null,\"bundle_price_view\":null,\"bundle_weight_type\":null,\"bundle_values\":null,\"bundle_shipment_type\":null,\"configurable_variations\":null,\"configurable_variation_labels\":null,\"associated_skus\":null,\"image\":null,\"image_label\":null,\"thumbnail\":null,\"thumbnail_label\":null,\"_media_image\":null,\"_media_image_label\":null,\"_media_is_disabled\":null,\"_store\":\"ar\",\"_attribute_set\":\"Default\",\"_product_websites\":null,\"status\":null,\"news_from_date\":null,\"news_to_date\":null,\"options_container\":null,\"minimal_price\":null,\"msrp\":null,\"msrp_enabled\":null,\"special_from_date\":null,\"special_to_date\":null,\"min_qty\":null,\"backorders\":null,\"min_sale_qty\":null,\"max_sale_qty\":null,\"notify_stock_qty\":null,\"_related_sku\":null,\"_related_position\":null,\"_crosssell_sku\":null,\"_crosssell_position\":null,\"_upsell_sku\":null,\"_upsell_position\":null,\"meta_keyword\":null,\"price_type\":null,\"shipment_type\":null,\"price_view\":null,\"weight_type\":null,\"sku_type\":null},\"18\":{\"sku\":\"40004-1\",\"store_view_code\":\"ar\",\"attribute_set_code\":\"Default\",\"product_type\":\"simple\",\"categories\":null,\"product_websites\":null,\"name\":\"\\u0628\\u0644\\u0633\\u0645 \\u062a\\u0627\\u064a\\u0645\\u0644\\u064a\\u0633 \\u0628\\u0644\\u064a\\u0646\\u062f 100 \\u0645\\u0644\",\"description\":\"<p><span>\\u0628\\u0644\\u0633\\u0645 \\u0645\\u0631\\u0637\\u0628 \\u0645\\u0636\\u0627\\u062f \\u0644\\u0644\\u0634\\u064a\\u062e\\u0648\\u062e\\u0629 \\u0644\\u0644\\u0634\\u0639\\u0631 \\u0627\\u0644\\u062c\\u0627\\u0641 \\u0645\\u0639 REBORN COMPLEX.<p><span>\",\"short_description\":null,\"weight\":null,\"product_online\":null,\"tax_class_name\":null,\"visibility\":null,\"price\":null,\"special_price\":null,\"special_price_from_date\":null,\"special_price_to_date\":null,\"url_key\":null,\"meta_title\":null,\"meta_keywords\":null,\"meta_description\":null,\"base_image\":null,\"base_image_label\":null,\"small_image\":null,\"small_image_label\":null,\"thumbnail_image\":null,\"thumbnail_image_label\":null,\"swatch_image\":null,\"swatch_image_label\":null,\"created_at\":null,\"updated_at\":null,\"new_from_date\":null,\"new_to_date\":null,\"display_product_options_in\":null,\"map_price\":null,\"msrp_price\":null,\"map_enabled\":null,\"gift_message_available\":null,\"custom_design\":null,\"custom_design_from\":null,\"custom_design_to\":null,\"custom_layout_update\":null,\"page_layout\":null,\"product_options_container\":null,\"msrp_display_actual_price_type\":null,\"country_of_manufacture\":null,\"additional_attributes\":null,\"qty\":null,\"out_of_stock_qty\":null,\"use_config_min_qty\":null,\"is_qty_decimal\":null,\"allow_backorders\":null,\"use_config_backorders\":null,\"min_cart_qty\":null,\"use_config_min_sale_qty\":null,\"max_cart_qty\":null,\"use_config_max_sale_qty\":null,\"is_in_stock\":null,\"notify_on_stock_below\":null,\"use_config_notify_stock_qty\":null,\"manage_stock\":null,\"use_config_manage_stock\":null,\"use_config_qty_increments\":null,\"qty_increments\":null,\"use_config_enable_qty_inc\":null,\"enable_qty_increments\":null,\"is_decimal_divided\":null,\"website_id\":null,\"related_skus\":null,\"related_position\":null,\"crosssell_skus\":null,\"crosssell_position\":null,\"upsell_skus\":null,\"upsell_position\":null,\"additional_images\":null,\"additional_image_labels\":null,\"hide_from_product_page\":null,\"custom_options\":null,\"bundle_price_type\":null,\"bundle_sku_type\":null,\"bundle_price_view\":null,\"bundle_weight_type\":null,\"bundle_values\":null,\"bundle_shipment_type\":null,\"configurable_variations\":null,\"configurable_variation_labels\":null,\"associated_skus\":null,\"image\":null,\"image_label\":null,\"thumbnail\":null,\"thumbnail_label\":null,\"_media_image\":null,\"_media_image_label\":null,\"_media_is_disabled\":null,\"_store\":\"ar\",\"_attribute_set\":\"Default\",\"_product_websites\":null,\"status\":null,\"news_from_date\":null,\"news_to_date\":null,\"options_container\":null,\"minimal_price\":null,\"msrp\":null,\"msrp_enabled\":null,\"special_from_date\":null,\"special_to_date\":null,\"min_qty\":null,\"backorders\":null,\"min_sale_qty\":null,\"max_sale_qty\":null,\"notify_stock_qty\":null,\"_related_sku\":null,\"_related_position\":null,\"_crosssell_sku\":null,\"_crosssell_position\":null,\"_upsell_sku\":null,\"_upsell_position\":null,\"meta_keyword\":null,\"price_type\":null,\"shipment_type\":null,\"price_view\":null,\"weight_type\":null,\"sku_type\":null}}');

--
-- Table structure for table `mag2_indexer_state`
--

CREATE TABLE `mag2_indexer_state` (
  `state_id` int(10) unsigned NOT NULL AUTO_INCREMENT COMMENT 'Indexer State ID',
  `indexer_id` varchar(255) DEFAULT NULL COMMENT 'Indexer ID',
  `status` varchar(16) DEFAULT 'invalid' COMMENT 'Indexer Status',
  `updated` datetime DEFAULT NULL COMMENT 'Indexer Status',
  `hash_config` varchar(32) NOT NULL COMMENT 'Hash of indexer config',
  PRIMARY KEY (`state_id`),
  KEY `MAG2_INDEXER_STATE_INDEXER_ID` (`indexer_id`)
) ENGINE=InnoDB AUTO_INCREMENT=11 DEFAULT CHARSET=utf8 COMMENT='Indexer State';

--
-- Dumping data for table `mag2_indexer_state`
--

INSERT INTO `mag2_indexer_state` VALUES (1,'design_config_grid','invalid','2021-11-10 08:29:00','34ec592bfa6c952bed4d0a1d58c98770'),(2,'customer_grid','invalid','2021-11-10 08:29:00','b9632e06cf957d6e8103eb236ca38cc1'),(3,'catalog_category_product','invalid','2021-11-10 08:29:00','2124d5bfcd83b609c67eee94a0e4708c'),(4,'catalog_product_category','invalid','2021-11-10 08:29:00','77b6356629f3259568a68ea64c773238'),(5,'catalogrule_rule','invalid','2021-11-10 08:29:00','c4f8344a2e6a7d8ebc065631454a4724'),(6,'catalog_product_attribute','invalid','2021-11-10 08:29:00','f73cae77ec4dee3b587a60a2f38dd26a'),(7,'cataloginventory_stock','invalid','2021-11-10 08:29:00','1bf66e64558a5171e523b32f25cb99ca'),(8,'catalogsearch_fulltext','invalid','2021-11-10 08:29:00','cc2d2701487ee835df4e72b15254852b'),(9,'catalog_product_price','invalid','2021-11-10 08:29:00','cbab4723efb02ca24e1db167ef1dfd13'),(10,'catalogrule_product','invalid','2021-11-10 08:29:00','667205576ee3764b1ee81c4a076d10ae');

--
-- Table structure for table `mag2_integration`
--

CREATE TABLE `mag2_integration` (
  `integration_id` int(10) unsigned NOT NULL AUTO_INCREMENT COMMENT 'Integration ID',
  `name` varchar(255) NOT NULL COMMENT 'Integration name is displayed in the admin interface',
  `email` varchar(255) NOT NULL COMMENT 'Email address of the contact person',
  `endpoint` varchar(255) DEFAULT NULL COMMENT 'Endpoint for posting consumer credentials',
  `status` smallint(5) unsigned NOT NULL COMMENT 'Integration status',
  `consumer_id` int(10) unsigned DEFAULT NULL COMMENT 'Oauth consumer',
  `created_at` timestamp NOT NULL DEFAULT CURRENT_TIMESTAMP COMMENT 'Creation Time',
  `updated_at` timestamp NOT NULL DEFAULT CURRENT_TIMESTAMP ON UPDATE CURRENT_TIMESTAMP COMMENT 'Update Time',
  `setup_type` smallint(5) unsigned NOT NULL DEFAULT '0' COMMENT 'Integration type - manual or config file',
  `identity_link_url` varchar(255) DEFAULT NULL COMMENT 'Identity linking Url',
  PRIMARY KEY (`integration_id`),
  UNIQUE KEY `MAG2_INTEGRATION_NAME` (`name`),
  UNIQUE KEY `MAG2_INTEGRATION_CONSUMER_ID` (`consumer_id`),
  CONSTRAINT `MAG2_INTEGRATION_CONSUMER_ID_MAG2_OAUTH_CONSUMER_ENTITY_ID` FOREIGN KEY (`consumer_id`) REFERENCES `mag2_oauth_consumer` (`entity_id`) ON DELETE CASCADE
) ENGINE=InnoDB AUTO_INCREMENT=246 DEFAULT CHARSET=utf8 COMMENT='integration';

--
