(300,11,'inventory_source_listing','current',0,NULL,'{\"current\":{\"search\":{\"value\":\"\"},\"filters\":{\"applied\":{\"placeholder\":true}},\"paging\":{\"pageSize\":20,\"current\":1,\"options\":{\"20\":{\"value\":20,\"label\":20},\"30\":{\"value\":30,\"label\":30},\"50\":{\"value\":50,\"label\":50},\"100\":{\"value\":100,\"label\":100},\"200\":{\"value\":200,\"label\":200}},\"value\":20},\"columns\":{\"ids\":{\"visible\":true,\"sorting\":false},\"enabled\":{\"visible\":true,\"sorting\":false},\"country_id\":{\"visible\":false,\"sorting\":false},\"is_pickup_location_active\":{\"visible\":true,\"sorting\":false},\"source_code\":{\"visible\":true,\"sorting\":false},\"name\":{\"visible\":true,\"sorting\":false},\"contact_name\":{\"visible\":false,\"sorting\":false},\"email\":{\"visible\":false,\"sorting\":false},\"latitude\":{\"visible\":false,\"sorting\":false},\"longitude\":{\"visible\":false,\"sorting\":false},\"region\":{\"visible\":false,\"sorting\":false},\"city\":{\"visible\":false,\"sorting\":false},\"street\":{\"visible\":false,\"sorting\":false},\"postcode\":{\"visible\":false,\"sorting\":false},\"phone\":{\"visible\":false,\"sorting\":false},\"fax\":{\"visible\":false,\"sorting\":false},\"actions\":{\"visible\":true,\"sorting\":false}},\"displayMode\":\"grid\",\"positions\":{\"ids\":0,\"source_code\":1,\"name\":2,\"contact_name\":3,\"enabled\":4,\"email\":5,\"is_pickup_location_active\":6,\"latitude\":7,\"longitude\":8,\"country_id\":9,\"region\":10,\"city\":11,\"street\":12,\"postcode\":13,\"phone\":14,\"fax\":15,\"actions\":16}}}','2021-10-21 00:39:30','2021-10-21 00:39:30'),(301,11,'inventory_source_listing','default',1,'Default View','{\"views\":{\"default\":{\"label\":\"Default View\",\"index\":\"default\",\"editable\":false,\"data\":{\"search\":{\"value\":\"\"},\"filters\":{\"applied\":{\"placeholder\":true}},\"paging\":{\"pageSize\":20,\"current\":1,\"options\":{\"20\":{\"value\":20,\"label\":20},\"30\":{\"value\":30,\"label\":30},\"50\":{\"value\":50,\"label\":50},\"100\":{\"value\":100,\"label\":100},\"200\":{\"value\":200,\"label\":200}},\"value\":20},\"columns\":{\"ids\":{\"visible\":true,\"sorting\":false},\"enabled\":{\"visible\":true,\"sorting\":false},\"country_id\":{\"visible\":false,\"sorting\":false},\"is_pickup_location_active\":{\"visible\":true,\"sorting\":false},\"source_code\":{\"visible\":true,\"sorting\":false},\"name\":{\"visible\":true,\"sorting\":false},\"contact_name\":{\"visible\":false,\"sorting\":false},\"email\":{\"visible\":false,\"sorting\":false},\"latitude\":{\"visible\":false,\"sorting\":false},\"longitude\":{\"visible\":false,\"sorting\":false},\"region\":{\"visible\":false,\"sorting\":false},\"city\":{\"visible\":false,\"sorting\":false},\"street\":{\"visible\":false,\"sorting\":false},\"postcode\":{\"visible\":false,\"sorting\":false},\"phone\":{\"visible\":false,\"sorting\":false},\"fax\":{\"visible\":false,\"sorting\":false},\"actions\":{\"visible\":true,\"sorting\":false}},\"displayMode\":\"grid\",\"positions\":{\"ids\":0,\"source_code\":1,\"name\":2,\"contact_name\":3,\"enabled\":4,\"email\":5,\"is_pickup_location_active\":6,\"latitude\":7,\"longitude\":8,\"country_id\":9,\"region\":10,\"city\":11,\"street\":12,\"postcode\":13,\"phone\":14,\"fax\":15,\"actions\":16}},\"value\":\"Default View\"}}}','2021-10-21 00:39:34','2021-10-21 00:39:34'),(302,11,'inventory_stock_listing','current',0,NULL,'{\"current\":{\"search\":{\"value\":\"\"},\"filters\":{\"applied\":{\"placeholder\":true}},\"paging\":{\"pageSize\":20,\"current\":1,\"options\":{\"20\":{\"value\":20,\"label\":20},\"30\":{\"value\":30,\"label\":30},\"50\":{\"value\":50,\"label\":50},\"100\":{\"value\":100,\"label\":100},\"200\":{\"value\":200,\"label\":200}},\"value\":20},\"displayMode\":\"grid\",\"columns\":{\"stock_id\":{\"visible\":true,\"sorting\":\"asc\"},\"name\":{\"visible\":true,\"sorting\":false},\"actions\":{\"visible\":true,\"sorting\":false},\"ids\":{\"visible\":true,\"sorting\":false},\"assigned_sources\":{\"visible\":true,\"sorting\":false},\"sales_channels\":{\"visible\":true,\"sorting\":false}},\"positions\":{\"ids\":0,\"stock_id\":1,\"name\":2,\"sales_channels\":3,\"assigned_sources\":4,\"actions\":5}}}','2021-10-21 00:48:59','2021-10-21 00:48:59'),(303,11,'inventory_stock_listing','default',1,'Default View','{\"views\":{\"default\":{\"label\":\"Default View\",\"index\":\"default\",\"editable\":false,\"data\":{\"search\":{\"value\":\"\"},\"filters\":{\"applied\":{\"placeholder\":true}},\"paging\":{\"pageSize\":20,\"current\":1,\"options\":{\"20\":{\"value\":20,\"label\":20},\"30\":{\"value\":30,\"label\":30},\"50\":{\"value\":50,\"label\":50},\"100\":{\"value\":100,\"label\":100},\"200\":{\"value\":200,\"label\":200}},\"value\":20},\"displayMode\":\"grid\",\"columns\":{\"stock_id\":{\"visible\":true,\"sorting\":\"asc\"},\"name\":{\"visible\":true,\"sorting\":false},\"actions\":{\"visible\":true,\"sorting\":false},\"ids\":{\"visible\":true,\"sorting\":false},\"assigned_sources\":{\"visible\":true,\"sorting\":false},\"sales_channels\":{\"visible\":true,\"sorting\":false}},\"positions\":{\"ids\":0,\"stock_id\":1,\"name\":2,\"sales_channels\":3,\"assigned_sources\":4,\"actions\":5}},\"value\":\"Default View\"}}}','2021-10-21 00:49:01','2021-10-21 00:49:01'),(304,22,'design_theme_listing','current',0,NULL,'{\"current\":{\"columns\":{\"theme_id\":{\"visible\":false,\"sorting\":\"asc\"},\"theme_title\":{\"visible\":true,\"sorting\":false},\"parent_theme_title\":{\"visible\":true,\"sorting\":false},\"theme_path\":{\"visible\":true,\"sorting\":false},\"actions\":{\"visible\":true,\"sorting\":false}},\"displayMode\":\"grid\",\"positions\":{\"theme_id\":0,\"theme_title\":1,\"parent_theme_title\":2,\"theme_path\":3,\"actions\":4},\"filters\":{\"applied\":{\"placeholder\":true}},\"paging\":{\"pageSize\":20,\"current\":1,\"options\":{\"20\":{\"value\":20,\"label\":20},\"30\":{\"value\":30,\"label\":30},\"50\":{\"value\":50,\"label\":50},\"100\":{\"value\":100,\"label\":100},\"200\":{\"value\":200,\"label\":200}},\"value\":20}}}','2021-11-01 01:13:22','2021-11-01 01:13:22'),(305,22,'design_theme_listing','default',1,'Default View','{\"views\":{\"default\":{\"label\":\"Default View\",\"index\":\"default\",\"editable\":false,\"data\":{\"columns\":{\"theme_id\":{\"visible\":false,\"sorting\":\"asc\"},\"theme_title\":{\"visible\":true,\"sorting\":false},\"parent_theme_title\":{\"visible\":true,\"sorting\":false},\"theme_path\":{\"visible\":true,\"sorting\":false},\"actions\":{\"visible\":true,\"sorting\":false}},\"displayMode\":\"grid\",\"positions\":{\"theme_id\":0,\"theme_title\":1,\"parent_theme_title\":2,\"theme_path\":3,\"actions\":4},\"filters\":{\"applied\":{\"placeholder\":true}},\"paging\":{\"pageSize\":20,\"current\":1,\"options\":{\"20\":{\"value\":20,\"label\":20},\"30\":{\"value\":30,\"label\":30},\"50\":{\"value\":50,\"label\":50},\"100\":{\"value\":100,\"label\":100},\"200\":{\"value\":200,\"label\":200}},\"value\":20}},\"value\":\"Default View\"}}}','2021-11-01 01:13:38','2021-11-01 01:13:38'),(306,22,'adobe_stock_images_listing','default',1,'Default View','{\"views\":{\"default\":{\"label\":\"Default View\",\"index\":\"default\",\"editable\":false,\"data\":{\"paging\":{\"pageSize\":32,\"current\":1,\"value\":32},\"filters\":{\"applied\":{\"placeholder\":true}},\"columns\":{\"relevance\":{\"visible\":false,\"sorting\":false},\"creation\":{\"visible\":false,\"sorting\":false},\"popularity\":{\"visible\":false,\"sorting\":false},\"nb_downloads\":{\"visible\":false,\"sorting\":false},\"undiscovered\":{\"visible\":false,\"sorting\":false},\"thumbnail_url\":{\"visible\":true,\"sorting\":false},\"overlay\":{\"visible\":true,\"sorting\":false},\"preview\":{\"visible\":true,\"sorting\":false,\"lastOpenedImage\":false}},\"search\":{\"value\":\"\"},\"displayMode\":\"grid\",\"positions\":{\"overlay\":0,\"thumbnail_url\":1,\"preview\":2,\"relevance\":3,\"creation\":4,\"popularity\":5,\"nb_downloads\":6,\"undiscovered\":7}},\"value\":\"Default View\"}}}','2021-11-07 06:34:54','2021-11-07 06:34:54'),(307,22,'adobe_stock_images_listing','current',0,NULL,'{\"current\":{\"paging\":{\"pageSize\":32,\"current\":1,\"value\":32},\"filters\":{\"applied\":{\"placeholder\":true}},\"columns\":{\"relevance\":{\"visible\":false,\"sorting\":false},\"creation\":{\"visible\":false,\"sorting\":false},\"popularity\":{\"visible\":false,\"sorting\":false},\"nb_downloads\":{\"visible\":false,\"sorting\":false},\"undiscovered\":{\"visible\":false,\"sorting\":false},\"thumbnail_url\":{\"visible\":true,\"sorting\":false},\"overlay\":{\"visible\":true,\"sorting\":false},\"preview\":{\"visible\":true,\"sorting\":false,\"lastOpenedImage\":false}},\"search\":{\"value\":\"\"},\"displayMode\":\"grid\",\"positions\":{\"overlay\":0,\"thumbnail_url\":1,\"preview\":2,\"relevance\":3,\"creation\":4,\"popularity\":5,\"nb_downloads\":6,\"undiscovered\":7}}}','2021-11-07 06:34:55','2021-11-07 06:34:55'),(308,22,'mpbannerslider_slider_listing','default',1,'Default View','{\"views\":{\"default\":{\"label\":\"Default View\",\"index\":\"default\",\"editable\":false,\"data\":{\"filters\":{\"applied\":{\"placeholder\":true}},\"displayMode\":\"grid\",\"columns\":{\"slider_id\":{\"visible\":true,\"sorting\":\"asc\"},\"name\":{\"visible\":true,\"sorting\":false},\"banners\":{\"visible\":true,\"sorting\":false},\"location\":{\"visible\":true,\"sorting\":false},\"store_ids\":{\"visible\":true,\"sorting\":false},\"customer_group_ids\":{\"visible\":true,\"sorting\":false},\"priority\":{\"visible\":true,\"sorting\":false},\"actions\":{\"visible\":true,\"sorting\":false},\"ids\":{\"visible\":true,\"sorting\":false},\"status\":{\"visible\":true,\"sorting\":false},\"from_date\":{\"visible\":true,\"sorting\":false},\"to_date\":{\"visible\":true,\"sorting\":false}},\"paging\":{\"pageSize\":20,\"current\":1,\"options\":{\"20\":{\"value\":20,\"label\":20},\"30\":{\"value\":30,\"label\":30},\"50\":{\"value\":50,\"label\":50},\"100\":{\"value\":100,\"label\":100},\"200\":{\"value\":200,\"label\":200}},\"value\":20},\"positions\":{\"ids\":0,\"slider_id\":1,\"name\":2,\"status\":3,\"banners\":4,\"location\":5,\"store_ids\":6,\"customer_group_ids\":7,\"priority\":8,\"from_date\":9,\"to_date\":10,\"actions\":11}},\"value\":\"Default View\"}}}','2021-11-08 23:25:43','2021-11-08 23:25:43'),(309,22,'mpbannerslider_slider_listing','current',0,NULL,'{\"current\":{\"filters\":{\"applied\":{\"placeholder\":true}},\"displayMode\":\"grid\",\"columns\":{\"slider_id\":{\"visible\":true,\"sorting\":\"asc\"},\"name\":{\"visible\":true,\"sorting\":false},\"banners\":{\"visible\":true,\"sorting\":false},\"location\":{\"visible\":true,\"sorting\":false},\"store_ids\":{\"visible\":true,\"sorting\":false},\"customer_group_ids\":{\"visible\":true,\"sorting\":false},\"priority\":{\"visible\":true,\"sorting\":false},\"actions\":{\"visible\":true,\"sorting\":false},\"ids\":{\"visible\":true,\"sorting\":false},\"status\":{\"visible\":true,\"sorting\":false},\"from_date\":{\"visible\":true,\"sorting\":false},\"to_date\":{\"visible\":true,\"sorting\":false}},\"paging\":{\"pageSize\":20,\"current\":1,\"options\":{\"20\":{\"value\":20,\"label\":20},\"30\":{\"value\":30,\"label\":30},\"50\":{\"value\":50,\"label\":50},\"100\":{\"value\":100,\"label\":100},\"200\":{\"value\":200,\"label\":200}},\"value\":20},\"positions\":{\"ids\":0,\"slider_id\":1,\"name\":2,\"status\":3,\"banners\":4,\"location\":5,\"store_ids\":6,\"customer_group_ids\":7,\"priority\":8,\"from_date\":9,\"to_date\":10,\"actions\":11}}}','2021-11-08 23:25:43','2021-11-08 23:25:43');

--
-- Table structure for table `mag2_upayment`
--

CREATE TABLE `mag2_upayment` (
  `id` int(10) unsigned NOT NULL AUTO_INCREMENT COMMENT 'ID',
  `PaymentID` int(11) DEFAULT NULL COMMENT 'PaymentId',
  `Result` text COMMENT 'Result',
  `OrderID` int(11) DEFAULT NULL COMMENT 'OrderID',
  `PostDate` datetime DEFAULT NULL COMMENT 'PostDate',
  `TranID` int(11) DEFAULT NULL COMMENT 'TranID',
  `Ref` int(11) DEFAULT NULL COMMENT 'Ref',
  `TrackID` int(11) DEFAULT NULL COMMENT 'TrackID',
  `Auth` int(11) DEFAULT NULL COMMENT 'Auth',
  PRIMARY KEY (`id`)
) ENGINE=InnoDB DEFAULT CHARSET=utf8 COMMENT='Upayment Payment Gateway';

--
-- Dumping data for table `mag2_upayment`
--


--
-- Table structure for table `mag2_url_rewrite`
--

CREATE TABLE `mag2_url_rewrite` (
  `url_rewrite_id` int(10) unsigned NOT NULL AUTO_INCREMENT COMMENT 'Rewrite ID',
  `entity_type` varchar(32) NOT NULL COMMENT 'Entity type code',
  `entity_id` int(10) unsigned NOT NULL COMMENT 'Entity ID',
  `request_path` varchar(255) DEFAULT NULL COMMENT 'Request Path',
  `target_path` varchar(255) DEFAULT NULL COMMENT 'Target Path',
  `redirect_type` smallint(5) unsigned NOT NULL DEFAULT '0' COMMENT 'Redirect Type',
  `store_id` smallint(5) unsigned NOT NULL COMMENT 'Store ID',
  `description` varchar(255) DEFAULT NULL COMMENT 'Description',
  `is_autogenerated` smallint(5) unsigned NOT NULL DEFAULT '0' COMMENT 'Is rewrite generated automatically flag',
  `metadata` varchar(255) DEFAULT NULL COMMENT 'Meta data for url rewrite',
  PRIMARY KEY (`url_rewrite_id`),
  UNIQUE KEY `MAG2_URL_REWRITE_REQUEST_PATH_STORE_ID` (`request_path`,`store_id`),
  KEY `MAG2_URL_REWRITE_TARGET_PATH` (`target_path`),
  KEY `MAG2_URL_REWRITE_STORE_ID_ENTITY_ID` (`store_id`,`entity_id`),
  KEY `MAG2_URL_REWRITE_ENTITY_ID` (`entity_id`)
) ENGINE=InnoDB AUTO_INCREMENT=922344 DEFAULT CHARSET=utf8 COMMENT='Url Rewrites';

--
-- Dumping data for table `mag2_url_rewrite`
--

INSERT INTO `mag2_url_rewrite` VALUES (1,'cms-page',1,'no-route','cms/page/view/page_id/1',0,1,NULL,1,NULL),(3,'cms-page',3,'enable-cookies','cms/page/view/page_id/3',0,1,NULL,1,NULL),(4,'cms-page',4,'privacy-policy-cookie-restriction-mode','cms/page/view/page_id/4',0,1,NULL,1,NULL),(642,'cms-page',29,'wk-faq','cms/page/view/page_id/29',0,1,NULL,1,NULL),(1615,'cms-page',5,'about-us-old','cms/page/view/page_id/5',0,1,NULL,1,NULL),(1616,'cms-page',5,'about-us-old','cms/page/view/page_id/5',0,2,NULL,1,NULL),(12309,'product',2135,'jouste-duffle-1.html','catalog/product/view/id/2135',0,1,NULL,1,NULL),(12317,'product',2135,'/jouste-duffle-1.html','catalog/product/view/id/2135/category/2',0,1,NULL,1,'{\"category_id\":\"2\"}'),(12318,'product',2135,'jouste-duffle-1.html','catalog/product/view/id/2135',0,2,NULL,1,NULL),(12326,'product',2135,'/jouste-duffle-1.html','catalog/product/view/id/2135/category/2',0,2,NULL,1,'{\"category_id\":\"2\"}'),(12327,'product',2136,'jouste-duffle-2.html','catalog/product/view/id/2136',0,1,NULL,1,NULL),(12337,'product',2136,'/jouste-duffle-2.html','catalog/product/view/id/2136/category/2',0,1,NULL,1,'{\"category_id\":\"2\"}'),(12339,'product',2136,'jouste-duffle-2.html','catalog/product/view/id/2136',0,2,NULL,1,NULL),(12349,'product',2136,'/jouste-duffle-2.html','catalog/product/view/id/2136/category/2',0,2,NULL,1,'{\"category_id\":\"2\"}'),(12351,'product',2137,'jouste-duffle-3.html','catalog/product/view/id/2137',0,1,NULL,1,NULL),(12361,'product',2137,'/jouste-duffle-3.html','catalog/product/view/id/2137/category/2',0,1,NULL,1,'{\"category_id\":\"2\"}'),(12362,'product',2137,'jouste-duffle-3.html','catalog/product/view/id/2137',0,2,NULL,1,NULL),(12372,'product',2137,'/jouste-duffle-3.html','catalog/product/view/id/2137/category/2',0,2,NULL,1,'{\"category_id\":\"2\"}'),(12373,'product',2134,'jouste-duffle.html','catalog/product/view/id/2134',0,1,NULL,1,NULL),(12382,'product',2134,'/jouste-duffle.html','catalog/product/view/id/2134/category/2',0,1,NULL,1,'{\"category_id\":\"2\"}'),(12383,'product',2134,'jouste-duffle.html','catalog/product/view/id/2134',0,2,NULL,1,NULL),(12392,'product',2134,'/jouste-duffle.html','catalog/product/view/id/2134/category/2',0,2,NULL,1,'{\"category_id\":\"2\"}'),(12393,'product',2138,'jouste-duffle-4.html','catalog/product/view/id/2138',0,1,NULL,1,NULL),(12403,'product',2138,'/jouste-duffle-4.html','catalog/product/view/id/2138/category/2',0,1,NULL,1,'{\"category_id\":\"2\"}'),(12404,'product',2138,'jouste-duffle-4.html','catalog/product/view/id/2138',0,2,NULL,1,NULL),(12414,'product',2138,'/jouste-duffle-4.html','catalog/product/view/id/2138/category/2',0,2,NULL,1,'{\"category_id\":\"2\"}'),(12415,'product',2139,'jouste-duffle-5.html','catalog/product/view/id/2139',0,1,NULL,1,NULL),(12424,'product',2139,'/jouste-duffle-5.html','catalog/product/view/id/2139/category/2',0,1,NULL,1,'{\"category_id\":\"2\"}'),(12425,'product',2139,'jouste-duffle-5.html','catalog/product/view/id/2139',0,2,NULL,1,NULL),(12434,'product',2139,'/jouste-duffle-5.html','catalog/product/view/id/2139/category/2',0,2,NULL,1,'{\"category_id\":\"2\"}'),(12435,'product',2140,'jouste-duffle-6.html','catalog/product/view/id/2140',0,1,NULL,1,NULL),(12444,'product',2140,'/jouste-duffle-6.html','catalog/product/view/id/2140/category/2',0,1,NULL,1,'{\"category_id\":\"2\"}'),(12445,'product',2140,'jouste-duffle-6.html','catalog/product/view/id/2140',0,2,NULL,1,NULL),(12454,'product',2140,'/jouste-duffle-6.html','catalog/product/view/id/2140/category/2',0,2,NULL,1,'{\"category_id\":\"2\"}'),(12455,'product',2148,'bag.html','catalog/product/view/id/2148',0,1,NULL,1,NULL),(12462,'product',2148,'/bag.html','catalog/product/view/id/2148/category/2',0,1,NULL,1,'{\"category_id\":\"2\"}'),(12463,'product',2148,'bag.html','catalog/product/view/id/2148',0,2,NULL,1,NULL),(12470,'product',2148,'/bag.html','catalog/product/view/id/2148/category/2',0,2,NULL,1,'{\"category_id\":\"2\"}'),(12471,'product',2133,'testing-toy.html','catalog/product/view/id/2133',0,1,NULL,1,NULL),(12478,'product',2133,'/testing-toy.html','catalog/product/view/id/2133/category/2',0,1,NULL,1,'{\"category_id\":\"2\"}'),(12479,'product',2133,'testing-toy.html','catalog/product/view/id/2133',0,2,NULL,1,NULL),(12486,'product',2133,'/testing-toy.html','catalog/product/view/id/2133/category/2',0,2,NULL,1,'{\"category_id\":\"2\"}'),(629921,'cms-page',43,'help_and_support','cms/page/view/page_id/43',0,1,NULL,1,NULL),(629922,'cms-page',43,'help_and_support','cms/page/view/page_id/43',0,2,NULL,1,NULL),(629923,'cms-page',44,'delivery-information','cms/page/view/page_id/44',0,1,NULL,1,NULL),(629924,'cms-page',44,'delivery-information','cms/page/view/page_id/44',0,2,NULL,1,NULL),(629925,'cms-page',45,'cancelation-and-refund-policy','cms/page/view/page_id/45',0,1,NULL,1,NULL),(629926,'cms-page',45,'cancelation-and-refund-policy','cms/page/view/page_id/45',0,2,NULL,1,NULL),(632244,'category',205,'perfumes/men-perfumes.html','catalog/category/view/id/205',0,1,NULL,1,NULL),(632245,'category',205,'perfumes/men-perfumes.html','catalog/category/view/id/205',0,2,NULL,1,NULL),(842903,'cms-page',47,'come-soon-custom','cms/page/view/page_id/47',0,1,NULL,1,NULL),(842904,'cms-page',47,'come-soon-custom','cms/page/view/page_id/47',0,2,NULL,1,NULL),(856873,'cms-page',49,'termsandconditions_ar','cms/page/view/page_id/49',0,2,NULL,1,NULL),(856874,'cms-page',50,'aboutus_ar','cms/page/view/page_id/50',0,2,NULL,1,NULL),(856875,'cms-page',48,'privacy_ar','cms/page/view/page_id/48',0,2,NULL,1,NULL),(856876,'cms-page',26,'about-us','cms/page/view/page_id/26',0,1,NULL,1,NULL),(856877,'cms-page',46,'privacy-policy','cms/page/view/page_id/46',0,1,NULL,1,NULL),(856878,'cms-page',42,'term-and-conditions','cms/page/view/page_id/42',0,1,NULL,1,NULL),(856981,'cms-page',51,'contact-us','cms/page/view/page_id/51',0,1,NULL,1,NULL),(856982,'cms-page',51,'contact-us','cms/page/view/page_id/51',0,2,NULL,1,NULL),(856989,'cms-page',52,'contactus_ar','cms/page/view/page_id/52',0,1,NULL,1,NULL),(856990,'cms-page',52,'contactus_ar','cms/page/view/page_id/52',0,2,NULL,1,NULL),(917176,'cms-page',53,'delivery-information-ar','cms/page/view/page_id/53',0,1,NULL,1,NULL),(917177,'cms-page',53,'delivery-information-ar','cms/page/view/page_id/53',0,2,NULL,1,NULL),(917178,'cms-page',54,'cancelation-and-refund-policy-ar','cms/page/view/page_id/54',0,1,NULL,1,NULL),(917179,'cms-page',54,'cancelation-and-refund-policy-ar','cms/page/view/page_id/54',0,2,NULL,1,NULL),(921205,'cms-page',25,'terms_mob','cms/page/view/page_id/25',0,1,NULL,1,NULL),(921206,'cms-page',25,'terms_mob','cms/page/view/page_id/25',0,2,NULL,1,NULL),(921885,'cms-page',55,'home-ar','cms/page/view/page_id/55',0,2,NULL,1,NULL),(922324,'category',559,'shampoo.html','catalog/category/view/id/559',0,1,NULL,1,NULL),(922325,'category',559,'shampoo.html','catalog/category/view/id/559',0,2,NULL,1,NULL),(922326,'category',560,'conditioner.html','catalog/category/view/id/560',0,1,NULL,1,NULL),(922327,'category',560,'conditioner.html','catalog/category/view/id/560',0,2,NULL,1,NULL),(922328,'category',561,'hair-mask.html','catalog/category/view/id/561',0,1,NULL,1,NULL),(922329,'category',561,'hair-mask.html','catalog/category/view/id/561',0,2,NULL,1,NULL),(922330,'category',562,'serum.html','catalog/category/view/id/562',0,1,NULL,1,NULL),(922331,'category',562,'serum.html','catalog/category/view/id/562',0,2,NULL,1,NULL),(922332,'category',563,'promotion-packages.html','catalog/category/view/id/563',0,1,NULL,1,NULL),(922333,'category',563,'promotion-packages.html','catalog/category/view/id/563',0,2,NULL,1,NULL),(922334,'category',564,'hair-treatment.html','catalog/category/view/id/564',0,1,NULL,1,NULL),(922335,'category',564,'hair-treatment.html','catalog/category/view/id/564',0,2,NULL,1,NULL),(922336,'cms-page',12,'wokiee_home_page_6','cms/page/view/page_id/12',0,1,NULL,1,NULL),(922337,'cms-page',12,'wokiee_home_page_6','cms/page/view/page_id/12',0,2,NULL,1,NULL),(922338,'product',2,'moisture-lock-conditioner-1000-ml.html','catalog/product/view/id/2',0,1,NULL,1,NULL),(922339,'product',2,'conditioner/moisture-lock-conditioner-1000-ml.html','catalog/product/view/id/2/category/560',0,1,NULL,1,'{\"category_id\":\"560\"}'),(922340,'product',2,'/moisture-lock-conditioner-1000-ml.html','catalog/product/view/id/2/category/1',0,1,NULL,1,'{\"category_id\":\"1\"}'),(922341,'product',3,'life-tea.html','catalog/product/view/id/3',0,1,NULL,1,NULL),(922342,'product',3,'conditioner/life-tea.html','catalog/product/view/id/3/category/560',0,1,NULL,1,'{\"category_id\":\"560\"}'),(922343,'product',3,'/life-tea.html','catalog/product/view/id/3/category/1',0,1,NULL,1,'{\"category_id\":\"1\"}');

--
-- Table structure for table `mag2_variable`
--

CREATE TABLE `mag2_variable` (
  `variable_id` int(10) unsigned NOT NULL AUTO_INCREMENT COMMENT 'Variable ID',
  `code` varchar(255) DEFAULT NULL COMMENT 'Variable Code',
  `name` varchar(255) DEFAULT NULL COMMENT 'Variable Name',
  PRIMARY KEY (`variable_id`),
  UNIQUE KEY `MAG2_VARIABLE_CODE` (`code`)
) ENGINE=InnoDB DEFAULT CHARSET=utf8 COMMENT='Variables';

--
-- Dumping data for table `mag2_variable`
--


--
-- Table structure for table `mag2_variable_value`
--

CREATE TABLE `mag2_variable_value` (
  `value_id` int(10) unsigned NOT NULL AUTO_INCREMENT COMMENT 'Variable Value ID',
  `variable_id` int(10) unsigned NOT NULL DEFAULT '0' COMMENT 'Variable ID',
  `store_id` smallint(5) unsigned NOT NULL DEFAULT '0' COMMENT 'Store ID',
  `plain_value` text COMMENT 'Plain Text Value',
  `html_value` text COMMENT 'Html Value',
  PRIMARY KEY (`value_id`),
  UNIQUE KEY `MAG2_VARIABLE_VALUE_VARIABLE_ID_STORE_ID` (`variable_id`,`store_id`),
  KEY `MAG2_VARIABLE_VALUE_STORE_ID` (`store_id`)
) ENGINE=InnoDB DEFAULT CHARSET=utf8 COMMENT='Variable Value';

--
-- Dumping data for table `mag2_variable_value`
--


--
-- Table structure for table `mag2_vault_payment_token`
--

CREATE TABLE `mag2_vault_payment_token` (
  `entity_id` int(10) unsigned NOT NULL AUTO_INCREMENT COMMENT 'Entity Id',
  `customer_id` int(10) unsigned DEFAULT NULL COMMENT 'Customer ID',
  `public_hash` varchar(128) NOT NULL COMMENT 'Hash code for using on frontend',
  `payment_method_code` varchar(128) NOT NULL COMMENT 'Payment method code',
  `type` varchar(128) NOT NULL COMMENT 'Type',
  `created_at` timestamp NOT NULL DEFAULT CURRENT_TIMESTAMP COMMENT 'Created At',
  `expires_at` timestamp NULL DEFAULT NULL COMMENT 'Expires At',
  `gateway_token` varchar(255) NOT NULL COMMENT 'Gateway Token',
  `details` text COMMENT 'Details',
  `is_active` tinyint(1) NOT NULL DEFAULT '1',
  `is_visible` tinyint(1) NOT NULL DEFAULT '1',
  PRIMARY KEY (`entity_id`),
  UNIQUE KEY `MAG2_VAULT_PAYMENT_TOKEN_HASH_UNIQUE_INDEX_PUBLIC_HASH` (`public_hash`),
  UNIQUE KEY `UNQ_DF8882950277807252C2F26F9D8377BB` (`payment_method_code`,`customer_id`,`gateway_token`),
  KEY `MAG2_VAULT_PAYMENT_TOKEN_CSTR_ID_MAG2_CSTR_ENTT_ENTT_ID` (`customer_id`)
) ENGINE=InnoDB DEFAULT CHARSET=utf8 COMMENT='Vault tokens of payment';

--
-- Dumping data for table `mag2_vault_payment_token`
--


--
-- Table structure for table `mag2_vault_payment_token_order_payment_link`
--

CREATE TABLE `mag2_vault_payment_token_order_payment_link` (
  `order_payment_id` int(10) unsigned NOT NULL COMMENT 'Order payment ID',
  `payment_token_id` int(10) unsigned NOT NULL COMMENT 'Payment token ID',
  PRIMARY KEY (`order_payment_id`,`payment_token_id`),
  KEY `FK_5CB22CFCFFF1B1E3976A523A3A397D87` (`payment_token_id`)
) ENGINE=InnoDB DEFAULT CHARSET=utf8 COMMENT='Order payments to vault token';

--
-- Dumping data for table `mag2_vault_payment_token_order_payment_link`
--


--
-- Table structure for table `mag2_vertex_custom_option_flex_field`
--

CREATE TABLE `mag2_vertex_custom_option_flex_field` (
  `entity_id` int(11) NOT NULL AUTO_INCREMENT COMMENT 'Map Entity ID',
  `option_id` int(11) NOT NULL COMMENT 'Customizable Option ID',
  `website_id` int(11) NOT NULL DEFAULT '0' COMMENT 'Website ID',
  `flex_field` int(11) DEFAULT '0' COMMENT 'Customizable Option to Flex Field Map',
  PRIMARY KEY (`entity_id`),
  UNIQUE KEY `MAG2_VERTEX_CUSTOM_OPTION_FLEX_FIELD_OPTION_ID_WEBSITE_ID` (`option_id`,`website_id`),
  KEY `MAG2_VERTEX_CUSTOM_OPTION_FLEX_FIELD_OPTION_ID` (`option_id`),
  KEY `MAG2_VERTEX_CUSTOM_OPTION_FLEX_FIELD_WEBSITE_ID` (`website_id`)
) ENGINE=InnoDB DEFAULT CHARSET=utf8 COMMENT='Customizable Option to Flex Field Map';

--
-- Dumping data for table `mag2_vertex_custom_option_flex_field`
--


--
-- Table structure for table `mag2_vertex_customer_code`
--

CREATE TABLE `mag2_vertex_customer_code` (
  `customer_id` int(10) unsigned NOT NULL COMMENT 'Customer ID',
  `customer_code` text COMMENT 'Customer Code for Vertex',
  PRIMARY KEY (`customer_id`)
) ENGINE=InnoDB DEFAULT CHARSET=utf8 COMMENT='Customer Code for Vertex';

--
-- Dumping data for table `mag2_vertex_customer_code`
--


--
-- Table structure for table `mag2_vertex_customer_country`
--

CREATE TABLE `mag2_vertex_customer_country` (
  `customer_id` int(10) unsigned NOT NULL COMMENT 'Customer ID',
  `customer_country` varchar(255) DEFAULT NULL COMMENT 'Customer Country',
  PRIMARY KEY (`customer_id`)
) ENGINE=InnoDB DEFAULT CHARSET=utf8 COMMENT='Country associated to Customer';

--
-- Dumping data for table `mag2_vertex_customer_country`
--


--
-- Table structure for table `mag2_vertex_invoice_sent`
--

CREATE TABLE `mag2_vertex_invoice_sent` (
  `invoice_id` int(10) unsigned NOT NULL COMMENT 'Invoice ID',
  `sent_to_vertex` tinyint(1) NOT NULL DEFAULT '0' COMMENT 'Invoice has been logged in Vertex',
  PRIMARY KEY (`invoice_id`)
) ENGINE=InnoDB DEFAULT CHARSET=utf8;

--
-- Dumping data for table `mag2_vertex_invoice_sent`
--


--
-- Table structure for table `mag2_vertex_order_invoice_status`
--

CREATE TABLE `mag2_vertex_order_invoice_status` (
  `order_id` int(10) unsigned NOT NULL COMMENT 'Order ID',
  `sent_to_vertex` tinyint(1) NOT NULL DEFAULT '0' COMMENT 'Invoice has been logged in Vertex',
  PRIMARY KEY (`order_id`)
) ENGINE=InnoDB DEFAULT CHARSET=utf8 COMMENT='Invoice has been logged in Vertex';

--
-- Dumping data for table `mag2_vertex_order_invoice_status`
--


--
-- Table structure for table `mag2_vertex_sales_creditmemo_item_invoice_text_code`
--

CREATE TABLE `mag2_vertex_sales_creditmemo_item_invoice_text_code` (
  `item_id` int(11) NOT NULL COMMENT 'Creditmemo Item ID',
  `invoice_text_code` varchar(100) NOT NULL COMMENT 'Invoice text code from Vertex',
  UNIQUE KEY `UNQ_03AAAE1599991767C8B696F92BEBD41D` (`item_id`,`invoice_text_code`),
  KEY `MAG2_VERTEX_SALES_CREDITMEMO_ITEM_INVOICE_TEXT_CODE_ITEM_ID` (`item_id`),
  KEY `IDX_AC72029A479145B74413FDC5199E7363` (`invoice_text_code`)
) ENGINE=InnoDB DEFAULT CHARSET=utf8 COMMENT='Creditmemo text code from Vertex';

--
-- Dumping data for table `mag2_vertex_sales_creditmemo_item_invoice_text_code`
--


--
-- Table structure for table `mag2_vertex_sales_creditmemo_item_tax_code`
--

CREATE TABLE `mag2_vertex_sales_creditmemo_item_tax_code` (
  `item_id` int(11) NOT NULL COMMENT 'Creditmemo Item ID',
  `tax_code` varchar(100) NOT NULL COMMENT 'Invoice text code from Vertex',
  UNIQUE KEY `MAG2_VERTEX_SALES_CREDITMEMO_ITEM_TAX_CODE_ITEM_ID_TAX_CODE` (`item_id`,`tax_code`),
  KEY `MAG2_VERTEX_SALES_CREDITMEMO_ITEM_TAX_CODE_ITEM_ID` (`item_id`),
  KEY `MAG2_VERTEX_SALES_CREDITMEMO_ITEM_TAX_CODE_TAX_CODE` (`tax_code`)
) ENGINE=InnoDB DEFAULT CHARSET=utf8 COMMENT='Creditmemo tax code from Vertex';

--
-- Dumping data for table `mag2_vertex_sales_creditmemo_item_tax_code`
--


--
-- Table structure for table `mag2_vertex_sales_creditmemo_item_vertex_tax_code`
--

CREATE TABLE `mag2_vertex_sales_creditmemo_item_vertex_tax_code` (
  `item_id` int(11) NOT NULL COMMENT 'Creditmemo Item ID',
  `vertex_tax_code` varchar(100) NOT NULL COMMENT 'Invoice text code from Vertex',
  UNIQUE KEY `UNQ_15A7B23060063449009A56D5046522B4` (`item_id`,`vertex_tax_code`),
  KEY `MAG2_VERTEX_SALES_CREDITMEMO_ITEM_VERTEX_TAX_CODE_ITEM_ID` (`item_id`),
  KEY `IDX_CFA3103C41C9BA9BB39EF45E0F67C090` (`vertex_tax_code`)
) ENGINE=InnoDB DEFAULT CHARSET=utf8 COMMENT='Creditmemo vertex tax code from Vertex';

--
-- Dumping data for table `mag2_vertex_sales_creditmemo_item_vertex_tax_code`
--


--
-- Table structure for table `mag2_vertex_sales_order_item_invoice_text_code`
--

CREATE TABLE `mag2_vertex_sales_order_item_invoice_text_code` (
  `item_id` int(10) unsigned NOT NULL COMMENT 'Order ID',
  `invoice_text_code` varchar(100) NOT NULL COMMENT 'Invoice text code from Vertex',
  UNIQUE KEY `UNQ_1361FFCA7043ADD288756586927C5525` (`item_id`,`invoice_text_code`),
  KEY `MAG2_VERTEX_SALES_ORDER_ITEM_INVOICE_TEXT_CODE_ITEM_ID` (`item_id`),
  KEY `MAG2_VERTEX_SALES_ORDER_ITEM_INVOICE_TEXT_CODE_INVOICE_TEXT_CODE` (`invoice_text_code`)
) ENGINE=InnoDB DEFAULT CHARSET=utf8 COMMENT='Invoice text code from Vertex';

--
-- Dumping data for table `mag2_vertex_sales_order_item_invoice_text_code`
--


--
-- Table structure for table `mag2_vertex_sales_order_item_tax_code`
--

CREATE TABLE `mag2_vertex_sales_order_item_tax_code` (
  `item_id` int(11) NOT NULL COMMENT 'Creditmemo Item ID',
  `tax_code` varchar(100) NOT NULL COMMENT 'Invoice text code from Vertex',
  UNIQUE KEY `MAG2_VERTEX_SALES_ORDER_ITEM_TAX_CODE_ITEM_ID_TAX_CODE` (`item_id`,`tax_code`),
  KEY `MAG2_VERTEX_SALES_ORDER_ITEM_TAX_CODE_ITEM_ID` (`item_id`),
  KEY `MAG2_VERTEX_SALES_ORDER_ITEM_TAX_CODE_TAX_CODE` (`tax_code`)
) ENGINE=InnoDB DEFAULT CHARSET=utf8 COMMENT='Invoice tax code from Vertex';

--
-- Dumping data for table `mag2_vertex_sales_order_item_tax_code`
--


--
-- Table structure for table `mag2_vertex_sales_order_item_vertex_tax_code`
--

CREATE TABLE `mag2_vertex_sales_order_item_vertex_tax_code` (
  `item_id` int(11) NOT NULL COMMENT 'Creditmemo Item ID',
  `vertex_tax_code` varchar(100) NOT NULL COMMENT 'Invoice text code from Vertex',
  UNIQUE KEY `UNQ_8CD8F21CD9FCEC8E868F6B9A9CE23F29` (`item_id`,`vertex_tax_code`),
  KEY `MAG2_VERTEX_SALES_ORDER_ITEM_VERTEX_TAX_CODE_ITEM_ID` (`item_id`),
  KEY `MAG2_VERTEX_SALES_ORDER_ITEM_VERTEX_TAX_CODE_VERTEX_TAX_CODE` (`vertex_tax_code`)
) ENGINE=InnoDB DEFAULT CHARSET=utf8 COMMENT='Invoice Vertex tax code from Vertex';

--
-- Dumping data for table `mag2_vertex_sales_order_item_vertex_tax_code`
--


--
-- Table structure for table `mag2_vertex_taxrequest`
--

CREATE TABLE `mag2_vertex_taxrequest` (
  `request_id` bigint(20) NOT NULL AUTO_INCREMENT COMMENT 'Request Id',
  `request_type` varchar(255) NOT NULL COMMENT 'Request type',
  `quote_id` bigint(20) NOT NULL COMMENT 'Quote Id',
  `order_id` bigint(20) NOT NULL COMMENT 'Order Id',
  `total_tax` varchar(255) NOT NULL COMMENT 'Total Tax Amount',
  `source_path` varchar(255) NOT NULL COMMENT 'Source path controller_module_action',
  `tax_area_id` varchar(255) NOT NULL COMMENT 'Tax Jurisdictions Id',
  `sub_total` varchar(255) NOT NULL COMMENT 'Response Subtotal Amount',
  `total` varchar(255) NOT NULL COMMENT 'Response Total Amount',
  `lookup_result` varchar(255) NOT NULL COMMENT 'Tax Area Response Lookup Result',
  `request_date` timestamp NOT NULL DEFAULT CURRENT_TIMESTAMP COMMENT 'Request create date',
  `request_xml` text NOT NULL COMMENT 'Request XML',
  `response_xml` text NOT NULL COMMENT 'Response XML',
  `response_time` int(10) unsigned NOT NULL COMMENT 'Milliseconds taken for Vertex API call to complete',
  PRIMARY KEY (`request_id`),
  UNIQUE KEY `MAG2_VERTEX_TAXREQUEST_REQUEST_ID` (`request_id`),
  KEY `MAG2_VERTEX_TAXREQUEST_REQUEST_TYPE` (`request_type`),
  KEY `MAG2_VERTEX_TAXREQUEST_ORDER_ID` (`order_id`)
) ENGINE=InnoDB DEFAULT CHARSET=utf8 COMMENT='The tax request table';

--
-- Dumping data for table `mag2_vertex_taxrequest`
--


--
-- Table structure for table `mag2_vertex_vat_country_code`
--

CREATE TABLE `mag2_vertex_vat_country_code` (
  `address_id` int(10) unsigned NOT NULL COMMENT 'Address ID',
  `customer_country` varchar(255) DEFAULT NULL COMMENT 'Customer Country',
  PRIMARY KEY (`address_id`)
) ENGINE=InnoDB DEFAULT CHARSET=utf8 COMMENT='Vat Country code associated to Order Address';

--
-- Dumping data for table `mag2_vertex_vat_country_code`
--


--
-- Table structure for table `mag2_weee_tax`
--

CREATE TABLE `mag2_weee_tax` (
  `value_id` int(11) NOT NULL AUTO_INCREMENT COMMENT 'Value ID',
  `website_id` smallint(5) unsigned NOT NULL DEFAULT '0' COMMENT 'Website ID',
  `entity_id` int(10) unsigned NOT NULL DEFAULT '0' COMMENT 'Entity Id',
  `country` varchar(2) DEFAULT NULL COMMENT 'Country',
  `value` decimal(12,4) NOT NULL DEFAULT '0.0000' COMMENT 'Value',
  `state` int(11) NOT NULL DEFAULT '0' COMMENT 'State',
  `attribute_id` smallint(5) unsigned NOT NULL COMMENT 'Attribute ID',
  PRIMARY KEY (`value_id`),
  KEY `MAG2_WEEE_TAX_WEBSITE_ID` (`website_id`),
  KEY `MAG2_WEEE_TAX_ENTITY_ID` (`entity_id`),
  KEY `MAG2_WEEE_TAX_COUNTRY` (`country`),
  KEY `MAG2_WEEE_TAX_ATTRIBUTE_ID` (`attribute_id`),
  CONSTRAINT `MAG2_WEEE_TAX_COUNTRY_MAG2_DIRECTORY_COUNTRY_COUNTRY_ID` FOREIGN KEY (`country`) REFERENCES `mag2_directory_country` (`country_id`) ON DELETE CASCADE,
  CONSTRAINT `MAG2_WEEE_TAX_ENTITY_ID_MAG2_CATALOG_PRODUCT_ENTITY_ENTITY_ID` FOREIGN KEY (`entity_id`) REFERENCES `mag2_catalog_product_entity` (`entity_id`) ON DELETE CASCADE
) ENGINE=InnoDB DEFAULT CHARSET=utf8 COMMENT='Weee Tax';

--
-- Dumping data for table `mag2_weee_tax`
--


--
-- Table structure for table `mag2_weltpixel_license`
--

CREATE TABLE `mag2_weltpixel_license` (
  `id` int(10) unsigned NOT NULL AUTO_INCREMENT COMMENT 'Id',
  `module_name` varchar(255) DEFAULT NULL COMMENT 'Module Name',
  `license_key` text COMMENT 'License Key',
  PRIMARY KEY (`id`)
) ENGINE=InnoDB DEFAULT CHARSET=utf8 COMMENT='WeltPixel License';

--
-- Dumping data for table `mag2_weltpixel_license`
--


--
-- Table structure for table `mag2_widget`
--

CREATE TABLE `mag2_widget` (
  `widget_id` int(10) unsigned NOT NULL AUTO_INCREMENT COMMENT 'Widget ID',
  `widget_code` varchar(255) DEFAULT NULL COMMENT 'Widget code for template directive',
  `widget_type` varchar(255) DEFAULT NULL COMMENT 'Widget Type',
  `parameters` text COMMENT 'Parameters',
  PRIMARY KEY (`widget_id`),
  KEY `MAG2_WIDGET_WIDGET_CODE` (`widget_code`)
) ENGINE=InnoDB DEFAULT CHARSET=utf8 COMMENT='Preconfigured Widgets';

--
-- Dumping data for table `mag2_widget`
--


--
-- Table structure for table `mag2_widget_instance`
--

CREATE TABLE `mag2_widget_instance` (
  `instance_id` int(10) unsigned NOT NULL AUTO_INCREMENT COMMENT 'Instance ID',
  `instance_type` varchar(255) DEFAULT NULL COMMENT 'Instance Type',
  `theme_id` int(10) unsigned NOT NULL COMMENT 'Theme ID',
  `title` varchar(255) DEFAULT NULL COMMENT 'Widget Title',
  `store_ids` varchar(255) NOT NULL DEFAULT '0' COMMENT 'Store ids',
  `widget_parameters` text COMMENT 'Widget parameters',
  `sort_order` smallint(5) unsigned NOT NULL DEFAULT '0' COMMENT 'Sort order',
  PRIMARY KEY (`instance_id`),
  KEY `MAG2_WIDGET_INSTANCE_THEME_ID_THEME_THEME_ID` (`theme_id`)
) ENGINE=InnoDB AUTO_INCREMENT=19 DEFAULT CHARSET=utf8 COMMENT='Instances of Widget for Package Theme';

--
-- Dumping data for table `mag2_widget_instance`
--

INSERT INTO `mag2_widget_instance` VALUES (1,'Magento\\Cms\\Block\\Widget\\Block',2,'Contact us info','0','{\"block_id\":\"2\"}',0),(2,'Magento\\Cms\\Block\\Widget\\Block',2,'Footer Links','0','{\"block_id\":\"1\"}',0),(3,'Magento\\Cms\\Block\\Widget\\Block',2,'Sale Left Menu','0','{\"block_id\":\"3\"}',0),(4,'Magento\\Cms\\Block\\Widget\\Block',2,'Gear Left Menu','0','{\"block_id\":\"4\"}',0),(5,'Magento\\Cms\\Block\\Widget\\Block',2,'Men\'s Left Menu','0','{\"block_id\":\"5\"}',0),(6,'Magento\\Cms\\Block\\Widget\\Block',2,'Women\'s Left Menu','0','{\"block_id\":\"6\"}',0),(7,'Magento\\Cms\\Block\\Widget\\Block',2,'What\'s New Left Menu','0','{\"block_id\":\"7\"}',0),(8,'Magento\\Cms\\Block\\Widget\\Block',2,'Women Category Content','0','{\"block_id\":\"8\"}',0),(9,'Magento\\Cms\\Block\\Widget\\Block',2,'Training Category Content','0','{\"block_id\":\"9\"}',0),(10,'Magento\\Cms\\Block\\Widget\\Block',2,'Men Category Content','0','{\"block_id\":\"10\"}',0),(11,'Magento\\Cms\\Block\\Widget\\Block',2,'Gear Category Content','0','{\"block_id\":\"11\"}',0),(12,'Magento\\Cms\\Block\\Widget\\Block',2,'New Products Category Content','0','{\"block_id\":\"13\"}',0),(13,'Magento\\Cms\\Block\\Widget\\Block',2,'Sale Category Content','0','{\"block_id\":\"12\"}',0),(14,'Magento\\Cms\\Block\\Widget\\Block',2,'Home Page','0','{\"block_id\":\"14\"}',0),(15,'Magento\\Cms\\Block\\Widget\\Block',2,'Performance Fabrics','0','{\"block_id\":\"15\"}',0),(16,'Magento\\Cms\\Block\\Widget\\Block',2,'Eco Friendly','0','{\"block_id\":\"16\"}',0),(17,'Magento\\Cms\\Block\\Widget\\Block',2,'Login Info','0','{\"block_id\":\"18\"}',0),(18,'Magento\\Cms\\Block\\Widget\\Block',2,'Giftcard Category Content','0','{\"block_id\":\"17\"}',0);

--
-- Table structure for table `mag2_widget_instance_page`
--

CREATE TABLE `mag2_widget_instance_page` (
  `page_id` int(10) unsigned NOT NULL AUTO_INCREMENT COMMENT 'Page ID',
  `instance_id` int(10) unsigned NOT NULL DEFAULT '0' COMMENT 'Instance ID',
  `page_group` varchar(25) DEFAULT NULL COMMENT 'Block Group Type',
  `layout_handle` varchar(255) DEFAULT NULL COMMENT 'Layout Handle',
  `block_reference` varchar(255) DEFAULT NULL COMMENT 'Container',
  `page_for` varchar(25) DEFAULT NULL COMMENT 'For instance entities',
  `entities` text COMMENT 'Catalog entities (comma separated)',
  `page_template` varchar(255) DEFAULT NULL COMMENT 'Path to widget template',
  PRIMARY KEY (`page_id`),
  KEY `MAG2_WIDGET_INSTANCE_PAGE_INSTANCE_ID` (`instance_id`)
) ENGINE=InnoDB AUTO_INCREMENT=19 DEFAULT CHARSET=utf8 COMMENT='Instance of Widget on Page';

--
-- Dumping data for table `mag2_widget_instance_page`
--

INSERT INTO `mag2_widget_instance_page` VALUES (1,1,'pages','contact_index_index','content.top','all','','widget/static_block/default.phtml'),(2,2,'all_pages','default','cms_footer_links_container','all','','widget/static_block/default.phtml'),(3,3,'anchor_categories','catalog_category_view_type_layered','sidebar.main','specific','37','widget/static_block/default.phtml'),(4,4,'anchor_categories','catalog_category_view_type_layered','sidebar.main','specific','3','widget/static_block/default.phtml'),(5,5,'anchor_categories','catalog_category_view_type_layered','sidebar.main','specific','11','widget/static_block/default.phtml'),(6,6,'anchor_categories','catalog_category_view_type_layered','sidebar.main','specific','20','widget/static_block/default.phtml'),(7,7,'anchor_categories','catalog_category_view_type_layered','sidebar.main','specific','38','widget/static_block/default.phtml'),(8,8,'anchor_categories','catalog_category_view_type_layered','content.top','specific','20','widget/static_block/default.phtml'),(9,9,'anchor_categories','catalog_category_view_type_layered','content.top','specific','9','widget/static_block/default.phtml'),(10,10,'anchor_categories','catalog_category_view_type_layered','content.top','specific','11','widget/static_block/default.phtml'),(11,11,'anchor_categories','catalog_category_view_type_layered','content.top','specific','3','widget/static_block/default.phtml'),(12,12,'anchor_categories','catalog_category_view_type_layered','content.top','specific','38','widget/static_block/default.phtml'),(13,13,'anchor_categories','catalog_category_view_type_layered','content.top','specific','37','widget/static_block/default.phtml'),(14,14,'pages','cms_index_index','content','all','','widget/static_block/default.phtml'),(15,15,'anchor_categories','catalog_category_view_type_layered','content.top','specific','39','widget/static_block/default.phtml'),(16,16,'anchor_categories','catalog_category_view_type_layered','content.top','specific','40','widget/static_block/default.phtml'),(17,17,'pages','customer_account_login','customer.login.container','all','','widget/static_block/default.phtml'),(18,18,'anchor_categories','catalog_category_view_type_layered','content.top','specific',NULL,'widget/static_block/default.phtml');

--
-- Table structure for table `mag2_widget_instance_page_layout`
--

CREATE TABLE `mag2_widget_instance_page_layout` (
  `page_id` int(10) unsigned NOT NULL DEFAULT '0' COMMENT 'Page ID',
  `layout_update_id` int(10) unsigned NOT NULL DEFAULT '0' COMMENT 'Layout Update ID',
  UNIQUE KEY `MAG2_WIDGET_INSTANCE_PAGE_LAYOUT_LAYOUT_UPDATE_ID_PAGE_ID` (`layout_update_id`,`page_id`),
  KEY `MAG2_WIDGET_INSTANCE_PAGE_LAYOUT_PAGE_ID` (`page_id`)
) ENGINE=InnoDB DEFAULT CHARSET=utf8 COMMENT='Layout updates';

--
-- Dumping data for table `mag2_widget_instance_page_layout`
--

INSERT INTO `mag2_widget_instance_page_layout` VALUES (1,1),(2,2),(3,3),(4,4),(5,5),(6,6),(7,7),(8,8),(9,9),(10,10),(11,11),(12,12),(13,13),(14,14),(15,15),(16,16),(17,17),(18,18);

--
-- Table structure for table `mag2_wishlist`
--

CREATE TABLE `mag2_wishlist` (
  `wishlist_id` int(10) unsigned NOT NULL AUTO_INCREMENT COMMENT 'Wishlist ID',
  `customer_id` int(10) unsigned NOT NULL DEFAULT '0' COMMENT 'Customer ID',
  `shared` smallint(5) unsigned NOT NULL DEFAULT '0' COMMENT 'Sharing flag (0 or 1)',
  `sharing_code` varchar(32) DEFAULT NULL COMMENT 'Sharing encrypted code',
  `updated_at` timestamp NULL DEFAULT NULL COMMENT 'Last updated date',
  PRIMARY KEY (`wishlist_id`),
  UNIQUE KEY `MAG2_WISHLIST_CUSTOMER_ID` (`customer_id`),
  KEY `MAG2_WISHLIST_SHARED` (`shared`),
  CONSTRAINT `MAG2_WISHLIST_CUSTOMER_ID_MAG2_CUSTOMER_ENTITY_ENTITY_ID` FOREIGN KEY (`customer_id`) REFERENCES `mag2_customer_entity` (`entity_id`) ON DELETE CASCADE
) ENGINE=InnoDB AUTO_INCREMENT=248 DEFAULT CHARSET=utf8 COMMENT='Wishlist main Table';

--
-- Dumping data for table `mag2_wishlist`
--

INSERT INTO `mag2_wishlist` VALUES (5,5,0,'22dd589a990541f2b243ba8fd12fd619','2020-04-29 10:27:33'),(6,12,0,'444390b2d5464b96f1ff62a9d16b2df1','2020-08-18 20:19:08'),(7,13,0,'eb03e1bac9c09cf663572105ef7cc19b','2020-09-06 15:10:49'),(8,14,0,'49d7b37e2a08db8aa942a97c4c8e23bf','2020-09-06 21:41:44'),(9,15,0,'2c5affdd9e59be271bf51887d1623812','2020-09-07 04:35:32'),(10,16,0,'67dfa1c44495544b21b29ceb925d0ef6','2020-09-07 22:22:19'),(11,17,0,'525a9afc460739a0563d815eab3e6c68','2020-09-08 02:43:26'),(12,18,0,'1094c4ae940b024eb8fc44c65567c62e','2020-09-08 11:33:20'),(13,19,0,'0c55d8c76315aad5dfa3b894f6c293c2','2020-09-08 14:37:18'),(14,20,0,'83d0da246f6ccf4967b3cd57ceb10715','2020-09-08 14:38:46'),(15,21,0,'768f239f2185dfe558c354a04d6d132e','2020-09-08 14:50:12'),(16,22,0,'9bd9e08ea5ae2367f88ad650d3813ece','2020-09-08 17:09:27'),(17,23,0,'6226b4bfb1811e6474eb074ec2bc500c','2020-09-08 18:14:18'),(18,24,0,'ec633e0ac7478526917e3fd93cdd8ff8','2020-09-08 20:12:04'),(19,25,0,'293564250f115b2b17a01bd64c4d2ccf','2020-09-08 20:15:08'),(20,26,0,'2f5858072f7981392f5c1df3141889e3','2020-09-08 20:55:04'),(21,27,0,'72f03af572268e058cc9e86d5f4aa50e','2020-09-08 22:36:21'),(22,28,0,'adce59662280e03bf37c25e908abda13','2020-09-09 02:32:58'),(23,29,0,'2e6409380080e61bae4b771952e011af','2020-09-09 04:01:16'),(24,30,0,'02a6f89fd1a83dc32337da9bec9cdb92','2020-09-09 07:42:53'),(25,31,0,'c1795a2c41a908e669f20db95ee36132','2020-09-09 13:50:24'),(26,32,0,'7e9e6aa29f9c18da3df53c047c945dca','2020-09-09 19:38:29'),(27,33,0,'dd5c427368a068b874a64a5a66236802','2020-09-09 22:50:15'),(28,34,0,'5d2120b8e464e02c6eccfdd05fe2815b','2020-09-10 13:26:55'),(29,35,0,'3de4727d2620706199984562878bd326','2020-09-10 14:42:29'),(30,36,0,'7642d4fb3d839a44609df45aac3c9f0b','2020-09-10 21:16:25'),(31,37,0,'9a5d7baefdb2a408204f5219b28b6d07','2020-09-10 23:29:00'),(32,38,0,'3f239eaf064afd0fd5d0532d467da654','2020-09-10 23:48:56'),(33,39,0,'433d45ecb6d655722b208be5f753954d','2020-09-11 06:15:04'),(34,40,0,'7d8fd76296c38c1f09beb3cbb5b1cce7','2020-09-11 07:40:11'),(35,41,0,'8a95e6d8b812d8e0aec61f2affc419a8','2020-09-11 07:56:47'),(36,42,0,'5c3a4544a487bde036471309b37b0fa2','2020-09-11 11:21:52'),(37,43,0,'84b51a51a0026751ebfcb3000fafab0b','2020-09-11 11:45:38'),(38,44,0,'7a8d9bcf54a4204fa1366c11154bd217','2020-09-11 13:27:31'),(39,45,0,'4a44a23a1240349de23c552685fa0685','2020-09-11 13:59:39'),(40,46,0,'3fac3b00adc10a1da8e1b05f643403f4','2020-09-11 14:26:32'),(41,47,0,'7d147740a4e9049e338adbaffff554b0','2020-09-11 14:45:20'),(42,48,0,'823a959368b921e25341cd9e307fd6cd','2020-09-11 15:29:19'),(43,49,0,'8b23854221e7a6622656fd46da115f54','2020-09-11 16:32:01'),(44,50,0,'493a8aa7e5e4d50d0c97f97af54d54b3','2020-09-11 16:46:28'),(45,51,0,'03f134cafd67f62650e16d0b49e2b7d9','2020-09-11 17:35:32'),(46,52,0,'923eb6b88dcf1b40eaeae5c9b83afb54','2020-09-11 18:46:45'),(47,53,0,'dfa55441b1db98e1d314f75af33d31eb','2020-09-11 20:12:03'),(48,54,0,'4fc176ed499ee472f3927f715f9a33d4','2020-09-11 23:24:17'),(49,55,0,'c24a1d27ed7cc0beaded9807f177134f','2020-09-12 03:26:12'),(50,56,0,'6882c47334a3f0bf2cfb2a0c11e11663','2020-09-12 03:53:41'),(51,57,0,'434cefa1ffa6f3f30c679303244a1a2f','2020-09-12 04:38:39'),(52,58,0,'08913c45a0c18857d2eb0ffc92258c9f','2020-09-12 04:44:37'),(53,59,0,'17ed117dac7b75ccbe7607e2e3859521','2020-09-12 06:45:01'),(54,60,0,'f7d81b4a5bb4fdb0448f3f2f84fd3f47','2020-09-12 07:38:24'),(55,61,0,'fc8128d9966f966b90f9c595d6f8436e','2020-09-12 07:53:13'),(56,62,0,'20fca0c003507032308dadfceb9c6b18','2020-09-12 09:42:43'),(57,63,0,'8fb61b0a65da28fcfb6bee91257bde0d','2020-09-12 12:00:06'),(58,64,0,'4086cd0d5e4d1428605a4af73ad6912f','2020-09-12 12:37:15'),(59,65,0,'8b3cbda50de2b7c9759d09eee02a56e5','2020-09-12 12:50:40'),(60,66,0,'522eeb9e4a1e2aa6cc70f053a7b99440','2020-09-12 21:47:37'),(61,67,0,'a8312a954e659a29320ebcc87f95254a','2020-09-12 22:46:42'),(62,68,0,'4a8b6b6296c008bd58564c0b76549525','2020-09-13 00:21:10'),(63,69,0,'2a1ab5d5d46487203913941670841950','2020-09-13 11:48:56'),(64,70,0,'4f96f1281399b775d7d921374052afaa','2020-09-13 13:11:28'),(65,71,0,'65ee5daecc1c9384fd124d3b82f7cb26','2020-09-13 14:01:41'),(66,72,0,'0ca8a6b0bba75a58df530147c1167fea','2020-09-13 15:58:16'),(67,73,0,'dabe477780110f1edb81455f4f7ed182','2020-09-13 16:22:02'),(68,74,0,'bde2cb129c653bb55ac2accfb6a3f31e','2020-09-13 16:29:32'),(69,75,0,'cfe3caf99661abbec9fd1be237df0caa','2020-09-13 19:11:11'),(70,76,0,'b08158f2478e9b895be1a9375d1fb99e','2020-09-13 19:18:33'),(71,77,0,'ee74cdc10b88decc5ed7f94d06eb75eb','2020-09-14 12:29:34'),(72,78,0,'b529d02b9791665106ee6136c535e441','2020-09-14 14:49:38'),(73,79,0,'46f0317584e0215e6a3e992123ba5359','2020-09-14 16:00:50'),(74,80,0,'4d64f7d04007452af6df9a32a8eb9b58','2020-09-14 16:18:26'),(75,81,0,'98c506c0599571957a7598c6b5bd50ec','2020-09-14 17:34:16'),(76,82,0,'7e9df24199fb722355e65b18f2c896f1','2020-09-14 17:44:08'),(77,83,0,'06ae84995619eedbd6e6277f332d119f','2020-09-14 19:05:13'),(78,84,0,'786780210bb1715706d54d92a82d6a07','2020-09-14 20:27:43'),(79,85,0,'83d65ca048f61e5de44637b7ec4b94a8','2020-09-14 22:21:04'),(80,86,0,'6fc567b2eb9c28d7b7cfb33b340ebdf1','2020-09-15 03:14:12'),(81,87,0,'fb94bf68d4a9c74a6a435071306301b8','2020-09-15 03:57:39'),(82,88,0,'280e524d600b75c21cac0c5b303f85b5','2020-09-15 11:42:15'),(83,89,0,'5a193186502f6251611bcdc51f3bec92','2020-09-15 13:00:55'),(84,90,0,'d97255813101dae9f249ad50e4db1cd0','2020-09-15 14:48:04'),(85,91,0,'579d51eac57cbd60c6f9b9db7530d379','2020-09-15 18:23:04'),(86,92,0,'63e2920f891b99c4e5e54857cf7821af','2020-09-15 18:30:01'),(87,93,0,'7fa18c54c0cb05087ce58cdcea613664','2020-09-15 19:07:40'),(88,94,0,'899129d4d8fd122eb8bd106bebd59b0b','2020-09-15 19:18:26'),(89,95,0,'655c915dc1914e8e282914e01aedd19e','2020-09-15 20:12:05'),(90,96,0,'28a0831a57d8c99bfedb589a829be207','2020-09-15 22:50:40'),(91,97,0,'3949298b722ccacad55c4966564003f2','2020-09-15 23:17:49'),(92,98,0,'6b609f5f6bcb00cb7a63327d6bcc670d','2020-09-16 05:29:31'),(93,99,0,'1f585696c03f721b1c0340022107159b','2020-09-16 06:22:00'),(94,100,0,'5d282c818d2a6c7429b98c08e1e723f0','2020-09-16 09:09:58'),(95,101,0,'356d6bf718436bee4d31ae01df48ea25','2020-09-16 11:15:31'),(96,102,0,'e6cbe2d1d2676f3afadfc1f726320a08','2020-09-16 12:44:24'),(97,103,0,'193f620ec2bc49b4e7a4bd28a14763c0','2020-09-16 14:57:20'),(98,104,0,'88913ff762dd1f0cfc0b51abf3c975f4','2020-09-16 15:06:05'),(99,105,0,'a7396ad8c8e4e1be2ace61bbc0552fc5','2020-09-16 15:25:42'),(100,106,0,'7d63d82a8a8aaeec35aa9b0e9dbc2319','2020-09-16 17:39:42'),(101,107,0,'3b8b73d195665a8721d7800feb4cd406','2020-09-16 19:12:48'),(102,108,0,'fc348c1d990e7ada932e8a5358ca6dba','2020-09-16 19:22:09'),(103,109,0,'62708c83f353452501ae18146ab8abdf','2020-09-16 20:06:06'),(104,110,0,'449924aab68a83ac036704510dfa6bc3','2020-09-16 20:22:54'),(105,111,0,'eae143f6acab556f70bf21aa4d46202f','2020-09-16 21:52:42'),(106,112,0,'95492859f2780773826be3919c18ba89','2020-09-16 22:59:11'),(107,113,0,'1e0c6246f942569a25a74410566c968c','2020-09-16 23:08:18'),(108,114,0,'445f07786117d3390f0700b2f4ab3167','2020-09-17 03:40:57'),(109,115,0,'cf585f75e7c4cd57f25586c82a2bc797','2020-09-17 04:09:42'),(110,116,0,'0c7d7e627a9ed5f9c9ee1f280abb6c16','2020-09-17 11:11:42'),(111,117,0,'7cfad29efa309fb04e7a1246f67ed53b','2020-09-17 12:04:00'),(112,118,0,'da4717dab17fbff62e6ae8b558273b88','2020-09-17 12:13:55'),(113,119,0,'5a0dd4911182c71cf798e8ecb0ef74e3','2020-09-17 15:04:38'),(114,120,0,'4c9287b0c5e30e7edc91469337db0a9c','2020-09-17 16:06:21'),(115,121,0,'92635accb86f4df1dfd1641b146c62b6','2020-09-17 16:19:53'),(116,122,0,'739abbef19b969162e2217c4ed3a4809','2020-09-18 14:22:27'),(117,123,0,'c7fc397ba0c998f3f947323ea1d26656','2020-09-18 14:31:22'),(118,124,0,'eab715d664f329f8a5967aa56bf8983e','2020-09-23 23:15:14'),(119,125,0,'cde96220026306addfbecd7629e8cdd1','2020-09-24 13:38:07'),(120,126,0,'223918f81505542a713e4729561acbb2','2020-09-24 23:20:14'),(121,127,0,'67a41a277b3a14aa349fe48d187f00a6','2020-09-25 15:16:14'),(122,128,0,'c98c090dfba49551def832d5166467d9','2020-09-28 08:49:56'),(123,129,0,'0b65fcb50be4c3c87a78420c67f7c34b','2020-10-01 16:29:43'),(124,130,0,'4bfc09860786379f4a56bf41f1ea1433','2020-10-05 09:50:16'),(125,131,0,'72ad2f2c71a7399e30042af251ff97a8','2020-10-05 12:13:08'),(126,132,0,'9171af151bc2d0d5325e501168765ad9','2020-10-19 22:43:17'),(127,133,0,'f31e6994b797c6fc591629935f434463','2020-10-21 10:44:12'),(128,134,0,'0f060ea20d291d1939b812b6191c2a1b','2020-10-25 08:53:36'),(129,135,0,'a96167fb7a7183ab829788b0f0dbcfb5','2020-11-02 02:00:36'),(130,136,0,'96cedfb50d47b5356ae9daac2ec431a0','2020-11-03 20:00:24'),(131,137,0,'f5b4f6327de3fd6b591026145799dbe3','2020-11-06 15:04:47'),(132,138,0,'92afd7d5a7f40892ffd4f596d8de295f','2020-11-15 16:11:09'),(133,139,0,'da3dc75816702dc69e933ea752f3105d','2020-11-15 20:48:45'),(134,140,0,'6ce2649de752c71195129a2f49c7cc1f','2020-11-19 04:38:27'),(135,141,0,'8f4078f7dec1bab0fe4b59e46284e68f','2020-11-19 07:14:00'),(136,142,0,'a216c620da2089d323d27e5e3b6778f7','2020-11-20 05:58:25'),(137,143,0,'aafcba06485cd8f685242c6bc6b32451','2020-11-21 16:50:49'),(138,144,0,'526b3fe593a1aeffd81ac3dc2ca2f97b','2020-11-22 15:43:30'),(139,145,0,'29e6f4734e396a1f184cbe65f1ed350c','2020-11-22 21:11:39'),(140,146,0,'b1e03b67b7fa4963296c9efa48a2f950','2020-12-01 12:30:17'),(141,147,0,'05d916847fc4a8029047422577a4c1b0','2020-12-05 18:27:17'),(142,148,0,'13c975aae2abd5ed2dfd954b57ebb147','2020-12-06 07:37:47'),(143,149,0,'f39773128bb71d2ed30d579443b41a48','2020-12-08 04:13:52'),(144,150,0,'56f81d30c9d5e0529c0c0bf99192e975','2020-12-08 23:51:12'),(145,151,0,'80d850d4e7cc9932d3a7cf27e5f980e3','2020-12-09 02:45:25'),(146,152,0,'a31c6a9b97640d07e98088dba3f2c386','2020-12-16 12:45:19'),(147,153,0,'0eabb2813484a2f2645825c182c9f4b5','2020-12-16 14:09:59'),(148,154,0,'86af661ed11f67cc575533f6913416f3','2020-12-17 04:26:28'),(149,155,0,'c102b4a126be3edc39e37c250c87b959','2020-12-17 05:46:31'),(150,156,0,'4f9171d6ef35789f3ed666d0a5a80ff0','2020-12-17 08:09:47'),(151,157,0,'e9e5dd804091f26ebaf768971d130ffa','2020-12-17 12:07:27'),(152,158,0,'f6ee8619fbfee89b5442eeb4ea656888','2020-12-18 23:43:35'),(153,159,0,'66051082ebf8cb262c252b364b10c126','2020-12-19 07:16:25'),(154,160,0,'d980660d10f17f3291abbffc2543fca4','2020-12-19 09:33:24'),(155,161,0,'2e96e8000d14ebf963acd6576f1f93bd','2020-12-20 16:13:30'),(156,162,0,'fc3a5503a3602423bcdeacbc9ad31122','2020-12-21 13:38:31'),(157,163,0,'16a211876b9ad6592d0e13e37ea65d04','2020-12-21 16:46:44'),(158,164,0,'fb9d71be663b097ee38acadb2e0821c3','2020-12-22 05:07:58'),(159,165,0,'2ac9c4961109753f4e5b6e06ddb85ef0','2020-12-22 07:48:27'),(160,166,0,'c9dd5ebacb5a7016930ae5dd2f4e40b2','2020-12-29 07:08:19'),(161,168,0,'d35c7ec295d032001b4008293ee1a997','2021-01-12 17:46:10'),(162,169,0,'caec5c5c492416ca068ca3055333543f','2021-04-07 10:22:42'),(163,170,0,'f571a5dabd9ddeec4bfe3d7c5242fb78','2021-04-08 01:11:13'),(164,171,0,'16fca3272b7ba322210748a8861392ae','2021-04-08 18:52:18'),(165,172,0,'1739fd020ce38b40bc3dacf6fd745e09','2021-04-09 14:58:38'),(166,173,0,'4450aa4e17d1ffb66f06f02d220a14bd','2021-04-09 19:31:17'),(167,174,0,'f2d8fb8216fe6c45493eaef50ed82f78','2021-04-12 12:03:10'),(168,175,0,'5b4f2c2e002bd82c88057627fe8f9337','2021-04-13 13:21:44'),(169,176,0,'978cb6b665a5aeaec4e1da1e42794e37','2021-04-13 13:22:32'),(170,178,0,'d80df450c5906c62121e42196e73be5a','2021-04-16 00:17:40'),(171,179,0,'03e1b30c0a922ff284f37b0365b7cb5d','2021-04-16 09:15:08'),(172,180,0,'06cfb842c53154083767308a991537ee','2021-04-18 12:13:20'),(173,181,0,'4384b0cb2286d1c57a00f38f2195fb20','2021-04-18 17:44:04'),(174,182,0,'7a2e52da6d13236c84dd7cdd4ec16dd7','2021-04-18 20:44:31'),(175,183,0,'9920c4b889f8b3719eba9ceb7f721d08','2021-04-18 21:16:56'),(176,184,0,'05977a348ef67f3c5ce87763fb7dad92','2021-04-19 18:08:36'),(177,185,0,'dee9a530dd77664efb336e86c1d78720','2021-07-12 06:21:05'),(178,187,0,'106121cf2d1a7436e98927c6023c11f3','2021-07-29 06:59:18'),(179,190,0,'45646ca4f215f639521fe299dde0bd0c','2021-08-12 06:24:57'),(180,191,0,'7553d7581ce7ae6138692176cf42f725','2021-08-18 09:54:10'),(181,192,0,'4115d566bc4fe3877a8c04a091480e7f','2021-08-19 19:27:38'),(182,193,0,'22bbfe9607ef9896ee8cbb630cbcaf88','2021-08-19 18:10:52'),(183,194,0,'6044bce63543803cc0df7347e81781ec','2021-08-20 17:30:38'),(184,195,0,'86a07711e1caaf8b4b34a665c6d8da53','2021-08-19 22:34:26'),(185,196,0,'6ac792fc82f86ed06e69497d46653342','2021-08-20 00:00:59'),(186,197,0,'91579590f497f4e71e4907cd40b26547','2021-08-20 13:33:19'),(187,198,0,'906942f9514c5e68b5ffed3340b9c2d8','2021-08-21 22:15:06'),(188,199,0,'3e172f0a8a4e1dd6d4a2e5411d6db5f1','2021-08-22 12:27:22'),(189,200,0,'cd38f1632afcc9e0540e555728a1bbc6','2021-08-22 13:12:16'),(190,201,0,'ded26bbca0ac5bad187b42072b23da05','2021-08-22 15:07:06'),(191,202,0,'977afb4e8fae49f2825ee6028aa0dd12','2021-08-22 15:17:45'),(192,203,0,'cb709685d9bf9d860a66fccbed227b75','2021-08-22 22:31:58'),(193,204,0,'fae528214332015a11b3a4996e166542','2021-08-23 02:20:22'),(194,205,0,'23f643f29fb5a158dd563797b374759e','2021-08-23 09:32:19'),(195,206,0,'31a2ef5581a082304fea748328f05f37','2021-08-23 11:56:47'),(196,207,0,'f3c039d7a83e6536ba7f8b84e15028b7','2021-08-24 12:49:26'),(197,208,0,'b033bfb54fb88d21243c8569248f4802','2021-08-24 12:53:02'),(198,209,0,'14e4f8fee1292713f1e56c71f4832413','2021-08-25 10:49:52'),(199,210,0,'9634592700031df68586477f5bb8aa0f','2021-08-25 17:40:20'),(200,211,0,'67568ceb65205b00756118b242b9847c','2021-08-26 04:53:24'),(201,212,0,'ef2e077841ae3e3a261e2562e7d229fe','2021-08-27 00:42:01'),(202,213,0,'dca4ed40587e19cebe3dee87eec04136','2021-08-27 07:59:19'),(203,214,0,'d7c5c15c01be9dfc9d79eedb902ee997','2021-08-27 11:22:24'),(204,215,0,'6841ac9fea0b26e4f6f6c82c6760cbd4','2021-08-28 14:20:53'),(205,216,0,'fa23e5f2e1e5341b99e459a01d800fde','2021-08-29 21:19:26'),(206,217,0,'2d9658fcf2ff52344fa74c988712bb42','2021-08-29 21:59:46'),(207,218,0,'26970f86970a7ba9c01e67c948046df9','2021-08-29 22:34:07'),(208,219,0,'a41ae2b42b173951bbb2f28caaa0ebf1','2021-08-30 01:54:31'),(209,220,0,'77cd7fb566f5418c48d2738dd523d926','2021-08-30 13:37:49'),(210,221,0,'d1106cf4116109ca87a4285a60ffa31a','2021-08-30 14:29:48'),(211,222,0,'dae949334b58623d8bf976ed3c11aed4','2021-08-30 16:21:43'),(212,223,0,'b27175938261e057b6f3474dea0f9d7c','2021-08-30 19:40:22'),(213,224,0,'bce36f3481732cbc64e6b81478128e7c','2021-08-30 20:56:19'),(214,225,0,'01c30b82a426427fddd36fa16cf6d03e','2021-08-30 22:43:53'),(215,226,0,'bebda07cd291c105656d0f0df3967a92','2021-08-31 06:15:11'),(216,227,0,'294af2d99ac526c8ba248e16c63a3000','2021-08-31 11:47:31'),(217,228,0,'0b3c3a670426e084d3d5fc4cdbee37dd','2021-08-31 17:52:31'),(218,229,0,'1f69648e626151e1464648268f107bc0','2021-08-31 20:59:27'),(219,230,0,'db6d2a18c063c74a32e64def9acfd467','2021-09-01 08:29:34'),(220,231,0,'6b42d624c40a860e02ede513fa5c1eee','2021-09-02 10:11:23'),(221,232,0,'92ad1ab1fb4bb2a76addc247aaf90df7','2021-09-03 21:19:32'),(222,233,0,'5c7bb3a547e4b6c239834a14bfb2cc0b','2021-09-04 01:19:31'),(223,234,0,'424cb92e80511a1bb0685752937cad6b','2021-09-04 05:24:37'),(224,235,0,'86768aa014a6daf789576374e54efcea','2021-09-04 07:16:26'),(225,236,0,'1cc500aef7d3c8611d90db0f43a06f37','2021-09-04 08:57:45'),(226,237,0,'457b8c3065cf8f0e523143042fceab30','2021-09-04 11:35:34'),(227,238,0,'80f2bc29bbdf5fa0dfe251fd8e83df52','2021-09-04 13:30:59'),(228,239,0,'3b2aba7947f2a55169927d98182db4a2','2021-09-04 23:22:25'),(229,240,0,'b65d03bdf1865d5da2640ecb0574a4ad','2021-09-05 01:21:52'),(230,241,0,'ab02083f7bd92cf6b008877bb68033c3','2021-09-05 07:21:06'),(231,242,0,'6162713aebf3a07d2017544a52101537','2021-09-05 11:00:46'),(232,243,0,'320f47092399f3119d579888fb74272b','2021-09-05 12:55:05'),(233,244,0,'c6437ea33f9653493ced93b54a3ba46a','2021-09-05 17:35:31'),(234,245,0,'9dc83ae5161131a1e69d1b141c7deb60','2021-09-06 09:47:25'),(235,246,0,'172190d58c6b495c31f44c7c1bd654ba','2021-09-06 16:22:46'),(236,247,0,'578e218c689ebe571e38241e2d7a65bc','2021-09-07 10:21:29'),(237,248,0,'e4691c54135cade575382af7a5cc75fe','2021-09-07 14:59:09'),(238,249,0,'a348b53f1450c6a805475094e236feb7','2021-09-07 16:33:16'),(239,250,0,'e6ed5a3fabbddac414b9a5cab1d1eaf2','2021-09-07 17:35:45'),(240,251,0,'132af713017a7622ec798e12a018a805','2021-09-07 18:36:49'),(241,253,0,'a58384a76bfc7fdfac1947e4c17d9d16','2021-09-07 23:20:38'),(242,254,0,'08a6b950b40d5d39fb6084a8d4484783','2021-09-08 00:39:22'),(243,255,0,'6618a70d87a7889d2d350bdfaf8ff3dd','2021-09-08 01:53:48'),(244,256,0,'a2a25657631cdc7a30880883c4aa2883','2021-09-08 03:30:20'),(245,257,0,'5251d1afd4ba8606001f8963c3712ad0','2021-09-08 06:15:42'),(246,260,0,'d6276fde5b479a8fd0730be8831ba871','2021-10-18 09:49:04'),(247,261,0,'85a9927c8340061dac55864c139bca5e','2021-10-19 08:11:42');

--
-- Table structure for table `mag2_wishlist_item`
--

CREATE TABLE `mag2_wishlist_item` (
  `wishlist_item_id` int(10) unsigned NOT NULL AUTO_INCREMENT COMMENT 'Wishlist item ID',
  `wishlist_id` int(10) unsigned NOT NULL DEFAULT '0' COMMENT 'Wishlist ID',
  `product_id` int(10) unsigned NOT NULL DEFAULT '0' COMMENT 'Product ID',
  `store_id` smallint(5) unsigned DEFAULT NULL COMMENT 'Store ID',
  `added_at` timestamp NULL DEFAULT NULL COMMENT 'Add date and time',
  `description` text COMMENT 'Short description of wish list item',
  `qty` decimal(12,4) NOT NULL COMMENT 'Qty',
  PRIMARY KEY (`wishlist_item_id`),
  KEY `MAG2_WISHLIST_ITEM_WISHLIST_ID` (`wishlist_id`),
  KEY `MAG2_WISHLIST_ITEM_PRODUCT_ID` (`product_id`),
  KEY `MAG2_WISHLIST_ITEM_STORE_ID` (`store_id`),
  CONSTRAINT `MAG2_WISHLIST_ITEM_PRD_ID_MAG2_CAT_PRD_ENTT_ENTT_ID` FOREIGN KEY (`product_id`) REFERENCES `mag2_catalog_product_entity` (`entity_id`) ON DELETE CASCADE,
  CONSTRAINT `MAG2_WISHLIST_ITEM_STORE_ID_MAG2_STORE_STORE_ID` FOREIGN KEY (`store_id`) REFERENCES `mag2_store` (`store_id`) ON DELETE SET NULL,
  CONSTRAINT `MAG2_WISHLIST_ITEM_WISHLIST_ID_MAG2_WISHLIST_WISHLIST_ID` FOREIGN KEY (`wishlist_id`) REFERENCES `mag2_wishlist` (`wishlist_id`) ON DELETE CASCADE
) ENGINE=InnoDB DEFAULT CHARSET=utf8 COMMENT='Wishlist items';

--
-- Dumping data for table `mag2_wishlist_item`
--


--
-- Table structure for table `mag2_wishlist_item_option`
--

CREATE TABLE `mag2_wishlist_item_option` (
  `option_id` int(10) unsigned NOT NULL AUTO_INCREMENT COMMENT 'Option ID',
  `wishlist_item_id` int(10) unsigned NOT NULL COMMENT 'Wishlist Item ID',
  `product_id` int(10) unsigned NOT NULL COMMENT 'Product ID',
  `code` varchar(255) NOT NULL COMMENT 'Code',
  `value` text COMMENT 'Value',
  PRIMARY KEY (`option_id`),
  KEY `FK_4BAADBECA2F55C14A8705A3362039D6E` (`wishlist_item_id`)
) ENGINE=InnoDB AUTO_INCREMENT=15 DEFAULT CHARSET=utf8 COMMENT='Wishlist Item Option Table';

--
-- Dumping data for table `mag2_wishlist_item_option`
--

INSERT INTO `mag2_wishlist_item_option` VALUES (1,1,3,'info_buyRequest','{\"product\":\"3\",\"uenc\":\"aHR0cDovL3JhdmFua3cuY29tL2FyL2NvZmZlZS5odG1s\",\"form_key\":\"DnQLfIYhbpWlTUsF\"}'),(2,2,1,'info_buyRequest','{\"product\":\"1\",\"uenc\":\"aHR0cDovL3JhdmFua3cuY29tL2FyL3NraW4tY2FyZS5odG1s\",\"form_key\":\"cTCaY9vbd5nXnZyK\"}'),(3,3,3,'info_buyRequest','{\"product\":\"3\",\"uenc\":\"aHR0cDovL3JhdmFua3cuY29tL2FyL2NvZmZlZS5odG1s\",\"form_key\":\"qFaSNkStnoktvzOw\"}'),(4,4,3,'info_buyRequest','{\"product\":\"3\",\"uenc\":\"aHR0cDovL3JhdmFua3cuY29tL2FyL2NvZmZlZS5odG1s\",\"form_key\":\"HuN5dmij8feL4npW\"}'),(5,5,1,'info_buyRequest','{\"product\":\"1\",\"uenc\":\"aHR0cDovL3JhdmFua3cuY29tL2FyL3NraW4tY2FyZS5odG1s\",\"form_key\":\"EAOPdLD72SqhzmfE\"}'),(6,6,5,'info_buyRequest','{\"product\":\"5\",\"uenc\":\"aHR0cDovL3JhdmFua3cuY29tL2FyL25hdHVyZS1zLXRlYS5odG1s\",\"form_key\":\"vBFwXVWq6umR4Tac\"}'),(7,7,3,'info_buyRequest','{\"product\":\"3\",\"uenc\":\"aHR0cDovL3JhdmFua3cuY29tL2FyL2NvZmZlZS5odG1s\",\"form_key\":\"Aqvrhl5TItar8tj5\"}'),(8,8,11,'info_buyRequest','{\"product\":\"11\",\"uenc\":\"aHR0cDovL3JhdmFua3cuY29tL2FyL3BhY2thZ2VzLmh0bWw,\",\"form_key\":\"xoFBAnm3K8IFT6Or\"}'),(9,9,3,'info_buyRequest','{\"product\":\"3\",\"uenc\":\"aHR0cDovL3JhdmFua3cuY29tL2FyL2xpZmUtY29mZmVlLmh0bWw,\",\"form_key\":\"tiipPQAOfD6g4dcm\"}'),(10,10,2,'info_buyRequest','{\"product\":\"2\",\"uenc\":\"aHR0cDovL3JhdmFua3cuY29tL2FyL3RlYS5odG1s\",\"form_key\":\"OahLxsPyLFaA69tP\"}'),(11,11,12,'info_buyRequest','{\"product\":\"12\",\"uenc\":\"aHR0cDovL3JhdmFua3cuY29tL2FyL2xpZmUtY29mZmVlLW5hdHVyYWwtdGVhLmh0bWw,\",\"form_key\":\"aYT5zmO56xmBb14w\"}'),(12,12,3,'info_buyRequest','{\"product\":\"3\",\"uenc\":\"aHR0cDovL3JhdmFua3cuY29tL2FyL2xpZmUtY29mZmVlLmh0bWw,\",\"form_key\":\"I4GeMo9yUhCaC2Wn\"}'),(13,13,3,'info_buyRequest','{\"referer\":\"aHR0cDovL3JhdmFua3cuY29tL2FyL3dpc2hsaXN0L2luZGV4L2FkZC8,\",\"product\":\"3\",\"uenc\":\"aHR0cDovL3JhdmFua3cuY29tL2FyL2NvZmZlZS5odG1s\",\"form_key\":\"m9SgdtEOrlkgp5nO\",\"send\":\"\"}'),(14,14,3,'info_buyRequest','{\"product\":\"3\",\"uenc\":\"aHR0cDovL3JhdmFua3cuY29tL2FyL2xpZmUtY29mZmVlLmh0bWw,\",\"qty\":\"2\",\"form_key\":\"tmbqCAKFTANOMJFJ\"}');

--
-- Table structure for table `mag2_yotpo_order_status_history`
--

CREATE TABLE `mag2_yotpo_order_status_history` (
  `id` int(10) unsigned NOT NULL AUTO_INCREMENT COMMENT 'Id',
  `order_id` int(10) unsigned DEFAULT NULL COMMENT 'Order Id',
  `store_id` int(10) unsigned DEFAULT NULL COMMENT 'Store Id',
  `old_status` varchar(32) DEFAULT NULL COMMENT 'Old Status',
  `new_status` varchar(32) DEFAULT NULL COMMENT 'New Status',
  `created_at` datetime DEFAULT NULL COMMENT 'Created At',
  PRIMARY KEY (`id`)
) ENGINE=InnoDB DEFAULT CHARSET=utf8 COMMENT='mag2_yotpo_order_status_history';

--
-- Dumping data for table `mag2_yotpo_order_status_history`
--


--
-- Table structure for table `mag2_yotpo_rich_snippets`
--

CREATE TABLE `mag2_yotpo_rich_snippets` (
  `rich_snippet_id` int(11) NOT NULL AUTO_INCREMENT COMMENT 'Id',
  `product_id` int(11) NOT NULL COMMENT 'Product Id',
  `store_id` int(11) NOT NULL COMMENT 'Store Id',
  `average_score` decimal(10,2) NOT NULL COMMENT 'Average Score',
  `reviews_count` float(10,0) NOT NULL COMMENT 'Reviews Count',
  `expiration_time` timestamp NOT NULL DEFAULT CURRENT_TIMESTAMP ON UPDATE CURRENT_TIMESTAMP COMMENT 'Expiry Time',
  PRIMARY KEY (`rich_snippet_id`)
) ENGINE=InnoDB DEFAULT CHARSET=utf8 COMMENT='mag2_yotpo_rich_snippets';

--
-- Dumping data for table `mag2_yotpo_rich_snippets`
--


--
-- Table structure for table `mag2_yotpo_sync`
--

CREATE TABLE `mag2_yotpo_sync` (
  `sync_id` int(10) unsigned NOT NULL AUTO_INCREMENT COMMENT 'Id',
  `store_id` int(10) unsigned DEFAULT NULL COMMENT 'Store ID',
  `entity_type` varchar(50) DEFAULT NULL COMMENT 'Entity Type',
  `entity_id` int(10) unsigned DEFAULT NULL COMMENT 'Entity ID',
  `sync_flag` smallint(6) DEFAULT '0' COMMENT 'Sync Flag',
  `sync_date` datetime NOT NULL COMMENT 'Sync Date',
  PRIMARY KEY (`sync_id`),
  UNIQUE KEY `MAG2_YOTPO_SYNC_STORE_ID_ENTITY_TYPE_ENTITY_ID` (`store_id`,`entity_type`,`entity_id`)
) ENGINE=InnoDB DEFAULT CHARSET=utf8 COMMENT='mag2_yotpo_sync';

--
-- Dumping data for table `mag2_yotpo_sync`
--


--
-- Table structure for table `magefan_blog_category`
--

CREATE TABLE `magefan_blog_category` (
  `category_id` int(11) NOT NULL AUTO_INCREMENT COMMENT 'Category ID',
  `title` varchar(255) DEFAULT NULL COMMENT 'Category Title',
  `meta_title` varchar(255) DEFAULT NULL COMMENT 'Category Meta Title',
  `meta_keywords` text COMMENT 'Category Meta Keywords',
  `meta_description` text COMMENT 'Category Meta Description',
  `identifier` varchar(100) DEFAULT NULL COMMENT 'Category String Identifier',
  `content_heading` varchar(255) DEFAULT NULL COMMENT 'Category Content Heading',
  `content` mediumtext COMMENT 'Category Content',
  `path` varchar(255) DEFAULT NULL COMMENT 'Category Path',
  `position` smallint(6) NOT NULL COMMENT 'Category Position',
  `posts_sort_by` smallint(6) NOT NULL DEFAULT '0' COMMENT 'Post Sort By',
  `include_in_menu` smallint(6) DEFAULT NULL COMMENT 'Category In Menu',
  `is_active` smallint(6) NOT NULL DEFAULT '1' COMMENT 'Is Category Active',
  `display_mode` smallint(6) NOT NULL DEFAULT '0' COMMENT 'Display Mode',
  `page_layout` varchar(255) DEFAULT NULL COMMENT 'Post Layout',
  `layout_update_xml` text COMMENT 'Post Layout Update Content',
  `custom_theme` varchar(100) DEFAULT NULL COMMENT 'Post Custom Theme',
  `custom_layout` varchar(255) DEFAULT NULL COMMENT 'Post Custom Template',
  `custom_layout_update_xml` text COMMENT 'Post Custom Layout Update Content',
  `custom_theme_from` date DEFAULT NULL COMMENT 'Post Custom Theme Active From Date',
  `custom_theme_to` date DEFAULT NULL COMMENT 'Post Custom Theme Active To Date',
  PRIMARY KEY (`category_id`),
  KEY `MAGEFAN_BLOG_CATEGORY_IDENTIFIER` (`identifier`),
  KEY `MAGEFAN_BLOG_CATEGORY_INCLUDE_IN_MENU` (`include_in_menu`),
  FULLTEXT KEY `FTI_B76AD11A0A06CC3327BA3A86A016134F` (`title`,`meta_keywords`,`meta_description`,`identifier`,`content`)
) ENGINE=InnoDB DEFAULT CHARSET=utf8 COMMENT='Magefan Blog Category Table';

--
-- Dumping data for table `magefan_blog_category`
--


--
-- Table structure for table `magefan_blog_category_store`
--

CREATE TABLE `magefan_blog_category_store` (
  `category_id` int(11) NOT NULL COMMENT 'Category ID',
  `store_id` smallint(5) unsigned NOT NULL COMMENT 'Store ID',
  PRIMARY KEY (`category_id`,`store_id`),
  KEY `MAGEFAN_BLOG_CATEGORY_STORE_STORE_ID` (`store_id`)
) ENGINE=InnoDB DEFAULT CHARSET=utf8 COMMENT='Magefan Blog Category To Store Linkage Table';

--
-- Dumping data for table `magefan_blog_category_store`
--


--
-- Table structure for table `magefan_blog_comment`
--

CREATE TABLE `magefan_blog_comment` (
  `comment_id` int(11) NOT NULL AUTO_INCREMENT COMMENT 'Comment ID',
  `parent_id` int(11) NOT NULL COMMENT 'Parent Comment ID',
  `post_id` int(11) NOT NULL COMMENT 'Post ID',
  `customer_id` int(11) DEFAULT NULL COMMENT 'Customer ID',
  `admin_id` int(11) DEFAULT NULL COMMENT 'Admin User ID',
  `status` smallint(6) NOT NULL COMMENT 'Comment status',
  `author_type` smallint(6) NOT NULL COMMENT 'Author Type',
  `author_nickname` varchar(255) NOT NULL COMMENT 'Comment Author Nickname',
  `author_email` varchar(255) DEFAULT NULL COMMENT 'Comment Author Email',
  `text` mediumtext COMMENT 'Text',
  `creation_time` timestamp NOT NULL DEFAULT CURRENT_TIMESTAMP ON UPDATE CURRENT_TIMESTAMP COMMENT 'Comment Creation Time',
  `update_time` timestamp NOT NULL DEFAULT '0000-00-00 00:00:00' COMMENT 'Comment Update Time',
  PRIMARY KEY (`comment_id`),
  KEY `MAGEFAN_BLOG_COMMENT_PARENT_ID` (`parent_id`),
  KEY `MAGEFAN_BLOG_COMMENT_POST_ID` (`post_id`),
  KEY `MAGEFAN_BLOG_COMMENT_CUSTOMER_ID` (`customer_id`),
  KEY `MAGEFAN_BLOG_COMMENT_ADMIN_ID` (`admin_id`),
  KEY `MAGEFAN_BLOG_COMMENT_STATUS` (`status`)
) ENGINE=InnoDB DEFAULT CHARSET=utf8 COMMENT='magefan_blog_comment';

--
-- Dumping data for table `magefan_blog_comment`
--


--
-- Table structure for table `magefan_blog_post`
--

CREATE TABLE `magefan_blog_post` (
  `post_id` int(11) NOT NULL AUTO_INCREMENT COMMENT 'Post ID',
  `title` varchar(255) DEFAULT NULL COMMENT 'Post Title',
  `meta_title` varchar(255) DEFAULT NULL COMMENT 'Post Meta Title',
  `meta_keywords` text COMMENT 'Post Meta Keywords',
  `meta_description` text COMMENT 'Post Meta Description',
  `identifier` varchar(100) DEFAULT NULL COMMENT 'Post String Identifier',
  `og_title` varchar(255) DEFAULT NULL COMMENT 'Post OG Title',
  `og_description` varchar(255) DEFAULT NULL COMMENT 'Post OG Description',
  `og_img` varchar(255) DEFAULT NULL COMMENT 'Post OG Img',
  `og_type` varchar(255) DEFAULT NULL COMMENT 'Post OG Type',
  `content_heading` varchar(255) DEFAULT NULL COMMENT 'Post Content Heading',
  `content` mediumtext COMMENT 'Post Content',
  `creation_time` timestamp NULL DEFAULT NULL COMMENT 'Post Creation Time',
  `update_time` timestamp NULL DEFAULT NULL COMMENT 'Post Modification Time',
  `publish_time` timestamp NULL DEFAULT NULL COMMENT 'Post Publish Time',
  `is_active` smallint(6) NOT NULL DEFAULT '1' COMMENT 'Is Post Active',
  `include_in_recent` smallint(6) NOT NULL DEFAULT '1' COMMENT 'Include in Recent Posts',
  `position` smallint(6) NOT NULL DEFAULT '0' COMMENT 'Position',
  `featured_img` varchar(255) DEFAULT NULL COMMENT 'Thumbnail Image',
  `author_id` int(11) DEFAULT NULL COMMENT 'Author ID',
  `page_layout` varchar(255) DEFAULT NULL COMMENT 'Post Layout',
  `layout_update_xml` text COMMENT 'Post Layout Update Content',
  `custom_theme` varchar(100) DEFAULT NULL COMMENT 'Post Custom Theme',
  `custom_layout` varchar(255) DEFAULT NULL COMMENT 'Post Custom Template',
  `custom_layout_update_xml` text COMMENT 'Post Custom Layout Update Content',
  `custom_theme_from` date DEFAULT NULL COMMENT 'Post Custom Theme Active From Date',
  `custom_theme_to` date DEFAULT NULL COMMENT 'Post Custom Theme Active To Date',
  `media_gallery` mediumtext COMMENT 'Media Gallery',
  `secret` varchar(32) DEFAULT NULL COMMENT 'Post Secret',
  `views_count` int(11) DEFAULT NULL COMMENT 'Post Views Count',
  `is_recent_posts_skip` smallint(6) DEFAULT NULL COMMENT 'Is Post Skipped From Recent Posts',
  `short_content` mediumtext COMMENT 'Post Short Content',
  PRIMARY KEY (`post_id`),
  KEY `MAGEFAN_BLOG_POST_IDENTIFIER` (`identifier`),
  KEY `MAGEFAN_BLOG_POST_AUTHOR_ID` (`author_id`),
  KEY `MAGEFAN_BLOG_POST_VIEWS_COUNT` (`views_count`),
  KEY `MAGEFAN_BLOG_POST_IS_RECENT_POSTS_SKIP` (`is_recent_posts_skip`),
  FULLTEXT KEY `FTI_A5DB7871E89B230F74EDFBECEB4659FA` (`title`,`meta_keywords`,`meta_description`,`identifier`,`content`)
) ENGINE=InnoDB AUTO_INCREMENT=2 DEFAULT CHARSET=utf8 COMMENT='Magefan Blog Post Table';

--
-- Dumping data for table `magefan_blog_post`
--

INSERT INTO `magefan_blog_post` VALUES (1,'Hello world!',NULL,'magento 2 blog','Magento 2 blog default post.','hello-world',NULL,NULL,NULL,NULL,'Hello world!','<p>Welcome to <a title=\"Magefan - solutions for Magento 2\" href=\"http://magefan.com/\" target=\"_blank\">Magefan</a> <a title=\"Magento 2 Blog extension\" href=\"https://magefan.com/magento2-blog-extension/\" target=\"_blank\">blog extension for Magento&reg; 2</a>. This is your first post. Edit or delete it, then start blogging!</p>\n<p><!-- pagebreak --></p>\n<p>Please also read&nbsp;<a title=\"Magento 2 Blog online documentation\" href=\"http://magefan.com/docs/magento-2-blog/\" target=\"_blank\">Online documentation</a>&nbsp;and&nbsp;<a href=\"http://magefan.com/blog/add-read-more-tag-to-blog-post-content/\" target=\"_blank\">How to add \"read more\" tag to post content</a></p>\n<p>Follow Magefan on:</p>\n<p><a title=\"Blog Extension for Magento 2 code\" href=\"https://github.com/magefan/module-blog\" target=\"_blank\">GitHub</a>&nbsp;|&nbsp;<a href=\"https://twitter.com/magento2fan\" target=\"_blank\">Twitter</a>&nbsp;|&nbsp;<a href=\"https://www.facebook.com/magefan/\" target=\"_blank\">Facebook</a>&nbsp;|&nbsp;<a href=\"https://plus.google.com/+Magefan_Magento_2/posts/\" target=\"_blank\">Google +</a></p>','2018-12-04 09:18:15','2018-12-04 09:18:15','2018-12-04 09:18:15',1,1,0,NULL,NULL,NULL,NULL,NULL,NULL,NULL,NULL,NULL,NULL,NULL,NULL,NULL,NULL);

--
-- Table structure for table `magefan_blog_post_category`
--

CREATE TABLE `magefan_blog_post_category` (
  `post_id` int(11) NOT NULL COMMENT 'Post ID',
  `category_id` int(11) NOT NULL COMMENT 'Category ID',
  PRIMARY KEY (`post_id`,`category_id`),
  KEY `MAGEFAN_BLOG_POST_CATEGORY_CATEGORY_ID` (`category_id`)
) ENGINE=InnoDB DEFAULT CHARSET=utf8 COMMENT='Magefan Blog Post To Category Linkage Table';

--
-- Dumping data for table `magefan_blog_post_category`
--


--
-- Table structure for table `magefan_blog_post_relatedpost`
--

CREATE TABLE `magefan_blog_post_relatedpost` (
  `post_id` int(11) NOT NULL COMMENT 'Post ID',
  `related_id` int(11) NOT NULL COMMENT 'Related Post ID',
  `position` int(11) NOT NULL COMMENT 'Position',
  PRIMARY KEY (`post_id`,`related_id`),
  KEY `MAGEFAN_BLOG_POST_RELATEDPRODUCT_RELATED_ID` (`related_id`)
) ENGINE=InnoDB DEFAULT CHARSET=utf8 COMMENT='Magefan Blog Post To Post Linkage Table';

--
-- Dumping data for table `magefan_blog_post_relatedpost`
--


--
-- Table structure for table `magefan_blog_post_relatedproduct`
--

CREATE TABLE `magefan_blog_post_relatedproduct` (
  `post_id` int(11) NOT NULL COMMENT 'Post ID',
  `related_id` int(10) unsigned NOT NULL COMMENT 'Related Product ID',
  `position` int(11) NOT NULL COMMENT 'Position',
  PRIMARY KEY (`post_id`,`related_id`),
  KEY `MAGEFAN_BLOG_POST_RELATEDPRODUCT_RELATED_ID` (`related_id`)
) ENGINE=InnoDB DEFAULT CHARSET=utf8 COMMENT='Magefan Blog Post To Product Linkage Table';

--
-- Dumping data for table `magefan_blog_post_relatedproduct`
--


--
-- Table structure for table `magefan_blog_post_store`
--

CREATE TABLE `magefan_blog_post_store` (
  `post_id` int(11) NOT NULL COMMENT 'Post ID',
  `store_id` smallint(5) unsigned NOT NULL COMMENT 'Store ID',
  PRIMARY KEY (`post_id`,`store_id`),
  KEY `MAGEFAN_BLOG_POST_STORE_STORE_ID` (`store_id`)
) ENGINE=InnoDB DEFAULT CHARSET=utf8 COMMENT='Magefan Blog Post To Store Linkage Table';

--
-- Dumping data for table `magefan_blog_post_store`
--

INSERT INTO `magefan_blog_post_store` VALUES (1,0);

--
-- Table structure for table `magefan_blog_post_tag`
--

CREATE TABLE `magefan_blog_post_tag` (
  `post_id` int(11) NOT NULL COMMENT 'Post ID',
  `tag_id` int(11) NOT NULL COMMENT 'Tag ID',
  PRIMARY KEY (`post_id`,`tag_id`),
  KEY `MAGEFAN_BLOG_POST_TAG_TAG_ID` (`tag_id`)
) ENGINE=InnoDB DEFAULT CHARSET=utf8 COMMENT='Magefan Blog Post To Category Linkage Table';

--
-- Dumping data for table `magefan_blog_post_tag`
--


--
-- Table structure for table `magefan_blog_tag`
--

CREATE TABLE `magefan_blog_tag` (
  `tag_id` int(11) NOT NULL AUTO_INCREMENT COMMENT 'Tag ID',
  `title` varchar(255) DEFAULT NULL COMMENT 'Tag Title',
  `meta_description` varchar(255) DEFAULT NULL COMMENT 'Tag Meta Description',
  `meta_keywords` varchar(255) DEFAULT NULL COMMENT 'Tag Meta Keywords',
  `meta_title` varchar(255) DEFAULT NULL COMMENT 'Tag Meta Title',
  `identifier` varchar(100) DEFAULT NULL COMMENT 'Tag String Identifier',
  `page_layout` varchar(255) DEFAULT NULL COMMENT 'Tag Layout',
  `is_active` smallint(6) NOT NULL DEFAULT '1' COMMENT 'Is Tag Active',
  `content` mediumtext COMMENT 'Tag Content',
  `layout_update_xml` text COMMENT 'Tag Layout Update Content',
  `custom_theme` varchar(100) DEFAULT NULL COMMENT 'Tag Custom Theme',
  `custom_layout` varchar(255) DEFAULT NULL COMMENT 'Tag Custom Template',
  `custom_layout_update_xml` text COMMENT 'Tag Custom Layout Update Content',
  `custom_theme_from` date DEFAULT NULL COMMENT 'Tag Custom Theme Active From Date',
  `custom_theme_to` date DEFAULT NULL COMMENT 'Tag Custom Theme Active To Date',
  PRIMARY KEY (`tag_id`),
  KEY `MAGEFAN_BLOG_TAG_IDENTIFIER` (`identifier`),
  KEY `MAGEFAN_BLOG_TAG_IS_ACTIVE` (`is_active`)
) ENGINE=InnoDB DEFAULT CHARSET=utf8 COMMENT='Magefan Blog Tag Table';

--
-- Dumping data for table `magefan_blog_tag`
--


--
-- Table structure for table `mview_state`
--

CREATE TABLE `mview_state` (
  `state_id` int(10) unsigned NOT NULL AUTO_INCREMENT COMMENT 'View State Id',
  `view_id` varchar(255) DEFAULT NULL COMMENT 'View Id',
  `mode` varchar(16) DEFAULT 'disabled' COMMENT 'View Mode',
  `status` varchar(16) DEFAULT 'idle' COMMENT 'View Status',
  `updated` datetime DEFAULT NULL COMMENT 'View updated time',
  `version_id` int(10) unsigned DEFAULT NULL COMMENT 'View Version Id',
  PRIMARY KEY (`state_id`),
  KEY `MVIEW_STATE_VIEW_ID` (`view_id`),
  KEY `MVIEW_STATE_MODE` (`mode`)
) ENGINE=InnoDB DEFAULT CHARSET=utf8 COMMENT='View State';

--
-- Dumping data for table `mview_state`
--


--
-- Table structure for table `newsletter_problem`
--

CREATE TABLE `newsletter_problem` (
  `problem_id` int(10) unsigned NOT NULL AUTO_INCREMENT COMMENT 'Problem Id',
  `subscriber_id` int(10) unsigned DEFAULT NULL COMMENT 'Subscriber Id',
  `queue_id` int(10) unsigned NOT NULL DEFAULT '0' COMMENT 'Queue Id',
  `problem_error_code` int(10) unsigned DEFAULT '0' COMMENT 'Problem Error Code',
  `problem_error_text` varchar(200) DEFAULT NULL COMMENT 'Problem Error Text',
  PRIMARY KEY (`problem_id`),
  KEY `NEWSLETTER_PROBLEM_SUBSCRIBER_ID` (`subscriber_id`),
  KEY `NEWSLETTER_PROBLEM_QUEUE_ID` (`queue_id`)
) ENGINE=InnoDB DEFAULT CHARSET=utf8 COMMENT='Newsletter Problems';

--
-- Dumping data for table `newsletter_problem`
--


--
-- Table structure for table `newsletter_queue`
--

CREATE TABLE `newsletter_queue` (
  `queue_id` int(10) unsigned NOT NULL AUTO_INCREMENT COMMENT 'Queue Id',
  `template_id` int(10) unsigned NOT NULL DEFAULT '0' COMMENT 'Template ID',
  `newsletter_type` int(11) DEFAULT NULL COMMENT 'Newsletter Type',
  `newsletter_text` text COMMENT 'Newsletter Text',
  `newsletter_styles` text COMMENT 'Newsletter Styles',
  `newsletter_subject` varchar(200) DEFAULT NULL COMMENT 'Newsletter Subject',
  `newsletter_sender_name` varchar(200) DEFAULT NULL COMMENT 'Newsletter Sender Name',
  `newsletter_sender_email` varchar(200) DEFAULT NULL COMMENT 'Newsletter Sender Email',
  `queue_status` int(10) unsigned NOT NULL DEFAULT '0' COMMENT 'Queue Status',
  `queue_start_at` timestamp NULL DEFAULT NULL COMMENT 'Queue Start At',
  `queue_finish_at` timestamp NULL DEFAULT NULL COMMENT 'Queue Finish At',
  PRIMARY KEY (`queue_id`),
  KEY `NEWSLETTER_QUEUE_TEMPLATE_ID` (`template_id`)
) ENGINE=InnoDB DEFAULT CHARSET=utf8 COMMENT='Newsletter Queue';

--
-- Dumping data for table `newsletter_queue`
--


--
-- Table structure for table `newsletter_queue_link`
--

CREATE TABLE `newsletter_queue_link` (
  `queue_link_id` int(10) unsigned NOT NULL AUTO_INCREMENT COMMENT 'Queue Link Id',
  `queue_id` int(10) unsigned NOT NULL DEFAULT '0' COMMENT 'Queue Id',
  `subscriber_id` int(10) unsigned NOT NULL DEFAULT '0' COMMENT 'Subscriber Id',
  `letter_sent_at` timestamp NULL DEFAULT NULL COMMENT 'Letter Sent At',
  PRIMARY KEY (`queue_link_id`),
  KEY `NEWSLETTER_QUEUE_LINK_SUBSCRIBER_ID` (`subscriber_id`),
  KEY `NEWSLETTER_QUEUE_LINK_QUEUE_ID_LETTER_SENT_AT` (`queue_id`,`letter_sent_at`)
) ENGINE=InnoDB DEFAULT CHARSET=utf8 COMMENT='Newsletter Queue Link';

--
-- Dumping data for table `newsletter_queue_link`
--


--
-- Table structure for table `newsletter_queue_store_link`
--

CREATE TABLE `newsletter_queue_store_link` (
  `queue_id` int(10) unsigned NOT NULL DEFAULT '0' COMMENT 'Queue Id',
  `store_id` smallint(5) unsigned NOT NULL DEFAULT '0' COMMENT 'Store Id',
  PRIMARY KEY (`queue_id`,`store_id`),
  KEY `NEWSLETTER_QUEUE_STORE_LINK_STORE_ID` (`store_id`)
) ENGINE=InnoDB DEFAULT CHARSET=utf8 COMMENT='Newsletter Queue Store Link';

--
-- Dumping data for table `newsletter_queue_store_link`
--


--
-- Table structure for table `newsletter_subscriber`
--

CREATE TABLE `newsletter_subscriber` (
  `subscriber_id` int(10) unsigned NOT NULL AUTO_INCREMENT COMMENT 'Subscriber Id',
  `store_id` smallint(5) unsigned DEFAULT '0' COMMENT 'Store Id',
  `change_status_at` timestamp NULL DEFAULT NULL COMMENT 'Change Status At',
  `customer_id` int(10) unsigned NOT NULL DEFAULT '0' COMMENT 'Customer Id',
  `subscriber_email` varchar(150) DEFAULT NULL COMMENT 'Subscriber Email',
  `subscriber_status` int(11) NOT NULL DEFAULT '0' COMMENT 'Subscriber Status',
  `subscriber_confirm_code` varchar(32) DEFAULT 'NULL' COMMENT 'Subscriber Confirm Code',
  PRIMARY KEY (`subscriber_id`),
  KEY `NEWSLETTER_SUBSCRIBER_CUSTOMER_ID` (`customer_id`),
  KEY `NEWSLETTER_SUBSCRIBER_STORE_ID` (`store_id`),
  KEY `NEWSLETTER_SUBSCRIBER_SUBSCRIBER_EMAIL` (`subscriber_email`)
) ENGINE=InnoDB DEFAULT CHARSET=utf8 COMMENT='Newsletter Subscriber';

--
-- Dumping data for table `newsletter_subscriber`
--


--
-- Table structure for table `newsletter_template`
--

CREATE TABLE `newsletter_template` (
  `template_id` int(10) unsigned NOT NULL AUTO_INCREMENT COMMENT 'Template ID',
  `template_code` varchar(150) DEFAULT NULL COMMENT 'Template Code',
  `template_text` text COMMENT 'Template Text',
  `template_styles` text COMMENT 'Template Styles',
  `template_type` int(10) unsigned DEFAULT NULL COMMENT 'Template Type',
  `template_subject` varchar(200) DEFAULT NULL COMMENT 'Template Subject',
  `template_sender_name` varchar(200) DEFAULT NULL COMMENT 'Template Sender Name',
  `template_sender_email` varchar(200) DEFAULT NULL COMMENT 'Template Sender Email',
  `template_actual` smallint(5) unsigned DEFAULT '1' COMMENT 'Template Actual',
  `added_at` timestamp NULL DEFAULT NULL COMMENT 'Added At',
  `modified_at` timestamp NULL DEFAULT NULL COMMENT 'Modified At',
  PRIMARY KEY (`template_id`),
  KEY `NEWSLETTER_TEMPLATE_TEMPLATE_ACTUAL` (`template_actual`),
  KEY `NEWSLETTER_TEMPLATE_ADDED_AT` (`added_at`),
  KEY `NEWSLETTER_TEMPLATE_MODIFIED_AT` (`modified_at`)
) ENGINE=InnoDB DEFAULT CHARSET=utf8 COMMENT='Newsletter Template';

--
-- Dumping data for table `newsletter_template`
--


--
-- Table structure for table `oauth_consumer`
--

CREATE TABLE `oauth_consumer` (
  `entity_id` int(10) unsigned NOT NULL AUTO_INCREMENT COMMENT 'Entity ID',
  `created_at` timestamp NOT NULL DEFAULT CURRENT_TIMESTAMP COMMENT 'Created At',
  `updated_at` timestamp NULL DEFAULT '0000-00-00 00:00:00' ON UPDATE CURRENT_TIMESTAMP COMMENT 'Updated At',
  `name` varchar(255) NOT NULL COMMENT 'Name of consumer',
  `key` varchar(32) NOT NULL COMMENT 'Key code',
  `secret` varchar(32) NOT NULL COMMENT 'Secret code',
  `callback_url` text COMMENT 'Callback URL',
  `rejected_callback_url` text NOT NULL COMMENT 'Rejected callback URL',
  PRIMARY KEY (`entity_id`),
  UNIQUE KEY `OAUTH_CONSUMER_KEY` (`key`),
  UNIQUE KEY `OAUTH_CONSUMER_SECRET` (`secret`),
  KEY `OAUTH_CONSUMER_CREATED_AT` (`created_at`),
  KEY `OAUTH_CONSUMER_UPDATED_AT` (`updated_at`)
) ENGINE=InnoDB DEFAULT CHARSET=utf8 COMMENT='OAuth Consumers';

--
-- Dumping data for table `oauth_consumer`
--


--
-- Table structure for table `oauth_nonce`
--

CREATE TABLE `oauth_nonce` (
  `nonce` varchar(32) NOT NULL COMMENT 'Nonce String',
  `timestamp` int(10) unsigned NOT NULL COMMENT 'Nonce Timestamp',
  `consumer_id` int(10) unsigned NOT NULL COMMENT 'Consumer ID',
  UNIQUE KEY `OAUTH_NONCE_NONCE_CONSUMER_ID` (`nonce`,`consumer_id`),
  KEY `OAUTH_NONCE_CONSUMER_ID_OAUTH_CONSUMER_ENTITY_ID` (`consumer_id`),
  KEY `OAUTH_NONCE_TIMESTAMP` (`timestamp`)
) ENGINE=InnoDB DEFAULT CHARSET=utf8 COMMENT='OAuth Nonce';

--
-- Dumping data for table `oauth_nonce`
--


--
-- Table structure for table `oauth_token`
--

CREATE TABLE `oauth_token` (
  `entity_id` int(10) unsigned NOT NULL AUTO_INCREMENT COMMENT 'Entity ID',
  `consumer_id` int(10) unsigned DEFAULT NULL COMMENT 'Oauth Consumer ID',
  `admin_id` int(10) unsigned DEFAULT NULL COMMENT 'Admin user ID',
  `customer_id` int(10) unsigned DEFAULT NULL COMMENT 'Customer user ID',
  `type` varchar(16) NOT NULL COMMENT 'Token Type',
  `token` varchar(32) NOT NULL COMMENT 'Token',
  `secret` varchar(32) NOT NULL COMMENT 'Token Secret',
  `verifier` varchar(32) DEFAULT NULL COMMENT 'Token Verifier',
  `callback_url` text NOT NULL COMMENT 'Token Callback URL',
  `revoked` smallint(5) unsigned NOT NULL DEFAULT '0' COMMENT 'Is Token revoked',
  `authorized` smallint(5) unsigned NOT NULL DEFAULT '0' COMMENT 'Is Token authorized',
  `user_type` int(11) DEFAULT NULL COMMENT 'User type',
  `created_at` timestamp NOT NULL DEFAULT CURRENT_TIMESTAMP COMMENT 'Token creation timestamp',
  PRIMARY KEY (`entity_id`),
  UNIQUE KEY `OAUTH_TOKEN_TOKEN` (`token`),
  KEY `OAUTH_TOKEN_ADMIN_ID_ADMIN_USER_USER_ID` (`admin_id`),
  KEY `OAUTH_TOKEN_CUSTOMER_ID_CUSTOMER_ENTITY_ENTITY_ID` (`customer_id`),
  KEY `OAUTH_TOKEN_CONSUMER_ID` (`consumer_id`)
) ENGINE=InnoDB DEFAULT CHARSET=utf8 COMMENT='OAuth Tokens';

--
-- Dumping data for table `oauth_token`
--


--
-- Table structure for table `oauth_token_request_log`
--

CREATE TABLE `oauth_token_request_log` (
  `log_id` int(10) unsigned NOT NULL AUTO_INCREMENT COMMENT 'Log Id',
  `user_name` varchar(255) NOT NULL COMMENT 'Customer email or admin login',
  `user_type` smallint(5) unsigned NOT NULL COMMENT 'User type (admin or customer)',
  `failures_count` smallint(5) unsigned DEFAULT '0' COMMENT 'Number of failed authentication attempts in a row',
  `lock_expires_at` timestamp NOT NULL DEFAULT CURRENT_TIMESTAMP ON UPDATE CURRENT_TIMESTAMP COMMENT 'Lock expiration time',
  PRIMARY KEY (`log_id`),
  UNIQUE KEY `OAUTH_TOKEN_REQUEST_LOG_USER_NAME_USER_TYPE` (`user_name`,`user_type`)
) ENGINE=InnoDB DEFAULT CHARSET=utf8 COMMENT='Log of token request authentication failures.';

--
-- Dumping data for table `oauth_token_request_log`
--


--
-- Table structure for table `password_reset_request_event`
--

CREATE TABLE `password_reset_request_event` (
  `id` int(10) unsigned NOT NULL AUTO_INCREMENT COMMENT 'Entity ID',
  `request_type` smallint(5) unsigned NOT NULL COMMENT 'Type of the event under a security control',
  `account_reference` varchar(255) DEFAULT NULL COMMENT 'An identifier for existing account or another target',
  `created_at` timestamp NOT NULL DEFAULT CURRENT_TIMESTAMP COMMENT 'Timestamp when the event occurs',
  `ip` varchar(15) NOT NULL COMMENT 'Remote user IP',
  PRIMARY KEY (`id`),
  KEY `PASSWORD_RESET_REQUEST_EVENT_ACCOUNT_REFERENCE` (`account_reference`),
  KEY `PASSWORD_RESET_REQUEST_EVENT_CREATED_AT` (`created_at`)
) ENGINE=InnoDB DEFAULT CHARSET=utf8 COMMENT='Password Reset Request Event under a security control';

--
-- Dumping data for table `password_reset_request_event`
--


--
-- Table structure for table `paypal_billing_agreement`
--

CREATE TABLE `paypal_billing_agreement` (
  `agreement_id` int(10) unsigned NOT NULL AUTO_INCREMENT COMMENT 'Agreement Id',
  `customer_id` int(10) unsigned NOT NULL COMMENT 'Customer Id',
  `method_code` varchar(32) NOT NULL COMMENT 'Method Code',
  `reference_id` varchar(32) NOT NULL COMMENT 'Reference Id',
  `status` varchar(20) NOT NULL COMMENT 'Status',
  `created_at` timestamp NOT NULL DEFAULT CURRENT_TIMESTAMP COMMENT 'Created At',
  `updated_at` timestamp NULL DEFAULT NULL COMMENT 'Updated At',
  `store_id` smallint(5) unsigned DEFAULT NULL COMMENT 'Store Id',
  `agreement_label` varchar(255) DEFAULT NULL COMMENT 'Agreement Label',
  PRIMARY KEY (`agreement_id`),
  KEY `PAYPAL_BILLING_AGREEMENT_CUSTOMER_ID` (`customer_id`),
  KEY `PAYPAL_BILLING_AGREEMENT_STORE_ID` (`store_id`)
) ENGINE=InnoDB DEFAULT CHARSET=utf8 COMMENT='Sales Billing Agreement';

--
-- Dumping data for table `paypal_billing_agreement`
--


--
-- Table structure for table `paypal_billing_agreement_order`
--

CREATE TABLE `paypal_billing_agreement_order` (
  `agreement_id` int(10) unsigned NOT NULL COMMENT 'Agreement Id',
  `order_id` int(10) unsigned NOT NULL COMMENT 'Order Id',
  PRIMARY KEY (`agreement_id`,`order_id`),
  KEY `PAYPAL_BILLING_AGREEMENT_ORDER_ORDER_ID` (`order_id`)
) ENGINE=InnoDB DEFAULT CHARSET=utf8 COMMENT='Sales Billing Agreement Order';

--
-- Dumping data for table `paypal_billing_agreement_order`
--


--
-- Table structure for table `paypal_cert`
--

CREATE TABLE `paypal_cert` (
  `cert_id` smallint(5) unsigned NOT NULL AUTO_INCREMENT COMMENT 'Cert Id',
  `website_id` smallint(5) unsigned NOT NULL DEFAULT '0' COMMENT 'Website Id',
  `content` text COMMENT 'Content',
  `updated_at` timestamp NULL DEFAULT NULL COMMENT 'Updated At',
  PRIMARY KEY (`cert_id`),
  KEY `PAYPAL_CERT_WEBSITE_ID` (`website_id`)
) ENGINE=InnoDB DEFAULT CHARSET=utf8 COMMENT='Paypal Certificate Table';

--
-- Dumping data for table `paypal_cert`
--


--
-- Table structure for table `paypal_payment_transaction`
--

CREATE TABLE `paypal_payment_transaction` (
  `transaction_id` int(10) unsigned NOT NULL AUTO_INCREMENT COMMENT 'Entity ID',
  `txn_id` varchar(100) DEFAULT NULL COMMENT 'Txn Id',
  `additional_information` blob COMMENT 'Additional Information',
  `created_at` timestamp NULL DEFAULT NULL COMMENT 'Created At',
  PRIMARY KEY (`transaction_id`),
  UNIQUE KEY `PAYPAL_PAYMENT_TRANSACTION_TXN_ID` (`txn_id`)
) ENGINE=InnoDB DEFAULT CHARSET=utf8 COMMENT='PayPal Payflow Link Payment Transaction';

--
-- Dumping data for table `paypal_payment_transaction`
--


--
-- Table structure for table `paypal_settlement_report`
--

CREATE TABLE `paypal_settlement_report` (
  `report_id` int(10) unsigned NOT NULL AUTO_INCREMENT COMMENT 'Report Id',
  `report_date` date DEFAULT NULL COMMENT 'Report Date',
  `account_id` varchar(64) DEFAULT NULL COMMENT 'Account Id',
  `filename` varchar(24) DEFAULT NULL COMMENT 'Filename',
  `last_modified` timestamp NULL DEFAULT NULL COMMENT 'Last Modified',
  PRIMARY KEY (`report_id`),
  UNIQUE KEY `PAYPAL_SETTLEMENT_REPORT_REPORT_DATE_ACCOUNT_ID` (`report_date`,`account_id`)
) ENGINE=InnoDB DEFAULT CHARSET=utf8 COMMENT='Paypal Settlement Report Table';

--
-- Dumping data for table `paypal_settlement_report`
--


--
-- Table structure for table `paypal_settlement_report_row`
--

CREATE TABLE `paypal_settlement_report_row` (
  `row_id` int(10) unsigned NOT NULL AUTO_INCREMENT COMMENT 'Row Id',
  `report_id` int(10) unsigned NOT NULL COMMENT 'Report Id',
  `transaction_id` varchar(19) DEFAULT NULL COMMENT 'Transaction Id',
  `invoice_id` varchar(127) DEFAULT NULL COMMENT 'Invoice Id',
  `paypal_reference_id` varchar(19) DEFAULT NULL COMMENT 'Paypal Reference Id',
  `paypal_reference_id_type` varchar(3) DEFAULT NULL COMMENT 'Paypal Reference Id Type',
  `transaction_event_code` varchar(5) DEFAULT NULL COMMENT 'Transaction Event Code',
  `transaction_initiation_date` timestamp NULL DEFAULT NULL COMMENT 'Transaction Initiation Date',
  `transaction_completion_date` timestamp NULL DEFAULT NULL COMMENT 'Transaction Completion Date',
  `transaction_debit_or_credit` varchar(2) NOT NULL DEFAULT 'CR' COMMENT 'Transaction Debit Or Credit',
  `gross_transaction_amount` decimal(20,6) NOT NULL DEFAULT '0.000000' COMMENT 'Gross Transaction Amount',
  `gross_transaction_currency` varchar(3) DEFAULT NULL COMMENT 'Gross Transaction Currency',
  `fee_debit_or_credit` varchar(2) DEFAULT NULL COMMENT 'Fee Debit Or Credit',
  `fee_amount` decimal(20,6) NOT NULL DEFAULT '0.000000' COMMENT 'Fee Amount',
  `fee_currency` varchar(3) DEFAULT NULL COMMENT 'Fee Currency',
  `custom_field` varchar(255) DEFAULT NULL COMMENT 'Custom Field',
  `consumer_id` varchar(127) DEFAULT NULL COMMENT 'Consumer Id',
  `payment_tracking_id` varchar(255) DEFAULT NULL COMMENT 'Payment Tracking ID',
  `store_id` varchar(50) DEFAULT NULL COMMENT 'Store ID',
  PRIMARY KEY (`row_id`),
  KEY `PAYPAL_SETTLEMENT_REPORT_ROW_REPORT_ID` (`report_id`)
) ENGINE=InnoDB DEFAULT CHARSET=utf8 COMMENT='Paypal Settlement Report Row Table';

--
-- Dumping data for table `paypal_settlement_report_row`
--


--
-- Table structure for table `persistent_session`
--

CREATE TABLE `persistent_session` (
  `persistent_id` int(10) unsigned NOT NULL AUTO_INCREMENT COMMENT 'Session id',
  `key` varchar(50) NOT NULL COMMENT 'Unique cookie key',
  `customer_id` int(10) unsigned DEFAULT NULL COMMENT 'Customer id',
  `website_id` smallint(5) unsigned NOT NULL DEFAULT '0' COMMENT 'Website ID',
  `info` text COMMENT 'Session Data',
  `updated_at` timestamp NOT NULL DEFAULT CURRENT_TIMESTAMP ON UPDATE CURRENT_TIMESTAMP COMMENT 'Updated At',
  PRIMARY KEY (`persistent_id`),
  UNIQUE KEY `PERSISTENT_SESSION_KEY` (`key`),
  UNIQUE KEY `PERSISTENT_SESSION_CUSTOMER_ID` (`customer_id`),
  KEY `PERSISTENT_SESSION_WEBSITE_ID_STORE_WEBSITE_WEBSITE_ID` (`website_id`),
  KEY `PERSISTENT_SESSION_UPDATED_AT` (`updated_at`)
) ENGINE=InnoDB DEFAULT CHARSET=utf8 COMMENT='Persistent Session';

--
-- Dumping data for table `persistent_session`
--


--
-- Table structure for table `product_alert_price`
--

CREATE TABLE `product_alert_price` (
  `alert_price_id` int(10) unsigned NOT NULL AUTO_INCREMENT COMMENT 'Product alert price id',
  `customer_id` int(10) unsigned NOT NULL DEFAULT '0' COMMENT 'Customer id',
  `product_id` int(10) unsigned NOT NULL DEFAULT '0' COMMENT 'Product id',
  `price` decimal(12,4) NOT NULL DEFAULT '0.0000' COMMENT 'Price amount',
  `website_id` smallint(5) unsigned NOT NULL DEFAULT '0' COMMENT 'Website id',
  `add_date` timestamp NOT NULL DEFAULT CURRENT_TIMESTAMP COMMENT 'Product alert add date',
  `last_send_date` timestamp NULL DEFAULT NULL COMMENT 'Product alert last send date',
  `send_count` smallint(5) unsigned NOT NULL DEFAULT '0' COMMENT 'Product alert send count',
  `status` smallint(5) unsigned NOT NULL DEFAULT '0' COMMENT 'Product alert status',
  `store_id` smallint(5) unsigned DEFAULT '0' COMMENT 'Store id',
  PRIMARY KEY (`alert_price_id`),
  KEY `PRODUCT_ALERT_PRICE_CUSTOMER_ID` (`customer_id`),
  KEY `PRODUCT_ALERT_PRICE_PRODUCT_ID` (`product_id`),
  KEY `PRODUCT_ALERT_PRICE_WEBSITE_ID` (`website_id`),
  KEY `PRODUCT_ALERT_PRICE_STORE_ID` (`store_id`)
) ENGINE=InnoDB DEFAULT CHARSET=utf8 COMMENT='Product Alert Price';

--
-- Dumping data for table `product_alert_price`
--


--
-- Table structure for table `product_alert_stock`
--

CREATE TABLE `product_alert_stock` (
  `alert_stock_id` int(10) unsigned NOT NULL AUTO_INCREMENT COMMENT 'Product alert stock id',
  `customer_id` int(10) unsigned NOT NULL DEFAULT '0' COMMENT 'Customer id',
  `product_id` int(10) unsigned NOT NULL DEFAULT '0' COMMENT 'Product id',
  `website_id` smallint(5) unsigned NOT NULL DEFAULT '0' COMMENT 'Website id',
  `add_date` timestamp NOT NULL DEFAULT CURRENT_TIMESTAMP COMMENT 'Product alert add date',
  `send_date` timestamp NULL DEFAULT NULL COMMENT 'Product alert send date',
  `send_count` smallint(5) unsigned NOT NULL DEFAULT '0' COMMENT 'Send Count',
  `status` smallint(5) unsigned NOT NULL DEFAULT '0' COMMENT 'Product alert status',
  `store_id` smallint(5) unsigned DEFAULT '0' COMMENT 'Store id',
  PRIMARY KEY (`alert_stock_id`),
  KEY `PRODUCT_ALERT_STOCK_CUSTOMER_ID` (`customer_id`),
  KEY `PRODUCT_ALERT_STOCK_PRODUCT_ID` (`product_id`),
  KEY `PRODUCT_ALERT_STOCK_WEBSITE_ID` (`website_id`),
  KEY `PRODUCT_ALERT_STOCK_STORE_ID` (`store_id`)
) ENGINE=InnoDB DEFAULT CHARSET=utf8 COMMENT='Product Alert Stock';

--
-- Dumping data for table `product_alert_stock`
--


--
-- Table structure for table `quote`
--

CREATE TABLE `quote` (
  `entity_id` int(10) unsigned NOT NULL AUTO_INCREMENT COMMENT 'Entity ID',
  `store_id` smallint(5) unsigned NOT NULL DEFAULT '0' COMMENT 'Store Id',
  `created_at` timestamp NOT NULL DEFAULT CURRENT_TIMESTAMP COMMENT 'Created At',
  `updated_at` timestamp NOT NULL DEFAULT CURRENT_TIMESTAMP ON UPDATE CURRENT_TIMESTAMP,
  `converted_at` timestamp NULL DEFAULT NULL COMMENT 'Converted At',
  `is_active` smallint(5) unsigned DEFAULT '1' COMMENT 'Is Active',
  `is_virtual` smallint(5) unsigned DEFAULT '0' COMMENT 'Is Virtual',
  `is_multi_shipping` smallint(5) unsigned DEFAULT '0' COMMENT 'Is Multi Shipping',
  `items_count` int(10) unsigned DEFAULT '0' COMMENT 'Items Count',
  `items_qty` decimal(12,4) DEFAULT '0.0000' COMMENT 'Items Qty',
  `orig_order_id` int(10) unsigned DEFAULT '0' COMMENT 'Orig Order Id',
  `store_to_base_rate` decimal(12,4) DEFAULT '0.0000' COMMENT 'Store To Base Rate',
  `store_to_quote_rate` decimal(12,4) DEFAULT '0.0000' COMMENT 'Store To Quote Rate',
  `base_currency_code` varchar(255) DEFAULT NULL COMMENT 'Base Currency Code',
  `store_currency_code` varchar(255) DEFAULT NULL COMMENT 'Store Currency Code',
  `quote_currency_code` varchar(255) DEFAULT NULL COMMENT 'Quote Currency Code',
  `grand_total` decimal(12,4) DEFAULT '0.0000' COMMENT 'Grand Total',
  `base_grand_total` decimal(12,4) DEFAULT '0.0000' COMMENT 'Base Grand Total',
  `checkout_method` varchar(255) DEFAULT NULL COMMENT 'Checkout Method',
  `customer_id` int(10) unsigned DEFAULT NULL COMMENT 'Customer Id',
  `customer_tax_class_id` int(10) unsigned DEFAULT NULL COMMENT 'Customer Tax Class Id',
  `customer_group_id` int(10) unsigned DEFAULT '0' COMMENT 'Customer Group Id',
  `customer_email` varchar(255) DEFAULT NULL COMMENT 'Customer Email',
  `customer_prefix` varchar(40) DEFAULT NULL COMMENT 'Customer Prefix',
  `customer_firstname` varchar(255) DEFAULT NULL COMMENT 'Customer Firstname',
  `customer_middlename` varchar(40) DEFAULT NULL COMMENT 'Customer Middlename',
  `customer_lastname` varchar(255) DEFAULT NULL COMMENT 'Customer Lastname',
  `customer_suffix` varchar(40) DEFAULT NULL COMMENT 'Customer Suffix',
  `customer_dob` datetime DEFAULT NULL COMMENT 'Customer Dob',
  `customer_note` varchar(255) DEFAULT NULL COMMENT 'Customer Note',
  `customer_note_notify` smallint(5) unsigned DEFAULT '1' COMMENT 'Customer Note Notify',
  `customer_is_guest` smallint(5) unsigned DEFAULT '0' COMMENT 'Customer Is Guest',
  `remote_ip` varchar(45) DEFAULT NULL COMMENT 'Remote Ip',
  `applied_rule_ids` varchar(255) DEFAULT NULL COMMENT 'Applied Rule Ids',
  `reserved_order_id` varchar(64) DEFAULT NULL COMMENT 'Reserved Order Id',
  `password_hash` varchar(255) DEFAULT NULL COMMENT 'Password Hash',
  `coupon_code` varchar(255) DEFAULT NULL COMMENT 'Coupon Code',
  `global_currency_code` varchar(255) DEFAULT NULL COMMENT 'Global Currency Code',
  `base_to_global_rate` decimal(12,4) DEFAULT NULL COMMENT 'Base To Global Rate',
  `base_to_quote_rate` decimal(12,4) DEFAULT NULL COMMENT 'Base To Quote Rate',
  `customer_taxvat` varchar(255) DEFAULT NULL COMMENT 'Customer Taxvat',
  `customer_gender` varchar(255) DEFAULT NULL COMMENT 'Customer Gender',
  `subtotal` decimal(12,4) DEFAULT NULL COMMENT 'Subtotal',
  `base_subtotal` decimal(12,4) DEFAULT NULL COMMENT 'Base Subtotal',
  `subtotal_with_discount` decimal(12,4) DEFAULT NULL COMMENT 'Subtotal With Discount',
  `base_subtotal_with_discount` decimal(12,4) DEFAULT NULL COMMENT 'Base Subtotal With Discount',
  `is_changed` int(10) unsigned DEFAULT NULL COMMENT 'Is Changed',
  `trigger_recollect` smallint(6) NOT NULL DEFAULT '0' COMMENT 'Trigger Recollect',
  `ext_shipping_info` text COMMENT 'Ext Shipping Info',
  `gift_message_id` int(11) DEFAULT NULL COMMENT 'Gift Message Id',
  `is_persistent` smallint(5) unsigned DEFAULT '0' COMMENT 'Is Quote Persistent',
  PRIMARY KEY (`entity_id`),
  KEY `QUOTE_CUSTOMER_ID_STORE_ID_IS_ACTIVE` (`customer_id`,`store_id`,`is_active`),
  KEY `QUOTE_STORE_ID` (`store_id`)
) ENGINE=InnoDB DEFAULT CHARSET=utf8 COMMENT='Sales Flat Quote';

--
-- Dumping data for table `quote`
--


--
-- Table structure for table `quote_address`
--

CREATE TABLE `quote_address` (
  `address_id` int(10) unsigned NOT NULL AUTO_INCREMENT COMMENT 'Address Id',
  `quote_id` int(10) unsigned NOT NULL DEFAULT '0' COMMENT 'Quote Id',
  `created_at` timestamp NOT NULL DEFAULT CURRENT_TIMESTAMP COMMENT 'Created At',
  `updated_at` timestamp NOT NULL DEFAULT '0000-00-00 00:00:00' ON UPDATE CURRENT_TIMESTAMP COMMENT 'Updated At',
  `customer_id` int(10) unsigned DEFAULT NULL COMMENT 'Customer Id',
  `save_in_address_book` smallint(6) DEFAULT '0' COMMENT 'Save In Address Book',
  `customer_address_id` int(10) unsigned DEFAULT NULL COMMENT 'Customer Address Id',
  `address_type` varchar(10) DEFAULT NULL COMMENT 'Address Type',
  `email` varchar(255) DEFAULT NULL COMMENT 'Email',
  `prefix` varchar(40) DEFAULT NULL COMMENT 'Prefix',
  `firstname` varchar(255) DEFAULT NULL,
  `middlename` varchar(40) DEFAULT NULL,
  `lastname` varchar(255) DEFAULT NULL,
  `suffix` varchar(40) DEFAULT NULL COMMENT 'Suffix',
  `company` varchar(255) DEFAULT NULL COMMENT 'Company',
  `street` varchar(255) DEFAULT NULL COMMENT 'Street',
  `city` varchar(255) DEFAULT NULL,
  `region` varchar(255) DEFAULT NULL,
  `region_id` int(10) unsigned DEFAULT NULL COMMENT 'Region Id',
  `postcode` varchar(20) DEFAULT NULL COMMENT 'Postcode',
  `country_id` varchar(30) DEFAULT NULL COMMENT 'Country Id',
  `telephone` varchar(255) DEFAULT NULL,
  `fax` varchar(255) DEFAULT NULL,
  `same_as_billing` smallint(5) unsigned NOT NULL DEFAULT '0' COMMENT 'Same As Billing',
  `collect_shipping_rates` smallint(5) unsigned NOT NULL DEFAULT '0' COMMENT 'Collect Shipping Rates',
  `shipping_method` varchar(120) DEFAULT NULL,
  `shipping_description` varchar(255) DEFAULT NULL COMMENT 'Shipping Description',
  `weight` decimal(12,4) NOT NULL DEFAULT '0.0000' COMMENT 'Weight',
  `subtotal` decimal(12,4) NOT NULL DEFAULT '0.0000' COMMENT 'Subtotal',
  `base_subtotal` decimal(12,4) NOT NULL DEFAULT '0.0000' COMMENT 'Base Subtotal',
  `subtotal_with_discount` decimal(12,4) NOT NULL DEFAULT '0.0000' COMMENT 'Subtotal With Discount',
  `base_subtotal_with_discount` decimal(12,4) NOT NULL DEFAULT '0.0000' COMMENT 'Base Subtotal With Discount',
  `tax_amount` decimal(12,4) NOT NULL DEFAULT '0.0000' COMMENT 'Tax Amount',
  `base_tax_amount` decimal(12,4) NOT NULL DEFAULT '0.0000' COMMENT 'Base Tax Amount',
  `shipping_amount` decimal(12,4) NOT NULL DEFAULT '0.0000' COMMENT 'Shipping Amount',
  `base_shipping_amount` decimal(12,4) NOT NULL DEFAULT '0.0000' COMMENT 'Base Shipping Amount',
  `shipping_tax_amount` decimal(12,4) DEFAULT NULL COMMENT 'Shipping Tax Amount',
  `base_shipping_tax_amount` decimal(12,4) DEFAULT NULL COMMENT 'Base Shipping Tax Amount',
  `discount_amount` decimal(12,4) NOT NULL DEFAULT '0.0000' COMMENT 'Discount Amount',
  `base_discount_amount` decimal(12,4) NOT NULL DEFAULT '0.0000' COMMENT 'Base Discount Amount',
  `grand_total` decimal(12,4) NOT NULL DEFAULT '0.0000' COMMENT 'Grand Total',
  `base_grand_total` decimal(12,4) NOT NULL DEFAULT '0.0000' COMMENT 'Base Grand Total',
  `customer_notes` text COMMENT 'Customer Notes',
  `applied_taxes` text COMMENT 'Applied Taxes',
  `discount_description` varchar(255) DEFAULT NULL COMMENT 'Discount Description',
  `shipping_discount_amount` decimal(12,4) DEFAULT NULL COMMENT 'Shipping Discount Amount',
  `base_shipping_discount_amount` decimal(12,4) DEFAULT NULL COMMENT 'Base Shipping Discount Amount',
  `subtotal_incl_tax` decimal(12,4) DEFAULT NULL COMMENT 'Subtotal Incl Tax',
  `base_subtotal_total_incl_tax` decimal(12,4) DEFAULT NULL COMMENT 'Base Subtotal Total Incl Tax',
  `discount_tax_compensation_amount` decimal(12,4) DEFAULT NULL COMMENT 'Discount Tax Compensation Amount',
  `base_discount_tax_compensation_amount` decimal(12,4) DEFAULT NULL COMMENT 'Base Discount Tax Compensation Amount',
  `shipping_discount_tax_compensation_amount` decimal(12,4) DEFAULT NULL COMMENT 'Shipping Discount Tax Compensation Amount',
  `base_shipping_discount_tax_compensation_amnt` decimal(12,4) DEFAULT NULL COMMENT 'Base Shipping Discount Tax Compensation Amount',
  `shipping_incl_tax` decimal(12,4) DEFAULT NULL COMMENT 'Shipping Incl Tax',
  `base_shipping_incl_tax` decimal(12,4) DEFAULT NULL COMMENT 'Base Shipping Incl Tax',
  `vat_id` text COMMENT 'Vat Id',
  `vat_is_valid` smallint(6) DEFAULT NULL COMMENT 'Vat Is Valid',
  `vat_request_id` text COMMENT 'Vat Request Id',
  `vat_request_date` text COMMENT 'Vat Request Date',
  `vat_request_success` smallint(6) DEFAULT NULL COMMENT 'Vat Request Success',
  `gift_message_id` int(11) DEFAULT NULL COMMENT 'Gift Message Id',
  `free_shipping` smallint(5) unsigned NOT NULL DEFAULT '0' COMMENT 'Free Shipping',
  PRIMARY KEY (`address_id`),
  KEY `QUOTE_ADDRESS_QUOTE_ID` (`quote_id`)
) ENGINE=InnoDB DEFAULT CHARSET=utf8 COMMENT='Sales Flat Quote Address';

--
-- Dumping data for table `quote_address`
--


--
-- Table structure for table `quote_address_item`
--

CREATE TABLE `quote_address_item` (
  `address_item_id` int(10) unsigned NOT NULL AUTO_INCREMENT COMMENT 'Address Item Id',
  `parent_item_id` int(10) unsigned DEFAULT NULL COMMENT 'Parent Item Id',
  `quote_address_id` int(10) unsigned NOT NULL DEFAULT '0' COMMENT 'Quote Address Id',
  `quote_item_id` int(10) unsigned NOT NULL DEFAULT '0' COMMENT 'Quote Item Id',
  `created_at` timestamp NOT NULL DEFAULT CURRENT_TIMESTAMP COMMENT 'Created At',
  `updated_at` timestamp NOT NULL DEFAULT '0000-00-00 00:00:00' ON UPDATE CURRENT_TIMESTAMP COMMENT 'Updated At',
  `applied_rule_ids` text COMMENT 'Applied Rule Ids',
  `additional_data` text COMMENT 'Additional Data',
  `weight` decimal(12,4) DEFAULT '0.0000' COMMENT 'Weight',
  `qty` decimal(12,4) NOT NULL DEFAULT '0.0000' COMMENT 'Qty',
  `discount_amount` decimal(12,4) DEFAULT '0.0000' COMMENT 'Discount Amount',
  `tax_amount` decimal(12,4) DEFAULT '0.0000' COMMENT 'Tax Amount',
  `row_total` decimal(12,4) NOT NULL DEFAULT '0.0000' COMMENT 'Row Total',
  `base_row_total` decimal(12,4) NOT NULL DEFAULT '0.0000' COMMENT 'Base Row Total',
  `row_total_with_discount` decimal(12,4) DEFAULT '0.0000' COMMENT 'Row Total With Discount',
  `base_discount_amount` decimal(12,4) DEFAULT '0.0000' COMMENT 'Base Discount Amount',
  `base_tax_amount` decimal(12,4) DEFAULT '0.0000' COMMENT 'Base Tax Amount',
  `row_weight` decimal(12,4) DEFAULT '0.0000' COMMENT 'Row Weight',
  `product_id` int(10) unsigned DEFAULT NULL COMMENT 'Product Id',
  `super_product_id` int(10) unsigned DEFAULT NULL COMMENT 'Super Product Id',
  `parent_product_id` int(10) unsigned DEFAULT NULL COMMENT 'Parent Product Id',
  `sku` varchar(255) DEFAULT NULL COMMENT 'Sku',
  `image` varchar(255) DEFAULT NULL COMMENT 'Image',
  `name` varchar(255) DEFAULT NULL COMMENT 'Name',
  `description` text COMMENT 'Description',
  `is_qty_decimal` int(10) unsigned DEFAULT NULL COMMENT 'Is Qty Decimal',
  `price` decimal(12,4) DEFAULT NULL COMMENT 'Price',
  `discount_percent` decimal(12,4) DEFAULT NULL COMMENT 'Discount Percent',
  `no_discount` int(10) unsigned DEFAULT NULL COMMENT 'No Discount',
  `tax_percent` decimal(12,4) DEFAULT NULL COMMENT 'Tax Percent',
  `base_price` decimal(12,4) DEFAULT NULL COMMENT 'Base Price',
  `base_cost` decimal(12,4) DEFAULT NULL COMMENT 'Base Cost',
  `price_incl_tax` decimal(12,4) DEFAULT NULL COMMENT 'Price Incl Tax',
  `base_price_incl_tax` decimal(12,4) DEFAULT NULL COMMENT 'Base Price Incl Tax',
  `row_total_incl_tax` decimal(12,4) DEFAULT NULL COMMENT 'Row Total Incl Tax',
  `base_row_total_incl_tax` decimal(12,4) DEFAULT NULL COMMENT 'Base Row Total Incl Tax',
  `discount_tax_compensation_amount` decimal(12,4) DEFAULT NULL COMMENT 'Discount Tax Compensation Amount',
  `base_discount_tax_compensation_amount` decimal(12,4) DEFAULT NULL COMMENT 'Base Discount Tax Compensation Amount',
  `gift_message_id` int(11) DEFAULT NULL COMMENT 'Gift Message Id',
  `free_shipping` int(10) unsigned DEFAULT NULL COMMENT 'Free Shipping',
  PRIMARY KEY (`address_item_id`),
  KEY `QUOTE_ADDRESS_ITEM_QUOTE_ADDRESS_ID` (`quote_address_id`),
  KEY `QUOTE_ADDRESS_ITEM_PARENT_ITEM_ID` (`parent_item_id`),
  KEY `QUOTE_ADDRESS_ITEM_QUOTE_ITEM_ID` (`quote_item_id`)
) ENGINE=InnoDB DEFAULT CHARSET=utf8 COMMENT='Sales Flat Quote Address Item';

--
-- Dumping data for table `quote_address_item`
--


--
-- Table structure for table `quote_id_mask`
--

CREATE TABLE `quote_id_mask` (
  `entity_id` int(10) unsigned NOT NULL AUTO_INCREMENT COMMENT 'Entity ID',
  `quote_id` int(10) unsigned NOT NULL COMMENT 'Quote ID',
  `masked_id` varchar(32) DEFAULT NULL COMMENT 'Masked ID',
  PRIMARY KEY (`entity_id`,`quote_id`),
  KEY `QUOTE_ID_MASK_QUOTE_ID` (`quote_id`),
  KEY `QUOTE_ID_MASK_MASKED_ID` (`masked_id`)
) ENGINE=InnoDB DEFAULT CHARSET=utf8 COMMENT='Quote ID and masked ID mapping';

--
-- Dumping data for table `quote_id_mask`
--


--
-- Table structure for table `quote_item`
--

CREATE TABLE `quote_item` (
  `item_id` int(10) unsigned NOT NULL AUTO_INCREMENT COMMENT 'Item Id',
  `quote_id` int(10) unsigned NOT NULL DEFAULT '0' COMMENT 'Quote Id',
  `created_at` timestamp NOT NULL DEFAULT CURRENT_TIMESTAMP COMMENT 'Created At',
  `updated_at` timestamp NOT NULL DEFAULT '0000-00-00 00:00:00' ON UPDATE CURRENT_TIMESTAMP COMMENT 'Updated At',
  `product_id` int(10) unsigned DEFAULT NULL COMMENT 'Product Id',
  `store_id` smallint(5) unsigned DEFAULT NULL COMMENT 'Store Id',
  `parent_item_id` int(10) unsigned DEFAULT NULL COMMENT 'Parent Item Id',
  `is_virtual` smallint(5) unsigned DEFAULT NULL COMMENT 'Is Virtual',
  `sku` varchar(255) DEFAULT NULL COMMENT 'Sku',
  `name` varchar(255) DEFAULT NULL COMMENT 'Name',
  `description` text COMMENT 'Description',
  `applied_rule_ids` text COMMENT 'Applied Rule Ids',
  `additional_data` text COMMENT 'Additional Data',
  `is_qty_decimal` smallint(5) unsigned DEFAULT NULL COMMENT 'Is Qty Decimal',
  `no_discount` smallint(5) unsigned DEFAULT '0' COMMENT 'No Discount',
  `weight` decimal(12,4) DEFAULT '0.0000' COMMENT 'Weight',
  `qty` decimal(12,4) NOT NULL DEFAULT '0.0000' COMMENT 'Qty',
  `price` decimal(12,4) NOT NULL DEFAULT '0.0000' COMMENT 'Price',
  `base_price` decimal(12,4) NOT NULL DEFAULT '0.0000' COMMENT 'Base Price',
  `custom_price` decimal(12,4) DEFAULT NULL COMMENT 'Custom Price',
  `discount_percent` decimal(12,4) DEFAULT '0.0000' COMMENT 'Discount Percent',
  `discount_amount` decimal(12,4) DEFAULT '0.0000' COMMENT 'Discount Amount',
  `base_discount_amount` decimal(12,4) DEFAULT '0.0000' COMMENT 'Base Discount Amount',
  `tax_percent` decimal(12,4) DEFAULT '0.0000' COMMENT 'Tax Percent',
  `tax_amount` decimal(12,4) DEFAULT '0.0000' COMMENT 'Tax Amount',
  `base_tax_amount` decimal(12,4) DEFAULT '0.0000' COMMENT 'Base Tax Amount',
  `row_total` decimal(12,4) NOT NULL DEFAULT '0.0000' COMMENT 'Row Total',
  `base_row_total` decimal(12,4) NOT NULL DEFAULT '0.0000' COMMENT 'Base Row Total',
  `row_total_with_discount` decimal(12,4) DEFAULT '0.0000' COMMENT 'Row Total With Discount',
  `row_weight` decimal(12,4) DEFAULT '0.0000' COMMENT 'Row Weight',
  `product_type` varchar(255) DEFAULT NULL COMMENT 'Product Type',
  `base_tax_before_discount` decimal(12,4) DEFAULT NULL COMMENT 'Base Tax Before Discount',
  `tax_before_discount` decimal(12,4) DEFAULT NULL COMMENT 'Tax Before Discount',
  `original_custom_price` decimal(12,4) DEFAULT NULL COMMENT 'Original Custom Price',
  `redirect_url` varchar(255) DEFAULT NULL COMMENT 'Redirect Url',
  `base_cost` decimal(12,4) DEFAULT NULL COMMENT 'Base Cost',
  `price_incl_tax` decimal(12,4) DEFAULT NULL COMMENT 'Price Incl Tax',
  `base_price_incl_tax` decimal(12,4) DEFAULT NULL COMMENT 'Base Price Incl Tax',
  `row_total_incl_tax` decimal(12,4) DEFAULT NULL COMMENT 'Row Total Incl Tax',
  `base_row_total_incl_tax` decimal(12,4) DEFAULT NULL COMMENT 'Base Row Total Incl Tax',
  `discount_tax_compensation_amount` decimal(12,4) DEFAULT NULL COMMENT 'Discount Tax Compensation Amount',
  `base_discount_tax_compensation_amount` decimal(12,4) DEFAULT NULL COMMENT 'Base Discount Tax Compensation Amount',
  `gift_message_id` int(11) DEFAULT NULL COMMENT 'Gift Message Id',
  `free_shipping` smallint(5) unsigned NOT NULL DEFAULT '0' COMMENT 'Free Shipping',
  `weee_tax_applied` text COMMENT 'Weee Tax Applied',
  `weee_tax_applied_amount` decimal(12,4) DEFAULT NULL COMMENT 'Weee Tax Applied Amount',
  `weee_tax_applied_row_amount` decimal(12,4) DEFAULT NULL COMMENT 'Weee Tax Applied Row Amount',
  `weee_tax_disposition` decimal(12,4) DEFAULT NULL COMMENT 'Weee Tax Disposition',
  `weee_tax_row_disposition` decimal(12,4) DEFAULT NULL COMMENT 'Weee Tax Row Disposition',
  `base_weee_tax_applied_amount` decimal(12,4) DEFAULT NULL COMMENT 'Base Weee Tax Applied Amount',
  `base_weee_tax_applied_row_amnt` decimal(12,4) DEFAULT NULL COMMENT 'Base Weee Tax Applied Row Amnt',
  `base_weee_tax_disposition` decimal(12,4) DEFAULT NULL COMMENT 'Base Weee Tax Disposition',
  `base_weee_tax_row_disposition` decimal(12,4) DEFAULT NULL COMMENT 'Base Weee Tax Row Disposition',
  PRIMARY KEY (`item_id`),
  KEY `QUOTE_ITEM_PARENT_ITEM_ID` (`parent_item_id`),
  KEY `QUOTE_ITEM_PRODUCT_ID` (`product_id`),
  KEY `QUOTE_ITEM_QUOTE_ID` (`quote_id`),
  KEY `QUOTE_ITEM_STORE_ID` (`store_id`)
) ENGINE=InnoDB DEFAULT CHARSET=utf8 COMMENT='Sales Flat Quote Item';

--
-- Dumping data for table `quote_item`
--


--
-- Table structure for table `quote_item_option`
--

CREATE TABLE `quote_item_option` (
  `option_id` int(10) unsigned NOT NULL AUTO_INCREMENT COMMENT 'Option Id',
  `item_id` int(10) unsigned NOT NULL COMMENT 'Item Id',
  `product_id` int(10) unsigned NOT NULL COMMENT 'Product Id',
  `code` varchar(255) NOT NULL COMMENT 'Code',
  `value` text COMMENT 'Value',
  PRIMARY KEY (`option_id`),
  KEY `QUOTE_ITEM_OPTION_ITEM_ID` (`item_id`)
) ENGINE=InnoDB DEFAULT CHARSET=utf8 COMMENT='Sales Flat Quote Item Option';

--
-- Dumping data for table `quote_item_option`
--


--
-- Table structure for table `quote_payment`
--

CREATE TABLE `quote_payment` (
  `payment_id` int(10) unsigned NOT NULL AUTO_INCREMENT COMMENT 'Payment Id',
  `quote_id` int(10) unsigned NOT NULL DEFAULT '0' COMMENT 'Quote Id',
  `created_at` timestamp NOT NULL DEFAULT CURRENT_TIMESTAMP COMMENT 'Created At',
  `updated_at` timestamp NOT NULL DEFAULT '0000-00-00 00:00:00' ON UPDATE CURRENT_TIMESTAMP COMMENT 'Updated At',
  `method` varchar(255) DEFAULT NULL COMMENT 'Method',
  `cc_type` varchar(255) DEFAULT NULL COMMENT 'Cc Type',
  `cc_number_enc` varchar(255) DEFAULT NULL COMMENT 'Cc Number Enc',
  `cc_last_4` varchar(255) DEFAULT NULL COMMENT 'Cc Last 4',
  `cc_cid_enc` varchar(255) DEFAULT NULL COMMENT 'Cc Cid Enc',
  `cc_owner` varchar(255) DEFAULT NULL COMMENT 'Cc Owner',
  `cc_exp_month` varchar(255) DEFAULT NULL COMMENT 'Cc Exp Month',
  `cc_exp_year` smallint(5) unsigned DEFAULT '0' COMMENT 'Cc Exp Year',
  `cc_ss_owner` varchar(255) DEFAULT NULL COMMENT 'Cc Ss Owner',
  `cc_ss_start_month` smallint(5) unsigned DEFAULT '0' COMMENT 'Cc Ss Start Month',
  `cc_ss_start_year` smallint(5) unsigned DEFAULT '0' COMMENT 'Cc Ss Start Year',
  `po_number` varchar(255) DEFAULT NULL COMMENT 'Po Number',
  `additional_data` text COMMENT 'Additional Data',
  `cc_ss_issue` varchar(255) DEFAULT NULL COMMENT 'Cc Ss Issue',
  `additional_information` text COMMENT 'Additional Information',
  `paypal_payer_id` varchar(255) DEFAULT NULL COMMENT 'Paypal Payer Id',
  `paypal_payer_status` varchar(255) DEFAULT NULL COMMENT 'Paypal Payer Status',
  `paypal_correlation_id` varchar(255) DEFAULT NULL COMMENT 'Paypal Correlation Id',
  PRIMARY KEY (`payment_id`),
  KEY `QUOTE_PAYMENT_QUOTE_ID` (`quote_id`)
) ENGINE=InnoDB DEFAULT CHARSET=utf8 COMMENT='Sales Flat Quote Payment';

--
-- Dumping data for table `quote_payment`
--


--
-- Table structure for table `quote_shipping_rate`
--

CREATE TABLE `quote_shipping_rate` (
  `rate_id` int(10) unsigned NOT NULL AUTO_INCREMENT COMMENT 'Rate Id',
  `address_id` int(10) unsigned NOT NULL DEFAULT '0' COMMENT 'Address Id',
  `created_at` timestamp NOT NULL DEFAULT CURRENT_TIMESTAMP COMMENT 'Created At',
  `updated_at` timestamp NOT NULL DEFAULT '0000-00-00 00:00:00' ON UPDATE CURRENT_TIMESTAMP COMMENT 'Updated At',
  `carrier` varchar(255) DEFAULT NULL COMMENT 'Carrier',
  `carrier_title` varchar(255) DEFAULT NULL COMMENT 'Carrier Title',
  `code` varchar(255) DEFAULT NULL COMMENT 'Code',
  `method` varchar(255) DEFAULT NULL COMMENT 'Method',
  `method_description` text COMMENT 'Method Description',
  `price` decimal(12,4) NOT NULL DEFAULT '0.0000' COMMENT 'Price',
  `error_message` text COMMENT 'Error Message',
  `method_title` text COMMENT 'Method Title',
  PRIMARY KEY (`rate_id`),
  KEY `QUOTE_SHIPPING_RATE_ADDRESS_ID` (`address_id`)
) ENGINE=InnoDB DEFAULT CHARSET=utf8 COMMENT='Sales Flat Quote Shipping Rate';

--
-- Dumping data for table `quote_shipping_rate`
--


--
-- Table structure for table `rating`
--

CREATE TABLE `rating` (
  `rating_id` smallint(5) unsigned NOT NULL AUTO_INCREMENT COMMENT 'Rating ID',
  `entity_id` smallint(5) unsigned NOT NULL DEFAULT '0' COMMENT 'Entity ID',
  `rating_code` varchar(64) NOT NULL COMMENT 'Rating Code',
  `position` smallint(5) unsigned NOT NULL DEFAULT '0' COMMENT 'Rating Position On Storefront',
  `is_active` smallint(6) NOT NULL DEFAULT '1' COMMENT 'Rating is active.',
  PRIMARY KEY (`rating_id`),
  UNIQUE KEY `RATING_RATING_CODE` (`rating_code`),
  KEY `RATING_ENTITY_ID` (`entity_id`)
) ENGINE=InnoDB AUTO_INCREMENT=5 DEFAULT CHARSET=utf8 COMMENT='Ratings';

--
-- Dumping data for table `rating`
--

INSERT INTO `rating` VALUES (1,1,'Quality',0,1),(2,1,'Value',0,1),(3,1,'Price',0,1),(4,1,'Rating',0,1);

--
-- Table structure for table `rating_entity`
--

CREATE TABLE `rating_entity` (
  `entity_id` smallint(5) unsigned NOT NULL AUTO_INCREMENT COMMENT 'Entity ID',
  `entity_code` varchar(64) NOT NULL COMMENT 'Entity Code',
  PRIMARY KEY (`entity_id`),
  UNIQUE KEY `RATING_ENTITY_ENTITY_CODE` (`entity_code`)
) ENGINE=InnoDB AUTO_INCREMENT=4 DEFAULT CHARSET=utf8 COMMENT='Rating entities';

--
-- Dumping data for table `rating_entity`
--

INSERT INTO `rating_entity` VALUES (1,'product'),(2,'product_review'),(3,'review');

--
-- Table structure for table `rating_option`
--

CREATE TABLE `rating_option` (
  `option_id` int(10) unsigned NOT NULL AUTO_INCREMENT COMMENT 'Rating Option Id',
  `rating_id` smallint(5) unsigned NOT NULL DEFAULT '0' COMMENT 'Rating Id',
  `code` varchar(32) NOT NULL COMMENT 'Rating Option Code',
  `value` smallint(5) unsigned NOT NULL DEFAULT '0' COMMENT 'Rating Option Value',
  `position` smallint(5) unsigned NOT NULL DEFAULT '0' COMMENT 'Ration option position on Storefront',
  PRIMARY KEY (`option_id`),
  KEY `RATING_OPTION_RATING_ID` (`rating_id`)
) ENGINE=InnoDB AUTO_INCREMENT=21 DEFAULT CHARSET=utf8 COMMENT='Rating options';

--
-- Dumping data for table `rating_option`
--

INSERT INTO `rating_option` VALUES (1,1,'1',1,1),(2,1,'2',2,2),(3,1,'3',3,3),(4,1,'4',4,4),(5,1,'5',5,5),(6,2,'1',1,1),(7,2,'2',2,2),(8,2,'3',3,3),(9,2,'4',4,4),(10,2,'5',5,5),(11,3,'1',1,1),(12,3,'2',2,2),(13,3,'3',3,3),(14,3,'4',4,4),(15,3,'5',5,5),(16,4,'1',1,1),(17,4,'2',2,2),(18,4,'3',3,3),(19,4,'4',4,4),(20,4,'5',5,5);

--
-- Table structure for table `rating_option_vote`
--

CREATE TABLE `rating_option_vote` (
  `vote_id` bigint(20) unsigned NOT NULL AUTO_INCREMENT COMMENT 'Vote id',
  `option_id` int(10) unsigned NOT NULL DEFAULT '0' COMMENT 'Vote option id',
  `remote_ip` varchar(16) NOT NULL COMMENT 'Customer IP',
  `remote_ip_long` bigint(20) NOT NULL DEFAULT '0' COMMENT 'Customer IP converted to long integer format',
  `customer_id` int(10) unsigned DEFAULT '0' COMMENT 'Customer Id',
  `entity_pk_value` bigint(20) unsigned NOT NULL DEFAULT '0' COMMENT 'Product id',
  `rating_id` smallint(5) unsigned NOT NULL DEFAULT '0' COMMENT 'Rating id',
  `review_id` bigint(20) unsigned DEFAULT NULL COMMENT 'Review id',
  `percent` smallint(6) NOT NULL DEFAULT '0' COMMENT 'Percent amount',
  `value` smallint(6) NOT NULL DEFAULT '0' COMMENT 'Vote option value',
  PRIMARY KEY (`vote_id`),
  KEY `RATING_OPTION_VOTE_REVIEW_ID_REVIEW_REVIEW_ID` (`review_id`),
  KEY `RATING_OPTION_VOTE_OPTION_ID` (`option_id`)
) ENGINE=InnoDB AUTO_INCREMENT=347 DEFAULT CHARSET=utf8 COMMENT='Rating option values';

--
-- Dumping data for table `rating_option_vote`
--

INSERT INTO `rating_option_vote` VALUES (1,17,'',0,NULL,1,4,1,40,2),(2,18,'',0,NULL,1,4,2,60,3),(3,20,'',0,NULL,6,4,3,100,5),(4,18,'',0,NULL,6,4,4,60,3),(5,17,'',0,NULL,6,4,5,40,2),(6,19,'',0,NULL,3,4,6,80,4),(7,18,'',0,NULL,3,4,7,60,3),(8,18,'',0,NULL,3,4,8,60,3),(9,20,'',0,NULL,2,4,9,100,5),(10,19,'',0,NULL,2,4,10,80,4),(11,16,'',0,NULL,4,4,11,20,1),(12,19,'',0,NULL,4,4,12,80,4),(13,20,'',0,NULL,4,4,13,100,5),(14,20,'',0,NULL,5,4,14,100,5),(15,17,'',0,NULL,5,4,15,40,2),(16,20,'',0,NULL,37,4,16,100,5),(17,20,'',0,NULL,37,4,17,100,5),(18,18,'',0,NULL,37,4,18,60,3),(19,19,'',0,NULL,40,4,19,80,4),(20,19,'',0,NULL,40,4,20,80,4),(21,18,'',0,NULL,40,4,21,60,3),(22,18,'',0,NULL,38,4,22,60,3),(23,17,'',0,NULL,38,4,23,40,2),(24,17,'',0,NULL,38,4,24,40,2),(25,19,'',0,NULL,36,4,25,80,4),(26,19,'',0,NULL,36,4,26,80,4),(27,20,'',0,NULL,39,4,27,100,5),(28,19,'',0,NULL,39,4,28,80,4),(29,17,'',0,NULL,39,4,29,40,2),(30,17,'',0,NULL,39,4,30,40,2),(31,20,'',0,NULL,276,4,31,100,5),(32,19,'',0,NULL,276,4,32,80,4),(33,20,'',0,NULL,292,4,33,100,5),(34,19,'',0,NULL,292,4,34,80,4),(35,17,'',0,NULL,420,4,35,40,2),(36,17,'',0,NULL,420,4,36,40,2),(37,19,'',0,NULL,420,4,37,80,4),(38,20,'',0,NULL,308,4,38,100,5),(39,19,'',0,NULL,308,4,39,80,4),(40,20,'',0,NULL,308,4,40,100,5),(41,20,'',0,NULL,404,4,41,100,5),(42,18,'',0,NULL,404,4,42,60,3),(43,19,'',0,NULL,404,4,43,80,4),(44,17,'',0,NULL,324,4,44,40,2),(45,18,'',0,NULL,324,4,45,60,3),(46,18,'',0,NULL,340,4,46,60,3),(47,18,'',0,NULL,340,4,47,60,3),(48,19,'',0,NULL,340,4,48,80,4),(49,19,'',0,NULL,356,4,49,80,4),(50,18,'',0,NULL,356,4,50,60,3),(51,19,'',0,NULL,372,4,51,80,4),(52,18,'',0,NULL,372,4,52,60,3),(53,17,'',0,NULL,743,4,53,40,2),(54,19,'',0,NULL,743,4,54,80,4),(55,16,'',0,NULL,743,4,55,20,1),(56,17,'',0,NULL,756,4,56,40,2),(57,17,'',0,NULL,756,4,57,40,2),(58,18,'',0,NULL,756,4,58,60,3),(59,19,'',0,NULL,769,4,59,80,4),(60,18,'',0,NULL,769,4,60,60,3),(61,19,'',0,NULL,782,4,61,80,4),(62,20,'',0,NULL,782,4,62,100,5),(63,19,'',0,NULL,782,4,63,80,4),(64,19,'',0,NULL,795,4,64,80,4),(65,19,'',0,NULL,795,4,65,80,4),(66,18,'',0,NULL,795,4,66,60,3),(67,18,'',0,NULL,564,4,67,60,3),(68,19,'',0,NULL,564,4,68,80,4),(69,20,'',0,NULL,564,4,69,100,5),(70,20,'',0,NULL,580,4,70,100,5),(71,19,'',0,NULL,580,4,71,80,4),(72,20,'',0,NULL,532,4,72,100,5),(73,16,'',0,NULL,532,4,73,20,1),(74,20,'',0,NULL,452,4,74,100,5),(75,17,'',0,NULL,452,4,75,40,2),(76,18,'',0,NULL,452,4,76,60,3),(77,20,'',0,NULL,468,4,77,100,5),(78,19,'',0,NULL,468,4,78,80,4),(79,18,'',0,NULL,468,4,79,60,3),(80,18,'',0,NULL,548,4,80,60,3),(81,19,'',0,NULL,548,4,81,80,4),(82,18,'',0,NULL,612,4,82,60,3),(83,18,'',0,NULL,612,4,83,60,3),(84,19,'',0,NULL,612,4,84,80,4),(85,20,'',0,NULL,628,4,85,100,5),(86,18,'',0,NULL,628,4,86,60,3),(87,18,'',0,NULL,628,4,87,60,3),(88,17,'',0,NULL,628,4,88,40,2),(89,19,'',0,NULL,484,4,89,80,4),(90,17,'',0,NULL,484,4,90,40,2),(91,20,'',0,NULL,484,4,91,100,5),(92,20,'',0,NULL,596,4,92,100,5),(93,16,'',0,NULL,596,4,93,20,1),(94,18,'',0,NULL,596,4,94,60,3),(95,19,'',0,NULL,500,4,95,80,4),(96,18,'',0,NULL,500,4,96,60,3),(97,20,'',0,NULL,500,4,97,100,5),(98,16,'',0,NULL,516,4,98,20,1),(99,17,'',0,NULL,516,4,99,40,2),(100,20,'',0,NULL,516,4,100,100,5),(101,19,'',0,NULL,899,4,101,80,4),(102,19,'',0,NULL,899,4,102,80,4),(103,19,'',0,NULL,899,4,103,80,4),(104,18,'',0,NULL,917,4,104,60,3),(105,19,'',0,NULL,917,4,105,80,4),(106,19,'',0,NULL,917,4,106,80,4),(107,17,'',0,NULL,930,4,107,40,2),(108,18,'',0,NULL,930,4,108,60,3),(109,19,'',0,NULL,930,4,109,80,4),(110,20,'',0,NULL,943,4,110,100,5),(111,17,'',0,NULL,943,4,111,40,2),(112,19,'',0,NULL,943,4,112,80,4),(113,18,'',0,NULL,956,4,113,60,3),(114,19,'',0,NULL,956,4,114,80,4),(115,20,'',0,NULL,969,4,115,100,5),(116,20,'',0,NULL,969,4,116,100,5),(117,18,'',0,NULL,969,4,117,60,3),(118,19,'',0,NULL,982,4,118,80,4),(119,17,'',0,NULL,982,4,119,40,2),(120,18,'',0,NULL,995,4,120,60,3),(121,18,'',0,NULL,995,4,121,60,3),(122,19,'',0,NULL,995,4,122,80,4),(123,16,'',0,NULL,644,4,123,20,1),(124,19,'',0,NULL,644,4,124,80,4),(125,18,'',0,NULL,644,4,125,60,3),(126,18,'',0,NULL,644,4,126,60,3),(127,18,'',0,NULL,660,4,127,60,3),(128,19,'',0,NULL,660,4,128,80,4),(129,20,'',0,NULL,660,4,129,100,5),(130,18,'',0,NULL,676,4,130,60,3),(131,18,'',0,NULL,676,4,131,60,3),(132,17,'',0,NULL,676,4,132,40,2),(133,17,'',0,NULL,682,4,133,40,2),(134,18,'',0,NULL,682,4,134,60,3),(135,19,'',0,NULL,682,4,135,80,4),(136,20,'',0,NULL,682,4,136,100,5),(137,20,'',0,NULL,7,4,137,100,5),(138,19,'',0,NULL,7,4,138,80,4),(139,18,'',0,NULL,7,4,139,60,3),(140,20,'',0,NULL,20,4,140,100,5),(141,19,'',0,NULL,20,4,141,80,4),(142,16,'',0,NULL,20,4,142,20,1),(143,18,'',0,NULL,18,4,143,60,3),(144,18,'',0,NULL,18,4,144,60,3),(145,20,'',0,NULL,23,4,145,100,5),(146,16,'',0,NULL,23,4,146,20,1),(147,18,'',0,NULL,23,4,147,60,3),(148,19,'',0,NULL,17,4,148,80,4),(149,20,'',0,NULL,17,4,149,100,5),(150,20,'',0,NULL,17,4,150,100,5),(151,20,'',0,NULL,19,4,151,100,5),(152,18,'',0,NULL,19,4,152,60,3),(153,20,'',0,NULL,19,4,153,100,5),(154,18,'',0,NULL,15,4,154,60,3),(155,20,'',0,NULL,16,4,155,100,5),(156,20,'',0,NULL,16,4,156,100,5),(157,19,'',0,NULL,8,4,157,80,4),(158,18,'',0,NULL,8,4,158,60,3),(159,18,'',0,NULL,8,4,159,60,3),(160,19,'',0,NULL,9,4,160,80,4),(161,18,'',0,NULL,9,4,161,60,3),(162,20,'',0,NULL,12,4,162,100,5),(163,19,'',0,NULL,12,4,163,80,4),(164,19,'',0,NULL,14,4,164,80,4),(165,18,'',0,NULL,14,4,165,60,3),(166,18,'',0,NULL,14,4,166,60,3),(167,20,'',0,NULL,10,4,167,100,5),(168,18,'',0,NULL,10,4,168,60,3),(169,20,'',0,NULL,11,4,169,100,5),(170,20,'',0,NULL,11,4,170,100,5),(171,16,'',0,NULL,11,4,171,20,1),(172,17,'',0,NULL,13,4,172,40,2),(173,19,'',0,NULL,13,4,173,80,4),(174,18,'',0,NULL,13,4,174,60,3),(175,19,'',0,NULL,42,4,175,80,4),(176,18,'',0,NULL,42,4,176,60,3),(177,18,'',0,NULL,42,4,177,60,3),(178,20,'',0,NULL,44,4,178,100,5),(179,17,'',0,NULL,44,4,179,40,2),(180,17,'',0,NULL,43,4,180,40,2),(181,18,'',0,NULL,43,4,181,60,3),(182,18,'',0,NULL,43,4,182,60,3),(183,19,'',0,NULL,41,4,183,80,4),(184,19,'',0,NULL,41,4,184,80,4),(185,18,'',0,NULL,1050,4,185,60,3),(186,20,'',0,NULL,1050,4,186,100,5),(187,20,'',0,NULL,1050,4,187,100,5),(188,20,'',0,NULL,1066,4,188,100,5),(189,16,'',0,NULL,1066,4,189,20,1),(190,19,'',0,NULL,1066,4,190,80,4),(191,19,'',0,NULL,1082,4,191,80,4),(192,18,'',0,NULL,1082,4,192,60,3),(193,17,'',0,NULL,1082,4,193,40,2),(194,17,'',0,NULL,1098,4,194,40,2),(195,19,'',0,NULL,1098,4,195,80,4),(196,18,'',0,NULL,1098,4,196,60,3),(197,19,'',0,NULL,1114,4,197,80,4),(198,19,'',0,NULL,1114,4,198,80,4),(199,19,'',0,NULL,1114,4,199,80,4),(200,19,'',0,NULL,1120,4,200,80,4),(201,19,'',0,NULL,1120,4,201,80,4),(202,18,'',0,NULL,1226,4,202,60,3),(203,19,'',0,NULL,1226,4,203,80,4),(204,18,'',0,NULL,1226,4,204,60,3),(205,20,'',0,NULL,1242,4,205,100,5),(206,17,'',0,NULL,1242,4,206,40,2),(207,18,'',0,NULL,1242,4,207,60,3),(208,19,'',0,NULL,1242,4,208,80,4),(209,20,'',0,NULL,1258,4,209,100,5),(210,20,'',0,NULL,1258,4,210,100,5),(211,18,'',0,NULL,1258,4,211,60,3),(212,20,'',0,NULL,1274,4,212,100,5),(213,19,'',0,NULL,1274,4,213,80,4),(214,19,'',0,NULL,1290,4,214,80,4),(215,19,'',0,NULL,1290,4,215,80,4),(216,20,'',0,NULL,1290,4,216,100,5),(217,18,'',0,NULL,1386,4,217,60,3),(218,20,'',0,NULL,1386,4,218,100,5),(219,20,'',0,NULL,1386,4,219,100,5),(220,18,'',0,NULL,1306,4,220,60,3),(221,17,'',0,NULL,1306,4,221,40,2),(222,20,'',0,NULL,1306,4,222,100,5),(223,20,'',0,NULL,1322,4,223,100,5),(224,16,'',0,NULL,1322,4,224,20,1),(225,19,'',0,NULL,1338,4,225,80,4),(226,19,'',0,NULL,1338,4,226,80,4),(227,20,'',0,NULL,1338,4,227,100,5),(228,18,'',0,NULL,1354,4,228,60,3),(229,18,'',0,NULL,1354,4,229,60,3),(230,18,'',0,NULL,1354,4,230,60,3),(231,20,'',0,NULL,1370,4,231,100,5),(232,18,'',0,NULL,1370,4,232,60,3),(233,20,'',0,NULL,1370,4,233,100,5),(234,19,'',0,NULL,1825,4,234,80,4),(235,19,'',0,NULL,1825,4,235,80,4),(236,20,'',0,NULL,1832,4,236,100,5),(237,19,'',0,NULL,1832,4,237,80,4),(238,20,'',0,NULL,1832,4,238,100,5),(239,20,'',0,NULL,1839,4,239,100,5),(240,19,'',0,NULL,1839,4,240,80,4),(241,16,'',0,NULL,1839,4,241,20,1),(242,19,'',0,NULL,1846,4,242,80,4),(243,20,'',0,NULL,1846,4,243,100,5),(244,20,'',0,NULL,1846,4,244,100,5),(245,17,'',0,NULL,1846,4,245,40,2),(246,18,'',0,NULL,1853,4,246,60,3),(247,18,'',0,NULL,1853,4,247,60,3),(248,18,'',0,NULL,1860,4,248,60,3),(249,17,'',0,NULL,1860,4,249,40,2),(250,20,'',0,NULL,1860,4,250,100,5),(251,20,'',0,NULL,1578,4,251,100,5),(252,19,'',0,NULL,1578,4,252,80,4),(253,19,'',0,NULL,1578,4,253,80,4),(254,19,'',0,NULL,1418,4,254,80,4),(255,18,'',0,NULL,1418,4,255,60,3),(256,19,'',0,NULL,1418,4,256,80,4),(257,20,'',0,NULL,1434,4,257,100,5),(258,17,'',0,NULL,1434,4,258,40,2),(259,18,'',0,NULL,1434,4,259,60,3),(260,17,'',0,NULL,1434,4,260,40,2),(261,17,'',0,NULL,1450,4,261,40,2),(262,19,'',0,NULL,1450,4,262,80,4),(263,19,'',0,NULL,1594,4,263,80,4),(264,20,'',0,NULL,1594,4,264,100,5),(265,17,'',0,NULL,1594,4,265,40,2),(266,17,'',0,NULL,1482,4,266,40,2),(267,19,'',0,NULL,1482,4,267,80,4),(268,19,'',0,NULL,1498,4,268,80,4),(269,16,'',0,NULL,1498,4,269,20,1),(270,17,'',0,NULL,1498,4,270,40,2),(271,19,'',0,NULL,1514,4,271,80,4),(272,18,'',0,NULL,1514,4,272,60,3),(273,19,'',0,NULL,1514,4,273,80,4),(274,20,'',0,NULL,1530,4,274,100,5),(275,19,'',0,NULL,1530,4,275,80,4),(276,18,'',0,NULL,1530,4,276,60,3),(277,18,'',0,NULL,1546,4,277,60,3),(278,20,'',0,NULL,1546,4,278,100,5),(279,20,'',0,NULL,1546,4,279,100,5),(280,18,'',0,NULL,1562,4,280,60,3),(281,17,'',0,NULL,1562,4,281,40,2),(282,19,'',0,NULL,1562,4,282,80,4),(283,19,'',0,NULL,1925,4,283,80,4),(284,18,'',0,NULL,1925,4,284,60,3),(285,17,'',0,NULL,1925,4,285,40,2),(286,20,'',0,NULL,1941,4,286,100,5),(287,20,'',0,NULL,1941,4,287,100,5),(288,17,'',0,NULL,1941,4,288,40,2),(289,20,'',0,NULL,1957,4,289,100,5),(290,19,'',0,NULL,1957,4,290,80,4),(291,19,'',0,NULL,1973,4,291,80,4),(292,19,'',0,NULL,1973,4,292,80,4),(293,17,'',0,NULL,1989,4,293,40,2),(294,19,'',0,NULL,1989,4,294,80,4),(295,20,'',0,NULL,1989,4,295,100,5),(296,18,'',0,NULL,1996,4,296,60,3),(297,19,'',0,NULL,1996,4,297,80,4),(298,20,'',0,NULL,2003,4,298,100,5),(299,17,'',0,NULL,2003,4,299,40,2),(300,18,'',0,NULL,2003,4,300,60,3),(301,20,'',0,NULL,2009,4,301,100,5),(302,19,'',0,NULL,2009,4,302,80,4),(303,20,'',0,NULL,2009,4,303,100,5),(304,16,'',0,NULL,2016,4,304,20,1),(305,19,'',0,NULL,2016,4,305,80,4),(306,20,'',0,NULL,2016,4,306,100,5),(307,19,'',0,NULL,2023,4,307,80,4),(308,20,'',0,NULL,2023,4,308,100,5),(309,18,'',0,NULL,2023,4,309,60,3),(310,20,'',0,NULL,2030,4,310,100,5),(311,19,'',0,NULL,2030,4,311,80,4),(312,17,'',0,NULL,2030,4,312,40,2),(313,16,'',0,NULL,2046,4,313,20,1),(314,18,'',0,NULL,2046,4,314,60,3),(315,20,'',0,NULL,2046,4,315,100,5),(316,18,'',0,NULL,1610,4,316,60,3),(317,19,'',0,NULL,1610,4,317,80,4),(318,19,'',0,NULL,1610,4,318,80,4),(319,19,'',0,NULL,1610,4,319,80,4),(320,17,'',0,NULL,1626,4,320,40,2),(321,16,'',0,NULL,1626,4,321,20,1),(322,20,'',0,NULL,1626,4,322,100,5),(323,19,'',0,NULL,1626,4,323,80,4),(324,19,'',0,NULL,1642,4,324,80,4),(325,17,'',0,NULL,1642,4,325,40,2),(326,19,'',0,NULL,1642,4,326,80,4),(327,17,'',0,NULL,1658,4,327,40,2),(328,19,'',0,NULL,1658,4,328,80,4),(329,18,'',0,NULL,1658,4,329,60,3),(330,16,'',0,NULL,1674,4,330,20,1),(331,17,'',0,NULL,1674,4,331,40,2),(332,18,'',0,NULL,1674,4,332,60,3),(333,20,'',0,NULL,1770,4,333,100,5),(334,19,'',0,NULL,1770,4,334,80,4),(335,17,'',0,NULL,1770,4,335,40,2),(336,19,'',0,NULL,1786,4,336,80,4),(337,17,'',0,NULL,1802,4,337,40,2),(338,18,'',0,NULL,1802,4,338,60,3),(339,19,'',0,NULL,1802,4,339,80,4),(340,19,'',0,NULL,1818,4,340,80,4),(341,18,'',0,NULL,1818,4,341,60,3),(342,19,'',0,NULL,1690,4,342,80,4),(343,19,'',0,NULL,1690,4,343,80,4),(344,18,'',0,NULL,1706,4,344,60,3),(345,17,'',0,NULL,1706,4,345,40,2),(346,18,'',0,NULL,1706,4,346,60,3);

--
-- Table structure for table `rating_option_vote_aggregated`
--

CREATE TABLE `rating_option_vote_aggregated` (
  `primary_id` int(11) NOT NULL AUTO_INCREMENT COMMENT 'Vote aggregation id',
  `rating_id` smallint(5) unsigned NOT NULL DEFAULT '0' COMMENT 'Rating id',
  `entity_pk_value` bigint(20) unsigned NOT NULL DEFAULT '0' COMMENT 'Product id',
  `vote_count` int(10) unsigned NOT NULL DEFAULT '0' COMMENT 'Vote dty',
  `vote_value_sum` int(10) unsigned NOT NULL DEFAULT '0' COMMENT 'General vote sum',
  `percent` smallint(6) NOT NULL DEFAULT '0' COMMENT 'Vote percent',
  `percent_approved` smallint(6) DEFAULT '0' COMMENT 'Vote percent approved by admin',
  `store_id` smallint(5) unsigned NOT NULL DEFAULT '0' COMMENT 'Store Id',
  PRIMARY KEY (`primary_id`),
  KEY `RATING_OPTION_VOTE_AGGREGATED_RATING_ID` (`rating_id`),
  KEY `RATING_OPTION_VOTE_AGGREGATED_STORE_ID` (`store_id`)
) ENGINE=InnoDB AUTO_INCREMENT=251 DEFAULT CHARSET=utf8 COMMENT='Rating vote aggregated';

--
-- Dumping data for table `rating_option_vote_aggregated`
--

INSERT INTO `rating_option_vote_aggregated` VALUES (1,4,1,2,5,50,50,0),(2,4,1,2,5,50,50,1),(3,4,6,3,10,67,67,0),(4,4,6,3,10,67,67,1),(5,4,3,3,10,67,67,0),(6,4,3,3,10,67,67,1),(7,4,2,2,9,90,90,0),(8,4,2,2,9,90,90,1),(9,4,4,3,10,67,67,0),(10,4,4,3,10,67,67,1),(11,4,5,2,7,70,70,0),(12,4,5,2,7,70,70,1),(13,4,37,3,13,87,87,0),(14,4,37,3,13,87,87,1),(15,4,40,3,11,73,73,0),(16,4,40,3,11,73,73,1),(17,4,38,3,7,47,47,0),(18,4,38,3,7,47,47,1),(19,4,36,2,8,80,80,0),(20,4,36,2,8,80,80,1),(21,4,39,4,13,65,65,0),(22,4,39,4,13,65,65,1),(23,4,276,2,9,90,90,0),(24,4,276,2,9,90,90,1),(25,4,292,2,9,90,90,0),(26,4,292,2,9,90,90,1),(27,4,420,3,8,53,53,0),(28,4,420,3,8,53,53,1),(29,4,308,3,14,93,93,0),(30,4,308,3,14,93,93,1),(31,4,404,3,12,80,80,0),(32,4,404,3,12,80,80,1),(33,4,324,2,5,50,50,0),(34,4,324,2,5,50,50,1),(35,4,340,3,10,67,67,0),(36,4,340,3,10,67,67,1),(37,4,356,2,7,70,70,0),(38,4,356,2,7,70,70,1),(39,4,372,2,7,70,70,0),(40,4,372,2,7,70,70,1),(41,4,743,3,7,47,47,0),(42,4,743,3,7,47,47,1),(43,4,756,3,7,47,47,0),(44,4,756,3,7,47,47,1),(45,4,769,2,7,70,70,0),(46,4,769,2,7,70,70,1),(47,4,782,3,13,87,87,0),(48,4,782,3,13,87,87,1),(49,4,795,3,11,73,73,0),(50,4,795,3,11,73,73,1),(51,4,564,3,12,80,80,0),(52,4,564,3,12,80,80,1),(53,4,580,2,9,90,90,0),(54,4,580,2,9,90,90,1),(55,4,532,2,6,60,60,0),(56,4,532,2,6,60,60,1),(57,4,452,3,10,67,67,0),(58,4,452,3,10,67,67,1),(59,4,468,3,12,80,80,0),(60,4,468,3,12,80,80,1),(61,4,548,2,7,70,70,0),(62,4,548,2,7,70,70,1),(63,4,612,3,10,67,67,0),(64,4,612,3,10,67,67,1),(65,4,628,4,13,65,65,0),(66,4,628,4,13,65,65,1),(67,4,484,3,11,73,73,0),(68,4,484,3,11,73,73,1),(69,4,596,3,9,60,60,0),(70,4,596,3,9,60,60,1),(71,4,500,3,12,80,80,0),(72,4,500,3,12,80,80,1),(73,4,516,3,8,53,53,0),(74,4,516,3,8,53,53,1),(75,4,899,3,12,80,80,0),(76,4,899,3,12,80,80,1),(77,4,917,3,11,73,73,0),(78,4,917,3,11,73,73,1),(79,4,930,3,9,60,60,0),(80,4,930,3,9,60,60,1),(81,4,943,3,11,73,73,0),(82,4,943,3,11,73,73,1),(83,4,956,2,7,70,70,0),(84,4,956,2,7,70,70,1),(85,4,969,3,13,87,87,0),(86,4,969,3,13,87,87,1),(87,4,982,2,6,60,60,0),(88,4,982,2,6,60,60,1),(89,4,995,3,10,67,67,0),(90,4,995,3,10,67,67,1),(91,4,644,4,11,55,55,0),(92,4,644,4,11,55,55,1),(93,4,660,3,12,80,80,0),(94,4,660,3,12,80,80,1),(95,4,676,3,8,53,53,0),(96,4,676,3,8,53,53,1),(97,4,682,4,14,70,70,0),(98,4,682,4,14,70,70,1),(99,4,7,3,12,80,80,0),(100,4,7,3,12,80,80,1),(101,4,20,3,10,67,67,0),(102,4,20,3,10,67,67,1),(103,4,18,2,6,60,60,0),(104,4,18,2,6,60,60,1),(105,4,23,3,9,60,60,0),(106,4,23,3,9,60,60,1),(107,4,17,3,14,93,93,0),(108,4,17,3,14,93,93,1),(109,4,19,3,13,87,87,0),(110,4,19,3,13,87,87,1),(111,4,15,1,3,60,60,0),(112,4,15,1,3,60,60,1),(113,4,16,2,10,100,100,0),(114,4,16,2,10,100,100,1),(115,4,8,3,10,67,67,0),(116,4,8,3,10,67,67,1),(117,4,9,2,7,70,70,0),(118,4,9,2,7,70,70,1),(119,4,12,2,9,90,90,0),(120,4,12,2,9,90,90,1),(121,4,14,3,10,67,67,0),(122,4,14,3,10,67,67,1),(123,4,10,2,8,80,80,0),(124,4,10,2,8,80,80,1),(125,4,11,3,11,73,73,0),(126,4,11,3,11,73,73,1),(127,4,13,3,9,60,60,0),(128,4,13,3,9,60,60,1),(129,4,42,3,10,67,67,0),(130,4,42,3,10,67,67,1),(131,4,44,2,7,70,70,0),(132,4,44,2,7,70,70,1),(133,4,43,3,8,53,53,0),(134,4,43,3,8,53,53,1),(135,4,41,2,8,80,80,0),(136,4,41,2,8,80,80,1),(137,4,1050,3,13,87,87,0),(138,4,1050,3,13,87,87,1),(139,4,1066,3,10,67,67,0),(140,4,1066,3,10,67,67,1),(141,4,1082,3,9,60,60,0),(142,4,1082,3,9,60,60,1),(143,4,1098,3,9,60,60,0),(144,4,1098,3,9,60,60,1),(145,4,1114,3,12,80,80,0),(146,4,1114,3,12,80,80,1),(147,4,1120,2,8,80,80,0),(148,4,1120,2,8,80,80,1),(149,4,1226,3,10,67,67,0),(150,4,1226,3,10,67,67,1),(151,4,1242,4,14,70,70,0),(152,4,1242,4,14,70,70,1),(153,4,1258,3,13,87,87,0),(154,4,1258,3,13,87,87,1),(155,4,1274,2,9,90,90,0),(156,4,1274,2,9,90,90,1),(157,4,1290,3,13,87,87,0),(158,4,1290,3,13,87,87,1),(159,4,1386,3,13,87,87,0),(160,4,1386,3,13,87,87,1),(161,4,1306,3,10,67,67,0),(162,4,1306,3,10,67,67,1),(163,4,1322,2,6,60,60,0),(164,4,1322,2,6,60,60,1),(165,4,1338,3,13,87,87,0),(166,4,1338,3,13,87,87,1),(167,4,1354,3,9,60,60,0),(168,4,1354,3,9,60,60,1),(169,4,1370,3,13,87,87,0),(170,4,1370,3,13,87,87,1),(171,4,1825,2,8,80,80,0),(172,4,1825,2,8,80,80,1),(173,4,1832,3,14,93,93,0),(174,4,1832,3,14,93,93,1),(175,4,1839,3,10,67,67,0),(176,4,1839,3,10,67,67,1),(177,4,1846,4,16,80,80,0),(178,4,1846,4,16,80,80,1),(179,4,1853,2,6,60,60,0),(180,4,1853,2,6,60,60,1),(181,4,1860,3,10,67,67,0),(182,4,1860,3,10,67,67,1),(183,4,1578,3,13,87,87,0),(184,4,1578,3,13,87,87,1),(185,4,1418,3,11,73,73,0),(186,4,1418,3,11,73,73,1),(187,4,1434,4,12,60,60,0),(188,4,1434,4,12,60,60,1),(189,4,1450,2,6,60,60,0),(190,4,1450,2,6,60,60,1),(191,4,1594,3,11,73,73,0),(192,4,1594,3,11,73,73,1),(193,4,1482,2,6,60,60,0),(194,4,1482,2,6,60,60,1),(195,4,1498,3,7,47,47,0),(196,4,1498,3,7,47,47,1),(197,4,1514,3,11,73,73,0),(198,4,1514,3,11,73,73,1),(199,4,1530,3,12,80,80,0),(200,4,1530,3,12,80,80,1),(201,4,1546,3,13,87,87,0),(202,4,1546,3,13,87,87,1),(203,4,1562,3,9,60,60,0),(204,4,1562,3,9,60,60,1),(205,4,1925,3,9,60,60,0),(206,4,1925,3,9,60,60,1),(207,4,1941,3,12,80,80,0),(208,4,1941,3,12,80,80,1),(209,4,1957,2,9,90,90,0),(210,4,1957,2,9,90,90,1),(211,4,1973,2,8,80,80,0),(212,4,1973,2,8,80,80,1),(213,4,1989,3,11,73,73,0),(214,4,1989,3,11,73,73,1),(215,4,1996,2,7,70,70,0),(216,4,1996,2,7,70,70,1),(217,4,2003,3,10,67,67,0),(218,4,2003,3,10,67,67,1),(219,4,2009,3,14,93,93,0),(220,4,2009,3,14,93,93,1),(221,4,2016,3,10,67,67,0),(222,4,2016,3,10,67,67,1),(223,4,2023,3,12,80,80,0),(224,4,2023,3,12,80,80,1),(225,4,2030,3,11,73,73,0),(226,4,2030,3,11,73,73,1),(227,4,2046,3,9,60,60,0),(228,4,2046,3,9,60,60,1),(229,4,1610,4,15,75,75,0),(230,4,1610,4,15,75,75,1),(231,4,1626,4,12,60,60,0),(232,4,1626,4,12,60,60,1),(233,4,1642,3,10,67,67,0),(234,4,1642,3,10,67,67,1),(235,4,1658,3,9,60,60,0),(236,4,1658,3,9,60,60,1),(237,4,1674,3,6,40,40,0),(238,4,1674,3,6,40,40,1),(239,4,1770,3,11,73,73,0),(240,4,1770,3,11,73,73,1),(241,4,1786,1,4,80,80,0),(242,4,1786,1,4,80,80,1),(243,4,1802,3,9,60,60,0),(244,4,1802,3,9,60,60,1),(245,4,1818,2,7,70,70,0),(246,4,1818,2,7,70,70,1),(247,4,1690,2,8,80,80,0),(248,4,1690,2,8,80,80,1),(249,4,1706,3,8,53,53,0),(250,4,1706,3,8,53,53,1);

--
-- Table structure for table `rating_store`
--

CREATE TABLE `rating_store` (
  `rating_id` smallint(5) unsigned NOT NULL DEFAULT '0' COMMENT 'Rating id',
  `store_id` smallint(5) unsigned NOT NULL DEFAULT '0' COMMENT 'Store id',
  PRIMARY KEY (`rating_id`,`store_id`),
  KEY `RATING_STORE_STORE_ID` (`store_id`)
) ENGINE=InnoDB DEFAULT CHARSET=utf8 COMMENT='Rating Store';

--
-- Dumping data for table `rating_store`
--

INSERT INTO `rating_store` VALUES (4,0),(4,1);

--
-- Table structure for table `rating_title`
--

CREATE TABLE `rating_title` (
  `rating_id` smallint(5) unsigned NOT NULL DEFAULT '0' COMMENT 'Rating Id',
  `store_id` smallint(5) unsigned NOT NULL DEFAULT '0' COMMENT 'Store Id',
  `value` varchar(255) NOT NULL COMMENT 'Rating Label',
  PRIMARY KEY (`rating_id`,`store_id`),
  KEY `RATING_TITLE_STORE_ID` (`store_id`)
) ENGINE=InnoDB DEFAULT CHARSET=utf8 COMMENT='Rating Title';

--
-- Dumping data for table `rating_title`
--


--
-- Table structure for table `release_notification_viewer_log`
--

CREATE TABLE `release_notification_viewer_log` (
  `id` int(10) unsigned NOT NULL AUTO_INCREMENT COMMENT 'Log ID',
  `viewer_id` int(10) unsigned NOT NULL COMMENT 'Viewer admin user ID',
  `last_view_version` varchar(16) NOT NULL COMMENT 'Viewer last view on product version',
  PRIMARY KEY (`id`),
  UNIQUE KEY `RELEASE_NOTIFICATION_VIEWER_LOG_VIEWER_ID` (`viewer_id`)
) ENGINE=InnoDB DEFAULT CHARSET=utf8 COMMENT='Release Notification Viewer Log Table';

--
-- Dumping data for table `release_notification_viewer_log`
--


--
-- Table structure for table `report_compared_product_index`
--

CREATE TABLE `report_compared_product_index` (
  `index_id` bigint(20) unsigned NOT NULL AUTO_INCREMENT COMMENT 'Index Id',
  `visitor_id` int(10) unsigned DEFAULT NULL COMMENT 'Visitor Id',
  `customer_id` int(10) unsigned DEFAULT NULL COMMENT 'Customer Id',
  `product_id` int(10) unsigned NOT NULL COMMENT 'Product Id',
  `store_id` smallint(5) unsigned DEFAULT NULL COMMENT 'Store Id',
  `added_at` timestamp NOT NULL DEFAULT CURRENT_TIMESTAMP COMMENT 'Added At',
  PRIMARY KEY (`index_id`),
  UNIQUE KEY `REPORT_COMPARED_PRODUCT_INDEX_VISITOR_ID_PRODUCT_ID` (`visitor_id`,`product_id`),
  UNIQUE KEY `REPORT_COMPARED_PRODUCT_INDEX_CUSTOMER_ID_PRODUCT_ID` (`customer_id`,`product_id`),
  KEY `REPORT_COMPARED_PRODUCT_INDEX_STORE_ID` (`store_id`),
  KEY `REPORT_COMPARED_PRODUCT_INDEX_ADDED_AT` (`added_at`),
  KEY `REPORT_COMPARED_PRODUCT_INDEX_PRODUCT_ID` (`product_id`)
) ENGINE=InnoDB DEFAULT CHARSET=utf8 COMMENT='Reports Compared Product Index Table';

--
-- Dumping data for table `report_compared_product_index`
--


--
-- Table structure for table `report_event`
--

CREATE TABLE `report_event` (
  `event_id` bigint(20) unsigned NOT NULL AUTO_INCREMENT COMMENT 'Event Id',
  `logged_at` timestamp NOT NULL DEFAULT CURRENT_TIMESTAMP COMMENT 'Logged At',
  `event_type_id` smallint(5) unsigned NOT NULL DEFAULT '0' COMMENT 'Event Type Id',
  `object_id` int(10) unsigned NOT NULL DEFAULT '0' COMMENT 'Object Id',
  `subject_id` int(10) unsigned NOT NULL DEFAULT '0' COMMENT 'Subject Id',
  `subtype` smallint(5) unsigned NOT NULL DEFAULT '0' COMMENT 'Subtype',
  `store_id` smallint(5) unsigned NOT NULL COMMENT 'Store Id',
  PRIMARY KEY (`event_id`),
  KEY `REPORT_EVENT_EVENT_TYPE_ID` (`event_type_id`),
  KEY `REPORT_EVENT_SUBJECT_ID` (`subject_id`),
  KEY `REPORT_EVENT_OBJECT_ID` (`object_id`),
  KEY `REPORT_EVENT_SUBTYPE` (`subtype`),
  KEY `REPORT_EVENT_STORE_ID` (`store_id`)
) ENGINE=InnoDB DEFAULT CHARSET=utf8 COMMENT='Reports Event Table';

--
-- Dumping data for table `report_event`
--


--
-- Table structure for table `report_event_types`
--

CREATE TABLE `report_event_types` (
  `event_type_id` smallint(5) unsigned NOT NULL AUTO_INCREMENT COMMENT 'Event Type Id',
  `event_name` varchar(64) NOT NULL COMMENT 'Event Name',
  `customer_login` smallint(5) unsigned NOT NULL DEFAULT '0' COMMENT 'Customer Login',
  PRIMARY KEY (`event_type_id`)
) ENGINE=InnoDB AUTO_INCREMENT=7 DEFAULT CHARSET=utf8 COMMENT='Reports Event Type Table';

--
-- Dumping data for table `report_event_types`
--

INSERT INTO `report_event_types` VALUES (1,'catalog_product_view',0),(2,'sendfriend_product',0),(3,'catalog_product_compare_add_product',0),(4,'checkout_cart_add_product',0),(5,'wishlist_add_product',0),(6,'wishlist_share',0);

--
-- Table structure for table `report_viewed_product_aggregated_daily`
--

CREATE TABLE `report_viewed_product_aggregated_daily` (
  `id` int(10) unsigned NOT NULL AUTO_INCREMENT COMMENT 'Id',
  `period` date DEFAULT NULL COMMENT 'Period',
  `store_id` smallint(5) unsigned DEFAULT NULL COMMENT 'Store Id',
  `product_id` int(10) unsigned DEFAULT NULL COMMENT 'Product Id',
  `product_name` varchar(255) DEFAULT NULL COMMENT 'Product Name',
  `product_price` decimal(12,4) NOT NULL DEFAULT '0.0000' COMMENT 'Product Price',
  `views_num` int(11) NOT NULL DEFAULT '0' COMMENT 'Number of Views',
  `rating_pos` smallint(5) unsigned NOT NULL DEFAULT '0' COMMENT 'Rating Pos',
  PRIMARY KEY (`id`),
  UNIQUE KEY `REPORT_VIEWED_PRD_AGGRED_DAILY_PERIOD_STORE_ID_PRD_ID` (`period`,`store_id`,`product_id`),
  KEY `REPORT_VIEWED_PRODUCT_AGGREGATED_DAILY_STORE_ID` (`store_id`),
  KEY `REPORT_VIEWED_PRODUCT_AGGREGATED_DAILY_PRODUCT_ID` (`product_id`)
) ENGINE=InnoDB DEFAULT CHARSET=utf8 COMMENT='Most Viewed Products Aggregated Daily';

--
-- Dumping data for table `report_viewed_product_aggregated_daily`
--


--
-- Table structure for table `report_viewed_product_aggregated_monthly`
--

CREATE TABLE `report_viewed_product_aggregated_monthly` (
  `id` int(10) unsigned NOT NULL AUTO_INCREMENT COMMENT 'Id',
  `period` date DEFAULT NULL COMMENT 'Period',
  `store_id` smallint(5) unsigned DEFAULT NULL COMMENT 'Store Id',
  `product_id` int(10) unsigned DEFAULT NULL COMMENT 'Product Id',
  `product_name` varchar(255) DEFAULT NULL COMMENT 'Product Name',
  `product_price` decimal(12,4) NOT NULL DEFAULT '0.0000' COMMENT 'Product Price',
  `views_num` int(11) NOT NULL DEFAULT '0' COMMENT 'Number of Views',
  `rating_pos` smallint(5) unsigned NOT NULL DEFAULT '0' COMMENT 'Rating Pos',
  PRIMARY KEY (`id`),
  UNIQUE KEY `REPORT_VIEWED_PRD_AGGRED_MONTHLY_PERIOD_STORE_ID_PRD_ID` (`period`,`store_id`,`product_id`),
  KEY `REPORT_VIEWED_PRODUCT_AGGREGATED_MONTHLY_STORE_ID` (`store_id`),
  KEY `REPORT_VIEWED_PRODUCT_AGGREGATED_MONTHLY_PRODUCT_ID` (`product_id`)
) ENGINE=InnoDB DEFAULT CHARSET=utf8 COMMENT='Most Viewed Products Aggregated Monthly';

--
-- Dumping data for table `report_viewed_product_aggregated_monthly`
--


--
-- Table structure for table `report_viewed_product_aggregated_yearly`
--

CREATE TABLE `report_viewed_product_aggregated_yearly` (
  `id` int(10) unsigned NOT NULL AUTO_INCREMENT COMMENT 'Id',
  `period` date DEFAULT NULL COMMENT 'Period',
  `store_id` smallint(5) unsigned DEFAULT NULL COMMENT 'Store Id',
  `product_id` int(10) unsigned DEFAULT NULL COMMENT 'Product Id',
  `product_name` varchar(255) DEFAULT NULL COMMENT 'Product Name',
  `product_price` decimal(12,4) NOT NULL DEFAULT '0.0000' COMMENT 'Product Price',
  `views_num` int(11) NOT NULL DEFAULT '0' COMMENT 'Number of Views',
  `rating_pos` smallint(5) unsigned NOT NULL DEFAULT '0' COMMENT 'Rating Pos',
  PRIMARY KEY (`id`),
  UNIQUE KEY `REPORT_VIEWED_PRD_AGGRED_YEARLY_PERIOD_STORE_ID_PRD_ID` (`period`,`store_id`,`product_id`),
  KEY `REPORT_VIEWED_PRODUCT_AGGREGATED_YEARLY_STORE_ID` (`store_id`),
  KEY `REPORT_VIEWED_PRODUCT_AGGREGATED_YEARLY_PRODUCT_ID` (`product_id`)
) ENGINE=InnoDB DEFAULT CHARSET=utf8 COMMENT='Most Viewed Products Aggregated Yearly';

--
-- Dumping data for table `report_viewed_product_aggregated_yearly`
--


--
-- Table structure for table `report_viewed_product_index`
--

CREATE TABLE `report_viewed_product_index` (
  `index_id` bigint(20) unsigned NOT NULL AUTO_INCREMENT COMMENT 'Index Id',
  `visitor_id` int(10) unsigned DEFAULT NULL COMMENT 'Visitor Id',
  `customer_id` int(10) unsigned DEFAULT NULL COMMENT 'Customer Id',
  `product_id` int(10) unsigned NOT NULL COMMENT 'Product Id',
  `store_id` smallint(5) unsigned DEFAULT NULL COMMENT 'Store Id',
  `added_at` timestamp NOT NULL DEFAULT CURRENT_TIMESTAMP COMMENT 'Added At',
  PRIMARY KEY (`index_id`),
  UNIQUE KEY `REPORT_VIEWED_PRODUCT_INDEX_VISITOR_ID_PRODUCT_ID` (`visitor_id`,`product_id`),
  UNIQUE KEY `REPORT_VIEWED_PRODUCT_INDEX_CUSTOMER_ID_PRODUCT_ID` (`customer_id`,`product_id`),
  KEY `REPORT_VIEWED_PRODUCT_INDEX_STORE_ID` (`store_id`),
  KEY `REPORT_VIEWED_PRODUCT_INDEX_ADDED_AT` (`added_at`),
  KEY `REPORT_VIEWED_PRODUCT_INDEX_PRODUCT_ID` (`product_id`)
) ENGINE=InnoDB DEFAULT CHARSET=utf8 COMMENT='Reports Viewed Product Index Table';

--
-- Dumping data for table `report_viewed_product_index`
--


--
-- Table structure for table `reporting_counts`
--

CREATE TABLE `reporting_counts` (
  `entity_id` int(10) unsigned NOT NULL AUTO_INCREMENT COMMENT 'Entity ID',
  `type` varchar(255) DEFAULT NULL COMMENT 'Item Reported',
  `count` int(10) unsigned DEFAULT NULL COMMENT 'Count Value',
  `updated_at` timestamp NOT NULL DEFAULT CURRENT_TIMESTAMP ON UPDATE CURRENT_TIMESTAMP COMMENT 'Updated At',
  PRIMARY KEY (`entity_id`)
) ENGINE=InnoDB DEFAULT CHARSET=utf8 COMMENT='Reporting for all count related events generated via the cron job';

--
-- Dumping data for table `reporting_counts`
--


--
-- Table structure for table `reporting_module_status`
--

CREATE TABLE `reporting_module_status` (
  `entity_id` int(10) unsigned NOT NULL AUTO_INCREMENT COMMENT 'Module Id',
  `name` varchar(255) DEFAULT NULL COMMENT 'Module Name',
  `active` varchar(255) DEFAULT NULL COMMENT 'Module Active Status',
  `setup_version` varchar(255) DEFAULT NULL COMMENT 'Module Version',
  `state` varchar(255) DEFAULT NULL COMMENT 'Module State',
  `updated_at` timestamp NOT NULL DEFAULT CURRENT_TIMESTAMP ON UPDATE CURRENT_TIMESTAMP COMMENT 'Updated At',
  PRIMARY KEY (`entity_id`)
) ENGINE=InnoDB DEFAULT CHARSET=utf8 COMMENT='Module Status Table';

--
-- Dumping data for table `reporting_module_status`
--


--
-- Table structure for table `reporting_orders`
--

CREATE TABLE `reporting_orders` (
  `entity_id` int(10) unsigned NOT NULL AUTO_INCREMENT COMMENT 'Entity ID',
  `customer_id` int(10) unsigned DEFAULT NULL COMMENT 'Customer ID',
  `total` decimal(10,0) unsigned DEFAULT NULL,
  `total_base` decimal(10,0) unsigned DEFAULT NULL,
  `item_count` int(10) unsigned NOT NULL COMMENT 'Line Item Count',
  `updated_at` timestamp NOT NULL DEFAULT CURRENT_TIMESTAMP COMMENT 'Updated At',
  PRIMARY KEY (`entity_id`)
) ENGINE=InnoDB DEFAULT CHARSET=utf8 COMMENT='Reporting for all orders';

--
-- Dumping data for table `reporting_orders`
--


--
-- Table structure for table `reporting_system_updates`
--

CREATE TABLE `reporting_system_updates` (
  `entity_id` int(10) unsigned NOT NULL AUTO_INCREMENT COMMENT 'Entity ID',
  `type` varchar(255) DEFAULT NULL COMMENT 'Update Type',
  `action` varchar(255) DEFAULT NULL COMMENT 'Action Performed',
  `updated_at` timestamp NOT NULL DEFAULT CURRENT_TIMESTAMP COMMENT 'Updated At',
  PRIMARY KEY (`entity_id`)
) ENGINE=InnoDB DEFAULT CHARSET=utf8 COMMENT='Reporting for system updates';

--
-- Dumping data for table `reporting_system_updates`
--


--
-- Table structure for table `reporting_users`
--

CREATE TABLE `reporting_users` (
  `entity_id` int(10) unsigned NOT NULL AUTO_INCREMENT COMMENT 'Entity ID',
  `type` varchar(255) DEFAULT NULL COMMENT 'User Type',
  `action` varchar(255) DEFAULT NULL COMMENT 'Action Performed',
  `updated_at` timestamp NOT NULL DEFAULT CURRENT_TIMESTAMP COMMENT 'Updated At',
  PRIMARY KEY (`entity_id`)
) ENGINE=InnoDB DEFAULT CHARSET=utf8 COMMENT='Reporting for user actions';

--
-- Dumping data for table `reporting_users`
--


--
-- Table structure for table `review`
--

CREATE TABLE `review` (
  `review_id` bigint(20) unsigned NOT NULL AUTO_INCREMENT COMMENT 'Review id',
  `created_at` timestamp NOT NULL DEFAULT CURRENT_TIMESTAMP COMMENT 'Review create date',
  `entity_id` smallint(5) unsigned NOT NULL DEFAULT '0' COMMENT 'Entity id',
  `entity_pk_value` int(10) unsigned NOT NULL DEFAULT '0' COMMENT 'Product id',
  `status_id` smallint(5) unsigned NOT NULL DEFAULT '0' COMMENT 'Status code',
  PRIMARY KEY (`review_id`),
  KEY `REVIEW_ENTITY_ID` (`entity_id`),
  KEY `REVIEW_STATUS_ID` (`status_id`),
  KEY `REVIEW_ENTITY_PK_VALUE` (`entity_pk_value`)
) ENGINE=InnoDB AUTO_INCREMENT=347 DEFAULT CHARSET=utf8 COMMENT='Review base information';

--
-- Dumping data for table `review`
--

INSERT INTO `review` VALUES (1,'2018-12-04 12:35:27',1,1,1),(2,'2018-12-04 12:35:27',1,1,1),(3,'2018-12-04 12:35:27',1,6,1),(4,'2018-12-04 12:35:27',1,6,1),(5,'2018-12-04 12:35:27',1,6,1),(6,'2018-12-04 12:35:27',1,3,1),(7,'2018-12-04 12:35:27',1,3,1),(8,'2018-12-04 12:35:27',1,3,1),(9,'2018-12-04 12:35:27',1,2,1),(10,'2018-12-04 12:35:27',1,2,1),(11,'2018-12-04 12:35:27',1,4,1),(12,'2018-12-04 12:35:27',1,4,1),(13,'2018-12-04 12:35:27',1,4,1),(14,'2018-12-04 12:35:27',1,5,1),(15,'2018-12-04 12:35:27',1,5,1),(16,'2018-12-04 12:35:27',1,37,1),(17,'2018-12-04 12:35:27',1,37,1),(18,'2018-12-04 12:35:27',1,37,1),(19,'2018-12-04 12:35:27',1,40,1),(20,'2018-12-04 12:35:27',1,40,1),(21,'2018-12-04 12:35:27',1,40,1),(22,'2018-12-04 12:35:27',1,38,1),(23,'2018-12-04 12:35:27',1,38,1),(24,'2018-12-04 12:35:27',1,38,1),(25,'2018-12-04 12:35:27',1,36,1),(26,'2018-12-04 12:35:27',1,36,1),(27,'2018-12-04 12:35:27',1,39,1),(28,'2018-12-04 12:35:27',1,39,1),(29,'2018-12-04 12:35:27',1,39,1),(30,'2018-12-04 12:35:27',1,39,1),(31,'2018-12-04 12:35:27',1,276,1),(32,'2018-12-04 12:35:27',1,276,1),(33,'2018-12-04 12:35:27',1,292,1),(34,'2018-12-04 12:35:27',1,292,1),(35,'2018-12-04 12:35:27',1,420,1),(36,'2018-12-04 12:35:27',1,420,1),(37,'2018-12-04 12:35:27',1,420,1),(38,'2018-12-04 12:35:27',1,308,1),(39,'2018-12-04 12:35:27',1,308,1),(40,'2018-12-04 12:35:27',1,308,1),(41,'2018-12-04 12:35:27',1,404,1),(42,'2018-12-04 12:35:27',1,404,1),(43,'2018-12-04 12:35:27',1,404,1),(44,'2018-12-04 12:35:27',1,324,1),(45,'2018-12-04 12:35:27',1,324,1),(46,'2018-12-04 12:35:28',1,340,1),(47,'2018-12-04 12:35:28',1,340,1),(48,'2018-12-04 12:35:28',1,340,1),(49,'2018-12-04 12:35:28',1,356,1),(50,'2018-12-04 12:35:28',1,356,1),(51,'2018-12-04 12:35:28',1,372,1),(52,'2018-12-04 12:35:28',1,372,1),(53,'2018-12-04 12:35:28',1,743,1),(54,'2018-12-04 12:35:28',1,743,1),(55,'2018-12-04 12:35:28',1,743,1),(56,'2018-12-04 12:35:28',1,756,1),(57,'2018-12-04 12:35:28',1,756,1),(58,'2018-12-04 12:35:28',1,756,1),(59,'2018-12-04 12:35:28',1,769,1),(60,'2018-12-04 12:35:28',1,769,1),(61,'2018-12-04 12:35:28',1,782,1),(62,'2018-12-04 12:35:28',1,782,1),(63,'2018-12-04 12:35:28',1,782,1),(64,'2018-12-04 12:35:28',1,795,1),(65,'2018-12-04 12:35:28',1,795,1),(66,'2018-12-04 12:35:28',1,795,1),(67,'2018-12-04 12:35:28',1,564,1),(68,'2018-12-04 12:35:28',1,564,1),(69,'2018-12-04 12:35:28',1,564,1),(70,'2018-12-04 12:35:28',1,580,1),(71,'2018-12-04 12:35:28',1,580,1),(72,'2018-12-04 12:35:28',1,532,1),(73,'2018-12-04 12:35:28',1,532,1),(74,'2018-12-04 12:35:28',1,452,1),(75,'2018-12-04 12:35:28',1,452,1),(76,'2018-12-04 12:35:28',1,452,1),(77,'2018-12-04 12:35:28',1,468,1),(78,'2018-12-04 12:35:28',1,468,1),(79,'2018-12-04 12:35:28',1,468,1),(80,'2018-12-04 12:35:28',1,548,1),(81,'2018-12-04 12:35:28',1,548,1),(82,'2018-12-04 12:35:28',1,612,1),(83,'2018-12-04 12:35:28',1,612,1),(84,'2018-12-04 12:35:28',1,612,1),(85,'2018-12-04 12:35:28',1,628,1),(86,'2018-12-04 12:35:28',1,628,1),(87,'2018-12-04 12:35:28',1,628,1),(88,'2018-12-04 12:35:28',1,628,1),(89,'2018-12-04 12:35:28',1,484,1),(90,'2018-12-04 12:35:28',1,484,1),(91,'2018-12-04 12:35:28',1,484,1),(92,'2018-12-04 12:35:28',1,596,1),(93,'2018-12-04 12:35:28',1,596,1),(94,'2018-12-04 12:35:28',1,596,1),(95,'2018-12-04 12:35:28',1,500,1),(96,'2018-12-04 12:35:28',1,500,1),(97,'2018-12-04 12:35:28',1,500,1),(98,'2018-12-04 12:35:28',1,516,1),(99,'2018-12-04 12:35:28',1,516,1),(100,'2018-12-04 12:35:28',1,516,1),(101,'2018-12-04 12:35:28',1,899,1),(102,'2018-12-04 12:35:28',1,899,1),(103,'2018-12-04 12:35:28',1,899,1),(104,'2018-12-04 12:35:28',1,917,1),(105,'2018-12-04 12:35:28',1,917,1),(106,'2018-12-04 12:35:28',1,917,1),(107,'2018-12-04 12:35:28',1,930,1),(108,'2018-12-04 12:35:28',1,930,1),(109,'2018-12-04 12:35:28',1,930,1),(110,'2018-12-04 12:35:28',1,943,1),(111,'2018-12-04 12:35:28',1,943,1),(112,'2018-12-04 12:35:28',1,943,1),(113,'2018-12-04 12:35:28',1,956,1),(114,'2018-12-04 12:35:28',1,956,1),(115,'2018-12-04 12:35:28',1,969,1),(116,'2018-12-04 12:35:28',1,969,1),(117,'2018-12-04 12:35:28',1,969,1),(118,'2018-12-04 12:35:28',1,982,1),(119,'2018-12-04 12:35:28',1,982,1),(120,'2018-12-04 12:35:28',1,995,1),(121,'2018-12-04 12:35:28',1,995,1),(122,'2018-12-04 12:35:28',1,995,1),(123,'2018-12-04 12:35:28',1,644,1),(124,'2018-12-04 12:35:28',1,644,1),(125,'2018-12-04 12:35:28',1,644,1),(126,'2018-12-04 12:35:28',1,644,1),(127,'2018-12-04 12:35:28',1,660,1),(128,'2018-12-04 12:35:28',1,660,1),(129,'2018-12-04 12:35:29',1,660,1),(130,'2018-12-04 12:35:29',1,676,1),(131,'2018-12-04 12:35:29',1,676,1),(132,'2018-12-04 12:35:29',1,676,1),(133,'2018-12-04 12:35:29',1,682,1),(134,'2018-12-04 12:35:29',1,682,1),(135,'2018-12-04 12:35:29',1,682,1),(136,'2018-12-04 12:35:29',1,682,1),(137,'2018-12-04 12:35:29',1,7,1),(138,'2018-12-04 12:35:29',1,7,1),(139,'2018-12-04 12:35:29',1,7,1),(140,'2018-12-04 12:35:29',1,20,1),(141,'2018-12-04 12:35:29',1,20,1),(142,'2018-12-04 12:35:29',1,20,1),(143,'2018-12-04 12:35:29',1,18,1),(144,'2018-12-04 12:35:29',1,18,1),(145,'2018-12-04 12:35:29',1,23,1),(146,'2018-12-04 12:35:29',1,23,1),(147,'2018-12-04 12:35:29',1,23,1),(148,'2018-12-04 12:35:29',1,17,1),(149,'2018-12-04 12:35:29',1,17,1),(150,'2018-12-04 12:35:29',1,17,1),(151,'2018-12-04 12:35:29',1,19,1),(152,'2018-12-04 12:35:29',1,19,1),(153,'2018-12-04 12:35:29',1,19,1),(154,'2018-12-04 12:35:29',1,15,1),(155,'2018-12-04 12:35:29',1,16,1),(156,'2018-12-04 12:35:29',1,16,1),(157,'2018-12-04 12:35:29',1,8,1),(158,'2018-12-04 12:35:29',1,8,1),(159,'2018-12-04 12:35:29',1,8,1),(160,'2018-12-04 12:35:29',1,9,1),(161,'2018-12-04 12:35:29',1,9,1),(162,'2018-12-04 12:35:29',1,12,1),(163,'2018-12-04 12:35:29',1,12,1),(164,'2018-12-04 12:35:29',1,14,1),(165,'2018-12-04 12:35:29',1,14,1),(166,'2018-12-04 12:35:29',1,14,1),(167,'2018-12-04 12:35:29',1,10,1),(168,'2018-12-04 12:35:29',1,10,1),(169,'2018-12-04 12:35:29',1,11,1),(170,'2018-12-04 12:35:29',1,11,1),(171,'2018-12-04 12:35:29',1,11,1),(172,'2018-12-04 12:35:29',1,13,1),(173,'2018-12-04 12:35:29',1,13,1),(174,'2018-12-04 12:35:29',1,13,1),(175,'2018-12-04 12:35:29',1,42,1),(176,'2018-12-04 12:35:29',1,42,1),(177,'2018-12-04 12:35:29',1,42,1),(178,'2018-12-04 12:35:29',1,44,1),(179,'2018-12-04 12:35:29',1,44,1),(180,'2018-12-04 12:35:29',1,43,1),(181,'2018-12-04 12:35:29',1,43,1),(182,'2018-12-04 12:35:29',1,43,1),(183,'2018-12-04 12:35:29',1,41,1),(184,'2018-12-04 12:35:29',1,41,1),(185,'2018-12-04 12:35:29',1,1050,1),(186,'2018-12-04 12:35:29',1,1050,1),(187,'2018-12-04 12:35:29',1,1050,1),(188,'2018-12-04 12:35:29',1,1066,1),(189,'2018-12-04 12:35:29',1,1066,1),(190,'2018-12-04 12:35:29',1,1066,1),(191,'2018-12-04 12:35:29',1,1082,1),(192,'2018-12-04 12:35:29',1,1082,1),(193,'2018-12-04 12:35:29',1,1082,1),(194,'2018-12-04 12:35:29',1,1098,1),(195,'2018-12-04 12:35:29',1,1098,1),(196,'2018-12-04 12:35:29',1,1098,1),(197,'2018-12-04 12:35:29',1,1114,1),(198,'2018-12-04 12:35:29',1,1114,1),(199,'2018-12-04 12:35:29',1,1114,1),(200,'2018-12-04 12:35:29',1,1120,1),(201,'2018-12-04 12:35:29',1,1120,1),(202,'2018-12-04 12:35:29',1,1226,1),(203,'2018-12-04 12:35:29',1,1226,1),(204,'2018-12-04 12:35:29',1,1226,1),(205,'2018-12-04 12:35:30',1,1242,1),(206,'2018-12-04 12:35:30',1,1242,1),(207,'2018-12-04 12:35:30',1,1242,1),(208,'2018-12-04 12:35:30',1,1242,1),(209,'2018-12-04 12:35:30',1,1258,1),(210,'2018-12-04 12:35:30',1,1258,1),(211,'2018-12-04 12:35:30',1,1258,1),(212,'2018-12-04 12:35:30',1,1274,1),(213,'2018-12-04 12:35:30',1,1274,1),(214,'2018-12-04 12:35:30',1,1290,1),(215,'2018-12-04 12:35:30',1,1290,1),(216,'2018-12-04 12:35:30',1,1290,1),(217,'2018-12-04 12:35:30',1,1386,1),(218,'2018-12-04 12:35:30',1,1386,1),(219,'2018-12-04 12:35:30',1,1386,1),(220,'2018-12-04 12:35:30',1,1306,1),(221,'2018-12-04 12:35:30',1,1306,1),(222,'2018-12-04 12:35:30',1,1306,1),(223,'2018-12-04 12:35:30',1,1322,1),(224,'2018-12-04 12:35:30',1,1322,1),(225,'2018-12-04 12:35:30',1,1338,1),(226,'2018-12-04 12:35:30',1,1338,1),(227,'2018-12-04 12:35:30',1,1338,1),(228,'2018-12-04 12:35:30',1,1354,1),(229,'2018-12-04 12:35:30',1,1354,1),(230,'2018-12-04 12:35:30',1,1354,1),(231,'2018-12-04 12:35:30',1,1370,1),(232,'2018-12-04 12:35:30',1,1370,1),(233,'2018-12-04 12:35:30',1,1370,1),(234,'2018-12-04 12:35:30',1,1825,1),(235,'2018-12-04 12:35:30',1,1825,1),(236,'2018-12-04 12:35:30',1,1832,1),(237,'2018-12-04 12:35:30',1,1832,1),(238,'2018-12-04 12:35:30',1,1832,1),(239,'2018-12-04 12:35:30',1,1839,1),(240,'2018-12-04 12:35:30',1,1839,1),(241,'2018-12-04 12:35:30',1,1839,1),(242,'2018-12-04 12:35:30',1,1846,1),(243,'2018-12-04 12:35:30',1,1846,1),(244,'2018-12-04 12:35:30',1,1846,1),(245,'2018-12-04 12:35:30',1,1846,1),(246,'2018-12-04 12:35:30',1,1853,1),(247,'2018-12-04 12:35:30',1,1853,1),(248,'2018-12-04 12:35:30',1,1860,1),(249,'2018-12-04 12:35:30',1,1860,1),(250,'2018-12-04 12:35:30',1,1860,1),(251,'2018-12-04 12:35:30',1,1578,1),(252,'2018-12-04 12:35:30',1,1578,1),(253,'2018-12-04 12:35:30',1,1578,1),(254,'2018-12-04 12:35:30',1,1418,1),(255,'2018-12-04 12:35:30',1,1418,1),(256,'2018-12-04 12:35:30',1,1418,1),(257,'2018-12-04 12:35:30',1,1434,1),(258,'2018-12-04 12:35:30',1,1434,1),(259,'2018-12-04 12:35:30',1,1434,1),(260,'2018-12-04 12:35:30',1,1434,1),(261,'2018-12-04 12:35:30',1,1450,1),(262,'2018-12-04 12:35:30',1,1450,1),(263,'2018-12-04 12:35:30',1,1594,1),(264,'2018-12-04 12:35:30',1,1594,1),(265,'2018-12-04 12:35:30',1,1594,1),(266,'2018-12-04 12:35:30',1,1482,1),(267,'2018-12-04 12:35:30',1,1482,1),(268,'2018-12-04 12:35:30',1,1498,1),(269,'2018-12-04 12:35:30',1,1498,1),(270,'2018-12-04 12:35:30',1,1498,1),(271,'2018-12-04 12:35:31',1,1514,1),(272,'2018-12-04 12:35:31',1,1514,1),(273,'2018-12-04 12:35:31',1,1514,1),(274,'2018-12-04 12:35:31',1,1530,1),(275,'2018-12-04 12:35:31',1,1530,1),(276,'2018-12-04 12:35:31',1,1530,1),(277,'2018-12-04 12:35:31',1,1546,1),(278,'2018-12-04 12:35:31',1,1546,1),(279,'2018-12-04 12:35:31',1,1546,1),(280,'2018-12-04 12:35:31',1,1562,1),(281,'2018-12-04 12:35:31',1,1562,1),(282,'2018-12-04 12:35:31',1,1562,1),(283,'2018-12-04 12:35:31',1,1925,1),(284,'2018-12-04 12:35:31',1,1925,1),(285,'2018-12-04 12:35:31',1,1925,1),(286,'2018-12-04 12:35:31',1,1941,1),(287,'2018-12-04 12:35:31',1,1941,1),(288,'2018-12-04 12:35:31',1,1941,1),(289,'2018-12-04 12:35:31',1,1957,1),(290,'2018-12-04 12:35:31',1,1957,1),(291,'2018-12-04 12:35:31',1,1973,1),(292,'2018-12-04 12:35:31',1,1973,1),(293,'2018-12-04 12:35:31',1,1989,1),(294,'2018-12-04 12:35:31',1,1989,1),(295,'2018-12-04 12:35:31',1,1989,1),(296,'2018-12-04 12:35:31',1,1996,1),(297,'2018-12-04 12:35:31',1,1996,1),(298,'2018-12-04 12:35:31',1,2003,1),(299,'2018-12-04 12:35:31',1,2003,1),(300,'2018-12-04 12:35:31',1,2003,1),(301,'2018-12-04 12:35:31',1,2009,1),(302,'2018-12-04 12:35:31',1,2009,1),(303,'2018-12-04 12:35:31',1,2009,1),(304,'2018-12-04 12:35:31',1,2016,1),(305,'2018-12-04 12:35:31',1,2016,1),(306,'2018-12-04 12:35:31',1,2016,1),(307,'2018-12-04 12:35:31',1,2023,1),(308,'2018-12-04 12:35:31',1,2023,1),(309,'2018-12-04 12:35:31',1,2023,1),(310,'2018-12-04 12:35:31',1,2030,1),(311,'2018-12-04 12:35:31',1,2030,1),(312,'2018-12-04 12:35:31',1,2030,1),(313,'2018-12-04 12:35:31',1,2046,1),(314,'2018-12-04 12:35:31',1,2046,1),(315,'2018-12-04 12:35:31',1,2046,1),(316,'2018-12-04 12:35:31',1,1610,1),(317,'2018-12-04 12:35:31',1,1610,1),(318,'2018-12-04 12:35:31',1,1610,1),(319,'2018-12-04 12:35:31',1,1610,1),(320,'2018-12-04 12:35:31',1,1626,1),(321,'2018-12-04 12:35:31',1,1626,1),(322,'2018-12-04 12:35:31',1,1626,1),(323,'2018-12-04 12:35:31',1,1626,1),(324,'2018-12-04 12:35:31',1,1642,1),(325,'2018-12-04 12:35:31',1,1642,1),(326,'2018-12-04 12:35:31',1,1642,1),(327,'2018-12-04 12:35:31',1,1658,1),(328,'2018-12-04 12:35:31',1,1658,1),(329,'2018-12-04 12:35:31',1,1658,1),(330,'2018-12-04 12:35:31',1,1674,1),(331,'2018-12-04 12:35:31',1,1674,1),(332,'2018-12-04 12:35:31',1,1674,1),(333,'2018-12-04 12:35:31',1,1770,1),(334,'2018-12-04 12:35:32',1,1770,1),(335,'2018-12-04 12:35:32',1,1770,1),(336,'2018-12-04 12:35:32',1,1786,1),(337,'2018-12-04 12:35:32',1,1802,1),(338,'2018-12-04 12:35:32',1,1802,1),(339,'2018-12-04 12:35:32',1,1802,1),(340,'2018-12-04 12:35:32',1,1818,1),(341,'2018-12-04 12:35:32',1,1818,1),(342,'2018-12-04 12:35:32',1,1690,1),(343,'2018-12-04 12:35:32',1,1690,1),(344,'2018-12-04 12:35:32',1,1706,1),(345,'2018-12-04 12:35:32',1,1706,1),(346,'2018-12-04 12:35:32',1,1706,1);

--
-- Table structure for table `review_detail`
--

CREATE TABLE `review_detail` (
  `detail_id` bigint(20) unsigned NOT NULL AUTO_INCREMENT COMMENT 'Review detail id',
  `review_id` bigint(20) unsigned NOT NULL DEFAULT '0' COMMENT 'Review id',
  `store_id` smallint(5) unsigned DEFAULT '0' COMMENT 'Store id',
  `title` varchar(255) NOT NULL COMMENT 'Title',
  `detail` text NOT NULL COMMENT 'Detail description',
  `nickname` varchar(128) NOT NULL COMMENT 'User nickname',
  `customer_id` int(10) unsigned DEFAULT NULL COMMENT 'Customer Id',
  PRIMARY KEY (`detail_id`),
  KEY `REVIEW_DETAIL_REVIEW_ID` (`review_id`),
  KEY `REVIEW_DETAIL_STORE_ID` (`store_id`),
  KEY `REVIEW_DETAIL_CUSTOMER_ID` (`customer_id`)
) ENGINE=InnoDB AUTO_INCREMENT=347 DEFAULT CHARSET=utf8 COMMENT='Review detail information';

--
-- Dumping data for table `review_detail`
--

INSERT INTO `review_detail` VALUES (1,1,1,'I prefer more compartments','I prefer more compartments. If you don\'t mind putting everything in one space, it\'s fine. Good for the gym.','Chi',NULL),(2,2,1,'I use it a lot ','It\'s a good size and I use it a lot. My only issue with it was I wanted the handles to be longer so I can wear it on my back.','Filiberto',NULL),(3,3,1,'I\'ve had this thing for really long','I\'ve had this thing for a really long time and it barely shows any signs of wear and tear. It\'s really big, too! I\'ve taken it on day trips as well as short vacations and usually have no trouble finding room for my stuff.','Herb',NULL),(4,4,1,'Decent bag','Decent bag. I keep my stuff in it for work and the gym. It\'s nice and roomy. I wish it had a more sophisticated design, though. Kinda looks like it\'s for kids.','Craig',NULL),(5,5,1,'Screwed up my back','I can\'t believe they\'re claiming these straps are \"padded.\" Wearing this thing to class for a semester totally screwed up my back, and my shoulders would start to ache after a few minutes where the straps dug in.','Orville',NULL),(6,6,1,'Awesome bag','Awesome bag but I found it to be smaller than I thought. I haven\'t felt any additional strain on my back and I use it all day long for my job.','Marty',NULL),(7,7,1,'The back needs more padding','If the back had more padding I would recommend it for everyone. You can tell the material is strong and not cheap so it\'s definitely worth it.','Chase',NULL),(8,8,1,'I bought this backpack for my son','I bought this backpack for my son to take to school, but he carries it like a suitcase now! It\'s also really good for airplane travel.','Kennith',NULL),(9,9,1,'awesome for going back and forth','This is awesome for going back and forth to class. I live off campus and it\'s a longer walk, but this pack fits comfortably and I can even store my laptop in the main compartment.','Gaston',NULL),(10,10,1,'comfy and i don\'t feel like a loser','comfy and i don\'t feel like a loser carrying it.','Issac',NULL),(11,11,1,'The shoulder strap broke ','The shoulder strap broke the first time I used it. Awesome.','Daren',NULL),(12,12,1,'Good for work. Holds everything ','This is good for work. Holds everything I need. The fabric doesn\'t seem that strong, but so far so good.','Garry',NULL),(13,13,1,'Great bag! I use it for everything! ','Great bag! I use it for everything! Not sure what happened with the person who said the strap broke because mine is perfect. Maybe it was fluke? I\'d return it and try another. It\'s been awesome for me!','Quinn',NULL),(14,14,1,'This bag is really cool','This bag is really cool. I\'m an art major, so I have tons of supplies that I have to lug back and forth every day for class. I didn\'t think this would be big enough, but surprisingly it can hold just about all my stuff. I really like the way it looks too.','Jame',NULL),(15,15,1,'Color is weird','I wanted to like this bag, and it is definitely good quality, but the color is so weird in real life. From a distance it kind of looks like I just found it in a dumpster. Shame because that is the only drawback.','Adalberto',NULL),(16,16,1,'I am OBSESSED with these','I run 5 times a day and am OBSESSED with this watch! It tracks and calculates all the things my brain can\'t because I hate maths. PS I know this is a men\'s watch and I am not a man, but I have large wrists!','Refugio',NULL),(17,17,1,'This thing is awesome ','This thing is awesome and remembers all the stuff I\'ve stored. ','Jewel',NULL),(18,18,1,'It slides around on my wrist','It slides around on my wrist when I sweat. I\'ve tried making it smaller but that doesn\'t seem to help.','Brice',NULL),(19,19,1,'Working flawlessly','I recently replace my 25 year old watch with this one, so it had high expectations to live up to. So far all the features are working flawlessly, I only hope it lasts as long as my old one.','Billy',NULL),(20,20,1,'offers a lot of technology','can\'t say this is the coolest looking watch I\'ve ever owned (it\'s no FAMOUS DESIGNER or anything) but it has a lot to offer technology-wise','Marc',NULL),(21,21,1,'Hydration alarm','This was given as a gift to me and it wasn\'t the one I asked for, but I\'m starting to like the different perks like the hydration alarm','Luther',NULL),(22,22,1,'It works ok but the ugliness is blinding','It works ok but the ugliness is blinding I am literally blinded','Leon',NULL),(23,23,1,'Watch too tight','Watch too tight please email how to loosen it or I\'ll leave bad review','Max',NULL),(24,24,1,'No ticktock','I got it because I thought it would still make a ticktick noise even though it\'s digital, but it doesn\'t!','Chuck',NULL),(25,25,1,'Not a bad watch for the price','Not a bad watch for the price. Wish it had actual numbers instead of marks, though.','Robert',NULL),(26,26,1,'the only watch I wear','Hands down, it\'s the only watch I wear when I\'m out on a run. The strap is soft and smooth, and the face even glows in the dark.','Noe',NULL),(27,27,1,'Dual time zone settings','When I\'m in another country, I hate not knowing what time it really is back home so the dual time zone settings are awesome!','Frank',NULL),(28,28,1,'Really perfect for travel ','Really perfect for my needs. I travel a ton, so I\'ll always know what time to give my wife a call back home.','Jamie',NULL),(29,29,1,'I really like the modern look','I really like the modern look of this watch, but I could only get one time zone to work. I hope it has a warranty because I\'m sending it back!','Bobby',NULL),(30,30,1,'This watch is so tight','This watch is so tight around my wrist! I don\'t care if it\'s adjustable, it cuts off my circulation.','Tommie',NULL),(31,31,1,'My favorite layers','This is one of my favorite layers for running in the winter, it keeps me warm but it\'s not super bulky.','Markus',NULL),(32,32,1,'Weird looking pocket','I where it when I\'m coaching football so I can run up and down the sidelines and yell without getting to hot. The pocket on the chest is weird looking tho.','Xavier',NULL),(33,33,1,'Perfect layer for the game','Perfect layer for wearing to the game, it doesn\'t shed all over your clothes like a regular hoodie.','Mike',NULL),(34,34,1,'The fabric is great','the fabric is great, it keeps me warm but it\'s not bulky like my other hoodies. Runs large, though.','Emory',NULL),(35,35,1,'This jacket isn\'t keeping me warm','This jacket isn\'t keeping me warm','Jon',NULL),(36,36,1,'I don\'t feel protected','Not sure exactly what \"elements\" they\'re talking about here. I don\'t feel protected from any \"elements\" in this throw-away.','Homer',NULL),(37,37,1,'avid hiker/snowboarder','I\'m an avid hiker/snowboarder and know quality when I see it. Please don\'t be fooled by the thin feel of this jacket - I always feel very comfortable and only rarely feel too warm, and then it\'s only because I wear insulating base layers. You will not be disappointed, especially if you\'re into winter sports or outdoor activities at higher elevations. My only issue with it is the zipper, which broke and had to be replaced.','Wilbur',NULL),(38,38,1,'Has never let me down','This jacket is going to be by my side for the rest of my life. It\'s never let me down once in a rainstorm, always keeping me dry as I bike back and forth to work. ','Long',NULL),(39,39,1,'Practically perferct','I have to say this is a practically perfect rain jacket. I do wish it was heavier though since it only works for me in spring and summer rainstorms. ','Lindsay',NULL),(40,40,1,'Excellent quality. I actually love','Excellent quality. I actually love when it rains because I get a lot of compliments whenever I wear this jacket. ','Randell',NULL),(41,41,1,'I just live for this track jacket','I just live for this track jacket. Because it\'s solid, I can put it on over any t-shirt and look really athletic. I may not exercise all the time, but wearing this jacket makes other people think I do!','Wyatt',NULL),(42,42,1,'Not 100% sure how I feel','Not 100% sure how I feel about this yet so I\'m going to number it right in the middle. It keeps me warm but the fleece is kind of itchy. It definitely has to go on top of another layer or you\'ll spend all day itching!','Glen',NULL),(43,43,1,'fleece lining','The fleece lining is what sold me! I hate being cold and this jacket really helps me not to be. Almost perfect-the hem slightly unraveled which is preventing me from giving it a 5.','Shon',NULL),(44,44,1,'I didn\'t think it was that warm','I didn\'t think it was that warm at all and it needs a hood. I wouldn\'t wear it in the winter that\'s for sure. ','Neal',NULL),(45,45,1,'for my son to wear to school ','I got this for my son to wear to school and it\'s treated him very well. Not too bulky and the reversible design is a very nice touch!','Herschel',NULL),(46,46,1,'Kinda bulky','Kinda bulky when you wear both, but they still let me move ok. Great for football games.','Rudolf',NULL),(47,47,1,'easy to take apart','I like this one. It\'s easy to take apart when you want to wear the quilted part and zips back in no problem. If you\'re a big guy its fits a little tight under the arms though.','Emmett',NULL),(48,48,1,'does everything it\'s suppose','This jacket does everything it\'s supposed to do. Keeps me warm and has lots of room for my stuff. Good buy!','Burl',NULL),(49,49,1,'Love it; don\'t have to take off gloves','Love it; don\'t have to take my gloves off and dig around in my pocket for my ipod','Carol',NULL),(50,50,1,'Wish buttons were on sleeve','Wish the buttons were on the sleeve but still very cool. Jacket is way warm too','Ronald',NULL),(51,51,1,'Great on my evening ride','I went back to the site and snagged another in a different color - they\'re great on my evening rides. I usually prefer raglan sleeves but I am always comfortable in this design, and the mesh works wonders for keeping my temperature down. ','Arden',NULL),(52,52,1,'Loop thing broke','I\'d give it 4 or 5 stars if it wasn\'t for the fact that the effing  loop thing broke. It wasn\'t stretchy enough and now im back to carrying my fone and sweating on it ughghg! ','Jessie',NULL),(53,53,1,'They chafed me!','They chafed me!','Rashad',NULL),(54,54,1,'They are comfy','Don\'t know why people on here are so negative about these pants. They are comfy and feel very lightweight and soft. The internal pocket is great for cash when I need to refeul during runs! ','Barrett',NULL),(55,55,1,'Saggy pants','After running in these saggy pants I just wanted to crawl into a hole a die. ','Davis',NULL),(56,56,1,'These are really bulky','These are really bulky and not very flattering at all. It looks like I have a big bulge at my stomach. I wear them around the house but I wouldn\'t go out in public with them on.','Donte',NULL),(57,57,1,'Inseam is WAY too long','Either I\'m too short or this inseam is way off. WAY too long! I trip constantly in these.','Reyes',NULL),(58,58,1,'Keeping me warm before games','They do the job of keeping me warm before a game. I wear them then and only then-wouldn\'t wear them anywhere else.','Harold',NULL),(59,59,1,'There\'s nothing to dislike','There\'s nothing to dislike about these track pants bc they do everything you want??blocks the wind and keeps you warm. Very happy I got them!','Darius',NULL),(60,60,1,'The mesh lining sometimes snags','The mesh lining sometimes snags when your taking them off but that\'s pretty common I think. Like them and would recommend.','Armando',NULL),(61,61,1,'These are great!','These are great! Major major points for the two-tone design plus all those technologies - I never feel gross after my runs. A must have for anyone serious about their body! ','Hershel',NULL),(62,62,1,'I bought these for my man.','I bought these for my man. What can I say, these pants keep him comfortable and dry. Never heard any complaints except that he wishes they stretched more. Good buy! ','Hans',NULL),(63,63,1,'I like them','I like them, they keep my sweat on the down low. They are stretchy. And I like the pockets. They look cool, too. So yeah. Go buy them.','Kenny',NULL),(64,64,1,'THESE PANTS KEEP ME WARM','THESE PANTS KEEP ME WARM WHEN IM BENCHED AT MY GAME! I DON\'T GET TO PLAY A LOT. LOL','Nicky',NULL),(65,65,1,'Good dog walking pants','Good dog walking pants','Mark',NULL),(66,66,1,'The draw string is more like half a draw','The draw string is more like half a draw string. Dosent stay so pants fall of my butt. I think they run too big.','Margarito',NULL),(67,67,1,'I got this for running','I got this for running, but the fit is kind of funny so I just end up wearing it for yard work. It\'s light enough, just nothing special.','Tyree',NULL),(68,68,1,'Nice and light. ','Nice and light. I like that there\'s no obnoxious design.','Weston',NULL),(69,69,1,'I bought 5 of the same color!','People at the gym probably think I don\'t wwas my cloths because I wear this evryday but I just bought 5 of the same color because it\'s awesome!','Jude',NULL),(70,70,1,'my new favorite CrossFit shirt','Fits great. It\'s my new favorite CrossFit shirt.','Leigh',NULL),(71,71,1,'Works for the gym','Works for the gym and even as an undershirt.','Roland',NULL),(72,72,1,'I like the crew neck','I got this shirt in the v-neck version too and I like the crew a lot better. It seems to fit better and I think the fabric is lighter. This one doesn\'t have the mesh inserts but allover the fabric feels better.','Edison',NULL),(73,73,1,'Hate the fabric','Why is this kind of fabric all the rage? I know it\'s supposed to be the best thing since sliced bread with the moisture wicking crap but I feel like I sweat MORE than with just regular cotton. I\'m over paying an arm and a leg for the \"technology.\" give me a 5 dollar tshirt from the dollar store!','Hai',NULL),(74,74,1,'Ready to hit the gym','As soon as I put this shirt on I feel ready to hit the gym, even on my laziest days. Something about the way it feels just gets me psyched up!','Cletus',NULL),(75,75,1,'Too small ','I\'m a bodybuilder with extremely large, buff muscles and this shirt simply does not accommodate my bulk. Even with the V neck it\'s too tight around my neck, and the sleeve openings were practically cutting off circulation to my biceps and triceps! I had to send it back but I have to admit that felt good ;)','Gustavo',NULL),(76,76,1,'it says moisturewicking?','it says moisturewicking but i still sweat when i wear this shirt, don\'t trust what you read on the internet','Filiberto',NULL),(77,77,1,'This shirt is a dream come true','This shirt is a dream come true for a sweat bucket like me. Love the material and I don\'t look like I got stuck in the rain when I\'m done working out.','Nathan',NULL),(78,78,1,'Awesome tee! Not cheap.','Awesome tee! Not the cheapest though.','Darwin',NULL),(79,79,1,'Liked the way it fit mostly','Liked the way it fit mostly. But the collar was weird. I guess it kept me dry?','Jonas',NULL),(80,80,1,'Keeps me cool','I like this shirt, it keeps me cool when I\'m lifting. Would like a tighter fit though.','Warren',NULL),(81,81,1,'Gets the job done. Even when I\'m pouring','Gets the job done. Even when I\'m pouring sweat, this shirt maintains a nice dry feel. I think the sizing runs a little large, so order accordingly.','Jerome',NULL),(82,82,1,'I sweat SO much.','I sweat SO much. This top is fine when I don\'t intend to exert myself, but BOY does it NOT work for people with hyperhydrosis!','Alfonzo',NULL),(83,83,1,'This shirt is too tight and too thin.','This shirt is too tight and too thin. REALLY emphasizes the fact that I do not have clearly defined pectorals.','Sergio',NULL),(84,84,1,'Great training top. ','Great training top. I like that it also has UV protection because I\'m outdoors all the time. Seems are a little weird tho.','Donnell',NULL),(85,85,1,'I love this shirt. Perfect fit','I love this shirt. Perfect fit, perfect price. My dad plays on a softball team and I got one for him and he is very happy too. has my vote! ','Erwin',NULL),(86,86,1,'Comfortable and soft','On the plus side, it\'s definitely comfortble and soft,  and yes it does keep you dry  no matter how much you sweat. However, I found the cuffs to be too tight and the material is a little too sheer for my tastes. But it\'s not the most expensive on the shelf, so whatever.','Don',NULL),(87,87,1,'It\'s okay, a little boring. ','It\'s okay, a little boring. ','Maynard',NULL),(88,88,1,'Very comfy but wears thin','It is very comfy but wears thin - I won\'t be able to get much more use out it as it now is revealing my bra I think. I have the white one so I will switch to a darker color if I decide to by another 1. Very embarrassing when your at the gym. ','Hiram',NULL),(89,89,1,'I\'ve lost 50 pounds in 5 months','I\'ve lost 50 pounds in 5 months and this shirt kept me comfortable since day one. I would recommend it to anyone serious about workout. Sizes run small tho so order a size up. ','Darwin',NULL),(90,90,1,'Fell apart in wash','I don\'t even know where to begin. It fell apart during the third wash. Whoever says this is a good-quality piece of gear is lying through their teeth! ','Chung',NULL),(91,91,1,'Fantastic shirt for the price!','This is a fantastic shirt for the price!','Jae',NULL),(92,92,1,'Luma got it right with this one.','Luma got it right with this one. I don\'t care about looking stylish, I just want a shirt that will still feel good after an hour at the gym, and that\'s what I got.','Alfred',NULL),(93,93,1,'Ripped the FIRST TIME I wore ','This shirt ripped the FIRST TIME I wore it.','Carlo',NULL),(94,94,1,'Really comfy shirt','Really comfy shirt, sometimes clings a bit but at least it dries fast.','Gus',NULL),(95,95,1,'I work out a lot','I work out a lot and my shoulders are really big, most tank tops are too tight in the armholes but this one is great.','Harry',NULL),(96,96,1,'Nice fit and fabric','Nice fit and fabric, but the inserts are in weird places.','Damon',NULL),(97,97,1,'I purchased this tank top for my son','I purchased this tank top for my son when he\'s working out in the gym after school. It fits great and he loves it!','Duncan',NULL),(98,98,1,'Yea. This pilled imeddiately','Yea. This pilled imeddiately after I washed it. Definatly returning.','Wendell',NULL),(99,99,1,'Why can\'t you make this in my size?','Why can\'t you make this in my size? Thank you for the color at least. ','Harold',NULL),(100,100,1,'Wear this on evening runs','Wear this on evening runs. I absolutely adore it and will probably buy more.','Kasey',NULL),(101,101,1,'Great for baoting ','We go boating a lot and these are great for when I\'m putting our boat in the water. Those tiny rocks and pebbles can be super sharp but I never feel a single one of them. ','Manual',NULL),(102,102,1,'These do drain well','These do drain well and are really comfortable but the bottoms can still be slippery if you\'re walking on wet rocks. Just be careful!','Milton',NULL),(103,103,1,'They work great in water','They work great in water but I also like to wear em on hotter days if we\'re walking around and regular sandals will let too much debris get in.','Antwan',NULL),(104,104,1,'The only things I care about when I\'m ru','The only things I care about when I\'m running are comfort and speed. These are definitely comfortable but I don\'t think their lightweight enough to give me great speed. And the search continues.','Lamont',NULL),(105,105,1,'Great! I wear these almost every day-esp','Great! I wear these almost every day-especially love that I don\'t have to worry about the laces.','Gerald',NULL),(106,106,1,'These sit in my foyer waiting for my eve','These sit in my foyer waiting for my everyday run. Sometimes I run 5 miles in them, sometimes 10. They never let me down.','Ike',NULL),(107,107,1,'Running in these are imPOSSible!! I only','Running in these are imPOSSible!! I only can run 23 minutes at a time, but these hurt when I even do that. They look pretty snazzy though, lots of compliments from the ladies on my route.','Hugh',NULL),(108,108,1,'Pretty average cts. Their comfrtable whe','Pretty average cts. Their comfrtable when I first start but don\'t try working out too hard in them. You\'re feet will definitely start to hurt!','Judson',NULL),(109,109,1,'I wear these to my gym daily. I go hard ','I wear these to my gym daily. I go hard on the treadmill and these don\'t let me down.','Carlo',NULL),(110,110,1,'Love, love, love - did I say love? It wa','Love, love, love - did I say love? It was totally worth it to wait for Luma to come out with a trail running shoe. Very comfortable.','Jerold',NULL),(111,111,1,'I slipped on a rock on these shoes and I','I slipped on a rock on these shoes and I could feel all the pain. I would go out running on a regular day in these but not if it\'s been previously raining.','Ezra',NULL),(112,112,1,'The only thing I don\'t like about these ','The only thing I don\'t like about these shoes are the weird toes. They point upward making it look really strange on a guy. Otherwise very good.','Simon',NULL),(113,113,1,'These are really good to play tennis in ','These are really good to play tennis in too. They fit a little narrow in the heel which was fine for me but might be a problem for others.','Noah',NULL),(114,114,1,'I wore these until they finally gave out','I wore these until they finally gave out! Great running shoes..very comfortable and light and I could feel the difference the Torsion system makes. Highly recommended for anyone going out 4 to 5 times a week.','Joey',NULL),(115,115,1,'How awesome is it to find a product that','How awesome is it to find a product that works exactly as advertised! These seriously felt like I\'d been wearing them forever, the first time I put them on. The way it molds to your foot is amazing. I have run two full marathons in these with barely a blister. GO LUMA!','King',NULL),(116,116,1,'I wouldn\'t be a runner if it wasn\'t for ','I wouldn\'t be a runner if it wasn\'t for these shoes. I used to get really bad shin splints, blisters and pulled muscles no matter how much I stretched. Once I bought these it got so much eaiser. It is true that they are not that stylish but if you are serious about running, who cares?','Irwin',NULL),(117,117,1,'I wear these for a variety of sports and','I wear these for a variety of sports and they are very comfortable, no complaints there. I\'m not crazy about the design though. In person they look kind of feminine. Plus the color is no bueno. They somehow looked dirty and old even fresh out of the box.','Monroe',NULL),(118,118,1,'Awesome shoes!! I didn\'t realize how muc','Awesome shoes!! I didn\'t realize how much I\'d been missing by wearing other shoes without a lot of heel cushioning. I\'m sticking with these from now on.','Josh',NULL),(119,119,1,'They ran too narrow for me and the mater','They ran too narrow for me and the material was almost too light - seemed pretty flimsy and I don\'t think they would last very long.','Leslie',NULL),(120,120,1,'These are really REALLY LIGHT! Not much ','These are really REALLY LIGHT! Not much shoe or cushioning. My calves were sore after running in them 5 miles the first time.','Jody',NULL),(121,121,1,'Not great on slippery grass. I wear them','Not great on slippery grass. I wear them mostly for walking around.','Chad',NULL),(122,122,1,'I used these as racing flats and they we','I used these as racing flats and they were awesome. ','Anibal',NULL),(123,123,1,'Unflattering','Honestly, could this be any more unflattering? The cut is really bad and I can\'t see anyone looking good in this unless they\'re really muscular.','Dominic',NULL),(124,124,1,'Keeps me comfortable','I\'ve only worn it a few times so far, but it really keeps me comfortable at the gym. I throw on a pair of athletic shorts and call it a day.','Mervin',NULL),(125,125,1,'Nothing to write home about','I agree with the reviewer above. You can get this same tank in a million other stores, nothing to write home about. Do like the top stitching though-really adds some athleticsm.','Trey',NULL),(126,126,1,'Average tank','It\'s just an average tank. Nothing really to say about it. I rarely work out so I can\'t speak to the moisture-wicking part.','Edmund',NULL),(127,127,1,'NOT for skinny dudes ','Unless ur really muscular this won\'t look good. I\'m keeping it cuz it\'s motivation to keep working out. But skinny dudes be warned.','Tracey',NULL),(128,128,1,'Keeps me feeling dry','The fabric is great when I\'m sweating hard. It keeps me feeling dry. Wish there was more ventilation.','Archie',NULL),(129,129,1,'I feel awesome when I wear this','I feel awesome when I wear this to hit the gym!!!  The cut makes my triceps look huge. It\'s so rewarding to look in the mirror after a really tough workout. My girlfriend says I look like a lunkhead but I know she loves it!!','Eldon',NULL),(130,130,1,'Comfortable','Not as lightweight as it seems but it was ok. Comfortable.','Joey',NULL),(131,131,1,'I bought a few of these for my husband. ','I bought a few of these for my husband. He likes them but they did shrink when washed. I just don\'t put them in the dryer anymore and it\'s fine!','Matthew',NULL),(132,132,1,'TINY neck hole??','Why is the neck opening so small??? Didn\'t fit right.','Monroe',NULL),(133,133,1,'Shirt can stink after','Ok, MAYBE this is just me but I sweat a LOT when I run, and I\'ve noticed that this shirt really retains odor.  I washed it three times and it still stank so I had to just throw it away. Which sucks because I really liked it, but come on!','Scotty',NULL),(134,134,1,'Wish it was longer','wish it was longer. i\'m 5\'11 with a long torso and it\'s too short.','Alexander',NULL),(135,135,1,'Razorback version?','I\'d prefer if it was Racerback, but otherwise it\'s a great shirt. The Mesh zones are where you need them when you really get Sweaty.','Graham',NULL),(136,136,1,'Fits true to size, feels great.','Fits true to size, feels great. I bought three and I won\'t wear anything else when I\'m training.','Patrick',NULL),(137,137,1,'I bought this bag for my daughter','I bought this bag for my daughter because she travels all the time and she loves it! It\'s easy for her to roll and carry by herself even when full. ','Shella',NULL),(138,138,1,'Goes everywhere with me','I\'ve taken this bag to so many places and everything still works. I hate when the threads start to come apart and the zipper gets caught after like 2 uses. So far so good!','Crissy',NULL),(139,139,1,'The material is a little thin','The material is a little thin so I\'m afraid it won\'t last long. The zippers slide really nice and the wheels are good on the pavement. Overall a good purchase.','Alene',NULL),(140,140,1,'OBSESSED with this!','OBSESSED with this! I love that it\'s adjustable! A bit more expensive than I wanted, but TOTALLY worth it.','Cliff',NULL),(141,141,1,'Great but pricey','This totally makes me feel like I\'m actually working my muscles. The adjustable thing is awesome. A bit pricey though.','Fiona',NULL),(142,142,1,'I hate working out...This does not help.','I hate working out...This does not help.it gets tangled really easily.can\'t even get threw 1 work out with it. Returning.','Ardith',NULL),(143,143,1,'Want more resistance','Its great to be able to work out at home and sometimes on my lunch break at work - I wish this provided more resistance, though.','Randy',NULL),(144,144,1,'Agreed. More resistance','Agreed. I can do plenty of exercises with it and its awesome for when I can\'t make it to the gym, but I\'d like more resistance, too.','Keren',NULL),(145,145,1,'Too lazy to go to gym','I use these when I\'m too lazy to go to the gym. Really helps me stay in shape. I have already adjusted several times to increase the tension because I\'m getting stronger!','Madeleine',NULL),(146,146,1,'Do not buy!','Tried to adjust one and the plastic part just snapped in half. Very Disappointed. Do not buy!','Ricky',NULL),(147,147,1,'They work, nothing special. ','They work, nothing special. I had a set that I liked better but my ex stole it.   ','Krystle',NULL),(148,148,1,'Good value for the price','pretty satisfied with this jump rope. good value for the price','Lavonia',NULL),(149,149,1,'I BRING THIS TO ALL MY MEETS!','I BRING THIS TO ALL MY MEETS FOR WARMUP!!! BARELY TAKES UP ANY SPACE IN MY BAG','Andy',NULL),(150,150,1,'perfect for when I\'m too lazy','this is so perfect for when I\'m too lazy to go to the gym. I do a few pushups and then whip out the jump rope and work on my cardio. It\'s a quick workout that makes me feel greaat and I don\'t even have to leave the house','Orville',NULL),(151,151,1,'PURPLES','I bought these pushup grips because they came in purple!! my boyfriend has his own and I love using them but the purple was so perfect for me because I\'m a girly girl at heart','Toya',NULL),(152,152,1,'these are ok','these are ok, but my brother has the military ones and I like them loads better','Johanne',NULL),(153,153,1,'Will whip you into shape!','these things whip you into shape! a month after I got them and used them several times aeach week I could see a huge difference in my muscle tone. very happy with the results!!!  :)','Ashlea',NULL),(154,154,1,'Easy to clean','Wide mouth opening makes it easy to clean! ','Olimpia',NULL),(155,155,1,'Perfect weight','I always found 10 lb weights too light and 20 lb too heavy. This is just right!','Danielle',NULL),(156,156,1,'should\'ve got a while ago','I don\'t know why I didn\'t get this years ago. I\'ve been diligently doing ab workouts every day with little effect. Incorporated this into my routine and BAM! I can see my love handles melting away!','Keith',NULL),(157,157,1,'I love this bag! It\'s cute','I love this bag! It\'s cute and doesn\'t advertise that I\'m going to the gym like a duffel bag.','Dodie',NULL),(158,158,1,'I pack a TON of stuff','I take a TON of stuff to the gym and yoga studio. Way more than I should but this bag still allows me to carry a bunch of it. I like taking it better than any other bag.','Tara',NULL),(159,159,1,'Wish there were pockets ','I like it but I wish there were pockets on the inside instead of just one big space. I didn\'t think it would fit inside my locker but it did.','Chasidy',NULL),(160,160,1,'Motivated by this Bag!','I purchased this bag hoping it would give me more motivation to go to the gym and it has! Not too big, sized just right for me and all my friends love it :)','Tamisha',NULL),(161,161,1,'Wish it had more pocket','Wish it had more pockets, but it\'s still good. A shoulder strap would also have been nice.','Lidia',NULL),(162,162,1,'Fits tons of gear','I take this along whenever I head up to my cabin. Fits tons of gear plus a few of my favorite electronics. And duct tape.','Elizabeth',NULL),(163,163,1,'ok bag for a day\'s hike','ok bag for a day\'s hike around Hawk Mountain. Needs a sturdier top handle tho, things ripped','Sueann',NULL),(164,164,1,'I bike four miles a day to work and back','I bike four miles a day to work and back and I love this thing. It\'s a good size and it\'s pretty comfortable to wear across my back while I ride. So far I have not noticed much wear and tear on the fabric and I\'ve had it for 6 months.','Sadye',NULL),(165,165,1,'I would love this bag EXCEPT . . .','I would love this bag EXCEPT with the case on my Iphone won\'t fit in the cell phone pocket! Why make a pocket for cell phones if it\'s not going to fit an Iphone.','Adena',NULL),(166,166,1,'it\'s really ugly,','Its fine I guess but it\'s really ugly, I picked out a really cute bag for college but my mom got me this one instead.','Tracee',NULL),(167,167,1,'What\'s not to like about this bag?!!','What\'s not to like about this bag?!! It\'s simple, clean and modern, and it fits me perfeclty. The roominess is a big plus when I make multiple trips to the gym then the grocery store then wherever else. LOVE IT! ','Anglea',NULL),(168,168,1,'Did I get floor model?','I must have a floor model or soemthin cuz when I ordered it it came all stained up, some brown crust or somethin. Gross. I requested a refund so we\'ll see. Other than that I think it\'s a quality bag, just disappointed with mine. ','Lasandra',NULL),(169,169,1,'I bought this backpack for my daughter','I bought this backpack for my daughter who\'s going to college this year. Her campus is huge and I was concerned that she would hurt her back lugging all those books around. It seems like there\'s enough padding!','Francesca',NULL),(170,170,1,'I heart this backpack so hard. ','I heart this backpack so hard. The colors are soooo cute and there\'s enough room for all my stuff xoxo ','Susy',NULL),(171,171,1,'Can I give zero stars?','I would give this bag zero stars if I could!!!  All of the zippers fell off the first tim I used it!!!  DON\'T BUY THIS ','Ingeborg',NULL),(172,172,1,'Um, not actually waterproof','This bag is definitely not waterproof. I accidentally left it outside in a downpour, and my clothes got soaked. I\'m disappointed!','Aiko',NULL),(173,173,1,'A roomy duffle','I really love how roomy the duffle is. I\'m a clotheshorse, so I like to take a lot of outfits with me when I go away. I have no problem stuffing it all in. It\'s not a very stylish bag, but it serves its purpose.','Dollie',NULL),(174,174,1,'doesn\'t hold that much','It doesn\'t hold that much, so it\'s really just good for a night or two away. It\'s also pretty plain looking, so for those who like bells and whistles, look elsewhere.','Caroyln',NULL),(175,175,1,'Good bank for small hand','I bought this watch specifically for its band because I have really small wrists and have a hard time finding watches that fit, even ones that say women\'s. This one fit wonderfully and I could even make it smaller!','Desiree',NULL),(176,176,1,'Super sleek, love it. ','Super sleek, love it. I\'m buying another as a gift!','Cecelia',NULL),(177,177,1,'My mom loves it','I bought this watch for my mom to workout with and she loves it. It\'s not too difficult for her to set and she uses it all the time now.','Natosha',NULL),(178,178,1,'Not classical but cool','Even though I\'m a fan of classic/traditional styles, I bought this watch for something different since it\'s fun and I could really use for tracking my sprints. I have no complaints!','Pok',NULL),(179,179,1,'Buckle BROKE','my buckle BROKE off the 2nd time I wore it. And then I had issues getting a replacement even with the warranty. Luma needs to stick to clothing basics because they clearly are out of their league with the more technical stuff. UGH','Grace',NULL),(180,180,1,'It died after  a week','It died after  a week of infuriating malfunctionality! First that little plastic screen that houses the numbers - yeah. it popped off in 24 hours. Okay, no problem i thought, i\'ll just not touch any thing vital. Then the metal back popped off and landed in the toilet so there was just no recovering that. THEN  the buckle broke! In the trash it went!','Nadia',NULL),(181,181,1,'The strap broke','The strap broke, which made me think I have fat wrists but I don\'t.','Laronda',NULL),(182,182,1,'Pieces kept coming off','Pieces kept coming off.','Colleen',NULL),(183,183,1,'Keeps excellent time and is pretty tough','Keeps excellent time and is pretty tough! Still no scratches or scuffs after a year of wearing it.','Denese',NULL),(184,184,1,'Has been through quite a few adventures ','Has been through quite a few adventures and vacations with me and still looks and runs great. That includes plenty of trips to water parks with the kids! ','Joette',NULL),(185,185,1,'Rides up during workouts','Rides up a bit during workouts but otherwise it\'s pretty comfy! I like the hood.','Gala',NULL),(186,186,1,'Great for cooler runs. ','Great for cooler runs. ','Shonta',NULL),(187,187,1,'I literally wear this everywhere','I literally wear this everywhere even out to dinner!','Kathrine',NULL),(188,188,1,'I can\'t get enough of this hoodie','I can\'t get enough of this hoodie. It\'s so comfortable, I hate taking it off! I\'m buying it in more colors now so that I can wear it more without people realizing that I wear the same thing every day ;)','Olene',NULL),(189,189,1,'Not really flattering','Not really flattering for my body type','Scarlet',NULL),(190,190,1,'Softest hoodie ever','This hoodie may be the softest thing I\'ve ever touched! It\'s so perfect for curling up on a chilly day. I wore it hiking on a really cold day last November and it kept me really warm. My only issue is that it\'s kind of plain and unflattering. I would love to wear it all the time but it makes me look a little frumpy. Luma, I need this fabric with a more stylish design!','Martina',NULL),(191,191,1,'The fabric stains easily','The fabric stains easily but otherwise I\'m a big fan. I don\'t usually like to wear pullovers but the zipper makes it easy to get on and off.','Elly',NULL),(192,192,1,'I wear it to class','I usually just wear it to class but it\'s definitely comfortable and light enough that you could work out in it.','Temeka',NULL),(193,193,1,'Zipper is goofy','Honestly this hoodie is okay but I do not get thezipper. Why not just make a full length zipper? I would rather have no zipper.','Julieann',NULL),(194,194,1,'Needs long sleeves please','The fleece fabric is really nice, but I hate the short-sleeve design. Can you please make this with long sleeves? It\'ll keep me warmer!','Louisa',NULL),(195,195,1,'My favorite hoodie','This is definitely my favorite hoodie in my closet. I wouldn\'t wear it if it was freezing out, but it\'s a great extra layer on normal mornings.','Joelle',NULL),(196,196,1,'Not very stylish','It\'s kinda average and I don\'t know if I would get it again. With the right color combination, it might look ok, but the combo I have and the short sleeve style doesn\'t make it very stylish.','Jonna',NULL),(197,197,1,'Kept me warm','So I borrowed this from my mom and I have to say It\'s not my style but I was super cold and it did the job. ','Jeanelle',NULL),(198,198,1,'Great value','The sleeves are definitely thicker than you realize, which is a good thing! The photo is a little misleading because it makes the hoodie look thin but it\'s really quite substantial! Great value. ','Oma',NULL),(199,199,1,'Best hoodies I\'ve owned.','im planning on buying another one of these in another color. the best hoodie ive ever owned.','Beatris',NULL),(200,200,1,'Love it!','Walking our St. Benard is pretty serious exercise - you WILL sweat trying to keep up with him. This hoodie keeps me just warm enough and doesn\'t get bogged down with sweat. Love it! ','Georgeann',NULL),(201,201,1,'Fall weather jogs or walks','Perfect for fall weather jogs or walks on cool evenings. The sweat-wicking fabric works wonders, keeps the hoodie dry after you\'ve cooled down so you\'re not cold and wet (which I can\'t stand).','Stefany',NULL),(202,202,1,'Soft but not wrm','Definitely not as warm as I hoped, but its super soft. I\'ll wear it when I need another layer.','Lilliam',NULL),(203,203,1,'Ultra comfy','This is my go-to jacket when I\'m running in the morning. It keeps me warm and is ultra comfy.','Sadye',NULL),(204,204,1,'Pocket too small for mp3','The mp3 pocket barely fits my device. I was hoping for a slightly larger pocket.','Rolande',NULL),(205,205,1,'Fitted, awesome','Can I please wear this every day?! Would that be weird? It\'s fitted, which is awesome because I hate frumpy sweatshirts. And the fleece is a dream!','Elvina',NULL),(206,206,1,'Shrinks a lot','Mine shrunk to! :( I gave it to my little sister.','Alesha',NULL),(207,207,1,'Shrunk right away!','So annoyed! I loved this, but then it shrunk after I washed it once! It\'s adorable but now the sleeves are too short. Returning. :(','Tennille',NULL),(208,208,1,'my new fave zip up','OMG, I\'ve found my new fave zip up!! I live in this thing! I\'m just mad their arent more colors.','Lakeesha',NULL),(209,209,1,'Only shirt I wear anywmore','I wear this to class so often, my friend asked me if I actually own any other shirts!','Charlyn',NULL),(210,210,1,'it\'s so light and really long!','it\'s so light and really long! I wear it with jeans, yoga pants, whatever!','Regenia',NULL),(211,211,1,'Wish I\'d bought the tshirt','Love the material, but the hood kind of flops around. I should have bought the t-shirt instead of the hoodie.','Juliette',NULL),(212,212,1,'Fleece inside, sweater outside','I love wearing fleece, but I hate how it pills and picks up fluff and cat hair. This hoodie is perfect, because it\'s a fleece on the inside and a sweater on the outside. I wear it around the house all the time in the winter.','Anamaria',NULL),(213,213,1,'Great for hiking and camping','Great hoodie for hiking and camping in the fall. I really wish the pockets were bigger, though, I can\'t get my hands in them when I\'m wearing gloves.','Tiffiny',NULL),(214,214,1,'Super warm.','Super warm. My mom bought this for me for when I have to go watch my stupid brother play middle school football in 30 degree weather.','Cara',NULL),(215,215,1,'This is REALLY comfortable!','This is REALLY comfortable! It\'s a little too bulky to run or bike in, but for cold-weather hikes it\'s awesome.','Nadene',NULL),(216,216,1,'Thumb holes rock!','Thumb holes rock!','Tawny',NULL),(217,217,1,'REALLY lightweight.','OK this jacket is REALLY lightweight. But if it\'s really cold, you have to wear it with baselayers or you\'ll freeze. It\'s a good buy, but be prepared!','Illa',NULL),(218,218,1,'Nice for skiing','Looks good and feels good. It\'s nice for skiing because it blocks the wind and keeps you warm, but doesn\'t get too hot after you start sweating.','Ela',NULL),(219,219,1,'Most comfortable jacket','I have never worn such a comfortable jacket!!!  It\'s really thin and moves well with your body, I have no idea how it manages to keep you so warm. And if you\'ll be in really cold weather, you can easily add some extra layers underneath and still be comfortable.','Kecia',NULL),(220,220,1,'a little short for me','It\'s a little short for my loooooooooooooong torso, but it\'s still comfy and cute. Good for short runs.','Johna',NULL),(221,221,1,'Square shape','Makes me look like a square. Literally, like a square shape.','Jessi',NULL),(222,222,1,'This is my go-to jacket','This is my go-to jacket when I\'m running in the rain or cold! It\'s warm but lightweight, totally waterproof, and I love the colors!','Kellye',NULL),(223,223,1,'I wear this pretty much every day!','I wear this pretty much every day! The material is really soft and it goes with everything!','Marvella',NULL),(224,224,1,'Horrible unflatterung design','It\'s called not making clothes that are boxy and unflattering. Heard of it?','May',NULL),(225,225,1,'The actual color is brighter','The actual color is brighter than it looks in the photo, but thats why I like it for jogging in the neighborhood at night ','Chasidy',NULL),(226,226,1,'Big back pocket','my fave part is the back pocket. I needed a place to keep my cell phone safe when I run','Wava',NULL),(227,227,1,'Everyone loves this jacket on me','I got this jacket for tennis practice since its in my schools color and everyone on the team loves it!!','Kristyn',NULL),(228,228,1,'Rain proof?','I don\'t know if this jacket would be good for a whole day outside in the snow. It says waterproof but mine got pretty soaked one day when it was raining. ','Janna',NULL),(229,229,1,'Overheated','I agree with that other reviewer. I get very overheated while wearing this jacket while shoveling snow. ','Venetta',NULL),(230,230,1,'Great colors!','I\'m into the colors cause they\'re great for night skiing-but I overheated really fast in this jacket','Demetrice',NULL),(231,231,1,'This is the most dependable piece I own.','This is the most dependable piece I own. You\'ll rarely me without this on. (except in the summer)','Mathilde',NULL),(232,232,1,'Not for cold weather','This really doesn\'t deliver on the insulating part. I can\'t say I would throw this on in really chilly temperatures-need a coat.','Eda',NULL),(233,233,1,'Perfect, perfect, perfect in every way. ','Perfect, perfect, perfect in every way. I love the quilting and it keeps me toasty warm.','Denyse',NULL),(234,234,1,'Awesome bottoms ','Awesome bottoms for working out or just relaxing at the house.','Ashlee',NULL),(235,235,1,'Great for yoga','I\'m not a fan of really tight or compressed pants so I love these for my yoga classes (not so much for hot yoga, though). ','Nyla',NULL),(236,236,1,'Yoga is for hippees','I bought these to hang out in not for yoga. yoga is for hippees!','Judith',NULL),(237,237,1,'I can\'t stop lookin in the mirror! ','I can\'t stop lookin in the mirror! ','Isadora',NULL),(238,238,1,'Want more colors','Guys. I have like 10 pairs of these cause they\'re so comfy, natch! Please make more colors!','Isela',NULL),(239,239,1,'I have 5 pairs','I literally have about 5 pairs of these in my drawer. I don\'t just wear them to yoga though. Oh no! I wear them on a normal Saturday around town. Love them!','Dannielle',NULL),(240,240,1,'These pants move so well!','These pants move so well! They provide nice coverage so when I\'m in Downward Dog, I don\'t have to worry. I don\'t know about this Cooltech technology though. I sweat in them, so they definitely don\'t keep me dry. They\'re pretty warm!','Deloise',NULL),(241,241,1,'Seams separated righth away','I wear them once and the seams started to separate! Not constructed well at all. With the kazillion other yoga pants out there, there\'s no excuse for this!','Rosann',NULL),(242,242,1,'high waistband, no muffin top!','Love the cut and the high waistband. Bye bye, muffin top!','Lily',NULL),(243,243,1,'Relaxing','My favorite part of the day is when I get to come home, take my work pants off and slip these on. Sooo soft and perfect for relaxing.','Brittany',NULL),(244,244,1,'LOVE, LOVE, LOVE.  ','LOVE, LOVE, LOVE. They are so comfy and good for anything. I have two toddlers, so I rarely get a chance to finish my morning stretches and yoga, let alone get changed afterward before I get interrupted by my kids. Sometimes I will be making lunch and realize that I\'m still wearing these! They\'re so comfy and good for anything. It\'s nice to know that if I need to run out on a quick errand, I won\'t look like a total bum even if I forgot to change.','Brittni',NULL),(245,245,1,'NOT flattering.','NOT flattering. My boyfriend bought me these cuz he loves the way yoga pants look. I wore them once and he said I should return them then we broke up :(','Pamela',NULL),(246,246,1,'These are soft and stretchy','These are soft and stretchy enough but don\'t draw sweat away. ','Tarra',NULL),(247,247,1,'I bought these for yoga','I bought these for yoga but they make better pajama bottoms. I like a tighter fit for yoga.','Lue',NULL),(248,248,1,'These pants are so cute!','These pants are so cute! I like them better for lounging than exercising, though. The material gets a little too hot when I\'m working out.','Mavis',NULL),(249,249,1,'good for PJs but that\'s about it','good for PJs but that\'s about it','Kemberly',NULL),(250,250,1,'These are my favorite pants. ','These are my favorite pants. Super cute and soooo comfy.','Tashina',NULL),(251,251,1,'Soooooooooooooo light!','Soooooooooooooo light!','Beverlee',NULL),(252,252,1,'Cute.','Cute.','Latarsha',NULL),(253,253,1,'I really dig this shirt for races','I really dig this shirt for races, it makes me feel like I\'m flying.','Lorena',NULL),(254,254,1,'This shirt is decent for running','This shirt is pretty good! I\'m a long distance runner and it keeps me pretty comfortable, although these companies always act like their shirts are magical and really it\'s just pretty basic stuff. Still it\'s a decent shirt and I would recommend it. Just don\'t expect it to change your life.','Allyson',NULL),(255,255,1,'Wish it was longer','fits kind of awkward wish it was longer','Chloe',NULL),(256,256,1,'Fits my large head TG','So I have a really large head and I love this shirt bc the neckline is so stretchy! Honestly I have gotten stuck in other running shirts with the really small collar hahahahaha so embarrassing!!! !!','Hsiu',NULL),(257,257,1,'Flatters my big build','I have broad, strong shoulders and this top is one of the very few that flatters my build. 5 stars for sure!','Annamaria',NULL),(258,258,1,'Fits my fiancee better','My fiance accidentally put this on when he was getting dressed and it fit him better than it fits me?? ','Lang',NULL),(259,259,1,'Fabric is great for sport','I do think the fabric is great for sports but the cut and style are weeeird.','Becki',NULL),(260,260,1,'Doesn\'t help my figure one bit','The contored design is NOT really contored. I rarely wear this top out because it doesn\'t do anything for my figure.','Hellen',NULL),(261,261,1,'What\'s with the sleeve cut?','What\'s with the sleeve cut? I don\'t even have linebacker shoulders but I feel like the sleeves are cutting off circulation to my arms!','Pearle',NULL),(262,262,1,'Light, comfy','Light, comfy, does a good job shedding sweat.','Slyvia',NULL),(263,263,1,'Light but tight','This shirt is very light but a TIGHT fit! Almost compression-tight.','Nell',NULL),(264,264,1,'Looks and feels aweseom ','Really like the seams. Looks and feels awesome!','Skye',NULL),(265,265,1,'Really close-fitting. Do not love.','Really close-fitting. Do not love.','Amberly',NULL),(266,266,1,'Not at all soft','There\'s a ton of other t-shirts I\'d choose over this one. It\'s not soft at all and the fabric feels like sandpaper next to my skin-was really hoping for better.','Ashli',NULL),(267,267,1,'This T is a no brainer-solid color','This T is a no brainer-solid color, pairs with everything, and keeps me cool. What more could I want during my run?','Ruth',NULL),(268,268,1,'Thank you! ','Thank you! I\'m so sick of inappropriate workout clothes. This is exactly what I was looking for. Cover yourselves up, ladies!','Sonja',NULL),(269,269,1,'Um, NOT flattering at ALL.','Um, NOT flattering at ALL. Too tight and short.','Candie',NULL),(270,270,1,'Like the color .sleeves were too tight. ','Like the color .sleeves were too tight. felt constricted.','Elmira',NULL),(271,271,1,'Sooooooooooo soft! ','Sooooooooooo soft! Nice and long too.','Nyla',NULL),(272,272,1,'Cute, comfy. ','Cute, comfy. A little overpriced though.','Hollie',NULL),(273,273,1,'I love that it\'s so lightweight. ','I love that it\'s so lightweight. I can wear it under jackets and vests without feeling like a stuffed sausage.','Celestine',NULL),(274,274,1,'who doesn\'t love a racerback, amiright?!','who doesn\'t love a racerback, amiright?!','Irma',NULL),(275,275,1,'I where this AAALLLLL the time','I where this AAALLLLL the time to workout! Its so comfy and cute! I just wish it was a little longer.','Gidget',NULL),(276,276,1,'soft but a little tight','soft but a little tight for my liking.','Tatiana',NULL),(277,277,1,'Love the fabric, but it\'s huge!','Love the fabric, but it\'s huge! I look like a homeless person in it.','Maisie',NULL),(278,278,1,'Soft','seriously, I can\'t get over how soft this tank top is. Do you have anything else made with it?','Karine',NULL),(279,279,1,'omg I love this tank top, it\'s perfect','omg I love this tank top, it\'s perfect for running and yoga. The fabric is so soft and stretchy!','Bree',NULL),(280,280,1,'cool and dry','What I rally love here is that it does the job of keeping me cool and dry.  I\'m a big guy and sweat A LOT! Even after a day of gulf, I\'m still dry and comfortable. The problem is that the sleeves are very tight - actually bought a second shirt because i split the armpit/sleeve area of the first. Do yourself a favor and order a size bigger.  ','Lakeisha',NULL),(281,281,1,'Not great','Not great - buttons are too small and hurt my fingers trying to button it. I\'ve seen better designs...','Collette',NULL),(282,282,1,'What a versatile shirt!','What a versatile shirt! Not only does it feel very soft compared to my old worn out polos, but it also does the job promised. I like going out after my gamefor drinks so I look good then too and don\'t need to change into something fresh. ','Adaline',NULL),(283,283,1,'So comfortable I almost feel barefoot. T','So comfortable I almost feel barefoot. The treads on these is so intricate and deep, so they can be hard to clean. ','Karisa',NULL),(284,284,1,'On the plus side, the perforated cushion','On the plus side, the perforated cushioning  is really soft and reduces friction. However, they seem to absorb sweat and don\'t dry very quickly, which causes a lot of odor. ','Evelyn',NULL),(285,285,1,'I threw them out when the mushy lining s','I threw them out when the mushy lining started to ooze. ','Markita',NULL),(286,286,1,'Beyond perfection! I always get tons of ','Beyond perfection! I always get tons of compliments when I wear these out.','Manuela',NULL),(287,287,1,'These look awesome with EVERYTHING! Hone','These look awesome with EVERYTHING! Honestly, there\'s nothing you can wear that won\'t look perfect with these. Preppy and retro! Love them!','Gwen',NULL),(288,288,1,'The suede upper makes these pretty hard ','The suede upper makes these pretty hard to wear if its raining outside! The sneaker designers really weren\'t thinking on this one. Cute design though!','Jovan',NULL),(289,289,1,'Love a preppy sneaker! These are still a','Love a preppy sneaker! These are still adorable but not as casual as running shoes! Love them!','Shellie',NULL),(290,290,1,'These are my favorite new pair of sneake','These are my favorite new pair of sneakers! I just hate that they get dirty really fast.','Dena',NULL),(291,291,1,'Have had these for quite a while and the','Have had these for quite a while and they\'re still my go-to pair for every morning jog. Really hold up well and still feel good.','Evalyn',NULL),(292,292,1,'Really comfy and awesome for running or ','Really comfy and awesome for running or checking out trails at the park. ','Adele',NULL),(293,293,1,'Velcro straps?? Are you kidding me? Am I','Velcro straps?? Are you kidding me? Am I two years old? The bottom is cool though!','Star',NULL),(294,294,1,'Cool-looking kicks! I\'d wear them anywhe','Cool-looking kicks! I\'d wear them anywhere not just the gym or running. They\'ll look great with everything!','Nikki',NULL),(295,295,1,'I absolutely love these trainers. I can ','I absolutely love these trainers. I can get on the gym floor so quick becuz i don\'t have to tie any annoying ties.','Rosy',NULL),(296,296,1,'Don\'t like the strap on top; gets too lo','Don\'t like the strap on top; gets too loose sometimes','Aleen',NULL),(297,297,1,'Love the no laces and they feel really g','Love the no laces and they feel really good- wear em all the time!','Dannette',NULL),(298,298,1,'I love these for when I walk the boardwa','I love these for when I walk the boardwalk with my grandaughter. They seem pretty hip and I got lots of compliments on them from the ladies at the bingo night','Lita',NULL),(299,299,1,'These looked really ugly on my feet when','These looked really ugly on my feet when I got them. The picture online is much more flattering than the reality. I\'m bummed. ','Joyce',NULL),(300,300,1,'I can appreciate the concept, but I thin','I can appreciate the concept, but I think I\'ll be going back to regular laced sneakers from now on, they just didn\'t seem to fit my feet as well I guess because my feet are so narrow. People with narrow feet shouldn\'t buy these!','Gertrud',NULL),(301,301,1,'I couldn\'t live without these. I wear th','I couldn\'t live without these. I wear them everywhere, not just running. They feel like I don\'t have anything on my feet, and their so, so comfortble.','Leonia',NULL),(302,302,1,'These are really well made and so lightw','These are really well made and so lightweight. I\'ll definitely be buying more of these.','Nadene',NULL),(303,303,1,'Want these in every single color Luma ma','Want these in every single color Luma makes! I am the first to say that I\'m a couch potatoe, I don\'t run at all. I wear these to the mall for shopping instead. :)','Min',NULL),(304,304,1,'Ummm, fashion? If you say so. They\'re co','Ummm, fashion? If you say so. They\'re comfy and all, but these shoes are hideous.','Katy',NULL),(305,305,1,'Cute and comfortable definitely. The ela','Cute and comfortable definitely. The elastic streteched out a bit too much but I still wear them.','Laurice',NULL),(306,306,1,'Love love LOVE!!!  I can\'t get enough of ','Love love LOVE!!!  I can\'t get enough of these shoes. They are SUPER comfy and go with everything!','Kara',NULL),(307,307,1,'It was really hard to find the right siz','It was really hard to find the right size for these. I had to send them back 3 times before I got a pair that fit. Really aggravating!!!  I ended up having to get two sizes larger than I usually wear and a wide, which I\'ve never worn before in my life. Sizing is messed up do yourself a favor, go to the store and try them on.','Angeline',NULL),(308,308,1,'VERY LIGHTWEIGHT COMFY-GOOD SHOES','VERY LIGHTWEIGHT COMFY-GOOD SHOES','Marita',NULL),(309,309,1,'Wore these for a year and they started f','Wore these for a year and they started falling apart. For the price I guess I\'ll just get another pair cuz I do like them. But I think a shoe should last longer. It\'s not like I can take my sneakers to a cobbler haha','Pura',NULL),(310,310,1,'I am in love with these shoes and will b','I am in love with these shoes and will buy them until they don\'t make them anymore. I run every day in them and I\'m still on my first pair after a whole year. They\'re SO comfy.','Natashia',NULL),(311,311,1,'Design is adorable-when you have cute wo','Design is adorable-when you have cute workout gear, exercising is fun. I\'d buy these again.','Brigitte',NULL),(312,312,1,'Have no idea what all the fuss is about ','Have no idea what all the fuss is about with these. I don\'t know, maybe I just bought the wrong size, but these are so uncomfortable. They dig into my toes and I always end up with blisters. Their cute but will look elsewhere.','Roseline',NULL),(313,313,1,'Pic is WAY different then the real thing','Pic is WAY different then the real thing! My mom wouldn\'t even wear these there so ugly! Can I give a 0 rating?','Garnett',NULL),(314,314,1,'Meh, I\'m not hating them, but I\'m not in','Meh, I\'m not hating them, but I\'m not in love. The eyelet part looks way different online and the elastic band felt really tight. They are pretty comfy other than that.','Eugena',NULL),(315,315,1,'I\'m a mom on the go and I love these sho','I\'m a mom on the go and I love these shoes! They\'re comfy, cute and easy to slip on. What more could you ask for?','Elina',NULL),(316,316,1,'Not exactly true to size','Not exactly true to size but still very comfortable. ','Mistie',NULL),(317,317,1,'Snug fit without being too tight','Snug fit without being too tight and no irritation or chafing. ','Ming',NULL),(318,318,1,'bra stays comfy and dry','I play field hockey and it gets crazy hot outside - bra stays comfy and pretty dry. Recommended!','Mei',NULL),(319,319,1,'One of my favorites b/c no chafing!','One of my favorites b/c no chafing!','Bernetta',NULL),(320,320,1,'Doesn\'t fit me. Luma fail.','Doesn\'t fit me. Luma fail.','Roxie',NULL),(321,321,1,'does not fit. worthless.','does not fit. worthless.','Ardelia',NULL),(322,322,1,'So, so awesome. Great Support!','So, so awesome. Great Support! I just can\'t wait for the day that I\'m comfortable enough with my midriff to wear this sans shirt, because the pattern is really cute!!','Dorcas',NULL),(323,323,1,'I love this bra','I have a B cup and I love how this bra feels! It has a really firm fit but it doesn\'t feel too tight. I wish every bra felt like this!','Cayla',NULL),(324,324,1,'So comfortable','If I could wear this sports bra every day, I definitely would. It\'s so so comfortable and washes well.','Tonya',NULL),(325,325,1,'It\'s an average bra','It\'s an average bra-nothing to write home about. I don\'t like how the straps dig into my shoulders, and it really doesn\'t provide that much support.','Eartha',NULL),(326,326,1,'Make this with patterns','I wish they made this bra with patterns because I like to look good at the gym. This is a little blah, but still cute. I would never wear it by itself.','Jammie',NULL),(327,327,1,'Cute gym top','So, it doesn\'t say that theres no shelf bra. BEWARE! Other than that, cute gym top.','Lorena',NULL),(328,328,1,'Cute, stretchy top!','Cute, stretchy top! Perfect for people with zero body fat.','Modesta',NULL),(329,329,1,'I got every color','I am a compulsive hoarder of workout gear so of course I had to have this in every color. I feel better after I buy them all because it\'s a good price!','Ayanna',NULL),(330,330,1,'unflattering. Ugh.','unflattering. Ugh. The elastic was literaly digging into my skin. I got my exact size so I thought I\'d be good. All set.','Avelina',NULL),(331,331,1,'Training bra?','Makes me feel like I\'m wearing a training bra. Comfy though.','Maribel',NULL),(332,332,1,'Sizes are off','I had to order 3 sizes before I found my fit. The sizes do NOT line up. I did like it in the end. Just took too long to get there.','Krystina',NULL),(333,333,1,'Makes me feel so snug! WHOO! ','Makes me feel so snug! WHOO! ','Concepcion',NULL),(334,334,1,'Could be flirtier.','Could be flirtier.','Emerald',NULL),(335,335,1,'Not for non-petite','Watch out if you\'re shapely like me - this tiny thing makes it hard to breath! ','Teofila',NULL),(336,336,1,'one of my favorites','I do a lot of different exercises and this tank - I have 2 of them - is one of my favorites. It\'s really soft and stays drier than other tops I\'ve had.','Elza',NULL),(337,337,1,'Zero support/modesty','I would never wear this bra to anything but a low impact class like yoga. There\'s zero support and absolutely no modesty. Was hoping for better!','Shaunte',NULL),(338,338,1,'Not for high impact','Definitely not good for anything high-impact, but it\'s very stylish for yoga or something else low impact.','Merrie',NULL),(339,339,1,'A regular or me','This is in regular rotation at the gym. Its colorful and looks kinda cute under my exercise tanks.','Pearl',NULL),(340,340,1,'Great fit - love the v-neck design! ','Great fit - love the v-neck design! ','Thalia',NULL),(341,341,1,'The seams bother me','Some of the seams bother me during certain workouts but otherwise very comfortable','Carma',NULL),(342,342,1,'A sweet n sporty look for the gym','Always a sweet n sporty look for the gym! Keeps me cool and the seams don\'t rub up against me like some of my other tanks.','Maryanna',NULL),(343,343,1,'Good choice for working out','Good choice for working out and stylin\' enough to wear when I\'m hanging with friends on hot days. Also washes really well! ','Elfriede',NULL),(344,344,1,'I love the look','I love the look of this top, but I wasn\'t too crazy about the fit. The medium was too big in my opinion.','Yan',NULL),(345,345,1,'Huge arm holes??','I don\'t know why the arm holes are so big. It looked ok in the photo but in person they\'re really wide. It\'s really comfortable but that bugs me.','Valorie',NULL),(346,346,1,'Super cute!!!  I love it','Super cute!!!  I love it and want more colors. I really like running in this tank because it\'s not too tight.','Mikkel',NULL);

--
