-- Table structure for table `mag2_catalog_product_entity_media_gallery_value`
--

CREATE TABLE `mag2_catalog_product_entity_media_gallery_value` (
  `value_id` int(10) unsigned NOT NULL DEFAULT '0' COMMENT 'Value ID',
  `store_id` smallint(5) unsigned NOT NULL DEFAULT '0' COMMENT 'Store ID',
  `entity_id` int(10) unsigned NOT NULL DEFAULT '0' COMMENT 'Entity ID',
  `label` varchar(255) DEFAULT NULL COMMENT 'Label',
  `position` int(10) unsigned DEFAULT NULL COMMENT 'Position',
  `disabled` smallint(5) unsigned NOT NULL DEFAULT '0' COMMENT 'Is Disabled',
  `record_id` int(10) unsigned NOT NULL AUTO_INCREMENT COMMENT 'Record Id',
  PRIMARY KEY (`record_id`),
  KEY `MAG2_CAT_PRD_ENTT_MDA_GLR_VAL_ENTT_ID_VAL_ID_STORE_ID` (`entity_id`,`value_id`,`store_id`),
  KEY `MAG2_CATALOG_PRODUCT_ENTITY_MEDIA_GALLERY_VALUE_STORE_ID` (`store_id`),
  KEY `MAG2_CATALOG_PRODUCT_ENTITY_MEDIA_GALLERY_VALUE_ENTITY_ID` (`entity_id`),
  KEY `MAG2_CATALOG_PRODUCT_ENTITY_MEDIA_GALLERY_VALUE_VALUE_ID` (`value_id`),
  CONSTRAINT `MAG2_CAT_PRD_ENTT_MDA_GLR_VAL_ENTT_ID_CAT_PRD_ENTT_ENTT_ID` FOREIGN KEY (`entity_id`) REFERENCES `mag2_catalog_product_entity` (`entity_id`) ON DELETE CASCADE,
  CONSTRAINT `MAG2_CAT_PRD_ENTT_MDA_GLR_VAL_STORE_ID_MAG2_STORE_STORE_ID` FOREIGN KEY (`store_id`) REFERENCES `mag2_store` (`store_id`) ON DELETE CASCADE,
  CONSTRAINT `MAG2_CAT_PRD_ENTT_MDA_GLR_VAL_VAL_ID_CAT_PRD_ENTT_MDA_GLR_VAL_ID` FOREIGN KEY (`value_id`) REFERENCES `mag2_catalog_product_entity_media_gallery` (`value_id`) ON DELETE CASCADE
) ENGINE=InnoDB AUTO_INCREMENT=3503 DEFAULT CHARSET=utf8 COMMENT='Catalog Product Media Gallery Attribute Value Table';

--
-- Dumping data for table `mag2_catalog_product_entity_media_gallery_value`
--

INSERT INTO `mag2_catalog_product_entity_media_gallery_value` VALUES (3444,0,22,NULL,1,0,3457),(3447,0,25,NULL,1,0,3458),(3433,0,11,NULL,1,0,3459),(3440,0,18,NULL,1,0,3460),(3423,0,1,NULL,1,0,3461),(3438,0,16,NULL,1,0,3462),(3452,0,30,NULL,1,0,3463),(3451,0,29,NULL,1,0,3464),(3445,0,23,NULL,1,0,3465),(3442,0,20,NULL,1,0,3466),(3448,0,26,NULL,1,0,3467),(3431,0,9,NULL,1,0,3468),(3449,0,27,NULL,1,0,3469),(3437,0,15,NULL,1,0,3470),(3450,0,28,NULL,1,0,3471),(3439,0,17,NULL,1,0,3472),(3446,0,24,NULL,1,0,3473),(3443,0,21,NULL,1,0,3474),(3432,0,10,NULL,1,0,3475),(3423,2,1,NULL,1,0,3476),(3431,2,9,NULL,1,0,3477),(3432,2,10,NULL,1,0,3478),(3437,2,15,NULL,1,0,3479),(3433,2,11,NULL,1,0,3480),(3438,2,16,NULL,1,0,3481),(3439,2,17,NULL,1,0,3482),(3440,2,18,NULL,1,0,3483),(3442,2,20,NULL,1,0,3484),(3443,2,21,NULL,1,0,3485),(3444,2,22,NULL,1,0,3486),(3450,2,28,NULL,1,0,3487),(3449,2,27,NULL,1,0,3488),(3448,2,26,NULL,1,0,3489),(3447,2,25,NULL,1,0,3490),(3446,2,24,NULL,1,0,3491),(3445,2,23,NULL,1,0,3492),(3451,2,29,NULL,1,0,3493),(3452,2,30,NULL,1,0,3494),(3453,0,31,NULL,1,0,3495),(3454,0,32,NULL,1,0,3497),(3455,0,33,NULL,1,0,3498),(3456,0,34,NULL,1,0,3499),(3457,0,35,NULL,1,0,3500),(3458,0,36,NULL,1,0,3502);

--
-- Table structure for table `mag2_catalog_product_entity_media_gallery_value_to_entity`
--

CREATE TABLE `mag2_catalog_product_entity_media_gallery_value_to_entity` (
  `value_id` int(10) unsigned NOT NULL COMMENT 'Value media Entry ID',
  `entity_id` int(10) unsigned NOT NULL COMMENT 'Product entity ID',
  UNIQUE KEY `MAG2_CAT_PRD_ENTT_MDA_GLR_VAL_TO_ENTT_VAL_ID_ENTT_ID` (`value_id`,`entity_id`),
  KEY `FK_DDC6ABE7CA44191522E6F07D4DDB51A9` (`entity_id`),
  CONSTRAINT `FK_96B17BCC74DE1DF1A45F3926BBE97869` FOREIGN KEY (`value_id`) REFERENCES `mag2_catalog_product_entity_media_gallery` (`value_id`) ON DELETE CASCADE,
  CONSTRAINT `FK_DDC6ABE7CA44191522E6F07D4DDB51A9` FOREIGN KEY (`entity_id`) REFERENCES `mag2_catalog_product_entity` (`entity_id`) ON DELETE CASCADE
) ENGINE=InnoDB DEFAULT CHARSET=utf8 COMMENT='Link Media value to Product entity table';

--
-- Dumping data for table `mag2_catalog_product_entity_media_gallery_value_to_entity`
--

INSERT INTO `mag2_catalog_product_entity_media_gallery_value_to_entity` VALUES (3423,1),(3431,9),(3432,10),(3433,11),(3437,15),(3438,16),(3439,17),(3440,18),(3442,20),(3443,21),(3444,22),(3445,23),(3446,24),(3447,25),(3448,26),(3449,27),(3450,28),(3451,29),(3452,30),(3453,31),(3454,32),(3455,33),(3456,34),(3457,35),(3458,36);

--
-- Table structure for table `mag2_catalog_product_entity_media_gallery_value_video`
--

CREATE TABLE `mag2_catalog_product_entity_media_gallery_value_video` (
  `value_id` int(10) unsigned NOT NULL COMMENT 'Media Entity ID',
  `store_id` smallint(5) unsigned NOT NULL DEFAULT '0' COMMENT 'Store ID',
  `provider` varchar(32) DEFAULT NULL COMMENT 'Video provider ID',
  `url` text COMMENT 'Video URL',
  `title` varchar(255) DEFAULT NULL COMMENT 'Title',
  `description` text COMMENT 'Page Meta Description',
  `metadata` text COMMENT 'Video meta data',
  UNIQUE KEY `MAG2_CAT_PRD_ENTT_MDA_GLR_VAL_VIDEO_VAL_ID_STORE_ID` (`value_id`,`store_id`),
  KEY `MAG2_CAT_PRD_ENTT_MDA_GLR_VAL_VIDEO_STORE_ID_MAG2_STORE_STORE_ID` (`store_id`),
  CONSTRAINT `FK_16402B804291B0923322255B318630CE` FOREIGN KEY (`value_id`) REFERENCES `mag2_catalog_product_entity_media_gallery` (`value_id`) ON DELETE CASCADE,
  CONSTRAINT `MAG2_CAT_PRD_ENTT_MDA_GLR_VAL_VIDEO_STORE_ID_MAG2_STORE_STORE_ID` FOREIGN KEY (`store_id`) REFERENCES `mag2_store` (`store_id`) ON DELETE CASCADE
) ENGINE=InnoDB DEFAULT CHARSET=utf8 COMMENT='Catalog Product Video Table';

--
-- Dumping data for table `mag2_catalog_product_entity_media_gallery_value_video`
--


--
-- Table structure for table `mag2_catalog_product_entity_text`
--

CREATE TABLE `mag2_catalog_product_entity_text` (
  `value_id` int(11) NOT NULL AUTO_INCREMENT COMMENT 'Value ID',
  `attribute_id` smallint(5) unsigned NOT NULL DEFAULT '0' COMMENT 'Attribute ID',
  `store_id` smallint(5) unsigned NOT NULL DEFAULT '0' COMMENT 'Store ID',
  `entity_id` int(10) unsigned NOT NULL DEFAULT '0' COMMENT 'Entity ID',
  `value` text COMMENT 'Value',
  PRIMARY KEY (`value_id`),
  UNIQUE KEY `MAG2_CATALOG_PRODUCT_ENTITY_TEXT_ENTITY_ID_ATTRIBUTE_ID_STORE_ID` (`entity_id`,`attribute_id`,`store_id`),
  KEY `MAG2_CATALOG_PRODUCT_ENTITY_TEXT_ATTRIBUTE_ID` (`attribute_id`),
  KEY `MAG2_CATALOG_PRODUCT_ENTITY_TEXT_STORE_ID` (`store_id`),
  CONSTRAINT `MAG2_CATALOG_PRODUCT_ENTITY_TEXT_STORE_ID_STORE_STORE_ID` FOREIGN KEY (`store_id`) REFERENCES `mag2_store` (`store_id`) ON DELETE CASCADE,
  CONSTRAINT `MAG2_CAT_PRD_ENTT_TEXT_ATTR_ID_EAV_ATTR_ATTR_ID` FOREIGN KEY (`attribute_id`) REFERENCES `mag2_eav_attribute` (`attribute_id`) ON DELETE CASCADE,
  CONSTRAINT `MAG2_CAT_PRD_ENTT_TEXT_ENTT_ID_CAT_PRD_ENTT_ENTT_ID` FOREIGN KEY (`entity_id`) REFERENCES `mag2_catalog_product_entity` (`entity_id`) ON DELETE CASCADE
) ENGINE=InnoDB AUTO_INCREMENT=2161 DEFAULT CHARSET=utf8 COMMENT='Catalog Product Text Attribute Backend Table';

--
-- Dumping data for table `mag2_catalog_product_entity_text`
--

INSERT INTO `mag2_catalog_product_entity_text` VALUES (2053,75,0,1,'<p>Conditioner fortified with AMINO BOND COMPLEX</p>'),(2054,85,0,1,'Moisture Lock Conditioner 250 ML'),(2069,75,0,9,'<p>Reconstructing Shampoo, fortified with KEROXYNE COMPLEX.</p>\r\n<p><br /><br /></p>'),(2070,85,0,9,'Pure Keratin Reconstructing Shampoo 1000 ML'),(2071,75,0,10,'<p>Anti-frizz Serum with Aragn Oil and Amino Bond Complex</p>'),(2072,85,0,10,'Shimmer 30 ML'),(2073,75,0,11,'<p>The 500ml Enhancer mask is fortified with AMINO BOND COMPLEX technology, a unique formula of amino acids, hydrolyzed keratin and active ingredients, for a smooth and anti-frizz effect.</p>'),(2074,85,0,11,'Enhancer Masque 500 ML'),(2080,75,0,15,'<p><span>Anti-ageing moisturizer mask for dry hair with </span><span></span><span>Reborn Complex,</span><span>an exclusive blend of Hyaluronic Acid, A\'achi and moisturizers. It cleans gently giving hydration, softness and shine.</span></p>'),(2081,85,0,15,'Timless Blend Masque 500 ML'),(2082,75,0,16,'<p>Its formula keroxyne complex is an indispensable ally for damaged hair, thanks to its exclusive mixture consists of pure keratin which allows the product to saldarsi cheratinica structure of the hair making it the best of reconstruction capillary technology ever produced</p>'),(2083,85,0,16,'Miracle Rapid Repair Hair Treatment 100 ML'),(2084,75,0,17,'<p>Moisturizing anti-age shampoo for dry hair with REBORN COMPLEX.</p>'),(2085,85,0,17,'Timless Blend Shampoo 250 ML'),(2086,75,0,18,'<p>Shampoo for frizzy hair enriched with SEVEN OILS and COLOR GUARD, the new active ingredient for a bright and lasting color. Gently cleanses giving a smooth and anti-frizz effect.</p>'),(2087,85,0,18,'Moisture Lock Shampoo 250 ML'),(2090,75,0,20,'<p>Reconstructing Conditioner, fortified with KEROXYNE COMPLEX.</p>'),(2091,85,0,20,'Pure Keratin Reconstructing Conditioner 1000 ML'),(2092,75,0,21,'<p>Moisturizing anti-age shampoo for dry hair with REBORN COMPLEX.</p>'),(2093,85,0,21,'Timless Blend Shampoo 1000 ML'),(2094,75,0,22,'<p>Shampoo for frizzy hair enriched with SEVEN OILS and COLOR GUARD, the new active ingredient for a bright and lasting color. Gently cleanses giving a smooth and anti-frizz effect.</p>\r\n<p><br /><br /></p>'),(2095,85,0,22,'Moisture Lock Shampoo 1000 ML'),(2096,75,0,23,'<p>The Deep Intense mask is ideal for damaged hair. Formulated with KEROXYNE COMPLEX technology, an exclusive blend of pure keratin, it gently nourishes hair by improving its elasticity, resistance and shine. It was specifically created to complement the KPerfection reconstruction treatment.</p>'),(2097,85,0,23,'Deep Intense Hydrating Masque 500 ML'),(2098,75,0,24,'<p>Moisturizing anti-age Conditioner for dry hair with REBORN COMPLEX.</p>'),(2099,85,0,24,'Timless Blend Conditioner 1000 ML'),(2100,75,0,25,'<p>Conditioner fortified with AMINO BOND COMPLEX</p>'),(2101,85,0,25,'Moisture Lock Conditioner 1000 ML'),(2102,85,0,26,'Extender 90 ML'),(2103,75,0,27,'<p>Moisturizing anti-age Conditioner for dry hair with REBORN COMPLEX.</p>'),(2104,85,0,27,'Timless Blend Conditioner 250 ML'),(2105,75,0,28,'<p>Anti-ageing moisturizer mask for dry hair with Reborn Complex, an exclusive blend of Hyaluronic Acid, A\'achi and moisturizers. It cleans gently giving hydration, softness and shine.</p>'),(2106,85,0,28,'Timless Blend Masque 250 ML'),(2107,75,0,29,'<p>Reconstructing Shampoo, fortified with KEROXYNE COMPLEX.</p>'),(2108,85,0,29,'Pure Keratin Reconstructing Shampoo 250 ML'),(2109,75,0,30,'<p>Pure Keratin Reconstructing Conditioner 250 ML</p>'),(2110,85,0,30,'Pure Keratin Reconstructing Conditioner 250 ML'),(2111,75,2,1,'<p>بلسم مدعم بأمينو بوند كومبلكس</p>'),(2112,85,2,1,'Moisture Lock Conditioner 250 ML'),(2113,75,2,9,'<p>شامبو لإعادة بناء الشعر ، معزز بـ KEROXYNE COMPLEX.</p>'),(2114,85,2,9,'Pure Keratin Reconstructing Shampoo 1000 ML'),(2115,75,2,10,'<p>سيروم مضاد للتجعد بزيت الأرغان ومركب أمينو بوند</p>'),(2116,85,2,10,'Shimmer 30 ML'),(2117,75,2,15,'<p>قناع مرطب مضاد للشيخوخة للشعر الجاف مع مركب Reborn ، مزيج حصري من Hyaluronic Acid و A\'achi والمرطبات. ينظف بلطف ويعطي الترطيب والنعومة واللمعان.</p>'),(2118,85,2,15,'Timless Blend Masque 500 ML'),(2119,75,2,11,'<p>قناع مُحسّن سعة 500 مل مُعزز بتقنية AMINO BOND COMPLEX ، وهي تركيبة فريدة من الأحماض الأمينية والكيراتين المتحلل بالماء والمكونات النشطة ، للحصول على تأثير سلس ومقاوم للتجعد.</p>'),(2120,85,2,11,'Enhancer Masque 500 ML'),(2121,75,2,16,'<p>تركيبة مركب keroxyne هي حليف لا غنى عنه للشعر التالف ، وذلك بفضل مزيجها الحصري المكون من الكيراتين النقي الذي يسمح للمنتج بتركيبة saldarsi cheratinica للشعر مما يجعلها أفضل تقنية لإعادة بناء الشعيرات الدموية تم إنتاجها على الإطلاق.</p>'),(2122,85,2,16,'Miracle Rapid Repair Hair Treatment 100 ML'),(2123,75,2,17,'<p>شامبو مرطب مضاد للشيخوخة للشعر الجاف مع REBORN COMPLEX.</p>'),(2124,85,2,17,'Timless Blend Shampoo 250 ML'),(2125,75,2,18,'<p>شامبو للشعر المجعد المخصب بزيوت سبعة وخزان ملون ، المكون النشط الجديد للحصول على لون لامع ودائم. ينظف بلطف ويعطي تأثيرًا سلسًا ومقاومًا للتجعد.</p>'),(2126,85,2,18,'Moisture Lock Shampoo 250 ML'),(2127,75,2,20,'<p>بلسم لإعادة البناء مدعم بـ KEROXYNE COMPLEX.</p>'),(2128,85,2,20,'Pure Keratin Reconstructing Conditioner 1000 ML'),(2129,75,2,21,'<p>شامبو مرطب مضاد للشيخوخة للشعر الجاف مع REBORN COMPLEX.</p>'),(2130,85,2,21,'Timless Blend Shampoo 1000 ML'),(2131,75,2,22,'<p>شامبو للشعر المجعد المخصب بزيوت سبعة وخزان ملون ، المكون النشط الجديد للحصول على لون لامع ودائم. ينظف بلطف ويعطي تأثيرًا سلسًا ومقاومًا للتجعد.</p>'),(2132,85,2,22,'Moisture Lock Shampoo 1000 ML'),(2133,75,2,28,'<p>قناع مرطب مضاد للشيخوخة للشعر الجاف مع مركب Reborn ، مزيج حصري من Hyaluronic Acid و A\'achi والمرطبات. ينظف بلطف ويعطي الترطيب والنعومة واللمعان.</p>'),(2134,85,2,28,'Timless Blend Masque 250 ML'),(2135,75,2,27,'<p>بلسم مرطب مضاد لعلامات تقدم العمر للشعر الجاف مع REBORN COMPLEX.</p>'),(2136,85,2,27,'Timless Blend Conditioner 250 ML'),(2137,85,2,26,'Extender 90 ML'),(2138,75,2,25,'<p>بلسم مدعم بأمينو بوند كومبلكس</p>'),(2139,85,2,25,'Moisture Lock Conditioner 1000 ML'),(2140,75,2,24,'<p>بلسم مرطب مضاد لعلامات تقدم العمر للشعر الجاف مع REBORN COMPLEX.</p>'),(2141,85,2,24,'Timless Blend Conditioner 1000 ML'),(2142,75,2,23,'<p>القناع المكثف العميق مثالي للشعر التالف. تم تركيبه باستخدام تقنية KEROXYNE COMPLEX ، وهي مزيج حصري من الكيراتين النقي ، وهو يغذي الشعر بلطف من خلال تحسين مرونته ومقاومته ولمعانه. تم إنشاؤه خصيصًا لاستكمال علاج إعادة بناء KPerfection.</p>'),(2143,85,2,23,'Deep Intense Hydrating Masque 500 ML'),(2144,75,2,29,'<p>شامبو لإعادة بناء الشعر ، معزز بـ KEROXYNE COMPLEX.</p>'),(2145,85,2,29,'Pure Keratin Reconstructing Shampoo 250 ML'),(2146,75,2,30,'<p>بلسم بيور كيراتين لإعادة بناء الشعر 250 مل</p>'),(2147,85,2,30,'Pure Keratin Reconstructing Conditioner 250 ML'),(2148,75,0,31,'<div class=\"data item line\">\r\n<div id=\"description\" class=\"data item content\" data-role=\"content\">\r\n<div class=\"product attribute description\">\r\n<div class=\"value\">\r\n<p>Age Restore Package: Shampoo + Conditioner + Serum 1000 ml</p>\r\n</div>\r\n</div>\r\n</div>\r\n</div>'),(2149,85,0,31,'Age Restore Package - 1000 ml'),(2150,75,0,32,'<div class=\"data item line\">\r\n<div id=\"description\" class=\"data item content\" data-role=\"content\">\r\n<div class=\"product attribute description\">\r\n<div class=\"value\">\r\n<p>Age Restore Package: Shampoo + Conditioner + Serum 250 ml</p>\r\n</div>\r\n</div>\r\n</div>\r\n</div>'),(2151,85,0,32,'Age Restore Package - 250 ml'),(2153,75,0,33,'<p>K-Perfection Package: Shampoo + Conditioner + Serum</p>'),(2154,85,0,33,'K-Perfection Package - 250ml'),(2155,75,0,34,'<p>K-Perfection Package: Shampoo + Conditioner + Serum 1000ml</p>'),(2156,85,0,34,'K-Perfection Package - 1000 ml'),(2157,75,0,35,'<p>Fairy Silk Package: Shampoo + Conditioner + Serum 1000ml</p>'),(2158,85,0,35,'Fairy Silk Package - 1000ml'),(2159,75,0,36,'<p>Fairy Silk Package: Shampoo + Conditioner + Serum 250ml</p>'),(2160,85,0,36,'Fairy Silk Package - 1000ml');

--
-- Table structure for table `mag2_catalog_product_entity_tier_price`
--

CREATE TABLE `mag2_catalog_product_entity_tier_price` (
  `value_id` int(11) NOT NULL AUTO_INCREMENT COMMENT 'Value ID',
  `entity_id` int(10) unsigned NOT NULL DEFAULT '0' COMMENT 'Entity ID',
  `all_groups` smallint(5) unsigned NOT NULL DEFAULT '1' COMMENT 'Is Applicable To All Customer Groups',
  `customer_group_id` int(10) unsigned NOT NULL DEFAULT '0' COMMENT 'Customer Group ID',
  `qty` decimal(12,4) NOT NULL DEFAULT '1.0000' COMMENT 'QTY',
  `value` decimal(12,4) NOT NULL DEFAULT '0.0000' COMMENT 'Value',
  `percentage_value` decimal(5,2) DEFAULT NULL COMMENT 'Percentage value',
  `website_id` smallint(5) unsigned NOT NULL COMMENT 'Website ID',
  PRIMARY KEY (`value_id`),
  UNIQUE KEY `UNQ_B5F604C6D28BCB0E9E1A7B6BA062CA0F` (`entity_id`,`all_groups`,`customer_group_id`,`qty`,`website_id`),
  KEY `MAG2_CATALOG_PRODUCT_ENTITY_TIER_PRICE_CUSTOMER_GROUP_ID` (`customer_group_id`),
  KEY `MAG2_CATALOG_PRODUCT_ENTITY_TIER_PRICE_WEBSITE_ID` (`website_id`),
  CONSTRAINT `FK_41742E14C9F70312B8B44216544BEA3D` FOREIGN KEY (`customer_group_id`) REFERENCES `mag2_customer_group` (`customer_group_id`) ON DELETE CASCADE,
  CONSTRAINT `MAG2_CAT_PRD_ENTT_TIER_PRICE_ENTT_ID_CAT_PRD_ENTT_ENTT_ID` FOREIGN KEY (`entity_id`) REFERENCES `mag2_catalog_product_entity` (`entity_id`) ON DELETE CASCADE,
  CONSTRAINT `MAG2_CAT_PRD_ENTT_TIER_PRICE_WS_ID_STORE_WS_WS_ID` FOREIGN KEY (`website_id`) REFERENCES `mag2_store_website` (`website_id`) ON DELETE CASCADE
) ENGINE=InnoDB DEFAULT CHARSET=utf8 COMMENT='Catalog Product Tier Price Attribute Backend Table';

--
-- Dumping data for table `mag2_catalog_product_entity_tier_price`
--


--
-- Table structure for table `mag2_catalog_product_entity_varchar`
--

CREATE TABLE `mag2_catalog_product_entity_varchar` (
  `value_id` int(11) NOT NULL AUTO_INCREMENT COMMENT 'Value ID',
  `attribute_id` smallint(5) unsigned NOT NULL DEFAULT '0' COMMENT 'Attribute ID',
  `store_id` smallint(5) unsigned NOT NULL DEFAULT '0' COMMENT 'Store ID',
  `entity_id` int(10) unsigned NOT NULL DEFAULT '0' COMMENT 'Entity ID',
  `value` varchar(255) DEFAULT NULL COMMENT 'Value',
  PRIMARY KEY (`value_id`),
  UNIQUE KEY `MAG2_CAT_PRD_ENTT_VCHR_ENTT_ID_ATTR_ID_STORE_ID` (`entity_id`,`attribute_id`,`store_id`),
  KEY `MAG2_CATALOG_PRODUCT_ENTITY_VARCHAR_ATTRIBUTE_ID` (`attribute_id`),
  KEY `MAG2_CATALOG_PRODUCT_ENTITY_VARCHAR_STORE_ID` (`store_id`),
  CONSTRAINT `MAG2_CATALOG_PRODUCT_ENTITY_VARCHAR_STORE_ID_STORE_STORE_ID` FOREIGN KEY (`store_id`) REFERENCES `mag2_store` (`store_id`) ON DELETE CASCADE,
  CONSTRAINT `MAG2_CAT_PRD_ENTT_VCHR_ATTR_ID_EAV_ATTR_ATTR_ID` FOREIGN KEY (`attribute_id`) REFERENCES `mag2_eav_attribute` (`attribute_id`) ON DELETE CASCADE,
  CONSTRAINT `MAG2_CAT_PRD_ENTT_VCHR_ENTT_ID_CAT_PRD_ENTT_ENTT_ID` FOREIGN KEY (`entity_id`) REFERENCES `mag2_catalog_product_entity` (`entity_id`) ON DELETE CASCADE
) ENGINE=InnoDB AUTO_INCREMENT=16121 DEFAULT CHARSET=utf8 COMMENT='Catalog Product Varchar Attribute Backend Table';

--
-- Dumping data for table `mag2_catalog_product_entity_varchar`
--

INSERT INTO `mag2_catalog_product_entity_varchar` VALUES (15065,73,0,1,'Moisture Lock Conditioner 250 ML'),(15066,84,0,1,'Moisture Lock Conditioner 250 ML'),(15067,86,0,1,'Moisture Lock Conditioner 250 ML Conditioner fortified with AMINO BOND COMPLEX'),(15068,87,0,1,'/a/r/artboard_1_copy_20_2x-100_1.jpg'),(15069,88,0,1,'/a/r/artboard_1_copy_20_2x-100_1.jpg'),(15070,89,0,1,'/a/r/artboard_1_copy_20_2x-100_1.jpg'),(15071,106,0,1,'container2'),(15072,123,0,1,'0'),(15073,126,0,1,'moisture-lock-conditioner-250-ml'),(15074,133,0,1,'2'),(15075,154,0,1,'/a/r/artboard_1_copy_20_2x-100_1.jpg'),(15076,159,0,1,'/a/r/artboard_1_copy_20_2x-100_1.jpg'),(15201,73,0,9,'Pure Keratin Reconstructing Shampoo 1000 ML'),(15202,84,0,9,'Pure Keratin Reconstructing Shampoo 1000 ML'),(15203,86,0,9,'Pure Keratin Reconstructing Shampoo 1000 ML Reconstructing Shampoo, fortified with KEROXYNE COMPLEX.\r\n'),(15204,87,0,9,'/a/r/artboard_1_copy_3_2x-100_1_1.jpg'),(15205,88,0,9,'/a/r/artboard_1_copy_3_2x-100_1_1.jpg'),(15206,89,0,9,'/a/r/artboard_1_copy_3_2x-100_1_1.jpg'),(15207,106,0,9,'container2'),(15208,123,0,9,'0'),(15209,126,0,9,'pure-keratin-reconstructing-shampoo-1000-ml'),(15210,133,0,9,'2'),(15211,154,0,9,'/a/r/artboard_1_copy_3_2x-100_1_1.jpg'),(15212,159,0,9,'/a/r/artboard_1_copy_3_2x-100_1_1.jpg'),(15218,73,0,10,'Shimmer 30 ML'),(15219,84,0,10,'Shimmer 30 ML'),(15220,86,0,10,'Shimmer 30 ML Anti-frizz Serum with Aragn Oil and Amino Bond Complex'),(15221,87,0,10,'/a/r/artboard_1_copy_12_2x-100_1.jpg'),(15222,88,0,10,'/a/r/artboard_1_copy_12_2x-100_1.jpg'),(15223,89,0,10,'/a/r/artboard_1_copy_12_2x-100_1.jpg'),(15224,106,0,10,'container2'),(15225,123,0,10,'0'),(15226,126,0,10,'shimmer-30-ml'),(15227,133,0,10,'2'),(15228,154,0,10,'/a/r/artboard_1_copy_12_2x-100_1.jpg'),(15229,159,0,10,'/a/r/artboard_1_copy_12_2x-100_1.jpg'),(15235,73,0,11,'Enhancer Masque 500 ML'),(15236,84,0,11,'Enhancer Masque 500 ML'),(15237,86,0,11,'Enhancer Masque 500 ML The 500ml Enhancer mask is fortified with AMINO BOND COMPLEX technology, a unique formula of amino acids, hydrolyzed keratin and active ingredients, for a smooth and anti-frizz effect.'),(15238,87,0,11,'/n/i/nika-fairy-silk-enhancer-maschera-lisciante-500ml-extra-big-11023-098_1.jpg'),(15239,88,0,11,'/n/i/nika-fairy-silk-enhancer-maschera-lisciante-500ml-extra-big-11023-098_1.jpg'),(15240,89,0,11,'/n/i/nika-fairy-silk-enhancer-maschera-lisciante-500ml-extra-big-11023-098_1.jpg'),(15241,106,0,11,'container2'),(15242,123,0,11,'0'),(15243,126,0,11,'enhancer-masque-500-ml'),(15244,133,0,11,'2'),(15245,154,0,11,'/n/i/nika-fairy-silk-enhancer-maschera-lisciante-500ml-extra-big-11023-098_1.jpg'),(15246,159,0,11,'/n/i/nika-fairy-silk-enhancer-maschera-lisciante-500ml-extra-big-11023-098_1.jpg'),(15308,73,0,15,'Timless Blend Masque 500 ML'),(15309,84,0,15,'Timless Blend Masque 500 ML'),(15310,86,0,15,'Timless Blend Masque 500 ML Anti-ageing moisturizer mask for dry hair with Reborn Complex,an exclusive blend of Hyaluronic Acid, A\'achi and moisturizers. It cleans gently giving hydration, softness and shine.'),(15311,87,0,15,'/a/r/artboard_1_copy_2_2x-100_1_1.jpg'),(15312,88,0,15,'/a/r/artboard_1_copy_2_2x-100_1_1.jpg'),(15313,89,0,15,'/a/r/artboard_1_copy_2_2x-100_1_1.jpg'),(15314,106,0,15,'container2'),(15315,123,0,15,'0'),(15316,126,0,15,'timless-blend-masque-500-ml'),(15317,133,0,15,'2'),(15318,154,0,15,'/a/r/artboard_1_copy_2_2x-100_1_1.jpg'),(15319,159,0,15,'/a/r/artboard_1_copy_2_2x-100_1_1.jpg'),(15320,182,0,15,'216'),(15326,73,0,16,'Miracle Rapid Repair Hair Treatment 100 ML'),(15327,84,0,16,'Miracle Rapid Repair Hair Treatment 100 ML'),(15328,86,0,16,'Miracle Rapid Repair Hair Treatment 100 ML Its formula keroxyne complex is an indispensable ally for damaged hair, thanks to its exclusive mixture consists of pure keratin which allows the product to saldarsi cheratinica structure of the hair making it th'),(15329,87,0,16,'/a/r/artboard_1_copy_16_2x-100_1.jpg'),(15330,88,0,16,'/a/r/artboard_1_copy_16_2x-100_1.jpg'),(15331,89,0,16,'/a/r/artboard_1_copy_16_2x-100_1.jpg'),(15332,106,0,16,'container2'),(15333,123,0,16,'0'),(15334,126,0,16,'miracle-rapid-repair-hair-treatment-100-ml'),(15335,133,0,16,'2'),(15336,154,0,16,'/a/r/artboard_1_copy_16_2x-100_1.jpg'),(15337,159,0,16,'/a/r/artboard_1_copy_16_2x-100_1.jpg'),(15343,73,0,17,'Timless Blend Shampoo 250 ML'),(15344,84,0,17,'Timless Blend Shampoo 250 ML'),(15345,86,0,17,'Timless Blend Shampoo 250 ML Moisturizing anti-age shampoo for dry hair with REBORN COMPLEX.'),(15346,87,0,17,'/a/r/artboard_1_copy_6_2x-100_1.jpg'),(15347,88,0,17,'/a/r/artboard_1_copy_6_2x-100_1.jpg'),(15348,89,0,17,'/a/r/artboard_1_copy_6_2x-100_1.jpg'),(15349,106,0,17,'container2'),(15350,123,0,17,'0'),(15351,126,0,17,'timless-blend-shampoo-250-ml'),(15352,133,0,17,'2'),(15353,154,0,17,'/a/r/artboard_1_copy_6_2x-100_1.jpg'),(15354,159,0,17,'/a/r/artboard_1_copy_6_2x-100_1.jpg'),(15355,182,0,17,'216'),(15361,73,0,18,'Moisture Lock Shampoo 250 ML'),(15362,84,0,18,'Moisture Lock Shampoo 250 ML'),(15363,86,0,18,'Moisture Lock Shampoo 250 ML Shampoo for frizzy hair enriched with SEVEN OILS and COLOR GUARD, the new active ingredient for a bright and lasting color. Gently cleanses giving a smooth and anti-frizz effect.'),(15364,87,0,18,'/a/r/artboard_1_copy_11_2x-100_1.jpg'),(15365,88,0,18,'/a/r/artboard_1_copy_11_2x-100_1.jpg'),(15366,89,0,18,'/a/r/artboard_1_copy_11_2x-100_1.jpg'),(15367,106,0,18,'container2'),(15368,123,0,18,'0'),(15369,126,0,18,'moisture-lock-shampoo-250-ml'),(15370,133,0,18,'2'),(15371,154,0,18,'/a/r/artboard_1_copy_11_2x-100_1.jpg'),(15372,159,0,18,'/a/r/artboard_1_copy_11_2x-100_1.jpg'),(15373,182,0,18,'216'),(15396,73,0,20,'Pure Keratin Reconstructing Conditioner 1000 ML'),(15397,84,0,20,'Pure Keratin Reconstructing Conditioner 1000 ML'),(15398,86,0,20,'Pure Keratin Reconstructing Conditioner 1000 ML Reconstructing Conditioner, fortified with KEROXYNE COMPLEX.'),(15399,87,0,20,'/1/1/11_2_9.jpg'),(15400,88,0,20,'/1/1/11_2_9.jpg'),(15401,89,0,20,'/1/1/11_2_9.jpg'),(15402,106,0,20,'container2'),(15403,123,0,20,'0'),(15404,126,0,20,'pure-keratin-reconstructing-conditioner-1000-ml'),(15405,133,0,20,'2'),(15406,154,0,20,'/1/1/11_2_9.jpg'),(15407,159,0,20,'/1/1/11_2_9.jpg'),(15413,73,0,21,'Timless Blend Shampoo 1000 ML'),(15414,84,0,21,'Timless Blend Shampoo 1000 ML'),(15415,86,0,21,'Timless Blend Shampoo 1000 ML Moisturizing anti-age shampoo for dry hair with REBORN COMPLEX.'),(15416,87,0,21,'/a/r/artboard_1_copy_2_2x-100_1_2.jpg'),(15417,88,0,21,'/a/r/artboard_1_copy_2_2x-100_1_2.jpg'),(15418,89,0,21,'/a/r/artboard_1_copy_2_2x-100_1_2.jpg'),(15419,106,0,21,'container2'),(15420,123,0,21,'0'),(15421,126,0,21,'timless-blend-shampoo-1000-ml'),(15422,133,0,21,'2'),(15423,154,0,21,'/a/r/artboard_1_copy_2_2x-100_1_2.jpg'),(15424,159,0,21,'/a/r/artboard_1_copy_2_2x-100_1_2.jpg'),(15425,182,0,21,'216'),(15431,73,0,22,'Moisture Lock Shampoo 1000 ML'),(15432,84,0,22,'Moisture Lock Shampoo 1000 ML'),(15433,86,0,22,'Moisture Lock Shampoo 1000 ML Shampoo for frizzy hair enriched with SEVEN OILS and COLOR GUARD, the new active ingredient for a bright and lasting color. Gently cleanses giving a smooth and anti-frizz effect.\r\n'),(15434,87,0,22,'/1/1/11artboard_1_copy_14_2x-100.jpg'),(15435,88,0,22,'/1/1/11artboard_1_copy_14_2x-100.jpg'),(15436,89,0,22,'/1/1/11artboard_1_copy_14_2x-100.jpg'),(15437,106,0,22,'container2'),(15438,123,0,22,'0'),(15439,126,0,22,'moisture-lock-shampoo-1000-ml'),(15440,133,0,22,'2'),(15441,154,0,22,'/1/1/11artboard_1_copy_14_2x-100.jpg'),(15442,159,0,22,'/1/1/11artboard_1_copy_14_2x-100.jpg'),(15443,182,0,22,'216'),(15449,73,0,23,'Deep Intense Hydrating Masque 500 ML'),(15450,84,0,23,'Deep Intense Hydrating Masque 500 ML'),(15451,86,0,23,'Deep Intense Hydrating Masque 500 ML The Deep Intense mask is ideal for damaged hair. Formulated with KEROXYNE COMPLEX technology, an exclusive blend of pure keratin, it gently nourishes hair by improving its elasticity, resistance and shine. It was speci'),(15452,87,0,23,'/6/0/600x600_nkkpp_mask_01_1.jpg'),(15453,88,0,23,'/6/0/600x600_nkkpp_mask_01_1.jpg'),(15454,89,0,23,'/6/0/600x600_nkkpp_mask_01_1.jpg'),(15455,106,0,23,'container2'),(15456,123,0,23,'0'),(15457,126,0,23,'deep-intense-hydrating-masque-500-ml'),(15458,133,0,23,'2'),(15459,154,0,23,'/6/0/600x600_nkkpp_mask_01_1.jpg'),(15460,159,0,23,'/6/0/600x600_nkkpp_mask_01_1.jpg'),(15466,73,0,24,'Timless Blend Conditioner 1000 ML'),(15467,84,0,24,'Timless Blend Conditioner 1000 ML'),(15468,86,0,24,'Timless Blend Conditioner 1000 ML Moisturizing anti-age Conditioner for dry hair with REBORN COMPLEX.'),(15469,87,0,24,'/a/r/artboard_1_copy_9_2x-100_1_2.jpg'),(15470,88,0,24,'/a/r/artboard_1_copy_9_2x-100_1_2.jpg'),(15471,89,0,24,'/a/r/artboard_1_copy_9_2x-100_1_2.jpg'),(15472,106,0,24,'container2'),(15473,123,0,24,'0'),(15474,126,0,24,'timless-blend-conditioner-1000-ml'),(15475,133,0,24,'2'),(15476,154,0,24,'/a/r/artboard_1_copy_9_2x-100_1_2.jpg'),(15477,159,0,24,'/a/r/artboard_1_copy_9_2x-100_1_2.jpg'),(15478,182,0,24,'216'),(15484,73,0,25,'Moisture Lock Conditioner 1000 ML'),(15485,84,0,25,'Moisture Lock Conditioner 1000 ML'),(15486,86,0,25,'Moisture Lock Conditioner 1000 ML Conditioner fortified with AMINO BOND COMPLEX'),(15487,87,0,25,'/1/1/1111.jpg'),(15488,88,0,25,'/1/1/1111.jpg'),(15489,89,0,25,'/1/1/1111.jpg'),(15490,106,0,25,'container2'),(15491,123,0,25,'0'),(15492,126,0,25,'moisture-lock-conditioner-1000-ml'),(15493,133,0,25,'2'),(15494,154,0,25,'/1/1/1111.jpg'),(15495,159,0,25,'/1/1/1111.jpg'),(15496,182,0,25,'216'),(15502,73,0,26,'Extender 90 ML'),(15503,84,0,26,'Extender 90 ML'),(15504,86,0,26,'Extender 90 ML '),(15505,87,0,26,'/1/1/1122.jpg'),(15506,88,0,26,'/1/1/1122.jpg'),(15507,89,0,26,'/1/1/1122.jpg'),(15508,106,0,26,'container2'),(15509,123,0,26,'0'),(15510,126,0,26,'extender-90-ml'),(15511,133,0,26,'2'),(15512,154,0,26,'/1/1/1122.jpg'),(15513,159,0,26,'/1/1/1122.jpg'),(15519,73,0,27,'Timless Blend Conditioner 250 ML'),(15520,84,0,27,'Timless Blend Conditioner 250 ML'),(15521,86,0,27,'Timless Blend Conditioner 250 ML Moisturizing anti-age Conditioner for dry hair with REBORN COMPLEX.'),(15522,87,0,27,'/3/3/3333.jpg'),(15523,88,0,27,'/3/3/3333.jpg'),(15524,89,0,27,'/3/3/3333.jpg'),(15525,106,0,27,'container2'),(15526,123,0,27,'0'),(15527,126,0,27,'timless-blend-conditioner-250-ml'),(15528,133,0,27,'2'),(15529,154,0,27,'/3/3/3333.jpg'),(15530,159,0,27,'/3/3/3333.jpg'),(15536,73,0,28,'Timless Blend Masque 250 ML'),(15537,84,0,28,'Timless Blend Masque 250 ML'),(15538,86,0,28,'Timless Blend Masque 250 ML Anti-ageing moisturizer mask for dry hair with Reborn Complex, an exclusive blend of Hyaluronic Acid, A\'achi and moisturizers. It cleans gently giving hydration, softness and shine.'),(15539,87,0,28,'/4/4/444.jpg'),(15540,88,0,28,'/4/4/444.jpg'),(15541,89,0,28,'/4/4/444.jpg'),(15542,106,0,28,'container2'),(15543,123,0,28,'0'),(15544,126,0,28,'timless-blend-masque-250-ml'),(15545,133,0,28,'2'),(15546,154,0,28,'/4/4/444.jpg'),(15547,159,0,28,'/4/4/444.jpg'),(15548,182,0,28,'216'),(15554,73,0,29,'Pure Keratin Reconstructing Shampoo 250 ML'),(15555,84,0,29,'Pure Keratin Reconstructing Shampoo 250 ML'),(15556,86,0,29,'Pure Keratin Reconstructing Shampoo 250 ML Reconstructing Shampoo, fortified with KEROXYNE COMPLEX.'),(15557,87,0,29,'/4/5/4555.jpg'),(15558,88,0,29,'/4/5/4555.jpg'),(15559,89,0,29,'/4/5/4555.jpg'),(15560,106,0,29,'container2'),(15561,123,0,29,'0'),(15562,126,0,29,'pure-keratin-reconstructing-shampoo-250-ml'),(15563,133,0,29,'2'),(15564,154,0,29,'/4/5/4555.jpg'),(15565,159,0,29,'/4/5/4555.jpg'),(15571,73,0,30,'Pure Keratin Reconstructing Conditioner 250 ML'),(15572,84,0,30,'Pure Keratin Reconstructing Conditioner 250 ML'),(15573,86,0,30,'Pure Keratin Reconstructing Conditioner 250 ML Pure Keratin Reconstructing Conditioner 250 ML'),(15574,87,0,30,'/6/6/666.jpg'),(15575,88,0,30,'/6/6/666.jpg'),(15576,89,0,30,'/6/6/666.jpg'),(15577,106,0,30,'container2'),(15578,123,0,30,'0'),(15579,126,0,30,'pure-keratin-reconstructing-conditioner-250-ml'),(15580,133,0,30,'2'),(15581,154,0,30,'/6/6/666.jpg'),(15582,159,0,30,'/6/6/666.jpg'),(15683,73,2,1,'بلسم مويستشر لوك 250 مل'),(15684,84,2,1,'Moisture Lock Conditioner 250 ML'),(15685,86,2,1,'Moisture Lock Conditioner 250 ML Conditioner fortified with AMINO BOND COMPLEX'),(15686,87,2,1,'/a/r/artboard_1_copy_20_2x-100_1.jpg'),(15687,88,2,1,'/a/r/artboard_1_copy_20_2x-100_1.jpg'),(15688,89,2,1,'/a/r/artboard_1_copy_20_2x-100_1.jpg'),(15689,106,2,1,'container2'),(15690,123,1,1,'0'),(15691,123,2,1,'0'),(15692,126,2,1,'moisture-lock-conditioner-250-ml'),(15693,154,2,1,'/a/r/artboard_1_copy_20_2x-100_1.jpg'),(15694,159,2,1,'/a/r/artboard_1_copy_20_2x-100_1.jpg'),(15700,73,2,9,'شامبو بيور كيراتين لإعادة بناء الشعر 1000 مل'),(15701,84,2,9,'Pure Keratin Reconstructing Shampoo 1000 ML'),(15702,86,2,9,'Pure Keratin Reconstructing Shampoo 1000 ML Reconstructing Shampoo, fortified with KEROXYNE COMPLEX.\r\n'),(15703,87,2,9,'/a/r/artboard_1_copy_3_2x-100_1_1.jpg'),(15704,88,2,9,'/a/r/artboard_1_copy_3_2x-100_1_1.jpg'),(15705,89,2,9,'/a/r/artboard_1_copy_3_2x-100_1_1.jpg'),(15706,106,2,9,'container2'),(15707,123,1,9,'0'),(15708,123,2,9,'0'),(15709,126,2,9,'pure-keratin-reconstructing-shampoo-1000-ml'),(15710,154,2,9,'/a/r/artboard_1_copy_3_2x-100_1_1.jpg'),(15711,159,2,9,'/a/r/artboard_1_copy_3_2x-100_1_1.jpg'),(15717,73,2,10,'شيمر 30 مل'),(15718,84,2,10,'Shimmer 30 ML'),(15719,86,2,10,'Shimmer 30 ML Anti-frizz Serum with Aragn Oil and Amino Bond Complex'),(15720,87,2,10,'/a/r/artboard_1_copy_12_2x-100_1.jpg'),(15721,88,2,10,'/a/r/artboard_1_copy_12_2x-100_1.jpg'),(15722,89,2,10,'/a/r/artboard_1_copy_12_2x-100_1.jpg'),(15723,106,2,10,'container2'),(15724,123,1,10,'0'),(15725,123,2,10,'0'),(15726,126,2,10,'shimmer-30-ml'),(15727,154,2,10,'/a/r/artboard_1_copy_12_2x-100_1.jpg'),(15728,159,2,10,'/a/r/artboard_1_copy_12_2x-100_1.jpg'),(15734,73,2,15,'تايمليس بليند ماسك 500 مل'),(15735,84,2,15,'Timless Blend Masque 500 ML'),(15736,86,2,15,'Timless Blend Masque 500 ML Anti-ageing moisturizer mask for dry hair with Reborn Complex,an exclusive blend of Hyaluronic Acid, A\'achi and moisturizers. It cleans gently giving hydration, softness and shine.'),(15737,87,2,15,'/a/r/artboard_1_copy_2_2x-100_1_1.jpg'),(15738,88,2,15,'/a/r/artboard_1_copy_2_2x-100_1_1.jpg'),(15739,89,2,15,'/a/r/artboard_1_copy_2_2x-100_1_1.jpg'),(15740,106,2,15,'container2'),(15741,123,1,15,'0'),(15742,123,2,15,'0'),(15743,126,2,15,'timless-blend-masque-500-ml'),(15744,154,2,15,'/a/r/artboard_1_copy_2_2x-100_1_1.jpg'),(15745,159,2,15,'/a/r/artboard_1_copy_2_2x-100_1_1.jpg'),(15746,182,2,15,'216'),(15752,73,2,11,'قناع محسن 500 مل'),(15753,84,2,11,'Enhancer Masque 500 ML'),(15754,86,2,11,'Enhancer Masque 500 ML The 500ml Enhancer mask is fortified with AMINO BOND COMPLEX technology, a unique formula of amino acids, hydrolyzed keratin and active ingredients, for a smooth and anti-frizz effect.'),(15755,87,2,11,'/n/i/nika-fairy-silk-enhancer-maschera-lisciante-500ml-extra-big-11023-098_1.jpg'),(15756,88,2,11,'/n/i/nika-fairy-silk-enhancer-maschera-lisciante-500ml-extra-big-11023-098_1.jpg'),(15757,89,2,11,'/n/i/nika-fairy-silk-enhancer-maschera-lisciante-500ml-extra-big-11023-098_1.jpg'),(15758,106,2,11,'container2'),(15759,123,1,11,'0'),(15760,123,2,11,'0'),(15761,126,2,11,'enhancer-masque-500-ml'),(15762,154,2,11,'/n/i/nika-fairy-silk-enhancer-maschera-lisciante-500ml-extra-big-11023-098_1.jpg'),(15763,159,2,11,'/n/i/nika-fairy-silk-enhancer-maschera-lisciante-500ml-extra-big-11023-098_1.jpg'),(15769,73,2,16,'علاج الشعر ميراكل رابيد ريبير 100 مل'),(15770,84,2,16,'Miracle Rapid Repair Hair Treatment 100 ML'),(15771,86,2,16,'Miracle Rapid Repair Hair Treatment 100 ML Its formula keroxyne complex is an indispensable ally for damaged hair, thanks to its exclusive mixture consists of pure keratin which allows the product to saldarsi cheratinica structure of the hair making it th'),(15772,87,2,16,'/a/r/artboard_1_copy_16_2x-100_1.jpg'),(15773,88,2,16,'/a/r/artboard_1_copy_16_2x-100_1.jpg'),(15774,89,2,16,'/a/r/artboard_1_copy_16_2x-100_1.jpg'),(15775,106,2,16,'container2'),(15776,123,1,16,'0'),(15777,123,2,16,'0'),(15778,126,2,16,'miracle-rapid-repair-hair-treatment-100-ml'),(15779,154,2,16,'/a/r/artboard_1_copy_16_2x-100_1.jpg'),(15780,159,2,16,'/a/r/artboard_1_copy_16_2x-100_1.jpg'),(15786,73,2,17,'شامبو تايملس بليند 250 مل'),(15787,84,2,17,'Timless Blend Shampoo 250 ML'),(15788,86,2,17,'Timless Blend Shampoo 250 ML Moisturizing anti-age shampoo for dry hair with REBORN COMPLEX.'),(15789,87,2,17,'/a/r/artboard_1_copy_6_2x-100_1.jpg'),(15790,88,2,17,'/a/r/artboard_1_copy_6_2x-100_1.jpg'),(15791,89,2,17,'/a/r/artboard_1_copy_6_2x-100_1.jpg'),(15792,106,2,17,'container2'),(15793,123,1,17,'0'),(15794,123,2,17,'0'),(15795,126,2,17,'timless-blend-shampoo-250-ml'),(15796,154,2,17,'/a/r/artboard_1_copy_6_2x-100_1.jpg'),(15797,159,2,17,'/a/r/artboard_1_copy_6_2x-100_1.jpg'),(15798,182,2,17,'216'),(15804,73,2,18,'شامبو مويستشر لوك 250 مل'),(15805,84,2,18,'Moisture Lock Shampoo 250 ML'),(15806,86,2,18,'Moisture Lock Shampoo 250 ML Shampoo for frizzy hair enriched with SEVEN OILS and COLOR GUARD, the new active ingredient for a bright and lasting color. Gently cleanses giving a smooth and anti-frizz effect.'),(15807,87,2,18,'/a/r/artboard_1_copy_11_2x-100_1.jpg'),(15808,88,2,18,'/a/r/artboard_1_copy_11_2x-100_1.jpg'),(15809,89,2,18,'/a/r/artboard_1_copy_11_2x-100_1.jpg'),(15810,106,2,18,'container2'),(15811,123,1,18,'0'),(15812,123,2,18,'0'),(15813,126,2,18,'moisture-lock-shampoo-250-ml'),(15814,154,2,18,'/a/r/artboard_1_copy_11_2x-100_1.jpg'),(15815,159,2,18,'/a/r/artboard_1_copy_11_2x-100_1.jpg'),(15816,182,2,18,'216'),(15822,73,2,20,'بلسم بيور كيراتين لإعادة بناء الشعر 1000 مل'),(15823,84,2,20,'Pure Keratin Reconstructing Conditioner 1000 ML'),(15824,86,2,20,'Pure Keratin Reconstructing Conditioner 1000 ML Reconstructing Conditioner, fortified with KEROXYNE COMPLEX.'),(15825,87,2,20,'/1/1/11_2_9.jpg'),(15826,88,2,20,'/1/1/11_2_9.jpg'),(15827,89,2,20,'/1/1/11_2_9.jpg'),(15828,106,2,20,'container2'),(15829,123,1,20,'0'),(15830,123,2,20,'0'),(15831,126,2,20,'pure-keratin-reconstructing-conditioner-1000-ml'),(15832,154,2,20,'/1/1/11_2_9.jpg'),(15833,159,2,20,'/1/1/11_2_9.jpg'),(15839,73,2,21,'شامبو تايملس بليند 1000 مل'),(15840,84,2,21,'Timless Blend Shampoo 1000 ML'),(15841,86,2,21,'Timless Blend Shampoo 1000 ML Moisturizing anti-age shampoo for dry hair with REBORN COMPLEX.'),(15842,87,2,21,'/a/r/artboard_1_copy_2_2x-100_1_2.jpg'),(15843,88,2,21,'/a/r/artboard_1_copy_2_2x-100_1_2.jpg'),(15844,89,2,21,'/a/r/artboard_1_copy_2_2x-100_1_2.jpg'),(15845,106,2,21,'container2'),(15846,123,1,21,'0'),(15847,123,2,21,'0'),(15848,126,2,21,'timless-blend-shampoo-1000-ml'),(15849,154,2,21,'/a/r/artboard_1_copy_2_2x-100_1_2.jpg'),(15850,159,2,21,'/a/r/artboard_1_copy_2_2x-100_1_2.jpg'),(15851,182,2,21,'216'),(15857,73,2,22,'شامبو مويستشر لوك 1000 مل'),(15858,84,2,22,'Moisture Lock Shampoo 1000 ML'),(15859,86,2,22,'Moisture Lock Shampoo 1000 ML Shampoo for frizzy hair enriched with SEVEN OILS and COLOR GUARD, the new active ingredient for a bright and lasting color. Gently cleanses giving a smooth and anti-frizz effect.\r\n'),(15860,87,2,22,'/1/1/11artboard_1_copy_14_2x-100.jpg'),(15861,88,2,22,'/1/1/11artboard_1_copy_14_2x-100.jpg'),(15862,89,2,22,'/1/1/11artboard_1_copy_14_2x-100.jpg'),(15863,106,2,22,'container2'),(15864,123,1,22,'0'),(15865,123,2,22,'0'),(15866,126,2,22,'moisture-lock-shampoo-1000-ml'),(15867,154,2,22,'/1/1/11artboard_1_copy_14_2x-100.jpg'),(15868,159,2,22,'/1/1/11artboard_1_copy_14_2x-100.jpg'),(15869,182,2,22,'216'),(15875,73,2,28,'تايمليس بليند ماسك 250 مل'),(15876,84,2,28,'Timless Blend Masque 250 ML'),(15877,86,2,28,'Timless Blend Masque 250 ML Anti-ageing moisturizer mask for dry hair with Reborn Complex, an exclusive blend of Hyaluronic Acid, A\'achi and moisturizers. It cleans gently giving hydration, softness and shine.'),(15878,87,2,28,'/4/4/444.jpg'),(15879,88,2,28,'/4/4/444.jpg'),(15880,89,2,28,'/4/4/444.jpg'),(15881,106,2,28,'container2'),(15882,123,1,28,'0'),(15883,123,2,28,'0'),(15884,126,2,28,'timless-blend-masque-250-ml'),(15885,154,2,28,'/4/4/444.jpg'),(15886,159,2,28,'/4/4/444.jpg'),(15887,182,2,28,'216'),(15893,73,2,27,'بلسم تايمليس بليند 250 مل'),(15894,84,2,27,'Timless Blend Conditioner 250 ML'),(15895,86,2,27,'Timless Blend Conditioner 250 ML Moisturizing anti-age Conditioner for dry hair with REBORN COMPLEX.'),(15896,87,2,27,'/3/3/3333.jpg'),(15897,88,2,27,'/3/3/3333.jpg'),(15898,89,2,27,'/3/3/3333.jpg'),(15899,106,2,27,'container2'),(15900,123,1,27,'0'),(15901,123,2,27,'0'),(15902,126,2,27,'timless-blend-conditioner-250-ml'),(15903,154,2,27,'/3/3/3333.jpg'),(15904,159,2,27,'/3/3/3333.jpg'),(15910,73,2,26,'موسع 90 مل'),(15911,84,2,26,'Extender 90 ML'),(15912,86,2,26,'Extender 90 ML '),(15913,87,2,26,'/1/1/1122.jpg'),(15914,88,2,26,'/1/1/1122.jpg'),(15915,89,2,26,'/1/1/1122.jpg'),(15916,106,2,26,'container2'),(15917,123,1,26,'0'),(15918,123,2,26,'0'),(15919,126,2,26,'extender-90-ml'),(15920,154,2,26,'/1/1/1122.jpg'),(15921,159,2,26,'/1/1/1122.jpg'),(15927,73,2,25,'بلسم قفل الرطوبة 1000 مل'),(15928,84,2,25,'Moisture Lock Conditioner 1000 ML'),(15929,86,2,25,'Moisture Lock Conditioner 1000 ML Conditioner fortified with AMINO BOND COMPLEX'),(15930,87,2,25,'/1/1/1111.jpg'),(15931,88,2,25,'/1/1/1111.jpg'),(15932,89,2,25,'/1/1/1111.jpg'),(15933,106,2,25,'container2'),(15934,123,1,25,'0'),(15935,123,2,25,'0'),(15936,126,2,25,'moisture-lock-conditioner-1000-ml'),(15937,154,2,25,'/1/1/1111.jpg'),(15938,159,2,25,'/1/1/1111.jpg'),(15939,182,2,25,'216'),(15945,73,2,24,'بلسم تايملس بليند 1000 مل'),(15946,84,2,24,'Timless Blend Conditioner 1000 ML'),(15947,86,2,24,'Timless Blend Conditioner 1000 ML Moisturizing anti-age Conditioner for dry hair with REBORN COMPLEX.'),(15948,87,2,24,'/a/r/artboard_1_copy_9_2x-100_1_2.jpg'),(15949,88,2,24,'/a/r/artboard_1_copy_9_2x-100_1_2.jpg'),(15950,89,2,24,'/a/r/artboard_1_copy_9_2x-100_1_2.jpg'),(15951,106,2,24,'container2'),(15952,123,1,24,'0'),(15953,123,2,24,'0'),(15954,126,2,24,'timless-blend-conditioner-1000-ml'),(15955,154,2,24,'/a/r/artboard_1_copy_9_2x-100_1_2.jpg'),(15956,159,2,24,'/a/r/artboard_1_copy_9_2x-100_1_2.jpg'),(15957,182,2,24,'216'),(15963,73,2,23,'قناع ترطيب مكثف عميق 500 مل'),(15964,84,2,23,'Deep Intense Hydrating Masque 500 ML'),(15965,86,2,23,'Deep Intense Hydrating Masque 500 ML The Deep Intense mask is ideal for damaged hair. Formulated with KEROXYNE COMPLEX technology, an exclusive blend of pure keratin, it gently nourishes hair by improving its elasticity, resistance and shine. It was speci'),(15966,87,2,23,'/6/0/600x600_nkkpp_mask_01_1.jpg'),(15967,88,2,23,'/6/0/600x600_nkkpp_mask_01_1.jpg'),(15968,89,2,23,'/6/0/600x600_nkkpp_mask_01_1.jpg'),(15969,106,2,23,'container2'),(15970,123,1,23,'0'),(15971,123,2,23,'0'),(15972,126,2,23,'deep-intense-hydrating-masque-500-ml'),(15973,154,2,23,'/6/0/600x600_nkkpp_mask_01_1.jpg'),(15974,159,2,23,'/6/0/600x600_nkkpp_mask_01_1.jpg'),(15980,73,2,29,'شامبو بيور كيراتين لإعادة بناء الشعر 250 مل'),(15981,84,2,29,'Pure Keratin Reconstructing Shampoo 250 ML'),(15982,86,2,29,'Pure Keratin Reconstructing Shampoo 250 ML Reconstructing Shampoo, fortified with KEROXYNE COMPLEX.'),(15983,87,2,29,'/4/5/4555.jpg'),(15984,88,2,29,'/4/5/4555.jpg'),(15985,89,2,29,'/4/5/4555.jpg'),(15986,106,2,29,'container2'),(15987,123,1,29,'0'),(15988,123,2,29,'0'),(15989,126,2,29,'pure-keratin-reconstructing-shampoo-250-ml'),(15990,154,2,29,'/4/5/4555.jpg'),(15991,159,2,29,'/4/5/4555.jpg'),(15997,73,2,30,'بلسم بيور كيراتين لإعادة بناء الشعر 250 مل'),(15998,84,2,30,'Pure Keratin Reconstructing Conditioner 250 ML'),(15999,86,2,30,'Pure Keratin Reconstructing Conditioner 250 ML Pure Keratin Reconstructing Conditioner 250 ML'),(16000,87,2,30,'/6/6/666.jpg'),(16001,88,2,30,'/6/6/666.jpg'),(16002,89,2,30,'/6/6/666.jpg'),(16003,106,2,30,'container2'),(16004,123,1,30,'0'),(16005,123,2,30,'0'),(16006,126,2,30,'pure-keratin-reconstructing-conditioner-250-ml'),(16007,154,2,30,'/6/6/666.jpg'),(16008,159,2,30,'/6/6/666.jpg'),(16014,73,0,31,'Age Restore Package - 1000 ml'),(16015,84,0,31,'Age Restore Package - 1000 ml'),(16016,86,0,31,'Age Restore Package - 1000 ml \r\n\r\n\r\n\r\nAge Restore Package: Shampoo + Conditioner + Serum 1000 ml\r\n\r\n\r\n\r\n'),(16017,87,0,31,'/3/3/3333444.jpg'),(16018,88,0,31,'/3/3/3333444.jpg'),(16019,89,0,31,'/3/3/3333444.jpg'),(16020,106,0,31,'container2'),(16021,123,0,31,'0'),(16022,126,0,31,'age-restore-package-1000-ml'),(16023,133,0,31,'2'),(16024,154,0,31,'/3/3/3333444.jpg'),(16025,159,0,31,'/3/3/3333444.jpg'),(16026,182,0,31,'216'),(16032,73,0,32,'Age Restore Package - 250 ml'),(16033,84,0,32,'Age Restore Package - 250 ml'),(16034,86,0,32,'Age Restore Package - 250 ml Age Restore Package: Shampoo + Conditioner + Serum 250 ml'),(16035,87,0,32,'/3/3/3333444_1.jpg'),(16036,88,0,32,'/3/3/3333444_1.jpg'),(16037,89,0,32,'/3/3/3333444_1.jpg'),(16038,106,0,32,'container2'),(16039,123,0,32,'0'),(16040,126,0,32,'age-restore-package-250-ml-1'),(16041,133,0,32,'2'),(16042,154,0,32,'/3/3/3333444_1.jpg'),(16043,159,0,32,'/3/3/3333444_1.jpg'),(16044,182,0,32,'216'),(16056,73,0,33,'K-Perfection Package - 250ml'),(16057,84,0,33,'K-Perfection Package - 250ml'),(16058,86,0,33,'K-Perfection Package - 250ml K-Perfection Package: Shampoo + Conditioner + Serum'),(16059,87,0,33,'/9/9/99999.jpg'),(16060,88,0,33,'/9/9/99999.jpg'),(16061,89,0,33,'/9/9/99999.jpg'),(16062,106,0,33,'container2'),(16063,123,0,33,'0'),(16064,126,0,33,'k-perfection-package-250ml'),(16065,133,0,33,'2'),(16066,154,0,33,'/9/9/99999.jpg'),(16067,159,0,33,'/9/9/99999.jpg'),(16068,182,0,33,'216'),(16074,73,0,34,'K-Perfection Package - 1000 ml'),(16075,84,0,34,'K-Perfection Package - 1000 ml'),(16076,86,0,34,'K-Perfection Package - 1000 ml K-Perfection Package: Shampoo + Conditioner + Serum 1000ml'),(16077,87,0,34,'/9/9/99999_1.jpg'),(16078,88,0,34,'/9/9/99999_1.jpg'),(16079,89,0,34,'/9/9/99999_1.jpg'),(16080,106,0,34,'container2'),(16081,123,0,34,'0'),(16082,126,0,34,'k-perfection-package-1000-ml'),(16083,133,0,34,'2'),(16084,154,0,34,'/9/9/99999_1.jpg'),(16085,159,0,34,'/9/9/99999_1.jpg'),(16086,182,0,34,'216'),(16092,73,0,35,'Fairy Silk Package - 1000ml'),(16093,84,0,35,'Fairy Silk Package - 1000ml'),(16094,86,0,35,'Fairy Silk Package - 1000ml Fairy Silk Package: Shampoo + Conditioner + Serum 1000ml'),(16095,87,0,35,'/6/4/644444.jpg'),(16096,88,0,35,'/6/4/644444.jpg'),(16097,89,0,35,'/6/4/644444.jpg'),(16098,106,0,35,'container2'),(16099,123,0,35,'0'),(16100,126,0,35,'fairy-silk-package-1000ml'),(16101,133,0,35,'2'),(16102,154,0,35,'/6/4/644444.jpg'),(16103,159,0,35,'/6/4/644444.jpg'),(16109,73,0,36,'Fairy Silk Package - 250ml'),(16110,84,0,36,'Fairy Silk Package - 1000ml'),(16111,86,0,36,'Fairy Silk Package - 1000ml Fairy Silk Package: Shampoo + Conditioner + Serum 1000ml'),(16112,87,0,36,'/6/4/644444_1.jpg'),(16113,88,0,36,'/6/4/644444_1.jpg'),(16114,89,0,36,'/6/4/644444_1.jpg'),(16115,106,0,36,'container2'),(16116,123,0,36,'0'),(16117,126,0,36,'fairy-silk-package-1000ml-1'),(16118,133,0,36,'2'),(16119,154,0,36,'/6/4/644444_1.jpg'),(16120,159,0,36,'/6/4/644444_1.jpg');

--
-- Table structure for table `mag2_catalog_product_frontend_action`
--

CREATE TABLE `mag2_catalog_product_frontend_action` (
  `action_id` bigint(20) unsigned NOT NULL AUTO_INCREMENT COMMENT 'Product Action Id',
  `type_id` varchar(64) NOT NULL COMMENT 'Type of product action',
  `visitor_id` int(10) unsigned DEFAULT NULL COMMENT 'Visitor Id',
  `customer_id` int(10) unsigned DEFAULT NULL COMMENT 'Customer Id',
  `product_id` int(10) unsigned NOT NULL COMMENT 'Product Id',
  `added_at` bigint(20) NOT NULL COMMENT 'Added At',
  PRIMARY KEY (`action_id`),
  UNIQUE KEY `MAG2_CAT_PRD_FRONTEND_ACTION_VISITOR_ID_PRD_ID_TYPE_ID` (`visitor_id`,`product_id`,`type_id`),
  UNIQUE KEY `MAG2_CAT_PRD_FRONTEND_ACTION_CSTR_ID_PRD_ID_TYPE_ID` (`customer_id`,`product_id`,`type_id`),
  CONSTRAINT `MAG2_CAT_PRD_FRONTEND_ACTION_CSTR_ID_CSTR_ENTT_ENTT_ID` FOREIGN KEY (`customer_id`) REFERENCES `mag2_customer_entity` (`entity_id`) ON DELETE CASCADE
) ENGINE=InnoDB DEFAULT CHARSET=utf8 COMMENT='Catalog Product Frontend Action Table';

--
-- Dumping data for table `mag2_catalog_product_frontend_action`
--


--
-- Table structure for table `mag2_catalog_product_index_eav`
--

CREATE TABLE `mag2_catalog_product_index_eav` (
  `entity_id` int(10) unsigned NOT NULL COMMENT 'Entity ID',
  `attribute_id` smallint(5) unsigned NOT NULL COMMENT 'Attribute ID',
  `store_id` smallint(5) unsigned NOT NULL COMMENT 'Store ID',
  `value` int(10) unsigned NOT NULL COMMENT 'Value',
  `source_id` int(10) unsigned NOT NULL DEFAULT '0' COMMENT 'Original entity Id for attribute value',
  PRIMARY KEY (`entity_id`,`attribute_id`,`store_id`,`value`,`source_id`),
  KEY `MAG2_CATALOG_PRODUCT_INDEX_EAV_ATTRIBUTE_ID` (`attribute_id`),
  KEY `MAG2_CATALOG_PRODUCT_INDEX_EAV_STORE_ID` (`store_id`),
  KEY `MAG2_CATALOG_PRODUCT_INDEX_EAV_VALUE` (`value`)
) ENGINE=InnoDB DEFAULT CHARSET=utf8 COMMENT='Catalog Product EAV Index Table';

--
-- Dumping data for table `mag2_catalog_product_index_eav`
--

INSERT INTO `mag2_catalog_product_index_eav` VALUES (1,99,1,4,1),(1,99,2,4,1),(5,99,1,4,5),(5,99,2,4,5),(6,99,1,4,6),(6,99,2,4,6),(7,99,1,4,7),(7,99,2,4,7),(8,99,1,4,8),(8,99,2,4,8),(9,99,1,4,9),(9,99,2,4,9),(10,99,1,4,10),(10,99,2,4,10),(11,99,1,4,11),(11,99,2,4,11),(14,99,1,4,14),(14,99,2,4,14),(15,99,1,4,15),(15,99,2,4,15),(16,99,1,4,16),(16,99,2,4,16),(17,99,1,4,17),(17,99,2,4,17),(18,99,1,4,18),(18,99,2,4,18),(19,99,1,4,19),(19,99,2,4,19),(20,99,1,4,20),(20,99,2,4,20),(21,99,1,4,21),(21,99,2,4,21),(22,99,1,4,22),(22,99,2,4,22),(23,99,1,4,23),(23,99,2,4,23),(24,99,1,4,24),(24,99,2,4,24),(25,99,1,4,25),(25,99,2,4,25),(26,99,1,4,26),(26,99,2,4,26),(27,99,1,4,27),(27,99,2,4,27),(28,99,1,4,28),(28,99,2,4,28),(29,99,1,4,29),(29,99,2,4,29),(30,99,1,4,30),(30,99,2,4,30),(31,99,1,4,31),(31,99,2,4,31),(33,99,1,4,33),(33,99,2,4,33),(34,99,1,4,34),(34,99,2,4,34),(35,99,1,4,35),(35,99,2,4,35),(1,180,1,213,1),(1,180,2,213,1),(5,180,1,213,5),(5,180,2,213,5),(6,180,1,213,6),(6,180,2,213,6),(7,180,1,213,7),(7,180,2,213,7),(9,180,1,213,9),(9,180,2,213,9),(10,180,1,213,10),(10,180,2,213,10),(11,180,1,213,11),(11,180,2,213,11),(14,180,1,213,14),(14,180,2,213,14),(15,180,1,213,15),(15,180,2,213,15),(16,180,1,213,16),(16,180,2,213,16),(17,180,1,213,17),(17,180,2,213,17),(18,180,1,213,18),(18,180,2,213,18),(19,180,1,213,19),(19,180,2,213,19),(20,180,1,213,20),(20,180,2,213,20),(21,180,1,213,21),(21,180,2,213,21),(22,180,1,213,22),(22,180,2,213,22),(23,180,1,213,23),(23,180,2,213,23),(24,180,1,213,24),(24,180,2,213,24),(25,180,1,213,25),(25,180,2,213,25),(26,180,1,213,26),(26,180,2,213,26),(27,180,1,213,27),(27,180,2,213,27),(28,180,1,213,28),(28,180,2,213,28),(29,180,1,213,29),(29,180,2,213,29),(30,180,1,213,30),(30,180,2,213,30),(31,180,1,213,31),(31,180,2,213,31),(33,180,1,213,33),(33,180,2,213,33),(34,180,1,213,34),(34,180,2,213,34),(35,180,1,213,35),(35,180,2,213,35),(1,181,1,214,1),(1,181,2,214,1),(5,181,1,214,5),(5,181,2,214,5),(6,181,1,214,6),(6,181,2,214,6),(7,181,1,214,7),(7,181,2,214,7),(10,181,1,214,10),(10,181,2,214,10),(11,181,1,214,11),(11,181,2,214,11),(14,181,1,214,14),(14,181,2,214,14),(16,181,1,214,16),(16,181,2,214,16),(17,181,1,214,17),(17,181,2,214,17),(18,181,1,214,18),(18,181,2,214,18),(19,181,1,214,19),(19,181,2,214,19),(20,181,1,214,20),(20,181,2,214,20),(21,181,1,214,21),(21,181,2,214,21),(22,181,1,214,22),(22,181,2,214,22),(24,181,1,214,24),(24,181,2,214,24),(25,181,1,214,25),(25,181,2,214,25),(28,181,1,214,28),(28,181,2,214,28),(29,181,1,214,29),(29,181,2,214,29),(30,181,1,214,30),(30,181,2,214,30),(31,181,1,214,31),(31,181,2,214,31),(33,181,1,214,33),(33,181,2,214,33),(34,181,1,214,34),(34,181,2,214,34),(15,182,1,216,15),(15,182,2,216,15),(17,182,1,216,17),(17,182,2,216,17),(18,182,1,216,18),(18,182,2,216,18),(21,182,1,216,21),(21,182,2,216,21),(22,182,1,216,22),(22,182,2,216,22),(24,182,1,216,24),(24,182,2,216,24),(25,182,1,216,25),(25,182,2,216,25),(28,182,1,216,28),(28,182,2,216,28),(31,182,1,216,31),(31,182,2,216,31),(33,182,1,216,33),(33,182,2,216,33),(34,182,1,216,34),(34,182,2,216,34),(1,183,1,222,1),(1,183,2,222,1),(9,183,1,224,9),(9,183,2,224,9),(10,183,1,219,10),(10,183,2,219,10),(11,183,1,223,11),(11,183,2,223,11),(15,183,1,223,15),(15,183,2,223,15),(16,183,1,221,16),(16,183,2,221,16),(17,183,1,222,17),(17,183,2,222,17),(18,183,1,222,18),(18,183,2,222,18),(20,183,1,224,20),(20,183,2,224,20),(21,183,1,224,21),(21,183,2,224,21),(22,183,1,224,22),(22,183,2,224,22),(23,183,1,223,23),(23,183,2,223,23),(24,183,1,224,24),(24,183,2,224,24),(25,183,1,224,25),(25,183,2,224,25),(26,183,1,220,26),(26,183,2,220,26),(27,183,1,222,27),(27,183,2,222,27),(28,183,1,222,28),(28,183,2,222,28),(29,183,1,222,29),(29,183,2,222,29),(30,183,1,222,30),(30,183,2,222,30),(31,183,1,224,31),(31,183,2,224,31),(33,183,1,222,33),(33,183,2,222,33),(34,183,1,224,34),(34,183,2,224,34),(35,183,1,224,35),(35,183,2,224,35);

--
-- Table structure for table `mag2_catalog_product_index_eav_decimal`
--

CREATE TABLE `mag2_catalog_product_index_eav_decimal` (
  `entity_id` int(10) unsigned NOT NULL COMMENT 'Entity ID',
  `attribute_id` smallint(5) unsigned NOT NULL COMMENT 'Attribute ID',
  `store_id` smallint(5) unsigned NOT NULL COMMENT 'Store ID',
  `value` decimal(12,4) NOT NULL COMMENT 'Value',
  `source_id` int(10) unsigned NOT NULL DEFAULT '0' COMMENT 'Original entity Id for attribute value',
  PRIMARY KEY (`entity_id`,`attribute_id`,`store_id`,`value`,`source_id`),
  KEY `MAG2_CATALOG_PRODUCT_INDEX_EAV_DECIMAL_ATTRIBUTE_ID` (`attribute_id`),
  KEY `MAG2_CATALOG_PRODUCT_INDEX_EAV_DECIMAL_STORE_ID` (`store_id`),
  KEY `MAG2_CATALOG_PRODUCT_INDEX_EAV_DECIMAL_VALUE` (`value`)
) ENGINE=InnoDB DEFAULT CHARSET=utf8 COMMENT='Catalog Product EAV Decimal Index Table';

--
-- Dumping data for table `mag2_catalog_product_index_eav_decimal`
--


--
-- Table structure for table `mag2_catalog_product_index_eav_decimal_idx`
--

CREATE TABLE `mag2_catalog_product_index_eav_decimal_idx` (
  `entity_id` int(10) unsigned NOT NULL COMMENT 'Entity ID',
  `attribute_id` smallint(5) unsigned NOT NULL COMMENT 'Attribute ID',
  `store_id` smallint(5) unsigned NOT NULL COMMENT 'Store ID',
  `value` decimal(12,4) NOT NULL COMMENT 'Value',
  `source_id` int(10) unsigned NOT NULL DEFAULT '0' COMMENT 'Original entity Id for attribute value',
  PRIMARY KEY (`entity_id`,`attribute_id`,`store_id`,`value`,`source_id`),
  KEY `MAG2_CATALOG_PRODUCT_INDEX_EAV_DECIMAL_IDX_ATTRIBUTE_ID` (`attribute_id`),
  KEY `MAG2_CATALOG_PRODUCT_INDEX_EAV_DECIMAL_IDX_STORE_ID` (`store_id`),
  KEY `MAG2_CATALOG_PRODUCT_INDEX_EAV_DECIMAL_IDX_VALUE` (`value`)
) ENGINE=InnoDB DEFAULT CHARSET=utf8 COMMENT='Catalog Product EAV Decimal Indexer Index Table';

--
-- Dumping data for table `mag2_catalog_product_index_eav_decimal_idx`
--


--
-- Table structure for table `mag2_catalog_product_index_eav_decimal_replica`
--

CREATE TABLE `mag2_catalog_product_index_eav_decimal_replica` (
  `entity_id` int(10) unsigned NOT NULL COMMENT 'Entity ID',
  `attribute_id` smallint(5) unsigned NOT NULL COMMENT 'Attribute ID',
  `store_id` smallint(5) unsigned NOT NULL COMMENT 'Store ID',
  `value` decimal(12,4) NOT NULL COMMENT 'Value',
  `source_id` int(10) unsigned NOT NULL DEFAULT '0' COMMENT 'Original entity Id for attribute value',
  PRIMARY KEY (`entity_id`,`attribute_id`,`store_id`,`value`,`source_id`),
  KEY `MAG2_CATALOG_PRODUCT_INDEX_EAV_DECIMAL_ATTRIBUTE_ID` (`attribute_id`),
  KEY `MAG2_CATALOG_PRODUCT_INDEX_EAV_DECIMAL_STORE_ID` (`store_id`),
  KEY `MAG2_CATALOG_PRODUCT_INDEX_EAV_DECIMAL_VALUE` (`value`)
) ENGINE=InnoDB DEFAULT CHARSET=utf8 COMMENT='Catalog Product EAV Decimal Index Table';

--
-- Dumping data for table `mag2_catalog_product_index_eav_decimal_replica`
--


--
-- Table structure for table `mag2_catalog_product_index_eav_decimal_tmp`
--

CREATE TABLE `mag2_catalog_product_index_eav_decimal_tmp` (
  `entity_id` int(10) unsigned NOT NULL COMMENT 'Entity ID',
  `attribute_id` smallint(5) unsigned NOT NULL COMMENT 'Attribute ID',
  `store_id` smallint(5) unsigned NOT NULL COMMENT 'Store ID',
  `value` decimal(12,4) NOT NULL COMMENT 'Value',
  `source_id` int(10) unsigned NOT NULL DEFAULT '0' COMMENT 'Original entity Id for attribute value',
  PRIMARY KEY (`entity_id`,`attribute_id`,`store_id`,`value`,`source_id`),
  KEY `MAG2_CATALOG_PRODUCT_INDEX_EAV_DECIMAL_TMP_ATTRIBUTE_ID` (`attribute_id`),
  KEY `MAG2_CATALOG_PRODUCT_INDEX_EAV_DECIMAL_TMP_STORE_ID` (`store_id`),
  KEY `MAG2_CATALOG_PRODUCT_INDEX_EAV_DECIMAL_TMP_VALUE` (`value`)
) ENGINE=MEMORY DEFAULT CHARSET=utf8 COMMENT='Catalog Product EAV Decimal Indexer Temp Table';

--
-- Dumping data for table `mag2_catalog_product_index_eav_decimal_tmp`
--


--
-- Table structure for table `mag2_catalog_product_index_eav_idx`
--

CREATE TABLE `mag2_catalog_product_index_eav_idx` (
  `entity_id` int(10) unsigned NOT NULL COMMENT 'Entity ID',
  `attribute_id` smallint(5) unsigned NOT NULL COMMENT 'Attribute ID',
  `store_id` smallint(5) unsigned NOT NULL COMMENT 'Store ID',
  `value` int(10) unsigned NOT NULL COMMENT 'Value',
  `source_id` int(10) unsigned NOT NULL DEFAULT '0' COMMENT 'Original entity Id for attribute value',
  PRIMARY KEY (`entity_id`,`attribute_id`,`store_id`,`value`,`source_id`),
  KEY `MAG2_CATALOG_PRODUCT_INDEX_EAV_IDX_ATTRIBUTE_ID` (`attribute_id`),
  KEY `MAG2_CATALOG_PRODUCT_INDEX_EAV_IDX_STORE_ID` (`store_id`),
  KEY `MAG2_CATALOG_PRODUCT_INDEX_EAV_IDX_VALUE` (`value`)
) ENGINE=InnoDB DEFAULT CHARSET=utf8 COMMENT='Catalog Product EAV Indexer Index Table';

--
-- Dumping data for table `mag2_catalog_product_index_eav_idx`
--


--
-- Table structure for table `mag2_catalog_product_index_eav_replica`
--

CREATE TABLE `mag2_catalog_product_index_eav_replica` (
  `entity_id` int(10) unsigned NOT NULL COMMENT 'Entity ID',
  `attribute_id` smallint(5) unsigned NOT NULL COMMENT 'Attribute ID',
  `store_id` smallint(5) unsigned NOT NULL COMMENT 'Store ID',
  `value` int(10) unsigned NOT NULL COMMENT 'Value',
  `source_id` int(10) unsigned NOT NULL DEFAULT '0' COMMENT 'Original entity Id for attribute value',
  PRIMARY KEY (`entity_id`,`attribute_id`,`store_id`,`value`,`source_id`),
  KEY `MAG2_CATALOG_PRODUCT_INDEX_EAV_ATTRIBUTE_ID` (`attribute_id`),
  KEY `MAG2_CATALOG_PRODUCT_INDEX_EAV_STORE_ID` (`store_id`),
  KEY `MAG2_CATALOG_PRODUCT_INDEX_EAV_VALUE` (`value`)
) ENGINE=InnoDB DEFAULT CHARSET=utf8 COMMENT='Catalog Product EAV Index Table';

--
-- Dumping data for table `mag2_catalog_product_index_eav_replica`
--

INSERT INTO `mag2_catalog_product_index_eav_replica` VALUES (45,93,1,50,26),(45,93,1,50,29),(45,93,1,50,32),(1824,93,1,49,1818),(1824,93,1,49,1821),(1824,93,1,52,1819),(1824,93,1,52,1822),(1824,93,1,59,1820),(1824,93,1,59,1823),(1831,93,1,50,1825),(1831,93,1,50,1828),(1831,93,1,57,1826),(1831,93,1,57,1829),(1831,93,1,58,1827),(1831,93,1,58,1830),(1838,93,1,49,1832),(1838,93,1,49,1835),(1838,93,1,50,1833),(1838,93,1,50,1836),(1838,93,1,57,1834),(1838,93,1,57,1837),(1845,93,1,49,1839),(1845,93,1,49,1842),(1845,93,1,50,1840),(1845,93,1,50,1843),(1845,93,1,59,1841),(1845,93,1,59,1844),(1852,93,1,50,1846),(1852,93,1,50,1849),(1852,93,1,52,1847),(1852,93,1,52,1850),(1852,93,1,58,1848),(1852,93,1,58,1851),(1859,93,1,49,1853),(1859,93,1,49,1856),(1859,93,1,50,1854),(1859,93,1,50,1857),(1859,93,1,56,1855),(1859,93,1,56,1858),(1866,93,1,49,1860),(1866,93,1,49,1863),(1866,93,1,50,1861),(1866,93,1,50,1864),(1866,93,1,56,1862),(1866,93,1,56,1865),(1873,93,1,49,1867),(1873,93,1,49,1870),(1873,93,1,53,1868),(1873,93,1,53,1871),(1873,93,1,58,1869),(1873,93,1,58,1872),(1880,93,1,49,1874),(1880,93,1,49,1877),(1880,93,1,50,1875),(1880,93,1,50,1878),(1880,93,1,57,1876),(1880,93,1,57,1879),(1887,93,1,49,1881),(1887,93,1,49,1884),(1887,93,1,52,1882),(1887,93,1,52,1885),(1887,93,1,59,1883),(1887,93,1,59,1886),(1894,93,1,50,1888),(1894,93,1,50,1891),(1894,93,1,53,1889),(1894,93,1,53,1892),(1894,93,1,58,1890),(1894,93,1,58,1893),(1901,93,1,50,1895),(1901,93,1,50,1898),(1901,93,1,52,1896),(1901,93,1,52,1899),(1901,93,1,53,1897),(1901,93,1,53,1900),(1908,93,1,50,1902),(1908,93,1,50,1905),(1908,93,1,53,1903),(1908,93,1,53,1906),(1908,93,1,56,1904),(1908,93,1,56,1907),(1924,93,1,49,1909),(1924,93,1,49,1912),(1924,93,1,49,1915),(1924,93,1,49,1918),(1924,93,1,49,1921),(1924,93,1,53,1910),(1924,93,1,53,1913),(1924,93,1,53,1916),(1924,93,1,53,1919),(1924,93,1,53,1922),(1924,93,1,58,1911),(1924,93,1,58,1914),(1924,93,1,58,1917),(1924,93,1,58,1920),(1924,93,1,58,1923),(1940,93,1,52,1925),(1940,93,1,52,1928),(1940,93,1,52,1931),(1940,93,1,52,1934),(1940,93,1,52,1937),(1940,93,1,56,1926),(1940,93,1,56,1929),(1940,93,1,56,1932),(1940,93,1,56,1935),(1940,93,1,56,1938),(1940,93,1,60,1927),(1940,93,1,60,1930),(1940,93,1,60,1933),(1940,93,1,60,1936),(1940,93,1,60,1939),(1956,93,1,50,1941),(1956,93,1,50,1944),(1956,93,1,50,1947),(1956,93,1,50,1950),(1956,93,1,50,1953),(1956,93,1,52,1942),(1956,93,1,52,1945),(1956,93,1,52,1948),(1956,93,1,52,1951),(1956,93,1,52,1954),(1956,93,1,56,1943),(1956,93,1,56,1946),(1956,93,1,56,1949),(1956,93,1,56,1952),(1956,93,1,56,1955),(1972,93,1,49,1957),(1972,93,1,49,1960),(1972,93,1,49,1963),(1972,93,1,49,1966),(1972,93,1,49,1969),(1972,93,1,53,1958),(1972,93,1,53,1961),(1972,93,1,53,1964),(1972,93,1,53,1967),(1972,93,1,53,1970),(1972,93,1,56,1959),(1972,93,1,56,1962),(1972,93,1,56,1965),(1972,93,1,56,1968),(1972,93,1,56,1971),(1988,93,1,50,1973),(1988,93,1,50,1976),(1988,93,1,50,1979),(1988,93,1,50,1982),(1988,93,1,50,1985),(1988,93,1,57,1974),(1988,93,1,57,1977),(1988,93,1,57,1980),(1988,93,1,57,1983),(1988,93,1,57,1986),(1988,93,1,60,1975),(1988,93,1,60,1978),(1988,93,1,60,1981),(1988,93,1,60,1984),(1988,93,1,60,1987),(1995,93,1,52,1989),(1995,93,1,52,1992),(1995,93,1,56,1990),(1995,93,1,56,1993),(1995,93,1,57,1991),(1995,93,1,57,1994),(2002,93,1,49,1996),(2002,93,1,49,1999),(2002,93,1,50,1997),(2002,93,1,50,2000),(2002,93,1,57,1998),(2002,93,1,57,2001),(2008,93,1,57,2003),(2008,93,1,57,2004),(2008,93,1,57,2005),(2008,93,1,57,2006),(2008,93,1,57,2007),(2015,93,1,52,2009),(2015,93,1,52,2012),(2015,93,1,53,2010),(2015,93,1,53,2013),(2015,93,1,59,2011),(2015,93,1,59,2014),(2022,93,1,49,2016),(2022,93,1,49,2019),(2022,93,1,56,2017),(2022,93,1,56,2020),(2022,93,1,59,2018),(2022,93,1,59,2021),(2029,93,1,50,2023),(2029,93,1,50,2026),(2029,93,1,56,2024),(2029,93,1,56,2027),(2029,93,1,58,2025),(2029,93,1,58,2028),(2045,93,1,53,2030),(2045,93,1,53,2033),(2045,93,1,53,2036),(2045,93,1,53,2039),(2045,93,1,53,2042),(2045,93,1,57,2031),(2045,93,1,57,2034),(2045,93,1,57,2037),(2045,93,1,57,2040),(2045,93,1,57,2043),(2045,93,1,58,2032),(2045,93,1,58,2035),(2045,93,1,58,2038),(2045,93,1,58,2041),(2045,93,1,58,2044),(1,99,1,4,1),(2,99,1,4,2),(3,99,1,4,3),(4,99,1,4,4),(5,99,1,4,5),(6,99,1,4,6),(7,99,1,4,7),(8,99,1,4,8),(9,99,1,4,9),(10,99,1,4,10),(11,99,1,4,11),(12,99,1,4,12),(13,99,1,4,13),(14,99,1,4,14),(15,99,1,4,15),(16,99,1,4,16),(17,99,1,4,17),(18,99,1,4,18),(19,99,1,4,19),(20,99,1,4,20),(21,99,1,4,21),(22,99,1,4,22),(23,99,1,4,23),(36,99,1,4,36),(37,99,1,4,37),(38,99,1,4,38),(39,99,1,4,39),(40,99,1,4,40),(41,99,1,4,41),(42,99,1,4,42),(43,99,1,4,43),(44,99,1,4,44),(45,99,1,1,26),(45,99,1,1,29),(45,99,1,1,32),(45,99,1,1,33),(45,99,1,1,34),(45,99,1,1,35),(45,99,1,4,21),(45,99,1,4,22),(45,99,1,4,45),(46,99,1,4,46),(47,99,1,4,47),(48,99,1,4,48),(49,99,1,4,49),(50,99,1,4,50),(51,99,1,4,51),(67,99,1,4,67),(83,99,1,4,83),(99,99,1,4,99),(115,99,1,4,115),(131,99,1,4,131),(147,99,1,4,147),(163,99,1,4,163),(179,99,1,4,179),(195,99,1,4,195),(211,99,1,4,211),(227,99,1,4,227),(243,99,1,4,243),(259,99,1,4,259),(275,99,1,4,275),(291,99,1,4,291),(307,99,1,4,307),(323,99,1,4,323),(339,99,1,4,339),(355,99,1,4,355),(371,99,1,4,371),(387,99,1,4,387),(403,99,1,4,403),(419,99,1,4,419),(435,99,1,4,435),(451,99,1,4,451),(467,99,1,4,467),(483,99,1,4,483),(499,99,1,4,499),(515,99,1,4,515),(531,99,1,4,531),(547,99,1,4,547),(563,99,1,4,563),(579,99,1,4,579),(595,99,1,4,595),(611,99,1,4,611),(627,99,1,4,627),(643,99,1,4,643),(659,99,1,4,659),(675,99,1,4,675),(681,99,1,4,681),(687,99,1,4,687),(693,99,1,4,693),(699,99,1,4,699),(705,99,1,4,705),(711,99,1,4,711),(711,99,2,4,711),(717,99,1,4,717),(717,99,2,4,717),(723,99,1,4,723),(723,99,2,4,723),(729,99,1,4,729),(729,99,2,4,729),(742,99,1,4,742),(742,99,2,4,742),(755,99,1,4,755),(755,99,2,4,755),(768,99,1,4,768),(768,99,2,4,768),(781,99,1,4,781),(781,99,2,4,781),(794,99,1,4,794),(794,99,2,4,794),(807,99,1,4,807),(807,99,2,4,807),(820,99,1,4,820),(820,99,2,4,820),(833,99,1,4,833),(833,99,2,4,833),(846,99,1,4,846),(846,99,2,4,846),(859,99,1,4,859),(859,99,2,4,859),(872,99,1,4,872),(872,99,2,4,872),(885,99,1,4,885),(885,99,2,4,885),(898,99,1,4,898),(898,99,2,4,898),(903,99,1,4,903),(903,99,2,4,903),(916,99,1,4,916),(916,99,2,4,916),(929,99,1,4,929),(929,99,2,4,929),(942,99,1,4,942),(942,99,2,4,942),(955,99,1,4,955),(955,99,2,4,955),(968,99,1,4,968),(968,99,2,4,968),(981,99,1,4,981),(981,99,2,4,981),(994,99,1,4,994),(994,99,2,4,994),(1007,99,1,4,1007),(1007,99,2,4,1007),(1020,99,1,4,1020),(1020,99,2,4,1020),(1033,99,1,4,1033),(1033,99,2,4,1033),(1049,99,1,4,1049),(1049,99,2,4,1049),(1065,99,1,4,1065),(1065,99,2,4,1065),(1081,99,1,4,1081),(1081,99,2,4,1081),(1097,99,1,4,1097),(1097,99,2,4,1097),(1113,99,1,4,1113),(1113,99,2,4,1113),(1119,99,1,4,1119),(1119,99,2,4,1119),(1135,99,1,4,1135),(1135,99,2,4,1135),(1151,99,1,4,1151),(1151,99,2,4,1151),(1167,99,1,4,1167),(1167,99,2,4,1167),(1183,99,1,4,1183),(1183,99,2,4,1183),(1199,99,1,4,1199),(1199,99,2,4,1199),(1215,99,1,4,1215),(1215,99,2,4,1215),(1225,99,1,4,1225),(1225,99,2,4,1225),(1241,99,1,4,1241),(1241,99,2,4,1241),(1257,99,1,4,1257),(1257,99,2,4,1257),(1273,99,1,4,1273),(1273,99,2,4,1273),(1289,99,1,4,1289),(1289,99,2,4,1289),(1305,99,1,4,1305),(1305,99,2,4,1305),(1321,99,1,4,1321),(1321,99,2,4,1321),(1337,99,1,4,1337),(1337,99,2,4,1337),(1353,99,1,4,1353),(1353,99,2,4,1353),(1369,99,1,4,1369),(1369,99,2,4,1369),(1385,99,1,4,1385),(1385,99,2,4,1385),(1401,99,1,4,1401),(1401,99,2,4,1401),(1417,99,1,4,1417),(1417,99,2,4,1417),(1433,99,1,4,1433),(1433,99,2,4,1433),(1449,99,1,4,1449),(1449,99,2,4,1449),(1465,99,1,4,1465),(1465,99,2,4,1465),(1481,99,1,4,1481),(1481,99,2,4,1481),(1497,99,1,4,1497),(1497,99,2,4,1497),(1513,99,1,4,1513),(1513,99,2,4,1513),(1529,99,1,4,1529),(1529,99,2,4,1529),(1545,99,1,4,1545),(1545,99,2,4,1545),(1561,99,1,4,1561),(1561,99,2,4,1561),(1577,99,1,4,1577),(1577,99,2,4,1577),(1593,99,1,4,1593),(1593,99,2,4,1593),(1609,99,1,4,1609),(1609,99,2,4,1609),(1625,99,1,4,1625),(1625,99,2,4,1625),(1641,99,1,4,1641),(1641,99,2,4,1641),(1657,99,1,4,1657),(1657,99,2,4,1657),(1673,99,1,4,1673),(1673,99,2,4,1673),(1689,99,1,4,1689),(1689,99,2,4,1689),(1705,99,1,4,1705),(1705,99,2,4,1705),(1721,99,1,4,1721),(1721,99,2,4,1721),(1737,99,1,4,1737),(1737,99,2,4,1737),(1753,99,1,4,1753),(1753,99,2,4,1753),(1769,99,1,4,1769),(1769,99,2,4,1769),(1785,99,1,4,1785),(1785,99,2,4,1785),(1801,99,1,4,1801),(1801,99,2,4,1801),(1824,99,1,1,1818),(1824,99,1,1,1819),(1824,99,1,1,1820),(1824,99,1,1,1821),(1824,99,1,1,1822),(1824,99,1,1,1823),(1824,99,1,4,1824),(1831,99,1,1,1825),(1831,99,1,1,1826),(1831,99,1,1,1827),(1831,99,1,1,1828),(1831,99,1,1,1829),(1831,99,1,1,1830),(1831,99,1,4,1831),(1838,99,1,1,1832),(1838,99,1,1,1833),(1838,99,1,1,1834),(1838,99,1,1,1835),(1838,99,1,1,1836),(1838,99,1,1,1837),(1838,99,1,4,1838),(1845,99,1,1,1839),(1845,99,1,1,1840),(1845,99,1,1,1841),(1845,99,1,1,1842),(1845,99,1,1,1843),(1845,99,1,1,1844),(1845,99,1,4,1845),(1852,99,1,1,1846),(1852,99,1,1,1847),(1852,99,1,1,1848),(1852,99,1,1,1849),(1852,99,1,1,1850),(1852,99,1,1,1851),(1852,99,1,4,1852),(1859,99,1,1,1853),(1859,99,1,1,1854),(1859,99,1,1,1855),(1859,99,1,1,1856),(1859,99,1,1,1857),(1859,99,1,1,1858),(1859,99,1,4,1859),(1866,99,1,1,1860),(1866,99,1,1,1861),(1866,99,1,1,1862),(1866,99,1,1,1863),(1866,99,1,1,1864),(1866,99,1,1,1865),(1866,99,1,4,1866),(1873,99,1,1,1867),(1873,99,1,1,1868),(1873,99,1,1,1869),(1873,99,1,1,1870),(1873,99,1,1,1871),(1873,99,1,1,1872),(1873,99,1,4,1873),(1880,99,1,1,1874),(1880,99,1,1,1875),(1880,99,1,1,1876),(1880,99,1,1,1877),(1880,99,1,1,1878),(1880,99,1,1,1879),(1880,99,1,4,1880),(1887,99,1,1,1881),(1887,99,1,1,1882),(1887,99,1,1,1883),(1887,99,1,1,1884),(1887,99,1,1,1885),(1887,99,1,1,1886),(1887,99,1,4,1887),(1894,99,1,1,1888),(1894,99,1,1,1889),(1894,99,1,1,1890),(1894,99,1,1,1891),(1894,99,1,1,1892),(1894,99,1,1,1893),(1894,99,1,4,1894),(1901,99,1,1,1895),(1901,99,1,1,1896),(1901,99,1,1,1897),(1901,99,1,1,1898),(1901,99,1,1,1899),(1901,99,1,1,1900),(1901,99,1,4,1901),(1908,99,1,1,1902),(1908,99,1,1,1903),(1908,99,1,1,1904),(1908,99,1,1,1905),(1908,99,1,1,1906),(1908,99,1,1,1907),(1908,99,1,4,1908),(1924,99,1,1,1909),(1924,99,1,1,1910),(1924,99,1,1,1911),(1924,99,1,1,1912),(1924,99,1,1,1913),(1924,99,1,1,1914),(1924,99,1,1,1915),(1924,99,1,1,1916),(1924,99,1,1,1917),(1924,99,1,1,1918),(1924,99,1,1,1919),(1924,99,1,1,1920),(1924,99,1,1,1921),(1924,99,1,1,1922),(1924,99,1,1,1923),(1924,99,1,4,1924),(1940,99,1,1,1925),(1940,99,1,1,1926),(1940,99,1,1,1927),(1940,99,1,1,1928),(1940,99,1,1,1929),(1940,99,1,1,1930),(1940,99,1,1,1931),(1940,99,1,1,1932),(1940,99,1,1,1933),(1940,99,1,1,1934),(1940,99,1,1,1935),(1940,99,1,1,1936),(1940,99,1,1,1937),(1940,99,1,1,1938),(1940,99,1,1,1939),(1940,99,1,4,1940),(1956,99,1,1,1941),(1956,99,1,1,1942),(1956,99,1,1,1943),(1956,99,1,1,1944),(1956,99,1,1,1945),(1956,99,1,1,1946),(1956,99,1,1,1947),(1956,99,1,1,1948),(1956,99,1,1,1949),(1956,99,1,1,1950),(1956,99,1,1,1951),(1956,99,1,1,1952),(1956,99,1,1,1953),(1956,99,1,1,1954),(1956,99,1,1,1955),(1956,99,1,4,1956),(1972,99,1,1,1957),(1972,99,1,1,1958),(1972,99,1,1,1959),(1972,99,1,1,1960),(1972,99,1,1,1961),(1972,99,1,1,1962),(1972,99,1,1,1963),(1972,99,1,1,1964),(1972,99,1,1,1965),(1972,99,1,1,1966),(1972,99,1,1,1967),(1972,99,1,1,1968),(1972,99,1,1,1969),(1972,99,1,1,1970),(1972,99,1,1,1971),(1972,99,1,4,1972),(1988,99,1,1,1973),(1988,99,1,1,1974),(1988,99,1,1,1975),(1988,99,1,1,1976),(1988,99,1,1,1977),(1988,99,1,1,1978),(1988,99,1,1,1979),(1988,99,1,1,1980),(1988,99,1,1,1981),(1988,99,1,1,1982),(1988,99,1,1,1983),(1988,99,1,1,1984),(1988,99,1,1,1985),(1988,99,1,1,1986),(1988,99,1,1,1987),(1988,99,1,4,1988),(1995,99,1,1,1989),(1995,99,1,1,1990),(1995,99,1,1,1991),(1995,99,1,1,1992),(1995,99,1,1,1993),(1995,99,1,1,1994),(1995,99,1,4,1995),(2002,99,1,1,1996),(2002,99,1,1,1997),(2002,99,1,1,1998),(2002,99,1,1,1999),(2002,99,1,1,2000),(2002,99,1,1,2001),(2002,99,1,4,2002),(2008,99,1,1,2003),(2008,99,1,1,2004),(2008,99,1,1,2005),(2008,99,1,1,2006),(2008,99,1,1,2007),(2008,99,1,4,2008),(2015,99,1,1,2009),(2015,99,1,1,2010),(2015,99,1,1,2011),(2015,99,1,1,2012),(2015,99,1,1,2013),(2015,99,1,1,2014),(2015,99,1,4,2015),(2022,99,1,1,2016),(2022,99,1,1,2017),(2022,99,1,1,2018),(2022,99,1,1,2019),(2022,99,1,1,2020),(2022,99,1,1,2021),(2022,99,1,4,2022),(2029,99,1,1,2023),(2029,99,1,1,2024),(2029,99,1,1,2025),(2029,99,1,1,2026),(2029,99,1,1,2027),(2029,99,1,1,2028),(2029,99,1,4,2029),(2045,99,1,1,2030),(2045,99,1,1,2031),(2045,99,1,1,2032),(2045,99,1,1,2033),(2045,99,1,1,2034),(2045,99,1,1,2035),(2045,99,1,1,2036),(2045,99,1,1,2037),(2045,99,1,1,2038),(2045,99,1,1,2039),(2045,99,1,1,2040),(2045,99,1,1,2041),(2045,99,1,1,2042),(2045,99,1,1,2043),(2045,99,1,1,2044),(2045,99,1,4,2045),(2046,99,1,1,33),(2046,99,1,1,34),(2046,99,1,1,35),(2046,99,1,4,2046),(1,134,1,11,1),(1,134,1,19,1),(1,134,1,21,1),(1,134,1,22,1),(2,134,1,11,2),(2,134,1,18,2),(2,134,1,21,2),(2,134,1,23,2),(3,134,1,11,3),(3,134,1,18,3),(3,134,1,19,3),(3,134,1,20,3),(3,134,1,21,3),(3,134,1,22,3),(3,134,1,23,3),(4,134,1,11,4),(4,134,1,19,4),(4,134,1,22,4),(5,134,1,22,5),(5,134,1,23,5),(6,134,1,8,6),(6,134,1,18,6),(6,134,1,20,6),(7,134,1,11,7),(7,134,1,19,7),(7,134,1,22,7),(8,134,1,8,8),(8,134,1,11,8),(9,134,1,8,9),(9,134,1,11,9),(9,134,1,20,9),(10,134,1,8,10),(10,134,1,11,10),(11,134,1,11,11),(11,134,1,18,11),(11,134,1,20,11),(11,134,1,23,11),(12,134,1,8,12),(12,134,1,11,12),(12,134,1,20,12),(13,134,1,19,13),(13,134,1,22,13),(14,134,1,8,14),(14,134,1,20,14),(14,134,1,23,14),(15,134,1,8,15),(15,134,1,9,15),(15,134,1,11,15),(15,134,1,17,15),(16,134,1,11,16),(16,134,1,16,16),(16,134,1,17,16),(17,134,1,11,17),(18,134,1,11,18),(19,134,1,11,19),(19,134,1,16,19),(20,134,1,11,20),(21,134,1,8,21),(21,134,1,9,21),(21,134,1,11,21),(21,134,1,17,21),(22,134,1,8,22),(22,134,1,11,22),(23,134,1,11,23),(36,134,1,5,36),(36,134,1,9,36),(36,134,1,11,36),(36,134,1,17,36),(37,134,1,9,37),(37,134,1,16,37),(38,134,1,5,38),(38,134,1,9,38),(38,134,1,11,38),(38,134,1,16,38),(38,134,1,17,38),(39,134,1,9,39),(40,134,1,5,40),(40,134,1,11,40),(40,134,1,16,40),(40,134,1,17,40),(41,134,1,9,41),(42,134,1,9,42),(42,134,1,17,42),(43,134,1,5,43),(43,134,1,9,43),(43,134,1,11,43),(43,134,1,16,43),(44,134,1,11,44),(44,134,1,16,44),(45,134,1,8,21),(45,134,1,8,22),(45,134,1,8,26),(45,134,1,8,29),(45,134,1,8,32),(45,134,1,8,33),(45,134,1,8,34),(45,134,1,8,35),(45,134,1,8,45),(45,134,1,9,21),(45,134,1,11,21),(45,134,1,11,22),(45,134,1,11,26),(45,134,1,11,29),(45,134,1,11,32),(45,134,1,11,45),(45,134,1,17,21),(46,134,1,5,46),(46,134,1,8,46),(46,134,1,11,46),(46,134,1,16,46),(46,134,1,17,46),(47,134,1,5,47),(47,134,1,11,47),(47,134,1,16,47),(47,134,1,17,47),(48,134,1,8,48),(48,134,1,16,48),(49,134,1,11,49),(49,134,1,16,49),(49,134,1,17,49),(50,134,1,8,50),(50,134,1,11,50),(50,134,1,16,50),(51,134,1,8,51),(51,134,1,16,51),(2046,134,1,8,33),(2046,134,1,8,34),(2046,134,1,8,35),(2046,134,1,8,2046),(1,135,1,25,1),(1,135,1,26,1),(1,135,1,29,1),(2,135,1,27,2),(2,135,1,29,2),(2,135,1,30,2),(3,135,1,24,3),(4,135,1,27,4),(4,135,1,28,4),(5,135,1,27,5),(5,135,1,28,5),(5,135,1,29,5),(6,135,1,24,6),(6,135,1,28,6),(7,135,1,25,7),(7,135,1,26,7),(8,135,1,29,8),(8,135,1,30,8),(9,135,1,29,9),(9,135,1,30,9),(10,135,1,29,10),(10,135,1,30,10),(11,135,1,24,11),(11,135,1,28,11),(12,135,1,24,12),(12,135,1,28,12),(12,135,1,29,12),(13,135,1,26,13),(14,135,1,27,14),(14,135,1,28,14),(1,136,1,37,1),(1,136,1,38,1),(2,136,1,32,2),(2,136,1,33,2),(2,136,1,36,2),(2,136,1,38,2),(3,136,1,37,3),(3,136,1,38,3),(4,136,1,37,4),(4,136,1,38,4),(5,136,1,35,5),(5,136,1,37,5),(5,136,1,41,5),(6,136,1,31,6),(6,136,1,37,6),(6,136,1,38,6),(7,136,1,37,7),(7,136,1,38,7),(8,136,1,37,8),(8,136,1,38,8),(9,136,1,37,9),(9,136,1,38,9),(9,136,1,39,9),(11,136,1,36,11),(11,136,1,37,11),(11,136,1,38,11),(12,136,1,36,12),(12,136,1,37,12),(12,136,1,38,12),(13,136,1,35,13),(13,136,1,37,13),(13,136,1,38,13),(14,136,1,37,14),(14,136,1,38,14),(15,136,1,44,15),(16,136,1,44,16),(17,136,1,35,17),(17,136,1,44,17),(18,136,1,45,18),(18,136,1,46,18),(19,136,1,44,19),(19,136,1,45,19),(20,136,1,35,20),(20,136,1,44,20),(20,136,1,45,20),(21,136,1,42,21),(22,136,1,42,22),(23,136,1,35,23),(23,136,1,44,23),(23,136,1,45,23),(36,136,1,44,36),(36,136,1,45,36),(37,136,1,43,37),(37,136,1,45,37),(37,136,1,48,37),(38,136,1,43,38),(38,136,1,44,38),(38,136,1,48,38),(39,136,1,35,39),(39,136,1,44,39),(40,136,1,45,40),(41,136,1,47,41),(42,136,1,48,42),(43,136,1,44,43),(43,136,1,45,43),(43,136,1,48,43),(44,136,1,43,44),(44,136,1,45,44),(44,136,1,48,44),(45,136,1,32,33),(45,136,1,32,34),(45,136,1,32,35),(45,136,1,42,21),(45,136,1,42,22),(45,136,1,44,26),(45,136,1,44,29),(45,136,1,44,32),(45,136,1,44,33),(45,136,1,44,34),(45,136,1,44,35),(67,136,1,159,67),(83,136,1,37,83),(83,136,1,145,83),(83,136,1,159,83),(99,136,1,154,99),(115,136,1,154,115),(131,136,1,37,131),(131,136,1,38,131),(131,136,1,159,131),(147,136,1,37,147),(147,136,1,38,147),(147,136,1,159,147),(163,136,1,38,163),(163,136,1,145,163),(163,136,1,146,163),(179,136,1,37,179),(179,136,1,38,179),(179,136,1,154,179),(195,136,1,37,195),(195,136,1,156,195),(195,136,1,159,195),(211,136,1,148,211),(211,136,1,159,211),(227,136,1,145,227),(227,136,1,154,227),(243,136,1,38,243),(243,136,1,145,243),(259,136,1,143,259),(259,136,1,145,259),(275,136,1,38,275),(275,136,1,145,275),(275,136,1,148,275),(291,136,1,38,291),(291,136,1,145,291),(291,136,1,148,291),(307,136,1,33,307),(307,136,1,37,307),(307,136,1,145,307),(323,136,1,38,323),(339,136,1,38,339),(339,136,1,151,339),(355,136,1,38,355),(355,136,1,143,355),(355,136,1,149,355),(371,136,1,37,371),(371,136,1,38,371),(387,136,1,37,387),(387,136,1,38,387),(387,136,1,143,387),(403,136,1,37,403),(403,136,1,145,403),(403,136,1,146,403),(419,136,1,37,419),(419,136,1,38,419),(435,136,1,38,435),(435,136,1,145,435),(435,136,1,159,435),(451,136,1,33,451),(451,136,1,38,451),(451,136,1,152,451),(467,136,1,149,467),(467,136,1,153,467),(467,136,1,154,467),(483,136,1,38,483),(483,136,1,148,483),(499,136,1,38,499),(499,136,1,143,499),(499,136,1,154,499),(515,136,1,38,515),(515,136,1,143,515),(515,136,1,154,515),(531,136,1,38,531),(531,136,1,143,531),(547,136,1,38,547),(547,136,1,154,547),(563,136,1,38,563),(579,136,1,33,579),(579,136,1,39,579),(579,136,1,148,579),(595,136,1,33,595),(595,136,1,152,595),(611,136,1,143,611),(611,136,1,153,611),(611,136,1,154,611),(627,136,1,38,627),(627,136,1,154,627),(643,136,1,33,643),(643,136,1,38,643),(643,136,1,152,643),(659,136,1,149,659),(659,136,1,153,659),(659,136,1,154,659),(675,136,1,38,675),(675,136,1,148,675),(681,136,1,38,681),(681,136,1,143,681),(681,136,1,154,681),(687,136,1,38,687),(687,136,1,143,687),(687,136,1,154,687),(693,136,1,38,693),(693,136,1,143,693),(699,136,1,38,699),(699,136,1,154,699),(705,136,1,38,705),(711,136,1,38,711),(711,136,2,38,711),(717,136,1,143,717),(717,136,1,153,717),(717,136,1,154,717),(717,136,2,143,717),(717,136,2,153,717),(717,136,2,154,717),(723,136,1,38,723),(723,136,1,154,723),(723,136,2,38,723),(723,136,2,154,723),(729,136,1,38,729),(729,136,1,148,729),(729,136,2,38,729),(729,136,2,148,729),(742,136,1,145,742),(742,136,1,146,742),(742,136,1,156,742),(742,136,1,159,742),(742,136,2,145,742),(742,136,2,146,742),(742,136,2,156,742),(742,136,2,159,742),(755,136,1,38,755),(755,136,1,148,755),(755,136,1,151,755),(755,136,2,38,755),(755,136,2,148,755),(755,136,2,151,755),(768,136,1,38,768),(768,136,1,39,768),(768,136,1,151,768),(768,136,1,156,768),(768,136,1,159,768),(768,136,2,38,768),(768,136,2,39,768),(768,136,2,151,768),(768,136,2,156,768),(768,136,2,159,768),(781,136,1,148,781),(781,136,1,151,781),(781,136,1,159,781),(781,136,2,148,781),(781,136,2,151,781),(781,136,2,159,781),(794,136,1,38,794),(794,136,1,39,794),(794,136,1,154,794),(794,136,2,38,794),(794,136,2,39,794),(794,136,2,154,794),(807,136,1,38,807),(807,136,1,145,807),(807,136,1,146,807),(807,136,1,154,807),(807,136,1,159,807),(807,136,2,38,807),(807,136,2,145,807),(807,136,2,146,807),(807,136,2,154,807),(807,136,2,159,807),(820,136,1,38,820),(820,136,1,39,820),(820,136,1,143,820),(820,136,1,159,820),(820,136,2,38,820),(820,136,2,39,820),(820,136,2,143,820),(820,136,2,159,820),(833,136,1,145,833),(833,136,1,148,833),(833,136,1,151,833),(833,136,1,159,833),(833,136,2,145,833),(833,136,2,148,833),(833,136,2,151,833),(833,136,2,159,833),(846,136,1,38,846),(846,136,1,39,846),(846,136,1,145,846),(846,136,1,156,846),(846,136,2,38,846),(846,136,2,39,846),(846,136,2,145,846),(846,136,2,156,846),(859,136,1,37,859),(859,136,1,151,859),(859,136,1,154,859),(859,136,2,37,859),(859,136,2,151,859),(859,136,2,154,859),(872,136,1,143,872),(872,136,1,151,872),(872,136,1,159,872),(872,136,2,143,872),(872,136,2,151,872),(872,136,2,159,872),(885,136,1,33,885),(885,136,1,38,885),(885,136,1,151,885),(885,136,2,33,885),(885,136,2,38,885),(885,136,2,151,885),(898,136,1,37,898),(898,136,1,38,898),(898,136,1,156,898),(898,136,1,159,898),(898,136,2,37,898),(898,136,2,38,898),(898,136,2,156,898),(898,136,2,159,898),(903,136,1,38,903),(903,136,1,39,903),(903,136,2,38,903),(903,136,2,39,903),(916,136,1,38,916),(916,136,1,143,916),(916,136,2,38,916),(916,136,2,143,916),(929,136,1,37,929),(929,136,1,38,929),(929,136,1,156,929),(929,136,2,37,929),(929,136,2,38,929),(929,136,2,156,929),(942,136,1,38,942),(942,136,1,39,942),(942,136,1,156,942),(942,136,1,158,942),(942,136,1,159,942),(942,136,2,38,942),(942,136,2,39,942),(942,136,2,156,942),(942,136,2,158,942),(942,136,2,159,942),(955,136,1,37,955),(955,136,1,38,955),(955,136,1,39,955),(955,136,2,37,955),(955,136,2,38,955),(955,136,2,39,955),(968,136,1,36,968),(968,136,1,38,968),(968,136,1,39,968),(968,136,1,156,968),(968,136,2,36,968),(968,136,2,38,968),(968,136,2,39,968),(968,136,2,156,968),(981,136,1,38,981),(981,136,1,148,981),(981,136,2,38,981),(981,136,2,148,981),(994,136,1,33,994),(994,136,1,37,994),(994,136,1,148,994),(994,136,1,151,994),(994,136,2,33,994),(994,136,2,37,994),(994,136,2,148,994),(994,136,2,151,994),(1007,136,1,149,1007),(1007,136,1,151,1007),(1007,136,2,149,1007),(1007,136,2,151,1007),(1020,136,1,149,1020),(1020,136,1,151,1020),(1020,136,2,149,1020),(1020,136,2,151,1020),(1033,136,1,36,1033),(1033,136,1,148,1033),(1033,136,1,151,1033),(1033,136,2,36,1033),(1033,136,2,148,1033),(1033,136,2,151,1033),(1049,136,1,151,1049),(1049,136,1,159,1049),(1049,136,2,151,1049),(1049,136,2,159,1049),(1065,136,1,37,1065),(1065,136,1,159,1065),(1065,136,2,37,1065),(1065,136,2,159,1065),(1081,136,1,33,1081),(1081,136,1,38,1081),(1081,136,1,145,1081),(1081,136,2,33,1081),(1081,136,2,38,1081),(1081,136,2,145,1081),(1097,136,1,147,1097),(1097,136,1,151,1097),(1097,136,2,147,1097),(1097,136,2,151,1097),(1113,136,1,38,1113),(1113,136,1,151,1113),(1113,136,2,38,1113),(1113,136,2,151,1113),(1119,136,1,33,1119),(1119,136,1,38,1119),(1119,136,2,33,1119),(1119,136,2,38,1119),(1135,136,1,33,1135),(1135,136,1,38,1135),(1135,136,2,33,1135),(1135,136,2,38,1135),(1151,136,1,33,1151),(1151,136,1,37,1151),(1151,136,1,151,1151),(1151,136,2,33,1151),(1151,136,2,37,1151),(1151,136,2,151,1151),(1167,136,1,33,1167),(1167,136,2,33,1167),(1183,136,1,33,1183),(1183,136,1,38,1183),(1183,136,1,151,1183),(1183,136,2,33,1183),(1183,136,2,38,1183),(1183,136,2,151,1183),(1199,136,1,38,1199),(1199,136,1,145,1199),(1199,136,1,151,1199),(1199,136,2,38,1199),(1199,136,2,145,1199),(1199,136,2,151,1199),(1215,136,1,145,1215),(1215,136,1,156,1215),(1215,136,2,145,1215),(1215,136,2,156,1215),(1225,136,1,143,1225),(1225,136,1,145,1225),(1225,136,1,159,1225),(1225,136,2,143,1225),(1225,136,2,145,1225),(1225,136,2,159,1225),(1241,136,1,38,1241),(1241,136,1,151,1241),(1241,136,1,156,1241),(1241,136,2,38,1241),(1241,136,2,151,1241),(1241,136,2,156,1241),(1257,136,1,38,1257),(1257,136,1,145,1257),(1257,136,2,38,1257),(1257,136,2,145,1257),(1273,136,1,37,1273),(1273,136,1,38,1273),(1273,136,1,156,1273),(1273,136,2,37,1273),(1273,136,2,38,1273),(1273,136,2,156,1273),(1289,136,1,148,1289),(1289,136,1,149,1289),(1289,136,1,159,1289),(1289,136,2,148,1289),(1289,136,2,149,1289),(1289,136,2,159,1289),(1305,136,1,37,1305),(1305,136,1,38,1305),(1305,136,1,151,1305),(1305,136,1,156,1305),(1305,136,2,37,1305),(1305,136,2,38,1305),(1305,136,2,151,1305),(1305,136,2,156,1305),(1321,136,1,33,1321),(1321,136,1,151,1321),(1321,136,2,33,1321),(1321,136,2,151,1321),(1337,136,1,38,1337),(1337,136,2,38,1337),(1353,136,1,37,1353),(1353,136,1,38,1353),(1353,136,1,156,1353),(1353,136,2,37,1353),(1353,136,2,38,1353),(1353,136,2,156,1353),(1369,136,1,36,1369),(1369,136,1,37,1369),(1369,136,1,149,1369),(1369,136,1,156,1369),(1369,136,2,36,1369),(1369,136,2,37,1369),(1369,136,2,149,1369),(1369,136,2,156,1369),(1385,136,1,143,1385),(1385,136,1,145,1385),(1385,136,2,143,1385),(1385,136,2,145,1385),(1401,136,1,33,1401),(1401,136,1,37,1401),(1401,136,1,143,1401),(1401,136,2,33,1401),(1401,136,2,37,1401),(1401,136,2,143,1401),(1417,136,1,33,1417),(1417,136,1,146,1417),(1417,136,2,33,1417),(1417,136,2,146,1417),(1433,136,1,38,1433),(1433,136,1,149,1433),(1433,136,1,151,1433),(1433,136,1,155,1433),(1433,136,2,38,1433),(1433,136,2,149,1433),(1433,136,2,151,1433),(1433,136,2,155,1433),(1449,136,1,33,1449),(1449,136,2,33,1449),(1465,136,1,153,1465),(1465,136,1,154,1465),(1465,136,2,153,1465),(1465,136,2,154,1465),(1481,136,1,38,1481),(1481,136,1,143,1481),(1481,136,2,38,1481),(1481,136,2,143,1481),(1497,136,1,33,1497),(1497,136,1,149,1497),(1497,136,2,33,1497),(1497,136,2,149,1497),(1513,136,1,154,1513),(1513,136,2,154,1513),(1529,136,1,33,1529),(1529,136,1,153,1529),(1529,136,2,33,1529),(1529,136,2,153,1529),(1545,136,1,38,1545),(1545,136,1,143,1545),(1545,136,2,38,1545),(1545,136,2,143,1545),(1561,136,1,146,1561),(1561,136,1,151,1561),(1561,136,1,154,1561),(1561,136,2,146,1561),(1561,136,2,151,1561),(1561,136,2,154,1561),(1577,136,1,38,1577),(1577,136,1,152,1577),(1577,136,2,38,1577),(1577,136,2,152,1577),(1593,136,1,38,1593),(1593,136,1,152,1593),(1593,136,2,38,1593),(1593,136,2,152,1593),(1609,136,1,38,1609),(1609,136,1,153,1609),(1609,136,1,154,1609),(1609,136,2,38,1609),(1609,136,2,153,1609),(1609,136,2,154,1609),(1625,136,1,149,1625),(1625,136,1,153,1625),(1625,136,2,149,1625),(1625,136,2,153,1625),(1641,136,1,143,1641),(1641,136,1,154,1641),(1641,136,2,143,1641),(1641,136,2,154,1641),(1657,136,1,151,1657),(1657,136,1,153,1657),(1657,136,1,154,1657),(1657,136,2,151,1657),(1657,136,2,153,1657),(1657,136,2,154,1657),(1673,136,1,37,1673),(1673,136,1,38,1673),(1673,136,1,150,1673),(1673,136,2,37,1673),(1673,136,2,38,1673),(1673,136,2,150,1673),(1689,136,1,154,1689),(1689,136,2,154,1689),(1705,136,1,33,1705),(1705,136,1,143,1705),(1705,136,2,33,1705),(1705,136,2,143,1705),(1721,136,1,149,1721),(1721,136,1,154,1721),(1721,136,2,149,1721),(1721,136,2,154,1721),(1737,136,1,33,1737),(1737,136,1,151,1737),(1737,136,2,33,1737),(1737,136,2,151,1737),(1753,136,1,33,1753),(1753,136,1,38,1753),(1753,136,2,33,1753),(1753,136,2,38,1753),(1769,136,1,36,1769),(1769,136,1,37,1769),(1769,136,1,38,1769),(1769,136,2,36,1769),(1769,136,2,37,1769),(1769,136,2,38,1769),(1785,136,1,143,1785),(1785,136,1,154,1785),(1785,136,2,143,1785),(1785,136,2,154,1785),(1801,136,1,37,1801),(1801,136,1,38,1801),(1801,136,1,152,1801),(1801,136,2,37,1801),(1801,136,2,38,1801),(1801,136,2,152,1801),(1817,136,1,33,1817),(1817,136,1,143,1817),(1817,136,2,33,1817),(1817,136,2,143,1817),(1824,136,1,154,1824),(1824,136,1,156,1824),(1831,136,1,143,1831),(1831,136,1,154,1831),(1838,136,1,37,1838),(1838,136,1,148,1838),(1838,136,1,151,1838),(1845,136,1,37,1845),(1845,136,1,148,1845),(1845,136,1,151,1845),(1852,136,1,148,1852),(1852,136,1,154,1852),(1859,136,1,38,1859),(1859,136,1,150,1859),(1859,136,1,151,1859),(1866,136,1,150,1866),(1866,136,1,154,1866),(1866,136,1,156,1866),(1873,136,1,39,1873),(1873,136,1,150,1873),(1873,136,1,151,1873),(1880,136,1,33,1880),(1880,136,1,151,1880),(1887,136,1,151,1887),(1887,136,1,154,1887),(1894,136,1,38,1894),(1894,136,1,149,1894),(1894,136,1,154,1894),(1901,136,1,39,1901),(1901,136,1,143,1901),(1901,136,1,154,1901),(1908,136,1,154,1908),(1924,136,1,151,1924),(1924,136,1,154,1924),(1940,136,1,33,1940),(1940,136,1,38,1940),(1956,136,1,148,1956),(1956,136,1,154,1956),(1972,136,1,151,1972),(1972,136,1,159,1972),(1988,136,1,33,1988),(1988,136,1,36,1988),(1988,136,1,156,1988),(1995,136,1,36,1995),(1995,136,1,38,1995),(1995,136,1,143,1995),(2002,136,1,149,2002),(2002,136,1,151,2002),(2002,136,1,159,2002),(2008,136,1,33,2008),(2008,136,1,36,2008),(2008,136,1,143,2008),(2015,136,1,37,2015),(2015,136,1,38,2015),(2015,136,1,154,2015),(2022,136,1,38,2022),(2022,136,1,154,2022),(2022,136,1,156,2022),(2029,136,1,148,2029),(2029,136,1,151,2029),(2045,136,1,38,2045),(2045,136,1,151,2045),(2045,136,1,154,2045),(2046,136,1,32,33),(2046,136,1,32,34),(2046,136,1,32,35),(2046,136,1,32,2046),(2046,136,1,44,33),(2046,136,1,44,34),(2046,136,1,44,35),(2046,136,1,44,2046),(1,137,1,61,1),(1,137,1,62,1),(1,137,1,63,1),(1,137,1,64,1),(1,137,1,65,1),(1,137,1,66,1),(2,137,1,61,2),(2,137,1,62,2),(2,137,1,65,2),(2,137,1,66,2),(2,137,1,67,2),(3,137,1,61,3),(3,137,1,64,3),(3,137,1,65,3),(4,137,1,61,4),(4,137,1,63,4),(4,137,1,64,4),(4,137,1,65,4),(4,137,1,66,4),(5,137,1,61,5),(5,137,1,62,5),(5,137,1,66,5),(5,137,1,67,5),(6,137,1,61,6),(6,137,1,64,6),(6,137,1,65,6),(7,137,1,61,7),(7,137,1,64,7),(7,137,1,68,7),(8,137,1,64,8),(8,137,1,66,8),(9,137,1,61,9),(9,137,1,64,9),(9,137,1,66,9),(10,137,1,61,10),(10,137,1,62,10),(10,137,1,66,10),(10,137,1,67,10),(11,137,1,61,11),(11,137,1,64,11),(11,137,1,65,11),(12,137,1,61,12),(12,137,1,64,12),(12,137,1,65,12),(13,137,1,64,13),(14,137,1,61,14),(14,137,1,62,14),(14,137,1,63,14),(14,137,1,65,14),(14,137,1,66,14),(14,137,1,67,14),(1,138,1,74,1),(1,138,1,76,1),(1,138,1,79,1),(2,138,1,72,2),(2,138,1,74,2),(2,138,1,75,2),(2,138,1,78,2),(3,138,1,72,3),(3,138,1,74,3),(3,138,1,75,3),(3,138,1,77,3),(3,138,1,78,3),(4,138,1,74,4),(4,138,1,75,4),(4,138,1,77,4),(4,138,1,78,4),(4,138,1,79,4),(5,138,1,73,5),(5,138,1,75,5),(5,138,1,78,5),(6,138,1,71,6),(6,138,1,72,6),(6,138,1,74,6),(6,138,1,75,6),(7,138,1,70,7),(7,138,1,76,7),(7,138,1,79,7),(8,138,1,74,8),(8,138,1,77,8),(8,138,1,79,8),(9,138,1,74,9),(9,138,1,75,9),(9,138,1,77,9),(10,138,1,72,10),(10,138,1,75,10),(11,138,1,72,11),(11,138,1,75,11),(11,138,1,77,11),(11,138,1,78,11),(11,138,1,79,11),(12,138,1,71,12),(12,138,1,72,12),(12,138,1,75,12),(12,138,1,78,12),(13,138,1,74,13),(13,138,1,79,13),(14,138,1,74,14),(14,138,1,75,14),(14,138,1,78,14),(14,138,1,79,14),(15,139,1,80,15),(15,139,1,81,15),(15,139,1,82,15),(15,139,1,83,15),(15,139,1,84,15),(16,139,1,80,16),(16,139,1,81,16),(16,139,1,84,16),(17,139,1,80,17),(17,139,1,81,17),(17,139,1,84,17),(18,139,1,80,18),(18,139,1,81,18),(18,139,1,84,18),(19,139,1,80,19),(19,139,1,81,19),(19,139,1,84,19),(20,139,1,80,20),(20,139,1,81,20),(20,139,1,84,20),(21,139,1,80,21),(21,139,1,81,21),(21,139,1,84,21),(22,139,1,80,22),(22,139,1,81,22),(22,139,1,84,22),(23,139,1,80,23),(23,139,1,81,23),(23,139,1,84,23),(36,139,1,80,36),(37,139,1,80,37),(38,139,1,80,38),(38,139,1,81,38),(38,139,1,84,38),(39,139,1,80,39),(40,139,1,80,40),(41,139,1,81,41),(42,139,1,81,42),(43,139,1,81,43),(44,139,1,81,44),(45,139,1,80,21),(45,139,1,80,22),(45,139,1,80,26),(45,139,1,80,29),(45,139,1,80,32),(45,139,1,80,33),(45,139,1,80,34),(45,139,1,80,35),(45,139,1,80,45),(45,139,1,81,21),(45,139,1,81,22),(45,139,1,81,26),(45,139,1,81,29),(45,139,1,81,32),(45,139,1,81,33),(45,139,1,81,34),(45,139,1,81,35),(45,139,1,81,45),(45,139,1,82,26),(45,139,1,82,29),(45,139,1,82,32),(45,139,1,83,26),(45,139,1,83,29),(45,139,1,83,32),(45,139,1,84,21),(45,139,1,84,22),(45,139,1,84,26),(45,139,1,84,29),(45,139,1,84,32),(45,139,1,84,33),(45,139,1,84,34),(45,139,1,84,35),(45,139,1,84,45),(2046,139,1,80,33),(2046,139,1,80,34),(2046,139,1,80,35),(2046,139,1,80,2046),(2046,139,1,81,33),(2046,139,1,81,34),(2046,139,1,81,35),(2046,139,1,81,2046),(2046,139,1,84,33),(2046,139,1,84,34),(2046,139,1,84,35),(2046,139,1,84,2046),(15,140,1,87,15),(15,140,1,89,15),(16,140,1,85,16),(16,140,1,87,16),(17,140,1,85,17),(17,140,1,87,17),(18,140,1,85,18),(18,140,1,87,18),(19,140,1,87,19),(20,140,1,85,20),(20,140,1,87,20),(21,140,1,87,21),(22,140,1,87,22),(23,140,1,87,23),(36,140,1,86,36),(36,140,1,87,36),(36,140,1,90,36),(37,140,1,86,37),(37,140,1,87,37),(37,140,1,90,37),(38,140,1,86,38),(38,140,1,87,38),(38,140,1,90,38),(39,140,1,86,39),(39,140,1,88,39),(39,140,1,90,39),(40,140,1,86,40),(40,140,1,87,40),(40,140,1,90,40),(41,140,1,86,41),(41,140,1,88,41),(41,140,1,90,41),(42,140,1,86,42),(42,140,1,87,42),(42,140,1,90,42),(43,140,1,86,43),(43,140,1,87,43),(43,140,1,90,43),(44,140,1,86,44),(44,140,1,87,44),(44,140,1,90,44),(45,140,1,87,21),(45,140,1,87,22),(45,140,1,87,26),(45,140,1,87,29),(45,140,1,87,32),(45,140,1,87,33),(45,140,1,87,34),(45,140,1,87,35),(45,140,1,87,45),(2046,140,1,87,33),(2046,140,1,87,34),(2046,140,1,87,35),(2046,140,1,87,2046),(45,141,1,91,26),(45,141,1,92,29),(45,141,1,93,32),(45,141,1,94,33),(45,141,1,95,34),(45,141,1,96,35),(1824,141,1,172,1818),(1824,141,1,172,1819),(1824,141,1,172,1820),(1824,141,1,173,1821),(1824,141,1,173,1822),(1824,141,1,173,1823),(1831,141,1,172,1825),(1831,141,1,172,1826),(1831,141,1,172,1827),(1831,141,1,173,1828),(1831,141,1,173,1829),(1831,141,1,173,1830),(1838,141,1,172,1832),(1838,141,1,172,1833),(1838,141,1,172,1834),(1838,141,1,173,1835),(1838,141,1,173,1836),(1838,141,1,173,1837),(1845,141,1,172,1839),(1845,141,1,172,1840),(1845,141,1,172,1841),(1845,141,1,173,1842),(1845,141,1,173,1843),(1845,141,1,173,1844),(1852,141,1,172,1846),(1852,141,1,172,1847),(1852,141,1,172,1848),(1852,141,1,173,1849),(1852,141,1,173,1850),(1852,141,1,173,1851),(1859,141,1,172,1853),(1859,141,1,172,1854),(1859,141,1,172,1855),(1859,141,1,173,1856),(1859,141,1,173,1857),(1859,141,1,173,1858),(1866,141,1,172,1860),(1866,141,1,172,1861),(1866,141,1,172,1862),(1866,141,1,173,1863),(1866,141,1,173,1864),(1866,141,1,173,1865),(1873,141,1,172,1867),(1873,141,1,172,1868),(1873,141,1,172,1869),(1873,141,1,173,1870),(1873,141,1,173,1871),(1873,141,1,173,1872),(1880,141,1,172,1874),(1880,141,1,172,1875),(1880,141,1,172,1876),(1880,141,1,173,1877),(1880,141,1,173,1878),(1880,141,1,173,1879),(1887,141,1,172,1881),(1887,141,1,172,1882),(1887,141,1,172,1883),(1887,141,1,173,1884),(1887,141,1,173,1885),(1887,141,1,173,1886),(1894,141,1,172,1888),(1894,141,1,172,1889),(1894,141,1,172,1890),(1894,141,1,173,1891),(1894,141,1,173,1892),(1894,141,1,173,1893),(1901,141,1,172,1895),(1901,141,1,172,1896),(1901,141,1,172,1897),(1901,141,1,173,1898),(1901,141,1,173,1899),(1901,141,1,173,1900),(1908,141,1,172,1902),(1908,141,1,172,1903),(1908,141,1,172,1904),(1908,141,1,173,1905),(1908,141,1,173,1906),(1908,141,1,173,1907),(1924,141,1,172,1909),(1924,141,1,172,1910),(1924,141,1,172,1911),(1924,141,1,173,1912),(1924,141,1,173,1913),(1924,141,1,173,1914),(1924,141,1,174,1915),(1924,141,1,174,1916),(1924,141,1,174,1917),(1924,141,1,175,1918),(1924,141,1,175,1919),(1924,141,1,175,1920),(1924,141,1,176,1921),(1924,141,1,176,1922),(1924,141,1,176,1923),(1940,141,1,172,1925),(1940,141,1,172,1926),(1940,141,1,172,1927),(1940,141,1,173,1928),(1940,141,1,173,1929),(1940,141,1,173,1930),(1940,141,1,174,1931),(1940,141,1,174,1932),(1940,141,1,174,1933),(1940,141,1,175,1934),(1940,141,1,175,1935),(1940,141,1,175,1936),(1940,141,1,176,1937),(1940,141,1,176,1938),(1940,141,1,176,1939),(1956,141,1,172,1941),(1956,141,1,172,1942),(1956,141,1,172,1943),(1956,141,1,173,1944),(1956,141,1,173,1945),(1956,141,1,173,1946),(1956,141,1,174,1947),(1956,141,1,174,1948),(1956,141,1,174,1949),(1956,141,1,175,1950),(1956,141,1,175,1951),(1956,141,1,175,1952),(1956,141,1,176,1953),(1956,141,1,176,1954),(1956,141,1,176,1955),(1972,141,1,172,1957),(1972,141,1,172,1958),(1972,141,1,172,1959),(1972,141,1,173,1960),(1972,141,1,173,1961),(1972,141,1,173,1962),(1972,141,1,174,1963),(1972,141,1,174,1964),(1972,141,1,174,1965),(1972,141,1,175,1966),(1972,141,1,175,1967),(1972,141,1,175,1968),(1972,141,1,176,1969),(1972,141,1,176,1970),(1972,141,1,176,1971),(1988,141,1,172,1973),(1988,141,1,172,1974),(1988,141,1,172,1975),(1988,141,1,173,1976),(1988,141,1,173,1977),(1988,141,1,173,1978),(1988,141,1,174,1979),(1988,141,1,174,1980),(1988,141,1,174,1981),(1988,141,1,175,1982),(1988,141,1,175,1983),(1988,141,1,175,1984),(1988,141,1,176,1985),(1988,141,1,176,1986),(1988,141,1,176,1987),(1995,141,1,172,1989),(1995,141,1,172,1990),(1995,141,1,172,1991),(1995,141,1,173,1992),(1995,141,1,173,1993),(1995,141,1,173,1994),(2002,141,1,172,1996),(2002,141,1,172,1997),(2002,141,1,172,1998),(2002,141,1,173,1999),(2002,141,1,173,2000),(2002,141,1,173,2001),(2008,141,1,172,2003),(2008,141,1,173,2004),(2008,141,1,174,2005),(2008,141,1,175,2006),(2008,141,1,176,2007),(2015,141,1,172,2009),(2015,141,1,172,2010),(2015,141,1,172,2011),(2015,141,1,173,2012),(2015,141,1,173,2013),(2015,141,1,173,2014),(2022,141,1,172,2016),(2022,141,1,172,2017),(2022,141,1,172,2018),(2022,141,1,173,2019),(2022,141,1,173,2020),(2022,141,1,173,2021),(2029,141,1,172,2023),(2029,141,1,172,2024),(2029,141,1,172,2025),(2029,141,1,173,2026),(2029,141,1,173,2027),(2029,141,1,173,2028),(2045,141,1,172,2030),(2045,141,1,172,2031),(2045,141,1,172,2032),(2045,141,1,173,2033),(2045,141,1,173,2034),(2045,141,1,173,2035),(2045,141,1,174,2036),(2045,141,1,174,2037),(2045,141,1,174,2038),(2045,141,1,175,2039),(2045,141,1,175,2040),(2045,141,1,175,2041),(2045,141,1,176,2042),(2045,141,1,176,2043),(2045,141,1,176,2044),(2046,141,1,94,33),(2046,141,1,95,34),(2046,141,1,96,35),(46,147,1,102,46),(47,147,1,102,47),(48,147,1,102,48),(49,147,1,102,49),(50,147,1,102,50),(51,147,1,102,51),(742,148,1,113,742),(742,148,1,115,742),(742,148,1,116,742),(742,148,2,113,742),(742,148,2,115,742),(742,148,2,116,742),(755,148,1,115,755),(755,148,1,116,755),(755,148,2,115,755),(755,148,2,116,755),(768,148,1,113,768),(768,148,1,115,768),(768,148,1,116,768),(768,148,2,113,768),(768,148,2,115,768),(768,148,2,116,768),(781,148,1,113,781),(781,148,1,115,781),(781,148,1,116,781),(781,148,2,113,781),(781,148,2,115,781),(781,148,2,116,781),(794,148,1,105,794),(794,148,1,116,794),(794,148,2,105,794),(794,148,2,116,794),(807,148,1,113,807),(807,148,1,116,807),(807,148,2,113,807),(807,148,2,116,807),(820,148,1,113,820),(820,148,1,115,820),(820,148,1,116,820),(820,148,2,113,820),(820,148,2,115,820),(820,148,2,116,820),(833,148,1,105,833),(833,148,1,109,833),(833,148,1,113,833),(833,148,1,115,833),(833,148,1,116,833),(833,148,2,105,833),(833,148,2,109,833),(833,148,2,113,833),(833,148,2,115,833),(833,148,2,116,833),(846,148,1,105,846),(846,148,1,108,846),(846,148,1,109,846),(846,148,1,113,846),(846,148,1,115,846),(846,148,2,105,846),(846,148,2,108,846),(846,148,2,109,846),(846,148,2,113,846),(846,148,2,115,846),(859,148,1,109,859),(859,148,1,115,859),(859,148,1,116,859),(859,148,2,109,859),(859,148,2,115,859),(859,148,2,116,859),(872,148,1,113,872),(872,148,1,115,872),(872,148,1,116,872),(872,148,2,113,872),(872,148,2,115,872),(872,148,2,116,872),(885,148,1,109,885),(885,148,1,115,885),(885,148,1,116,885),(885,148,2,109,885),(885,148,2,115,885),(885,148,2,116,885),(898,148,1,105,898),(898,148,1,116,898),(898,148,2,105,898),(898,148,2,116,898),(903,148,1,105,903),(903,148,1,116,903),(903,148,2,105,903),(903,148,2,116,903),(916,148,1,105,916),(916,148,1,116,916),(916,148,2,105,916),(916,148,2,116,916),(929,148,1,105,929),(929,148,1,116,929),(929,148,2,105,929),(929,148,2,116,929),(942,148,1,105,942),(942,148,1,116,942),(942,148,2,105,942),(942,148,2,116,942),(955,148,1,105,955),(955,148,1,108,955),(955,148,1,116,955),(955,148,2,105,955),(955,148,2,108,955),(955,148,2,116,955),(968,148,1,105,968),(968,148,1,108,968),(968,148,1,116,968),(968,148,2,105,968),(968,148,2,108,968),(968,148,2,116,968),(981,148,1,105,981),(981,148,1,116,981),(981,148,2,105,981),(981,148,2,116,981),(994,148,1,105,994),(994,148,1,116,994),(994,148,2,105,994),(994,148,2,116,994),(1007,148,1,105,1007),(1007,148,1,116,1007),(1007,148,2,105,1007),(1007,148,2,116,1007),(1020,148,1,105,1020),(1020,148,1,108,1020),(1020,148,1,116,1020),(1020,148,2,105,1020),(1020,148,2,108,1020),(1020,148,2,116,1020),(1033,148,1,105,1033),(1033,148,1,108,1033),(1033,148,1,114,1033),(1033,148,1,116,1033),(1033,148,2,105,1033),(1033,148,2,108,1033),(1033,148,2,114,1033),(1033,148,2,116,1033),(1824,148,1,113,1824),(1831,148,1,113,1831),(1838,148,1,110,1838),(1838,148,1,115,1838),(1845,148,1,110,1845),(1845,148,1,115,1845),(1852,148,1,109,1852),(1852,148,1,113,1852),(1852,148,1,115,1852),(1859,148,1,107,1859),(1859,148,1,109,1859),(1866,148,1,107,1866),(1873,148,1,107,1873),(1873,148,1,109,1873),(1880,148,1,107,1880),(1880,148,1,108,1880),(1880,148,1,109,1880),(1887,148,1,107,1887),(1894,148,1,107,1894),(1901,148,1,107,1901),(1908,148,1,107,1908),(1924,148,1,105,1924),(1924,148,1,106,1924),(1940,148,1,106,1940),(1956,148,1,105,1956),(1956,148,1,106,1956),(1956,148,1,112,1956),(1972,148,1,106,1972),(1988,148,1,106,1988),(1995,148,1,106,1995),(1995,148,1,112,1995),(2002,148,1,105,2002),(2002,148,1,108,2002),(2002,148,1,112,2002),(2008,148,1,106,2008),(2015,148,1,106,2015),(2022,148,1,106,2022),(2029,148,1,105,2029),(2029,148,1,108,2029),(2029,148,1,112,2029),(2045,148,1,106,2045),(2045,148,1,112,2045),(275,149,1,120,275),(275,149,1,121,275),(275,149,1,123,275),(275,149,1,124,275),(275,149,1,126,275),(275,149,1,128,275),(275,149,1,130,275),(291,149,1,117,291),(291,149,1,123,291),(291,149,1,124,291),(291,149,1,126,291),(291,149,1,128,291),(307,149,1,117,307),(307,149,1,125,307),(307,149,1,128,307),(323,149,1,120,323),(323,149,1,121,323),(323,149,1,123,323),(323,149,1,125,323),(323,149,1,129,323),(339,149,1,125,339),(339,149,1,128,339),(339,149,1,129,339),(355,149,1,118,355),(355,149,1,120,355),(355,149,1,123,355),(355,149,1,126,355),(355,149,1,128,355),(371,149,1,120,371),(371,149,1,123,371),(371,149,1,124,371),(371,149,1,126,371),(371,149,1,128,371),(387,149,1,117,387),(387,149,1,122,387),(387,149,1,124,387),(387,149,1,126,387),(387,149,1,129,387),(403,149,1,117,403),(403,149,1,120,403),(403,149,1,125,403),(403,149,1,129,403),(419,149,1,120,419),(419,149,1,121,419),(419,149,1,124,419),(419,149,1,126,419),(419,149,1,129,419),(435,149,1,117,435),(435,149,1,122,435),(435,149,1,125,435),(435,149,1,128,435),(451,149,1,136,451),(467,149,1,136,467),(483,149,1,136,483),(499,149,1,136,499),(515,149,1,136,515),(531,149,1,136,531),(547,149,1,136,547),(563,149,1,136,563),(579,149,1,136,579),(595,149,1,136,595),(611,149,1,136,611),(627,149,1,136,627),(643,149,1,135,643),(659,149,1,135,659),(675,149,1,135,675),(681,149,1,135,681),(687,149,1,135,687),(693,149,1,135,693),(699,149,1,135,699),(705,149,1,135,705),(711,149,1,135,711),(711,149,2,135,711),(717,149,1,135,717),(717,149,2,135,717),(723,149,1,135,723),(723,149,2,135,723),(729,149,1,135,729),(729,149,2,135,729),(1049,149,1,137,1049),(1049,149,1,138,1049),(1049,149,2,137,1049),(1049,149,2,138,1049),(1065,149,1,137,1065),(1065,149,1,138,1065),(1065,149,2,137,1065),(1065,149,2,138,1065),(1081,149,1,133,1081),(1081,149,1,137,1081),(1081,149,2,133,1081),(1081,149,2,137,1081),(1097,149,1,133,1097),(1097,149,1,137,1097),(1097,149,2,133,1097),(1097,149,2,137,1097),(1113,149,1,129,1113),(1113,149,1,138,1113),(1113,149,2,129,1113),(1113,149,2,138,1113),(1119,149,1,129,1119),(1119,149,1,138,1119),(1119,149,2,129,1119),(1119,149,2,138,1119),(1135,149,1,129,1135),(1135,149,1,133,1135),(1135,149,1,138,1135),(1135,149,2,129,1135),(1135,149,2,133,1135),(1135,149,2,138,1135),(1151,149,1,129,1151),(1151,149,1,138,1151),(1151,149,2,129,1151),(1151,149,2,138,1151),(1167,149,1,137,1167),(1167,149,1,138,1167),(1167,149,2,137,1167),(1167,149,2,138,1167),(1183,149,1,129,1183),(1183,149,1,138,1183),(1183,149,2,129,1183),(1183,149,2,138,1183),(1199,149,1,133,1199),(1199,149,1,137,1199),(1199,149,2,133,1199),(1199,149,2,137,1199),(1215,149,1,129,1215),(1215,149,1,133,1215),(1215,149,1,138,1215),(1215,149,2,129,1215),(1215,149,2,133,1215),(1215,149,2,138,1215),(1225,149,1,118,1225),(1225,149,1,121,1225),(1225,149,1,125,1225),(1225,149,1,129,1225),(1225,149,2,118,1225),(1225,149,2,121,1225),(1225,149,2,125,1225),(1225,149,2,129,1225),(1241,149,1,118,1241),(1241,149,1,120,1241),(1241,149,1,125,1241),(1241,149,1,137,1241),(1241,149,2,118,1241),(1241,149,2,120,1241),(1241,149,2,125,1241),(1241,149,2,137,1241),(1257,149,1,118,1257),(1257,149,1,125,1257),(1257,149,1,126,1257),(1257,149,1,128,1257),(1257,149,1,137,1257),(1257,149,2,118,1257),(1257,149,2,125,1257),(1257,149,2,126,1257),(1257,149,2,128,1257),(1257,149,2,137,1257),(1273,149,1,118,1273),(1273,149,1,120,1273),(1273,149,1,129,1273),(1273,149,2,118,1273),(1273,149,2,120,1273),(1273,149,2,129,1273),(1289,149,1,117,1289),(1289,149,1,118,1289),(1289,149,1,121,1289),(1289,149,1,125,1289),(1289,149,1,126,1289),(1289,149,1,129,1289),(1289,149,2,117,1289),(1289,149,2,118,1289),(1289,149,2,121,1289),(1289,149,2,125,1289),(1289,149,2,126,1289),(1289,149,2,129,1289),(1305,149,1,117,1305),(1305,149,1,118,1305),(1305,149,1,121,1305),(1305,149,1,125,1305),(1305,149,1,129,1305),(1305,149,2,117,1305),(1305,149,2,118,1305),(1305,149,2,121,1305),(1305,149,2,125,1305),(1305,149,2,129,1305),(1321,149,1,118,1321),(1321,149,1,120,1321),(1321,149,1,123,1321),(1321,149,1,124,1321),(1321,149,1,126,1321),(1321,149,1,128,1321),(1321,149,2,118,1321),(1321,149,2,120,1321),(1321,149,2,123,1321),(1321,149,2,124,1321),(1321,149,2,126,1321),(1321,149,2,128,1321),(1337,149,1,118,1337),(1337,149,1,120,1337),(1337,149,1,121,1337),(1337,149,1,125,1337),(1337,149,1,128,1337),(1337,149,2,118,1337),(1337,149,2,120,1337),(1337,149,2,121,1337),(1337,149,2,125,1337),(1337,149,2,128,1337),(1353,149,1,117,1353),(1353,149,1,118,1353),(1353,149,1,123,1353),(1353,149,1,124,1353),(1353,149,1,126,1353),(1353,149,1,129,1353),(1353,149,2,117,1353),(1353,149,2,118,1353),(1353,149,2,123,1353),(1353,149,2,124,1353),(1353,149,2,126,1353),(1353,149,2,129,1353),(1369,149,1,118,1369),(1369,149,1,120,1369),(1369,149,1,121,1369),(1369,149,1,125,1369),(1369,149,1,128,1369),(1369,149,1,130,1369),(1369,149,1,137,1369),(1369,149,2,118,1369),(1369,149,2,120,1369),(1369,149,2,121,1369),(1369,149,2,125,1369),(1369,149,2,128,1369),(1369,149,2,130,1369),(1369,149,2,137,1369),(1385,149,1,117,1385),(1385,149,1,118,1385),(1385,149,1,122,1385),(1385,149,1,124,1385),(1385,149,1,129,1385),(1385,149,1,130,1385),(1385,149,2,117,1385),(1385,149,2,118,1385),(1385,149,2,122,1385),(1385,149,2,124,1385),(1385,149,2,129,1385),(1385,149,2,130,1385),(1401,149,1,118,1401),(1401,149,1,120,1401),(1401,149,1,125,1401),(1401,149,1,128,1401),(1401,149,1,137,1401),(1401,149,2,118,1401),(1401,149,2,120,1401),(1401,149,2,125,1401),(1401,149,2,128,1401),(1401,149,2,137,1401),(1417,149,1,136,1417),(1417,149,2,136,1417),(1433,149,1,136,1433),(1433,149,2,136,1433),(1449,149,1,136,1449),(1449,149,2,136,1449),(1465,149,1,136,1465),(1465,149,2,136,1465),(1481,149,1,136,1481),(1481,149,2,136,1481),(1497,149,1,136,1497),(1497,149,2,136,1497),(1513,149,1,136,1513),(1513,149,2,136,1513),(1529,149,1,136,1529),(1529,149,2,136,1529),(1545,149,1,136,1545),(1545,149,2,136,1545),(1561,149,1,136,1561),(1561,149,2,136,1561),(1577,149,1,136,1577),(1577,149,2,136,1577),(1593,149,1,136,1593),(1593,149,2,136,1593),(1609,149,1,131,1609),(1609,149,2,131,1609),(1625,149,1,131,1625),(1625,149,2,131,1625),(1641,149,1,131,1641),(1641,149,2,131,1641),(1657,149,1,131,1657),(1657,149,2,131,1657),(1673,149,1,131,1673),(1673,149,2,131,1673),(1689,149,1,135,1689),(1689,149,2,135,1689),(1705,149,1,135,1705),(1705,149,2,135,1705),(1721,149,1,135,1721),(1721,149,2,135,1721),(1737,149,1,135,1737),(1737,149,2,135,1737),(1753,149,1,135,1753),(1753,149,1,142,1753),(1753,149,2,135,1753),(1753,149,2,142,1753),(1769,149,1,135,1769),(1769,149,2,135,1769),(1785,149,1,135,1785),(1785,149,2,135,1785),(1801,149,1,135,1801),(1801,149,2,135,1801),(1817,149,1,135,1817),(1817,149,2,135,1817),(67,152,1,195,67),(83,152,1,197,83),(99,152,1,197,99),(115,152,1,197,115),(131,152,1,195,131),(147,152,1,197,147),(163,152,1,195,163),(179,152,1,197,179),(195,152,1,197,195),(211,152,1,197,211),(227,152,1,195,227),(243,152,1,199,243),(259,152,1,197,259),(275,152,1,197,275),(291,152,1,197,291),(307,152,1,197,307),(323,152,1,197,323),(339,152,1,197,339),(355,152,1,197,355),(371,152,1,197,371),(387,152,1,197,387),(403,152,1,197,403),(419,152,1,197,419),(435,152,1,197,435),(451,152,1,197,451),(467,152,1,197,467),(483,152,1,197,483),(499,152,1,197,499),(515,152,1,197,515),(531,152,1,197,531),(547,152,1,197,547),(563,152,1,197,563),(579,152,1,197,579),(595,152,1,197,595),(611,152,1,197,611),(627,152,1,197,627),(643,152,1,197,643),(659,152,1,197,659),(675,152,1,197,675),(681,152,1,197,681),(687,152,1,197,687),(693,152,1,197,693),(699,152,1,197,699),(705,152,1,197,705),(711,152,1,197,711),(711,152,2,197,711),(717,152,1,197,717),(717,152,2,197,717),(723,152,1,197,723),(723,152,2,197,723),(729,152,1,197,729),(729,152,2,197,729),(742,152,1,197,742),(742,152,2,197,742),(755,152,1,197,755),(755,152,2,197,755),(768,152,1,197,768),(768,152,2,197,768),(781,152,1,197,781),(781,152,2,197,781),(794,152,1,197,794),(794,152,2,197,794),(807,152,1,197,807),(807,152,2,197,807),(820,152,1,197,820),(820,152,2,197,820),(833,152,1,197,833),(833,152,2,197,833),(846,152,1,197,846),(846,152,2,197,846),(859,152,1,197,859),(859,152,2,197,859),(872,152,1,197,872),(872,152,2,197,872),(885,152,1,197,885),(885,152,2,197,885),(898,152,1,197,898),(898,152,2,197,898),(903,152,1,197,903),(903,152,2,197,903),(916,152,1,197,916),(916,152,2,197,916),(929,152,1,197,929),(929,152,2,197,929),(942,152,1,197,942),(942,152,1,199,942),(942,152,2,197,942),(942,152,2,199,942),(955,152,1,197,955),(955,152,2,197,955),(968,152,1,197,968),(968,152,1,199,968),(968,152,2,197,968),(968,152,2,199,968),(981,152,1,197,981),(981,152,2,197,981),(994,152,1,197,994),(994,152,2,197,994),(1007,152,1,197,1007),(1007,152,2,197,1007),(1020,152,1,197,1020),(1020,152,2,197,1020),(1033,152,1,197,1033),(1033,152,2,197,1033),(1049,152,1,197,1049),(1049,152,2,197,1049),(1065,152,1,197,1065),(1065,152,2,197,1065),(1081,152,1,197,1081),(1081,152,2,197,1081),(1097,152,1,197,1097),(1097,152,2,197,1097),(1113,152,1,197,1113),(1113,152,2,197,1113),(1119,152,1,197,1119),(1119,152,2,197,1119),(1135,152,1,197,1135),(1135,152,2,197,1135),(1151,152,1,197,1151),(1151,152,2,197,1151),(1167,152,1,195,1167),(1167,152,2,195,1167),(1183,152,1,197,1183),(1183,152,2,197,1183),(1199,152,1,197,1199),(1199,152,2,197,1199),(1215,152,1,197,1215),(1215,152,2,197,1215),(1225,152,1,197,1225),(1225,152,2,197,1225),(1241,152,1,197,1241),(1241,152,2,197,1241),(1257,152,1,197,1257),(1257,152,2,197,1257),(1273,152,1,197,1273),(1273,152,2,197,1273),(1289,152,1,197,1289),(1289,152,2,197,1289),(1305,152,1,195,1305),(1305,152,2,195,1305),(1321,152,1,197,1321),(1321,152,2,197,1321),(1337,152,1,197,1337),(1337,152,2,197,1337),(1353,152,1,197,1353),(1353,152,2,197,1353),(1369,152,1,197,1369),(1369,152,2,197,1369),(1385,152,1,197,1385),(1385,152,2,197,1385),(1401,152,1,197,1401),(1401,152,2,197,1401),(1417,152,1,197,1417),(1417,152,2,197,1417),(1433,152,1,197,1433),(1433,152,2,197,1433),(1449,152,1,197,1449),(1449,152,2,197,1449),(1465,152,1,197,1465),(1465,152,2,197,1465),(1481,152,1,197,1481),(1481,152,2,197,1481),(1497,152,1,197,1497),(1497,152,2,197,1497),(1513,152,1,197,1513),(1513,152,2,197,1513),(1529,152,1,197,1529),(1529,152,2,197,1529),(1545,152,1,197,1545),(1545,152,2,197,1545),(1561,152,1,197,1561),(1561,152,2,197,1561),(1577,152,1,197,1577),(1577,152,2,197,1577),(1593,152,1,197,1593),(1593,152,2,197,1593),(1609,152,1,197,1609),(1609,152,2,197,1609),(1625,152,1,197,1625),(1625,152,2,197,1625),(1641,152,1,197,1641),(1641,152,2,197,1641),(1657,152,1,197,1657),(1657,152,2,197,1657),(1673,152,1,194,1673),(1673,152,2,194,1673),(1689,152,1,197,1689),(1689,152,2,197,1689),(1705,152,1,197,1705),(1705,152,2,197,1705),(1721,152,1,197,1721),(1721,152,2,197,1721),(1737,152,1,199,1737),(1737,152,2,199,1737),(1753,152,1,197,1753),(1753,152,2,197,1753),(1769,152,1,197,1769),(1769,152,2,197,1769),(1785,152,1,197,1785),(1785,152,2,197,1785),(1801,152,1,197,1801),(1801,152,2,197,1801),(1817,152,1,197,1817),(1817,152,2,197,1817),(1824,152,1,197,1824),(1831,152,1,197,1831),(1838,152,1,195,1838),(1845,152,1,197,1845),(1852,152,1,197,1852),(1859,152,1,197,1859),(1866,152,1,195,1866),(1873,152,1,195,1873),(1880,152,1,197,1880),(1887,152,1,195,1887),(1894,152,1,199,1894),(1901,152,1,195,1901),(1908,152,1,197,1908),(1924,152,1,197,1924),(1940,152,1,197,1940),(1956,152,1,197,1956),(1972,152,1,198,1972),(1988,152,1,198,1988),(1995,152,1,197,1995),(2002,152,1,197,2002),(2008,152,1,198,2008),(2015,152,1,198,2015),(2022,152,1,198,2022),(2029,152,1,197,2029),(2045,152,1,196,2045),(67,153,1,202,67),(67,153,1,204,67),(67,153,1,205,67),(67,153,1,208,67),(67,153,1,210,67),(83,153,1,202,83),(83,153,1,204,83),(83,153,1,205,83),(83,153,1,208,83),(83,153,1,210,83),(99,153,1,202,99),(99,153,1,204,99),(99,153,1,205,99),(99,153,1,208,99),(99,153,1,210,99),(115,153,1,202,115),(115,153,1,204,115),(115,153,1,205,115),(115,153,1,208,115),(115,153,1,210,115),(131,153,1,204,131),(147,153,1,202,147),(147,153,1,204,147),(147,153,1,205,147),(147,153,1,208,147),(163,153,1,208,163),(179,153,1,204,179),(179,153,1,210,179),(195,153,1,208,195),(195,153,1,210,195),(211,153,1,202,211),(211,153,1,204,211),(211,153,1,205,211),(211,153,1,208,211),(227,153,1,202,227),(227,153,1,204,227),(227,153,1,205,227),(227,153,1,208,227),(227,153,1,210,227),(243,153,1,202,243),(243,153,1,204,243),(243,153,1,205,243),(243,153,1,208,243),(243,153,1,210,243),(259,153,1,202,259),(259,153,1,204,259),(259,153,1,205,259),(259,153,1,208,259),(259,153,1,210,259),(275,153,1,204,275),(275,153,1,207,275),(275,153,1,208,275),(275,153,1,210,275),(291,153,1,204,291),(291,153,1,207,291),(291,153,1,208,291),(291,153,1,210,291),(307,153,1,203,307),(307,153,1,204,307),(307,153,1,208,307),(307,153,1,210,307),(307,153,1,211,307),(323,153,1,202,323),(323,153,1,204,323),(323,153,1,207,323),(323,153,1,208,323),(323,153,1,210,323),(339,153,1,203,339),(339,153,1,204,339),(339,153,1,210,339),(339,153,1,211,339),(355,153,1,204,355),(355,153,1,206,355),(355,153,1,207,355),(355,153,1,208,355),(355,153,1,210,355),(371,153,1,202,371),(371,153,1,204,371),(371,153,1,206,371),(371,153,1,207,371),(371,153,1,208,371),(371,153,1,210,371),(387,153,1,202,387),(387,153,1,208,387),(387,153,1,210,387),(387,153,1,211,387),(403,153,1,202,403),(403,153,1,205,403),(403,153,1,206,403),(403,153,1,208,403),(403,153,1,209,403),(419,153,1,204,419),(419,153,1,206,419),(419,153,1,208,419),(419,153,1,210,419),(435,153,1,202,435),(435,153,1,204,435),(435,153,1,205,435),(435,153,1,208,435),(451,153,1,202,451),(451,153,1,205,451),(451,153,1,209,451),(467,153,1,202,467),(467,153,1,205,467),(467,153,1,209,467),(483,153,1,202,483),(483,153,1,205,483),(483,153,1,209,483),(499,153,1,202,499),(499,153,1,205,499),(499,153,1,209,499),(515,153,1,202,515),(515,153,1,205,515),(515,153,1,209,515),(531,153,1,202,531),(531,153,1,205,531),(531,153,1,209,531),(547,153,1,202,547),(547,153,1,205,547),(547,153,1,209,547),(563,153,1,202,563),(563,153,1,205,563),(563,153,1,209,563),(579,153,1,202,579),(579,153,1,205,579),(579,153,1,209,579),(595,153,1,202,595),(595,153,1,205,595),(595,153,1,209,595),(611,153,1,202,611),(611,153,1,204,611),(611,153,1,205,611),(611,153,1,209,611),(627,153,1,202,627),(627,153,1,204,627),(627,153,1,205,627),(627,153,1,209,627),(643,153,1,202,643),(643,153,1,205,643),(643,153,1,209,643),(659,153,1,202,659),(659,153,1,205,659),(659,153,1,209,659),(675,153,1,202,675),(675,153,1,205,675),(675,153,1,209,675),(681,153,1,202,681),(681,153,1,205,681),(681,153,1,209,681),(687,153,1,202,687),(687,153,1,205,687),(687,153,1,209,687),(693,153,1,202,693),(693,153,1,205,693),(693,153,1,209,693),(699,153,1,202,699),(699,153,1,205,699),(699,153,1,209,699),(705,153,1,202,705),(705,153,1,205,705),(705,153,1,209,705),(711,153,1,202,711),(711,153,1,205,711),(711,153,1,209,711),(711,153,2,202,711),(711,153,2,205,711),(711,153,2,209,711),(717,153,1,202,717),(717,153,1,205,717),(717,153,1,209,717),(717,153,2,202,717),(717,153,2,205,717),(717,153,2,209,717),(723,153,1,202,723),(723,153,1,205,723),(723,153,1,209,723),(723,153,2,202,723),(723,153,2,205,723),(723,153,2,209,723),(729,153,1,202,729),(729,153,1,205,729),(729,153,1,209,729),(729,153,2,202,729),(729,153,2,205,729),(729,153,2,209,729),(742,153,1,204,742),(742,153,1,208,742),(742,153,2,204,742),(742,153,2,208,742),(755,153,1,203,755),(755,153,1,204,755),(755,153,1,211,755),(755,153,2,203,755),(755,153,2,204,755),(755,153,2,211,755),(768,153,1,202,768),(768,153,1,204,768),(768,153,1,205,768),(768,153,1,210,768),(768,153,1,211,768),(768,153,2,202,768),(768,153,2,204,768),(768,153,2,205,768),(768,153,2,210,768),(768,153,2,211,768),(781,153,1,202,781),(781,153,1,203,781),(781,153,1,204,781),(781,153,1,208,781),(781,153,1,210,781),(781,153,1,211,781),(781,153,2,202,781),(781,153,2,203,781),(781,153,2,204,781),(781,153,2,208,781),(781,153,2,210,781),(781,153,2,211,781),(794,153,1,208,794),(794,153,1,210,794),(794,153,1,211,794),(794,153,2,208,794),(794,153,2,210,794),(794,153,2,211,794),(807,153,1,202,807),(807,153,1,203,807),(807,153,1,204,807),(807,153,1,206,807),(807,153,1,210,807),(807,153,1,211,807),(807,153,2,202,807),(807,153,2,203,807),(807,153,2,204,807),(807,153,2,206,807),(807,153,2,210,807),(807,153,2,211,807),(820,153,1,202,820),(820,153,1,203,820),(820,153,1,204,820),(820,153,1,208,820),(820,153,1,211,820),(820,153,2,202,820),(820,153,2,203,820),(820,153,2,204,820),(820,153,2,208,820),(820,153,2,211,820),(833,153,1,202,833),(833,153,1,204,833),(833,153,1,208,833),(833,153,1,210,833),(833,153,1,211,833),(833,153,2,202,833),(833,153,2,204,833),(833,153,2,208,833),(833,153,2,210,833),(833,153,2,211,833),(846,153,1,202,846),(846,153,1,203,846),(846,153,1,204,846),(846,153,1,210,846),(846,153,1,211,846),(846,153,2,202,846),(846,153,2,203,846),(846,153,2,204,846),(846,153,2,210,846),(846,153,2,211,846),(859,153,1,204,859),(859,153,1,205,859),(859,153,1,206,859),(859,153,1,210,859),(859,153,1,211,859),(859,153,2,204,859),(859,153,2,205,859),(859,153,2,206,859),(859,153,2,210,859),(859,153,2,211,859),(872,153,1,202,872),(872,153,1,203,872),(872,153,1,204,872),(872,153,1,205,872),(872,153,1,206,872),(872,153,1,207,872),(872,153,1,208,872),(872,153,1,210,872),(872,153,2,202,872),(872,153,2,203,872),(872,153,2,204,872),(872,153,2,205,872),(872,153,2,206,872),(872,153,2,207,872),(872,153,2,208,872),(872,153,2,210,872),(885,153,1,204,885),(885,153,1,205,885),(885,153,1,206,885),(885,153,1,208,885),(885,153,1,210,885),(885,153,1,211,885),(885,153,2,204,885),(885,153,2,205,885),(885,153,2,206,885),(885,153,2,208,885),(885,153,2,210,885),(885,153,2,211,885),(898,153,1,202,898),(898,153,1,205,898),(898,153,1,212,898),(898,153,2,202,898),(898,153,2,205,898),(898,153,2,212,898),(903,153,1,202,903),(903,153,1,205,903),(903,153,1,209,903),(903,153,2,202,903),(903,153,2,205,903),(903,153,2,209,903),(916,153,1,202,916),(916,153,1,208,916),(916,153,1,209,916),(916,153,2,202,916),(916,153,2,208,916),(916,153,2,209,916),(929,153,1,205,929),(929,153,1,206,929),(929,153,1,208,929),(929,153,1,209,929),(929,153,1,212,929),(929,153,2,205,929),(929,153,2,206,929),(929,153,2,208,929),(929,153,2,209,929),(929,153,2,212,929),(942,153,1,205,942),(942,153,1,208,942),(942,153,1,209,942),(942,153,2,205,942),(942,153,2,208,942),(942,153,2,209,942),(955,153,1,202,955),(955,153,1,205,955),(955,153,1,209,955),(955,153,1,212,955),(955,153,2,202,955),(955,153,2,205,955),(955,153,2,209,955),(955,153,2,212,955),(968,153,1,205,968),(968,153,1,208,968),(968,153,1,209,968),(968,153,2,205,968),(968,153,2,208,968),(968,153,2,209,968),(981,153,1,202,981),(981,153,1,205,981),(981,153,1,212,981),(981,153,2,202,981),(981,153,2,205,981),(981,153,2,212,981),(994,153,1,205,994),(994,153,1,209,994),(994,153,1,212,994),(994,153,2,205,994),(994,153,2,209,994),(994,153,2,212,994),(1007,153,1,205,1007),(1007,153,1,209,1007),(1007,153,1,212,1007),(1007,153,2,205,1007),(1007,153,2,209,1007),(1007,153,2,212,1007),(1020,153,1,202,1020),(1020,153,1,205,1020),(1020,153,1,208,1020),(1020,153,1,209,1020),(1020,153,1,212,1020),(1020,153,2,202,1020),(1020,153,2,205,1020),(1020,153,2,208,1020),(1020,153,2,209,1020),(1020,153,2,212,1020),(1033,153,1,205,1033),(1033,153,1,209,1033),(1033,153,1,212,1033),(1033,153,2,205,1033),(1033,153,2,209,1033),(1033,153,2,212,1033),(1049,153,1,202,1049),(1049,153,1,204,1049),(1049,153,1,206,1049),(1049,153,1,208,1049),(1049,153,2,202,1049),(1049,153,2,204,1049),(1049,153,2,206,1049),(1049,153,2,208,1049),(1065,153,1,202,1065),(1065,153,1,204,1065),(1065,153,1,206,1065),(1065,153,1,208,1065),(1065,153,2,202,1065),(1065,153,2,204,1065),(1065,153,2,206,1065),(1065,153,2,208,1065),(1081,153,1,205,1081),(1081,153,1,206,1081),(1081,153,1,208,1081),(1081,153,2,205,1081),(1081,153,2,206,1081),(1081,153,2,208,1081),(1097,153,1,202,1097),(1097,153,1,204,1097),(1097,153,1,208,1097),(1097,153,2,202,1097),(1097,153,2,204,1097),(1097,153,2,208,1097),(1113,153,1,205,1113),(1113,153,1,206,1113),(1113,153,1,208,1113),(1113,153,2,205,1113),(1113,153,2,206,1113),(1113,153,2,208,1113),(1119,153,1,202,1119),(1119,153,1,203,1119),(1119,153,1,204,1119),(1119,153,1,208,1119),(1119,153,1,210,1119),(1119,153,1,211,1119),(1119,153,2,202,1119),(1119,153,2,203,1119),(1119,153,2,204,1119),(1119,153,2,208,1119),(1119,153,2,210,1119),(1119,153,2,211,1119),(1135,153,1,204,1135),(1135,153,1,205,1135),(1135,153,1,206,1135),(1135,153,2,204,1135),(1135,153,2,205,1135),(1135,153,2,206,1135),(1151,153,1,202,1151),(1151,153,1,204,1151),(1151,153,1,205,1151),(1151,153,1,206,1151),(1151,153,1,208,1151),(1151,153,2,202,1151),(1151,153,2,204,1151),(1151,153,2,205,1151),(1151,153,2,206,1151),(1151,153,2,208,1151),(1167,153,1,205,1167),(1167,153,1,206,1167),(1167,153,1,208,1167),(1167,153,1,209,1167),(1167,153,2,205,1167),(1167,153,2,206,1167),(1167,153,2,208,1167),(1167,153,2,209,1167),(1183,153,1,204,1183),(1183,153,1,208,1183),(1183,153,2,204,1183),(1183,153,2,208,1183),(1199,153,1,204,1199),(1199,153,1,205,1199),(1199,153,1,206,1199),(1199,153,2,204,1199),(1199,153,2,205,1199),(1199,153,2,206,1199),(1215,153,1,203,1215),(1215,153,1,204,1215),(1215,153,1,211,1215),(1215,153,2,203,1215),(1215,153,2,204,1215),(1215,153,2,211,1215),(1225,153,1,202,1225),(1225,153,1,206,1225),(1225,153,1,208,1225),(1225,153,1,210,1225),(1225,153,2,202,1225),(1225,153,2,206,1225),(1225,153,2,208,1225),(1225,153,2,210,1225),(1241,153,1,205,1241),(1241,153,1,206,1241),(1241,153,1,208,1241),(1241,153,2,205,1241),(1241,153,2,206,1241),(1241,153,2,208,1241),(1257,153,1,202,1257),(1257,153,1,204,1257),(1257,153,1,205,1257),(1257,153,1,206,1257),(1257,153,1,208,1257),(1257,153,2,202,1257),(1257,153,2,204,1257),(1257,153,2,205,1257),(1257,153,2,206,1257),(1257,153,2,208,1257),(1273,153,1,204,1273),(1273,153,1,208,1273),(1273,153,1,210,1273),(1273,153,1,211,1273),(1273,153,2,204,1273),(1273,153,2,208,1273),(1273,153,2,210,1273),(1273,153,2,211,1273),(1289,153,1,203,1289),(1289,153,1,204,1289),(1289,153,1,208,1289),(1289,153,1,211,1289),(1289,153,2,203,1289),(1289,153,2,204,1289),(1289,153,2,208,1289),(1289,153,2,211,1289),(1305,153,1,204,1305),(1305,153,1,206,1305),(1305,153,1,207,1305),(1305,153,1,208,1305),(1305,153,1,210,1305),(1305,153,2,204,1305),(1305,153,2,206,1305),(1305,153,2,207,1305),(1305,153,2,208,1305),(1305,153,2,210,1305),(1321,153,1,202,1321),(1321,153,1,204,1321),(1321,153,1,206,1321),(1321,153,1,208,1321),(1321,153,1,211,1321),(1321,153,2,202,1321),(1321,153,2,204,1321),(1321,153,2,206,1321),(1321,153,2,208,1321),(1321,153,2,211,1321),(1337,153,1,204,1337),(1337,153,1,206,1337),(1337,153,1,208,1337),(1337,153,1,210,1337),(1337,153,2,204,1337),(1337,153,2,206,1337),(1337,153,2,208,1337),(1337,153,2,210,1337),(1353,153,1,204,1353),(1353,153,1,206,1353),(1353,153,1,207,1353),(1353,153,1,208,1353),(1353,153,1,210,1353),(1353,153,2,204,1353),(1353,153,2,206,1353),(1353,153,2,207,1353),(1353,153,2,208,1353),(1353,153,2,210,1353),(1369,153,1,205,1369),(1369,153,1,206,1369),(1369,153,1,208,1369),(1369,153,2,205,1369),(1369,153,2,206,1369),(1369,153,2,208,1369),(1385,153,1,203,1385),(1385,153,1,204,1385),(1385,153,1,208,1385),(1385,153,1,210,1385),(1385,153,1,211,1385),(1385,153,2,203,1385),(1385,153,2,204,1385),(1385,153,2,208,1385),(1385,153,2,210,1385),(1385,153,2,211,1385),(1401,153,1,208,1401),(1401,153,1,209,1401),(1401,153,1,210,1401),(1401,153,2,208,1401),(1401,153,2,209,1401),(1401,153,2,210,1401),(1417,153,1,205,1417),(1417,153,1,209,1417),(1417,153,2,205,1417),(1417,153,2,209,1417),(1433,153,1,205,1433),(1433,153,1,209,1433),(1433,153,2,205,1433),(1433,153,2,209,1433),(1449,153,1,205,1449),(1449,153,1,209,1449),(1449,153,2,205,1449),(1449,153,2,209,1449),(1465,153,1,205,1465),(1465,153,1,209,1465),(1465,153,2,205,1465),(1465,153,2,209,1465),(1481,153,1,205,1481),(1481,153,1,209,1481),(1481,153,2,205,1481),(1481,153,2,209,1481),(1497,153,1,205,1497),(1497,153,1,209,1497),(1497,153,2,205,1497),(1497,153,2,209,1497),(1513,153,1,205,1513),(1513,153,1,209,1513),(1513,153,2,205,1513),(1513,153,2,209,1513),(1529,153,1,205,1529),(1529,153,1,209,1529),(1529,153,2,205,1529),(1529,153,2,209,1529),(1545,153,1,205,1545),(1545,153,1,209,1545),(1545,153,2,205,1545),(1545,153,2,209,1545),(1561,153,1,205,1561),(1561,153,1,209,1561),(1561,153,2,205,1561),(1561,153,2,209,1561),(1577,153,1,205,1577),(1577,153,1,209,1577),(1577,153,2,205,1577),(1577,153,2,209,1577),(1593,153,1,205,1593),(1593,153,1,209,1593),(1593,153,2,205,1593),(1593,153,2,209,1593),(1609,153,1,205,1609),(1609,153,1,209,1609),(1609,153,2,205,1609),(1609,153,2,209,1609),(1625,153,1,205,1625),(1625,153,1,209,1625),(1625,153,2,205,1625),(1625,153,2,209,1625),(1641,153,1,205,1641),(1641,153,1,209,1641),(1641,153,2,205,1641),(1641,153,2,209,1641),(1657,153,1,205,1657),(1657,153,1,209,1657),(1657,153,2,205,1657),(1657,153,2,209,1657),(1673,153,1,205,1673),(1673,153,1,209,1673),(1673,153,2,205,1673),(1673,153,2,209,1673),(1689,153,1,205,1689),(1689,153,1,209,1689),(1689,153,2,205,1689),(1689,153,2,209,1689),(1705,153,1,205,1705),(1705,153,1,209,1705),(1705,153,2,205,1705),(1705,153,2,209,1705),(1721,153,1,205,1721),(1721,153,1,209,1721),(1721,153,2,205,1721),(1721,153,2,209,1721),(1737,153,1,205,1737),(1737,153,1,209,1737),(1737,153,2,205,1737),(1737,153,2,209,1737),(1753,153,1,205,1753),(1753,153,1,209,1753),(1753,153,2,205,1753),(1753,153,2,209,1753),(1769,153,1,205,1769),(1769,153,1,209,1769),(1769,153,2,205,1769),(1769,153,2,209,1769),(1785,153,1,205,1785),(1785,153,1,209,1785),(1785,153,2,205,1785),(1785,153,2,209,1785),(1801,153,1,205,1801),(1801,153,1,209,1801),(1801,153,2,205,1801),(1801,153,2,209,1801),(1817,153,1,205,1817),(1817,153,1,209,1817),(1817,153,2,205,1817),(1817,153,2,209,1817),(1824,153,1,205,1824),(1824,153,1,206,1824),(1831,153,1,204,1831),(1831,153,1,205,1831),(1831,153,1,206,1831),(1831,153,1,208,1831),(1838,153,1,205,1838),(1838,153,1,206,1838),(1838,153,1,208,1838),(1838,153,1,209,1838),(1838,153,1,212,1838),(1845,153,1,205,1845),(1845,153,1,206,1845),(1845,153,1,208,1845),(1845,153,1,209,1845),(1845,153,1,212,1845),(1852,153,1,204,1852),(1852,153,1,205,1852),(1852,153,1,208,1852),(1859,153,1,202,1859),(1859,153,1,204,1859),(1859,153,1,205,1859),(1859,153,1,206,1859),(1859,153,1,208,1859),(1859,153,1,209,1859),(1866,153,1,205,1866),(1866,153,1,206,1866),(1866,153,1,212,1866),(1873,153,1,205,1873),(1873,153,1,206,1873),(1873,153,1,209,1873),(1873,153,1,212,1873),(1880,153,1,202,1880),(1880,153,1,205,1880),(1880,153,1,206,1880),(1880,153,1,208,1880),(1880,153,1,209,1880),(1887,153,1,202,1887),(1887,153,1,205,1887),(1887,153,1,206,1887),(1887,153,1,208,1887),(1887,153,1,209,1887),(1894,153,1,205,1894),(1901,153,1,205,1901),(1901,153,1,206,1901),(1901,153,1,212,1901),(1908,153,1,205,1908),(1908,153,1,206,1908),(1908,153,1,212,1908),(1924,153,1,205,1924),(1924,153,1,206,1924),(1924,153,1,209,1924),(1924,153,1,212,1924),(1940,153,1,205,1940),(1940,153,1,206,1940),(1940,153,1,209,1940),(1940,153,1,212,1940),(1956,153,1,202,1956),(1956,153,1,205,1956),(1956,153,1,212,1956),(1972,153,1,202,1972),(1972,153,1,205,1972),(1972,153,1,206,1972),(1972,153,1,209,1972),(1972,153,1,212,1972),(1988,153,1,202,1988),(1988,153,1,209,1988),(1988,153,1,212,1988),(1995,153,1,202,1995),(1995,153,1,205,1995),(1995,153,1,212,1995),(2002,153,1,202,2002),(2002,153,1,205,2002),(2002,153,1,206,2002),(2002,153,1,209,2002),(2002,153,1,212,2002),(2008,153,1,205,2008),(2008,153,1,212,2008),(2015,153,1,206,2015),(2015,153,1,209,2015),(2022,153,1,202,2022),(2022,153,1,209,2022),(2029,153,1,202,2029),(2029,153,1,209,2029),(2029,153,1,212,2029),(2045,153,1,206,2045),(2045,153,1,209,2045),(2045,153,1,212,2045);

--
-- Table structure for table `mag2_catalog_product_index_eav_tmp`
--

CREATE TABLE `mag2_catalog_product_index_eav_tmp` (
  `entity_id` int(10) unsigned NOT NULL COMMENT 'Entity ID',
  `attribute_id` smallint(5) unsigned NOT NULL COMMENT 'Attribute ID',
  `store_id` smallint(5) unsigned NOT NULL COMMENT 'Store ID',
  `value` int(10) unsigned NOT NULL COMMENT 'Value',
  `source_id` int(10) unsigned NOT NULL DEFAULT '0' COMMENT 'Original entity Id for attribute value',
  PRIMARY KEY (`entity_id`,`attribute_id`,`store_id`,`value`,`source_id`),
  KEY `MAG2_CATALOG_PRODUCT_INDEX_EAV_TMP_ATTRIBUTE_ID` (`attribute_id`),
  KEY `MAG2_CATALOG_PRODUCT_INDEX_EAV_TMP_STORE_ID` (`store_id`),
  KEY `MAG2_CATALOG_PRODUCT_INDEX_EAV_TMP_VALUE` (`value`)
) ENGINE=MEMORY DEFAULT CHARSET=utf8 COMMENT='Catalog Product EAV Indexer Temp Table';

--
-- Dumping data for table `mag2_catalog_product_index_eav_tmp`
--


--
-- Table structure for table `mag2_catalog_product_index_price`
--

CREATE TABLE `mag2_catalog_product_index_price` (
  `entity_id` int(10) unsigned NOT NULL COMMENT 'Entity ID',
  `customer_group_id` int(10) unsigned NOT NULL COMMENT 'Customer Group ID',
  `website_id` smallint(5) unsigned NOT NULL COMMENT 'Website ID',
  `tax_class_id` smallint(5) unsigned DEFAULT '0' COMMENT 'Tax Class ID',
  `price` decimal(12,4) DEFAULT NULL COMMENT 'Price',
  `final_price` decimal(12,4) DEFAULT NULL COMMENT 'Final Price',
  `min_price` decimal(12,4) DEFAULT NULL COMMENT 'Min Price',
  `max_price` decimal(12,4) DEFAULT NULL COMMENT 'Max Price',
  `tier_price` decimal(12,4) DEFAULT NULL COMMENT 'Tier Price',
  PRIMARY KEY (`entity_id`,`customer_group_id`,`website_id`),
  KEY `MAG2_CATALOG_PRODUCT_INDEX_PRICE_CUSTOMER_GROUP_ID` (`customer_group_id`),
  KEY `MAG2_CATALOG_PRODUCT_INDEX_PRICE_MIN_PRICE` (`min_price`),
  KEY `MAG2_CAT_PRD_IDX_PRICE_WS_ID_CSTR_GROUP_ID_MIN_PRICE` (`website_id`,`customer_group_id`,`min_price`)
) ENGINE=InnoDB DEFAULT CHARSET=utf8 COMMENT='Catalog Product Price Index Table';

--
-- Dumping data for table `mag2_catalog_product_index_price`
--

INSERT INTO `mag2_catalog_product_index_price` VALUES (1,0,1,2,8.0000,8.0000,8.0000,8.0000,NULL),(1,1,1,2,8.0000,8.0000,8.0000,8.0000,NULL),(1,2,1,2,8.0000,8.0000,8.0000,8.0000,NULL),(1,3,1,2,8.0000,8.0000,8.0000,8.0000,NULL),(9,0,1,0,26.5000,26.5000,26.5000,26.5000,NULL),(9,1,1,0,26.5000,26.5000,26.5000,26.5000,NULL),(9,2,1,0,26.5000,26.5000,26.5000,26.5000,NULL),(9,3,1,0,26.5000,26.5000,26.5000,26.5000,NULL),(10,0,1,0,11.0000,11.0000,11.0000,11.0000,NULL),(10,1,1,0,11.0000,11.0000,11.0000,11.0000,NULL),(10,2,1,0,11.0000,11.0000,11.0000,11.0000,NULL),(10,3,1,0,11.0000,11.0000,11.0000,11.0000,NULL),(11,0,1,0,20.5000,20.5000,20.5000,20.5000,NULL),(11,1,1,0,20.5000,20.5000,20.5000,20.5000,NULL),(11,2,1,0,20.5000,20.5000,20.5000,20.5000,NULL),(11,3,1,0,20.5000,20.5000,20.5000,20.5000,NULL),(15,0,1,0,18.0000,18.0000,18.0000,18.0000,NULL),(15,1,1,0,18.0000,18.0000,18.0000,18.0000,NULL),(15,2,1,0,18.0000,18.0000,18.0000,18.0000,NULL),(15,3,1,0,18.0000,18.0000,18.0000,18.0000,NULL),(16,0,1,2,14.5000,14.5000,14.5000,14.5000,NULL),(16,1,1,2,14.5000,14.5000,14.5000,14.5000,NULL),(16,2,1,2,14.5000,14.5000,14.5000,14.5000,NULL),(16,3,1,2,14.5000,14.5000,14.5000,14.5000,NULL),(17,0,1,0,8.0000,8.0000,8.0000,8.0000,NULL),(17,1,1,0,8.0000,8.0000,8.0000,8.0000,NULL),(17,2,1,0,8.0000,8.0000,8.0000,8.0000,NULL),(17,3,1,0,8.0000,8.0000,8.0000,8.0000,NULL),(18,0,1,0,7.5000,7.5000,7.5000,7.5000,NULL),(18,1,1,0,7.5000,7.5000,7.5000,7.5000,NULL),(18,2,1,0,7.5000,7.5000,7.5000,7.5000,NULL),(18,3,1,0,7.5000,7.5000,7.5000,7.5000,NULL),(20,0,1,0,34.0000,34.0000,34.0000,34.0000,NULL),(20,1,1,0,34.0000,34.0000,34.0000,34.0000,NULL),(20,2,1,0,34.0000,34.0000,34.0000,34.0000,NULL),(20,3,1,0,34.0000,34.0000,34.0000,34.0000,NULL),(21,0,1,0,25.0000,25.0000,25.0000,25.0000,NULL),(21,1,1,0,25.0000,25.0000,25.0000,25.0000,NULL),(21,2,1,0,25.0000,25.0000,25.0000,25.0000,NULL),(21,3,1,0,25.0000,25.0000,25.0000,25.0000,NULL),(22,0,1,0,24.0000,24.0000,24.0000,24.0000,NULL),(22,1,1,0,24.0000,24.0000,24.0000,24.0000,NULL),(22,2,1,0,24.0000,24.0000,24.0000,24.0000,NULL),(22,3,1,0,24.0000,24.0000,24.0000,24.0000,NULL),(23,0,1,0,34.0000,34.0000,34.0000,34.0000,NULL),(23,1,1,0,34.0000,34.0000,34.0000,34.0000,NULL),(23,2,1,0,34.0000,34.0000,34.0000,34.0000,NULL),(23,3,1,0,34.0000,34.0000,34.0000,34.0000,NULL),(24,0,1,0,28.0000,28.0000,28.0000,28.0000,NULL),(24,1,1,0,28.0000,28.0000,28.0000,28.0000,NULL),(24,2,1,0,28.0000,28.0000,28.0000,28.0000,NULL),(24,3,1,0,28.0000,28.0000,28.0000,28.0000,NULL),(25,0,1,0,26.5000,26.5000,26.5000,26.5000,NULL),(25,1,1,0,26.5000,26.5000,26.5000,26.5000,NULL),(25,2,1,0,26.5000,26.5000,26.5000,26.5000,NULL),(25,3,1,0,26.5000,26.5000,26.5000,26.5000,NULL),(26,0,1,0,11.0000,11.0000,11.0000,11.0000,NULL),(26,1,1,0,11.0000,11.0000,11.0000,11.0000,NULL),(26,2,1,0,11.0000,11.0000,11.0000,11.0000,NULL),(26,3,1,0,11.0000,11.0000,11.0000,11.0000,NULL),(27,0,1,0,8.5000,8.5000,8.5000,8.5000,NULL),(27,1,1,0,8.5000,8.5000,8.5000,8.5000,NULL),(27,2,1,0,8.5000,8.5000,8.5000,8.5000,NULL),(27,3,1,0,8.5000,8.5000,8.5000,8.5000,NULL),(28,0,1,0,11.0000,11.0000,11.0000,11.0000,NULL),(28,1,1,0,11.0000,11.0000,11.0000,11.0000,NULL),(28,2,1,0,11.0000,11.0000,11.0000,11.0000,NULL),(28,3,1,0,11.0000,11.0000,11.0000,11.0000,NULL),(29,0,1,0,8.0000,8.0000,8.0000,8.0000,NULL),(29,1,1,0,8.0000,8.0000,8.0000,8.0000,NULL),(29,2,1,0,8.0000,8.0000,8.0000,8.0000,NULL),(29,3,1,0,8.0000,8.0000,8.0000,8.0000,NULL),(30,0,1,0,9.0000,9.0000,9.0000,9.0000,NULL),(30,1,1,0,9.0000,9.0000,9.0000,9.0000,NULL),(30,2,1,0,9.0000,9.0000,9.0000,9.0000,NULL),(30,3,1,0,9.0000,9.0000,9.0000,9.0000,NULL),(31,0,1,0,64.0000,64.0000,64.0000,64.0000,NULL),(31,1,1,0,64.0000,64.0000,64.0000,64.0000,NULL),(31,2,1,0,64.0000,64.0000,64.0000,64.0000,NULL),(31,3,1,0,64.0000,64.0000,64.0000,64.0000,NULL),(33,0,1,0,31.5000,31.5000,31.5000,31.5000,NULL),(33,1,1,0,31.5000,31.5000,31.5000,31.5000,NULL),(33,2,1,0,31.5000,31.5000,31.5000,31.5000,NULL),(33,3,1,0,31.5000,31.5000,31.5000,31.5000,NULL),(34,0,1,0,75.0000,75.0000,75.0000,75.0000,NULL),(34,1,1,0,75.0000,75.0000,75.0000,75.0000,NULL),(34,2,1,0,75.0000,75.0000,75.0000,75.0000,NULL),(34,3,1,0,75.0000,75.0000,75.0000,75.0000,NULL),(35,0,1,0,61.5000,61.5000,61.5000,61.5000,NULL),(35,1,1,0,61.5000,61.5000,61.5000,61.5000,NULL),(35,2,1,0,61.5000,61.5000,61.5000,61.5000,NULL),(35,3,1,0,61.5000,61.5000,61.5000,61.5000,NULL);

--
-- Table structure for table `mag2_catalog_product_index_price_bundle_idx`
--

CREATE TABLE `mag2_catalog_product_index_price_bundle_idx` (
  `entity_id` int(10) unsigned NOT NULL COMMENT 'Entity Id',
  `customer_group_id` int(11) NOT NULL,
  `website_id` smallint(5) unsigned NOT NULL COMMENT 'Website Id',
  `tax_class_id` smallint(5) unsigned DEFAULT '0' COMMENT 'Tax Class Id',
  `price_type` smallint(5) unsigned NOT NULL COMMENT 'Price Type',
  `special_price` decimal(12,4) DEFAULT NULL COMMENT 'Special Price',
  `tier_percent` decimal(12,4) DEFAULT NULL COMMENT 'Tier Percent',
  `orig_price` decimal(12,4) DEFAULT NULL COMMENT 'Orig Price',
  `price` decimal(12,4) DEFAULT NULL COMMENT 'Price',
  `min_price` decimal(12,4) DEFAULT NULL COMMENT 'Min Price',
  `max_price` decimal(12,4) DEFAULT NULL COMMENT 'Max Price',
  `tier_price` decimal(12,4) DEFAULT NULL COMMENT 'Tier Price',
  `base_tier` decimal(12,4) DEFAULT NULL COMMENT 'Base Tier',
  PRIMARY KEY (`entity_id`,`customer_group_id`,`website_id`)
) ENGINE=InnoDB DEFAULT CHARSET=utf8 COMMENT='Catalog Product Index Price Bundle Idx';

--
-- Dumping data for table `mag2_catalog_product_index_price_bundle_idx`
--


--
-- Table structure for table `mag2_catalog_product_index_price_bundle_opt_idx`
--

CREATE TABLE `mag2_catalog_product_index_price_bundle_opt_idx` (
  `entity_id` int(10) unsigned NOT NULL COMMENT 'Entity Id',
  `customer_group_id` int(11) NOT NULL,
  `website_id` smallint(5) unsigned NOT NULL COMMENT 'Website Id',
  `option_id` int(10) unsigned NOT NULL DEFAULT '0' COMMENT 'Option Id',
  `min_price` decimal(12,4) DEFAULT NULL COMMENT 'Min Price',
  `alt_price` decimal(12,4) DEFAULT NULL COMMENT 'Alt Price',
  `max_price` decimal(12,4) DEFAULT NULL COMMENT 'Max Price',
  `tier_price` decimal(12,4) DEFAULT NULL COMMENT 'Tier Price',
  `alt_tier_price` decimal(12,4) DEFAULT NULL COMMENT 'Alt Tier Price',
  PRIMARY KEY (`entity_id`,`customer_group_id`,`website_id`,`option_id`)
) ENGINE=InnoDB DEFAULT CHARSET=utf8 COMMENT='Catalog Product Index Price Bundle Opt Idx';

--
-- Dumping data for table `mag2_catalog_product_index_price_bundle_opt_idx`
--


--
-- Table structure for table `mag2_catalog_product_index_price_bundle_opt_tmp`
--

CREATE TABLE `mag2_catalog_product_index_price_bundle_opt_tmp` (
  `entity_id` int(10) unsigned NOT NULL COMMENT 'Entity Id',
  `customer_group_id` int(11) NOT NULL,
  `website_id` smallint(5) unsigned NOT NULL COMMENT 'Website Id',
  `option_id` int(10) unsigned NOT NULL DEFAULT '0' COMMENT 'Option Id',
  `min_price` decimal(12,4) DEFAULT NULL COMMENT 'Min Price',
  `alt_price` decimal(12,4) DEFAULT NULL COMMENT 'Alt Price',
  `max_price` decimal(12,4) DEFAULT NULL COMMENT 'Max Price',
  `tier_price` decimal(12,4) DEFAULT NULL COMMENT 'Tier Price',
  `alt_tier_price` decimal(12,4) DEFAULT NULL COMMENT 'Alt Tier Price',
  PRIMARY KEY (`entity_id`,`customer_group_id`,`website_id`,`option_id`)
) ENGINE=MEMORY DEFAULT CHARSET=utf8 COMMENT='Catalog Product Index Price Bundle Opt Tmp';

--
-- Dumping data for table `mag2_catalog_product_index_price_bundle_opt_tmp`
--


--
-- Table structure for table `mag2_catalog_product_index_price_bundle_sel_idx`
--

CREATE TABLE `mag2_catalog_product_index_price_bundle_sel_idx` (
  `entity_id` int(10) unsigned NOT NULL COMMENT 'Entity Id',
  `customer_group_id` int(11) NOT NULL,
  `website_id` smallint(5) unsigned NOT NULL COMMENT 'Website Id',
  `option_id` int(10) unsigned NOT NULL DEFAULT '0' COMMENT 'Option Id',
  `selection_id` int(10) unsigned NOT NULL DEFAULT '0' COMMENT 'Selection Id',
  `group_type` smallint(5) unsigned DEFAULT '0' COMMENT 'Group Type',
  `is_required` smallint(5) unsigned DEFAULT '0' COMMENT 'Is Required',
  `price` decimal(12,4) DEFAULT NULL COMMENT 'Price',
  `tier_price` decimal(12,4) DEFAULT NULL COMMENT 'Tier Price',
  PRIMARY KEY (`entity_id`,`customer_group_id`,`website_id`,`option_id`,`selection_id`)
) ENGINE=InnoDB DEFAULT CHARSET=utf8 COMMENT='Catalog Product Index Price Bundle Sel Idx';

--
-- Dumping data for table `mag2_catalog_product_index_price_bundle_sel_idx`
--


--
-- Table structure for table `mag2_catalog_product_index_price_bundle_sel_tmp`
--

CREATE TABLE `mag2_catalog_product_index_price_bundle_sel_tmp` (
  `entity_id` int(10) unsigned NOT NULL COMMENT 'Entity Id',
  `customer_group_id` int(11) NOT NULL,
  `website_id` smallint(5) unsigned NOT NULL COMMENT 'Website Id',
  `option_id` int(10) unsigned NOT NULL DEFAULT '0' COMMENT 'Option Id',
  `selection_id` int(10) unsigned NOT NULL DEFAULT '0' COMMENT 'Selection Id',
  `group_type` smallint(5) unsigned DEFAULT '0' COMMENT 'Group Type',
  `is_required` smallint(5) unsigned DEFAULT '0' COMMENT 'Is Required',
  `price` decimal(12,4) DEFAULT NULL COMMENT 'Price',
  `tier_price` decimal(12,4) DEFAULT NULL COMMENT 'Tier Price',
  PRIMARY KEY (`entity_id`,`customer_group_id`,`website_id`,`option_id`,`selection_id`)
) ENGINE=MEMORY DEFAULT CHARSET=utf8 COMMENT='Catalog Product Index Price Bundle Sel Tmp';

--
-- Dumping data for table `mag2_catalog_product_index_price_bundle_sel_tmp`
--


--
-- Table structure for table `mag2_catalog_product_index_price_bundle_tmp`
--

CREATE TABLE `mag2_catalog_product_index_price_bundle_tmp` (
  `entity_id` int(10) unsigned NOT NULL COMMENT 'Entity Id',
  `customer_group_id` int(11) NOT NULL,
  `website_id` smallint(5) unsigned NOT NULL COMMENT 'Website Id',
  `tax_class_id` smallint(5) unsigned DEFAULT '0' COMMENT 'Tax Class Id',
  `price_type` smallint(5) unsigned NOT NULL COMMENT 'Price Type',
  `special_price` decimal(12,4) DEFAULT NULL COMMENT 'Special Price',
  `tier_percent` decimal(12,4) DEFAULT NULL COMMENT 'Tier Percent',
  `orig_price` decimal(12,4) DEFAULT NULL COMMENT 'Orig Price',
  `price` decimal(12,4) DEFAULT NULL COMMENT 'Price',
  `min_price` decimal(12,4) DEFAULT NULL COMMENT 'Min Price',
  `max_price` decimal(12,4) DEFAULT NULL COMMENT 'Max Price',
  `tier_price` decimal(12,4) DEFAULT NULL COMMENT 'Tier Price',
  `base_tier` decimal(12,4) DEFAULT NULL COMMENT 'Base Tier',
  PRIMARY KEY (`entity_id`,`customer_group_id`,`website_id`)
) ENGINE=MEMORY DEFAULT CHARSET=utf8 COMMENT='Catalog Product Index Price Bundle Tmp';

--
-- Dumping data for table `mag2_catalog_product_index_price_bundle_tmp`
--


--
-- Table structure for table `mag2_catalog_product_index_price_cfg_opt_agr_idx`
--

CREATE TABLE `mag2_catalog_product_index_price_cfg_opt_agr_idx` (
  `parent_id` int(10) unsigned NOT NULL COMMENT 'Parent ID',
  `child_id` int(10) unsigned NOT NULL COMMENT 'Child ID',
  `customer_group_id` int(10) unsigned NOT NULL DEFAULT '0' COMMENT 'Customer Group ID',
  `website_id` smallint(5) unsigned NOT NULL COMMENT 'Website ID',
  `price` decimal(12,4) DEFAULT NULL COMMENT 'Price',
  `tier_price` decimal(12,4) DEFAULT NULL COMMENT 'Tier Price',
  PRIMARY KEY (`parent_id`,`child_id`,`customer_group_id`,`website_id`)
) ENGINE=InnoDB DEFAULT CHARSET=utf8 COMMENT='Catalog Product Price Indexer Config Option Aggregate Index Table';

--
-- Dumping data for table `mag2_catalog_product_index_price_cfg_opt_agr_idx`
--


--
-- Table structure for table `mag2_catalog_product_index_price_cfg_opt_agr_tmp`
--

CREATE TABLE `mag2_catalog_product_index_price_cfg_opt_agr_tmp` (
  `parent_id` int(10) unsigned NOT NULL COMMENT 'Parent ID',
  `child_id` int(10) unsigned NOT NULL COMMENT 'Child ID',
  `customer_group_id` int(10) unsigned NOT NULL DEFAULT '0' COMMENT 'Customer Group ID',
  `website_id` smallint(5) unsigned NOT NULL COMMENT 'Website ID',
  `price` decimal(12,4) DEFAULT NULL COMMENT 'Price',
  `tier_price` decimal(12,4) DEFAULT NULL COMMENT 'Tier Price',
  PRIMARY KEY (`parent_id`,`child_id`,`customer_group_id`,`website_id`)
) ENGINE=MEMORY DEFAULT CHARSET=utf8 COMMENT='Catalog Product Price Indexer Config Option Aggregate Temp Table';

--
-- Dumping data for table `mag2_catalog_product_index_price_cfg_opt_agr_tmp`
--


--
-- Table structure for table `mag2_catalog_product_index_price_cfg_opt_idx`
--

CREATE TABLE `mag2_catalog_product_index_price_cfg_opt_idx` (
  `entity_id` int(10) unsigned NOT NULL COMMENT 'Entity ID',
  `customer_group_id` int(10) unsigned NOT NULL DEFAULT '0' COMMENT 'Customer Group ID',
  `website_id` smallint(5) unsigned NOT NULL COMMENT 'Website ID',
  `min_price` decimal(12,4) DEFAULT NULL COMMENT 'Min Price',
  `max_price` decimal(12,4) DEFAULT NULL COMMENT 'Max Price',
  `tier_price` decimal(12,4) DEFAULT NULL COMMENT 'Tier Price',
  PRIMARY KEY (`entity_id`,`customer_group_id`,`website_id`)
) ENGINE=InnoDB DEFAULT CHARSET=utf8 COMMENT='Catalog Product Price Indexer Config Option Index Table';

--
-- Dumping data for table `mag2_catalog_product_index_price_cfg_opt_idx`
--


--
-- Table structure for table `mag2_catalog_product_index_price_cfg_opt_tmp`
--

CREATE TABLE `mag2_catalog_product_index_price_cfg_opt_tmp` (
  `entity_id` int(10) unsigned NOT NULL COMMENT 'Entity ID',
  `customer_group_id` int(10) unsigned NOT NULL DEFAULT '0' COMMENT 'Customer Group ID',
  `website_id` smallint(5) unsigned NOT NULL COMMENT 'Website ID',
  `min_price` decimal(12,4) DEFAULT NULL COMMENT 'Min Price',
  `max_price` decimal(12,4) DEFAULT NULL COMMENT 'Max Price',
  `tier_price` decimal(12,4) DEFAULT NULL COMMENT 'Tier Price',
  PRIMARY KEY (`entity_id`,`customer_group_id`,`website_id`)
) ENGINE=MEMORY DEFAULT CHARSET=utf8 COMMENT='Catalog Product Price Indexer Config Option Temp Table';

--
-- Dumping data for table `mag2_catalog_product_index_price_cfg_opt_tmp`
--


--
-- Table structure for table `mag2_catalog_product_index_price_downlod_idx`
--

CREATE TABLE `mag2_catalog_product_index_price_downlod_idx` (
  `entity_id` int(10) unsigned NOT NULL COMMENT 'Entity ID',
  `customer_group_id` int(11) NOT NULL,
  `website_id` smallint(5) unsigned NOT NULL COMMENT 'Website ID',
  `min_price` decimal(12,4) NOT NULL DEFAULT '0.0000' COMMENT 'Minimum price',
  `max_price` decimal(12,4) NOT NULL DEFAULT '0.0000' COMMENT 'Maximum price',
  PRIMARY KEY (`entity_id`,`customer_group_id`,`website_id`)
) ENGINE=InnoDB DEFAULT CHARSET=utf8 COMMENT='Indexer Table for price of downloadable products';

--
-- Dumping data for table `mag2_catalog_product_index_price_downlod_idx`
--


--
-- Table structure for table `mag2_catalog_product_index_price_downlod_tmp`
--

CREATE TABLE `mag2_catalog_product_index_price_downlod_tmp` (
  `entity_id` int(10) unsigned NOT NULL COMMENT 'Entity ID',
  `customer_group_id` int(11) NOT NULL,
  `website_id` smallint(5) unsigned NOT NULL COMMENT 'Website ID',
  `min_price` decimal(12,4) NOT NULL DEFAULT '0.0000' COMMENT 'Minimum price',
  `max_price` decimal(12,4) NOT NULL DEFAULT '0.0000' COMMENT 'Maximum price',
  PRIMARY KEY (`entity_id`,`customer_group_id`,`website_id`)
) ENGINE=MEMORY DEFAULT CHARSET=utf8 COMMENT='Temporary Indexer Table for price of downloadable products';

--
-- Dumping data for table `mag2_catalog_product_index_price_downlod_tmp`
--


--
-- Table structure for table `mag2_catalog_product_index_price_final_idx`
--

CREATE TABLE `mag2_catalog_product_index_price_final_idx` (
  `entity_id` int(10) unsigned NOT NULL COMMENT 'Entity ID',
  `customer_group_id` int(10) unsigned NOT NULL DEFAULT '0' COMMENT 'Customer Group ID',
  `website_id` smallint(5) unsigned NOT NULL COMMENT 'Website ID',
  `tax_class_id` smallint(5) unsigned DEFAULT '0' COMMENT 'Tax Class ID',
  `orig_price` decimal(12,4) DEFAULT NULL COMMENT 'Original Price',
  `price` decimal(12,4) DEFAULT NULL COMMENT 'Price',
  `min_price` decimal(12,4) DEFAULT NULL COMMENT 'Min Price',
  `max_price` decimal(12,4) DEFAULT NULL COMMENT 'Max Price',
  `tier_price` decimal(12,4) DEFAULT NULL COMMENT 'Tier Price',
  `base_tier` decimal(12,4) DEFAULT NULL COMMENT 'Base Tier',
  PRIMARY KEY (`entity_id`,`customer_group_id`,`website_id`)
) ENGINE=InnoDB DEFAULT CHARSET=utf8 COMMENT='Catalog Product Price Indexer Final Index Table';

--
-- Dumping data for table `mag2_catalog_product_index_price_final_idx`
--


--
-- Table structure for table `mag2_catalog_product_index_price_final_tmp`
--

CREATE TABLE `mag2_catalog_product_index_price_final_tmp` (
  `entity_id` int(10) unsigned NOT NULL COMMENT 'Entity ID',
  `customer_group_id` int(10) unsigned NOT NULL DEFAULT '0' COMMENT 'Customer Group ID',
  `website_id` smallint(5) unsigned NOT NULL COMMENT 'Website ID',
  `tax_class_id` smallint(5) unsigned DEFAULT '0' COMMENT 'Tax Class ID',
  `orig_price` decimal(12,4) DEFAULT NULL COMMENT 'Original Price',
  `price` decimal(12,4) DEFAULT NULL COMMENT 'Price',
  `min_price` decimal(12,4) DEFAULT NULL COMMENT 'Min Price',
  `max_price` decimal(12,4) DEFAULT NULL COMMENT 'Max Price',
  `tier_price` decimal(12,4) DEFAULT NULL COMMENT 'Tier Price',
  `base_tier` decimal(12,4) DEFAULT NULL COMMENT 'Base Tier',
  PRIMARY KEY (`entity_id`,`customer_group_id`,`website_id`)
) ENGINE=MEMORY DEFAULT CHARSET=utf8 COMMENT='Catalog Product Price Indexer Final Temp Table';

--
-- Dumping data for table `mag2_catalog_product_index_price_final_tmp`
--


--
-- Table structure for table `mag2_catalog_product_index_price_idx`
--

CREATE TABLE `mag2_catalog_product_index_price_idx` (
  `entity_id` int(10) unsigned NOT NULL COMMENT 'Entity ID',
  `customer_group_id` int(10) unsigned NOT NULL DEFAULT '0' COMMENT 'Customer Group ID',
  `website_id` smallint(5) unsigned NOT NULL COMMENT 'Website ID',
  `tax_class_id` smallint(5) unsigned DEFAULT '0' COMMENT 'Tax Class ID',
  `price` decimal(12,4) DEFAULT NULL COMMENT 'Price',
  `final_price` decimal(12,4) DEFAULT NULL COMMENT 'Final Price',
  `min_price` decimal(12,4) DEFAULT NULL COMMENT 'Min Price',
  `max_price` decimal(12,4) DEFAULT NULL COMMENT 'Max Price',
  `tier_price` decimal(12,4) DEFAULT NULL COMMENT 'Tier Price',
  PRIMARY KEY (`entity_id`,`customer_group_id`,`website_id`),
  KEY `MAG2_CATALOG_PRODUCT_INDEX_PRICE_IDX_CUSTOMER_GROUP_ID` (`customer_group_id`),
  KEY `MAG2_CATALOG_PRODUCT_INDEX_PRICE_IDX_WEBSITE_ID` (`website_id`),
  KEY `MAG2_CATALOG_PRODUCT_INDEX_PRICE_IDX_MIN_PRICE` (`min_price`)
) ENGINE=InnoDB DEFAULT CHARSET=utf8 COMMENT='Catalog Product Price Indexer Index Table';

--
-- Dumping data for table `mag2_catalog_product_index_price_idx`
--


--
-- Table structure for table `mag2_catalog_product_index_price_opt_agr_idx`
--

CREATE TABLE `mag2_catalog_product_index_price_opt_agr_idx` (
  `entity_id` int(10) unsigned NOT NULL COMMENT 'Entity ID',
  `customer_group_id` int(10) unsigned NOT NULL DEFAULT '0' COMMENT 'Customer Group ID',
  `website_id` smallint(5) unsigned NOT NULL COMMENT 'Website ID',
  `option_id` int(10) unsigned NOT NULL DEFAULT '0' COMMENT 'Option ID',
  `min_price` decimal(12,4) DEFAULT NULL COMMENT 'Min Price',
  `max_price` decimal(12,4) DEFAULT NULL COMMENT 'Max Price',
  `tier_price` decimal(12,4) DEFAULT NULL COMMENT 'Tier Price',
  PRIMARY KEY (`entity_id`,`customer_group_id`,`website_id`,`option_id`)
) ENGINE=InnoDB DEFAULT CHARSET=utf8 COMMENT='Catalog Product Price Indexer Option Aggregate Index Table';

--
-- Dumping data for table `mag2_catalog_product_index_price_opt_agr_idx`
--


--
-- Table structure for table `mag2_catalog_product_index_price_opt_agr_tmp`
--

CREATE TABLE `mag2_catalog_product_index_price_opt_agr_tmp` (
  `entity_id` int(10) unsigned NOT NULL COMMENT 'Entity ID',
  `customer_group_id` int(10) unsigned NOT NULL DEFAULT '0' COMMENT 'Customer Group ID',
  `website_id` smallint(5) unsigned NOT NULL COMMENT 'Website ID',
  `option_id` int(10) unsigned NOT NULL DEFAULT '0' COMMENT 'Option ID',
  `min_price` decimal(12,4) DEFAULT NULL COMMENT 'Min Price',
  `max_price` decimal(12,4) DEFAULT NULL COMMENT 'Max Price',
  `tier_price` decimal(12,4) DEFAULT NULL COMMENT 'Tier Price',
  PRIMARY KEY (`entity_id`,`customer_group_id`,`website_id`,`option_id`)
) ENGINE=MEMORY DEFAULT CHARSET=utf8 COMMENT='Catalog Product Price Indexer Option Aggregate Temp Table';

--
-- Dumping data for table `mag2_catalog_product_index_price_opt_agr_tmp`
--


--
-- Table structure for table `mag2_catalog_product_index_price_opt_idx`
--

CREATE TABLE `mag2_catalog_product_index_price_opt_idx` (
  `entity_id` int(10) unsigned NOT NULL COMMENT 'Entity ID',
  `customer_group_id` int(10) unsigned NOT NULL DEFAULT '0' COMMENT 'Customer Group ID',
  `website_id` smallint(5) unsigned NOT NULL COMMENT 'Website ID',
  `min_price` decimal(12,4) DEFAULT NULL COMMENT 'Min Price',
  `max_price` decimal(12,4) DEFAULT NULL COMMENT 'Max Price',
  `tier_price` decimal(12,4) DEFAULT NULL COMMENT 'Tier Price',
  PRIMARY KEY (`entity_id`,`customer_group_id`,`website_id`)
) ENGINE=InnoDB DEFAULT CHARSET=utf8 COMMENT='Catalog Product Price Indexer Option Index Table';

--
-- Dumping data for table `mag2_catalog_product_index_price_opt_idx`
--


--
-- Table structure for table `mag2_catalog_product_index_price_opt_tmp`
--

CREATE TABLE `mag2_catalog_product_index_price_opt_tmp` (
  `entity_id` int(10) unsigned NOT NULL COMMENT 'Entity ID',
  `customer_group_id` int(10) unsigned NOT NULL DEFAULT '0' COMMENT 'Customer Group ID',
  `website_id` smallint(5) unsigned NOT NULL COMMENT 'Website ID',
  `min_price` decimal(12,4) DEFAULT NULL COMMENT 'Min Price',
  `max_price` decimal(12,4) DEFAULT NULL COMMENT 'Max Price',
  `tier_price` decimal(12,4) DEFAULT NULL COMMENT 'Tier Price',
  PRIMARY KEY (`entity_id`,`customer_group_id`,`website_id`)
) ENGINE=MEMORY DEFAULT CHARSET=utf8 COMMENT='Catalog Product Price Indexer Option Temp Table';

--
-- Dumping data for table `mag2_catalog_product_index_price_opt_tmp`
--


--
-- Table structure for table `mag2_catalog_product_index_price_replica`
--

CREATE TABLE `mag2_catalog_product_index_price_replica` (
  `entity_id` int(10) unsigned NOT NULL COMMENT 'Entity ID',
  `customer_group_id` int(10) unsigned NOT NULL COMMENT 'Customer Group ID',
  `website_id` smallint(5) unsigned NOT NULL COMMENT 'Website ID',
  `tax_class_id` smallint(5) unsigned DEFAULT '0' COMMENT 'Tax Class ID',
  `price` decimal(12,4) DEFAULT NULL COMMENT 'Price',
  `final_price` decimal(12,4) DEFAULT NULL COMMENT 'Final Price',
  `min_price` decimal(12,4) DEFAULT NULL COMMENT 'Min Price',
  `max_price` decimal(12,4) DEFAULT NULL COMMENT 'Max Price',
  `tier_price` decimal(12,4) DEFAULT NULL COMMENT 'Tier Price',
  PRIMARY KEY (`entity_id`,`customer_group_id`,`website_id`),
  KEY `MAG2_CATALOG_PRODUCT_INDEX_PRICE_CUSTOMER_GROUP_ID` (`customer_group_id`),
  KEY `MAG2_CATALOG_PRODUCT_INDEX_PRICE_MIN_PRICE` (`min_price`),
  KEY `MAG2_CAT_PRD_IDX_PRICE_WS_ID_CSTR_GROUP_ID_MIN_PRICE` (`website_id`,`customer_group_id`,`min_price`)
) ENGINE=InnoDB DEFAULT CHARSET=utf8 COMMENT='Catalog Product Price Index Table';

--
-- Dumping data for table `mag2_catalog_product_index_price_replica`
--

INSERT INTO `mag2_catalog_product_index_price_replica` VALUES (706,0,1,2,29.0000,29.0000,29.0000,29.0000,NULL),(706,1,1,2,29.0000,29.0000,29.0000,29.0000,NULL),(706,2,1,2,29.0000,29.0000,29.0000,29.0000,NULL),(706,3,1,2,29.0000,29.0000,29.0000,29.0000,NULL);

--
-- Table structure for table `mag2_catalog_product_index_price_tmp`
--

CREATE TABLE `mag2_catalog_product_index_price_tmp` (
  `entity_id` int(10) unsigned NOT NULL COMMENT 'Entity ID',
  `customer_group_id` int(10) unsigned NOT NULL DEFAULT '0' COMMENT 'Customer Group ID',
  `website_id` smallint(5) unsigned NOT NULL COMMENT 'Website ID',
  `tax_class_id` smallint(5) unsigned DEFAULT '0' COMMENT 'Tax Class ID',
  `price` decimal(12,4) DEFAULT NULL COMMENT 'Price',
  `final_price` decimal(12,4) DEFAULT NULL COMMENT 'Final Price',
  `min_price` decimal(12,4) DEFAULT NULL COMMENT 'Min Price',
  `max_price` decimal(12,4) DEFAULT NULL COMMENT 'Max Price',
  `tier_price` decimal(12,4) DEFAULT NULL COMMENT 'Tier Price',
  PRIMARY KEY (`entity_id`,`customer_group_id`,`website_id`),
  KEY `MAG2_CATALOG_PRODUCT_INDEX_PRICE_TMP_CUSTOMER_GROUP_ID` (`customer_group_id`),
  KEY `MAG2_CATALOG_PRODUCT_INDEX_PRICE_TMP_WEBSITE_ID` (`website_id`),
  KEY `MAG2_CATALOG_PRODUCT_INDEX_PRICE_TMP_MIN_PRICE` (`min_price`)
) ENGINE=MEMORY DEFAULT CHARSET=utf8 COMMENT='Catalog Product Price Indexer Temp Table';

--
-- Dumping data for table `mag2_catalog_product_index_price_tmp`
--


--
-- Table structure for table `mag2_catalog_product_index_tier_price`
--

CREATE TABLE `mag2_catalog_product_index_tier_price` (
  `entity_id` int(10) unsigned NOT NULL COMMENT 'Entity ID',
  `customer_group_id` int(10) unsigned NOT NULL COMMENT 'Customer Group ID',
  `website_id` smallint(5) unsigned NOT NULL COMMENT 'Website ID',
  `min_price` decimal(12,4) DEFAULT NULL COMMENT 'Min Price',
  PRIMARY KEY (`entity_id`,`customer_group_id`,`website_id`),
  KEY `MAG2_CATALOG_PRODUCT_INDEX_TIER_PRICE_CUSTOMER_GROUP_ID` (`customer_group_id`),
  KEY `MAG2_CATALOG_PRODUCT_INDEX_TIER_PRICE_WEBSITE_ID` (`website_id`),
  CONSTRAINT `FK_5A0F52A3A3AC4B6EF06F7508C71EBCFD` FOREIGN KEY (`customer_group_id`) REFERENCES `mag2_customer_group` (`customer_group_id`) ON DELETE CASCADE,
  CONSTRAINT `MAG2_CAT_PRD_IDX_TIER_PRICE_ENTT_ID_CAT_PRD_ENTT_ENTT_ID` FOREIGN KEY (`entity_id`) REFERENCES `mag2_catalog_product_entity` (`entity_id`) ON DELETE CASCADE,
  CONSTRAINT `MAG2_CAT_PRD_IDX_TIER_PRICE_WS_ID_STORE_WS_WS_ID` FOREIGN KEY (`website_id`) REFERENCES `mag2_store_website` (`website_id`) ON DELETE CASCADE
) ENGINE=InnoDB DEFAULT CHARSET=utf8 COMMENT='Catalog Product Tier Price Index Table';

--
-- Dumping data for table `mag2_catalog_product_index_tier_price`
--


--
-- Table structure for table `mag2_catalog_product_index_website`
--

CREATE TABLE `mag2_catalog_product_index_website` (
  `website_id` smallint(5) unsigned NOT NULL COMMENT 'Website ID',
  `website_date` date DEFAULT NULL COMMENT 'Website Date',
  `rate` float DEFAULT '1' COMMENT 'Rate',
  PRIMARY KEY (`website_id`),
  KEY `MAG2_CATALOG_PRODUCT_INDEX_WEBSITE_WEBSITE_DATE` (`website_date`),
  CONSTRAINT `MAG2_CAT_PRD_IDX_WS_WS_ID_STORE_WS_WS_ID` FOREIGN KEY (`website_id`) REFERENCES `mag2_store_website` (`website_id`) ON DELETE CASCADE
) ENGINE=InnoDB DEFAULT CHARSET=utf8 COMMENT='Catalog Product Website Index Table';

--
-- Dumping data for table `mag2_catalog_product_index_website`
--

INSERT INTO `mag2_catalog_product_index_website` VALUES (1,'2021-11-17',1);

--
-- Table structure for table `mag2_catalog_product_link`
--

CREATE TABLE `mag2_catalog_product_link` (
  `link_id` int(10) unsigned NOT NULL AUTO_INCREMENT COMMENT 'Link ID',
  `product_id` int(10) unsigned NOT NULL DEFAULT '0' COMMENT 'Product ID',
  `linked_product_id` int(10) unsigned NOT NULL DEFAULT '0' COMMENT 'Linked Product ID',
  `link_type_id` smallint(5) unsigned NOT NULL DEFAULT '0' COMMENT 'Link Type ID',
  PRIMARY KEY (`link_id`),
  UNIQUE KEY `MAG2_CAT_PRD_LNK_LNK_TYPE_ID_PRD_ID_LNKED_PRD_ID` (`link_type_id`,`product_id`,`linked_product_id`),
  KEY `MAG2_CATALOG_PRODUCT_LINK_PRODUCT_ID` (`product_id`),
  KEY `MAG2_CATALOG_PRODUCT_LINK_LINKED_PRODUCT_ID` (`linked_product_id`),
  CONSTRAINT `MAG2_CAT_PRD_LNK_LNKED_PRD_ID_CAT_PRD_ENTT_ENTT_ID` FOREIGN KEY (`linked_product_id`) REFERENCES `mag2_catalog_product_entity` (`entity_id`) ON DELETE CASCADE,
  CONSTRAINT `MAG2_CAT_PRD_LNK_LNK_TYPE_ID_CAT_PRD_LNK_TYPE_LNK_TYPE_ID` FOREIGN KEY (`link_type_id`) REFERENCES `mag2_catalog_product_link_type` (`link_type_id`) ON DELETE CASCADE,
  CONSTRAINT `MAG2_CAT_PRD_LNK_PRD_ID_CAT_PRD_ENTT_ENTT_ID` FOREIGN KEY (`product_id`) REFERENCES `mag2_catalog_product_entity` (`entity_id`) ON DELETE CASCADE
) ENGINE=InnoDB DEFAULT CHARSET=utf8 COMMENT='Catalog Product To Product Linkage Table';

--
-- Dumping data for table `mag2_catalog_product_link`
--


--
-- Table structure for table `mag2_catalog_product_link_attribute`
--

CREATE TABLE `mag2_catalog_product_link_attribute` (
  `product_link_attribute_id` smallint(5) unsigned NOT NULL AUTO_INCREMENT COMMENT 'Product Link Attribute ID',
  `link_type_id` smallint(5) unsigned NOT NULL DEFAULT '0' COMMENT 'Link Type ID',
  `product_link_attribute_code` varchar(32) DEFAULT NULL COMMENT 'Product Link Attribute Code',
  `data_type` varchar(32) DEFAULT NULL COMMENT 'Data Type',
  PRIMARY KEY (`product_link_attribute_id`),
  KEY `MAG2_CATALOG_PRODUCT_LINK_ATTRIBUTE_LINK_TYPE_ID` (`link_type_id`),
  CONSTRAINT `MAG2_CAT_PRD_LNK_ATTR_LNK_TYPE_ID_CAT_PRD_LNK_TYPE_LNK_TYPE_ID` FOREIGN KEY (`link_type_id`) REFERENCES `mag2_catalog_product_link_type` (`link_type_id`) ON DELETE CASCADE
) ENGINE=InnoDB AUTO_INCREMENT=6 DEFAULT CHARSET=utf8 COMMENT='Catalog Product Link Attribute Table';

--
-- Dumping data for table `mag2_catalog_product_link_attribute`
--

INSERT INTO `mag2_catalog_product_link_attribute` VALUES (1,1,'position','int'),(2,4,'position','int'),(3,5,'position','int'),(4,3,'position','int'),(5,3,'qty','decimal');

--
-- Table structure for table `mag2_catalog_product_link_attribute_decimal`
--

CREATE TABLE `mag2_catalog_product_link_attribute_decimal` (
  `value_id` int(10) unsigned NOT NULL AUTO_INCREMENT COMMENT 'Value ID',
  `product_link_attribute_id` smallint(5) unsigned DEFAULT NULL COMMENT 'Product Link Attribute ID',
  `link_id` int(10) unsigned NOT NULL COMMENT 'Link ID',
  `value` decimal(12,4) NOT NULL DEFAULT '0.0000' COMMENT 'Value',
  PRIMARY KEY (`value_id`),
  UNIQUE KEY `MAG2_CAT_PRD_LNK_ATTR_DEC_PRD_LNK_ATTR_ID_LNK_ID` (`product_link_attribute_id`,`link_id`),
  KEY `MAG2_CATALOG_PRODUCT_LINK_ATTRIBUTE_DECIMAL_LINK_ID` (`link_id`),
  CONSTRAINT `FK_40975D77F716FC6D16299C471CFF1360` FOREIGN KEY (`product_link_attribute_id`) REFERENCES `mag2_catalog_product_link_attribute` (`product_link_attribute_id`) ON DELETE CASCADE,
  CONSTRAINT `MAG2_CAT_PRD_LNK_ATTR_DEC_LNK_ID_CAT_PRD_LNK_LNK_ID` FOREIGN KEY (`link_id`) REFERENCES `mag2_catalog_product_link` (`link_id`) ON DELETE CASCADE
) ENGINE=InnoDB DEFAULT CHARSET=utf8 COMMENT='Catalog Product Link Decimal Attribute Table';

--
-- Dumping data for table `mag2_catalog_product_link_attribute_decimal`
--


--
-- Table structure for table `mag2_catalog_product_link_attribute_int`
--

CREATE TABLE `mag2_catalog_product_link_attribute_int` (
  `value_id` int(10) unsigned NOT NULL AUTO_INCREMENT COMMENT 'Value ID',
  `product_link_attribute_id` smallint(5) unsigned DEFAULT NULL COMMENT 'Product Link Attribute ID',
  `link_id` int(10) unsigned NOT NULL COMMENT 'Link ID',
  `value` int(11) NOT NULL DEFAULT '0' COMMENT 'Value',
  PRIMARY KEY (`value_id`),
  UNIQUE KEY `MAG2_CAT_PRD_LNK_ATTR_INT_PRD_LNK_ATTR_ID_LNK_ID` (`product_link_attribute_id`,`link_id`),
  KEY `MAG2_CATALOG_PRODUCT_LINK_ATTRIBUTE_INT_LINK_ID` (`link_id`),
  CONSTRAINT `FK_DD8D56F7B398C00055729138477441B4` FOREIGN KEY (`product_link_attribute_id`) REFERENCES `mag2_catalog_product_link_attribute` (`product_link_attribute_id`) ON DELETE CASCADE,
  CONSTRAINT `MAG2_CAT_PRD_LNK_ATTR_INT_LNK_ID_CAT_PRD_LNK_LNK_ID` FOREIGN KEY (`link_id`) REFERENCES `mag2_catalog_product_link` (`link_id`) ON DELETE CASCADE
) ENGINE=InnoDB DEFAULT CHARSET=utf8 COMMENT='Catalog Product Link Integer Attribute Table';

--
-- Dumping data for table `mag2_catalog_product_link_attribute_int`
--


--
-- Table structure for table `mag2_catalog_product_link_attribute_varchar`
--

CREATE TABLE `mag2_catalog_product_link_attribute_varchar` (
  `value_id` int(10) unsigned NOT NULL AUTO_INCREMENT COMMENT 'Value ID',
  `product_link_attribute_id` smallint(5) unsigned NOT NULL DEFAULT '0' COMMENT 'Product Link Attribute ID',
  `link_id` int(10) unsigned NOT NULL COMMENT 'Link ID',
  `value` varchar(255) DEFAULT NULL COMMENT 'Value',
  PRIMARY KEY (`value_id`),
  UNIQUE KEY `MAG2_CAT_PRD_LNK_ATTR_VCHR_PRD_LNK_ATTR_ID_LNK_ID` (`product_link_attribute_id`,`link_id`),
  KEY `MAG2_CATALOG_PRODUCT_LINK_ATTRIBUTE_VARCHAR_LINK_ID` (`link_id`),
  CONSTRAINT `FK_72F37C30B6C0566A34DBE0FA63E5335C` FOREIGN KEY (`product_link_attribute_id`) REFERENCES `mag2_catalog_product_link_attribute` (`product_link_attribute_id`) ON DELETE CASCADE,
  CONSTRAINT `MAG2_CAT_PRD_LNK_ATTR_VCHR_LNK_ID_CAT_PRD_LNK_LNK_ID` FOREIGN KEY (`link_id`) REFERENCES `mag2_catalog_product_link` (`link_id`) ON DELETE CASCADE
) ENGINE=InnoDB DEFAULT CHARSET=utf8 COMMENT='Catalog Product Link Varchar Attribute Table';

--
-- Dumping data for table `mag2_catalog_product_link_attribute_varchar`
--


--
-- Table structure for table `mag2_catalog_product_link_type`
--

CREATE TABLE `mag2_catalog_product_link_type` (
  `link_type_id` smallint(5) unsigned NOT NULL AUTO_INCREMENT COMMENT 'Link Type ID',
  `code` varchar(32) DEFAULT NULL COMMENT 'Code',
  PRIMARY KEY (`link_type_id`)
) ENGINE=InnoDB AUTO_INCREMENT=6 DEFAULT CHARSET=utf8 COMMENT='Catalog Product Link Type Table';

--
-- Dumping data for table `mag2_catalog_product_link_type`
--

INSERT INTO `mag2_catalog_product_link_type` VALUES (1,'relation'),(3,'super'),(4,'up_sell'),(5,'cross_sell');

--
-- Table structure for table `mag2_catalog_product_option`
--

CREATE TABLE `mag2_catalog_product_option` (
  `option_id` int(10) unsigned NOT NULL AUTO_INCREMENT COMMENT 'Option ID',
  `product_id` int(10) unsigned NOT NULL DEFAULT '0' COMMENT 'Product ID',
  `type` varchar(50) DEFAULT NULL COMMENT 'Type',
  `is_require` smallint(6) NOT NULL DEFAULT '1' COMMENT 'Is Required',
  `sku` varchar(64) DEFAULT NULL COMMENT 'SKU',
  `max_characters` int(10) unsigned DEFAULT NULL COMMENT 'Max Characters',
  `file_extension` varchar(50) DEFAULT NULL COMMENT 'File Extension',
  `image_size_x` smallint(5) unsigned DEFAULT NULL COMMENT 'Image Size X',
  `image_size_y` smallint(5) unsigned DEFAULT NULL COMMENT 'Image Size Y',
  `sort_order` int(10) unsigned NOT NULL DEFAULT '0' COMMENT 'Sort Order',
  PRIMARY KEY (`option_id`),
  KEY `MAG2_CATALOG_PRODUCT_OPTION_PRODUCT_ID` (`product_id`),
  CONSTRAINT `MAG2_CAT_PRD_OPT_PRD_ID_CAT_PRD_ENTT_ENTT_ID` FOREIGN KEY (`product_id`) REFERENCES `mag2_catalog_product_entity` (`entity_id`) ON DELETE CASCADE
) ENGINE=InnoDB DEFAULT CHARSET=utf8 COMMENT='Catalog Product Option Table';

--
-- Dumping data for table `mag2_catalog_product_option`
--


--
-- Table structure for table `mag2_catalog_product_option_price`
--

CREATE TABLE `mag2_catalog_product_option_price` (
  `option_price_id` int(10) unsigned NOT NULL AUTO_INCREMENT COMMENT 'Option Price ID',
  `option_id` int(10) unsigned NOT NULL DEFAULT '0' COMMENT 'Option ID',
  `store_id` smallint(5) unsigned NOT NULL DEFAULT '0' COMMENT 'Store ID',
  `price` decimal(12,4) NOT NULL DEFAULT '0.0000' COMMENT 'Price',
  `price_type` varchar(7) NOT NULL DEFAULT 'fixed' COMMENT 'Price Type',
  PRIMARY KEY (`option_price_id`),
  UNIQUE KEY `MAG2_CATALOG_PRODUCT_OPTION_PRICE_OPTION_ID_STORE_ID` (`option_id`,`store_id`),
  KEY `MAG2_CATALOG_PRODUCT_OPTION_PRICE_STORE_ID` (`store_id`),
  CONSTRAINT `MAG2_CATALOG_PRODUCT_OPTION_PRICE_STORE_ID_STORE_STORE_ID` FOREIGN KEY (`store_id`) REFERENCES `mag2_store` (`store_id`) ON DELETE CASCADE,
  CONSTRAINT `MAG2_CAT_PRD_OPT_PRICE_OPT_ID_CAT_PRD_OPT_OPT_ID` FOREIGN KEY (`option_id`) REFERENCES `mag2_catalog_product_option` (`option_id`) ON DELETE CASCADE
) ENGINE=InnoDB DEFAULT CHARSET=utf8 COMMENT='Catalog Product Option Price Table';

--
-- Dumping data for table `mag2_catalog_product_option_price`
--


--
-- Table structure for table `mag2_catalog_product_option_title`
--

CREATE TABLE `mag2_catalog_product_option_title` (
  `option_title_id` int(10) unsigned NOT NULL AUTO_INCREMENT COMMENT 'Option Title ID',
  `option_id` int(10) unsigned NOT NULL DEFAULT '0' COMMENT 'Option ID',
  `store_id` smallint(5) unsigned NOT NULL DEFAULT '0' COMMENT 'Store ID',
  `title` varchar(255) DEFAULT NULL COMMENT 'Title',
  PRIMARY KEY (`option_title_id`),
  UNIQUE KEY `MAG2_CATALOG_PRODUCT_OPTION_TITLE_OPTION_ID_STORE_ID` (`option_id`,`store_id`),
  KEY `MAG2_CATALOG_PRODUCT_OPTION_TITLE_STORE_ID` (`store_id`),
  CONSTRAINT `MAG2_CATALOG_PRODUCT_OPTION_TITLE_STORE_ID_STORE_STORE_ID` FOREIGN KEY (`store_id`) REFERENCES `mag2_store` (`store_id`) ON DELETE CASCADE,
  CONSTRAINT `MAG2_CAT_PRD_OPT_TTL_OPT_ID_CAT_PRD_OPT_OPT_ID` FOREIGN KEY (`option_id`) REFERENCES `mag2_catalog_product_option` (`option_id`) ON DELETE CASCADE
) ENGINE=InnoDB DEFAULT CHARSET=utf8 COMMENT='Catalog Product Option Title Table';

--
-- Dumping data for table `mag2_catalog_product_option_title`
--


--
-- Table structure for table `mag2_catalog_product_option_type_price`
--

CREATE TABLE `mag2_catalog_product_option_type_price` (
  `option_type_price_id` int(10) unsigned NOT NULL AUTO_INCREMENT COMMENT 'Option Type Price ID',
  `option_type_id` int(10) unsigned NOT NULL DEFAULT '0' COMMENT 'Option Type ID',
  `store_id` smallint(5) unsigned NOT NULL DEFAULT '0' COMMENT 'Store ID',
  `price` decimal(12,4) NOT NULL DEFAULT '0.0000' COMMENT 'Price',
  `price_type` varchar(7) NOT NULL DEFAULT 'fixed' COMMENT 'Price Type',
  PRIMARY KEY (`option_type_price_id`),
  UNIQUE KEY `MAG2_CATALOG_PRODUCT_OPTION_TYPE_PRICE_OPTION_TYPE_ID_STORE_ID` (`option_type_id`,`store_id`),
  KEY `MAG2_CATALOG_PRODUCT_OPTION_TYPE_PRICE_STORE_ID` (`store_id`),
  CONSTRAINT `FK_37740EE967D3096E19636BF8647A0FD8` FOREIGN KEY (`option_type_id`) REFERENCES `mag2_catalog_product_option_type_value` (`option_type_id`) ON DELETE CASCADE,
  CONSTRAINT `MAG2_CATALOG_PRODUCT_OPTION_TYPE_PRICE_STORE_ID_STORE_STORE_ID` FOREIGN KEY (`store_id`) REFERENCES `mag2_store` (`store_id`) ON DELETE CASCADE
) ENGINE=InnoDB DEFAULT CHARSET=utf8 COMMENT='Catalog Product Option Type Price Table';

--
-- Dumping data for table `mag2_catalog_product_option_type_price`
--


--
-- Table structure for table `mag2_catalog_product_option_type_title`
--

CREATE TABLE `mag2_catalog_product_option_type_title` (
  `option_type_title_id` int(10) unsigned NOT NULL AUTO_INCREMENT COMMENT 'Option Type Title ID',
  `option_type_id` int(10) unsigned NOT NULL DEFAULT '0' COMMENT 'Option Type ID',
  `store_id` smallint(5) unsigned NOT NULL DEFAULT '0' COMMENT 'Store ID',
  `title` varchar(255) DEFAULT NULL COMMENT 'Title',
  PRIMARY KEY (`option_type_title_id`),
  UNIQUE KEY `MAG2_CATALOG_PRODUCT_OPTION_TYPE_TITLE_OPTION_TYPE_ID_STORE_ID` (`option_type_id`,`store_id`),
  KEY `MAG2_CATALOG_PRODUCT_OPTION_TYPE_TITLE_STORE_ID` (`store_id`),
  CONSTRAINT `FK_A85D700F1F22AEEC38067135DCD9C956` FOREIGN KEY (`option_type_id`) REFERENCES `mag2_catalog_product_option_type_value` (`option_type_id`) ON DELETE CASCADE,
  CONSTRAINT `MAG2_CATALOG_PRODUCT_OPTION_TYPE_TITLE_STORE_ID_STORE_STORE_ID` FOREIGN KEY (`store_id`) REFERENCES `mag2_store` (`store_id`) ON DELETE CASCADE
) ENGINE=InnoDB DEFAULT CHARSET=utf8 COMMENT='Catalog Product Option Type Title Table';

--
-- Dumping data for table `mag2_catalog_product_option_type_title`
--


--
-- Table structure for table `mag2_catalog_product_option_type_value`
--

CREATE TABLE `mag2_catalog_product_option_type_value` (
  `option_type_id` int(10) unsigned NOT NULL AUTO_INCREMENT COMMENT 'Option Type ID',
  `option_id` int(10) unsigned NOT NULL DEFAULT '0' COMMENT 'Option ID',
  `sku` varchar(64) DEFAULT NULL COMMENT 'SKU',
  `sort_order` int(10) unsigned NOT NULL DEFAULT '0' COMMENT 'Sort Order',
  PRIMARY KEY (`option_type_id`),
  KEY `MAG2_CATALOG_PRODUCT_OPTION_TYPE_VALUE_OPTION_ID` (`option_id`),
  CONSTRAINT `MAG2_CAT_PRD_OPT_TYPE_VAL_OPT_ID_CAT_PRD_OPT_OPT_ID` FOREIGN KEY (`option_id`) REFERENCES `mag2_catalog_product_option` (`option_id`) ON DELETE CASCADE
) ENGINE=InnoDB DEFAULT CHARSET=utf8 COMMENT='Catalog Product Option Type Value Table';

--
-- Dumping data for table `mag2_catalog_product_option_type_value`
--


--
-- Table structure for table `mag2_catalog_product_relation`
--

CREATE TABLE `mag2_catalog_product_relation` (
  `parent_id` int(10) unsigned NOT NULL COMMENT 'Parent ID',
  `child_id` int(10) unsigned NOT NULL COMMENT 'Child ID',
  PRIMARY KEY (`parent_id`,`child_id`),
  KEY `MAG2_CATALOG_PRODUCT_RELATION_CHILD_ID` (`child_id`),
  CONSTRAINT `MAG2_CAT_PRD_RELATION_CHILD_ID_CAT_PRD_ENTT_ENTT_ID` FOREIGN KEY (`child_id`) REFERENCES `mag2_catalog_product_entity` (`entity_id`) ON DELETE CASCADE,
  CONSTRAINT `MAG2_CAT_PRD_RELATION_PARENT_ID_CAT_PRD_ENTT_ENTT_ID` FOREIGN KEY (`parent_id`) REFERENCES `mag2_catalog_product_entity` (`entity_id`) ON DELETE CASCADE
) ENGINE=InnoDB DEFAULT CHARSET=utf8 COMMENT='Catalog Product Relation Table';

--
-- Dumping data for table `mag2_catalog_product_relation`
--


--
-- Table structure for table `mag2_catalog_product_super_attribute`
--

CREATE TABLE `mag2_catalog_product_super_attribute` (
  `product_super_attribute_id` int(10) unsigned NOT NULL AUTO_INCREMENT COMMENT 'Product Super Attribute ID',
  `product_id` int(10) unsigned NOT NULL DEFAULT '0' COMMENT 'Product ID',
  `attribute_id` smallint(5) unsigned NOT NULL DEFAULT '0' COMMENT 'Attribute ID',
  `position` smallint(5) unsigned NOT NULL DEFAULT '0' COMMENT 'Position',
  PRIMARY KEY (`product_super_attribute_id`),
  UNIQUE KEY `MAG2_CATALOG_PRODUCT_SUPER_ATTRIBUTE_PRODUCT_ID_ATTRIBUTE_ID` (`product_id`,`attribute_id`),
  CONSTRAINT `MAG2_CAT_PRD_SPR_ATTR_PRD_ID_CAT_PRD_ENTT_ENTT_ID` FOREIGN KEY (`product_id`) REFERENCES `mag2_catalog_product_entity` (`entity_id`) ON DELETE CASCADE
) ENGINE=InnoDB DEFAULT CHARSET=utf8 COMMENT='Catalog Product Super Attribute Table';

--
-- Dumping data for table `mag2_catalog_product_super_attribute`
--


--
-- Table structure for table `mag2_catalog_product_super_attribute_label`
--

CREATE TABLE `mag2_catalog_product_super_attribute_label` (
  `value_id` int(10) unsigned NOT NULL AUTO_INCREMENT COMMENT 'Value ID',
  `product_super_attribute_id` int(10) unsigned NOT NULL DEFAULT '0' COMMENT 'Product Super Attribute ID',
  `store_id` smallint(5) unsigned NOT NULL DEFAULT '0' COMMENT 'Store ID',
  `use_default` smallint(5) unsigned DEFAULT '0' COMMENT 'Use Default Value',
  `value` varchar(255) DEFAULT NULL COMMENT 'Value',
  PRIMARY KEY (`value_id`),
  UNIQUE KEY `MAG2_CAT_PRD_SPR_ATTR_LBL_PRD_SPR_ATTR_ID_STORE_ID` (`product_super_attribute_id`,`store_id`),
  KEY `MAG2_CATALOG_PRODUCT_SUPER_ATTRIBUTE_LABEL_STORE_ID` (`store_id`),
  CONSTRAINT `FK_FAC32CB55DFBA9AFD8DB342D2B1ABBDA` FOREIGN KEY (`product_super_attribute_id`) REFERENCES `mag2_catalog_product_super_attribute` (`product_super_attribute_id`) ON DELETE CASCADE,
  CONSTRAINT `MAG2_CAT_PRD_SPR_ATTR_LBL_STORE_ID_STORE_STORE_ID` FOREIGN KEY (`store_id`) REFERENCES `mag2_store` (`store_id`) ON DELETE CASCADE
) ENGINE=InnoDB DEFAULT CHARSET=utf8 COMMENT='Catalog Product Super Attribute Label Table';

--
-- Dumping data for table `mag2_catalog_product_super_attribute_label`
--


--
-- Table structure for table `mag2_catalog_product_super_link`
--

CREATE TABLE `mag2_catalog_product_super_link` (
  `link_id` int(10) unsigned NOT NULL AUTO_INCREMENT COMMENT 'Link ID',
  `product_id` int(10) unsigned NOT NULL DEFAULT '0' COMMENT 'Product ID',
  `parent_id` int(10) unsigned NOT NULL DEFAULT '0' COMMENT 'Parent ID',
  PRIMARY KEY (`link_id`),
  UNIQUE KEY `MAG2_CATALOG_PRODUCT_SUPER_LINK_PRODUCT_ID_PARENT_ID` (`product_id`,`parent_id`),
  KEY `MAG2_CATALOG_PRODUCT_SUPER_LINK_PARENT_ID` (`parent_id`),
  CONSTRAINT `MAG2_CAT_PRD_SPR_LNK_PARENT_ID_CAT_PRD_ENTT_ENTT_ID` FOREIGN KEY (`parent_id`) REFERENCES `mag2_catalog_product_entity` (`entity_id`) ON DELETE CASCADE,
  CONSTRAINT `MAG2_CAT_PRD_SPR_LNK_PRD_ID_CAT_PRD_ENTT_ENTT_ID` FOREIGN KEY (`product_id`) REFERENCES `mag2_catalog_product_entity` (`entity_id`) ON DELETE CASCADE
) ENGINE=InnoDB DEFAULT CHARSET=utf8 COMMENT='Catalog Product Super Link Table';

--
-- Dumping data for table `mag2_catalog_product_super_link`
--


--
-- Table structure for table `mag2_catalog_product_website`
--

CREATE TABLE `mag2_catalog_product_website` (
  `product_id` int(10) unsigned NOT NULL COMMENT 'Product ID',
  `website_id` smallint(5) unsigned NOT NULL COMMENT 'Website ID',
  PRIMARY KEY (`product_id`,`website_id`),
  KEY `MAG2_CATALOG_PRODUCT_WEBSITE_WEBSITE_ID` (`website_id`),
  CONSTRAINT `MAG2_CATALOG_PRODUCT_WEBSITE_WEBSITE_ID_STORE_WEBSITE_WEBSITE_ID` FOREIGN KEY (`website_id`) REFERENCES `mag2_store_website` (`website_id`) ON DELETE CASCADE,
  CONSTRAINT `MAG2_CAT_PRD_WS_PRD_ID_CAT_PRD_ENTT_ENTT_ID` FOREIGN KEY (`product_id`) REFERENCES `mag2_catalog_product_entity` (`entity_id`) ON DELETE CASCADE
) ENGINE=InnoDB DEFAULT CHARSET=utf8 COMMENT='Catalog Product To Website Linkage Table';

--
-- Dumping data for table `mag2_catalog_product_website`
--

INSERT INTO `mag2_catalog_product_website` VALUES (1,1),(9,1),(10,1),(11,1),(15,1),(16,1),(17,1),(18,1),(20,1),(21,1),(22,1),(23,1),(24,1),(25,1),(26,1),(27,1),(28,1),(29,1),(30,1),(31,1),(32,1),(33,1),(34,1),(35,1),(36,1);

--
-- Table structure for table `mag2_catalog_url_rewrite_product_category`
--

CREATE TABLE `mag2_catalog_url_rewrite_product_category` (
  `url_rewrite_id` int(10) unsigned NOT NULL COMMENT 'url_rewrite_id',
  `category_id` int(10) unsigned NOT NULL COMMENT 'category_id',
  `product_id` int(10) unsigned NOT NULL COMMENT 'product_id',
  KEY `MAG2_CATALOG_URL_REWRITE_PRODUCT_CATEGORY_CATEGORY_ID_PRODUCT_ID` (`category_id`,`product_id`),
  KEY `MAG2_CAT_URL_REWRITE_PRD_CTGR_PRD_ID_CAT_PRD_ENTT_ENTT_ID` (`product_id`),
  KEY `FK_6B880A391C62DD8A45FF1D409E60DF59` (`url_rewrite_id`),
  CONSTRAINT `FK_6B880A391C62DD8A45FF1D409E60DF59` FOREIGN KEY (`url_rewrite_id`) REFERENCES `mag2_url_rewrite` (`url_rewrite_id`) ON DELETE CASCADE,
  CONSTRAINT `MAG2_CAT_URL_REWRITE_PRD_CTGR_CTGR_ID_MAG2_CAT_CTGR_ENTT_ENTT_ID` FOREIGN KEY (`category_id`) REFERENCES `mag2_catalog_category_entity` (`entity_id`) ON DELETE CASCADE,
  CONSTRAINT `MAG2_CAT_URL_REWRITE_PRD_CTGR_PRD_ID_CAT_PRD_ENTT_ENTT_ID` FOREIGN KEY (`product_id`) REFERENCES `mag2_catalog_product_entity` (`entity_id`) ON DELETE CASCADE
) ENGINE=InnoDB DEFAULT CHARSET=utf8 COMMENT='url_rewrite_relation';

--
-- Dumping data for table `mag2_catalog_url_rewrite_product_category`
--

INSERT INTO `mag2_catalog_url_rewrite_product_category` VALUES (1144,42,1),(1146,42,1),(1176,41,9),(1178,41,9),(1180,45,10),(1182,45,10),(1184,43,11),(1186,43,11),(1200,43,15),(1202,43,15),(1204,43,16),(1207,43,16),(1205,45,16),(1208,45,16),(1210,41,17),(1212,41,17),(1214,41,18),(1216,41,18),(1222,42,20),(1224,42,20),(1226,41,21),(1228,41,21),(1230,41,22),(1232,41,22),(1234,43,23),(1236,43,23),(1238,42,24),(1240,42,24),(1242,42,25),(1244,42,25),(1246,45,26),(1248,45,26),(1250,42,27),(1252,42,27),(1254,43,28),(1256,43,28),(1258,41,29),(1260,41,29),(1262,42,30),(1264,42,30),(1266,46,31),(1268,46,31),(1274,46,32),(1278,46,32),(1282,46,33),(1284,46,33),(1286,46,34),(1288,46,34),(1290,46,35),(1292,46,35),(1294,46,36),(1296,46,36);

--
-- Table structure for table `mag2_cataloginventory_stock`
--

CREATE TABLE `mag2_cataloginventory_stock` (
  `stock_id` smallint(5) unsigned NOT NULL AUTO_INCREMENT COMMENT 'Stock Id',
  `website_id` smallint(5) unsigned NOT NULL COMMENT 'Website Id',
  `stock_name` varchar(255) DEFAULT NULL COMMENT 'Stock Name',
  PRIMARY KEY (`stock_id`),
  KEY `MAG2_CATALOGINVENTORY_STOCK_WEBSITE_ID` (`website_id`)
) ENGINE=InnoDB AUTO_INCREMENT=2 DEFAULT CHARSET=utf8 COMMENT='Cataloginventory Stock';

--
-- Dumping data for table `mag2_cataloginventory_stock`
--

INSERT INTO `mag2_cataloginventory_stock` VALUES (1,0,'Default');

--
-- Table structure for table `mag2_cataloginventory_stock_item`
--

CREATE TABLE `mag2_cataloginventory_stock_item` (
  `item_id` int(10) unsigned NOT NULL AUTO_INCREMENT COMMENT 'Item Id',
  `product_id` int(10) unsigned NOT NULL DEFAULT '0' COMMENT 'Product Id',
  `stock_id` smallint(5) unsigned NOT NULL DEFAULT '0' COMMENT 'Stock Id',
  `qty` decimal(12,4) DEFAULT NULL COMMENT 'Qty',
  `min_qty` decimal(12,4) NOT NULL DEFAULT '0.0000' COMMENT 'Min Qty',
  `use_config_min_qty` smallint(5) unsigned NOT NULL DEFAULT '1' COMMENT 'Use Config Min Qty',
  `is_qty_decimal` smallint(5) unsigned NOT NULL DEFAULT '0' COMMENT 'Is Qty Decimal',
  `backorders` smallint(5) unsigned NOT NULL DEFAULT '0' COMMENT 'Backorders',
  `use_config_backorders` smallint(5) unsigned NOT NULL DEFAULT '1' COMMENT 'Use Config Backorders',
  `min_sale_qty` decimal(12,4) NOT NULL DEFAULT '1.0000' COMMENT 'Min Sale Qty',
  `use_config_min_sale_qty` smallint(5) unsigned NOT NULL DEFAULT '1' COMMENT 'Use Config Min Sale Qty',
  `max_sale_qty` decimal(12,4) NOT NULL DEFAULT '0.0000' COMMENT 'Max Sale Qty',
  `use_config_max_sale_qty` smallint(5) unsigned NOT NULL DEFAULT '1' COMMENT 'Use Config Max Sale Qty',
  `is_in_stock` smallint(5) unsigned NOT NULL DEFAULT '0' COMMENT 'Is In Stock',
  `low_stock_date` timestamp NULL DEFAULT NULL COMMENT 'Low Stock Date',
  `notify_stock_qty` decimal(12,4) DEFAULT NULL COMMENT 'Notify Stock Qty',
  `use_config_notify_stock_qty` smallint(5) unsigned NOT NULL DEFAULT '1' COMMENT 'Use Config Notify Stock Qty',
  `manage_stock` smallint(5) unsigned NOT NULL DEFAULT '0' COMMENT 'Manage Stock',
  `use_config_manage_stock` smallint(5) unsigned NOT NULL DEFAULT '1' COMMENT 'Use Config Manage Stock',
  `stock_status_changed_auto` smallint(5) unsigned NOT NULL DEFAULT '0' COMMENT 'Stock Status Changed Automatically',
  `use_config_qty_increments` smallint(5) unsigned NOT NULL DEFAULT '1' COMMENT 'Use Config Qty Increments',
  `qty_increments` decimal(12,4) NOT NULL DEFAULT '0.0000' COMMENT 'Qty Increments',
  `use_config_enable_qty_inc` smallint(5) unsigned NOT NULL DEFAULT '1' COMMENT 'Use Config Enable Qty Increments',
  `enable_qty_increments` smallint(5) unsigned NOT NULL DEFAULT '0' COMMENT 'Enable Qty Increments',
  `is_decimal_divided` smallint(5) unsigned NOT NULL DEFAULT '0' COMMENT 'Is Divided into Multiple Boxes for Shipping',
  `website_id` smallint(5) unsigned NOT NULL DEFAULT '0' COMMENT 'Website ID',
  PRIMARY KEY (`item_id`),
  UNIQUE KEY `MAG2_CATALOGINVENTORY_STOCK_ITEM_PRODUCT_ID_STOCK_ID` (`product_id`,`stock_id`),
  KEY `MAG2_CATALOGINVENTORY_STOCK_ITEM_WEBSITE_ID` (`website_id`),
  KEY `MAG2_CATALOGINVENTORY_STOCK_ITEM_STOCK_ID` (`stock_id`),
  CONSTRAINT `MAG2_CATINV_STOCK_ITEM_PRD_ID_CAT_PRD_ENTT_ENTT_ID` FOREIGN KEY (`product_id`) REFERENCES `mag2_catalog_product_entity` (`entity_id`) ON DELETE CASCADE,
  CONSTRAINT `MAG2_CATINV_STOCK_ITEM_STOCK_ID_CATINV_STOCK_STOCK_ID` FOREIGN KEY (`stock_id`) REFERENCES `mag2_cataloginventory_stock` (`stock_id`) ON DELETE CASCADE
) ENGINE=InnoDB AUTO_INCREMENT=2083 DEFAULT CHARSET=utf8 COMMENT='Cataloginventory Stock Item';

--
-- Dumping data for table `mag2_cataloginventory_stock_item`
--

INSERT INTO `mag2_cataloginventory_stock_item` VALUES (2047,1,1,333.0000,0.0000,1,0,0,1,1.0000,1,10000.0000,1,1,NULL,1.0000,1,1,1,0,1,1.0000,1,0,0,0),(2055,9,1,167.0000,0.0000,1,0,0,1,1.0000,1,10000.0000,1,1,NULL,1.0000,1,1,1,0,1,1.0000,1,0,0,0),(2056,10,1,658.0000,0.0000,1,0,0,1,1.0000,1,10000.0000,1,1,NULL,1.0000,1,1,1,0,1,1.0000,1,0,0,0),(2057,11,1,159.0000,0.0000,1,0,0,1,1.0000,1,10000.0000,1,1,NULL,1.0000,1,1,1,0,1,1.0000,1,0,0,0),(2061,15,1,81.0000,0.0000,1,0,0,1,1.0000,1,10000.0000,1,1,NULL,1.0000,1,1,1,0,1,1.0000,1,0,0,0),(2062,16,1,693.0000,0.0000,1,0,0,1,1.0000,1,10000.0000,1,1,NULL,1.0000,1,1,1,0,1,1.0000,1,0,0,0),(2063,17,1,300.0000,0.0000,1,0,0,1,1.0000,1,10000.0000,1,1,NULL,1.0000,1,1,1,0,1,1.0000,1,0,0,0),(2064,18,1,349.0000,0.0000,1,0,0,1,1.0000,1,10000.0000,1,1,NULL,1.0000,1,1,1,0,1,1.0000,1,0,0,0),(2066,20,1,170.0000,0.0000,1,0,0,1,1.0000,1,10000.0000,1,1,NULL,1.0000,1,1,1,0,1,1.0000,1,0,0,0),(2067,21,1,189.0000,0.0000,1,0,0,1,1.0000,1,10000.0000,1,1,NULL,1.0000,1,1,1,0,1,1.0000,1,0,0,0),(2068,22,1,159.0000,0.0000,1,0,0,1,1.0000,1,10000.0000,1,1,NULL,1.0000,1,1,1,0,1,1.0000,1,0,0,0),(2069,23,1,257.0000,0.0000,1,0,0,1,1.0000,1,10000.0000,1,1,NULL,1.0000,1,1,1,0,1,1.0000,1,0,0,0),(2070,24,1,313.0000,0.0000,1,0,0,1,1.0000,1,10000.0000,1,1,NULL,1.0000,1,1,1,0,1,1.0000,1,0,0,0),(2071,25,1,14.0000,0.0000,1,0,0,1,1.0000,1,10000.0000,1,1,NULL,1.0000,1,1,1,0,1,1.0000,1,0,0,0),(2072,26,1,655.0000,0.0000,1,0,0,1,1.0000,1,10000.0000,1,1,NULL,1.0000,1,1,1,0,1,1.0000,1,0,0,0),(2073,27,1,317.0000,0.0000,1,0,0,1,1.0000,1,10000.0000,1,1,NULL,1.0000,1,1,1,0,1,1.0000,1,0,0,0),(2074,28,1,349.0000,0.0000,1,0,0,1,1.0000,1,10000.0000,1,1,NULL,1.0000,1,1,1,0,1,1.0000,1,0,0,0),(2075,29,1,317.0000,0.0000,1,0,0,1,1.0000,1,10000.0000,1,1,NULL,1.0000,1,1,1,0,1,1.0000,1,0,0,0),(2076,30,1,324.0000,0.0000,1,0,0,1,1.0000,1,10000.0000,1,1,NULL,1.0000,1,1,1,0,1,1.0000,1,0,0,0),(2077,31,1,100.0000,0.0000,1,0,0,1,1.0000,1,10000.0000,1,1,NULL,1.0000,1,1,1,0,1,1.0000,1,0,0,0),(2078,32,1,100.0000,0.0000,1,0,0,1,1.0000,1,10000.0000,1,1,NULL,1.0000,1,1,1,0,1,1.0000,1,0,0,0),(2079,33,1,100.0000,0.0000,1,0,0,1,1.0000,1,10000.0000,1,1,NULL,1.0000,1,1,1,0,1,1.0000,1,0,0,0),(2080,34,1,100.0000,0.0000,1,0,0,1,1.0000,1,10000.0000,1,1,NULL,1.0000,1,1,1,0,1,1.0000,1,0,0,0),(2081,35,1,99.0000,0.0000,1,0,0,1,1.0000,1,10000.0000,1,1,NULL,1.0000,1,1,1,0,1,1.0000,1,0,0,0),(2082,36,1,99.0000,0.0000,1,0,0,1,1.0000,1,10000.0000,1,1,NULL,1.0000,1,1,1,0,1,1.0000,1,0,0,0);

--
-- Table structure for table `mag2_cataloginventory_stock_status`
--

CREATE TABLE `mag2_cataloginventory_stock_status` (
  `product_id` int(10) unsigned NOT NULL COMMENT 'Product Id',
  `website_id` smallint(5) unsigned NOT NULL COMMENT 'Website Id',
  `stock_id` smallint(5) unsigned NOT NULL COMMENT 'Stock Id',
  `qty` decimal(12,4) NOT NULL DEFAULT '0.0000' COMMENT 'Qty',
  `stock_status` smallint(5) unsigned NOT NULL COMMENT 'Stock Status',
  PRIMARY KEY (`product_id`,`website_id`,`stock_id`),
  KEY `MAG2_CATALOGINVENTORY_STOCK_STATUS_STOCK_ID` (`stock_id`),
  KEY `MAG2_CATALOGINVENTORY_STOCK_STATUS_WEBSITE_ID` (`website_id`),
  KEY `MAG2_CATALOGINVENTORY_STOCK_STATUS_STOCK_STATUS` (`stock_status`)
) ENGINE=InnoDB DEFAULT CHARSET=utf8 COMMENT='Cataloginventory Stock Status';

--
-- Dumping data for table `mag2_cataloginventory_stock_status`
--

INSERT INTO `mag2_cataloginventory_stock_status` VALUES (1,0,1,333.0000,1),(5,0,1,357.0000,1),(6,0,1,100.0000,1),(7,0,1,348.0000,1),(8,0,1,100.0000,1),(9,0,1,167.0000,1),(10,0,1,658.0000,1),(11,0,1,159.0000,1),(14,0,1,100.0000,1),(15,0,1,81.0000,1),(16,0,1,693.0000,1),(17,0,1,300.0000,1),(18,0,1,349.0000,1),(19,0,1,98.0000,1),(20,0,1,170.0000,1),(21,0,1,189.0000,1),(22,0,1,159.0000,1),(23,0,1,257.0000,1),(24,0,1,313.0000,1),(25,0,1,14.0000,1),(26,0,1,655.0000,1),(27,0,1,317.0000,1),(28,0,1,349.0000,1),(29,0,1,317.0000,1),(30,0,1,324.0000,1),(31,0,1,100.0000,1),(33,0,1,100.0000,1),(34,0,1,100.0000,1),(35,0,1,99.0000,1);

--
-- Table structure for table `mag2_cataloginventory_stock_status_idx`
--

CREATE TABLE `mag2_cataloginventory_stock_status_idx` (
  `product_id` int(10) unsigned NOT NULL COMMENT 'Product Id',
  `website_id` smallint(5) unsigned NOT NULL COMMENT 'Website Id',
  `stock_id` smallint(5) unsigned NOT NULL COMMENT 'Stock Id',
  `qty` decimal(12,4) NOT NULL DEFAULT '0.0000' COMMENT 'Qty',
  `stock_status` smallint(5) unsigned NOT NULL COMMENT 'Stock Status',
  PRIMARY KEY (`product_id`,`website_id`,`stock_id`),
  KEY `MAG2_CATALOGINVENTORY_STOCK_STATUS_IDX_STOCK_ID` (`stock_id`),
  KEY `MAG2_CATALOGINVENTORY_STOCK_STATUS_IDX_WEBSITE_ID` (`website_id`)
) ENGINE=InnoDB DEFAULT CHARSET=utf8 COMMENT='Cataloginventory Stock Status Indexer Idx';

--
-- Dumping data for table `mag2_cataloginventory_stock_status_idx`
--


--
-- Table structure for table `mag2_cataloginventory_stock_status_replica`
--

CREATE TABLE `mag2_cataloginventory_stock_status_replica` (
  `product_id` int(10) unsigned NOT NULL COMMENT 'Product Id',
  `website_id` smallint(5) unsigned NOT NULL COMMENT 'Website Id',
  `stock_id` smallint(5) unsigned NOT NULL COMMENT 'Stock Id',
  `qty` decimal(12,4) NOT NULL DEFAULT '0.0000' COMMENT 'Qty',
  `stock_status` smallint(5) unsigned NOT NULL COMMENT 'Stock Status',
  PRIMARY KEY (`product_id`,`website_id`,`stock_id`),
  KEY `MAG2_CATALOGINVENTORY_STOCK_STATUS_STOCK_ID` (`stock_id`),
  KEY `MAG2_CATALOGINVENTORY_STOCK_STATUS_WEBSITE_ID` (`website_id`),
  KEY `MAG2_CATALOGINVENTORY_STOCK_STATUS_STOCK_STATUS` (`stock_status`)
) ENGINE=InnoDB DEFAULT CHARSET=utf8 COMMENT='Cataloginventory Stock Status';

--
-- Dumping data for table `mag2_cataloginventory_stock_status_replica`
--

INSERT INTO `mag2_cataloginventory_stock_status_replica` VALUES (1,0,1,100.0000,1),(2,0,1,100.0000,1),(3,0,1,100.0000,1),(4,0,1,100.0000,1),(5,0,1,100.0000,1),(6,0,1,100.0000,1),(7,0,1,100.0000,1),(8,0,1,100.0000,1),(9,0,1,100.0000,1),(10,0,1,100.0000,1),(11,0,1,100.0000,1),(12,0,1,100.0000,1),(13,0,1,100.0000,1),(14,0,1,100.0000,1),(15,0,1,100.0000,1),(16,0,1,100.0000,1),(17,0,1,100.0000,1),(18,0,1,100.0000,1),(19,0,1,100.0000,1),(20,0,1,100.0000,1),(21,0,1,100.0000,1),(22,0,1,100.0000,1),(23,0,1,100.0000,1),(24,0,1,100.0000,1),(25,0,1,100.0000,1),(26,0,1,100.0000,1),(27,0,1,100.0000,1),(28,0,1,100.0000,1),(29,0,1,100.0000,1),(30,0,1,100.0000,1),(31,0,1,100.0000,1),(32,0,1,100.0000,1),(33,0,1,100.0000,1),(34,0,1,100.0000,1),(35,0,1,100.0000,1),(36,0,1,100.0000,1),(37,0,1,100.0000,1),(38,0,1,100.0000,1),(39,0,1,100.0000,1),(40,0,1,100.0000,1),(41,0,1,100.0000,1),(42,0,1,100.0000,1),(43,0,1,100.0000,1),(44,0,1,100.0000,1),(45,0,1,0.0000,1),(46,0,1,0.0000,1),(47,0,1,0.0000,1),(48,0,1,0.0000,1),(49,0,1,0.0000,1),(50,0,1,0.0000,1),(51,0,1,0.0000,1),(52,0,1,100.0000,1),(53,0,1,100.0000,1),(54,0,1,100.0000,1),(55,0,1,100.0000,1),(56,0,1,100.0000,1),(57,0,1,100.0000,1),(58,0,1,100.0000,1),(59,0,1,100.0000,1),(60,0,1,100.0000,1),(61,0,1,100.0000,1),(62,0,1,100.0000,1),(63,0,1,100.0000,1),(64,0,1,100.0000,1),(65,0,1,100.0000,1),(66,0,1,100.0000,1),(68,0,1,100.0000,1),(69,0,1,100.0000,1),(70,0,1,100.0000,1),(71,0,1,100.0000,1),(72,0,1,100.0000,1),(73,0,1,100.0000,1),(74,0,1,100.0000,1),(75,0,1,100.0000,1),(76,0,1,100.0000,1),(77,0,1,100.0000,1),(78,0,1,100.0000,1),(79,0,1,100.0000,1),(80,0,1,100.0000,1),(81,0,1,100.0000,1),(82,0,1,100.0000,1),(84,0,1,100.0000,1),(85,0,1,100.0000,1),(86,0,1,100.0000,1),(87,0,1,100.0000,1),(88,0,1,100.0000,1),(89,0,1,100.0000,1),(90,0,1,100.0000,1),(91,0,1,100.0000,1),(92,0,1,100.0000,1),(93,0,1,100.0000,1),(94,0,1,100.0000,1),(95,0,1,100.0000,1),(96,0,1,100.0000,1),(97,0,1,100.0000,1),(98,0,1,100.0000,1),(100,0,1,100.0000,1),(101,0,1,100.0000,1),(102,0,1,100.0000,1),(103,0,1,100.0000,1),(104,0,1,100.0000,1),(105,0,1,100.0000,1),(106,0,1,100.0000,1),(107,0,1,100.0000,1),(108,0,1,100.0000,1),(109,0,1,100.0000,1),(110,0,1,100.0000,1),(111,0,1,100.0000,1),(112,0,1,100.0000,1),(113,0,1,100.0000,1),(114,0,1,100.0000,1),(116,0,1,100.0000,1),(117,0,1,100.0000,1),(118,0,1,100.0000,1),(119,0,1,100.0000,1),(120,0,1,100.0000,1),(121,0,1,100.0000,1),(122,0,1,100.0000,1),(123,0,1,100.0000,1),(124,0,1,100.0000,1),(125,0,1,100.0000,1),(126,0,1,100.0000,1),(127,0,1,100.0000,1),(128,0,1,100.0000,1),(129,0,1,100.0000,1),(130,0,1,100.0000,1),(132,0,1,100.0000,1),(133,0,1,100.0000,1),(134,0,1,100.0000,1),(135,0,1,100.0000,1),(136,0,1,100.0000,1),(137,0,1,100.0000,1),(138,0,1,100.0000,1),(139,0,1,100.0000,1),(140,0,1,100.0000,1),(141,0,1,100.0000,1),(142,0,1,100.0000,1),(143,0,1,100.0000,1),(144,0,1,100.0000,1),(145,0,1,100.0000,1),(146,0,1,100.0000,1),(148,0,1,100.0000,1),(149,0,1,100.0000,1),(150,0,1,100.0000,1),(151,0,1,100.0000,1),(152,0,1,100.0000,1),(153,0,1,100.0000,1),(154,0,1,100.0000,1),(155,0,1,100.0000,1),(156,0,1,100.0000,1),(157,0,1,100.0000,1),(158,0,1,100.0000,1),(159,0,1,100.0000,1),(160,0,1,100.0000,1),(161,0,1,100.0000,1),(162,0,1,100.0000,1),(164,0,1,100.0000,1),(165,0,1,100.0000,1),(166,0,1,100.0000,1),(167,0,1,100.0000,1),(168,0,1,100.0000,1),(169,0,1,100.0000,1),(170,0,1,100.0000,1),(171,0,1,100.0000,1),(172,0,1,100.0000,1),(173,0,1,100.0000,1),(174,0,1,100.0000,1),(175,0,1,100.0000,1),(176,0,1,100.0000,1),(177,0,1,100.0000,1),(178,0,1,100.0000,1),(180,0,1,100.0000,1),(181,0,1,100.0000,1),(182,0,1,100.0000,1),(183,0,1,100.0000,1),(184,0,1,100.0000,1),(185,0,1,100.0000,1),(186,0,1,100.0000,1),(187,0,1,100.0000,1),(188,0,1,100.0000,1),(189,0,1,100.0000,1),(190,0,1,100.0000,1),(191,0,1,100.0000,1),(192,0,1,100.0000,1),(193,0,1,100.0000,1),(194,0,1,100.0000,1),(196,0,1,100.0000,1),(197,0,1,100.0000,1),(198,0,1,100.0000,1),(199,0,1,100.0000,1),(200,0,1,100.0000,1),(201,0,1,100.0000,1),(202,0,1,100.0000,1),(203,0,1,100.0000,1),(204,0,1,100.0000,1),(205,0,1,100.0000,1),(206,0,1,100.0000,1),(207,0,1,100.0000,1),(208,0,1,100.0000,1),(209,0,1,100.0000,1),(210,0,1,100.0000,1),(212,0,1,100.0000,1),(213,0,1,100.0000,1),(214,0,1,100.0000,1),(215,0,1,100.0000,1),(216,0,1,100.0000,1),(217,0,1,100.0000,1),(218,0,1,100.0000,1),(219,0,1,100.0000,1),(220,0,1,100.0000,1),(221,0,1,100.0000,1),(222,0,1,100.0000,1),(223,0,1,100.0000,1),(224,0,1,100.0000,1),(225,0,1,100.0000,1),(226,0,1,100.0000,1),(228,0,1,100.0000,1),(229,0,1,100.0000,1),(230,0,1,100.0000,1),(231,0,1,100.0000,1),(232,0,1,100.0000,1),(233,0,1,100.0000,1),(234,0,1,100.0000,1),(235,0,1,100.0000,1),(236,0,1,100.0000,1),(237,0,1,100.0000,1),(238,0,1,100.0000,1),(239,0,1,100.0000,1),(240,0,1,100.0000,1),(241,0,1,100.0000,1),(242,0,1,100.0000,1),(244,0,1,100.0000,1),(245,0,1,100.0000,1),(246,0,1,100.0000,1),(247,0,1,100.0000,1),(248,0,1,100.0000,1),(249,0,1,100.0000,1),(250,0,1,100.0000,1),(251,0,1,100.0000,1),(252,0,1,100.0000,1),(253,0,1,100.0000,1),(254,0,1,100.0000,1),(255,0,1,100.0000,1),(256,0,1,100.0000,1),(257,0,1,100.0000,1),(258,0,1,100.0000,1),(260,0,1,100.0000,1),(261,0,1,100.0000,1),(262,0,1,100.0000,1),(263,0,1,100.0000,1),(264,0,1,100.0000,1),(265,0,1,100.0000,1),(266,0,1,100.0000,1),(267,0,1,100.0000,1),(268,0,1,100.0000,1),(269,0,1,100.0000,1),(270,0,1,100.0000,1),(271,0,1,100.0000,1),(272,0,1,100.0000,1),(273,0,1,100.0000,1),(274,0,1,100.0000,1),(276,0,1,100.0000,1),(277,0,1,100.0000,1),(278,0,1,100.0000,1),(279,0,1,100.0000,1),(280,0,1,100.0000,1),(281,0,1,100.0000,1),(282,0,1,100.0000,1),(283,0,1,100.0000,1),(284,0,1,100.0000,1),(285,0,1,100.0000,1),(286,0,1,100.0000,1),(287,0,1,100.0000,1),(288,0,1,100.0000,1),(289,0,1,100.0000,1),(290,0,1,100.0000,1),(292,0,1,100.0000,1),(293,0,1,100.0000,1),(294,0,1,100.0000,1),(295,0,1,100.0000,1),(296,0,1,100.0000,1),(297,0,1,100.0000,1),(298,0,1,100.0000,1),(299,0,1,100.0000,1),(300,0,1,100.0000,1),(301,0,1,100.0000,1),(302,0,1,100.0000,1),(303,0,1,100.0000,1),(304,0,1,100.0000,1),(305,0,1,100.0000,1),(306,0,1,100.0000,1),(308,0,1,100.0000,1),(309,0,1,100.0000,1),(310,0,1,100.0000,1),(311,0,1,100.0000,1),(312,0,1,100.0000,1),(313,0,1,100.0000,1),(314,0,1,100.0000,1),(315,0,1,100.0000,1),(316,0,1,100.0000,1),(317,0,1,100.0000,1),(318,0,1,100.0000,1),(319,0,1,100.0000,1),(320,0,1,100.0000,1),(321,0,1,100.0000,1),(322,0,1,100.0000,1),(324,0,1,100.0000,1),(325,0,1,100.0000,1),(326,0,1,100.0000,1),(327,0,1,100.0000,1),(328,0,1,100.0000,1),(329,0,1,100.0000,1),(330,0,1,100.0000,1),(331,0,1,100.0000,1),(332,0,1,100.0000,1),(333,0,1,100.0000,1),(334,0,1,100.0000,1),(335,0,1,100.0000,1),(336,0,1,100.0000,1),(337,0,1,100.0000,1),(338,0,1,100.0000,1),(340,0,1,100.0000,1),(341,0,1,100.0000,1),(342,0,1,100.0000,1),(343,0,1,100.0000,1),(344,0,1,100.0000,1),(345,0,1,100.0000,1),(346,0,1,100.0000,1),(347,0,1,100.0000,1),(348,0,1,100.0000,1),(349,0,1,100.0000,1),(350,0,1,100.0000,1),(351,0,1,100.0000,1),(352,0,1,100.0000,1),(353,0,1,100.0000,1),(354,0,1,100.0000,1),(356,0,1,100.0000,1),(357,0,1,100.0000,1),(358,0,1,100.0000,1),(359,0,1,100.0000,1),(360,0,1,100.0000,1),(361,0,1,100.0000,1),(362,0,1,100.0000,1),(363,0,1,100.0000,1),(364,0,1,100.0000,1),(365,0,1,100.0000,1),(366,0,1,100.0000,1),(367,0,1,100.0000,1),(368,0,1,100.0000,1),(369,0,1,100.0000,1),(370,0,1,100.0000,1),(372,0,1,100.0000,1),(373,0,1,100.0000,1),(374,0,1,100.0000,1),(375,0,1,100.0000,1),(376,0,1,100.0000,1),(377,0,1,100.0000,1),(378,0,1,100.0000,1),(379,0,1,100.0000,1),(380,0,1,100.0000,1),(381,0,1,100.0000,1),(382,0,1,100.0000,1),(383,0,1,100.0000,1),(384,0,1,100.0000,1),(385,0,1,100.0000,1),(386,0,1,100.0000,1),(388,0,1,100.0000,1),(389,0,1,100.0000,1),(390,0,1,100.0000,1),(391,0,1,100.0000,1),(392,0,1,100.0000,1),(393,0,1,100.0000,1),(394,0,1,100.0000,1),(395,0,1,100.0000,1),(396,0,1,100.0000,1),(397,0,1,100.0000,1),(398,0,1,100.0000,1),(399,0,1,100.0000,1),(400,0,1,100.0000,1),(401,0,1,100.0000,1),(402,0,1,100.0000,1),(404,0,1,100.0000,1),(405,0,1,100.0000,1),(406,0,1,100.0000,1),(407,0,1,100.0000,1),(408,0,1,100.0000,1),(409,0,1,100.0000,1),(410,0,1,100.0000,1),(411,0,1,100.0000,1),(412,0,1,100.0000,1),(413,0,1,100.0000,1),(414,0,1,100.0000,1),(415,0,1,100.0000,1),(416,0,1,100.0000,1),(417,0,1,100.0000,1),(418,0,1,100.0000,1),(420,0,1,100.0000,1),(421,0,1,100.0000,1),(422,0,1,100.0000,1),(423,0,1,100.0000,1),(424,0,1,100.0000,1),(425,0,1,100.0000,1),(426,0,1,100.0000,1),(427,0,1,100.0000,1),(428,0,1,100.0000,1),(429,0,1,100.0000,1),(430,0,1,100.0000,1),(431,0,1,100.0000,1),(432,0,1,100.0000,1),(433,0,1,100.0000,1),(434,0,1,100.0000,1),(436,0,1,100.0000,1),(437,0,1,100.0000,1),(438,0,1,100.0000,1),(439,0,1,100.0000,1),(440,0,1,100.0000,1),(441,0,1,100.0000,1),(442,0,1,100.0000,1),(443,0,1,100.0000,1),(444,0,1,100.0000,1),(445,0,1,100.0000,1),(446,0,1,100.0000,1),(447,0,1,100.0000,1),(448,0,1,100.0000,1),(449,0,1,100.0000,1),(450,0,1,100.0000,1),(452,0,1,100.0000,1),(453,0,1,100.0000,1),(454,0,1,100.0000,1),(455,0,1,100.0000,1),(456,0,1,100.0000,1),(457,0,1,100.0000,1),(458,0,1,100.0000,1),(459,0,1,100.0000,1),(460,0,1,100.0000,1),(461,0,1,100.0000,1),(462,0,1,100.0000,1),(463,0,1,100.0000,1),(464,0,1,100.0000,1),(465,0,1,100.0000,1),(466,0,1,100.0000,1),(468,0,1,100.0000,1),(469,0,1,100.0000,1),(470,0,1,100.0000,1),(471,0,1,100.0000,1),(472,0,1,100.0000,1),(473,0,1,100.0000,1),(474,0,1,100.0000,1),(475,0,1,100.0000,1),(476,0,1,100.0000,1),(477,0,1,100.0000,1),(478,0,1,100.0000,1),(479,0,1,100.0000,1),(480,0,1,100.0000,1),(481,0,1,100.0000,1),(482,0,1,100.0000,1),(484,0,1,100.0000,1),(485,0,1,100.0000,1),(486,0,1,100.0000,1),(487,0,1,100.0000,1),(488,0,1,100.0000,1),(489,0,1,100.0000,1),(490,0,1,100.0000,1),(491,0,1,100.0000,1),(492,0,1,100.0000,1),(493,0,1,100.0000,1),(494,0,1,100.0000,1),(495,0,1,100.0000,1),(496,0,1,100.0000,1),(497,0,1,100.0000,1),(498,0,1,100.0000,1),(500,0,1,100.0000,1),(501,0,1,100.0000,1),(502,0,1,100.0000,1),(503,0,1,100.0000,1),(504,0,1,100.0000,1),(505,0,1,100.0000,1),(506,0,1,100.0000,1),(507,0,1,100.0000,1),(508,0,1,100.0000,1),(509,0,1,100.0000,1),(510,0,1,100.0000,1),(511,0,1,100.0000,1),(512,0,1,100.0000,1),(513,0,1,100.0000,1),(514,0,1,100.0000,1),(516,0,1,100.0000,1),(517,0,1,100.0000,1),(518,0,1,100.0000,1),(519,0,1,100.0000,1),(520,0,1,100.0000,1),(521,0,1,100.0000,1),(522,0,1,100.0000,1),(523,0,1,100.0000,1),(524,0,1,100.0000,1),(525,0,1,100.0000,1),(526,0,1,100.0000,1),(527,0,1,100.0000,1),(528,0,1,100.0000,1),(529,0,1,100.0000,1),(530,0,1,100.0000,1),(532,0,1,100.0000,1),(533,0,1,100.0000,1),(534,0,1,100.0000,1),(535,0,1,100.0000,1),(536,0,1,100.0000,1),(537,0,1,100.0000,1),(538,0,1,100.0000,1),(539,0,1,100.0000,1),(540,0,1,100.0000,1),(541,0,1,100.0000,1),(542,0,1,100.0000,1),(543,0,1,100.0000,1),(544,0,1,100.0000,1),(545,0,1,100.0000,1),(546,0,1,100.0000,1),(548,0,1,100.0000,1),(549,0,1,100.0000,1),(550,0,1,100.0000,1),(551,0,1,100.0000,1),(552,0,1,100.0000,1),(553,0,1,100.0000,1),(554,0,1,100.0000,1),(555,0,1,100.0000,1),(556,0,1,100.0000,1),(557,0,1,100.0000,1),(558,0,1,100.0000,1),(559,0,1,100.0000,1),(560,0,1,100.0000,1),(561,0,1,100.0000,1),(562,0,1,100.0000,1),(564,0,1,100.0000,1),(565,0,1,100.0000,1),(566,0,1,100.0000,1),(567,0,1,100.0000,1),(568,0,1,100.0000,1),(569,0,1,100.0000,1),(570,0,1,100.0000,1),(571,0,1,100.0000,1),(572,0,1,100.0000,1),(573,0,1,100.0000,1),(574,0,1,100.0000,1),(575,0,1,100.0000,1),(576,0,1,100.0000,1),(577,0,1,100.0000,1),(578,0,1,100.0000,1),(580,0,1,100.0000,1),(581,0,1,100.0000,1),(582,0,1,100.0000,1),(583,0,1,100.0000,1),(584,0,1,100.0000,1),(585,0,1,100.0000,1),(586,0,1,100.0000,1),(587,0,1,100.0000,1),(588,0,1,100.0000,1),(589,0,1,100.0000,1),(590,0,1,100.0000,1),(591,0,1,100.0000,1),(592,0,1,100.0000,1),(593,0,1,100.0000,1),(594,0,1,100.0000,1),(596,0,1,100.0000,1),(597,0,1,100.0000,1),(598,0,1,100.0000,1),(599,0,1,100.0000,1),(600,0,1,100.0000,1),(601,0,1,100.0000,1),(602,0,1,100.0000,1),(603,0,1,100.0000,1),(604,0,1,100.0000,1),(605,0,1,100.0000,1),(606,0,1,100.0000,1),(607,0,1,100.0000,1),(608,0,1,100.0000,1),(609,0,1,100.0000,1),(610,0,1,100.0000,1),(612,0,1,100.0000,1),(613,0,1,100.0000,1),(614,0,1,100.0000,1),(615,0,1,100.0000,1),(616,0,1,100.0000,1),(617,0,1,100.0000,1),(618,0,1,100.0000,1),(619,0,1,100.0000,1),(620,0,1,100.0000,1),(621,0,1,100.0000,1),(622,0,1,100.0000,1),(623,0,1,100.0000,1),(624,0,1,100.0000,1),(625,0,1,100.0000,1),(626,0,1,100.0000,1),(628,0,1,100.0000,1),(629,0,1,100.0000,1),(630,0,1,100.0000,1),(631,0,1,100.0000,1),(632,0,1,100.0000,1),(633,0,1,100.0000,1),(634,0,1,100.0000,1),(635,0,1,100.0000,1),(636,0,1,100.0000,1),(637,0,1,100.0000,1),(638,0,1,100.0000,1),(639,0,1,100.0000,1),(640,0,1,100.0000,1),(641,0,1,100.0000,1),(642,0,1,100.0000,1),(644,0,1,100.0000,1),(645,0,1,100.0000,1),(646,0,1,100.0000,1),(647,0,1,100.0000,1),(648,0,1,100.0000,1),(649,0,1,100.0000,1),(650,0,1,100.0000,1),(651,0,1,100.0000,1),(652,0,1,100.0000,1),(653,0,1,100.0000,1),(654,0,1,100.0000,1),(655,0,1,100.0000,1),(656,0,1,100.0000,1),(657,0,1,100.0000,1),(658,0,1,100.0000,1),(660,0,1,100.0000,1),(661,0,1,100.0000,1),(662,0,1,100.0000,1),(663,0,1,100.0000,1),(664,0,1,100.0000,1),(665,0,1,100.0000,1),(666,0,1,100.0000,1),(667,0,1,100.0000,1),(668,0,1,100.0000,1),(669,0,1,100.0000,1),(670,0,1,100.0000,1),(671,0,1,100.0000,1),(672,0,1,100.0000,1),(673,0,1,100.0000,1),(674,0,1,100.0000,1),(676,0,1,100.0000,1),(677,0,1,100.0000,1),(678,0,1,100.0000,1),(679,0,1,100.0000,1),(680,0,1,100.0000,1),(682,0,1,100.0000,1),(683,0,1,100.0000,1),(684,0,1,100.0000,1),(685,0,1,100.0000,1),(686,0,1,100.0000,1),(688,0,1,100.0000,1),(689,0,1,100.0000,1),(690,0,1,100.0000,1),(691,0,1,100.0000,1),(692,0,1,100.0000,1),(694,0,1,100.0000,1),(695,0,1,100.0000,1),(696,0,1,100.0000,1),(697,0,1,100.0000,1),(698,0,1,100.0000,1),(700,0,1,100.0000,1),(701,0,1,100.0000,1),(702,0,1,100.0000,1),(703,0,1,100.0000,1),(704,0,1,100.0000,1),(706,0,1,100.0000,1),(707,0,1,1001.0000,1),(708,0,1,100.0000,1),(709,0,1,100.0000,1),(710,0,1,100.0000,1),(712,0,1,100.0000,1),(713,0,1,100.0000,1),(714,0,1,100.0000,1),(715,0,1,100.0000,1),(716,0,1,100.0000,1),(718,0,1,100.0000,1),(719,0,1,100.0000,1),(720,0,1,100.0000,1),(721,0,1,100.0000,1),(722,0,1,100.0000,1),(724,0,1,100.0000,1),(725,0,1,100.0000,1),(726,0,1,100.0000,1),(727,0,1,100.0000,1),(728,0,1,100.0000,1),(730,0,1,100.0000,1),(731,0,1,100.0000,1),(732,0,1,100.0000,1),(733,0,1,100.0000,1),(734,0,1,100.0000,1),(735,0,1,100.0000,1),(736,0,1,100.0000,1),(737,0,1,100.0000,1),(738,0,1,100.0000,1),(739,0,1,100.0000,1),(740,0,1,100.0000,1),(741,0,1,100.0000,1),(743,0,1,100.0000,1),(744,0,1,100.0000,1),(745,0,1,100.0000,1),(746,0,1,100.0000,1),(747,0,1,100.0000,1),(748,0,1,100.0000,1),(749,0,1,100.0000,1),(750,0,1,100.0000,1),(751,0,1,100.0000,1),(752,0,1,100.0000,1),(753,0,1,100.0000,1),(754,0,1,100.0000,1),(756,0,1,100.0000,1),(757,0,1,100.0000,1),(758,0,1,100.0000,1),(759,0,1,100.0000,1),(760,0,1,100.0000,1),(761,0,1,100.0000,1),(762,0,1,100.0000,1),(763,0,1,100.0000,1),(764,0,1,100.0000,1),(765,0,1,100.0000,1),(766,0,1,100.0000,1),(767,0,1,100.0000,1),(769,0,1,100.0000,1),(770,0,1,100.0000,1),(771,0,1,100.0000,1),(772,0,1,100.0000,1),(773,0,1,100.0000,1),(774,0,1,100.0000,1),(775,0,1,100.0000,1),(776,0,1,100.0000,1),(777,0,1,100.0000,1),(778,0,1,100.0000,1),(779,0,1,100.0000,1),(780,0,1,100.0000,1),(782,0,1,100.0000,1),(783,0,1,100.0000,1),(784,0,1,100.0000,1),(785,0,1,100.0000,1),(786,0,1,100.0000,1),(787,0,1,100.0000,1),(788,0,1,100.0000,1),(789,0,1,100.0000,1),(790,0,1,100.0000,1),(791,0,1,100.0000,1),(792,0,1,100.0000,1),(793,0,1,100.0000,1),(795,0,1,100.0000,1),(796,0,1,100.0000,1),(797,0,1,100.0000,1),(798,0,1,100.0000,1),(799,0,1,100.0000,1),(800,0,1,100.0000,1),(801,0,1,100.0000,1),(802,0,1,100.0000,1),(803,0,1,100.0000,1),(804,0,1,100.0000,1),(805,0,1,100.0000,1),(806,0,1,100.0000,1),(808,0,1,100.0000,1),(809,0,1,100.0000,1),(810,0,1,100.0000,1),(811,0,1,100.0000,1),(812,0,1,100.0000,1),(813,0,1,100.0000,1),(814,0,1,100.0000,1),(815,0,1,100.0000,1),(816,0,1,100.0000,1),(817,0,1,100.0000,1),(818,0,1,100.0000,1),(819,0,1,100.0000,1),(821,0,1,100.0000,1),(822,0,1,100.0000,1),(823,0,1,100.0000,1),(824,0,1,100.0000,1),(825,0,1,100.0000,1),(826,0,1,100.0000,1),(827,0,1,100.0000,1),(828,0,1,100.0000,1),(829,0,1,100.0000,1),(830,0,1,100.0000,1),(831,0,1,100.0000,1),(832,0,1,100.0000,1),(834,0,1,100.0000,1),(835,0,1,100.0000,1),(836,0,1,100.0000,1),(837,0,1,100.0000,1),(838,0,1,100.0000,1),(839,0,1,100.0000,1),(840,0,1,100.0000,1),(841,0,1,100.0000,1),(842,0,1,100.0000,1),(843,0,1,100.0000,1),(844,0,1,100.0000,1),(845,0,1,100.0000,1),(847,0,1,100.0000,1),(848,0,1,100.0000,1),(849,0,1,100.0000,1),(850,0,1,100.0000,1),(851,0,1,100.0000,1),(852,0,1,100.0000,1),(853,0,1,100.0000,1),(854,0,1,100.0000,1),(855,0,1,100.0000,1),(856,0,1,100.0000,1),(857,0,1,100.0000,1),(858,0,1,100.0000,1),(860,0,1,100.0000,1),(861,0,1,100.0000,1),(862,0,1,100.0000,1),(863,0,1,100.0000,1),(864,0,1,100.0000,1),(865,0,1,100.0000,1),(866,0,1,100.0000,1),(867,0,1,100.0000,1),(868,0,1,100.0000,1),(869,0,1,100.0000,1),(870,0,1,100.0000,1),(871,0,1,100.0000,1),(873,0,1,100.0000,1),(874,0,1,100.0000,1),(875,0,1,100.0000,1),(876,0,1,100.0000,1),(877,0,1,100.0000,1),(878,0,1,100.0000,1),(879,0,1,100.0000,1),(880,0,1,100.0000,1),(881,0,1,100.0000,1),(882,0,1,100.0000,1),(883,0,1,100.0000,1),(884,0,1,100.0000,1),(886,0,1,100.0000,1),(887,0,1,100.0000,1),(888,0,1,100.0000,1),(889,0,1,100.0000,1),(890,0,1,100.0000,1),(891,0,1,100.0000,1),(892,0,1,100.0000,1),(893,0,1,100.0000,1),(894,0,1,100.0000,1),(895,0,1,100.0000,1),(896,0,1,100.0000,1),(897,0,1,100.0000,1),(899,0,1,100.0000,1),(900,0,1,100.0000,1),(901,0,1,100.0000,1),(902,0,1,100.0000,1),(904,0,1,100.0000,1),(905,0,1,100.0000,1),(906,0,1,100.0000,1),(907,0,1,100.0000,1),(908,0,1,100.0000,1),(909,0,1,100.0000,1),(910,0,1,100.0000,1),(911,0,1,100.0000,1),(912,0,1,100.0000,1),(913,0,1,100.0000,1),(914,0,1,100.0000,1),(915,0,1,100.0000,1),(917,0,1,100.0000,1),(918,0,1,100.0000,1),(919,0,1,100.0000,1),(920,0,1,100.0000,1),(921,0,1,100.0000,1),(922,0,1,100.0000,1),(923,0,1,100.0000,1),(924,0,1,100.0000,1),(925,0,1,100.0000,1),(926,0,1,100.0000,1),(927,0,1,100.0000,1),(928,0,1,100.0000,1),(930,0,1,100.0000,1),(931,0,1,100.0000,1),(932,0,1,100.0000,1),(933,0,1,100.0000,1),(934,0,1,100.0000,1),(935,0,1,100.0000,1),(936,0,1,100.0000,1),(937,0,1,100.0000,1),(938,0,1,100.0000,1),(939,0,1,100.0000,1),(940,0,1,100.0000,1),(941,0,1,100.0000,1),(943,0,1,100.0000,1),(944,0,1,100.0000,1),(945,0,1,100.0000,1),(946,0,1,100.0000,1),(947,0,1,100.0000,1),(948,0,1,100.0000,1),(949,0,1,100.0000,1),(950,0,1,100.0000,1),(951,0,1,100.0000,1),(952,0,1,100.0000,1),(953,0,1,100.0000,1),(954,0,1,100.0000,1),(956,0,1,100.0000,1),(957,0,1,100.0000,1),(958,0,1,100.0000,1),(959,0,1,100.0000,1),(960,0,1,100.0000,1),(961,0,1,100.0000,1),(962,0,1,100.0000,1),(963,0,1,100.0000,1),(964,0,1,100.0000,1),(965,0,1,100.0000,1),(966,0,1,100.0000,1),(967,0,1,100.0000,1),(969,0,1,100.0000,1),(970,0,1,100.0000,1),(971,0,1,100.0000,1),(972,0,1,100.0000,1),(973,0,1,100.0000,1),(974,0,1,100.0000,1),(975,0,1,100.0000,1),(976,0,1,100.0000,1),(977,0,1,100.0000,1),(978,0,1,100.0000,1),(979,0,1,100.0000,1),(980,0,1,100.0000,1),(982,0,1,100.0000,1),(983,0,1,100.0000,1),(984,0,1,100.0000,1),(985,0,1,100.0000,1),(986,0,1,100.0000,1),(987,0,1,100.0000,1),(988,0,1,100.0000,1),(989,0,1,100.0000,1),(990,0,1,100.0000,1),(991,0,1,100.0000,1),(992,0,1,100.0000,1),(993,0,1,100.0000,1),(995,0,1,100.0000,1),(996,0,1,100.0000,1),(997,0,1,100.0000,1),(998,0,1,100.0000,1),(999,0,1,100.0000,1),(1000,0,1,100.0000,1),(1001,0,1,100.0000,1),(1002,0,1,100.0000,1),(1003,0,1,100.0000,1),(1004,0,1,100.0000,1),(1005,0,1,100.0000,1),(1006,0,1,100.0000,1),(1008,0,1,100.0000,1),(1009,0,1,100.0000,1),(1010,0,1,100.0000,1),(1011,0,1,100.0000,1),(1012,0,1,100.0000,1),(1013,0,1,100.0000,1),(1014,0,1,100.0000,1),(1015,0,1,100.0000,1),(1016,0,1,100.0000,1),(1017,0,1,100.0000,1),(1018,0,1,100.0000,1),(1019,0,1,100.0000,1),(1021,0,1,100.0000,1),(1022,0,1,100.0000,1),(1023,0,1,100.0000,1),(1024,0,1,100.0000,1),(1025,0,1,100.0000,1),(1026,0,1,100.0000,1),(1027,0,1,100.0000,1),(1028,0,1,100.0000,1),(1029,0,1,100.0000,1),(1030,0,1,100.0000,1),(1031,0,1,100.0000,1),(1032,0,1,100.0000,1),(1034,0,1,100.0000,1),(1035,0,1,100.0000,1),(1036,0,1,100.0000,1),(1037,0,1,100.0000,1),(1038,0,1,100.0000,1),(1039,0,1,100.0000,1),(1040,0,1,100.0000,1),(1041,0,1,100.0000,1),(1042,0,1,100.0000,1),(1043,0,1,100.0000,1),(1044,0,1,100.0000,1),(1045,0,1,100.0000,1),(1046,0,1,100.0000,1),(1047,0,1,100.0000,1),(1048,0,1,100.0000,1),(1050,0,1,100.0000,1),(1051,0,1,100.0000,1),(1052,0,1,100.0000,1),(1053,0,1,100.0000,1),(1054,0,1,100.0000,1),(1055,0,1,100.0000,1),(1056,0,1,100.0000,1),(1057,0,1,100.0000,1),(1058,0,1,100.0000,1),(1059,0,1,100.0000,1),(1060,0,1,100.0000,1),(1061,0,1,100.0000,1),(1062,0,1,100.0000,1),(1063,0,1,100.0000,1),(1064,0,1,100.0000,1),(1066,0,1,100.0000,1),(1067,0,1,100.0000,1),(1068,0,1,100.0000,1),(1069,0,1,100.0000,1),(1070,0,1,100.0000,1),(1071,0,1,100.0000,1),(1072,0,1,100.0000,1),(1073,0,1,100.0000,1),(1074,0,1,100.0000,1),(1075,0,1,100.0000,1),(1076,0,1,100.0000,1),(1077,0,1,100.0000,1),(1078,0,1,100.0000,1),(1079,0,1,100.0000,1),(1080,0,1,100.0000,1),(1082,0,1,100.0000,1),(1083,0,1,100.0000,1),(1084,0,1,100.0000,1),(1085,0,1,100.0000,1),(1086,0,1,100.0000,1),(1087,0,1,100.0000,1),(1088,0,1,100.0000,1),(1089,0,1,100.0000,1),(1090,0,1,100.0000,1),(1091,0,1,100.0000,1),(1092,0,1,100.0000,1),(1093,0,1,100.0000,1),(1094,0,1,100.0000,1),(1095,0,1,100.0000,1),(1096,0,1,100.0000,1),(1098,0,1,100.0000,1),(1099,0,1,100.0000,1),(1100,0,1,100.0000,1),(1101,0,1,100.0000,1),(1102,0,1,100.0000,1),(1103,0,1,100.0000,1),(1104,0,1,100.0000,1),(1105,0,1,100.0000,1),(1106,0,1,100.0000,1),(1107,0,1,100.0000,1),(1108,0,1,100.0000,1),(1109,0,1,100.0000,1),(1110,0,1,100.0000,1),(1111,0,1,100.0000,1),(1112,0,1,100.0000,1),(1114,0,1,100.0000,1),(1115,0,1,100.0000,1),(1116,0,1,100.0000,1),(1117,0,1,100.0000,1),(1118,0,1,100.0000,1),(1120,0,1,100.0000,1),(1121,0,1,100.0000,1),(1122,0,1,100.0000,1),(1123,0,1,100.0000,1),(1124,0,1,100.0000,1),(1125,0,1,100.0000,1),(1126,0,1,100.0000,1),(1127,0,1,100.0000,1),(1128,0,1,100.0000,1),(1129,0,1,100.0000,1),(1130,0,1,100.0000,1),(1131,0,1,100.0000,1),(1132,0,1,100.0000,1),(1133,0,1,100.0000,1),(1134,0,1,100.0000,1),(1136,0,1,100.0000,1),(1137,0,1,100.0000,1),(1138,0,1,100.0000,1),(1139,0,1,100.0000,1),(1140,0,1,100.0000,1),(1141,0,1,100.0000,1),(1142,0,1,100.0000,1),(1143,0,1,100.0000,1),(1144,0,1,100.0000,1),(1145,0,1,100.0000,1),(1146,0,1,100.0000,1),(1147,0,1,100.0000,1),(1148,0,1,100.0000,1),(1149,0,1,100.0000,1),(1150,0,1,100.0000,1),(1152,0,1,100.0000,1),(1153,0,1,100.0000,1),(1154,0,1,100.0000,1),(1155,0,1,100.0000,1),(1156,0,1,100.0000,1),(1157,0,1,100.0000,1),(1158,0,1,100.0000,1),(1159,0,1,100.0000,1),(1160,0,1,100.0000,1),(1161,0,1,100.0000,1),(1162,0,1,100.0000,1),(1163,0,1,100.0000,1),(1164,0,1,100.0000,1),(1165,0,1,100.0000,1),(1166,0,1,100.0000,1),(1168,0,1,100.0000,1),(1169,0,1,100.0000,1),(1170,0,1,100.0000,1),(1171,0,1,100.0000,1),(1172,0,1,100.0000,1),(1173,0,1,100.0000,1),(1174,0,1,100.0000,1),(1175,0,1,100.0000,1),(1176,0,1,100.0000,1),(1177,0,1,100.0000,1),(1178,0,1,100.0000,1),(1179,0,1,100.0000,1),(1180,0,1,100.0000,1),(1181,0,1,100.0000,1),(1182,0,1,100.0000,1),(1184,0,1,100.0000,1),(1185,0,1,100.0000,1),(1186,0,1,100.0000,1),(1187,0,1,100.0000,1),(1188,0,1,100.0000,1),(1189,0,1,100.0000,1),(1190,0,1,100.0000,1),(1191,0,1,100.0000,1),(1192,0,1,100.0000,1),(1193,0,1,100.0000,1),(1194,0,1,100.0000,1),(1195,0,1,100.0000,1),(1196,0,1,100.0000,1),(1197,0,1,100.0000,1),(1198,0,1,100.0000,1),(1200,0,1,100.0000,1),(1201,0,1,100.0000,1),(1202,0,1,100.0000,1),(1203,0,1,100.0000,1),(1204,0,1,100.0000,1),(1205,0,1,100.0000,1),(1206,0,1,100.0000,1),(1207,0,1,100.0000,1),(1208,0,1,100.0000,1),(1209,0,1,100.0000,1),(1210,0,1,100.0000,1),(1211,0,1,100.0000,1),(1212,0,1,100.0000,1),(1213,0,1,100.0000,1),(1214,0,1,100.0000,1),(1216,0,1,100.0000,1),(1217,0,1,100.0000,1),(1218,0,1,100.0000,1),(1219,0,1,100.0000,1),(1220,0,1,100.0000,1),(1221,0,1,100.0000,1),(1222,0,1,100.0000,1),(1223,0,1,100.0000,1),(1224,0,1,100.0000,1),(1226,0,1,100.0000,1),(1227,0,1,100.0000,1),(1228,0,1,100.0000,1),(1229,0,1,100.0000,1),(1230,0,1,100.0000,1),(1231,0,1,100.0000,1),(1232,0,1,100.0000,1),(1233,0,1,100.0000,1),(1234,0,1,100.0000,1),(1235,0,1,100.0000,1),(1236,0,1,100.0000,1),(1237,0,1,100.0000,1),(1238,0,1,100.0000,1),(1239,0,1,100.0000,1),(1240,0,1,100.0000,1),(1242,0,1,100.0000,1),(1243,0,1,100.0000,1),(1244,0,1,100.0000,1),(1245,0,1,100.0000,1),(1246,0,1,100.0000,1),(1247,0,1,100.0000,1),(1248,0,1,100.0000,1),(1249,0,1,100.0000,1),(1250,0,1,100.0000,1),(1251,0,1,100.0000,1),(1252,0,1,100.0000,1),(1253,0,1,100.0000,1),(1254,0,1,100.0000,1),(1255,0,1,100.0000,1),(1256,0,1,100.0000,1),(1258,0,1,100.0000,1),(1259,0,1,100.0000,1),(1260,0,1,100.0000,1),(1261,0,1,100.0000,1),(1262,0,1,100.0000,1),(1263,0,1,100.0000,1),(1264,0,1,100.0000,1),(1265,0,1,100.0000,1),(1266,0,1,100.0000,1),(1267,0,1,100.0000,1),(1268,0,1,100.0000,1),(1269,0,1,100.0000,1),(1270,0,1,100.0000,1),(1271,0,1,100.0000,1),(1272,0,1,100.0000,1),(1274,0,1,100.0000,1),(1275,0,1,100.0000,1),(1276,0,1,100.0000,1),(1277,0,1,100.0000,1),(1278,0,1,100.0000,1),(1279,0,1,100.0000,1),(1280,0,1,100.0000,1),(1281,0,1,100.0000,1),(1282,0,1,100.0000,1),(1283,0,1,100.0000,1),(1284,0,1,100.0000,1),(1285,0,1,100.0000,1),(1286,0,1,100.0000,1),(1287,0,1,100.0000,1),(1288,0,1,100.0000,1),(1290,0,1,100.0000,1),(1291,0,1,100.0000,1),(1292,0,1,100.0000,1),(1293,0,1,100.0000,1),(1294,0,1,100.0000,1),(1295,0,1,100.0000,1),(1296,0,1,100.0000,1),(1297,0,1,100.0000,1),(1298,0,1,100.0000,1),(1299,0,1,100.0000,1),(1300,0,1,100.0000,1),(1301,0,1,100.0000,1),(1302,0,1,100.0000,1),(1303,0,1,100.0000,1),(1304,0,1,100.0000,1),(1306,0,1,100.0000,1),(1307,0,1,100.0000,1),(1308,0,1,100.0000,1),(1309,0,1,100.0000,1),(1310,0,1,100.0000,1),(1311,0,1,100.0000,1),(1312,0,1,100.0000,1),(1313,0,1,100.0000,1),(1314,0,1,100.0000,1),(1315,0,1,100.0000,1),(1316,0,1,100.0000,1),(1317,0,1,100.0000,1),(1318,0,1,100.0000,1),(1319,0,1,100.0000,1),(1320,0,1,100.0000,1),(1322,0,1,100.0000,1),(1323,0,1,100.0000,1),(1324,0,1,100.0000,1),(1325,0,1,100.0000,1),(1326,0,1,100.0000,1),(1327,0,1,100.0000,1),(1328,0,1,100.0000,1),(1329,0,1,100.0000,1),(1330,0,1,100.0000,1),(1331,0,1,100.0000,1),(1332,0,1,100.0000,1),(1333,0,1,100.0000,1),(1334,0,1,100.0000,1),(1335,0,1,100.0000,1),(1336,0,1,100.0000,1),(1338,0,1,100.0000,1),(1339,0,1,100.0000,1),(1340,0,1,100.0000,1),(1341,0,1,100.0000,1),(1342,0,1,100.0000,1),(1343,0,1,100.0000,1),(1344,0,1,100.0000,1),(1345,0,1,100.0000,1),(1346,0,1,100.0000,1),(1347,0,1,100.0000,1),(1348,0,1,100.0000,1),(1349,0,1,100.0000,1),(1350,0,1,100.0000,1),(1351,0,1,100.0000,1),(1352,0,1,100.0000,1),(1354,0,1,100.0000,1),(1355,0,1,100.0000,1),(1356,0,1,100.0000,1),(1357,0,1,100.0000,1),(1358,0,1,100.0000,1),(1359,0,1,100.0000,1),(1360,0,1,100.0000,1),(1361,0,1,100.0000,1),(1362,0,1,100.0000,1),(1363,0,1,100.0000,1),(1364,0,1,100.0000,1),(1365,0,1,100.0000,1),(1366,0,1,100.0000,1),(1367,0,1,100.0000,1),(1368,0,1,100.0000,1),(1370,0,1,100.0000,1),(1371,0,1,100.0000,1),(1372,0,1,100.0000,1),(1373,0,1,100.0000,1),(1374,0,1,100.0000,1),(1375,0,1,100.0000,1),(1376,0,1,100.0000,1),(1377,0,1,100.0000,1),(1378,0,1,100.0000,1),(1379,0,1,100.0000,1),(1380,0,1,100.0000,1),(1381,0,1,100.0000,1),(1382,0,1,100.0000,1),(1383,0,1,100.0000,1),(1384,0,1,100.0000,1),(1386,0,1,100.0000,1),(1387,0,1,100.0000,1),(1388,0,1,100.0000,1),(1389,0,1,100.0000,1),(1390,0,1,100.0000,1),(1391,0,1,100.0000,1),(1392,0,1,100.0000,1),(1393,0,1,100.0000,1),(1394,0,1,100.0000,1),(1395,0,1,100.0000,1),(1396,0,1,100.0000,1),(1397,0,1,100.0000,1),(1398,0,1,100.0000,1),(1399,0,1,100.0000,1),(1400,0,1,100.0000,1),(1402,0,1,100.0000,1),(1403,0,1,100.0000,1),(1404,0,1,100.0000,1),(1405,0,1,100.0000,1),(1406,0,1,100.0000,1),(1407,0,1,100.0000,1),(1408,0,1,100.0000,1),(1409,0,1,100.0000,1),(1410,0,1,100.0000,1),(1411,0,1,100.0000,1),(1412,0,1,100.0000,1),(1413,0,1,100.0000,1),(1414,0,1,100.0000,1),(1415,0,1,100.0000,1),(1416,0,1,100.0000,1),(1418,0,1,100.0000,1),(1419,0,1,100.0000,1),(1420,0,1,99.0000,1),(1421,0,1,100.0000,1),(1422,0,1,100.0000,1),(1423,0,1,100.0000,1),(1424,0,1,100.0000,1),(1425,0,1,100.0000,1),(1426,0,1,100.0000,1),(1427,0,1,100.0000,1),(1428,0,1,100.0000,1),(1429,0,1,100.0000,1),(1430,0,1,100.0000,1),(1431,0,1,100.0000,1),(1432,0,1,100.0000,1),(1434,0,1,100.0000,1),(1435,0,1,100.0000,1),(1436,0,1,100.0000,1),(1437,0,1,100.0000,1),(1438,0,1,100.0000,1),(1439,0,1,100.0000,1),(1440,0,1,100.0000,1),(1441,0,1,100.0000,1),(1442,0,1,100.0000,1),(1443,0,1,100.0000,1),(1444,0,1,100.0000,1),(1445,0,1,100.0000,1),(1446,0,1,100.0000,1),(1447,0,1,100.0000,1),(1448,0,1,100.0000,1),(1450,0,1,100.0000,1),(1451,0,1,100.0000,1),(1452,0,1,100.0000,1),(1453,0,1,100.0000,1),(1454,0,1,100.0000,1),(1455,0,1,100.0000,1),(1456,0,1,100.0000,1),(1457,0,1,100.0000,1),(1458,0,1,100.0000,1),(1459,0,1,100.0000,1),(1460,0,1,100.0000,1),(1461,0,1,100.0000,1),(1462,0,1,100.0000,1),(1463,0,1,100.0000,1),(1464,0,1,100.0000,1),(1466,0,1,100.0000,1),(1467,0,1,100.0000,1),(1468,0,1,100.0000,1),(1469,0,1,100.0000,1),(1470,0,1,100.0000,1),(1471,0,1,100.0000,1),(1472,0,1,100.0000,1),(1473,0,1,100.0000,1),(1474,0,1,100.0000,1),(1475,0,1,100.0000,1),(1476,0,1,100.0000,1),(1477,0,1,100.0000,1),(1478,0,1,100.0000,1),(1479,0,1,100.0000,1),(1480,0,1,100.0000,1),(1482,0,1,100.0000,1),(1483,0,1,99.0000,1),(1484,0,1,100.0000,1),(1485,0,1,100.0000,1),(1486,0,1,100.0000,1),(1487,0,1,100.0000,1),(1488,0,1,100.0000,1),(1489,0,1,100.0000,1),(1490,0,1,100.0000,1),(1491,0,1,100.0000,1),(1492,0,1,100.0000,1),(1493,0,1,100.0000,1),(1494,0,1,100.0000,1),(1495,0,1,100.0000,1),(1496,0,1,100.0000,1),(1498,0,1,100.0000,1),(1499,0,1,100.0000,1),(1500,0,1,100.0000,1),(1501,0,1,100.0000,1),(1502,0,1,100.0000,1),(1503,0,1,100.0000,1),(1504,0,1,100.0000,1),(1505,0,1,100.0000,1),(1506,0,1,100.0000,1),(1507,0,1,100.0000,1),(1508,0,1,100.0000,1),(1509,0,1,100.0000,1),(1510,0,1,100.0000,1),(1511,0,1,100.0000,1),(1512,0,1,100.0000,1),(1514,0,1,100.0000,1),(1515,0,1,100.0000,1),(1516,0,1,100.0000,1),(1517,0,1,100.0000,1),(1518,0,1,100.0000,1),(1519,0,1,100.0000,1),(1520,0,1,100.0000,1),(1521,0,1,100.0000,1),(1522,0,1,100.0000,1),(1523,0,1,100.0000,1),(1524,0,1,100.0000,1),(1525,0,1,100.0000,1),(1526,0,1,100.0000,1),(1527,0,1,100.0000,1),(1528,0,1,100.0000,1),(1530,0,1,100.0000,1),(1531,0,1,100.0000,1),(1532,0,1,100.0000,1),(1533,0,1,100.0000,1),(1534,0,1,100.0000,1),(1535,0,1,100.0000,1),(1536,0,1,100.0000,1),(1537,0,1,100.0000,1),(1538,0,1,100.0000,1),(1539,0,1,100.0000,1),(1540,0,1,100.0000,1),(1541,0,1,100.0000,1),(1542,0,1,100.0000,1),(1543,0,1,100.0000,1),(1544,0,1,100.0000,1),(1546,0,1,100.0000,1),(1547,0,1,100.0000,1),(1548,0,1,100.0000,1),(1549,0,1,100.0000,1),(1550,0,1,100.0000,1),(1551,0,1,100.0000,1),(1552,0,1,100.0000,1),(1553,0,1,100.0000,1),(1554,0,1,100.0000,1),(1555,0,1,100.0000,1),(1556,0,1,100.0000,1),(1557,0,1,100.0000,1),(1558,0,1,100.0000,1),(1559,0,1,100.0000,1),(1560,0,1,100.0000,1),(1562,0,1,100.0000,1),(1563,0,1,100.0000,1),(1564,0,1,100.0000,1),(1565,0,1,100.0000,1),(1566,0,1,100.0000,1),(1567,0,1,100.0000,1),(1568,0,1,100.0000,1),(1569,0,1,100.0000,1),(1570,0,1,100.0000,1),(1571,0,1,100.0000,1),(1572,0,1,100.0000,1),(1573,0,1,100.0000,1),(1574,0,1,100.0000,1),(1575,0,1,100.0000,1),(1576,0,1,100.0000,1),(1578,0,1,100.0000,1),(1579,0,1,100.0000,1),(1580,0,1,100.0000,1),(1581,0,1,100.0000,1),(1582,0,1,100.0000,1),(1583,0,1,100.0000,1),(1584,0,1,100.0000,1),(1585,0,1,100.0000,1),(1586,0,1,100.0000,1),(1587,0,1,100.0000,1),(1588,0,1,100.0000,1),(1589,0,1,100.0000,1),(1590,0,1,100.0000,1),(1591,0,1,100.0000,1),(1592,0,1,100.0000,1),(1594,0,1,100.0000,1),(1595,0,1,100.0000,1),(1596,0,1,100.0000,1),(1597,0,1,100.0000,1),(1598,0,1,100.0000,1),(1599,0,1,100.0000,1),(1600,0,1,100.0000,1),(1601,0,1,100.0000,1),(1602,0,1,100.0000,1),(1603,0,1,100.0000,1),(1604,0,1,100.0000,1),(1605,0,1,100.0000,1),(1606,0,1,100.0000,1),(1607,0,1,100.0000,1),(1608,0,1,100.0000,1),(1610,0,1,100.0000,1),(1611,0,1,100.0000,1),(1612,0,1,100.0000,1),(1613,0,1,100.0000,1),(1614,0,1,100.0000,1),(1615,0,1,100.0000,1),(1616,0,1,100.0000,1),(1617,0,1,100.0000,1),(1618,0,1,100.0000,1),(1619,0,1,100.0000,1),(1620,0,1,100.0000,1),(1621,0,1,100.0000,1),(1622,0,1,100.0000,1),(1623,0,1,100.0000,1),(1624,0,1,100.0000,1),(1626,0,1,100.0000,1),(1627,0,1,100.0000,1),(1628,0,1,100.0000,1),(1629,0,1,100.0000,1),(1630,0,1,100.0000,1),(1631,0,1,100.0000,1),(1632,0,1,100.0000,1),(1633,0,1,100.0000,1),(1634,0,1,100.0000,1),(1635,0,1,100.0000,1),(1636,0,1,100.0000,1),(1637,0,1,100.0000,1),(1638,0,1,100.0000,1),(1639,0,1,100.0000,1),(1640,0,1,100.0000,1),(1642,0,1,100.0000,1),(1643,0,1,100.0000,1),(1644,0,1,100.0000,1),(1645,0,1,100.0000,1),(1646,0,1,100.0000,1),(1647,0,1,100.0000,1),(1648,0,1,100.0000,1),(1649,0,1,100.0000,1),(1650,0,1,100.0000,1),(1651,0,1,100.0000,1),(1652,0,1,100.0000,1),(1653,0,1,100.0000,1),(1654,0,1,100.0000,1),(1655,0,1,100.0000,1),(1656,0,1,100.0000,1),(1658,0,1,100.0000,1),(1659,0,1,100.0000,1),(1660,0,1,100.0000,1),(1661,0,1,100.0000,1),(1662,0,1,100.0000,1),(1663,0,1,100.0000,1),(1664,0,1,100.0000,1),(1665,0,1,100.0000,1),(1666,0,1,100.0000,1),(1667,0,1,100.0000,1),(1668,0,1,100.0000,1),(1669,0,1,100.0000,1),(1670,0,1,100.0000,1),(1671,0,1,100.0000,1),(1672,0,1,100.0000,1),(1674,0,1,100.0000,1),(1675,0,1,100.0000,1),(1676,0,1,100.0000,1),(1677,0,1,100.0000,1),(1678,0,1,100.0000,1),(1679,0,1,100.0000,1),(1680,0,1,100.0000,1),(1681,0,1,100.0000,1),(1682,0,1,100.0000,1),(1683,0,1,100.0000,1),(1684,0,1,100.0000,1),(1685,0,1,100.0000,1),(1686,0,1,100.0000,1),(1687,0,1,100.0000,1),(1688,0,1,100.0000,1),(1690,0,1,100.0000,1),(1691,0,1,100.0000,1),(1692,0,1,100.0000,1),(1693,0,1,100.0000,1),(1694,0,1,100.0000,1),(1695,0,1,100.0000,1),(1696,0,1,100.0000,1),(1697,0,1,100.0000,1),(1698,0,1,100.0000,1),(1699,0,1,100.0000,1),(1700,0,1,100.0000,1),(1701,0,1,100.0000,1),(1702,0,1,100.0000,1),(1703,0,1,100.0000,1),(1704,0,1,100.0000,1),(1706,0,1,100.0000,1),(1707,0,1,100.0000,1),(1708,0,1,100.0000,1),(1709,0,1,100.0000,1),(1710,0,1,100.0000,1),(1711,0,1,100.0000,1),(1712,0,1,100.0000,1),(1713,0,1,100.0000,1),(1714,0,1,100.0000,1),(1715,0,1,100.0000,1),(1716,0,1,100.0000,1),(1717,0,1,100.0000,1),(1718,0,1,100.0000,1),(1719,0,1,100.0000,1),(1720,0,1,100.0000,1),(1722,0,1,100.0000,1),(1723,0,1,100.0000,1),(1724,0,1,100.0000,1),(1725,0,1,100.0000,1),(1726,0,1,100.0000,1),(1727,0,1,100.0000,1),(1728,0,1,100.0000,1),(1729,0,1,100.0000,1),(1730,0,1,100.0000,1),(1731,0,1,100.0000,1),(1732,0,1,100.0000,1),(1733,0,1,100.0000,1),(1734,0,1,100.0000,1),(1735,0,1,100.0000,1),(1736,0,1,100.0000,1),(1738,0,1,100.0000,1),(1739,0,1,100.0000,1),(1740,0,1,100.0000,1),(1741,0,1,100.0000,1),(1742,0,1,100.0000,1),(1743,0,1,100.0000,1),(1744,0,1,100.0000,1),(1745,0,1,100.0000,1),(1746,0,1,100.0000,1),(1747,0,1,100.0000,1),(1748,0,1,100.0000,1),(1749,0,1,100.0000,1),(1750,0,1,100.0000,1),(1751,0,1,100.0000,1),(1752,0,1,100.0000,1),(1754,0,1,100.0000,1),(1755,0,1,100.0000,1),(1756,0,1,100.0000,1),(1757,0,1,100.0000,1),(1758,0,1,100.0000,1),(1759,0,1,100.0000,1),(1760,0,1,100.0000,1),(1761,0,1,100.0000,1),(1762,0,1,100.0000,1),(1763,0,1,100.0000,1),(1764,0,1,100.0000,1),(1765,0,1,100.0000,1),(1766,0,1,100.0000,1),(1767,0,1,100.0000,1),(1768,0,1,100.0000,1),(1770,0,1,100.0000,1),(1771,0,1,100.0000,1),(1772,0,1,100.0000,1),(1773,0,1,100.0000,1),(1774,0,1,100.0000,1),(1775,0,1,100.0000,1),(1776,0,1,100.0000,1),(1777,0,1,100.0000,1),(1778,0,1,100.0000,1),(1779,0,1,100.0000,1),(1780,0,1,100.0000,1),(1781,0,1,100.0000,1),(1782,0,1,100.0000,1),(1783,0,1,100.0000,1),(1784,0,1,100.0000,1),(1786,0,1,100.0000,1),(1787,0,1,100.0000,1),(1788,0,1,100.0000,1),(1789,0,1,100.0000,1),(1790,0,1,100.0000,1),(1791,0,1,100.0000,1),(1792,0,1,100.0000,1),(1793,0,1,100.0000,1),(1794,0,1,100.0000,1),(1795,0,1,100.0000,1),(1796,0,1,100.0000,1),(1797,0,1,100.0000,1),(1798,0,1,100.0000,1),(1799,0,1,100.0000,1),(1800,0,1,100.0000,1),(1802,0,1,100.0000,1),(1803,0,1,100.0000,1),(1804,0,1,100.0000,1),(1805,0,1,100.0000,1),(1806,0,1,100.0000,1),(1807,0,1,100.0000,1),(1808,0,1,100.0000,1),(1809,0,1,100.0000,1),(1810,0,1,100.0000,1),(1811,0,1,100.0000,1),(1812,0,1,100.0000,1),(1813,0,1,100.0000,1),(1814,0,1,100.0000,1),(1815,0,1,100.0000,1),(1816,0,1,100.0000,1),(1817,0,1,0.0000,1),(1818,0,1,100.0000,1),(1819,0,1,100.0000,1),(1820,0,1,100.0000,1),(1821,0,1,100.0000,1),(1822,0,1,100.0000,1),(1823,0,1,100.0000,1),(1824,0,1,0.0000,1),(1825,0,1,100.0000,1),(1826,0,1,100.0000,1),(1827,0,1,100.0000,1),(1828,0,1,100.0000,1),(1829,0,1,100.0000,1),(1830,0,1,100.0000,1),(1831,0,1,0.0000,1),(1832,0,1,100.0000,1),(1833,0,1,100.0000,1),(1834,0,1,100.0000,1),(1835,0,1,100.0000,1),(1836,0,1,100.0000,1),(1837,0,1,100.0000,1),(1838,0,1,0.0000,1),(1839,0,1,100.0000,1),(1840,0,1,100.0000,1),(1841,0,1,100.0000,1),(1842,0,1,100.0000,1),(1843,0,1,100.0000,1),(1844,0,1,100.0000,1),(1845,0,1,0.0000,1),(1846,0,1,100.0000,1),(1847,0,1,100.0000,1),(1848,0,1,100.0000,1),(1849,0,1,100.0000,1),(1850,0,1,100.0000,1),(1851,0,1,100.0000,1),(1852,0,1,0.0000,1),(1853,0,1,100.0000,1),(1854,0,1,100.0000,1),(1855,0,1,100.0000,1),(1856,0,1,100.0000,1),(1857,0,1,100.0000,1),(1858,0,1,100.0000,1),(1859,0,1,0.0000,1),(1860,0,1,100.0000,1),(1861,0,1,100.0000,1),(1862,0,1,100.0000,1),(1863,0,1,100.0000,1),(1864,0,1,100.0000,1),(1865,0,1,100.0000,1),(1866,0,1,0.0000,1),(1867,0,1,100.0000,1),(1868,0,1,100.0000,1),(1869,0,1,100.0000,1),(1870,0,1,100.0000,1),(1871,0,1,100.0000,1),(1872,0,1,100.0000,1),(1873,0,1,0.0000,1),(1874,0,1,100.0000,1),(1875,0,1,100.0000,1),(1876,0,1,100.0000,1),(1877,0,1,100.0000,1),(1878,0,1,100.0000,1),(1879,0,1,100.0000,1),(1880,0,1,0.0000,1),(1881,0,1,100.0000,1),(1882,0,1,100.0000,1),(1883,0,1,100.0000,1),(1884,0,1,100.0000,1),(1885,0,1,100.0000,1),(1886,0,1,100.0000,1),(1887,0,1,0.0000,1),(1888,0,1,100.0000,1),(1889,0,1,100.0000,1),(1890,0,1,100.0000,1),(1891,0,1,100.0000,1),(1892,0,1,100.0000,1),(1893,0,1,100.0000,1),(1894,0,1,0.0000,1),(1895,0,1,100.0000,1),(1896,0,1,100.0000,1),(1897,0,1,100.0000,1),(1898,0,1,100.0000,1),(1899,0,1,100.0000,1),(1900,0,1,100.0000,1),(1901,0,1,0.0000,1),(1902,0,1,100.0000,1),(1903,0,1,100.0000,1),(1904,0,1,100.0000,1),(1905,0,1,100.0000,1),(1906,0,1,100.0000,1),(1907,0,1,100.0000,1),(1908,0,1,0.0000,1),(1909,0,1,100.0000,1),(1910,0,1,100.0000,1),(1911,0,1,100.0000,1),(1912,0,1,100.0000,1),(1913,0,1,100.0000,1),(1914,0,1,100.0000,1),(1915,0,1,100.0000,1),(1916,0,1,100.0000,1),(1917,0,1,100.0000,1),(1918,0,1,100.0000,1),(1919,0,1,100.0000,1),(1920,0,1,100.0000,1),(1921,0,1,100.0000,1),(1922,0,1,100.0000,1),(1923,0,1,100.0000,1),(1924,0,1,0.0000,1),(1925,0,1,100.0000,1),(1926,0,1,100.0000,1),(1927,0,1,100.0000,1),(1928,0,1,100.0000,1),(1929,0,1,100.0000,1),(1930,0,1,100.0000,1),(1931,0,1,100.0000,1),(1932,0,1,100.0000,1),(1933,0,1,100.0000,1),(1934,0,1,100.0000,1),(1935,0,1,100.0000,1),(1936,0,1,100.0000,1),(1937,0,1,100.0000,1),(1938,0,1,100.0000,1),(1939,0,1,100.0000,1),(1940,0,1,0.0000,1),(1941,0,1,100.0000,1),(1942,0,1,100.0000,1),(1943,0,1,100.0000,1),(1944,0,1,100.0000,1),(1945,0,1,100.0000,1),(1946,0,1,100.0000,1),(1947,0,1,100.0000,1),(1948,0,1,100.0000,1),(1949,0,1,100.0000,1),(1950,0,1,100.0000,1),(1951,0,1,100.0000,1),(1952,0,1,100.0000,1),(1953,0,1,100.0000,1),(1954,0,1,100.0000,1),(1955,0,1,100.0000,1),(1956,0,1,0.0000,1),(1957,0,1,100.0000,1),(1958,0,1,100.0000,1),(1959,0,1,100.0000,1),(1960,0,1,100.0000,1),(1961,0,1,100.0000,1),(1962,0,1,100.0000,1),(1963,0,1,100.0000,1),(1964,0,1,100.0000,1),(1965,0,1,100.0000,1),(1966,0,1,100.0000,1),(1967,0,1,100.0000,1),(1968,0,1,100.0000,1),(1969,0,1,100.0000,1),(1970,0,1,100.0000,1),(1971,0,1,100.0000,1),(1972,0,1,0.0000,1),(1973,0,1,100.0000,1),(1974,0,1,100.0000,1),(1975,0,1,100.0000,1),(1976,0,1,100.0000,1),(1977,0,1,100.0000,1),(1978,0,1,100.0000,1),(1979,0,1,100.0000,1),(1980,0,1,100.0000,1),(1981,0,1,100.0000,1),(1982,0,1,100.0000,1),(1983,0,1,100.0000,1),(1984,0,1,100.0000,1),(1985,0,1,100.0000,1),(1986,0,1,100.0000,1),(1987,0,1,100.0000,1),(1988,0,1,0.0000,1),(1989,0,1,100.0000,1),(1990,0,1,100.0000,1),(1991,0,1,100.0000,1),(1992,0,1,100.0000,1),(1993,0,1,100.0000,1),(1994,0,1,100.0000,1),(1995,0,1,0.0000,1),(1996,0,1,100.0000,1),(1997,0,1,100.0000,1),(1998,0,1,100.0000,1),(1999,0,1,100.0000,1),(2000,0,1,100.0000,1),(2001,0,1,100.0000,1),(2002,0,1,0.0000,1),(2003,0,1,100.0000,1),(2004,0,1,100.0000,1),(2005,0,1,100.0000,1),(2006,0,1,100.0000,1),(2007,0,1,100.0000,1),(2008,0,1,0.0000,1),(2009,0,1,100.0000,1),(2010,0,1,100.0000,1),(2011,0,1,100.0000,1),(2012,0,1,100.0000,1),(2013,0,1,100.0000,1),(2014,0,1,100.0000,1),(2015,0,1,0.0000,1),(2016,0,1,100.0000,1),(2017,0,1,100.0000,1),(2018,0,1,100.0000,1),(2019,0,1,100.0000,1),(2020,0,1,100.0000,1),(2021,0,1,100.0000,1),(2022,0,1,0.0000,1),(2023,0,1,100.0000,1),(2024,0,1,100.0000,1),(2025,0,1,100.0000,1),(2026,0,1,100.0000,1),(2027,0,1,100.0000,1),(2028,0,1,100.0000,1),(2029,0,1,0.0000,1),(2030,0,1,100.0000,1),(2031,0,1,100.0000,1),(2032,0,1,100.0000,1),(2033,0,1,100.0000,1),(2034,0,1,100.0000,1),(2035,0,1,100.0000,1),(2036,0,1,100.0000,1),(2037,0,1,100.0000,1),(2038,0,1,100.0000,1),(2039,0,1,100.0000,1),(2040,0,1,100.0000,1),(2041,0,1,100.0000,1),(2042,0,1,100.0000,1),(2043,0,1,100.0000,1),(2044,0,1,100.0000,1),(2045,0,1,0.0000,1),(2046,0,1,0.0000,1);

--
-- Table structure for table `mag2_cataloginventory_stock_status_tmp`
--

CREATE TABLE `mag2_cataloginventory_stock_status_tmp` (
  `product_id` int(10) unsigned NOT NULL COMMENT 'Product Id',
  `website_id` smallint(5) unsigned NOT NULL COMMENT 'Website Id',
  `stock_id` smallint(5) unsigned NOT NULL COMMENT 'Stock Id',
  `qty` decimal(12,4) NOT NULL DEFAULT '0.0000' COMMENT 'Qty',
  `stock_status` smallint(5) unsigned NOT NULL COMMENT 'Stock Status',
  PRIMARY KEY (`product_id`,`website_id`,`stock_id`),
  KEY `MAG2_CATALOGINVENTORY_STOCK_STATUS_TMP_STOCK_ID` (`stock_id`),
  KEY `MAG2_CATALOGINVENTORY_STOCK_STATUS_TMP_WEBSITE_ID` (`website_id`)
) ENGINE=MEMORY DEFAULT CHARSET=utf8 COMMENT='Cataloginventory Stock Status Indexer Tmp';

--
-- Dumping data for table `mag2_cataloginventory_stock_status_tmp`
--


--
-- Table structure for table `mag2_catalogrule`
--

CREATE TABLE `mag2_catalogrule` (
  `rule_id` int(10) unsigned NOT NULL AUTO_INCREMENT COMMENT 'Rule Id',
  `name` varchar(255) DEFAULT NULL COMMENT 'Name',
  `description` text COMMENT 'Description',
  `from_date` date DEFAULT NULL COMMENT 'From',
  `to_date` date DEFAULT NULL COMMENT 'To',
  `is_active` smallint(6) NOT NULL DEFAULT '0' COMMENT 'Is Active',
  `conditions_serialized` mediumtext COMMENT 'Conditions Serialized',
  `actions_serialized` mediumtext COMMENT 'Actions Serialized',
  `stop_rules_processing` smallint(6) NOT NULL DEFAULT '1' COMMENT 'Stop Rules Processing',
  `sort_order` int(10) unsigned NOT NULL DEFAULT '0' COMMENT 'Sort Order',
  `simple_action` varchar(32) DEFAULT NULL COMMENT 'Simple Action',
  `discount_amount` decimal(12,4) NOT NULL DEFAULT '0.0000' COMMENT 'Discount Amount',
  PRIMARY KEY (`rule_id`),
  KEY `MAG2_CATALOGRULE_IS_ACTIVE_SORT_ORDER_TO_DATE_FROM_DATE` (`is_active`,`sort_order`,`to_date`,`from_date`)
) ENGINE=InnoDB AUTO_INCREMENT=2 DEFAULT CHARSET=utf8 COMMENT='CatalogRule';

--
-- Dumping data for table `mag2_catalogrule`
--

INSERT INTO `mag2_catalogrule` VALUES (1,'20% off all Women’s and Men’s Pants','20% off all Women’s and Men’s Pants',NULL,NULL,1,'{\"type\":\"Magento\\\\CatalogRule\\\\Model\\\\Rule\\\\Condition\\\\Combine\",\"attribute\":null,\"operator\":null,\"value\":\"1\",\"is_value_processed\":null,\"aggregator\":\"all\",\"conditions\":[{\"type\":\"Magento\\\\CatalogRule\\\\Model\\\\Rule\\\\Condition\\\\Product\",\"attribute\":\"category_ids\",\"operator\":\"()\",\"value\":\"27,18\",\"is_value_processed\":false}]}','{\"type\":\"Magento\\\\CatalogRule\\\\Model\\\\Rule\\\\Action\\\\Collection\",\"attribute\":null,\"operator\":\"=\",\"value\":null}',1,0,'by_percent',20.0000);

--
-- Table structure for table `mag2_catalogrule_customer_group`
--

CREATE TABLE `mag2_catalogrule_customer_group` (
  `rule_id` int(10) unsigned NOT NULL COMMENT 'Rule Id',
  `customer_group_id` int(10) unsigned NOT NULL COMMENT 'Customer Group Id',
  PRIMARY KEY (`rule_id`,`customer_group_id`),
  KEY `MAG2_CATALOGRULE_CUSTOMER_GROUP_CUSTOMER_GROUP_ID` (`customer_group_id`),
  CONSTRAINT `MAG2_CATALOGRULE_CUSTOMER_GROUP_RULE_ID_CATALOGRULE_RULE_ID` FOREIGN KEY (`rule_id`) REFERENCES `mag2_catalogrule` (`rule_id`) ON DELETE CASCADE,
  CONSTRAINT `MAG2_CATRULE_CSTR_GROUP_CSTR_GROUP_ID_CSTR_GROUP_CSTR_GROUP_ID` FOREIGN KEY (`customer_group_id`) REFERENCES `mag2_customer_group` (`customer_group_id`) ON DELETE CASCADE
) ENGINE=InnoDB DEFAULT CHARSET=utf8 COMMENT='Catalog Rules To Customer Groups Relations';

--
-- Dumping data for table `mag2_catalogrule_customer_group`
--

INSERT INTO `mag2_catalogrule_customer_group` VALUES (1,0),(1,1),(1,2),(1,3);

--
-- Table structure for table `mag2_catalogrule_group_website`
--

CREATE TABLE `mag2_catalogrule_group_website` (
  `rule_id` int(10) unsigned NOT NULL DEFAULT '0' COMMENT 'Rule Id',
  `customer_group_id` int(10) unsigned NOT NULL DEFAULT '0' COMMENT 'Customer Group Id',
  `website_id` smallint(5) unsigned NOT NULL DEFAULT '0' COMMENT 'Website Id',
  PRIMARY KEY (`rule_id`,`customer_group_id`,`website_id`),
  KEY `MAG2_CATALOGRULE_GROUP_WEBSITE_CUSTOMER_GROUP_ID` (`customer_group_id`),
  KEY `MAG2_CATALOGRULE_GROUP_WEBSITE_WEBSITE_ID` (`website_id`)
) ENGINE=InnoDB DEFAULT CHARSET=utf8 COMMENT='CatalogRule Group Website';

--
-- Dumping data for table `mag2_catalogrule_group_website`
--


--
-- Table structure for table `mag2_catalogrule_group_website_replica`
--

CREATE TABLE `mag2_catalogrule_group_website_replica` (
  `rule_id` int(10) unsigned NOT NULL DEFAULT '0' COMMENT 'Rule Id',
  `customer_group_id` int(10) unsigned NOT NULL DEFAULT '0' COMMENT 'Customer Group Id',
  `website_id` smallint(5) unsigned NOT NULL DEFAULT '0' COMMENT 'Website Id',
  PRIMARY KEY (`rule_id`,`customer_group_id`,`website_id`),
  KEY `MAG2_CATALOGRULE_GROUP_WEBSITE_CUSTOMER_GROUP_ID` (`customer_group_id`),
  KEY `MAG2_CATALOGRULE_GROUP_WEBSITE_WEBSITE_ID` (`website_id`)
) ENGINE=InnoDB DEFAULT CHARSET=utf8 COMMENT='CatalogRule Group Website';

--
-- Dumping data for table `mag2_catalogrule_group_website_replica`
--


--
-- Table structure for table `mag2_catalogrule_product`
--

CREATE TABLE `mag2_catalogrule_product` (
  `rule_product_id` int(10) unsigned NOT NULL AUTO_INCREMENT COMMENT 'Rule Product Id',
  `rule_id` int(10) unsigned NOT NULL DEFAULT '0' COMMENT 'Rule Id',
  `from_time` int(10) unsigned NOT NULL DEFAULT '0' COMMENT 'From Time',
  `to_time` int(10) unsigned NOT NULL DEFAULT '0' COMMENT 'To time',
  `customer_group_id` int(11) DEFAULT NULL,
  `product_id` int(10) unsigned NOT NULL DEFAULT '0' COMMENT 'Product Id',
  `action_operator` varchar(10) DEFAULT 'to_fixed' COMMENT 'Action Operator',
  `action_amount` decimal(12,4) NOT NULL DEFAULT '0.0000' COMMENT 'Action Amount',
  `action_stop` smallint(6) NOT NULL DEFAULT '0' COMMENT 'Action Stop',
  `sort_order` int(10) unsigned NOT NULL DEFAULT '0' COMMENT 'Sort Order',
  `website_id` smallint(5) unsigned NOT NULL COMMENT 'Website Id',
  PRIMARY KEY (`rule_product_id`),
  UNIQUE KEY `IDX_A6EDF2814724CD076C48246480E03265` (`rule_id`,`from_time`,`to_time`,`website_id`,`customer_group_id`,`product_id`,`sort_order`),
  KEY `MAG2_CATALOGRULE_PRODUCT_CUSTOMER_GROUP_ID` (`customer_group_id`),
  KEY `MAG2_CATALOGRULE_PRODUCT_WEBSITE_ID` (`website_id`),
  KEY `MAG2_CATALOGRULE_PRODUCT_FROM_TIME` (`from_time`),
  KEY `MAG2_CATALOGRULE_PRODUCT_TO_TIME` (`to_time`),
  KEY `MAG2_CATALOGRULE_PRODUCT_PRODUCT_ID` (`product_id`)
) ENGINE=InnoDB DEFAULT CHARSET=utf8 COMMENT='CatalogRule Product';

--
