--
-- Host: localhost    Database: klair_v1
-- ------------------------------------------------------


--
-- Table structure for table `mag2_admin_system_messages`
--

CREATE TABLE `mag2_admin_system_messages` (
  `identity` varchar(100) NOT NULL COMMENT 'Message id',
  `severity` smallint(5) unsigned NOT NULL DEFAULT '0' COMMENT 'Problem type',
  `created_at` timestamp NOT NULL DEFAULT CURRENT_TIMESTAMP COMMENT 'Create date',
  PRIMARY KEY (`identity`)
) ENGINE=InnoDB DEFAULT CHARSET=utf8 COMMENT='Admin System Messages';

--
-- Dumping data for table `mag2_admin_system_messages`
--

INSERT INTO `mag2_admin_system_messages` VALUES ('6574525426784678a4023b3d1743a4de',1,'2021-11-17 10:48:24'),('b5b5de0a0651791ec61cdd9636a7e87b',2,'2021-11-10 11:57:34'),('da332d712f3215b9b94bfa268c398323',2,'2021-11-16 20:59:32');

--
-- Table structure for table `mag2_adminnotification_inbox`
--

CREATE TABLE `mag2_adminnotification_inbox` (
  `notification_id` int(10) unsigned NOT NULL AUTO_INCREMENT COMMENT 'Notification id',
  `severity` smallint(5) unsigned NOT NULL DEFAULT '0' COMMENT 'Problem type',
  `date_added` timestamp NOT NULL DEFAULT CURRENT_TIMESTAMP COMMENT 'Create date',
  `title` varchar(255) NOT NULL COMMENT 'Title',
  `description` text COMMENT 'Description',
  `url` varchar(255) DEFAULT NULL COMMENT 'Url',
  `is_read` smallint(5) unsigned NOT NULL DEFAULT '0' COMMENT 'Flag if notification read',
  `is_remove` smallint(5) unsigned NOT NULL DEFAULT '0' COMMENT 'Flag if notification might be removed',
  PRIMARY KEY (`notification_id`),
  KEY `MAG2_ADMINNOTIFICATION_INBOX_SEVERITY` (`severity`),
  KEY `MAG2_ADMINNOTIFICATION_INBOX_IS_READ` (`is_read`),
  KEY `MAG2_ADMINNOTIFICATION_INBOX_IS_REMOVE` (`is_remove`)
) ENGINE=InnoDB AUTO_INCREMENT=4 DEFAULT CHARSET=utf8 COMMENT='Adminnotification Inbox';

--
-- Dumping data for table `mag2_adminnotification_inbox`
--

INSERT INTO `mag2_adminnotification_inbox` VALUES (1,1,'2021-11-10 11:57:30','Attention! Your Blog extension version is extremely outdated. It is strongly recommended to update it to the latest version 2.10.3',' \n                                    https://magefan.com/magento2-blog-extension?ancient=2.9.1                                 ','https://magefan.com/magento2-blog-extension?ancient=2.9.1',0,0),(2,4,'2021-11-10 11:57:30','FAQ: How to configure &quot;read more&quot; in your Magento 2 blog post',' If you still don\'t know how to configure read more functionality in your magento 2 blog post, please read this article.\n                    Online documentation for Magento 2 blog extension is also available on our website. http://goo.gl/XOEdpy ','http://magefan.com/blog/add-read-more-tag-to-blog-post-content/?from=notification1',0,0),(3,1,'2021-11-16 20:29:35','Attention! Your Blog extension version is extremely outdated. It is strongly recommended to update it to the latest version 2.10.4',' \n                                    https://magefan.com/magento2-blog-extension?ancient=2.9.1                                 ','https://magefan.com/magento2-blog-extension?ancient=2.9.1',0,0);

--
-- Table structure for table `mag2_amazon_customer`
--

CREATE TABLE `mag2_amazon_customer` (
  `entity_id` int(10) unsigned NOT NULL AUTO_INCREMENT COMMENT 'Entity_id',
  `customer_id` int(10) unsigned NOT NULL COMMENT 'Customer_id',
  `amazon_id` varchar(255) NOT NULL COMMENT 'Amazon_id',
  PRIMARY KEY (`entity_id`),
  UNIQUE KEY `MAG2_AMAZON_CUSTOMER_CUSTOMER_ID_AMAZON_ID` (`customer_id`,`amazon_id`),
  UNIQUE KEY `MAG2_AMAZON_CUSTOMER_CUSTOMER_ID` (`customer_id`),
  CONSTRAINT `MAG2_AMAZON_CUSTOMER_CUSTOMER_ID_MAG2_CUSTOMER_ENTITY_ENTITY_ID` FOREIGN KEY (`customer_id`) REFERENCES `mag2_customer_entity` (`entity_id`) ON DELETE CASCADE
) ENGINE=InnoDB DEFAULT CHARSET=utf8 COMMENT='mag2_amazon_customer';

--
-- Dumping data for table `mag2_amazon_customer`
--


--
-- Table structure for table `mag2_amazon_pending_authorization`
--

CREATE TABLE `mag2_amazon_pending_authorization` (
  `entity_id` int(10) unsigned NOT NULL AUTO_INCREMENT COMMENT 'Entity_id',
  `order_id` int(10) unsigned NOT NULL COMMENT 'Order_id',
  `payment_id` int(10) unsigned NOT NULL COMMENT 'Payment_id',
  `authorization_id` varchar(255) DEFAULT NULL COMMENT 'Authorization_id',
  `created_at` datetime NOT NULL COMMENT 'Created_at',
  `updated_at` datetime DEFAULT NULL COMMENT 'Updated_at',
  `processed` smallint(5) unsigned DEFAULT '0' COMMENT 'Initial authorization processed',
  `capture` smallint(5) unsigned DEFAULT '0' COMMENT 'Initial authorization has capture',
  `capture_id` varchar(255) DEFAULT NULL COMMENT 'Initial authorization capture id',
  PRIMARY KEY (`entity_id`),
  UNIQUE KEY `UNQ_39C68EEE1583AFDE2F271404681021BE` (`order_id`,`payment_id`,`authorization_id`)
) ENGINE=InnoDB DEFAULT CHARSET=utf8 COMMENT='mag2_amazon_pending_authorization';

--
-- Dumping data for table `mag2_amazon_pending_authorization`
--


--
-- Table structure for table `mag2_amazon_pending_capture`
--

CREATE TABLE `mag2_amazon_pending_capture` (
  `entity_id` int(10) unsigned NOT NULL AUTO_INCREMENT COMMENT 'Entity_id',
  `capture_id` varchar(255) NOT NULL COMMENT 'Capture_id',
  `created_at` datetime NOT NULL COMMENT 'Created_at',
  `order_id` int(10) unsigned NOT NULL COMMENT 'order id',
  `payment_id` int(10) unsigned NOT NULL COMMENT 'payment id',
  PRIMARY KEY (`entity_id`),
  UNIQUE KEY `MAG2_AMAZON_PENDING_CAPTURE_ORDER_ID_PAYMENT_ID_CAPTURE_ID` (`order_id`,`payment_id`,`capture_id`)
) ENGINE=InnoDB DEFAULT CHARSET=utf8 COMMENT='mag2_amazon_pending_capture';

--
-- Dumping data for table `mag2_amazon_pending_capture`
--


--
-- Table structure for table `mag2_amazon_pending_refund`
--

CREATE TABLE `mag2_amazon_pending_refund` (
  `entity_id` int(10) unsigned NOT NULL AUTO_INCREMENT COMMENT 'Entity_id',
  `refund_id` varchar(255) NOT NULL COMMENT 'Refund_id',
  `created_at` datetime NOT NULL COMMENT 'Created_at',
  `order_id` int(10) unsigned NOT NULL COMMENT 'Order_id',
  `payment_id` int(10) unsigned NOT NULL COMMENT 'Payment_id',
  PRIMARY KEY (`entity_id`),
  UNIQUE KEY `MAG2_AMAZON_PENDING_REFUND_ORDER_ID_PAYMENT_ID_REFUND_ID` (`order_id`,`payment_id`,`refund_id`)
) ENGINE=InnoDB DEFAULT CHARSET=utf8 COMMENT='mag2_amazon_pending_refund';

--
-- Dumping data for table `mag2_amazon_pending_refund`
--


--
-- Table structure for table `mag2_amazon_quote`
--

CREATE TABLE `mag2_amazon_quote` (
  `entity_id` int(10) unsigned NOT NULL AUTO_INCREMENT COMMENT 'Entity_id',
  `quote_id` int(10) unsigned NOT NULL COMMENT 'Quote_id',
  `amazon_order_reference_id` varchar(255) NOT NULL COMMENT 'Amazon_order_reference_id',
  `sandbox_simulation_reference` varchar(255) DEFAULT NULL COMMENT 'Sandbox simulation reference',
  `confirmed` smallint(5) unsigned NOT NULL DEFAULT '0' COMMENT 'Quote confirmed with Amazon',
  PRIMARY KEY (`entity_id`),
  UNIQUE KEY `MAG2_AMAZON_QUOTE_QUOTE_ID` (`quote_id`),
  CONSTRAINT `MAG2_AMAZON_QUOTE_QUOTE_ID_MAG2_QUOTE_ENTITY_ID` FOREIGN KEY (`quote_id`) REFERENCES `mag2_quote` (`entity_id`) ON DELETE CASCADE
) ENGINE=InnoDB DEFAULT CHARSET=utf8 COMMENT='mag2_amazon_quote';

--
-- Dumping data for table `mag2_amazon_quote`
--


--
-- Table structure for table `mag2_amazon_sales_order`
--

CREATE TABLE `mag2_amazon_sales_order` (
  `entity_id` int(10) unsigned NOT NULL AUTO_INCREMENT COMMENT 'Entity_id',
  `order_id` int(10) unsigned NOT NULL COMMENT 'Order_id',
  `amazon_order_reference_id` varchar(255) NOT NULL COMMENT 'Amazon_order_reference_id',
  PRIMARY KEY (`entity_id`),
  UNIQUE KEY `MAG2_AMAZON_SALES_ORDER_ORDER_ID` (`order_id`),
  CONSTRAINT `MAG2_AMAZON_SALES_ORDER_ORDER_ID_MAG2_SALES_ORDER_ENTITY_ID` FOREIGN KEY (`order_id`) REFERENCES `mag2_sales_order` (`entity_id`) ON DELETE CASCADE
) ENGINE=InnoDB DEFAULT CHARSET=utf8 COMMENT='mag2_amazon_sales_order';

--
-- Dumping data for table `mag2_amazon_sales_order`
--


--
-- Table structure for table `mag2_authorization_role`
--

CREATE TABLE `mag2_authorization_role` (
  `role_id` int(10) unsigned NOT NULL AUTO_INCREMENT COMMENT 'Role ID',
  `parent_id` int(10) unsigned NOT NULL DEFAULT '0' COMMENT 'Parent Role ID',
  `tree_level` smallint(5) unsigned NOT NULL DEFAULT '0' COMMENT 'Role Tree Level',
  `sort_order` smallint(5) unsigned NOT NULL DEFAULT '0' COMMENT 'Role Sort Order',
  `role_type` varchar(1) NOT NULL DEFAULT '0' COMMENT 'Role Type',
  `user_id` int(10) unsigned NOT NULL DEFAULT '0' COMMENT 'User ID',
  `user_type` varchar(16) DEFAULT NULL COMMENT 'User Type',
  `role_name` varchar(50) DEFAULT NULL COMMENT 'Role Name',
  PRIMARY KEY (`role_id`),
  KEY `MAG2_AUTHORIZATION_ROLE_PARENT_ID_SORT_ORDER` (`parent_id`,`sort_order`),
  KEY `MAG2_AUTHORIZATION_ROLE_TREE_LEVEL` (`tree_level`)
) ENGINE=InnoDB AUTO_INCREMENT=17 DEFAULT CHARSET=utf8 COMMENT='Admin Role Table';

--
-- Dumping data for table `mag2_authorization_role`
--

INSERT INTO `mag2_authorization_role` VALUES (2,0,1,1,'G',0,'2','Administrators'),(3,2,2,0,'U',1,'2','storeadmin'),(6,2,2,0,'U',2,'2','admin'),(16,0,1,0,'U',13,'1','113');

--
-- Table structure for table `mag2_authorization_rule`
--

CREATE TABLE `mag2_authorization_rule` (
  `rule_id` int(10) unsigned NOT NULL AUTO_INCREMENT COMMENT 'Rule ID',
  `role_id` int(10) unsigned NOT NULL DEFAULT '0' COMMENT 'Role ID',
  `resource_id` varchar(255) DEFAULT NULL COMMENT 'Resource ID',
  `privileges` varchar(20) DEFAULT NULL COMMENT 'Privileges',
  `permission` varchar(10) DEFAULT NULL COMMENT 'Permission',
  PRIMARY KEY (`rule_id`),
  KEY `MAG2_AUTHORIZATION_RULE_RESOURCE_ID_ROLE_ID` (`resource_id`,`role_id`),
  KEY `MAG2_AUTHORIZATION_RULE_ROLE_ID_RESOURCE_ID` (`role_id`,`resource_id`),
  CONSTRAINT `MAG2_AUTHORIZATION_RULE_ROLE_ID_AUTHORIZATION_ROLE_ROLE_ID` FOREIGN KEY (`role_id`) REFERENCES `mag2_authorization_role` (`role_id`) ON DELETE CASCADE
) ENGINE=InnoDB AUTO_INCREMENT=10038 DEFAULT CHARSET=utf8 COMMENT='Admin Rule Table';

--
-- Dumping data for table `mag2_authorization_rule`
--

INSERT INTO `mag2_authorization_rule` VALUES (461,2,'Magento_Backend::all',NULL,'allow'),(9772,16,'Magento_Backend::all',NULL,'deny'),(9773,16,'Magento_Backend::admin',NULL,'allow'),(9774,16,'Magento_Backend::dashboard',NULL,'deny'),(9775,16,'Magento_Analytics::analytics',NULL,'deny'),(9776,16,'Magento_Analytics::analytics_api',NULL,'deny'),(9777,16,'Magento_Sales::sales',NULL,'deny'),(9778,16,'Magento_Sales::sales_operation',NULL,'deny'),(9779,16,'Magento_Sales::sales_order',NULL,'deny'),(9780,16,'Magento_Sales::actions',NULL,'deny'),(9781,16,'Magento_Sales::create',NULL,'deny'),(9782,16,'Magento_Sales::actions_view',NULL,'deny'),(9783,16,'Magento_Sales::email',NULL,'deny'),(9784,16,'Magento_Sales::reorder',NULL,'deny'),(9785,16,'Magento_Sales::actions_edit',NULL,'deny'),(9786,16,'Magento_Sales::cancel',NULL,'deny'),(9787,16,'Magento_Sales::review_payment',NULL,'deny'),(9788,16,'Magento_Sales::capture',NULL,'deny'),(9789,16,'Magento_Sales::invoice',NULL,'deny'),(9790,16,'Magento_Sales::creditmemo',NULL,'deny'),(9791,16,'Magento_Sales::hold',NULL,'deny'),(9792,16,'Magento_Sales::unhold',NULL,'deny'),(9793,16,'Magento_Sales::ship',NULL,'deny'),(9794,16,'Magento_Sales::comment',NULL,'deny'),(9795,16,'Magento_Sales::emails',NULL,'deny'),(9796,16,'Magento_Paypal::authorization',NULL,'deny'),(9797,16,'Magento_Sales::sales_invoice',NULL,'deny'),(9798,16,'Magento_Sales::shipment',NULL,'deny'),(9799,16,'Temando_Shipping::dispatches',NULL,'deny'),(9800,16,'Magento_Sales::sales_creditmemo',NULL,'deny'),(9801,16,'Magento_Paypal::billing_agreement',NULL,'deny'),(9802,16,'Magento_Paypal::billing_agreement_actions',NULL,'deny'),(9803,16,'Magento_Paypal::billing_agreement_actions_view',NULL,'deny'),(9804,16,'Magento_Paypal::actions_manage',NULL,'deny'),(9805,16,'Magento_Paypal::use',NULL,'deny'),(9806,16,'Magento_Sales::transactions',NULL,'deny'),(9807,16,'Magento_Sales::transactions_fetch',NULL,'deny'),(9808,16,'Magento_Catalog::catalog',NULL,'allow'),(9809,16,'Magento_Catalog::catalog_inventory',NULL,'allow'),(9810,16,'Magento_Catalog::products',NULL,'allow'),(9811,16,'Magento_Catalog::categories',NULL,'deny'),(9812,16,'Magento_Customer::customer',NULL,'deny'),(9813,16,'Magento_Customer::manage',NULL,'deny'),(9814,16,'Magento_Customer::online',NULL,'deny'),(9815,16,'Magento_Cart::cart',NULL,'deny'),(9816,16,'Magento_Cart::manage',NULL,'deny'),(9817,16,'Magento_Backend::myaccount',NULL,'deny'),(9818,16,'Magento_Backend::marketing',NULL,'deny'),(9819,16,'Magento_CatalogRule::promo',NULL,'deny'),(9820,16,'Magento_CatalogRule::promo_catalog',NULL,'deny'),(9821,16,'Magento_SalesRule::quote',NULL,'deny'),(9822,16,'Dotdigitalgroup_Email::automation',NULL,'deny'),(9823,16,'Dotdigitalgroup_Email::automation_studio',NULL,'deny'),(9824,16,'Dotdigitalgroup_Email::exclusion_rules',NULL,'deny'),(9825,16,'Magento_Backend::marketing_communications',NULL,'deny'),(9826,16,'Magento_Email::template',NULL,'deny'),(9827,16,'Magento_Newsletter::template',NULL,'deny'),(9828,16,'Magento_Newsletter::queue',NULL,'deny'),(9829,16,'Magento_Newsletter::subscriber',NULL,'deny'),(9830,16,'Magento_Backend::marketing_seo',NULL,'deny'),(9831,16,'Magento_Search::search',NULL,'deny'),(9832,16,'Magento_Search::synonyms',NULL,'deny'),(9833,16,'Magento_UrlRewrite::urlrewrite',NULL,'deny'),(9834,16,'Magento_Sitemap::sitemap',NULL,'deny'),(9835,16,'Magento_Backend::marketing_user_content',NULL,'deny'),(9836,16,'Magento_Review::reviews_all',NULL,'deny'),(9837,16,'Magento_Review::pending',NULL,'deny'),(9838,16,'Mageplaza_Core::menu',NULL,'deny'),(9839,16,'Mageplaza_Core::documentation',NULL,'deny'),(9840,16,'Mageplaza_Core::userguide',NULL,'deny'),(9841,16,'Mageplaza_Core::activate',NULL,'deny'),(9842,16,'Mageplaza_BannerSlider::bannerslider',NULL,'deny'),(9843,16,'Mageplaza_BannerSlider::banner',NULL,'deny'),(9844,16,'Mageplaza_BannerSlider::slider',NULL,'deny'),(9845,16,'Magento_Backend::content',NULL,'deny'),(9846,16,'Magento_Backend::content_elements',NULL,'deny'),(9847,16,'Magento_Cms::page',NULL,'deny'),(9848,16,'Magento_Cms::save',NULL,'deny'),(9849,16,'Magento_Cms::page_delete',NULL,'deny'),(9850,16,'Magento_Cms::block',NULL,'deny'),(9851,16,'Magento_Widget::widget_instance',NULL,'deny'),(9852,16,'Magento_Cms::media_gallery',NULL,'deny'),(9853,16,'Magefan_Blog::elements',NULL,'deny'),(9854,16,'Magefan_Blog::post',NULL,'deny'),(9855,16,'Magefan_Blog::category',NULL,'deny'),(9856,16,'Magefan_Blog::tag',NULL,'deny'),(9857,16,'Magefan_Blog::comment',NULL,'deny'),(9858,16,'Magefan_Blog::import',NULL,'deny'),(9859,16,'Magento_Backend::design',NULL,'deny'),(9860,16,'Magento_Theme::theme',NULL,'deny'),(9861,16,'Magento_Backend::schedule',NULL,'deny'),(9862,16,'Magento_Backend::content_translation',NULL,'deny'),(9863,16,'Magento_Reports::report',NULL,'deny'),(9864,16,'Dotdigitalgroup_Email::reports',NULL,'deny'),(9865,16,'Dotdigitalgroup_Email::contact',NULL,'deny'),(9866,16,'Dotdigitalgroup_Email::order',NULL,'deny'),(9867,16,'Dotdigitalgroup_Email::review',NULL,'deny'),(9868,16,'Dotdigitalgroup_Email::wishlist',NULL,'deny'),(9869,16,'Dotdigitalgroup_Email::catalog',NULL,'deny'),(9870,16,'Dotdigitalgroup_Email::importer',NULL,'deny'),(9871,16,'Dotdigitalgroup_Email::campaign',NULL,'deny'),(9872,16,'Dotdigitalgroup_Email::cron',NULL,'deny'),(9873,16,'Dotdigitalgroup_Email::dashboard',NULL,'deny'),(9874,16,'Dotdigitalgroup_Email::automation_enrollment',NULL,'deny'),(9875,16,'Dotdigitalgroup_Email::logviewer',NULL,'deny'),(9876,16,'Magento_Reports::report_marketing',NULL,'deny'),(9877,16,'Magento_Reports::shopcart',NULL,'deny'),(9878,16,'Magento_Reports::product',NULL,'deny'),(9879,16,'Magento_Reports::abandoned',NULL,'deny'),(9880,16,'Magento_Reports::report_search',NULL,'deny'),(9881,16,'Magento_Newsletter::problem',NULL,'deny'),(9882,16,'Magento_Reports::review',NULL,'deny'),(9883,16,'Magento_Reports::review_customer',NULL,'deny'),(9884,16,'Magento_Reports::review_product',NULL,'deny'),(9885,16,'Magento_Reports::salesroot',NULL,'deny'),(9886,16,'Magento_Reports::salesroot_sales',NULL,'deny'),(9887,16,'Magento_Reports::tax',NULL,'deny'),(9888,16,'Magento_Reports::invoiced',NULL,'deny'),(9889,16,'Magento_Reports::shipping',NULL,'deny'),(9890,16,'Magento_Reports::refunded',NULL,'deny'),(9891,16,'Magento_Reports::coupons',NULL,'deny'),(9892,16,'Magento_Paypal::paypal_settlement_reports',NULL,'deny'),(9893,16,'Magento_Paypal::paypal_settlement_reports_view',NULL,'deny'),(9894,16,'Magento_Paypal::fetch',NULL,'deny'),(9895,16,'Magento_Braintree::settlement_report',NULL,'deny'),(9896,16,'Magento_Reports::customers',NULL,'deny'),(9897,16,'Magento_Reports::totals',NULL,'deny'),(9898,16,'Magento_Reports::customers_orders',NULL,'deny'),(9899,16,'Magento_Reports::accounts',NULL,'deny'),(9900,16,'Magento_Reports::report_products',NULL,'deny'),(9901,16,'Magento_Reports::viewed',NULL,'deny'),(9902,16,'Magento_Reports::bestsellers',NULL,'deny'),(9903,16,'Magento_Reports::lowstock',NULL,'deny'),(9904,16,'Magento_Reports::sold',NULL,'deny'),(9905,16,'Magento_Reports::downloads',NULL,'deny'),(9906,16,'Magento_Reports::statistics',NULL,'deny'),(9907,16,'Magento_Reports::statistics_refresh',NULL,'deny'),(9908,16,'Magento_Analytics::business_intelligence',NULL,'deny'),(9909,16,'Magento_Analytics::advanced_reporting',NULL,'deny'),(9910,16,'Magento_Analytics::bi_essentials',NULL,'deny'),(9911,16,'Magento_Backend::stores',NULL,'allow'),(9912,16,'Magento_Backend::stores_settings',NULL,'allow'),(9913,16,'Magento_Backend::store',NULL,'allow'),(9914,16,'Magento_Config::config',NULL,'deny'),(9915,16,'Magento_Newsletter::newsletter',NULL,'deny'),(9916,16,'Mageplaza_BetterMaintenance::configuration',NULL,'deny'),(9917,16,'Magento_Cms::config_cms',NULL,'deny'),(9918,16,'Magento_Contact::contact',NULL,'deny'),(9919,16,'Magento_Downloadable::downloadable',NULL,'deny'),(9920,16,'Magento_Sales::fraud_protection',NULL,'deny'),(9921,16,'Dotdigitalgroup_Email::config',NULL,'deny'),(9922,16,'Magento_CatalogInventory::cataloginventory',NULL,'deny'),(9923,16,'Magento_Payment::payment_services',NULL,'deny'),(9924,16,'Magento_Payment::payment',NULL,'deny'),(9925,16,'Magento_GoogleAnalytics::google',NULL,'deny'),(9926,16,'Mageplaza_BannerSlider::bannerslider_config',NULL,'deny'),(9927,16,'Mageplaza_CurrencyFormatter::configuration',NULL,'deny'),(9928,16,'Mageplaza_LayeredNavigation::configuration',NULL,'deny'),(9929,16,'Mageserv_UPayments::ccavenue',NULL,'deny'),(9930,16,'WeltPixel_Backend::DocumentationSettings',NULL,'deny'),(9931,16,'Magefan_Blog::config_blog',NULL,'deny'),(9932,16,'Magento_Catalog::config_catalog',NULL,'deny'),(9933,16,'Magento_CatalogSearch::config_catalog_search',NULL,'deny'),(9934,16,'Magento_Shipping::carriers',NULL,'deny'),(9935,16,'Magento_Shipping::shipping_policy',NULL,'deny'),(9936,16,'Magento_Shipping::config_shipping',NULL,'deny'),(9937,16,'Magento_Multishipping::config_multishipping',NULL,'deny'),(9938,16,'Mageplaza_Core::configuration',NULL,'deny'),(9939,16,'Mageplaza_Core::marketplace',NULL,'deny'),(9940,16,'Magento_Config::config_general',NULL,'deny'),(9941,16,'Magento_Config::web',NULL,'deny'),(9942,16,'Magento_Config::config_design',NULL,'deny'),(9943,16,'Magento_Customer::config_customer',NULL,'deny'),(9944,16,'Magento_Paypal::paypal',NULL,'deny'),(9945,16,'Magento_Tax::config_tax',NULL,'deny'),(9946,16,'Magento_Checkout::checkout',NULL,'deny'),(9947,16,'Magento_Sales::config_sales',NULL,'deny'),(9948,16,'Magento_Persistent::persistent',NULL,'deny'),(9949,16,'Magento_Sales::sales_email',NULL,'deny'),(9950,16,'Magento_Sales::sales_pdf',NULL,'deny'),(9951,16,'Magento_Sitemap::config_sitemap',NULL,'deny'),(9952,16,'Magento_Reports::reports',NULL,'deny'),(9953,16,'Magento_Wishlist::config_wishlist',NULL,'deny'),(9954,16,'Magento_Config::config_system',NULL,'deny'),(9955,16,'Magento_Config::advanced',NULL,'deny'),(9956,16,'Magento_SalesRule::config_promo',NULL,'deny'),(9957,16,'Magento_Config::config_admin',NULL,'deny'),(9958,16,'Magento_Config::trans_email',NULL,'deny'),(9959,16,'Magento_Config::dev',NULL,'deny'),(9960,16,'Magento_Config::currency',NULL,'deny'),(9961,16,'Magento_Rss::rss',NULL,'deny'),(9962,16,'Magento_Config::sendfriend',NULL,'deny'),(9963,16,'Magento_Analytics::analytics_settings',NULL,'deny'),(9964,16,'WeltPixel_Quickview::QuickviewSettings',NULL,'deny'),(9965,16,'WeltPixel_Backend::DeveloperSettings',NULL,'deny'),(9966,16,'Magento_NewRelicReporting::config_newrelicreporting',NULL,'deny'),(9967,16,'Magento_CheckoutAgreements::checkoutagreement',NULL,'deny'),(9968,16,'Magento_Sales::order_statuses',NULL,'deny'),(9969,16,'Temando_Shipping::shipping',NULL,'deny'),(9970,16,'Temando_Shipping::carriers',NULL,'deny'),(9971,16,'Temando_Shipping::locations',NULL,'deny'),(9972,16,'Temando_Shipping::packaging',NULL,'deny'),(9973,16,'Magento_Tax::manage_tax',NULL,'deny'),(9974,16,'Magento_CurrencySymbol::system_currency',NULL,'deny'),(9975,16,'Magento_CurrencySymbol::currency_rates',NULL,'deny'),(9976,16,'Magento_CurrencySymbol::symbols',NULL,'deny'),(9977,16,'Magento_Backend::stores_attributes',NULL,'deny'),(9978,16,'Magento_Catalog::attributes_attributes',NULL,'deny'),(9979,16,'Magento_Catalog::update_attributes',NULL,'deny'),(9980,16,'Magento_Catalog::sets',NULL,'deny'),(9981,16,'Magento_Review::ratings',NULL,'deny'),(9982,16,'Magento_Swatches::iframe',NULL,'deny'),(9983,16,'Magento_Backend::stores_other_settings',NULL,'deny'),(9984,16,'Magento_Customer::group',NULL,'deny'),(9985,16,'Magento_Backend::system',NULL,'deny'),(9986,16,'Magento_Backend::convert',NULL,'deny'),(9987,16,'Magento_ImportExport::import',NULL,'deny'),(9988,16,'Magento_ImportExport::export',NULL,'deny'),(9989,16,'Magento_TaxImportExport::import_export',NULL,'deny'),(9990,16,'Magento_ImportExport::history',NULL,'deny'),(9991,16,'Magento_Backend::extensions',NULL,'deny'),(9992,16,'Magento_Backend::local',NULL,'deny'),(9993,16,'Magento_Backend::custom',NULL,'deny'),(9994,16,'Magento_Integration::extensions',NULL,'deny'),(9995,16,'Magento_Integration::integrations',NULL,'deny'),(9996,16,'Magento_Backend::tools',NULL,'deny'),(9997,16,'Magento_Backend::cache',NULL,'deny'),(9998,16,'Magento_Backend::main_actions',NULL,'deny'),(9999,16,'Magento_Backend::flush_cache_storage',NULL,'deny'),(10000,16,'Magento_Backend::flush_magento_cache',NULL,'deny'),(10001,16,'Magento_Backend::mass_actions',NULL,'deny'),(10002,16,'Magento_Backend::toggling_cache_type',NULL,'deny'),(10003,16,'Magento_Backend::refresh_cache_type',NULL,'deny'),(10004,16,'Magento_Backend::additional_cache_management',NULL,'deny'),(10005,16,'Magento_Backend::flush_catalog_images',NULL,'deny'),(10006,16,'Magento_Backend::flush_js_css',NULL,'deny'),(10007,16,'Magento_Backend::flush_static_files',NULL,'deny'),(10008,16,'Magento_Backend::setup_wizard',NULL,'deny'),(10009,16,'Magento_Indexer::index',NULL,'deny'),(10010,16,'Magento_Backup::backup',NULL,'deny'),(10011,16,'Magento_Backup::rollback',NULL,'deny'),(10012,16,'Magento_Indexer::changeMode',NULL,'deny'),(10013,16,'Magento_User::acl',NULL,'deny'),(10014,16,'Magento_User::acl_users',NULL,'deny'),(10015,16,'Magento_User::locks',NULL,'deny'),(10016,16,'Magento_User::acl_roles',NULL,'deny'),(10017,16,'Magento_Backend::system_other_settings',NULL,'deny'),(10018,16,'Magento_AdminNotification::adminnotification',NULL,'deny'),(10019,16,'Magento_AdminNotification::show_toolbar',NULL,'deny'),(10020,16,'Magento_AdminNotification::show_list',NULL,'deny'),(10021,16,'Magento_AdminNotification::mark_as_read',NULL,'deny'),(10022,16,'Magento_AdminNotification::adminnotification_remove',NULL,'deny'),(10023,16,'Magento_Variable::variable',NULL,'deny'),(10024,16,'Magento_EncryptionKey::crypt_key',NULL,'deny'),(10025,16,'Magento_Backend::global_search',NULL,'deny'),(10026,16,'WeltPixel_Backend::WeltPixel',NULL,'deny'),(10027,16,'WeltPixel_Backend::WeltPixel_Documentation',NULL,'deny'),(10028,16,'WeltPixel_Backend::WeltPixel_HelpCenter',NULL,'deny'),(10029,16,'WeltPixel_Backend::WeltPixel_Licenses',NULL,'deny'),(10030,16,'WeltPixel_Backend::Modules_License',NULL,'deny'),(10031,16,'WeltPixel_Backend::WeltPixel_Debugger',NULL,'deny'),(10032,16,'WeltPixel_Backend::WeltPixel_Debugger_Rewrites',NULL,'deny'),(10033,16,'WeltPixel_Backend::WeltPixel_Debugger_Modules',NULL,'deny'),(10034,16,'WeltPixel_Backend::WeltPixel_Debugger_Developer',NULL,'deny'),(10035,16,'WeltPixel_Backend::Pearl_Theme_Options',NULL,'deny'),(10036,16,'WeltPixel_Quickview::Quickview_Label',NULL,'deny'),(10037,16,'WeltPixel_Quickview::Quickview',NULL,'deny');

--
-- Table structure for table `mag2_cache`
--

CREATE TABLE `mag2_cache` (
  `id` varchar(200) NOT NULL COMMENT 'Cache Id',
  `data` mediumblob COMMENT 'Cache Data',
  `create_time` int(11) DEFAULT NULL COMMENT 'Cache Creation Time',
  `update_time` int(11) DEFAULT NULL COMMENT 'Time of Cache Updating',
  `expire_time` int(11) DEFAULT NULL COMMENT 'Cache Expiration Time',
  PRIMARY KEY (`id`),
  KEY `MAG2_CACHE_EXPIRE_TIME` (`expire_time`)
) ENGINE=InnoDB DEFAULT CHARSET=utf8 COMMENT='Caches';

--
-- Dumping data for table `mag2_cache`
--


--
-- Table structure for table `mag2_cache_tag`
--

CREATE TABLE `mag2_cache_tag` (
  `tag` varchar(100) NOT NULL COMMENT 'Tag',
  `cache_id` varchar(200) NOT NULL COMMENT 'Cache Id',
  PRIMARY KEY (`tag`,`cache_id`),
  KEY `MAG2_CACHE_TAG_CACHE_ID` (`cache_id`)
) ENGINE=InnoDB DEFAULT CHARSET=utf8 COMMENT='Tag Caches';

--
-- Dumping data for table `mag2_cache_tag`
--


--
-- Table structure for table `mag2_captcha_log`
--

CREATE TABLE `mag2_captcha_log` (
  `type` varchar(32) NOT NULL COMMENT 'Type',
  `value` varchar(32) NOT NULL COMMENT 'Value',
  `count` int(10) unsigned NOT NULL DEFAULT '0' COMMENT 'Count',
  `updated_at` timestamp NULL DEFAULT NULL COMMENT 'Update Time',
  PRIMARY KEY (`type`,`value`)
) ENGINE=InnoDB DEFAULT CHARSET=utf8 COMMENT='Count Login Attempts';

--
-- Dumping data for table `mag2_captcha_log`
--


--
-- Table structure for table `mag2_catalog_category_entity`
--

CREATE TABLE `mag2_catalog_category_entity` (
  `entity_id` int(10) unsigned NOT NULL AUTO_INCREMENT COMMENT 'Entity ID',
  `attribute_set_id` smallint(5) unsigned NOT NULL DEFAULT '0' COMMENT 'Attriute Set ID',
  `parent_id` int(10) unsigned NOT NULL DEFAULT '0' COMMENT 'Parent Category ID',
  `created_at` timestamp NOT NULL DEFAULT CURRENT_TIMESTAMP COMMENT 'Creation Time',
  `updated_at` timestamp NOT NULL DEFAULT CURRENT_TIMESTAMP ON UPDATE CURRENT_TIMESTAMP COMMENT 'Update Time',
  `path` varchar(255) NOT NULL COMMENT 'Tree Path',
  `position` int(11) NOT NULL COMMENT 'Position',
  `level` int(11) NOT NULL DEFAULT '0' COMMENT 'Tree Level',
  `children_count` int(11) NOT NULL COMMENT 'Child Count',
  PRIMARY KEY (`entity_id`),
  KEY `MAG2_CATALOG_CATEGORY_ENTITY_LEVEL` (`level`),
  KEY `MAG2_CATALOG_CATEGORY_ENTITY_PATH` (`path`)
) ENGINE=InnoDB AUTO_INCREMENT=48 DEFAULT CHARSET=utf8 COMMENT='Catalog Category Table';

--
-- Dumping data for table `mag2_catalog_category_entity`
--

INSERT INTO `mag2_catalog_category_entity` VALUES (1,3,0,'2021-11-10 08:14:43','2021-11-15 16:49:20','1',0,0,-35),(2,3,1,'2021-11-10 08:14:44','2021-11-15 16:49:20','1/2',1,1,-36),(41,3,2,'2021-11-15 16:25:38','2021-11-15 16:41:08','1/2/41',2,2,0),(42,3,2,'2021-11-15 16:33:32','2021-11-15 16:41:08','1/2/42',3,2,0),(43,3,2,'2021-11-15 16:38:22','2021-11-15 16:41:08','1/2/43',4,2,0),(45,3,2,'2021-11-15 16:41:53','2021-11-15 16:42:29','1/2/45',5,2,0),(46,3,2,'2021-11-15 16:45:02','2021-11-15 16:45:49','1/2/46',6,2,0),(47,3,2,'2021-11-15 16:49:20','2021-11-15 16:50:14','1/2/47',7,2,0);

--
-- Table structure for table `mag2_catalog_category_entity_datetime`
--

CREATE TABLE `mag2_catalog_category_entity_datetime` (
  `value_id` int(11) NOT NULL AUTO_INCREMENT COMMENT 'Value ID',
  `attribute_id` smallint(5) unsigned NOT NULL DEFAULT '0' COMMENT 'Attribute ID',
  `store_id` smallint(5) unsigned NOT NULL DEFAULT '0' COMMENT 'Store ID',
  `entity_id` int(10) unsigned NOT NULL DEFAULT '0' COMMENT 'Entity ID',
  `value` datetime DEFAULT NULL COMMENT 'Value',
  PRIMARY KEY (`value_id`),
  UNIQUE KEY `MAG2_CAT_CTGR_ENTT_DTIME_ENTT_ID_ATTR_ID_STORE_ID` (`entity_id`,`attribute_id`,`store_id`),
  KEY `MAG2_CATALOG_CATEGORY_ENTITY_DATETIME_ENTITY_ID` (`entity_id`),
  KEY `MAG2_CATALOG_CATEGORY_ENTITY_DATETIME_ATTRIBUTE_ID` (`attribute_id`),
  KEY `MAG2_CATALOG_CATEGORY_ENTITY_DATETIME_STORE_ID` (`store_id`),
  CONSTRAINT `MAG2_CATALOG_CATEGORY_ENTITY_DATETIME_STORE_ID_STORE_STORE_ID` FOREIGN KEY (`store_id`) REFERENCES `mag2_store` (`store_id`) ON DELETE CASCADE,
  CONSTRAINT `MAG2_CAT_CTGR_ENTT_DTIME_ATTR_ID_EAV_ATTR_ATTR_ID` FOREIGN KEY (`attribute_id`) REFERENCES `mag2_eav_attribute` (`attribute_id`) ON DELETE CASCADE,
  CONSTRAINT `MAG2_CAT_CTGR_ENTT_DTIME_ENTT_ID_CAT_CTGR_ENTT_ENTT_ID` FOREIGN KEY (`entity_id`) REFERENCES `mag2_catalog_category_entity` (`entity_id`) ON DELETE CASCADE
) ENGINE=InnoDB AUTO_INCREMENT=13 DEFAULT CHARSET=utf8 COMMENT='Catalog Category Datetime Attribute Backend Table';

--
-- Dumping data for table `mag2_catalog_category_entity_datetime`
--

INSERT INTO `mag2_catalog_category_entity_datetime` VALUES (1,61,2,41,NULL),(2,62,2,41,NULL),(3,61,2,42,NULL),(4,62,2,42,NULL),(5,61,2,43,NULL),(6,62,2,43,NULL),(7,61,2,45,NULL),(8,62,2,45,NULL),(9,61,2,46,NULL),(10,62,2,46,NULL),(11,61,2,47,NULL),(12,62,2,47,NULL);

--
-- Table structure for table `mag2_catalog_category_entity_decimal`
--

CREATE TABLE `mag2_catalog_category_entity_decimal` (
  `value_id` int(11) NOT NULL AUTO_INCREMENT COMMENT 'Value ID',
  `attribute_id` smallint(5) unsigned NOT NULL DEFAULT '0' COMMENT 'Attribute ID',
  `store_id` smallint(5) unsigned NOT NULL DEFAULT '0' COMMENT 'Store ID',
  `entity_id` int(10) unsigned NOT NULL DEFAULT '0' COMMENT 'Entity ID',
  `value` decimal(12,4) DEFAULT NULL COMMENT 'Value',
  PRIMARY KEY (`value_id`),
  UNIQUE KEY `MAG2_CAT_CTGR_ENTT_DEC_ENTT_ID_ATTR_ID_STORE_ID` (`entity_id`,`attribute_id`,`store_id`),
  KEY `MAG2_CATALOG_CATEGORY_ENTITY_DECIMAL_ENTITY_ID` (`entity_id`),
  KEY `MAG2_CATALOG_CATEGORY_ENTITY_DECIMAL_ATTRIBUTE_ID` (`attribute_id`),
  KEY `MAG2_CATALOG_CATEGORY_ENTITY_DECIMAL_STORE_ID` (`store_id`),
  CONSTRAINT `MAG2_CATALOG_CATEGORY_ENTITY_DECIMAL_STORE_ID_STORE_STORE_ID` FOREIGN KEY (`store_id`) REFERENCES `mag2_store` (`store_id`) ON DELETE CASCADE,
  CONSTRAINT `MAG2_CAT_CTGR_ENTT_DEC_ATTR_ID_EAV_ATTR_ATTR_ID` FOREIGN KEY (`attribute_id`) REFERENCES `mag2_eav_attribute` (`attribute_id`) ON DELETE CASCADE,
  CONSTRAINT `MAG2_CAT_CTGR_ENTT_DEC_ENTT_ID_CAT_CTGR_ENTT_ENTT_ID` FOREIGN KEY (`entity_id`) REFERENCES `mag2_catalog_category_entity` (`entity_id`) ON DELETE CASCADE
) ENGINE=InnoDB DEFAULT CHARSET=utf8 COMMENT='Catalog Category Decimal Attribute Backend Table';

--
-- Dumping data for table `mag2_catalog_category_entity_decimal`
--


--
-- Table structure for table `mag2_catalog_category_entity_int`
--

CREATE TABLE `mag2_catalog_category_entity_int` (
  `value_id` int(11) NOT NULL AUTO_INCREMENT COMMENT 'Value ID',
  `attribute_id` smallint(5) unsigned NOT NULL DEFAULT '0' COMMENT 'Attribute ID',
  `store_id` smallint(5) unsigned NOT NULL DEFAULT '0' COMMENT 'Store ID',
  `entity_id` int(10) unsigned NOT NULL DEFAULT '0' COMMENT 'Entity ID',
  `value` int(11) DEFAULT NULL COMMENT 'Value',
  PRIMARY KEY (`value_id`),
  UNIQUE KEY `MAG2_CATALOG_CATEGORY_ENTITY_INT_ENTITY_ID_ATTRIBUTE_ID_STORE_ID` (`entity_id`,`attribute_id`,`store_id`),
  KEY `MAG2_CATALOG_CATEGORY_ENTITY_INT_ENTITY_ID` (`entity_id`),
  KEY `MAG2_CATALOG_CATEGORY_ENTITY_INT_ATTRIBUTE_ID` (`attribute_id`),
  KEY `MAG2_CATALOG_CATEGORY_ENTITY_INT_STORE_ID` (`store_id`),
  CONSTRAINT `MAG2_CATALOG_CATEGORY_ENTITY_INT_STORE_ID_STORE_STORE_ID` FOREIGN KEY (`store_id`) REFERENCES `mag2_store` (`store_id`) ON DELETE CASCADE,
  CONSTRAINT `MAG2_CAT_CTGR_ENTT_INT_ATTR_ID_EAV_ATTR_ATTR_ID` FOREIGN KEY (`attribute_id`) REFERENCES `mag2_eav_attribute` (`attribute_id`) ON DELETE CASCADE,
  CONSTRAINT `MAG2_CAT_CTGR_ENTT_INT_ENTT_ID_CAT_CTGR_ENTT_ENTT_ID` FOREIGN KEY (`entity_id`) REFERENCES `mag2_catalog_category_entity` (`entity_id`) ON DELETE CASCADE
) ENGINE=InnoDB AUTO_INCREMENT=184 DEFAULT CHARSET=utf8 COMMENT='Catalog Category Integer Attribute Backend Table';

--
-- Dumping data for table `mag2_catalog_category_entity_int`
--

INSERT INTO `mag2_catalog_category_entity_int` VALUES (1,69,0,1,1),(2,46,0,2,1),(3,69,0,2,1),(118,46,0,41,1),(119,54,0,41,1),(120,69,0,41,1),(121,70,0,41,0),(122,71,0,41,0),(123,160,0,41,1),(124,53,2,41,NULL),(125,70,2,41,0),(126,71,2,41,0),(127,160,2,41,1),(128,46,0,42,1),(129,54,0,42,1),(130,69,0,42,1),(131,70,0,42,0),(132,71,0,42,0),(133,160,0,42,1),(134,53,2,42,NULL),(135,70,2,42,0),(136,71,2,42,0),(137,160,2,42,1),(138,46,0,43,1),(139,54,0,43,1),(140,69,0,43,1),(141,70,0,43,0),(142,71,0,43,0),(143,160,0,43,1),(144,53,2,43,NULL),(145,70,2,43,0),(146,71,2,43,0),(147,160,2,43,1),(154,46,0,45,1),(155,54,0,45,1),(156,69,0,45,1),(157,70,0,45,0),(158,71,0,45,0),(159,160,0,45,1),(160,53,2,45,NULL),(161,70,2,45,0),(162,71,2,45,0),(163,160,2,45,1),(164,46,0,46,1),(165,54,0,46,1),(166,69,0,46,1),(167,70,0,46,0),(168,71,0,46,0),(169,160,0,46,1),(170,53,2,46,NULL),(171,70,2,46,0),(172,71,2,46,0),(173,160,2,46,1),(174,46,0,47,1),(175,54,0,47,1),(176,69,0,47,1),(177,70,0,47,0),(178,71,0,47,0),(179,160,0,47,1),(180,53,2,47,NULL),(181,70,2,47,0),(182,71,2,47,0),(183,160,2,47,1);

--
-- Table structure for table `mag2_catalog_category_entity_text`
--

CREATE TABLE `mag2_catalog_category_entity_text` (
  `value_id` int(11) NOT NULL AUTO_INCREMENT COMMENT 'Value ID',
  `attribute_id` smallint(5) unsigned NOT NULL DEFAULT '0' COMMENT 'Attribute ID',
  `store_id` smallint(5) unsigned NOT NULL DEFAULT '0' COMMENT 'Store ID',
  `entity_id` int(10) unsigned NOT NULL DEFAULT '0' COMMENT 'Entity ID',
  `value` text COMMENT 'Value',
  PRIMARY KEY (`value_id`),
  UNIQUE KEY `MAG2_CAT_CTGR_ENTT_TEXT_ENTT_ID_ATTR_ID_STORE_ID` (`entity_id`,`attribute_id`,`store_id`),
  KEY `MAG2_CATALOG_CATEGORY_ENTITY_TEXT_ENTITY_ID` (`entity_id`),
  KEY `MAG2_CATALOG_CATEGORY_ENTITY_TEXT_ATTRIBUTE_ID` (`attribute_id`),
  KEY `MAG2_CATALOG_CATEGORY_ENTITY_TEXT_STORE_ID` (`store_id`),
  CONSTRAINT `MAG2_CATALOG_CATEGORY_ENTITY_TEXT_STORE_ID_STORE_STORE_ID` FOREIGN KEY (`store_id`) REFERENCES `mag2_store` (`store_id`) ON DELETE CASCADE,
  CONSTRAINT `MAG2_CAT_CTGR_ENTT_TEXT_ATTR_ID_EAV_ATTR_ATTR_ID` FOREIGN KEY (`attribute_id`) REFERENCES `mag2_eav_attribute` (`attribute_id`) ON DELETE CASCADE,
  CONSTRAINT `MAG2_CAT_CTGR_ENTT_TEXT_ENTT_ID_CAT_CTGR_ENTT_ENTT_ID` FOREIGN KEY (`entity_id`) REFERENCES `mag2_catalog_category_entity` (`entity_id`) ON DELETE CASCADE
) ENGINE=InnoDB AUTO_INCREMENT=202 DEFAULT CHARSET=utf8 COMMENT='Catalog Category Text Attribute Backend Table';

--
-- Dumping data for table `mag2_catalog_category_entity_text`
--

INSERT INTO `mag2_catalog_category_entity_text` VALUES (5,165,0,41,'3'),(6,167,0,41,'3'),(7,170,0,41,'1180'),(8,171,0,41,'menu-bottom'),(9,172,0,41,'menu-left'),(10,173,0,41,'horizontal'),(11,174,0,41,'cwc-1-2'),(12,175,0,41,'ban-gal'),(13,178,0,41,'3'),(14,47,2,41,NULL),(15,64,2,41,NULL),(16,161,2,41,NULL),(17,162,2,41,NULL),(18,163,2,41,NULL),(19,164,2,41,NULL),(20,165,2,41,'3'),(21,166,2,41,NULL),(22,167,2,41,'3'),(23,168,2,41,NULL),(24,169,2,41,NULL),(25,170,2,41,'1180'),(26,171,2,41,'menu-bottom'),(27,172,2,41,'menu-left'),(28,173,2,41,'horizontal'),(29,174,2,41,'cwc-1-2'),(30,175,2,41,'ban-gal'),(31,176,2,41,NULL),(32,177,2,41,NULL),(33,178,2,41,'3'),(34,179,2,41,NULL),(35,165,0,42,'3'),(36,167,0,42,'3'),(37,170,0,42,'1170'),(38,171,0,42,'menu-bottom'),(39,172,0,42,'menu-left'),(40,173,0,42,'horizontal'),(41,174,0,42,'cwc-1-2'),(42,175,0,42,'ban-gal'),(43,178,0,42,'3'),(44,47,2,42,NULL),(45,50,2,42,NULL),(46,51,2,42,NULL),(47,64,2,42,NULL),(48,161,2,42,NULL),(49,162,2,42,NULL),(50,163,2,42,NULL),(51,164,2,42,NULL),(52,165,2,42,'3'),(53,166,2,42,NULL),(54,167,2,42,'3'),(55,168,2,42,NULL),(56,169,2,42,NULL),(57,170,2,42,NULL),(58,171,2,42,'menu-bottom'),(59,172,2,42,'menu-left'),(60,173,2,42,'horizontal'),(61,174,2,42,'cwc-1-2'),(62,175,2,42,'ban-gal'),(63,176,2,42,NULL),(64,177,2,42,NULL),(65,178,2,42,'3'),(66,179,2,42,NULL),(67,165,0,43,'3'),(68,167,0,43,'3'),(69,170,0,43,'1170'),(70,171,0,43,'menu-bottom'),(71,172,0,43,'menu-left'),(72,173,0,43,'horizontal'),(73,174,0,43,'cwc-1-2'),(74,175,0,43,'ban-gal'),(75,178,0,43,'3'),(76,47,2,43,NULL),(77,50,2,43,NULL),(78,51,2,43,NULL),(79,64,2,43,NULL),(80,161,2,43,NULL),(81,162,2,43,NULL),(82,163,2,43,NULL),(83,164,2,43,NULL),(84,165,2,43,'3'),(85,166,2,43,NULL),(86,167,2,43,'3'),(87,168,2,43,NULL),(88,169,2,43,NULL),(89,170,2,43,NULL),(90,171,2,43,'menu-bottom'),(91,172,2,43,'menu-left'),(92,173,2,43,'horizontal'),(93,174,2,43,'cwc-1-2'),(94,175,2,43,'ban-gal'),(95,176,2,43,NULL),(96,177,2,43,NULL),(97,178,2,43,'3'),(98,179,2,43,NULL),(108,165,0,45,'3'),(109,167,0,45,'3'),(110,170,0,45,'1170'),(111,171,0,45,'menu-bottom'),(112,172,0,45,'menu-left'),(113,173,0,45,'horizontal'),(114,174,0,45,'cwc-1-2'),(115,175,0,45,'ban-gal'),(116,178,0,45,'3'),(117,47,2,45,NULL),(118,64,2,45,NULL),(119,161,2,45,NULL),(120,162,2,45,NULL),(121,163,2,45,NULL),(122,164,2,45,NULL),(123,165,2,45,'3'),(124,166,2,45,NULL),(125,167,2,45,'3'),(126,168,2,45,NULL),(127,169,2,45,NULL),(128,170,2,45,NULL),(129,171,2,45,'menu-bottom'),(130,172,2,45,'menu-left'),(131,173,2,45,'horizontal'),(132,174,2,45,'cwc-1-2'),(133,175,2,45,'ban-gal'),(134,176,2,45,NULL),(135,177,2,45,NULL),(136,178,2,45,'3'),(137,179,2,45,NULL),(138,165,0,46,'3'),(139,167,0,46,'3'),(140,170,0,46,'1170'),(141,171,0,46,'menu-bottom'),(142,172,0,46,'menu-left'),(143,173,0,46,'horizontal'),(144,174,0,46,'cwc-1-2'),(145,175,0,46,'ban-gal'),(146,178,0,46,'3'),(147,47,2,46,NULL),(148,50,2,46,NULL),(149,51,2,46,NULL),(150,64,2,46,NULL),(151,161,2,46,NULL),(152,162,2,46,NULL),(153,163,2,46,NULL),(154,164,2,46,NULL),(155,165,2,46,'3'),(156,166,2,46,NULL),(157,167,2,46,'3'),(158,168,2,46,NULL),(159,169,2,46,NULL),(160,170,2,46,NULL),(161,171,2,46,'menu-bottom'),(162,172,2,46,'menu-left'),(163,173,2,46,'horizontal'),(164,174,2,46,'cwc-1-2'),(165,175,2,46,'ban-gal'),(166,176,2,46,NULL),(167,177,2,46,NULL),(168,178,2,46,'3'),(169,179,2,46,NULL),(170,165,0,47,'3'),(171,167,0,47,'3'),(172,170,0,47,'1170'),(173,171,0,47,'menu-bottom'),(174,172,0,47,'menu-left'),(175,173,0,47,'horizontal'),(176,174,0,47,'cwc-1-2'),(177,175,0,47,'ban-gal'),(178,178,0,47,'3'),(179,47,2,47,NULL),(180,50,2,47,NULL),(181,51,2,47,NULL),(182,64,2,47,NULL),(183,161,2,47,NULL),(184,162,2,47,NULL),(185,163,2,47,NULL),(186,164,2,47,NULL),(187,165,2,47,'3'),(188,166,2,47,NULL),(189,167,2,47,'3'),(190,168,2,47,NULL),(191,169,2,47,NULL),(192,170,2,47,NULL),(193,171,2,47,'menu-bottom'),(194,172,2,47,'menu-left'),(195,173,2,47,'horizontal'),(196,174,2,47,'cwc-1-2'),(197,175,2,47,'ban-gal'),(198,176,2,47,NULL),(199,177,2,47,NULL),(200,178,2,47,'3'),(201,179,2,47,NULL);

--
-- Table structure for table `mag2_catalog_category_entity_varchar`
--

CREATE TABLE `mag2_catalog_category_entity_varchar` (
  `value_id` int(11) NOT NULL AUTO_INCREMENT COMMENT 'Value ID',
  `attribute_id` smallint(5) unsigned NOT NULL DEFAULT '0' COMMENT 'Attribute ID',
  `store_id` smallint(5) unsigned NOT NULL DEFAULT '0' COMMENT 'Store ID',
  `entity_id` int(10) unsigned NOT NULL DEFAULT '0' COMMENT 'Entity ID',
  `value` varchar(255) DEFAULT NULL COMMENT 'Value',
  PRIMARY KEY (`value_id`),
  UNIQUE KEY `MAG2_CAT_CTGR_ENTT_VCHR_ENTT_ID_ATTR_ID_STORE_ID` (`entity_id`,`attribute_id`,`store_id`),
  KEY `MAG2_CATALOG_CATEGORY_ENTITY_VARCHAR_ENTITY_ID` (`entity_id`),
  KEY `MAG2_CATALOG_CATEGORY_ENTITY_VARCHAR_ATTRIBUTE_ID` (`attribute_id`),
  KEY `MAG2_CATALOG_CATEGORY_ENTITY_VARCHAR_STORE_ID` (`store_id`),
  CONSTRAINT `MAG2_CATALOG_CATEGORY_ENTITY_VARCHAR_STORE_ID_STORE_STORE_ID` FOREIGN KEY (`store_id`) REFERENCES `mag2_store` (`store_id`) ON DELETE CASCADE,
  CONSTRAINT `MAG2_CAT_CTGR_ENTT_VCHR_ATTR_ID_EAV_ATTR_ATTR_ID` FOREIGN KEY (`attribute_id`) REFERENCES `mag2_eav_attribute` (`attribute_id`) ON DELETE CASCADE,
  CONSTRAINT `MAG2_CAT_CTGR_ENTT_VCHR_ENTT_ID_CAT_CTGR_ENTT_ENTT_ID` FOREIGN KEY (`entity_id`) REFERENCES `mag2_catalog_category_entity` (`entity_id`) ON DELETE CASCADE
) ENGINE=InnoDB AUTO_INCREMENT=211 DEFAULT CHARSET=utf8 COMMENT='Catalog Category Varchar Attribute Backend Table';

--
-- Dumping data for table `mag2_catalog_category_entity_varchar`
--

INSERT INTO `mag2_catalog_category_entity_varchar` VALUES (1,45,0,1,'Root Catalog'),(2,45,0,2,'Default Category'),(3,52,0,2,'PRODUCTS'),(130,45,0,41,'Shampoo'),(131,48,0,41,'y_1.jpg'),(132,52,0,41,'PRODUCTS'),(133,124,0,41,'shampoo'),(134,125,0,41,'shampoo'),(135,45,2,41,'شامبو '),(136,48,2,41,'y_1.jpg'),(137,52,2,41,'PRODUCTS'),(138,60,2,41,NULL),(139,63,2,41,NULL),(140,125,2,41,'shampoo'),(141,45,0,42,'Conditioner'),(142,48,0,42,'IMG_4887_1_.png'),(143,52,0,42,'PRODUCTS'),(144,124,0,42,'conditioner'),(145,125,0,42,'conditioner'),(146,125,2,42,'conditioner'),(147,45,2,42,'بلسم'),(148,48,2,42,'IMG_4887_1_.png'),(149,49,2,42,NULL),(150,52,2,42,'PRODUCTS'),(151,60,2,42,NULL),(152,63,2,42,NULL),(153,124,2,42,'conditioner'),(154,45,0,43,'Hair Mask'),(155,48,0,43,'Banner_Photo_2.JPG'),(156,52,0,43,'PRODUCTS'),(157,124,0,43,'hair-mask'),(158,125,0,43,'hair-mask'),(159,125,2,43,'hair-mask'),(160,45,2,43,'ماسك للشعر'),(161,48,2,43,'Banner_Photo_2.JPG'),(162,49,2,43,NULL),(163,52,2,43,'PRODUCTS'),(164,60,2,43,NULL),(165,63,2,43,NULL),(166,124,2,43,'hair-mask'),(174,45,0,45,'serum'),(175,48,0,45,'Banner_Photo_4_1.JPG'),(176,52,0,45,'PRODUCTS'),(177,124,0,45,'serum'),(178,125,0,45,'serum'),(179,45,2,45,'سيرم للشعر'),(180,48,2,45,'Banner_Photo_4_1.JPG'),(181,52,2,45,'PRODUCTS'),(182,60,2,45,NULL),(183,63,2,45,NULL),(184,125,2,45,'serum'),(185,45,0,46,'Promotion Packages'),(186,48,0,46,'3.jpg'),(187,52,0,46,'PRODUCTS'),(188,124,0,46,'promotion-packages'),(189,125,0,46,'promotion-packages'),(190,125,2,46,'promotion-packages'),(191,45,2,46,'عروض المجموعات'),(192,48,2,46,'3.jpg'),(193,49,2,46,NULL),(194,52,2,46,'PRODUCTS'),(195,60,2,46,NULL),(196,63,2,46,NULL),(197,124,2,46,'promotion-packages'),(198,45,0,47,'Hair Treatment'),(199,48,0,47,'Banner_1_Photo.jpg'),(200,52,0,47,'PRODUCTS'),(201,124,0,47,'hair-treatment'),(202,125,0,47,'hair-treatment'),(203,125,2,47,'hair-treatment'),(204,45,2,47,'علاجات الشعر'),(205,48,2,47,'Banner_1_Photo.jpg'),(206,49,2,47,NULL),(207,52,2,47,'PRODUCTS'),(208,60,2,47,NULL),(209,63,2,47,NULL),(210,124,2,47,'hair-treatment');

--
-- Table structure for table `mag2_catalog_category_product`
--

CREATE TABLE `mag2_catalog_category_product` (
  `entity_id` int(11) NOT NULL AUTO_INCREMENT COMMENT 'Entity ID',
  `category_id` int(10) unsigned NOT NULL DEFAULT '0' COMMENT 'Category ID',
  `product_id` int(10) unsigned NOT NULL DEFAULT '0' COMMENT 'Product ID',
  `position` int(11) NOT NULL DEFAULT '0' COMMENT 'Position',
  PRIMARY KEY (`entity_id`,`category_id`,`product_id`),
  UNIQUE KEY `MAG2_CATALOG_CATEGORY_PRODUCT_CATEGORY_ID_PRODUCT_ID` (`category_id`,`product_id`),
  KEY `MAG2_CATALOG_CATEGORY_PRODUCT_PRODUCT_ID` (`product_id`),
  CONSTRAINT `MAG2_CAT_CTGR_PRD_CTGR_ID_MAG2_CAT_CTGR_ENTT_ENTT_ID` FOREIGN KEY (`category_id`) REFERENCES `mag2_catalog_category_entity` (`entity_id`) ON DELETE CASCADE,
  CONSTRAINT `MAG2_CAT_CTGR_PRD_PRD_ID_CAT_PRD_ENTT_ENTT_ID` FOREIGN KEY (`product_id`) REFERENCES `mag2_catalog_product_entity` (`entity_id`) ON DELETE CASCADE
) ENGINE=InnoDB AUTO_INCREMENT=5215 DEFAULT CHARSET=utf8 COMMENT='Catalog Product To Category Linkage Table';

--
-- Dumping data for table `mag2_catalog_category_product`
--

INSERT INTO `mag2_catalog_category_product` VALUES (5178,42,1,0),(5186,41,9,0),(5187,45,10,0),(5188,43,11,0),(5192,43,15,0),(5193,43,16,0),(5194,45,16,0),(5195,41,17,0),(5196,41,18,0),(5198,42,20,0),(5199,41,21,0),(5200,41,22,0),(5201,43,23,0),(5202,42,24,0),(5203,42,25,0),(5204,45,26,0),(5205,42,27,0),(5206,43,28,0),(5207,41,29,0),(5208,42,30,0),(5209,46,31,0),(5210,46,32,0),(5211,46,33,0),(5212,46,34,0),(5213,46,35,0),(5214,46,36,0);

--
-- Table structure for table `mag2_catalog_category_product_index`
--

CREATE TABLE `mag2_catalog_category_product_index` (
  `category_id` int(10) unsigned NOT NULL DEFAULT '0' COMMENT 'Category ID',
  `product_id` int(10) unsigned NOT NULL DEFAULT '0' COMMENT 'Product ID',
  `position` int(11) DEFAULT NULL COMMENT 'Position',
  `is_parent` smallint(5) unsigned NOT NULL DEFAULT '0' COMMENT 'Is Parent',
  `store_id` smallint(5) unsigned NOT NULL DEFAULT '0' COMMENT 'Store ID',
  `visibility` smallint(5) unsigned NOT NULL COMMENT 'Visibility',
  PRIMARY KEY (`category_id`,`product_id`,`store_id`),
  KEY `MAG2_CAT_CTGR_PRD_IDX_PRD_ID_STORE_ID_CTGR_ID_VISIBILITY` (`product_id`,`store_id`,`category_id`,`visibility`),
  KEY `IDX_7062DD9B7214022DB22F8EAFD845BAA1` (`store_id`,`category_id`,`visibility`,`is_parent`,`position`)
) ENGINE=InnoDB DEFAULT CHARSET=utf8 COMMENT='Catalog Category Product Index';

--
-- Dumping data for table `mag2_catalog_category_product_index`
--


--
-- Table structure for table `mag2_catalog_category_product_index_replica`
--

CREATE TABLE `mag2_catalog_category_product_index_replica` (
  `category_id` int(10) unsigned NOT NULL DEFAULT '0' COMMENT 'Category ID',
  `product_id` int(10) unsigned NOT NULL DEFAULT '0' COMMENT 'Product ID',
  `position` int(11) DEFAULT NULL COMMENT 'Position',
  `is_parent` smallint(5) unsigned NOT NULL DEFAULT '0' COMMENT 'Is Parent',
  `store_id` smallint(5) unsigned NOT NULL DEFAULT '0' COMMENT 'Store ID',
  `visibility` smallint(5) unsigned NOT NULL COMMENT 'Visibility',
  PRIMARY KEY (`category_id`,`product_id`,`store_id`),
  KEY `MAG2_CAT_CTGR_PRD_IDX_PRD_ID_STORE_ID_CTGR_ID_VISIBILITY` (`product_id`,`store_id`,`category_id`,`visibility`),
  KEY `IDX_7062DD9B7214022DB22F8EAFD845BAA1` (`store_id`,`category_id`,`visibility`,`is_parent`,`position`)
) ENGINE=InnoDB DEFAULT CHARSET=utf8 COMMENT='Catalog Category Product Index';

--
-- Dumping data for table `mag2_catalog_category_product_index_replica`
--


--
-- Table structure for table `mag2_catalog_category_product_index_store1`
--

CREATE TABLE `mag2_catalog_category_product_index_store1` (
  `category_id` int(10) unsigned NOT NULL DEFAULT '0' COMMENT 'Category Id',
  `product_id` int(10) unsigned NOT NULL DEFAULT '0' COMMENT 'Product Id',
  `position` int(11) DEFAULT NULL COMMENT 'Position',
  `is_parent` smallint(5) unsigned NOT NULL DEFAULT '0' COMMENT 'Is Parent',
  `store_id` smallint(5) unsigned NOT NULL DEFAULT '0' COMMENT 'Store Id',
  `visibility` smallint(5) unsigned NOT NULL COMMENT 'Visibility',
  PRIMARY KEY (`category_id`,`product_id`,`store_id`),
  KEY `IDX_5DD446310036CF422C3491E2D175490D` (`product_id`,`store_id`,`category_id`,`visibility`),
  KEY `IDX_688A52ADCF2F01004CB740C6905B062B` (`store_id`,`category_id`,`visibility`,`is_parent`,`position`)
) ENGINE=InnoDB DEFAULT CHARSET=utf8 COMMENT='Mag2 Catalog Category Product Index Store1 Replica';

--
-- Dumping data for table `mag2_catalog_category_product_index_store1`
--

INSERT INTO `mag2_catalog_category_product_index_store1` VALUES (2,1,0,1,1,4),(2,9,0,1,1,4),(2,10,0,1,1,4),(2,11,0,1,1,4),(2,15,0,1,1,4),(2,16,0,1,1,4),(2,17,0,1,1,4),(2,18,0,1,1,4),(2,20,0,1,1,4),(2,21,0,1,1,4),(2,22,0,1,1,4),(2,23,0,1,1,4),(2,24,0,1,1,4),(2,25,0,1,1,4),(2,26,0,1,1,4),(2,27,0,1,1,4),(2,28,0,1,1,4),(2,29,0,1,1,4),(2,30,0,1,1,4),(2,31,0,1,1,4),(2,33,0,1,1,4),(2,34,0,1,1,4),(2,35,0,1,1,4),(41,9,0,1,1,4),(41,17,0,1,1,4),(41,18,0,1,1,4),(41,21,0,1,1,4),(41,22,0,1,1,4),(41,29,0,1,1,4),(42,1,0,1,1,4),(42,20,0,1,1,4),(42,24,0,1,1,4),(42,25,0,1,1,4),(42,27,0,1,1,4),(42,30,0,1,1,4),(43,11,0,1,1,4),(43,15,0,1,1,4),(43,16,0,1,1,4),(43,23,0,1,1,4),(43,28,0,1,1,4),(45,10,0,1,1,4),(45,16,0,1,1,4),(45,26,0,1,1,4),(46,31,0,1,1,4),(46,33,0,1,1,4),(46,34,0,1,1,4),(46,35,0,1,1,4);

--
-- Table structure for table `mag2_catalog_category_product_index_store1_replica`
--

CREATE TABLE `mag2_catalog_category_product_index_store1_replica` (
  `category_id` int(10) unsigned NOT NULL DEFAULT '0' COMMENT 'Category Id',
  `product_id` int(10) unsigned NOT NULL DEFAULT '0' COMMENT 'Product Id',
  `position` int(11) DEFAULT NULL COMMENT 'Position',
  `is_parent` smallint(5) unsigned NOT NULL DEFAULT '0' COMMENT 'Is Parent',
  `store_id` smallint(5) unsigned NOT NULL DEFAULT '0' COMMENT 'Store Id',
  `visibility` smallint(5) unsigned NOT NULL COMMENT 'Visibility',
  PRIMARY KEY (`category_id`,`product_id`,`store_id`),
  KEY `MAG2_CAT_CTGR_PRD_IDX_STORE1_PRD_ID_STORE_ID_CTGR_ID_VISIBILITY` (`product_id`,`store_id`,`category_id`,`visibility`),
  KEY `IDX_E6ED9203EF411911E0FDA967E165906B` (`store_id`,`category_id`,`visibility`,`is_parent`,`position`)
) ENGINE=InnoDB DEFAULT CHARSET=utf8 COMMENT='Mag2 Catalog Category Product Index Store1';

--
-- Dumping data for table `mag2_catalog_category_product_index_store1_replica`
--


--
-- Table structure for table `mag2_catalog_category_product_index_store2`
--

CREATE TABLE `mag2_catalog_category_product_index_store2` (
  `category_id` int(10) unsigned NOT NULL DEFAULT '0' COMMENT 'Category Id',
  `product_id` int(10) unsigned NOT NULL DEFAULT '0' COMMENT 'Product Id',
  `position` int(11) DEFAULT NULL COMMENT 'Position',
  `is_parent` smallint(5) unsigned NOT NULL DEFAULT '0' COMMENT 'Is Parent',
  `store_id` smallint(5) unsigned NOT NULL DEFAULT '0' COMMENT 'Store Id',
  `visibility` smallint(5) unsigned NOT NULL COMMENT 'Visibility',
  PRIMARY KEY (`category_id`,`product_id`,`store_id`),
  KEY `IDX_4DBA66F39A98BCC4987CB2864BD0E57A` (`product_id`,`store_id`,`category_id`,`visibility`),
  KEY `IDX_AE56808EBBFC3DE02E3941C0D9387E94` (`store_id`,`category_id`,`visibility`,`is_parent`,`position`)
) ENGINE=InnoDB DEFAULT CHARSET=utf8 COMMENT='Mag2 Catalog Category Product Index Store2 Replica';

--
-- Dumping data for table `mag2_catalog_category_product_index_store2`
--

INSERT INTO `mag2_catalog_category_product_index_store2` VALUES (2,1,0,1,2,4),(2,9,0,1,2,4),(2,10,0,1,2,4),(2,11,0,1,2,4),(2,15,0,1,2,4),(2,16,0,1,2,4),(2,17,0,1,2,4),(2,18,0,1,2,4),(2,20,0,1,2,4),(2,21,0,1,2,4),(2,22,0,1,2,4),(2,23,0,1,2,4),(2,24,0,1,2,4),(2,25,0,1,2,4),(2,26,0,1,2,4),(2,27,0,1,2,4),(2,28,0,1,2,4),(2,29,0,1,2,4),(2,30,0,1,2,4),(2,31,0,1,2,4),(2,33,0,1,2,4),(2,34,0,1,2,4),(2,35,0,1,2,4),(41,9,0,1,2,4),(41,17,0,1,2,4),(41,18,0,1,2,4),(41,21,0,1,2,4),(41,22,0,1,2,4),(41,29,0,1,2,4),(42,1,0,1,2,4),(42,20,0,1,2,4),(42,24,0,1,2,4),(42,25,0,1,2,4),(42,27,0,1,2,4),(42,30,0,1,2,4),(43,11,0,1,2,4),(43,15,0,1,2,4),(43,16,0,1,2,4),(43,23,0,1,2,4),(43,28,0,1,2,4),(45,10,0,1,2,4),(45,16,0,1,2,4),(45,26,0,1,2,4),(46,31,0,1,2,4),(46,33,0,1,2,4),(46,34,0,1,2,4),(46,35,0,1,2,4);

--
-- Table structure for table `mag2_catalog_category_product_index_store2_replica`
--

CREATE TABLE `mag2_catalog_category_product_index_store2_replica` (
  `category_id` int(10) unsigned NOT NULL DEFAULT '0' COMMENT 'Category Id',
  `product_id` int(10) unsigned NOT NULL DEFAULT '0' COMMENT 'Product Id',
  `position` int(11) DEFAULT NULL COMMENT 'Position',
  `is_parent` smallint(5) unsigned NOT NULL DEFAULT '0' COMMENT 'Is Parent',
  `store_id` smallint(5) unsigned NOT NULL DEFAULT '0' COMMENT 'Store Id',
  `visibility` smallint(5) unsigned NOT NULL COMMENT 'Visibility',
  PRIMARY KEY (`category_id`,`product_id`,`store_id`),
  KEY `MAG2_CAT_CTGR_PRD_IDX_STORE2_PRD_ID_STORE_ID_CTGR_ID_VISIBILITY` (`product_id`,`store_id`,`category_id`,`visibility`),
  KEY `IDX_2A5E96B463E1426F040FCDA53CEE6F26` (`store_id`,`category_id`,`visibility`,`is_parent`,`position`)
) ENGINE=InnoDB DEFAULT CHARSET=utf8 COMMENT='Mag2 Catalog Category Product Index Store2';

--
-- Dumping data for table `mag2_catalog_category_product_index_store2_replica`
--


--
-- Table structure for table `mag2_catalog_category_product_index_tmp`
--

CREATE TABLE `mag2_catalog_category_product_index_tmp` (
  `category_id` int(10) unsigned NOT NULL DEFAULT '0' COMMENT 'Category ID',
  `product_id` int(10) unsigned NOT NULL DEFAULT '0' COMMENT 'Product ID',
  `position` int(11) NOT NULL DEFAULT '0' COMMENT 'Position',
  `is_parent` smallint(5) unsigned NOT NULL DEFAULT '0' COMMENT 'Is Parent',
  `store_id` smallint(5) unsigned NOT NULL DEFAULT '0' COMMENT 'Store ID',
  `visibility` smallint(5) unsigned NOT NULL COMMENT 'Visibility',
  PRIMARY KEY (`category_id`,`product_id`,`store_id`)
) ENGINE=MEMORY DEFAULT CHARSET=utf8 COMMENT='Catalog Category Product Indexer temporary table';

--
-- Dumping data for table `mag2_catalog_category_product_index_tmp`
--


--
-- Table structure for table `mag2_catalog_compare_item`
--

CREATE TABLE `mag2_catalog_compare_item` (
  `catalog_compare_item_id` int(10) unsigned NOT NULL AUTO_INCREMENT COMMENT 'Compare Item ID',
  `visitor_id` int(10) unsigned NOT NULL DEFAULT '0' COMMENT 'Visitor ID',
  `customer_id` int(10) unsigned DEFAULT NULL COMMENT 'Customer ID',
  `product_id` int(10) unsigned NOT NULL DEFAULT '0' COMMENT 'Product ID',
  `store_id` smallint(5) unsigned DEFAULT NULL COMMENT 'Store ID',
  PRIMARY KEY (`catalog_compare_item_id`),
  KEY `MAG2_CATALOG_COMPARE_ITEM_PRODUCT_ID` (`product_id`),
  KEY `MAG2_CATALOG_COMPARE_ITEM_VISITOR_ID_PRODUCT_ID` (`visitor_id`,`product_id`),
  KEY `MAG2_CATALOG_COMPARE_ITEM_CUSTOMER_ID_PRODUCT_ID` (`customer_id`,`product_id`),
  KEY `MAG2_CATALOG_COMPARE_ITEM_STORE_ID` (`store_id`),
  CONSTRAINT `MAG2_CATALOG_COMPARE_ITEM_CUSTOMER_ID_CUSTOMER_ENTITY_ENTITY_ID` FOREIGN KEY (`customer_id`) REFERENCES `mag2_customer_entity` (`entity_id`) ON DELETE CASCADE,
  CONSTRAINT `MAG2_CATALOG_COMPARE_ITEM_STORE_ID_STORE_STORE_ID` FOREIGN KEY (`store_id`) REFERENCES `mag2_store` (`store_id`) ON DELETE SET NULL,
  CONSTRAINT `MAG2_CAT_CMP_ITEM_PRD_ID_CAT_PRD_ENTT_ENTT_ID` FOREIGN KEY (`product_id`) REFERENCES `mag2_catalog_product_entity` (`entity_id`) ON DELETE CASCADE
) ENGINE=InnoDB DEFAULT CHARSET=utf8 COMMENT='Catalog Compare Table';

--
-- Dumping data for table `mag2_catalog_compare_item`
--


--
-- Table structure for table `mag2_catalog_eav_attribute`
--

CREATE TABLE `mag2_catalog_eav_attribute` (
  `attribute_id` smallint(5) unsigned NOT NULL COMMENT 'Attribute ID',
  `frontend_input_renderer` varchar(255) DEFAULT NULL COMMENT 'Frontend Input Renderer',
  `is_global` smallint(5) unsigned NOT NULL DEFAULT '1' COMMENT 'Is Global',
  `is_visible` smallint(5) unsigned NOT NULL DEFAULT '1' COMMENT 'Is Visible',
  `is_searchable` smallint(5) unsigned NOT NULL DEFAULT '0' COMMENT 'Is Searchable',
  `is_filterable` smallint(5) unsigned NOT NULL DEFAULT '0' COMMENT 'Is Filterable',
  `is_comparable` smallint(5) unsigned NOT NULL DEFAULT '0' COMMENT 'Is Comparable',
  `is_visible_on_front` smallint(5) unsigned NOT NULL DEFAULT '0' COMMENT 'Is Visible On Front',
  `is_html_allowed_on_front` smallint(5) unsigned NOT NULL DEFAULT '0' COMMENT 'Is HTML Allowed On Front',
  `is_used_for_price_rules` smallint(5) unsigned NOT NULL DEFAULT '0' COMMENT 'Is Used For Price Rules',
  `is_filterable_in_search` smallint(5) unsigned NOT NULL DEFAULT '0' COMMENT 'Is Filterable In Search',
  `used_in_product_listing` smallint(5) unsigned NOT NULL DEFAULT '0' COMMENT 'Is Used In Product Listing',
  `used_for_sort_by` smallint(5) unsigned NOT NULL DEFAULT '0' COMMENT 'Is Used For Sorting',
  `apply_to` varchar(255) DEFAULT NULL COMMENT 'Apply To',
  `is_visible_in_advanced_search` smallint(5) unsigned NOT NULL DEFAULT '0' COMMENT 'Is Visible In Advanced Search',
  `position` int(11) NOT NULL DEFAULT '0' COMMENT 'Position',
  `is_wysiwyg_enabled` smallint(5) unsigned NOT NULL DEFAULT '0' COMMENT 'Is WYSIWYG Enabled',
  `is_used_for_promo_rules` smallint(5) unsigned NOT NULL DEFAULT '0' COMMENT 'Is Used For Promo Rules',
  `is_required_in_admin_store` smallint(5) unsigned NOT NULL DEFAULT '0' COMMENT 'Is Required In Admin Store',
  `is_used_in_grid` smallint(5) unsigned NOT NULL DEFAULT '0' COMMENT 'Is Used in Grid',
  `is_visible_in_grid` smallint(5) unsigned NOT NULL DEFAULT '0' COMMENT 'Is Visible in Grid',
  `is_filterable_in_grid` smallint(5) unsigned NOT NULL DEFAULT '0' COMMENT 'Is Filterable in Grid',
  `search_weight` float NOT NULL DEFAULT '1' COMMENT 'Search Weight',
  `additional_data` text COMMENT 'Additional swatch attributes data',
  PRIMARY KEY (`attribute_id`),
  KEY `MAG2_CATALOG_EAV_ATTRIBUTE_USED_FOR_SORT_BY` (`used_for_sort_by`),
  KEY `MAG2_CATALOG_EAV_ATTRIBUTE_USED_IN_PRODUCT_LISTING` (`used_in_product_listing`),
  CONSTRAINT `MAG2_CAT_EAV_ATTR_ATTR_ID_EAV_ATTR_ATTR_ID` FOREIGN KEY (`attribute_id`) REFERENCES `mag2_eav_attribute` (`attribute_id`) ON DELETE CASCADE
) ENGINE=InnoDB DEFAULT CHARSET=utf8 COMMENT='Catalog EAV Attribute Table';

--
-- Dumping data for table `mag2_catalog_eav_attribute`
--

INSERT INTO `mag2_catalog_eav_attribute` VALUES (45,NULL,0,1,0,0,0,0,0,0,0,0,0,NULL,0,0,0,0,0,0,0,0,1,NULL),(46,NULL,0,1,0,0,0,0,0,0,0,0,0,NULL,0,0,0,0,0,0,0,0,1,NULL),(47,NULL,0,1,0,0,0,0,1,0,0,0,0,NULL,0,0,1,0,0,0,0,0,1,NULL),(48,NULL,0,1,0,0,0,0,0,0,0,0,0,NULL,0,0,0,0,0,0,0,0,1,NULL),(49,NULL,0,1,0,0,0,0,0,0,0,0,0,NULL,0,0,0,0,0,0,0,0,1,NULL),(50,NULL,0,1,0,0,0,0,0,0,0,0,0,NULL,0,0,0,0,0,0,0,0,1,NULL),(51,NULL,0,1,0,0,0,0,0,0,0,0,0,NULL,0,0,0,0,0,0,0,0,1,NULL),(52,NULL,0,1,0,0,0,0,0,0,0,0,0,NULL,0,0,0,0,0,0,0,0,1,NULL),(53,NULL,0,1,0,0,0,0,0,0,0,0,0,NULL,0,0,0,0,0,0,0,0,1,NULL),(54,NULL,1,1,0,0,0,0,0,0,0,0,0,NULL,0,0,0,0,0,0,0,0,1,NULL),(55,NULL,1,0,0,0,0,0,0,0,0,0,0,NULL,0,0,0,0,0,0,0,0,1,NULL),(56,NULL,1,0,0,0,0,0,0,0,0,0,0,NULL,0,0,0,0,0,0,0,0,1,NULL),(57,NULL,1,0,0,0,0,0,0,0,0,0,0,NULL,0,0,0,0,0,0,0,0,1,NULL),(58,NULL,1,0,0,0,0,0,0,0,0,0,0,NULL,0,0,0,0,0,0,0,0,1,NULL),(59,NULL,1,0,0,0,0,0,0,0,0,0,0,NULL,0,0,0,0,0,0,0,0,1,NULL),(60,NULL,0,1,0,0,0,0,0,0,0,0,0,NULL,0,0,0,0,0,0,0,0,1,NULL),(61,NULL,0,1,0,0,0,0,0,0,0,0,0,NULL,0,0,0,0,0,0,0,0,1,NULL),(62,NULL,0,1,0,0,0,0,0,0,0,0,0,NULL,0,0,0,0,0,0,0,0,1,NULL),(63,NULL,0,1,0,0,0,0,0,0,0,0,0,NULL,0,0,0,0,0,0,0,0,1,NULL),(64,NULL,0,1,0,0,0,0,0,0,0,0,0,NULL,0,0,0,0,0,0,0,0,1,NULL),(65,NULL,1,0,0,0,0,0,0,0,0,0,0,NULL,0,0,0,0,0,0,0,0,1,NULL),(66,NULL,1,0,0,0,0,0,0,0,0,0,0,NULL,0,0,0,0,0,0,0,0,1,NULL),(67,'Magento\\Catalog\\Block\\Adminhtml\\Category\\Helper\\Sortby\\Available',0,1,0,0,0,0,0,0,0,0,0,NULL,0,0,0,0,0,0,0,0,1,NULL),(68,'Magento\\Catalog\\Block\\Adminhtml\\Category\\Helper\\Sortby\\DefaultSortby',0,1,0,0,0,0,0,0,0,0,0,NULL,0,0,0,0,0,0,0,0,1,NULL),(69,NULL,0,1,0,0,0,0,0,0,0,0,0,NULL,0,0,0,0,0,0,0,0,1,NULL),(70,NULL,0,1,0,0,0,0,0,0,0,0,0,NULL,0,0,0,0,0,0,0,0,1,NULL),(71,NULL,0,1,0,0,0,0,0,0,0,0,0,NULL,0,0,0,0,0,0,0,0,1,NULL),(72,'Magento\\Catalog\\Block\\Adminhtml\\Category\\Helper\\Pricestep',0,1,0,0,0,0,0,0,0,0,0,NULL,0,0,0,0,0,0,0,0,1,NULL),(73,NULL,0,1,1,0,0,0,0,0,0,1,1,NULL,1,0,0,0,0,0,0,0,5,NULL),(74,NULL,1,1,1,0,1,0,0,0,0,0,0,NULL,1,0,0,1,0,0,0,0,6,NULL),(75,NULL,0,1,1,0,1,0,1,0,0,0,0,NULL,1,0,1,0,0,0,0,0,1,NULL),(76,NULL,0,1,1,0,1,0,1,0,0,1,0,NULL,1,0,1,0,0,1,0,0,1,NULL),(77,NULL,1,1,1,1,0,0,0,0,0,1,1,'simple,virtual,bundle,downloadable,configurable',1,0,0,0,0,0,0,0,1,NULL),(78,NULL,1,1,0,0,0,0,0,0,0,1,0,'simple,virtual,bundle,downloadable,configurable',0,0,0,0,0,1,0,1,1,NULL),(79,NULL,2,1,0,0,0,0,0,0,0,1,0,'simple,virtual,bundle,downloadable,configurable',0,0,0,0,0,1,0,0,1,NULL),(80,NULL,2,1,0,0,0,0,0,0,0,1,0,'simple,virtual,bundle,downloadable,configurable',0,0,0,0,0,1,0,0,1,NULL),(81,NULL,1,1,0,0,0,0,0,0,0,0,0,'simple,virtual,downloadable',0,0,0,0,0,1,0,1,1,NULL),(82,'Magento\\Catalog\\Block\\Adminhtml\\Product\\Helper\\Form\\Weight',1,1,0,0,0,0,0,0,0,0,0,'simple,virtual,bundle,downloadable,configurable',0,0,0,0,0,1,0,1,1,NULL),(83,NULL,1,1,1,1,1,0,0,0,0,0,0,'simple',1,0,0,0,0,1,0,1,1,NULL),(84,NULL,0,1,0,0,0,0,0,0,0,0,0,NULL,0,0,0,0,0,1,0,1,1,NULL),(85,NULL,0,1,0,0,0,0,0,0,0,0,0,NULL,0,0,0,0,0,1,0,1,1,NULL),(86,NULL,0,1,0,0,0,0,0,0,0,0,0,NULL,0,0,0,0,0,1,0,1,1,NULL),(87,NULL,0,1,0,0,0,0,0,0,0,1,0,NULL,0,0,0,0,0,0,0,0,1,NULL),(88,NULL,0,1,0,0,0,0,0,0,0,1,0,NULL,0,0,0,0,0,0,0,0,1,NULL),(89,NULL,0,1,0,0,0,0,0,0,0,1,0,NULL,0,0,0,0,0,0,0,0,1,NULL),(90,NULL,1,1,0,0,0,0,0,0,0,0,0,NULL,0,0,0,0,0,0,0,0,1,NULL),(91,NULL,1,0,0,0,0,0,0,0,0,0,0,NULL,0,0,0,0,0,0,0,0,1,NULL),(92,NULL,2,1,0,0,0,0,0,0,0,0,0,'simple,virtual,bundle,downloadable',0,0,0,0,0,0,0,0,1,NULL),(93,NULL,1,1,0,1,0,0,1,0,0,1,0,'simple,virtual,configurable',0,0,0,1,0,1,0,1,1,'{\"swatch_input_type\":\"visual\",\"update_product_preview_image\":1,\"use_product_image_for_swatch\":0}'),(94,NULL,2,1,0,0,0,0,0,0,0,1,0,NULL,0,0,0,0,0,1,0,0,1,NULL),(95,NULL,2,1,0,0,0,0,0,0,0,1,0,NULL,0,0,0,0,0,1,0,0,1,NULL),(96,NULL,1,1,0,0,0,0,0,0,0,0,0,NULL,0,0,0,0,0,0,0,0,1,NULL),(97,'Magento\\Framework\\Data\\Form\\Element\\Hidden',2,1,1,0,0,0,0,0,0,1,0,NULL,0,0,0,0,1,0,0,0,1,NULL),(98,NULL,0,0,0,0,0,0,0,0,0,0,0,'simple,virtual,bundle,downloadable,configurable',0,0,0,0,0,0,0,0,1,NULL),(99,NULL,0,1,0,0,0,0,0,0,0,0,0,NULL,0,0,0,0,1,0,0,0,1,NULL),(100,NULL,0,1,0,0,0,0,0,0,0,0,0,NULL,0,0,0,0,0,1,0,1,1,NULL),(101,NULL,0,1,0,0,0,0,0,0,0,0,0,NULL,0,0,0,0,0,1,0,0,1,NULL),(102,NULL,0,1,0,0,0,0,0,0,0,0,0,NULL,0,0,0,0,0,1,0,0,1,NULL),(103,NULL,0,1,0,0,0,0,0,0,0,0,0,NULL,0,0,0,0,0,0,0,0,1,NULL),(104,NULL,0,1,0,0,0,0,0,0,0,0,0,NULL,0,0,0,0,0,1,0,0,1,NULL),(105,'Magento\\Catalog\\Block\\Adminhtml\\Product\\Helper\\Form\\Category',1,1,0,0,0,0,0,0,0,0,0,NULL,0,0,0,0,0,0,0,0,1,NULL),(106,NULL,0,1,0,0,0,0,0,0,0,0,0,NULL,0,0,0,0,0,0,0,0,1,NULL),(107,NULL,1,0,0,0,0,0,0,0,0,1,0,NULL,0,0,0,0,0,0,0,0,1,NULL),(108,NULL,1,0,0,0,0,0,0,0,0,0,0,NULL,0,0,0,0,0,0,0,0,1,NULL),(109,NULL,0,0,0,0,0,0,0,0,0,1,0,NULL,0,0,0,0,0,0,0,0,1,NULL),(110,NULL,0,0,0,0,0,0,0,0,0,1,0,NULL,0,0,0,0,0,0,0,0,1,NULL),(111,NULL,0,0,0,0,0,0,0,0,0,1,0,NULL,0,0,0,0,0,0,0,0,1,NULL),(112,NULL,1,0,0,0,0,0,0,0,0,0,0,NULL,0,0,0,0,0,0,0,0,1,NULL),(113,NULL,1,0,0,0,0,0,0,0,0,0,0,NULL,0,0,0,0,0,0,0,0,1,NULL),(114,NULL,2,1,0,0,0,0,0,0,0,0,0,'simple,bundle,configurable,grouped',0,0,0,0,0,1,0,1,1,NULL),(115,'Magento\\CatalogInventory\\Block\\Adminhtml\\Form\\Field\\Stock',1,1,0,0,0,0,0,0,0,0,0,NULL,0,0,0,0,0,0,0,0,1,NULL),(116,NULL,0,1,0,0,0,0,0,0,0,0,0,NULL,0,0,0,0,0,1,0,0,1,NULL),(117,NULL,1,1,0,0,0,0,0,0,0,1,0,'bundle',0,0,0,0,0,0,0,0,1,NULL),(118,NULL,1,1,0,0,0,0,0,0,0,0,0,'bundle',0,0,0,0,0,0,0,0,1,NULL),(119,NULL,1,1,0,0,0,0,0,0,0,1,0,'bundle',0,0,0,0,0,0,0,0,1,NULL),(120,NULL,1,1,0,0,0,0,0,0,0,1,0,'bundle',0,0,0,0,0,0,0,0,1,NULL),(121,NULL,1,1,0,0,0,0,0,0,0,1,0,'bundle',0,0,0,0,0,0,0,0,1,NULL),(122,'Magento\\Msrp\\Block\\Adminhtml\\Product\\Helper\\Form\\Type',1,1,0,0,0,0,0,0,0,1,0,'simple,virtual,downloadable,bundle,configurable',0,0,0,0,0,1,0,1,1,NULL),(123,'Magento\\Msrp\\Block\\Adminhtml\\Product\\Helper\\Form\\Type\\Price',2,1,0,0,0,0,0,0,0,1,0,'simple,virtual,downloadable,bundle,configurable',0,0,0,0,0,0,0,0,1,NULL),(124,NULL,0,1,0,0,0,0,0,0,0,0,0,NULL,0,0,0,0,0,0,0,0,1,NULL),(125,NULL,0,0,0,0,0,0,0,0,0,0,0,NULL,0,0,0,0,0,0,0,0,1,NULL),(126,NULL,0,1,0,0,0,0,0,0,0,1,0,NULL,0,0,0,0,0,1,0,1,1,NULL),(127,NULL,0,0,0,0,0,0,0,0,0,0,0,NULL,0,0,0,0,0,0,0,0,1,NULL),(128,NULL,1,0,0,0,0,0,0,0,0,1,0,'downloadable',0,0,0,0,0,0,0,0,1,NULL),(129,NULL,0,0,0,0,0,0,0,0,0,0,0,'downloadable',0,0,0,0,0,0,0,0,1,NULL),(130,NULL,0,0,0,0,0,0,0,0,0,0,0,'downloadable',0,0,0,0,0,0,0,0,1,NULL),(131,NULL,1,0,0,0,0,0,0,0,0,1,0,'downloadable',0,0,0,0,0,0,0,0,1,NULL),(132,NULL,2,1,1,0,0,0,0,0,0,1,0,'simple,virtual,bundle,downloadable,configurable',0,0,0,0,0,1,0,1,1,NULL),(133,'Magento\\GiftMessage\\Block\\Adminhtml\\Product\\Helper\\Form\\Config',1,1,0,0,0,0,0,0,0,0,0,NULL,0,0,0,0,0,1,0,0,1,NULL),(134,NULL,1,1,0,1,1,1,1,0,0,0,0,NULL,0,0,0,1,0,0,0,0,1,NULL),(135,NULL,1,1,0,1,0,1,1,0,0,0,0,NULL,0,0,0,1,0,0,0,0,1,NULL),(136,NULL,1,1,0,1,0,1,1,0,0,0,0,NULL,0,0,0,1,0,0,0,0,1,NULL),(137,NULL,1,1,0,1,0,1,1,0,0,0,0,NULL,0,0,0,1,0,0,0,0,1,NULL),(138,NULL,1,1,0,1,0,1,1,0,0,0,0,NULL,0,0,0,1,0,0,0,0,1,NULL),(139,NULL,0,1,1,1,0,1,1,0,1,0,0,NULL,0,2,0,0,0,1,0,1,1,NULL),(140,NULL,1,1,0,1,0,1,1,0,0,0,0,NULL,0,0,0,1,0,0,0,0,1,NULL),(141,NULL,0,1,1,1,0,1,1,0,1,1,0,NULL,0,6,0,1,0,1,0,1,1,'{\"swatch_input_type\":\"text\",\"update_product_preview_image\":\"1\",\"use_product_image_for_swatch\":0}'),(142,NULL,1,1,0,1,0,0,1,0,0,0,0,NULL,0,0,0,1,0,0,0,0,1,NULL),(143,NULL,1,1,0,1,0,0,1,0,0,0,0,NULL,0,0,0,1,0,0,0,0,1,NULL),(144,NULL,1,1,0,1,0,0,1,0,0,0,0,NULL,0,0,0,1,0,0,0,0,1,NULL),(145,NULL,1,1,0,1,0,0,1,0,0,0,0,NULL,0,0,0,1,0,0,0,0,1,NULL),(146,NULL,1,1,0,1,0,0,1,0,0,0,0,NULL,0,0,0,1,0,0,0,0,1,NULL),(147,NULL,1,1,0,1,0,1,1,0,0,0,0,NULL,0,0,0,1,0,0,0,0,1,NULL),(148,NULL,1,1,0,1,0,1,1,0,0,0,0,NULL,0,0,0,1,0,0,0,0,1,NULL),(149,NULL,1,1,0,1,0,1,1,0,0,0,0,NULL,0,0,0,1,0,0,0,0,1,NULL),(150,NULL,1,1,0,1,0,1,1,0,0,0,0,NULL,0,0,0,1,0,0,0,0,1,NULL),(151,NULL,1,1,0,1,0,1,1,0,0,0,0,NULL,0,0,0,1,0,0,0,0,1,NULL),(152,NULL,1,1,0,1,0,1,1,0,0,0,0,NULL,0,0,0,1,0,0,0,0,1,NULL),(153,NULL,1,1,0,1,0,1,1,0,0,0,0,NULL,0,0,0,1,0,0,0,0,1,NULL),(154,NULL,0,1,0,0,0,0,0,0,0,1,0,NULL,0,0,0,0,0,0,0,0,1,NULL),(155,NULL,0,1,0,0,0,0,0,0,0,0,0,'simple',0,0,0,0,0,0,0,0,1,NULL),(156,NULL,0,1,0,0,0,0,0,0,0,0,0,'simple',0,0,0,0,0,0,0,0,1,NULL),(157,NULL,0,1,0,0,0,0,0,0,0,0,0,'simple',0,0,0,0,0,0,0,0,1,NULL),(158,NULL,1,1,0,0,0,1,0,0,0,1,0,'simple,virtual,bundle,downloadable,grouped,configurable',0,0,0,0,0,0,0,0,1,NULL),(159,NULL,0,1,0,0,0,0,0,0,0,1,0,NULL,0,0,0,0,0,0,0,0,1,NULL),(160,NULL,0,1,0,0,0,0,0,0,0,0,0,NULL,0,0,0,0,0,0,0,0,1,NULL),(161,NULL,0,1,0,0,0,0,1,0,0,0,0,NULL,0,0,0,0,0,0,0,0,1,NULL),(162,NULL,0,1,0,0,0,0,1,0,0,0,0,NULL,0,0,0,0,0,0,0,0,1,NULL),(163,NULL,0,1,0,0,0,0,1,0,0,0,0,NULL,0,0,0,0,0,0,0,0,1,NULL),(164,NULL,0,1,0,0,0,0,1,0,0,0,0,NULL,0,0,0,0,0,0,0,0,1,NULL),(165,NULL,0,1,0,0,0,0,0,0,0,0,0,NULL,0,0,0,0,0,0,0,0,1,NULL),(166,NULL,0,1,0,0,0,0,1,0,0,0,0,NULL,0,0,0,0,0,0,0,0,1,NULL),(167,NULL,0,1,0,0,0,0,0,0,0,0,0,NULL,0,0,0,0,0,0,0,0,1,NULL),(168,NULL,0,1,0,0,0,0,1,0,0,0,0,NULL,0,0,0,0,0,0,0,0,1,NULL),(169,NULL,0,1,0,0,0,0,1,0,0,0,0,NULL,0,0,0,0,0,0,0,0,1,NULL),(170,NULL,0,1,0,0,0,0,0,0,0,0,0,NULL,0,0,0,0,0,0,0,0,1,NULL),(171,NULL,0,1,0,0,0,0,0,0,0,0,0,NULL,0,0,0,0,0,0,0,0,1,NULL),(172,NULL,0,1,0,0,0,0,0,0,0,0,0,NULL,0,0,0,0,0,0,0,0,1,NULL),(173,NULL,0,1,0,0,0,0,0,0,0,0,0,NULL,0,0,0,0,0,0,0,0,1,NULL),(174,NULL,0,1,0,0,0,0,0,0,0,0,0,NULL,0,0,0,0,0,0,0,0,1,NULL),(175,NULL,0,1,0,0,0,0,0,0,0,0,0,NULL,0,0,0,0,0,0,0,0,1,NULL),(176,NULL,0,1,0,0,0,0,1,0,0,0,0,NULL,0,0,0,0,0,0,0,0,1,NULL),(177,NULL,0,1,0,0,0,0,1,0,0,0,0,NULL,0,0,0,0,0,0,0,0,1,NULL),(178,NULL,0,1,0,0,0,0,0,0,0,0,0,NULL,0,0,0,0,0,0,0,0,1,NULL),(179,NULL,0,1,0,0,0,0,1,0,0,0,0,NULL,0,0,0,0,0,0,0,0,1,NULL),(180,NULL,0,1,1,1,0,1,0,0,1,1,0,NULL,1,0,0,0,0,1,1,1,1,NULL),(181,NULL,0,1,1,1,0,1,1,0,1,1,0,NULL,0,0,0,0,0,1,1,1,1,'{\"swatch_input_type\":\"text\",\"update_product_preview_image\":\"1\",\"use_product_image_for_swatch\":0}'),(182,NULL,0,1,1,1,1,1,0,0,1,1,0,NULL,1,0,0,0,0,1,0,1,1,NULL),(183,NULL,1,1,1,1,0,0,0,0,0,1,0,NULL,0,6,0,1,0,1,0,1,1,'{\"swatch_input_type\":\"text\",\"update_product_preview_image\":\"0\",\"use_product_image_for_swatch\":0}');

--
-- Table structure for table `mag2_catalog_product_bundle_option`
--

CREATE TABLE `mag2_catalog_product_bundle_option` (
  `option_id` int(10) unsigned NOT NULL AUTO_INCREMENT COMMENT 'Option Id',
  `parent_id` int(10) unsigned NOT NULL COMMENT 'Parent Id',
  `required` smallint(5) unsigned NOT NULL DEFAULT '0' COMMENT 'Required',
  `position` int(10) unsigned NOT NULL DEFAULT '0' COMMENT 'Position',
  `type` varchar(255) DEFAULT NULL COMMENT 'Type',
  PRIMARY KEY (`option_id`),
  KEY `MAG2_CATALOG_PRODUCT_BUNDLE_OPTION_PARENT_ID` (`parent_id`),
  CONSTRAINT `MAG2_CAT_PRD_BNDL_OPT_PARENT_ID_CAT_PRD_ENTT_ENTT_ID` FOREIGN KEY (`parent_id`) REFERENCES `mag2_catalog_product_entity` (`entity_id`) ON DELETE CASCADE
) ENGINE=InnoDB DEFAULT CHARSET=utf8 COMMENT='Catalog Product Bundle Option';

--
-- Dumping data for table `mag2_catalog_product_bundle_option`
--


--
-- Table structure for table `mag2_catalog_product_bundle_option_value`
--

CREATE TABLE `mag2_catalog_product_bundle_option_value` (
  `value_id` int(10) unsigned NOT NULL AUTO_INCREMENT COMMENT 'Value Id',
  `option_id` int(10) unsigned NOT NULL COMMENT 'Option Id',
  `parent_product_id` int(10) unsigned NOT NULL COMMENT 'Parent Product Id',
  `store_id` smallint(5) unsigned NOT NULL COMMENT 'Store Id',
  `title` varchar(255) DEFAULT NULL COMMENT 'Title',
  PRIMARY KEY (`value_id`),
  UNIQUE KEY `MAG2_CAT_PRD_BNDL_OPT_VAL_OPT_ID_PARENT_PRD_ID_STORE_ID` (`option_id`,`parent_product_id`,`store_id`),
  CONSTRAINT `MAG2_CAT_PRD_BNDL_OPT_VAL_OPT_ID_CAT_PRD_BNDL_OPT_OPT_ID` FOREIGN KEY (`option_id`) REFERENCES `mag2_catalog_product_bundle_option` (`option_id`) ON DELETE CASCADE
) ENGINE=InnoDB DEFAULT CHARSET=utf8 COMMENT='Catalog Product Bundle Option Value';

--
-- Dumping data for table `mag2_catalog_product_bundle_option_value`
--


--
-- Table structure for table `mag2_catalog_product_bundle_price_index`
--

CREATE TABLE `mag2_catalog_product_bundle_price_index` (
  `entity_id` int(10) unsigned NOT NULL COMMENT 'Entity Id',
  `website_id` smallint(5) unsigned NOT NULL COMMENT 'Website Id',
  `customer_group_id` int(10) unsigned NOT NULL COMMENT 'Customer Group Id',
  `min_price` decimal(12,4) NOT NULL COMMENT 'Min Price',
  `max_price` decimal(12,4) NOT NULL COMMENT 'Max Price',
  PRIMARY KEY (`entity_id`,`website_id`,`customer_group_id`),
  KEY `MAG2_CATALOG_PRODUCT_BUNDLE_PRICE_INDEX_WEBSITE_ID` (`website_id`),
  KEY `MAG2_CATALOG_PRODUCT_BUNDLE_PRICE_INDEX_CUSTOMER_GROUP_ID` (`customer_group_id`),
  CONSTRAINT `FK_89F696866AEA721ECEB3514A7411B974` FOREIGN KEY (`customer_group_id`) REFERENCES `mag2_customer_group` (`customer_group_id`) ON DELETE CASCADE,
  CONSTRAINT `MAG2_CAT_PRD_BNDL_PRICE_IDX_ENTT_ID_CAT_PRD_ENTT_ENTT_ID` FOREIGN KEY (`entity_id`) REFERENCES `mag2_catalog_product_entity` (`entity_id`) ON DELETE CASCADE,
  CONSTRAINT `MAG2_CAT_PRD_BNDL_PRICE_IDX_WS_ID_STORE_WS_WS_ID` FOREIGN KEY (`website_id`) REFERENCES `mag2_store_website` (`website_id`) ON DELETE CASCADE
) ENGINE=InnoDB DEFAULT CHARSET=utf8 COMMENT='Catalog Product Bundle Price Index';

--
-- Dumping data for table `mag2_catalog_product_bundle_price_index`
--


--
-- Table structure for table `mag2_catalog_product_bundle_selection`
--

CREATE TABLE `mag2_catalog_product_bundle_selection` (
  `selection_id` int(10) unsigned NOT NULL AUTO_INCREMENT COMMENT 'Selection Id',
  `option_id` int(10) unsigned NOT NULL COMMENT 'Option Id',
  `parent_product_id` int(10) unsigned NOT NULL COMMENT 'Parent Product Id',
  `product_id` int(10) unsigned NOT NULL COMMENT 'Product Id',
  `position` int(10) unsigned NOT NULL DEFAULT '0' COMMENT 'Position',
  `is_default` smallint(5) unsigned NOT NULL DEFAULT '0' COMMENT 'Is Default',
  `selection_price_type` smallint(5) unsigned NOT NULL DEFAULT '0' COMMENT 'Selection Price Type',
  `selection_price_value` decimal(12,4) NOT NULL DEFAULT '0.0000' COMMENT 'Selection Price Value',
  `selection_qty` decimal(12,4) DEFAULT NULL COMMENT 'Selection Qty',
  `selection_can_change_qty` smallint(6) NOT NULL DEFAULT '0' COMMENT 'Selection Can Change Qty',
  PRIMARY KEY (`selection_id`),
  KEY `MAG2_CATALOG_PRODUCT_BUNDLE_SELECTION_OPTION_ID` (`option_id`),
  KEY `MAG2_CATALOG_PRODUCT_BUNDLE_SELECTION_PRODUCT_ID` (`product_id`),
  CONSTRAINT `MAG2_CAT_PRD_BNDL_SELECTION_OPT_ID_CAT_PRD_BNDL_OPT_OPT_ID` FOREIGN KEY (`option_id`) REFERENCES `mag2_catalog_product_bundle_option` (`option_id`) ON DELETE CASCADE,
  CONSTRAINT `MAG2_CAT_PRD_BNDL_SELECTION_PRD_ID_CAT_PRD_ENTT_ENTT_ID` FOREIGN KEY (`product_id`) REFERENCES `mag2_catalog_product_entity` (`entity_id`) ON DELETE CASCADE
) ENGINE=InnoDB DEFAULT CHARSET=utf8 COMMENT='Catalog Product Bundle Selection';

--
-- Dumping data for table `mag2_catalog_product_bundle_selection`
--


--
-- Table structure for table `mag2_catalog_product_bundle_selection_price`
--

CREATE TABLE `mag2_catalog_product_bundle_selection_price` (
  `selection_id` int(10) unsigned NOT NULL COMMENT 'Selection Id',
  `parent_product_id` int(10) unsigned NOT NULL COMMENT 'Parent Product Id',
  `website_id` smallint(5) unsigned NOT NULL COMMENT 'Website Id',
  `selection_price_type` smallint(5) unsigned NOT NULL DEFAULT '0' COMMENT 'Selection Price Type',
  `selection_price_value` decimal(12,4) NOT NULL DEFAULT '0.0000' COMMENT 'Selection Price Value',
  PRIMARY KEY (`selection_id`,`parent_product_id`,`website_id`),
  KEY `MAG2_CATALOG_PRODUCT_BUNDLE_SELECTION_PRICE_WEBSITE_ID` (`website_id`),
  CONSTRAINT `FK_A62CE55AED73C43EA9A1A6E65772E1D0` FOREIGN KEY (`selection_id`) REFERENCES `mag2_catalog_product_bundle_selection` (`selection_id`) ON DELETE CASCADE,
  CONSTRAINT `MAG2_CAT_PRD_BNDL_SELECTION_PRICE_WS_ID_STORE_WS_WS_ID` FOREIGN KEY (`website_id`) REFERENCES `mag2_store_website` (`website_id`) ON DELETE CASCADE
) ENGINE=InnoDB DEFAULT CHARSET=utf8 COMMENT='Catalog Product Bundle Selection Price';

--
-- Dumping data for table `mag2_catalog_product_bundle_selection_price`
--


--
-- Table structure for table `mag2_catalog_product_bundle_stock_index`
--

CREATE TABLE `mag2_catalog_product_bundle_stock_index` (
  `entity_id` int(10) unsigned NOT NULL COMMENT 'Entity Id',
  `website_id` smallint(5) unsigned NOT NULL COMMENT 'Website Id',
  `stock_id` smallint(5) unsigned NOT NULL COMMENT 'Stock Id',
  `option_id` int(10) unsigned NOT NULL DEFAULT '0' COMMENT 'Option Id',
  `stock_status` smallint(6) DEFAULT '0' COMMENT 'Stock Status',
  PRIMARY KEY (`entity_id`,`website_id`,`stock_id`,`option_id`)
) ENGINE=InnoDB DEFAULT CHARSET=utf8 COMMENT='Catalog Product Bundle Stock Index';

--
-- Dumping data for table `mag2_catalog_product_bundle_stock_index`
--


--
-- Table structure for table `mag2_catalog_product_entity`
--

CREATE TABLE `mag2_catalog_product_entity` (
  `entity_id` int(10) unsigned NOT NULL AUTO_INCREMENT COMMENT 'Entity ID',
  `attribute_set_id` smallint(5) unsigned NOT NULL DEFAULT '0' COMMENT 'Attribute Set ID',
  `type_id` varchar(32) NOT NULL DEFAULT 'simple' COMMENT 'Type ID',
  `sku` varchar(64) DEFAULT NULL COMMENT 'SKU',
  `has_options` smallint(6) NOT NULL DEFAULT '0' COMMENT 'Has Options',
  `required_options` smallint(5) unsigned NOT NULL DEFAULT '0' COMMENT 'Required Options',
  `created_at` timestamp NOT NULL DEFAULT CURRENT_TIMESTAMP COMMENT 'Creation Time',
  `updated_at` timestamp NOT NULL DEFAULT CURRENT_TIMESTAMP ON UPDATE CURRENT_TIMESTAMP COMMENT 'Update Time',
  PRIMARY KEY (`entity_id`),
  KEY `MAG2_CATALOG_PRODUCT_ENTITY_ATTRIBUTE_SET_ID` (`attribute_set_id`),
  KEY `MAG2_CATALOG_PRODUCT_ENTITY_SKU` (`sku`)
) ENGINE=InnoDB AUTO_INCREMENT=37 DEFAULT CHARSET=utf8 COMMENT='Catalog Product Table';

--
-- Dumping data for table `mag2_catalog_product_entity`
--

INSERT INTO `mag2_catalog_product_entity` VALUES (1,4,'simple','10004-1',0,0,'2021-11-15 20:09:28','2021-11-17 07:57:00'),(9,4,'simple','50003',0,0,'2021-11-16 20:58:45','2021-11-17 07:58:26'),(10,4,'simple','10006-2',0,0,'2021-11-16 21:04:25','2021-11-17 07:58:58'),(11,4,'simple','10005-2',0,0,'2021-11-16 21:14:34','2021-11-17 08:00:56'),(15,4,'simple','40005-1',0,0,'2021-11-17 00:29:54','2021-11-17 08:00:29'),(16,4,'simple','50008',0,0,'2021-11-17 00:33:02','2021-11-17 08:02:17'),(17,4,'simple','40003',0,0,'2021-11-17 00:35:52','2021-11-17 08:02:48'),(18,4,'simple','10003-1',0,0,'2021-11-17 00:39:16','2021-11-17 08:03:52'),(20,4,'simple','50004',0,0,'2021-11-17 01:12:48','2021-11-17 08:04:22'),(21,4,'simple','40003-1',0,0,'2021-11-17 01:16:05','2021-11-17 08:05:31'),(22,4,'simple','10003',0,0,'2021-11-17 01:19:21','2021-11-17 08:05:58'),(23,4,'simple','50005-1',0,0,'2021-11-17 06:29:03','2021-11-17 08:10:20'),(24,4,'simple','40004-1',0,0,'2021-11-17 06:31:44','2021-11-17 08:09:50'),(25,4,'simple','10004',0,0,'2021-11-17 06:37:16','2021-11-17 08:09:17'),(26,4,'simple','10011-3',0,0,'2021-11-17 06:39:57','2021-11-17 08:08:42'),(27,4,'simple','40004',0,0,'2021-11-17 06:42:41','2021-11-17 08:08:12'),(28,4,'simple','40005-2',0,0,'2021-11-17 06:44:53','2021-11-17 08:07:43'),(29,4,'simple','50003-1',0,0,'2021-11-17 06:47:54','2021-11-17 08:10:45'),(30,4,'simple','50004-1',0,0,'2021-11-17 06:50:02','2021-11-17 08:11:12'),(31,4,'simple','6',0,0,'2021-11-17 17:21:54','2021-11-17 17:21:54'),(32,4,'simple','5',0,0,'2021-11-17 17:21:57','2021-11-17 17:25:55'),(33,4,'simple','1',0,0,'2021-11-17 17:29:00','2021-11-17 17:29:00'),(34,4,'simple','2',0,0,'2021-11-17 17:31:30','2021-11-17 17:31:30'),(35,4,'simple','4',0,0,'2021-11-17 17:33:28','2021-11-17 17:33:28'),(36,4,'simple','3',0,0,'2021-11-17 17:33:29','2021-11-17 17:34:32');

--
-- Table structure for table `mag2_catalog_product_entity_datetime`
--

CREATE TABLE `mag2_catalog_product_entity_datetime` (
  `value_id` int(11) NOT NULL AUTO_INCREMENT COMMENT 'Value ID',
  `attribute_id` smallint(5) unsigned NOT NULL DEFAULT '0' COMMENT 'Attribute ID',
  `store_id` smallint(5) unsigned NOT NULL DEFAULT '0' COMMENT 'Store ID',
  `entity_id` int(10) unsigned NOT NULL DEFAULT '0' COMMENT 'Entity ID',
  `value` datetime DEFAULT NULL COMMENT 'Value',
  PRIMARY KEY (`value_id`),
  UNIQUE KEY `MAG2_CAT_PRD_ENTT_DTIME_ENTT_ID_ATTR_ID_STORE_ID` (`entity_id`,`attribute_id`,`store_id`),
  KEY `MAG2_CATALOG_PRODUCT_ENTITY_DATETIME_ATTRIBUTE_ID` (`attribute_id`),
  KEY `MAG2_CATALOG_PRODUCT_ENTITY_DATETIME_STORE_ID` (`store_id`),
  CONSTRAINT `MAG2_CATALOG_PRODUCT_ENTITY_DATETIME_STORE_ID_STORE_STORE_ID` FOREIGN KEY (`store_id`) REFERENCES `mag2_store` (`store_id`) ON DELETE CASCADE,
  CONSTRAINT `MAG2_CAT_PRD_ENTT_DTIME_ATTR_ID_EAV_ATTR_ATTR_ID` FOREIGN KEY (`attribute_id`) REFERENCES `mag2_eav_attribute` (`attribute_id`) ON DELETE CASCADE,
  CONSTRAINT `MAG2_CAT_PRD_ENTT_DTIME_ENTT_ID_CAT_PRD_ENTT_ENTT_ID` FOREIGN KEY (`entity_id`) REFERENCES `mag2_catalog_product_entity` (`entity_id`) ON DELETE CASCADE
) ENGINE=InnoDB DEFAULT CHARSET=utf8 COMMENT='Catalog Product Datetime Attribute Backend Table';

--
-- Dumping data for table `mag2_catalog_product_entity_datetime`
--


--
-- Table structure for table `mag2_catalog_product_entity_decimal`
--

CREATE TABLE `mag2_catalog_product_entity_decimal` (
  `value_id` int(11) NOT NULL AUTO_INCREMENT COMMENT 'Value ID',
  `attribute_id` smallint(5) unsigned NOT NULL DEFAULT '0' COMMENT 'Attribute ID',
  `store_id` smallint(5) unsigned NOT NULL DEFAULT '0' COMMENT 'Store ID',
  `entity_id` int(10) unsigned NOT NULL DEFAULT '0' COMMENT 'Entity ID',
  `value` decimal(12,4) DEFAULT NULL COMMENT 'Value',
  PRIMARY KEY (`value_id`),
  UNIQUE KEY `MAG2_CAT_PRD_ENTT_DEC_ENTT_ID_ATTR_ID_STORE_ID` (`entity_id`,`attribute_id`,`store_id`),
  KEY `MAG2_CATALOG_PRODUCT_ENTITY_DECIMAL_STORE_ID` (`store_id`),
  KEY `MAG2_CATALOG_PRODUCT_ENTITY_DECIMAL_ATTRIBUTE_ID` (`attribute_id`),
  CONSTRAINT `MAG2_CATALOG_PRODUCT_ENTITY_DECIMAL_STORE_ID_STORE_STORE_ID` FOREIGN KEY (`store_id`) REFERENCES `mag2_store` (`store_id`) ON DELETE CASCADE,
  CONSTRAINT `MAG2_CAT_PRD_ENTT_DEC_ATTR_ID_EAV_ATTR_ATTR_ID` FOREIGN KEY (`attribute_id`) REFERENCES `mag2_eav_attribute` (`attribute_id`) ON DELETE CASCADE,
  CONSTRAINT `MAG2_CAT_PRD_ENTT_DEC_ENTT_ID_CAT_PRD_ENTT_ENTT_ID` FOREIGN KEY (`entity_id`) REFERENCES `mag2_catalog_product_entity` (`entity_id`) ON DELETE CASCADE
) ENGINE=InnoDB AUTO_INCREMENT=3939 DEFAULT CHARSET=utf8 COMMENT='Catalog Product Decimal Attribute Backend Table';

--
-- Dumping data for table `mag2_catalog_product_entity_decimal`
--

INSERT INTO `mag2_catalog_product_entity_decimal` VALUES (3898,77,0,1,8.0000),(3909,77,0,9,26.5000),(3910,77,0,10,11.0000),(3911,77,0,11,20.5000),(3916,77,0,15,18.0000),(3917,77,0,16,14.5000),(3918,77,0,17,8.0000),(3919,77,0,18,7.5000),(3921,77,0,20,34.0000),(3922,77,0,21,25.0000),(3923,77,0,22,24.0000),(3924,77,0,23,34.0000),(3925,77,0,24,28.0000),(3926,77,0,25,26.5000),(3927,77,0,26,11.0000),(3928,77,0,27,8.5000),(3929,77,0,28,11.0000),(3930,77,0,29,8.0000),(3931,77,0,30,9.0000),(3932,77,0,31,64.0000),(3933,77,0,32,27.5000),(3935,77,0,33,31.5000),(3936,77,0,34,75.0000),(3937,77,0,35,61.5000),(3938,77,0,36,26.5000);

--
-- Table structure for table `mag2_catalog_product_entity_gallery`
--

CREATE TABLE `mag2_catalog_product_entity_gallery` (
  `value_id` int(11) NOT NULL AUTO_INCREMENT COMMENT 'Value ID',
  `attribute_id` smallint(5) unsigned NOT NULL DEFAULT '0' COMMENT 'Attribute ID',
  `store_id` smallint(5) unsigned NOT NULL DEFAULT '0' COMMENT 'Store ID',
  `entity_id` int(10) unsigned NOT NULL DEFAULT '0' COMMENT 'Entity ID',
  `position` int(11) NOT NULL DEFAULT '0' COMMENT 'Position',
  `value` varchar(255) DEFAULT NULL COMMENT 'Value',
  PRIMARY KEY (`value_id`),
  UNIQUE KEY `MAG2_CAT_PRD_ENTT_GLR_ENTT_ID_ATTR_ID_STORE_ID` (`entity_id`,`attribute_id`,`store_id`),
  KEY `MAG2_CATALOG_PRODUCT_ENTITY_GALLERY_ENTITY_ID` (`entity_id`),
  KEY `MAG2_CATALOG_PRODUCT_ENTITY_GALLERY_ATTRIBUTE_ID` (`attribute_id`),
  KEY `MAG2_CATALOG_PRODUCT_ENTITY_GALLERY_STORE_ID` (`store_id`),
  CONSTRAINT `MAG2_CATALOG_PRODUCT_ENTITY_GALLERY_STORE_ID_STORE_STORE_ID` FOREIGN KEY (`store_id`) REFERENCES `mag2_store` (`store_id`) ON DELETE CASCADE,
  CONSTRAINT `MAG2_CAT_PRD_ENTT_GLR_ATTR_ID_EAV_ATTR_ATTR_ID` FOREIGN KEY (`attribute_id`) REFERENCES `mag2_eav_attribute` (`attribute_id`) ON DELETE CASCADE,
  CONSTRAINT `MAG2_CAT_PRD_ENTT_GLR_ENTT_ID_CAT_PRD_ENTT_ENTT_ID` FOREIGN KEY (`entity_id`) REFERENCES `mag2_catalog_product_entity` (`entity_id`) ON DELETE CASCADE
) ENGINE=InnoDB DEFAULT CHARSET=utf8 COMMENT='Catalog Product Gallery Attribute Backend Table';

--
-- Dumping data for table `mag2_catalog_product_entity_gallery`
--


--
-- Table structure for table `mag2_catalog_product_entity_int`
--

CREATE TABLE `mag2_catalog_product_entity_int` (
  `value_id` int(11) NOT NULL AUTO_INCREMENT COMMENT 'Value ID',
  `attribute_id` smallint(5) unsigned NOT NULL DEFAULT '0' COMMENT 'Attribute ID',
  `store_id` smallint(5) unsigned NOT NULL DEFAULT '0' COMMENT 'Store ID',
  `entity_id` int(10) unsigned NOT NULL DEFAULT '0' COMMENT 'Entity ID',
  `value` int(11) DEFAULT NULL COMMENT 'Value',
  PRIMARY KEY (`value_id`),
  UNIQUE KEY `MAG2_CATALOG_PRODUCT_ENTITY_INT_ENTITY_ID_ATTRIBUTE_ID_STORE_ID` (`entity_id`,`attribute_id`,`store_id`),
  KEY `MAG2_CATALOG_PRODUCT_ENTITY_INT_ATTRIBUTE_ID` (`attribute_id`),
  KEY `MAG2_CATALOG_PRODUCT_ENTITY_INT_STORE_ID` (`store_id`),
  CONSTRAINT `MAG2_CATALOG_PRODUCT_ENTITY_INT_STORE_ID_STORE_STORE_ID` FOREIGN KEY (`store_id`) REFERENCES `mag2_store` (`store_id`) ON DELETE CASCADE,
  CONSTRAINT `MAG2_CAT_PRD_ENTT_INT_ATTR_ID_EAV_ATTR_ATTR_ID` FOREIGN KEY (`attribute_id`) REFERENCES `mag2_eav_attribute` (`attribute_id`) ON DELETE CASCADE,
  CONSTRAINT `MAG2_CAT_PRD_ENTT_INT_ENTT_ID_CAT_PRD_ENTT_ENTT_ID` FOREIGN KEY (`entity_id`) REFERENCES `mag2_catalog_product_entity` (`entity_id`) ON DELETE CASCADE
) ENGINE=InnoDB AUTO_INCREMENT=12979 DEFAULT CHARSET=utf8 COMMENT='Catalog Product Integer Attribute Backend Table';

--
-- Dumping data for table `mag2_catalog_product_entity_int`
--

INSERT INTO `mag2_catalog_product_entity_int` VALUES (12677,97,0,1,1),(12678,99,0,1,4),(12679,115,0,1,1),(12680,132,0,1,2),(12681,158,0,1,0),(12682,180,0,1,213),(12683,181,0,1,214),(12731,97,0,9,1),(12732,99,0,9,4),(12733,115,0,9,1),(12734,132,0,9,0),(12735,158,0,9,0),(12736,97,0,10,1),(12737,99,0,10,4),(12738,115,0,10,1),(12739,132,0,10,0),(12740,158,0,10,0),(12741,180,0,10,213),(12742,97,0,11,1),(12743,99,0,11,4),(12744,115,0,11,1),(12745,132,0,11,0),(12746,158,0,11,0),(12747,180,0,11,213),(12748,181,0,11,214),(12770,97,0,15,1),(12771,99,0,15,4),(12772,115,0,15,1),(12773,132,0,15,0),(12774,158,0,15,0),(12775,97,0,16,1),(12776,99,0,16,4),(12777,115,0,16,1),(12778,132,0,16,2),(12779,158,0,16,0),(12780,180,0,16,213),(12781,181,0,16,214),(12782,97,0,17,1),(12783,99,0,17,4),(12784,115,0,17,1),(12785,132,0,17,0),(12786,158,0,17,0),(12787,180,0,17,213),(12788,181,0,17,214),(12789,97,0,18,1),(12790,99,0,18,4),(12791,115,0,18,1),(12792,132,0,18,0),(12793,158,0,18,0),(12794,180,0,18,213),(12795,181,0,18,214),(12803,97,0,20,1),(12804,99,0,20,4),(12805,115,0,20,1),(12806,132,0,20,0),(12807,158,0,20,0),(12808,97,0,21,1),(12809,99,0,21,4),(12810,115,0,21,1),(12811,132,0,21,0),(12812,158,0,21,0),(12813,180,0,21,213),(12814,181,0,21,214),(12815,97,0,22,1),(12816,99,0,22,4),(12817,115,0,22,1),(12818,132,0,22,0),(12819,158,0,22,0),(12820,180,0,22,213),(12821,181,0,22,214),(12822,97,0,23,1),(12823,99,0,23,4),(12824,115,0,23,1),(12825,132,0,23,0),(12826,158,0,23,0),(12827,97,0,24,1),(12828,99,0,24,4),(12829,115,0,24,1),(12830,132,0,24,0),(12831,158,0,24,0),(12832,180,0,24,213),(12833,181,0,24,214),(12834,97,0,25,1),(12835,99,0,25,4),(12836,115,0,25,1),(12837,132,0,25,0),(12838,158,0,25,0),(12839,180,0,25,213),(12840,181,0,25,214),(12841,97,0,26,1),(12842,99,0,26,4),(12843,115,0,26,1),(12844,132,0,26,0),(12845,158,0,26,0),(12846,97,0,27,1),(12847,99,0,27,4),(12848,115,0,27,1),(12849,132,0,27,0),(12850,158,0,27,0),(12851,180,0,27,213),(12852,97,0,28,1),(12853,99,0,28,4),(12854,115,0,28,1),(12855,132,0,28,0),(12856,158,0,28,0),(12857,180,0,28,213),(12858,97,0,29,1),(12859,99,0,29,4),(12860,115,0,29,1),(12861,132,0,29,0),(12862,158,0,29,0),(12863,180,0,29,213),(12864,181,0,29,214),(12865,97,0,30,1),(12866,99,0,30,4),(12867,115,0,30,1),(12868,132,0,30,0),(12869,158,0,30,0),(12870,180,0,30,213),(12871,181,0,30,214),(12872,183,0,22,224),(12873,183,0,25,224),(12874,183,0,11,223),(12875,183,0,18,222),(12876,183,0,1,222),(12877,183,0,16,221),(12878,183,0,30,222),(12879,183,0,29,222),(12880,180,0,23,213),(12881,183,0,23,223),(12882,180,0,20,213),(12883,181,0,20,214),(12884,183,0,20,224),(12885,180,0,26,213),(12886,183,0,26,220),(12887,180,0,9,213),(12888,183,0,9,224),(12889,183,0,27,222),(12890,180,0,15,213),(12891,183,0,15,223),(12892,181,0,28,214),(12893,183,0,28,222),(12894,183,0,17,222),(12895,183,0,24,224),(12896,183,0,21,224),(12897,181,0,10,214),(12898,183,0,10,219),(12899,180,2,1,213),(12900,181,2,1,214),(12901,180,2,9,213),(12902,180,2,10,213),(12903,181,2,10,214),(12904,180,2,15,213),(12905,180,2,11,213),(12906,181,2,11,214),(12907,180,2,16,213),(12908,181,2,16,214),(12909,180,2,17,213),(12910,181,2,17,214),(12911,180,2,18,213),(12912,181,2,18,214),(12913,180,2,20,213),(12914,181,2,20,214),(12915,180,2,21,213),(12916,181,2,21,214),(12917,180,2,22,213),(12918,181,2,22,214),(12919,180,2,28,213),(12920,181,2,28,214),(12921,180,2,27,213),(12922,180,2,26,213),(12923,180,2,25,213),(12924,181,2,25,214),(12925,180,2,24,213),(12926,181,2,24,214),(12927,180,2,23,213),(12928,180,2,29,213),(12929,181,2,29,214),(12930,180,2,30,213),(12931,181,2,30,214),(12932,97,0,31,1),(12933,99,0,31,4),(12934,115,0,31,1),(12935,132,0,31,0),(12936,158,0,31,0),(12937,180,0,31,213),(12938,181,0,31,214),(12939,183,0,31,224),(12940,97,0,32,2),(12941,99,0,32,4),(12942,115,0,32,1),(12943,132,0,32,0),(12944,158,0,32,0),(12945,180,0,32,213),(12946,181,0,32,214),(12947,183,0,32,222),(12949,97,0,33,1),(12950,99,0,33,4),(12951,115,0,33,1),(12952,132,0,33,0),(12953,158,0,33,0),(12954,180,0,33,213),(12955,181,0,33,214),(12956,183,0,33,222),(12957,97,0,34,1),(12958,99,0,34,4),(12959,115,0,34,1),(12960,132,0,34,0),(12961,158,0,34,0),(12962,180,0,34,213),(12963,181,0,34,214),(12964,183,0,34,224),(12965,97,0,35,1),(12966,99,0,35,4),(12967,115,0,35,1),(12968,132,0,35,0),(12969,158,0,35,0),(12970,180,0,35,213),(12971,183,0,35,224),(12972,97,0,36,2),(12973,99,0,36,4),(12974,115,0,36,1),(12975,132,0,36,0),(12976,158,0,36,0),(12977,180,0,36,213),(12978,183,0,36,222);

--
-- Table structure for table `mag2_catalog_product_entity_media_gallery`
--

CREATE TABLE `mag2_catalog_product_entity_media_gallery` (
  `value_id` int(10) unsigned NOT NULL AUTO_INCREMENT COMMENT 'Value ID',
  `attribute_id` smallint(5) unsigned NOT NULL DEFAULT '0' COMMENT 'Attribute ID',
  `value` varchar(255) DEFAULT NULL COMMENT 'Value',
  `media_type` varchar(32) NOT NULL DEFAULT 'image' COMMENT 'Media entry type',
  `disabled` smallint(5) unsigned NOT NULL DEFAULT '0' COMMENT 'Visibility status',
  PRIMARY KEY (`value_id`),
  KEY `MAG2_CATALOG_PRODUCT_ENTITY_MEDIA_GALLERY_ATTRIBUTE_ID` (`attribute_id`),
  CONSTRAINT `MAG2_CAT_PRD_ENTT_MDA_GLR_ATTR_ID_EAV_ATTR_ATTR_ID` FOREIGN KEY (`attribute_id`) REFERENCES `mag2_eav_attribute` (`attribute_id`) ON DELETE CASCADE
) ENGINE=InnoDB AUTO_INCREMENT=3459 DEFAULT CHARSET=utf8 COMMENT='Catalog Product Media Gallery Attribute Backend Table';

--
-- Dumping data for table `mag2_catalog_product_entity_media_gallery`
--

INSERT INTO `mag2_catalog_product_entity_media_gallery` VALUES (1,90,'/m/b/mb01-blue-0.jpg','image',0),(2,90,'/m/b/mb04-black-0.jpg','image',0),(3,90,'/m/b/mb04-black-0_alt1.jpg','image',0),(4,90,'/m/b/mb03-black-0.jpg','image',0),(5,90,'/m/b/mb03-black-0_alt1.jpg','image',0),(6,90,'/m/b/mb05-black-0.jpg','image',0),(7,90,'/m/b/mb06-gray-0.jpg','image',0),(8,90,'/m/b/mb02-gray-0.jpg','image',0),(9,90,'/m/b/mb02-blue-0.jpg','image',0),(10,90,'/u/b/ub02-black-0.jpg','image',0),(11,90,'/w/b/wb01-black-0.jpg','image',0),(12,90,'/w/b/wb02-green-0.jpg','image',0),(13,90,'/w/b/wb05-red-0.jpg','image',0),(14,90,'/w/b/wb06-red-0.jpg','image',0),(15,90,'/w/b/wb06-red-0_alt1.jpg','image',0),(16,90,'/w/b/wb03-purple-0.jpg','image',0),(17,90,'/w/b/wb07-brown-0.jpg','image',0),(18,90,'/w/b/wb04-blue-0.jpg','image',0),(19,90,'/u/g/ug06-lb-0.jpg','image',0),(20,90,'/u/g/ug07-bk-0.jpg','image',0),(21,90,'/u/g/ug07-bk-0_alt1.jpg','image',0),(22,90,'/u/g/ug04-bk-0.jpg','image',0),(23,90,'/u/g/ug02-bk-0.jpg','image',0),(24,90,'/u/g/ug05-gr-0.jpg','image',0),(25,90,'/u/g/ug01-bk-0.jpg','image',0),(26,90,'/l/u/luma-yoga-brick.jpg','image',0),(27,90,'/l/u/luma-foam-roller.jpg','image',0),(28,90,'/u/g/ug03-bk-0.jpg','image',0),(29,90,'/l/u/luma-stability-ball-gray.jpg','image',0),(30,90,'/l/u/luma-stability-ball-pink.jpg','image',0),(31,90,'/l/u/luma-stability-ball.jpg','image',0),(32,90,'/l/u/luma-stability-ball-gray.jpg','image',0),(33,90,'/l/u/luma-stability-ball-pink.jpg','image',0),(34,90,'/l/u/luma-stability-ball.jpg','image',0),(35,90,'/l/u/luma-stability-ball-gray.jpg','image',0),(36,90,'/l/u/luma-stability-ball-pink.jpg','image',0),(37,90,'/l/u/luma-stability-ball.jpg','image',0),(38,90,'/l/u/luma-yoga-strap.jpg','image',0),(39,90,'/l/u/luma-yoga-strap.jpg','image',0),(40,90,'/l/u/luma-yoga-strap.jpg','image',0),(41,90,'/m/g/mg04-bk-0.jpg','image',0),(42,90,'/m/g/mg01-bk-0.jpg','image',0),(43,90,'/m/g/mg03-br-0.jpg','image',0),(44,90,'/m/g/mg05-br-0.jpg','image',0),(45,90,'/m/g/mg02-bk-0.jpg','image',0),(46,90,'/w/g/wg09-gr-0.jpg','image',0),(47,90,'/w/g/wg01-bk-0.jpg','image',0),(48,90,'/w/g/wg03-gr-0.jpg','image',0),(49,90,'/w/g/wg03-sa-0.jpg','image',0),(50,90,'/w/g/wg02-bk-0.jpg','image',0),(51,90,'/l/u/luma-yoga-kit-2.jpg','image',0),(52,90,'/l/t/lt01.jpg','image',0),(53,90,'/l/t/lt02.jpg','image',0),(54,90,'/l/t/lt03.jpg','image',0),(55,90,'/l/t/lt04.jpg','image',0),(56,90,'/l/t/lt05.jpg','image',0),(57,90,'/l/t/lt06.jpg','image',0),(58,90,'/m/h/mh01-black_main.jpg','image',0),(59,90,'/m/h/mh01-gray_main.jpg','image',0),(60,90,'/m/h/mh01-gray_alt1.jpg','image',0),(61,90,'/m/h/mh01-gray_back.jpg','image',0),(62,90,'/m/h/mh01-orange_main.jpg','image',0),(63,90,'/m/h/mh01-black_main.jpg','image',0),(64,90,'/m/h/mh01-gray_main.jpg','image',0),(65,90,'/m/h/mh01-gray_alt1.jpg','image',0),(66,90,'/m/h/mh01-gray_back.jpg','image',0),(67,90,'/m/h/mh01-orange_main.jpg','image',0),(68,90,'/m/h/mh01-black_main.jpg','image',0),(69,90,'/m/h/mh01-gray_main.jpg','image',0),(70,90,'/m/h/mh01-gray_alt1.jpg','image',0),(71,90,'/m/h/mh01-gray_back.jpg','image',0),(72,90,'/m/h/mh01-orange_main.jpg','image',0),(73,90,'/m/h/mh01-black_main.jpg','image',0),(74,90,'/m/h/mh01-gray_main.jpg','image',0),(75,90,'/m/h/mh01-gray_alt1.jpg','image',0),(76,90,'/m/h/mh01-gray_back.jpg','image',0),(77,90,'/m/h/mh01-orange_main.jpg','image',0),(78,90,'/m/h/mh01-black_main.jpg','image',0),(79,90,'/m/h/mh01-gray_main.jpg','image',0),(80,90,'/m/h/mh01-gray_alt1.jpg','image',0),(81,90,'/m/h/mh01-gray_back.jpg','image',0),(82,90,'/m/h/mh01-orange_main.jpg','image',0),(83,90,'/m/h/mh01-gray_main.jpg','image',0),(84,90,'/m/h/mh01-gray_alt1.jpg','image',0),(85,90,'/m/h/mh01-gray_back.jpg','image',0),(86,90,'/m/h/mh02-black_main.jpg','image',0),(87,90,'/m/h/mh02-black_alt1.jpg','image',0),(88,90,'/m/h/mh02-black_back.jpg','image',0),(89,90,'/m/h/mh02-purple_main.jpg','image',0),(90,90,'/m/h/mh02-red_main.jpg','image',0),(91,90,'/m/h/mh02-black_main.jpg','image',0),(92,90,'/m/h/mh02-black_alt1.jpg','image',0),(93,90,'/m/h/mh02-black_back.jpg','image',0),(94,90,'/m/h/mh02-purple_main.jpg','image',0),(95,90,'/m/h/mh02-red_main.jpg','image',0),(96,90,'/m/h/mh02-black_main.jpg','image',0),(97,90,'/m/h/mh02-black_alt1.jpg','image',0),(98,90,'/m/h/mh02-black_back.jpg','image',0),(99,90,'/m/h/mh02-purple_main.jpg','image',0),(100,90,'/m/h/mh02-red_main.jpg','image',0),(101,90,'/m/h/mh02-black_main.jpg','image',0),(102,90,'/m/h/mh02-black_alt1.jpg','image',0),(103,90,'/m/h/mh02-black_back.jpg','image',0),(104,90,'/m/h/mh02-purple_main.jpg','image',0),(105,90,'/m/h/mh02-red_main.jpg','image',0),(106,90,'/m/h/mh02-black_main.jpg','image',0),(107,90,'/m/h/mh02-black_alt1.jpg','image',0),(108,90,'/m/h/mh02-black_back.jpg','image',0),(109,90,'/m/h/mh02-purple_main.jpg','image',0),(110,90,'/m/h/mh02-red_main.jpg','image',0),(111,90,'/m/h/mh02-black_main.jpg','image',0),(112,90,'/m/h/mh02-black_alt1.jpg','image',0),(113,90,'/m/h/mh02-black_back.jpg','image',0),(114,90,'/m/h/mh03-black_main.jpg','image',0),(115,90,'/m/h/mh03-black_alt1.jpg','image',0),(116,90,'/m/h/mh03-black_back.jpg','image',0),(117,90,'/m/h/mh03-blue_main.jpg','image',0),(118,90,'/m/h/mh03-green_main.jpg','image',0),(119,90,'/m/h/mh03-black_main.jpg','image',0),(120,90,'/m/h/mh03-black_alt1.jpg','image',0),(121,90,'/m/h/mh03-black_back.jpg','image',0),(122,90,'/m/h/mh03-blue_main.jpg','image',0),(123,90,'/m/h/mh03-green_main.jpg','image',0),(124,90,'/m/h/mh03-black_main.jpg','image',0),(125,90,'/m/h/mh03-black_alt1.jpg','image',0),(126,90,'/m/h/mh03-black_back.jpg','image',0),(127,90,'/m/h/mh03-blue_main.jpg','image',0),(128,90,'/m/h/mh03-green_main.jpg','image',0),(129,90,'/m/h/mh03-black_main.jpg','image',0),(130,90,'/m/h/mh03-black_alt1.jpg','image',0),(131,90,'/m/h/mh03-black_back.jpg','image',0),(132,90,'/m/h/mh03-blue_main.jpg','image',0),(133,90,'/m/h/mh03-green_main.jpg','image',0),(134,90,'/m/h/mh03-black_main.jpg','image',0),(135,90,'/m/h/mh03-black_alt1.jpg','image',0),(136,90,'/m/h/mh03-black_back.jpg','image',0),(137,90,'/m/h/mh03-blue_main.jpg','image',0),(138,90,'/m/h/mh03-green_main.jpg','image',0),(139,90,'/m/h/mh03-black_main.jpg','image',0),(140,90,'/m/h/mh03-black_alt1.jpg','image',0),(141,90,'/m/h/mh03-black_back.jpg','image',0),(142,90,'/m/h/mh04-green_main.jpg','image',0),(143,90,'/m/h/mh04-green_alt1.jpg','image',0),(144,90,'/m/h/mh04-green_back.jpg','image',0),(145,90,'/m/h/mh04-white_main.jpg','image',0),(146,90,'/m/h/mh04-yellow_main.jpg','image',0),(147,90,'/m/h/mh04-green_main.jpg','image',0),(148,90,'/m/h/mh04-green_alt1.jpg','image',0),(149,90,'/m/h/mh04-green_back.jpg','image',0),(150,90,'/m/h/mh04-white_main.jpg','image',0),(151,90,'/m/h/mh04-yellow_main.jpg','image',0),(152,90,'/m/h/mh04-green_main.jpg','image',0),(153,90,'/m/h/mh04-green_alt1.jpg','image',0),(154,90,'/m/h/mh04-green_back.jpg','image',0),(155,90,'/m/h/mh04-white_main.jpg','image',0),(156,90,'/m/h/mh04-yellow_main.jpg','image',0),(157,90,'/m/h/mh04-green_main.jpg','image',0),(158,90,'/m/h/mh04-green_alt1.jpg','image',0),(159,90,'/m/h/mh04-green_back.jpg','image',0),(160,90,'/m/h/mh04-white_main.jpg','image',0),(161,90,'/m/h/mh04-yellow_main.jpg','image',0),(162,90,'/m/h/mh04-green_main.jpg','image',0),(163,90,'/m/h/mh04-green_alt1.jpg','image',0),(164,90,'/m/h/mh04-green_back.jpg','image',0),(165,90,'/m/h/mh04-white_main.jpg','image',0),(166,90,'/m/h/mh04-yellow_main.jpg','image',0),(167,90,'/m/h/mh04-green_main.jpg','image',0),(168,90,'/m/h/mh04-green_alt1.jpg','image',0),(169,90,'/m/h/mh04-green_back.jpg','image',0),(170,90,'/m/h/mh05-green_main.jpg','image',0),(171,90,'/m/h/mh05-red_main.jpg','image',0),(172,90,'/m/h/mh05-white_main.jpg','image',0),(173,90,'/m/h/mh05-white_alt1.jpg','image',0),(174,90,'/m/h/mh05-white_back.jpg','image',0),(175,90,'/m/h/mh05-green_main.jpg','image',0),(176,90,'/m/h/mh05-red_main.jpg','image',0),(177,90,'/m/h/mh05-white_main.jpg','image',0),(178,90,'/m/h/mh05-white_alt1.jpg','image',0),(179,90,'/m/h/mh05-white_back.jpg','image',0),(180,90,'/m/h/mh05-green_main.jpg','image',0),(181,90,'/m/h/mh05-red_main.jpg','image',0),(182,90,'/m/h/mh05-white_main.jpg','image',0),(183,90,'/m/h/mh05-white_alt1.jpg','image',0),(184,90,'/m/h/mh05-white_back.jpg','image',0),(185,90,'/m/h/mh05-green_main.jpg','image',0),(186,90,'/m/h/mh05-red_main.jpg','image',0),(187,90,'/m/h/mh05-white_main.jpg','image',0),(188,90,'/m/h/mh05-white_alt1.jpg','image',0),(189,90,'/m/h/mh05-white_back.jpg','image',0),(190,90,'/m/h/mh05-green_main.jpg','image',0),(191,90,'/m/h/mh05-red_main.jpg','image',0),(192,90,'/m/h/mh05-white_main.jpg','image',0),(193,90,'/m/h/mh05-white_alt1.jpg','image',0),(194,90,'/m/h/mh05-white_back.jpg','image',0),(195,90,'/m/h/mh05-white_main.jpg','image',0),(196,90,'/m/h/mh05-white_alt1.jpg','image',0),(197,90,'/m/h/mh05-white_back.jpg','image',0),(198,90,'/m/h/mh06-black_main.jpg','image',0),(199,90,'/m/h/mh06-blue_main.jpg','image',0),(200,90,'/m/h/mh06-blue_alt1.jpg','image',0),(201,90,'/m/h/mh06-blue_back.jpg','image',0),(202,90,'/m/h/mh06-purple_main.jpg','image',0),(203,90,'/m/h/mh06-black_main.jpg','image',0),(204,90,'/m/h/mh06-blue_main.jpg','image',0),(205,90,'/m/h/mh06-blue_alt1.jpg','image',0),(206,90,'/m/h/mh06-blue_back.jpg','image',0),(207,90,'/m/h/mh06-purple_main.jpg','image',0),(208,90,'/m/h/mh06-black_main.jpg','image',0),(209,90,'/m/h/mh06-blue_main.jpg','image',0),(210,90,'/m/h/mh06-blue_alt1.jpg','image',0),(211,90,'/m/h/mh06-blue_back.jpg','image',0),(212,90,'/m/h/mh06-purple_main.jpg','image',0),(213,90,'/m/h/mh06-black_main.jpg','image',0),(214,90,'/m/h/mh06-blue_main.jpg','image',0),(215,90,'/m/h/mh06-blue_alt1.jpg','image',0),(216,90,'/m/h/mh06-blue_back.jpg','image',0),(217,90,'/m/h/mh06-purple_main.jpg','image',0),(218,90,'/m/h/mh06-black_main.jpg','image',0),(219,90,'/m/h/mh06-blue_main.jpg','image',0),(220,90,'/m/h/mh06-blue_alt1.jpg','image',0),(221,90,'/m/h/mh06-blue_back.jpg','image',0),(222,90,'/m/h/mh06-purple_main.jpg','image',0),(223,90,'/m/h/mh06-blue_main.jpg','image',0),(224,90,'/m/h/mh06-blue_alt1.jpg','image',0),(225,90,'/m/h/mh06-blue_back.jpg','image',0),(226,90,'/m/h/mh07-black_main.jpg','image',0),(227,90,'/m/h/mh07-gray_main.jpg','image',0),(228,90,'/m/h/mh07-gray_alt1.jpg','image',0),(229,90,'/m/h/mh07-gray_back.jpg','image',0),(230,90,'/m/h/mh07-green_main.jpg','image',0),(231,90,'/m/h/mh07-black_main.jpg','image',0),(232,90,'/m/h/mh07-gray_main.jpg','image',0),(233,90,'/m/h/mh07-gray_alt1.jpg','image',0),(234,90,'/m/h/mh07-gray_back.jpg','image',0),(235,90,'/m/h/mh07-green_main.jpg','image',0),(236,90,'/m/h/mh07-black_main.jpg','image',0),(237,90,'/m/h/mh07-gray_main.jpg','image',0),(238,90,'/m/h/mh07-gray_alt1.jpg','image',0),(239,90,'/m/h/mh07-gray_back.jpg','image',0),(240,90,'/m/h/mh07-green_main.jpg','image',0),(241,90,'/m/h/mh07-black_main.jpg','image',0),(242,90,'/m/h/mh07-gray_main.jpg','image',0),(243,90,'/m/h/mh07-gray_alt1.jpg','image',0),(244,90,'/m/h/mh07-gray_back.jpg','image',0),(245,90,'/m/h/mh07-green_main.jpg','image',0),(246,90,'/m/h/mh07-black_main.jpg','image',0),(247,90,'/m/h/mh07-gray_main.jpg','image',0),(248,90,'/m/h/mh07-gray_alt1.jpg','image',0),(249,90,'/m/h/mh07-gray_back.jpg','image',0),(250,90,'/m/h/mh07-green_main.jpg','image',0),(251,90,'/m/h/mh07-gray_main.jpg','image',0),(252,90,'/m/h/mh07-gray_alt1.jpg','image',0),(253,90,'/m/h/mh07-gray_back.jpg','image',0),(254,90,'/m/h/mh08-brown_main.jpg','image',0),(255,90,'/m/h/mh08-brown_alt1.jpg','image',0),(256,90,'/m/h/mh08-brown_back.jpg','image',0),(257,90,'/m/h/mh08-purple_main.jpg','image',0),(258,90,'/m/h/mh08-red_main.jpg','image',0),(259,90,'/m/h/mh08-brown_main.jpg','image',0),(260,90,'/m/h/mh08-brown_alt1.jpg','image',0),(261,90,'/m/h/mh08-brown_back.jpg','image',0),(262,90,'/m/h/mh08-purple_main.jpg','image',0),(263,90,'/m/h/mh08-red_main.jpg','image',0),(264,90,'/m/h/mh08-brown_main.jpg','image',0),(265,90,'/m/h/mh08-brown_alt1.jpg','image',0),(266,90,'/m/h/mh08-brown_back.jpg','image',0),(267,90,'/m/h/mh08-purple_main.jpg','image',0),(268,90,'/m/h/mh08-red_main.jpg','image',0),(269,90,'/m/h/mh08-brown_main.jpg','image',0),(270,90,'/m/h/mh08-brown_alt1.jpg','image',0),(271,90,'/m/h/mh08-brown_back.jpg','image',0),(272,90,'/m/h/mh08-purple_main.jpg','image',0),(273,90,'/m/h/mh08-red_main.jpg','image',0),(274,90,'/m/h/mh08-brown_main.jpg','image',0),(275,90,'/m/h/mh08-brown_alt1.jpg','image',0),(276,90,'/m/h/mh08-brown_back.jpg','image',0),(277,90,'/m/h/mh08-purple_main.jpg','image',0),(278,90,'/m/h/mh08-red_main.jpg','image',0),(279,90,'/m/h/mh08-brown_main.jpg','image',0),(280,90,'/m/h/mh08-brown_alt1.jpg','image',0),(281,90,'/m/h/mh08-brown_back.jpg','image',0),(282,90,'/m/h/mh09-blue_main.jpg','image',0),(283,90,'/m/h/mh09-blue_alt1.jpg','image',0),(284,90,'/m/h/mh09-blue_back.jpg','image',0),(285,90,'/m/h/mh09-green_main.jpg','image',0),(286,90,'/m/h/mh09-red_main.jpg','image',0),(287,90,'/m/h/mh09-blue_main.jpg','image',0),(288,90,'/m/h/mh09-blue_alt1.jpg','image',0),(289,90,'/m/h/mh09-blue_back.jpg','image',0),(290,90,'/m/h/mh09-green_main.jpg','image',0),(291,90,'/m/h/mh09-red_main.jpg','image',0),(292,90,'/m/h/mh09-blue_main.jpg','image',0),(293,90,'/m/h/mh09-blue_alt1.jpg','image',0),(294,90,'/m/h/mh09-blue_back.jpg','image',0),(295,90,'/m/h/mh09-green_main.jpg','image',0),(296,90,'/m/h/mh09-red_main.jpg','image',0),(297,90,'/m/h/mh09-blue_main.jpg','image',0),(298,90,'/m/h/mh09-blue_alt1.jpg','image',0),(299,90,'/m/h/mh09-blue_back.jpg','image',0),(300,90,'/m/h/mh09-green_main.jpg','image',0),(301,90,'/m/h/mh09-red_main.jpg','image',0),(302,90,'/m/h/mh09-blue_main.jpg','image',0),(303,90,'/m/h/mh09-blue_alt1.jpg','image',0),(304,90,'/m/h/mh09-blue_back.jpg','image',0),(305,90,'/m/h/mh09-green_main.jpg','image',0),(306,90,'/m/h/mh09-red_main.jpg','image',0),(307,90,'/m/h/mh09-blue_main.jpg','image',0),(308,90,'/m/h/mh09-blue_alt1.jpg','image',0),(309,90,'/m/h/mh09-blue_back.jpg','image',0),(310,90,'/m/h/mh10-black_main.jpg','image',0),(311,90,'/m/h/mh10-blue_main.jpg','image',0),(312,90,'/m/h/mh10-blue_alt1.jpg','image',0),(313,90,'/m/h/mh10-blue_back.jpg','image',0),(314,90,'/m/h/mh10-red_main.jpg','image',0),(315,90,'/m/h/mh10-black_main.jpg','image',0),(316,90,'/m/h/mh10-blue_main.jpg','image',0),(317,90,'/m/h/mh10-blue_alt1.jpg','image',0),(318,90,'/m/h/mh10-blue_back.jpg','image',0),(319,90,'/m/h/mh10-red_main.jpg','image',0),(320,90,'/m/h/mh10-black_main.jpg','image',0),(321,90,'/m/h/mh10-blue_main.jpg','image',0),(322,90,'/m/h/mh10-blue_alt1.jpg','image',0),(323,90,'/m/h/mh10-blue_back.jpg','image',0),(324,90,'/m/h/mh10-red_main.jpg','image',0),(325,90,'/m/h/mh10-black_main.jpg','image',0),(326,90,'/m/h/mh10-blue_main.jpg','image',0),(327,90,'/m/h/mh10-blue_alt1.jpg','image',0),(328,90,'/m/h/mh10-blue_back.jpg','image',0),(329,90,'/m/h/mh10-red_main.jpg','image',0),(330,90,'/m/h/mh10-black_main.jpg','image',0),(331,90,'/m/h/mh10-blue_main.jpg','image',0),(332,90,'/m/h/mh10-blue_alt1.jpg','image',0),(333,90,'/m/h/mh10-blue_back.jpg','image',0),(334,90,'/m/h/mh10-red_main.jpg','image',0),(335,90,'/m/h/mh10-blue_main.jpg','image',0),(336,90,'/m/h/mh10-blue_alt1.jpg','image',0),(337,90,'/m/h/mh10-blue_back.jpg','image',0),(338,90,'/m/h/mh11-orange_main.jpg','image',0),(339,90,'/m/h/mh11-red_main.jpg','image',0),(340,90,'/m/h/mh11-white_main.jpg','image',0),(341,90,'/m/h/mh11-white_alt1.jpg','image',0),(342,90,'/m/h/mh11-white_back.jpg','image',0),(343,90,'/m/h/mh11-orange_main.jpg','image',0),(344,90,'/m/h/mh11-red_main.jpg','image',0),(345,90,'/m/h/mh11-white_main.jpg','image',0),(346,90,'/m/h/mh11-white_alt1.jpg','image',0),(347,90,'/m/h/mh11-white_back.jpg','image',0),(348,90,'/m/h/mh11-orange_main.jpg','image',0),(349,90,'/m/h/mh11-red_main.jpg','image',0),(350,90,'/m/h/mh11-white_main.jpg','image',0),(351,90,'/m/h/mh11-white_alt1.jpg','image',0),(352,90,'/m/h/mh11-white_back.jpg','image',0),(353,90,'/m/h/mh11-orange_main.jpg','image',0),(354,90,'/m/h/mh11-red_main.jpg','image',0),(355,90,'/m/h/mh11-white_main.jpg','image',0),(356,90,'/m/h/mh11-white_alt1.jpg','image',0),(357,90,'/m/h/mh11-white_back.jpg','image',0),(358,90,'/m/h/mh11-orange_main.jpg','image',0),(359,90,'/m/h/mh11-red_main.jpg','image',0),(360,90,'/m/h/mh11-white_main.jpg','image',0),(361,90,'/m/h/mh11-white_alt1.jpg','image',0),(362,90,'/m/h/mh11-white_back.jpg','image',0),(363,90,'/m/h/mh11-white_main.jpg','image',0),(364,90,'/m/h/mh11-white_alt1.jpg','image',0),(365,90,'/m/h/mh11-white_back.jpg','image',0),(366,90,'/m/h/mh12-blue_main.jpg','image',0),(367,90,'/m/h/mh12-green_main.jpg','image',0),(368,90,'/m/h/mh12-green_alt1.jpg','image',0),(369,90,'/m/h/mh12-green_back.jpg','image',0),(370,90,'/m/h/mh12-red_main.jpg','image',0),(371,90,'/m/h/mh12-blue_main.jpg','image',0),(372,90,'/m/h/mh12-green_main.jpg','image',0),(373,90,'/m/h/mh12-green_alt1.jpg','image',0),(374,90,'/m/h/mh12-green_back.jpg','image',0),(375,90,'/m/h/mh12-red_main.jpg','image',0),(376,90,'/m/h/mh12-blue_main.jpg','image',0),(377,90,'/m/h/mh12-green_main.jpg','image',0),(378,90,'/m/h/mh12-green_alt1.jpg','image',0),(379,90,'/m/h/mh12-green_back.jpg','image',0),(380,90,'/m/h/mh12-red_main.jpg','image',0),(381,90,'/m/h/mh12-blue_main.jpg','image',0),(382,90,'/m/h/mh12-green_main.jpg','image',0),(383,90,'/m/h/mh12-green_alt1.jpg','image',0),(384,90,'/m/h/mh12-green_back.jpg','image',0),(385,90,'/m/h/mh12-red_main.jpg','image',0),(386,90,'/m/h/mh12-blue_main.jpg','image',0),(387,90,'/m/h/mh12-green_main.jpg','image',0),(388,90,'/m/h/mh12-green_alt1.jpg','image',0),(389,90,'/m/h/mh12-green_back.jpg','image',0),(390,90,'/m/h/mh12-red_main.jpg','image',0),(391,90,'/m/h/mh12-green_main.jpg','image',0),(392,90,'/m/h/mh12-green_alt1.jpg','image',0),(393,90,'/m/h/mh12-green_back.jpg','image',0),(394,90,'/m/h/mh13-blue_main.jpg','image',0),(395,90,'/m/h/mh13-blue_alt1.jpg','image',0),(396,90,'/m/h/mh13-blue_back.jpg','image',0),(397,90,'/m/h/mh13-green_main.jpg','image',0),(398,90,'/m/h/mh13-lavender_main.jpg','image',0),(399,90,'/m/h/mh13-blue_main.jpg','image',0),(400,90,'/m/h/mh13-blue_alt1.jpg','image',0),(401,90,'/m/h/mh13-blue_back.jpg','image',0),(402,90,'/m/h/mh13-green_main.jpg','image',0),(403,90,'/m/h/mh13-lavender_main.jpg','image',0),(404,90,'/m/h/mh13-blue_main.jpg','image',0),(405,90,'/m/h/mh13-blue_alt1.jpg','image',0),(406,90,'/m/h/mh13-blue_back.jpg','image',0),(407,90,'/m/h/mh13-green_main.jpg','image',0),(408,90,'/m/h/mh13-lavender_main.jpg','image',0),(409,90,'/m/h/mh13-blue_main.jpg','image',0),(410,90,'/m/h/mh13-blue_alt1.jpg','image',0),(411,90,'/m/h/mh13-blue_back.jpg','image',0),(412,90,'/m/h/mh13-green_main.jpg','image',0),(413,90,'/m/h/mh13-lavender_main.jpg','image',0),(414,90,'/m/h/mh13-blue_main.jpg','image',0),(415,90,'/m/h/mh13-blue_alt1.jpg','image',0),(416,90,'/m/h/mh13-blue_back.jpg','image',0),(417,90,'/m/h/mh13-green_main.jpg','image',0),(418,90,'/m/h/mh13-lavender_main.jpg','image',0),(419,90,'/m/h/mh13-blue_main.jpg','image',0),(420,90,'/m/h/mh13-blue_alt1.jpg','image',0),(421,90,'/m/h/mh13-blue_back.jpg','image',0),(422,90,'/m/j/mj01-orange_main.jpg','image',0),(423,90,'/m/j/mj01-red_main.jpg','image',0),(424,90,'/m/j/mj01-yellow_main.jpg','image',0),(425,90,'/m/j/mj01-yellow_alt1.jpg','image',0),(426,90,'/m/j/mj01-yellow_back.jpg','image',0),(427,90,'/m/j/mj01-orange_main.jpg','image',0),(428,90,'/m/j/mj01-red_main.jpg','image',0),(429,90,'/m/j/mj01-yellow_main.jpg','image',0),(430,90,'/m/j/mj01-yellow_alt1.jpg','image',0),(431,90,'/m/j/mj01-yellow_back.jpg','image',0),(432,90,'/m/j/mj01-orange_main.jpg','image',0),(433,90,'/m/j/mj01-red_main.jpg','image',0),(434,90,'/m/j/mj01-yellow_main.jpg','image',0),(435,90,'/m/j/mj01-yellow_alt1.jpg','image',0),(436,90,'/m/j/mj01-yellow_back.jpg','image',0),(437,90,'/m/j/mj01-orange_main.jpg','image',0),(438,90,'/m/j/mj01-red_main.jpg','image',0),(439,90,'/m/j/mj01-yellow_main.jpg','image',0),(440,90,'/m/j/mj01-yellow_alt1.jpg','image',0),(441,90,'/m/j/mj01-yellow_back.jpg','image',0),(442,90,'/m/j/mj01-orange_main.jpg','image',0),(443,90,'/m/j/mj01-red_main.jpg','image',0),(444,90,'/m/j/mj01-yellow_main.jpg','image',0),(445,90,'/m/j/mj01-yellow_alt1.jpg','image',0),(446,90,'/m/j/mj01-yellow_back.jpg','image',0),(447,90,'/m/j/mj01-yellow_main.jpg','image',0),(448,90,'/m/j/mj01-yellow_alt1.jpg','image',0),(449,90,'/m/j/mj01-yellow_back.jpg','image',0),(450,90,'/m/j/mj02-green_main.jpg','image',0),(451,90,'/m/j/mj02-green_alt1.jpg','image',0),(452,90,'/m/j/mj02-green_back.jpg','image',0),(453,90,'/m/j/mj02-orange_main.jpg','image',0),(454,90,'/m/j/mj02-red_main.jpg','image',0),(455,90,'/m/j/mj02-green_main.jpg','image',0),(456,90,'/m/j/mj02-green_alt1.jpg','image',0),(457,90,'/m/j/mj02-green_back.jpg','image',0),(458,90,'/m/j/mj02-orange_main.jpg','image',0),(459,90,'/m/j/mj02-red_main.jpg','image',0),(460,90,'/m/j/mj02-green_main.jpg','image',0),(461,90,'/m/j/mj02-green_alt1.jpg','image',0),(462,90,'/m/j/mj02-green_back.jpg','image',0),(463,90,'/m/j/mj02-orange_main.jpg','image',0),(464,90,'/m/j/mj02-red_main.jpg','image',0),(465,90,'/m/j/mj02-green_main.jpg','image',0),(466,90,'/m/j/mj02-green_alt1.jpg','image',0),(467,90,'/m/j/mj02-green_back.jpg','image',0),(468,90,'/m/j/mj02-orange_main.jpg','image',0),(469,90,'/m/j/mj02-red_main.jpg','image',0),(470,90,'/m/j/mj02-green_main.jpg','image',0),(471,90,'/m/j/mj02-green_alt1.jpg','image',0),(472,90,'/m/j/mj02-green_back.jpg','image',0),(473,90,'/m/j/mj02-orange_main.jpg','image',0),(474,90,'/m/j/mj02-red_main.jpg','image',0),(475,90,'/m/j/mj02-green_main.jpg','image',0),(476,90,'/m/j/mj02-green_alt1.jpg','image',0),(477,90,'/m/j/mj02-green_back.jpg','image',0),(478,90,'/m/j/mj04-black_main.jpg','image',0),(479,90,'/m/j/mj04-black_alt1.jpg','image',0),(480,90,'/m/j/mj04-black_back.jpg','image',0),(481,90,'/m/j/mj04-blue_main.jpg','image',0),(482,90,'/m/j/mj04-purple_main.jpg','image',0),(483,90,'/m/j/mj04-black_main.jpg','image',0),(484,90,'/m/j/mj04-black_alt1.jpg','image',0),(485,90,'/m/j/mj04-black_back.jpg','image',0),(486,90,'/m/j/mj04-blue_main.jpg','image',0),(487,90,'/m/j/mj04-purple_main.jpg','image',0),(488,90,'/m/j/mj04-black_main.jpg','image',0),(489,90,'/m/j/mj04-black_alt1.jpg','image',0),(490,90,'/m/j/mj04-black_back.jpg','image',0),(491,90,'/m/j/mj04-blue_main.jpg','image',0),(492,90,'/m/j/mj04-purple_main.jpg','image',0),(493,90,'/m/j/mj04-black_main.jpg','image',0),(494,90,'/m/j/mj04-black_alt1.jpg','image',0),(495,90,'/m/j/mj04-black_back.jpg','image',0),(496,90,'/m/j/mj04-blue_main.jpg','image',0),(497,90,'/m/j/mj04-purple_main.jpg','image',0),(498,90,'/m/j/mj04-black_main.jpg','image',0),(499,90,'/m/j/mj04-black_alt1.jpg','image',0),(500,90,'/m/j/mj04-black_back.jpg','image',0),(501,90,'/m/j/mj04-blue_main.jpg','image',0),(502,90,'/m/j/mj04-purple_main.jpg','image',0),(503,90,'/m/j/mj04-black_main.jpg','image',0),(504,90,'/m/j/mj04-black_alt1.jpg','image',0),(505,90,'/m/j/mj04-black_back.jpg','image',0),(506,90,'/m/j/mj07-black_main.jpg','image',0),(507,90,'/m/j/mj07-red_main.jpg','image',0),(508,90,'/m/j/mj07-red_alt1.jpg','image',0),(509,90,'/m/j/mj07-red_back.jpg','image',0),(510,90,'/m/j/mj07-yellow_main.jpg','image',0),(511,90,'/m/j/mj07-black_main.jpg','image',0),(512,90,'/m/j/mj07-red_main.jpg','image',0),(513,90,'/m/j/mj07-red_alt1.jpg','image',0),(514,90,'/m/j/mj07-red_back.jpg','image',0),(515,90,'/m/j/mj07-yellow_main.jpg','image',0),(516,90,'/m/j/mj07-black_main.jpg','image',0),(517,90,'/m/j/mj07-red_main.jpg','image',0),(518,90,'/m/j/mj07-red_alt1.jpg','image',0),(519,90,'/m/j/mj07-red_back.jpg','image',0),(520,90,'/m/j/mj07-yellow_main.jpg','image',0),(521,90,'/m/j/mj07-black_main.jpg','image',0),(522,90,'/m/j/mj07-red_main.jpg','image',0),(523,90,'/m/j/mj07-red_alt1.jpg','image',0),(524,90,'/m/j/mj07-red_back.jpg','image',0),(525,90,'/m/j/mj07-yellow_main.jpg','image',0),(526,90,'/m/j/mj07-black_main.jpg','image',0),(527,90,'/m/j/mj07-red_main.jpg','image',0),(528,90,'/m/j/mj07-red_alt1.jpg','image',0),(529,90,'/m/j/mj07-red_back.jpg','image',0),(530,90,'/m/j/mj07-yellow_main.jpg','image',0),(531,90,'/m/j/mj07-red_main.jpg','image',0),(532,90,'/m/j/mj07-red_alt1.jpg','image',0),(533,90,'/m/j/mj07-red_back.jpg','image',0),(534,90,'/m/j/mj08-blue_main.jpg','image',0),(535,90,'/m/j/mj08-gray_main.jpg','image',0),(536,90,'/m/j/mj08-gray_alt1.jpg','image',0),(537,90,'/m/j/mj08-gray_back.jpg','image',0),(538,90,'/m/j/mj08-green_main.jpg','image',0),(539,90,'/m/j/mj08-blue_main.jpg','image',0),(540,90,'/m/j/mj08-gray_main.jpg','image',0),(541,90,'/m/j/mj08-gray_alt1.jpg','image',0),(542,90,'/m/j/mj08-gray_back.jpg','image',0),(543,90,'/m/j/mj08-green_main.jpg','image',0),(544,90,'/m/j/mj08-blue_main.jpg','image',0),(545,90,'/m/j/mj08-gray_main.jpg','image',0),(546,90,'/m/j/mj08-gray_alt1.jpg','image',0),(547,90,'/m/j/mj08-gray_back.jpg','image',0),(548,90,'/m/j/mj08-green_main.jpg','image',0),(549,90,'/m/j/mj08-blue_main.jpg','image',0),(550,90,'/m/j/mj08-gray_main.jpg','image',0),(551,90,'/m/j/mj08-gray_alt1.jpg','image',0),(552,90,'/m/j/mj08-gray_back.jpg','image',0),(553,90,'/m/j/mj08-green_main.jpg','image',0),(554,90,'/m/j/mj08-blue_main.jpg','image',0),(555,90,'/m/j/mj08-gray_main.jpg','image',0),(556,90,'/m/j/mj08-gray_alt1.jpg','image',0),(557,90,'/m/j/mj08-gray_back.jpg','image',0),(558,90,'/m/j/mj08-green_main.jpg','image',0),(559,90,'/m/j/mj08-gray_main.jpg','image',0),(560,90,'/m/j/mj08-gray_alt1.jpg','image',0),(561,90,'/m/j/mj08-gray_back.jpg','image',0),(562,90,'/m/j/mj09-blue_main.jpg','image',0),(563,90,'/m/j/mj09-white_main.jpg','image',0),(564,90,'/m/j/mj09-yellow_main.jpg','image',0),(565,90,'/m/j/mj09-yellow_alt1.jpg','image',0),(566,90,'/m/j/mj09-yellow_back.jpg','image',0),(567,90,'/m/j/mj09-blue_main.jpg','image',0),(568,90,'/m/j/mj09-white_main.jpg','image',0),(569,90,'/m/j/mj09-yellow_main.jpg','image',0),(570,90,'/m/j/mj09-yellow_alt1.jpg','image',0),(571,90,'/m/j/mj09-yellow_back.jpg','image',0),(572,90,'/m/j/mj09-blue_main.jpg','image',0),(573,90,'/m/j/mj09-white_main.jpg','image',0),(574,90,'/m/j/mj09-yellow_main.jpg','image',0),(575,90,'/m/j/mj09-yellow_alt1.jpg','image',0),(576,90,'/m/j/mj09-yellow_back.jpg','image',0),(577,90,'/m/j/mj09-blue_main.jpg','image',0),(578,90,'/m/j/mj09-white_main.jpg','image',0),(579,90,'/m/j/mj09-yellow_main.jpg','image',0),(580,90,'/m/j/mj09-yellow_alt1.jpg','image',0),(581,90,'/m/j/mj09-yellow_back.jpg','image',0),(582,90,'/m/j/mj09-blue_main.jpg','image',0),(583,90,'/m/j/mj09-white_main.jpg','image',0),(584,90,'/m/j/mj09-yellow_main.jpg','image',0),(585,90,'/m/j/mj09-yellow_alt1.jpg','image',0),(586,90,'/m/j/mj09-yellow_back.jpg','image',0),(587,90,'/m/j/mj09-yellow_main.jpg','image',0),(588,90,'/m/j/mj09-yellow_alt1.jpg','image',0),(589,90,'/m/j/mj09-yellow_back.jpg','image',0),(590,90,'/m/j/mj10-black_main.jpg','image',0),(591,90,'/m/j/mj10-orange_main.jpg','image',0),(592,90,'/m/j/mj10-red_main.jpg','image',0),(593,90,'/m/j/mj10-red_alt1.jpg','image',0),(594,90,'/m/j/mj10-red_back.jpg','image',0),(595,90,'/m/j/mj10-black_main.jpg','image',0),(596,90,'/m/j/mj10-orange_main.jpg','image',0),(597,90,'/m/j/mj10-red_main.jpg','image',0),(598,90,'/m/j/mj10-red_alt1.jpg','image',0),(599,90,'/m/j/mj10-red_back.jpg','image',0),(600,90,'/m/j/mj10-black_main.jpg','image',0),(601,90,'/m/j/mj10-orange_main.jpg','image',0),(602,90,'/m/j/mj10-red_main.jpg','image',0),(603,90,'/m/j/mj10-red_alt1.jpg','image',0),(604,90,'/m/j/mj10-red_back.jpg','image',0),(605,90,'/m/j/mj10-black_main.jpg','image',0),(606,90,'/m/j/mj10-orange_main.jpg','image',0),(607,90,'/m/j/mj10-red_main.jpg','image',0),(608,90,'/m/j/mj10-red_alt1.jpg','image',0),(609,90,'/m/j/mj10-red_back.jpg','image',0),(610,90,'/m/j/mj10-black_main.jpg','image',0),(611,90,'/m/j/mj10-orange_main.jpg','image',0),(612,90,'/m/j/mj10-red_main.jpg','image',0),(613,90,'/m/j/mj10-red_alt1.jpg','image',0),(614,90,'/m/j/mj10-red_back.jpg','image',0),(615,90,'/m/j/mj10-red_main.jpg','image',0),(616,90,'/m/j/mj10-red_alt1.jpg','image',0),(617,90,'/m/j/mj10-red_back.jpg','image',0),(618,90,'/m/j/mj11-black_main.jpg','image',0),(619,90,'/m/j/mj11-black_alt1.jpg','image',0),(620,90,'/m/j/mj11-black_back.jpg','image',0),(621,90,'/m/j/mj11-green_main.jpg','image',0),(622,90,'/m/j/mj11-red_main.jpg','image',0),(623,90,'/m/j/mj11-black_main.jpg','image',0),(624,90,'/m/j/mj11-black_alt1.jpg','image',0),(625,90,'/m/j/mj11-black_back.jpg','image',0),(626,90,'/m/j/mj11-green_main.jpg','image',0),(627,90,'/m/j/mj11-red_main.jpg','image',0),(628,90,'/m/j/mj11-black_main.jpg','image',0),(629,90,'/m/j/mj11-black_alt1.jpg','image',0),(630,90,'/m/j/mj11-black_back.jpg','image',0),(631,90,'/m/j/mj11-green_main.jpg','image',0),(632,90,'/m/j/mj11-red_main.jpg','image',0),(633,90,'/m/j/mj11-black_main.jpg','image',0),(634,90,'/m/j/mj11-black_alt1.jpg','image',0),(635,90,'/m/j/mj11-black_back.jpg','image',0),(636,90,'/m/j/mj11-green_main.jpg','image',0),(637,90,'/m/j/mj11-red_main.jpg','image',0),(638,90,'/m/j/mj11-black_main.jpg','image',0),(639,90,'/m/j/mj11-black_alt1.jpg','image',0),(640,90,'/m/j/mj11-black_back.jpg','image',0),(641,90,'/m/j/mj11-green_main.jpg','image',0),(642,90,'/m/j/mj11-red_main.jpg','image',0),(643,90,'/m/j/mj11-black_main.jpg','image',0),(644,90,'/m/j/mj11-black_alt1.jpg','image',0),(645,90,'/m/j/mj11-black_back.jpg','image',0),(646,90,'/m/j/mj06-blue_main.jpg','image',0),(647,90,'/m/j/mj06-blue_alt1.jpg','image',0),(648,90,'/m/j/mj06-blue_back.jpg','image',0),(649,90,'/m/j/mj06-green_main.jpg','image',0),(650,90,'/m/j/mj06-purple_main.jpg','image',0),(651,90,'/m/j/mj06-blue_main.jpg','image',0),(652,90,'/m/j/mj06-blue_alt1.jpg','image',0),(653,90,'/m/j/mj06-blue_back.jpg','image',0),(654,90,'/m/j/mj06-green_main.jpg','image',0),(655,90,'/m/j/mj06-purple_main.jpg','image',0),(656,90,'/m/j/mj06-blue_main.jpg','image',0),(657,90,'/m/j/mj06-blue_alt1.jpg','image',0),(658,90,'/m/j/mj06-blue_back.jpg','image',0),(659,90,'/m/j/mj06-green_main.jpg','image',0),(660,90,'/m/j/mj06-purple_main.jpg','image',0),(661,90,'/m/j/mj06-blue_main.jpg','image',0),(662,90,'/m/j/mj06-blue_alt1.jpg','image',0),(663,90,'/m/j/mj06-blue_back.jpg','image',0),(664,90,'/m/j/mj06-green_main.jpg','image',0),(665,90,'/m/j/mj06-purple_main.jpg','image',0),(666,90,'/m/j/mj06-blue_main.jpg','image',0),(667,90,'/m/j/mj06-blue_alt1.jpg','image',0),(668,90,'/m/j/mj06-blue_back.jpg','image',0),(669,90,'/m/j/mj06-green_main.jpg','image',0),(670,90,'/m/j/mj06-purple_main.jpg','image',0),(671,90,'/m/j/mj06-blue_main.jpg','image',0),(672,90,'/m/j/mj06-blue_alt1.jpg','image',0),(673,90,'/m/j/mj06-blue_back.jpg','image',0),(674,90,'/m/j/mj03-black_main.jpg','image',0),(675,90,'/m/j/mj03-black_alt1.jpg','image',0),(676,90,'/m/j/mj03-black_back.jpg','image',0),(677,90,'/m/j/mj03-green_main.jpg','image',0),(678,90,'/m/j/mj03-red_main.jpg','image',0),(679,90,'/m/j/mj03-black_main.jpg','image',0),(680,90,'/m/j/mj03-black_alt1.jpg','image',0),(681,90,'/m/j/mj03-black_back.jpg','image',0),(682,90,'/m/j/mj03-green_main.jpg','image',0),(683,90,'/m/j/mj03-red_main.jpg','image',0),(684,90,'/m/j/mj03-black_main.jpg','image',0),(685,90,'/m/j/mj03-black_alt1.jpg','image',0),(686,90,'/m/j/mj03-black_back.jpg','image',0),(687,90,'/m/j/mj03-green_main.jpg','image',0),(688,90,'/m/j/mj03-red_main.jpg','image',0),(689,90,'/m/j/mj03-black_main.jpg','image',0),(690,90,'/m/j/mj03-black_alt1.jpg','image',0),(691,90,'/m/j/mj03-black_back.jpg','image',0),(692,90,'/m/j/mj03-green_main.jpg','image',0),(693,90,'/m/j/mj03-red_main.jpg','image',0),(694,90,'/m/j/mj03-black_main.jpg','image',0),(695,90,'/m/j/mj03-black_alt1.jpg','image',0),(696,90,'/m/j/mj03-black_back.jpg','image',0),(697,90,'/m/j/mj03-green_main.jpg','image',0),(698,90,'/m/j/mj03-red_main.jpg','image',0),(699,90,'/m/j/mj03-black_main.jpg','image',0),(700,90,'/m/j/mj03-black_alt1.jpg','image',0),(701,90,'/m/j/mj03-black_back.jpg','image',0),(702,90,'/m/j/mj12-black_main.jpg','image',0),(703,90,'/m/j/mj12-blue_main.jpg','image',0),(704,90,'/m/j/mj12-orange_main.jpg','image',0),(705,90,'/m/j/mj12-orange_alt1.jpg','image',0),(706,90,'/m/j/mj12-orange_back.jpg','image',0),(707,90,'/m/j/mj12-black_main.jpg','image',0),(708,90,'/m/j/mj12-blue_main.jpg','image',0),(709,90,'/m/j/mj12-orange_main.jpg','image',0),(710,90,'/m/j/mj12-orange_alt1.jpg','image',0),(711,90,'/m/j/mj12-orange_back.jpg','image',0),(712,90,'/m/j/mj12-black_main.jpg','image',0),(713,90,'/m/j/mj12-blue_main.jpg','image',0),(714,90,'/m/j/mj12-orange_main.jpg','image',0),(715,90,'/m/j/mj12-orange_alt1.jpg','image',0),(716,90,'/m/j/mj12-orange_back.jpg','image',0),(717,90,'/m/j/mj12-black_main.jpg','image',0),(718,90,'/m/j/mj12-blue_main.jpg','image',0),(719,90,'/m/j/mj12-orange_main.jpg','image',0),(720,90,'/m/j/mj12-orange_alt1.jpg','image',0),(721,90,'/m/j/mj12-orange_back.jpg','image',0),(722,90,'/m/j/mj12-black_main.jpg','image',0),(723,90,'/m/j/mj12-blue_main.jpg','image',0),(724,90,'/m/j/mj12-orange_main.jpg','image',0),(725,90,'/m/j/mj12-orange_alt1.jpg','image',0),(726,90,'/m/j/mj12-orange_back.jpg','image',0),(727,90,'/m/j/mj12-orange_main.jpg','image',0),(728,90,'/m/j/mj12-orange_alt1.jpg','image',0),(729,90,'/m/j/mj12-orange_back.jpg','image',0),(730,90,'/m/s/ms04-black_main.jpg','image',0),(731,90,'/m/s/ms04-orange_main.jpg','image',0),(732,90,'/m/s/ms04-orange_back.jpg','image',0),(733,90,'/m/s/ms04-red_main.jpg','image',0),(734,90,'/m/s/ms04-black_main.jpg','image',0),(735,90,'/m/s/ms04-orange_main.jpg','image',0),(736,90,'/m/s/ms04-orange_back.jpg','image',0),(737,90,'/m/s/ms04-red_main.jpg','image',0),(738,90,'/m/s/ms04-black_main.jpg','image',0),(739,90,'/m/s/ms04-orange_main.jpg','image',0),(740,90,'/m/s/ms04-orange_back.jpg','image',0),(741,90,'/m/s/ms04-red_main.jpg','image',0),(742,90,'/m/s/ms04-black_main.jpg','image',0),(743,90,'/m/s/ms04-orange_main.jpg','image',0),(744,90,'/m/s/ms04-orange_back.jpg','image',0),(745,90,'/m/s/ms04-red_main.jpg','image',0),(746,90,'/m/s/ms04-black_main.jpg','image',0),(747,90,'/m/s/ms04-orange_main.jpg','image',0),(748,90,'/m/s/ms04-orange_back.jpg','image',0),(749,90,'/m/s/ms04-red_main.jpg','image',0),(750,90,'/m/s/ms04-orange_main.jpg','image',0),(751,90,'/m/s/ms04-orange_back.jpg','image',0),(752,90,'/m/s/ms05-black_main.jpg','image',0),(753,90,'/m/s/ms05-blue_main.jpg','image',0),(754,90,'/m/s/ms05-blue_back.jpg','image',0),(755,90,'/m/s/ms05-purple_main.jpg','image',0),(756,90,'/m/s/ms05-black_main.jpg','image',0),(757,90,'/m/s/ms05-blue_main.jpg','image',0),(758,90,'/m/s/ms05-blue_back.jpg','image',0),(759,90,'/m/s/ms05-purple_main.jpg','image',0),(760,90,'/m/s/ms05-black_main.jpg','image',0),(761,90,'/m/s/ms05-blue_main.jpg','image',0),(762,90,'/m/s/ms05-blue_back.jpg','image',0),(763,90,'/m/s/ms05-purple_main.jpg','image',0),(764,90,'/m/s/ms05-black_main.jpg','image',0),(765,90,'/m/s/ms05-blue_main.jpg','image',0),(766,90,'/m/s/ms05-blue_back.jpg','image',0),(767,90,'/m/s/ms05-purple_main.jpg','image',0),(768,90,'/m/s/ms05-black_main.jpg','image',0),(769,90,'/m/s/ms05-blue_main.jpg','image',0),(770,90,'/m/s/ms05-blue_back.jpg','image',0),(771,90,'/m/s/ms05-purple_main.jpg','image',0),(772,90,'/m/s/ms05-blue_main.jpg','image',0),(773,90,'/m/s/ms05-blue_back.jpg','image',0),(774,90,'/m/s/ms09-black_main.jpg','image',0),(775,90,'/m/s/ms09-blue_main.jpg','image',0),(776,90,'/m/s/ms09-blue_alt1.jpg','image',0),(777,90,'/m/s/ms09-blue_back.jpg','image',0),(778,90,'/m/s/ms09-red_main.jpg','image',0),(779,90,'/m/s/ms09-black_main.jpg','image',0),(780,90,'/m/s/ms09-blue_main.jpg','image',0),(781,90,'/m/s/ms09-blue_alt1.jpg','image',0),(782,90,'/m/s/ms09-blue_back.jpg','image',0),(783,90,'/m/s/ms09-red_main.jpg','image',0),(784,90,'/m/s/ms09-black_main.jpg','image',0),(785,90,'/m/s/ms09-blue_main.jpg','image',0),(786,90,'/m/s/ms09-blue_alt1.jpg','image',0),(787,90,'/m/s/ms09-blue_back.jpg','image',0),(788,90,'/m/s/ms09-red_main.jpg','image',0),(789,90,'/m/s/ms09-black_main.jpg','image',0),(790,90,'/m/s/ms09-blue_main.jpg','image',0),(791,90,'/m/s/ms09-blue_alt1.jpg','image',0),(792,90,'/m/s/ms09-blue_back.jpg','image',0),(793,90,'/m/s/ms09-red_main.jpg','image',0),(794,90,'/m/s/ms09-black_main.jpg','image',0),(795,90,'/m/s/ms09-blue_main.jpg','image',0),(796,90,'/m/s/ms09-blue_alt1.jpg','image',0),(797,90,'/m/s/ms09-blue_back.jpg','image',0),(798,90,'/m/s/ms09-red_main.jpg','image',0),(799,90,'/m/s/ms09-blue_main.jpg','image',0),(800,90,'/m/s/ms09-blue_alt1.jpg','image',0),(801,90,'/m/s/ms09-blue_back.jpg','image',0),(802,90,'/m/s/ms11-blue_main.jpg','image',0),(803,90,'/m/s/ms11-green_main.jpg','image',0),(804,90,'/m/s/ms11-green_back.jpg','image',0),(805,90,'/m/s/ms11-yellow_main.jpg','image',0),(806,90,'/m/s/ms11-blue_main.jpg','image',0),(807,90,'/m/s/ms11-green_main.jpg','image',0),(808,90,'/m/s/ms11-green_back.jpg','image',0),(809,90,'/m/s/ms11-yellow_main.jpg','image',0),(810,90,'/m/s/ms11-blue_main.jpg','image',0),(811,90,'/m/s/ms11-green_main.jpg','image',0),(812,90,'/m/s/ms11-green_back.jpg','image',0),(813,90,'/m/s/ms11-yellow_main.jpg','image',0),(814,90,'/m/s/ms11-blue_main.jpg','image',0),(815,90,'/m/s/ms11-green_main.jpg','image',0),(816,90,'/m/s/ms11-green_back.jpg','image',0),(817,90,'/m/s/ms11-yellow_main.jpg','image',0),(818,90,'/m/s/ms11-blue_main.jpg','image',0),(819,90,'/m/s/ms11-green_main.jpg','image',0),(820,90,'/m/s/ms11-green_back.jpg','image',0),(821,90,'/m/s/ms11-yellow_main.jpg','image',0),(822,90,'/m/s/ms11-green_main.jpg','image',0),(823,90,'/m/s/ms11-green_back.jpg','image',0),(824,90,'/m/s/ms12-black_main.jpg','image',0),(825,90,'/m/s/ms12-blue_main.jpg','image',0),(826,90,'/m/s/ms12-red_main.jpg','image',0),(827,90,'/m/s/ms12-red_alt1.jpg','image',0),(828,90,'/m/s/ms12-red_back.jpg','image',0),(829,90,'/m/s/ms12-black_main.jpg','image',0),(830,90,'/m/s/ms12-blue_main.jpg','image',0),(831,90,'/m/s/ms12-red_main.jpg','image',0),(832,90,'/m/s/ms12-red_alt1.jpg','image',0),(833,90,'/m/s/ms12-red_back.jpg','image',0),(834,90,'/m/s/ms12-black_main.jpg','image',0),(835,90,'/m/s/ms12-blue_main.jpg','image',0),(836,90,'/m/s/ms12-red_main.jpg','image',0),(837,90,'/m/s/ms12-red_alt1.jpg','image',0),(838,90,'/m/s/ms12-red_back.jpg','image',0),(839,90,'/m/s/ms12-black_main.jpg','image',0),(840,90,'/m/s/ms12-blue_main.jpg','image',0),(841,90,'/m/s/ms12-red_main.jpg','image',0),(842,90,'/m/s/ms12-red_alt1.jpg','image',0),(843,90,'/m/s/ms12-red_back.jpg','image',0),(844,90,'/m/s/ms12-black_main.jpg','image',0),(845,90,'/m/s/ms12-blue_main.jpg','image',0),(846,90,'/m/s/ms12-red_main.jpg','image',0),(847,90,'/m/s/ms12-red_alt1.jpg','image',0),(848,90,'/m/s/ms12-red_back.jpg','image',0),(849,90,'/m/s/ms12-red_main.jpg','image',0),(850,90,'/m/s/ms12-red_alt1.jpg','image',0),(851,90,'/m/s/ms12-red_back.jpg','image',0),(852,90,'/m/s/ms03-gray_main.jpg','image',0),(853,90,'/m/s/ms03-gray_alt1.jpg','image',0),(854,90,'/m/s/ms03-gray_back.jpg','image',0),(855,90,'/m/s/ms03-green_main.jpg','image',0),(856,90,'/m/s/ms03-orange_main.jpg','image',0),(857,90,'/m/s/ms03-gray_main.jpg','image',0),(858,90,'/m/s/ms03-gray_alt1.jpg','image',0),(859,90,'/m/s/ms03-gray_back.jpg','image',0),(860,90,'/m/s/ms03-green_main.jpg','image',0),(861,90,'/m/s/ms03-orange_main.jpg','image',0),(862,90,'/m/s/ms03-gray_main.jpg','image',0),(863,90,'/m/s/ms03-gray_alt1.jpg','image',0),(864,90,'/m/s/ms03-gray_back.jpg','image',0),(865,90,'/m/s/ms03-green_main.jpg','image',0),(866,90,'/m/s/ms03-orange_main.jpg','image',0),(867,90,'/m/s/ms03-gray_main.jpg','image',0),(868,90,'/m/s/ms03-gray_alt1.jpg','image',0),(869,90,'/m/s/ms03-gray_back.jpg','image',0),(870,90,'/m/s/ms03-green_main.jpg','image',0),(871,90,'/m/s/ms03-orange_main.jpg','image',0),(872,90,'/m/s/ms03-gray_main.jpg','image',0),(873,90,'/m/s/ms03-gray_alt1.jpg','image',0),(874,90,'/m/s/ms03-gray_back.jpg','image',0),(875,90,'/m/s/ms03-green_main.jpg','image',0),(876,90,'/m/s/ms03-orange_main.jpg','image',0),(877,90,'/m/s/ms03-black_main.jpg','image',0),(878,90,'/m/s/ms03-black_back.jpg','image',0),(879,90,'/m/s/ms06-blue_main.jpg','image',0),(880,90,'/m/s/ms06-blue_alt1.jpg','image',0),(881,90,'/m/s/ms06-blue_back.jpg','image',0),(882,90,'/m/s/ms06-green_main.jpg','image',0),(883,90,'/m/s/ms06-yellow_main.jpg','image',0),(884,90,'/m/s/ms06-blue_main.jpg','image',0),(885,90,'/m/s/ms06-blue_alt1.jpg','image',0),(886,90,'/m/s/ms06-blue_back.jpg','image',0),(887,90,'/m/s/ms06-green_main.jpg','image',0),(888,90,'/m/s/ms06-yellow_main.jpg','image',0),(889,90,'/m/s/ms06-blue_main.jpg','image',0),(890,90,'/m/s/ms06-blue_alt1.jpg','image',0),(891,90,'/m/s/ms06-blue_back.jpg','image',0),(892,90,'/m/s/ms06-green_main.jpg','image',0),(893,90,'/m/s/ms06-yellow_main.jpg','image',0),(894,90,'/m/s/ms06-blue_main.jpg','image',0),(895,90,'/m/s/ms06-blue_alt1.jpg','image',0),(896,90,'/m/s/ms06-blue_back.jpg','image',0),(897,90,'/m/s/ms06-green_main.jpg','image',0),(898,90,'/m/s/ms06-yellow_main.jpg','image',0),(899,90,'/m/s/ms06-blue_main.jpg','image',0),(900,90,'/m/s/ms06-blue_alt1.jpg','image',0),(901,90,'/m/s/ms06-blue_back.jpg','image',0),(902,90,'/m/s/ms06-green_main.jpg','image',0),(903,90,'/m/s/ms06-yellow_main.jpg','image',0),(904,90,'/m/s/ms06-blue_main.jpg','image',0),(905,90,'/m/s/ms06-blue_alt1.jpg','image',0),(906,90,'/m/s/ms06-blue_back.jpg','image',0),(907,90,'/m/s/ms01-black_main.jpg','image',0),(908,90,'/m/s/ms01-brown_main.jpg','image',0),(909,90,'/m/s/ms01-brown_back.jpg','image',0),(910,90,'/m/s/ms01-yellow_main.jpg','image',0),(911,90,'/m/s/ms01-black_main.jpg','image',0),(912,90,'/m/s/ms01-brown_main.jpg','image',0),(913,90,'/m/s/ms01-brown_back.jpg','image',0),(914,90,'/m/s/ms01-yellow_main.jpg','image',0),(915,90,'/m/s/ms01-black_main.jpg','image',0),(916,90,'/m/s/ms01-brown_main.jpg','image',0),(917,90,'/m/s/ms01-brown_back.jpg','image',0),(918,90,'/m/s/ms01-yellow_main.jpg','image',0),(919,90,'/m/s/ms01-black_main.jpg','image',0),(920,90,'/m/s/ms01-brown_main.jpg','image',0),(921,90,'/m/s/ms01-brown_back.jpg','image',0),(922,90,'/m/s/ms01-yellow_main.jpg','image',0),(923,90,'/m/s/ms01-black_main.jpg','image',0),(924,90,'/m/s/ms01-brown_main.jpg','image',0),(925,90,'/m/s/ms01-brown_back.jpg','image',0),(926,90,'/m/s/ms01-yellow_main.jpg','image',0),(927,90,'/m/s/ms01-blue_main.jpg','image',0),(928,90,'/m/s/ms01-blue_back.jpg','image',0),(929,90,'/m/s/ms02-black_main.jpg','image',0),(930,90,'/m/s/ms02-blue_main.jpg','image',0),(931,90,'/m/s/ms02-gray_main.jpg','image',0),(932,90,'/m/s/ms02-gray_alt1.jpg','image',0),(933,90,'/m/s/ms02-gray_back.jpg','image',0),(934,90,'/m/s/ms02-black_main.jpg','image',0),(935,90,'/m/s/ms02-blue_main.jpg','image',0),(936,90,'/m/s/ms02-gray_main.jpg','image',0),(937,90,'/m/s/ms02-gray_alt1.jpg','image',0),(938,90,'/m/s/ms02-gray_back.jpg','image',0),(939,90,'/m/s/ms02-black_main.jpg','image',0),(940,90,'/m/s/ms02-blue_main.jpg','image',0),(941,90,'/m/s/ms02-gray_main.jpg','image',0),(942,90,'/m/s/ms02-gray_alt1.jpg','image',0),(943,90,'/m/s/ms02-gray_back.jpg','image',0),(944,90,'/m/s/ms02-black_main.jpg','image',0),(945,90,'/m/s/ms02-blue_main.jpg','image',0),(946,90,'/m/s/ms02-gray_main.jpg','image',0),(947,90,'/m/s/ms02-gray_alt1.jpg','image',0),(948,90,'/m/s/ms02-gray_back.jpg','image',0),(949,90,'/m/s/ms02-black_main.jpg','image',0),(950,90,'/m/s/ms02-blue_main.jpg','image',0),(951,90,'/m/s/ms02-gray_main.jpg','image',0),(952,90,'/m/s/ms02-gray_alt1.jpg','image',0),(953,90,'/m/s/ms02-gray_back.jpg','image',0),(954,90,'/m/s/ms02-gray_main.jpg','image',0),(955,90,'/m/s/ms02-gray_alt1.jpg','image',0),(956,90,'/m/s/ms02-gray_back.jpg','image',0),(957,90,'/m/s/ms10-black_main.jpg','image',0),(958,90,'/m/s/ms10-blue_main.jpg','image',0),(959,90,'/m/s/ms10-blue_alt1.jpg','image',0),(960,90,'/m/s/ms10-blue_back.jpg','image',0),(961,90,'/m/s/ms10-red_main.jpg','image',0),(962,90,'/m/s/ms10-black_main.jpg','image',0),(963,90,'/m/s/ms10-blue_main.jpg','image',0),(964,90,'/m/s/ms10-blue_alt1.jpg','image',0),(965,90,'/m/s/ms10-blue_back.jpg','image',0),(966,90,'/m/s/ms10-red_main.jpg','image',0),(967,90,'/m/s/ms10-black_main.jpg','image',0),(968,90,'/m/s/ms10-blue_main.jpg','image',0),(969,90,'/m/s/ms10-blue_alt1.jpg','image',0),(970,90,'/m/s/ms10-blue_back.jpg','image',0),(971,90,'/m/s/ms10-red_main.jpg','image',0),(972,90,'/m/s/ms10-black_main.jpg','image',0),(973,90,'/m/s/ms10-blue_main.jpg','image',0),(974,90,'/m/s/ms10-blue_alt1.jpg','image',0),(975,90,'/m/s/ms10-blue_back.jpg','image',0),(976,90,'/m/s/ms10-red_main.jpg','image',0),(977,90,'/m/s/ms10-black_main.jpg','image',0),(978,90,'/m/s/ms10-blue_main.jpg','image',0),(979,90,'/m/s/ms10-blue_alt1.jpg','image',0),(980,90,'/m/s/ms10-blue_back.jpg','image',0),(981,90,'/m/s/ms10-red_main.jpg','image',0),(982,90,'/m/s/ms10-blue_main.jpg','image',0),(983,90,'/m/s/ms10-blue_alt1.jpg','image',0),(984,90,'/m/s/ms10-blue_back.jpg','image',0),(985,90,'/m/s/ms07-black_main.jpg','image',0),(986,90,'/m/s/ms07-green_main.jpg','image',0),(987,90,'/m/s/ms07-green_alt1.jpg','image',0),(988,90,'/m/s/ms07-green_back.jpg','image',0),(989,90,'/m/s/ms07-white_main.jpg','image',0),(990,90,'/m/s/ms07-black_main.jpg','image',0),(991,90,'/m/s/ms07-green_main.jpg','image',0),(992,90,'/m/s/ms07-green_alt1.jpg','image',0),(993,90,'/m/s/ms07-green_back.jpg','image',0),(994,90,'/m/s/ms07-white_main.jpg','image',0),(995,90,'/m/s/ms07-black_main.jpg','image',0),(996,90,'/m/s/ms07-green_main.jpg','image',0),(997,90,'/m/s/ms07-green_alt1.jpg','image',0),(998,90,'/m/s/ms07-green_back.jpg','image',0),(999,90,'/m/s/ms07-white_main.jpg','image',0),(1000,90,'/m/s/ms07-black_main.jpg','image',0),(1001,90,'/m/s/ms07-green_main.jpg','image',0),(1002,90,'/m/s/ms07-green_alt1.jpg','image',0),(1003,90,'/m/s/ms07-green_back.jpg','image',0),(1004,90,'/m/s/ms07-white_main.jpg','image',0),(1005,90,'/m/s/ms07-black_main.jpg','image',0),(1006,90,'/m/s/ms07-green_main.jpg','image',0),(1007,90,'/m/s/ms07-green_alt1.jpg','image',0),(1008,90,'/m/s/ms07-green_back.jpg','image',0),(1009,90,'/m/s/ms07-white_main.jpg','image',0),(1010,90,'/m/s/ms07-green_main.jpg','image',0),(1011,90,'/m/s/ms07-green_alt1.jpg','image',0),(1012,90,'/m/s/ms07-green_back.jpg','image',0),(1013,90,'/m/s/ms08-black_main.jpg','image',0),(1014,90,'/m/s/ms08-black_back.jpg','image',0),(1015,90,'/m/s/ms08-blue_main.jpg','image',0),(1016,90,'/m/s/ms08-red_main.jpg','image',0),(1017,90,'/m/s/ms08-black_main.jpg','image',0),(1018,90,'/m/s/ms08-black_back.jpg','image',0),(1019,90,'/m/s/ms08-blue_main.jpg','image',0),(1020,90,'/m/s/ms08-red_main.jpg','image',0),(1021,90,'/m/s/ms08-black_main.jpg','image',0),(1022,90,'/m/s/ms08-black_back.jpg','image',0),(1023,90,'/m/s/ms08-blue_main.jpg','image',0),(1024,90,'/m/s/ms08-red_main.jpg','image',0),(1025,90,'/m/s/ms08-black_main.jpg','image',0),(1026,90,'/m/s/ms08-black_back.jpg','image',0),(1027,90,'/m/s/ms08-blue_main.jpg','image',0),(1028,90,'/m/s/ms08-red_main.jpg','image',0),(1029,90,'/m/s/ms08-black_main.jpg','image',0),(1030,90,'/m/s/ms08-black_back.jpg','image',0),(1031,90,'/m/s/ms08-blue_main.jpg','image',0),(1032,90,'/m/s/ms08-red_main.jpg','image',0),(1033,90,'/m/s/ms08-black_main.jpg','image',0),(1034,90,'/m/s/ms08-black_back.jpg','image',0),(1035,90,'/m/t/mt01-gray_main.jpg','image',0),(1036,90,'/m/t/mt01-orange_main.jpg','image',0),(1037,90,'/m/t/mt01-red_main.jpg','image',0),(1038,90,'/m/t/mt01-red_alt1.jpg','image',0),(1039,90,'/m/t/mt01-red_back.jpg','image',0),(1040,90,'/m/t/mt01-gray_main.jpg','image',0),(1041,90,'/m/t/mt01-orange_main.jpg','image',0),(1042,90,'/m/t/mt01-red_main.jpg','image',0),(1043,90,'/m/t/mt01-red_alt1.jpg','image',0),(1044,90,'/m/t/mt01-red_back.jpg','image',0),(1045,90,'/m/t/mt01-gray_main.jpg','image',0),(1046,90,'/m/t/mt01-orange_main.jpg','image',0),(1047,90,'/m/t/mt01-red_main.jpg','image',0),(1048,90,'/m/t/mt01-red_alt1.jpg','image',0),(1049,90,'/m/t/mt01-red_back.jpg','image',0),(1050,90,'/m/t/mt01-gray_main.jpg','image',0),(1051,90,'/m/t/mt01-orange_main.jpg','image',0),(1052,90,'/m/t/mt01-red_main.jpg','image',0),(1053,90,'/m/t/mt01-red_alt1.jpg','image',0),(1054,90,'/m/t/mt01-red_back.jpg','image',0),(1055,90,'/m/t/mt01-gray_main.jpg','image',0),(1056,90,'/m/t/mt01-orange_main.jpg','image',0),(1057,90,'/m/t/mt01-red_main.jpg','image',0),(1058,90,'/m/t/mt01-red_alt1.jpg','image',0),(1059,90,'/m/t/mt01-red_back.jpg','image',0),(1060,90,'/m/t/mt01-red_main.jpg','image',0),(1061,90,'/m/t/mt01-red_alt1.jpg','image',0),(1062,90,'/m/t/mt01-red_back.jpg','image',0),(1063,90,'/m/t/mt02-gray_main.jpg','image',0),(1064,90,'/m/t/mt02-red_main.jpg','image',0),(1065,90,'/m/t/mt02-white_main.jpg','image',0),(1066,90,'/m/t/mt02-white_alt1.jpg','image',0),(1067,90,'/m/t/mt02-white_back.jpg','image',0),(1068,90,'/m/t/mt02-white_sideb.jpg','image',0),(1069,90,'/m/t/mt02-gray_main.jpg','image',0),(1070,90,'/m/t/mt02-red_main.jpg','image',0),(1071,90,'/m/t/mt02-white_main.jpg','image',0),(1072,90,'/m/t/mt02-white_alt1.jpg','image',0),(1073,90,'/m/t/mt02-white_back.jpg','image',0),(1074,90,'/m/t/mt02-white_sideb.jpg','image',0),(1075,90,'/m/t/mt02-gray_main.jpg','image',0),(1076,90,'/m/t/mt02-red_main.jpg','image',0),(1077,90,'/m/t/mt02-white_main.jpg','image',0),(1078,90,'/m/t/mt02-white_alt1.jpg','image',0),(1079,90,'/m/t/mt02-white_back.jpg','image',0),(1080,90,'/m/t/mt02-white_sideb.jpg','image',0),(1081,90,'/m/t/mt02-gray_main.jpg','image',0),(1082,90,'/m/t/mt02-red_main.jpg','image',0),(1083,90,'/m/t/mt02-white_main.jpg','image',0),(1084,90,'/m/t/mt02-white_alt1.jpg','image',0),(1085,90,'/m/t/mt02-white_back.jpg','image',0),(1086,90,'/m/t/mt02-white_sideb.jpg','image',0),(1087,90,'/m/t/mt02-gray_main.jpg','image',0),(1088,90,'/m/t/mt02-red_main.jpg','image',0),(1089,90,'/m/t/mt02-white_main.jpg','image',0),(1090,90,'/m/t/mt02-white_alt1.jpg','image',0),(1091,90,'/m/t/mt02-white_back.jpg','image',0),(1092,90,'/m/t/mt02-white_sideb.jpg','image',0),(1093,90,'/m/t/mt02-white_main.jpg','image',0),(1094,90,'/m/t/mt02-white_alt1.jpg','image',0),(1095,90,'/m/t/mt02-white_back.jpg','image',0),(1096,90,'/m/t/mt02-white_sideb.jpg','image',0),(1097,90,'/m/t/mt03-blue_main.jpg','image',0),(1098,90,'/m/t/mt03-red_main.jpg','image',0),(1099,90,'/m/t/mt03-yellow_main.jpg','image',0),(1100,90,'/m/t/mt03-blue_main.jpg','image',0),(1101,90,'/m/t/mt03-red_main.jpg','image',0),(1102,90,'/m/t/mt03-yellow_main.jpg','image',0),(1103,90,'/m/t/mt03-blue_main.jpg','image',0),(1104,90,'/m/t/mt03-red_main.jpg','image',0),(1105,90,'/m/t/mt03-yellow_main.jpg','image',0),(1106,90,'/m/t/mt03-blue_main.jpg','image',0),(1107,90,'/m/t/mt03-red_main.jpg','image',0),(1108,90,'/m/t/mt03-yellow_main.jpg','image',0),(1109,90,'/m/t/mt03-blue_main.jpg','image',0),(1110,90,'/m/t/mt03-red_main.jpg','image',0),(1111,90,'/m/t/mt03-yellow_main.jpg','image',0),(1112,90,'/m/t/mt03-red_main.jpg','image',0),(1113,90,'/m/t/mt04-blue_main.jpg','image',0),(1114,90,'/m/t/mt04-blue_alt1.jpg','image',0),(1115,90,'/m/t/mt04-blue_back.jpg','image',0),(1116,90,'/m/t/mt04-blue_main.jpg','image',0),(1117,90,'/m/t/mt04-blue_alt1.jpg','image',0),(1118,90,'/m/t/mt04-blue_back.jpg','image',0),(1119,90,'/m/t/mt04-blue_main.jpg','image',0),(1120,90,'/m/t/mt04-blue_alt1.jpg','image',0),(1121,90,'/m/t/mt04-blue_back.jpg','image',0),(1122,90,'/m/t/mt04-blue_main.jpg','image',0),(1123,90,'/m/t/mt04-blue_alt1.jpg','image',0),(1124,90,'/m/t/mt04-blue_back.jpg','image',0),(1125,90,'/m/t/mt04-blue_main.jpg','image',0),(1126,90,'/m/t/mt04-blue_alt1.jpg','image',0),(1127,90,'/m/t/mt04-blue_back.jpg','image',0),(1128,90,'/m/t/mt04-blue_main.jpg','image',0),(1129,90,'/m/t/mt04-blue_alt1.jpg','image',0),(1130,90,'/m/t/mt04-blue_back.jpg','image',0),(1131,90,'/m/t/mt05-blue_main.jpg','image',0),(1132,90,'/m/t/mt05-blue_back.jpg','image',0),(1133,90,'/m/t/mt05-blue_main.jpg','image',0),(1134,90,'/m/t/mt05-blue_back.jpg','image',0),(1135,90,'/m/t/mt05-blue_main.jpg','image',0),(1136,90,'/m/t/mt05-blue_back.jpg','image',0),(1137,90,'/m/t/mt05-blue_main.jpg','image',0),(1138,90,'/m/t/mt05-blue_back.jpg','image',0),(1139,90,'/m/t/mt05-blue_main.jpg','image',0),(1140,90,'/m/t/mt05-blue_back.jpg','image',0),(1141,90,'/m/t/mt05-blue_main.jpg','image',0),(1142,90,'/m/t/mt05-blue_back.jpg','image',0),(1143,90,'/m/t/mt06-black_main.jpg','image',0),(1144,90,'/m/t/mt06-black_back.jpg','image',0),(1145,90,'/m/t/mt06-black_main.jpg','image',0),(1146,90,'/m/t/mt06-black_back.jpg','image',0),(1147,90,'/m/t/mt06-black_main.jpg','image',0),(1148,90,'/m/t/mt06-black_back.jpg','image',0),(1149,90,'/m/t/mt06-black_main.jpg','image',0),(1150,90,'/m/t/mt06-black_back.jpg','image',0),(1151,90,'/m/t/mt06-black_main.jpg','image',0),(1152,90,'/m/t/mt06-black_back.jpg','image',0),(1153,90,'/m/t/mt06-black_main.jpg','image',0),(1154,90,'/m/t/mt06-black_back.jpg','image',0),(1155,90,'/m/t/mt07-gray_main.jpg','image',0),(1156,90,'/m/t/mt07-gray_back.jpg','image',0),(1157,90,'/m/t/mt07-gray_main.jpg','image',0),(1158,90,'/m/t/mt07-gray_back.jpg','image',0),(1159,90,'/m/t/mt07-gray_main.jpg','image',0),(1160,90,'/m/t/mt07-gray_back.jpg','image',0),(1161,90,'/m/t/mt07-gray_main.jpg','image',0),(1162,90,'/m/t/mt07-gray_back.jpg','image',0),(1163,90,'/m/t/mt07-gray_main.jpg','image',0),(1164,90,'/m/t/mt07-gray_back.jpg','image',0),(1165,90,'/m/t/mt07-gray_main.jpg','image',0),(1166,90,'/m/t/mt07-gray_back.jpg','image',0),(1167,90,'/m/t/mt08-green_main.jpg','image',0),(1168,90,'/m/t/mt08-green_alt1.jpg','image',0),(1169,90,'/m/t/mt08-green_back.jpg','image',0),(1170,90,'/m/t/mt08-green_main.jpg','image',0),(1171,90,'/m/t/mt08-green_alt1.jpg','image',0),(1172,90,'/m/t/mt08-green_back.jpg','image',0),(1173,90,'/m/t/mt08-green_main.jpg','image',0),(1174,90,'/m/t/mt08-green_alt1.jpg','image',0),(1175,90,'/m/t/mt08-green_back.jpg','image',0),(1176,90,'/m/t/mt08-green_main.jpg','image',0),(1177,90,'/m/t/mt08-green_alt1.jpg','image',0),(1178,90,'/m/t/mt08-green_back.jpg','image',0),(1179,90,'/m/t/mt08-green_main.jpg','image',0),(1180,90,'/m/t/mt08-green_alt1.jpg','image',0),(1181,90,'/m/t/mt08-green_back.jpg','image',0),(1182,90,'/m/t/mt08-green_main.jpg','image',0),(1183,90,'/m/t/mt08-green_alt1.jpg','image',0),(1184,90,'/m/t/mt08-green_back.jpg','image',0),(1185,90,'/m/t/mt09-blue_main.jpg','image',0),(1186,90,'/m/t/mt09-blue_alt1.jpg','image',0),(1187,90,'/m/t/mt09-blue_back.jpg','image',0),(1188,90,'/m/t/mt09-blue_main.jpg','image',0),(1189,90,'/m/t/mt09-blue_alt1.jpg','image',0),(1190,90,'/m/t/mt09-blue_back.jpg','image',0),(1191,90,'/m/t/mt09-blue_main.jpg','image',0),(1192,90,'/m/t/mt09-blue_alt1.jpg','image',0),(1193,90,'/m/t/mt09-blue_back.jpg','image',0),(1194,90,'/m/t/mt09-blue_main.jpg','image',0),(1195,90,'/m/t/mt09-blue_alt1.jpg','image',0),(1196,90,'/m/t/mt09-blue_back.jpg','image',0),(1197,90,'/m/t/mt09-blue_main.jpg','image',0),(1198,90,'/m/t/mt09-blue_alt1.jpg','image',0),(1199,90,'/m/t/mt09-blue_back.jpg','image',0),(1200,90,'/m/t/mt09-blue_main.jpg','image',0),(1201,90,'/m/t/mt09-blue_alt1.jpg','image',0),(1202,90,'/m/t/mt09-blue_back.jpg','image',0),(1203,90,'/m/t/mt10-yellow_main.jpg','image',0),(1204,90,'/m/t/mt10-yellow_back.jpg','image',0),(1205,90,'/m/t/mt10-yellow_main.jpg','image',0),(1206,90,'/m/t/mt10-yellow_back.jpg','image',0),(1207,90,'/m/t/mt10-yellow_main.jpg','image',0),(1208,90,'/m/t/mt10-yellow_back.jpg','image',0),(1209,90,'/m/t/mt10-yellow_main.jpg','image',0),(1210,90,'/m/t/mt10-yellow_back.jpg','image',0),(1211,90,'/m/t/mt10-yellow_main.jpg','image',0),(1212,90,'/m/t/mt10-yellow_back.jpg','image',0),(1213,90,'/m/t/mt10-yellow_main.jpg','image',0),(1214,90,'/m/t/mt10-yellow_back.jpg','image',0),(1215,90,'/m/t/mt11-blue_main.jpg','image',0),(1216,90,'/m/t/mt11-blue_back.jpg','image',0),(1217,90,'/m/t/mt11-blue_main.jpg','image',0),(1218,90,'/m/t/mt11-blue_back.jpg','image',0),(1219,90,'/m/t/mt11-blue_main.jpg','image',0),(1220,90,'/m/t/mt11-blue_back.jpg','image',0),(1221,90,'/m/t/mt11-blue_main.jpg','image',0),(1222,90,'/m/t/mt11-blue_back.jpg','image',0),(1223,90,'/m/t/mt11-blue_main.jpg','image',0),(1224,90,'/m/t/mt11-blue_back.jpg','image',0),(1225,90,'/m/t/mt11-blue_main.jpg','image',0),(1226,90,'/m/t/mt11-blue_back.jpg','image',0),(1227,90,'/m/t/mt12-blue_main.jpg','image',0),(1228,90,'/m/t/mt12-blue_back.jpg','image',0),(1229,90,'/m/t/mt12-blue_main.jpg','image',0),(1230,90,'/m/t/mt12-blue_back.jpg','image',0),(1231,90,'/m/t/mt12-blue_main.jpg','image',0),(1232,90,'/m/t/mt12-blue_back.jpg','image',0),(1233,90,'/m/t/mt12-blue_main.jpg','image',0),(1234,90,'/m/t/mt12-blue_back.jpg','image',0),(1235,90,'/m/t/mt12-blue_main.jpg','image',0),(1236,90,'/m/t/mt12-blue_back.jpg','image',0),(1237,90,'/m/t/mt12-blue_main.jpg','image',0),(1238,90,'/m/t/mt12-blue_back.jpg','image',0),(1239,90,'/m/p/mp01-black_main.jpg','image',0),(1240,90,'/m/p/mp01-gray_main.jpg','image',0),(1241,90,'/m/p/mp01-gray_back.jpg','image',0),(1242,90,'/m/p/mp01-purple_main.jpg','image',0),(1243,90,'/m/p/mp01-black_main.jpg','image',0),(1244,90,'/m/p/mp01-gray_main.jpg','image',0),(1245,90,'/m/p/mp01-gray_back.jpg','image',0),(1246,90,'/m/p/mp01-purple_main.jpg','image',0),(1247,90,'/m/p/mp01-black_main.jpg','image',0),(1248,90,'/m/p/mp01-gray_main.jpg','image',0),(1249,90,'/m/p/mp01-gray_back.jpg','image',0),(1250,90,'/m/p/mp01-purple_main.jpg','image',0),(1251,90,'/m/p/mp01-black_main.jpg','image',0),(1252,90,'/m/p/mp01-gray_main.jpg','image',0),(1253,90,'/m/p/mp01-gray_back.jpg','image',0),(1254,90,'/m/p/mp01-purple_main.jpg','image',0),(1255,90,'/m/p/mp01-gray_main.jpg','image',0),(1256,90,'/m/p/mp01-gray_back.jpg','image',0),(1257,90,'/m/p/mp02-blue_main.jpg','image',0),(1258,90,'/m/p/mp02-gray_main.jpg','image',0),(1259,90,'/m/p/mp02-gray_back.jpg','image',0),(1260,90,'/m/p/mp02-red_main.jpg','image',0),(1261,90,'/m/p/mp02-blue_main.jpg','image',0),(1262,90,'/m/p/mp02-gray_main.jpg','image',0),(1263,90,'/m/p/mp02-gray_back.jpg','image',0),(1264,90,'/m/p/mp02-red_main.jpg','image',0),(1265,90,'/m/p/mp02-blue_main.jpg','image',0),(1266,90,'/m/p/mp02-gray_main.jpg','image',0),(1267,90,'/m/p/mp02-gray_back.jpg','image',0),(1268,90,'/m/p/mp02-red_main.jpg','image',0),(1269,90,'/m/p/mp02-blue_main.jpg','image',0),(1270,90,'/m/p/mp02-gray_main.jpg','image',0),(1271,90,'/m/p/mp02-gray_back.jpg','image',0),(1272,90,'/m/p/mp02-red_main.jpg','image',0),(1273,90,'/m/p/mp02-gray_main.jpg','image',0),(1274,90,'/m/p/mp02-gray_back.jpg','image',0),(1275,90,'/m/p/mp03-blue_main.jpg','image',0),(1276,90,'/m/p/mp03-green_main.jpg','image',0),(1277,90,'/m/p/mp03-red_main.jpg','image',0),(1278,90,'/m/p/mp03-blue_main.jpg','image',0),(1279,90,'/m/p/mp03-green_main.jpg','image',0),(1280,90,'/m/p/mp03-red_main.jpg','image',0),(1281,90,'/m/p/mp03-blue_main.jpg','image',0),(1282,90,'/m/p/mp03-green_main.jpg','image',0),(1283,90,'/m/p/mp03-red_main.jpg','image',0),(1284,90,'/m/p/mp03-blue_main.jpg','image',0),(1285,90,'/m/p/mp03-green_main.jpg','image',0),(1286,90,'/m/p/mp03-red_main.jpg','image',0),(1287,90,'/m/p/mp03-black_main.jpg','image',0),(1288,90,'/m/p/mp03-black_alt1.jpg','image',0),(1289,90,'/m/p/mp03-black_back.jpg','image',0),(1290,90,'/m/p/mp04-black_main.jpg','image',0),(1291,90,'/m/p/mp04-gray_main.jpg','image',0),(1292,90,'/m/p/mp04-gray_back.jpg','image',0),(1293,90,'/m/p/mp04-green_main.jpg','image',0),(1294,90,'/m/p/mp04-black_main.jpg','image',0),(1295,90,'/m/p/mp04-gray_main.jpg','image',0),(1296,90,'/m/p/mp04-gray_back.jpg','image',0),(1297,90,'/m/p/mp04-green_main.jpg','image',0),(1298,90,'/m/p/mp04-black_main.jpg','image',0),(1299,90,'/m/p/mp04-gray_main.jpg','image',0),(1300,90,'/m/p/mp04-gray_back.jpg','image',0),(1301,90,'/m/p/mp04-green_main.jpg','image',0),(1302,90,'/m/p/mp04-black_main.jpg','image',0),(1303,90,'/m/p/mp04-gray_main.jpg','image',0),(1304,90,'/m/p/mp04-gray_back.jpg','image',0),(1305,90,'/m/p/mp04-green_main.jpg','image',0),(1306,90,'/m/p/mp04-gray_main.jpg','image',0),(1307,90,'/m/p/mp04-gray_back.jpg','image',0),(1308,90,'/m/p/mp05-black_main.jpg','image',0),(1309,90,'/m/p/mp05-blue_main.jpg','image',0),(1310,90,'/m/p/mp05-blue_back.jpg','image',0),(1311,90,'/m/p/mp05-blue_outfit.jpg','image',0),(1312,90,'/m/p/mp05-green_main.jpg','image',0),(1313,90,'/m/p/mp05-black_main.jpg','image',0),(1314,90,'/m/p/mp05-blue_main.jpg','image',0),(1315,90,'/m/p/mp05-blue_back.jpg','image',0),(1316,90,'/m/p/mp05-blue_outfit.jpg','image',0),(1317,90,'/m/p/mp05-green_main.jpg','image',0),(1318,90,'/m/p/mp05-black_main.jpg','image',0),(1319,90,'/m/p/mp05-blue_main.jpg','image',0),(1320,90,'/m/p/mp05-blue_back.jpg','image',0),(1321,90,'/m/p/mp05-blue_outfit.jpg','image',0),(1322,90,'/m/p/mp05-green_main.jpg','image',0),(1323,90,'/m/p/mp05-black_main.jpg','image',0),(1324,90,'/m/p/mp05-blue_main.jpg','image',0),(1325,90,'/m/p/mp05-blue_back.jpg','image',0),(1326,90,'/m/p/mp05-blue_outfit.jpg','image',0),(1327,90,'/m/p/mp05-green_main.jpg','image',0),(1328,90,'/m/p/mp05-blue_main.jpg','image',0),(1329,90,'/m/p/mp05-blue_back.jpg','image',0),(1330,90,'/m/p/mp05-blue_outfit.jpg','image',0),(1331,90,'/m/p/mp06-gray_main.jpg','image',0),(1332,90,'/m/p/mp06-gray_back.jpg','image',0),(1333,90,'/m/p/mp06-gray_outfit.jpg','image',0),(1334,90,'/m/p/mp06-green_main.jpg','image',0),(1335,90,'/m/p/mp06-orange_main.jpg','image',0),(1336,90,'/m/p/mp06-gray_main.jpg','image',0),(1337,90,'/m/p/mp06-gray_back.jpg','image',0),(1338,90,'/m/p/mp06-gray_outfit.jpg','image',0),(1339,90,'/m/p/mp06-green_main.jpg','image',0),(1340,90,'/m/p/mp06-orange_main.jpg','image',0),(1341,90,'/m/p/mp06-gray_main.jpg','image',0),(1342,90,'/m/p/mp06-gray_back.jpg','image',0),(1343,90,'/m/p/mp06-gray_outfit.jpg','image',0),(1344,90,'/m/p/mp06-green_main.jpg','image',0),(1345,90,'/m/p/mp06-orange_main.jpg','image',0),(1346,90,'/m/p/mp06-gray_main.jpg','image',0),(1347,90,'/m/p/mp06-gray_back.jpg','image',0),(1348,90,'/m/p/mp06-gray_outfit.jpg','image',0),(1349,90,'/m/p/mp06-green_main.jpg','image',0),(1350,90,'/m/p/mp06-orange_main.jpg','image',0),(1351,90,'/m/p/mp06-gray_main.jpg','image',0),(1352,90,'/m/p/mp06-gray_back.jpg','image',0),(1353,90,'/m/p/mp06-gray_outfit.jpg','image',0),(1354,90,'/m/p/mp07-black_main.jpg','image',0),(1355,90,'/m/p/mp07-blue_main.jpg','image',0),(1356,90,'/m/p/mp07-blue_alt1.jpg','image',0),(1357,90,'/m/p/mp07-blue_back.jpg','image',0),(1358,90,'/m/p/mp07-blue_side_a.jpg','image',0),(1359,90,'/m/p/mp07-blue_side_b.jpg','image',0),(1360,90,'/m/p/mp07-purple_main.jpg','image',0),(1361,90,'/m/p/mp07-black_main.jpg','image',0),(1362,90,'/m/p/mp07-blue_main.jpg','image',0),(1363,90,'/m/p/mp07-blue_alt1.jpg','image',0),(1364,90,'/m/p/mp07-blue_back.jpg','image',0),(1365,90,'/m/p/mp07-blue_side_a.jpg','image',0),(1366,90,'/m/p/mp07-blue_side_b.jpg','image',0),(1367,90,'/m/p/mp07-purple_main.jpg','image',0),(1368,90,'/m/p/mp07-black_main.jpg','image',0),(1369,90,'/m/p/mp07-blue_main.jpg','image',0),(1370,90,'/m/p/mp07-blue_alt1.jpg','image',0),(1371,90,'/m/p/mp07-blue_back.jpg','image',0),(1372,90,'/m/p/mp07-blue_side_a.jpg','image',0),(1373,90,'/m/p/mp07-blue_side_b.jpg','image',0),(1374,90,'/m/p/mp07-purple_main.jpg','image',0),(1375,90,'/m/p/mp07-black_main.jpg','image',0),(1376,90,'/m/p/mp07-blue_main.jpg','image',0),(1377,90,'/m/p/mp07-blue_alt1.jpg','image',0),(1378,90,'/m/p/mp07-blue_back.jpg','image',0),(1379,90,'/m/p/mp07-blue_side_a.jpg','image',0),(1380,90,'/m/p/mp07-blue_side_b.jpg','image',0),(1381,90,'/m/p/mp07-purple_main.jpg','image',0),(1382,90,'/m/p/mp07-blue_main.jpg','image',0),(1383,90,'/m/p/mp07-blue_alt1.jpg','image',0),(1384,90,'/m/p/mp07-blue_back.jpg','image',0),(1385,90,'/m/p/mp07-blue_side_a.jpg','image',0),(1386,90,'/m/p/mp07-blue_side_b.jpg','image',0),(1387,90,'/m/p/mp08-blue_main.jpg','image',0),(1388,90,'/m/p/mp08-green_main.jpg','image',0),(1389,90,'/m/p/mp08-green_alt1.jpg','image',0),(1390,90,'/m/p/mp08-green_back.jpg','image',0),(1391,90,'/m/p/mp08-red_main.jpg','image',0),(1392,90,'/m/p/mp08-blue_main.jpg','image',0),(1393,90,'/m/p/mp08-green_main.jpg','image',0),(1394,90,'/m/p/mp08-green_alt1.jpg','image',0),(1395,90,'/m/p/mp08-green_back.jpg','image',0),(1396,90,'/m/p/mp08-red_main.jpg','image',0),(1397,90,'/m/p/mp08-blue_main.jpg','image',0),(1398,90,'/m/p/mp08-green_main.jpg','image',0),(1399,90,'/m/p/mp08-green_alt1.jpg','image',0),(1400,90,'/m/p/mp08-green_back.jpg','image',0),(1401,90,'/m/p/mp08-red_main.jpg','image',0),(1402,90,'/m/p/mp08-blue_main.jpg','image',0),(1403,90,'/m/p/mp08-green_main.jpg','image',0),(1404,90,'/m/p/mp08-green_alt1.jpg','image',0),(1405,90,'/m/p/mp08-green_back.jpg','image',0),(1406,90,'/m/p/mp08-red_main.jpg','image',0),(1407,90,'/m/p/mp08-green_main.jpg','image',0),(1408,90,'/m/p/mp08-green_alt1.jpg','image',0),(1409,90,'/m/p/mp08-green_back.jpg','image',0),(1410,90,'/m/p/mp09-black_main.jpg','image',0),(1411,90,'/m/p/mp09-blue_main.jpg','image',0),(1412,90,'/m/p/mp09-blue_alt1.jpg','image',0),(1413,90,'/m/p/mp09-blue_back.jpg','image',0),(1414,90,'/m/p/mp09-red_main.jpg','image',0),(1415,90,'/m/p/mp09-black_main.jpg','image',0),(1416,90,'/m/p/mp09-blue_main.jpg','image',0),(1417,90,'/m/p/mp09-blue_alt1.jpg','image',0),(1418,90,'/m/p/mp09-blue_back.jpg','image',0),(1419,90,'/m/p/mp09-red_main.jpg','image',0),(1420,90,'/m/p/mp09-black_main.jpg','image',0),(1421,90,'/m/p/mp09-blue_main.jpg','image',0),(1422,90,'/m/p/mp09-blue_alt1.jpg','image',0),(1423,90,'/m/p/mp09-blue_back.jpg','image',0),(1424,90,'/m/p/mp09-red_main.jpg','image',0),(1425,90,'/m/p/mp09-black_main.jpg','image',0),(1426,90,'/m/p/mp09-blue_main.jpg','image',0),(1427,90,'/m/p/mp09-blue_alt1.jpg','image',0),(1428,90,'/m/p/mp09-blue_back.jpg','image',0),(1429,90,'/m/p/mp09-red_main.jpg','image',0),(1430,90,'/m/p/mp09-blue_main.jpg','image',0),(1431,90,'/m/p/mp09-blue_alt1.jpg','image',0),(1432,90,'/m/p/mp09-blue_back.jpg','image',0),(1433,90,'/m/p/mp10-black_main.jpg','image',0),(1434,90,'/m/p/mp10-black_alt1.jpg','image',0),(1435,90,'/m/p/mp10-black_back.jpg','image',0),(1436,90,'/m/p/mp10-blue_main.jpg','image',0),(1437,90,'/m/p/mp10-green_main.jpg','image',0),(1438,90,'/m/p/mp10-black_main.jpg','image',0),(1439,90,'/m/p/mp10-black_alt1.jpg','image',0),(1440,90,'/m/p/mp10-black_back.jpg','image',0),(1441,90,'/m/p/mp10-blue_main.jpg','image',0),(1442,90,'/m/p/mp10-green_main.jpg','image',0),(1443,90,'/m/p/mp10-black_main.jpg','image',0),(1444,90,'/m/p/mp10-black_alt1.jpg','image',0),(1445,90,'/m/p/mp10-black_back.jpg','image',0),(1446,90,'/m/p/mp10-blue_main.jpg','image',0),(1447,90,'/m/p/mp10-green_main.jpg','image',0),(1448,90,'/m/p/mp10-black_main.jpg','image',0),(1449,90,'/m/p/mp10-black_alt1.jpg','image',0),(1450,90,'/m/p/mp10-black_back.jpg','image',0),(1451,90,'/m/p/mp10-blue_main.jpg','image',0),(1452,90,'/m/p/mp10-green_main.jpg','image',0),(1453,90,'/m/p/mp10-black_main.jpg','image',0),(1454,90,'/m/p/mp10-black_alt1.jpg','image',0),(1455,90,'/m/p/mp10-black_back.jpg','image',0),(1456,90,'/m/p/mp11-blue_main.jpg','image',0),(1457,90,'/m/p/mp11-brown_main.jpg','image',0),(1458,90,'/m/p/mp11-brown_alt1.jpg','image',0),(1459,90,'/m/p/mp11-brown_back.jpg','image',0),(1460,90,'/m/p/mp11-green_main.jpg','image',0),(1461,90,'/m/p/mp11-blue_main.jpg','image',0),(1462,90,'/m/p/mp11-brown_main.jpg','image',0),(1463,90,'/m/p/mp11-brown_alt1.jpg','image',0),(1464,90,'/m/p/mp11-brown_back.jpg','image',0),(1465,90,'/m/p/mp11-green_main.jpg','image',0),(1466,90,'/m/p/mp11-blue_main.jpg','image',0),(1467,90,'/m/p/mp11-brown_main.jpg','image',0),(1468,90,'/m/p/mp11-brown_alt1.jpg','image',0),(1469,90,'/m/p/mp11-brown_back.jpg','image',0),(1470,90,'/m/p/mp11-green_main.jpg','image',0),(1471,90,'/m/p/mp11-blue_main.jpg','image',0),(1472,90,'/m/p/mp11-brown_main.jpg','image',0),(1473,90,'/m/p/mp11-brown_alt1.jpg','image',0),(1474,90,'/m/p/mp11-brown_back.jpg','image',0),(1475,90,'/m/p/mp11-green_main.jpg','image',0),(1476,90,'/m/p/mp11-brown_main.jpg','image',0),(1477,90,'/m/p/mp11-brown_alt1.jpg','image',0),(1478,90,'/m/p/mp11-brown_back.jpg','image',0),(1479,90,'/m/p/mp12-black_main.jpg','image',0),(1480,90,'/m/p/mp12-black_back.jpg','image',0),(1481,90,'/m/p/mp12-blue_main.jpg','image',0),(1482,90,'/m/p/mp12-red_main.jpg','image',0),(1483,90,'/m/p/mp12-black_main.jpg','image',0),(1484,90,'/m/p/mp12-black_back.jpg','image',0),(1485,90,'/m/p/mp12-blue_main.jpg','image',0),(1486,90,'/m/p/mp12-red_main.jpg','image',0),(1487,90,'/m/p/mp12-black_main.jpg','image',0),(1488,90,'/m/p/mp12-black_back.jpg','image',0),(1489,90,'/m/p/mp12-blue_main.jpg','image',0),(1490,90,'/m/p/mp12-red_main.jpg','image',0),(1491,90,'/m/p/mp12-black_main.jpg','image',0),(1492,90,'/m/p/mp12-black_back.jpg','image',0),(1493,90,'/m/p/mp12-blue_main.jpg','image',0),(1494,90,'/m/p/mp12-red_main.jpg','image',0),(1495,90,'/m/p/mp12-black_main.jpg','image',0),(1496,90,'/m/p/mp12-black_back.jpg','image',0),(1497,90,'/m/s/msh01-black_main.jpg','image',0),(1498,90,'/m/s/msh01-blue_main.jpg','image',0),(1499,90,'/m/s/msh01-blue_back.jpg','image',0),(1500,90,'/m/s/msh01-red_main.jpg','image',0),(1501,90,'/m/s/msh01-black_main.jpg','image',0),(1502,90,'/m/s/msh01-blue_main.jpg','image',0),(1503,90,'/m/s/msh01-blue_back.jpg','image',0),(1504,90,'/m/s/msh01-red_main.jpg','image',0),(1505,90,'/m/s/msh01-black_main.jpg','image',0),(1506,90,'/m/s/msh01-blue_main.jpg','image',0),(1507,90,'/m/s/msh01-blue_back.jpg','image',0),(1508,90,'/m/s/msh01-red_main.jpg','image',0),(1509,90,'/m/s/msh01-black_main.jpg','image',0),(1510,90,'/m/s/msh01-blue_main.jpg','image',0),(1511,90,'/m/s/msh01-blue_back.jpg','image',0),(1512,90,'/m/s/msh01-red_main.jpg','image',0),(1513,90,'/m/s/msh01-blue_main.jpg','image',0),(1514,90,'/m/s/msh01-blue_back.jpg','image',0),(1515,90,'/m/s/msh02-black_main.jpg','image',0),(1516,90,'/m/s/msh02-black_alt1.jpg','image',0),(1517,90,'/m/s/msh02-black_back.jpg','image',0),(1518,90,'/m/s/msh02-black_main.jpg','image',0),(1519,90,'/m/s/msh02-black_alt1.jpg','image',0),(1520,90,'/m/s/msh02-black_back.jpg','image',0),(1521,90,'/m/s/msh02-black_main.jpg','image',0),(1522,90,'/m/s/msh02-black_alt1.jpg','image',0),(1523,90,'/m/s/msh02-black_back.jpg','image',0),(1524,90,'/m/s/msh02-black_main.jpg','image',0),(1525,90,'/m/s/msh02-black_alt1.jpg','image',0),(1526,90,'/m/s/msh02-black_back.jpg','image',0),(1527,90,'/m/s/msh02-black_main.jpg','image',0),(1528,90,'/m/s/msh02-black_alt1.jpg','image',0),(1529,90,'/m/s/msh02-black_back.jpg','image',0),(1530,90,'/m/s/msh03-black_main.jpg','image',0),(1531,90,'/m/s/msh03-blue_main.jpg','image',0),(1532,90,'/m/s/msh03-blue_alt1.jpg','image',0),(1533,90,'/m/s/msh03-blue_back.jpg','image',0),(1534,90,'/m/s/msh03-green_main.jpg','image',0),(1535,90,'/m/s/msh03-black_main.jpg','image',0),(1536,90,'/m/s/msh03-blue_main.jpg','image',0),(1537,90,'/m/s/msh03-blue_alt1.jpg','image',0),(1538,90,'/m/s/msh03-blue_back.jpg','image',0),(1539,90,'/m/s/msh03-green_main.jpg','image',0),(1540,90,'/m/s/msh03-black_main.jpg','image',0),(1541,90,'/m/s/msh03-blue_main.jpg','image',0),(1542,90,'/m/s/msh03-blue_alt1.jpg','image',0),(1543,90,'/m/s/msh03-blue_back.jpg','image',0),(1544,90,'/m/s/msh03-green_main.jpg','image',0),(1545,90,'/m/s/msh03-black_main.jpg','image',0),(1546,90,'/m/s/msh03-blue_main.jpg','image',0),(1547,90,'/m/s/msh03-blue_alt1.jpg','image',0),(1548,90,'/m/s/msh03-blue_back.jpg','image',0),(1549,90,'/m/s/msh03-green_main.jpg','image',0),(1550,90,'/m/s/msh03-blue_main.jpg','image',0),(1551,90,'/m/s/msh03-blue_alt1.jpg','image',0),(1552,90,'/m/s/msh03-blue_back.jpg','image',0),(1553,90,'/m/s/msh04-gray_main.jpg','image',0),(1554,90,'/m/s/msh04-gray_back.jpg','image',0),(1555,90,'/m/s/msh04-purple_main.jpg','image',0),(1556,90,'/m/s/msh04-yellow_main.jpg','image',0),(1557,90,'/m/s/msh04-gray_main.jpg','image',0),(1558,90,'/m/s/msh04-gray_back.jpg','image',0),(1559,90,'/m/s/msh04-purple_main.jpg','image',0),(1560,90,'/m/s/msh04-yellow_main.jpg','image',0),(1561,90,'/m/s/msh04-gray_main.jpg','image',0),(1562,90,'/m/s/msh04-gray_back.jpg','image',0),(1563,90,'/m/s/msh04-purple_main.jpg','image',0),(1564,90,'/m/s/msh04-yellow_main.jpg','image',0),(1565,90,'/m/s/msh04-gray_main.jpg','image',0),(1566,90,'/m/s/msh04-gray_back.jpg','image',0),(1567,90,'/m/s/msh04-purple_main.jpg','image',0),(1568,90,'/m/s/msh04-yellow_main.jpg','image',0),(1569,90,'/m/s/msh04-gray_main.jpg','image',0),(1570,90,'/m/s/msh04-gray_back.jpg','image',0),(1571,90,'/m/s/msh05-black_main.jpg','image',0),(1572,90,'/m/s/msh05-blue_main.jpg','image',0),(1573,90,'/m/s/msh05-gray_main.jpg','image',0),(1574,90,'/m/s/msh05-gray_alt1.jpg','image',0),(1575,90,'/m/s/msh05-gray_back.jpg','image',0),(1576,90,'/m/s/msh05-black_main.jpg','image',0),(1577,90,'/m/s/msh05-blue_main.jpg','image',0),(1578,90,'/m/s/msh05-gray_main.jpg','image',0),(1579,90,'/m/s/msh05-gray_alt1.jpg','image',0),(1580,90,'/m/s/msh05-gray_back.jpg','image',0),(1581,90,'/m/s/msh05-black_main.jpg','image',0),(1582,90,'/m/s/msh05-blue_main.jpg','image',0),(1583,90,'/m/s/msh05-gray_main.jpg','image',0),(1584,90,'/m/s/msh05-gray_alt1.jpg','image',0),(1585,90,'/m/s/msh05-gray_back.jpg','image',0),(1586,90,'/m/s/msh05-black_main.jpg','image',0),(1587,90,'/m/s/msh05-blue_main.jpg','image',0),(1588,90,'/m/s/msh05-gray_main.jpg','image',0),(1589,90,'/m/s/msh05-gray_alt1.jpg','image',0),(1590,90,'/m/s/msh05-gray_back.jpg','image',0),(1591,90,'/m/s/msh05-gray_main.jpg','image',0),(1592,90,'/m/s/msh05-gray_alt1.jpg','image',0),(1593,90,'/m/s/msh05-gray_back.jpg','image',0),(1594,90,'/m/s/msh06-blue_main.jpg','image',0),(1595,90,'/m/s/msh06-gray_main.jpg','image',0),(1596,90,'/m/s/msh06-gray_alt1.jpg','image',0),(1597,90,'/m/s/msh06-gray_back.jpg','image',0),(1598,90,'/m/s/msh06-red_main.jpg','image',0),(1599,90,'/m/s/msh06-blue_main.jpg','image',0),(1600,90,'/m/s/msh06-gray_main.jpg','image',0),(1601,90,'/m/s/msh06-gray_alt1.jpg','image',0),(1602,90,'/m/s/msh06-gray_back.jpg','image',0),(1603,90,'/m/s/msh06-red_main.jpg','image',0),(1604,90,'/m/s/msh06-blue_main.jpg','image',0),(1605,90,'/m/s/msh06-gray_main.jpg','image',0),(1606,90,'/m/s/msh06-gray_alt1.jpg','image',0),(1607,90,'/m/s/msh06-gray_back.jpg','image',0),(1608,90,'/m/s/msh06-red_main.jpg','image',0),(1609,90,'/m/s/msh06-blue_main.jpg','image',0),(1610,90,'/m/s/msh06-gray_main.jpg','image',0),(1611,90,'/m/s/msh06-gray_alt1.jpg','image',0),(1612,90,'/m/s/msh06-gray_back.jpg','image',0),(1613,90,'/m/s/msh06-red_main.jpg','image',0),(1614,90,'/m/s/msh06-gray_main.jpg','image',0),(1615,90,'/m/s/msh06-gray_alt1.jpg','image',0),(1616,90,'/m/s/msh06-gray_back.jpg','image',0),(1617,90,'/m/s/msh07-black_main.jpg','image',0),(1618,90,'/m/s/msh07-black_alt1.jpg','image',0),(1619,90,'/m/s/msh07-black_back.jpg','image',0),(1620,90,'/m/s/msh07-blue_main.jpg','image',0),(1621,90,'/m/s/msh07-purple_main.jpg','image',0),(1622,90,'/m/s/msh07-black_main.jpg','image',0),(1623,90,'/m/s/msh07-black_alt1.jpg','image',0),(1624,90,'/m/s/msh07-black_back.jpg','image',0),(1625,90,'/m/s/msh07-blue_main.jpg','image',0),(1626,90,'/m/s/msh07-purple_main.jpg','image',0),(1627,90,'/m/s/msh07-black_main.jpg','image',0),(1628,90,'/m/s/msh07-black_alt1.jpg','image',0),(1629,90,'/m/s/msh07-black_back.jpg','image',0),(1630,90,'/m/s/msh07-blue_main.jpg','image',0),(1631,90,'/m/s/msh07-purple_main.jpg','image',0),(1632,90,'/m/s/msh07-black_main.jpg','image',0),(1633,90,'/m/s/msh07-black_alt1.jpg','image',0),(1634,90,'/m/s/msh07-black_back.jpg','image',0),(1635,90,'/m/s/msh07-blue_main.jpg','image',0),(1636,90,'/m/s/msh07-purple_main.jpg','image',0),(1637,90,'/m/s/msh07-black_main.jpg','image',0),(1638,90,'/m/s/msh07-black_alt1.jpg','image',0),(1639,90,'/m/s/msh07-black_back.jpg','image',0),(1640,90,'/m/s/msh08-black_main.jpg','image',0),(1641,90,'/m/s/msh08-black_back.jpg','image',0),(1642,90,'/m/s/msh08-blue_main.jpg','image',0),(1643,90,'/m/s/msh08-green_main.jpg','image',0),(1644,90,'/m/s/msh08-black_main.jpg','image',0),(1645,90,'/m/s/msh08-black_back.jpg','image',0),(1646,90,'/m/s/msh08-blue_main.jpg','image',0),(1647,90,'/m/s/msh08-green_main.jpg','image',0),(1648,90,'/m/s/msh08-black_main.jpg','image',0),(1649,90,'/m/s/msh08-black_back.jpg','image',0),(1650,90,'/m/s/msh08-blue_main.jpg','image',0),(1651,90,'/m/s/msh08-green_main.jpg','image',0),(1652,90,'/m/s/msh08-black_main.jpg','image',0),(1653,90,'/m/s/msh08-black_back.jpg','image',0),(1654,90,'/m/s/msh08-blue_main.jpg','image',0),(1655,90,'/m/s/msh08-green_main.jpg','image',0),(1656,90,'/m/s/msh08-black_main.jpg','image',0),(1657,90,'/m/s/msh08-black_back.jpg','image',0),(1658,90,'/m/s/msh09-black_main.jpg','image',0),(1659,90,'/m/s/msh09-blue_main.jpg','image',0),(1660,90,'/m/s/msh09-blue_alt1.jpg','image',0),(1661,90,'/m/s/msh09-blue_back.jpg','image',0),(1662,90,'/m/s/msh09-green_main.jpg','image',0),(1663,90,'/m/s/msh09-black_main.jpg','image',0),(1664,90,'/m/s/msh09-blue_main.jpg','image',0),(1665,90,'/m/s/msh09-blue_alt1.jpg','image',0),(1666,90,'/m/s/msh09-blue_back.jpg','image',0),(1667,90,'/m/s/msh09-green_main.jpg','image',0),(1668,90,'/m/s/msh09-black_main.jpg','image',0),(1669,90,'/m/s/msh09-blue_main.jpg','image',0),(1670,90,'/m/s/msh09-blue_alt1.jpg','image',0),(1671,90,'/m/s/msh09-blue_back.jpg','image',0),(1672,90,'/m/s/msh09-green_main.jpg','image',0),(1673,90,'/m/s/msh09-black_main.jpg','image',0),(1674,90,'/m/s/msh09-blue_main.jpg','image',0),(1675,90,'/m/s/msh09-blue_alt1.jpg','image',0),(1676,90,'/m/s/msh09-blue_back.jpg','image',0),(1677,90,'/m/s/msh09-green_main.jpg','image',0),(1678,90,'/m/s/msh09-blue_main.jpg','image',0),(1679,90,'/m/s/msh09-blue_alt1.jpg','image',0),(1680,90,'/m/s/msh09-blue_back.jpg','image',0),(1681,90,'/m/s/msh10-blue_main.jpg','image',0),(1682,90,'/m/s/msh10-blue_alt1.jpg','image',0),(1683,90,'/m/s/msh10-blue_back.jpg','image',0),(1684,90,'/m/s/msh10-green_main.jpg','image',0),(1685,90,'/m/s/msh10-purple_main.jpg','image',0),(1686,90,'/m/s/msh10-blue_main.jpg','image',0),(1687,90,'/m/s/msh10-blue_alt1.jpg','image',0),(1688,90,'/m/s/msh10-blue_back.jpg','image',0),(1689,90,'/m/s/msh10-green_main.jpg','image',0),(1690,90,'/m/s/msh10-purple_main.jpg','image',0),(1691,90,'/m/s/msh10-blue_main.jpg','image',0),(1692,90,'/m/s/msh10-blue_alt1.jpg','image',0),(1693,90,'/m/s/msh10-blue_back.jpg','image',0),(1694,90,'/m/s/msh10-green_main.jpg','image',0),(1695,90,'/m/s/msh10-purple_main.jpg','image',0),(1696,90,'/m/s/msh10-blue_main.jpg','image',0),(1697,90,'/m/s/msh10-blue_alt1.jpg','image',0),(1698,90,'/m/s/msh10-blue_back.jpg','image',0),(1699,90,'/m/s/msh10-green_main.jpg','image',0),(1700,90,'/m/s/msh10-purple_main.jpg','image',0),(1701,90,'/m/s/msh10-blue_main.jpg','image',0),(1702,90,'/m/s/msh10-blue_alt1.jpg','image',0),(1703,90,'/m/s/msh10-blue_back.jpg','image',0),(1704,90,'/m/s/msh11-black_main.jpg','image',0),(1705,90,'/m/s/msh11-blue_main.jpg','image',0),(1706,90,'/m/s/msh11-blue_back.jpg','image',0),(1707,90,'/m/s/msh11-red_main.jpg','image',0),(1708,90,'/m/s/msh11-black_main.jpg','image',0),(1709,90,'/m/s/msh11-blue_main.jpg','image',0),(1710,90,'/m/s/msh11-blue_back.jpg','image',0),(1711,90,'/m/s/msh11-red_main.jpg','image',0),(1712,90,'/m/s/msh11-black_main.jpg','image',0),(1713,90,'/m/s/msh11-blue_main.jpg','image',0),(1714,90,'/m/s/msh11-blue_back.jpg','image',0),(1715,90,'/m/s/msh11-red_main.jpg','image',0),(1716,90,'/m/s/msh11-black_main.jpg','image',0),(1717,90,'/m/s/msh11-blue_main.jpg','image',0),(1718,90,'/m/s/msh11-blue_back.jpg','image',0),(1719,90,'/m/s/msh11-red_main.jpg','image',0),(1720,90,'/m/s/msh11-blue_main.jpg','image',0),(1721,90,'/m/s/msh11-blue_back.jpg','image',0),(1722,90,'/m/s/msh12-black_main.jpg','image',0),(1723,90,'/m/s/msh12-gray_main.jpg','image',0),(1724,90,'/m/s/msh12-red_main.jpg','image',0),(1725,90,'/m/s/msh12-red_back.jpg','image',0),(1726,90,'/m/s/msh12-black_main.jpg','image',0),(1727,90,'/m/s/msh12-gray_main.jpg','image',0),(1728,90,'/m/s/msh12-red_main.jpg','image',0),(1729,90,'/m/s/msh12-red_back.jpg','image',0),(1730,90,'/m/s/msh12-black_main.jpg','image',0),(1731,90,'/m/s/msh12-gray_main.jpg','image',0),(1732,90,'/m/s/msh12-red_main.jpg','image',0),(1733,90,'/m/s/msh12-red_back.jpg','image',0),(1734,90,'/m/s/msh12-black_main.jpg','image',0),(1735,90,'/m/s/msh12-gray_main.jpg','image',0),(1736,90,'/m/s/msh12-red_main.jpg','image',0),(1737,90,'/m/s/msh12-red_back.jpg','image',0),(1738,90,'/m/s/msh12-red_main.jpg','image',0),(1739,90,'/m/s/msh12-red_back.jpg','image',0),(1740,90,'/w/h/wh01-green_main.jpg','image',0),(1741,90,'/w/h/wh01-green_alt1.jpg','image',0),(1742,90,'/w/h/wh01-green_back.jpg','image',0),(1743,90,'/w/h/wh01-orange_main.jpg','image',0),(1744,90,'/w/h/wh01-purple_main.jpg','image',0),(1745,90,'/w/h/wh01-green_main.jpg','image',0),(1746,90,'/w/h/wh01-green_alt1.jpg','image',0),(1747,90,'/w/h/wh01-green_back.jpg','image',0),(1748,90,'/w/h/wh01-orange_main.jpg','image',0),(1749,90,'/w/h/wh01-purple_main.jpg','image',0),(1750,90,'/w/h/wh01-green_main.jpg','image',0),(1751,90,'/w/h/wh01-green_alt1.jpg','image',0),(1752,90,'/w/h/wh01-green_back.jpg','image',0),(1753,90,'/w/h/wh01-orange_main.jpg','image',0),(1754,90,'/w/h/wh01-purple_main.jpg','image',0),(1755,90,'/w/h/wh01-green_main.jpg','image',0),(1756,90,'/w/h/wh01-green_alt1.jpg','image',0),(1757,90,'/w/h/wh01-green_back.jpg','image',0),(1758,90,'/w/h/wh01-orange_main.jpg','image',0),(1759,90,'/w/h/wh01-purple_main.jpg','image',0),(1760,90,'/w/h/wh01-green_main.jpg','image',0),(1761,90,'/w/h/wh01-green_alt1.jpg','image',0),(1762,90,'/w/h/wh01-green_back.jpg','image',0),(1763,90,'/w/h/wh01-orange_main.jpg','image',0),(1764,90,'/w/h/wh01-purple_main.jpg','image',0),(1765,90,'/w/h/wh01-green_main.jpg','image',0),(1766,90,'/w/h/wh01-green_alt1.jpg','image',0),(1767,90,'/w/h/wh01-green_back.jpg','image',0),(1768,90,'/w/h/wh02-blue_main.jpg','image',0),(1769,90,'/w/h/wh02-blue_alt1.jpg','image',0),(1770,90,'/w/h/wh02-blue_back.jpg','image',0),(1771,90,'/w/h/wh02-green_main.jpg','image',0),(1772,90,'/w/h/wh02-orange_main.jpg','image',0),(1773,90,'/w/h/wh02-blue_main.jpg','image',0),(1774,90,'/w/h/wh02-blue_alt1.jpg','image',0),(1775,90,'/w/h/wh02-blue_back.jpg','image',0),(1776,90,'/w/h/wh02-green_main.jpg','image',0),(1777,90,'/w/h/wh02-orange_main.jpg','image',0),(1778,90,'/w/h/wh02-blue_main.jpg','image',0),(1779,90,'/w/h/wh02-blue_alt1.jpg','image',0),(1780,90,'/w/h/wh02-blue_back.jpg','image',0),(1781,90,'/w/h/wh02-green_main.jpg','image',0),(1782,90,'/w/h/wh02-orange_main.jpg','image',0),(1783,90,'/w/h/wh02-blue_main.jpg','image',0),(1784,90,'/w/h/wh02-blue_alt1.jpg','image',0),(1785,90,'/w/h/wh02-blue_back.jpg','image',0),(1786,90,'/w/h/wh02-green_main.jpg','image',0),(1787,90,'/w/h/wh02-orange_main.jpg','image',0),(1788,90,'/w/h/wh02-blue_main.jpg','image',0),(1789,90,'/w/h/wh02-blue_alt1.jpg','image',0),(1790,90,'/w/h/wh02-blue_back.jpg','image',0),(1791,90,'/w/h/wh02-green_main.jpg','image',0),(1792,90,'/w/h/wh02-orange_main.jpg','image',0),(1793,90,'/w/h/wh02-blue_main.jpg','image',0),(1794,90,'/w/h/wh02-blue_alt1.jpg','image',0),(1795,90,'/w/h/wh02-blue_back.jpg','image',0),(1796,90,'/w/h/wh03-green_main.jpg','image',0),(1797,90,'/w/h/wh03-purple_main.jpg','image',0),(1798,90,'/w/h/wh03-red_main.jpg','image',0),(1799,90,'/w/h/wh03-red_alt1.jpg','image',0),(1800,90,'/w/h/wh03-red_back.jpg','image',0),(1801,90,'/w/h/wh03-green_main.jpg','image',0),(1802,90,'/w/h/wh03-purple_main.jpg','image',0),(1803,90,'/w/h/wh03-red_main.jpg','image',0),(1804,90,'/w/h/wh03-red_alt1.jpg','image',0),(1805,90,'/w/h/wh03-red_back.jpg','image',0),(1806,90,'/w/h/wh03-green_main.jpg','image',0),(1807,90,'/w/h/wh03-purple_main.jpg','image',0),(1808,90,'/w/h/wh03-red_main.jpg','image',0),(1809,90,'/w/h/wh03-red_alt1.jpg','image',0),(1810,90,'/w/h/wh03-red_back.jpg','image',0),(1811,90,'/w/h/wh03-green_main.jpg','image',0),(1812,90,'/w/h/wh03-purple_main.jpg','image',0),(1813,90,'/w/h/wh03-red_main.jpg','image',0),(1814,90,'/w/h/wh03-red_alt1.jpg','image',0),(1815,90,'/w/h/wh03-red_back.jpg','image',0),(1816,90,'/w/h/wh03-green_main.jpg','image',0),(1817,90,'/w/h/wh03-purple_main.jpg','image',0),(1818,90,'/w/h/wh03-red_main.jpg','image',0),(1819,90,'/w/h/wh03-red_alt1.jpg','image',0),(1820,90,'/w/h/wh03-red_back.jpg','image',0),(1821,90,'/w/h/wh03-red_main.jpg','image',0),(1822,90,'/w/h/wh03-red_alt1.jpg','image',0),(1823,90,'/w/h/wh03-red_back.jpg','image',0),(1824,90,'/w/h/wh04-blue_main.jpg','image',0),(1825,90,'/w/h/wh04-blue_alt1.jpg','image',0),(1826,90,'/w/h/wh04-blue_back.jpg','image',0),(1827,90,'/w/h/wh04-orange_main.jpg','image',0),(1828,90,'/w/h/wh04-purple_main.jpg','image',0),(1829,90,'/w/h/wh04-blue_main.jpg','image',0),(1830,90,'/w/h/wh04-blue_alt1.jpg','image',0),(1831,90,'/w/h/wh04-blue_back.jpg','image',0),(1832,90,'/w/h/wh04-orange_main.jpg','image',0),(1833,90,'/w/h/wh04-purple_main.jpg','image',0),(1834,90,'/w/h/wh04-blue_main.jpg','image',0),(1835,90,'/w/h/wh04-blue_alt1.jpg','image',0),(1836,90,'/w/h/wh04-blue_back.jpg','image',0),(1837,90,'/w/h/wh04-orange_main.jpg','image',0),(1838,90,'/w/h/wh04-purple_main.jpg','image',0),(1839,90,'/w/h/wh04-blue_main.jpg','image',0),(1840,90,'/w/h/wh04-blue_alt1.jpg','image',0),(1841,90,'/w/h/wh04-blue_back.jpg','image',0),(1842,90,'/w/h/wh04-orange_main.jpg','image',0),(1843,90,'/w/h/wh04-purple_main.jpg','image',0),(1844,90,'/w/h/wh04-blue_main.jpg','image',0),(1845,90,'/w/h/wh04-blue_alt1.jpg','image',0),(1846,90,'/w/h/wh04-blue_back.jpg','image',0),(1847,90,'/w/h/wh04-orange_main.jpg','image',0),(1848,90,'/w/h/wh04-purple_main.jpg','image',0),(1849,90,'/w/h/wh04-blue_main.jpg','image',0),(1850,90,'/w/h/wh04-blue_alt1.jpg','image',0),(1851,90,'/w/h/wh04-blue_back.jpg','image',0),(1852,90,'/w/h/wh05-orange_main.jpg','image',0),(1853,90,'/w/h/wh05-purple_main.jpg','image',0),(1854,90,'/w/h/wh05-white_main.jpg','image',0),(1855,90,'/w/h/wh05-white_back.jpg','image',0),(1856,90,'/w/h/wh05-orange_main.jpg','image',0),(1857,90,'/w/h/wh05-purple_main.jpg','image',0),(1858,90,'/w/h/wh05-white_main.jpg','image',0),(1859,90,'/w/h/wh05-white_back.jpg','image',0),(1860,90,'/w/h/wh05-orange_main.jpg','image',0),(1861,90,'/w/h/wh05-purple_main.jpg','image',0),(1862,90,'/w/h/wh05-white_main.jpg','image',0),(1863,90,'/w/h/wh05-white_back.jpg','image',0),(1864,90,'/w/h/wh05-orange_main.jpg','image',0),(1865,90,'/w/h/wh05-purple_main.jpg','image',0),(1866,90,'/w/h/wh05-white_main.jpg','image',0),(1867,90,'/w/h/wh05-white_back.jpg','image',0),(1868,90,'/w/h/wh05-orange_main.jpg','image',0),(1869,90,'/w/h/wh05-purple_main.jpg','image',0),(1870,90,'/w/h/wh05-white_main.jpg','image',0),(1871,90,'/w/h/wh05-white_back.jpg','image',0),(1872,90,'/w/h/wh05-white_main.jpg','image',0),(1873,90,'/w/h/wh05-white_back.jpg','image',0),(1874,90,'/w/h/wh06-purple_main.jpg','image',0),(1875,90,'/w/h/wh06-purple_alt1.jpg','image',0),(1876,90,'/w/h/wh06-purple_back.jpg','image',0),(1877,90,'/w/h/wh06-purple_main.jpg','image',0),(1878,90,'/w/h/wh06-purple_alt1.jpg','image',0),(1879,90,'/w/h/wh06-purple_back.jpg','image',0),(1880,90,'/w/h/wh06-purple_main.jpg','image',0),(1881,90,'/w/h/wh06-purple_alt1.jpg','image',0),(1882,90,'/w/h/wh06-purple_back.jpg','image',0),(1883,90,'/w/h/wh06-purple_main.jpg','image',0),(1884,90,'/w/h/wh06-purple_alt1.jpg','image',0),(1885,90,'/w/h/wh06-purple_back.jpg','image',0),(1886,90,'/w/h/wh06-purple_main.jpg','image',0),(1887,90,'/w/h/wh06-purple_alt1.jpg','image',0),(1888,90,'/w/h/wh06-purple_back.jpg','image',0),(1889,90,'/w/h/wh06-purple_main.jpg','image',0),(1890,90,'/w/h/wh06-purple_alt1.jpg','image',0),(1891,90,'/w/h/wh06-purple_back.jpg','image',0),(1892,90,'/w/h/wh07-gray_main.jpg','image',0),(1893,90,'/w/h/wh07-gray_alt1.jpg','image',0),(1894,90,'/w/h/wh07-gray_back.jpg','image',0),(1895,90,'/w/h/wh07-purple_main.jpg','image',0),(1896,90,'/w/h/wh07-white_main.jpg','image',0),(1897,90,'/w/h/wh07-gray_main.jpg','image',0),(1898,90,'/w/h/wh07-gray_alt1.jpg','image',0),(1899,90,'/w/h/wh07-gray_back.jpg','image',0),(1900,90,'/w/h/wh07-purple_main.jpg','image',0),(1901,90,'/w/h/wh07-white_main.jpg','image',0),(1902,90,'/w/h/wh07-gray_main.jpg','image',0),(1903,90,'/w/h/wh07-gray_alt1.jpg','image',0),(1904,90,'/w/h/wh07-gray_back.jpg','image',0),(1905,90,'/w/h/wh07-purple_main.jpg','image',0),(1906,90,'/w/h/wh07-white_main.jpg','image',0),(1907,90,'/w/h/wh07-gray_main.jpg','image',0),(1908,90,'/w/h/wh07-gray_alt1.jpg','image',0),(1909,90,'/w/h/wh07-gray_back.jpg','image',0),(1910,90,'/w/h/wh07-purple_main.jpg','image',0),(1911,90,'/w/h/wh07-white_main.jpg','image',0),(1912,90,'/w/h/wh07-gray_main.jpg','image',0),(1913,90,'/w/h/wh07-gray_alt1.jpg','image',0),(1914,90,'/w/h/wh07-gray_back.jpg','image',0),(1915,90,'/w/h/wh07-purple_main.jpg','image',0),(1916,90,'/w/h/wh07-white_main.jpg','image',0),(1917,90,'/w/h/wh07-gray_main.jpg','image',0),(1918,90,'/w/h/wh07-gray_alt1.jpg','image',0),(1919,90,'/w/h/wh07-gray_back.jpg','image',0),(1920,90,'/w/h/wh08-orange_main.jpg','image',0),(1921,90,'/w/h/wh08-purple_main.jpg','image',0),(1922,90,'/w/h/wh08-white_main.jpg','image',0),(1923,90,'/w/h/wh08-white_alt1.jpg','image',0),(1924,90,'/w/h/wh08-white_alternate.jpg','image',0),(1925,90,'/w/h/wh08-white_back.jpg','image',0),(1926,90,'/w/h/wh08-orange_main.jpg','image',0),(1927,90,'/w/h/wh08-purple_main.jpg','image',0),(1928,90,'/w/h/wh08-white_main.jpg','image',0),(1929,90,'/w/h/wh08-white_alt1.jpg','image',0),(1930,90,'/w/h/wh08-white_alternate.jpg','image',0),(1931,90,'/w/h/wh08-white_back.jpg','image',0),(1932,90,'/w/h/wh08-orange_main.jpg','image',0),(1933,90,'/w/h/wh08-purple_main.jpg','image',0),(1934,90,'/w/h/wh08-white_main.jpg','image',0),(1935,90,'/w/h/wh08-white_alt1.jpg','image',0),(1936,90,'/w/h/wh08-white_alternate.jpg','image',0),(1937,90,'/w/h/wh08-white_back.jpg','image',0),(1938,90,'/w/h/wh08-orange_main.jpg','image',0),(1939,90,'/w/h/wh08-purple_main.jpg','image',0),(1940,90,'/w/h/wh08-white_main.jpg','image',0),(1941,90,'/w/h/wh08-white_alt1.jpg','image',0),(1942,90,'/w/h/wh08-white_alternate.jpg','image',0),(1943,90,'/w/h/wh08-white_back.jpg','image',0),(1944,90,'/w/h/wh08-orange_main.jpg','image',0),(1945,90,'/w/h/wh08-purple_main.jpg','image',0),(1946,90,'/w/h/wh08-white_main.jpg','image',0),(1947,90,'/w/h/wh08-white_alt1.jpg','image',0),(1948,90,'/w/h/wh08-white_alternate.jpg','image',0),(1949,90,'/w/h/wh08-white_back.jpg','image',0),(1950,90,'/w/h/wh08-white_main.jpg','image',0),(1951,90,'/w/h/wh08-white_alt1.jpg','image',0),(1952,90,'/w/h/wh08-white_alternate.jpg','image',0),(1953,90,'/w/h/wh08-white_back.jpg','image',0),(1954,90,'/w/h/wh09-green_main.jpg','image',0),(1955,90,'/w/h/wh09-purple_main.jpg','image',0),(1956,90,'/w/h/wh09-purple_alt1.jpg','image',0),(1957,90,'/w/h/wh09-purple_back.jpg','image',0),(1958,90,'/w/h/wh09-red_main.jpg','image',0),(1959,90,'/w/h/wh09-green_main.jpg','image',0),(1960,90,'/w/h/wh09-purple_main.jpg','image',0),(1961,90,'/w/h/wh09-purple_alt1.jpg','image',0),(1962,90,'/w/h/wh09-purple_back.jpg','image',0),(1963,90,'/w/h/wh09-red_main.jpg','image',0),(1964,90,'/w/h/wh09-green_main.jpg','image',0),(1965,90,'/w/h/wh09-purple_main.jpg','image',0),(1966,90,'/w/h/wh09-purple_alt1.jpg','image',0),(1967,90,'/w/h/wh09-purple_back.jpg','image',0),(1968,90,'/w/h/wh09-red_main.jpg','image',0),(1969,90,'/w/h/wh09-green_main.jpg','image',0),(1970,90,'/w/h/wh09-purple_main.jpg','image',0),(1971,90,'/w/h/wh09-purple_alt1.jpg','image',0),(1972,90,'/w/h/wh09-purple_back.jpg','image',0),(1973,90,'/w/h/wh09-red_main.jpg','image',0),(1974,90,'/w/h/wh09-green_main.jpg','image',0),(1975,90,'/w/h/wh09-purple_main.jpg','image',0),(1976,90,'/w/h/wh09-purple_alt1.jpg','image',0),(1977,90,'/w/h/wh09-purple_back.jpg','image',0),(1978,90,'/w/h/wh09-red_main.jpg','image',0),(1979,90,'/w/h/wh09-purple_main.jpg','image',0),(1980,90,'/w/h/wh09-purple_alt1.jpg','image',0),(1981,90,'/w/h/wh09-purple_back.jpg','image',0),(1982,90,'/w/h/wh10-blue_main.jpg','image',0),(1983,90,'/w/h/wh10-gray_main.jpg','image',0),(1984,90,'/w/h/wh10-gray_alt1.jpg','image',0),(1985,90,'/w/h/wh10-gray_back.jpg','image',0),(1986,90,'/w/h/wh10-yellow_main.jpg','image',0),(1987,90,'/w/h/wh10-blue_main.jpg','image',0),(1988,90,'/w/h/wh10-gray_main.jpg','image',0),(1989,90,'/w/h/wh10-gray_alt1.jpg','image',0),(1990,90,'/w/h/wh10-gray_back.jpg','image',0),(1991,90,'/w/h/wh10-yellow_main.jpg','image',0),(1992,90,'/w/h/wh10-blue_main.jpg','image',0),(1993,90,'/w/h/wh10-gray_main.jpg','image',0),(1994,90,'/w/h/wh10-gray_alt1.jpg','image',0),(1995,90,'/w/h/wh10-gray_back.jpg','image',0),(1996,90,'/w/h/wh10-yellow_main.jpg','image',0),(1997,90,'/w/h/wh10-blue_main.jpg','image',0),(1998,90,'/w/h/wh10-gray_main.jpg','image',0),(1999,90,'/w/h/wh10-gray_alt1.jpg','image',0),(2000,90,'/w/h/wh10-gray_back.jpg','image',0),(2001,90,'/w/h/wh10-yellow_main.jpg','image',0),(2002,90,'/w/h/wh10-blue_main.jpg','image',0),(2003,90,'/w/h/wh10-gray_main.jpg','image',0),(2004,90,'/w/h/wh10-gray_alt1.jpg','image',0),(2005,90,'/w/h/wh10-gray_back.jpg','image',0),(2006,90,'/w/h/wh10-yellow_main.jpg','image',0),(2007,90,'/w/h/wh10-gray_main.jpg','image',0),(2008,90,'/w/h/wh10-gray_alt1.jpg','image',0),(2009,90,'/w/h/wh10-gray_back.jpg','image',0),(2010,90,'/w/h/wh11-blue_main.jpg','image',0),(2011,90,'/w/h/wh11-blue_back.jpg','image',0),(2012,90,'/w/h/wh11-green_main.jpg','image',0),(2013,90,'/w/h/wh11-orange_main.jpg','image',0),(2014,90,'/w/h/wh11-blue_main.jpg','image',0),(2015,90,'/w/h/wh11-blue_back.jpg','image',0),(2016,90,'/w/h/wh11-green_main.jpg','image',0),(2017,90,'/w/h/wh11-orange_main.jpg','image',0),(2018,90,'/w/h/wh11-blue_main.jpg','image',0),(2019,90,'/w/h/wh11-blue_back.jpg','image',0),(2020,90,'/w/h/wh11-green_main.jpg','image',0),(2021,90,'/w/h/wh11-orange_main.jpg','image',0),(2022,90,'/w/h/wh11-blue_main.jpg','image',0),(2023,90,'/w/h/wh11-blue_back.jpg','image',0),(2024,90,'/w/h/wh11-green_main.jpg','image',0),(2025,90,'/w/h/wh11-orange_main.jpg','image',0),(2026,90,'/w/h/wh11-blue_main.jpg','image',0),(2027,90,'/w/h/wh11-blue_back.jpg','image',0),(2028,90,'/w/h/wh11-green_main.jpg','image',0),(2029,90,'/w/h/wh11-orange_main.jpg','image',0),(2030,90,'/w/h/wh11-blue_main.jpg','image',0),(2031,90,'/w/h/wh11-blue_back.jpg','image',0),(2032,90,'/w/h/wh12-gray_main.jpg','image',0),(2033,90,'/w/h/wh12-gray_back.jpg','image',0),(2034,90,'/w/h/wh12-green_main.jpg','image',0),(2035,90,'/w/h/wh12-purple_main.jpg','image',0),(2036,90,'/w/h/wh12-gray_main.jpg','image',0),(2037,90,'/w/h/wh12-gray_back.jpg','image',0),(2038,90,'/w/h/wh12-green_main.jpg','image',0),(2039,90,'/w/h/wh12-purple_main.jpg','image',0),(2040,90,'/w/h/wh12-gray_main.jpg','image',0),(2041,90,'/w/h/wh12-gray_back.jpg','image',0),(2042,90,'/w/h/wh12-green_main.jpg','image',0),(2043,90,'/w/h/wh12-purple_main.jpg','image',0),(2044,90,'/w/h/wh12-gray_main.jpg','image',0),(2045,90,'/w/h/wh12-gray_back.jpg','image',0),(2046,90,'/w/h/wh12-green_main.jpg','image',0),(2047,90,'/w/h/wh12-purple_main.jpg','image',0),(2048,90,'/w/h/wh12-gray_main.jpg','image',0),(2049,90,'/w/h/wh12-gray_back.jpg','image',0),(2050,90,'/w/h/wh12-green_main.jpg','image',0),(2051,90,'/w/h/wh12-purple_main.jpg','image',0),(2052,90,'/w/h/wh12-gray_main.jpg','image',0),(2053,90,'/w/h/wh12-gray_back.jpg','image',0),(2054,90,'/w/j/wj01-blue_main.jpg','image',0),(2055,90,'/w/j/wj01-red_main.jpg','image',0),(2056,90,'/w/j/wj01-red_alt1.jpg','image',0),(2057,90,'/w/j/wj01-red_back.jpg','image',0),(2058,90,'/w/j/wj01-yellow_main.jpg','image',0),(2059,90,'/w/j/wj01-blue_main.jpg','image',0),(2060,90,'/w/j/wj01-red_main.jpg','image',0),(2061,90,'/w/j/wj01-red_alt1.jpg','image',0),(2062,90,'/w/j/wj01-red_back.jpg','image',0),(2063,90,'/w/j/wj01-yellow_main.jpg','image',0),(2064,90,'/w/j/wj01-blue_main.jpg','image',0),(2065,90,'/w/j/wj01-red_main.jpg','image',0),(2066,90,'/w/j/wj01-red_alt1.jpg','image',0),(2067,90,'/w/j/wj01-red_back.jpg','image',0),(2068,90,'/w/j/wj01-yellow_main.jpg','image',0),(2069,90,'/w/j/wj01-red_main.jpg','image',0),(2070,90,'/w/j/wj01-red_alt1.jpg','image',0),(2071,90,'/w/j/wj01-red_back.jpg','image',0),(2072,90,'/w/j/wj02-black_main.jpg','image',0),(2073,90,'/w/j/wj02-blue_main.jpg','image',0),(2074,90,'/w/j/wj02-gray_main.jpg','image',0),(2075,90,'/w/j/wj02-gray_alt1.jpg','image',0),(2076,90,'/w/j/wj02-gray_back.jpg','image',0),(2077,90,'/w/j/wj02-black_main.jpg','image',0),(2078,90,'/w/j/wj02-blue_main.jpg','image',0),(2079,90,'/w/j/wj02-gray_main.jpg','image',0),(2080,90,'/w/j/wj02-gray_alt1.jpg','image',0),(2081,90,'/w/j/wj02-gray_back.jpg','image',0),(2082,90,'/w/j/wj02-black_main.jpg','image',0),(2083,90,'/w/j/wj02-blue_main.jpg','image',0),(2084,90,'/w/j/wj02-gray_main.jpg','image',0),(2085,90,'/w/j/wj02-gray_alt1.jpg','image',0),(2086,90,'/w/j/wj02-gray_back.jpg','image',0),(2087,90,'/w/j/wj02-black_main.jpg','image',0),(2088,90,'/w/j/wj02-blue_main.jpg','image',0),(2089,90,'/w/j/wj02-gray_main.jpg','image',0),(2090,90,'/w/j/wj02-gray_alt1.jpg','image',0),(2091,90,'/w/j/wj02-gray_back.jpg','image',0),(2092,90,'/w/j/wj02-black_main.jpg','image',0),(2093,90,'/w/j/wj02-blue_main.jpg','image',0),(2094,90,'/w/j/wj02-gray_main.jpg','image',0),(2095,90,'/w/j/wj02-gray_alt1.jpg','image',0),(2096,90,'/w/j/wj02-gray_back.jpg','image',0),(2097,90,'/w/j/wj02-gray_main.jpg','image',0),(2098,90,'/w/j/wj02-gray_alt1.jpg','image',0),(2099,90,'/w/j/wj02-gray_back.jpg','image',0),(2100,90,'/w/j/wj03-blue_main.jpg','image',0),(2101,90,'/w/j/wj03-orange_main.jpg','image',0),(2102,90,'/w/j/wj03-red_main.jpg','image',0),(2103,90,'/w/j/wj03-red_alt1.jpg','image',0),(2104,90,'/w/j/wj03-red_back.jpg','image',0),(2105,90,'/w/j/wj03-blue_main.jpg','image',0),(2106,90,'/w/j/wj03-orange_main.jpg','image',0),(2107,90,'/w/j/wj03-red_main.jpg','image',0),(2108,90,'/w/j/wj03-red_alt1.jpg','image',0),(2109,90,'/w/j/wj03-red_back.jpg','image',0),(2110,90,'/w/j/wj03-blue_main.jpg','image',0),(2111,90,'/w/j/wj03-orange_main.jpg','image',0),(2112,90,'/w/j/wj03-red_main.jpg','image',0),(2113,90,'/w/j/wj03-red_alt1.jpg','image',0),(2114,90,'/w/j/wj03-red_back.jpg','image',0),(2115,90,'/w/j/wj03-blue_main.jpg','image',0),(2116,90,'/w/j/wj03-orange_main.jpg','image',0),(2117,90,'/w/j/wj03-red_main.jpg','image',0),(2118,90,'/w/j/wj03-red_alt1.jpg','image',0),(2119,90,'/w/j/wj03-red_back.jpg','image',0),(2120,90,'/w/j/wj03-blue_main.jpg','image',0),(2121,90,'/w/j/wj03-orange_main.jpg','image',0),(2122,90,'/w/j/wj03-red_main.jpg','image',0),(2123,90,'/w/j/wj03-red_alt1.jpg','image',0),(2124,90,'/w/j/wj03-red_back.jpg','image',0),(2125,90,'/w/j/wj03-red_main.jpg','image',0),(2126,90,'/w/j/wj03-red_alt1.jpg','image',0),(2127,90,'/w/j/wj03-red_back.jpg','image',0),(2128,90,'/w/j/wj04-orange_main.jpg','image',0),(2129,90,'/w/j/wj04-red_main.jpg','image',0),(2130,90,'/w/j/wj04-white_main.jpg','image',0),(2131,90,'/w/j/wj04-white_alt1.jpg','image',0),(2132,90,'/w/j/wj04-white_alternate.jpg','image',0),(2133,90,'/w/j/wj04-white_back.jpg','image',0),(2134,90,'/w/j/wj04-orange_main.jpg','image',0),(2135,90,'/w/j/wj04-red_main.jpg','image',0),(2136,90,'/w/j/wj04-white_main.jpg','image',0),(2137,90,'/w/j/wj04-white_alt1.jpg','image',0),(2138,90,'/w/j/wj04-white_alternate.jpg','image',0),(2139,90,'/w/j/wj04-white_back.jpg','image',0),(2140,90,'/w/j/wj04-orange_main.jpg','image',0),(2141,90,'/w/j/wj04-red_main.jpg','image',0),(2142,90,'/w/j/wj04-white_main.jpg','image',0),(2143,90,'/w/j/wj04-white_alt1.jpg','image',0),(2144,90,'/w/j/wj04-white_alternate.jpg','image',0),(2145,90,'/w/j/wj04-white_back.jpg','image',0),(2146,90,'/w/j/wj04-orange_main.jpg','image',0),(2147,90,'/w/j/wj04-red_main.jpg','image',0),(2148,90,'/w/j/wj04-white_main.jpg','image',0),(2149,90,'/w/j/wj04-white_alt1.jpg','image',0),(2150,90,'/w/j/wj04-white_alternate.jpg','image',0),(2151,90,'/w/j/wj04-white_back.jpg','image',0),(2152,90,'/w/j/wj04-orange_main.jpg','image',0),(2153,90,'/w/j/wj04-red_main.jpg','image',0),(2154,90,'/w/j/wj04-white_main.jpg','image',0),(2155,90,'/w/j/wj04-white_alt1.jpg','image',0),(2156,90,'/w/j/wj04-white_alternate.jpg','image',0),(2157,90,'/w/j/wj04-white_back.jpg','image',0),(2158,90,'/w/j/wj04-white_main.jpg','image',0),(2159,90,'/w/j/wj04-white_alt1.jpg','image',0),(2160,90,'/w/j/wj04-white_alternate.jpg','image',0),(2161,90,'/w/j/wj04-white_back.jpg','image',0),(2162,90,'/w/j/wj05-brown_main.jpg','image',0),(2163,90,'/w/j/wj05-brown_alt1.jpg','image',0),(2164,90,'/w/j/wj05-brown_back.jpg','image',0),(2165,90,'/w/j/wj05-green_main.jpg','image',0),(2166,90,'/w/j/wj05-red_main.jpg','image',0),(2167,90,'/w/j/wj05-brown_main.jpg','image',0),(2168,90,'/w/j/wj05-brown_alt1.jpg','image',0),(2169,90,'/w/j/wj05-brown_back.jpg','image',0),(2170,90,'/w/j/wj05-green_main.jpg','image',0),(2171,90,'/w/j/wj05-red_main.jpg','image',0),(2172,90,'/w/j/wj05-brown_main.jpg','image',0),(2173,90,'/w/j/wj05-brown_alt1.jpg','image',0),(2174,90,'/w/j/wj05-brown_back.jpg','image',0),(2175,90,'/w/j/wj05-green_main.jpg','image',0),(2176,90,'/w/j/wj05-red_main.jpg','image',0),(2177,90,'/w/j/wj05-brown_main.jpg','image',0),(2178,90,'/w/j/wj05-brown_alt1.jpg','image',0),(2179,90,'/w/j/wj05-brown_back.jpg','image',0),(2180,90,'/w/j/wj05-green_main.jpg','image',0),(2181,90,'/w/j/wj05-red_main.jpg','image',0),(2182,90,'/w/j/wj05-brown_main.jpg','image',0),(2183,90,'/w/j/wj05-brown_alt1.jpg','image',0),(2184,90,'/w/j/wj05-brown_back.jpg','image',0),(2185,90,'/w/j/wj05-green_main.jpg','image',0),(2186,90,'/w/j/wj05-red_main.jpg','image',0),(2187,90,'/w/j/wj05-brown_main.jpg','image',0),(2188,90,'/w/j/wj05-brown_alt1.jpg','image',0),(2189,90,'/w/j/wj05-brown_back.jpg','image',0),(2190,90,'/w/j/wj07-orange_main.jpg','image',0),(2191,90,'/w/j/wj07-purple_main.jpg','image',0),(2192,90,'/w/j/wj07-purple_alt1.jpg','image',0),(2193,90,'/w/j/wj07-purple_back.jpg','image',0),(2194,90,'/w/j/wj07-red_main.jpg','image',0),(2195,90,'/w/j/wj07-orange_main.jpg','image',0),(2196,90,'/w/j/wj07-purple_main.jpg','image',0),(2197,90,'/w/j/wj07-purple_alt1.jpg','image',0),(2198,90,'/w/j/wj07-purple_back.jpg','image',0),(2199,90,'/w/j/wj07-red_main.jpg','image',0),(2200,90,'/w/j/wj07-orange_main.jpg','image',0),(2201,90,'/w/j/wj07-purple_main.jpg','image',0),(2202,90,'/w/j/wj07-purple_alt1.jpg','image',0),(2203,90,'/w/j/wj07-purple_back.jpg','image',0),(2204,90,'/w/j/wj07-red_main.jpg','image',0),(2205,90,'/w/j/wj07-orange_main.jpg','image',0),(2206,90,'/w/j/wj07-purple_main.jpg','image',0),(2207,90,'/w/j/wj07-purple_alt1.jpg','image',0),(2208,90,'/w/j/wj07-purple_back.jpg','image',0),(2209,90,'/w/j/wj07-red_main.jpg','image',0),(2210,90,'/w/j/wj07-orange_main.jpg','image',0),(2211,90,'/w/j/wj07-purple_main.jpg','image',0),(2212,90,'/w/j/wj07-purple_alt1.jpg','image',0),(2213,90,'/w/j/wj07-purple_back.jpg','image',0),(2214,90,'/w/j/wj07-red_main.jpg','image',0),(2215,90,'/w/j/wj07-purple_main.jpg','image',0),(2216,90,'/w/j/wj07-purple_alt1.jpg','image',0),(2217,90,'/w/j/wj07-purple_back.jpg','image',0),(2218,90,'/w/j/wj08-gray_main.jpg','image',0),(2219,90,'/w/j/wj08-gray_alt1.jpg','image',0),(2220,90,'/w/j/wj08-gray_alternate.jpg','image',0),(2221,90,'/w/j/wj08-gray_back.jpg','image',0),(2222,90,'/w/j/wj08-orange_main.jpg','image',0),(2223,90,'/w/j/wj08-purple_main.jpg','image',0),(2224,90,'/w/j/wj08-gray_main.jpg','image',0),(2225,90,'/w/j/wj08-gray_alt1.jpg','image',0),(2226,90,'/w/j/wj08-gray_alternate.jpg','image',0),(2227,90,'/w/j/wj08-gray_back.jpg','image',0),(2228,90,'/w/j/wj08-orange_main.jpg','image',0),(2229,90,'/w/j/wj08-purple_main.jpg','image',0),(2230,90,'/w/j/wj08-gray_main.jpg','image',0),(2231,90,'/w/j/wj08-gray_alt1.jpg','image',0),(2232,90,'/w/j/wj08-gray_alternate.jpg','image',0),(2233,90,'/w/j/wj08-gray_back.jpg','image',0),(2234,90,'/w/j/wj08-orange_main.jpg','image',0),(2235,90,'/w/j/wj08-purple_main.jpg','image',0),(2236,90,'/w/j/wj08-gray_main.jpg','image',0),(2237,90,'/w/j/wj08-gray_alt1.jpg','image',0),(2238,90,'/w/j/wj08-gray_alternate.jpg','image',0),(2239,90,'/w/j/wj08-gray_back.jpg','image',0),(2240,90,'/w/j/wj08-orange_main.jpg','image',0),(2241,90,'/w/j/wj08-purple_main.jpg','image',0),(2242,90,'/w/j/wj08-gray_main.jpg','image',0),(2243,90,'/w/j/wj08-gray_alt1.jpg','image',0),(2244,90,'/w/j/wj08-gray_alternate.jpg','image',0),(2245,90,'/w/j/wj08-gray_back.jpg','image',0),(2246,90,'/w/j/wj08-orange_main.jpg','image',0),(2247,90,'/w/j/wj08-purple_main.jpg','image',0),(2248,90,'/w/j/wj08-gray_main.jpg','image',0),(2249,90,'/w/j/wj08-gray_alt1.jpg','image',0),(2250,90,'/w/j/wj08-gray_alternate.jpg','image',0),(2251,90,'/w/j/wj08-gray_back.jpg','image',0),(2252,90,'/w/j/wj09-blue_main.jpg','image',0),(2253,90,'/w/j/wj09-gray_main.jpg','image',0),(2254,90,'/w/j/wj09-green_main.jpg','image',0),(2255,90,'/w/j/wj09-green_alt1.jpg','image',0),(2256,90,'/w/j/wj09-green_back.jpg','image',0),(2257,90,'/w/j/wj09-blue_main.jpg','image',0),(2258,90,'/w/j/wj09-gray_main.jpg','image',0),(2259,90,'/w/j/wj09-green_main.jpg','image',0),(2260,90,'/w/j/wj09-green_alt1.jpg','image',0),(2261,90,'/w/j/wj09-green_back.jpg','image',0),(2262,90,'/w/j/wj09-blue_main.jpg','image',0),(2263,90,'/w/j/wj09-gray_main.jpg','image',0),(2264,90,'/w/j/wj09-green_main.jpg','image',0),(2265,90,'/w/j/wj09-green_alt1.jpg','image',0),(2266,90,'/w/j/wj09-green_back.jpg','image',0),(2267,90,'/w/j/wj09-blue_main.jpg','image',0),(2268,90,'/w/j/wj09-gray_main.jpg','image',0),(2269,90,'/w/j/wj09-green_main.jpg','image',0),(2270,90,'/w/j/wj09-green_alt1.jpg','image',0),(2271,90,'/w/j/wj09-green_back.jpg','image',0),(2272,90,'/w/j/wj09-blue_main.jpg','image',0),(2273,90,'/w/j/wj09-gray_main.jpg','image',0),(2274,90,'/w/j/wj09-green_main.jpg','image',0),(2275,90,'/w/j/wj09-green_alt1.jpg','image',0),(2276,90,'/w/j/wj09-green_back.jpg','image',0),(2277,90,'/w/j/wj09-green_main.jpg','image',0),(2278,90,'/w/j/wj09-green_alt1.jpg','image',0),(2279,90,'/w/j/wj09-green_back.jpg','image',0),(2280,90,'/w/j/wj10-black_main.jpg','image',0),(2281,90,'/w/j/wj10-orange_main.jpg','image',0),(2282,90,'/w/j/wj10-yellow_main.jpg','image',0),(2283,90,'/w/j/wj10-yellow_alt1.jpg','image',0),(2284,90,'/w/j/wj10-yellow_back.jpg','image',0),(2285,90,'/w/j/wj10-black_main.jpg','image',0),(2286,90,'/w/j/wj10-orange_main.jpg','image',0),(2287,90,'/w/j/wj10-yellow_main.jpg','image',0),(2288,90,'/w/j/wj10-yellow_alt1.jpg','image',0),(2289,90,'/w/j/wj10-yellow_back.jpg','image',0),(2290,90,'/w/j/wj10-black_main.jpg','image',0),(2291,90,'/w/j/wj10-orange_main.jpg','image',0),(2292,90,'/w/j/wj10-yellow_main.jpg','image',0),(2293,90,'/w/j/wj10-yellow_alt1.jpg','image',0),(2294,90,'/w/j/wj10-yellow_back.jpg','image',0),(2295,90,'/w/j/wj10-black_main.jpg','image',0),(2296,90,'/w/j/wj10-orange_main.jpg','image',0),(2297,90,'/w/j/wj10-yellow_main.jpg','image',0),(2298,90,'/w/j/wj10-yellow_alt1.jpg','image',0),(2299,90,'/w/j/wj10-yellow_back.jpg','image',0),(2300,90,'/w/j/wj10-black_main.jpg','image',0),(2301,90,'/w/j/wj10-orange_main.jpg','image',0),(2302,90,'/w/j/wj10-yellow_main.jpg','image',0),(2303,90,'/w/j/wj10-yellow_alt1.jpg','image',0),(2304,90,'/w/j/wj10-yellow_back.jpg','image',0),(2305,90,'/w/j/wj10-yellow_main.jpg','image',0),(2306,90,'/w/j/wj10-yellow_alt1.jpg','image',0),(2307,90,'/w/j/wj10-yellow_back.jpg','image',0),(2308,90,'/w/j/wj11-black_main.jpg','image',0),(2309,90,'/w/j/wj11-blue_main.jpg','image',0),(2310,90,'/w/j/wj11-blue_alt1.jpg','image',0),(2311,90,'/w/j/wj11-blue_back.jpg','image',0),(2312,90,'/w/j/wj11-orange_main.jpg','image',0),(2313,90,'/w/j/wj11-black_main.jpg','image',0),(2314,90,'/w/j/wj11-blue_main.jpg','image',0),(2315,90,'/w/j/wj11-blue_alt1.jpg','image',0),(2316,90,'/w/j/wj11-blue_back.jpg','image',0),(2317,90,'/w/j/wj11-orange_main.jpg','image',0),(2318,90,'/w/j/wj11-black_main.jpg','image',0),(2319,90,'/w/j/wj11-blue_main.jpg','image',0),(2320,90,'/w/j/wj11-blue_alt1.jpg','image',0),(2321,90,'/w/j/wj11-blue_back.jpg','image',0),(2322,90,'/w/j/wj11-orange_main.jpg','image',0),(2323,90,'/w/j/wj11-black_main.jpg','image',0),(2324,90,'/w/j/wj11-blue_main.jpg','image',0),(2325,90,'/w/j/wj11-blue_alt1.jpg','image',0),(2326,90,'/w/j/wj11-blue_back.jpg','image',0),(2327,90,'/w/j/wj11-orange_main.jpg','image',0),(2328,90,'/w/j/wj11-black_main.jpg','image',0),(2329,90,'/w/j/wj11-blue_main.jpg','image',0),(2330,90,'/w/j/wj11-blue_alt1.jpg','image',0),(2331,90,'/w/j/wj11-blue_back.jpg','image',0),(2332,90,'/w/j/wj11-orange_main.jpg','image',0),(2333,90,'/w/j/wj11-blue_main.jpg','image',0),(2334,90,'/w/j/wj11-blue_alt1.jpg','image',0),(2335,90,'/w/j/wj11-blue_back.jpg','image',0),(2336,90,'/w/j/wj06-blue_main.jpg','image',0),(2337,90,'/w/j/wj06-green_main.jpg','image',0),(2338,90,'/w/j/wj06-purple_main.jpg','image',0),(2339,90,'/w/j/wj06-purple_alt1.jpg','image',0),(2340,90,'/w/j/wj06-purple_back.jpg','image',0),(2341,90,'/w/j/wj06-blue_main.jpg','image',0),(2342,90,'/w/j/wj06-green_main.jpg','image',0),(2343,90,'/w/j/wj06-purple_main.jpg','image',0),(2344,90,'/w/j/wj06-purple_alt1.jpg','image',0),(2345,90,'/w/j/wj06-purple_back.jpg','image',0),(2346,90,'/w/j/wj06-blue_main.jpg','image',0),(2347,90,'/w/j/wj06-green_main.jpg','image',0),(2348,90,'/w/j/wj06-purple_main.jpg','image',0),(2349,90,'/w/j/wj06-purple_alt1.jpg','image',0),(2350,90,'/w/j/wj06-purple_back.jpg','image',0),(2351,90,'/w/j/wj06-blue_main.jpg','image',0),(2352,90,'/w/j/wj06-green_main.jpg','image',0),(2353,90,'/w/j/wj06-purple_main.jpg','image',0),(2354,90,'/w/j/wj06-purple_alt1.jpg','image',0),(2355,90,'/w/j/wj06-purple_back.jpg','image',0),(2356,90,'/w/j/wj06-blue_main.jpg','image',0),(2357,90,'/w/j/wj06-green_main.jpg','image',0),(2358,90,'/w/j/wj06-purple_main.jpg','image',0),(2359,90,'/w/j/wj06-purple_alt1.jpg','image',0),(2360,90,'/w/j/wj06-purple_back.jpg','image',0),(2361,90,'/w/j/wj06-purple_main.jpg','image',0),(2362,90,'/w/j/wj06-purple_alt1.jpg','image',0),(2363,90,'/w/j/wj06-purple_back.jpg','image',0),(2364,90,'/w/j/wj12-black_main.jpg','image',0),(2365,90,'/w/j/wj12-blue_main.jpg','image',0),(2366,90,'/w/j/wj12-blue_alt1.jpg','image',0),(2367,90,'/w/j/wj12-blue_back.jpg','image',0),(2368,90,'/w/j/wj12-purple_main.jpg','image',0),(2369,90,'/w/j/wj12-black_main.jpg','image',0),(2370,90,'/w/j/wj12-blue_main.jpg','image',0),(2371,90,'/w/j/wj12-blue_alt1.jpg','image',0),(2372,90,'/w/j/wj12-blue_back.jpg','image',0),(2373,90,'/w/j/wj12-purple_main.jpg','image',0),(2374,90,'/w/j/wj12-black_main.jpg','image',0),(2375,90,'/w/j/wj12-blue_main.jpg','image',0),(2376,90,'/w/j/wj12-blue_alt1.jpg','image',0),(2377,90,'/w/j/wj12-blue_back.jpg','image',0),(2378,90,'/w/j/wj12-purple_main.jpg','image',0),(2379,90,'/w/j/wj12-black_main.jpg','image',0),(2380,90,'/w/j/wj12-blue_main.jpg','image',0),(2381,90,'/w/j/wj12-blue_alt1.jpg','image',0),(2382,90,'/w/j/wj12-blue_back.jpg','image',0),(2383,90,'/w/j/wj12-purple_main.jpg','image',0),(2384,90,'/w/j/wj12-black_main.jpg','image',0),(2385,90,'/w/j/wj12-blue_main.jpg','image',0),(2386,90,'/w/j/wj12-blue_alt1.jpg','image',0),(2387,90,'/w/j/wj12-blue_back.jpg','image',0),(2388,90,'/w/j/wj12-purple_main.jpg','image',0),(2389,90,'/w/j/wj12-blue_main.jpg','image',0),(2390,90,'/w/j/wj12-blue_alt1.jpg','image',0),(2391,90,'/w/j/wj12-blue_back.jpg','image',0),(2392,90,'/w/s/ws02-blue_main.jpg','image',0),(2393,90,'/w/s/ws02-green_main.jpg','image',0),(2394,90,'/w/s/ws02-green_back.jpg','image',0),(2395,90,'/w/s/ws02-red_main.jpg','image',0),(2396,90,'/w/s/ws02-blue_main.jpg','image',0),(2397,90,'/w/s/ws02-green_main.jpg','image',0),(2398,90,'/w/s/ws02-green_back.jpg','image',0),(2399,90,'/w/s/ws02-red_main.jpg','image',0),(2400,90,'/w/s/ws02-blue_main.jpg','image',0),(2401,90,'/w/s/ws02-green_main.jpg','image',0),(2402,90,'/w/s/ws02-green_back.jpg','image',0),(2403,90,'/w/s/ws02-red_main.jpg','image',0),(2404,90,'/w/s/ws02-blue_main.jpg','image',0),(2405,90,'/w/s/ws02-green_main.jpg','image',0),(2406,90,'/w/s/ws02-green_back.jpg','image',0),(2407,90,'/w/s/ws02-red_main.jpg','image',0),(2408,90,'/w/s/ws02-blue_main.jpg','image',0),(2409,90,'/w/s/ws02-green_main.jpg','image',0),(2410,90,'/w/s/ws02-green_back.jpg','image',0),(2411,90,'/w/s/ws02-red_main.jpg','image',0),(2412,90,'/w/s/ws02-green_main.jpg','image',0),(2413,90,'/w/s/ws02-green_back.jpg','image',0),(2414,90,'/w/s/ws03-blue_main.jpg','image',0),(2415,90,'/w/s/ws03-green_main.jpg','image',0),(2416,90,'/w/s/ws03-red_main.jpg','image',0),(2417,90,'/w/s/ws03-red_alt1.jpg','image',0),(2418,90,'/w/s/ws03-red_back.jpg','image',0),(2419,90,'/w/s/ws03-blue_main.jpg','image',0),(2420,90,'/w/s/ws03-green_main.jpg','image',0),(2421,90,'/w/s/ws03-red_main.jpg','image',0),(2422,90,'/w/s/ws03-red_alt1.jpg','image',0),(2423,90,'/w/s/ws03-red_back.jpg','image',0),(2424,90,'/w/s/ws03-blue_main.jpg','image',0),(2425,90,'/w/s/ws03-green_main.jpg','image',0),(2426,90,'/w/s/ws03-red_main.jpg','image',0),(2427,90,'/w/s/ws03-red_alt1.jpg','image',0),(2428,90,'/w/s/ws03-red_back.jpg','image',0),(2429,90,'/w/s/ws03-blue_main.jpg','image',0),(2430,90,'/w/s/ws03-green_main.jpg','image',0),(2431,90,'/w/s/ws03-red_main.jpg','image',0),(2432,90,'/w/s/ws03-red_alt1.jpg','image',0),(2433,90,'/w/s/ws03-red_back.jpg','image',0),(2434,90,'/w/s/ws03-blue_main.jpg','image',0),(2435,90,'/w/s/ws03-green_main.jpg','image',0),(2436,90,'/w/s/ws03-red_main.jpg','image',0),(2437,90,'/w/s/ws03-red_alt1.jpg','image',0),(2438,90,'/w/s/ws03-red_back.jpg','image',0),(2439,90,'/w/s/ws03-red_main.jpg','image',0),(2440,90,'/w/s/ws03-red_alt1.jpg','image',0),(2441,90,'/w/s/ws03-red_back.jpg','image',0),(2442,90,'/w/s/ws04-blue_main.jpg','image',0),(2443,90,'/w/s/ws04-green_main.jpg','image',0),(2444,90,'/w/s/ws04-green_back.jpg','image',0),(2445,90,'/w/s/ws04-red_main.jpg','image',0),(2446,90,'/w/s/ws04-blue_main.jpg','image',0),(2447,90,'/w/s/ws04-green_main.jpg','image',0),(2448,90,'/w/s/ws04-green_back.jpg','image',0),(2449,90,'/w/s/ws04-red_main.jpg','image',0),(2450,90,'/w/s/ws04-blue_main.jpg','image',0),(2451,90,'/w/s/ws04-green_main.jpg','image',0),(2452,90,'/w/s/ws04-green_back.jpg','image',0),(2453,90,'/w/s/ws04-red_main.jpg','image',0),(2454,90,'/w/s/ws04-blue_main.jpg','image',0),(2455,90,'/w/s/ws04-green_main.jpg','image',0),(2456,90,'/w/s/ws04-green_back.jpg','image',0),(2457,90,'/w/s/ws04-red_main.jpg','image',0),(2458,90,'/w/s/ws04-blue_main.jpg','image',0),(2459,90,'/w/s/ws04-green_main.jpg','image',0),(2460,90,'/w/s/ws04-green_back.jpg','image',0),(2461,90,'/w/s/ws04-red_main.jpg','image',0),(2462,90,'/w/s/ws04-green_main.jpg','image',0),(2463,90,'/w/s/ws04-green_back.jpg','image',0),(2464,90,'/w/s/ws06-gray_main.jpg','image',0),(2465,90,'/w/s/ws06-purple_main.jpg','image',0),(2466,90,'/w/s/ws06-purple_back.jpg','image',0),(2467,90,'/w/s/ws06-red_main.jpg','image',0),(2468,90,'/w/s/ws06-gray_main.jpg','image',0),(2469,90,'/w/s/ws06-purple_main.jpg','image',0),(2470,90,'/w/s/ws06-purple_back.jpg','image',0),(2471,90,'/w/s/ws06-red_main.jpg','image',0),(2472,90,'/w/s/ws06-gray_main.jpg','image',0),(2473,90,'/w/s/ws06-purple_main.jpg','image',0),(2474,90,'/w/s/ws06-purple_back.jpg','image',0),(2475,90,'/w/s/ws06-red_main.jpg','image',0),(2476,90,'/w/s/ws06-gray_main.jpg','image',0),(2477,90,'/w/s/ws06-purple_main.jpg','image',0),(2478,90,'/w/s/ws06-purple_back.jpg','image',0),(2479,90,'/w/s/ws06-red_main.jpg','image',0),(2480,90,'/w/s/ws06-gray_main.jpg','image',0),(2481,90,'/w/s/ws06-purple_main.jpg','image',0),(2482,90,'/w/s/ws06-purple_back.jpg','image',0),(2483,90,'/w/s/ws06-red_main.jpg','image',0),(2484,90,'/w/s/ws06-purple_main.jpg','image',0),(2485,90,'/w/s/ws06-purple_back.jpg','image',0),(2486,90,'/w/s/ws07-black_main.jpg','image',0),(2487,90,'/w/s/ws07-black_alt1.jpg','image',0),(2488,90,'/w/s/ws07-black_back.jpg','image',0),(2489,90,'/w/s/ws07-white_main.jpg','image',0),(2490,90,'/w/s/ws07-yellow_main.jpg','image',0),(2491,90,'/w/s/ws07-black_main.jpg','image',0),(2492,90,'/w/s/ws07-black_alt1.jpg','image',0),(2493,90,'/w/s/ws07-black_back.jpg','image',0),(2494,90,'/w/s/ws07-white_main.jpg','image',0),(2495,90,'/w/s/ws07-yellow_main.jpg','image',0),(2496,90,'/w/s/ws07-black_main.jpg','image',0),(2497,90,'/w/s/ws07-black_alt1.jpg','image',0),(2498,90,'/w/s/ws07-black_back.jpg','image',0),(2499,90,'/w/s/ws07-white_main.jpg','image',0),(2500,90,'/w/s/ws07-yellow_main.jpg','image',0),(2501,90,'/w/s/ws07-black_main.jpg','image',0),(2502,90,'/w/s/ws07-black_alt1.jpg','image',0),(2503,90,'/w/s/ws07-black_back.jpg','image',0),(2504,90,'/w/s/ws07-white_main.jpg','image',0),(2505,90,'/w/s/ws07-yellow_main.jpg','image',0),(2506,90,'/w/s/ws07-black_main.jpg','image',0),(2507,90,'/w/s/ws07-black_alt1.jpg','image',0),(2508,90,'/w/s/ws07-black_back.jpg','image',0),(2509,90,'/w/s/ws07-white_main.jpg','image',0),(2510,90,'/w/s/ws07-yellow_main.jpg','image',0),(2511,90,'/w/s/ws07-black_main.jpg','image',0),(2512,90,'/w/s/ws07-black_alt1.jpg','image',0),(2513,90,'/w/s/ws07-black_back.jpg','image',0),(2514,90,'/w/s/ws08-black_main.jpg','image',0),(2515,90,'/w/s/ws08-blue_main.jpg','image',0),(2516,90,'/w/s/ws08-blue_back.jpg','image',0),(2517,90,'/w/s/ws08-red_main.jpg','image',0),(2518,90,'/w/s/ws08-black_main.jpg','image',0),(2519,90,'/w/s/ws08-blue_main.jpg','image',0),(2520,90,'/w/s/ws08-blue_back.jpg','image',0),(2521,90,'/w/s/ws08-red_main.jpg','image',0),(2522,90,'/w/s/ws08-black_main.jpg','image',0),(2523,90,'/w/s/ws08-blue_main.jpg','image',0),(2524,90,'/w/s/ws08-blue_back.jpg','image',0),(2525,90,'/w/s/ws08-red_main.jpg','image',0),(2526,90,'/w/s/ws08-black_main.jpg','image',0),(2527,90,'/w/s/ws08-blue_main.jpg','image',0),(2528,90,'/w/s/ws08-blue_back.jpg','image',0),(2529,90,'/w/s/ws08-red_main.jpg','image',0),(2530,90,'/w/s/ws08-black_main.jpg','image',0),(2531,90,'/w/s/ws08-blue_main.jpg','image',0),(2532,90,'/w/s/ws08-blue_back.jpg','image',0),(2533,90,'/w/s/ws08-red_main.jpg','image',0),(2534,90,'/w/s/ws08-blue_main.jpg','image',0),(2535,90,'/w/s/ws08-blue_back.jpg','image',0),(2536,90,'/w/s/ws09-blue_main.jpg','image',0),(2537,90,'/w/s/ws09-blue_back.jpg','image',0),(2538,90,'/w/s/ws09-red_main.jpg','image',0),(2539,90,'/w/s/ws09-white_main.jpg','image',0),(2540,90,'/w/s/ws09-blue_main.jpg','image',0),(2541,90,'/w/s/ws09-blue_back.jpg','image',0),(2542,90,'/w/s/ws09-red_main.jpg','image',0),(2543,90,'/w/s/ws09-white_main.jpg','image',0),(2544,90,'/w/s/ws09-blue_main.jpg','image',0),(2545,90,'/w/s/ws09-blue_back.jpg','image',0),(2546,90,'/w/s/ws09-red_main.jpg','image',0),(2547,90,'/w/s/ws09-white_main.jpg','image',0),(2548,90,'/w/s/ws09-blue_main.jpg','image',0),(2549,90,'/w/s/ws09-blue_back.jpg','image',0),(2550,90,'/w/s/ws09-red_main.jpg','image',0),(2551,90,'/w/s/ws09-white_main.jpg','image',0),(2552,90,'/w/s/ws09-blue_main.jpg','image',0),(2553,90,'/w/s/ws09-blue_back.jpg','image',0),(2554,90,'/w/s/ws09-red_main.jpg','image',0),(2555,90,'/w/s/ws09-white_main.jpg','image',0),(2556,90,'/w/s/ws09-blue_main.jpg','image',0),(2557,90,'/w/s/ws09-blue_back.jpg','image',0),(2558,90,'/w/s/ws10-green_main.jpg','image',0),(2559,90,'/w/s/ws10-red_main.jpg','image',0),(2560,90,'/w/s/ws10-red_back.jpg','image',0),(2561,90,'/w/s/ws10-yellow_main.jpg','image',0),(2562,90,'/w/s/ws10-green_main.jpg','image',0),(2563,90,'/w/s/ws10-red_main.jpg','image',0),(2564,90,'/w/s/ws10-red_back.jpg','image',0),(2565,90,'/w/s/ws10-yellow_main.jpg','image',0),(2566,90,'/w/s/ws10-green_main.jpg','image',0),(2567,90,'/w/s/ws10-red_main.jpg','image',0),(2568,90,'/w/s/ws10-red_back.jpg','image',0),(2569,90,'/w/s/ws10-yellow_main.jpg','image',0),(2570,90,'/w/s/ws10-green_main.jpg','image',0),(2571,90,'/w/s/ws10-red_main.jpg','image',0),(2572,90,'/w/s/ws10-red_back.jpg','image',0),(2573,90,'/w/s/ws10-yellow_main.jpg','image',0),(2574,90,'/w/s/ws10-green_main.jpg','image',0),(2575,90,'/w/s/ws10-red_main.jpg','image',0),(2576,90,'/w/s/ws10-red_back.jpg','image',0),(2577,90,'/w/s/ws10-yellow_main.jpg','image',0),(2578,90,'/w/s/ws10-red_main.jpg','image',0),(2579,90,'/w/s/ws10-red_back.jpg','image',0),(2580,90,'/w/s/ws11-green_main.jpg','image',0),(2581,90,'/w/s/ws11-orange_main.jpg','image',0),(2582,90,'/w/s/ws11-yellow_main.jpg','image',0),(2583,90,'/w/s/ws11-yellow_back.jpg','image',0),(2584,90,'/w/s/ws11-green_main.jpg','image',0),(2585,90,'/w/s/ws11-orange_main.jpg','image',0),(2586,90,'/w/s/ws11-yellow_main.jpg','image',0),(2587,90,'/w/s/ws11-yellow_back.jpg','image',0),(2588,90,'/w/s/ws11-green_main.jpg','image',0),(2589,90,'/w/s/ws11-orange_main.jpg','image',0),(2590,90,'/w/s/ws11-yellow_main.jpg','image',0),(2591,90,'/w/s/ws11-yellow_back.jpg','image',0),(2592,90,'/w/s/ws11-green_main.jpg','image',0),(2593,90,'/w/s/ws11-orange_main.jpg','image',0),(2594,90,'/w/s/ws11-yellow_main.jpg','image',0),(2595,90,'/w/s/ws11-yellow_back.jpg','image',0),(2596,90,'/w/s/ws11-green_main.jpg','image',0),(2597,90,'/w/s/ws11-orange_main.jpg','image',0),(2598,90,'/w/s/ws11-yellow_main.jpg','image',0),(2599,90,'/w/s/ws11-yellow_back.jpg','image',0),(2600,90,'/w/s/ws11-yellow_main.jpg','image',0),(2601,90,'/w/s/ws11-yellow_back.jpg','image',0),(2602,90,'/w/s/ws12-blue_main.jpg','image',0),(2603,90,'/w/s/ws12-orange_main.jpg','image',0),(2604,90,'/w/s/ws12-orange_back.jpg','image',0),(2605,90,'/w/s/ws12-purple_main.jpg','image',0),(2606,90,'/w/s/ws12-blue_main.jpg','image',0),(2607,90,'/w/s/ws12-orange_main.jpg','image',0),(2608,90,'/w/s/ws12-orange_back.jpg','image',0),(2609,90,'/w/s/ws12-purple_main.jpg','image',0),(2610,90,'/w/s/ws12-blue_main.jpg','image',0),(2611,90,'/w/s/ws12-orange_main.jpg','image',0),(2612,90,'/w/s/ws12-orange_back.jpg','image',0),(2613,90,'/w/s/ws12-purple_main.jpg','image',0),(2614,90,'/w/s/ws12-blue_main.jpg','image',0),(2615,90,'/w/s/ws12-orange_main.jpg','image',0),(2616,90,'/w/s/ws12-orange_back.jpg','image',0),(2617,90,'/w/s/ws12-purple_main.jpg','image',0),(2618,90,'/w/s/ws12-blue_main.jpg','image',0),(2619,90,'/w/s/ws12-orange_main.jpg','image',0),(2620,90,'/w/s/ws12-orange_back.jpg','image',0),(2621,90,'/w/s/ws12-purple_main.jpg','image',0),(2622,90,'/w/s/ws12-orange_main.jpg','image',0),(2623,90,'/w/s/ws12-orange_back.jpg','image',0),(2624,90,'/w/s/ws01-black_main.jpg','image',0),(2625,90,'/w/s/ws01-black_back.jpg','image',0),(2626,90,'/w/s/ws01-green_main.jpg','image',0),(2627,90,'/w/s/ws01-yellow_main.jpg','image',0),(2628,90,'/w/s/ws01-black_main.jpg','image',0),(2629,90,'/w/s/ws01-black_back.jpg','image',0),(2630,90,'/w/s/ws01-green_main.jpg','image',0),(2631,90,'/w/s/ws01-yellow_main.jpg','image',0),(2632,90,'/w/s/ws01-black_main.jpg','image',0),(2633,90,'/w/s/ws01-black_back.jpg','image',0),(2634,90,'/w/s/ws01-green_main.jpg','image',0),(2635,90,'/w/s/ws01-yellow_main.jpg','image',0),(2636,90,'/w/s/ws01-black_main.jpg','image',0),(2637,90,'/w/s/ws01-black_back.jpg','image',0),(2638,90,'/w/s/ws01-green_main.jpg','image',0),(2639,90,'/w/s/ws01-yellow_main.jpg','image',0),(2640,90,'/w/s/ws01-black_main.jpg','image',0),(2641,90,'/w/s/ws01-black_back.jpg','image',0),(2642,90,'/w/s/ws01-green_main.jpg','image',0),(2643,90,'/w/s/ws01-yellow_main.jpg','image',0),(2644,90,'/w/s/ws01-black_main.jpg','image',0),(2645,90,'/w/s/ws01-black_back.jpg','image',0),(2646,90,'/w/s/ws05-black_main.jpg','image',0),(2647,90,'/w/s/ws05-black_alt1.jpg','image',0),(2648,90,'/w/s/ws05-black_back.jpg','image',0),(2649,90,'/w/s/ws05-orange_main.jpg','image',0),(2650,90,'/w/s/ws05-yellow_main.jpg','image',0),(2651,90,'/w/s/ws05-black_main.jpg','image',0),(2652,90,'/w/s/ws05-black_alt1.jpg','image',0),(2653,90,'/w/s/ws05-black_back.jpg','image',0),(2654,90,'/w/s/ws05-orange_main.jpg','image',0),(2655,90,'/w/s/ws05-yellow_main.jpg','image',0),(2656,90,'/w/s/ws05-black_main.jpg','image',0),(2657,90,'/w/s/ws05-black_alt1.jpg','image',0),(2658,90,'/w/s/ws05-black_back.jpg','image',0),(2659,90,'/w/s/ws05-orange_main.jpg','image',0),(2660,90,'/w/s/ws05-yellow_main.jpg','image',0),(2661,90,'/w/s/ws05-black_main.jpg','image',0),(2662,90,'/w/s/ws05-black_alt1.jpg','image',0),(2663,90,'/w/s/ws05-black_back.jpg','image',0),(2664,90,'/w/s/ws05-orange_main.jpg','image',0),(2665,90,'/w/s/ws05-yellow_main.jpg','image',0),(2666,90,'/w/s/ws05-black_main.jpg','image',0),(2667,90,'/w/s/ws05-black_alt1.jpg','image',0),(2668,90,'/w/s/ws05-black_back.jpg','image',0),(2669,90,'/w/s/ws05-orange_main.jpg','image',0),(2670,90,'/w/s/ws05-yellow_main.jpg','image',0),(2671,90,'/w/s/ws05-black_main.jpg','image',0),(2672,90,'/w/s/ws05-black_alt1.jpg','image',0),(2673,90,'/w/s/ws05-black_back.jpg','image',0),(2674,90,'/w/b/wb01-black_main.jpg','image',0),(2675,90,'/w/b/wb01-black-0.jpg','image',0),(2676,90,'/w/b/wb01-gray_main.jpg','image',0),(2677,90,'/w/b/wb01-gray_alt1.jpg','image',0),(2678,90,'/w/b/wb01-gray_back.jpg','image',0),(2679,90,'/w/b/wb01-purple_main.jpg','image',0),(2680,90,'/w/b/wb01-black_main.jpg','image',0),(2681,90,'/w/b/wb01-black-0.jpg','image',0),(2682,90,'/w/b/wb01-gray_main.jpg','image',0),(2683,90,'/w/b/wb01-gray_alt1.jpg','image',0),(2684,90,'/w/b/wb01-gray_back.jpg','image',0),(2685,90,'/w/b/wb01-purple_main.jpg','image',0),(2686,90,'/w/b/wb01-black_main.jpg','image',0),(2687,90,'/w/b/wb01-black-0.jpg','image',0),(2688,90,'/w/b/wb01-gray_main.jpg','image',0),(2689,90,'/w/b/wb01-gray_alt1.jpg','image',0),(2690,90,'/w/b/wb01-gray_back.jpg','image',0),(2691,90,'/w/b/wb01-purple_main.jpg','image',0),(2692,90,'/w/b/wb01-black_main.jpg','image',0),(2693,90,'/w/b/wb01-black-0.jpg','image',0),(2694,90,'/w/b/wb01-gray_main.jpg','image',0),(2695,90,'/w/b/wb01-gray_alt1.jpg','image',0),(2696,90,'/w/b/wb01-gray_back.jpg','image',0),(2697,90,'/w/b/wb01-purple_main.jpg','image',0),(2698,90,'/w/b/wb01-black_main.jpg','image',0),(2699,90,'/w/b/wb01-black-0.jpg','image',0),(2700,90,'/w/b/wb01-gray_main.jpg','image',0),(2701,90,'/w/b/wb01-gray_alt1.jpg','image',0),(2702,90,'/w/b/wb01-gray_back.jpg','image',0),(2703,90,'/w/b/wb01-purple_main.jpg','image',0),(2704,90,'/w/b/wb01-gray_main.jpg','image',0),(2705,90,'/w/b/wb01-gray_alt1.jpg','image',0),(2706,90,'/w/b/wb01-gray_back.jpg','image',0),(2707,90,'/w/b/wb02-blue_main.jpg','image',0),(2708,90,'/w/b/wb02-blue_alt1.jpg','image',0),(2709,90,'/w/b/wb02-blue_back.jpg','image',0),(2710,90,'/w/b/wb02-orange_main.jpg','image',0),(2711,90,'/w/b/wb02-yellow_main.jpg','image',0),(2712,90,'/w/b/wb02-blue_main.jpg','image',0),(2713,90,'/w/b/wb02-blue_alt1.jpg','image',0),(2714,90,'/w/b/wb02-blue_back.jpg','image',0),(2715,90,'/w/b/wb02-orange_main.jpg','image',0),(2716,90,'/w/b/wb02-yellow_main.jpg','image',0),(2717,90,'/w/b/wb02-blue_main.jpg','image',0),(2718,90,'/w/b/wb02-blue_alt1.jpg','image',0),(2719,90,'/w/b/wb02-blue_back.jpg','image',0),(2720,90,'/w/b/wb02-orange_main.jpg','image',0),(2721,90,'/w/b/wb02-yellow_main.jpg','image',0),(2722,90,'/w/b/wb02-blue_main.jpg','image',0),(2723,90,'/w/b/wb02-blue_alt1.jpg','image',0),(2724,90,'/w/b/wb02-blue_back.jpg','image',0),(2725,90,'/w/b/wb02-orange_main.jpg','image',0),(2726,90,'/w/b/wb02-yellow_main.jpg','image',0),(2727,90,'/w/b/wb02-blue_main.jpg','image',0),(2728,90,'/w/b/wb02-blue_alt1.jpg','image',0),(2729,90,'/w/b/wb02-blue_back.jpg','image',0),(2730,90,'/w/b/wb02-orange_main.jpg','image',0),(2731,90,'/w/b/wb02-yellow_main.jpg','image',0),(2732,90,'/w/b/wb02-blue_main.jpg','image',0),(2733,90,'/w/b/wb02-blue_alt1.jpg','image',0),(2734,90,'/w/b/wb02-blue_back.jpg','image',0),(2735,90,'/w/b/wb03-green_main.jpg','image',0),(2736,90,'/w/b/wb03-green_alt1.jpg','image',0),(2737,90,'/w/b/wb03-green_back.jpg','image',0),(2738,90,'/w/b/wb03-red_main.jpg','image',0),(2739,90,'/w/b/wb03-yellow_main.jpg','image',0),(2740,90,'/w/b/wb03-green_main.jpg','image',0),(2741,90,'/w/b/wb03-green_alt1.jpg','image',0),(2742,90,'/w/b/wb03-green_back.jpg','image',0),(2743,90,'/w/b/wb03-red_main.jpg','image',0),(2744,90,'/w/b/wb03-yellow_main.jpg','image',0),(2745,90,'/w/b/wb03-green_main.jpg','image',0),(2746,90,'/w/b/wb03-green_alt1.jpg','image',0),(2747,90,'/w/b/wb03-green_back.jpg','image',0),(2748,90,'/w/b/wb03-red_main.jpg','image',0),(2749,90,'/w/b/wb03-yellow_main.jpg','image',0),(2750,90,'/w/b/wb03-green_main.jpg','image',0),(2751,90,'/w/b/wb03-green_alt1.jpg','image',0),(2752,90,'/w/b/wb03-green_back.jpg','image',0),(2753,90,'/w/b/wb03-red_main.jpg','image',0),(2754,90,'/w/b/wb03-yellow_main.jpg','image',0),(2755,90,'/w/b/wb03-green_main.jpg','image',0),(2756,90,'/w/b/wb03-green_alt1.jpg','image',0),(2757,90,'/w/b/wb03-green_back.jpg','image',0),(2758,90,'/w/b/wb03-red_main.jpg','image',0),(2759,90,'/w/b/wb03-yellow_main.jpg','image',0),(2760,90,'/w/b/wb03-green_main.jpg','image',0),(2761,90,'/w/b/wb03-green_alt1.jpg','image',0),(2762,90,'/w/b/wb03-green_back.jpg','image',0),(2763,90,'/w/b/wb04-blue_main.jpg','image',0),(2764,90,'/w/b/wb04-blue-0.jpg','image',0),(2765,90,'/w/b/wb04-blue_alt1.jpg','image',0),(2766,90,'/w/b/wb04-blue_back.jpg','image',0),(2767,90,'/w/b/wb04-purple_main.jpg','image',0),(2768,90,'/w/b/wb04-yellow_main.jpg','image',0),(2769,90,'/w/b/wb04-blue_main.jpg','image',0),(2770,90,'/w/b/wb04-blue-0.jpg','image',0),(2771,90,'/w/b/wb04-blue_alt1.jpg','image',0),(2772,90,'/w/b/wb04-blue_back.jpg','image',0),(2773,90,'/w/b/wb04-purple_main.jpg','image',0),(2774,90,'/w/b/wb04-yellow_main.jpg','image',0),(2775,90,'/w/b/wb04-blue_main.jpg','image',0),(2776,90,'/w/b/wb04-blue-0.jpg','image',0),(2777,90,'/w/b/wb04-blue_alt1.jpg','image',0),(2778,90,'/w/b/wb04-blue_back.jpg','image',0),(2779,90,'/w/b/wb04-purple_main.jpg','image',0),(2780,90,'/w/b/wb04-yellow_main.jpg','image',0),(2781,90,'/w/b/wb04-blue_main.jpg','image',0),(2782,90,'/w/b/wb04-blue-0.jpg','image',0),(2783,90,'/w/b/wb04-blue_alt1.jpg','image',0),(2784,90,'/w/b/wb04-blue_back.jpg','image',0),(2785,90,'/w/b/wb04-purple_main.jpg','image',0),(2786,90,'/w/b/wb04-yellow_main.jpg','image',0),(2787,90,'/w/b/wb04-blue_main.jpg','image',0),(2788,90,'/w/b/wb04-blue-0.jpg','image',0),(2789,90,'/w/b/wb04-blue_alt1.jpg','image',0),(2790,90,'/w/b/wb04-blue_back.jpg','image',0),(2791,90,'/w/b/wb04-purple_main.jpg','image',0),(2792,90,'/w/b/wb04-yellow_main.jpg','image',0),(2793,90,'/w/b/wb04-blue_main.jpg','image',0),(2794,90,'/w/b/wb04-blue-0.jpg','image',0),(2795,90,'/w/b/wb04-blue_alt1.jpg','image',0),(2796,90,'/w/b/wb04-blue_back.jpg','image',0),(2797,90,'/w/b/wb05-black_main.jpg','image',0),(2798,90,'/w/b/wb05-black_back.jpg','image',0),(2799,90,'/w/b/wb05-orange_main.jpg','image',0),(2800,90,'/w/b/wb05-purple_main.jpg','image',0),(2801,90,'/w/b/wb05-black_main.jpg','image',0),(2802,90,'/w/b/wb05-black_back.jpg','image',0),(2803,90,'/w/b/wb05-orange_main.jpg','image',0),(2804,90,'/w/b/wb05-purple_main.jpg','image',0),(2805,90,'/w/b/wb05-black_main.jpg','image',0),(2806,90,'/w/b/wb05-black_back.jpg','image',0),(2807,90,'/w/b/wb05-orange_main.jpg','image',0),(2808,90,'/w/b/wb05-purple_main.jpg','image',0),(2809,90,'/w/b/wb05-black_main.jpg','image',0),(2810,90,'/w/b/wb05-black_back.jpg','image',0),(2811,90,'/w/b/wb05-orange_main.jpg','image',0),(2812,90,'/w/b/wb05-purple_main.jpg','image',0),(2813,90,'/w/b/wb05-black_main.jpg','image',0),(2814,90,'/w/b/wb05-black_back.jpg','image',0),(2815,90,'/w/b/wb05-orange_main.jpg','image',0),(2816,90,'/w/b/wb05-purple_main.jpg','image',0),(2817,90,'/w/b/wb05-black_main.jpg','image',0),(2818,90,'/w/b/wb05-black_back.jpg','image',0),(2819,90,'/w/t/wt01-black_main.jpg','image',0),(2820,90,'/w/t/wt01-blue_main.jpg','image',0),(2821,90,'/w/t/wt01-blue_back.jpg','image',0),(2822,90,'/w/t/wt01-orange_main.jpg','image',0),(2823,90,'/w/t/wt01-black_main.jpg','image',0),(2824,90,'/w/t/wt01-blue_main.jpg','image',0),(2825,90,'/w/t/wt01-blue_back.jpg','image',0),(2826,90,'/w/t/wt01-orange_main.jpg','image',0),(2827,90,'/w/t/wt01-black_main.jpg','image',0),(2828,90,'/w/t/wt01-blue_main.jpg','image',0),(2829,90,'/w/t/wt01-blue_back.jpg','image',0),(2830,90,'/w/t/wt01-orange_main.jpg','image',0),(2831,90,'/w/t/wt01-black_main.jpg','image',0),(2832,90,'/w/t/wt01-blue_main.jpg','image',0),(2833,90,'/w/t/wt01-blue_back.jpg','image',0),(2834,90,'/w/t/wt01-orange_main.jpg','image',0),(2835,90,'/w/t/wt01-black_main.jpg','image',0),(2836,90,'/w/t/wt01-blue_main.jpg','image',0),(2837,90,'/w/t/wt01-blue_back.jpg','image',0),(2838,90,'/w/t/wt01-orange_main.jpg','image',0),(2839,90,'/w/t/wt01-blue_main.jpg','image',0),(2840,90,'/w/t/wt01-blue_back.jpg','image',0),(2841,90,'/w/t/wt02-green_main.jpg','image',0),(2842,90,'/w/t/wt02-orange_main.jpg','image',0),(2843,90,'/w/t/wt02-orange_back.jpg','image',0),(2844,90,'/w/t/wt02-yellow_main.jpg','image',0),(2845,90,'/w/t/wt02-green_main.jpg','image',0),(2846,90,'/w/t/wt02-orange_main.jpg','image',0),(2847,90,'/w/t/wt02-orange_back.jpg','image',0),(2848,90,'/w/t/wt02-yellow_main.jpg','image',0),(2849,90,'/w/t/wt02-green_main.jpg','image',0),(2850,90,'/w/t/wt02-orange_main.jpg','image',0),(2851,90,'/w/t/wt02-orange_back.jpg','image',0),(2852,90,'/w/t/wt02-yellow_main.jpg','image',0),(2853,90,'/w/t/wt02-green_main.jpg','image',0),(2854,90,'/w/t/wt02-orange_main.jpg','image',0),(2855,90,'/w/t/wt02-orange_back.jpg','image',0),(2856,90,'/w/t/wt02-yellow_main.jpg','image',0),(2857,90,'/w/t/wt02-green_main.jpg','image',0),(2858,90,'/w/t/wt02-orange_main.jpg','image',0),(2859,90,'/w/t/wt02-orange_back.jpg','image',0),(2860,90,'/w/t/wt02-yellow_main.jpg','image',0),(2861,90,'/w/t/wt02-orange_main.jpg','image',0),(2862,90,'/w/t/wt02-orange_back.jpg','image',0),(2863,90,'/w/t/wt03-orange_main.jpg','image',0),(2864,90,'/w/t/wt03-purple_main.jpg','image',0),(2865,90,'/w/t/wt03-red_main.jpg','image',0),(2866,90,'/w/t/wt03-red_alt1.jpg','image',0),(2867,90,'/w/t/wt03-red_back.jpg','image',0),(2868,90,'/w/t/wt03-orange_main.jpg','image',0),(2869,90,'/w/t/wt03-purple_main.jpg','image',0),(2870,90,'/w/t/wt03-red_main.jpg','image',0),(2871,90,'/w/t/wt03-red_alt1.jpg','image',0),(2872,90,'/w/t/wt03-red_back.jpg','image',0),(2873,90,'/w/t/wt03-orange_main.jpg','image',0),(2874,90,'/w/t/wt03-purple_main.jpg','image',0),(2875,90,'/w/t/wt03-red_main.jpg','image',0),(2876,90,'/w/t/wt03-red_alt1.jpg','image',0),(2877,90,'/w/t/wt03-red_back.jpg','image',0),(2878,90,'/w/t/wt03-orange_main.jpg','image',0),(2879,90,'/w/t/wt03-purple_main.jpg','image',0),(2880,90,'/w/t/wt03-red_main.jpg','image',0),(2881,90,'/w/t/wt03-red_alt1.jpg','image',0),(2882,90,'/w/t/wt03-red_back.jpg','image',0),(2883,90,'/w/t/wt03-orange_main.jpg','image',0),(2884,90,'/w/t/wt03-purple_main.jpg','image',0),(2885,90,'/w/t/wt03-red_main.jpg','image',0),(2886,90,'/w/t/wt03-red_alt1.jpg','image',0),(2887,90,'/w/t/wt03-red_back.jpg','image',0),(2888,90,'/w/t/wt03-red_main.jpg','image',0),(2889,90,'/w/t/wt03-red_alt1.jpg','image',0),(2890,90,'/w/t/wt03-red_back.jpg','image',0),(2891,90,'/w/t/wt04-blue_main.jpg','image',0),(2892,90,'/w/t/wt04-blue_back.jpg','image',0),(2893,90,'/w/t/wt04-purple_main.jpg','image',0),(2894,90,'/w/t/wt04-red_main.jpg','image',0),(2895,90,'/w/t/wt04-blue_main.jpg','image',0),(2896,90,'/w/t/wt04-blue_back.jpg','image',0),(2897,90,'/w/t/wt04-purple_main.jpg','image',0),(2898,90,'/w/t/wt04-red_main.jpg','image',0),(2899,90,'/w/t/wt04-blue_main.jpg','image',0),(2900,90,'/w/t/wt04-blue_back.jpg','image',0),(2901,90,'/w/t/wt04-purple_main.jpg','image',0),(2902,90,'/w/t/wt04-red_main.jpg','image',0),(2903,90,'/w/t/wt04-blue_main.jpg','image',0),(2904,90,'/w/t/wt04-blue_back.jpg','image',0),(2905,90,'/w/t/wt04-purple_main.jpg','image',0),(2906,90,'/w/t/wt04-red_main.jpg','image',0),(2907,90,'/w/t/wt04-blue_main.jpg','image',0),(2908,90,'/w/t/wt04-blue_back.jpg','image',0),(2909,90,'/w/t/wt04-purple_main.jpg','image',0),(2910,90,'/w/t/wt04-red_main.jpg','image',0),(2911,90,'/w/t/wt04-blue_main.jpg','image',0),(2912,90,'/w/t/wt04-blue_back.jpg','image',0),(2913,90,'/w/t/wt05-orange_main.jpg','image',0),(2914,90,'/w/t/wt05-purple_main.jpg','image',0),(2915,90,'/w/t/wt05-purple_alt1.jpg','image',0),(2916,90,'/w/t/wt05-purple_back.jpg','image',0),(2917,90,'/w/t/wt05-white_main.jpg','image',0),(2918,90,'/w/t/wt05-orange_main.jpg','image',0),(2919,90,'/w/t/wt05-purple_main.jpg','image',0),(2920,90,'/w/t/wt05-purple_alt1.jpg','image',0),(2921,90,'/w/t/wt05-purple_back.jpg','image',0),(2922,90,'/w/t/wt05-white_main.jpg','image',0),(2923,90,'/w/t/wt05-orange_main.jpg','image',0),(2924,90,'/w/t/wt05-purple_main.jpg','image',0),(2925,90,'/w/t/wt05-purple_alt1.jpg','image',0),(2926,90,'/w/t/wt05-purple_back.jpg','image',0),(2927,90,'/w/t/wt05-white_main.jpg','image',0),(2928,90,'/w/t/wt05-orange_main.jpg','image',0),(2929,90,'/w/t/wt05-purple_main.jpg','image',0),(2930,90,'/w/t/wt05-purple_alt1.jpg','image',0),(2931,90,'/w/t/wt05-purple_back.jpg','image',0),(2932,90,'/w/t/wt05-white_main.jpg','image',0),(2933,90,'/w/t/wt05-orange_main.jpg','image',0),(2934,90,'/w/t/wt05-purple_main.jpg','image',0),(2935,90,'/w/t/wt05-purple_alt1.jpg','image',0),(2936,90,'/w/t/wt05-purple_back.jpg','image',0),(2937,90,'/w/t/wt05-white_main.jpg','image',0),(2938,90,'/w/t/wt05-purple_main.jpg','image',0),(2939,90,'/w/t/wt05-purple_alt1.jpg','image',0),(2940,90,'/w/t/wt05-purple_back.jpg','image',0),(2941,90,'/w/t/wt06-blue_main.jpg','image',0),(2942,90,'/w/t/wt06-blue_back.jpg','image',0),(2943,90,'/w/t/wt06-red_main.jpg','image',0),(2944,90,'/w/t/wt06-yellow_main.jpg','image',0),(2945,90,'/w/t/wt06-blue_main.jpg','image',0),(2946,90,'/w/t/wt06-blue_back.jpg','image',0),(2947,90,'/w/t/wt06-red_main.jpg','image',0),(2948,90,'/w/t/wt06-yellow_main.jpg','image',0),(2949,90,'/w/t/wt06-blue_main.jpg','image',0),(2950,90,'/w/t/wt06-blue_back.jpg','image',0),(2951,90,'/w/t/wt06-red_main.jpg','image',0),(2952,90,'/w/t/wt06-yellow_main.jpg','image',0),(2953,90,'/w/t/wt06-blue_main.jpg','image',0),(2954,90,'/w/t/wt06-blue_back.jpg','image',0),(2955,90,'/w/t/wt06-red_main.jpg','image',0),(2956,90,'/w/t/wt06-yellow_main.jpg','image',0),(2957,90,'/w/t/wt06-blue_main.jpg','image',0),(2958,90,'/w/t/wt06-blue_back.jpg','image',0),(2959,90,'/w/t/wt06-red_main.jpg','image',0),(2960,90,'/w/t/wt06-yellow_main.jpg','image',0),(2961,90,'/w/t/wt06-blue_main.jpg','image',0),(2962,90,'/w/t/wt06-blue_back.jpg','image',0),(2963,90,'/w/t/wt07-green_main.jpg','image',0),(2964,90,'/w/t/wt07-green_alt1.jpg','image',0),(2965,90,'/w/t/wt07-green_back.jpg','image',0),(2966,90,'/w/t/wt07-white_main.jpg','image',0),(2967,90,'/w/t/wt07-yellow_main.jpg','image',0),(2968,90,'/w/t/wt07-green_main.jpg','image',0),(2969,90,'/w/t/wt07-green_alt1.jpg','image',0),(2970,90,'/w/t/wt07-green_back.jpg','image',0),(2971,90,'/w/t/wt07-white_main.jpg','image',0),(2972,90,'/w/t/wt07-yellow_main.jpg','image',0),(2973,90,'/w/t/wt07-green_main.jpg','image',0),(2974,90,'/w/t/wt07-green_alt1.jpg','image',0),(2975,90,'/w/t/wt07-green_back.jpg','image',0),(2976,90,'/w/t/wt07-white_main.jpg','image',0),(2977,90,'/w/t/wt07-yellow_main.jpg','image',0),(2978,90,'/w/t/wt07-green_main.jpg','image',0),(2979,90,'/w/t/wt07-green_alt1.jpg','image',0),(2980,90,'/w/t/wt07-green_back.jpg','image',0),(2981,90,'/w/t/wt07-white_main.jpg','image',0),(2982,90,'/w/t/wt07-yellow_main.jpg','image',0),(2983,90,'/w/t/wt07-green_main.jpg','image',0),(2984,90,'/w/t/wt07-green_alt1.jpg','image',0),(2985,90,'/w/t/wt07-green_back.jpg','image',0),(2986,90,'/w/t/wt07-white_main.jpg','image',0),(2987,90,'/w/t/wt07-yellow_main.jpg','image',0),(2988,90,'/w/t/wt07-green_main.jpg','image',0),(2989,90,'/w/t/wt07-green_alt1.jpg','image',0),(2990,90,'/w/t/wt07-green_back.jpg','image',0),(2991,90,'/w/t/wt08-black_main.jpg','image',0),(2992,90,'/w/t/wt08-black_alt1.jpg','image',0),(2993,90,'/w/t/wt08-black_back.jpg','image',0),(2994,90,'/w/t/wt08-purple_main.jpg','image',0),(2995,90,'/w/t/wt08-yellow_main.jpg','image',0),(2996,90,'/w/t/wt08-black_main.jpg','image',0),(2997,90,'/w/t/wt08-black_alt1.jpg','image',0),(2998,90,'/w/t/wt08-black_back.jpg','image',0),(2999,90,'/w/t/wt08-purple_main.jpg','image',0),(3000,90,'/w/t/wt08-yellow_main.jpg','image',0),(3001,90,'/w/t/wt08-black_main.jpg','image',0),(3002,90,'/w/t/wt08-black_alt1.jpg','image',0),(3003,90,'/w/t/wt08-black_back.jpg','image',0),(3004,90,'/w/t/wt08-purple_main.jpg','image',0),(3005,90,'/w/t/wt08-yellow_main.jpg','image',0),(3006,90,'/w/t/wt08-black_main.jpg','image',0),(3007,90,'/w/t/wt08-black_alt1.jpg','image',0),(3008,90,'/w/t/wt08-black_back.jpg','image',0),(3009,90,'/w/t/wt08-purple_main.jpg','image',0),(3010,90,'/w/t/wt08-yellow_main.jpg','image',0),(3011,90,'/w/t/wt08-black_main.jpg','image',0),(3012,90,'/w/t/wt08-black_alt1.jpg','image',0),(3013,90,'/w/t/wt08-black_back.jpg','image',0),(3014,90,'/w/t/wt08-purple_main.jpg','image',0),(3015,90,'/w/t/wt08-yellow_main.jpg','image',0),(3016,90,'/w/t/wt08-black_main.jpg','image',0),(3017,90,'/w/t/wt08-black_alt1.jpg','image',0),(3018,90,'/w/t/wt08-black_back.jpg','image',0),(3019,90,'/w/t/wt09-purple_main.jpg','image',0),(3020,90,'/w/t/wt09-white_main.jpg','image',0),(3021,90,'/w/t/wt09-white_back.jpg','image',0),(3022,90,'/w/t/wt09-yellow_main.jpg','image',0),(3023,90,'/w/t/wt09-purple_main.jpg','image',0),(3024,90,'/w/t/wt09-white_main.jpg','image',0),(3025,90,'/w/t/wt09-white_back.jpg','image',0),(3026,90,'/w/t/wt09-yellow_main.jpg','image',0),(3027,90,'/w/t/wt09-purple_main.jpg','image',0),(3028,90,'/w/t/wt09-white_main.jpg','image',0),(3029,90,'/w/t/wt09-white_back.jpg','image',0),(3030,90,'/w/t/wt09-yellow_main.jpg','image',0),(3031,90,'/w/t/wt09-purple_main.jpg','image',0),(3032,90,'/w/t/wt09-white_main.jpg','image',0),(3033,90,'/w/t/wt09-white_back.jpg','image',0),(3034,90,'/w/t/wt09-yellow_main.jpg','image',0),(3035,90,'/w/t/wt09-purple_main.jpg','image',0),(3036,90,'/w/t/wt09-white_main.jpg','image',0),(3037,90,'/w/t/wt09-white_back.jpg','image',0),(3038,90,'/w/t/wt09-yellow_main.jpg','image',0),(3039,90,'/w/t/wt09-white_main.jpg','image',0),(3040,90,'/w/t/wt09-white_back.jpg','image',0),(3041,90,'/w/p/wp01-black_main.jpg','image',0),(3042,90,'/w/p/wp01-gray_main.jpg','image',0),(3043,90,'/w/p/wp01-gray_back.jpg','image',0),(3044,90,'/w/p/wp01-white_main.jpg','image',0),(3045,90,'/w/p/wp01-black_main.jpg','image',0),(3046,90,'/w/p/wp01-gray_main.jpg','image',0),(3047,90,'/w/p/wp01-gray_back.jpg','image',0),(3048,90,'/w/p/wp01-white_main.jpg','image',0),(3049,90,'/w/p/wp01-gray_main.jpg','image',0),(3050,90,'/w/p/wp01-gray_back.jpg','image',0),(3051,90,'/w/p/wp02-blue_main.jpg','image',0),(3052,90,'/w/p/wp02-blue_back.jpg','image',0),(3053,90,'/w/p/wp02-purple_main.jpg','image',0),(3054,90,'/w/p/wp02-red_main.jpg','image',0),(3055,90,'/w/p/wp02-blue_main.jpg','image',0),(3056,90,'/w/p/wp02-blue_back.jpg','image',0),(3057,90,'/w/p/wp02-purple_main.jpg','image',0),(3058,90,'/w/p/wp02-red_main.jpg','image',0),(3059,90,'/w/p/wp02-blue_main.jpg','image',0),(3060,90,'/w/p/wp02-blue_back.jpg','image',0),(3061,90,'/w/p/wp03-black_main.jpg','image',0),(3062,90,'/w/p/wp03-blue_main.jpg','image',0),(3063,90,'/w/p/wp03-blue_alt1.jpg','image',0),(3064,90,'/w/p/wp03-blue_back.jpg','image',0),(3065,90,'/w/p/wp03-purple_main.jpg','image',0),(3066,90,'/w/p/wp03-black_main.jpg','image',0),(3067,90,'/w/p/wp03-blue_main.jpg','image',0),(3068,90,'/w/p/wp03-blue_alt1.jpg','image',0),(3069,90,'/w/p/wp03-blue_back.jpg','image',0),(3070,90,'/w/p/wp03-purple_main.jpg','image',0),(3071,90,'/w/p/wp03-blue_main.jpg','image',0),(3072,90,'/w/p/wp03-blue_alt1.jpg','image',0),(3073,90,'/w/p/wp03-blue_back.jpg','image',0),(3074,90,'/w/p/wp04-black_main.jpg','image',0),(3075,90,'/w/p/wp04-blue_main.jpg','image',0),(3076,90,'/w/p/wp04-blue_alt1.jpg','image',0),(3077,90,'/w/p/wp04-blue_alternate.jpg','image',0),(3078,90,'/w/p/wp04-blue_back.jpg','image',0),(3079,90,'/w/p/wp04-white_main.jpg','image',0),(3080,90,'/w/p/wp04-black_main.jpg','image',0),(3081,90,'/w/p/wp04-blue_main.jpg','image',0),(3082,90,'/w/p/wp04-blue_alt1.jpg','image',0),(3083,90,'/w/p/wp04-blue_alternate.jpg','image',0),(3084,90,'/w/p/wp04-blue_back.jpg','image',0),(3085,90,'/w/p/wp04-white_main.jpg','image',0),(3086,90,'/w/p/wp04-blue_main.jpg','image',0),(3087,90,'/w/p/wp04-blue_alt1.jpg','image',0),(3088,90,'/w/p/wp04-blue_alternate.jpg','image',0),(3089,90,'/w/p/wp04-blue_back.jpg','image',0),(3090,90,'/w/p/wp05-blue_main.jpg','image',0),(3091,90,'/w/p/wp05-gray_main.jpg','image',0),(3092,90,'/w/p/wp05-gray_alt1.jpg','image',0),(3093,90,'/w/p/wp05-gray_back.jpg','image',0),(3094,90,'/w/p/wp05-red_main.jpg','image',0),(3095,90,'/w/p/wp05-blue_main.jpg','image',0),(3096,90,'/w/p/wp05-gray_main.jpg','image',0),(3097,90,'/w/p/wp05-gray_alt1.jpg','image',0),(3098,90,'/w/p/wp05-gray_back.jpg','image',0),(3099,90,'/w/p/wp05-red_main.jpg','image',0),(3100,90,'/w/p/wp05-gray_main.jpg','image',0),(3101,90,'/w/p/wp05-gray_alt1.jpg','image',0),(3102,90,'/w/p/wp05-gray_back.jpg','image',0),(3103,90,'/w/p/wp06-black_main.jpg','image',0),(3104,90,'/w/p/wp06-black_alt1.jpg','image',0),(3105,90,'/w/p/wp06-black_back.jpg','image',0),(3106,90,'/w/p/wp06-black_outfit.jpg','image',0),(3107,90,'/w/p/wp06-blue_main.jpg','image',0),(3108,90,'/w/p/wp06-orange_main.jpg','image',0),(3109,90,'/w/p/wp06-black_main.jpg','image',0),(3110,90,'/w/p/wp06-black_alt1.jpg','image',0),(3111,90,'/w/p/wp06-black_back.jpg','image',0),(3112,90,'/w/p/wp06-black_outfit.jpg','image',0),(3113,90,'/w/p/wp06-blue_main.jpg','image',0),(3114,90,'/w/p/wp06-orange_main.jpg','image',0),(3115,90,'/w/p/wp06-black_main.jpg','image',0),(3116,90,'/w/p/wp06-black_alt1.jpg','image',0),(3117,90,'/w/p/wp06-black_back.jpg','image',0),(3118,90,'/w/p/wp06-black_outfit.jpg','image',0),(3119,90,'/w/p/wp07-black_main.jpg','image',0),(3120,90,'/w/p/wp07-black_alt1.jpg','image',0),(3121,90,'/w/p/wp07-black_back.jpg','image',0),(3122,90,'/w/p/wp07-blue_main.jpg','image',0),(3123,90,'/w/p/wp07-orange_main.jpg','image',0),(3124,90,'/w/p/wp07-black_main.jpg','image',0),(3125,90,'/w/p/wp07-black_alt1.jpg','image',0),(3126,90,'/w/p/wp07-black_back.jpg','image',0),(3127,90,'/w/p/wp07-blue_main.jpg','image',0),(3128,90,'/w/p/wp07-orange_main.jpg','image',0),(3129,90,'/w/p/wp07-black_main.jpg','image',0),(3130,90,'/w/p/wp07-black_alt1.jpg','image',0),(3131,90,'/w/p/wp07-black_back.jpg','image',0),(3132,90,'/w/p/wp08-black_main.jpg','image',0),(3133,90,'/w/p/wp08-black_back.jpg','image',0),(3134,90,'/w/p/wp08-green_main.jpg','image',0),(3135,90,'/w/p/wp08-red_main.jpg','image',0),(3136,90,'/w/p/wp08-black_main.jpg','image',0),(3137,90,'/w/p/wp08-black_back.jpg','image',0),(3138,90,'/w/p/wp08-green_main.jpg','image',0),(3139,90,'/w/p/wp08-red_main.jpg','image',0),(3140,90,'/w/p/wp08-black_main.jpg','image',0),(3141,90,'/w/p/wp08-black_back.jpg','image',0),(3142,90,'/w/p/wp09-black_main.jpg','image',0),(3143,90,'/w/p/wp09-black_alt1.jpg','image',0),(3144,90,'/w/p/wp09-black_back.jpg','image',0),(3145,90,'/w/p/wp09-black_outfit.jpg','image',0),(3146,90,'/w/p/wp09-blue_main.jpg','image',0),(3147,90,'/w/p/wp09-purple_main.jpg','image',0),(3148,90,'/w/p/wp09-black_main.jpg','image',0),(3149,90,'/w/p/wp09-black_alt1.jpg','image',0),(3150,90,'/w/p/wp09-black_back.jpg','image',0),(3151,90,'/w/p/wp09-black_outfit.jpg','image',0),(3152,90,'/w/p/wp09-blue_main.jpg','image',0),(3153,90,'/w/p/wp09-purple_main.jpg','image',0),(3154,90,'/w/p/wp09-black_main.jpg','image',0),(3155,90,'/w/p/wp09-black_alt1.jpg','image',0),(3156,90,'/w/p/wp09-black_back.jpg','image',0),(3157,90,'/w/p/wp09-black_outfit.jpg','image',0),(3158,90,'/w/p/wp10-black_main.jpg','image',0),(3159,90,'/w/p/wp10-gray_main.jpg','image',0),(3160,90,'/w/p/wp10-gray_alt1.jpg','image',0),(3161,90,'/w/p/wp10-gray_back.jpg','image',0),(3162,90,'/w/p/wp10-white_main.jpg','image',0),(3163,90,'/w/p/wp10-black_main.jpg','image',0),(3164,90,'/w/p/wp10-gray_main.jpg','image',0),(3165,90,'/w/p/wp10-gray_alt1.jpg','image',0),(3166,90,'/w/p/wp10-gray_back.jpg','image',0),(3167,90,'/w/p/wp10-white_main.jpg','image',0),(3168,90,'/w/p/wp10-gray_main.jpg','image',0),(3169,90,'/w/p/wp10-gray_alt1.jpg','image',0),(3170,90,'/w/p/wp10-gray_back.jpg','image',0),(3171,90,'/w/p/wp11-blue_main.jpg','image',0),(3172,90,'/w/p/wp11-green_main.jpg','image',0),(3173,90,'/w/p/wp11-green_back.jpg','image',0),(3174,90,'/w/p/wp11-red_main.jpg','image',0),(3175,90,'/w/p/wp11-blue_main.jpg','image',0),(3176,90,'/w/p/wp11-green_main.jpg','image',0),(3177,90,'/w/p/wp11-green_back.jpg','image',0),(3178,90,'/w/p/wp11-red_main.jpg','image',0),(3179,90,'/w/p/wp11-green_main.jpg','image',0),(3180,90,'/w/p/wp11-green_back.jpg','image',0),(3181,90,'/w/p/wp12-blue_main.jpg','image',0),(3182,90,'/w/p/wp12-gray_main.jpg','image',0),(3183,90,'/w/p/wp12-gray_back.jpg','image',0),(3184,90,'/w/p/wp12-green_main.jpg','image',0),(3185,90,'/w/p/wp12-blue_main.jpg','image',0),(3186,90,'/w/p/wp12-gray_main.jpg','image',0),(3187,90,'/w/p/wp12-gray_back.jpg','image',0),(3188,90,'/w/p/wp12-green_main.jpg','image',0),(3189,90,'/w/p/wp12-gray_main.jpg','image',0),(3190,90,'/w/p/wp12-gray_back.jpg','image',0),(3191,90,'/w/p/wp13-blue_main.jpg','image',0),(3192,90,'/w/p/wp13-green_main.jpg','image',0),(3193,90,'/w/p/wp13-orange_main.jpg','image',0),(3194,90,'/w/p/wp13-orange_back.jpg','image',0),(3195,90,'/w/p/wp13-blue_main.jpg','image',0),(3196,90,'/w/p/wp13-green_main.jpg','image',0),(3197,90,'/w/p/wp13-orange_main.jpg','image',0),(3198,90,'/w/p/wp13-orange_back.jpg','image',0),(3199,90,'/w/p/wp13-orange_main.jpg','image',0),(3200,90,'/w/p/wp13-orange_back.jpg','image',0),(3201,90,'/w/s/wsh01-black_main.jpg','image',0),(3202,90,'/w/s/wsh01-black_back.jpg','image',0),(3203,90,'/w/s/wsh01-green_main.jpg','image',0),(3204,90,'/w/s/wsh01-red_main.jpg','image',0),(3205,90,'/w/s/wsh01-black_main.jpg','image',0),(3206,90,'/w/s/wsh01-black_back.jpg','image',0),(3207,90,'/w/s/wsh01-green_main.jpg','image',0),(3208,90,'/w/s/wsh01-red_main.jpg','image',0),(3209,90,'/w/s/wsh01-black_main.jpg','image',0),(3210,90,'/w/s/wsh01-black_back.jpg','image',0),(3211,90,'/w/s/wsh01-green_main.jpg','image',0),(3212,90,'/w/s/wsh01-red_main.jpg','image',0),(3213,90,'/w/s/wsh01-black_main.jpg','image',0),(3214,90,'/w/s/wsh01-black_back.jpg','image',0),(3215,90,'/w/s/wsh01-green_main.jpg','image',0),(3216,90,'/w/s/wsh01-red_main.jpg','image',0),(3217,90,'/w/s/wsh01-black_main.jpg','image',0),(3218,90,'/w/s/wsh01-black_back.jpg','image',0),(3219,90,'/w/s/wsh01-green_main.jpg','image',0),(3220,90,'/w/s/wsh01-red_main.jpg','image',0),(3221,90,'/w/s/wsh01-black_main.jpg','image',0),(3222,90,'/w/s/wsh01-black_back.jpg','image',0),(3223,90,'/w/s/wsh02-gray_main.jpg','image',0),(3224,90,'/w/s/wsh02-gray_back.jpg','image',0),(3225,90,'/w/s/wsh02-orange_main.jpg','image',0),(3226,90,'/w/s/wsh02-yellow_main.jpg','image',0),(3227,90,'/w/s/wsh02-gray_main.jpg','image',0),(3228,90,'/w/s/wsh02-gray_back.jpg','image',0),(3229,90,'/w/s/wsh02-orange_main.jpg','image',0),(3230,90,'/w/s/wsh02-yellow_main.jpg','image',0),(3231,90,'/w/s/wsh02-gray_main.jpg','image',0),(3232,90,'/w/s/wsh02-gray_back.jpg','image',0),(3233,90,'/w/s/wsh02-orange_main.jpg','image',0),(3234,90,'/w/s/wsh02-yellow_main.jpg','image',0),(3235,90,'/w/s/wsh02-gray_main.jpg','image',0),(3236,90,'/w/s/wsh02-gray_back.jpg','image',0),(3237,90,'/w/s/wsh02-orange_main.jpg','image',0),(3238,90,'/w/s/wsh02-yellow_main.jpg','image',0),(3239,90,'/w/s/wsh02-gray_main.jpg','image',0),(3240,90,'/w/s/wsh02-gray_back.jpg','image',0),(3241,90,'/w/s/wsh02-orange_main.jpg','image',0),(3242,90,'/w/s/wsh02-yellow_main.jpg','image',0),(3243,90,'/w/s/wsh02-gray_main.jpg','image',0),(3244,90,'/w/s/wsh02-gray_back.jpg','image',0),(3245,90,'/w/s/wsh03-blue_main.jpg','image',0),(3246,90,'/w/s/wsh03-gray_main.jpg','image',0),(3247,90,'/w/s/wsh03-gray_alt1.jpg','image',0),(3248,90,'/w/s/wsh03-gray_back.jpg','image',0),(3249,90,'/w/s/wsh03-orange_main.jpg','image',0),(3250,90,'/w/s/wsh03-blue_main.jpg','image',0),(3251,90,'/w/s/wsh03-gray_main.jpg','image',0),(3252,90,'/w/s/wsh03-gray_alt1.jpg','image',0),(3253,90,'/w/s/wsh03-gray_back.jpg','image',0),(3254,90,'/w/s/wsh03-orange_main.jpg','image',0),(3255,90,'/w/s/wsh03-blue_main.jpg','image',0),(3256,90,'/w/s/wsh03-gray_main.jpg','image',0),(3257,90,'/w/s/wsh03-gray_alt1.jpg','image',0),(3258,90,'/w/s/wsh03-gray_back.jpg','image',0),(3259,90,'/w/s/wsh03-orange_main.jpg','image',0),(3260,90,'/w/s/wsh03-blue_main.jpg','image',0),(3261,90,'/w/s/wsh03-gray_main.jpg','image',0),(3262,90,'/w/s/wsh03-gray_alt1.jpg','image',0),(3263,90,'/w/s/wsh03-gray_back.jpg','image',0),(3264,90,'/w/s/wsh03-orange_main.jpg','image',0),(3265,90,'/w/s/wsh03-blue_main.jpg','image',0),(3266,90,'/w/s/wsh03-gray_main.jpg','image',0),(3267,90,'/w/s/wsh03-gray_alt1.jpg','image',0),(3268,90,'/w/s/wsh03-gray_back.jpg','image',0),(3269,90,'/w/s/wsh03-orange_main.jpg','image',0),(3270,90,'/w/s/wsh03-gray_main.jpg','image',0),(3271,90,'/w/s/wsh03-gray_alt1.jpg','image',0),(3272,90,'/w/s/wsh03-gray_back.jpg','image',0),(3273,90,'/w/s/wsh04-black_main.jpg','image',0),(3274,90,'/w/s/wsh04-black_alt1.jpg','image',0),(3275,90,'/w/s/wsh04-black_back.jpg','image',0),(3276,90,'/w/s/wsh04-green_main.jpg','image',0),(3277,90,'/w/s/wsh04-orange_main.jpg','image',0),(3278,90,'/w/s/wsh04-black_main.jpg','image',0),(3279,90,'/w/s/wsh04-black_alt1.jpg','image',0),(3280,90,'/w/s/wsh04-black_back.jpg','image',0),(3281,90,'/w/s/wsh04-green_main.jpg','image',0),(3282,90,'/w/s/wsh04-orange_main.jpg','image',0),(3283,90,'/w/s/wsh04-black_main.jpg','image',0),(3284,90,'/w/s/wsh04-black_alt1.jpg','image',0),(3285,90,'/w/s/wsh04-black_back.jpg','image',0),(3286,90,'/w/s/wsh04-green_main.jpg','image',0),(3287,90,'/w/s/wsh04-orange_main.jpg','image',0),(3288,90,'/w/s/wsh04-black_main.jpg','image',0),(3289,90,'/w/s/wsh04-black_alt1.jpg','image',0),(3290,90,'/w/s/wsh04-black_back.jpg','image',0),(3291,90,'/w/s/wsh04-green_main.jpg','image',0),(3292,90,'/w/s/wsh04-orange_main.jpg','image',0),(3293,90,'/w/s/wsh04-black_main.jpg','image',0),(3294,90,'/w/s/wsh04-black_alt1.jpg','image',0),(3295,90,'/w/s/wsh04-black_back.jpg','image',0),(3296,90,'/w/s/wsh04-green_main.jpg','image',0),(3297,90,'/w/s/wsh04-orange_main.jpg','image',0),(3298,90,'/w/s/wsh04-black_main.jpg','image',0),(3299,90,'/w/s/wsh04-black_alt1.jpg','image',0),(3300,90,'/w/s/wsh04-black_back.jpg','image',0),(3301,90,'/w/s/wsh05-blue_main.jpg','image',0),(3302,90,'/w/s/wsh05-blue_back.jpg','image',0),(3303,90,'/w/s/wsh05-purple_main.jpg','image',0),(3304,90,'/w/s/wsh05-yellow_main.jpg','image',0),(3305,90,'/w/s/wsh05-blue_main.jpg','image',0),(3306,90,'/w/s/wsh05-blue_back.jpg','image',0),(3307,90,'/w/s/wsh05-purple_main.jpg','image',0),(3308,90,'/w/s/wsh05-yellow_main.jpg','image',0),(3309,90,'/w/s/wsh05-blue_main.jpg','image',0),(3310,90,'/w/s/wsh05-blue_back.jpg','image',0),(3311,90,'/w/s/wsh05-purple_main.jpg','image',0),(3312,90,'/w/s/wsh05-yellow_main.jpg','image',0),(3313,90,'/w/s/wsh05-blue_main.jpg','image',0),(3314,90,'/w/s/wsh05-blue_back.jpg','image',0),(3315,90,'/w/s/wsh05-purple_main.jpg','image',0),(3316,90,'/w/s/wsh05-yellow_main.jpg','image',0),(3317,90,'/w/s/wsh05-blue_main.jpg','image',0),(3318,90,'/w/s/wsh05-blue_back.jpg','image',0),(3319,90,'/w/s/wsh05-purple_main.jpg','image',0),(3320,90,'/w/s/wsh05-yellow_main.jpg','image',0),(3321,90,'/w/s/wsh05-blue_main.jpg','image',0),(3322,90,'/w/s/wsh05-blue_back.jpg','image',0),(3323,90,'/w/s/wsh06-gray_main.jpg','image',0),(3324,90,'/w/s/wsh06-gray_alt1.jpg','image',0),(3325,90,'/w/s/wsh06-gray_back.jpg','image',0),(3326,90,'/w/s/wsh06-orange_main.jpg','image',0),(3327,90,'/w/s/wsh06-purple_main.jpg','image',0),(3328,90,'/w/s/wsh06-gray_main.jpg','image',0),(3329,90,'/w/s/wsh06-gray_alt1.jpg','image',0),(3330,90,'/w/s/wsh06-gray_back.jpg','image',0),(3331,90,'/w/s/wsh06-orange_main.jpg','image',0),(3332,90,'/w/s/wsh06-purple_main.jpg','image',0),(3333,90,'/w/s/wsh06-gray_main.jpg','image',0),(3334,90,'/w/s/wsh06-gray_alt1.jpg','image',0),(3335,90,'/w/s/wsh06-gray_back.jpg','image',0),(3336,90,'/w/s/wsh07-black_main.jpg','image',0),(3337,90,'/w/s/wsh07-black_back.jpg','image',0),(3338,90,'/w/s/wsh07-blue_main.jpg','image',0),(3339,90,'/w/s/wsh07-purple_main.jpg','image',0),(3340,90,'/w/s/wsh07-black_main.jpg','image',0),(3341,90,'/w/s/wsh07-black_back.jpg','image',0),(3342,90,'/w/s/wsh07-blue_main.jpg','image',0),(3343,90,'/w/s/wsh07-purple_main.jpg','image',0),(3344,90,'/w/s/wsh07-black_main.jpg','image',0),(3345,90,'/w/s/wsh07-black_back.jpg','image',0),(3346,90,'/w/s/wsh08-purple_main.jpg','image',0),(3347,90,'/w/s/wsh08-purple_back.jpg','image',0),(3348,90,'/w/s/wsh08-purple_main.jpg','image',0),(3349,90,'/w/s/wsh08-purple_back.jpg','image',0),(3350,90,'/w/s/wsh08-purple_main.jpg','image',0),(3351,90,'/w/s/wsh08-purple_back.jpg','image',0),(3352,90,'/w/s/wsh08-purple_main.jpg','image',0),(3353,90,'/w/s/wsh08-purple_back.jpg','image',0),(3354,90,'/w/s/wsh08-purple_main.jpg','image',0),(3355,90,'/w/s/wsh08-purple_back.jpg','image',0),(3356,90,'/w/s/wsh08-purple_main.jpg','image',0),(3357,90,'/w/s/wsh08-purple_back.jpg','image',0),(3358,90,'/w/s/wsh09-gray_main.jpg','image',0),(3359,90,'/w/s/wsh09-gray_alt1.jpg','image',0),(3360,90,'/w/s/wsh09-gray_back.jpg','image',0),(3361,90,'/w/s/wsh09-green_main.jpg','image',0),(3362,90,'/w/s/wsh09-white_main.jpg','image',0),(3363,90,'/w/s/wsh09-gray_main.jpg','image',0),(3364,90,'/w/s/wsh09-gray_alt1.jpg','image',0),(3365,90,'/w/s/wsh09-gray_back.jpg','image',0),(3366,90,'/w/s/wsh09-green_main.jpg','image',0),(3367,90,'/w/s/wsh09-white_main.jpg','image',0),(3368,90,'/w/s/wsh09-gray_main.jpg','image',0),(3369,90,'/w/s/wsh09-gray_alt1.jpg','image',0),(3370,90,'/w/s/wsh09-gray_back.jpg','image',0),(3371,90,'/w/s/wsh10-black_main.jpg','image',0),(3372,90,'/w/s/wsh10-black_alt1.jpg','image',0),(3373,90,'/w/s/wsh10-black_back.jpg','image',0),(3374,90,'/w/s/wsh10-orange_main.jpg','image',0),(3375,90,'/w/s/wsh10-white_main.jpg','image',0),(3376,90,'/w/s/wsh10-black_main.jpg','image',0),(3377,90,'/w/s/wsh10-black_alt1.jpg','image',0),(3378,90,'/w/s/wsh10-black_back.jpg','image',0),(3379,90,'/w/s/wsh10-orange_main.jpg','image',0),(3380,90,'/w/s/wsh10-white_main.jpg','image',0),(3381,90,'/w/s/wsh10-black_main.jpg','image',0),(3382,90,'/w/s/wsh10-black_alt1.jpg','image',0),(3383,90,'/w/s/wsh10-black_back.jpg','image',0),(3384,90,'/w/s/wsh11-blue_main.jpg','image',0),(3385,90,'/w/s/wsh11-blue_back.jpg','image',0),(3386,90,'/w/s/wsh11-orange_main.jpg','image',0),(3387,90,'/w/s/wsh11-red_main.jpg','image',0),(3388,90,'/w/s/wsh11-blue_main.jpg','image',0),(3389,90,'/w/s/wsh11-blue_back.jpg','image',0),(3390,90,'/w/s/wsh11-orange_main.jpg','image',0),(3391,90,'/w/s/wsh11-red_main.jpg','image',0),(3392,90,'/w/s/wsh11-blue_main.jpg','image',0),(3393,90,'/w/s/wsh11-blue_back.jpg','image',0),(3394,90,'/w/s/wsh12-green_main.jpg','image',0),(3395,90,'/w/s/wsh12-green_alt1.jpg','image',0),(3396,90,'/w/s/wsh12-green_back.jpg','image',0),(3397,90,'/w/s/wsh12-purple_main.jpg','image',0),(3398,90,'/w/s/wsh12-red_main.jpg','image',0),(3399,90,'/w/s/wsh12-green_main.jpg','image',0),(3400,90,'/w/s/wsh12-green_alt1.jpg','image',0),(3401,90,'/w/s/wsh12-green_back.jpg','image',0),(3402,90,'/w/s/wsh12-purple_main.jpg','image',0),(3403,90,'/w/s/wsh12-red_main.jpg','image',0),(3404,90,'/w/s/wsh12-green_main.jpg','image',0),(3405,90,'/w/s/wsh12-green_alt1.jpg','image',0),(3406,90,'/w/s/wsh12-green_back.jpg','image',0),(3407,90,'/w/s/wsh12-purple_main.jpg','image',0),(3408,90,'/w/s/wsh12-red_main.jpg','image',0),(3409,90,'/w/s/wsh12-green_main.jpg','image',0),(3410,90,'/w/s/wsh12-green_alt1.jpg','image',0),(3411,90,'/w/s/wsh12-green_back.jpg','image',0),(3412,90,'/w/s/wsh12-purple_main.jpg','image',0),(3413,90,'/w/s/wsh12-red_main.jpg','image',0),(3414,90,'/w/s/wsh12-green_main.jpg','image',0),(3415,90,'/w/s/wsh12-green_alt1.jpg','image',0),(3416,90,'/w/s/wsh12-green_back.jpg','image',0),(3417,90,'/w/s/wsh12-purple_main.jpg','image',0),(3418,90,'/w/s/wsh12-red_main.jpg','image',0),(3419,90,'/w/s/wsh12-green_main.jpg','image',0),(3420,90,'/w/s/wsh12-green_alt1.jpg','image',0),(3421,90,'/w/s/wsh12-green_back.jpg','image',0),(3422,90,'/l/u/luma-yoga-strap-set.jpg','image',0),(3423,90,'/a/r/artboard_1_copy_20_2x-100_1.jpg','image',0),(3427,90,'/a/r/artboard_1_copy_20_2x-100_2.jpg','image',0),(3428,90,'/3/_/3_5_10.jpg','image',0),(3429,90,'/a/r/artboard_1_copy_7_2x-100_1_1.jpg','image',0),(3430,90,'/1/_/1_8_1.jpg','image',0),(3431,90,'/a/r/artboard_1_copy_3_2x-100_1_1.jpg','image',0),(3432,90,'/a/r/artboard_1_copy_12_2x-100_1.jpg','image',0),(3433,90,'/n/i/nika-fairy-silk-enhancer-maschera-lisciante-500ml-extra-big-11023-098_1.jpg','image',0),(3436,90,'/3/_/3_5_11.jpg','image',0),(3437,90,'/a/r/artboard_1_copy_2_2x-100_1_1.jpg','image',0),(3438,90,'/a/r/artboard_1_copy_16_2x-100_1.jpg','image',0),(3439,90,'/a/r/artboard_1_copy_6_2x-100_1.jpg','image',0),(3440,90,'/a/r/artboard_1_copy_11_2x-100_1.jpg','image',0),(3441,90,'/2/_/2_5_13.jpg','image',0),(3442,90,'/1/1/11_2_9.jpg','image',0),(3443,90,'/a/r/artboard_1_copy_2_2x-100_1_2.jpg','image',0),(3444,90,'/1/1/11artboard_1_copy_14_2x-100.jpg','image',0),(3445,90,'/6/0/600x600_nkkpp_mask_01_1.jpg','image',0),(3446,90,'/a/r/artboard_1_copy_9_2x-100_1_2.jpg','image',0),(3447,90,'/1/1/1111.jpg','image',0),(3448,90,'/1/1/1122.jpg','image',0),(3449,90,'/3/3/3333.jpg','image',0),(3450,90,'/4/4/444.jpg','image',0),(3451,90,'/4/5/4555.jpg','image',0),(3452,90,'/6/6/666.jpg','image',0),(3453,90,'/3/3/3333444.jpg','image',0),(3454,90,'/3/3/3333444_1.jpg','image',0),(3455,90,'/9/9/99999.jpg','image',0),(3456,90,'/9/9/99999_1.jpg','image',0),(3457,90,'/6/4/644444.jpg','image',0),(3458,90,'/6/4/644444_1.jpg','image',0);

--
