-- Table structure for table `variable`
--

CREATE TABLE `variable` (
  `variable_id` int(10) unsigned NOT NULL AUTO_INCREMENT COMMENT 'Variable ID',
  `code` varchar(255) DEFAULT NULL COMMENT 'Variable Code',
  `name` varchar(255) DEFAULT NULL COMMENT 'Variable Name',
  PRIMARY KEY (`variable_id`),
  UNIQUE KEY `VARIABLE_CODE` (`code`)
) ENGINE=InnoDB AUTO_INCREMENT=3 DEFAULT CHARSET=utf8 COMMENT='Variables';

--
-- Dumping data for table `variable`
--

INSERT INTO `variable` VALUES (1,'custom_store_name','Custom Store Name'),(2,'support_email','support email');

--
-- Table structure for table `variable_value`
--

CREATE TABLE `variable_value` (
  `value_id` int(10) unsigned NOT NULL AUTO_INCREMENT COMMENT 'Variable Value ID',
  `variable_id` int(10) unsigned NOT NULL DEFAULT '0' COMMENT 'Variable ID',
  `store_id` smallint(5) unsigned NOT NULL DEFAULT '0' COMMENT 'Store ID',
  `plain_value` text COMMENT 'Plain Text Value',
  `html_value` text COMMENT 'Html Value',
  PRIMARY KEY (`value_id`),
  UNIQUE KEY `VARIABLE_VALUE_VARIABLE_ID_STORE_ID` (`variable_id`,`store_id`),
  KEY `VARIABLE_VALUE_STORE_ID` (`store_id`),
  CONSTRAINT `VARIABLE_VALUE_STORE_ID_STORE_STORE_ID` FOREIGN KEY (`store_id`) REFERENCES `store` (`store_id`) ON DELETE CASCADE,
  CONSTRAINT `VARIABLE_VALUE_VARIABLE_ID_VARIABLE_VARIABLE_ID` FOREIGN KEY (`variable_id`) REFERENCES `variable` (`variable_id`) ON DELETE CASCADE
) ENGINE=InnoDB AUTO_INCREMENT=3 DEFAULT CHARSET=utf8 COMMENT='Variable Value';

--
-- Dumping data for table `variable_value`
--

INSERT INTO `variable_value` VALUES (1,1,0,'Worx','<span>Worx</span>'),(2,2,0,'support@worx.sa','<a href=\"mailto:support@worx.sa\">support@worx.sa</a>');

--
-- Table structure for table `vault_payment_token_order_payment_link`
--

CREATE TABLE `vault_payment_token_order_payment_link` (
  `order_payment_id` int(10) unsigned NOT NULL COMMENT 'Order payment ID',
  `payment_token_id` int(10) unsigned NOT NULL COMMENT 'Payment token ID',
  PRIMARY KEY (`order_payment_id`,`payment_token_id`),
  KEY `FK_4ED894655446D385894580BECA993862` (`payment_token_id`),
  CONSTRAINT `FK_4ED894655446D385894580BECA993862` FOREIGN KEY (`payment_token_id`) REFERENCES `vault_payment_token` (`entity_id`) ON DELETE CASCADE,
  CONSTRAINT `FK_CF37B9D854256534BE23C818F6291CA2` FOREIGN KEY (`order_payment_id`) REFERENCES `sales_order_payment` (`entity_id`) ON DELETE CASCADE
) ENGINE=InnoDB DEFAULT CHARSET=utf8 COMMENT='Order payments to vault token';

--
-- Dumping data for table `vault_payment_token_order_payment_link`
--


--
-- Table structure for table `vertex_custom_option_flex_field`
--

CREATE TABLE `vertex_custom_option_flex_field` (
  `entity_id` int(11) NOT NULL AUTO_INCREMENT COMMENT 'Map Entity ID',
  `option_id` int(11) NOT NULL COMMENT 'Customizable Option ID',
  `website_id` int(11) NOT NULL DEFAULT '0' COMMENT 'Website ID',
  `flex_field` int(11) DEFAULT '0' COMMENT 'Customizable Option to Flex Field Map',
  PRIMARY KEY (`entity_id`),
  UNIQUE KEY `VERTEX_CUSTOM_OPTION_FLEX_FIELD_OPTION_ID_WEBSITE_ID` (`option_id`,`website_id`),
  KEY `VERTEX_CUSTOM_OPTION_FLEX_FIELD_OPTION_ID` (`option_id`),
  KEY `VERTEX_CUSTOM_OPTION_FLEX_FIELD_WEBSITE_ID` (`website_id`)
) ENGINE=InnoDB DEFAULT CHARSET=utf8 COMMENT='Customizable Option to Flex Field Map';

--
-- Dumping data for table `vertex_custom_option_flex_field`
--


--
-- Table structure for table `vertex_customer_code`
--

CREATE TABLE `vertex_customer_code` (
  `customer_id` int(10) unsigned NOT NULL COMMENT 'Customer ID',
  `customer_code` text COMMENT 'Customer Code for Vertex',
  PRIMARY KEY (`customer_id`)
) ENGINE=InnoDB DEFAULT CHARSET=utf8 COMMENT='Customer Code for Vertex';

--
-- Dumping data for table `vertex_customer_code`
--


--
-- Table structure for table `vertex_customer_country`
--

CREATE TABLE `vertex_customer_country` (
  `customer_id` int(10) unsigned NOT NULL COMMENT 'Customer ID',
  `customer_country` varchar(255) DEFAULT NULL COMMENT 'Customer Country',
  PRIMARY KEY (`customer_id`)
) ENGINE=InnoDB DEFAULT CHARSET=utf8 COMMENT='Country associated to Customer';

--
-- Dumping data for table `vertex_customer_country`
--


--
-- Table structure for table `vertex_invoice_sent`
--

CREATE TABLE `vertex_invoice_sent` (
  `invoice_id` int(10) unsigned NOT NULL COMMENT 'Invoice ID',
  `sent_to_vertex` tinyint(1) NOT NULL DEFAULT '0' COMMENT 'Invoice has been logged in Vertex',
  PRIMARY KEY (`invoice_id`)
) ENGINE=InnoDB DEFAULT CHARSET=utf8;

--
-- Dumping data for table `vertex_invoice_sent`
--


--
-- Table structure for table `vertex_order_invoice_status`
--

CREATE TABLE `vertex_order_invoice_status` (
  `order_id` int(10) unsigned NOT NULL COMMENT 'Order ID',
  `sent_to_vertex` tinyint(1) NOT NULL DEFAULT '0' COMMENT 'Invoice has been logged in Vertex',
  PRIMARY KEY (`order_id`)
) ENGINE=InnoDB DEFAULT CHARSET=utf8 COMMENT='Invoice has been logged in Vertex';

--
-- Dumping data for table `vertex_order_invoice_status`
--


--
-- Table structure for table `vertex_sales_creditmemo_item_invoice_text_code`
--

CREATE TABLE `vertex_sales_creditmemo_item_invoice_text_code` (
  `item_id` int(11) NOT NULL COMMENT 'Creditmemo Item ID',
  `invoice_text_code` varchar(100) NOT NULL COMMENT 'Invoice text code from Vertex',
  UNIQUE KEY `UNQ_4BC40DA748D7713ADA661D2DE1BCF161` (`item_id`,`invoice_text_code`),
  KEY `VERTEX_SALES_CREDITMEMO_ITEM_INVOICE_TEXT_CODE_ITEM_ID` (`item_id`),
  KEY `VERTEX_SALES_CREDITMEMO_ITEM_INVOICE_TEXT_CODE_INVOICE_TEXT_CODE` (`invoice_text_code`)
) ENGINE=InnoDB DEFAULT CHARSET=utf8 COMMENT='Creditmemo text code from Vertex';

--
-- Dumping data for table `vertex_sales_creditmemo_item_invoice_text_code`
--


--
-- Table structure for table `vertex_sales_creditmemo_item_tax_code`
--

CREATE TABLE `vertex_sales_creditmemo_item_tax_code` (
  `item_id` int(11) NOT NULL COMMENT 'Creditmemo Item ID',
  `tax_code` varchar(100) NOT NULL COMMENT 'Invoice text code from Vertex',
  UNIQUE KEY `VERTEX_SALES_CREDITMEMO_ITEM_TAX_CODE_ITEM_ID_TAX_CODE` (`item_id`,`tax_code`),
  KEY `VERTEX_SALES_CREDITMEMO_ITEM_TAX_CODE_ITEM_ID` (`item_id`),
  KEY `VERTEX_SALES_CREDITMEMO_ITEM_TAX_CODE_TAX_CODE` (`tax_code`)
) ENGINE=InnoDB DEFAULT CHARSET=utf8 COMMENT='Creditmemo tax code from Vertex';

--
-- Dumping data for table `vertex_sales_creditmemo_item_tax_code`
--


--
-- Table structure for table `vertex_sales_creditmemo_item_vertex_tax_code`
--

CREATE TABLE `vertex_sales_creditmemo_item_vertex_tax_code` (
  `item_id` int(11) NOT NULL COMMENT 'Creditmemo Item ID',
  `vertex_tax_code` varchar(100) NOT NULL COMMENT 'Invoice text code from Vertex',
  UNIQUE KEY `UNQ_31D7AADB3412BC7E7C1C98D5CC3A5D46` (`item_id`,`vertex_tax_code`),
  KEY `VERTEX_SALES_CREDITMEMO_ITEM_VERTEX_TAX_CODE_ITEM_ID` (`item_id`),
  KEY `VERTEX_SALES_CREDITMEMO_ITEM_VERTEX_TAX_CODE_VERTEX_TAX_CODE` (`vertex_tax_code`)
) ENGINE=InnoDB DEFAULT CHARSET=utf8 COMMENT='Creditmemo vertex tax code from Vertex';

--
-- Dumping data for table `vertex_sales_creditmemo_item_vertex_tax_code`
--


--
-- Table structure for table `vertex_sales_order_item_invoice_text_code`
--

CREATE TABLE `vertex_sales_order_item_invoice_text_code` (
  `item_id` int(10) unsigned NOT NULL COMMENT 'Order ID',
  `invoice_text_code` varchar(100) NOT NULL COMMENT 'Invoice text code from Vertex',
  UNIQUE KEY `UNQ_96F6BE3160A4185CEA4D866018EAF6DC` (`item_id`,`invoice_text_code`),
  KEY `VERTEX_SALES_ORDER_ITEM_INVOICE_TEXT_CODE_ITEM_ID` (`item_id`),
  KEY `VERTEX_SALES_ORDER_ITEM_INVOICE_TEXT_CODE_INVOICE_TEXT_CODE` (`invoice_text_code`)
) ENGINE=InnoDB DEFAULT CHARSET=utf8 COMMENT='Invoice text code from Vertex';

--
-- Dumping data for table `vertex_sales_order_item_invoice_text_code`
--


--
-- Table structure for table `vertex_sales_order_item_tax_code`
--

CREATE TABLE `vertex_sales_order_item_tax_code` (
  `item_id` int(11) NOT NULL COMMENT 'Creditmemo Item ID',
  `tax_code` varchar(100) NOT NULL COMMENT 'Invoice text code from Vertex',
  UNIQUE KEY `VERTEX_SALES_ORDER_ITEM_TAX_CODE_ITEM_ID_TAX_CODE` (`item_id`,`tax_code`),
  KEY `VERTEX_SALES_ORDER_ITEM_TAX_CODE_ITEM_ID` (`item_id`),
  KEY `VERTEX_SALES_ORDER_ITEM_TAX_CODE_TAX_CODE` (`tax_code`)
) ENGINE=InnoDB DEFAULT CHARSET=utf8 COMMENT='Invoice tax code from Vertex';

--
-- Dumping data for table `vertex_sales_order_item_tax_code`
--


--
-- Table structure for table `vertex_sales_order_item_vertex_tax_code`
--

CREATE TABLE `vertex_sales_order_item_vertex_tax_code` (
  `item_id` int(11) NOT NULL COMMENT 'Creditmemo Item ID',
  `vertex_tax_code` varchar(100) NOT NULL COMMENT 'Invoice text code from Vertex',
  UNIQUE KEY `VERTEX_SALES_ORDER_ITEM_VERTEX_TAX_CODE_ITEM_ID_VERTEX_TAX_CODE` (`item_id`,`vertex_tax_code`),
  KEY `VERTEX_SALES_ORDER_ITEM_VERTEX_TAX_CODE_ITEM_ID` (`item_id`),
  KEY `VERTEX_SALES_ORDER_ITEM_VERTEX_TAX_CODE_VERTEX_TAX_CODE` (`vertex_tax_code`)
) ENGINE=InnoDB DEFAULT CHARSET=utf8 COMMENT='Invoice Vertex tax code from Vertex';

--
-- Dumping data for table `vertex_sales_order_item_vertex_tax_code`
--


--
-- Table structure for table `vertex_taxrequest`
--

CREATE TABLE `vertex_taxrequest` (
  `request_id` bigint(20) NOT NULL AUTO_INCREMENT COMMENT 'Request Id',
  `request_type` varchar(255) NOT NULL COMMENT 'Request type',
  `quote_id` bigint(20) NOT NULL COMMENT 'Quote Id',
  `order_id` bigint(20) NOT NULL COMMENT 'Order Id',
  `total_tax` varchar(255) NOT NULL COMMENT 'Total Tax Amount',
  `source_path` varchar(255) NOT NULL COMMENT 'Source path controller_module_action',
  `tax_area_id` varchar(255) NOT NULL COMMENT 'Tax Jurisdictions Id',
  `sub_total` varchar(255) NOT NULL COMMENT 'Response Subtotal Amount',
  `total` varchar(255) NOT NULL COMMENT 'Response Total Amount',
  `lookup_result` varchar(255) NOT NULL COMMENT 'Tax Area Response Lookup Result',
  `request_date` timestamp NOT NULL DEFAULT CURRENT_TIMESTAMP COMMENT 'Request create date',
  `request_xml` text NOT NULL COMMENT 'Request XML',
  `response_xml` text NOT NULL COMMENT 'Response XML',
  `response_time` int(10) unsigned NOT NULL COMMENT 'Milliseconds taken for Vertex API call to complete',
  PRIMARY KEY (`request_id`),
  UNIQUE KEY `VERTEX_TAXREQUEST_REQUEST_ID` (`request_id`),
  KEY `VERTEX_TAXREQUEST_REQUEST_TYPE` (`request_type`),
  KEY `VERTEX_TAXREQUEST_ORDER_ID` (`order_id`)
) ENGINE=InnoDB DEFAULT CHARSET=utf8 COMMENT='The tax request table';

--
-- Dumping data for table `vertex_taxrequest`
--


--
-- Table structure for table `vertex_vat_country_code`
--

CREATE TABLE `vertex_vat_country_code` (
  `address_id` int(10) unsigned NOT NULL COMMENT 'Address ID',
  `customer_country` varchar(255) DEFAULT NULL COMMENT 'Customer Country',
  PRIMARY KEY (`address_id`)
) ENGINE=InnoDB DEFAULT CHARSET=utf8 COMMENT='Vat Country code associated to Order Address';

--
-- Dumping data for table `vertex_vat_country_code`
--


--
-- Table structure for table `weee_tax`
--

CREATE TABLE `weee_tax` (
  `value_id` int(11) NOT NULL AUTO_INCREMENT COMMENT 'Value ID',
  `website_id` smallint(5) unsigned NOT NULL DEFAULT '0' COMMENT 'Website ID',
  `entity_id` int(10) unsigned NOT NULL DEFAULT '0' COMMENT 'Entity ID',
  `country` varchar(2) DEFAULT NULL COMMENT 'Country',
  `value` decimal(12,4) NOT NULL DEFAULT '0.0000' COMMENT 'Value',
  `state` int(11) NOT NULL DEFAULT '0' COMMENT 'State',
  `attribute_id` smallint(5) unsigned NOT NULL COMMENT 'Attribute ID',
  PRIMARY KEY (`value_id`),
  KEY `WEEE_TAX_WEBSITE_ID` (`website_id`),
  KEY `WEEE_TAX_ENTITY_ID` (`entity_id`),
  KEY `WEEE_TAX_COUNTRY` (`country`),
  KEY `WEEE_TAX_ATTRIBUTE_ID` (`attribute_id`),
  CONSTRAINT `WEEE_TAX_ATTRIBUTE_ID_EAV_ATTRIBUTE_ATTRIBUTE_ID` FOREIGN KEY (`attribute_id`) REFERENCES `eav_attribute` (`attribute_id`) ON DELETE CASCADE,
  CONSTRAINT `WEEE_TAX_COUNTRY_DIRECTORY_COUNTRY_COUNTRY_ID` FOREIGN KEY (`country`) REFERENCES `directory_country` (`country_id`) ON DELETE CASCADE,
  CONSTRAINT `WEEE_TAX_ENTITY_ID_CATALOG_PRODUCT_ENTITY_ENTITY_ID` FOREIGN KEY (`entity_id`) REFERENCES `catalog_product_entity` (`entity_id`) ON DELETE CASCADE,
  CONSTRAINT `WEEE_TAX_WEBSITE_ID_STORE_WEBSITE_WEBSITE_ID` FOREIGN KEY (`website_id`) REFERENCES `store_website` (`website_id`) ON DELETE CASCADE
) ENGINE=InnoDB DEFAULT CHARSET=utf8 COMMENT='Weee Tax';

--
-- Dumping data for table `weee_tax`
--


--
-- Table structure for table `widget`
--

CREATE TABLE `widget` (
  `widget_id` int(10) unsigned NOT NULL AUTO_INCREMENT COMMENT 'Widget ID',
  `widget_code` varchar(255) DEFAULT NULL COMMENT 'Widget code for template directive',
  `widget_type` varchar(255) DEFAULT NULL COMMENT 'Widget Type',
  `parameters` text COMMENT 'Parameters',
  PRIMARY KEY (`widget_id`),
  KEY `WIDGET_WIDGET_CODE` (`widget_code`)
) ENGINE=InnoDB DEFAULT CHARSET=utf8 COMMENT='Preconfigured Widgets';

--
-- Dumping data for table `widget`
--


--
-- Table structure for table `widget_instance`
--

CREATE TABLE `widget_instance` (
  `instance_id` int(10) unsigned NOT NULL AUTO_INCREMENT COMMENT 'Instance ID',
  `instance_type` varchar(255) DEFAULT NULL COMMENT 'Instance Type',
  `theme_id` int(10) unsigned NOT NULL COMMENT 'Theme ID',
  `title` varchar(255) DEFAULT NULL COMMENT 'Widget Title',
  `store_ids` varchar(255) NOT NULL DEFAULT '0' COMMENT 'Store ids',
  `widget_parameters` text COMMENT 'Widget parameters',
  `sort_order` smallint(5) unsigned NOT NULL DEFAULT '0' COMMENT 'Sort order',
  PRIMARY KEY (`instance_id`),
  KEY `WIDGET_INSTANCE_THEME_ID_THEME_THEME_ID` (`theme_id`),
  CONSTRAINT `WIDGET_INSTANCE_THEME_ID_THEME_THEME_ID` FOREIGN KEY (`theme_id`) REFERENCES `theme` (`theme_id`) ON DELETE CASCADE
) ENGINE=InnoDB AUTO_INCREMENT=73 DEFAULT CHARSET=utf8 COMMENT='Instances of Widget for Package Theme';

--
-- Dumping data for table `widget_instance`
--

INSERT INTO `widget_instance` VALUES (1,'Rbj\\CategoryWidget\\Block\\Category\\Widget\\CategoryList',7,'Featured Products ','0','{\"page_size\":\"5\",\"conditions\":{\"1\":{\"type\":\"Magento\\\\CatalogWidget\\\\Model\\\\Rule\\\\Condition\\\\Combine\",\"aggregator\":\"all\",\"value\":\"1\",\"new_child\":\"\"},\"1--1\":{\"type\":\"Magento\\\\CatalogWidget\\\\Model\\\\Rule\\\\Condition\\\\Product\",\"attribute\":\"konica_minolta_it\",\"operator\":\"==\",\"value\":\"\"}}}',0),(2,'MageBig\\WidgetPlus\\Block\\StaticPlus',8,'MFv01 - Promo top - Few pages','0','{\"block_id\":\"promo-top\",\"widget_title\":\"\",\"classes\":\"\",\"countdown\":\"0\",\"slider\":\"0\",\"background_type\":\"1\",\"parallax_background_image\":\"wysiwyg\\/magebig\\/promo\\/partent-top.jpg\",\"background_property\":\"#ffffff repeat scroll left top\",\"background_size\":\"auto\"}',0),(3,'MageBig\\WidgetPlus\\Block\\StaticPlus',8,'MFv01 - Main Slider - Home page','0','{\"block_id\":\"main-slider-v1\",\"widget_title\":\"\",\"classes\":\"\",\"countdown\":\"0\",\"slider\":\"2\",\"autoplay\":\"6000\",\"navigation\":\"1\",\"paging\":\"1\",\"background_type\":\"0\"}',1),(4,'MageBig\\WidgetPlus\\Block\\StaticPlus',8,'MFv01 -  Selling Feature - Home page','0','{\"block_id\":\"selling-feature\",\"widget_title\":\"\",\"classes\":\"\",\"countdown\":\"0\",\"slider\":\"0\",\"background_type\":\"0\"}',1),(5,'MageBig\\WidgetPlus\\Block\\StaticPlus',8,'MFv01 -  Block Catalog - Home page','0','{\"block_id\":\"block-catalog-v1\",\"widget_title\":\"\",\"classes\":\"\",\"countdown\":\"0\",\"slider\":\"0\",\"background_type\":\"0\"}',2),(6,'MageBig\\WidgetPlus\\Block\\StaticPlus',8,'MFv01 -  Deals of the day - Home page','0','{\"block_id\":\"deals-of-the-day\",\"widget_title\":\"\",\"classes\":\"\",\"countdown\":\"1\",\"slider\":\"0\",\"background_type\":\"0\"}',3),(7,'MageBig\\WidgetPlus\\Block\\StaticPlus',8,'MFv01 -  Clothing & Apparel - Home page','0','{\"block_id\":\"block-product-01-v1\",\"widget_title\":\"\",\"classes\":\"\",\"countdown\":\"0\",\"slider\":\"0\",\"background_type\":\"0\"}',1),(8,'MageBig\\WidgetPlus\\Block\\StaticPlus',8,'MFv01 -  Computer & Techologies - Home page','0','{\"block_id\":\"block-product-02-v1\",\"widget_title\":\"\",\"classes\":\"\",\"countdown\":\"0\",\"slider\":\"0\",\"background_type\":\"0\"}',2),(9,'MageBig\\WidgetPlus\\Block\\StaticPlus',8,'MFv01 -  Consumer Electric - Home page','0','{\"block_id\":\"block-product-03-v1\",\"widget_title\":\"\",\"classes\":\"\",\"countdown\":\"0\",\"slider\":\"0\",\"background_type\":\"0\"}',3),(10,'MageBig\\WidgetPlus\\Block\\StaticPlus',8,'MFv01 -  Home, Garden & Kitchen - Home page','0','{\"block_id\":\"block-product-04-v1\",\"widget_title\":\"\",\"classes\":\"\",\"countdown\":\"0\",\"slider\":\"0\",\"background_type\":\"0\"}',4),(11,'MageBig\\WidgetPlus\\Block\\StaticPlus',8,'MFv01 -  Healthy & Beauty - Home page','0','{\"block_id\":\"block-product-05-v1\",\"widget_title\":\"\",\"classes\":\"\",\"countdown\":\"0\",\"slider\":\"0\",\"background_type\":\"0\"}',5),(12,'MageBig\\WidgetPlus\\Block\\StaticPlus',8,'MFv01 -  Footer Info - All pages','0','{\"block_id\":\"footer-info-v1\",\"widget_title\":\"\",\"classes\":\"\",\"countdown\":\"0\",\"slider\":\"0\",\"background_type\":\"0\"}',0),(13,'MageBig\\WidgetPlus\\Block\\StaticPlus',8,'MFv01 - Catalog Slider - Category page','0','{\"block_id\":\"catalog-slider-v1\",\"widget_title\":\"\",\"classes\":\"\",\"countdown\":\"0\",\"slider\":\"2\",\"autoplay\":\"5000\",\"navigation\":\"1\",\"paging\":\"0\",\"background_type\":\"0\"}',1),(14,'MageBig\\WidgetPlus\\Block\\StaticPlus',8,'MFv01 - Brand - Category page','0','{\"block_id\":\"brand-v1\",\"widget_title\":\"\",\"classes\":\"brand-carousel\",\"countdown\":\"0\",\"slider\":\"1\",\"column\":\"6\",\"margin\":\"30\",\"autoplay\":\"5000\",\"navigation\":\"0\",\"paging\":\"0\",\"x1200\":\"items:6\",\"x992\":\"items:4\",\"x768\":\"items:3\",\"x576\":\"items:2\",\"x0\":\"items:2\",\"background_type\":\"0\"}',2),(15,'MageBig\\WidgetPlus\\Block\\StaticPlus',8,'MFv01 - Categories Block - Category Page','0','{\"block_id\":\"categories-block-v1\",\"widget_title\":\"\",\"classes\":\"\",\"countdown\":\"0\",\"slider\":\"0\",\"background_type\":\"0\"}',3),(16,'Magento\\Catalog\\Block\\Widget\\RecentlyViewed',8,'MFv01 - Recently Viewed Products - Few pages','0','{\"uiComponent\":\"widget_recently_viewed\",\"page_size\":\"12\",\"show_attributes\":[\"name\",\"image\",\"price\"],\"show_buttons\":[\"add_to_cart\",\"add_to_compare\",\"add_to_wishlist\"]}',6),(17,'MageBig\\WidgetPlus\\Block\\StaticPlus',8,'MFv01 - Contact Map Info - Contact Page','0','{\"block_id\":\"contact-map-info-v1\",\"widget_title\":\"\",\"classes\":\"\",\"countdown\":\"0\",\"slider\":\"0\",\"background_type\":\"0\"}',0),(18,'MageBig\\WidgetPlus\\Block\\Product',8,'MFv01 - Recommended items - Catalog page','0','{\"widget_title\":\"Recommended Items\",\"classes\":\"widget-nav-top\",\"product_type\":\"featured\",\"product_ids\":\"3,4,5,6,7,8\",\"product_style\":\"1\",\"cache_lifetime\":\"\",\"limit\":\"10\",\"countdown\":\"0\",\"slider\":\"1\",\"row\":\"1\",\"margin\":\"30\",\"autoplay\":\"\",\"navigation\":\"1\",\"paging\":\"0\",\"column\":\"4\",\"x1600\":\"items:5\",\"x1200\":\"items:4\",\"x992\":\"items:3\",\"x768\":\"items:3\",\"x576\":\"items:2\",\"x0\":\"items:2\"}',1),(19,'MageBig\\WidgetPlus\\Block\\Product',8,'MFv01 - Best Selling - Catalog page','0','{\"widget_title\":\"Best Selling\",\"classes\":\"widget-nav-top\",\"product_type\":\"bestseller\",\"period\":\"all_time\",\"category_ids\":\"3\",\"product_style\":\"1\",\"cache_lifetime\":\"86400\",\"limit\":\"7\",\"countdown\":\"0\",\"slider\":\"1\",\"row\":\"1\",\"margin\":\"30\",\"autoplay\":\"5000\",\"navigation\":\"1\",\"paging\":\"0\",\"column\":\"4\",\"x1600\":\"items:5\",\"x1200\":\"items:4\",\"x992\":\"items:3\",\"x768\":\"items:3\",\"x576\":\"items:2,nav:false\",\"x0\":\"items:2,nav:false\"}',2),(20,'MageBig\\WidgetPlus\\Block\\Product',8,'MFv01 - Related Products - Product page','0','{\"widget_title\":\"Related Products\",\"classes\":\"widget-heading-center\",\"product_type\":\"related\",\"product_style\":\"1\",\"limit\":\"12\",\"countdown\":\"0\",\"slider\":\"1\",\"row\":\"1\",\"margin\":\"30\",\"autoplay\":\"\",\"navigation\":\"1\",\"paging\":\"0\",\"column\":\"5\",\"x1600\":\"items:6\",\"x1200\":\"items:5\",\"x992\":\"items:4\",\"x768\":\"items:3\",\"x576\":\"items:2\",\"x0\":\"items:2\"}',0),(21,'MageBig\\WidgetPlus\\Block\\Crosssell',8,'MFv01 - Cross-Sell Products - Cart page','0','{\"widget_title\":\"Cross-Sell Products\",\"classes\":\"widget-heading-center\",\"product_type\":\"crosssell\",\"product_style\":\"1\",\"limit\":\"10\",\"countdown\":\"0\",\"slider\":\"1\",\"row\":\"1\",\"margin\":\"30\",\"autoplay\":\"\",\"navigation\":\"1\",\"paging\":\"0\",\"column\":\"4\",\"x1600\":\"items:5\",\"x1200\":\"items:4\",\"x992\":\"items:3\",\"x768\":\"items:3\",\"x576\":\"items:2\",\"x0\":\"items:2\"}',0),(22,'MageBig\\WidgetPlus\\Block\\Product',8,'MFv01 - Up-Sell Products - Product page','0','{\"widget_title\":\"Up-Sell Products\",\"classes\":\"widget-heading-center\",\"product_type\":\"upsell\",\"product_style\":\"1\",\"limit\":\"10\",\"countdown\":\"0\",\"slider\":\"1\",\"row\":\"1\",\"margin\":\"30\",\"autoplay\":\"\",\"navigation\":\"0\",\"paging\":\"0\",\"column\":\"5\",\"x1200\":\"items:5\",\"x992\":\"items:4\",\"x768\":\"items:3\",\"x576\":\"items:2\",\"x0\":\"items:2\"}',2),(23,'MageBig\\WidgetPlus\\Block\\StaticPlus',9,'MFv02 - Main Slider - Block - Home page','0','{\"block_id\":\"mainslider-block-v2\",\"widget_title\":\"\",\"classes\":\"\",\"countdown\":\"0\",\"slider\":\"0\",\"background_type\":\"0\"}',0),(24,'MageBig\\WidgetPlus\\Block\\StaticPlus',9,'MFv02 - Categories Block - Home page','0','{\"block_id\":\"categories-block-v2\",\"widget_title\":\"Top Categories Of The Month\",\"classes\":\"\",\"countdown\":\"0\",\"slider\":\"0\",\"background_type\":\"0\"}',0),(25,'MageBig\\WidgetPlus\\Block\\StaticPlus',9,'MFv02 - Deals of the day - Home page','0','{\"block_id\":\"deals-of-the-day-v2\",\"widget_title\":\"\",\"classes\":\"\",\"countdown\":\"1\",\"slider\":\"0\",\"background_type\":\"0\"}',2),(26,'MageBig\\WidgetPlus\\Block\\StaticPlus',9,'MFv02 - Block content - Home page','0','{\"block_id\":\"block-content-v2\",\"widget_title\":\"\",\"classes\":\"\",\"countdown\":\"0\",\"slider\":\"0\",\"background_type\":\"0\"}',0),(27,'MageBig\\WidgetPlus\\Block\\StaticPlus',9,'MFv02 - Blog - Home page','0','{\"block_id\":\"blog-v2\",\"widget_title\":\"\",\"classes\":\"\",\"countdown\":\"0\",\"slider\":\"0\",\"background_type\":\"0\"}',1),(28,'Magento\\Catalog\\Block\\Widget\\RecentlyViewed',9,'MFv02 - Recently Viewed Products - Few pages','0','{\"uiComponent\":\"widget_recently_viewed\",\"page_size\":\"12\",\"show_attributes\":[\"name\",\"image\",\"price\"],\"show_buttons\":[\"add_to_cart\",\"add_to_compare\",\"add_to_wishlist\"]}',2),(29,'MageBig\\WidgetPlus\\Block\\StaticPlus',9,'MFv02 - Footer Info - All pages','0','{\"block_id\":\"footer-info-v2\",\"widget_title\":\"\",\"classes\":\"\",\"countdown\":\"0\",\"slider\":\"0\",\"background_type\":\"0\"}',0),(30,'MageBig\\WidgetPlus\\Block\\StaticPlus',9,'MFv02 - Contact Map Info - Contact Page','0','{\"block_id\":\"contact-map-info-v1\",\"widget_title\":\"\",\"classes\":\"\",\"countdown\":\"0\",\"slider\":\"0\",\"background_type\":\"0\"}',0),(31,'MageBig\\WidgetPlus\\Block\\Product',9,'MFv02 - Related Products - Product page','0','{\"widget_title\":\"Related Products\",\"classes\":\"widget-heading-center\",\"product_type\":\"related\",\"product_style\":\"1\",\"limit\":\"12\",\"countdown\":\"0\",\"slider\":\"1\",\"row\":\"1\",\"margin\":\"30\",\"autoplay\":\"\",\"navigation\":\"1\",\"paging\":\"0\",\"column\":\"5\",\"x1600\":\"items:6\",\"x1200\":\"items:5\",\"x992\":\"items:4\",\"x768\":\"items:3\",\"x576\":\"items:2\",\"x0\":\"items:2\"}',0),(32,'MageBig\\WidgetPlus\\Block\\Product',9,'MFv02 - Up-Sell Products - Product page','0','{\"widget_title\":\"Up-Sell Products\",\"classes\":\"widget-heading-center\",\"product_type\":\"upsell\",\"product_style\":\"1\",\"limit\":\"12\",\"countdown\":\"0\",\"slider\":\"1\",\"row\":\"1\",\"margin\":\"30\",\"autoplay\":\"\",\"navigation\":\"1\",\"paging\":\"0\",\"column\":\"5\",\"x1600\":\"items:6\",\"x1200\":\"items:5\",\"x992\":\"items:4\",\"x768\":\"items:3\",\"x576\":\"items:2\",\"x0\":\"items:2\"}',2),(33,'MageBig\\WidgetPlus\\Block\\Crosssell',9,'MFv02 - Cross-Sell Products - Cart page','0','{\"widget_title\":\"Cross-Sell Products\",\"classes\":\"widget-heading-center\",\"product_type\":\"crosssell\",\"product_style\":\"1\",\"limit\":\"12\",\"countdown\":\"0\",\"slider\":\"1\",\"row\":\"1\",\"margin\":\"30\",\"autoplay\":\"\",\"navigation\":\"1\",\"paging\":\"0\",\"column\":\"4\",\"x1600\":\"items:5\",\"x1200\":\"items:4\",\"x992\":\"items:3\",\"x768\":\"items:3\",\"x576\":\"items:2\",\"x0\":\"items:2\"}',0),(34,'MageBig\\WidgetPlus\\Block\\StaticPlus',10,'MFv03 - Main Slider - Home page','0','{\"block_id\":\"main-slider-v3\",\"widget_title\":\"\",\"classes\":\"\",\"countdown\":\"0\",\"slider\":\"2\",\"autoplay\":\"5000\",\"navigation\":\"1\",\"paging\":\"0\",\"background_type\":\"0\"}',0),(35,'MageBig\\WidgetPlus\\Block\\StaticPlus',10,'MFv03 - Block top - Home page','0','{\"block_id\":\"block-top-03\",\"widget_title\":\"\",\"classes\":\"\",\"countdown\":\"0\",\"slider\":\"0\",\"background_type\":\"0\"}',0),(36,'MageBig\\WidgetPlus\\Block\\StaticPlus',10,'MFv03 - Block Product - Home page','0','{\"block_id\":\"block-product-v3\",\"widget_title\":\"\",\"classes\":\"\",\"countdown\":\"0\",\"slider\":\"0\",\"background_type\":\"0\"}',0),(37,'MageBig\\WidgetPlus\\Block\\StaticPlus',10,'MFv03 - Testimonial - Home page','0','{\"block_id\":\"testimonial-v3\",\"widget_title\":\"\",\"classes\":\"block-testimonial-wrap\",\"countdown\":\"0\",\"slider\":\"0\",\"background_type\":\"2\",\"parallax_background_image\":\"wysiwyg\\/magebig\\/layout03\\/testimonial-bg.jpg\"}',0),(38,'MageBig\\WidgetPlus\\Block\\StaticPlus',10,'MFv03 - Blog - Home page','0','{\"block_id\":\"blog-v3\",\"widget_title\":\"\",\"classes\":\"\",\"countdown\":\"0\",\"slider\":\"0\",\"background_type\":\"0\"}',0),(39,'MageBig\\WidgetPlus\\Block\\StaticPlus',10,'MFv03 - Footer Info - All pages','0','{\"block_id\":\"footer-info-v3\",\"widget_title\":\"\",\"classes\":\"\",\"countdown\":\"0\",\"slider\":\"0\",\"background_type\":\"0\"}',0),(40,'MageBig\\WidgetPlus\\Block\\StaticPlus',10,'MFv03 - Contact Map Info - Contact Page','0','{\"block_id\":\"contact-map-info-v1\",\"widget_title\":\"\",\"classes\":\"\",\"countdown\":\"0\",\"slider\":\"0\",\"background_type\":\"0\"}',0),(41,'MageBig\\WidgetPlus\\Block\\Product',10,'MFv03 - Related Products - Product page','0','{\"widget_title\":\"Related Products\",\"classes\":\"widget-heading-center\",\"product_type\":\"related\",\"product_style\":\"6\",\"limit\":\"12\",\"countdown\":\"0\",\"slider\":\"1\",\"row\":\"1\",\"margin\":\"30\",\"autoplay\":\"\",\"navigation\":\"1\",\"paging\":\"0\",\"column\":\"5\",\"x1600\":\"items:6\",\"x1200\":\"items:5\",\"x992\":\"items:4\",\"x768\":\"items:3\",\"x576\":\"items:2\",\"x0\":\"items:2\"}',0),(42,'Magento\\Catalog\\Block\\Widget\\RecentlyViewed',10,'MFv03 - Recently Viewed Products - Few pages','0','{\"uiComponent\":\"widget_recently_viewed\",\"page_size\":\"12\",\"show_attributes\":[\"name\",\"image\",\"price\"],\"show_buttons\":[\"add_to_cart\",\"add_to_compare\",\"add_to_wishlist\"]}',2),(43,'MageBig\\WidgetPlus\\Block\\Product',10,'MFv03 - Up-Sell Products - Product page','0','{\"widget_title\":\"Up-Sell Products\",\"classes\":\"widget-heading-center\",\"product_type\":\"upsell\",\"product_style\":\"6\",\"limit\":\"12\",\"countdown\":\"0\",\"slider\":\"1\",\"row\":\"1\",\"margin\":\"30\",\"autoplay\":\"\",\"navigation\":\"1\",\"paging\":\"0\",\"column\":\"5\",\"x1600\":\"items:6\",\"x1200\":\"items:5\",\"x992\":\"items:4\",\"x768\":\"items:3\",\"x576\":\"items:2\",\"x0\":\"items:2\"}',2),(44,'MageBig\\WidgetPlus\\Block\\Crosssell',10,'MFv03 - Cross-Sell Products - Cart page','0','{\"widget_title\":\"Cross-Sell Products\",\"classes\":\"widget-heading-center\",\"product_type\":\"crosssell\",\"product_style\":\"6\",\"limit\":\"12\",\"countdown\":\"0\",\"slider\":\"1\",\"row\":\"1\",\"margin\":\"30\",\"autoplay\":\"\",\"navigation\":\"1\",\"paging\":\"0\",\"column\":\"4\",\"x1600\":\"items:5\",\"x1200\":\"items:4\",\"x992\":\"items:3\",\"x768\":\"items:3\",\"x576\":\"items:2\",\"x0\":\"items:2\"}',0),(45,'MageBig\\WidgetPlus\\Block\\StaticPlus',11,'MFv04 - Main Slider - Home page','0','{\"block_id\":\"main-slider-v4\",\"widget_title\":\"\",\"classes\":\"\",\"countdown\":\"0\",\"slider\":\"2\",\"autoplay\":\"5000\",\"navigation\":\"1\",\"paging\":\"1\",\"background_type\":\"0\"}',0),(46,'MageBig\\WidgetPlus\\Block\\StaticPlus',11,'MFv04 - Block Content - Home page','0','{\"block_id\":\"block-content-04\",\"widget_title\":\"\",\"classes\":\"\",\"countdown\":\"0\",\"slider\":\"0\",\"background_type\":\"0\"}',0),(47,'MageBig\\WidgetPlus\\Block\\StaticPlus',11,'MFv04 - Blog - Home page','0','{\"block_id\":\"blog-v4\",\"widget_title\":\"\",\"classes\":\"\",\"countdown\":\"0\",\"slider\":\"0\",\"background_type\":\"0\"}',0),(48,'Magento\\Catalog\\Block\\Widget\\RecentlyViewed',11,'MFv04 - Recently Viewed Products - Few pages','0','{\"uiComponent\":\"widget_recently_viewed\",\"page_size\":\"12\",\"show_attributes\":[\"name\",\"image\",\"price\"],\"show_buttons\":[\"add_to_cart\",\"add_to_compare\",\"add_to_wishlist\"]}',2),(49,'MageBig\\WidgetPlus\\Block\\StaticPlus',11,'MFv04 - Footer Info - All pages','0','{\"block_id\":\"footer-info-v4\",\"widget_title\":\"\",\"classes\":\"\",\"countdown\":\"0\",\"slider\":\"0\",\"background_type\":\"0\"}',0),(50,'MageBig\\WidgetPlus\\Block\\Product',11,'MFv04 - Related Products - Product page','0','{\"widget_title\":\"Related Products\",\"classes\":\"widget-heading-center\",\"product_type\":\"related\",\"product_style\":\"1\",\"limit\":\"12\",\"countdown\":\"0\",\"slider\":\"1\",\"row\":\"1\",\"margin\":\"30\",\"autoplay\":\"\",\"navigation\":\"1\",\"paging\":\"0\",\"column\":\"5\",\"x1600\":\"items:6\",\"x1200\":\"items:5\",\"x992\":\"items:4\",\"x768\":\"items:3\",\"x576\":\"items:2\",\"x0\":\"items:2\"}',0),(51,'MageBig\\WidgetPlus\\Block\\Product',11,'MFv04 - Up-Sell Products - Product page','0','{\"widget_title\":\"Up-Sell Products\",\"classes\":\"widget-heading-center\",\"product_type\":\"upsell\",\"product_style\":\"1\",\"limit\":\"12\",\"countdown\":\"0\",\"slider\":\"1\",\"row\":\"1\",\"margin\":\"30\",\"autoplay\":\"\",\"navigation\":\"1\",\"paging\":\"0\",\"column\":\"5\",\"x1600\":\"items:6\",\"x1200\":\"items:5\",\"x992\":\"items:4\",\"x768\":\"items:3\",\"x576\":\"items:2\",\"x0\":\"items:2\"}',2),(52,'MageBig\\WidgetPlus\\Block\\Crosssell',11,'MFv04 - Cross-Sell Products - Cart page','0','{\"widget_title\":\"Cross-Sell Products\",\"classes\":\"widget-heading-center\",\"product_type\":\"crosssell\",\"product_style\":\"1\",\"limit\":\"12\",\"countdown\":\"0\",\"slider\":\"1\",\"row\":\"1\",\"margin\":\"30\",\"autoplay\":\"\",\"navigation\":\"1\",\"paging\":\"0\",\"column\":\"5\",\"x1600\":\"items:5\",\"x1200\":\"items:4\",\"x992\":\"items:3\",\"x768\":\"items:3\",\"x576\":\"items:2\",\"x0\":\"items:2\"}',0),(53,'MageBig\\WidgetPlus\\Block\\StaticPlus',11,'MFv04 - Contact Map Info - Contact Page','0','{\"block_id\":\"contact-map-info-v1\",\"widget_title\":\"\",\"classes\":\"\",\"countdown\":\"0\",\"slider\":\"0\",\"background_type\":\"0\"}',0),(54,'MageBig\\WidgetPlus\\Block\\Product',11,'MFv04 - Best Selling - Catalog page','0','{\"widget_title\":\"Best Selling\",\"classes\":\"widget-nav-top\",\"product_type\":\"bestseller\",\"period\":\"all_time\",\"category_ids\":\"5\",\"product_style\":\"1\",\"cache_lifetime\":\"86400\",\"limit\":\"12\",\"countdown\":\"0\",\"slider\":\"1\",\"row\":\"1\",\"margin\":\"30\",\"autoplay\":\"5000\",\"navigation\":\"1\",\"paging\":\"0\",\"column\":\"4\",\"x1600\":\"items:5\",\"x1200\":\"items:4\",\"x992\":\"items:3\",\"x768\":\"items:3\",\"x576\":\"items:2\",\"x0\":\"items:2\"}',0),(55,'MageBig\\WidgetPlus\\Block\\StaticPlus',12,'MFv05 - Footer Info - All pages','0','{\"block_id\":\"footer-info-v5\",\"widget_title\":\"\",\"classes\":\"\",\"countdown\":\"0\",\"slider\":\"0\",\"background_type\":\"0\"}',0),(56,'MageBig\\WidgetPlus\\Block\\StaticPlus',12,'MFv05 - Contact Map Info - Contact Page','0','{\"block_id\":\"contact-map-info-v1\",\"widget_title\":\"\",\"classes\":\"\",\"countdown\":\"0\",\"slider\":\"0\",\"background_type\":\"0\"}',0),(57,'Magento\\Catalog\\Block\\Widget\\RecentlyViewed',12,'MFv05 - Recently Viewed Products - Few pages','0','{\"uiComponent\":\"widget_recently_viewed\",\"page_size\":\"12\",\"show_attributes\":[\"name\",\"image\",\"price\"],\"show_buttons\":[\"add_to_cart\",\"add_to_compare\",\"add_to_wishlist\"]}',6),(58,'MageBig\\WidgetPlus\\Block\\Product',12,'MFv05 - Related Products - Product page','0','{\"widget_title\":\"Related Products\",\"classes\":\"widget-heading-center\",\"product_type\":\"related\",\"product_style\":\"1\",\"limit\":\"12\",\"countdown\":\"0\",\"slider\":\"1\",\"row\":\"1\",\"margin\":\"30\",\"autoplay\":\"\",\"navigation\":\"1\",\"paging\":\"0\",\"column\":\"5\",\"x1600\":\"items:6\",\"x1200\":\"items:5\",\"x992\":\"items:4\",\"x768\":\"items:3\",\"x576\":\"items:2\",\"x0\":\"items:2\"}',0),(59,'MageBig\\WidgetPlus\\Block\\Product',12,'MFv05 - Up-Sell Products - Product page','0','{\"widget_title\":\"Up-Sell Products\",\"classes\":\"widget-heading-center\",\"product_type\":\"upsell\",\"product_style\":\"1\",\"limit\":\"12\",\"countdown\":\"0\",\"slider\":\"1\",\"row\":\"1\",\"margin\":\"30\",\"autoplay\":\"\",\"navigation\":\"1\",\"paging\":\"0\",\"column\":\"5\",\"x1600\":\"items:6\",\"x1200\":\"items:5\",\"x992\":\"items:4\",\"x768\":\"items:3\",\"x576\":\"items:2\",\"x0\":\"items:2\"}',2),(60,'MageBig\\WidgetPlus\\Block\\Crosssell',12,'MFv05 - Cross-Sell Products - Cart page','0','{\"widget_title\":\"Cross-Sell Products\",\"classes\":\"widget-heading-center\",\"product_type\":\"crosssell\",\"product_style\":\"1\",\"limit\":\"12\",\"countdown\":\"0\",\"slider\":\"1\",\"row\":\"1\",\"margin\":\"30\",\"autoplay\":\"\",\"navigation\":\"1\",\"paging\":\"0\",\"column\":\"4\",\"x1600\":\"items:5\",\"x1200\":\"items:4\",\"x992\":\"items:3\",\"x768\":\"items:3\",\"x576\":\"items:2\",\"x0\":\"items:2\"}',0),(61,'MageBig\\WidgetPlus\\Block\\Product',12,'MFv05 - Best Selling - Catalog page','0','{\"widget_title\":\"Best Selling \",\"classes\":\"widget-nav-top\",\"product_type\":\"bestseller\",\"period\":\"all_time\",\"category_ids\":\"3\",\"product_style\":\"1\",\"cache_lifetime\":\"86400\",\"limit\":\"12\",\"countdown\":\"0\",\"slider\":\"1\",\"row\":\"1\",\"margin\":\"30\",\"autoplay\":\"5000\",\"navigation\":\"1\",\"paging\":\"0\",\"column\":\"4\",\"x1600\":\"items:5\",\"x1200\":\"items:4\",\"x992\":\"items:3\",\"x768\":\"items:3\",\"x576\":\"items:2\",\"x0\":\"items:2\"}',0),(62,'MageBig\\WidgetPlus\\Block\\StaticPlus',13,'MFv06 - Footer Info - All pages','0','{\"block_id\":\"footer-info-v6\",\"widget_title\":\"\",\"classes\":\"\",\"countdown\":\"0\",\"slider\":\"0\",\"background_type\":\"0\"}',0),(63,'MageBig\\WidgetPlus\\Block\\StaticPlus',13,'MFv06 - Contact Map Info - Contact Page','0','{\"block_id\":\"contact-map-info-v1\",\"widget_title\":\"\",\"classes\":\"\",\"countdown\":\"0\",\"slider\":\"0\",\"background_type\":\"0\"}',0),(64,'Magento\\Catalog\\Block\\Widget\\RecentlyViewed',13,'MFv06 - Recently Viewed Products - Few pages','0','{\"uiComponent\":\"widget_recently_viewed\",\"page_size\":\"12\",\"show_attributes\":[\"name\",\"image\",\"price\"],\"show_buttons\":[\"add_to_cart\",\"add_to_compare\",\"add_to_wishlist\"]}',0),(65,'MageBig\\WidgetPlus\\Block\\Product',13,'MFv06 - Related Products - Product page','0','{\"widget_title\":\"Related Products\",\"classes\":\"widget-heading-center\",\"product_type\":\"related\",\"product_style\":\"1\",\"limit\":\"12\",\"countdown\":\"0\",\"slider\":\"1\",\"row\":\"1\",\"margin\":\"30\",\"autoplay\":\"\",\"navigation\":\"1\",\"paging\":\"0\",\"column\":\"5\",\"x1600\":\"items:6\",\"x1200\":\"items:5\",\"x992\":\"items:4\",\"x768\":\"items:3\",\"x576\":\"items:2\",\"x0\":\"items:2\"}',0),(66,'MageBig\\WidgetPlus\\Block\\Product',13,'MFv06 - Up-Sell Products - Product page','0','{\"widget_title\":\"Up-Sell Products\",\"classes\":\"widget-heading-center\",\"product_type\":\"upsell\",\"product_style\":\"1\",\"limit\":\"12\",\"countdown\":\"0\",\"slider\":\"1\",\"row\":\"1\",\"margin\":\"30\",\"autoplay\":\"\",\"navigation\":\"1\",\"paging\":\"0\",\"column\":\"4\",\"x1600\":\"items:6\",\"x1200\":\"items:5\",\"x992\":\"items:4\",\"x768\":\"items:3\",\"x576\":\"items:2\",\"x0\":\"items:2\"}',2),(67,'MageBig\\WidgetPlus\\Block\\Crosssell',13,'MFv06 - Cross-Sell Products - Cart page','0','{\"widget_title\":\"Cross-Sell Products\",\"classes\":\"widget-heading-center\",\"product_type\":\"crosssell\",\"product_style\":\"1\",\"limit\":\"12\",\"countdown\":\"0\",\"slider\":\"1\",\"row\":\"1\",\"margin\":\"30\",\"autoplay\":\"\",\"navigation\":\"1\",\"paging\":\"0\",\"column\":\"4\",\"x1600\":\"items:5\",\"x1200\":\"items:4\",\"x992\":\"items:3\",\"x768\":\"items:3\",\"x576\":\"items:2\",\"x0\":\"items:2\"}',0),(68,'MageBig\\WidgetPlus\\Block\\Product',13,'MFv06 - Best Selling - Catalog page','0','{\"widget_title\":\"Best Selling \",\"classes\":\"widget-nav-top\",\"product_type\":\"mostviewed\",\"category_ids\":\"9\",\"product_style\":\"1\",\"cache_lifetime\":\"86400\",\"limit\":\"12\",\"countdown\":\"0\",\"slider\":\"1\",\"row\":\"1\",\"margin\":\"30\",\"autoplay\":\"\",\"navigation\":\"0\",\"paging\":\"0\",\"column\":\"4\",\"x1600\":\"items:5\",\"x1200\":\"items:4\",\"x992\":\"items:3\",\"x768\":\"items:3\",\"x576\":\"items:2\",\"x0\":\"items:2\"}',0),(69,'MageBig\\WidgetPlus\\Block\\StaticPlus',13,'MFv06 - Catalog Slider - Category page','0','{\"block_id\":\"catalog-slider-v1\",\"widget_title\":\"\",\"classes\":\"\",\"countdown\":\"0\",\"slider\":\"2\",\"autoplay\":\"5000\",\"navigation\":\"1\",\"paging\":\"0\",\"background_type\":\"0\"}',1),(70,'MageBig\\WidgetPlus\\Block\\StaticPlus',13,'MFv06 - Brand - Category page','0','{\"block_id\":\"brand-v1\",\"widget_title\":\"\",\"classes\":\"\",\"countdown\":\"0\",\"slider\":\"1\",\"column\":\"6\",\"margin\":\"30\",\"autoplay\":\"5000\",\"navigation\":\"0\",\"paging\":\"0\",\"x1600\":\"items:6\",\"x1200\":\"items:6\",\"x992\":\"items:4\",\"x768\":\"items:3\",\"x576\":\"items:2\",\"x0\":\"items:2\",\"background_type\":\"0\"}',2),(71,'MageBig\\WidgetPlus\\Block\\StaticPlus',13,'MFv06 - Categories Block - Category Page','0','{\"block_id\":\"categories-block-v1\",\"widget_title\":\"\",\"classes\":\"\",\"countdown\":\"0\",\"slider\":\"0\",\"background_type\":\"0\"}',3),(72,'MageBig\\WidgetPlus\\Block\\StaticPlus',13,'MFv06 - Promo top - Few pages','0','{\"block_id\":\"promo-top-6\",\"widget_title\":\"\",\"classes\":\"\",\"countdown\":\"0\",\"slider\":\"0\",\"background_type\":\"1\",\"parallax_background_image\":\"wysiwyg\\/magebig\\/layout06\\/promo-top-partent.jpg\",\"background_property\":\" #ffffff repeat scroll left top\",\"background_size\":\"content\"}',0);

--
-- Table structure for table `widget_instance_page`
--

CREATE TABLE `widget_instance_page` (
  `page_id` int(10) unsigned NOT NULL AUTO_INCREMENT COMMENT 'Page ID',
  `instance_id` int(10) unsigned NOT NULL DEFAULT '0' COMMENT 'Instance ID',
  `page_group` varchar(25) DEFAULT NULL COMMENT 'Block Group Type',
  `layout_handle` varchar(255) DEFAULT NULL COMMENT 'Layout Handle',
  `block_reference` varchar(255) DEFAULT NULL COMMENT 'Container',
  `page_for` varchar(25) DEFAULT NULL COMMENT 'For instance entities',
  `entities` text COMMENT 'Catalog entities (comma separated)',
  `page_template` varchar(255) DEFAULT NULL COMMENT 'Path to widget template',
  PRIMARY KEY (`page_id`),
  KEY `WIDGET_INSTANCE_PAGE_INSTANCE_ID` (`instance_id`),
  CONSTRAINT `WIDGET_INSTANCE_PAGE_INSTANCE_ID_WIDGET_INSTANCE_INSTANCE_ID` FOREIGN KEY (`instance_id`) REFERENCES `widget_instance` (`instance_id`) ON DELETE CASCADE
) ENGINE=InnoDB AUTO_INCREMENT=88 DEFAULT CHARSET=utf8 COMMENT='Instance of Widget on Page';

--
-- Dumping data for table `widget_instance_page`
--

INSERT INTO `widget_instance_page` VALUES (1,2,'pages','cms_page_view','after.body.start','all','','widget/static_block.phtml'),(2,2,'anchor_categories','catalog_category_view_type_layered','after.body.start','all','','widget/static_block.phtml'),(3,2,'all_products','catalog_product_view','after.body.start','all','','widget/static_block.phtml'),(4,3,'pages','cms_index_index','main.slider.full','all','','widget/static_block.phtml'),(5,4,'pages','cms_index_index','content.top','all','','widget/static_block.phtml'),(6,5,'pages','cms_index_index','content.top','all','','widget/static_block.phtml'),(7,6,'pages','cms_index_index','content.top','all','','widget/static_block.phtml'),(8,7,'pages','cms_index_index','page.bottom.content','all','','widget/static_block.phtml'),(9,8,'pages','cms_index_index','page.bottom.content','all','','widget/static_block.phtml'),(10,9,'pages','cms_index_index','page.bottom.content','all','','widget/static_block.phtml'),(11,10,'pages','cms_index_index','page.bottom.content','all','','widget/static_block.phtml'),(12,11,'pages','cms_index_index','page.bottom.content','all','','widget/static_block.phtml'),(13,12,'all_pages','default','footer','all','','widget/static_block.phtml'),(14,13,'anchor_categories','catalog_category_view_type_layered','main.before.desktop.after.mobile','specific','3,15,17,18,19,20,21,22,23,24,16,28,25,26,27','widget/static_block.phtml'),(15,14,'anchor_categories','catalog_category_view_type_layered','main.before.desktop.after.mobile','specific','3,15,17,18,19,20,21,22,23,24,16,28,25,26,27','widget/static_block.phtml'),(16,15,'anchor_categories','catalog_category_view_type_layered','main.before.desktop.after.mobile','specific','3,15,17,18,19,20,21,22,23,24,16,28,25,26,27','widget/static_block.phtml'),(17,16,'pages','cms_index_index','page.bottom.content','all','','product/widget/viewed/grid.phtml'),(18,16,'anchor_categories','catalog_category_view_type_layered','page.bottom.content','all','','product/widget/viewed/grid.phtml'),(19,16,'all_products','catalog_product_view','page.bottom.content','all','','product/widget/viewed/grid.phtml'),(20,17,'pages','contact_index_index','main.slider.full','all','','widget/static_block.phtml'),(21,18,'anchor_categories','catalog_category_view_type_layered','content.top','specific','15','widget/product01.phtml'),(22,19,'anchor_categories','catalog_category_view_type_layered','content.top','specific','3','widget/product01.phtml'),(23,20,'all_products','catalog_product_view','content.bottom','all','','widget/product01.phtml'),(24,21,'pages','checkout_cart_index','checkout.cart.widget','all','','widget/product01.phtml'),(25,22,'all_products','catalog_product_view','content.bottom','all','','widget/product01.phtml'),(26,23,'pages','cms_index_index','main.slider.container','all','','widget/static_block.phtml'),(27,24,'pages','cms_index_index','content.top','all','','widget/static_block.phtml'),(28,25,'pages','cms_index_index','content.top','all','','widget/static_block.phtml'),(29,26,'pages','cms_index_index','content','all','','widget/static_block.phtml'),(30,27,'pages','cms_index_index','page.bottom.content','all','','widget/static_block.phtml'),(31,28,'pages','cms_index_index','page.bottom.content','all','','product/widget/viewed/grid.phtml'),(32,28,'anchor_categories','catalog_category_view_type_layered','page.bottom.content','all','','product/widget/viewed/grid.phtml'),(33,28,'all_products','catalog_product_view','page.bottom.content','all','','product/widget/viewed/grid.phtml'),(34,29,'all_pages','default','footer','all','','widget/static_block.phtml'),(35,30,'pages','contact_index_index','main.slider.full','all','','widget/static_block.phtml'),(36,31,'all_products','catalog_product_view','content.bottom','all','','widget/product01.phtml'),(37,32,'all_products','catalog_product_view','content.bottom','all','','widget/product01.phtml'),(38,33,'pages','checkout_cart_index','checkout.cart.widget','all','','widget/product01.phtml'),(39,34,'pages','cms_index_index','main.slider.full','all','','widget/static_block.phtml'),(40,35,'pages','cms_index_index','content.top','all','','widget/static_block.phtml'),(41,36,'pages','cms_index_index','content','all','','widget/static_block.phtml'),(42,37,'pages','cms_index_index','content.bottom.full','all','','widget/static_block.phtml'),(43,38,'pages','cms_index_index','page.bottom.content','all','','widget/static_block.phtml'),(44,39,'all_pages','default','footer','all','','widget/static_block.phtml'),(45,40,'pages','contact_index_index','main.slider.full','all','','widget/static_block.phtml'),(46,41,'all_products','catalog_product_view','content.bottom','all','','widget/product01.phtml'),(47,42,'pages','cms_index_index','page.bottom.content','all','','product/widget/viewed/grid.phtml'),(48,42,'anchor_categories','catalog_category_view_type_layered','page.bottom.content','all','','product/widget/viewed/grid.phtml'),(49,42,'all_products','catalog_product_view','page.bottom.content','all','','product/widget/viewed/grid.phtml'),(50,43,'all_products','catalog_product_view','content.bottom','all','','widget/product01.phtml'),(51,44,'pages','checkout_cart_index','checkout.cart.widget','all','','widget/product01.phtml'),(52,45,'pages','cms_index_index','main.slider.full','all','','widget/static_block.phtml'),(53,46,'pages','cms_index_index','content.top','all','','widget/static_block.phtml'),(54,47,'pages','cms_index_index','page.bottom.content','all','','widget/static_block.phtml'),(55,48,'pages','cms_index_index','page.bottom.content','all','','product/widget/viewed/grid.phtml'),(56,48,'anchor_categories','catalog_category_view_type_layered','page.bottom.content','all','','product/widget/viewed/grid.phtml'),(57,48,'all_products','catalog_product_view','page.bottom.content','all','','product/widget/viewed/grid.phtml'),(58,49,'all_pages','default','footer','all','','widget/static_block.phtml'),(59,50,'all_products','catalog_product_view','content.bottom','all','','widget/product01.phtml'),(60,51,'all_products','catalog_product_view','content.bottom','all','','widget/product01.phtml'),(61,52,'pages','checkout_cart_index','checkout.cart.widget','all','','widget/product01.phtml'),(62,53,'pages','contact_index_index','main.slider.full','all','','widget/static_block.phtml'),(63,54,'anchor_categories','catalog_category_view_type_layered','content.top','specific','5','widget/product01.phtml'),(64,55,'all_pages','default','footer','all','','widget/static_block.phtml'),(65,56,'pages','contact_index_index','main.slider.full','all','','widget/static_block.phtml'),(66,57,'pages','cms_index_index','content.bottom','all','','product/widget/viewed/grid.phtml'),(67,57,'anchor_categories','catalog_category_view_type_layered','page.bottom.content','all','','product/widget/viewed/grid.phtml'),(68,57,'all_products','catalog_product_view','page.bottom.content','all','','product/widget/viewed/grid.phtml'),(69,58,'all_products','catalog_product_view','content.bottom','all','','widget/product01.phtml'),(70,59,'all_products','catalog_product_view','content.bottom','all','','widget/product01.phtml'),(71,60,'pages','checkout_cart_index','checkout.cart.widget','all','','widget/product01.phtml'),(72,61,'anchor_categories','catalog_category_view_type_layered','content.top','specific','3','widget/product01.phtml'),(73,62,'all_pages','default','footer','all','','widget/static_block.phtml'),(74,63,'pages','contact_index_index','main.slider.full','all','','widget/static_block.phtml'),(75,64,'pages','cms_index_index','content.bottom','all','','product/widget/viewed/grid.phtml'),(76,64,'anchor_categories','catalog_category_view_type_layered','page.bottom.content','all','','product/widget/viewed/grid.phtml'),(77,64,'all_products','catalog_product_view','page.bottom.content','all','','product/widget/viewed/grid.phtml'),(78,65,'all_products','catalog_product_view','content.bottom','all','','widget/product01.phtml'),(79,66,'all_products','catalog_product_view','content.bottom','all','','widget/product01.phtml'),(80,67,'pages','checkout_cart_index','checkout.cart.widget','all','','widget/product01.phtml'),(81,68,'anchor_categories','catalog_category_view_type_layered','content.top','specific','9','widget/product01.phtml'),(82,69,'anchor_categories','catalog_category_view_type_layered','main.before.desktop.after.mobile','specific','3','widget/static_block.phtml'),(83,70,'anchor_categories','catalog_category_view_type_layered','main.before.desktop.after.mobile','specific','3','widget/static_block.phtml'),(84,71,'anchor_categories','catalog_category_view_type_layered','main.before.desktop.after.mobile','specific','3','widget/static_block.phtml'),(85,72,'pages','cms_page_view','after.body.start','all','','widget/static_block.phtml'),(86,72,'anchor_categories','catalog_category_view_type_layered','after.body.start','all','','widget/static_block.phtml'),(87,72,'all_products','catalog_product_view','after.body.start','all','','widget/static_block.phtml');

--
-- Table structure for table `widget_instance_page_layout`
--

CREATE TABLE `widget_instance_page_layout` (
  `page_id` int(10) unsigned NOT NULL DEFAULT '0' COMMENT 'Page ID',
  `layout_update_id` int(10) unsigned NOT NULL DEFAULT '0' COMMENT 'Layout Update ID',
  UNIQUE KEY `WIDGET_INSTANCE_PAGE_LAYOUT_LAYOUT_UPDATE_ID_PAGE_ID` (`layout_update_id`,`page_id`),
  KEY `WIDGET_INSTANCE_PAGE_LAYOUT_PAGE_ID` (`page_id`),
  CONSTRAINT `WIDGET_INSTANCE_PAGE_LAYOUT_PAGE_ID_WIDGET_INSTANCE_PAGE_PAGE_ID` FOREIGN KEY (`page_id`) REFERENCES `widget_instance_page` (`page_id`) ON DELETE CASCADE,
  CONSTRAINT `WIDGET_INSTANCE_PAGE_LYT_LYT_UPDATE_ID_LYT_UPDATE_LYT_UPDATE_ID` FOREIGN KEY (`layout_update_id`) REFERENCES `layout_update` (`layout_update_id`) ON DELETE CASCADE
) ENGINE=InnoDB DEFAULT CHARSET=utf8 COMMENT='Layout updates';

--
-- Dumping data for table `widget_instance_page_layout`
--

INSERT INTO `widget_instance_page_layout` VALUES (1,1),(2,2),(3,3),(4,4),(5,5),(6,6),(7,7),(8,8),(9,9),(10,10),(11,11),(12,12),(13,13),(14,14),(14,15),(14,16),(14,17),(14,18),(14,19),(14,20),(14,21),(14,22),(14,23),(14,24),(14,25),(14,26),(14,27),(14,28),(15,29),(15,30),(15,31),(15,32),(15,33),(15,34),(15,35),(15,36),(15,37),(15,38),(15,39),(15,40),(15,41),(15,42),(15,43),(16,44),(16,45),(16,46),(16,47),(16,48),(16,49),(16,50),(16,51),(16,52),(16,53),(16,54),(16,55),(16,56),(16,57),(16,58),(17,59),(18,60),(19,61),(20,62),(21,63),(22,64),(23,65),(24,66),(25,67),(26,68),(27,69),(28,70),(29,71),(30,72),(31,73),(32,74),(33,75),(34,76),(35,77),(36,78),(37,79),(38,80),(39,81),(40,82),(41,83),(42,84),(43,85),(44,86),(45,87),(46,88),(47,89),(48,90),(49,91),(50,92),(51,93),(52,94),(53,95),(54,96),(55,97),(56,98),(57,99),(58,100),(59,101),(60,102),(61,103),(62,104),(63,105),(64,106),(65,107),(66,108),(67,109),(68,110),(69,111),(70,112),(71,113),(72,114),(73,115),(74,116),(75,117),(76,118),(77,119),(78,120),(79,121),(80,122),(81,123),(82,124),(83,125),(84,126),(85,127),(86,128),(87,129);

--
-- Table structure for table `wishlist`
--

CREATE TABLE `wishlist` (
  `wishlist_id` int(10) unsigned NOT NULL AUTO_INCREMENT COMMENT 'Wishlist ID',
  `customer_id` int(10) unsigned NOT NULL DEFAULT '0' COMMENT 'Customer ID',
  `shared` smallint(5) unsigned NOT NULL DEFAULT '0' COMMENT 'Sharing flag (0 or 1)',
  `sharing_code` varchar(32) DEFAULT NULL COMMENT 'Sharing encrypted code',
  `updated_at` timestamp NULL DEFAULT NULL COMMENT 'Last updated date',
  PRIMARY KEY (`wishlist_id`),
  UNIQUE KEY `WISHLIST_CUSTOMER_ID` (`customer_id`),
  KEY `WISHLIST_SHARED` (`shared`),
  CONSTRAINT `WISHLIST_CUSTOMER_ID_CUSTOMER_ENTITY_ENTITY_ID` FOREIGN KEY (`customer_id`) REFERENCES `customer_entity` (`entity_id`) ON DELETE CASCADE
) ENGINE=InnoDB AUTO_INCREMENT=59 DEFAULT CHARSET=utf8 COMMENT='Wishlist main Table';

--
-- Dumping data for table `wishlist`
--

INSERT INTO `wishlist` VALUES (1,1,0,'KIQzwWpZOl0J11p0LYpsXGqlTwhLPdYx','2021-06-13 15:47:44'),(2,2,0,'yOL6kax9YUhxm1FsplEm6BzFAja4LxCc','2021-01-27 05:30:30'),(4,4,0,'EFns68L8Jzk9GxlUpXWprxgdJ4jemJ8N','2021-01-28 06:48:50'),(7,7,0,'MS2btgbk4C15W6D7AYvtONoMgvcxLjIB','2021-01-28 12:24:43'),(8,8,0,'b58U1SjElDujTVIBmWDSk5rzQwikZrxD','2021-01-28 12:28:17'),(9,9,0,'6H32diXvhKG2cTzTgOJJgT1tDUGu5etO','2021-01-28 12:34:32'),(10,10,0,'hll9rGxOzZMpquzDTpCOCbLA4X3rJltv','2021-02-01 05:37:36'),(12,12,0,'kBtmmZB4CUWhIhiZtgosA8T7MeZ4fBtF','2021-02-01 10:59:12'),(13,13,0,'Z8GHG1iS43eB647c6R6a8TYL6D5x5msp','2021-02-01 11:33:21'),(14,15,0,'zs7Idp0ZHActbC9XNQQtAk8UOE2TBL57','2021-03-17 12:39:08'),(16,17,0,'P6lbaTjM9BhqwJ5kcHdl0cCsICLcS5aC','2021-04-22 05:40:48'),(24,26,0,'knoc6vKz5RFnBAcUz4QDyo8JbXO7p9ii','2021-05-22 16:00:32'),(29,28,0,'Ca0mbLqavnF7XfPl0KOyCraD9Kux1enm','2021-06-04 06:54:47'),(30,29,0,'zqYc9isZY9LwnDGq81R2Lgg56rpB6YSE','2021-08-23 14:18:14'),(31,31,0,'G4TbiQnxxKPVFj2nusip9ocRrc7975DT','2021-08-25 08:21:24'),(32,32,0,'3HxOKf130vjkGJ4azL3ZyJzDX3lDmj0o','2021-09-15 06:54:20'),(33,33,0,'wqhFWH6mu4ItBtG27yDunZLoq7xbbuiw','2021-09-15 12:09:46'),(36,36,0,'VQKfPgfeb2yuBCYosY2GATa1mkOfPDDo','2021-10-04 12:54:05'),(38,37,0,'m76KhoMzF0p753ace2uDRjdTILMMgtBu','2021-10-06 08:01:52'),(39,38,0,'jNPIeeXMX0csYINovq1q2ozArqg9mnMh','2021-10-11 13:10:33'),(40,39,0,'w2hef6tQBhUF9PjhxJfMLVxnnKzXDbx9','2021-10-17 09:09:30'),(41,40,0,'Z4u7LExZeK9e6tnQgZh5GM1VSx31Eurj','2021-10-19 07:11:46'),(42,41,0,'As9ib9UMjtgyzXK1C2RKXfbAjMKKdB5O','2021-10-19 07:49:18'),(43,42,0,'zsxd1jcmDpBooZ0E4E2r5z1iUM7dlTZK','2021-11-06 09:21:05'),(44,43,0,'IDUM46KWM1MeHTMt9jI0jv0cCiuLBoLV','2021-11-09 10:30:31'),(45,44,0,'pS3gF6vmZTAXGpakiXn9Vn4hiSJ1w8Qa','2021-11-14 12:22:29'),(46,45,0,'MTZNczqp5Z048ZYPHAoUwA0C4hafgzaI','2021-11-23 06:17:33'),(47,46,0,'AmwFE7NVAnLNbqqVNIBgkcpjWzxqrVge','2021-11-29 13:42:27'),(48,47,0,'wpn4vfzgwOultnRNAiAHQsP8anEJc3uI','2021-12-02 12:22:47'),(49,48,0,'OUzKElkS3JgC1ASmNMLBwKGWKd9VgBct','2021-12-02 12:22:47'),(50,49,0,'Bw88vzr1Nn0CA5STyAeoFAzs2SYvn2pl','2021-12-02 16:42:05'),(51,50,0,'095paGCv2SKf4qPy8tqfx92rMGyEAT85','2021-12-07 08:32:46'),(52,51,0,'PC9HHauBRZMdCtQh3fLOF3lVzjBAZ6CJ','2021-12-07 11:49:43'),(53,52,0,'3d5YLFpeHGBpfPs6FO1RxDN1OBxifp0T','2021-12-08 10:44:45'),(54,53,0,'BdPkyP2MG9MDnv8421vCeBLRCmHCfX1W','2021-12-10 11:25:42'),(57,57,0,'KobSe6J3bwfDUNaKSUO9EexgWyKrOGye','2022-05-16 07:58:46'),(58,61,0,'fgjT2PprA9Z3zKULNrRC5T4Uf0XKsN2J','2022-05-24 20:55:53');

--
-- Table structure for table `wishlist_item`
--

CREATE TABLE `wishlist_item` (
  `wishlist_item_id` int(10) unsigned NOT NULL AUTO_INCREMENT COMMENT 'Wishlist item ID',
  `wishlist_id` int(10) unsigned NOT NULL DEFAULT '0' COMMENT 'Wishlist ID',
  `product_id` int(10) unsigned NOT NULL DEFAULT '0' COMMENT 'Product ID',
  `store_id` smallint(5) unsigned DEFAULT NULL COMMENT 'Store ID',
  `added_at` timestamp NULL DEFAULT NULL COMMENT 'Add date and time',
  `description` text COMMENT 'Short description of wish list item',
  `qty` decimal(12,4) NOT NULL COMMENT 'Qty',
  PRIMARY KEY (`wishlist_item_id`),
  KEY `WISHLIST_ITEM_WISHLIST_ID` (`wishlist_id`),
  KEY `WISHLIST_ITEM_PRODUCT_ID` (`product_id`),
  KEY `WISHLIST_ITEM_STORE_ID` (`store_id`),
  CONSTRAINT `WISHLIST_ITEM_PRODUCT_ID_CATALOG_PRODUCT_ENTITY_ENTITY_ID` FOREIGN KEY (`product_id`) REFERENCES `catalog_product_entity` (`entity_id`) ON DELETE CASCADE,
  CONSTRAINT `WISHLIST_ITEM_STORE_ID_STORE_STORE_ID` FOREIGN KEY (`store_id`) REFERENCES `store` (`store_id`) ON DELETE SET NULL,
  CONSTRAINT `WISHLIST_ITEM_WISHLIST_ID_WISHLIST_WISHLIST_ID` FOREIGN KEY (`wishlist_id`) REFERENCES `wishlist` (`wishlist_id`) ON DELETE CASCADE
) ENGINE=InnoDB AUTO_INCREMENT=31 DEFAULT CHARSET=utf8 COMMENT='Wishlist items';

--
-- Dumping data for table `wishlist_item`
--

INSERT INTO `wishlist_item` VALUES (30,1,305,1,'2021-04-05 13:43:19',NULL,1.0000);

--
-- Table structure for table `wishlist_item_option`
--

CREATE TABLE `wishlist_item_option` (
  `option_id` int(10) unsigned NOT NULL AUTO_INCREMENT COMMENT 'Option ID',
  `wishlist_item_id` int(10) unsigned NOT NULL COMMENT 'Wishlist Item ID',
  `product_id` int(10) unsigned NOT NULL COMMENT 'Product ID',
  `code` varchar(255) NOT NULL COMMENT 'Code',
  `value` text COMMENT 'Value',
  PRIMARY KEY (`option_id`),
  KEY `FK_A014B30B04B72DD0EAB3EECD779728D6` (`wishlist_item_id`),
  CONSTRAINT `FK_A014B30B04B72DD0EAB3EECD779728D6` FOREIGN KEY (`wishlist_item_id`) REFERENCES `wishlist_item` (`wishlist_item_id`) ON DELETE CASCADE
) ENGINE=InnoDB AUTO_INCREMENT=31 DEFAULT CHARSET=utf8 COMMENT='Wishlist Item Option Table';

--
-- Dumping data for table `wishlist_item_option`
--

INSERT INTO `wishlist_item_option` VALUES (30,30,305,'info_buyRequest','{\"product\":\"305\",\"uenc\":\"aHR0cHM6Ly9ob3NoYW4uYTJ6cG9ydGFscy5jby5pbi8,\",\"form_key\":\"kU9hiC1Pb3iJJ2t4\",\"action\":\"add\"}');

--
-- Table structure for table `wk_quote_conversation`
--

CREATE TABLE `wk_quote_conversation` (
  `entity_id` int(10) unsigned NOT NULL AUTO_INCREMENT COMMENT 'Entity ID',
  `sender` text COMMENT 'Sender',
  `receiver` int(11) NOT NULL DEFAULT '0' COMMENT 'Receiver',
  `conversation` text COMMENT 'Conversation',
  `quote_id` int(10) unsigned NOT NULL DEFAULT '0' COMMENT 'Quote Id',
  `created_at` timestamp NULL DEFAULT NULL COMMENT 'Creation Time',
  `attachments` text NOT NULL COMMENT 'attachments',
  PRIMARY KEY (`entity_id`),
  KEY `WK_QUOTE_CONVERSATION_QUOTE_ID_WK_QUOTES_ENTITY_ID` (`quote_id`),
  CONSTRAINT `WK_QUOTE_CONVERSATION_QUOTE_ID_WK_QUOTES_ENTITY_ID` FOREIGN KEY (`quote_id`) REFERENCES `wk_quotes` (`entity_id`) ON DELETE CASCADE
) ENGINE=InnoDB AUTO_INCREMENT=8 DEFAULT CHARSET=utf8 COMMENT='Quote Conversation Table';

--
-- Dumping data for table `wk_quote_conversation`
--

INSERT INTO `wk_quote_conversation` VALUES (3,'0',61,'Ok',3,'2022-07-20 06:36:17',''),(4,'0',61,'Ok',3,'2022-07-20 08:10:51',''),(6,'0',57,'ok',6,'2022-07-20 11:16:15',''),(7,'0',57,'Test Message ',7,'2022-08-07 07:09:06','');

--
-- Table structure for table `wk_quote_details`
--

CREATE TABLE `wk_quote_details` (
  `entity_id` int(10) unsigned NOT NULL AUTO_INCREMENT COMMENT 'Entity ID',
  `customer_id` int(10) unsigned NOT NULL DEFAULT '0' COMMENT 'Customer ID',
  `created_at` timestamp NULL DEFAULT NULL COMMENT 'Creation Time',
  `is_active` int(10) unsigned NOT NULL DEFAULT '0' COMMENT 'Is Active',
  `quote_generate` int(10) unsigned NOT NULL DEFAULT '0' COMMENT 'Quote Generated',
  `store_id` int(10) unsigned NOT NULL DEFAULT '1' COMMENT 'Store Id',
  `websites_id` int(10) unsigned NOT NULL DEFAULT '0' COMMENT 'Website Id',
  PRIMARY KEY (`entity_id`)
) ENGINE=InnoDB AUTO_INCREMENT=8 DEFAULT CHARSET=utf8 COMMENT='New Quote Table';

--
-- Dumping data for table `wk_quote_details`
--

INSERT INTO `wk_quote_details` VALUES (1,61,'2022-07-20 05:00:25',0,1,2,1),(2,61,'2022-07-20 09:30:09',0,1,2,1),(3,61,'2022-07-20 09:34:18',0,1,1,1),(4,61,'2022-07-20 12:54:10',0,1,1,1),(5,61,'2022-07-20 14:01:12',0,1,1,1),(6,57,'2022-07-20 14:06:48',0,1,1,1),(7,57,'2022-08-07 10:02:26',0,1,1,1);

--
-- Table structure for table `wk_quotes`
--

CREATE TABLE `wk_quotes` (
  `entity_id` int(10) unsigned NOT NULL AUTO_INCREMENT COMMENT 'Entity ID',
  `customer_id` int(10) unsigned NOT NULL DEFAULT '0' COMMENT 'Customer ID',
  `product_id` int(10) unsigned NOT NULL DEFAULT '0' COMMENT 'Product ID',
  `product_name` text COMMENT 'Product Name',
  `product_price` decimal(12,4) NOT NULL DEFAULT '0.0000' COMMENT 'Product Price',
  `product_option` text COMMENT 'Product Options',
  `item_id` int(10) unsigned NOT NULL DEFAULT '0' COMMENT 'Item Id',
  `quote_qty` int(10) unsigned NOT NULL DEFAULT '0' COMMENT 'Quote Quantity',
  `quote_price` decimal(12,4) NOT NULL DEFAULT '0.0000' COMMENT 'Quote Price',
  `quote_desc` text COMMENT 'Quote Description',
  `links` text COMMENT 'Product links',
  `bundle_option` text COMMENT 'Product Bundle option',
  `super_attribute` text COMMENT 'Product Super Attribute',
  `status` int(10) unsigned NOT NULL DEFAULT '0' COMMENT 'Quote status',
  `created_at` timestamp NULL DEFAULT NULL COMMENT 'Creation Time',
  `attachments` text NOT NULL COMMENT 'attachments',
  `quote_currency` text NOT NULL COMMENT 'quote currency',
  `quote_id` int(10) unsigned NOT NULL DEFAULT '0' COMMENT 'Quote Id',
  `initial_quote_price` decimal(12,4) NOT NULL DEFAULT '0.0000' COMMENT 'Initial Quote Price',
  PRIMARY KEY (`entity_id`),
  KEY `WK_QUOTES_QUOTE_ID_WK_QUOTE_DETAILS_ENTITY_ID` (`quote_id`),
  CONSTRAINT `WK_QUOTES_QUOTE_ID_WK_QUOTE_DETAILS_ENTITY_ID` FOREIGN KEY (`quote_id`) REFERENCES `wk_quote_details` (`entity_id`) ON DELETE CASCADE
) ENGINE=InnoDB AUTO_INCREMENT=8 DEFAULT CHARSET=utf8 COMMENT='Quote Table';

--
-- Dumping data for table `wk_quotes`
--

INSERT INTO `wk_quotes` VALUES (2,61,792,'Konica Minolta TN228Y Yellow Toner',410.0000,'[]',0,2,3.0000,'To Test',NULL,'[]',NULL,1,'2022-07-20 09:30:09','','SAR',2,3.0000),(3,61,792,'Konica Minolta TN228Y Yellow Toner',410.0000,NULL,5560,2,1.0000,'RFQ',NULL,NULL,NULL,2,'2022-07-20 09:34:18','/i/m/im.png','SAR',3,1.0000),(6,57,792,'Konica Minolta TN228Y Yellow Toner',410.0000,NULL,5561,2,12.0000,'1231313',NULL,NULL,NULL,4,'2022-07-20 14:06:48','','SAR',6,12.0000),(7,57,792,'Konica Minolta TN228Y Yellow Toner',410.0000,'{\"303\":\"\"}',5564,2,3.0000,'345',NULL,NULL,NULL,2,'2022-08-07 10:02:27','','SAR',7,3.0000);

--
-- Table structure for table `wkcs_cart`
--

CREATE TABLE `wkcs_cart` (
  `entity_id` int(10) unsigned NOT NULL AUTO_INCREMENT COMMENT 'Entity Id',
  `customer_id` int(10) unsigned NOT NULL DEFAULT '0' COMMENT 'Customer Id',
  `quote_id` int(10) unsigned NOT NULL DEFAULT '0' COMMENT 'Quote Id',
  `type` varchar(25) DEFAULT NULL COMMENT 'Cart request type, approval or merge',
  `status` smallint(5) unsigned NOT NULL DEFAULT '1' COMMENT 'status',
  PRIMARY KEY (`entity_id`)
) ENGINE=InnoDB DEFAULT CHARSET=utf8 COMMENT='Customer Sub-account cart/quote management';

--
-- Dumping data for table `wkcs_cart`
--


--
-- Table structure for table `wkcs_subaccounts`
--

CREATE TABLE `wkcs_subaccounts` (
  `entity_id` int(10) unsigned NOT NULL AUTO_INCREMENT COMMENT 'Entity Id',
  `customer_id` int(10) unsigned NOT NULL DEFAULT '0' COMMENT 'Customer Id',
  `main_account_id` int(10) unsigned NOT NULL DEFAULT '0' COMMENT 'main account Id',
  `parent_account_id` int(10) unsigned NOT NULL DEFAULT '0' COMMENT 'parent account Id',
  `available_permissions` text COMMENT 'available permissions',
  `forbidden_access` text COMMENT 'forbidden access',
  `status` smallint(5) unsigned NOT NULL DEFAULT '1' COMMENT 'status',
  `admin_approved` smallint(5) unsigned NOT NULL DEFAULT '1' COMMENT 'Is Approved by Admin',
  PRIMARY KEY (`entity_id`)
) ENGINE=InnoDB DEFAULT CHARSET=utf8 COMMENT='Customer Sub-account';

--
-- Dumping data for table `wkcs_subaccounts`
--


--
-- Table structure for table `worx_device`
--

CREATE TABLE `worx_device` (
  `device_id` int(10) unsigned NOT NULL AUTO_INCREMENT COMMENT 'Entity Id',
  `order_id` varchar(255) DEFAULT NULL COMMENT 'Order Id',
  `customer_id` int(11) DEFAULT NULL COMMENT 'Customer Id',
  `customer_email` varchar(255) DEFAULT NULL COMMENT 'Customer Email',
  `product_id` int(11) DEFAULT NULL COMMENT 'Product Id',
  `product_name` varchar(255) DEFAULT NULL COMMENT 'Product Name',
  `type` varchar(255) DEFAULT NULL COMMENT 'attribute set id',
  `brand` varchar(255) DEFAULT NULL COMMENT 'Brand',
  `series` varchar(255) DEFAULT NULL COMMENT 'Series',
  `model` varchar(255) DEFAULT NULL COMMENT 'Model',
  `cluster_number` varchar(255) DEFAULT NULL COMMENT 'Cluster Number',
  `meter_reading` varchar(255) DEFAULT NULL COMMENT 'Meter Reading',
  `installation_date` date DEFAULT NULL,
  `store_view` varchar(255) NOT NULL DEFAULT '' COMMENT 'Store View',
  PRIMARY KEY (`device_id`)
) ENGINE=InnoDB AUTO_INCREMENT=427 DEFAULT CHARSET=utf8 COMMENT='Worx Device';

--
-- Dumping data for table `worx_device`
--

INSERT INTO `worx_device` VALUES (1,'000000512-1',1,'johndev10@mailinator.com',306,'Konica Minolta Bizhub 4052 Mono A4 MFP','9','Konica Minolta','Bizhub','4052','33336664','550pm','2021-09-16',''),(2,'000000512-1',1,'johndev10@mailinator.com',309,'Konica Minolta Bizhub C3851 Color A4 MFP','9','Konica Minolta','Bizhub','C3851',NULL,NULL,NULL,''),(3,'S00091-1',1,'johndev10@mailinator.com',273,'Konica Minolta Bizhub 287 Mono A3 Copier','9','Konica Minolta','Bizhub','287',NULL,NULL,NULL,''),(4,'S00091-2',1,'johndev10@mailinator.com',273,'Konica Minolta Bizhub 287 Mono A3 Copier','9','Konica Minolta','Bizhub','287',NULL,NULL,NULL,''),(5,'S00091-1',1,'johndev10@mailinator.com',277,'Konica Minolta Bizhub 458e Mono A3 Copier','9','Konica Minolta','Bizhub','458e',NULL,NULL,NULL,''),(6,'000000514-1',28,'anurag@gmail.com',310,'Konica Minolta Bizhub C4050i Color A4 MFP','9','Konica Minolta','Bizhub','C4050i',NULL,NULL,NULL,''),(7,'000000514-1',28,'anurag@gmail.com',310,'Konica Minolta Bizhub C4050i Color A4 MFP','9','Konica Minolta','Bizhub','C4050i',NULL,NULL,NULL,''),(8,'000000553-1',21,'test@yopmail.com',310,'Konica Minolta Bizhub C4050i Color A4 MFP','9','Konica Minolta','Bizhub','C4050i',NULL,NULL,NULL,''),(9,'000000553-2',21,'test@yopmail.com',310,'Konica Minolta Bizhub C4050i Color A4 MFP','9','Konica Minolta','Bizhub','C4050i',NULL,NULL,NULL,''),(10,'000000553-1',21,'test@yopmail.com',16,'Konica Minolta bizhub 266i Mono A3 MFP','9','Konica Minolta','Bizhub','266i',NULL,NULL,NULL,''),(11,'000000553-2',21,'test@yopmail.com',16,'Konica Minolta bizhub 266i Mono A3 MFP','9','Konica Minolta','Bizhub','266i',NULL,NULL,NULL,''),(12,'000000578-1',21,'test@yopmail.com',310,'Konica Minolta Bizhub C4050i Color A4 MFP','9','Konica Minolta','Bizhub','C4050i',NULL,NULL,NULL,''),(13,'000000578-1',21,'test@yopmail.com',310,'Konica Minolta Bizhub C4050i Color A4 MFP','9','Konica Minolta','Bizhub','C4050i',NULL,NULL,NULL,''),(14,'000000579-1',21,'test@yopmail.com',310,'Konica Minolta Bizhub C4050i Color A4 MFP','9','Konica Minolta','Bizhub','C4050i',NULL,NULL,NULL,''),(15,'000000579-1',21,'test@yopmail.com',306,'Konica Minolta Bizhub 4052 Mono A4 MFP','9','Konica Minolta','Bizhub','4052',NULL,NULL,NULL,''),(16,'S00063',21,'test@yopmail.com',499,'Sharp AllMX-M754','4','Sharp','All','MX-M754',NULL,NULL,NULL,''),(17,'S00064',21,'test@yopmail.com',499,'Sharp AllMX-M754','4','Sharp','All','MX-M754',NULL,NULL,NULL,''),(18,'S00094-1',21,'test@yopmail.com',301,'Sharp BP-30C25T Color A3 Copier','4','Konica Minolta','Bizhub Pro','C6501',NULL,NULL,NULL,''),(19,'S00094-2',21,'test@yopmail.com',301,'Sharp BP-30C25T Color A3 Copier','4','Konica Minolta','Bizhub Pro','C6501',NULL,NULL,NULL,''),(20,'S00094-3',21,'test@yopmail.com',301,'Sharp BP-30C25T Color A3 Copier','4','Konica Minolta','Bizhub Pro','C6501',NULL,NULL,NULL,''),(21,'S00094-4',21,'test@yopmail.com',301,'Sharp BP-30C25T Color A3 Copier','4','Konica Minolta','Bizhub Pro','C6501',NULL,NULL,NULL,''),(22,'S00094-5',21,'test@yopmail.com',301,'Sharp BP-30C25T Color A3 Copier','4','Konica Minolta','Bizhub Pro','C6501',NULL,NULL,NULL,''),(23,'S00094-6',21,'test@yopmail.com',301,'Sharp BP-30C25T Color A3 Copier','4','Konica Minolta','Bizhub Pro','C6501',NULL,NULL,NULL,''),(24,'S00094-7',21,'test@yopmail.com',301,'Sharp BP-30C25T Color A3 Copier','4','Konica Minolta','Bizhub Pro','C6501',NULL,NULL,NULL,''),(25,'S00094-8',21,'test@yopmail.com',301,'Sharp BP-30C25T Color A3 Copier','4','Konica Minolta','Bizhub Pro','C6501',NULL,NULL,NULL,''),(26,'S00094-9',21,'test@yopmail.com',301,'Sharp BP-30C25T Color A3 Copier','4','Konica Minolta','Bizhub Pro','C6501','9898989898','90','2021-09-15',''),(27,'S00094-10',21,'test@yopmail.com',301,'Sharp BP-30C25T Color A3 Copier','4','Konica Minolta','Bizhub Pro','C6501',NULL,NULL,NULL,''),(28,'S00094-11',21,'test@yopmail.com',301,'Sharp BP-30C25T Color A3 Copier','4','Konica Minolta','Bizhub Pro','C6501',NULL,NULL,NULL,''),(29,'S00094-12',21,'test@yopmail.com',301,'Sharp BP-30C25T Color A3 Copier','4','Konica Minolta','Bizhub Pro','C6501',NULL,NULL,NULL,''),(30,'S00094-13',21,'test@yopmail.com',301,'Sharp BP-30C25T Color A3 Copier','4','Konica Minolta','Bizhub Pro','C6501',NULL,NULL,NULL,''),(31,'S00094-14',21,'test@yopmail.com',301,'Sharp BP-30C25T Color A3 Copier','4','Konica Minolta','Bizhub Pro','C6501',NULL,NULL,NULL,''),(32,'S00094-15',21,'test@yopmail.com',301,'Sharp BP-30C25T Color A3 Copier','4','Konica Minolta','Bizhub Pro','C6501',NULL,NULL,NULL,''),(33,'S00094-16',21,'test@yopmail.com',301,'Sharp BP-30C25T Color A3 Copier','4','Konica Minolta','Bizhub Pro','C6501',NULL,NULL,NULL,''),(34,'S00094-17',21,'test@yopmail.com',301,'Sharp BP-30C25T Color A3 Copier','4','Konica Minolta','Bizhub Pro','C6501',NULL,NULL,NULL,''),(35,'S00094-18',21,'test@yopmail.com',301,'Sharp BP-30C25T Color A3 Copier','4','Konica Minolta','Bizhub Pro','C6501',NULL,NULL,NULL,''),(36,'S00094-19',21,'test@yopmail.com',301,'Sharp BP-30C25T Color A3 Copier','4','Konica Minolta','Bizhub Pro','C6501',NULL,NULL,NULL,''),(37,'S00094-20',21,'test@yopmail.com',301,'Sharp BP-30C25T Color A3 Copier','4','Konica Minolta','Bizhub Pro','C6501',NULL,NULL,NULL,''),(38,'S00094-21',21,'test@yopmail.com',301,'Sharp BP-30C25T Color A3 Copier','4','Konica Minolta','Bizhub Pro','C6501',NULL,NULL,NULL,''),(39,'S00094-22',21,'test@yopmail.com',301,'Sharp BP-30C25T Color A3 Copier','4','Konica Minolta','Bizhub Pro','C6501',NULL,NULL,NULL,''),(40,'S00094-23',21,'test@yopmail.com',301,'Sharp BP-30C25T Color A3 Copier','4','Konica Minolta','Bizhub Pro','C6501',NULL,NULL,NULL,''),(41,'S00094-24',21,'test@yopmail.com',301,'Sharp BP-30C25T Color A3 Copier','4','Konica Minolta','Bizhub Pro','C6501',NULL,NULL,NULL,''),(42,'S00094-25',21,'test@yopmail.com',301,'Sharp BP-30C25T Color A3 Copier','4','Konica Minolta','Bizhub Pro','C6501',NULL,NULL,NULL,''),(43,'S00094-26',21,'test@yopmail.com',301,'Sharp BP-30C25T Color A3 Copier','4','Konica Minolta','Bizhub Pro','C6501',NULL,NULL,NULL,''),(44,'S00094-27',21,'test@yopmail.com',301,'Sharp BP-30C25T Color A3 Copier','4','Konica Minolta','Bizhub Pro','C6501',NULL,NULL,NULL,''),(45,'S00094-28',21,'test@yopmail.com',301,'Sharp BP-30C25T Color A3 Copier','4','Konica Minolta','Bizhub Pro','C6501',NULL,NULL,NULL,''),(46,'S00094-29',21,'test@yopmail.com',301,'Sharp BP-30C25T Color A3 Copier','4','Konica Minolta','Bizhub Pro','C6501',NULL,NULL,NULL,''),(47,'S00094-30',21,'test@yopmail.com',301,'Sharp BP-30C25T Color A3 Copier','4','Konica Minolta','Bizhub Pro','C6501',NULL,NULL,NULL,''),(48,'S00094-31',21,'test@yopmail.com',301,'Sharp BP-30C25T Color A3 Copier','4','Konica Minolta','Bizhub Pro','C6501',NULL,NULL,NULL,''),(49,'S00094-32',21,'test@yopmail.com',301,'Sharp BP-30C25T Color A3 Copier','4','Konica Minolta','Bizhub Pro','C6501',NULL,NULL,NULL,''),(50,'S00094-33',21,'test@yopmail.com',301,'Sharp BP-30C25T Color A3 Copier','4','Konica Minolta','Bizhub Pro','C6501',NULL,NULL,NULL,''),(51,'S00094-34',21,'test@yopmail.com',301,'Sharp BP-30C25T Color A3 Copier','4','Konica Minolta','Bizhub Pro','C6501',NULL,NULL,NULL,''),(52,'S00094-35',21,'test@yopmail.com',301,'Sharp BP-30C25T Color A3 Copier','4','Konica Minolta','Bizhub Pro','C6501',NULL,NULL,NULL,''),(53,'S00094-36',21,'test@yopmail.com',301,'Sharp BP-30C25T Color A3 Copier','4','Konica Minolta','Bizhub Pro','C6501',NULL,NULL,NULL,''),(54,'S00094-37',21,'test@yopmail.com',301,'Sharp BP-30C25T Color A3 Copier','4','Konica Minolta','Bizhub Pro','C6501',NULL,NULL,NULL,''),(55,'S00094-38',21,'test@yopmail.com',301,'Sharp BP-30C25T Color A3 Copier','4','Konica Minolta','Bizhub Pro','C6501',NULL,NULL,NULL,''),(56,'S00065',21,'test@yopmail.com',428,'Konica Minolta BizhubC284','4','Konica Minolta','Bizhub','C284',NULL,NULL,NULL,''),(57,'S00097-1',28,'anurag@gmail.com',388,'Bizhub Press C1085','13','Konica Minolta','Bizhub Press','C1085','89678484','90','2021-09-23',''),(58,'S00096-1',28,'anurag@gmail.com',828,'Bizhub 958','13','Konica Minolta','Bizhub Pro','958',NULL,NULL,NULL,''),(59,'000000653-1',28,'anurag@gmail.com',934,'Bizhub C3300i A4 Color Desktop Printer with Network','13','Konica Minolta','Bizhub','C3300i',NULL,NULL,NULL,''),(60,'000000653-1',28,'anurag@gmail.com',932,'Lexmark CX522ade','13','Lexmark','All','CX522ade',NULL,NULL,NULL,''),(61,'000000653-1',28,'anurag@gmail.com',929,'Bizhub 266i A3 Black Copier with Network and High Stand','13','Konica Minolta','Bizhub','C266i',NULL,NULL,NULL,''),(62,'000000654-1',28,'anurag@gmail.com',934,'Bizhub C3300i A4 Color Desktop Printer with Network','13','Konica Minolta','Bizhub','C3300i',NULL,NULL,NULL,''),(63,'000000654-1',28,'anurag@gmail.com',932,'Lexmark CX522ade','13','Lexmark','All','CX522ade',NULL,NULL,NULL,''),(64,'000000654-1',28,'anurag@gmail.com',929,'Bizhub 266i A3 Black Copier with Network and High Stand','13','Konica Minolta','Bizhub','C266i',NULL,NULL,NULL,''),(65,'000000656-1',28,'anurag@gmail.com',935,'Bizhub 4020i A4 Black Multifunction Printer with Network and High Stand','13','Konica Minolta','Bizhub','4020i',NULL,NULL,NULL,''),(66,'000000658-1',21,'test@yopmail.com',932,'Lexmark CX522ade','13','Lexmark','All','CX522ade',NULL,NULL,NULL,''),(67,'000000658-2',21,'test@yopmail.com',932,'Lexmark CX522ade','13','Lexmark','All','CX522ade',NULL,NULL,NULL,''),(68,'000000662-1',28,'anurag@gmail.com',924,'Sharp BP-20M28 A3 Black Copier with Network','13','Sharp','All','BP-20M28',NULL,NULL,NULL,''),(69,'000000661-1',21,'test@yopmail.com',301,'Sharp BP-30C25T A3 Color Copier with Network and High Stand','13','Sharp','All','BP-30C25T',NULL,NULL,NULL,''),(70,'000000663-1',28,'anurag@gmail.com',929,'Bizhub 266i A3 Black Copier with Network and High Stand','13','Konica Minolta','Bizhub','C266i',NULL,NULL,NULL,''),(71,'S00098-1',28,'anurag@gmail.com',384,'Bizhub Press 1250P','13','Konica Minolta','Bizhub Press','1250P','8881118A','90','2021-09-17',''),(72,'000000665-1',28,'anurag@gmail.com',935,'Bizhub 4020i A4 Black Multifunction Printer with Network and High Stand','13','Konica Minolta','Bizhub','4020i',NULL,NULL,NULL,''),(73,'000000673-1',21,'test@yopmail.com',302,'Sharp BP-20C20T A3 Color Copier with Network','13','Sharp','All','BP-20C20T',NULL,NULL,NULL,''),(76,'D000073',32,'venkateshwarlu.hft@gmail.com',291,'Sharp MX-M754','13 ','Sharp','All','MX-M754','123127','123','2021-09-25',''),(77,'000000742-1',21,'test@yopmail.com',935,'Bizhub 4020i A4 Black Multifunction Printer with Network and High Stand','13','Konica Minolta','Bizhub','4020i',NULL,NULL,NULL,''),(78,'000000742-2',21,'test@yopmail.com',935,'Bizhub 4020i A4 Black Multifunction Printer with Network and High Stand','13','Konica Minolta','Bizhub','4020i',NULL,NULL,NULL,''),(79,'000000742-1',21,'test@yopmail.com',829,'26 Paper Per Minute A3 & A4 Copier & Printer With Network','13','Konica Minolta','Bizhub','266i',NULL,NULL,NULL,''),(80,'000000742-2',21,'test@yopmail.com',829,'26 Paper Per Minute A3 & A4 Copier & Printer With Network','13','Konica Minolta','Bizhub','266i',NULL,NULL,NULL,''),(81,'000000743-1',21,'test@yopmail.com',936,'Bizhub C3320i A4 Color Multifunction Printer with Network and High Stand','13','Konica Minolta','Bizhub','C3320i',NULL,NULL,NULL,''),(82,'000000747-1',33,'fai.90@hotmail.com',935,'Bizhub 4020i A4 Black Multifunction Printer with Network and High Stand','13','Konica Minolta','Bizhub','4020i','8800500',NULL,'2021-10-09',''),(83,'000000753-1',33,'fai.90@hotmail.com',935,'Bizhub 4020i A4 Black Multifunction Printer with Network and High Stand','13','Konica Minolta','Bizhub','4020i',NULL,NULL,NULL,''),(84,'000000755-1',35,'fai.90@icloud.com',936,'Bizhub C3320i A4 Color Multifunction Printer with Network and High Stand','13','Konica Minolta','Bizhub','C3320i','123456789','10000','2021-10-03',''),(85,'000000754-1',35,'fai.90@icloud.com',936,'Bizhub C3320i A4 Color Multifunction Printer with Network and High Stand','13','Konica Minolta','Bizhub','C3320i',NULL,NULL,NULL,''),(86,'000000754-1',35,'fai.90@icloud.com',936,'Bizhub C3320i A4 Color Multifunction Printer with Network and High Stand','13','Konica Minolta','Bizhub','C3320i',NULL,NULL,NULL,''),(87,'S000104-1',33,'fai.90@hotmail.com',821,'Bizhub 226','13','Konica Minolta','Bizhub','226','0123456','12000','2021-10-07',''),(88,'S000104-2',33,'fai.90@hotmail.com',821,'Bizhub 226','13','Konica Minolta','Bizhub','226',NULL,NULL,NULL,''),(89,'S000104-3',33,'fai.90@hotmail.com',821,'Bizhub 226','13','Konica Minolta','Bizhub','226',NULL,NULL,NULL,''),(91,'S000104-2',33,'fai.90@hotmail.com',821,'Bizhub 226','13','Konica Minolta','Bizhub','226',NULL,NULL,NULL,''),(92,'S000104-3',33,'fai.90@hotmail.com',821,'Bizhub 226','13','Konica Minolta','Bizhub','226',NULL,NULL,NULL,''),(93,'D000089',33,'fai.90@hotmail.com',298,'Sharp MX-3561','13 ','Sharp','All','MX-3561',NULL,NULL,NULL,''),(94,'S000104-1',33,'fai.90@hotmail.com',821,'Bizhub 226','13','Konica Minolta','Bizhub','226',NULL,NULL,NULL,''),(95,'S000104-2',33,'fai.90@hotmail.com',821,'Bizhub 226','13','Konica Minolta','Bizhub','226',NULL,NULL,NULL,''),(96,'S000104-3',33,'fai.90@hotmail.com',821,'Bizhub 226','13','Konica Minolta','Bizhub','226',NULL,NULL,NULL,''),(97,'S000104-1',33,'fai.90@hotmail.com',821,'Bizhub 226','13','Konica Minolta','Bizhub','226',NULL,NULL,NULL,''),(98,'S000104-2',33,'fai.90@hotmail.com',821,'Bizhub 226','13','Konica Minolta','Bizhub','226',NULL,NULL,NULL,''),(99,'S000104-3',33,'fai.90@hotmail.com',821,'Bizhub 226','13','Konica Minolta','Bizhub','226',NULL,NULL,NULL,''),(100,'S00082',33,'fai.90@hotmail.com',935,'Bizhub 4020i A4 Black Multifunction Printer with Network and High Stand','13','Konica Minolta','Bizhub','4020i',NULL,NULL,NULL,''),(101,'000000770-1',1,'johndev10@mailinator.com',936,'Bizhub C3320i A4 Color Multifunction Printer with Network and High Stand','13','Konica Minolta','Bizhub','C3320i',NULL,NULL,NULL,''),(102,'000000770-1',1,'johndev10@mailinator.com',935,'Bizhub 4020i A4 Black Multifunction Printer with Network and High Stand','13','Konica Minolta','Bizhub','4020i',NULL,NULL,NULL,''),(103,'000000770-1',1,'johndev10@mailinator.com',936,'Bizhub C3320i A4 Color Multifunction Printer with Network and High Stand','13','Konica Minolta','Bizhub','C3320i',NULL,NULL,NULL,''),(104,'000000770-1',1,'johndev10@mailinator.com',935,'Bizhub 4020i A4 Black Multifunction Printer with Network and High Stand','13','Konica Minolta','Bizhub','4020i','8800500315',NULL,'2021-10-12',''),(105,'S00084',21,'test@yopmail.com',827,'Bizhub 658e','13','Konica Minolta','Bizhub','658E',NULL,NULL,NULL,''),(106,'S00084',21,'test@yopmail.com',827,'Bizhub 658e','13','Konica Minolta','Bizhub','658E',NULL,NULL,NULL,''),(107,'S00085',21,'test@yopmail.com',883,'Sharp MX-M5050','13','Sharp','All','MX-M5050',NULL,NULL,NULL,''),(108,'000000776-1',1,'johndev10@mailinator.com',935,'Bizhub 4020i A4 Black Multifunction Printer with Network and High Stand','13','Konica Minolta','Bizhub','4020i','997429192we',NULL,'2021-10-14',''),(109,'S00092',38,'johndev11@mailinator.com',418,'Konica Minolta Bizhub PressC70HC','4','Konica Minolta','Bizhub Press','C70HC','16sfdgh131',NULL,'2021-10-21',''),(110,'S000108-1',38,'johndev11@mailinator.com',932,'33 Prints Per Minute A4 Color Multifunction Printer with Network','13','Lexmark','Enterprise & Large Business','CX522ade','testmy123',NULL,'2021-10-12',''),(111,'S00093',21,'test@yopmail.com',885,'Sharp MX-M654','13','Sharp','All','MX-M654','1699hitest31','550pm','2021-10-14',''),(112,'D0000108',1,'johndev10@mailinator.com',291,'Sharp MX-M754','13 ','Sharp','All','MX-M754',NULL,NULL,NULL,''),(113,'S00098',21,'test@yopmail.com',391,'Accurio Print C2060L','13','Konica Minolta','Accurio Print','C2060L',NULL,NULL,NULL,''),(114,'S000111-1',1,'johndev10@mailinator.com',827,'Bizhub 658e','13','Konica Minolta','Bizhub','658E',NULL,NULL,NULL,''),(115,'S000111-2',1,'johndev10@mailinator.com',827,'Bizhub 658e','13','Konica Minolta','Bizhub','658E',NULL,NULL,NULL,''),(116,'S000111-3',1,'johndev10@mailinator.com',827,'Bizhub 658e','13','Konica Minolta','Bizhub','658E',NULL,NULL,NULL,''),(118,'S000103',38,'johndev11@mailinator.com',388,'Bizhub Press C1085','13','Konica Minolta','Bizhub Press','C1085','devtest123',NULL,'2021-10-20',''),(119,'S000107',1,'johndev10@mailinator.com',883,'Sharp MX-M5050','13','Sharp','All','MX-M5050',NULL,NULL,NULL,'2'),(120,'S000117-1',1,'johndev10@mailinator.com',874,'Sharp MX-4050','13','Sharp','All','MX-4050',NULL,NULL,NULL,'2'),(122,'S000110',41,'abeer.hoshan@hotmail.com',932,'33 Prints Per Minute A4 Color Multifunction Printer with Network','13','Lexmark','Enterprise & Large Business','CX522ade',NULL,NULL,NULL,'1'),(123,'S000110',41,'abeer.hoshan@hotmail.com',932,'33 Prints Per Minute A4 Color Multifunction Printer with Network','13','Lexmark','Enterprise & Large Business','CX522ade',NULL,NULL,NULL,'1'),(124,'000001107-1',1,'johndev10@mailinator.com',934,'33 Prints Per Minute A4 Color Printer With Network','13','Konica Minolta','Bizhub','C3300i',NULL,NULL,NULL,'1'),(125,'000001107-2',1,'johndev10@mailinator.com',934,'33 Prints Per Minute A4 Color Printer With Network','13','Konica Minolta','Bizhub','C3300i',NULL,NULL,NULL,'1'),(126,'000001107-3',1,'johndev10@mailinator.com',934,'33 Prints Per Minute A4 Color Printer With Network','13','Konica Minolta','Bizhub','C3300i',NULL,NULL,NULL,'1'),(127,'000001107-1',1,'johndev10@mailinator.com',935,'40 Prints Per Minute A4 Black Multifunction Printer With Netwrok','13','Konica Minolta','Bizhub','4020i','7896541204',NULL,'2021-10-24','1'),(128,'000001107-2',1,'johndev10@mailinator.com',935,'40 Prints Per Minute A4 Black Multifunction Printer With Netwrok','13','Konica Minolta','Bizhub','4020i',NULL,NULL,NULL,'1'),(129,'S000127-1',1,'johndev10@mailinator.com',932,'33 Prints Per Minute A4 Color Multifunction Printer with Network','13','Lexmark','Enterprise & Large Business','CX522ade',NULL,NULL,NULL,'1'),(130,'S000113',1,'johndev10@mailinator.com',873,'Sharp AR-6023','13','Sharp','All','AR-6023',NULL,NULL,NULL,'1'),(131,'S000113',1,'johndev10@mailinator.com',931,'44 Prints Per Minute A4 Black Multifunction Printer with Network','13','Lexmark','Enterprise & Large Business','MX521ade',NULL,NULL,NULL,'1'),(132,'S000113',1,'johndev10@mailinator.com',369,'Bizhub Pro 920','13','Konica Minolta','Bizhub Pro','920',NULL,NULL,NULL,'1'),(133,'D0000127',37,'ashafie@hoshangroup.com',303,'Sharp MX-2651','13 ','Sharp','All','MX-2651',NULL,NULL,NULL,''),(134,'D0000128',37,'ashafie@hoshangroup.com',291,'Sharp MX-M754','13 ','Sharp','All','MX-M754',NULL,NULL,NULL,''),(135,'D0000128',37,'ashafie@hoshangroup.com',292,'Sharp MX-M1054','13 ','Sharp','All','MX-M1054',NULL,NULL,NULL,''),(136,'D0000128',37,'ashafie@hoshangroup.com',293,'Sharp MX-M1204','13 ','Sharp','All','MX-M1204',NULL,NULL,NULL,''),(137,'000000634-1',28,'mramzy@hoshangroup.com',929,'KM Bizhub C266i','13','Konica Minolta','Bizhub','C266i',NULL,NULL,NULL,'1'),(138,'000000635-1',28,'mramzy@hoshangroup.com',929,'KM Bizhub C266i','13','Konica Minolta','Bizhub','C266i',NULL,NULL,NULL,'1'),(139,'000000636-1',28,'mramzy@hoshangroup.com',294,'Sharp MX-3051','13','Sharp','All','MX-3051',NULL,NULL,NULL,'1'),(140,'000000642-1',28,'mramzy@hoshangroup.com',935,'KM Bizhub 4020i','13','Konica Minolta','Bizhub','4020i',NULL,NULL,NULL,'1'),(141,'000000650-1',28,'mramzy@hoshangroup.com',934,'KM Bizhub C3300i ','13','Konica Minolta','Bizhub','C3300i',NULL,NULL,NULL,'1'),(142,'000000653-1',28,'mramzy@hoshangroup.com',934,'KM Bizhub C3300i ','13','Konica Minolta','Bizhub','C3300i',NULL,NULL,NULL,'1'),(143,'000000653-1',28,'mramzy@hoshangroup.com',932,'Lexmark CX522ade','13','Lexmark','Enterprise & Large Business','CX522ade',NULL,NULL,NULL,'1'),(144,'000000653-1',28,'mramzy@hoshangroup.com',929,'KM Bizhub C266i','13','Konica Minolta','Bizhub','C266i',NULL,NULL,NULL,'1'),(145,'000000654-1',28,'mramzy@hoshangroup.com',934,'KM Bizhub C3300i ','13','Konica Minolta','Bizhub','C3300i',NULL,NULL,NULL,'1'),(146,'000000654-1',28,'mramzy@hoshangroup.com',932,'Lexmark CX522ade','13','Lexmark','Enterprise & Large Business','CX522ade',NULL,NULL,NULL,'1'),(147,'000000654-1',28,'mramzy@hoshangroup.com',929,'KM Bizhub C266i','13','Konica Minolta','Bizhub','C266i',NULL,NULL,NULL,'1'),(148,'000000656-1',28,'mramzy@hoshangroup.com',935,'KM Bizhub 4020i','13','Konica Minolta','Bizhub','4020i',NULL,NULL,NULL,'1'),(149,'000000662-1',28,'mramzy@hoshangroup.com',924,'Sharp BP-20M28','13','Sharp','All','BP-20M28',NULL,NULL,NULL,'1'),(150,'000000663-1',28,'mramzy@hoshangroup.com',929,'KM Bizhub C266i','13','Konica Minolta','Bizhub','C266i',NULL,NULL,NULL,'1'),(151,'000000665-1',28,'mramzy@hoshangroup.com',935,'KM Bizhub 4020i','13','Konica Minolta','Bizhub','4020i',NULL,NULL,NULL,'1'),(153,'000001653-1',38,'johndev11@mailinator.com',932,'33 Prints Per Minute A4 Colour Multifunction Printer with Network','13','Lexmark','Enterprise & Large Business','CX522ade',NULL,NULL,NULL,'1'),(154,'000001653-1',38,'johndev11@mailinator.com',932,'33 Prints Per Minute A4 Colour Multifunction Printer with Network','13','Lexmark','Enterprise & Large Business','CX522ade',NULL,NULL,NULL,'1'),(155,'000000634-1',28,'sureshkumar.konda@ambab.com',929,'Bizhub 266i A3 Black Copier with Network and High Stand','13','Konica Minolta','Bizhub','C266i',NULL,NULL,NULL,'1'),(156,'000000635-1',28,'sureshkumar.konda@ambab.com',929,'Bizhub 266i A3 Black Copier with Network and High Stand','13','Konica Minolta','Bizhub','C266i',NULL,NULL,NULL,'1'),(157,'000000636-1',28,'sureshkumar.konda@ambab.com',294,'Sharp MX-3051 A3 Color Copier with Network and High Stand','13','Sharp','All','MX-3051',NULL,NULL,NULL,'1'),(158,'000000642-1',28,'sureshkumar.konda@ambab.com',935,'Bizhub 4020i A4 Black Multifunction Printer with Network and High Stand','13','Konica Minolta','Bizhub','4020i',NULL,NULL,NULL,'1'),(159,'000000650-1',28,'sureshkumar.konda@ambab.com',934,'Bizhub C3300i A4 Color Desktop Printer with Network','13','Konica Minolta','Bizhub','C3300i',NULL,NULL,NULL,'1'),(160,'000000653-1',28,'sureshkumar.konda@ambab.com',934,'Bizhub C3300i A4 Color Desktop Printer with Network','13','Konica Minolta','Bizhub','C3300i',NULL,NULL,NULL,'1'),(161,'000000653-1',28,'sureshkumar.konda@ambab.com',932,'Lexmark CX522ade','13','Lexmark','Enterprise & Large Business','CX522ade',NULL,NULL,NULL,'1'),(162,'000000653-1',28,'sureshkumar.konda@ambab.com',929,'Bizhub 266i A3 Black Copier with Network and High Stand','13','Konica Minolta','Bizhub','C266i',NULL,NULL,NULL,'1'),(163,'000000654-1',28,'sureshkumar.konda@ambab.com',934,'Bizhub C3300i A4 Color Desktop Printer with Network','13','Konica Minolta','Bizhub','C3300i',NULL,NULL,NULL,'1'),(164,'000000654-1',28,'sureshkumar.konda@ambab.com',932,'Lexmark CX522ade','13','Lexmark','Enterprise & Large Business','CX522ade',NULL,NULL,NULL,'1'),(165,'000000654-1',28,'sureshkumar.konda@ambab.com',929,'Bizhub 266i A3 Black Copier with Network and High Stand','13','Konica Minolta','Bizhub','C266i',NULL,NULL,NULL,'1'),(166,'000000656-1',28,'sureshkumar.konda@ambab.com',935,'Bizhub 4020i A4 Black Multifunction Printer with Network and High Stand','13','Konica Minolta','Bizhub','4020i',NULL,NULL,NULL,'1'),(167,'000000662-1',28,'sureshkumar.konda@ambab.com',924,'Sharp BP-20M28 A3 Black Copier with Network','13','Sharp','All','BP-20M28',NULL,NULL,NULL,'1'),(168,'000000663-1',28,'sureshkumar.konda@ambab.com',929,'Bizhub 266i A3 Black Copier with Network and High Stand','13','Konica Minolta','Bizhub','C266i',NULL,NULL,NULL,'1'),(169,'000000665-1',28,'sureshkumar.konda@ambab.com',935,'Bizhub 4020i A4 Black Multifunction Printer with Network and High Stand','13','Konica Minolta','Bizhub','4020i',NULL,NULL,NULL,'1'),(170,'000000634-1',28,'sureshkumar.konda@gmail.com',929,'Bizhub 266i A3 Black Copier with Network and High Stand','13','Konica Minolta','Bizhub','C266i',NULL,NULL,NULL,'1'),(171,'000000635-1',28,'sureshkumar.konda@gmail.com',929,'Bizhub 266i A3 Black Copier with Network and High Stand','13','Konica Minolta','Bizhub','C266i',NULL,NULL,NULL,'1'),(172,'000000636-1',28,'sureshkumar.konda@gmail.com',294,'Sharp MX-3051 A3 Color Copier with Network and High Stand','13','Sharp','All','MX-3051',NULL,NULL,NULL,'1'),(173,'000000642-1',28,'sureshkumar.konda@gmail.com',935,'Bizhub 4020i A4 Black Multifunction Printer with Network and High Stand','13','Konica Minolta','Bizhub','4020i',NULL,NULL,NULL,'1'),(174,'000000650-1',28,'sureshkumar.konda@gmail.com',934,'Bizhub C3300i A4 Color Desktop Printer with Network','13','Konica Minolta','Bizhub','C3300i',NULL,NULL,NULL,'1'),(175,'000000653-1',28,'sureshkumar.konda@gmail.com',934,'Bizhub C3300i A4 Color Desktop Printer with Network','13','Konica Minolta','Bizhub','C3300i',NULL,NULL,NULL,'1'),(176,'000000653-1',28,'sureshkumar.konda@gmail.com',932,'Lexmark CX522ade','13','Lexmark','Enterprise & Large Business','CX522ade',NULL,NULL,NULL,'1'),(177,'000000653-1',28,'sureshkumar.konda@gmail.com',929,'Bizhub 266i A3 Black Copier with Network and High Stand','13','Konica Minolta','Bizhub','C266i',NULL,NULL,NULL,'1'),(178,'000000654-1',28,'sureshkumar.konda@gmail.com',934,'Bizhub C3300i A4 Color Desktop Printer with Network','13','Konica Minolta','Bizhub','C3300i',NULL,NULL,NULL,'1'),(179,'000000654-1',28,'sureshkumar.konda@gmail.com',932,'Lexmark CX522ade','13','Lexmark','Enterprise & Large Business','CX522ade',NULL,NULL,NULL,'1'),(180,'000000654-1',28,'sureshkumar.konda@gmail.com',929,'Bizhub 266i A3 Black Copier with Network and High Stand','13','Konica Minolta','Bizhub','C266i',NULL,NULL,NULL,'1'),(181,'000000656-1',28,'sureshkumar.konda@gmail.com',935,'Bizhub 4020i A4 Black Multifunction Printer with Network and High Stand','13','Konica Minolta','Bizhub','4020i',NULL,NULL,NULL,'1'),(182,'000000662-1',28,'sureshkumar.konda@gmail.com',924,'Sharp BP-20M28 A3 Black Copier with Network','13','Sharp','All','BP-20M28',NULL,NULL,NULL,'1'),(183,'000000663-1',28,'sureshkumar.konda@gmail.com',929,'Bizhub 266i A3 Black Copier with Network and High Stand','13','Konica Minolta','Bizhub','C266i',NULL,NULL,NULL,'1'),(184,'000000665-1',28,'sureshkumar.konda@gmail.com',935,'Bizhub 4020i A4 Black Multifunction Printer with Network and High Stand','13','Konica Minolta','Bizhub','4020i',NULL,NULL,NULL,'1'),(185,'000001944-1',1,'johndev10@mailinator.com',294,'30 Prints Per Minute A3 / A4 Colour Multifunction Copier With Network','13','Sharp','All','MX-3051',NULL,NULL,NULL,'1'),(186,'000001944-2',1,'johndev10@mailinator.com',294,'30 Prints Per Minute A3 / A4 Colour Multifunction Copier With Network','13','Sharp','All','MX-3051',NULL,NULL,NULL,'1'),(187,'000001944-3',1,'johndev10@mailinator.com',294,'30 Prints Per Minute A3 / A4 Colour Multifunction Copier With Network','13','Sharp','All','MX-3051',NULL,NULL,NULL,'1'),(188,'000001944-1',1,'johndev10@mailinator.com',929,'26 Prints Per Minute A3 / A4 Colour Multifunction Copier With Network','13','Konica Minolta','Bizhub','C266i',NULL,NULL,NULL,'1'),(189,'000001944-2',1,'johndev10@mailinator.com',929,'26 Prints Per Minute A3 / A4 Colour Multifunction Copier With Network','13','Konica Minolta','Bizhub','C266i',NULL,NULL,NULL,'1'),(190,'000001944-1',1,'johndev10@mailinator.com',930,'22 Prints Per Minute A3 / A4 Colour Multifunction Copier With Network','13','Konica Minolta','Bizhub','C226i',NULL,NULL,NULL,'1'),(191,'000001944-2',1,'johndev10@mailinator.com',930,'22 Prints Per Minute A3 / A4 Colour Multifunction Copier With Network','13','Konica Minolta','Bizhub','C226i',NULL,NULL,NULL,'1'),(192,'000001944-3',1,'johndev10@mailinator.com',930,'22 Prints Per Minute A3 / A4 Colour Multifunction Copier With Network','13','Konica Minolta','Bizhub','C226i',NULL,NULL,NULL,'1'),(193,'S000145',1,'johndev10@mailinator.com',930,'KM Bizhub C226i','13','Konica Minolta','Bizhub','C226i',NULL,NULL,NULL,'1'),(194,'S000146',1,'johndev10@mailinator.com',932,'Lexmark CX522ade','13','Lexmark','Enterprise & Large Business','CX522ade',NULL,NULL,NULL,'1'),(195,'S000146',1,'johndev10@mailinator.com',931,'Lexmark MX521ade','13','Lexmark','Enterprise & Large Business','MX521ade',NULL,NULL,NULL,'1'),(196,'S000146',1,'johndev10@mailinator.com',932,'Lexmark CX522ade','13','Lexmark','Enterprise & Large Business','CX522ade',NULL,NULL,NULL,'1'),(197,'S000146',1,'johndev10@mailinator.com',931,'Lexmark MX521ade','13','Lexmark','Enterprise & Large Business','MX521ade',NULL,NULL,NULL,'1'),(198,'000001947-1',1,'johndev10@mailinator.com',294,'30 Prints Per Minute A3 / A4 Colour Multifunction Copier With Network','13','Sharp','All','MX-3051',NULL,NULL,NULL,'1'),(199,'000001947-1',1,'johndev10@mailinator.com',929,'26 Prints Per Minute A3 / A4 Colour Multifunction Copier With Network','13','Konica Minolta','Bizhub','C266i',NULL,NULL,NULL,'1'),(200,'000001947-2',1,'johndev10@mailinator.com',929,'26 Prints Per Minute A3 / A4 Colour Multifunction Copier With Network','13','Konica Minolta','Bizhub','C266i',NULL,NULL,NULL,'1'),(201,'S000151-1',1,'johndev10@mailinator.com',420,'Bizhub ProC8000','4','Konica Minolta','Bizhub Pro','C8000',NULL,NULL,NULL,'1'),(202,'S000151-2',1,'johndev10@mailinator.com',420,'Bizhub ProC8000','4','Konica Minolta','Bizhub Pro','C8000',NULL,NULL,NULL,'1'),(203,'S000151-1',1,'johndev10@mailinator.com',878,NULL,'13','Sharp','All','MX-M356',NULL,NULL,NULL,'1'),(204,'S000151-2',1,'johndev10@mailinator.com',878,NULL,'13','Sharp','All','MX-M356',NULL,NULL,NULL,'1'),(205,'S000151-3',1,'johndev10@mailinator.com',878,NULL,'13','Sharp','All','MX-M356',NULL,NULL,NULL,'1'),(206,'S000151-4',1,'johndev10@mailinator.com',878,NULL,'13','Sharp','All','MX-M356',NULL,NULL,NULL,'1'),(207,'S000151-1',1,'johndev10@mailinator.com',932,'Lexmark CX522ade','13','Lexmark','Enterprise & Large Business','CX522ade',NULL,NULL,NULL,'1'),(208,'S000151-2',1,'johndev10@mailinator.com',932,'Lexmark CX522ade','13','Lexmark','Enterprise & Large Business','CX522ade',NULL,NULL,NULL,'1'),(209,'S000151-3',1,'johndev10@mailinator.com',932,'Lexmark CX522ade','13','Lexmark','Enterprise & Large Business','CX522ade',NULL,NULL,NULL,'1'),(210,'S000152-1',1,'johndev10@mailinator.com',877,NULL,'13','Sharp','All','MX-M315',NULL,NULL,NULL,'1'),(211,'S000152-2',1,'johndev10@mailinator.com',877,NULL,'13','Sharp','All','MX-M315',NULL,NULL,NULL,'1'),(212,'S000152-1',1,'johndev10@mailinator.com',885,NULL,'13','Sharp','All','MX-M654',NULL,NULL,NULL,'1'),(213,'S000152-2',1,'johndev10@mailinator.com',885,NULL,'13','Sharp','All','MX-M654',NULL,NULL,NULL,'1'),(214,'S000152-3',1,'johndev10@mailinator.com',885,NULL,'13','Sharp','All','MX-M654',NULL,NULL,NULL,'1'),(215,'S000152-4',1,'johndev10@mailinator.com',885,NULL,'13','Sharp','All','MX-M654',NULL,NULL,NULL,'1'),(216,'S000152-1',1,'johndev10@mailinator.com',931,'Lexmark MX521ade','13','Lexmark','Enterprise & Large Business','MX521ade',NULL,NULL,NULL,'1'),(217,'S000152-2',1,'johndev10@mailinator.com',931,'Lexmark MX521ade','13','Lexmark','Enterprise & Large Business','MX521ade',NULL,NULL,NULL,'1'),(218,'S000152-3',1,'johndev10@mailinator.com',931,'Lexmark MX521ade','13','Lexmark','Enterprise & Large Business','MX521ade',NULL,NULL,NULL,'1'),(219,'S000152-4',1,'johndev10@mailinator.com',931,'Lexmark MX521ade','13','Lexmark','Enterprise & Large Business','MX521ade',NULL,NULL,NULL,'1'),(220,'S000152-5',1,'johndev10@mailinator.com',931,'Lexmark MX521ade','13','Lexmark','Enterprise & Large Business','MX521ade',NULL,NULL,NULL,'1'),(221,'S000152-6',1,'johndev10@mailinator.com',931,'Lexmark MX521ade','13','Lexmark','Enterprise & Large Business','MX521ade',NULL,NULL,NULL,'1'),(222,'S000152-1',1,'johndev10@mailinator.com',932,'Lexmark CX522ade','13','Lexmark','Enterprise & Large Business','CX522ade',NULL,NULL,NULL,'1'),(223,'S000152-2',1,'johndev10@mailinator.com',932,'Lexmark CX522ade','13','Lexmark','Enterprise & Large Business','CX522ade',NULL,NULL,NULL,'1'),(224,'S000152-3',1,'johndev10@mailinator.com',932,'Lexmark CX522ade','13','Lexmark','Enterprise & Large Business','CX522ade',NULL,NULL,NULL,'1'),(225,'S000152-4',1,'johndev10@mailinator.com',932,'Lexmark CX522ade','13','Lexmark','Enterprise & Large Business','CX522ade',NULL,NULL,NULL,'1'),(226,'S000152-5',1,'johndev10@mailinator.com',932,'Lexmark CX522ade','13','Lexmark','Enterprise & Large Business','CX522ade',NULL,NULL,NULL,'1'),(227,'S000152-6',1,'johndev10@mailinator.com',932,'Lexmark CX522ade','13','Lexmark','Enterprise & Large Business','CX522ade',NULL,NULL,NULL,'1'),(228,'S000152-7',1,'johndev10@mailinator.com',932,'Lexmark CX522ade','13','Lexmark','Enterprise & Large Business','CX522ade',NULL,NULL,NULL,'1'),(229,'S000152-8',1,'johndev10@mailinator.com',932,'Lexmark CX522ade','13','Lexmark','Enterprise & Large Business','CX522ade',NULL,NULL,NULL,'1'),(230,'2000000047-1',26,'abed.kabalan@gmail.com',923,'شارب BP-30M31 آلة تصوير A3 مع شبكة و قاعدة عالية- أسود','13','Sharp','All','BP-30M31','111444555','0','2021-11-28','2'),(231,'S000148',26,'abed.kabalan@gmail.com',831,'Bizhub C226','13','Konica Minolta','Bizhub','C226','111444666','-25','2021-11-29','1'),(232,'S000148',26,'abed.kabalan@gmail.com',885,'Sharp MX-M654','13','Sharp','All','MX-M654','0987',NULL,'2021-12-29','1'),(233,'S000148',26,'abed.kabalan@gmail.com',831,'Bizhub C226','13','Konica Minolta','Bizhub','C226',NULL,NULL,NULL,'1'),(234,'S000148',26,'abed.kabalan@gmail.com',885,'Sharp MX-M654','13','Sharp','All','MX-M654',NULL,NULL,NULL,'1'),(235,'S000151',26,'abed.kabalan@gmail.com',335,'Konica Minolta Bizhub211','13','Konica Minolta','Bizhub','210',NULL,NULL,NULL,'1'),(236,'S000154-1',26,'abed.kabalan@gmail.com',831,'Bizhub C226','13','Konica Minolta','Bizhub','C226','0002',NULL,'2021-11-29','1'),(237,'S000154-2',26,'abed.kabalan@gmail.com',831,'Bizhub C226','13','Konica Minolta','Bizhub','C226','0001',NULL,'2021-11-29','1'),(240,'000001986-1',36,'falduhaim@hoshangroup.com',936,'33 Prints Per Minute A4 Colour Multifunction Printer With Network','13','Konica Minolta','Bizhub','C3320i',NULL,NULL,NULL,'1'),(241,'000001987-1',46,'akabalan@hoshangroup.com',930,'22 Prints Per Minute A3 / A4 Colour Multifunction Copier With Network','13','Konica Minolta','Bizhub','C226i',NULL,NULL,NULL,'1'),(242,'000001987-1',46,'akabalan@hoshangroup.com',936,'33 Prints Per Minute A4 Colour Multifunction Printer With Network','13','Konica Minolta','Bizhub','C3320i',NULL,NULL,NULL,'1'),(243,'000001987-1',46,'akabalan@hoshangroup.com',930,'22 Prints Per Minute A3 / A4 Colour Multifunction Copier With Network','13','Konica Minolta','Bizhub','C226i',NULL,NULL,NULL,'1'),(244,'000001987-1',46,'akabalan@hoshangroup.com',936,'33 Prints Per Minute A4 Colour Multifunction Printer With Network','13','Konica Minolta','Bizhub','C3320i',NULL,NULL,NULL,'1'),(245,'S000152',46,'akabalan@hoshangroup.com',391,'Konica Minolta BizhubC220','13','Konica Minolta','Accurio Print','C2060L',NULL,NULL,NULL,'1'),(246,'S000152',46,'akabalan@hoshangroup.com',391,'Konica Minolta BizhubC220','13','Konica Minolta','Accurio Print','C2060L',NULL,NULL,NULL,'1'),(247,'S000155-1',46,'akabalan@hoshangroup.com',291,'Sharp MX-M754N','13','Sharp','All','MX-M754','001122334455',NULL,'2021-12-14','1'),(248,'S000160-1',43,'tanurag@godrej.com',830,'Bizhub 306i','13','Konica Minolta','Bizhub','306i',NULL,NULL,NULL,'1'),(249,'S000160-2',43,'tanurag@godrej.com',830,'Bizhub 306i','13','Konica Minolta','Bizhub','306i',NULL,NULL,NULL,'1'),(250,'S000160-3',43,'tanurag@godrej.com',830,'Bizhub 306i','13','Konica Minolta','Bizhub','306i',NULL,NULL,NULL,'1'),(251,'S000160-4',43,'tanurag@godrej.com',830,'Bizhub 306i','13','Konica Minolta','Bizhub','306i',NULL,NULL,NULL,'1'),(252,'S000160-5',43,'tanurag@godrej.com',830,'Bizhub 306i','13','Konica Minolta','Bizhub','306i',NULL,NULL,NULL,'1'),(253,'S000160-6',43,'tanurag@godrej.com',830,'Bizhub 306i','13','Konica Minolta','Bizhub','306i',NULL,NULL,NULL,'1'),(254,'S000160-7',43,'tanurag@godrej.com',830,'Bizhub 306i','13','Konica Minolta','Bizhub','306i',NULL,NULL,NULL,'1'),(255,'S000154',1,'johndev10@mailinator.com',327,'Konica Minolta Bizhub36','13','Konica Minolta','Bizhub','36',NULL,NULL,NULL,'1'),(256,'S000164-1',1,'johndev10@mailinator.com',825,NULL,'13','Konica Minolta','Bizhub','458E',NULL,NULL,NULL,'1'),(257,'S000164-2',1,'johndev10@mailinator.com',825,NULL,'13','Konica Minolta','Bizhub','458E',NULL,NULL,NULL,'1'),(258,'S000164-3',1,'johndev10@mailinator.com',825,NULL,'13','Konica Minolta','Bizhub','458E',NULL,NULL,NULL,'1'),(259,'S000164-4',1,'johndev10@mailinator.com',825,NULL,'13','Konica Minolta','Bizhub','458E',NULL,NULL,NULL,'1'),(260,'S000164-1',1,'johndev10@mailinator.com',345,'Konica Minolta Bizhub350','13','Konica Minolta','Bizhub','362',NULL,NULL,NULL,'1'),(261,'S000164-2',1,'johndev10@mailinator.com',345,'Konica Minolta Bizhub350','13','Konica Minolta','Bizhub','362',NULL,NULL,NULL,'1'),(262,'S000164-1',1,'johndev10@mailinator.com',399,'Konica Minolta BizhubC284E','4','Konica Minolta','Bizhub','C284E',NULL,NULL,NULL,'1'),(263,'S000164-2',1,'johndev10@mailinator.com',399,'Konica Minolta BizhubC284E','4','Konica Minolta','Bizhub','C284E',NULL,NULL,NULL,'1'),(264,'S000164-3',1,'johndev10@mailinator.com',399,'Konica Minolta BizhubC284E','4','Konica Minolta','Bizhub','C284E',NULL,NULL,NULL,'1'),(265,'S000164-4',1,'johndev10@mailinator.com',399,'Konica Minolta BizhubC284E','4','Konica Minolta','Bizhub','C284E',NULL,NULL,NULL,'1'),(266,'S000164-5',1,'johndev10@mailinator.com',399,'Konica Minolta BizhubC284E','4','Konica Minolta','Bizhub','C284E',NULL,NULL,NULL,'1'),(267,'S000164-6',1,'johndev10@mailinator.com',399,'Konica Minolta BizhubC284E','4','Konica Minolta','Bizhub','C284E',NULL,NULL,NULL,'1'),(268,'S000164-7',1,'johndev10@mailinator.com',399,'Konica Minolta BizhubC284E','4','Konica Minolta','Bizhub','C284E',NULL,NULL,NULL,'1'),(269,'S000164-8',1,'johndev10@mailinator.com',399,'Konica Minolta BizhubC284E','4','Konica Minolta','Bizhub','C284E',NULL,NULL,NULL,'1'),(270,'S000164-1',1,'johndev10@mailinator.com',388,'Konica Minolta BizhubC200','13','Konica Minolta','Bizhub Press','C1085',NULL,NULL,NULL,'1'),(271,'S000164-2',1,'johndev10@mailinator.com',388,'Konica Minolta BizhubC200','13','Konica Minolta','Bizhub Press','C1085',NULL,NULL,NULL,'1'),(272,'S000164-3',1,'johndev10@mailinator.com',388,'Konica Minolta BizhubC200','13','Konica Minolta','Bizhub Press','C1085',NULL,NULL,NULL,'1'),(273,'S000164-1',1,'johndev10@mailinator.com',418,'Konica Minolta Bizhub PressC70HC','4','Konica Minolta','Bizhub Press','C70HC',NULL,NULL,NULL,'1'),(274,'S000164-2',1,'johndev10@mailinator.com',418,'Konica Minolta Bizhub PressC70HC','4','Konica Minolta','Bizhub Press','C70HC',NULL,NULL,NULL,'1'),(275,'S000164-3',1,'johndev10@mailinator.com',418,'Konica Minolta Bizhub PressC70HC','4','Konica Minolta','Bizhub Press','C70HC',NULL,NULL,NULL,'1'),(276,'S000164-4',1,'johndev10@mailinator.com',418,'Konica Minolta Bizhub PressC70HC','4','Konica Minolta','Bizhub Press','C70HC',NULL,NULL,NULL,'1'),(277,'S000164-5',1,'johndev10@mailinator.com',418,'Konica Minolta Bizhub PressC70HC','4','Konica Minolta','Bizhub Press','C70HC',NULL,NULL,NULL,'1'),(278,'S000164-6',1,'johndev10@mailinator.com',418,'Konica Minolta Bizhub PressC70HC','4','Konica Minolta','Bizhub Press','C70HC',NULL,NULL,NULL,'1'),(279,'S000164-7',1,'johndev10@mailinator.com',418,'Konica Minolta Bizhub PressC70HC','4','Konica Minolta','Bizhub Press','C70HC',NULL,NULL,NULL,'1'),(280,'S000164-8',1,'johndev10@mailinator.com',418,'Konica Minolta Bizhub PressC70HC','4','Konica Minolta','Bizhub Press','C70HC',NULL,NULL,NULL,'1'),(281,'S000164-9',1,'johndev10@mailinator.com',418,'Konica Minolta Bizhub PressC70HC','4','Konica Minolta','Bizhub Press','C70HC',NULL,NULL,NULL,'1'),(282,'S000164-1',1,'johndev10@mailinator.com',885,NULL,'13','Sharp','All','MX-M654',NULL,NULL,NULL,'1'),(283,'S000164-2',1,'johndev10@mailinator.com',885,NULL,'13','Sharp','All','MX-M654',NULL,NULL,NULL,'1'),(284,'S000164-1',1,'johndev10@mailinator.com',415,'Sharp DX-2000U','13','Sharp','All','DX-2000',NULL,NULL,NULL,'1'),(285,'S000164-1',1,'johndev10@mailinator.com',920,NULL,'13','Sharp','All','AR-M451',NULL,NULL,NULL,'1'),(286,'S000164-2',1,'johndev10@mailinator.com',920,NULL,'13','Sharp','All','AR-M451',NULL,NULL,NULL,'1'),(287,'S000164-1',1,'johndev10@mailinator.com',931,'Lexmark MX521ade','13','Lexmark','Enterprise & Large Business','MX521ade',NULL,NULL,NULL,'1'),(288,'S000164-2',1,'johndev10@mailinator.com',931,'Lexmark MX521ade','13','Lexmark','Enterprise & Large Business','MX521ade',NULL,NULL,NULL,'1'),(289,'S000164-3',1,'johndev10@mailinator.com',931,'Lexmark MX521ade','13','Lexmark','Enterprise & Large Business','MX521ade',NULL,NULL,NULL,'1'),(290,'S000164-4',1,'johndev10@mailinator.com',931,'Lexmark MX521ade','13','Lexmark','Enterprise & Large Business','MX521ade',NULL,NULL,NULL,'1'),(291,'S000164-1',1,'johndev10@mailinator.com',932,'Lexmark CX522ade','13','Lexmark','Enterprise & Large Business','CX522ade',NULL,NULL,NULL,'1'),(292,'S000164-2',1,'johndev10@mailinator.com',932,'Lexmark CX522ade','13','Lexmark','Enterprise & Large Business','CX522ade',NULL,NULL,NULL,'1'),(293,'S000164-3',1,'johndev10@mailinator.com',932,'Lexmark CX522ade','13','Lexmark','Enterprise & Large Business','CX522ade',NULL,NULL,NULL,'1'),(294,'S000164-4',1,'johndev10@mailinator.com',932,'Lexmark CX522ade','13','Lexmark','Enterprise & Large Business','CX522ade',NULL,NULL,NULL,'1'),(295,'S000156',1,'johndev10@mailinator.com',829,'KM Bizhub 266i','13','Konica Minolta','Bizhub','266i',NULL,NULL,NULL,'1'),(296,'S000156',1,'johndev10@mailinator.com',851,'Bizhub C4050i','13','Konica Minolta','Bizhub','C4050i',NULL,NULL,NULL,'1'),(297,'S000156',1,'johndev10@mailinator.com',375,'Konica Minolta Bizhub3300P','13','Konica Minolta','Bizhub','3300P',NULL,NULL,NULL,'1'),(298,'S000156',1,'johndev10@mailinator.com',391,'Accurio Print C2060L','13','Konica Minolta','Accurio Print','C2060L',NULL,NULL,NULL,'1'),(299,'S000156',1,'johndev10@mailinator.com',333,'Konica Minolta Bizhub195','13','Konica Minolta','Accurio Label','190',NULL,NULL,NULL,'1'),(300,'S000156',1,'johndev10@mailinator.com',911,'Page Pro 1500W','13','Konica Minolta','Page Pro','1500W',NULL,NULL,NULL,'1'),(301,'S000156',1,'johndev10@mailinator.com',385,'Konica Minolta Accurio PressC1070','4','Konica Minolta','Accurio Press','C1070',NULL,NULL,NULL,'1'),(302,'S000156',1,'johndev10@mailinator.com',884,'Sharp MX-M6050','13','Sharp','All','MX-M6050',NULL,NULL,NULL,'1'),(303,'S000156',1,'johndev10@mailinator.com',885,'Sharp MX-M654','13','Sharp','All','MX-M654',NULL,NULL,NULL,'1'),(304,'S000156',1,'johndev10@mailinator.com',301,'Sharp BP-30C25T','13','Sharp','All','BP-30C25T',NULL,NULL,NULL,'1'),(305,'S000156',1,'johndev10@mailinator.com',931,'Lexmark MX521ade','13','Lexmark','Enterprise & Large Business','MX521ade',NULL,NULL,NULL,'1'),(306,'S000156',1,'johndev10@mailinator.com',932,'Lexmark CX522ade','13','Lexmark','Enterprise & Large Business','CX522ade',NULL,NULL,NULL,'1'),(307,'000002081-1',1,'johndev10@mailinator.com',936,'33 Prints Per Minute A4 Colour Multifunction Printer With Network','13','Konica Minolta','Bizhub','C3320i','16A939844,16A939845','45.58','2021-12-05','1'),(308,'000002081-2',1,'johndev10@mailinator.com',936,'33 Prints Per Minute A4 Colour Multifunction Printer With Network','13','Konica Minolta','Bizhub','C3320i',NULL,NULL,NULL,'1'),(309,'000002081-1',1,'johndev10@mailinator.com',931,'44 Prints Per Minute A4 Black Multifunction Printer with Network','13','Lexmark','Enterprise & Large Business','MX521ade',NULL,NULL,NULL,'1'),(310,'000002081-2',1,'johndev10@mailinator.com',931,'44 Prints Per Minute A4 Black Multifunction Printer with Network','13','Lexmark','Enterprise & Large Business','MX521ade',NULL,NULL,NULL,'1'),(311,'000002081-1',1,'johndev10@mailinator.com',930,'22 Prints Per Minute A3 / A4 Colour Multifunction Copier With Network','13','Konica Minolta','Bizhub','C226i',NULL,NULL,NULL,'1'),(312,'000002081-2',1,'johndev10@mailinator.com',930,'22 Prints Per Minute A3 / A4 Colour Multifunction Copier With Network','13','Konica Minolta','Bizhub','C226i',NULL,NULL,NULL,'1'),(313,'000002081-1',1,'johndev10@mailinator.com',925,'40 Prints Per Minute A4 Black Printer With Network','13','Konica Minolta','Bizhub','4000i',NULL,NULL,NULL,'1'),(315,'S000171-1',1,'johndev10@mailinator.com',420,'Bizhub ProC8000','4','Konica Minolta','Bizhub Pro','C8000',NULL,NULL,NULL,'1'),(316,'S000171-2',1,'johndev10@mailinator.com',420,'Bizhub ProC8000','4','Konica Minolta','Bizhub Pro','C8000',NULL,NULL,NULL,'1'),(317,'S000171-1',1,'johndev10@mailinator.com',418,'Konica Minolta Bizhub PressC70HC','4','Konica Minolta','Bizhub Press','C70HC',NULL,NULL,NULL,'1'),(318,'S000171-2',1,'johndev10@mailinator.com',418,'Konica Minolta Bizhub PressC70HC','4','Konica Minolta','Bizhub Press','C70HC',NULL,NULL,NULL,'1'),(319,'S000171-3',1,'johndev10@mailinator.com',418,'Konica Minolta Bizhub PressC70HC','4','Konica Minolta','Bizhub Press','C70HC',NULL,NULL,NULL,'1'),(320,'S000171-4',1,'johndev10@mailinator.com',418,'Konica Minolta Bizhub PressC70HC','4','Konica Minolta','Bizhub Press','C70HC',NULL,NULL,NULL,'1'),(321,'S000171-1',1,'johndev10@mailinator.com',333,'Konica Minolta Bizhub195','13','Konica Minolta','Accurio Label','190',NULL,NULL,NULL,'1'),(322,'S000171-2',1,'johndev10@mailinator.com',333,'Konica Minolta Bizhub195','13','Konica Minolta','Accurio Label','190',NULL,NULL,NULL,'1'),(323,'S000171-3',1,'johndev10@mailinator.com',333,'Konica Minolta Bizhub195','13','Konica Minolta','Accurio Label','190',NULL,NULL,NULL,'1'),(324,'S000171-1',1,'johndev10@mailinator.com',884,NULL,'13','Sharp','All','MX-M6050',NULL,NULL,NULL,'1'),(325,'S000171-2',1,'johndev10@mailinator.com',884,NULL,'13','Sharp','All','MX-M6050',NULL,NULL,NULL,'1'),(326,'S000171-1',1,'johndev10@mailinator.com',878,NULL,'13','Sharp','All','MX-M356',NULL,NULL,NULL,'1'),(327,'S000171-2',1,'johndev10@mailinator.com',878,NULL,'13','Sharp','All','MX-M356',NULL,NULL,NULL,'1'),(328,'S000171-1',1,'johndev10@mailinator.com',426,'Konica Minolta BizhubC224','13','Sharp','All','AR-5320E',NULL,NULL,NULL,'1'),(329,'S000171-2',1,'johndev10@mailinator.com',426,'Konica Minolta BizhubC224','13','Sharp','All','AR-5320E',NULL,NULL,NULL,'1'),(330,'S000171-1',1,'johndev10@mailinator.com',931,'Lexmark MX521ade','13','Lexmark','Enterprise & Large Business','MX521ade',NULL,NULL,NULL,'1'),(331,'S000171-2',1,'johndev10@mailinator.com',931,'Lexmark MX521ade','13','Lexmark','Enterprise & Large Business','MX521ade',NULL,NULL,NULL,'1'),(332,'S000171-3',1,'johndev10@mailinator.com',931,'Lexmark MX521ade','13','Lexmark','Enterprise & Large Business','MX521ade',NULL,NULL,NULL,'1'),(333,'S000171-4',1,'johndev10@mailinator.com',931,'Lexmark MX521ade','13','Lexmark','Enterprise & Large Business','MX521ade',NULL,NULL,NULL,'1'),(334,'S000171-5',1,'johndev10@mailinator.com',931,'Lexmark MX521ade','13','Lexmark','Enterprise & Large Business','MX521ade',NULL,NULL,NULL,'1'),(335,'S000171-6',1,'johndev10@mailinator.com',931,'Lexmark MX521ade','13','Lexmark','Enterprise & Large Business','MX521ade',NULL,NULL,NULL,'1'),(336,'S000171-7',1,'johndev10@mailinator.com',931,'Lexmark MX521ade','13','Lexmark','Enterprise & Large Business','MX521ade',NULL,NULL,NULL,'1'),(337,'S000177-1',43,'tanurag@godrej.com',386,'Konica Minolta Bizhub PressC1085','13','Konica Minolta','Bizhub Pro','C1060L',NULL,NULL,NULL,'1'),(338,'S000177-1',43,'tanurag@godrej.com',931,'Lexmark MX521ade','13','Lexmark','Enterprise & Large Business','MX521ade',NULL,NULL,NULL,'1'),(339,'S000177-1',43,'tanurag@godrej.com',874,NULL,'13','Sharp','All','MX-4050',NULL,NULL,NULL,'1'),(340,'S000172',1,'johndev10@mailinator.com',884,'Sharp MX-M6050','13','Sharp','All','MX-M6050',NULL,NULL,NULL,'1'),(341,'S000172',1,'johndev10@mailinator.com',909,'Magicolour 1680MF','13','Konica Minolta','Magicolor','1680MF',NULL,NULL,NULL,'1'),(342,'S000172',1,'johndev10@mailinator.com',931,'Lexmark MX521ade','13','Lexmark','Enterprise & Large Business','MX521ade',NULL,NULL,NULL,'1'),(343,'S000175',43,'tanurag@godrej.com',931,'Lexmark MX521ade','13','Lexmark','Enterprise & Large Business','MX521ade',NULL,NULL,NULL,'1'),(344,'S000180-1',43,'tanurag@godrej.com',873,'Sharp AR-6023','13','Sharp','All','AR-6023',NULL,NULL,NULL,'1'),(345,'S000180-2',43,'tanurag@godrej.com',873,'Sharp AR-6023','13','Sharp','All','AR-6023',NULL,NULL,NULL,'1'),(346,'S000180-3',43,'tanurag@godrej.com',873,'Sharp AR-6023','13','Sharp','All','AR-6023',NULL,NULL,NULL,'1'),(347,'S000180-4',43,'tanurag@godrej.com',873,'Sharp AR-6023','13','Sharp','All','AR-6023',NULL,NULL,NULL,'1'),(348,'S000180-5',43,'tanurag@godrej.com',873,'Sharp AR-6023','13','Sharp','All','AR-6023',NULL,NULL,NULL,'1'),(349,'S000180-6',43,'tanurag@godrej.com',873,'Sharp AR-6023','13','Sharp','All','AR-6023',NULL,NULL,NULL,'1'),(350,'S000180-7',43,'tanurag@godrej.com',873,'Sharp AR-6023','13','Sharp','All','AR-6023',NULL,NULL,NULL,'1'),(351,'S000180-8',43,'tanurag@godrej.com',873,'Sharp AR-6023','13','Sharp','All','AR-6023',NULL,NULL,NULL,'1'),(352,'S000180-9',43,'tanurag@godrej.com',873,'Sharp AR-6023','13','Sharp','All','AR-6023',NULL,NULL,NULL,'1'),(353,'S000180-10',43,'tanurag@godrej.com',873,'Sharp AR-6023','13','Sharp','All','AR-6023',NULL,NULL,NULL,'1'),(356,'S000181-3',54,'m.3mer1111@gmail.com',831,'Bizhub C226','13','Konica Minolta','Bizhub','C226','444555666',NULL,'2021-12-22','1'),(357,'S000181-4',54,'m.3mer1111@gmail.com',831,'Bizhub C226','13','Konica Minolta','Bizhub','C226','444555777',NULL,'2021-12-20','1'),(358,'S000181-5',54,'m.3mer1111@gmail.com',831,'Bizhub C226','13','Konica Minolta','Bizhub','C226','444555888',NULL,'2021-12-21','1'),(359,'S000176',43,'tanurag@godrej.com',391,'Accurio Print C2060L','13','Konica Minolta','Accurio Print','C2060L',NULL,NULL,NULL,'1'),(360,'S000182-1',43,'tanurag@godrej.com',391,'Accurio Print C2060L','13','Konica Minolta','Accurio Print','C2060L',NULL,NULL,NULL,'1'),(361,'S000164',43,'tanurag@godrej.com',883,'Sharp MX-M5050','13','Sharp','All','MX-M5050',NULL,NULL,NULL,'1'),(362,'S000184-1',54,'m.3mer1111@gmail.com',829,'KM Bizhub 266i','13','Konica Minolta','Bizhub','266i',NULL,NULL,NULL,'1'),(363,'S000184-2',54,'m.3mer1111@gmail.com',829,'KM Bizhub 266i','13','Konica Minolta','Bizhub','266i',NULL,NULL,NULL,'1'),(364,'S000184-3',54,'m.3mer1111@gmail.com',829,'KM Bizhub 266i','13','Konica Minolta','Bizhub','266i',NULL,NULL,NULL,'1'),(365,'S000184-1',54,'m.3mer1111@gmail.com',372,'Konica Minolta Bizhub Pro958','13','Konica Minolta','Bizhub Pro','1050',NULL,NULL,NULL,'1'),(366,'S000184-2',54,'m.3mer1111@gmail.com',372,'Konica Minolta Bizhub Pro958','13','Konica Minolta','Bizhub Pro','1050',NULL,NULL,NULL,'1'),(367,'000002176-1',26,'abed.kabalan@gmail.com',294,'30 Prints Per Minute A3 / A4 Colour Multifunction Copier With Network','13','Sharp','All','MX-3051',NULL,NULL,NULL,'1'),(368,'000002176-2',26,'abed.kabalan@gmail.com',294,'30 Prints Per Minute A3 / A4 Colour Multifunction Copier With Network','13','Sharp','All','MX-3051',NULL,NULL,NULL,'1'),(369,'S000178-1',26,'abed.kabalan@gmail.com',826,'Bizhub 558e','13','Konica Minolta','Bizhub','558E','004488',NULL,'2021-12-22','1'),(370,'D0000358',54,'m.3mer1111@gmail.com',876,'Sharp MX-M265','13 ','Sharp','All','MX-M265',NULL,NULL,NULL,''),(371,'000002468-1',1,'johndev10@mailinator.com',931,'44 Prints Per Minute A4 Black Multifunction Printer with Network','13','Lexmark','Enterprise & Large Business','MX521ade','16A361393','88.5','2021-12-21','1'),(372,'000002468-1',1,'johndev10@mailinator.com',924,'28 Prints Per Minute A3 / A4 Black Multifunction Copier With Network','13','Sharp','All','BP-20M28','NA','535','2021-12-22','1'),(373,'000002468-2',1,'johndev10@mailinator.com',924,'28 Prints Per Minute A3 / A4 Black Multifunction Copier With Network','13','Sharp','All','BP-20M28','Not Applicable','452.256','2021-12-24','1'),(374,'000002468-1',1,'johndev10@mailinator.com',936,'33 Prints Per Minute A4 Colour Multifunction Printer With Network','13','Konica Minolta','Bizhub','C3320i','16A939844','48.36','2012-12-24','1'),(375,'000002468-2',1,'johndev10@mailinator.com',936,'33 Prints Per Minute A4 Colour Multifunction Printer With Network','13','Konica Minolta','Bizhub','C3320i','16A939845','1402.25','2021-12-25','1'),(376,'000002470-1',1,'johndev10@mailinator.com',931,'44 Prints Per Minute A4 Black Multifunction Printer with Network','13','Lexmark','Enterprise & Large Business','MX521ade',NULL,NULL,NULL,'1'),(377,'000002470-1',1,'johndev10@mailinator.com',923,'31 Prints Per Minute A3 / A4 Black Multifunction Copier With Network','13','Sharp','All','BP-30M31',NULL,NULL,NULL,'1'),(378,'000002470-2',1,'johndev10@mailinator.com',923,'31 Prints Per Minute A3 / A4 Black Multifunction Copier With Network','13','Sharp','All','BP-30M31',NULL,NULL,NULL,'1'),(379,'000002470-1',1,'johndev10@mailinator.com',829,'26 Prints Per Minute A3 / A4 Black Multifunction Copier With Network','13','Konica Minolta','Bizhub','266i','34546456','452.2','2021-12-24','1'),(380,'000002470-1',1,'johndev10@mailinator.com',925,'40 Prints Per Minute A4 Black Printer With Network','13','Konica Minolta','Bizhub','4000i',NULL,NULL,NULL,'1'),(381,'D0000369',9,'johndev10ew@exdsdample.com',291,'Sharp MX-M754','13 ','Sharp','All','MX-M754',NULL,NULL,NULL,''),(382,'S000188',2,'johndevnew10@example.com',823,'Bizhub 287','13','Konica Minolta','Bizhub','287','99742e',NULL,NULL,'1'),(383,'S000195-1',2,'johndevnew10@example.com',873,'Sharp AR-6023','13','Sharp','All','AR-6023','16825131','550pm','2022-05-11','1'),(384,'000002553-1',2,'johndevnew10@example.com',930,'22 Prints Per Minute A3 / A4 Colour Multifunction Copier With Network','13','Konica Minolta','Bizhub','C226i',NULL,NULL,NULL,'1'),(385,'D0000373',1,'johndev10@mailinator.com',302,'20 Prints Per Minute A3 / A4 Colour Multifunction Copier With Network','13 ','Sharp','All','BP-20C20T','23424232349','3434','2022-05-02',''),(386,'D0000374',1,'johndev10@mailinator.com',302,'20 Prints Per Minute A3 / A4 Colour Multifunction Copier With Network','13 ','Sharp','All','BP-20C20T','RTYUUU65884R44F',NULL,'2022-06-08',''),(387,'D0000375',57,'m.amer81993@gmail.com',291,'Sharp MX-M754','13 ','Sharp','All','MX-M754','ASdasd1222',NULL,'2022-06-29',''),(388,'S000197',2,'johndevnew10@example.com',327,'Konica Minolta Bizhub36','13','Konica Minolta','Bizhub','36','16A259974','560pm','2019-03-02','1'),(389,'2000000063-1',2,'johndevnew1025@mailinator.com',932,'ليكسمارك CX522ade طابعة A4 متعددة الوظائف مع شبكة - ملون','13','Lexmark','Enterprise & Large Business','CX522ade',NULL,NULL,NULL,'2'),(390,'2000000063-1',2,'johndevnew1025@mailinator.com',932,'ليكسمارك CX522ade طابعة A4 متعددة الوظائف مع شبكة - ملون','13','Lexmark','Enterprise & Large Business','CX522ade',NULL,NULL,NULL,'2'),(391,'2000000063-1',2,'dev.shabaan@gmail.com',932,'ليكسمارك CX522ade طابعة A4 متعددة الوظائف مع شبكة - ملون','13','Lexmark','Enterprise & Large Business','CX522ade',NULL,NULL,NULL,'2'),(392,'D0000380',58,'test@worx.com',291,'Sharp MX-M754','13 ','Sharp','All','MX-M754',NULL,NULL,NULL,''),(393,'D0000381',57,'m.amer81993@gmail.com',291,'Sharp MX-M754','13 ','Sharp','All','MX-M754',NULL,NULL,NULL,''),(394,'D0000382',29,'webdev25@mailinator.com',935,'40 Prints Per Minute A4 Black Multifunction Printer With Network','13 ','Konica Minolta','Bizhub','4020i',NULL,NULL,NULL,''),(395,'D0000383',53,'msami@hoshangroup.com',291,'Sharp MX-M754','13 ','Sharp','All','MX-M754',NULL,NULL,NULL,''),(396,'S000199',38,'johndev13@mailinator.com',404,'Konica Minolta Accurio PressC3080','4','Konica Minolta','Accurio Press','C3080',NULL,NULL,NULL,'1'),(397,'S000200-1',38,'johndev13@mailinator.com',391,'Accurio Print C2060L','13','Konica Minolta','Accurio Print','C2060L',NULL,NULL,NULL,'1'),(398,'D0000386',57,'m.amer81993@gmail.com',294,'30 Prints Per Minute A3 / A4 Colour Multifunction Copier With Network','13 ','Sharp','All','MX-3051',NULL,NULL,NULL,''),(399,'S000200',38,'johndev13@mailinator.com',369,'Konica Minolta Bizhub754E','13','Konica Minolta','Bizhub Pro','920','454545',NULL,'2022-06-14','1'),(400,'S000201-1',38,'johndev13@mailinator.com',418,'Konica Minolta Bizhub PressC70HC','4','Konica Minolta','Bizhub Press','C70HC','7777',NULL,'2022-06-30','1'),(401,'D0000389',9,'johndev10ew@exdsdample.com',291,'Sharp MX-M754','13 ','Sharp','All','MX-M754',NULL,NULL,NULL,''),(402,'D0000389',9,'johndev10ew@exdsdample.com',292,'Sharp MX-M1054','13 ','Sharp','All','MX-M1054',NULL,NULL,NULL,''),(403,'D0000391',26,'abed.kabalan@gmail.com',291,'Sharp MX-M754','13 ','Sharp','All','MX-M754','121212',NULL,'2022-06-14',''),(404,'000002996',38,'johndev13@mailinator.com',932,'33 Prints Per Minute A4 Colour Multifunction Printer with Network','13 ','Lexmark','Enterprise & Large Business','CX522ade','0980980',NULL,'2022-06-10',''),(405,'000002996',38,'johndev13@mailinator.com',936,'33 Prints Per Minute A4 Colour Multifunction Printer With Network','13 ','Konica Minolta','Bizhub','C3320i','334348','450pm','2022-06-10',''),(406,'2000000042',42,'ahmed.nimer@xvisory.sa',932,'ليكسمارك CX522ade طابعة A4 متعددة الوظائف مع شبكة - ملون','13 ','Lexmark','Enterprise & Large Business','CX522ade','213213321CLUSTER',NULL,'2022-06-30',''),(407,'000003048',57,'m.amer81993@gmail.com',924,'28 Prints Per Minute A3 / A4 Black Multifunction Copier With Network','13 ','Sharp','All','BP-20M28','23123',NULL,NULL,''),(408,'000003049',38,'johndev13@mailinator.com',932,'33 Prints Per Minute A4 Colour Multifunction Printer with Network','13 ','Lexmark','Enterprise & Large Business','CX522ade','39766','423pm','2022-06-08',''),(409,'2000000044',28,'sureshkumar.konda@gmail.com',930,'Bizhub C226i آلة تصوير A3 مع شبكة و قاعدة عالية - ملون','13 ','Konica Minolta','Bizhub','C226i',NULL,NULL,NULL,''),(410,'D0000398',38,'johndev13@mailinator.com',291,'Sharp MX-M754','13 ','Sharp','All','MX-M754','1234',NULL,'2022-06-29',''),(411,'D0000398',38,'johndev13@mailinator.com',292,'Sharp MX-M1054','13 ','Sharp','All','MX-M1054','123131313',NULL,'0000-00-00',''),(412,'2000000113',57,'m.amer81993@gmail.com',929,'Bizhub C266i آلة تصوير A3 مع شبكة و قاعدة عالية - ملون','13 ','Konica Minolta','Bizhub','C266i','1231313',NULL,NULL,''),(413,'2000000114',57,'m.amer81993@gmail.com',929,'Bizhub C266i آلة تصوير A3 مع شبكة و قاعدة عالية - ملون','13 ','Konica Minolta','Bizhub','C266i','3333','9979798','0000-00-00',''),(414,'D0000402',57,'m.amer81993@gmail.com',291,'Sharp MX-M754','13 ','Sharp','All','MX-M754','dd33',NULL,NULL,''),(419,'D0000403',38,'johndev13@mailinator.com',333,'AccurioLabel 190','13 ','Konica Minolta','Accurio Label','190',NULL,NULL,NULL,''),(420,'D0000403',38,'johndev13@mailinator.com',334,'Bizhub 195','13 ','Konica Minolta','Bizhub','195','12345ded',NULL,'2022-06-13',''),(421,'000003220',57,'m.amer81993@gmail.com',929,'26 Prints Per Minute A3 / A4 Colour Multifunction Copier With Network','13 ','Konica Minolta','Bizhub','C266i','2342424',NULL,'0000-00-00',''),(422,'000003280',57,'m.amer81993@gmail.com',924,'28 Prints Per Minute A3 / A4 Black Multifunction Copier With Network','13 ','Sharp','All','BP-20M28','23424234',NULL,'0000-00-00',''),(423,'000003281',57,'m.amer81993@gmail.com',924,'28 Prints Per Minute A3 / A4 Black Multifunction Copier With Network','13 ','Sharp','All','BP-20M28','54353334',NULL,'0000-00-00',''),(424,'S000201',1,'johndev10@mailinator.com',374,'Konica Minolta Bizhub Pro1200','13','Konica Minolta','Bizhub Pro','1200',NULL,NULL,NULL,'1'),(425,'S000201',1,'johndev10@mailinator.com',874,'Sharp MX-4050','13','Sharp','All','MX-4050',NULL,NULL,NULL,'1'),(426,'000003333',1,'johndev10@mailinator.com',931,'44 Prints Per Minute A4 Black Multifunction Printer with Network','13 ','Lexmark','Enterprise & Large Business','MX521ade','8546',NULL,'2022-06-23','');

--
-- Table structure for table `yotpo_order_status_history`
--

CREATE TABLE `yotpo_order_status_history` (
  `id` int(10) unsigned NOT NULL AUTO_INCREMENT COMMENT 'Id',
  `order_id` int(10) unsigned DEFAULT NULL COMMENT 'Order Id',
  `store_id` int(10) unsigned DEFAULT NULL COMMENT 'Store Id',
  `old_status` varchar(32) DEFAULT NULL COMMENT 'Old Status',
  `new_status` varchar(32) DEFAULT NULL COMMENT 'New Status',
  `created_at` datetime DEFAULT NULL COMMENT 'Created At',
  PRIMARY KEY (`id`)
) ENGINE=InnoDB DEFAULT CHARSET=utf8 COMMENT='yotpo_order_status_history';

--
-- Dumping data for table `yotpo_order_status_history`
--


--
-- Table structure for table `yotpo_rich_snippets`
--

CREATE TABLE `yotpo_rich_snippets` (
  `rich_snippet_id` int(11) NOT NULL AUTO_INCREMENT COMMENT 'Id',
  `product_id` int(11) NOT NULL COMMENT 'Product Id',
  `store_id` int(11) NOT NULL COMMENT 'Store Id',
  `average_score` decimal(10,2) NOT NULL COMMENT 'Average Score',
  `reviews_count` float(10,0) NOT NULL COMMENT 'Reviews Count',
  `expiration_time` timestamp NOT NULL DEFAULT CURRENT_TIMESTAMP ON UPDATE CURRENT_TIMESTAMP COMMENT 'Expiry Time',
  PRIMARY KEY (`rich_snippet_id`)
) ENGINE=InnoDB DEFAULT CHARSET=utf8 COMMENT='yotpo_rich_snippets';

--
-- Dumping data for table `yotpo_rich_snippets`
--


--
-- Table structure for table `yotpo_sync`
--

CREATE TABLE `yotpo_sync` (
  `sync_id` int(10) unsigned NOT NULL AUTO_INCREMENT COMMENT 'Id',
  `store_id` int(10) unsigned DEFAULT NULL COMMENT 'Store ID',
  `entity_type` varchar(50) DEFAULT NULL COMMENT 'Entity Type',
  `entity_id` int(10) unsigned DEFAULT NULL COMMENT 'Entity ID',
  `sync_flag` smallint(6) DEFAULT '0' COMMENT 'Sync Flag',
  `sync_date` datetime NOT NULL COMMENT 'Sync Date',
  PRIMARY KEY (`sync_id`),
  UNIQUE KEY `YOTPO_SYNC_STORE_ID_ENTITY_TYPE_ENTITY_ID` (`store_id`,`entity_type`,`entity_id`)
) ENGINE=InnoDB DEFAULT CHARSET=utf8 COMMENT='yotpo_sync';

--
-- Dumping data for table `yotpo_sync`
--


--
-- Final view structure for view `inventory_stock_1`
--

/*!50001 DROP VIEW IF EXISTS `inventory_stock_1`*/;
/*!50001 CREATE ALGORITHM=UNDEFINED */
/*!50013 DEFINER=`hoshan-root`@`%` SQL SECURITY INVOKER */
/*!50001 VIEW `inventory_stock_1` AS select distinct `legacy_stock_status`.`product_id` AS `product_id`,`legacy_stock_status`.`website_id` AS `website_id`,`legacy_stock_status`.`stock_id` AS `stock_id`,`legacy_stock_status`.`qty` AS `quantity`,`legacy_stock_status`.`stock_status` AS `is_salable`,`product`.`sku` AS `sku` from (`cataloginventory_stock_status` `legacy_stock_status` join `catalog_product_entity` `product` on((`legacy_stock_status`.`product_id` = `product`.`entity_id`))) */;


