-- Table structure for table `directory_country_region_name`
--

CREATE TABLE `directory_country_region_name` (
  `locale` varchar(16) NOT NULL COMMENT 'Locale',
  `region_id` int(10) unsigned NOT NULL DEFAULT '0' COMMENT 'Region ID',
  `name` varchar(255) DEFAULT NULL COMMENT 'Region Name',
  PRIMARY KEY (`locale`,`region_id`),
  KEY `DIRECTORY_COUNTRY_REGION_NAME_REGION_ID` (`region_id`),
  CONSTRAINT `DIR_COUNTRY_REGION_NAME_REGION_ID_DIR_COUNTRY_REGION_REGION_ID` FOREIGN KEY (`region_id`) REFERENCES `directory_country_region` (`region_id`) ON DELETE CASCADE
) ENGINE=InnoDB DEFAULT CHARSET=utf8 COMMENT='Directory Country Region Name';

--
-- Dumping data for table `directory_country_region_name`
--

INSERT INTO `directory_country_region_name` VALUES ('en_US',1,'Alabama'),('en_US',2,'Alaska'),('en_US',3,'American Samoa'),('en_US',4,'Arizona'),('en_US',5,'Arkansas'),('en_US',6,'Armed Forces Africa'),('en_US',7,'Armed Forces Americas'),('en_US',8,'Armed Forces Canada'),('en_US',9,'Armed Forces Europe'),('en_US',10,'Armed Forces Middle East'),('en_US',11,'Armed Forces Pacific'),('en_US',12,'California'),('en_US',13,'Colorado'),('en_US',14,'Connecticut'),('en_US',15,'Delaware'),('en_US',16,'District of Columbia'),('en_US',17,'Federated States Of Micronesia'),('en_US',18,'Florida'),('en_US',19,'Georgia'),('en_US',20,'Guam'),('en_US',21,'Hawaii'),('en_US',22,'Idaho'),('en_US',23,'Illinois'),('en_US',24,'Indiana'),('en_US',25,'Iowa'),('en_US',26,'Kansas'),('en_US',27,'Kentucky'),('en_US',28,'Louisiana'),('en_US',29,'Maine'),('en_US',30,'Marshall Islands'),('en_US',31,'Maryland'),('en_US',32,'Massachusetts'),('en_US',33,'Michigan'),('en_US',34,'Minnesota'),('en_US',35,'Mississippi'),('en_US',36,'Missouri'),('en_US',37,'Montana'),('en_US',38,'Nebraska'),('en_US',39,'Nevada'),('en_US',40,'New Hampshire'),('en_US',41,'New Jersey'),('en_US',42,'New Mexico'),('en_US',43,'New York'),('en_US',44,'North Carolina'),('en_US',45,'North Dakota'),('en_US',46,'Northern Mariana Islands'),('en_US',47,'Ohio'),('en_US',48,'Oklahoma'),('en_US',49,'Oregon'),('en_US',50,'Palau'),('en_US',51,'Pennsylvania'),('en_US',52,'Puerto Rico'),('en_US',53,'Rhode Island'),('en_US',54,'South Carolina'),('en_US',55,'South Dakota'),('en_US',56,'Tennessee'),('en_US',57,'Texas'),('en_US',58,'Utah'),('en_US',59,'Vermont'),('en_US',60,'Virgin Islands'),('en_US',61,'Virginia'),('en_US',62,'Washington'),('en_US',63,'West Virginia'),('en_US',64,'Wisconsin'),('en_US',65,'Wyoming'),('en_US',66,'Alberta'),('en_US',67,'British Columbia'),('en_US',68,'Manitoba'),('en_US',69,'Newfoundland and Labrador'),('en_US',70,'New Brunswick'),('en_US',71,'Nova Scotia'),('en_US',72,'Northwest Territories'),('en_US',73,'Nunavut'),('en_US',74,'Ontario'),('en_US',75,'Prince Edward Island'),('en_US',76,'Quebec'),('en_US',77,'Saskatchewan'),('en_US',78,'Yukon Territory'),('en_US',79,'Niedersachsen'),('en_US',80,'Baden-Württemberg'),('en_US',81,'Bayern'),('en_US',82,'Berlin'),('en_US',83,'Brandenburg'),('en_US',84,'Bremen'),('en_US',85,'Hamburg'),('en_US',86,'Hessen'),('en_US',87,'Mecklenburg-Vorpommern'),('en_US',88,'Nordrhein-Westfalen'),('en_US',89,'Rheinland-Pfalz'),('en_US',90,'Saarland'),('en_US',91,'Sachsen'),('en_US',92,'Sachsen-Anhalt'),('en_US',93,'Schleswig-Holstein'),('en_US',94,'Thüringen'),('en_US',95,'Wien'),('en_US',96,'Niederösterreich'),('en_US',97,'Oberösterreich'),('en_US',98,'Salzburg'),('en_US',99,'Kärnten'),('en_US',100,'Steiermark'),('en_US',101,'Tirol'),('en_US',102,'Burgenland'),('en_US',103,'Vorarlberg'),('en_US',104,'Aargau'),('en_US',105,'Appenzell Innerrhoden'),('en_US',106,'Appenzell Ausserrhoden'),('en_US',107,'Bern'),('en_US',108,'Basel-Landschaft'),('en_US',109,'Basel-Stadt'),('en_US',110,'Freiburg'),('en_US',111,'Genf'),('en_US',112,'Glarus'),('en_US',113,'Graubünden'),('en_US',114,'Jura'),('en_US',115,'Luzern'),('en_US',116,'Neuenburg'),('en_US',117,'Nidwalden'),('en_US',118,'Obwalden'),('en_US',119,'St. Gallen'),('en_US',120,'Schaffhausen'),('en_US',121,'Solothurn'),('en_US',122,'Schwyz'),('en_US',123,'Thurgau'),('en_US',124,'Tessin'),('en_US',125,'Uri'),('en_US',126,'Waadt'),('en_US',127,'Wallis'),('en_US',128,'Zug'),('en_US',129,'Zürich'),('en_US',130,'A Coruña'),('en_US',131,'Alava'),('en_US',132,'Albacete'),('en_US',133,'Alicante'),('en_US',134,'Almeria'),('en_US',135,'Asturias'),('en_US',136,'Avila'),('en_US',137,'Badajoz'),('en_US',138,'Baleares'),('en_US',139,'Barcelona'),('en_US',140,'Burgos'),('en_US',141,'Caceres'),('en_US',142,'Cadiz'),('en_US',143,'Cantabria'),('en_US',144,'Castellon'),('en_US',145,'Ceuta'),('en_US',146,'Ciudad Real'),('en_US',147,'Cordoba'),('en_US',148,'Cuenca'),('en_US',149,'Girona'),('en_US',150,'Granada'),('en_US',151,'Guadalajara'),('en_US',152,'Guipuzcoa'),('en_US',153,'Huelva'),('en_US',154,'Huesca'),('en_US',155,'Jaen'),('en_US',156,'La Rioja'),('en_US',157,'Las Palmas'),('en_US',158,'Leon'),('en_US',159,'Lleida'),('en_US',160,'Lugo'),('en_US',161,'Madrid'),('en_US',162,'Malaga'),('en_US',163,'Melilla'),('en_US',164,'Murcia'),('en_US',165,'Navarra'),('en_US',166,'Ourense'),('en_US',167,'Palencia'),('en_US',168,'Pontevedra'),('en_US',169,'Salamanca'),('en_US',170,'Santa Cruz de Tenerife'),('en_US',171,'Segovia'),('en_US',172,'Sevilla'),('en_US',173,'Soria'),('en_US',174,'Tarragona'),('en_US',175,'Teruel'),('en_US',176,'Toledo'),('en_US',177,'Valencia'),('en_US',178,'Valladolid'),('en_US',179,'Vizcaya'),('en_US',180,'Zamora'),('en_US',181,'Zaragoza'),('en_US',182,'Ain'),('en_US',183,'Aisne'),('en_US',184,'Allier'),('en_US',185,'Alpes-de-Haute-Provence'),('en_US',186,'Hautes-Alpes'),('en_US',187,'Alpes-Maritimes'),('en_US',188,'Ardèche'),('en_US',189,'Ardennes'),('en_US',190,'Ariège'),('en_US',191,'Aube'),('en_US',192,'Aude'),('en_US',193,'Aveyron'),('en_US',194,'Bouches-du-Rhône'),('en_US',195,'Calvados'),('en_US',196,'Cantal'),('en_US',197,'Charente'),('en_US',198,'Charente-Maritime'),('en_US',199,'Cher'),('en_US',200,'Corrèze'),('en_US',201,'Corse-du-Sud'),('en_US',202,'Haute-Corse'),('en_US',203,'Côte-d\'Or'),('en_US',204,'Côtes-d\'Armor'),('en_US',205,'Creuse'),('en_US',206,'Dordogne'),('en_US',207,'Doubs'),('en_US',208,'Drôme'),('en_US',209,'Eure'),('en_US',210,'Eure-et-Loir'),('en_US',211,'Finistère'),('en_US',212,'Gard'),('en_US',213,'Haute-Garonne'),('en_US',214,'Gers'),('en_US',215,'Gironde'),('en_US',216,'Hérault'),('en_US',217,'Ille-et-Vilaine'),('en_US',218,'Indre'),('en_US',219,'Indre-et-Loire'),('en_US',220,'Isère'),('en_US',221,'Jura'),('en_US',222,'Landes'),('en_US',223,'Loir-et-Cher'),('en_US',224,'Loire'),('en_US',225,'Haute-Loire'),('en_US',226,'Loire-Atlantique'),('en_US',227,'Loiret'),('en_US',228,'Lot'),('en_US',229,'Lot-et-Garonne'),('en_US',230,'Lozère'),('en_US',231,'Maine-et-Loire'),('en_US',232,'Manche'),('en_US',233,'Marne'),('en_US',234,'Haute-Marne'),('en_US',235,'Mayenne'),('en_US',236,'Meurthe-et-Moselle'),('en_US',237,'Meuse'),('en_US',238,'Morbihan'),('en_US',239,'Moselle'),('en_US',240,'Nièvre'),('en_US',241,'Nord'),('en_US',242,'Oise'),('en_US',243,'Orne'),('en_US',244,'Pas-de-Calais'),('en_US',245,'Puy-de-Dôme'),('en_US',246,'Pyrénées-Atlantiques'),('en_US',247,'Hautes-Pyrénées'),('en_US',248,'Pyrénées-Orientales'),('en_US',249,'Bas-Rhin'),('en_US',250,'Haut-Rhin'),('en_US',251,'Rhône'),('en_US',252,'Haute-Saône'),('en_US',253,'Saône-et-Loire'),('en_US',254,'Sarthe'),('en_US',255,'Savoie'),('en_US',256,'Haute-Savoie'),('en_US',257,'Paris'),('en_US',258,'Seine-Maritime'),('en_US',259,'Seine-et-Marne'),('en_US',260,'Yvelines'),('en_US',261,'Deux-Sèvres'),('en_US',262,'Somme'),('en_US',263,'Tarn'),('en_US',264,'Tarn-et-Garonne'),('en_US',265,'Var'),('en_US',266,'Vaucluse'),('en_US',267,'Vendée'),('en_US',268,'Vienne'),('en_US',269,'Haute-Vienne'),('en_US',270,'Vosges'),('en_US',271,'Yonne'),('en_US',272,'Territoire-de-Belfort'),('en_US',273,'Essonne'),('en_US',274,'Hauts-de-Seine'),('en_US',275,'Seine-Saint-Denis'),('en_US',276,'Val-de-Marne'),('en_US',277,'Val-d\'Oise'),('en_US',278,'Alba'),('en_US',279,'Arad'),('en_US',280,'Argeş'),('en_US',281,'Bacău'),('en_US',282,'Bihor'),('en_US',283,'Bistriţa-Năsăud'),('en_US',284,'Botoşani'),('en_US',285,'Braşov'),('en_US',286,'Brăila'),('en_US',287,'Bucureşti'),('en_US',288,'Buzău'),('en_US',289,'Caraş-Severin'),('en_US',290,'Călăraşi'),('en_US',291,'Cluj'),('en_US',292,'Constanţa'),('en_US',293,'Covasna'),('en_US',294,'Dâmboviţa'),('en_US',295,'Dolj'),('en_US',296,'Galaţi'),('en_US',297,'Giurgiu'),('en_US',298,'Gorj'),('en_US',299,'Harghita'),('en_US',300,'Hunedoara'),('en_US',301,'Ialomiţa'),('en_US',302,'Iaşi'),('en_US',303,'Ilfov'),('en_US',304,'Maramureş'),('en_US',305,'Mehedinţi'),('en_US',306,'Mureş'),('en_US',307,'Neamţ'),('en_US',308,'Olt'),('en_US',309,'Prahova'),('en_US',310,'Satu-Mare'),('en_US',311,'Sălaj'),('en_US',312,'Sibiu'),('en_US',313,'Suceava'),('en_US',314,'Teleorman'),('en_US',315,'Timiş'),('en_US',316,'Tulcea'),('en_US',317,'Vaslui'),('en_US',318,'Vâlcea'),('en_US',319,'Vrancea'),('en_US',320,'Lappi'),('en_US',321,'Pohjois-Pohjanmaa'),('en_US',322,'Kainuu'),('en_US',323,'Pohjois-Karjala'),('en_US',324,'Pohjois-Savo'),('en_US',325,'Etelä-Savo'),('en_US',326,'Etelä-Pohjanmaa'),('en_US',327,'Pohjanmaa'),('en_US',328,'Pirkanmaa'),('en_US',329,'Satakunta'),('en_US',330,'Keski-Pohjanmaa'),('en_US',331,'Keski-Suomi'),('en_US',332,'Varsinais-Suomi'),('en_US',333,'Etelä-Karjala'),('en_US',334,'Päijät-Häme'),('en_US',335,'Kanta-Häme'),('en_US',336,'Uusimaa'),('en_US',337,'Itä-Uusimaa'),('en_US',338,'Kymenlaakso'),('en_US',339,'Ahvenanmaa'),('en_US',340,'Harjumaa'),('en_US',341,'Hiiumaa'),('en_US',342,'Ida-Virumaa'),('en_US',343,'Jõgevamaa'),('en_US',344,'Järvamaa'),('en_US',345,'Läänemaa'),('en_US',346,'Lääne-Virumaa'),('en_US',347,'Põlvamaa'),('en_US',348,'Pärnumaa'),('en_US',349,'Raplamaa'),('en_US',350,'Saaremaa'),('en_US',351,'Tartumaa'),('en_US',352,'Valgamaa'),('en_US',353,'Viljandimaa'),('en_US',354,'Võrumaa'),('en_US',355,'Daugavpils'),('en_US',356,'Jelgava'),('en_US',357,'Jēkabpils'),('en_US',358,'Jūrmala'),('en_US',359,'Liepāja'),('en_US',360,'Liepājas novads'),('en_US',361,'Rēzekne'),('en_US',362,'Rīga'),('en_US',363,'Rīgas novads'),('en_US',364,'Valmiera'),('en_US',365,'Ventspils'),('en_US',366,'Aglonas novads'),('en_US',367,'Aizkraukles novads'),('en_US',368,'Aizputes novads'),('en_US',369,'Aknīstes novads'),('en_US',370,'Alojas novads'),('en_US',371,'Alsungas novads'),('en_US',372,'Alūksnes novads'),('en_US',373,'Amatas novads'),('en_US',374,'Apes novads'),('en_US',375,'Auces novads'),('en_US',376,'Babītes novads'),('en_US',377,'Baldones novads'),('en_US',378,'Baltinavas novads'),('en_US',379,'Balvu novads'),('en_US',380,'Bauskas novads'),('en_US',381,'Beverīnas novads'),('en_US',382,'Brocēnu novads'),('en_US',383,'Burtnieku novads'),('en_US',384,'Carnikavas novads'),('en_US',385,'Cesvaines novads'),('en_US',386,'Ciblas novads'),('en_US',387,'Cēsu novads'),('en_US',388,'Dagdas novads'),('en_US',389,'Daugavpils novads'),('en_US',390,'Dobeles novads'),('en_US',391,'Dundagas novads'),('en_US',392,'Durbes novads'),('en_US',393,'Engures novads'),('en_US',394,'Garkalnes novads'),('en_US',395,'Grobiņas novads'),('en_US',396,'Gulbenes novads'),('en_US',397,'Iecavas novads'),('en_US',398,'Ikšķiles novads'),('en_US',399,'Ilūkstes novads'),('en_US',400,'Inčukalna novads'),('en_US',401,'Jaunjelgavas novads'),('en_US',402,'Jaunpiebalgas novads'),('en_US',403,'Jaunpils novads'),('en_US',404,'Jelgavas novads'),('en_US',405,'Jēkabpils novads'),('en_US',406,'Kandavas novads'),('en_US',407,'Kokneses novads'),('en_US',408,'Krimuldas novads'),('en_US',409,'Krustpils novads'),('en_US',410,'Krāslavas novads'),('en_US',411,'Kuldīgas novads'),('en_US',412,'Kārsavas novads'),('en_US',413,'Lielvārdes novads'),('en_US',414,'Limbažu novads'),('en_US',415,'Lubānas novads'),('en_US',416,'Ludzas novads'),('en_US',417,'Līgatnes novads'),('en_US',418,'Līvānu novads'),('en_US',419,'Madonas novads'),('en_US',420,'Mazsalacas novads'),('en_US',421,'Mālpils novads'),('en_US',422,'Mārupes novads'),('en_US',423,'Naukšēnu novads'),('en_US',424,'Neretas novads'),('en_US',425,'Nīcas novads'),('en_US',426,'Ogres novads'),('en_US',427,'Olaines novads'),('en_US',428,'Ozolnieku novads'),('en_US',429,'Preiļu novads'),('en_US',430,'Priekules novads'),('en_US',431,'Priekuļu novads'),('en_US',432,'Pārgaujas novads'),('en_US',433,'Pāvilostas novads'),('en_US',434,'Pļaviņu novads'),('en_US',435,'Raunas novads'),('en_US',436,'Riebiņu novads'),('en_US',437,'Rojas novads'),('en_US',438,'Ropažu novads'),('en_US',439,'Rucavas novads'),('en_US',440,'Rugāju novads'),('en_US',441,'Rundāles novads'),('en_US',442,'Rēzeknes novads'),('en_US',443,'Rūjienas novads'),('en_US',444,'Salacgrīvas novads'),('en_US',445,'Salas novads'),('en_US',446,'Salaspils novads'),('en_US',447,'Saldus novads'),('en_US',448,'Saulkrastu novads'),('en_US',449,'Siguldas novads'),('en_US',450,'Skrundas novads'),('en_US',451,'Skrīveru novads'),('en_US',452,'Smiltenes novads'),('en_US',453,'Stopiņu novads'),('en_US',454,'Strenču novads'),('en_US',455,'Sējas novads'),('en_US',456,'Talsu novads'),('en_US',457,'Tukuma novads'),('en_US',458,'Tērvetes novads'),('en_US',459,'Vaiņodes novads'),('en_US',460,'Valkas novads'),('en_US',461,'Valmieras novads'),('en_US',462,'Varakļānu novads'),('en_US',463,'Vecpiebalgas novads'),('en_US',464,'Vecumnieku novads'),('en_US',465,'Ventspils novads'),('en_US',466,'Viesītes novads'),('en_US',467,'Viļakas novads'),('en_US',468,'Viļānu novads'),('en_US',469,'Vārkavas novads'),('en_US',470,'Zilupes novads'),('en_US',471,'Ādažu novads'),('en_US',472,'Ērgļu novads'),('en_US',473,'Ķeguma novads'),('en_US',474,'Ķekavas novads'),('en_US',475,'Alytaus Apskritis'),('en_US',476,'Kauno Apskritis'),('en_US',477,'Klaipėdos Apskritis'),('en_US',478,'Marijampolės Apskritis'),('en_US',479,'Panevėžio Apskritis'),('en_US',480,'Šiaulių Apskritis'),('en_US',481,'Tauragės Apskritis'),('en_US',482,'Telšių Apskritis'),('en_US',483,'Utenos Apskritis'),('en_US',484,'Vilniaus Apskritis'),('en_US',485,'Acre'),('en_US',486,'Alagoas'),('en_US',487,'Amapá'),('en_US',488,'Amazonas'),('en_US',489,'Bahia'),('en_US',490,'Ceará'),('en_US',491,'Espírito Santo'),('en_US',492,'Goiás'),('en_US',493,'Maranhão'),('en_US',494,'Mato Grosso'),('en_US',495,'Mato Grosso do Sul'),('en_US',496,'Minas Gerais'),('en_US',497,'Pará'),('en_US',498,'Paraíba'),('en_US',499,'Paraná'),('en_US',500,'Pernambuco'),('en_US',501,'Piauí'),('en_US',502,'Rio de Janeiro'),('en_US',503,'Rio Grande do Norte'),('en_US',504,'Rio Grande do Sul'),('en_US',505,'Rondônia'),('en_US',506,'Roraima'),('en_US',507,'Santa Catarina'),('en_US',508,'São Paulo'),('en_US',509,'Sergipe'),('en_US',510,'Tocantins'),('en_US',511,'Distrito Federal'),('en_US',512,'Zagrebačka županija'),('en_US',513,'Krapinsko-zagorska županija'),('en_US',514,'Sisačko-moslavačka županija'),('en_US',515,'Karlovačka županija'),('en_US',516,'Varaždinska županija'),('en_US',517,'Koprivničko-križevačka županija'),('en_US',518,'Bjelovarsko-bilogorska županija'),('en_US',519,'Primorsko-goranska županija'),('en_US',520,'Ličko-senjska županija'),('en_US',521,'Virovitičko-podravska županija'),('en_US',522,'Požeško-slavonska županija'),('en_US',523,'Brodsko-posavska županija'),('en_US',524,'Zadarska županija'),('en_US',525,'Osječko-baranjska županija'),('en_US',526,'Šibensko-kninska županija'),('en_US',527,'Vukovarsko-srijemska županija'),('en_US',528,'Splitsko-dalmatinska županija'),('en_US',529,'Istarska županija'),('en_US',530,'Dubrovačko-neretvanska županija'),('en_US',531,'Međimurska županija'),('en_US',532,'Grad Zagreb'),('en_US',533,'Andaman and Nicobar Islands'),('en_US',534,'Andhra Pradesh'),('en_US',535,'Arunachal Pradesh'),('en_US',536,'Assam'),('en_US',537,'Bihar'),('en_US',538,'Chandigarh'),('en_US',539,'Chhattisgarh'),('en_US',540,'Dadra and Nagar Haveli'),('en_US',541,'Daman and Diu'),('en_US',542,'Delhi'),('en_US',543,'Goa'),('en_US',544,'Gujarat'),('en_US',545,'Haryana'),('en_US',546,'Himachal Pradesh'),('en_US',547,'Jammu and Kashmir'),('en_US',548,'Jharkhand'),('en_US',549,'Karnataka'),('en_US',550,'Kerala'),('en_US',551,'Lakshadweep'),('en_US',552,'Madhya Pradesh'),('en_US',553,'Maharashtra'),('en_US',554,'Manipur'),('en_US',555,'Meghalaya'),('en_US',556,'Mizoram'),('en_US',557,'Nagaland'),('en_US',558,'Odisha'),('en_US',559,'Puducherry'),('en_US',560,'Punjab'),('en_US',561,'Rajasthan'),('en_US',562,'Sikkim'),('en_US',563,'Tamil Nadu'),('en_US',564,'Telangana'),('en_US',565,'Tripura'),('en_US',566,'Uttar Pradesh'),('en_US',567,'Uttarakhand'),('en_US',568,'West Bengal'),('en_US',569,'Australian Capital Territory'),('en_US',570,'New South Wales'),('en_US',571,'Victoria'),('en_US',572,'Queensland'),('en_US',573,'South Australia'),('en_US',574,'Tasmania'),('en_US',575,'Western Australia'),('en_US',576,'Northern Territory'),('en_US',577,'Antwerpen'),('en_US',578,'Brabant wallon'),('en_US',579,'Brussels-Capital Region'),('en_US',580,'Hainaut'),('en_US',581,'Limburg'),('en_US',582,'Liège'),('en_US',583,'Luxembourg'),('en_US',584,'Namur'),('en_US',585,'Oost-Vlaanderen'),('en_US',586,'Vlaams-Brabant'),('en_US',587,'West-Vlaanderen'),('en_US',588,'Anhui Sheng'),('en_US',589,'Beijing Shi'),('en_US',590,'Chongqing Shi'),('en_US',591,'Fujian Sheng'),('en_US',592,'Gansu Sheng'),('en_US',593,'Guangdong Sheng'),('en_US',594,'Guangxi Zhuangzu Zizhiqu'),('en_US',595,'Guizhou Sheng'),('en_US',596,'Hainan Sheng'),('en_US',597,'Hebei Sheng'),('en_US',598,'Heilongjiang Sheng'),('en_US',599,'Henan Sheng'),('en_US',600,'Hong Kong SAR'),('en_US',601,'Hubei Sheng'),('en_US',602,'Hunan Sheng'),('en_US',603,'Jiangsu Sheng'),('en_US',604,'Jiangxi Sheng'),('en_US',605,'Jilin Sheng'),('en_US',606,'Liaoning Sheng'),('en_US',607,'Macao SAR'),('en_US',608,'Nei Mongol Zizhiqu'),('en_US',609,'Ningxia Huizi Zizhiqu'),('en_US',610,'Qinghai Sheng'),('en_US',611,'Shaanxi Sheng'),('en_US',612,'Shandong Sheng'),('en_US',613,'Shanghai Shi'),('en_US',614,'Shanxi Sheng'),('en_US',615,'Sichuan Sheng'),('en_US',616,'Taiwan Sheng'),('en_US',617,'Tianjin Shi'),('en_US',618,'Xinjiang Uygur Zizhiqu'),('en_US',619,'Xizang Zizhiqu'),('en_US',620,'Yunnan Sheng'),('en_US',621,'Zhejiang Sheng'),('en_US',622,'Amazonas'),('en_US',623,'Antioquia'),('en_US',624,'Arauca'),('en_US',625,'Atlántico'),('en_US',626,'Bolívar'),('en_US',627,'Boyacá'),('en_US',628,'Caldas'),('en_US',629,'Caquetá'),('en_US',630,'Casanare'),('en_US',631,'Cauca'),('en_US',632,'Cesar'),('en_US',633,'Chocó'),('en_US',634,'Córdoba'),('en_US',635,'Cundinamarca'),('en_US',636,'Guainía'),('en_US',637,'Guaviare'),('en_US',638,'Huila'),('en_US',639,'La Guajira'),('en_US',640,'Magdalena'),('en_US',641,'Meta'),('en_US',642,'Nariño'),('en_US',643,'Norte de Santander'),('en_US',644,'Putumayo'),('en_US',645,'Quindío'),('en_US',646,'Risaralda'),('en_US',647,'San Andrés y Providencia'),('en_US',648,'Santander'),('en_US',649,'Sucre'),('en_US',650,'Tolima'),('en_US',651,'Valle del Cauca'),('en_US',652,'Vaupés'),('en_US',653,'Vichada'),('en_US',654,'Agrigento'),('en_US',655,'Alessandria'),('en_US',656,'Ancona'),('en_US',657,'Aosta'),('en_US',658,'L\'Aquila'),('en_US',659,'Arezzo'),('en_US',660,'Ascoli-Piceno'),('en_US',661,'Asti'),('en_US',662,'Avellino'),('en_US',663,'Bari'),('en_US',664,'Barletta-Andria-Trani'),('en_US',665,'Belluno'),('en_US',666,'Benevento'),('en_US',667,'Bergamo'),('en_US',668,'Biella'),('en_US',669,'Bologna'),('en_US',670,'Bolzano'),('en_US',671,'Brescia'),('en_US',672,'Brindisi'),('en_US',673,'Cagliari'),('en_US',674,'Caltanissetta'),('en_US',675,'Campobasso'),('en_US',676,'Carbonia Iglesias'),('en_US',677,'Caserta'),('en_US',678,'Catania'),('en_US',679,'Catanzaro'),('en_US',680,'Chieti'),('en_US',681,'Como'),('en_US',682,'Cosenza'),('en_US',683,'Cremona'),('en_US',684,'Crotone'),('en_US',685,'Cuneo'),('en_US',686,'Enna'),('en_US',687,'Fermo'),('en_US',688,'Ferrara'),('en_US',689,'Firenze'),('en_US',690,'Foggia'),('en_US',691,'Forli-Cesena'),('en_US',692,'Frosinone'),('en_US',693,'Genova'),('en_US',694,'Gorizia'),('en_US',695,'Grosseto'),('en_US',696,'Imperia'),('en_US',697,'Isernia'),('en_US',698,'La-Spezia'),('en_US',699,'Latina'),('en_US',700,'Lecce'),('en_US',701,'Lecco'),('en_US',702,'Livorno'),('en_US',703,'Lodi'),('en_US',704,'Lucca'),('en_US',705,'Macerata'),('en_US',706,'Mantova'),('en_US',707,'Massa-Carrara'),('en_US',708,'Matera'),('en_US',709,'Medio Campidano'),('en_US',710,'Messina'),('en_US',711,'Milano'),('en_US',712,'Modena'),('en_US',713,'Monza-Brianza'),('en_US',714,'Napoli'),('en_US',715,'Novara'),('en_US',716,'Nuoro'),('en_US',717,'Ogliastra'),('en_US',718,'Olbia Tempio'),('en_US',719,'Oristano'),('en_US',720,'Padova'),('en_US',721,'Palermo'),('en_US',722,'Parma'),('en_US',723,'Pavia'),('en_US',724,'Perugia'),('en_US',725,'Pesaro-Urbino'),('en_US',726,'Pescara'),('en_US',727,'Piacenza'),('en_US',728,'Pisa'),('en_US',729,'Pistoia'),('en_US',730,'Pordenone'),('en_US',731,'Potenza'),('en_US',732,'Prato'),('en_US',733,'Ragusa'),('en_US',734,'Ravenna'),('en_US',735,'Reggio-Calabria'),('en_US',736,'Reggio-Emilia'),('en_US',737,'Rieti'),('en_US',738,'Rimini'),('en_US',739,'Roma'),('en_US',740,'Rovigo'),('en_US',741,'Salerno'),('en_US',742,'Sassari'),('en_US',743,'Savona'),('en_US',744,'Siena'),('en_US',745,'Siracusa'),('en_US',746,'Sondrio'),('en_US',747,'Taranto'),('en_US',748,'Teramo'),('en_US',749,'Terni'),('en_US',750,'Torino'),('en_US',751,'Trapani'),('en_US',752,'Trento'),('en_US',753,'Treviso'),('en_US',754,'Trieste'),('en_US',755,'Udine'),('en_US',756,'Varese'),('en_US',757,'Venezia'),('en_US',758,'Verbania'),('en_US',759,'Vercelli'),('en_US',760,'Verona'),('en_US',761,'Vibo-Valentia'),('en_US',762,'Vicenza'),('en_US',763,'Viterbo'),('en_US',764,'Aguascalientes'),('en_US',765,'Baja California'),('en_US',766,'Baja California Sur'),('en_US',767,'Campeche'),('en_US',768,'Chiapas'),('en_US',769,'Chihuahua'),('en_US',770,'Ciudad de México'),('en_US',771,'Coahuila'),('en_US',772,'Colima'),('en_US',773,'Durango'),('en_US',774,'Estado de México'),('en_US',775,'Guanajuato'),('en_US',776,'Guerrero'),('en_US',777,'Hidalgo'),('en_US',778,'Jalisco'),('en_US',779,'Michoacán'),('en_US',780,'Morelos'),('en_US',781,'Nayarit'),('en_US',782,'Nuevo León'),('en_US',783,'Oaxaca'),('en_US',784,'Puebla'),('en_US',785,'Querétaro'),('en_US',786,'Quintana Roo'),('en_US',787,'San Luis Potosí'),('en_US',788,'Sinaloa'),('en_US',789,'Sonora'),('en_US',790,'Tabasco'),('en_US',791,'Tamaulipas'),('en_US',792,'Tlaxcala'),('en_US',793,'Veracruz'),('en_US',794,'Yucatán'),('en_US',795,'Zacatecas'),('en_US',796,'dolnośląskie'),('en_US',797,'kujawsko-pomorskie'),('en_US',798,'lubelskie'),('en_US',799,'lubuskie'),('en_US',800,'łódzkie'),('en_US',801,'małopolskie'),('en_US',802,'mazowieckie'),('en_US',803,'opolskie'),('en_US',804,'podkarpackie'),('en_US',805,'podlaskie'),('en_US',806,'pomorskie'),('en_US',807,'śląskie'),('en_US',808,'świętokrzyskie'),('en_US',809,'warmińsko-mazurskie'),('en_US',810,'wielkopolskie'),('en_US',811,'zachodniopomorskie'),('en_US',812,'Blagoevgrad'),('en_US',813,'Burgas'),('en_US',814,'Varna'),('en_US',815,'Veliko Tarnovo'),('en_US',816,'Vidin'),('en_US',817,'Vratsa'),('en_US',818,'Gabrovo'),('en_US',819,'Dobrich'),('en_US',820,'Kardzhali'),('en_US',821,'Kyustendil'),('en_US',822,'Lovech'),('en_US',823,'Montana'),('en_US',824,'Pazardzhik'),('en_US',825,'Pernik'),('en_US',826,'Pleven'),('en_US',827,'Plovdiv'),('en_US',828,'Razgrad'),('en_US',829,'Ruse'),('en_US',830,'Silistra'),('en_US',831,'Sliven'),('en_US',832,'Smolyan'),('en_US',833,'Sofia City'),('en_US',834,'Sofia Province'),('en_US',835,'Stara Zagora'),('en_US',836,'Targovishte'),('en_US',837,'Haskovo'),('en_US',838,'Shumen'),('en_US',839,'Yambol');

--
-- Table structure for table `directory_currency_rate`
--

CREATE TABLE `directory_currency_rate` (
  `currency_from` varchar(3) NOT NULL COMMENT 'Currency Code Convert From',
  `currency_to` varchar(3) NOT NULL COMMENT 'Currency Code Convert To',
  `rate` decimal(24,12) NOT NULL DEFAULT '0.000000000000' COMMENT 'Currency Conversion Rate',
  PRIMARY KEY (`currency_from`,`currency_to`),
  KEY `DIRECTORY_CURRENCY_RATE_CURRENCY_TO` (`currency_to`)
) ENGINE=InnoDB DEFAULT CHARSET=utf8 COMMENT='Directory Currency Rate';

--
-- Dumping data for table `directory_currency_rate`
--

INSERT INTO `directory_currency_rate` VALUES ('EUR','EUR',1.000000000000),('EUR','USD',1.415000000000),('SAR','SAR',1.000000000000),('USD','EUR',0.706700000000),('USD','USD',1.000000000000);

--
-- Table structure for table `downloadable_link`
--

CREATE TABLE `downloadable_link` (
  `link_id` int(10) unsigned NOT NULL AUTO_INCREMENT COMMENT 'Link ID',
  `product_id` int(10) unsigned NOT NULL DEFAULT '0' COMMENT 'Product ID',
  `sort_order` int(10) unsigned NOT NULL DEFAULT '0' COMMENT 'Sort order',
  `number_of_downloads` int(11) DEFAULT NULL COMMENT 'Number of downloads',
  `is_shareable` smallint(5) unsigned NOT NULL DEFAULT '0' COMMENT 'Shareable flag',
  `link_url` varchar(255) DEFAULT NULL COMMENT 'Link Url',
  `link_file` varchar(255) DEFAULT NULL COMMENT 'Link File',
  `link_type` varchar(20) DEFAULT NULL COMMENT 'Link Type',
  `sample_url` varchar(255) DEFAULT NULL COMMENT 'Sample Url',
  `sample_file` varchar(255) DEFAULT NULL COMMENT 'Sample File',
  `sample_type` varchar(20) DEFAULT NULL COMMENT 'Sample Type',
  PRIMARY KEY (`link_id`),
  KEY `DOWNLOADABLE_LINK_PRODUCT_ID_SORT_ORDER` (`product_id`,`sort_order`),
  CONSTRAINT `DOWNLOADABLE_LINK_PRODUCT_ID_CATALOG_PRODUCT_ENTITY_ENTITY_ID` FOREIGN KEY (`product_id`) REFERENCES `catalog_product_entity` (`entity_id`) ON DELETE CASCADE
) ENGINE=InnoDB DEFAULT CHARSET=utf8 COMMENT='Downloadable Link Table';

--
-- Dumping data for table `downloadable_link`
--


--
-- Table structure for table `downloadable_link_price`
--

CREATE TABLE `downloadable_link_price` (
  `price_id` int(10) unsigned NOT NULL AUTO_INCREMENT COMMENT 'Price ID',
  `link_id` int(10) unsigned NOT NULL DEFAULT '0' COMMENT 'Link ID',
  `website_id` smallint(5) unsigned NOT NULL DEFAULT '0' COMMENT 'Website ID',
  `price` decimal(20,6) NOT NULL DEFAULT '0.000000' COMMENT 'Price',
  PRIMARY KEY (`price_id`),
  KEY `DOWNLOADABLE_LINK_PRICE_LINK_ID` (`link_id`),
  KEY `DOWNLOADABLE_LINK_PRICE_WEBSITE_ID` (`website_id`),
  CONSTRAINT `DOWNLOADABLE_LINK_PRICE_LINK_ID_DOWNLOADABLE_LINK_LINK_ID` FOREIGN KEY (`link_id`) REFERENCES `downloadable_link` (`link_id`) ON DELETE CASCADE,
  CONSTRAINT `DOWNLOADABLE_LINK_PRICE_WEBSITE_ID_STORE_WEBSITE_WEBSITE_ID` FOREIGN KEY (`website_id`) REFERENCES `store_website` (`website_id`) ON DELETE CASCADE
) ENGINE=InnoDB DEFAULT CHARSET=utf8 COMMENT='Downloadable Link Price Table';

--
-- Dumping data for table `downloadable_link_price`
--


--
-- Table structure for table `downloadable_link_purchased`
--

CREATE TABLE `downloadable_link_purchased` (
  `purchased_id` int(10) unsigned NOT NULL AUTO_INCREMENT COMMENT 'Purchased ID',
  `order_id` int(10) unsigned DEFAULT '0' COMMENT 'Order ID',
  `order_increment_id` varchar(50) DEFAULT NULL COMMENT 'Order Increment ID',
  `order_item_id` int(10) unsigned NOT NULL DEFAULT '0' COMMENT 'Order Item ID',
  `created_at` timestamp NOT NULL DEFAULT CURRENT_TIMESTAMP COMMENT 'Date of creation',
  `updated_at` timestamp NOT NULL DEFAULT CURRENT_TIMESTAMP ON UPDATE CURRENT_TIMESTAMP COMMENT 'Date of modification',
  `customer_id` int(10) unsigned DEFAULT '0' COMMENT 'Customer ID',
  `product_name` varchar(255) DEFAULT NULL COMMENT 'Product name',
  `product_sku` varchar(255) DEFAULT NULL COMMENT 'Product sku',
  `link_section_title` varchar(255) DEFAULT NULL COMMENT 'Link_section_title',
  PRIMARY KEY (`purchased_id`),
  KEY `DOWNLOADABLE_LINK_PURCHASED_ORDER_ID` (`order_id`),
  KEY `DOWNLOADABLE_LINK_PURCHASED_ORDER_ITEM_ID` (`order_item_id`),
  KEY `DOWNLOADABLE_LINK_PURCHASED_CUSTOMER_ID` (`customer_id`),
  CONSTRAINT `DL_LNK_PURCHASED_CSTR_ID_CSTR_ENTT_ENTT_ID` FOREIGN KEY (`customer_id`) REFERENCES `customer_entity` (`entity_id`) ON DELETE SET NULL,
  CONSTRAINT `DOWNLOADABLE_LINK_PURCHASED_ORDER_ID_SALES_ORDER_ENTITY_ID` FOREIGN KEY (`order_id`) REFERENCES `sales_order` (`entity_id`) ON DELETE SET NULL
) ENGINE=InnoDB DEFAULT CHARSET=utf8 COMMENT='Downloadable Link Purchased Table';

--
-- Dumping data for table `downloadable_link_purchased`
--


--
-- Table structure for table `downloadable_link_purchased_item`
--

CREATE TABLE `downloadable_link_purchased_item` (
  `item_id` int(10) unsigned NOT NULL AUTO_INCREMENT COMMENT 'Item ID',
  `purchased_id` int(10) unsigned NOT NULL DEFAULT '0' COMMENT 'Purchased ID',
  `order_item_id` int(10) unsigned DEFAULT '0' COMMENT 'Order Item ID',
  `product_id` int(10) unsigned DEFAULT '0' COMMENT 'Product ID',
  `link_hash` varchar(255) DEFAULT NULL COMMENT 'Link hash',
  `number_of_downloads_bought` int(10) unsigned NOT NULL DEFAULT '0' COMMENT 'Number of downloads bought',
  `number_of_downloads_used` int(10) unsigned NOT NULL DEFAULT '0' COMMENT 'Number of downloads used',
  `link_id` int(10) unsigned NOT NULL DEFAULT '0' COMMENT 'Link ID',
  `link_title` varchar(255) DEFAULT NULL COMMENT 'Link Title',
  `is_shareable` smallint(5) unsigned NOT NULL DEFAULT '0' COMMENT 'Shareable Flag',
  `link_url` varchar(255) DEFAULT NULL COMMENT 'Link Url',
  `link_file` varchar(255) DEFAULT NULL COMMENT 'Link File',
  `link_type` varchar(255) DEFAULT NULL COMMENT 'Link Type',
  `status` varchar(50) DEFAULT NULL COMMENT 'Status',
  `created_at` timestamp NOT NULL DEFAULT CURRENT_TIMESTAMP COMMENT 'Creation Time',
  `updated_at` timestamp NOT NULL DEFAULT CURRENT_TIMESTAMP ON UPDATE CURRENT_TIMESTAMP COMMENT 'Update Time',
  PRIMARY KEY (`item_id`),
  KEY `DOWNLOADABLE_LINK_PURCHASED_ITEM_LINK_HASH` (`link_hash`),
  KEY `DOWNLOADABLE_LINK_PURCHASED_ITEM_ORDER_ITEM_ID` (`order_item_id`),
  KEY `DOWNLOADABLE_LINK_PURCHASED_ITEM_PURCHASED_ID` (`purchased_id`),
  CONSTRAINT `DL_LNK_PURCHASED_ITEM_ORDER_ITEM_ID_SALES_ORDER_ITEM_ITEM_ID` FOREIGN KEY (`order_item_id`) REFERENCES `sales_order_item` (`item_id`) ON DELETE SET NULL,
  CONSTRAINT `DL_LNK_PURCHASED_ITEM_PURCHASED_ID_DL_LNK_PURCHASED_PURCHASED_ID` FOREIGN KEY (`purchased_id`) REFERENCES `downloadable_link_purchased` (`purchased_id`) ON DELETE CASCADE
) ENGINE=InnoDB DEFAULT CHARSET=utf8 COMMENT='Downloadable Link Purchased Item Table';

--
-- Dumping data for table `downloadable_link_purchased_item`
--


--
-- Table structure for table `downloadable_link_title`
--

CREATE TABLE `downloadable_link_title` (
  `title_id` int(10) unsigned NOT NULL AUTO_INCREMENT COMMENT 'Title ID',
  `link_id` int(10) unsigned NOT NULL DEFAULT '0' COMMENT 'Link ID',
  `store_id` smallint(5) unsigned NOT NULL DEFAULT '0' COMMENT 'Store ID',
  `title` varchar(255) DEFAULT NULL COMMENT 'Title',
  PRIMARY KEY (`title_id`),
  UNIQUE KEY `DOWNLOADABLE_LINK_TITLE_LINK_ID_STORE_ID` (`link_id`,`store_id`),
  KEY `DOWNLOADABLE_LINK_TITLE_STORE_ID` (`store_id`),
  CONSTRAINT `DOWNLOADABLE_LINK_TITLE_LINK_ID_DOWNLOADABLE_LINK_LINK_ID` FOREIGN KEY (`link_id`) REFERENCES `downloadable_link` (`link_id`) ON DELETE CASCADE,
  CONSTRAINT `DOWNLOADABLE_LINK_TITLE_STORE_ID_STORE_STORE_ID` FOREIGN KEY (`store_id`) REFERENCES `store` (`store_id`) ON DELETE CASCADE
) ENGINE=InnoDB DEFAULT CHARSET=utf8 COMMENT='Link Title Table';

--
-- Dumping data for table `downloadable_link_title`
--


--
-- Table structure for table `downloadable_sample`
--

CREATE TABLE `downloadable_sample` (
  `sample_id` int(10) unsigned NOT NULL AUTO_INCREMENT COMMENT 'Sample ID',
  `product_id` int(10) unsigned NOT NULL DEFAULT '0' COMMENT 'Product ID',
  `sample_url` varchar(255) DEFAULT NULL COMMENT 'Sample URL',
  `sample_file` varchar(255) DEFAULT NULL COMMENT 'Sample file',
  `sample_type` varchar(20) DEFAULT NULL COMMENT 'Sample Type',
  `sort_order` int(10) unsigned NOT NULL DEFAULT '0' COMMENT 'Sort Order',
  PRIMARY KEY (`sample_id`),
  KEY `DOWNLOADABLE_SAMPLE_PRODUCT_ID` (`product_id`),
  CONSTRAINT `DOWNLOADABLE_SAMPLE_PRODUCT_ID_CATALOG_PRODUCT_ENTITY_ENTITY_ID` FOREIGN KEY (`product_id`) REFERENCES `catalog_product_entity` (`entity_id`) ON DELETE CASCADE
) ENGINE=InnoDB DEFAULT CHARSET=utf8 COMMENT='Downloadable Sample Table';

--
-- Dumping data for table `downloadable_sample`
--


--
-- Table structure for table `downloadable_sample_title`
--

CREATE TABLE `downloadable_sample_title` (
  `title_id` int(10) unsigned NOT NULL AUTO_INCREMENT COMMENT 'Title ID',
  `sample_id` int(10) unsigned NOT NULL DEFAULT '0' COMMENT 'Sample ID',
  `store_id` smallint(5) unsigned NOT NULL DEFAULT '0' COMMENT 'Store ID',
  `title` varchar(255) DEFAULT NULL COMMENT 'Title',
  PRIMARY KEY (`title_id`),
  UNIQUE KEY `DOWNLOADABLE_SAMPLE_TITLE_SAMPLE_ID_STORE_ID` (`sample_id`,`store_id`),
  KEY `DOWNLOADABLE_SAMPLE_TITLE_STORE_ID` (`store_id`),
  CONSTRAINT `DL_SAMPLE_TTL_SAMPLE_ID_DL_SAMPLE_SAMPLE_ID` FOREIGN KEY (`sample_id`) REFERENCES `downloadable_sample` (`sample_id`) ON DELETE CASCADE,
  CONSTRAINT `DOWNLOADABLE_SAMPLE_TITLE_STORE_ID_STORE_STORE_ID` FOREIGN KEY (`store_id`) REFERENCES `store` (`store_id`) ON DELETE CASCADE
) ENGINE=InnoDB DEFAULT CHARSET=utf8 COMMENT='Downloadable Sample Title Table';

--
-- Dumping data for table `downloadable_sample_title`
--


--
-- Table structure for table `eav_attribute`
--

CREATE TABLE `eav_attribute` (
  `attribute_id` smallint(5) unsigned NOT NULL AUTO_INCREMENT COMMENT 'Attribute ID',
  `entity_type_id` smallint(5) unsigned NOT NULL DEFAULT '0' COMMENT 'Entity Type ID',
  `attribute_code` varchar(255) NOT NULL COMMENT 'Attribute Code',
  `attribute_model` varchar(255) DEFAULT NULL COMMENT 'Attribute Model',
  `backend_model` varchar(255) DEFAULT NULL COMMENT 'Backend Model',
  `backend_type` varchar(8) NOT NULL DEFAULT 'static' COMMENT 'Backend Type',
  `backend_table` varchar(255) DEFAULT NULL COMMENT 'Backend Table',
  `frontend_model` varchar(255) DEFAULT NULL COMMENT 'Frontend Model',
  `frontend_input` varchar(50) DEFAULT NULL COMMENT 'Frontend Input',
  `frontend_label` varchar(255) DEFAULT NULL COMMENT 'Frontend Label',
  `frontend_class` varchar(255) DEFAULT NULL COMMENT 'Frontend Class',
  `source_model` varchar(255) DEFAULT NULL COMMENT 'Source Model',
  `is_required` smallint(5) unsigned NOT NULL DEFAULT '0' COMMENT 'Defines Is Required',
  `is_user_defined` smallint(5) unsigned NOT NULL DEFAULT '0' COMMENT 'Defines Is User Defined',
  `default_value` text COMMENT 'Default Value',
  `is_unique` smallint(5) unsigned NOT NULL DEFAULT '0' COMMENT 'Defines Is Unique',
  `note` varchar(255) DEFAULT NULL COMMENT 'Note',
  PRIMARY KEY (`attribute_id`),
  UNIQUE KEY `EAV_ATTRIBUTE_ENTITY_TYPE_ID_ATTRIBUTE_CODE` (`entity_type_id`,`attribute_code`),
  KEY `EAV_ATTRIBUTE_FRONTEND_INPUT_ENTITY_TYPE_ID_IS_USER_DEFINED` (`frontend_input`,`entity_type_id`,`is_user_defined`),
  CONSTRAINT `EAV_ATTRIBUTE_ENTITY_TYPE_ID_EAV_ENTITY_TYPE_ENTITY_TYPE_ID` FOREIGN KEY (`entity_type_id`) REFERENCES `eav_entity_type` (`entity_type_id`) ON DELETE CASCADE
) ENGINE=InnoDB AUTO_INCREMENT=371 DEFAULT CHARSET=utf8 COMMENT='Eav Attribute';

--
-- Dumping data for table `eav_attribute`
--



--
-- Table structure for table `eav_attribute_group`
--

CREATE TABLE `eav_attribute_group` (
  `attribute_group_id` smallint(5) unsigned NOT NULL AUTO_INCREMENT COMMENT 'Attribute Group ID',
  `attribute_set_id` smallint(5) unsigned NOT NULL DEFAULT '0' COMMENT 'Attribute Set ID',
  `attribute_group_name` varchar(255) DEFAULT NULL COMMENT 'Attribute Group Name',
  `sort_order` smallint(6) NOT NULL DEFAULT '0' COMMENT 'Sort Order',
  `default_id` smallint(5) unsigned DEFAULT '0' COMMENT 'Default ID',
  `attribute_group_code` varchar(255) NOT NULL COMMENT 'Attribute Group Code',
  `tab_group_code` varchar(255) DEFAULT NULL COMMENT 'Tab Group Code',
  PRIMARY KEY (`attribute_group_id`),
  UNIQUE KEY `EAV_ATTRIBUTE_GROUP_ATTRIBUTE_SET_ID_ATTRIBUTE_GROUP_CODE` (`attribute_set_id`,`attribute_group_code`),
  UNIQUE KEY `EAV_ATTRIBUTE_GROUP_ATTRIBUTE_SET_ID_ATTRIBUTE_GROUP_NAME` (`attribute_set_id`,`attribute_group_name`),
  KEY `EAV_ATTRIBUTE_GROUP_ATTRIBUTE_SET_ID_SORT_ORDER` (`attribute_set_id`,`sort_order`),
  CONSTRAINT `EAV_ATTR_GROUP_ATTR_SET_ID_EAV_ATTR_SET_ATTR_SET_ID` FOREIGN KEY (`attribute_set_id`) REFERENCES `eav_attribute_set` (`attribute_set_id`) ON DELETE CASCADE
) ENGINE=InnoDB AUTO_INCREMENT=90 DEFAULT CHARSET=utf8 COMMENT='Eav Attribute Group';

--
-- Dumping data for table `eav_attribute_group`
--

INSERT INTO `eav_attribute_group` VALUES (1,1,'General',1,1,'general',NULL),(2,2,'General',1,1,'general',NULL),(3,3,'General',10,1,'general',NULL),(4,3,'General Information',2,0,'general-information',NULL),(5,3,'Display Settings',20,0,'display-settings',NULL),(6,3,'Custom Design',30,0,'custom-design',NULL),(7,4,'Product Details',1,1,'product-details','basic'),(8,4,'Advanced Pricing',6,0,'advanced-pricing','advanced'),(9,4,'Search Engine Optimization',5,0,'search-engine-optimization','basic'),(10,4,'Images',4,0,'image-management','basic'),(11,4,'Design',7,0,'design','advanced'),(12,4,'Autosettings',9,0,'autosettings','advanced'),(13,4,'Content',2,0,'content','basic'),(14,4,'Schedule Design Update',8,0,'schedule-design-update','advanced'),(15,5,'General',1,1,'general',NULL),(16,6,'General',1,1,'general',NULL),(17,7,'General',1,1,'general',NULL),(18,8,'General',1,1,'general',NULL),(19,4,'Gift Options',10,0,'gift-options',NULL),(20,4,'Bundle Items',3,0,'bundle-items',NULL),(21,3,'Mega',1000,0,'mega',NULL),(33,4,'Specification',11,0,'specification',NULL),(35,4,'Image',12,0,'image',NULL),(48,11,'Image',12,0,'image',NULL),(49,11,'Specification',11,0,'specification',NULL),(50,11,'Gift Options',10,0,'gift-options',NULL),(51,11,'Autosettings',9,0,'autosettings','advanced'),(52,11,'Schedule Design Update',8,0,'schedule-design-update','advanced'),(53,11,'Design',7,0,'design','advanced'),(54,11,'Advanced Pricing',6,0,'advanced-pricing','advanced'),(55,11,'Search Engine Optimization',5,0,'search-engine-optimization','basic'),(56,11,'Images',4,0,'image-management','basic'),(57,11,'Bundle Items',3,0,'bundle-items',NULL),(58,11,'Content',2,0,'content','basic'),(59,11,'Product Details',1,1,'product-details','basic'),(60,12,'Image',10,0,'image',NULL),(62,12,'Gift Options',9,0,'gift-options',NULL),(63,12,'Autosettings',8,0,'autosettings','advanced'),(64,12,'Schedule Design Update',7,0,'schedule-design-update','advanced'),(65,12,'Design',6,0,'design','advanced'),(66,12,'Advanced Pricing',5,0,'advanced-pricing','advanced'),(67,12,'Search Engine Optimization',4,0,'search-engine-optimization','basic'),(68,12,'Images',3,0,'image-management','basic'),(69,12,'Bundle Items',2,0,'bundle-items',NULL),(71,12,'Product Details',1,1,'product-details','basic'),(72,12,'Chairs',11,0,'chairs',NULL),(73,4,'Attributes',13,0,'attributes',NULL),(74,13,'Attributes',13,0,'attributes',NULL),(75,13,'Image',12,0,'image',NULL),(76,13,'Specification',11,0,'specification',NULL),(77,13,'Gift Options',10,0,'gift-options',NULL),(78,13,'Autosettings',9,0,'autosettings','advanced'),(79,13,'Schedule Design Update',8,0,'schedule-design-update','advanced'),(80,13,'Design',7,0,'design','advanced'),(81,13,'Advanced Pricing',6,0,'advanced-pricing','advanced'),(82,13,'Search Engine Optimization',5,0,'search-engine-optimization','basic'),(83,13,'Images',4,0,'image-management','basic'),(84,13,'Bundle Items',3,0,'bundle-items',NULL),(85,13,'Content',2,0,'content','basic'),(86,13,'Product Details',1,1,'product-details','basic'),(87,100,'General',1,1,'general',NULL),(88,100,'Brand Information',2,0,'brand-information',NULL),(89,3,'Smart Menu',1001,0,'smart-menu',NULL);

--
-- Table structure for table `eav_attribute_label`
--

CREATE TABLE `eav_attribute_label` (
  `attribute_label_id` int(10) unsigned NOT NULL AUTO_INCREMENT COMMENT 'Attribute Label ID',
  `attribute_id` smallint(5) unsigned NOT NULL DEFAULT '0' COMMENT 'Attribute ID',
  `store_id` smallint(5) unsigned NOT NULL DEFAULT '0' COMMENT 'Store ID',
  `value` varchar(255) DEFAULT NULL COMMENT 'Value',
  PRIMARY KEY (`attribute_label_id`),
  KEY `EAV_ATTRIBUTE_LABEL_STORE_ID` (`store_id`),
  KEY `EAV_ATTRIBUTE_LABEL_ATTRIBUTE_ID_STORE_ID` (`attribute_id`,`store_id`),
  CONSTRAINT `EAV_ATTRIBUTE_LABEL_ATTRIBUTE_ID_EAV_ATTRIBUTE_ATTRIBUTE_ID` FOREIGN KEY (`attribute_id`) REFERENCES `eav_attribute` (`attribute_id`) ON DELETE CASCADE,
  CONSTRAINT `EAV_ATTRIBUTE_LABEL_STORE_ID_STORE_STORE_ID` FOREIGN KEY (`store_id`) REFERENCES `store` (`store_id`) ON DELETE CASCADE
) ENGINE=InnoDB AUTO_INCREMENT=147 DEFAULT CHARSET=utf8 COMMENT='Eav Attribute Label';

--
-- Dumping data for table `eav_attribute_label`
--

INSERT INTO `eav_attribute_label` VALUES (14,222,1,'Recommended Monthly Print Volume'),(15,222,2,' الطباعة الشهرية الموصى بها'),(16,223,1,'Mono Print Speed'),(17,223,2,'سرعة الطباعة - أسود'),(18,224,2,'سرعة الطباعة - ملون'),(19,227,2,'سرعة المسح الضوئي'),(20,228,2,'دقة وضوح المسح الضوئي'),(21,229,2,' لوحة الأوامر / الشاشة'),(22,230,2,'الذاكرة'),(23,231,2,' حجم الورق'),(24,232,2,' وزن الورق'),(25,233,2,'عدد الأدراج'),(26,234,2,'كمية الورق في الأدراج'),(27,235,2,'الملقّم الجانبي'),(28,236,2,'طباعة على الوجهين'),(30,237,2,'المداخل'),(31,238,2,'كمية ورق ملقّم المستندات'),(32,317,1,'Compatible Toners'),(33,317,2,'الأحبار المتوافقة'),(35,322,2,'لوحة LCD ملونة'),(36,318,2,'الاتصال'),(37,279,2,'كفاءة الطاقة'),(40,255,2,'لوحة التشغيل'),(41,263,2,'عملية منتجة'),(42,295,2,'بسيط'),(43,262,2,'جودة صورة رائعة'),(44,320,2,'أداء صديق للبيئة'),(46,323,2,'تصميم مضغوط'),(47,254,2,'اتصال المحمول'),(48,252,2,'حماية'),(50,284,2,'سهولة استخدام استثنائية'),(52,321,2,'طباعة على الوجهين متكامل'),(53,306,2,'حبر Simitri HD'),(54,289,2,'سهولة الاستخدام المحسنة'),(55,246,2,'حلول أمنية موثوقة'),(59,324,2,'تعدد الوظائف'),(60,277,2,'مناسب'),(62,337,2,'جاهز عندما تكون أنت جاهز'),(64,325,2,'مرونة المستخدم'),(65,333,2,'أمان كامل الطيف'),(67,326,2,'وظائف متقدمة'),(69,328,2,'تبادل آمن للمعلومات'),(70,329,2,'أنجز المزيد'),(71,331,2,'قوة ثنائية النواة'),(72,330,2,'تفاعل بسهولة'),(73,332,2,'مصمم لأداء - وأخيراً'),(74,334,2,'اللون الذي يبدو باهظ الثمن فقط'),(76,74,2,'رقم المنتج'),(80,249,2,'يشمل'),(82,256,2,'لوحة متعددة اللمس '),(83,257,2,'الاستدامة'),(84,248,2,'إعدادات'),(92,226,2,'دقة الطباعة الملونة'),(100,319,2,'أحدث التقنيات'),(101,319,1,'Latest Technology'),(104,211,2,'العلامة التجارية'),(105,211,1,'Brand'),(110,327,2,'إنتاجية عالية'),(111,327,1,'High Productivity'),(113,239,2,'عمر الحبر'),(114,339,2,'العلامة التجارية'),(116,313,1,'Fax'),(117,313,2,'فاكس'),(119,216,2,'وظائف الطابعة'),(120,215,2,'الفئة'),(124,214,1,'Model'),(125,214,2,'الموديل '),(126,301,1,'Compatible Models'),(127,301,2,'متوافق مع '),(132,218,2,'لون الطباعة'),(133,220,2,'حجم الورق'),(134,217,2,'وظائف'),(143,336,2,'لطراز الطابعة'),(146,93,2,'لون');

--
-- Table structure for table `eav_attribute_option`
--

CREATE TABLE `eav_attribute_option` (
  `option_id` int(10) unsigned NOT NULL AUTO_INCREMENT COMMENT 'Option ID',
  `attribute_id` smallint(5) unsigned NOT NULL DEFAULT '0' COMMENT 'Attribute ID',
  `sort_order` smallint(5) unsigned NOT NULL DEFAULT '0' COMMENT 'Sort Order',
  PRIMARY KEY (`option_id`),
  KEY `EAV_ATTRIBUTE_OPTION_ATTRIBUTE_ID` (`attribute_id`),
  CONSTRAINT `EAV_ATTRIBUTE_OPTION_ATTRIBUTE_ID_EAV_ATTRIBUTE_ATTRIBUTE_ID` FOREIGN KEY (`attribute_id`) REFERENCES `eav_attribute` (`attribute_id`) ON DELETE CASCADE
) ENGINE=InnoDB AUTO_INCREMENT=904 DEFAULT CHARSET=utf8 COMMENT='Eav Attribute Option';

--
-- Dumping data for table `eav_attribute_option`
--

INSERT INTO `eav_attribute_option` VALUES (1,20,0),(2,20,1),(3,20,3),(17,211,0),(19,211,0),(24,215,1),(25,215,2),(26,215,3),(27,216,1),(29,217,1),(32,218,2),(36,220,1),(37,220,2),(39,218,3),(40,215,4),(41,215,5),(42,215,6),(43,215,7),(44,215,8),(58,93,1),(59,93,2),(60,93,3),(61,93,4),(67,216,3),(68,215,10),(69,215,11),(70,215,12),(71,215,13),(72,215,14),(73,217,3),(296,239,7),(297,239,66),(298,239,8),(299,239,9),(300,239,67),(301,239,10),(302,239,11),(303,239,68),(304,239,12),(305,239,13),(306,239,14),(307,239,15),(308,239,16),(309,239,17),(310,239,18),(311,239,19),(312,239,20),(313,239,21),(314,239,22),(315,239,23),(316,239,24),(317,239,25),(318,239,26),(319,239,27),(320,239,28),(321,239,29),(322,239,30),(323,239,31),(324,239,32),(325,239,33),(326,239,1),(327,239,34),(328,239,35),(329,239,36),(330,239,37),(331,239,38),(332,239,39),(333,239,40),(334,239,41),(335,239,42),(336,239,43),(337,239,44),(338,239,45),(339,239,46),(340,239,47),(341,239,2),(342,239,48),(343,239,49),(344,239,3),(345,239,50),(346,239,51),(347,239,52),(348,239,53),(349,239,54),(350,239,55),(351,239,4),(352,239,56),(353,239,57),(354,239,58),(355,239,59),(356,239,5),(357,239,60),(358,239,61),(359,239,62),(360,239,6),(361,239,63),(362,239,64),(363,239,65),(552,215,14),(553,215,15),(554,215,16),(555,215,17),(556,215,18),(557,215,19),(560,313,2),(561,313,3),(563,239,70),(564,239,71),(565,239,72),(566,239,73),(567,239,74),(568,239,75),(569,239,76),(570,239,77),(571,239,78),(573,211,3),(574,239,80),(580,313,3),(581,313,4),(582,215,20),(583,215,21),(584,336,0),(585,336,0),(586,336,0),(587,336,0),(588,336,0),(589,336,0),(590,336,0),(591,336,0),(592,336,0),(593,336,0),(594,336,0),(595,336,0),(596,336,0),(597,336,0),(598,336,0),(599,336,0),(600,336,0),(601,336,0),(602,336,0),(603,336,0),(604,336,0),(605,336,0),(606,336,0),(607,336,0),(608,336,0),(609,336,0),(610,336,0),(611,336,0),(612,336,0),(613,336,0),(614,336,0),(615,336,0),(616,336,0),(617,336,0),(618,336,0),(619,336,0),(620,336,0),(621,336,0),(622,336,0),(623,336,0),(624,336,0),(625,336,0),(626,336,0),(627,336,0),(628,336,0),(629,336,0),(630,336,0),(631,336,0),(632,336,0),(633,336,0),(634,336,0),(635,336,0),(636,336,0),(637,336,0),(638,336,0),(639,336,0),(640,336,0),(641,336,0),(642,336,0),(643,336,0),(644,336,0),(645,336,0),(646,336,0),(647,336,0),(648,336,0),(649,336,0),(650,336,0),(651,336,0),(652,336,0),(653,336,0),(654,336,0),(655,336,0),(656,336,0),(657,336,0),(658,336,0),(659,336,0),(660,336,0),(661,336,0),(662,336,0),(663,336,0),(664,336,0),(665,336,0),(666,336,0),(667,336,0),(668,336,0),(669,336,0),(670,336,0),(671,336,0),(672,336,0),(673,336,0),(674,336,0),(675,336,0),(676,336,0),(677,336,0),(678,336,0),(679,336,0),(680,336,0),(681,336,0),(682,336,0),(683,336,0),(684,336,0),(685,336,0),(686,336,0),(687,336,0),(688,336,0),(689,336,0),(690,336,0),(691,336,0),(692,336,0),(693,336,0),(694,336,0),(695,336,0),(696,336,0),(697,336,0),(698,336,0),(699,336,0),(700,336,0),(701,336,0),(702,336,0),(703,336,0),(704,336,0),(705,336,0),(706,336,0),(707,336,0),(708,336,0),(709,336,0),(710,336,0),(711,336,0),(712,336,0),(713,336,0),(714,336,0),(715,336,0),(716,336,0),(717,336,0),(718,336,0),(719,336,0),(720,336,0),(721,336,0),(722,336,0),(723,336,0),(724,336,0),(725,336,0),(726,336,0),(727,336,0),(728,336,0),(729,336,0),(730,336,0),(731,336,0),(732,336,0),(733,336,0),(734,336,0),(735,336,0),(736,336,0),(737,336,0),(738,336,0),(739,336,0),(740,336,0),(741,336,0),(742,336,0),(743,336,0),(744,336,0),(745,336,0),(746,336,0),(747,336,0),(748,336,0),(749,336,0),(750,336,0),(751,336,0),(753,336,0),(755,336,0),(756,336,0),(757,336,0),(758,336,0),(759,336,0),(760,336,0),(761,336,0),(762,336,0),(763,336,0),(764,336,0),(765,336,0),(766,336,0),(767,336,0),(768,336,0),(769,336,0),(770,336,0),(771,336,0),(772,336,0),(773,336,0),(774,336,0),(775,336,0),(776,336,0),(778,336,0),(779,336,0),(780,336,0),(781,336,0),(782,336,0),(783,336,0),(784,336,0),(785,336,0),(786,336,0),(787,336,0),(788,336,0),(789,336,0),(790,336,0),(791,336,0),(792,336,0),(793,336,0),(794,336,0),(795,336,0),(796,336,0),(797,336,0),(798,336,0),(799,336,0),(800,336,0),(801,336,0),(802,336,0),(803,336,0),(804,336,0),(805,336,0),(806,336,0),(807,336,0),(808,336,0),(809,336,0),(810,336,0),(811,336,0),(812,336,0),(813,336,0),(814,336,0),(815,336,232),(816,336,233),(817,336,234),(818,336,240),(819,336,241),(820,336,237),(821,336,238),(822,336,239),(823,336,240),(824,336,241),(825,336,242),(826,336,243),(827,336,244),(828,336,245),(829,336,246),(830,336,247),(831,336,249),(832,336,249),(833,336,250),(834,336,251),(835,336,252),(836,336,253),(837,336,254),(838,336,255),(839,336,256),(840,336,257),(841,336,258),(842,336,259),(843,336,260),(844,336,261),(845,336,262),(846,336,263),(847,336,264),(848,336,265),(849,336,266),(850,336,267),(851,336,268),(852,336,270),(853,336,271),(854,336,272),(856,336,273),(857,336,275),(858,336,276),(859,336,277),(860,336,278),(861,336,279),(862,336,280),(863,336,281),(864,336,282),(865,336,283),(866,336,284),(867,336,285),(868,336,285),(869,336,286),(870,336,287),(871,336,288),(872,336,289),(873,336,290),(874,336,291),(875,336,292),(876,336,293),(877,336,294),(878,336,295),(879,336,297),(880,336,298),(881,336,297),(882,336,298),(883,336,299),(884,336,300),(885,336,301),(886,336,302),(887,336,303),(888,336,304),(889,336,305),(890,336,306),(891,336,308),(892,336,309),(893,215,22),(894,216,3),(895,339,1),(896,339,2),(897,339,3),(898,336,306),(899,336,307),(900,336,308),(901,93,5),(902,93,6),(903,93,7);

--
-- Table structure for table `eav_attribute_option_swatch`
--

CREATE TABLE `eav_attribute_option_swatch` (
  `swatch_id` int(10) unsigned NOT NULL AUTO_INCREMENT COMMENT 'Swatch ID',
  `option_id` int(10) unsigned NOT NULL COMMENT 'Option ID',
  `store_id` smallint(5) unsigned NOT NULL COMMENT 'Store ID',
  `type` smallint(5) unsigned NOT NULL COMMENT 'Swatch type: 0 - text, 1 - visual color, 2 - visual image',
  `value` varchar(255) DEFAULT NULL COMMENT 'Swatch Value',
  PRIMARY KEY (`swatch_id`),
  UNIQUE KEY `EAV_ATTRIBUTE_OPTION_SWATCH_STORE_ID_OPTION_ID` (`store_id`,`option_id`),
  KEY `EAV_ATTR_OPT_SWATCH_OPT_ID_EAV_ATTR_OPT_OPT_ID` (`option_id`),
  KEY `EAV_ATTRIBUTE_OPTION_SWATCH_SWATCH_ID` (`swatch_id`),
  CONSTRAINT `EAV_ATTRIBUTE_OPTION_SWATCH_STORE_ID_STORE_STORE_ID` FOREIGN KEY (`store_id`) REFERENCES `store` (`store_id`) ON DELETE CASCADE,
  CONSTRAINT `EAV_ATTR_OPT_SWATCH_OPT_ID_EAV_ATTR_OPT_OPT_ID` FOREIGN KEY (`option_id`) REFERENCES `eav_attribute_option` (`option_id`) ON DELETE CASCADE
) ENGINE=InnoDB DEFAULT CHARSET=utf8 COMMENT='Magento Swatches table';

--
-- Dumping data for table `eav_attribute_option_swatch`
--


--
-- Table structure for table `eav_attribute_option_value`
--

CREATE TABLE `eav_attribute_option_value` (
  `value_id` int(10) unsigned NOT NULL AUTO_INCREMENT COMMENT 'Value ID',
  `option_id` int(10) unsigned NOT NULL DEFAULT '0' COMMENT 'Option ID',
  `store_id` smallint(5) unsigned NOT NULL DEFAULT '0' COMMENT 'Store ID',
  `value` varchar(255) DEFAULT NULL COMMENT 'Value',
  PRIMARY KEY (`value_id`),
  KEY `EAV_ATTRIBUTE_OPTION_VALUE_OPTION_ID` (`option_id`),
  KEY `EAV_ATTRIBUTE_OPTION_VALUE_STORE_ID` (`store_id`),
  CONSTRAINT `EAV_ATTRIBUTE_OPTION_VALUE_STORE_ID_STORE_STORE_ID` FOREIGN KEY (`store_id`) REFERENCES `store` (`store_id`) ON DELETE CASCADE,
  CONSTRAINT `EAV_ATTR_OPT_VAL_OPT_ID_EAV_ATTR_OPT_OPT_ID` FOREIGN KEY (`option_id`) REFERENCES `eav_attribute_option` (`option_id`) ON DELETE CASCADE
) ENGINE=InnoDB AUTO_INCREMENT=16752 DEFAULT CHARSET=utf8 COMMENT='Eav Attribute Option Value';

--
-- Dumping data for table `eav_attribute_option_value`
--

INSERT INTO `eav_attribute_option_value` VALUES (1,1,0,'Male'),(2,2,0,'Female'),(3,3,0,'Not Specified'),(13978,19,2,'كونيكا مينولتا'),(13979,19,0,'Konica Minolta'),(13980,17,2,'شارب'),(13981,17,0,'Sharp'),(13982,573,2,'لكسمارك'),(13983,573,0,'Lexmark'),(13990,326,0,'3,000 Pages'),(13991,326,2,'3,000 صفحة'),(13992,341,0,'5,000 Pages'),(13993,341,2,'5,000 صفحة'),(13994,344,0,'6,000 Pages'),(13995,344,2,'6,000 صفحة'),(13996,351,0,'7,000 Pages'),(13997,351,2,'7,000 صفحة'),(13998,356,0,'8,600 Pages'),(13999,356,2,'8,000 صفحة'),(14000,360,0,'9,000 Pages'),(14001,360,2,'9,000 صفحة'),(14002,296,0,'10,000 Pages'),(14003,296,2,'10,000 صفحة'),(14004,298,0,'11,000 Pages'),(14005,298,2,'11,000 صفحة'),(14006,299,0,'11,500 Pages'),(14007,299,2,'11,500  صفحة'),(14008,301,0,'12,000 Pages'),(14009,301,2,'12,000 صفحة'),(14010,302,0,'13,000 Pages'),(14011,302,2,'13,000  صفحة'),(14012,304,0,'Black 13,000 pages Color 9,000 pages'),(14013,304,2,'14,500  صفحة'),(14014,305,0,'15,000 Pages'),(14015,305,2,'15,000 صفحة'),(14016,306,0,'16,000 Pages'),(14017,306,2,'16,000 صفحة'),(14018,307,0,'17,000 Pages'),(14019,307,2,'17,000 صفحة'),(14020,308,0,'17,500 Pages'),(14021,308,2,'17,500  صفحة'),(14022,309,0,'Black 24,000 pages Color 24,000 pages'),(14023,309,2,'18,000  متر طولي'),(14024,310,0,'18,000 Pages'),(14025,310,2,'18,000  صفحة'),(14026,311,0,'Black 20,000 pages Color 15,000 pages'),(14027,311,2,'19,000 متر طولي'),(14028,312,0,'19,000 Pages'),(14029,312,2,'19,000 صفحة'),(14030,313,0,'Black 18,000 pages Color 10,000 pages'),(14031,313,2,'20,000 متر طولي'),(14032,314,0,'20,000 Pages'),(14033,314,2,'20,000 صفحة'),(14034,315,0,'21,000 Pages'),(14035,315,2,'21,000  صفحة'),(14036,316,0,'23,000 Pages'),(14037,316,2,'23,000 صفحة'),(14038,317,0,'24,000 Pages'),(14039,317,2,'24,000 صفحة'),(14040,318,0,'24,500 Pages'),(14041,318,2,'24,500 صفحة'),(14042,319,0,'25,000 Pages'),(14043,319,2,'25,000 صفحة'),(14044,320,0,'26,000 Pages'),(14045,320,2,'26,000  صفحة'),(14046,321,0,'26,500 Pages'),(14047,321,2,'26,500  صفحة'),(14048,322,0,'27,000 Pages'),(14049,322,2,'27,000 صفحة'),(14050,323,0,'27,500 Pages'),(14051,323,2,'27,500 صفحة'),(14052,324,0,'28,000 Pages'),(14053,324,2,'28,000  صفحة'),(14054,325,0,'29,000 Pages'),(14055,325,2,'29,000 صفحة'),(14056,327,0,'30,000 Pages'),(14057,327,2,'30,000 صفحة'),(14058,328,0,'31,000 Pages'),(14059,328,2,'31,000  صفحة'),(14060,329,0,'31,200 Pages'),(14061,329,2,'31,200  صفحة'),(14062,330,0,'31,500 Pages'),(14063,330,2,'31,500  صفحة'),(14064,331,0,'32,200 Pages'),(14065,331,2,'32,200 صفحة'),(14066,332,0,'36,000 Pages'),(14067,332,2,'36,000  صفحة'),(14068,333,0,'37,500 Pages'),(14069,333,2,'37,500  صفحة'),(14070,334,0,'39,400 Pages'),(14071,334,2,'39,400  صفحة'),(14072,335,0,'40,000 Pages'),(14073,335,2,'40,000 صفحة'),(14074,336,0,'40,800 Pages'),(14075,336,2,'40,800 صفحة'),(14076,337,0,'41,500 Pages'),(14077,337,2,'41,500  صفحة'),(14078,338,0,'45,000 Pages'),(14079,338,2,'45,000 صفحة'),(14080,339,0,'47,200 Pages'),(14081,339,2,'47,200  صفحة'),(14082,340,0,'49,000 Pages'),(14083,340,2,'49,000  صفحة'),(14084,342,0,'54,500 Pages'),(14085,342,2,'54,500  صفحة'),(14086,343,0,'55,000 Pages'),(14087,343,2,'55,000 صفحة'),(14088,345,0,'60,000 Pages'),(14089,345,2,'60,000  صفحة'),(14090,346,0,'64,000 Pages'),(14091,346,2,'64,000  صفحة'),(14092,347,0,'65,000 Pages'),(14093,347,2,'65,000  صفحة'),(14094,348,0,'66,000 Pages'),(14095,348,2,'66,000  صفحة'),(14096,349,0,'66,500 Pages'),(14097,349,2,'66,500  صفحة'),(14098,350,0,'68,000 Pages'),(14099,350,2,'68,000  صفحة'),(14100,352,0,'70,000 Pages'),(14101,352,2,'70,000  صفحة'),(14102,353,0,'71,000 Pages'),(14103,353,2,'71,000  صفحة'),(14104,354,0,'75,000 Pages'),(14105,354,2,'75,000  صفحة'),(14106,355,0,'78,000 Pages'),(14107,355,2,'78,000  صفحة'),(14108,357,0,'82,000 Pages'),(14109,357,2,'82,000 صفحة'),(14110,358,0,'83,000 Pages'),(14111,358,2,'83,000 صفحة'),(14112,359,0,'88,000 Pages'),(14113,359,2,'88,000  صفحة'),(14114,361,0,'91,000 Pages'),(14115,361,2,'91,000 صفحة'),(14116,362,0,'92,000 Pages'),(14117,362,2,'92,000  صفحة'),(14118,363,0,'95,000 Pages'),(14119,363,2,'95,000 صفحة'),(14120,297,0,'104,000 Pages'),(14121,297,2,'104,000  صفحة'),(14122,300,0,'119,000 Pages'),(14123,300,2,'119,000  صفحة'),(14124,303,0,'137,000 Pages'),(14125,303,2,'137,000  صفحة'),(14126,563,0,'120,000 Pages'),(14127,563,2,'120,000  صفحة'),(14128,564,0,'18,500 Pages'),(14129,564,2,'18,500  صفحة'),(14130,565,0,'24,400 Pages'),(14131,565,2,'24,400  صفحة'),(14132,566,0,'80,000 Pages'),(14133,566,2,'80,000 صفحة'),(14134,567,0,'4,700 Pages'),(14135,567,2,'4,700  صفحة'),(14136,568,0,'33,200 Pages'),(14137,568,2,'33,200  صفحة'),(14138,569,0,'48,900 Pages'),(14139,569,2,'48,900 صفحة'),(14140,570,0,'Black 40,000 pages Color 24,000 pages'),(14141,570,2,'2,500  صفحة'),(14142,571,0,'35,000 Pages'),(14143,571,2,'35,000 صفحة'),(14144,574,0,'Black 8,500 pages Color 5,000 pages'),(14145,574,2,'8,500  صفحة'),(14146,895,1,'Konica Minolta'),(14147,895,0,'Konica Minolta'),(14148,895,2,'كونيكا مينولتا'),(14149,896,1,'Sharp'),(14150,896,0,'Sharp'),(14151,896,2,'شارب'),(14152,897,1,'Lexmark'),(14153,897,0,'Lexmark'),(14154,897,2,'ليكسمارك'),(14163,560,0,'Installed'),(14164,561,0,'Optional'),(14165,580,0,'Super G3, Analogue; i-Fax, Up to 33.6 Kbps '),(14166,581,0,'ITU T.30, V.34 Half-Duplex, 33.6 Kbps'),(14171,27,1,'Print, Copy, Scan'),(14172,27,0,'Print, Copy, Scan'),(14173,27,2,'طباعة، مسح ضوئي و نسخ'),(14174,67,1,'Print'),(14175,67,0,'Print'),(14176,67,2,'طباعة '),(14177,894,1,'Print, Scan, Copy & Fax'),(14178,894,0,'Print, Scan, Copy & Fax'),(14179,894,2,'طباعة ، مسح ضوئي، نسخ و فاكس'),(14180,24,1,'Bizhub'),(14181,24,0,'Bizhub'),(14182,24,2,'Bizhub'),(14183,25,1,'Nova Light V'),(14184,25,0,'Nova Light V'),(14185,25,2,'Nova Light V'),(14186,26,1,'Nova E'),(14187,26,0,'Nova E'),(14188,26,2,'Nova E'),(14189,40,1,'Nova E V'),(14190,40,0,'Nova E V'),(14191,40,2,'Nova E V'),(14192,41,1,'B-Griffin'),(14193,41,0,'B-Griffin'),(14194,41,2,'B-Griffin'),(14195,42,1,'Taurus'),(14196,42,0,'Taurus'),(14197,42,2,'Taurus'),(14198,43,1,'Hercules2'),(14199,43,0,'Hercules2'),(14200,43,2,'Hercules2'),(14201,44,1,'T-Gemini'),(14202,44,0,'T-Gemini'),(14203,44,2,'T-Gemini'),(14204,68,1,'Griffin2'),(14205,68,0,'Griffin2'),(14206,68,2,'Griffin2'),(14207,69,1,'Phoenix2'),(14208,69,0,'Phoenix2'),(14209,69,2,'Phoenix2'),(14210,70,1,'CCube'),(14211,70,0,'CCube'),(14212,70,2,'CCube'),(14213,71,1,'Nova Light Refresh'),(14214,71,0,'Nova Light Refresh'),(14215,71,2,'Nova Light Refresh'),(14216,552,1,'Bizhub Pro'),(14217,552,0,'Bizhub Pro'),(14218,552,2,'Bizhub Pro'),(14219,72,1,'Taurus2'),(14220,72,0,'Taurus2'),(14221,72,2,'Taurus2'),(14222,553,1,'Bizhub Press'),(14223,553,0,'Bizhub Press'),(14224,553,2,'Bizhub Press'),(14225,554,1,'Accurio Press'),(14226,554,0,'Accurio Press'),(14227,554,2,'Accurio Press'),(14228,555,1,'Accurio Print'),(14229,555,0,'Accurio Print'),(14230,555,2,'Accurio Print'),(14231,556,1,'Accurio Label'),(14232,556,0,'Accurio Label'),(14233,556,2,'Accurio Label'),(14234,557,1,'All'),(14235,557,0,'All'),(14236,557,2,'All'),(14237,582,0,'Magicolor'),(14238,583,1,'Page Pro'),(14239,583,0,'Page Pro'),(14240,583,2,'Page Pro'),(14241,893,1,'Enterprise & Large Business'),(14242,893,0,'Enterprise & Large Business'),(14271,32,1,'Colour + Black & White'),(14272,32,0,'Colour + Black & White'),(14273,32,2,'ملون + أسود و أبيض'),(14274,39,1,'Black & White'),(14275,39,0,'Black & White'),(14276,39,2,'أسود و أبيض'),(14277,36,1,'A3 / A4'),(14278,36,0,'A3 / A4'),(14279,36,2,'A3 / A4'),(14280,37,1,'A4'),(14281,37,0,'A4'),(14282,37,2,'A4'),(14283,29,0,'Printer, Scanner, Copier'),(14284,29,2,'طباعة، مسح ضوئي، تصوير'),(14285,73,0,'Printer Only'),(14286,73,2,'طابعة فقط'),(14287,58,0,'Black'),(14288,58,2,'أسود'),(14289,59,0,'Cyan'),(14290,59,2,'أزرق'),(14291,60,0,'Magenta'),(14292,60,2,'أحمر'),(14293,61,0,'Yellow'),(14294,61,2,'أصفر'),(16441,647,0,'Accurio Press C2070'),(16442,659,0,'Accurio Press C3070L'),(16443,661,0,'Accurio Press C3080'),(16444,682,0,'Accurio Press C6100'),(16445,646,0,'Accurio Print C2060L'),(16446,693,0,'AccurioLabel 190'),(16447,585,0,'Bizhub 162'),(16448,586,0,'Bizhub 163'),(16449,587,0,'Bizhub 164'),(16450,588,0,'Bizhub 184'),(16451,589,0,'Bizhub 185'),(16452,590,0,'Bizhub 195'),(16453,591,0,'Bizhub 210'),(16454,592,0,'Bizhub 211'),(16455,593,0,'Bizhub 215'),(16456,594,0,'Bizhub 226'),(16457,595,0,'Bizhub 250'),(16458,596,0,'Bizhub 266'),(16459,639,0,'Bizhub 266i'),(16460,597,0,'Bizhub 282'),(16461,598,0,'Bizhub 283'),(16462,780,0,'Bizhub 284E'),(16463,599,0,'Bizhub 287'),(16464,600,0,'Bizhub 306'),(16465,640,0,'Bizhub 306i'),(16466,601,0,'Bizhub 308'),(16467,632,0,'Bizhub 3300P'),(16468,633,0,'Bizhub 3320'),(16469,602,0,'Bizhub 350'),(16470,584,0,'Bizhub 36'),(16471,603,0,'Bizhub 362'),(16472,604,0,'Bizhub 363'),(16473,605,0,'Bizhub 367'),(16474,606,0,'Bizhub 368'),(16475,807,0,'Bizhub 4000i'),(16476,782,0,'Bizhub 4000P'),(16477,634,0,'Bizhub 4020'),(16478,808,0,'Bizhub 4020i'),(16479,635,0,'Bizhub 4050'),(16480,783,0,'Bizhub 4052'),(16481,607,0,'Bizhub 421'),(16482,608,0,'Bizhub 423'),(16483,695,0,'Bizhub 454'),(16484,609,0,'Bizhub 454e'),(16485,611,0,'Bizhub 458'),(16486,610,0,'Bizhub 458e'),(16487,784,0,'Bizhub 4700P'),(16488,636,0,'Bizhub 4702p'),(16489,637,0,'Bizhub 4750'),(16490,612,0,'Bizhub 500'),(16491,613,0,'Bizhub 501'),(16492,614,0,'Bizhub 552'),(16493,696,0,'Bizhub 554'),(16494,615,0,'Bizhub 554e'),(16495,616,0,'Bizhub 558e'),(16496,617,0,'Bizhub 600'),(16497,618,0,'Bizhub 601'),(16498,619,0,'Bizhub 652'),(16499,620,0,'Bizhub 654'),(16500,621,0,'Bizhub 654e'),(16501,622,0,'Bizhub 658e'),(16502,623,0,'Bizhub 750'),(16503,624,0,'Bizhub 751'),(16504,625,0,'Bizhub 754'),(16505,626,0,'Bizhub 754e'),(16506,627,0,'Bizhub 758'),(16507,781,0,'Bizhub 950'),(16508,629,0,'Bizhub 958'),(16509,645,0,'Bizhub C200'),(16510,648,0,'Bizhub C220'),(16511,649,0,'Bizhub C221'),(16512,698,0,'Bizhub C224'),(16513,650,0,'Bizhub C224e'),(16514,651,0,'Bizhub C226'),(16515,652,0,'Bizhub C227'),(16516,699,0,'Bizhub C227E'),(16517,653,0,'Bizhub C253'),(16518,654,0,'Bizhub C266'),(16519,812,0,'Bizhub C266i'),(16520,655,0,'Bizhub C280'),(16521,700,0,'Bizhub C284'),(16522,656,0,'Bizhub C284e'),(16523,657,0,'Bizhub C300'),(16524,658,0,'Bizhub C300i'),(16525,660,0,'Bizhub C308'),(16526,785,0,'Bizhub C3100P'),(16527,662,0,'Bizhub C3110'),(16528,810,0,'Bizhub C3300i'),(16529,811,0,'Bizhub C3320i'),(16530,663,0,'Bizhub C3350'),(16531,664,0,'Bizhub C3350i'),(16532,665,0,'Bizhub C3351'),(16533,666,0,'Bizhub C35'),(16534,667,0,'Bizhub C353'),(16535,668,0,'Bizhub C360'),(16536,669,0,'Bizhub C360i'),(16537,701,0,'Bizhub C364'),(16538,670,0,'Bizhub C364e'),(16539,671,0,'Bizhub C368'),(16540,672,0,'Bizhub C3850'),(16541,673,0,'Bizhub C3851'),(16542,674,0,'Bizhub C4050i'),(16543,675,0,'Bizhub C450i'),(16544,676,0,'Bizhub C451'),(16545,702,0,'Bizhub C454'),(16546,677,0,'Bizhub C454e'),(16547,678,0,'Bizhub C458'),(16548,679,0,'Bizhub C552'),(16549,680,0,'Bizhub C554e'),(16550,681,0,'Bizhub C558'),(16551,684,0,'Bizhub C650i'),(16552,685,0,'Bizhub C652'),(16553,686,0,'Bizhub C654'),(16554,687,0,'Bizhub C654e'),(16555,688,0,'Bizhub C658'),(16556,691,0,'Bizhub C754e'),(16557,786,0,'Bizhub C759'),(16558,638,0,'Bizhub Press 1250P'),(16559,779,0,'Bizhub Press C107'),(16560,642,0,'Bizhub Press C1070'),(16561,643,0,'Bizhub Press C1085'),(16562,644,0,'Bizhub Press C1100'),(16563,690,0,'Bizhub Press C70hc'),(16564,697,0,'Bizhub Pro 1050'),(16565,630,0,'Bizhub Pro 1100'),(16566,631,0,'Bizhub Pro 1200'),(16567,628,0,'Bizhub Pro 920'),(16568,694,0,'Bizhub Pro 951'),(16569,641,0,'Bizhub Pro C1060L'),(16570,683,0,'Bizhub Pro C6501'),(16571,689,0,'Bizhub Pro C7000'),(16572,692,0,'Bizhub Pro C8000'),(16573,814,0,'Lexmark CX522ade'),(16574,813,0,'Lexmark MX521ade'),(16575,787,0,'Magicolor 1600W'),(16576,788,0,'Magicolor 1650EN'),(16577,789,0,'Magicolor 1680M'),(16578,790,0,'Magicolor 745'),(16579,791,0,'Magicolor 7450'),(16580,809,0,'Page Pro 1500'),(16581,703,0,'Sharp AR-122E'),(16582,704,0,'Sharp AR-203E'),(16583,792,0,'Sharp AR-205'),(16584,705,0,'Sharp AR-235'),(16585,793,0,'Sharp AR-258'),(16586,706,0,'Sharp AR-5015'),(16587,707,0,'Sharp AR-5127'),(16588,708,0,'Sharp AR-5316'),(16589,709,0,'Sharp AR-5320'),(16590,710,0,'sharp AR-5516'),(16591,711,0,'Sharp AR-5520'),(16592,712,0,'Sharp AR-5618'),(16593,713,0,'Sharp AR-5620'),(16594,714,0,'Sharp AR-5623'),(16595,794,0,'Sharp AR-5625'),(16596,795,0,'Sharp AR-5631'),(16597,715,0,'Sharp AR-6020'),(16598,716,0,'Sharp AR-6023'),(16599,798,0,'Sharp AR-M205'),(16600,796,0,'Sharp AR-M258'),(16601,717,0,'Sharp AR-M276'),(16602,797,0,'Sharp AR-M31'),(16603,799,0,'Sharp AR-M312'),(16604,800,0,'Sharp AR-M451'),(16605,718,0,'Sharp AR-M620'),(16606,805,0,'Sharp BP-20C20T'),(16607,804,0,'Sharp BP-20M28'),(16608,806,0,'Sharp BP-30C25T'),(16609,803,0,'Sharp BP-30M31'),(16610,719,0,'Sharp DX-2000'),(16611,720,0,'Sharp DX-2500'),(16612,802,0,'Sharp DX-C200'),(16613,721,0,'Sharp MX-1810'),(16614,722,0,'Sharp MX-2010'),(16615,723,0,'Sharp MX-2301'),(16616,724,0,'Sharp MX-2314'),(16617,725,0,'Sharp MX-2614'),(16618,726,0,'Sharp MX-2630'),(16619,727,0,'Sharp MX-2651'),(16620,728,0,'Sharp MX-3050'),(16621,729,0,'Sharp MX-3051'),(16622,730,0,'Sharp MX-3060'),(16623,731,0,'Sharp MX-3061'),(16624,732,0,'Sharp MX-3100'),(16625,733,0,'Sharp MX-3110'),(16626,734,0,'Sharp MX-3140'),(16627,735,0,'Sharp MX-3550'),(16628,736,0,'Sharp MX-3551'),(16629,737,0,'Sharp MX-3560'),(16630,738,0,'Sharp MX-3561'),(16631,739,0,'Sharp MX-4050'),(16632,740,0,'Sharp MX-4051'),(16633,741,0,'Sharp MX-4070'),(16634,742,0,'Sharp MX-4100'),(16635,743,0,'Sharp MX-4110'),(16636,744,0,'Sharp MX-4140'),(16637,745,0,'Sharp MX-5000'),(16638,746,0,'Sharp MX-5050'),(16639,747,0,'Sharp MX-5051'),(16640,748,0,'Sharp MX-5110'),(16641,749,0,'Sharp MX-6051'),(16642,750,0,'Sharp MX-7040'),(16643,751,0,'Sharp MX-7500'),(16644,801,0,'Sharp MX-B200'),(16645,753,0,'Sharp MX-M1100'),(16646,778,0,'Sharp MX-M120'),(16647,755,0,'Sharp MX-M264'),(16648,756,0,'Sharp MX-M265'),(16649,772,0,'Sharp MX-M265N'),(16650,775,0,'Sharp MX-M265NV'),(16651,757,0,'Sharp MX-M283'),(16652,758,0,'Sharp MX-M314'),(16653,759,0,'Sharp MX-M315'),(16654,773,0,'Sharp MX-M315N'),(16655,776,0,'Sharp MX-M315NV'),(16656,760,0,'Sharp MX-M354'),(16657,761,0,'Sharp MX-M356'),(16658,774,0,'Sharp MX-M356N'),(16659,762,0,'Sharp MX-M362'),(16660,763,0,'Sharp MX-M363'),(16661,764,0,'Sharp MX-M4050'),(16662,765,0,'Sharp MX-M452'),(16663,766,0,'Sharp MX-M453'),(16664,767,0,'Sharp MX-M503'),(16665,768,0,'Sharp MX-M5050'),(16666,769,0,'Sharp MX-M6050'),(16667,770,0,'Sharp MX-M654'),(16668,771,0,'Sharp MX-M754'),(16669,815,0,'Bizhub 227'),(16670,816,0,'Sharp AR-6020V'),(16671,817,0,'Sharp AR-6023N'),(16672,820,0,'Bizhub C226i'),(16673,821,0,'Page Pro 1500W'),(16674,822,0,'Sharp AR-M318'),(16675,823,0,'Magicolor 1680MF'),(16676,818,0,'Sharp MX-M356NV'),(16677,824,0,'Bizhub C754'),(16678,819,0,'Sharp MX-M6051'),(16679,825,0,'Bizhub Press C71CF'),(16680,826,0,'Accurio Press C2060'),(16681,827,0,'Bizhub C550'),(16682,828,0,'Bizhub C650'),(16683,829,0,'Bizhub C452'),(16684,830,0,'Sharp MX-M850'),(16685,832,0,'Sharp MX-7500N'),(16686,831,0,'Sharp MX-M950'),(16687,833,0,'Sharp MX-6200N'),(16688,834,0,'Sharp MX-4110N'),(16689,835,0,'Sharp MX-4140N'),(16690,836,0,'Sharp MX-5110N'),(16691,837,0,'Sharp MX-3500N'),(16692,838,0,'Sharp MX-3501N'),(16693,839,0,'Sharp MX-4500N'),(16694,840,0,'Sharp MX-4501'),(16695,841,0,'Sharp MX-3110N'),(16696,842,0,'Sharp MX-3610N'),(16697,843,0,'Sharp MX-3140N'),(16698,844,0,'Sharp MX-2600'),(16699,845,0,'Sharp MX-M354N'),(16700,846,0,'Sharp MX-M314N'),(16701,847,0,'Sharp MX-M264N'),(16702,848,0,'Sharp AR-5731'),(16703,849,0,'Sharp AR-5726'),(16704,850,0,'Sharp MX-2300'),(16705,851,0,'Sharp MX-2700G'),(16706,852,0,'Sharp MX-2614N'),(16707,853,0,'Sharp MX-3111U'),(16708,854,0,'Sharp MX-3114N'),(16709,856,0,'Sharp MX-1810U'),(16710,857,0,'Sharp AR-M700'),(16711,858,0,'Sharp AR-M550'),(16712,859,0,'Sharp AR5020'),(16713,860,0,'Sharp MX-4070V'),(16714,861,0,'Sharp MX-3560V'),(16715,862,0,'Sharp MX-3060V'),(16716,863,0,'Sharp MX-5050V'),(16717,864,0,'Sharp MX-4050V'),(16718,865,0,'Sharp MX-3550V'),(16719,866,0,'Sharp MX-3050V'),(16720,868,0,'Sharp DX-2000U'),(16721,867,0,'Sharp MX-2630N'),(16722,869,0,'Sharp DX-2500N'),(16723,870,0,'Bizhub Pro C6500'),(16724,871,0,'Bizhub 558'),(16725,872,0,'Bizhub 420'),(16726,873,0,'Bizhub 42'),(16727,874,0,'Bizhub C352'),(16728,875,0,'Bizhub CF2203'),(16729,876,0,'Bizhub C252'),(16730,877,0,'Bizhub Pro 1051'),(16731,878,0,'Bizhub Pro 1050e'),(16732,879,0,'Sharp MX-M1204'),(16733,881,0,'Sharp MX-M754N'),(16734,880,0,'Sharp MX-M1054'),(16735,882,0,'Sharp MX-M2651'),(16736,883,0,'Sharp MX-M3051'),(16737,884,0,'Sharp MX-M3551'),(16738,885,0,'Sharp MX-M4051'),(16739,886,0,'Sharp MX-M5051'),(16740,887,0,'Sharp AR-122'),(16741,888,0,'Sharp AR-168'),(16742,889,0,'Sharp AR-203'),(16743,890,0,'Sharp AR-M236'),(16744,898,0,'Sharp MX-2314N'),(16745,899,0,'Sharp MX-M502'),(16746,891,0,'Sharp MX-4100N'),(16747,892,0,'Sharp MX-5000N'),(16748,900,0,'TEST Copier 1'),(16749,901,0,'white'),(16750,902,0,'brown'),(16751,903,0,'grey');

--
-- Table structure for table `eav_attribute_set`
--

CREATE TABLE `eav_attribute_set` (
  `attribute_set_id` smallint(5) unsigned NOT NULL AUTO_INCREMENT COMMENT 'Attribute Set ID',
  `entity_type_id` smallint(5) unsigned NOT NULL DEFAULT '0' COMMENT 'Entity Type ID',
  `attribute_set_name` varchar(255) DEFAULT NULL COMMENT 'Attribute Set Name',
  `sort_order` smallint(6) NOT NULL DEFAULT '0' COMMENT 'Sort Order',
  PRIMARY KEY (`attribute_set_id`),
  UNIQUE KEY `EAV_ATTRIBUTE_SET_ENTITY_TYPE_ID_ATTRIBUTE_SET_NAME` (`entity_type_id`,`attribute_set_name`),
  KEY `EAV_ATTRIBUTE_SET_ENTITY_TYPE_ID_SORT_ORDER` (`entity_type_id`,`sort_order`),
  CONSTRAINT `EAV_ATTRIBUTE_SET_ENTITY_TYPE_ID_EAV_ENTITY_TYPE_ENTITY_TYPE_ID` FOREIGN KEY (`entity_type_id`) REFERENCES `eav_entity_type` (`entity_type_id`) ON DELETE CASCADE
) ENGINE=InnoDB AUTO_INCREMENT=101 DEFAULT CHARSET=utf8 COMMENT='Eav Attribute Set';

--
-- Dumping data for table `eav_attribute_set`
--

INSERT INTO `eav_attribute_set` VALUES (1,1,'Default',2),(2,2,'Default',2),(3,3,'Default',1),(4,4,'Default',1),(5,5,'Default',1),(6,6,'Default',1),(7,7,'Default',1),(8,8,'Default',1),(11,4,'Toner',200),(12,4,'Office Furniture',0),(13,4,'Copiers',0),(100,100,'Default',1);

--
-- Table structure for table `eav_entity`
--

CREATE TABLE `eav_entity` (
  `entity_id` int(10) unsigned NOT NULL AUTO_INCREMENT COMMENT 'Entity ID',
  `entity_type_id` smallint(5) unsigned NOT NULL DEFAULT '0' COMMENT 'Entity Type ID',
  `attribute_set_id` smallint(5) unsigned NOT NULL DEFAULT '0' COMMENT 'Attribute Set ID',
  `increment_id` varchar(50) DEFAULT NULL COMMENT 'Increment ID',
  `parent_id` int(10) unsigned NOT NULL DEFAULT '0' COMMENT 'Parent ID',
  `store_id` smallint(5) unsigned NOT NULL DEFAULT '0' COMMENT 'Store ID',
  `created_at` timestamp NOT NULL DEFAULT CURRENT_TIMESTAMP COMMENT 'Created At',
  `updated_at` timestamp NOT NULL DEFAULT CURRENT_TIMESTAMP ON UPDATE CURRENT_TIMESTAMP COMMENT 'Updated At',
  `is_active` smallint(5) unsigned NOT NULL DEFAULT '1' COMMENT 'Defines Is Entity Active',
  PRIMARY KEY (`entity_id`),
  KEY `EAV_ENTITY_ENTITY_TYPE_ID` (`entity_type_id`),
  KEY `EAV_ENTITY_STORE_ID` (`store_id`),
  CONSTRAINT `EAV_ENTITY_ENTITY_TYPE_ID_EAV_ENTITY_TYPE_ENTITY_TYPE_ID` FOREIGN KEY (`entity_type_id`) REFERENCES `eav_entity_type` (`entity_type_id`) ON DELETE CASCADE,
  CONSTRAINT `EAV_ENTITY_STORE_ID_STORE_STORE_ID` FOREIGN KEY (`store_id`) REFERENCES `store` (`store_id`) ON DELETE CASCADE
) ENGINE=InnoDB DEFAULT CHARSET=utf8 COMMENT='Eav Entity';

--
-- Dumping data for table `eav_entity`
--


--
-- Table structure for table `eav_entity_attribute`
--

CREATE TABLE `eav_entity_attribute` (
  `entity_attribute_id` int(10) unsigned NOT NULL AUTO_INCREMENT COMMENT 'Entity Attribute ID',
  `entity_type_id` smallint(5) unsigned NOT NULL DEFAULT '0' COMMENT 'Entity Type ID',
  `attribute_set_id` smallint(5) unsigned NOT NULL DEFAULT '0' COMMENT 'Attribute Set ID',
  `attribute_group_id` smallint(5) unsigned NOT NULL DEFAULT '0' COMMENT 'Attribute Group ID',
  `attribute_id` smallint(5) unsigned NOT NULL DEFAULT '0' COMMENT 'Attribute ID',
  `sort_order` smallint(6) NOT NULL DEFAULT '0' COMMENT 'Sort Order',
  PRIMARY KEY (`entity_attribute_id`),
  UNIQUE KEY `EAV_ENTITY_ATTRIBUTE_ATTRIBUTE_SET_ID_ATTRIBUTE_ID` (`attribute_set_id`,`attribute_id`),
  UNIQUE KEY `EAV_ENTITY_ATTRIBUTE_ATTRIBUTE_GROUP_ID_ATTRIBUTE_ID` (`attribute_group_id`,`attribute_id`),
  KEY `EAV_ENTITY_ATTRIBUTE_ATTRIBUTE_SET_ID_SORT_ORDER` (`attribute_set_id`,`sort_order`),
  KEY `EAV_ENTITY_ATTRIBUTE_ATTRIBUTE_ID` (`attribute_id`),
  CONSTRAINT `EAV_ENTITY_ATTRIBUTE_ATTRIBUTE_ID_EAV_ATTRIBUTE_ATTRIBUTE_ID` FOREIGN KEY (`attribute_id`) REFERENCES `eav_attribute` (`attribute_id`) ON DELETE CASCADE,
  CONSTRAINT `EAV_ENTT_ATTR_ATTR_GROUP_ID_EAV_ATTR_GROUP_ATTR_GROUP_ID` FOREIGN KEY (`attribute_group_id`) REFERENCES `eav_attribute_group` (`attribute_group_id`) ON DELETE CASCADE
) ENGINE=InnoDB AUTO_INCREMENT=4780 DEFAULT CHARSET=utf8 COMMENT='Eav Entity Attributes';

--
-- Dumping data for table `eav_entity_attribute`
--

INSERT INTO `eav_entity_attribute` VALUES (1,1,1,1,1,10),(2,1,1,1,2,20),(3,1,1,1,3,20),(4,1,1,1,4,30),(5,1,1,1,5,40),(6,1,1,1,6,50),(7,1,1,1,7,60),(8,1,1,1,8,70),(9,1,1,1,9,80),(10,1,1,1,10,25),(11,1,1,1,11,90),(12,1,1,1,12,81),(13,1,1,1,13,115),(14,1,1,1,14,120),(15,1,1,1,15,82),(16,1,1,1,16,83),(17,1,1,1,17,100),(18,1,1,1,18,0),(19,1,1,1,19,0),(20,1,1,1,20,110),(21,1,1,1,21,28),(22,2,2,2,22,10),(23,2,2,2,23,20),(24,2,2,2,24,30),(25,2,2,2,25,40),(26,2,2,2,26,50),(27,2,2,2,27,60),(28,2,2,2,28,70),(29,2,2,2,29,100),(30,2,2,2,30,80),(31,2,2,2,31,90),(32,2,2,2,32,90),(33,2,2,2,33,110),(34,2,2,2,34,120),(35,2,2,2,35,130),(36,2,2,2,36,140),(37,2,2,2,37,132),(38,2,2,2,38,133),(39,2,2,2,39,134),(40,2,2,2,40,135),(41,1,1,1,41,87),(42,1,1,1,42,100),(43,1,1,1,43,110),(44,1,1,1,44,120),(45,3,3,4,45,1),(46,3,3,4,46,2),(47,3,3,4,47,4),(48,3,3,4,48,5),(49,3,3,4,49,6),(50,3,3,4,50,7),(51,3,3,4,51,8),(52,3,3,5,52,10),(53,3,3,5,53,20),(54,3,3,5,54,30),(55,3,3,4,55,12),(57,3,3,4,57,14),(58,3,3,4,58,15),(59,3,3,4,59,16),(60,3,3,6,60,10),(61,3,3,6,61,30),(62,3,3,6,62,40),(63,3,3,6,63,50),(64,3,3,6,64,60),(65,3,3,4,65,24),(66,3,3,4,66,25),(67,3,3,5,67,40),(68,3,3,5,68,50),(69,3,3,4,69,10),(70,3,3,6,70,5),(71,3,3,6,71,6),(72,3,3,5,72,51),(90,4,4,7,91,6),(96,4,4,8,98,8),(101,4,4,11,103,10),(105,4,4,7,107,14),(106,4,4,7,108,15),(107,4,4,7,109,16),(108,4,4,7,110,17),(109,4,4,7,111,18),(110,4,4,7,112,19),(111,4,4,7,113,20),(116,3,3,6,118,51),(117,3,3,4,119,3),(118,3,3,4,120,17),(120,4,4,7,122,11),(123,4,4,7,125,111),(124,4,4,7,126,112),(125,4,4,7,127,113),(126,4,4,7,128,114),(150,1,1,1,149,100),(152,1,1,1,151,990),(154,1,1,1,152,990),(156,1,1,1,153,990),(157,3,3,21,154,30),(158,3,3,21,155,31),(159,3,3,21,156,32),(160,3,3,21,157,33),(161,3,3,21,158,34),(162,3,3,21,159,35),(163,3,3,21,160,36),(164,3,3,21,161,37),(165,3,3,21,162,38),(166,3,3,21,163,39),(167,3,3,21,164,40),(168,3,3,21,165,41),(169,3,3,21,166,42),(170,3,3,21,167,14),(171,3,3,21,168,44),(172,3,3,21,169,45),(173,3,3,21,170,46),(529,2,2,2,297,0),(530,2,2,2,298,0),(847,4,11,53,103,10),(855,4,11,54,98,8),(923,4,11,59,91,6),(928,4,11,59,122,11),(932,4,11,59,107,14),(934,4,11,59,108,15),(935,4,11,59,109,16),(937,4,11,59,110,17),(939,4,11,59,111,18),(941,4,11,59,112,19),(942,4,11,59,113,20),(944,4,11,59,125,111),(945,4,11,59,126,112),(946,4,11,59,127,113),(947,4,11,59,128,114),(1261,1,1,1,311,90),(1311,4,12,65,103,10),(1319,4,12,66,98,8),(1391,4,12,71,91,6),(1396,4,12,71,122,11),(1400,4,12,71,107,14),(1402,4,12,71,108,15),(1404,4,12,71,109,16),(1406,4,12,71,110,17),(1407,4,12,71,111,18),(1409,4,12,71,112,19),(1410,4,12,71,113,20),(1412,4,12,71,125,111),(1413,4,12,71,126,112),(1414,4,12,71,127,113),(1415,4,12,71,128,114),(1419,4,12,71,73,2),(1420,4,12,71,74,3),(1421,4,12,71,77,6),(1422,4,12,71,82,10),(1423,4,12,71,94,14),(1424,4,12,71,95,15),(1425,4,12,71,97,1),(1426,4,12,71,99,12),(1427,4,12,71,105,13),(1428,4,12,71,114,16),(1429,4,12,71,115,9),(1430,4,12,71,130,7),(1431,4,12,71,131,5),(1432,4,12,71,132,11),(1433,4,12,71,136,8),(1434,4,12,71,174,18),(1435,4,12,71,211,17),(1436,4,12,71,212,19),(1437,4,12,71,213,20),(1439,4,12,69,134,1),(1440,4,12,68,87,1),(1441,4,12,68,88,2),(1442,4,12,68,89,3),(1443,4,12,68,90,5),(1444,4,12,68,96,6),(1445,4,12,68,135,4),(1446,4,12,67,84,2),(1447,4,12,67,85,3),(1448,4,12,67,86,4),(1449,4,12,67,121,1),(1450,4,12,66,78,1),(1451,4,12,66,79,2),(1452,4,12,66,80,3),(1453,4,12,66,81,4),(1454,4,12,66,92,5),(1455,4,12,66,123,6),(1456,4,12,66,124,7),(1457,4,12,66,133,8),(1458,4,12,65,104,1),(1459,4,12,65,106,2),(1460,4,12,65,117,3),(1461,4,12,64,100,3),(1462,4,12,64,101,1),(1463,4,12,64,102,2),(1464,4,12,64,116,4),(1465,4,12,62,129,1),(1466,4,12,60,287,1),(1467,4,12,72,75,6),(1468,4,12,72,76,5),(1469,4,12,72,83,1),(1470,4,12,72,93,2),(1471,4,12,72,299,3),(1472,4,12,72,300,4),(2961,4,13,80,103,10),(2969,4,13,81,98,8),(3042,4,13,86,91,6),(3047,4,13,86,122,11),(3052,4,13,86,107,14),(3054,4,13,86,108,15),(3056,4,13,86,109,16),(3057,4,13,86,110,17),(3059,4,13,86,111,18),(3061,4,13,86,112,19),(3063,4,13,86,113,20),(3066,4,13,86,125,111),(3067,4,13,86,126,112),(3068,4,13,86,127,113),(3069,4,13,86,128,114),(3378,4,12,71,336,3),(4151,4,4,7,73,2),(4152,4,4,7,74,3),(4153,4,4,7,77,6),(4154,4,4,7,82,10),(4155,4,4,7,94,14),(4156,4,4,7,95,15),(4157,4,4,7,97,1),(4158,4,4,7,99,12),(4159,4,4,7,105,13),(4160,4,4,7,114,18),(4161,4,4,7,115,9),(4162,4,4,7,130,7),(4163,4,4,7,131,5),(4164,4,4,7,132,11),(4165,4,4,7,136,8),(4166,4,4,7,211,19),(4167,4,4,7,212,22),(4168,4,4,7,213,23),(4169,4,4,7,314,20),(4170,4,4,7,315,21),(4171,4,4,7,336,4),(4172,4,4,7,340,16),(4173,4,4,7,341,17),(4174,4,4,13,75,2),(4175,4,4,13,76,1),(4176,4,4,13,243,3),(4177,4,4,13,244,4),(4178,4,4,13,245,5),(4179,4,4,13,246,6),(4180,4,4,13,247,7),(4181,4,4,13,249,8),(4182,4,4,13,250,9),(4183,4,4,13,252,10),(4184,4,4,13,253,11),(4185,4,4,13,254,12),(4186,4,4,13,255,13),(4187,4,4,13,256,14),(4188,4,4,13,257,15),(4189,4,4,13,258,16),(4190,4,4,13,259,17),(4191,4,4,13,260,18),(4192,4,4,13,261,19),(4193,4,4,13,262,20),(4194,4,4,13,263,21),(4195,4,4,13,264,22),(4196,4,4,13,265,23),(4197,4,4,13,266,24),(4198,4,4,13,267,25),(4199,4,4,13,268,26),(4200,4,4,13,269,27),(4201,4,4,13,270,28),(4202,4,4,13,271,29),(4203,4,4,13,272,30),(4204,4,4,13,273,31),(4205,4,4,13,274,32),(4206,4,4,13,276,33),(4207,4,4,13,277,34),(4208,4,4,13,278,35),(4209,4,4,13,279,36),(4210,4,4,13,280,37),(4211,4,4,13,281,38),(4212,4,4,13,282,39),(4213,4,4,13,283,40),(4214,4,4,13,284,41),(4215,4,4,13,285,42),(4216,4,4,13,286,43),(4217,4,4,13,289,44),(4218,4,4,13,290,45),(4219,4,4,13,291,46),(4220,4,4,13,292,47),(4221,4,4,13,293,48),(4222,4,4,13,294,49),(4223,4,4,13,295,50),(4224,4,4,13,306,51),(4225,4,4,13,307,52),(4226,4,4,13,308,53),(4227,4,4,13,309,54),(4228,4,4,20,134,1),(4229,4,4,10,87,1),(4230,4,4,10,88,2),(4231,4,4,10,89,3),(4232,4,4,10,90,5),(4233,4,4,10,96,6),(4234,4,4,10,135,4),(4235,4,4,9,84,2),(4236,4,4,9,85,3),(4237,4,4,9,86,4),(4238,4,4,9,121,1),(4239,4,4,8,78,1),(4240,4,4,8,79,2),(4241,4,4,8,80,3),(4242,4,4,8,81,4),(4243,4,4,8,92,5),(4244,4,4,8,123,6),(4245,4,4,8,124,7),(4246,4,4,8,133,8),(4247,4,4,11,104,1),(4248,4,4,11,106,2),(4249,4,4,11,117,3),(4250,4,4,14,100,3),(4251,4,4,14,101,1),(4252,4,4,14,102,2),(4253,4,4,14,116,4),(4254,4,4,19,129,1),(4255,4,4,33,214,1),(4256,4,4,33,215,2),(4257,4,4,33,216,3),(4258,4,4,33,217,4),(4259,4,4,33,218,5),(4260,4,4,33,219,6),(4261,4,4,33,220,7),(4262,4,4,33,222,9),(4263,4,4,33,223,10),(4264,4,4,33,224,11),(4265,4,4,33,225,12),(4266,4,4,33,226,13),(4267,4,4,33,227,14),(4268,4,4,33,228,15),(4269,4,4,33,229,16),(4270,4,4,33,230,17),(4271,4,4,33,231,18),(4272,4,4,33,232,19),(4273,4,4,33,233,20),(4274,4,4,33,234,21),(4275,4,4,33,235,22),(4276,4,4,33,236,23),(4277,4,4,33,237,24),(4278,4,4,33,238,25),(4279,4,4,33,239,26),(4280,4,4,33,240,27),(4281,4,4,33,241,28),(4282,4,4,33,242,29),(4283,4,4,33,248,30),(4284,4,4,33,288,31),(4285,4,4,33,301,32),(4286,4,4,33,302,33),(4287,4,4,33,303,34),(4288,4,4,33,304,35),(4289,4,4,33,305,36),(4290,4,4,33,312,37),(4291,4,4,33,313,8),(4292,4,4,35,287,1),(4293,4,4,73,83,1),(4294,4,4,73,93,2),(4295,4,4,73,299,3),(4438,4,13,86,73,2),(4439,4,13,86,74,3),(4440,4,13,86,77,6),(4441,4,13,86,82,10),(4442,4,13,86,97,1),(4443,4,13,86,99,12),(4444,4,13,86,105,13),(4445,4,13,86,114,14),(4446,4,13,86,115,9),(4447,4,13,86,130,7),(4448,4,13,86,131,5),(4449,4,13,86,132,11),(4450,4,13,86,136,8),(4451,4,13,86,211,16),(4452,4,13,86,212,19),(4453,4,13,86,213,20),(4454,4,13,86,314,17),(4455,4,13,86,315,18),(4456,4,13,86,336,4),(4457,4,13,86,340,15),(4458,4,13,85,75,2),(4459,4,13,85,76,1),(4460,4,13,85,243,4),(4461,4,13,85,244,11),(4462,4,13,85,245,19),(4463,4,13,85,246,22),(4464,4,13,85,247,23),(4465,4,13,85,249,24),(4466,4,13,85,250,27),(4467,4,13,85,252,29),(4468,4,13,85,253,30),(4469,4,13,85,254,31),(4470,4,13,85,255,32),(4471,4,13,85,256,33),(4472,4,13,85,257,34),(4473,4,13,85,258,35),(4474,4,13,85,259,36),(4475,4,13,85,260,37),(4476,4,13,85,261,38),(4477,4,13,85,262,39),(4478,4,13,85,263,40),(4479,4,13,85,264,41),(4480,4,13,85,265,42),(4481,4,13,85,266,43),(4482,4,13,85,267,44),(4483,4,13,85,268,45),(4484,4,13,85,269,46),(4485,4,13,85,270,47),(4486,4,13,85,271,48),(4487,4,13,85,272,49),(4488,4,13,85,274,50),(4489,4,13,85,276,51),(4490,4,13,85,277,52),(4491,4,13,85,278,53),(4492,4,13,85,279,54),(4493,4,13,85,280,55),(4494,4,13,85,281,56),(4495,4,13,85,282,57),(4496,4,13,85,283,58),(4497,4,13,85,284,59),(4498,4,13,85,285,60),(4499,4,13,85,286,61),(4500,4,13,85,289,62),(4501,4,13,85,290,63),(4502,4,13,85,291,64),(4503,4,13,85,292,65),(4504,4,13,85,293,66),(4505,4,13,85,294,67),(4506,4,13,85,295,68),(4507,4,13,85,306,69),(4508,4,13,85,307,70),(4509,4,13,85,308,71),(4510,4,13,85,309,72),(4511,4,13,85,318,6),(4512,4,13,85,319,21),(4513,4,13,85,320,18),(4514,4,13,85,321,17),(4515,4,13,85,322,13),(4516,4,13,85,323,9),(4517,4,13,85,324,16),(4518,4,13,85,325,14),(4519,4,13,85,326,7),(4520,4,13,85,327,8),(4521,4,13,85,328,10),(4522,4,13,85,329,5),(4523,4,13,85,330,25),(4524,4,13,85,331,26),(4525,4,13,85,332,12),(4526,4,13,85,333,28),(4527,4,13,85,334,3),(4528,4,13,85,335,20),(4529,4,13,85,337,15),(4530,4,13,84,134,1),(4531,4,13,83,87,1),(4532,4,13,83,88,2),(4533,4,13,83,89,3),(4534,4,13,83,90,5),(4535,4,13,83,96,6),(4536,4,13,83,135,4),(4537,4,13,82,84,2),(4538,4,13,82,85,3),(4539,4,13,82,86,4),(4540,4,13,82,121,1),(4541,4,13,81,78,1),(4542,4,13,81,79,2),(4543,4,13,81,80,3),(4544,4,13,81,81,4),(4545,4,13,81,92,5),(4546,4,13,81,123,6),(4547,4,13,81,124,7),(4548,4,13,81,133,8),(4549,4,13,80,104,1),(4550,4,13,80,106,2),(4551,4,13,80,117,3),(4552,4,13,79,100,3),(4553,4,13,79,101,1),(4554,4,13,79,102,2),(4555,4,13,79,116,4),(4556,4,13,77,129,1),(4557,4,13,76,214,1),(4558,4,13,76,215,2),(4559,4,13,76,216,3),(4560,4,13,76,217,4),(4561,4,13,76,218,5),(4562,4,13,76,219,6),(4563,4,13,76,220,7),(4564,4,13,76,222,9),(4565,4,13,76,223,10),(4566,4,13,76,224,11),(4567,4,13,76,225,12),(4568,4,13,76,226,13),(4569,4,13,76,227,14),(4570,4,13,76,228,15),(4571,4,13,76,229,17),(4572,4,13,76,230,18),(4573,4,13,76,231,19),(4574,4,13,76,232,20),(4575,4,13,76,233,21),(4576,4,13,76,234,22),(4577,4,13,76,235,23),(4578,4,13,76,236,24),(4579,4,13,76,237,25),(4580,4,13,76,238,26),(4581,4,13,76,239,27),(4582,4,13,76,240,28),(4583,4,13,76,241,29),(4584,4,13,76,242,30),(4585,4,13,76,248,31),(4586,4,13,76,288,32),(4587,4,13,76,301,33),(4588,4,13,76,302,34),(4589,4,13,76,303,35),(4590,4,13,76,304,36),(4591,4,13,76,305,37),(4592,4,13,76,312,38),(4593,4,13,76,313,8),(4594,4,13,76,317,16),(4595,4,13,75,287,1),(4596,4,13,74,83,1),(4597,4,13,74,93,2),(4598,4,13,74,299,3),(4599,4,11,59,73,2),(4600,4,11,59,74,3),(4601,4,11,59,77,6),(4602,4,11,59,82,10),(4603,4,11,59,97,1),(4604,4,11,59,99,12),(4605,4,11,59,105,13),(4606,4,11,59,114,14),(4607,4,11,59,115,9),(4608,4,11,59,130,7),(4609,4,11,59,131,5),(4610,4,11,59,132,11),(4611,4,11,59,136,8),(4612,4,11,59,174,17),(4613,4,11,59,211,16),(4614,4,11,59,212,21),(4615,4,11,59,213,22),(4616,4,11,59,314,19),(4617,4,11,59,315,20),(4618,4,11,59,336,4),(4619,4,11,59,339,15),(4620,4,11,59,340,18),(4621,4,11,58,75,2),(4622,4,11,58,76,1),(4623,4,11,58,243,3),(4624,4,11,58,244,4),(4625,4,11,58,245,5),(4626,4,11,58,246,6),(4627,4,11,58,247,7),(4628,4,11,58,249,8),(4629,4,11,58,250,9),(4630,4,11,58,252,10),(4631,4,11,58,253,11),(4632,4,11,58,254,12),(4633,4,11,58,255,13),(4634,4,11,58,256,14),(4635,4,11,58,257,15),(4636,4,11,58,258,16),(4637,4,11,58,259,17),(4638,4,11,58,260,18),(4639,4,11,58,261,19),(4640,4,11,58,262,20),(4641,4,11,58,263,21),(4642,4,11,58,264,22),(4643,4,11,58,265,23),(4644,4,11,58,266,24),(4645,4,11,58,267,25),(4646,4,11,58,268,26),(4647,4,11,58,269,27),(4648,4,11,58,270,28),(4649,4,11,58,271,29),(4650,4,11,58,272,30),(4651,4,11,58,273,31),(4652,4,11,58,274,32),(4653,4,11,58,276,33),(4654,4,11,58,277,34),(4655,4,11,58,278,35),(4656,4,11,58,279,36),(4657,4,11,58,280,37),(4658,4,11,58,281,38),(4659,4,11,58,282,39),(4660,4,11,58,283,40),(4661,4,11,58,284,41),(4662,4,11,58,285,42),(4663,4,11,58,286,43),(4664,4,11,58,289,44),(4665,4,11,58,290,45),(4666,4,11,58,291,46),(4667,4,11,58,292,47),(4668,4,11,58,293,48),(4669,4,11,58,294,49),(4670,4,11,58,295,50),(4671,4,11,58,306,51),(4672,4,11,58,307,52),(4673,4,11,58,308,53),(4674,4,11,58,309,54),(4675,4,11,57,134,1),(4676,4,11,56,87,1),(4677,4,11,56,88,2),(4678,4,11,56,89,3),(4679,4,11,56,90,5),(4680,4,11,56,96,6),(4681,4,11,56,135,4),(4682,4,11,55,84,2),(4683,4,11,55,85,3),(4684,4,11,55,86,4),(4685,4,11,55,121,1),(4686,4,11,54,78,1),(4687,4,11,54,79,2),(4688,4,11,54,80,3),(4689,4,11,54,81,4),(4690,4,11,54,92,5),(4691,4,11,54,123,6),(4692,4,11,54,124,7),(4693,4,11,54,133,8),(4694,4,11,53,104,1),(4695,4,11,53,106,2),(4696,4,11,53,117,3),(4697,4,11,52,100,3),(4698,4,11,52,101,1),(4699,4,11,52,102,2),(4700,4,11,52,116,4),(4701,4,11,50,129,1),(4702,4,11,49,93,8),(4703,4,11,49,214,1),(4704,4,11,49,215,2),(4705,4,11,49,216,3),(4706,4,11,49,217,4),(4707,4,11,49,218,5),(4708,4,11,49,219,6),(4709,4,11,49,220,7),(4710,4,11,49,222,9),(4711,4,11,49,223,10),(4712,4,11,49,224,11),(4713,4,11,49,225,12),(4714,4,11,49,226,13),(4715,4,11,49,227,14),(4716,4,11,49,228,15),(4717,4,11,49,229,16),(4718,4,11,49,230,17),(4719,4,11,49,231,18),(4720,4,11,49,232,19),(4721,4,11,49,233,20),(4722,4,11,49,234,21),(4723,4,11,49,235,22),(4724,4,11,49,236,23),(4725,4,11,49,237,24),(4726,4,11,49,238,25),(4727,4,11,49,239,26),(4728,4,11,49,240,27),(4729,4,11,49,241,28),(4730,4,11,49,242,29),(4731,4,11,49,248,30),(4732,4,11,49,288,31),(4733,4,11,49,301,32),(4734,4,11,49,302,33),(4735,4,11,49,303,34),(4736,4,11,49,304,35),(4737,4,11,49,305,36),(4738,4,11,49,312,37),(4739,4,11,48,287,1),(4740,4,13,86,342,115),(4742,4,12,71,342,115),(4743,4,11,59,342,115),(4744,4,13,86,343,116),(4746,4,12,71,343,116),(4747,4,11,59,343,116),(4748,4,4,7,342,115),(4749,4,4,7,343,116),(4750,4,13,83,344,117),(4751,4,4,10,344,117),(4752,4,12,68,344,117),(4753,4,11,56,344,117),(4754,100,100,88,345,3),(4755,100,100,88,346,4),(4756,100,100,88,347,5),(4757,100,100,88,348,6),(4758,100,100,88,349,7),(4759,100,100,88,350,8),(4760,100,100,88,351,9),(4761,100,100,88,352,11),(4762,100,100,88,353,12),(4763,100,100,88,354,13),(4764,3,3,89,355,10),(4765,3,3,89,356,20),(4766,3,3,89,357,30),(4767,3,3,89,358,40),(4768,3,3,89,359,50),(4769,3,3,89,360,60),(4770,3,3,89,361,70),(4771,3,3,89,362,80),(4772,3,3,89,363,90),(4773,3,3,89,364,100),(4774,3,3,89,365,110),(4775,3,3,89,366,120),(4776,3,3,89,367,125),(4777,3,3,89,368,130),(4778,3,3,89,369,140),(4779,3,3,89,370,150);

--
-- Table structure for table `eav_entity_datetime`
--

CREATE TABLE `eav_entity_datetime` (
  `value_id` int(11) NOT NULL AUTO_INCREMENT COMMENT 'Value ID',
  `entity_type_id` smallint(5) unsigned NOT NULL DEFAULT '0' COMMENT 'Entity Type ID',
  `attribute_id` smallint(5) unsigned NOT NULL DEFAULT '0' COMMENT 'Attribute ID',
  `store_id` smallint(5) unsigned NOT NULL DEFAULT '0' COMMENT 'Store ID',
  `entity_id` int(10) unsigned NOT NULL DEFAULT '0' COMMENT 'Entity ID',
  `value` datetime DEFAULT NULL COMMENT 'Attribute Value',
  PRIMARY KEY (`value_id`),
  UNIQUE KEY `EAV_ENTITY_DATETIME_ENTITY_ID_ATTRIBUTE_ID_STORE_ID` (`entity_id`,`attribute_id`,`store_id`),
  KEY `EAV_ENTITY_DATETIME_STORE_ID` (`store_id`),
  KEY `EAV_ENTITY_DATETIME_ATTRIBUTE_ID_VALUE` (`attribute_id`,`value`),
  KEY `EAV_ENTITY_DATETIME_ENTITY_TYPE_ID_VALUE` (`entity_type_id`,`value`),
  CONSTRAINT `EAV_ENTITY_DATETIME_ENTITY_ID_EAV_ENTITY_ENTITY_ID` FOREIGN KEY (`entity_id`) REFERENCES `eav_entity` (`entity_id`) ON DELETE CASCADE,
  CONSTRAINT `EAV_ENTITY_DATETIME_STORE_ID_STORE_STORE_ID` FOREIGN KEY (`store_id`) REFERENCES `store` (`store_id`) ON DELETE CASCADE,
  CONSTRAINT `EAV_ENTT_DTIME_ENTT_TYPE_ID_EAV_ENTT_TYPE_ENTT_TYPE_ID` FOREIGN KEY (`entity_type_id`) REFERENCES `eav_entity_type` (`entity_type_id`) ON DELETE CASCADE
) ENGINE=InnoDB DEFAULT CHARSET=utf8 COMMENT='Eav Entity Value Prefix';

--
-- Dumping data for table `eav_entity_datetime`
--


--
-- Table structure for table `eav_entity_decimal`
--

CREATE TABLE `eav_entity_decimal` (
  `value_id` int(11) NOT NULL AUTO_INCREMENT COMMENT 'Value ID',
  `entity_type_id` smallint(5) unsigned NOT NULL DEFAULT '0' COMMENT 'Entity Type ID',
  `attribute_id` smallint(5) unsigned NOT NULL DEFAULT '0' COMMENT 'Attribute ID',
  `store_id` smallint(5) unsigned NOT NULL DEFAULT '0' COMMENT 'Store ID',
  `entity_id` int(10) unsigned NOT NULL DEFAULT '0' COMMENT 'Entity ID',
  `value` decimal(12,4) NOT NULL DEFAULT '0.0000' COMMENT 'Attribute Value',
  PRIMARY KEY (`value_id`),
  UNIQUE KEY `EAV_ENTITY_DECIMAL_ENTITY_ID_ATTRIBUTE_ID_STORE_ID` (`entity_id`,`attribute_id`,`store_id`),
  KEY `EAV_ENTITY_DECIMAL_STORE_ID` (`store_id`),
  KEY `EAV_ENTITY_DECIMAL_ATTRIBUTE_ID_VALUE` (`attribute_id`,`value`),
  KEY `EAV_ENTITY_DECIMAL_ENTITY_TYPE_ID_VALUE` (`entity_type_id`,`value`),
  CONSTRAINT `EAV_ENTITY_DECIMAL_ENTITY_ID_EAV_ENTITY_ENTITY_ID` FOREIGN KEY (`entity_id`) REFERENCES `eav_entity` (`entity_id`) ON DELETE CASCADE,
  CONSTRAINT `EAV_ENTITY_DECIMAL_ENTITY_TYPE_ID_EAV_ENTITY_TYPE_ENTITY_TYPE_ID` FOREIGN KEY (`entity_type_id`) REFERENCES `eav_entity_type` (`entity_type_id`) ON DELETE CASCADE,
  CONSTRAINT `EAV_ENTITY_DECIMAL_STORE_ID_STORE_STORE_ID` FOREIGN KEY (`store_id`) REFERENCES `store` (`store_id`) ON DELETE CASCADE
) ENGINE=InnoDB DEFAULT CHARSET=utf8 COMMENT='Eav Entity Value Prefix';

--
-- Dumping data for table `eav_entity_decimal`
--


--
-- Table structure for table `eav_entity_int`
--

CREATE TABLE `eav_entity_int` (
  `value_id` int(11) NOT NULL AUTO_INCREMENT COMMENT 'Value ID',
  `entity_type_id` smallint(5) unsigned NOT NULL DEFAULT '0' COMMENT 'Entity Type ID',
  `attribute_id` smallint(5) unsigned NOT NULL DEFAULT '0' COMMENT 'Attribute ID',
  `store_id` smallint(5) unsigned NOT NULL DEFAULT '0' COMMENT 'Store ID',
  `entity_id` int(10) unsigned NOT NULL DEFAULT '0' COMMENT 'Entity ID',
  `value` int(11) NOT NULL DEFAULT '0' COMMENT 'Attribute Value',
  PRIMARY KEY (`value_id`),
  UNIQUE KEY `EAV_ENTITY_INT_ENTITY_ID_ATTRIBUTE_ID_STORE_ID` (`entity_id`,`attribute_id`,`store_id`),
  KEY `EAV_ENTITY_INT_STORE_ID` (`store_id`),
  KEY `EAV_ENTITY_INT_ATTRIBUTE_ID_VALUE` (`attribute_id`,`value`),
  KEY `EAV_ENTITY_INT_ENTITY_TYPE_ID_VALUE` (`entity_type_id`,`value`),
  CONSTRAINT `EAV_ENTITY_INT_ENTITY_ID_EAV_ENTITY_ENTITY_ID` FOREIGN KEY (`entity_id`) REFERENCES `eav_entity` (`entity_id`) ON DELETE CASCADE,
  CONSTRAINT `EAV_ENTITY_INT_ENTITY_TYPE_ID_EAV_ENTITY_TYPE_ENTITY_TYPE_ID` FOREIGN KEY (`entity_type_id`) REFERENCES `eav_entity_type` (`entity_type_id`) ON DELETE CASCADE,
  CONSTRAINT `EAV_ENTITY_INT_STORE_ID_STORE_STORE_ID` FOREIGN KEY (`store_id`) REFERENCES `store` (`store_id`) ON DELETE CASCADE
) ENGINE=InnoDB DEFAULT CHARSET=utf8 COMMENT='Eav Entity Value Prefix';

--
-- Dumping data for table `eav_entity_int`
--


--
-- Table structure for table `eav_entity_store`
--

CREATE TABLE `eav_entity_store` (
  `entity_store_id` int(10) unsigned NOT NULL AUTO_INCREMENT COMMENT 'Entity Store ID',
  `entity_type_id` smallint(5) unsigned NOT NULL DEFAULT '0' COMMENT 'Entity Type ID',
  `store_id` smallint(5) unsigned NOT NULL DEFAULT '0' COMMENT 'Store ID',
  `increment_prefix` varchar(20) DEFAULT NULL COMMENT 'Increment Prefix',
  `increment_last_id` varchar(50) DEFAULT NULL COMMENT 'Last Incremented ID',
  PRIMARY KEY (`entity_store_id`),
  KEY `EAV_ENTITY_STORE_ENTITY_TYPE_ID` (`entity_type_id`),
  KEY `EAV_ENTITY_STORE_STORE_ID` (`store_id`),
  CONSTRAINT `EAV_ENTITY_STORE_ENTITY_TYPE_ID_EAV_ENTITY_TYPE_ENTITY_TYPE_ID` FOREIGN KEY (`entity_type_id`) REFERENCES `eav_entity_type` (`entity_type_id`) ON DELETE CASCADE,
  CONSTRAINT `EAV_ENTITY_STORE_STORE_ID_STORE_STORE_ID` FOREIGN KEY (`store_id`) REFERENCES `store` (`store_id`) ON DELETE CASCADE
) ENGINE=InnoDB DEFAULT CHARSET=utf8 COMMENT='Eav Entity Store';

--
-- Dumping data for table `eav_entity_store`
--


--
-- Table structure for table `eav_entity_text`
--

CREATE TABLE `eav_entity_text` (
  `value_id` int(11) NOT NULL AUTO_INCREMENT COMMENT 'Value ID',
  `entity_type_id` smallint(5) unsigned NOT NULL DEFAULT '0' COMMENT 'Entity Type ID',
  `attribute_id` smallint(5) unsigned NOT NULL DEFAULT '0' COMMENT 'Attribute ID',
  `store_id` smallint(5) unsigned NOT NULL DEFAULT '0' COMMENT 'Store ID',
  `entity_id` int(10) unsigned NOT NULL DEFAULT '0' COMMENT 'Entity ID',
  `value` text NOT NULL COMMENT 'Attribute Value',
  PRIMARY KEY (`value_id`),
  UNIQUE KEY `EAV_ENTITY_TEXT_ENTITY_ID_ATTRIBUTE_ID_STORE_ID` (`entity_id`,`attribute_id`,`store_id`),
  KEY `EAV_ENTITY_TEXT_ENTITY_TYPE_ID` (`entity_type_id`),
  KEY `EAV_ENTITY_TEXT_ATTRIBUTE_ID` (`attribute_id`),
  KEY `EAV_ENTITY_TEXT_STORE_ID` (`store_id`),
  CONSTRAINT `EAV_ENTITY_TEXT_ENTITY_ID_EAV_ENTITY_ENTITY_ID` FOREIGN KEY (`entity_id`) REFERENCES `eav_entity` (`entity_id`) ON DELETE CASCADE,
  CONSTRAINT `EAV_ENTITY_TEXT_ENTITY_TYPE_ID_EAV_ENTITY_TYPE_ENTITY_TYPE_ID` FOREIGN KEY (`entity_type_id`) REFERENCES `eav_entity_type` (`entity_type_id`) ON DELETE CASCADE,
  CONSTRAINT `EAV_ENTITY_TEXT_STORE_ID_STORE_STORE_ID` FOREIGN KEY (`store_id`) REFERENCES `store` (`store_id`) ON DELETE CASCADE
) ENGINE=InnoDB DEFAULT CHARSET=utf8 COMMENT='Eav Entity Value Prefix';

--
-- Dumping data for table `eav_entity_text`
--


--
-- Table structure for table `eav_entity_type`
--

CREATE TABLE `eav_entity_type` (
  `entity_type_id` smallint(5) unsigned NOT NULL AUTO_INCREMENT COMMENT 'Entity Type ID',
  `entity_type_code` varchar(50) NOT NULL COMMENT 'Entity Type Code',
  `entity_model` varchar(255) NOT NULL COMMENT 'Entity Model',
  `attribute_model` varchar(255) DEFAULT NULL COMMENT 'Attribute Model',
  `entity_table` varchar(255) DEFAULT NULL COMMENT 'Entity Table',
  `value_table_prefix` varchar(255) DEFAULT NULL COMMENT 'Value Table Prefix',
  `entity_id_field` varchar(255) DEFAULT NULL COMMENT 'Entity ID Field',
  `is_data_sharing` smallint(5) unsigned NOT NULL DEFAULT '1' COMMENT 'Defines Is Data Sharing',
  `data_sharing_key` varchar(100) DEFAULT 'default' COMMENT 'Data Sharing Key',
  `default_attribute_set_id` smallint(5) unsigned NOT NULL DEFAULT '0' COMMENT 'Default Attribute Set ID',
  `increment_model` varchar(255) DEFAULT NULL COMMENT 'Increment Model',
  `increment_per_store` smallint(5) unsigned NOT NULL DEFAULT '0' COMMENT 'Increment Per Store',
  `increment_pad_length` smallint(5) unsigned NOT NULL DEFAULT '8' COMMENT 'Increment Pad Length',
  `increment_pad_char` varchar(1) NOT NULL DEFAULT '0' COMMENT 'Increment Pad Char',
  `additional_attribute_table` varchar(255) DEFAULT NULL COMMENT 'Additional Attribute Table',
  `entity_attribute_collection` varchar(255) DEFAULT NULL COMMENT 'Entity Attribute Collection',
  PRIMARY KEY (`entity_type_id`),
  KEY `EAV_ENTITY_TYPE_ENTITY_TYPE_CODE` (`entity_type_code`)
) ENGINE=InnoDB AUTO_INCREMENT=101 DEFAULT CHARSET=utf8 COMMENT='Eav Entity Type';

--
-- Dumping data for table `eav_entity_type`
--

INSERT INTO `eav_entity_type` VALUES (1,'customer','Magento\\Customer\\Model\\ResourceModel\\Customer','Magento\\Customer\\Model\\Attribute','customer_entity',NULL,NULL,1,'default',1,'Magento\\Eav\\Model\\Entity\\Increment\\NumericValue',0,8,'0','customer_eav_attribute','Magento\\Customer\\Model\\ResourceModel\\Attribute\\Collection'),(2,'customer_address','Magento\\Customer\\Model\\ResourceModel\\Address','Magento\\Customer\\Model\\Attribute','customer_address_entity',NULL,NULL,1,'default',2,NULL,0,8,'0','customer_eav_attribute','Magento\\Customer\\Model\\ResourceModel\\Address\\Attribute\\Collection'),(3,'catalog_category','Magento\\Catalog\\Model\\ResourceModel\\Category','Magento\\Catalog\\Model\\ResourceModel\\Eav\\Attribute','catalog_category_entity',NULL,NULL,1,'default',3,NULL,0,8,'0','catalog_eav_attribute','Magento\\Catalog\\Model\\ResourceModel\\Category\\Attribute\\Collection'),(4,'catalog_product','Magento\\Catalog\\Model\\ResourceModel\\Product','Magento\\Catalog\\Model\\ResourceModel\\Eav\\Attribute','catalog_product_entity',NULL,NULL,1,'default',4,NULL,0,8,'0','catalog_eav_attribute','Magento\\Catalog\\Model\\ResourceModel\\Product\\Attribute\\Collection'),(5,'order','Magento\\Sales\\Model\\ResourceModel\\Order',NULL,'sales_order',NULL,NULL,1,'default',5,'Magento\\Eav\\Model\\Entity\\Increment\\NumericValue',1,8,'0',NULL,NULL),(6,'invoice','Magento\\Sales\\Model\\ResourceModel\\Order\\Invoice',NULL,'sales_invoice',NULL,NULL,1,'default',6,'Magento\\Eav\\Model\\Entity\\Increment\\NumericValue',1,8,'0',NULL,NULL),(7,'creditmemo','Magento\\Sales\\Model\\ResourceModel\\Order\\Creditmemo',NULL,'sales_creditmemo',NULL,NULL,1,'default',7,'Magento\\Eav\\Model\\Entity\\Increment\\NumericValue',1,8,'0',NULL,NULL),(8,'shipment','Magento\\Sales\\Model\\ResourceModel\\Order\\Shipment',NULL,'sales_shipment',NULL,NULL,1,'default',8,'Magento\\Eav\\Model\\Entity\\Increment\\NumericValue',1,8,'0',NULL,NULL),(100,'magebig_product_brand_entity','MageBig\\Shopbybrand\\Model\\ResourceModel\\BrandEntity','MageBig\\Shopbybrand\\Model\\ResourceModel\\Eav\\Attribute','magebig_product_brand_entity',NULL,NULL,1,'default',100,NULL,0,8,'0',NULL,'MageBig\\Shopbybrand\\Model\\ResourceModel\\Attribute\\Collection');

--
-- Table structure for table `eav_entity_varchar`
--

CREATE TABLE `eav_entity_varchar` (
  `value_id` int(11) NOT NULL AUTO_INCREMENT COMMENT 'Value ID',
  `entity_type_id` smallint(5) unsigned NOT NULL DEFAULT '0' COMMENT 'Entity Type ID',
  `attribute_id` smallint(5) unsigned NOT NULL DEFAULT '0' COMMENT 'Attribute ID',
  `store_id` smallint(5) unsigned NOT NULL DEFAULT '0' COMMENT 'Store ID',
  `entity_id` int(10) unsigned NOT NULL DEFAULT '0' COMMENT 'Entity ID',
  `value` varchar(255) DEFAULT NULL COMMENT 'Attribute Value',
  PRIMARY KEY (`value_id`),
  UNIQUE KEY `EAV_ENTITY_VARCHAR_ENTITY_ID_ATTRIBUTE_ID_STORE_ID` (`entity_id`,`attribute_id`,`store_id`),
  KEY `EAV_ENTITY_VARCHAR_STORE_ID` (`store_id`),
  KEY `EAV_ENTITY_VARCHAR_ATTRIBUTE_ID_VALUE` (`attribute_id`,`value`),
  KEY `EAV_ENTITY_VARCHAR_ENTITY_TYPE_ID_VALUE` (`entity_type_id`,`value`),
  CONSTRAINT `EAV_ENTITY_VARCHAR_ENTITY_ID_EAV_ENTITY_ENTITY_ID` FOREIGN KEY (`entity_id`) REFERENCES `eav_entity` (`entity_id`) ON DELETE CASCADE,
  CONSTRAINT `EAV_ENTITY_VARCHAR_ENTITY_TYPE_ID_EAV_ENTITY_TYPE_ENTITY_TYPE_ID` FOREIGN KEY (`entity_type_id`) REFERENCES `eav_entity_type` (`entity_type_id`) ON DELETE CASCADE,
  CONSTRAINT `EAV_ENTITY_VARCHAR_STORE_ID_STORE_STORE_ID` FOREIGN KEY (`store_id`) REFERENCES `store` (`store_id`) ON DELETE CASCADE
) ENGINE=InnoDB DEFAULT CHARSET=utf8 COMMENT='Eav Entity Value Prefix';

--
-- Dumping data for table `eav_entity_varchar`
--


--
-- Table structure for table `eav_form_element`
--

CREATE TABLE `eav_form_element` (
  `element_id` int(10) unsigned NOT NULL AUTO_INCREMENT COMMENT 'Element ID',
  `type_id` smallint(5) unsigned NOT NULL COMMENT 'Type ID',
  `fieldset_id` smallint(5) unsigned DEFAULT NULL COMMENT 'Fieldset ID',
  `attribute_id` smallint(5) unsigned NOT NULL COMMENT 'Attribute ID',
  `sort_order` int(11) NOT NULL DEFAULT '0' COMMENT 'Sort Order',
  PRIMARY KEY (`element_id`),
  UNIQUE KEY `EAV_FORM_ELEMENT_TYPE_ID_ATTRIBUTE_ID` (`type_id`,`attribute_id`),
  KEY `EAV_FORM_ELEMENT_FIELDSET_ID` (`fieldset_id`),
  KEY `EAV_FORM_ELEMENT_ATTRIBUTE_ID` (`attribute_id`),
  CONSTRAINT `EAV_FORM_ELEMENT_ATTRIBUTE_ID_EAV_ATTRIBUTE_ATTRIBUTE_ID` FOREIGN KEY (`attribute_id`) REFERENCES `eav_attribute` (`attribute_id`) ON DELETE CASCADE,
  CONSTRAINT `EAV_FORM_ELEMENT_FIELDSET_ID_EAV_FORM_FIELDSET_FIELDSET_ID` FOREIGN KEY (`fieldset_id`) REFERENCES `eav_form_fieldset` (`fieldset_id`) ON DELETE SET NULL,
  CONSTRAINT `EAV_FORM_ELEMENT_TYPE_ID_EAV_FORM_TYPE_TYPE_ID` FOREIGN KEY (`type_id`) REFERENCES `eav_form_type` (`type_id`) ON DELETE CASCADE
) ENGINE=InnoDB AUTO_INCREMENT=43 DEFAULT CHARSET=utf8 COMMENT='Eav Form Element';

--
-- Dumping data for table `eav_form_element`
--

INSERT INTO `eav_form_element` VALUES (1,1,NULL,23,0),(2,1,NULL,25,1),(3,1,NULL,27,2),(4,1,NULL,9,3),(5,1,NULL,28,4),(6,1,NULL,29,5),(7,1,NULL,31,6),(8,1,NULL,33,7),(9,1,NULL,30,8),(10,1,NULL,34,9),(11,1,NULL,35,10),(12,2,NULL,23,0),(13,2,NULL,25,1),(14,2,NULL,27,2),(15,2,NULL,9,3),(16,2,NULL,28,4),(17,2,NULL,29,5),(18,2,NULL,31,6),(19,2,NULL,33,7),(20,2,NULL,30,8),(21,2,NULL,34,9),(22,2,NULL,35,10),(23,3,NULL,23,0),(24,3,NULL,25,1),(25,3,NULL,27,2),(26,3,NULL,28,3),(27,3,NULL,29,4),(28,3,NULL,31,5),(29,3,NULL,33,6),(30,3,NULL,30,7),(31,3,NULL,34,8),(32,3,NULL,35,9),(33,4,NULL,23,0),(34,4,NULL,25,1),(35,4,NULL,27,2),(36,4,NULL,28,3),(37,4,NULL,29,4),(38,4,NULL,31,5),(39,4,NULL,33,6),(40,4,NULL,30,7),(41,4,NULL,34,8),(42,4,NULL,35,9);

--
-- Table structure for table `eav_form_fieldset`
--

CREATE TABLE `eav_form_fieldset` (
  `fieldset_id` smallint(5) unsigned NOT NULL AUTO_INCREMENT COMMENT 'Fieldset ID',
  `type_id` smallint(5) unsigned NOT NULL COMMENT 'Type ID',
  `code` varchar(64) NOT NULL COMMENT 'Code',
  `sort_order` int(11) NOT NULL DEFAULT '0' COMMENT 'Sort Order',
  PRIMARY KEY (`fieldset_id`),
  UNIQUE KEY `EAV_FORM_FIELDSET_TYPE_ID_CODE` (`type_id`,`code`),
  CONSTRAINT `EAV_FORM_FIELDSET_TYPE_ID_EAV_FORM_TYPE_TYPE_ID` FOREIGN KEY (`type_id`) REFERENCES `eav_form_type` (`type_id`) ON DELETE CASCADE
) ENGINE=InnoDB DEFAULT CHARSET=utf8 COMMENT='Eav Form Fieldset';

--
-- Dumping data for table `eav_form_fieldset`
--


--
-- Table structure for table `eav_form_fieldset_label`
--

CREATE TABLE `eav_form_fieldset_label` (
  `fieldset_id` smallint(5) unsigned NOT NULL COMMENT 'Fieldset ID',
  `store_id` smallint(5) unsigned NOT NULL COMMENT 'Store ID',
  `label` varchar(255) NOT NULL COMMENT 'Label',
  PRIMARY KEY (`fieldset_id`,`store_id`),
  KEY `EAV_FORM_FIELDSET_LABEL_STORE_ID` (`store_id`),
  CONSTRAINT `EAV_FORM_FIELDSET_LABEL_STORE_ID_STORE_STORE_ID` FOREIGN KEY (`store_id`) REFERENCES `store` (`store_id`) ON DELETE CASCADE,
  CONSTRAINT `EAV_FORM_FSET_LBL_FSET_ID_EAV_FORM_FSET_FSET_ID` FOREIGN KEY (`fieldset_id`) REFERENCES `eav_form_fieldset` (`fieldset_id`) ON DELETE CASCADE
) ENGINE=InnoDB DEFAULT CHARSET=utf8 COMMENT='Eav Form Fieldset Label';

--
-- Dumping data for table `eav_form_fieldset_label`
--


--
-- Table structure for table `eav_form_type`
--

CREATE TABLE `eav_form_type` (
  `type_id` smallint(5) unsigned NOT NULL AUTO_INCREMENT COMMENT 'Type ID',
  `code` varchar(64) NOT NULL COMMENT 'Code',
  `label` varchar(255) NOT NULL COMMENT 'Label',
  `is_system` smallint(5) unsigned NOT NULL DEFAULT '0' COMMENT 'Is System',
  `theme` varchar(64) DEFAULT NULL COMMENT 'Theme',
  `store_id` smallint(5) unsigned NOT NULL COMMENT 'Store ID',
  PRIMARY KEY (`type_id`),
  UNIQUE KEY `EAV_FORM_TYPE_CODE_THEME_STORE_ID` (`code`,`theme`,`store_id`),
  KEY `EAV_FORM_TYPE_STORE_ID` (`store_id`),
  CONSTRAINT `EAV_FORM_TYPE_STORE_ID_STORE_STORE_ID` FOREIGN KEY (`store_id`) REFERENCES `store` (`store_id`) ON DELETE CASCADE
) ENGINE=InnoDB AUTO_INCREMENT=5 DEFAULT CHARSET=utf8 COMMENT='Eav Form Type';

--
-- Dumping data for table `eav_form_type`
--

INSERT INTO `eav_form_type` VALUES (1,'checkout_onepage_register','checkout_onepage_register',1,'',0),(2,'checkout_onepage_register_guest','checkout_onepage_register_guest',1,'',0),(3,'checkout_onepage_billing_address','checkout_onepage_billing_address',1,'',0),(4,'checkout_onepage_shipping_address','checkout_onepage_shipping_address',1,'',0);

--
-- Table structure for table `eav_form_type_entity`
--

CREATE TABLE `eav_form_type_entity` (
  `type_id` smallint(5) unsigned NOT NULL COMMENT 'Type ID',
  `entity_type_id` smallint(5) unsigned NOT NULL COMMENT 'Entity Type ID',
  PRIMARY KEY (`type_id`,`entity_type_id`),
  KEY `EAV_FORM_TYPE_ENTITY_ENTITY_TYPE_ID` (`entity_type_id`),
  CONSTRAINT `EAV_FORM_TYPE_ENTITY_TYPE_ID_EAV_FORM_TYPE_TYPE_ID` FOREIGN KEY (`type_id`) REFERENCES `eav_form_type` (`type_id`) ON DELETE CASCADE,
  CONSTRAINT `EAV_FORM_TYPE_ENTT_ENTT_TYPE_ID_EAV_ENTT_TYPE_ENTT_TYPE_ID` FOREIGN KEY (`entity_type_id`) REFERENCES `eav_entity_type` (`entity_type_id`) ON DELETE CASCADE
) ENGINE=InnoDB DEFAULT CHARSET=utf8 COMMENT='Eav Form Type Entity';

--
-- Dumping data for table `eav_form_type_entity`
--

INSERT INTO `eav_form_type_entity` VALUES (1,1),(2,1),(1,2),(2,2),(3,2),(4,2);

--
-- Table structure for table `email_abandoned_cart`
--

CREATE TABLE `email_abandoned_cart` (
  `id` int(10) unsigned NOT NULL AUTO_INCREMENT COMMENT 'Primary Key',
  `quote_id` int(10) unsigned DEFAULT NULL COMMENT 'Quote Id',
  `store_id` smallint(5) unsigned DEFAULT NULL COMMENT 'Store Id',
  `customer_id` int(10) unsigned DEFAULT NULL COMMENT 'Customer ID',
  `email` varchar(255) NOT NULL DEFAULT '' COMMENT 'Email',
  `status` varchar(255) NOT NULL DEFAULT '' COMMENT 'Contact Status',
  `is_active` smallint(5) unsigned NOT NULL DEFAULT '1' COMMENT 'Quote Active',
  `quote_updated_at` timestamp NULL DEFAULT NULL COMMENT 'Quote updated at',
  `abandoned_cart_number` smallint(5) unsigned NOT NULL DEFAULT '0' COMMENT 'Abandoned Cart number',
  `items_count` smallint(5) unsigned DEFAULT '0' COMMENT 'Quote items count',
  `items_ids` varchar(255) DEFAULT NULL COMMENT 'Quote item ids',
  `created_at` timestamp NULL DEFAULT NULL COMMENT 'Created At',
  `updated_at` timestamp NULL DEFAULT NULL COMMENT 'Updated at',
  PRIMARY KEY (`id`),
  KEY `EMAIL_ABANDONED_CART_QUOTE_ID` (`quote_id`),
  KEY `EMAIL_ABANDONED_CART_STORE_ID` (`store_id`),
  KEY `EMAIL_ABANDONED_CART_CUSTOMER_ID` (`customer_id`),
  KEY `EMAIL_ABANDONED_CART_EMAIL` (`email`)
) ENGINE=InnoDB DEFAULT CHARSET=utf8 COMMENT='Abandoned Carts Table';

--
-- Dumping data for table `email_abandoned_cart`
--


--
-- Table structure for table `email_automation`
--

CREATE TABLE `email_automation` (
  `id` int(10) unsigned NOT NULL AUTO_INCREMENT COMMENT 'Primary Key',
  `automation_type` varchar(255) DEFAULT NULL COMMENT 'Automation Type',
  `store_name` varchar(255) DEFAULT NULL COMMENT 'Automation Type',
  `enrolment_status` varchar(255) NOT NULL COMMENT 'Enrolment Status',
  `email` varchar(255) DEFAULT NULL COMMENT 'Email',
  `type_id` varchar(255) DEFAULT NULL COMMENT 'Type ID',
  `program_id` varchar(255) DEFAULT NULL COMMENT 'Program ID',
  `website_id` smallint(5) unsigned NOT NULL COMMENT 'Website Id',
  `message` varchar(255) NOT NULL COMMENT 'Message',
  `created_at` timestamp NULL DEFAULT NULL COMMENT 'Creation Time',
  `updated_at` timestamp NULL DEFAULT NULL COMMENT 'Update Time',
  PRIMARY KEY (`id`),
  KEY `EMAIL_AUTOMATION_AUTOMATION_TYPE` (`automation_type`),
  KEY `EMAIL_AUTOMATION_ENROLMENT_STATUS` (`enrolment_status`),
  KEY `EMAIL_AUTOMATION_TYPE_ID` (`type_id`),
  KEY `EMAIL_AUTOMATION_EMAIL` (`email`),
  KEY `EMAIL_AUTOMATION_PROGRAM_ID` (`program_id`),
  KEY `EMAIL_AUTOMATION_CREATED_AT` (`created_at`),
  KEY `EMAIL_AUTOMATION_UPDATED_AT` (`updated_at`),
  KEY `EMAIL_AUTOMATION_WEBSITE_ID` (`website_id`)
) ENGINE=InnoDB DEFAULT CHARSET=utf8 COMMENT='Automation Status';

--
-- Dumping data for table `email_automation`
--


--
-- Table structure for table `email_campaign`
--

CREATE TABLE `email_campaign` (
  `id` int(10) unsigned NOT NULL AUTO_INCREMENT COMMENT 'Primary Key',
  `campaign_id` int(10) unsigned NOT NULL COMMENT 'Campaign ID',
  `email` varchar(255) NOT NULL DEFAULT '' COMMENT 'Contact Email',
  `customer_id` int(10) unsigned NOT NULL COMMENT 'Customer ID',
  `sent_at` timestamp NULL DEFAULT NULL COMMENT 'Send Date',
  `order_increment_id` varchar(50) NOT NULL COMMENT 'Order Increment ID',
  `quote_id` int(10) unsigned NOT NULL COMMENT 'Sales Quote ID',
  `message` varchar(255) NOT NULL DEFAULT '' COMMENT 'Error Message',
  `checkout_method` varchar(255) NOT NULL DEFAULT '' COMMENT 'Checkout Method Used',
  `store_id` smallint(5) unsigned NOT NULL DEFAULT '0' COMMENT 'Store ID',
  `event_name` varchar(255) NOT NULL DEFAULT '' COMMENT 'Event Name',
  `send_id` varchar(255) NOT NULL DEFAULT '' COMMENT 'Send Id',
  `send_status` smallint(6) NOT NULL DEFAULT '0' COMMENT 'Campaign send status',
  `created_at` timestamp NULL DEFAULT NULL COMMENT 'Creation Time',
  `updated_at` timestamp NULL DEFAULT NULL COMMENT 'Update Time',
  PRIMARY KEY (`id`),
  KEY `EMAIL_CAMPAIGN_STORE_ID` (`store_id`),
  KEY `EMAIL_CAMPAIGN_CAMPAIGN_ID` (`campaign_id`),
  KEY `EMAIL_CAMPAIGN_EMAIL` (`email`),
  KEY `EMAIL_CAMPAIGN_SEND_ID` (`send_id`),
  KEY `EMAIL_CAMPAIGN_SEND_STATUS` (`send_status`),
  KEY `EMAIL_CAMPAIGN_CREATED_AT` (`created_at`),
  KEY `EMAIL_CAMPAIGN_UPDATED_AT` (`updated_at`),
  KEY `EMAIL_CAMPAIGN_SENT_AT` (`sent_at`),
  KEY `EMAIL_CAMPAIGN_EVENT_NAME` (`event_name`),
  KEY `EMAIL_CAMPAIGN_MESSAGE` (`message`),
  KEY `EMAIL_CAMPAIGN_QUOTE_ID` (`quote_id`),
  KEY `EMAIL_CAMPAIGN_CUSTOMER_ID` (`customer_id`),
  CONSTRAINT `EMAIL_CAMPAIGN_STORE_ID_CORE/STORE_STORE_ID` FOREIGN KEY (`store_id`) REFERENCES `store` (`store_id`) ON DELETE CASCADE
) ENGINE=InnoDB DEFAULT CHARSET=utf8 COMMENT='Connector Campaigns';

--
-- Dumping data for table `email_campaign`
--


--
-- Table structure for table `email_catalog`
--

CREATE TABLE `email_catalog` (
  `id` int(10) unsigned NOT NULL AUTO_INCREMENT COMMENT 'Primary Key',
  `product_id` int(10) unsigned NOT NULL COMMENT 'Product Id',
  `processed` smallint(5) unsigned NOT NULL COMMENT 'Product processed',
  `created_at` timestamp NULL DEFAULT NULL COMMENT 'Creation Time',
  `updated_at` timestamp NULL DEFAULT NULL COMMENT 'Update Time',
  `last_imported_at` timestamp NULL DEFAULT NULL COMMENT 'Last imported date',
  PRIMARY KEY (`id`),
  KEY `EMAIL_CATALOG_PRODUCT_ID` (`product_id`),
  KEY `EMAIL_CATALOG_PROCESSED` (`processed`),
  KEY `EMAIL_CATALOG_CREATED_AT` (`created_at`),
  KEY `EMAIL_CATALOG_UPDATED_AT` (`updated_at`),
  KEY `EMAIL_CATALOG_LAST_IMPORTED_AT` (`last_imported_at`),
  CONSTRAINT `EMAIL_CATALOG_PRODUCT_ID_CATALOG_PRODUCT_ENTITY_ENTITY_ID` FOREIGN KEY (`product_id`) REFERENCES `catalog_product_entity` (`entity_id`) ON DELETE CASCADE
) ENGINE=InnoDB AUTO_INCREMENT=954 DEFAULT CHARSET=utf8 COMMENT='Connector Catalog';

--
-- Dumping data for table `email_catalog`
--

INSERT INTO `email_catalog` VALUES (63,63,0,'2021-03-19 03:55:18','2022-06-13 16:24:22',NULL),(64,64,0,'2021-03-19 03:58:01','2022-07-08 09:11:09',NULL),(286,291,0,'2021-03-31 06:09:18','2022-07-20 09:33:46',NULL),(287,292,0,'2021-03-31 06:09:18','2021-12-08 04:12:55',NULL),(288,293,0,'2021-03-31 06:09:18','2021-12-08 04:12:55',NULL),(289,294,0,'2021-03-31 06:09:18','2021-12-12 12:33:00',NULL),(290,295,0,'2021-03-31 06:09:18','2021-12-08 04:12:55',NULL),(291,296,0,'2021-03-31 06:09:18','2021-12-08 04:12:55',NULL),(292,297,0,'2021-03-31 06:09:18','2022-06-10 12:41:25',NULL),(293,298,0,'2021-03-31 06:09:18','2021-12-08 04:12:55',NULL),(295,299,0,'2021-03-31 06:09:18','2021-12-08 04:12:55',NULL),(296,300,0,'2021-03-31 06:09:18','2021-12-08 04:12:55',NULL),(297,301,0,'2021-03-31 06:09:18','2021-12-08 04:12:55',NULL),(298,302,0,'2021-03-31 06:09:18','2021-12-08 04:12:55',NULL),(299,303,0,'2021-03-31 06:09:18','2021-12-08 04:12:55',NULL),(300,304,0,'2021-03-31 06:09:18','2021-12-08 04:12:55',NULL),(301,305,0,'2021-03-31 06:09:18','2021-12-08 04:12:55',NULL),(312,312,0,'2021-04-18 16:46:43','2021-12-21 09:35:36',NULL),(313,313,0,'2021-04-18 17:04:01','2021-12-08 04:12:55',NULL),(314,314,0,'2021-04-18 17:29:03','2021-12-08 04:12:55',NULL),(315,315,0,'2021-04-18 17:38:10','2021-11-26 07:38:54',NULL),(316,316,0,'2021-04-18 17:46:47','2021-11-26 07:38:30',NULL),(317,317,0,'2021-04-18 17:58:00','2021-11-26 07:38:19',NULL),(321,321,0,'2021-04-22 05:18:21','2021-11-26 07:38:09',NULL),(322,322,0,'2021-04-22 05:20:37','2021-11-26 07:37:47',NULL),(323,323,0,'2021-04-22 05:27:23','2021-11-26 07:37:37',NULL),(327,327,0,'2021-04-27 05:47:10','2021-10-08 09:37:20',NULL),(328,328,0,'2021-04-27 06:44:07','2021-10-08 09:37:20',NULL),(329,329,0,'2021-04-27 06:44:07','2021-10-08 09:37:20',NULL),(330,330,0,'2021-04-27 06:44:07','2021-10-08 09:37:20',NULL),(331,331,0,'2021-04-27 06:44:07','2021-10-08 09:37:20',NULL),(332,332,0,'2021-04-27 06:44:07','2021-10-08 09:37:20',NULL),(333,333,0,'2021-04-27 06:44:07','2021-10-08 09:37:37',NULL),(334,334,0,'2021-04-27 06:44:07','2021-10-08 09:37:20',NULL),(335,335,0,'2021-04-27 06:44:07','2021-10-08 09:37:20',NULL),(336,336,0,'2021-04-27 06:44:07','2021-10-08 09:37:20',NULL),(337,337,0,'2021-04-27 06:44:07','2021-10-08 09:37:20',NULL),(338,338,0,'2021-04-27 06:44:07','2021-10-08 09:37:20',NULL),(339,339,0,'2021-04-27 06:44:07','2021-10-08 09:37:20',NULL),(340,340,0,'2021-04-27 06:44:07','2021-10-08 09:37:20',NULL),(341,341,0,'2021-04-27 06:44:07',NULL,NULL),(342,342,0,'2021-04-27 06:44:07','2021-10-08 09:37:20',NULL),(343,343,0,'2021-04-27 06:44:07','2021-10-08 09:37:20',NULL),(344,344,0,'2021-04-27 06:44:07','2021-10-08 09:37:20',NULL),(345,345,0,'2021-04-27 06:44:07','2021-10-08 09:37:20',NULL),(346,346,0,'2021-04-27 06:44:07','2021-10-08 09:37:20',NULL),(347,347,0,'2021-04-27 06:44:07','2021-10-08 09:37:20',NULL),(348,348,0,'2021-04-27 06:44:07','2021-10-08 09:37:20',NULL),(349,349,0,'2021-04-27 06:44:07','2021-10-08 09:37:20',NULL),(350,350,0,'2021-04-27 06:44:07','2021-10-08 09:37:37',NULL),(351,351,0,'2021-04-27 06:44:07','2021-10-08 09:37:20',NULL),(352,352,0,'2021-04-27 06:44:07','2021-10-08 09:37:20',NULL),(353,353,0,'2021-04-27 06:44:07','2021-10-08 09:37:20',NULL),(354,354,0,'2021-04-27 06:44:07','2021-10-08 09:37:20',NULL),(355,355,0,'2021-04-27 06:44:07','2021-10-08 09:37:20',NULL),(356,356,0,'2021-04-27 06:44:07','2021-10-08 09:37:37',NULL),(357,357,0,'2021-04-27 06:44:07','2021-10-08 09:37:20',NULL),(358,358,0,'2021-04-27 06:44:07','2021-10-08 09:37:20',NULL),(359,359,0,'2021-04-27 06:44:07','2021-10-08 09:37:20',NULL),(360,360,0,'2021-04-27 06:44:07','2021-10-08 09:37:20',NULL),(361,361,0,'2021-04-27 06:44:07','2021-10-08 09:37:20',NULL),(362,362,0,'2021-04-27 06:44:07','2021-10-08 09:37:20',NULL),(363,363,0,'2021-04-27 06:44:07','2021-10-08 09:37:20',NULL),(364,364,0,'2021-04-27 06:44:07','2021-10-08 09:37:20',NULL),(365,365,0,'2021-04-27 06:44:07','2021-10-08 09:37:20',NULL),(366,366,0,'2021-04-27 06:44:07','2021-10-08 09:37:20',NULL),(367,367,0,'2021-04-27 06:44:07',NULL,NULL),(368,368,0,'2021-04-27 06:44:07','2021-10-08 09:37:20',NULL),(369,369,0,'2021-04-27 06:44:07','2021-10-08 09:37:20',NULL),(370,370,0,'2021-04-27 06:44:07',NULL,NULL),(371,371,0,'2021-04-27 06:44:07','2021-10-08 09:37:37',NULL),(372,372,0,'2021-04-27 06:44:07','2021-10-08 09:37:37',NULL),(373,373,0,'2021-04-27 06:44:07','2021-10-08 09:37:20',NULL),(374,374,0,'2021-04-27 06:44:07','2021-10-08 09:37:20',NULL),(375,375,0,'2021-04-27 06:44:07','2021-10-08 09:37:20',NULL),(376,376,0,'2021-04-27 06:44:07',NULL,NULL),(377,377,0,'2021-04-27 06:44:07','2021-10-08 09:37:20',NULL),(378,378,0,'2021-04-27 06:44:07',NULL,NULL),(379,379,0,'2021-04-27 06:44:07','2021-10-08 09:37:20',NULL),(380,380,0,'2021-04-27 06:44:07','2021-10-08 09:37:20',NULL),(381,381,0,'2021-04-27 06:44:07',NULL,NULL),(382,382,0,'2021-04-27 06:44:07','2021-10-08 09:37:20',NULL),(383,383,0,'2021-04-27 06:44:07','2021-10-08 09:37:20',NULL),(384,384,0,'2021-04-27 06:44:07','2021-10-08 09:37:20',NULL),(385,385,0,'2021-04-27 06:44:07',NULL,NULL),(386,386,0,'2021-04-27 06:44:07','2021-10-08 09:37:20',NULL),(387,387,0,'2021-04-27 06:44:07','2021-10-08 09:37:20',NULL),(388,388,0,'2021-04-27 06:44:07','2021-10-08 09:37:20',NULL),(389,389,0,'2021-04-27 06:44:07','2021-10-08 09:37:20',NULL),(390,390,0,'2021-04-27 06:44:07','2021-10-08 09:37:20',NULL),(391,391,0,'2021-04-27 06:44:07','2021-12-01 12:17:45',NULL),(392,392,0,'2021-04-27 06:44:07','2021-10-08 09:37:20',NULL),(393,393,0,'2021-04-27 06:44:07','2021-10-08 09:37:20',NULL),(394,394,0,'2021-04-27 06:44:07','2021-10-08 09:37:20',NULL),(395,395,0,'2021-04-27 06:44:07','2021-10-08 09:37:20',NULL),(396,396,0,'2021-04-27 06:44:07','2021-10-08 09:37:20',NULL),(397,397,0,'2021-04-27 06:44:07','2021-10-08 09:37:37',NULL),(398,398,0,'2021-04-27 06:44:07','2021-10-08 09:37:20',NULL),(399,399,0,'2021-04-27 06:44:07',NULL,NULL),(400,400,0,'2021-04-27 06:44:07',NULL,NULL),(401,401,0,'2021-04-27 06:44:07','2021-10-08 09:37:37',NULL),(402,402,0,'2021-04-27 06:44:07','2021-10-08 09:37:20',NULL),(403,403,0,'2021-04-27 06:44:07','2021-10-08 09:37:37',NULL),(404,404,0,'2021-04-27 06:44:07',NULL,NULL),(405,405,0,'2021-04-27 06:44:07',NULL,NULL),(406,406,0,'2021-04-27 06:44:07',NULL,NULL),(407,407,0,'2021-04-27 06:44:07',NULL,NULL),(408,408,0,'2021-04-27 06:44:07',NULL,NULL),(409,409,0,'2021-04-27 06:44:07',NULL,NULL),(410,410,0,'2021-04-27 06:44:07',NULL,NULL),(411,411,0,'2021-04-27 06:44:07',NULL,NULL),(412,412,0,'2021-04-27 06:44:07',NULL,NULL),(413,413,0,'2021-04-27 06:44:07',NULL,NULL),(414,414,0,'2021-04-27 06:44:07','2021-10-08 09:37:37',NULL),(415,415,0,'2021-04-27 06:44:07','2021-10-08 09:37:37',NULL),(416,416,0,'2021-04-27 06:44:19','2021-10-08 09:37:37',NULL),(417,417,0,'2021-04-27 06:44:19','2021-10-08 09:37:37',NULL),(418,418,0,'2021-04-27 06:44:19',NULL,NULL),(419,419,0,'2021-04-27 06:44:19','2021-10-08 09:37:37',NULL),(420,420,0,'2021-04-27 06:44:19','2021-10-22 06:49:58',NULL),(421,421,0,'2021-04-27 06:44:19','2021-10-08 09:37:37',NULL),(422,422,0,'2021-04-27 06:44:19','2021-10-08 09:37:37',NULL),(423,423,0,'2021-04-27 06:44:19','2021-10-08 09:37:37',NULL),(424,424,0,'2021-04-27 06:44:19','2021-10-08 09:37:37',NULL),(425,425,0,'2021-04-27 06:44:19','2021-10-08 09:37:37',NULL),(426,426,0,'2021-04-27 06:44:19','2021-10-08 09:37:37',NULL),(427,427,0,'2021-04-27 06:44:19','2021-10-08 09:37:37',NULL),(428,428,0,'2021-04-27 06:44:19',NULL,NULL),(429,429,0,'2021-04-27 06:44:19','2021-10-08 09:37:37',NULL),(430,430,0,'2021-04-27 06:44:19','2021-10-08 09:37:37',NULL),(431,431,0,'2021-04-27 06:44:19','2021-10-08 09:37:37',NULL),(432,432,0,'2021-04-27 06:44:19','2021-10-08 09:37:37',NULL),(433,433,0,'2021-04-27 06:44:19',NULL,NULL),(434,434,0,'2021-04-27 06:44:19',NULL,NULL),(435,435,0,'2021-04-27 06:44:19','2021-10-08 09:37:37',NULL),(436,436,0,'2021-04-27 06:44:19',NULL,NULL),(437,437,0,'2021-04-27 06:44:19',NULL,NULL),(438,438,0,'2021-04-27 06:44:19','2021-10-08 09:37:37',NULL),(439,439,0,'2021-04-27 06:44:19',NULL,NULL),(440,440,0,'2021-04-27 06:44:19',NULL,NULL),(441,441,0,'2021-04-27 06:44:19',NULL,NULL),(442,442,0,'2021-04-27 06:44:19','2021-10-08 09:37:37',NULL),(443,443,0,'2021-04-27 06:44:19','2021-12-12 06:08:17',NULL),(444,444,0,'2021-04-27 06:44:19','2021-10-08 09:37:37',NULL),(445,445,0,'2021-04-27 06:44:19','2021-10-08 09:37:37',NULL),(446,446,0,'2021-04-27 06:44:19','2021-12-12 06:07:21',NULL),(447,447,0,'2021-04-27 06:44:19','2021-10-08 09:37:37',NULL),(448,448,0,'2021-04-27 06:44:19','2021-10-08 09:37:37',NULL),(449,449,0,'2021-04-27 06:44:19','2021-10-08 09:37:37',NULL),(450,450,0,'2021-04-27 06:44:19',NULL,NULL),(451,451,0,'2021-04-27 06:44:19',NULL,NULL),(452,452,0,'2021-04-27 06:44:19','2021-10-08 09:37:37',NULL),(453,453,0,'2021-04-27 06:44:19','2021-10-08 09:37:37',NULL),(454,454,0,'2021-04-27 06:44:19','2021-10-08 09:37:37',NULL),(455,455,0,'2021-04-27 06:44:19','2021-10-08 09:37:37',NULL),(456,456,0,'2021-04-27 06:44:19',NULL,NULL),(457,457,0,'2021-04-27 06:44:19','2021-10-08 09:37:37',NULL),(458,458,0,'2021-04-27 06:44:19',NULL,NULL),(459,459,0,'2021-04-27 06:44:19','2021-10-08 09:37:37',NULL),(460,460,0,'2021-04-27 06:44:19','2021-10-08 09:37:37',NULL),(461,461,0,'2021-04-27 06:44:19',NULL,NULL),(462,462,0,'2021-04-27 06:44:19',NULL,NULL),(463,463,0,'2021-04-27 06:44:19','2021-10-19 08:06:03',NULL),(464,464,0,'2021-04-27 06:44:19','2021-10-08 09:37:37',NULL),(465,465,0,'2021-04-27 06:44:19','2021-10-08 09:37:37',NULL),(466,466,0,'2021-04-27 06:44:19','2021-10-08 09:37:37',NULL),(467,467,0,'2021-04-27 06:44:19','2021-10-08 09:37:37',NULL),(468,468,0,'2021-04-27 06:44:19','2021-10-08 09:37:37',NULL),(469,469,0,'2021-04-27 06:44:19','2021-10-08 09:37:37',NULL),(470,470,0,'2021-04-27 06:44:19','2021-10-08 09:37:37',NULL),(471,471,0,'2021-04-27 06:44:19','2021-10-08 09:37:37',NULL),(472,472,0,'2021-04-27 06:44:19','2021-10-08 09:37:37',NULL),(473,473,0,'2021-04-27 06:44:19',NULL,NULL),(474,474,0,'2021-04-27 06:44:19','2021-10-08 09:37:37',NULL),(475,475,0,'2021-04-27 06:44:19','2021-10-08 09:37:37',NULL),(476,476,0,'2021-04-27 06:44:19',NULL,NULL),(477,477,0,'2021-04-27 06:44:19',NULL,NULL),(478,478,0,'2021-04-27 06:44:19',NULL,NULL),(479,479,0,'2021-04-27 06:44:19',NULL,NULL),(480,480,0,'2021-04-27 06:44:19',NULL,NULL),(481,481,0,'2021-04-27 06:44:19','2021-10-08 09:37:37',NULL),(482,482,0,'2021-04-27 06:44:19','2021-10-08 09:37:37',NULL),(483,483,0,'2021-04-27 06:44:19',NULL,NULL),(484,484,0,'2021-04-27 06:44:19','2021-10-08 09:37:37',NULL),(485,485,0,'2021-04-27 06:44:19','2021-10-08 09:37:37',NULL),(486,486,0,'2021-04-27 06:44:19','2021-10-08 09:37:37',NULL),(487,487,0,'2021-04-27 06:44:19','2021-10-08 09:37:37',NULL),(488,488,0,'2021-04-27 06:44:19',NULL,NULL),(489,489,0,'2021-04-27 06:44:19',NULL,NULL),(490,490,0,'2021-04-27 06:44:19',NULL,NULL),(491,491,0,'2021-04-27 06:44:19',NULL,NULL),(492,492,0,'2021-04-27 06:44:19',NULL,NULL),(493,493,0,'2021-04-27 06:44:19',NULL,NULL),(494,494,0,'2021-04-27 06:44:19',NULL,NULL),(495,495,0,'2021-04-27 06:44:19',NULL,NULL),(496,496,0,'2021-04-27 06:44:19',NULL,NULL),(497,497,0,'2021-04-27 06:44:19',NULL,NULL),(498,498,0,'2021-04-27 06:44:19',NULL,NULL),(499,499,0,'2021-04-27 06:44:19',NULL,NULL),(502,502,0,'2021-05-25 07:25:45','2021-05-25 07:27:25',NULL),(503,503,0,'2021-05-25 12:04:31','2021-10-13 12:38:45',NULL),(506,506,0,'2021-09-06 08:57:09','2021-09-06 09:02:59',NULL),(507,507,0,'2021-09-06 09:38:48','2021-12-12 06:03:15',NULL),(508,508,0,'2021-09-06 09:38:48','2021-12-12 06:03:15',NULL),(509,509,0,'2021-09-06 09:38:48','2021-12-12 06:03:15',NULL),(510,510,0,'2021-09-06 09:38:48','2021-12-12 06:03:15',NULL),(511,511,0,'2021-09-06 09:38:48','2021-12-12 06:03:15',NULL),(512,512,0,'2021-09-06 09:38:48','2021-12-12 06:03:15',NULL),(513,513,0,'2021-09-06 09:38:48','2021-12-12 06:03:15',NULL),(514,514,0,'2021-09-06 09:38:48','2021-12-12 06:03:15',NULL),(515,515,0,'2021-09-06 09:38:48','2021-12-12 06:03:15',NULL),(516,516,0,'2021-09-06 09:38:48','2021-12-12 06:03:15',NULL),(517,517,0,'2021-09-06 09:38:48','2021-12-12 06:03:15',NULL),(518,518,0,'2021-09-06 13:28:25','2021-12-12 06:03:15',NULL),(519,519,0,'2021-09-06 13:28:25','2021-12-12 06:03:15',NULL),(520,520,0,'2021-09-06 13:28:25','2021-12-12 06:03:15',NULL),(521,521,0,'2021-09-06 13:28:25','2021-12-12 06:03:15',NULL),(522,522,0,'2021-09-06 13:28:25','2021-12-12 06:03:15',NULL),(523,523,0,'2021-09-06 13:28:25','2021-12-12 06:03:15',NULL),(524,524,0,'2021-09-06 13:28:25','2021-12-12 06:03:15',NULL),(525,525,0,'2021-09-06 13:28:25','2021-12-12 06:03:15',NULL),(526,526,0,'2021-09-06 13:28:25','2021-12-12 06:03:15',NULL),(527,527,0,'2021-09-06 13:28:25','2021-12-12 06:03:15',NULL),(528,528,0,'2021-09-06 13:28:25','2021-12-12 06:03:15',NULL),(529,529,0,'2021-09-06 13:28:25','2021-12-12 06:03:15',NULL),(530,530,0,'2021-09-06 13:28:25','2021-12-12 06:03:15',NULL),(531,531,0,'2021-09-06 13:28:25','2021-12-12 06:03:15',NULL),(532,532,0,'2021-09-06 13:28:25','2021-12-12 06:03:15',NULL),(533,533,0,'2021-09-06 13:28:25','2021-12-12 06:03:15',NULL),(534,534,0,'2021-09-06 13:28:25','2021-12-12 06:03:15',NULL),(535,535,0,'2021-09-06 13:28:25','2021-12-12 06:03:15',NULL),(536,536,0,'2021-09-06 13:28:25','2021-12-12 06:03:15',NULL),(537,537,0,'2021-09-06 13:28:25','2021-12-12 06:03:15',NULL),(538,538,0,'2021-09-06 13:28:25','2021-12-12 06:03:15',NULL),(539,539,0,'2021-09-06 13:28:25','2021-12-12 06:03:15',NULL),(540,540,0,'2021-09-06 13:28:25','2021-12-12 06:03:15',NULL),(541,541,0,'2021-09-06 13:28:25','2021-12-12 06:03:15',NULL),(542,542,0,'2021-09-06 13:28:25','2021-12-12 06:03:15',NULL),(543,543,0,'2021-09-06 13:28:25','2021-12-12 06:03:15',NULL),(544,544,0,'2021-09-06 13:28:25','2021-12-12 06:03:15',NULL),(545,545,0,'2021-09-06 13:28:25','2021-12-12 06:03:15',NULL),(546,546,0,'2021-09-06 13:28:25','2021-12-12 06:03:15',NULL),(547,547,0,'2021-09-06 13:28:25','2021-12-12 06:03:15',NULL),(548,548,0,'2021-09-06 13:28:25','2021-12-12 06:03:15',NULL),(549,549,0,'2021-09-06 13:28:25','2021-12-12 06:03:15',NULL),(550,550,0,'2021-09-06 13:28:25','2021-12-12 06:03:15',NULL),(551,551,0,'2021-09-06 13:28:25','2021-12-12 06:03:15',NULL),(552,552,0,'2021-09-06 13:28:25','2021-12-12 06:03:15',NULL),(553,553,0,'2021-09-06 13:28:25','2021-12-12 06:03:15',NULL),(554,554,0,'2021-09-06 13:28:25','2021-12-12 06:03:15',NULL),(555,555,0,'2021-09-06 13:28:25','2021-12-12 06:03:15',NULL),(556,556,0,'2021-09-06 13:28:25','2021-12-12 06:03:15',NULL),(557,557,0,'2021-09-06 13:28:25','2021-12-12 06:03:15',NULL),(558,558,0,'2021-09-06 13:28:25','2021-12-12 06:03:15',NULL),(559,559,0,'2021-09-06 13:28:25','2021-12-12 06:03:15',NULL),(560,560,0,'2021-09-06 13:28:25','2021-12-12 06:03:15',NULL),(561,561,0,'2021-09-06 13:28:25','2021-12-12 06:03:15',NULL),(562,562,0,'2021-09-06 13:28:25','2021-12-12 06:03:15',NULL),(563,563,0,'2021-09-06 13:28:25','2021-12-12 06:03:15',NULL),(564,564,0,'2021-09-06 13:28:25','2021-12-12 06:03:15',NULL),(565,565,0,'2021-09-06 13:28:25','2021-12-12 06:03:15',NULL),(566,566,0,'2021-09-06 13:28:25','2021-12-12 06:03:15',NULL),(567,567,0,'2021-09-06 13:28:25','2021-12-12 06:03:15',NULL),(568,568,0,'2021-09-06 13:28:25','2021-12-12 06:03:15',NULL),(569,569,0,'2021-09-06 13:28:25','2021-12-12 06:03:15',NULL),(570,570,0,'2021-09-06 13:28:25','2021-12-12 06:03:15',NULL),(571,571,0,'2021-09-06 13:28:25','2021-12-12 06:03:15',NULL),(572,572,0,'2021-09-06 13:28:25','2021-12-12 06:03:15',NULL),(573,573,0,'2021-09-06 13:28:25','2021-12-12 06:03:15',NULL),(574,574,0,'2021-09-06 13:28:25','2021-12-12 06:03:15',NULL),(575,575,0,'2021-09-06 13:28:25','2021-12-12 06:03:15',NULL),(576,576,0,'2021-09-06 13:28:25','2021-12-12 06:03:15',NULL),(577,577,0,'2021-09-06 13:28:25','2021-12-12 06:03:15',NULL),(578,578,0,'2021-09-06 13:28:25','2021-12-12 06:03:15',NULL),(579,579,0,'2021-09-06 13:28:25','2021-12-12 06:03:15',NULL),(580,580,0,'2021-09-06 13:28:25','2021-12-12 06:03:15',NULL),(581,581,0,'2021-09-06 13:28:25','2021-12-12 06:03:15',NULL),(582,582,0,'2021-09-06 13:28:25','2021-12-12 06:03:15',NULL),(583,583,0,'2021-09-06 13:28:25','2021-12-12 06:03:15',NULL),(584,584,0,'2021-09-06 13:28:25','2021-12-12 06:03:15',NULL),(585,585,0,'2021-09-06 13:28:25','2021-12-12 06:03:15',NULL),(586,586,0,'2021-09-06 13:28:25','2021-12-12 06:03:15',NULL),(587,587,0,'2021-09-06 13:28:25','2021-12-12 06:03:15',NULL),(588,588,0,'2021-09-06 13:28:25','2021-12-12 06:03:15',NULL),(589,589,0,'2021-09-06 13:28:25','2021-12-12 06:03:15',NULL),(590,590,0,'2021-09-06 13:28:25','2021-12-12 06:03:15',NULL),(591,591,0,'2021-09-06 13:28:25','2021-12-12 06:03:15',NULL),(592,592,0,'2021-09-06 13:28:25','2021-12-12 06:03:15',NULL),(593,593,0,'2021-09-06 13:28:25','2021-12-12 06:03:15',NULL),(594,594,0,'2021-09-06 13:28:25','2021-12-12 06:03:15',NULL),(595,595,0,'2021-09-06 13:28:25','2021-12-12 06:03:15',NULL),(596,596,0,'2021-09-06 13:28:25','2021-12-12 06:03:15',NULL),(597,597,0,'2021-09-06 13:28:25','2021-12-12 06:03:15',NULL),(598,598,0,'2021-09-06 13:28:25','2021-12-12 06:03:15',NULL),(599,599,0,'2021-09-06 13:28:25','2021-12-12 06:03:15',NULL),(600,600,0,'2021-09-06 13:28:25','2021-12-12 06:03:15',NULL),(601,601,0,'2021-09-06 13:28:25','2021-12-12 06:03:15',NULL),(602,602,0,'2021-09-06 13:28:25','2021-12-12 06:03:15',NULL),(603,603,0,'2021-09-06 13:28:25','2021-12-12 06:03:15',NULL),(604,604,0,'2021-09-06 13:28:25','2021-12-12 06:03:15',NULL),(605,605,0,'2021-09-06 13:28:25','2021-12-12 06:03:15',NULL),(606,606,0,'2021-09-06 13:28:25','2021-12-12 06:03:15',NULL),(607,607,0,'2021-09-06 13:28:45','2021-12-12 06:03:37',NULL),(608,608,0,'2021-09-06 13:28:45','2021-12-12 06:03:37',NULL),(609,609,0,'2021-09-06 13:28:45','2021-12-12 06:03:37',NULL),(610,610,0,'2021-09-06 13:28:45','2021-12-12 06:03:37',NULL),(611,611,0,'2021-09-06 13:28:45','2021-12-12 06:03:37',NULL),(612,612,0,'2021-09-06 13:28:45','2021-12-12 06:03:37',NULL),(613,613,0,'2021-09-06 13:28:45','2021-12-12 06:03:37',NULL),(614,614,0,'2021-09-06 13:28:45','2021-12-12 06:03:37',NULL),(615,615,0,'2021-09-06 13:28:45','2021-12-12 06:03:37',NULL),(616,616,0,'2021-09-06 13:28:45','2021-12-12 06:03:37',NULL),(617,617,0,'2021-09-06 13:28:45','2021-12-12 06:03:37',NULL),(618,618,0,'2021-09-06 13:28:45','2021-12-12 06:03:37',NULL),(619,619,0,'2021-09-06 13:28:45','2021-12-12 06:03:37',NULL),(620,620,0,'2021-09-06 13:28:45','2021-12-12 06:03:37',NULL),(621,621,0,'2021-09-06 13:28:45','2021-12-12 06:03:37',NULL),(622,622,0,'2021-09-06 13:28:45','2021-12-12 06:03:37',NULL),(623,623,0,'2021-09-06 13:28:45','2021-12-12 06:03:37',NULL),(624,624,0,'2021-09-06 13:28:45','2021-12-12 06:03:37',NULL),(625,625,0,'2021-09-06 13:28:45','2021-12-12 06:03:37',NULL),(626,626,0,'2021-09-06 13:28:45','2021-12-12 06:03:37',NULL),(627,627,0,'2021-09-06 13:28:45','2021-12-12 06:03:37',NULL),(628,628,0,'2021-09-06 13:28:45','2021-12-12 06:03:37',NULL),(629,629,0,'2021-09-06 13:28:45','2021-12-12 06:03:37',NULL),(630,630,0,'2021-09-06 13:28:45','2021-12-12 06:03:37',NULL),(631,631,0,'2021-09-06 13:28:45','2021-12-12 06:03:37',NULL),(632,632,0,'2021-09-06 13:28:45','2021-12-12 06:03:37',NULL),(633,633,0,'2021-09-06 13:28:45','2021-12-12 06:03:37',NULL),(634,634,0,'2021-09-06 13:28:45','2021-12-12 06:03:37',NULL),(635,635,0,'2021-09-06 13:28:45','2021-12-12 06:03:37',NULL),(636,636,0,'2021-09-06 13:28:45','2021-12-12 06:03:37',NULL),(637,637,0,'2021-09-06 13:28:45','2021-12-12 06:03:37',NULL),(638,638,0,'2021-09-06 13:28:45','2021-12-12 06:03:37',NULL),(639,639,0,'2021-09-06 13:28:45','2021-12-12 06:03:37',NULL),(640,640,0,'2021-09-06 13:28:45','2021-12-12 06:03:37',NULL),(641,641,0,'2021-09-06 13:28:45','2021-12-12 06:03:37',NULL),(642,642,0,'2021-09-06 13:28:45','2021-12-12 06:03:37',NULL),(643,643,0,'2021-09-06 13:28:45','2021-12-12 06:03:37',NULL),(644,644,0,'2021-09-06 13:28:45','2021-12-12 06:03:37',NULL),(645,645,0,'2021-09-06 13:28:45','2021-12-12 06:03:37',NULL),(646,646,0,'2021-09-06 13:28:45','2021-12-12 06:03:37',NULL),(647,647,0,'2021-09-06 13:28:45','2021-12-12 06:03:37',NULL),(648,648,0,'2021-09-06 13:28:45','2021-12-12 06:03:37',NULL),(649,649,0,'2021-09-06 13:28:45','2021-12-12 06:03:37',NULL),(650,650,0,'2021-09-06 13:28:45','2021-12-12 06:03:37',NULL),(651,651,0,'2021-09-06 13:28:45','2021-12-12 06:03:37',NULL),(652,652,0,'2021-09-06 13:28:45','2021-12-12 06:03:37',NULL),(653,653,0,'2021-09-06 13:28:45','2021-12-13 12:17:52',NULL),(654,654,0,'2021-09-06 13:28:45','2021-12-12 06:03:37',NULL),(655,655,0,'2021-09-06 13:28:45','2021-12-12 06:03:37',NULL),(656,656,0,'2021-09-06 13:28:45','2021-12-12 06:03:37',NULL),(657,657,0,'2021-09-06 13:28:45','2021-12-12 06:03:37',NULL),(658,658,0,'2021-09-06 13:28:45','2021-12-12 06:03:37',NULL),(659,659,0,'2021-09-06 13:28:45','2021-12-12 06:03:37',NULL),(660,660,0,'2021-09-06 13:28:45','2021-12-12 06:03:37',NULL),(661,661,0,'2021-09-06 13:28:45','2021-12-12 06:03:37',NULL),(662,662,0,'2021-09-06 13:28:45','2021-12-12 06:03:37',NULL),(663,663,0,'2021-09-06 13:28:45','2021-12-12 06:03:37',NULL),(664,664,0,'2021-09-06 13:28:45','2021-12-12 06:03:37',NULL),(665,665,0,'2021-09-06 13:28:45','2021-12-12 06:03:37',NULL),(666,666,0,'2021-09-06 13:28:45','2021-12-12 06:03:37',NULL),(667,667,0,'2021-09-06 13:28:45','2021-12-12 06:03:37',NULL),(668,668,0,'2021-09-06 13:28:45','2021-12-12 06:03:37',NULL),(669,669,0,'2021-09-06 13:28:45','2021-12-12 06:03:37',NULL),(670,670,0,'2021-09-06 13:28:45','2021-12-12 06:03:37',NULL),(671,671,0,'2021-09-06 13:28:45','2021-12-12 06:03:37',NULL),(672,672,0,'2021-09-06 13:28:45','2021-12-12 06:03:37',NULL),(673,673,0,'2021-09-06 13:28:45','2021-12-12 06:03:37',NULL),(674,674,0,'2021-09-06 13:28:45','2021-12-12 06:03:37',NULL),(675,675,0,'2021-09-06 13:28:45','2021-12-12 06:03:37',NULL),(676,676,0,'2021-09-06 13:28:45','2021-12-12 06:03:37',NULL),(677,677,0,'2021-09-06 13:28:45','2021-12-12 06:03:37',NULL),(678,678,0,'2021-09-06 13:28:45','2021-12-12 06:03:37',NULL),(679,679,0,'2021-09-06 13:28:45','2021-12-12 06:03:37',NULL),(680,680,0,'2021-09-06 13:28:45','2021-12-12 06:03:37',NULL),(681,681,0,'2021-09-06 13:28:45','2021-12-12 06:03:37',NULL),(682,682,0,'2021-09-06 13:28:45','2021-12-12 06:03:37',NULL),(683,683,0,'2021-09-06 13:28:45','2021-12-12 06:03:37',NULL),(684,684,0,'2021-09-06 13:28:45','2021-12-12 06:03:37',NULL),(685,685,0,'2021-09-06 13:28:45','2021-12-12 06:03:37',NULL),(686,686,0,'2021-09-06 13:28:45','2021-12-12 06:03:37',NULL),(687,687,0,'2021-09-06 13:28:45','2021-12-12 06:03:37',NULL),(688,688,0,'2021-09-06 13:28:45','2021-12-12 06:03:37',NULL),(689,689,0,'2021-09-06 13:28:45','2021-12-12 06:03:37',NULL),(690,690,0,'2021-09-06 13:28:45','2021-12-12 06:03:37',NULL),(691,691,0,'2021-09-06 13:28:45','2021-12-12 06:03:37',NULL),(692,692,0,'2021-09-06 13:28:45','2021-12-12 06:03:37',NULL),(693,693,0,'2021-09-06 13:28:45','2022-06-13 16:32:37',NULL),(694,694,0,'2021-09-06 13:28:45','2021-12-12 06:03:37',NULL),(695,695,0,'2021-09-06 13:28:45','2021-12-12 06:03:37',NULL),(696,696,0,'2021-09-06 13:28:45','2021-12-12 06:03:37',NULL),(697,697,0,'2021-09-06 13:28:45','2021-12-12 06:03:37',NULL),(698,698,0,'2021-09-06 13:28:45','2021-12-12 06:03:37',NULL),(699,699,0,'2021-09-06 13:28:45','2021-12-12 06:03:37',NULL),(700,700,0,'2021-09-06 13:28:45','2021-12-12 06:03:37',NULL),(701,701,0,'2021-09-06 13:28:45','2021-12-12 06:03:37',NULL),(702,702,0,'2021-09-06 13:28:45','2021-12-12 06:03:37',NULL),(703,703,0,'2021-09-06 13:28:45','2021-12-12 06:03:37',NULL),(704,704,0,'2021-09-06 13:28:45','2021-12-12 06:03:37',NULL),(705,705,0,'2021-09-06 13:28:45','2021-12-12 06:03:37',NULL),(706,706,0,'2021-09-06 13:28:45','2021-12-12 06:03:37',NULL),(707,784,0,'2021-09-06 13:29:03','2021-12-12 06:03:58',NULL),(708,785,0,'2021-09-06 13:29:03','2021-12-12 06:03:58',NULL),(709,786,0,'2021-09-06 13:29:03','2021-12-12 06:03:58',NULL),(710,787,0,'2021-09-06 13:29:03','2021-12-12 06:03:58',NULL),(711,788,0,'2021-09-06 13:29:03','2021-12-12 06:03:58',NULL),(712,789,0,'2021-09-06 13:29:03','2021-12-12 06:03:58',NULL),(713,790,0,'2021-09-06 13:29:03','2022-07-08 09:16:25',NULL),(714,791,0,'2021-09-06 13:29:03','2021-12-12 06:03:58',NULL),(715,792,0,'2021-09-06 13:29:03','2022-07-20 04:37:21',NULL),(716,793,0,'2021-09-06 13:29:03','2021-12-12 06:03:58',NULL),(717,794,0,'2021-09-06 13:29:03','2021-12-12 06:03:58',NULL),(718,707,0,'2021-09-06 13:29:03','2021-12-12 06:03:58',NULL),(719,708,0,'2021-09-06 13:29:03','2021-12-12 06:03:58',NULL),(720,709,0,'2021-09-06 13:29:03','2021-12-12 06:03:58',NULL),(721,710,0,'2021-09-06 13:29:03','2021-12-12 06:03:58',NULL),(722,711,0,'2021-09-06 13:29:03','2021-12-12 06:03:58',NULL),(723,712,0,'2021-09-06 13:29:03','2021-12-12 06:03:58',NULL),(724,713,0,'2021-09-06 13:29:03','2021-12-12 06:03:58',NULL),(725,714,0,'2021-09-06 13:29:03','2021-12-12 06:03:58',NULL),(726,715,0,'2021-09-06 13:29:03','2021-12-12 06:03:58',NULL),(727,716,0,'2021-09-06 13:29:03','2021-12-12 06:03:58',NULL),(728,717,0,'2021-09-06 13:29:03','2021-12-12 06:03:58',NULL),(729,718,0,'2021-09-06 13:29:03','2021-12-12 06:03:58',NULL),(730,719,0,'2021-09-06 13:29:03','2021-12-12 06:03:58',NULL),(731,720,0,'2021-09-06 13:29:03','2021-12-12 06:03:58',NULL),(732,721,0,'2021-09-06 13:29:03','2021-12-12 06:03:58',NULL),(733,722,0,'2021-09-06 13:29:03','2021-12-12 06:03:58',NULL),(734,723,0,'2021-09-06 13:29:03','2021-12-12 06:03:58',NULL),(735,724,0,'2021-09-06 13:29:03','2021-12-12 06:03:58',NULL),(736,725,0,'2021-09-06 13:29:03','2021-12-12 06:03:58',NULL),(737,726,0,'2021-09-06 13:29:03','2021-12-12 06:03:58',NULL),(738,727,0,'2021-09-06 13:29:03','2021-12-12 06:03:58',NULL),(739,728,0,'2021-09-06 13:29:03','2021-12-12 06:03:58',NULL),(740,729,0,'2021-09-06 13:29:03','2021-12-12 06:03:58',NULL),(741,730,0,'2021-09-06 13:29:03','2021-12-12 06:03:58',NULL),(742,731,0,'2021-09-06 13:29:03','2021-12-12 06:03:58',NULL),(743,732,0,'2021-09-06 13:29:03','2021-12-12 06:03:58',NULL),(744,733,0,'2021-09-06 13:29:03','2021-12-12 06:03:58',NULL),(745,734,0,'2021-09-06 13:29:03','2021-12-12 06:03:58',NULL),(746,735,0,'2021-09-06 13:29:03','2021-12-12 06:03:58',NULL),(747,736,0,'2021-09-06 13:29:03','2021-12-12 06:03:58',NULL),(748,737,0,'2021-09-06 13:29:03','2021-12-12 06:03:58',NULL),(749,738,0,'2021-09-06 13:29:03','2021-12-12 06:03:58',NULL),(750,739,0,'2021-09-06 13:29:03','2021-12-12 06:03:58',NULL),(751,740,0,'2021-09-06 13:29:03','2021-12-12 06:03:58',NULL),(752,741,0,'2021-09-06 13:29:03','2021-12-12 06:03:58',NULL),(753,742,0,'2021-09-06 13:29:03','2021-12-12 06:03:58',NULL),(754,743,0,'2021-09-06 13:29:03','2021-12-12 06:03:58',NULL),(755,744,0,'2021-09-06 13:29:03','2021-12-12 06:03:58',NULL),(756,745,0,'2021-09-06 13:29:03','2021-12-12 06:03:58',NULL),(757,746,0,'2021-09-06 13:29:03','2021-12-12 06:03:58',NULL),(758,747,0,'2021-09-06 13:29:03','2021-12-12 06:03:58',NULL),(759,748,0,'2021-09-06 13:29:03','2021-12-12 06:03:58',NULL),(760,749,0,'2021-09-06 13:29:03','2021-12-12 06:03:58',NULL),(761,750,0,'2021-09-06 13:29:03','2021-12-12 06:03:58',NULL),(762,751,0,'2021-09-06 13:29:03','2021-12-12 06:03:58',NULL),(763,752,0,'2021-09-06 13:29:03','2021-12-12 06:03:58',NULL),(764,753,0,'2021-09-06 13:29:03','2021-12-12 06:03:58',NULL),(765,754,0,'2021-09-06 13:29:03','2021-12-12 06:03:58',NULL),(766,755,0,'2021-09-06 13:29:03','2021-12-12 06:03:58',NULL),(767,756,0,'2021-09-06 13:29:03','2021-12-12 06:03:58',NULL),(768,757,0,'2021-09-06 13:29:03','2021-12-12 06:03:58',NULL),(769,758,0,'2021-09-06 13:29:03','2021-12-12 06:03:58',NULL),(770,759,0,'2021-09-06 13:29:03','2021-12-12 06:03:58',NULL),(771,760,0,'2021-09-06 13:29:03','2021-12-12 06:03:58',NULL),(772,761,0,'2021-09-06 13:29:03','2021-12-12 06:03:58',NULL),(773,782,0,'2021-09-06 13:29:03','2021-12-12 06:03:58',NULL),(774,783,0,'2021-09-06 13:29:03','2021-12-12 06:03:58',NULL),(775,762,0,'2021-09-06 13:29:03','2021-12-12 06:03:58',NULL),(776,763,0,'2021-09-06 13:29:03','2021-12-12 06:03:58',NULL),(777,764,0,'2021-09-06 13:29:03','2021-12-12 06:03:58',NULL),(778,765,0,'2021-09-06 13:29:03','2021-12-12 06:03:58',NULL),(779,766,0,'2021-09-06 13:29:03','2021-12-12 06:03:58',NULL),(780,767,0,'2021-09-06 13:29:03','2021-12-12 06:03:58',NULL),(781,768,0,'2021-09-06 13:29:03','2021-12-12 06:03:58',NULL),(782,769,0,'2021-09-06 13:29:03','2021-12-12 06:03:58',NULL),(783,770,0,'2021-09-06 13:29:03','2021-12-12 06:03:58',NULL),(784,771,0,'2021-09-06 13:29:03','2021-12-12 06:03:58',NULL),(785,772,0,'2021-09-06 13:29:03','2021-12-12 06:03:58',NULL),(786,773,0,'2021-09-06 13:29:03','2021-12-12 06:03:58',NULL),(787,774,0,'2021-09-06 13:29:03','2021-12-12 06:03:58',NULL),(788,775,0,'2021-09-06 13:29:03','2021-12-12 06:03:58',NULL),(789,776,0,'2021-09-06 13:29:03','2021-12-12 06:03:58',NULL),(790,777,0,'2021-09-06 13:29:03','2021-12-12 06:03:58',NULL),(791,778,0,'2021-09-06 13:29:03','2021-12-12 06:03:58',NULL),(792,779,0,'2021-09-06 13:29:03','2021-12-12 06:03:58',NULL),(793,780,0,'2021-09-06 13:29:03','2021-12-12 06:03:58',NULL),(794,781,0,'2021-09-06 13:29:03','2021-12-12 06:03:58',NULL),(795,795,0,'2021-09-06 13:29:03','2021-12-12 06:03:58',NULL),(796,796,0,'2021-09-06 13:29:03','2022-06-26 10:47:42',NULL),(797,797,0,'2021-09-06 13:29:03','2022-06-26 10:21:57',NULL),(798,798,0,'2021-09-06 13:29:03','2022-06-26 10:14:12',NULL),(799,799,0,'2021-09-06 13:29:03','2022-06-26 10:07:11',NULL),(821,821,0,'2021-09-11 06:29:46','2021-10-08 09:37:20',NULL),(822,822,0,'2021-09-11 06:29:46','2021-10-08 09:37:20',NULL),(823,823,0,'2021-09-11 06:29:46','2021-10-08 09:37:20',NULL),(824,824,0,'2021-09-11 06:29:46','2021-10-08 09:37:20',NULL),(825,825,0,'2021-09-11 06:29:46','2021-10-08 09:37:20',NULL),(826,826,0,'2021-09-11 06:29:46','2021-10-08 09:37:20',NULL),(827,827,0,'2021-09-11 06:29:46','2021-10-08 09:37:20',NULL),(828,828,0,'2021-09-11 06:29:46','2021-10-08 09:37:20',NULL),(829,829,0,'2021-09-11 06:29:46','2021-10-31 04:17:55',NULL),(830,830,0,'2021-09-11 06:29:46','2021-10-08 09:37:20',NULL),(831,831,0,'2021-09-11 06:29:46','2021-10-08 09:37:20',NULL),(832,832,0,'2021-09-11 06:29:46','2021-10-08 09:37:20',NULL),(833,833,0,'2021-09-11 06:29:46','2021-10-08 09:37:20',NULL),(834,834,0,'2021-09-11 06:29:46','2021-10-08 09:37:20',NULL),(835,835,0,'2021-09-11 06:29:46','2021-10-08 09:37:20',NULL),(836,836,0,'2021-09-11 06:29:46','2021-10-08 09:37:20',NULL),(837,837,0,'2021-09-11 06:29:46','2021-10-08 09:37:20',NULL),(838,838,0,'2021-09-11 06:29:46','2021-10-08 09:37:20',NULL),(839,839,0,'2021-09-11 06:29:46','2021-10-08 09:37:20',NULL),(840,840,0,'2021-09-11 06:29:46','2021-10-08 09:37:20',NULL),(841,841,0,'2021-09-11 06:29:46','2021-10-08 09:37:20',NULL),(842,842,0,'2021-09-11 06:29:46','2021-10-08 09:37:20',NULL),(843,843,0,'2021-09-11 06:29:46','2021-10-08 09:37:20',NULL),(844,844,0,'2021-09-11 06:29:46','2021-10-08 09:37:20',NULL),(845,845,0,'2021-09-11 06:29:46','2021-10-08 09:37:20',NULL),(846,846,0,'2021-09-11 06:29:46','2021-10-08 09:37:20',NULL),(847,847,0,'2021-09-11 06:29:46','2021-10-08 09:37:20',NULL),(848,848,0,'2021-09-11 06:29:46','2021-10-08 09:37:20',NULL),(849,849,0,'2021-09-11 06:29:46','2021-10-08 09:37:20',NULL),(850,850,0,'2021-09-11 06:29:46','2021-10-08 09:37:20',NULL),(851,851,0,'2021-09-11 06:29:46','2021-10-08 09:37:20',NULL),(852,852,0,'2021-09-11 06:29:46','2021-10-08 09:37:20',NULL),(853,853,0,'2021-09-11 06:29:46','2021-10-08 09:37:20',NULL),(854,854,0,'2021-09-11 06:29:46','2021-10-08 09:37:20',NULL),(855,855,0,'2021-09-11 06:29:46','2021-10-08 09:37:20',NULL),(856,856,0,'2021-09-11 06:29:46','2021-10-08 09:37:20',NULL),(857,857,0,'2021-09-11 06:29:46','2021-10-08 09:37:20',NULL),(858,858,0,'2021-09-11 06:29:46','2021-10-08 09:37:20',NULL),(859,859,0,'2021-09-11 06:29:46','2021-10-08 09:37:20',NULL),(860,860,0,'2021-09-11 06:29:46','2021-10-08 09:37:20',NULL),(861,861,0,'2021-09-11 06:30:04','2021-10-08 09:37:37',NULL),(862,862,0,'2021-09-11 06:30:04','2021-10-08 09:37:37',NULL),(863,863,0,'2021-09-11 06:30:04','2021-10-08 09:37:37',NULL),(864,864,0,'2021-09-11 06:30:04','2021-10-08 09:37:37',NULL),(865,865,0,'2021-09-11 06:30:04','2021-10-08 09:37:37',NULL),(866,866,0,'2021-09-11 06:30:04','2021-10-08 09:37:37',NULL),(867,867,0,'2021-09-11 06:30:04','2021-10-08 09:37:37',NULL),(868,868,0,'2021-09-11 06:30:04','2021-10-08 09:37:37',NULL),(869,869,0,'2021-09-11 06:30:04','2021-10-08 09:37:37',NULL),(870,870,0,'2021-09-11 06:30:04','2021-10-08 09:37:37',NULL),(871,871,0,'2021-09-11 06:30:04','2021-10-08 09:37:37',NULL),(872,872,0,'2021-09-11 06:30:04','2021-10-08 09:37:37',NULL),(873,873,0,'2021-09-11 06:30:04','2021-10-08 09:37:37',NULL),(874,874,0,'2021-09-11 06:30:04','2021-10-08 09:37:37',NULL),(875,875,0,'2021-09-11 06:30:04','2021-10-08 09:37:37',NULL),(876,876,0,'2021-09-11 06:30:04','2021-10-08 09:37:37',NULL),(877,877,0,'2021-09-11 06:30:04','2021-10-08 09:37:37',NULL),(878,878,0,'2021-09-11 06:30:04','2021-10-08 09:37:37',NULL),(879,879,0,'2021-09-11 06:30:04','2021-10-08 09:37:37',NULL),(880,880,0,'2021-09-11 06:30:04','2021-10-08 09:37:37',NULL),(881,881,0,'2021-09-11 06:30:04','2021-10-08 09:37:37',NULL),(882,882,0,'2021-09-11 06:30:04','2021-10-08 09:37:37',NULL),(883,883,0,'2021-09-11 06:30:04','2021-10-08 09:37:37',NULL),(884,884,0,'2021-09-11 06:30:04','2021-10-08 09:37:37',NULL),(885,885,0,'2021-09-11 06:30:04','2021-12-08 08:06:37',NULL),(886,886,0,'2021-09-11 06:30:04','2021-10-08 09:37:37',NULL),(887,887,0,'2021-09-11 06:30:04','2021-10-08 09:37:37',NULL),(888,888,0,'2021-09-11 06:30:04','2021-10-08 09:37:37',NULL),(889,889,0,'2021-09-11 06:30:04','2021-10-08 09:37:37',NULL),(890,890,0,'2021-09-11 06:30:04','2021-10-08 09:37:37',NULL),(891,929,0,'2021-09-11 06:30:11','2021-10-31 04:20:10',NULL),(892,891,0,'2021-09-11 06:30:11','2021-10-08 09:37:44',NULL),(893,892,0,'2021-09-11 06:30:11','2021-10-08 09:37:44',NULL),(894,893,0,'2021-09-11 06:30:11','2021-10-08 09:37:44',NULL),(895,900,0,'2021-09-11 06:30:11','2021-10-08 09:37:44',NULL),(896,901,0,'2021-09-11 06:30:11','2021-10-08 09:37:44',NULL),(897,902,0,'2021-09-11 06:30:11','2021-10-08 09:37:44',NULL),(898,903,0,'2021-09-11 06:30:11','2021-10-08 09:37:44',NULL),(899,904,0,'2021-09-11 06:30:11','2021-10-08 09:37:44',NULL),(900,905,0,'2021-09-11 06:30:11','2021-10-08 09:37:44',NULL),(901,906,0,'2021-09-11 06:30:11','2021-10-08 09:37:44',NULL),(902,907,0,'2021-09-11 06:30:11','2021-10-25 13:09:20',NULL),(903,908,0,'2021-09-11 06:30:11','2021-10-25 13:09:57',NULL),(904,910,0,'2021-09-11 06:30:11','2021-10-25 13:06:19',NULL),(905,911,0,'2021-09-11 06:30:11','2021-10-08 09:37:44',NULL),(906,925,0,'2021-09-11 06:30:11','2021-10-31 04:19:16',NULL),(910,930,0,'2021-09-11 06:30:11','2021-10-31 04:20:23',NULL),(911,909,0,'2021-09-11 06:30:11','2021-10-25 13:11:12',NULL),(912,894,0,'2021-09-11 06:30:11','2021-10-08 09:37:44',NULL),(913,895,0,'2021-09-11 06:30:11','2021-10-08 09:37:44',NULL),(914,896,0,'2021-09-11 06:30:11','2021-10-08 09:37:44',NULL),(915,897,0,'2021-09-11 06:30:11','2021-10-08 09:37:44',NULL),(916,898,0,'2021-09-11 06:30:11','2021-10-08 09:37:44',NULL),(917,899,0,'2021-09-11 06:30:11','2021-10-08 09:37:44',NULL),(918,912,0,'2021-09-11 06:30:11','2021-10-08 09:37:44',NULL),(919,913,0,'2021-09-11 06:30:11','2021-10-08 09:37:44',NULL),(920,914,0,'2021-09-11 06:30:11','2021-10-08 09:37:44',NULL),(921,915,0,'2021-09-11 06:30:11','2021-10-08 09:37:44',NULL),(922,916,0,'2021-09-11 06:30:11','2021-10-08 09:37:44',NULL),(923,917,0,'2021-09-11 06:30:11','2021-10-08 09:37:44',NULL),(924,918,0,'2021-09-11 06:30:11','2021-10-08 09:37:44',NULL),(925,919,0,'2021-09-11 06:30:11','2021-10-08 09:37:44',NULL),(926,920,0,'2021-09-11 06:30:11','2021-10-08 09:37:44',NULL),(927,921,0,'2021-09-11 06:30:11','2021-10-08 09:37:44',NULL),(928,922,0,'2021-09-11 06:30:11','2021-10-08 09:37:44',NULL),(929,923,0,'2021-09-11 06:30:11','2021-10-31 04:18:09',NULL),(930,924,0,'2021-09-11 06:30:11','2021-10-31 04:19:04',NULL),(931,931,0,'2021-09-11 06:30:11','2021-12-12 10:58:30',NULL),(932,932,0,'2021-09-11 06:30:11','2021-12-07 13:56:43',NULL),(934,934,0,'2021-09-11 10:39:24','2021-10-31 04:21:20',NULL),(935,935,0,'2021-09-11 10:48:39','2021-10-31 04:21:32',NULL),(936,936,0,'2021-09-11 11:04:18','2022-06-07 22:03:36',NULL),(940,940,0,'2021-11-28 12:21:27','2022-05-18 22:03:04',NULL),(941,941,0,'2021-11-28 12:55:41','2022-05-09 21:14:47',NULL),(942,942,0,'2022-05-11 08:04:51','2022-05-11 08:12:30',NULL),(943,943,0,'2022-05-11 09:23:35','2022-05-11 09:37:57',NULL),(944,944,0,'2022-05-11 11:50:55','2022-05-12 09:10:15',NULL),(945,945,0,'2022-05-11 11:50:57','2022-05-12 09:08:07',NULL),(946,946,0,'2022-05-11 11:50:59','2022-05-12 09:10:28',NULL),(947,947,0,'2022-05-11 11:51:01','2022-05-12 09:10:28',NULL),(948,948,0,'2022-05-12 07:51:22','2022-05-12 07:55:04',NULL),(949,949,0,'2022-05-12 08:00:54','2022-05-12 08:05:38',NULL),(950,950,0,'2022-05-12 08:08:35','2022-05-12 08:10:25',NULL),(951,951,0,'2022-05-12 08:17:31','2022-05-17 09:55:45',NULL),(952,952,0,'2022-05-12 08:23:38','2022-05-12 08:25:48',NULL),(953,953,0,'2022-05-12 08:33:59','2022-05-31 19:56:29',NULL);

--
-- Table structure for table `email_contact`
--

CREATE TABLE `email_contact` (
  `email_contact_id` int(10) unsigned NOT NULL AUTO_INCREMENT COMMENT 'Primary Key',
  `is_guest` smallint(5) unsigned DEFAULT NULL COMMENT 'Is Guest',
  `contact_id` varchar(15) DEFAULT NULL COMMENT 'Connector Contact ID',
  `customer_id` int(10) unsigned NOT NULL COMMENT 'Customer ID',
  `website_id` smallint(5) unsigned NOT NULL DEFAULT '0' COMMENT 'Website ID',
  `store_id` smallint(5) unsigned NOT NULL DEFAULT '0' COMMENT 'Store ID',
  `email` varchar(255) NOT NULL DEFAULT '' COMMENT 'Customer Email',
  `is_subscriber` smallint(5) unsigned DEFAULT NULL COMMENT 'Is Subscriber',
  `subscriber_status` smallint(5) unsigned DEFAULT NULL COMMENT 'Subscriber status',
  `email_imported` smallint(5) unsigned NOT NULL DEFAULT '0' COMMENT 'Is Imported',
  `subscriber_imported` smallint(5) unsigned NOT NULL DEFAULT '0' COMMENT 'Is Subscriber Imported',
  `suppressed` smallint(5) unsigned DEFAULT NULL COMMENT 'Is Suppressed',
  `last_subscribed_at` timestamp NULL DEFAULT NULL COMMENT 'Last time user subscribed',
  PRIMARY KEY (`email_contact_id`),
  KEY `EMAIL_CONTACT_EMAIL_CONTACT_ID` (`email_contact_id`),
  KEY `EMAIL_CONTACT_IS_GUEST` (`is_guest`),
  KEY `EMAIL_CONTACT_CUSTOMER_ID` (`customer_id`),
  KEY `EMAIL_CONTACT_WEBSITE_ID` (`website_id`),
  KEY `EMAIL_CONTACT_IS_SUBSCRIBER` (`is_subscriber`),
  KEY `EMAIL_CONTACT_SUBSCRIBER_STATUS` (`subscriber_status`),
  KEY `EMAIL_CONTACT_EMAIL_IMPORTED` (`email_imported`),
  KEY `EMAIL_CONTACT_SUBSCRIBER_IMPORTED` (`subscriber_imported`),
  KEY `EMAIL_CONTACT_SUPPRESSED` (`suppressed`),
  KEY `EMAIL_CONTACT_EMAIL` (`email`),
  KEY `EMAIL_CONTACT_CONTACT_ID` (`contact_id`),
  CONSTRAINT `EMAIL_CONTACT_WEBSITE_ID_STORE_WEBSITE_WEBSITE_ID` FOREIGN KEY (`website_id`) REFERENCES `store_website` (`website_id`) ON DELETE CASCADE
) ENGINE=InnoDB DEFAULT CHARSET=utf8 COMMENT='Connector Contacts';

--
-- Dumping data for table `email_contact`
--


--
-- Table structure for table `email_contact_consent`
--

CREATE TABLE `email_contact_consent` (
  `id` int(10) unsigned NOT NULL AUTO_INCREMENT COMMENT 'Primary Key',
  `email_contact_id` int(10) unsigned DEFAULT NULL COMMENT 'Email Contact Id',
  `consent_url` varchar(255) DEFAULT NULL COMMENT 'Contact consent url',
  `consent_datetime` datetime DEFAULT NULL COMMENT 'Contact consent datetime',
  `consent_ip` varchar(255) DEFAULT NULL COMMENT 'Contact consent ip',
  `consent_user_agent` varchar(255) DEFAULT NULL COMMENT 'Contact consent user agent',
  PRIMARY KEY (`id`),
  KEY `EMAIL_CONTACT_CONSENT_EMAIL_CONTACT_ID` (`email_contact_id`),
  CONSTRAINT `FK_17E9EA0C469163E550BC6B732AC49FDB` FOREIGN KEY (`email_contact_id`) REFERENCES `email_contact` (`email_contact_id`) ON DELETE CASCADE
) ENGINE=InnoDB DEFAULT CHARSET=utf8 COMMENT='Email contact consent table.';

--
-- Dumping data for table `email_contact_consent`
--


--
-- Table structure for table `email_coupon_attribute`
--

CREATE TABLE `email_coupon_attribute` (
  `id` int(10) unsigned NOT NULL AUTO_INCREMENT COMMENT 'Primary Key',
  `salesrule_coupon_id` int(10) unsigned NOT NULL COMMENT 'Coupon ID',
  `email` varchar(255) DEFAULT NULL COMMENT 'Email',
  `expires_at` timestamp NULL DEFAULT NULL COMMENT 'Coupon expiration date',
  PRIMARY KEY (`id`),
  KEY `EMAIL_COUPON_ATTRIBUTE_COUPON_ID` (`salesrule_coupon_id`),
  KEY `EMAIL_COUPON_ATTRIBUTE_EMAIL` (`email`),
  CONSTRAINT `EMAIL_COUPON_ATTRIBUTE_COUPON_ID_SALESRULE_COUPON_COUPON_ID` FOREIGN KEY (`salesrule_coupon_id`) REFERENCES `salesrule_coupon` (`coupon_id`) ON DELETE CASCADE
) ENGINE=InnoDB DEFAULT CHARSET=utf8 COMMENT='Dotdigital coupon attributes table';

--
-- Dumping data for table `email_coupon_attribute`
--


--
-- Table structure for table `email_failed_auth`
--

CREATE TABLE `email_failed_auth` (
  `id` int(10) unsigned NOT NULL AUTO_INCREMENT COMMENT 'Primary Key',
  `failures_num` int(10) unsigned DEFAULT NULL COMMENT 'Number of fails',
  `first_attempt_date` datetime DEFAULT NULL COMMENT 'First attempt date',
  `last_attempt_date` datetime DEFAULT NULL COMMENT 'Last attempt date',
  `url` varchar(255) DEFAULT NULL COMMENT 'URL',
  `store_id` int(10) unsigned DEFAULT NULL COMMENT 'Store Id',
  PRIMARY KEY (`id`),
  KEY `EMAIL_AUTH_EDC_STORE_ID` (`store_id`)
) ENGINE=InnoDB DEFAULT CHARSET=utf8 COMMENT='Email Failed Auth Table.';

--
-- Dumping data for table `email_failed_auth`
--


--
-- Table structure for table `email_importer`
--

CREATE TABLE `email_importer` (
  `id` int(10) unsigned NOT NULL AUTO_INCREMENT COMMENT 'Primary Key',
  `import_type` varchar(255) NOT NULL DEFAULT '' COMMENT 'Import Type',
  `website_id` smallint(6) NOT NULL DEFAULT '0' COMMENT 'Website Id',
  `import_status` smallint(6) NOT NULL DEFAULT '0' COMMENT 'Import Status',
  `import_id` varchar(255) NOT NULL DEFAULT '' COMMENT 'Import Id',
  `import_data` mediumblob NOT NULL COMMENT 'Import Data',
  `import_mode` varchar(255) NOT NULL DEFAULT '' COMMENT 'Import Mode',
  `import_file` text NOT NULL COMMENT 'Import File',
  `message` varchar(255) NOT NULL DEFAULT '' COMMENT 'Error Message',
  `created_at` timestamp NULL DEFAULT NULL COMMENT 'Creation Time',
  `updated_at` timestamp NULL DEFAULT NULL COMMENT 'Update Time',
  `import_started` timestamp NULL DEFAULT NULL COMMENT 'Import Started',
  `import_finished` timestamp NULL DEFAULT NULL COMMENT 'Import Finished',
  PRIMARY KEY (`id`),
  KEY `EMAIL_IMPORTER_IMPORT_TYPE` (`import_type`),
  KEY `EMAIL_IMPORTER_WEBSITE_ID` (`website_id`),
  KEY `EMAIL_IMPORTER_IMPORT_STATUS` (`import_status`),
  KEY `EMAIL_IMPORTER_IMPORT_MODE` (`import_mode`),
  KEY `EMAIL_IMPORTER_CREATED_AT` (`created_at`),
  KEY `EMAIL_IMPORTER_UPDATED_AT` (`updated_at`),
  KEY `EMAIL_IMPORTER_IMPORT_ID` (`import_id`),
  KEY `EMAIL_IMPORTER_IMPORT_STARTED` (`import_started`),
  KEY `EMAIL_IMPORTER_IMPORT_FINISHED` (`import_finished`)
) ENGINE=InnoDB DEFAULT CHARSET=utf8 COMMENT='Email Importer';

--
-- Dumping data for table `email_importer`
--


--
-- Table structure for table `email_order`
--

CREATE TABLE `email_order` (
  `email_order_id` int(10) unsigned NOT NULL AUTO_INCREMENT COMMENT 'Primary Key',
  `order_id` int(10) unsigned NOT NULL COMMENT 'Order ID',
  `order_status` varchar(255) NOT NULL COMMENT 'Order Status',
  `quote_id` int(10) unsigned NOT NULL COMMENT 'Sales Quote ID',
  `store_id` smallint(5) unsigned NOT NULL DEFAULT '0' COMMENT 'Store ID',
  `email_imported` smallint(5) unsigned NOT NULL DEFAULT '0' COMMENT 'Is Order Imported',
  `modified` smallint(5) unsigned DEFAULT NULL COMMENT 'Is Order Modified',
  `created_at` timestamp NULL DEFAULT NULL COMMENT 'Creation Time',
  `updated_at` timestamp NULL DEFAULT NULL COMMENT 'Update Time',
  PRIMARY KEY (`email_order_id`),
  KEY `EMAIL_ORDER_STORE_ID` (`store_id`),
  KEY `EMAIL_ORDER_QUOTE_ID` (`quote_id`),
  KEY `EMAIL_ORDER_EMAIL_IMPORTED` (`email_imported`),
  KEY `EMAIL_ORDER_ORDER_STATUS` (`order_status`),
  KEY `EMAIL_ORDER_MODIFIED` (`modified`),
  KEY `EMAIL_ORDER_UPDATED_AT` (`updated_at`),
  KEY `EMAIL_ORDER_CREATED_AT` (`created_at`),
  KEY `EMAIL_ORDER_ORDER_ID_SALES_ORDER_ENTITY_ID` (`order_id`),
  CONSTRAINT `EMAIL_ORDER_ORDER_ID_SALES_ORDER_ENTITY_ID` FOREIGN KEY (`order_id`) REFERENCES `sales_order` (`entity_id`) ON DELETE CASCADE,
  CONSTRAINT `EMAIL_ORDER_STORE_ID_STORE_STORE_ID` FOREIGN KEY (`store_id`) REFERENCES `store` (`store_id`) ON DELETE CASCADE
) ENGINE=InnoDB DEFAULT CHARSET=utf8 COMMENT='Transactional Order Data';

--
-- Dumping data for table `email_order`
--


--
-- Table structure for table `email_review`
--

CREATE TABLE `email_review` (
  `id` int(10) unsigned NOT NULL AUTO_INCREMENT COMMENT 'Primary Key',
  `review_id` int(10) unsigned NOT NULL COMMENT 'Review Id',
  `customer_id` int(10) unsigned NOT NULL COMMENT 'Customer ID',
  `store_id` smallint(5) unsigned NOT NULL COMMENT 'Store Id',
  `review_imported` smallint(5) unsigned NOT NULL DEFAULT '0' COMMENT 'Review Imported',
  `created_at` timestamp NULL DEFAULT NULL COMMENT 'Creation Time',
  `updated_at` timestamp NULL DEFAULT NULL COMMENT 'Update Time',
  PRIMARY KEY (`id`),
  KEY `EMAIL_REVIEW_REVIEW_ID` (`review_id`),
  KEY `EMAIL_REVIEW_CUSTOMER_ID` (`customer_id`),
  KEY `EMAIL_REVIEW_STORE_ID` (`store_id`),
  KEY `EMAIL_REVIEW_REVIEW_IMPORTED` (`review_imported`),
  KEY `EMAIL_REVIEW_CREATED_AT` (`created_at`),
  KEY `EMAIL_REVIEW_UPDATED_AT` (`updated_at`)
) ENGINE=InnoDB DEFAULT CHARSET=utf8 COMMENT='Connector Reviews';

--
-- Dumping data for table `email_review`
--


--
-- Table structure for table `email_rules`
--

CREATE TABLE `email_rules` (
  `id` int(10) unsigned NOT NULL AUTO_INCREMENT COMMENT 'Primary Key',
  `name` varchar(255) NOT NULL DEFAULT '' COMMENT 'Rule Name',
  `website_ids` varchar(255) NOT NULL DEFAULT '0' COMMENT 'Website Id',
  `type` smallint(6) NOT NULL DEFAULT '0' COMMENT 'Rule Type',
  `status` smallint(6) NOT NULL DEFAULT '0' COMMENT 'Status',
  `combination` smallint(6) NOT NULL DEFAULT '1' COMMENT 'Rule Condition',
  `conditions` blob NOT NULL COMMENT 'Rule Conditions',
  `created_at` timestamp NULL DEFAULT NULL COMMENT 'Creation Time',
  `updated_at` timestamp NULL DEFAULT NULL COMMENT 'Update Time',
  PRIMARY KEY (`id`)
) ENGINE=InnoDB DEFAULT CHARSET=utf8 COMMENT='Connector Rules';

--
-- Dumping data for table `email_rules`
--


--
-- Table structure for table `email_template`
--

CREATE TABLE `email_template` (
  `template_id` int(10) unsigned NOT NULL AUTO_INCREMENT COMMENT 'Template ID',
  `template_code` varchar(150) NOT NULL COMMENT 'Template Name',
  `template_text` text NOT NULL COMMENT 'Template Content',
  `template_styles` text COMMENT 'Templste Styles',
  `template_type` int(10) unsigned DEFAULT NULL COMMENT 'Template Type',
  `template_subject` varchar(200) NOT NULL COMMENT 'Template Subject',
  `template_sender_name` varchar(200) DEFAULT NULL COMMENT 'Template Sender Name',
  `template_sender_email` varchar(200) DEFAULT NULL COMMENT 'Template Sender Email',
  `added_at` timestamp NOT NULL DEFAULT CURRENT_TIMESTAMP COMMENT 'Date of Template Creation',
  `modified_at` timestamp NOT NULL DEFAULT CURRENT_TIMESTAMP ON UPDATE CURRENT_TIMESTAMP COMMENT 'Date of Template Modification',
  `orig_template_code` varchar(200) DEFAULT NULL COMMENT 'Original Template Code',
  `orig_template_variables` text COMMENT 'Original Template Variables',
  `is_legacy` tinyint(1) NOT NULL DEFAULT '0' COMMENT 'Should the template render in legacy mode',
  PRIMARY KEY (`template_id`),
  UNIQUE KEY `EMAIL_TEMPLATE_TEMPLATE_CODE` (`template_code`),
  KEY `EMAIL_TEMPLATE_ADDED_AT` (`added_at`),
  KEY `EMAIL_TEMPLATE_MODIFIED_AT` (`modified_at`)
) ENGINE=InnoDB AUTO_INCREMENT=20 DEFAULT CHARSET=utf8 COMMENT='Email Templates';

--
-- Dumping data for table `email_template`
--



--
-- Table structure for table `email_wishlist`
--

CREATE TABLE `email_wishlist` (
  `id` int(10) unsigned NOT NULL AUTO_INCREMENT COMMENT 'Primary Key',
  `wishlist_id` int(10) unsigned NOT NULL COMMENT 'Wishlist Id',
  `item_count` int(10) unsigned NOT NULL COMMENT 'Item Count',
  `customer_id` int(10) unsigned DEFAULT NULL COMMENT 'Customer ID',
  `store_id` smallint(5) unsigned NOT NULL COMMENT 'Store Id',
  `wishlist_imported` smallint(5) unsigned NOT NULL DEFAULT '0' COMMENT 'Wishlist Imported',
  `wishlist_modified` smallint(5) unsigned DEFAULT NULL COMMENT 'Wishlist Modified',
  `created_at` timestamp NULL DEFAULT NULL COMMENT 'Creation Time',
  `updated_at` timestamp NULL DEFAULT NULL COMMENT 'Update Time',
  PRIMARY KEY (`id`),
  KEY `EMAIL_WISHLIST_WISHLIST_ID` (`wishlist_id`),
  KEY `EMAIL_WISHLIST_ITEM_COUNT` (`item_count`),
  KEY `EMAIL_WISHLIST_CUSTOMER_ID` (`customer_id`),
  KEY `EMAIL_WISHLIST_WISHLIST_MODIFIED` (`wishlist_modified`),
  KEY `EMAIL_WISHLIST_WISHLIST_IMPORTED` (`wishlist_imported`),
  KEY `EMAIL_WISHLIST_CREATED_AT` (`created_at`),
  KEY `EMAIL_WISHLIST_UPDATED_AT` (`updated_at`),
  KEY `EMAIL_WISHLIST_STORE_ID` (`store_id`),
  CONSTRAINT `EMAIL_WISHLIST_CUSTOMER_ID_CUSTOMER_ENTITY_ENTITY_ID` FOREIGN KEY (`customer_id`) REFERENCES `customer_entity` (`entity_id`) ON DELETE CASCADE,
  CONSTRAINT `EMAIL_WISHLIST_WISHLIST_ID_WISHLIST_WISHLIST_ID` FOREIGN KEY (`wishlist_id`) REFERENCES `wishlist` (`wishlist_id`) ON DELETE CASCADE
) ENGINE=InnoDB DEFAULT CHARSET=utf8 COMMENT='Connector Wishlist';

--
-- Dumping data for table `email_wishlist`
--


--
-- Table structure for table `flag`
--

CREATE TABLE `flag` (
  `flag_id` int(10) unsigned NOT NULL AUTO_INCREMENT COMMENT 'Flag Id',
  `flag_code` varchar(255) NOT NULL COMMENT 'Flag Code',
  `state` smallint(5) unsigned NOT NULL DEFAULT '0' COMMENT 'Flag State',
  `flag_data` mediumtext COMMENT 'Flag Data',
  `last_update` timestamp NOT NULL DEFAULT CURRENT_TIMESTAMP ON UPDATE CURRENT_TIMESTAMP COMMENT 'Date of Last Flag Update',
  PRIMARY KEY (`flag_id`),
  KEY `FLAG_LAST_UPDATE` (`last_update`)
) ENGINE=InnoDB AUTO_INCREMENT=14 DEFAULT CHARSET=utf8 COMMENT='Flag';

--
-- Dumping data for table `flag`
--

INSERT INTO `flag` VALUES (2,'catalog_website_attribute_is_sync_required',0,'0','2021-04-08 05:25:55'),(3,'report_order_aggregated',0,NULL,'2022-06-29 21:00:32'),(4,'report_tax_aggregated',0,NULL,'2022-06-29 21:00:42'),(5,'report_shipping_aggregated',0,NULL,'2022-06-29 21:00:33'),(6,'report_invoiced_aggregated',0,NULL,'2022-06-29 21:00:32'),(7,'report_refunded_aggregated',0,NULL,'2022-06-29 21:00:33'),(8,'report_coupons_aggregated',0,NULL,'2022-06-29 21:00:34'),(9,'report_bestsellers_aggregated',0,NULL,'2022-06-29 21:00:33'),(10,'report_product_viewed_aggregated',0,NULL,'2021-03-04 04:52:47'),(11,'config_hash',0,'{\"system\":\"2be88ca4242c76e8253ac62474851065032d6833\"}','2021-05-07 14:25:28'),(12,'analytics_file_info',0,'{\"initializationVector\":\"VeavJ6XT5TjnhXSCuTQQWw==\",\"path\":\"analytics\\/da945cbe562718d684b0e86e266ebc03d2d1eae91e4b89abf5af5e88ba5d27b3\\/data.tgz\"}','2021-07-01 07:00:07'),(13,'catalog_rules_dirty',1,NULL,'2021-10-07 12:10:58');

--
-- Table structure for table `gift_message`
--

CREATE TABLE `gift_message` (
  `gift_message_id` int(10) unsigned NOT NULL AUTO_INCREMENT COMMENT 'GiftMessage ID',
  `customer_id` int(10) unsigned NOT NULL DEFAULT '0' COMMENT 'Customer ID',
  `sender` varchar(255) DEFAULT NULL COMMENT 'Sender',
  `recipient` varchar(255) DEFAULT NULL COMMENT 'Registrant',
  `message` text COMMENT 'Message',
  PRIMARY KEY (`gift_message_id`)
) ENGINE=InnoDB DEFAULT CHARSET=utf8 COMMENT='Gift Message';

--
-- Dumping data for table `gift_message`
--


--
-- Table structure for table `googleoptimizer_code`
--

CREATE TABLE `googleoptimizer_code` (
  `code_id` int(10) unsigned NOT NULL AUTO_INCREMENT COMMENT 'Google experiment code ID',
  `entity_id` int(10) unsigned NOT NULL COMMENT 'Optimized entity ID product ID or catalog ID',
  `entity_type` varchar(50) DEFAULT NULL COMMENT 'Optimized entity type',
  `store_id` smallint(5) unsigned NOT NULL COMMENT 'Store ID',
  `experiment_script` text COMMENT 'Google experiment script',
  PRIMARY KEY (`code_id`),
  UNIQUE KEY `GOOGLEOPTIMIZER_CODE_STORE_ID_ENTITY_ID_ENTITY_TYPE` (`store_id`,`entity_id`,`entity_type`),
  CONSTRAINT `GOOGLEOPTIMIZER_CODE_STORE_ID_STORE_STORE_ID` FOREIGN KEY (`store_id`) REFERENCES `store` (`store_id`) ON DELETE CASCADE
) ENGINE=InnoDB DEFAULT CHARSET=utf8 COMMENT='Google Experiment code';

--
-- Dumping data for table `googleoptimizer_code`
--


--
-- Table structure for table `ideo_storelocator_category`
--

CREATE TABLE `ideo_storelocator_category` (
  `category_id` int(11) NOT NULL AUTO_INCREMENT COMMENT 'Category ID',
  `name` varchar(100) NOT NULL COMMENT 'Name',
  `icon` text COMMENT 'Icon',
  `is_active` smallint(6) NOT NULL DEFAULT '1' COMMENT 'Is_active',
  `created_at` timestamp NOT NULL DEFAULT CURRENT_TIMESTAMP COMMENT 'Created At',
  `updated_at` timestamp NOT NULL DEFAULT CURRENT_TIMESTAMP COMMENT 'Updated At',
  PRIMARY KEY (`category_id`),
  KEY `IDEO_STORELOCATOR_CATEGORY_CATEGORY_ID` (`category_id`)
) ENGINE=InnoDB AUTO_INCREMENT=3 DEFAULT CHARSET=utf8 COMMENT='ideo_storelocator_category';

--
-- Dumping data for table `ideo_storelocator_category`
--

INSERT INTO `ideo_storelocator_category` VALUES (1,'Service Center',NULL,1,'2021-04-05 09:26:16','2021-04-05 09:26:16'),(2,'Showroom',NULL,1,'2021-04-05 09:31:07','2021-04-05 09:31:07');

--
-- Table structure for table `ideo_storelocator_store`
--

CREATE TABLE `ideo_storelocator_store` (
  `store_id` int(11) NOT NULL AUTO_INCREMENT COMMENT 'Store ID',
  `category_id` int(11) DEFAULT NULL COMMENT 'Category ID',
  `name` varchar(100) NOT NULL DEFAULT '' COMMENT 'Name',
  `address` text COMMENT 'Address',
  `postcode` varchar(100) DEFAULT NULL COMMENT 'Postcode',
  `city` varchar(100) DEFAULT NULL COMMENT 'City',
  `country` varchar(2) DEFAULT NULL COMMENT 'Country',
  `phone` varchar(100) NOT NULL DEFAULT '' COMMENT 'Phone',
  `email` varchar(100) NOT NULL DEFAULT '' COMMENT 'Email',
  `fax` varchar(100) NOT NULL DEFAULT '' COMMENT 'Fax',
  `website` varchar(100) NOT NULL DEFAULT '' COMMENT 'Website',
  `lat` text COMMENT 'Lat',
  `lng` text COMMENT 'Lng',
  `zoom` varchar(5) DEFAULT NULL COMMENT 'Zoom',
  `is_active` smallint(6) NOT NULL DEFAULT '1' COMMENT 'Is_active',
  `created_at` timestamp NOT NULL DEFAULT CURRENT_TIMESTAMP COMMENT 'Created At',
  `updated_at` timestamp NOT NULL DEFAULT CURRENT_TIMESTAMP COMMENT 'Updated At',
  PRIMARY KEY (`store_id`),
  KEY `IDEO_STORELOCATOR_STORE_STORE_ID` (`store_id`),
  KEY `IDEO_STORELOCATOR_STORE_CTGR_ID_IDEO_STORELOCATOR_CTGR_CTGR_ID` (`category_id`),
  CONSTRAINT `IDEO_STORELOCATOR_STORE_CTGR_ID_IDEO_STORELOCATOR_CTGR_CTGR_ID` FOREIGN KEY (`category_id`) REFERENCES `ideo_storelocator_category` (`category_id`) ON DELETE CASCADE
) ENGINE=InnoDB AUTO_INCREMENT=17 DEFAULT CHARSET=utf8 COMMENT='ideo_storelocator_store';

--
-- Dumping data for table `ideo_storelocator_store`
--

INSERT INTO `ideo_storelocator_store` VALUES (1,1,'Service Center','8528, Al Sahil, Al Khobar 34611 3041, Saudi Arabia','Eastern','Khobar','SA','','','','','0','0','2',0,'2021-04-05 09:30:44','2021-06-04 06:27:46'),(2,2,'Showrooms','Rouwais Dist., P.O.Box: 16488, Jeddah, Khaybar.Saudi Arabia, SA','391440','Saudi Arabia','SA','987654321','web.dev@showroom.com','','','0','0','2',0,'2021-04-05 09:32:40','2021-06-04 06:27:46'),(3,1,'Hoshan','8528, Al Sahil, Al Khobar 34611 3041, Saudi Arabia','Eastern','Khobar','SA','','','','','26.274083','50.218444','2',1,'2021-06-04 06:01:12','2021-06-04 06:28:36'),(4,1,'Hoshan','King Faisal W, King Fahd Industrial Port, Al Jubayl 35518, Saudi Arabia',NULL,'Jubail','SA','','','','','26.988778','49.645639','2',1,'2021-06-04 06:03:08','2021-06-04 06:28:31'),(5,1,'Hoshan','7407 Old Makkah Jeddah Rd, Al Diyafah, 2878 طريق مكة جدة القديم،، Mecca 24221, Saudi Arabia',NULL,'Makkah','SA','','','','','21.435083','39.797528','2',1,'2021-06-04 06:08:21','2021-06-04 06:28:26'),(6,1,'Hoshan','Al Rayyan, Taif 26523, Saudi Arabia',NULL,'Taif','SA','','','','','21.286306','40.422611','2',1,'2021-06-04 06:10:18','2021-06-04 06:28:22'),(7,1,'Hoshan','8098 خالد بن الوليد، Ash Sharafiyah District Jeddah 23218 2558 خالد بن الوليد، Ash Sharafiyah District, Jeddah 23218 2558',NULL,'Jeddah','SA','','','','','22.2789632','73.20698879999999','2',1,'2021-06-04 06:15:22','2021-06-04 06:28:17'),(8,1,'Hoshan','الأمير مقرن بن عبدالعزيز،، Al Buhayrah, Yanbu 46431, Saudi Arabia',NULL,'Yanbu','SA','','','','','24.069333','38.095083','2',1,'2021-06-04 06:19:30','2021-06-04 06:19:30'),(9,1,'Hoshan','Ar Rawdah, Jazan 82724, Saudi Arabia',NULL,'Jazan','SA','','','','','16.905639','42.557056','2',1,'2021-06-04 06:21:05','2021-06-04 06:21:05'),(10,1,'Hoshan','طريق صلاح الدين، عتود،، Khamis Mushait 62431, Saudi Arabia',NULL,'Khamis Mushait','SA','','','','','18.303333','42.703139','2',1,'2021-06-04 06:22:24','2021-06-04 06:22:24'),(11,1,'Hoshan','Abdullah Ibn Sulaiman Ibn Ubaid, Aslam, Riyadh 14254, Saudi Arabia',NULL,'Riyadh','SA','','','','','24.679861','46.816583','2',1,'2021-06-04 06:25:17','2021-06-04 06:25:17'),(12,1,'Hoshan','Umar Ibn Al Khatab Rd, Al Bishr, Buraydah 52376',NULL,'Qassim','SA','','','','','26.374306','43.930286','2',1,'2021-06-04 06:26:19','2021-06-04 06:26:19'),(13,1,'Hoshan','Abu Dujanah, Al Mahrajan, Tabuk 47912',NULL,'Tabuk','SA','','','','','28.399258','36.574829','2',1,'2021-06-04 06:27:32','2021-06-04 06:27:32'),(14,2,'Hoshan','Hanifa Valley St, Al Olaya, Riyadh 12213, Saudi Arabia',NULL,'Riyadh','SA','','','','','24.697070','46.676060','2',1,'2021-06-04 06:31:06','2021-06-04 06:31:06'),(15,2,'Hoshan','Prince Turkey Street, Aldugheither Village, Al Khobar 34611, Saudi Arabia',NULL,'Khobar','SA','','','','','26.303570','50.224450','2',1,'2021-06-04 06:32:39','2021-06-04 06:32:39'),(16,2,'Hoshan','Falastin, Al Sharafeyah, Jeddah 23218, Saudi Arabia',NULL,'Jeddah','SA','','','','','21.532550','39.196510','2',1,'2021-06-04 06:34:59','2021-06-04 06:34:59');

--
-- Table structure for table `import_history`
--

CREATE TABLE `import_history` (
  `history_id` int(10) unsigned NOT NULL AUTO_INCREMENT COMMENT 'History record ID',
  `started_at` timestamp NOT NULL DEFAULT CURRENT_TIMESTAMP COMMENT 'Started at',
  `user_id` int(10) unsigned NOT NULL DEFAULT '0' COMMENT 'User ID',
  `imported_file` varchar(255) DEFAULT NULL COMMENT 'Imported file',
  `execution_time` varchar(255) DEFAULT NULL COMMENT 'Execution time',
  `summary` varchar(255) DEFAULT NULL COMMENT 'Summary',
  `error_file` varchar(255) NOT NULL COMMENT 'Imported file with errors',
  PRIMARY KEY (`history_id`)
) ENGINE=InnoDB AUTO_INCREMENT=389 DEFAULT CHARSET=utf8 COMMENT='Import history table';

--
-- Dumping data for table `import_history`
--

INSERT INTO `import_history` VALUES (1,'2021-02-22 12:05:53',2,'1613995553_productimport.csv','Validation',NULL,'1613995553_productimport_error_report.csv'),(2,'2021-02-22 12:09:28',2,'1613995768_productimport.csv','Validation',NULL,'1613995768_productimport_error_report.csv'),(3,'2021-02-22 12:10:27',2,'1613995827_Untitled 2.csv','Validation',NULL,'1613995827_Untitled 2_error_report.csv'),(4,'2021-02-22 12:25:19',2,'1613996719_mps.csv','Validation',NULL,'1613996719_mps_error_report.csv'),(5,'2021-02-22 13:11:38',2,'1613999498_export_catalog_product_20210222_131003.csv','00:00:05','Created: 0, Updated: 1, Deleted: 0',''),(6,'2021-03-07 13:30:40',2,'1615123840_export.csv','Validation',NULL,''),(7,'2021-03-09 07:09:40',2,'1615273780_Copier.csv','Validation',NULL,''),(8,'2021-03-09 07:25:15',5,'1615274715_custom.csv','00:00:19','Created: 0, Updated: 1, Deleted: 0','1615274715_custom_error_report.csv'),(9,'2021-03-09 07:28:28',5,'1615274908_custom.csv','00:00:07','Created: 1, Updated: 0, Deleted: 0',''),(10,'2021-03-09 08:18:53',5,'1615277933_Copier-Import.csv','Validation',NULL,''),(11,'2021-03-09 08:21:06',5,'1615278066_Copier-Import.csv','Validation',NULL,''),(12,'2021-03-09 08:21:11',5,'1615278071_Copier-Import.csv','Validation',NULL,''),(13,'2021-03-09 08:22:30',5,'1615278150_Untitle2.csv','00:00:08','Created: 1, Updated: 0, Deleted: 0',''),(14,'2021-03-10 10:39:21',5,'1615372761_up.csv','Validation',NULL,''),(15,'2021-03-10 10:39:35',5,'1615372775_up.csv','Validation',NULL,''),(16,'2021-03-10 10:43:17',5,'1615372997_up.csv','Validation',NULL,'1615372997_up_error_report.csv'),(17,'2021-03-10 10:43:58',5,'1615373038_up.csv','Validation',NULL,'1615373038_up_error_report.csv'),(18,'2021-03-10 10:44:04',5,'1615373044_up.csv','Validation',NULL,'1615373044_up_error_report.csv'),(19,'2021-03-11 06:47:21',5,'1615445241_tonerImg.csv','00:00:44','Created: 21, Updated: 0, Deleted: 0',''),(20,'2021-03-11 08:27:51',5,'1615451271_updt-copier.csv','Validation',NULL,''),(21,'2021-03-24 05:14:10',5,'1616562850_tonersku.csv','Validation',NULL,'1616562850_tonersku_error_report.csv'),(22,'2021-03-24 05:23:54',5,'1616563434_toner.csv','Validation',NULL,'1616563434_toner_error_report.csv'),(23,'2021-03-24 05:27:50',5,'1616563670_sku.csv','00:00:11','Created: 0, Updated: 1, Deleted: 0',''),(24,'2021-03-24 05:29:48',5,'1616563788_sku.csv','Validation',NULL,'1616563788_sku_error_report.csv'),(25,'2021-03-24 06:52:57',5,'1616568777_sku.csv','Validation',NULL,'1616568777_sku_error_report.csv'),(26,'2021-03-24 06:53:20',5,'1616568800_sku.csv','Validation',NULL,'1616568800_sku_error_report.csv'),(27,'2021-03-24 06:53:25',5,'1616568805_sku.csv','Validation',NULL,'1616568805_sku_error_report.csv'),(28,'2021-03-24 06:53:54',5,'1616568834_sku.csv','Validation',NULL,'1616568834_sku_error_report.csv'),(29,'2021-03-24 06:58:42',5,'1616569122_toner.csv','Validation',NULL,''),(30,'2021-03-24 06:58:59',5,'1616569139_toner.csv','00:00:40','Created: 10, Updated: 1, Deleted: 0','1616569139_toner_error_report.csv'),(31,'2021-03-24 09:33:30',5,'1616578410_1616569139_toner_error_report.csv','00:00:13','Created: 0, Updated: 11, Deleted: 0','1616578410_1616569139_toner_error_report_error_report.csv'),(32,'2021-03-24 09:40:34',5,'1616578834_toner.csv','00:01:17','Created: 196, Updated: 11, Deleted: 0','1616578834_toner_error_report.csv'),(33,'2021-03-24 09:59:14',5,'1616579954_toner.csv','Validation',NULL,''),(34,'2021-03-24 09:59:28',5,'1616579968_toner.csv','00:00:59','Created: 0, Updated: 11, Deleted: 0','1616579968_toner_error_report.csv'),(35,'2021-03-24 10:01:08',5,'1616580068_toner.csv','00:00:45','Created: 0, Updated: 207, Deleted: 0','1616580068_toner_error_report.csv'),(36,'2021-03-24 12:15:32',5,'1616588132_copier.csv','Validation',NULL,''),(37,'2021-03-24 12:17:26',5,'1616588246_copier.csv','Validation',NULL,''),(38,'2021-03-24 12:18:36',5,'1616588316_copier.csv','Validation',NULL,'1616588316_copier_error_report.csv'),(39,'2021-03-24 12:30:13',5,'1616589013_copier.csv','Validation',NULL,'1616589013_copier_error_report.csv'),(40,'2021-03-24 12:35:10',5,'1616589310_copier.csv','Validation',NULL,'1616589310_copier_error_report.csv'),(41,'2021-03-24 12:36:15',5,'1616589375_copier.csv','Validation',NULL,'1616589375_copier_error_report.csv'),(42,'2021-03-24 12:38:14',5,'1616589494_copier.csv','Validation',NULL,'1616589494_copier_error_report.csv'),(43,'2021-03-24 12:41:50',5,'1616589710_copier.csv','Validation',NULL,'1616589710_copier_error_report.csv'),(44,'2021-03-24 12:58:00',5,'1616590680_1616589710_copier_error_report.csv','Validation',NULL,'1616590680_1616589710_copier_error_report_error_report.csv'),(45,'2021-03-24 13:15:58',5,'1616591758_1616590680_1616589710_copier_error_report_error_report.csv','Validation',NULL,'1616591758_1616590680_1616589710_copier_error_report_error_report_error_report.csv'),(46,'2021-03-24 13:44:24',5,'1616593464_newcopi.csv','00:00:34','Created: 11, Updated: 0, Deleted: 0','1616593464_newcopi_error_report.csv'),(47,'2021-03-25 03:55:06',5,'1616644506_newcopi.csv','Validation',NULL,'1616644506_newcopi_error_report.csv'),(48,'2021-03-25 03:55:29',5,'1616644529_toner.csv','00:00:11','Created: 0, Updated: 11, Deleted: 0','1616644529_toner_error_report.csv'),(49,'2021-03-25 04:17:07',5,'1616645827_toner.csv','Validation',NULL,''),(50,'2021-03-25 04:17:21',5,'1616645841_toner.csv','00:00:48','Created: 0, Updated: 207, Deleted: 0','1616645841_toner_error_report.csv'),(51,'2021-03-25 08:51:01',5,'1616662261_toner.csv','00:00:09','Created: 0, Updated: 11, Deleted: 0','1616662261_toner_error_report.csv'),(52,'2021-03-25 08:56:43',5,'1616662603_t1.csv','00:00:07','Created: 0, Updated: 1, Deleted: 0','1616662603_t1_error_report.csv'),(53,'2021-03-25 08:57:43',5,'1616662663_t1.csv','00:00:10','Created: 0, Updated: 1, Deleted: 0','1616662663_t1_error_report.csv'),(54,'2021-03-25 08:58:35',5,'1616662715_t1.csv','00:00:05','Created: 0, Updated: 1, Deleted: 0','1616662715_t1_error_report.csv'),(55,'2021-03-25 08:59:52',5,'1616662792_t1.csv','00:00:05','Created: 0, Updated: 1, Deleted: 0','1616662792_t1_error_report.csv'),(56,'2021-03-25 09:00:17',5,'1616662817_t1.csv','00:00:05','Created: 0, Updated: 1, Deleted: 0','1616662817_t1_error_report.csv'),(57,'2021-03-25 09:00:44',5,'1616662844_t1.csv','00:00:05','Created: 0, Updated: 1, Deleted: 0','1616662844_t1_error_report.csv'),(58,'2021-03-25 09:01:34',5,'1616662894_t1.csv','00:00:04','Created: 0, Updated: 1, Deleted: 0','1616662894_t1_error_report.csv'),(59,'2021-03-25 09:26:45',2,'1616664405_t1.csv','00:00:05','Created: 0, Updated: 1, Deleted: 0','1616664405_t1_error_report.csv'),(60,'2021-03-25 09:33:12',2,'1616664792_t1.csv','00:00:06','Created: 0, Updated: 1, Deleted: 0','1616664792_t1_error_report.csv'),(61,'2021-03-25 09:36:11',2,'1616664971_t1.csv','00:00:05','Created: 0, Updated: 1, Deleted: 0','1616664971_t1_error_report.csv'),(62,'2021-03-25 09:39:20',2,'1616665160_t1.csv','00:00:07','Created: 0, Updated: 1, Deleted: 0','1616665160_t1_error_report.csv'),(63,'2021-03-25 09:51:33',2,'1616665893_t1.csv','00:00:10','Created: 0, Updated: 1, Deleted: 0','1616665893_t1_error_report.csv'),(64,'2021-03-25 09:59:48',2,'1616666388_t1.csv','00:00:05','Created: 0, Updated: 1, Deleted: 0','1616666388_t1_error_report.csv'),(65,'2021-03-25 10:02:06',2,'1616666526_t1.csv','00:00:05','Created: 0, Updated: 1, Deleted: 0','1616666526_t1_error_report.csv'),(66,'2021-03-25 10:07:20',2,'1616666840_t1.csv','00:00:06','Created: 0, Updated: 1, Deleted: 0','1616666840_t1_error_report.csv'),(67,'2021-03-25 10:15:58',2,'1616667358_t1.csv','00:00:06','Created: 0, Updated: 1, Deleted: 0','1616667358_t1_error_report.csv'),(68,'2021-03-25 10:18:49',2,'1616667529_t1.csv','00:00:06','Created: 0, Updated: 1, Deleted: 0','1616667529_t1_error_report.csv'),(69,'2021-03-30 10:09:53',5,'1617098993_t1.csv','00:00:08','Created: 0, Updated: 1, Deleted: 0','1617098993_t1_error_report.csv'),(70,'2021-03-30 10:16:21',5,'1617099381_t1.csv','00:00:05','Created: 0, Updated: 1, Deleted: 0',''),(71,'2021-03-30 10:18:08',5,'1617099488_toner.csv','00:00:08','Created: 0, Updated: 11, Deleted: 0','1617099488_toner_error_report.csv'),(72,'2021-03-30 10:21:17',5,'1617099677_toner.csv','00:00:48','Created: 0, Updated: 207, Deleted: 0','1617099677_toner_error_report.csv'),(73,'2021-03-30 10:24:14',5,'1617099854_t2.csv','00:00:06','Created: 0, Updated: 2, Deleted: 0','1617099854_t2_error_report.csv'),(74,'2021-03-30 10:25:13',5,'1617099913_t2.csv','00:00:06','Created: 0, Updated: 1, Deleted: 0',''),(75,'2021-03-30 10:26:51',5,'1617100011_t3.csv','00:00:09','Created: 0, Updated: 22, Deleted: 0',''),(76,'2021-03-30 10:28:29',5,'1617100109_t4.csv','00:00:15','Created: 0, Updated: 50, Deleted: 0',''),(77,'2021-03-30 10:31:30',5,'1617100290_t5.csv','00:00:19','Created: 0, Updated: 75, Deleted: 0',''),(78,'2021-03-30 10:32:53',5,'1617100373_t6.csv','00:00:15','Created: 0, Updated: 58, Deleted: 0',''),(79,'2021-03-30 10:51:43',5,'1617101502_copier.csv','Validation',NULL,'1617101502_copier_error_report.csv'),(80,'2021-03-30 11:05:58',5,'1617102358_copier.csv','Validation',NULL,'1617102358_copier_error_report.csv'),(81,'2021-03-30 11:08:09',5,'1617102489_copier.csv','Validation',NULL,'1617102489_copier_error_report.csv'),(82,'2021-03-30 11:08:21',5,'1617102501_c1.csv','Validation',NULL,'1617102501_c1_error_report.csv'),(83,'2021-03-30 11:08:35',5,'1617102515_copier.csv','Validation',NULL,'1617102515_copier_error_report.csv'),(84,'2021-03-30 11:09:18',5,'1617102558_copier.csv','Validation',NULL,'1617102558_copier_error_report.csv'),(85,'2021-03-30 11:09:52',5,'1617102592_newcopi.csv','Validation',NULL,'1617102592_newcopi_error_report.csv'),(86,'2021-03-31 04:59:51',5,'1617166791_C2.csv','Validation',NULL,''),(87,'2021-03-31 05:01:50',5,'1617166910_C2.csv','00:00:17','Created: 3, Updated: 10, Deleted: 0','1617166910_C2_error_report.csv'),(88,'2021-03-31 05:05:21',5,'1617167121_spe2.csv','Validation',NULL,''),(89,'2021-03-31 05:08:03',5,'1617167283_spe2.csv','Validation',NULL,''),(90,'2021-03-31 05:11:29',5,'1617167489_spe2.csv','Validation',NULL,''),(91,'2021-03-31 05:12:52',5,'1617167572_C2.csv','00:00:11','Created: 0, Updated: 13, Deleted: 0','1617167572_C2_error_report.csv'),(92,'2021-03-31 05:17:40',5,'1617167860_C2.csv','Validation',NULL,''),(93,'2021-03-31 05:22:52',5,'1617168172_C2.csv','Validation',NULL,''),(94,'2021-03-31 05:25:19',5,'1617168319_C2.csv','Validation',NULL,''),(95,'2021-03-31 05:26:29',5,'1617168389_C2.csv','Validation',NULL,''),(96,'2021-03-31 05:27:33',5,'1617168453_C2.csv','00:00:12','Created: 0, Updated: 13, Deleted: 0','1617168453_C2_error_report.csv'),(97,'2021-03-31 05:28:38',5,'1617168518_C2.csv','Validation',NULL,'1617168518_C2_error_report.csv'),(98,'2021-03-31 05:29:56',5,'1617168596_C2.csv','Validation',NULL,''),(99,'2021-03-31 05:30:56',5,'1617168656_C2.csv','Validation',NULL,''),(100,'2021-03-31 05:31:37',5,'1617168697_C2.csv','Validation',NULL,'1617168697_C2_error_report.csv'),(101,'2021-03-31 05:33:50',5,'1617168830_C2.csv','Validation',NULL,''),(102,'2021-03-31 05:34:24',5,'1617168864_C2.csv','Validation',NULL,''),(103,'2021-03-31 05:35:54',5,'1617168954_C2.csv','Validation',NULL,''),(104,'2021-03-31 05:37:29',5,'1617169049_C2.csv','Validation',NULL,'1617169049_C2_error_report.csv'),(105,'2021-03-31 05:40:09',5,'1617169209_C2.csv','Validation',NULL,''),(106,'2021-03-31 05:41:45',5,'1617169305_C2.csv','Validation',NULL,'1617169305_C2_error_report.csv'),(107,'2021-03-31 05:44:44',5,'1617169484_C2.csv','Validation',NULL,'1617169484_C2_error_report.csv'),(108,'2021-03-31 06:07:32',5,'1617170852_copier.csv','Validation',NULL,'1617170852_copier_error_report.csv'),(109,'2021-03-31 06:09:08',5,'1617170948_c5.csv','00:00:12','Created: 21, Updated: 0, Deleted: 0','1617170948_c5_error_report.csv'),(110,'2021-03-31 06:25:36',5,'1617171936_fec.csv','00:00:14','Created: 0, Updated: 13, Deleted: 0','1617171936_fec_error_report.csv'),(111,'2021-03-31 06:54:28',5,'1617173668_c7.csv','Validation',NULL,'1617173668_c7_error_report.csv'),(112,'2021-03-31 06:54:53',5,'1617173693_c7.csv','Validation',NULL,'1617173693_c7_error_report.csv'),(113,'2021-03-31 06:56:47',5,'1617173807_c7.csv','00:00:08','Created: 6, Updated: 0, Deleted: 0','1617173807_c7_error_report.csv'),(114,'2021-03-31 07:10:10',5,'1617174610_ttr1.csv','Validation',NULL,''),(115,'2021-03-31 07:18:56',5,'1617175136_ttr1.csv','Validation',NULL,''),(116,'2021-03-31 07:21:07',5,'1617175267_ttr1.csv','Validation',NULL,''),(117,'2021-03-31 07:22:30',5,'1617175350_ttr1.csv','Validation',NULL,'1617175350_ttr1_error_report.csv'),(118,'2021-03-31 07:29:25',5,'1617175765_ttr1.csv','Validation',NULL,''),(119,'2021-03-31 07:30:55',5,'1617175855_ttr1.csv','Validation',NULL,''),(120,'2021-03-31 07:33:07',5,'1617175987_ttr1.csv','Validation',NULL,''),(121,'2021-03-31 07:34:00',5,'1617176040_ttr1.csv','Validation',NULL,''),(122,'2021-03-31 07:35:00',5,'1617176100_ttr1.csv','Validation',NULL,'1617176100_ttr1_error_report.csv'),(123,'2021-03-31 07:35:48',5,'1617176148_ttr1.csv','Validation',NULL,''),(124,'2021-03-31 07:36:37',5,'1617176197_ttr1.csv','Validation',NULL,''),(125,'2021-03-31 07:37:32',5,'1617176252_ttr1.csv','Validation',NULL,''),(126,'2021-03-31 07:39:21',5,'1617176361_ttr1.csv','Validation',NULL,'1617176361_ttr1_error_report.csv'),(127,'2021-03-31 07:42:33',5,'1617176553_ttr1.csv','Validation',NULL,''),(128,'2021-03-31 07:47:14',5,'1617176834_ttr1.csv','Validation',NULL,''),(129,'2021-03-31 07:48:03',5,'1617176883_ttr1.csv','Validation',NULL,''),(130,'2021-03-31 07:49:41',5,'1617176981_ttr1.csv','Validation',NULL,''),(131,'2021-03-31 07:50:31',5,'1617177031_ttr1.csv','Validation',NULL,''),(132,'2021-03-31 07:51:15',5,'1617177075_ttr1.csv','Validation',NULL,'1617177075_ttr1_error_report.csv'),(133,'2021-03-31 07:52:10',5,'1617177130_ttr1.csv','Validation',NULL,''),(134,'2021-03-31 07:52:59',5,'1617177179_ttr1.csv','Validation',NULL,'1617177179_ttr1_error_report.csv'),(135,'2021-03-31 07:53:40',5,'1617177220_ttr1.csv','Validation',NULL,'1617177220_ttr1_error_report.csv'),(136,'2021-03-31 07:54:19',5,'1617177259_ttr1.csv','Validation',NULL,''),(137,'2021-03-31 07:54:56',5,'1617177296_ttr1.csv','Validation',NULL,'1617177296_ttr1_error_report.csv'),(138,'2021-03-31 08:02:36',5,'1617177756_ttr1.csv','Validation',NULL,''),(139,'2021-03-31 08:05:00',5,'1617177900_ttr1.csv','Validation',NULL,''),(140,'2021-03-31 08:06:36',5,'1617177996_ttr1.csv','Validation',NULL,''),(141,'2021-03-31 08:07:52',5,'1617178072_ttr1.csv','Validation',NULL,''),(142,'2021-03-31 08:09:22',5,'1617178162_ttr1.csv','Validation',NULL,''),(143,'2021-03-31 08:24:19',5,'1617179059_ttr1.csv','Validation',NULL,''),(144,'2021-03-31 08:56:27',5,'1617180987_ttr1.csv','Validation',NULL,''),(145,'2021-03-31 08:58:06',5,'1617181086_ttr1.csv','Validation',NULL,'1617181086_ttr1_error_report.csv'),(146,'2021-03-31 08:59:08',5,'1617181148_ttr1.csv','Validation',NULL,''),(147,'2021-03-31 09:00:00',5,'1617181200_ttr1.csv','Validation',NULL,'1617181200_ttr1_error_report.csv'),(148,'2021-03-31 09:00:59',5,'1617181259_c8.csv','00:00:10','Created: 0, Updated: 27, Deleted: 0','1617181259_c8_error_report.csv'),(149,'2021-03-31 09:01:57',5,'1617181317_c8.csv','Validation',NULL,''),(150,'2021-03-31 11:33:05',5,'1617190385_tc1.csv','Validation',NULL,'1617190385_tc1_error_report.csv'),(151,'2021-03-31 11:33:32',5,'1617190412_tc1.csv','Validation',NULL,'1617190412_tc1_error_report.csv'),(152,'2021-03-31 11:34:34',5,'1617190474_tc2.csv','Validation',NULL,'1617190474_tc2_error_report.csv'),(153,'2021-03-31 11:35:00',5,'1617190500_tc1.csv','Validation',NULL,'1617190500_tc1_error_report.csv'),(154,'2021-03-31 11:36:25',5,'1617190585_1617190500_tc1_error_report.csv','00:00:42','Created: 0, Updated: 206, Deleted: 0',''),(155,'2021-04-01 12:44:11',5,'1617281051_similer.csv','Validation',NULL,'1617281051_similer_error_report.csv'),(156,'2021-04-01 12:44:27',5,'1617281067_coier_relte.csv','00:00:15','Created: 0, Updated: 41, Deleted: 0','1617281067_coier_relte_error_report.csv'),(157,'2021-04-01 12:46:35',5,'1617281195_1617281051_similer_error_report.csv','00:00:30','Created: 0, Updated: 162, Deleted: 0',''),(158,'2021-04-01 13:02:58',5,'1617282178_relted.csv','Validation',NULL,''),(159,'2021-04-01 13:03:45',5,'1617282225_relted1.csv','Validation',NULL,''),(160,'2021-04-01 13:04:24',5,'1617282264_coier_relte.csv','00:00:15','Created: 0, Updated: 41, Deleted: 0','1617282264_coier_relte_error_report.csv'),(161,'2021-04-01 13:07:07',5,'1617282427_coier_relte.csv','Validation',NULL,'1617282427_coier_relte_error_report.csv'),(162,'2021-04-01 13:09:17',5,'1617282557_coier_relte.csv','Validation',NULL,'1617282557_coier_relte_error_report.csv'),(163,'2021-04-01 13:09:36',5,'1617282576_1617282427_coier_relte_error_report.csv','Validation',NULL,'1617282576_1617282427_coier_relte_error_report_error_report.csv'),(164,'2021-04-01 13:10:30',5,'1617282630_1617282427_coier_relte_error_report.csv','00:00:10','Created: 0, Updated: 41, Deleted: 0',''),(165,'2021-04-01 13:15:29',5,'1617282929_1617282427_coier_relte_error_report.csv','00:00:10','Created: 0, Updated: 41, Deleted: 0',''),(166,'2021-04-01 13:21:10',5,'1617283270_1617282427_coier_relte_error_report.csv','00:00:12','Created: 0, Updated: 41, Deleted: 0',''),(167,'2021-04-07 14:31:40',5,'1617805900_work_on.csv','Validation',NULL,'1617805900_work_on_error_report.csv'),(168,'2021-04-07 14:37:15',5,'1617806235_work_on.csv','Validation',NULL,'1617806235_work_on_error_report.csv'),(169,'2021-04-07 14:38:06',5,'1617806286_work_on.csv','00:00:08','Created: 0, Updated: 1, Deleted: 0',''),(170,'2021-04-07 14:41:37',5,'1617806497_work_on.csv','Validation',NULL,'1617806497_work_on_error_report.csv'),(171,'2021-04-07 14:45:15',5,'1617806715_work_on.csv','00:00:41','Created: 0, Updated: 204, Deleted: 0',''),(172,'2021-04-08 04:28:00',5,'1617856080_toner-lifetime.csv','Validation',NULL,''),(173,'2021-04-08 04:28:05',5,'1617856085_toner-lifetime.csv','Validation',NULL,''),(174,'2021-04-08 04:29:19',5,'1617856159_life.csv','Validation',NULL,''),(175,'2021-04-08 04:30:10',5,'1617856210_life.csv','Validation',NULL,''),(176,'2021-04-08 04:30:41',5,'1617856241_toner-lifetime.csv','Validation',NULL,'1617856241_toner-lifetime_error_report.csv'),(177,'2021-04-08 04:36:37',5,'1617856597_1617856241_toner-lifetime_error_report (1).csv','00:00:15','Created: 0, Updated: 38, Deleted: 0',''),(178,'2021-04-08 04:37:43',5,'1617856663_1617856241_toner-lifetime_error_report (1).csv','00:00:18','Created: 0, Updated: 38, Deleted: 0',''),(179,'2021-04-08 04:39:32',5,'1617856772_toner-lifetime.csv','Validation',NULL,'1617856772_toner-lifetime_error_report.csv'),(180,'2021-04-08 04:45:10',5,'1617857110_1617856772_toner-lifetime_error_report.csv','00:00:37','Created: 0, Updated: 199, Deleted: 0',''),(181,'2021-04-22 07:56:11',2,'1619078171_1617806715_work_on.csv','00:00:43','Created: 0, Updated: 204, Deleted: 0',''),(182,'2021-04-22 08:03:54',2,'1619078634_1617806715_work_on.csv','Validation',NULL,'1619078634_1617806715_work_on_error_report.csv'),(183,'2021-04-22 08:04:14',2,'1619078654_1617806715_work_on.csv','00:00:42','Created: 0, Updated: 204, Deleted: 0',''),(184,'2021-04-26 04:23:18',2,'1619410998_titleUpdte.csv','00:01:04','Created: 0, Updated: 309, Deleted: 0',''),(185,'2021-04-27 06:06:46',2,'1619503606_service-cll2.csv','Validation',NULL,''),(186,'2021-04-27 06:08:00',2,'1619503680_service-cll2.csv','Validation',NULL,''),(187,'2021-04-27 06:13:45',2,'1619504025_export_catalog_product_20210427_054858.csv','Validation',NULL,''),(188,'2021-04-27 06:43:47',2,'1619505827_export_catalog_product_20210427_054858.csv','00:00:38','Created: 172, Updated: 16, Deleted: 0',''),(189,'2021-04-27 11:41:13',2,'1619523673_tonercopier.csv','Validation',NULL,'1619523673_tonercopier_error_report.csv'),(190,'2021-04-27 11:41:27',2,'1619523687_tonercopier.csv','Validation',NULL,'1619523687_tonercopier_error_report.csv'),(191,'2021-04-27 11:44:18',2,'1619523858_1619523687_tonercopier_error_report.csv','00:00:38','Created: 0, Updated: 144, Deleted: 0',''),(192,'2021-04-28 06:52:51',2,'1619592771_toner-multi.csv','Validation',NULL,'1619592771_toner-multi_error_report.csv'),(193,'2021-04-28 06:54:50',2,'1619592890_1619592771_toner-multi_error_report.csv','00:00:14','Created: 0, Updated: 67, Deleted: 0',''),(194,'2021-04-28 07:30:16',2,'1619595016_copier_cluster.csv','Validation',NULL,'1619595016_copier_cluster_error_report.csv'),(195,'2021-04-28 07:33:24',2,'1619595204_copier_cluster.csv','Validation',NULL,'1619595204_copier_cluster_error_report.csv'),(196,'2021-04-28 10:12:20',2,'1619604740_copier_cluster.csv','Validation',NULL,'1619604740_copier_cluster_error_report.csv'),(197,'2021-04-28 10:15:32',2,'1619604932_1619604740_copier_cluster_error_report.csv','Validation',NULL,'1619604932_1619604740_copier_cluster_error_report_error_report.csv'),(198,'2021-04-28 10:17:50',2,'1619605070_1619604740_copier_cluster_error_report.csv','00:00:31','Created: 0, Updated: 144, Deleted: 0','1619605070_1619604740_copier_cluster_error_report_error_report.csv'),(199,'2021-04-29 06:37:11',2,'1619678231_copier_workon.csv','00:00:09','Created: 0, Updated: 15, Deleted: 0','1619678231_copier_workon_error_report.csv'),(200,'2021-04-29 06:50:33',2,'1619679033_copier_cluster.csv','Validation',NULL,'1619679033_copier_cluster_error_report.csv'),(201,'2021-04-29 06:50:49',2,'1619679049_copier_cluster.csv','Validation',NULL,'1619679049_copier_cluster_error_report.csv'),(202,'2021-04-29 06:51:18',2,'1619679078_copier_workon.csv','Validation',NULL,'1619679078_copier_workon_error_report.csv'),(203,'2021-04-29 06:52:50',2,'1619679170_1619679078_copier_workon_error_report.csv','Validation',NULL,'1619679170_1619679078_copier_workon_error_report_error_report.csv'),(204,'2021-04-29 06:55:17',2,'1619679317_work_on.csv','Validation',NULL,'1619679317_work_on_error_report.csv'),(205,'2021-04-29 06:57:20',2,'1619679440_1619078654_1617806715_work_on (1).csv','00:00:44','Created: 0, Updated: 200, Deleted: 0','1619679440_1619078654_1617806715_work_on (1)_error_report.csv'),(206,'2021-05-26 09:56:31',1,'1622022991_titl.csv','00:00:26','Created: 0, Updated: 43, Deleted: 0','1622022991_titl_error_report.csv'),(207,'2021-06-02 09:08:49',1,'1622624929_toner-finder.csv','Validation',NULL,'1622624929_toner-finder_error_report.csv'),(208,'2021-06-02 09:12:12',1,'1622625132_1622624929_toner-finder_error_report.csv','00:00:44','Created: 0, Updated: 144, Deleted: 0',''),(209,'2021-06-02 10:27:12',1,'1622629632_cluster_finder.csv','Validation',NULL,'1622629632_cluster_finder_error_report.csv'),(210,'2021-06-02 10:28:15',1,'1622629695_1622629632_cluster_finder_error_report.csv','00:00:43','Created: 0, Updated: 144, Deleted: 0',''),(211,'2021-06-04 09:57:33',1,'1622800653_fx.csv','Validation',NULL,'1622800653_fx_error_report.csv'),(212,'2021-06-04 10:00:37',1,'1622800837_1622800653_fx_error_report.csv','Validation',NULL,'1622800837_1622800653_fx_error_report_error_report.csv'),(213,'2021-06-04 10:11:27',1,'1622801487_1622800653_fx_error_report.csv','00:00:21','Created: 0, Updated: 43, Deleted: 0','1622801487_1622800653_fx_error_report_error_report.csv'),(214,'2021-06-04 10:14:32',1,'1622801672_1622800653_fx_error_report.csv','Validation',NULL,'1622801672_1622800653_fx_error_report_error_report.csv'),(215,'2021-06-04 10:25:52',1,'1622802352_sheet_tonerfinder.csv','Validation',NULL,'1622802352_sheet_tonerfinder_error_report.csv'),(216,'2021-08-23 13:59:27',2,'1629727167_customer_composite.csv','Validation',NULL,''),(217,'2021-08-23 14:01:36',2,'1629727296_customer_composite.csv','Validation',NULL,'1629727296_customer_composite_error_report.csv'),(218,'2021-08-23 14:03:42',2,'1629727422_customer.csv','00:00:04','Created: 1, Updated: 0, Deleted: 0',''),(219,'2021-08-24 10:54:11',1,'1629802451_customer_composite (1).csv','Validation',NULL,''),(220,'2021-08-24 10:55:11',1,'1629802511_customer_composite (1).csv','00:00:06','Created: 1, Updated: 0, Deleted: 0',''),(221,'2021-08-31 12:22:21',2,'1630412541_import_sku.csv','00:01:15','Created: 0, Updated: 0, Deleted: 0',''),(222,'2021-09-03 14:18:13',1,'1630678693_copier-printer_123.csv','Validation',NULL,''),(223,'2021-09-03 14:25:09',1,'1630679109_cp - Copy.csv','In Progress',NULL,'1630679109_cp - Copy_error_report.csv'),(224,'2021-09-06 04:55:36',2,'1630904136_sample_toners_import1.csv','Validation',NULL,''),(225,'2021-09-06 04:55:58',2,'1630904158_sample_toners_import1.csv','Validation',NULL,''),(226,'2021-09-06 04:58:58',2,'1630904338_sample_toners_import1.csv','Validation',NULL,''),(227,'2021-09-06 04:59:06',2,'1630904346_sample_toners_import1.csv','Validation',NULL,''),(228,'2021-09-06 05:11:52',1,'1630905112_sample_toners_import1.csv','Validation',NULL,''),(229,'2021-09-06 05:12:17',1,'1630905137_sample_toners_import1.csv','Validation',NULL,'1630905137_sample_toners_import1_error_report.csv'),(230,'2021-09-06 05:13:36',1,'1630905216_sample_toners_import1.csv','00:00:16','Created: 0, Updated: 1, Deleted: 0','1630905216_sample_toners_import1_error_report.csv'),(231,'2021-09-06 07:18:03',1,'1630912683_sample_toners_import1.csv','Validation',NULL,'1630912683_sample_toners_import1_error_report.csv'),(232,'2021-09-06 07:20:37',1,'1630912837_sample_toners_import1.csv','Validation',NULL,'1630912837_sample_toners_import1_error_report.csv'),(233,'2021-09-06 07:22:31',1,'1630912951_sample_toners_import1.csv','00:00:08','Created: 0, Updated: 2, Deleted: 0','1630912951_sample_toners_import1_error_report.csv'),(234,'2021-09-06 09:00:05',2,'1630918805_toners1.csv','Validation',NULL,''),(235,'2021-09-06 09:00:55',2,'1630918855_toners1.csv','Validation',NULL,'1630918855_toners1_error_report.csv'),(236,'2021-09-06 09:14:29',2,'1630919669_toners1.csv','Validation',NULL,'1630919669_toners1_error_report.csv'),(237,'2021-09-06 09:35:27',2,'1630920927_toners1.csv','Validation',NULL,'1630920927_toners1_error_report.csv'),(238,'2021-09-06 09:37:32',2,'1630921052_toners1.csv','00:01:18','Created: 11, Updated: 0, Deleted: 0','1630921052_toners1_error_report.csv'),(239,'2021-09-06 09:59:17',2,'1630922357_toners1_tr.csv','Validation',NULL,''),(240,'2021-09-06 10:01:22',2,'1630922482_1630919669_toners1_error_report.csv','Validation',NULL,'1630922482_1630919669_toners1_error_report_error_report.csv'),(241,'2021-09-06 10:03:09',2,'1630922589_1630919669_toners1_error_report.csv','Validation',NULL,'1630922589_1630919669_toners1_error_report_error_report.csv'),(242,'2021-09-06 10:13:36',2,'1630923216_toners1_tr.csv','Validation',NULL,''),(243,'2021-09-06 10:16:34',2,'1630923394_1630919669_toners1_error_report.csv','00:00:08','Created: 0, Updated: 2, Deleted: 0',''),(244,'2021-09-06 10:38:09',2,'1630924689_cluster.csv','Validation',NULL,'1630924689_cluster_error_report.csv'),(245,'2021-09-06 11:10:45',2,'1630926645_cluster.csv','Validation',NULL,'1630926645_cluster_error_report.csv'),(246,'2021-09-06 11:12:05',2,'1630926725_cluster.csv','Validation',NULL,'1630926725_cluster_error_report.csv'),(247,'2021-09-06 11:14:06',2,'1630926846_cluster.csv','Validation',NULL,'1630926846_cluster_error_report.csv'),(248,'2021-09-06 13:19:38',2,'1630934378_toners1.csv','Validation',NULL,'1630934378_toners1_error_report.csv'),(249,'2021-09-06 13:21:21',2,'1630934481_toners1.csv','00:00:13','Created: 0, Updated: 11, Deleted: 0','1630934481_toners1_error_report.csv'),(250,'2021-09-06 13:22:24',2,'1630934544_toners1.csv','00:00:10','Created: 0, Updated: 11, Deleted: 0','1630934544_toners1_error_report.csv'),(251,'2021-09-06 13:27:58',2,'1630934878_toners1.csv','00:01:29','Created: 282, Updated: 11, Deleted: 0',''),(252,'2021-09-06 13:31:08',2,'1630935068_1630922589_1630919669_toners1_error_report_error_report.csv','00:01:52','Created: 0, Updated: 293, Deleted: 0',''),(253,'2021-09-06 13:53:24',2,'1630936404_cluster.csv','In Progress',NULL,'1630936404_cluster_error_report.csv'),(254,'2021-09-06 13:55:20',2,'1630936520_toner_finder.csv','In Progress',NULL,'1630936520_toner_finder_error_report.csv'),(255,'2021-09-07 11:35:19',2,'1631014519_works_on.csv','Validation',NULL,''),(256,'2021-09-07 11:36:29',2,'1631014589_works_on.csv','00:00:09','Created: 0, Updated: 2, Deleted: 0',''),(257,'2021-09-07 11:48:16',1,'1631015296_works_on.csv','Validation',NULL,'1631015296_works_on_error_report.csv'),(258,'2021-09-07 12:01:34',1,'1631016094_works_on.csv','Validation',NULL,'1631016094_works_on_error_report.csv'),(259,'2021-09-07 12:03:49',1,'1631016229_works_on.csv','Validation',NULL,''),(260,'2021-09-07 12:04:38',1,'1631016278_works_on.csv','Validation',NULL,'1631016278_works_on_error_report.csv'),(261,'2021-09-07 12:08:14',1,'1631016494_works_on.csv','00:00:55','Created: 0, Updated: 2, Deleted: 0',''),(262,'2021-09-07 12:10:35',1,'1631016635_works_on.csv','Validation',NULL,'1631016635_works_on_error_report.csv'),(263,'2021-09-07 12:11:27',1,'1631016687_works_on.csv','Validation',NULL,'1631016687_works_on_error_report.csv'),(264,'2021-09-07 15:51:43',1,'1631029903_copier_workon.csv','Validation',NULL,'1631029903_copier_workon_error_report.csv'),(265,'2021-09-07 15:54:13',1,'1631030053_1631029903_copier_workon_error_report.csv','Validation',NULL,'1631030053_1631029903_copier_workon_error_report_error_report.csv'),(266,'2021-09-07 15:55:53',1,'1631030153_1631030053_1631029903_copier_workon_error_report_error_report.csv','00:00:13','Created: 0, Updated: 2, Deleted: 0',''),(267,'2021-09-07 15:58:57',1,'1631030337_works_on.csv','00:00:08','Created: 0, Updated: 2, Deleted: 0',''),(268,'2021-09-07 16:00:43',1,'1631030443_works_on.csv','Validation',NULL,'1631030443_works_on_error_report.csv'),(269,'2021-09-07 16:01:46',1,'1631030506_works_on.csv','00:00:08','Created: 0, Updated: 1, Deleted: 0',''),(270,'2021-09-07 16:03:13',1,'1631030593_works_on.csv','00:00:06','Created: 0, Updated: 1, Deleted: 0',''),(271,'2021-09-07 16:04:50',1,'1631030690_works_on.csv','00:00:06','Created: 0, Updated: 1, Deleted: 0',''),(272,'2021-09-07 16:10:52',1,'1631031052_works_on.csv','00:00:08','Created: 0, Updated: 1, Deleted: 0',''),(273,'2021-09-09 14:17:47',1,'1631197067_cluster.csv','Validation',NULL,'1631197067_cluster_error_report.csv'),(274,'2021-09-09 14:18:42',1,'1631197122_cluster.csv','Validation',NULL,'1631197122_cluster_error_report.csv'),(275,'2021-09-09 18:49:00',2,'1631213340_w1.csv','00:00:38','Created: 0, Updated: 1, Deleted: 0',''),(276,'2021-09-09 18:52:46',2,'1631213566_w1.csv','00:00:06','Created: 0, Updated: 1, Deleted: 0',''),(277,'2021-09-09 18:55:05',2,'1631213705_w1.csv','00:00:08','Created: 0, Updated: 1, Deleted: 0',''),(278,'2021-09-09 18:55:51',2,'1631213751_w1.csv','00:00:07','Created: 0, Updated: 1, Deleted: 0',''),(279,'2021-09-09 19:04:23',2,'1631214263_w2.csv','Validation',NULL,'1631214263_w2_error_report.csv'),(280,'2021-09-09 19:04:27',2,'1631214267_w2.csv','Validation',NULL,'1631214267_w2_error_report.csv'),(281,'2021-09-09 19:04:40',2,'1631214280_w2.csv','Validation',NULL,'1631214280_w2_error_report.csv'),(282,'2021-09-11 04:48:31',2,'1631335711_copier_invisble_finl_sheet.csv','Validation',NULL,'1631335711_copier_invisble_finl_sheet_error_report.csv'),(283,'2021-09-11 04:51:28',2,'1631335888_1631335711_copier_invisble_finl_sheet_error_report.csv','Validation',NULL,'1631335888_1631335711_copier_invisble_finl_sheet_error_report_error_report.csv'),(284,'2021-09-11 04:51:38',2,'1631335898_1631335711_copier_invisble_finl_sheet_error_report.csv','Validation',NULL,'1631335898_1631335711_copier_invisble_finl_sheet_error_report_error_report.csv'),(285,'2021-09-11 04:52:09',2,'1631335929_copier_invisble_finl_sheet.csv','In Progress',NULL,'1631335929_copier_invisble_finl_sheet_error_report.csv'),(286,'2021-09-11 04:56:29',2,'1631336189_copier_invisble_finl_sheet.csv','Validation',NULL,'1631336189_copier_invisble_finl_sheet_error_report.csv'),(287,'2021-09-11 04:59:24',2,'1631336364_copier_invisble_finl_sheet.csv','Validation',NULL,'1631336364_copier_invisble_finl_sheet_error_report.csv'),(288,'2021-09-11 05:00:40',2,'1631336440_1631336364_copier_invisble_finl_sheet_error_report.csv','Validation',NULL,'1631336440_1631336364_copier_invisble_finl_sheet_error_report_error_report.csv'),(289,'2021-09-11 05:03:46',2,'1631336626_copier_invisble_finl_sheet.csv','Validation',NULL,'1631336626_copier_invisble_finl_sheet_error_report.csv'),(290,'2021-09-11 05:03:52',2,'1631336632_copier_invisble_finl_sheet.csv','Validation',NULL,'1631336632_copier_invisble_finl_sheet_error_report.csv'),(291,'2021-09-11 05:05:21',2,'1631336721_c1.csv','In Progress',NULL,'1631336721_c1_error_report.csv'),(292,'2021-09-11 05:47:12',2,'1631339232_copier_invisble_finl_sheet.csv','Validation',NULL,'1631339232_copier_invisble_finl_sheet_error_report.csv'),(293,'2021-09-11 05:51:05',2,'1631339465_copier_invisble_finl_sheet.csv','In Progress',NULL,'1631339465_copier_invisble_finl_sheet_error_report.csv'),(294,'2021-09-11 06:05:31',1,'1631340331_copier_invisble_finl_sheet.csv','Validation',NULL,'1631340331_copier_invisble_finl_sheet_error_report.csv'),(295,'2021-09-11 06:13:19',1,'1631340799_copier_invisble_finl_sheet_original.csv','Validation',NULL,'1631340799_copier_invisble_finl_sheet_original_error_report.csv'),(296,'2021-09-11 06:20:33',1,'1631341233_copier_invisble_finl_sheet_upto_10.csv','In Progress',NULL,'1631341233_copier_invisble_finl_sheet_upto_10_error_report.csv'),(297,'2021-09-11 06:29:23',1,'1631341763_copier_invisble_finl_sheet.csv','00:01:02','Created: 112, Updated: 132, Deleted: 0',''),(298,'2021-09-11 08:17:24',2,'1631348244_toner_finder.csv','00:01:01','Created: 0, Updated: 244, Deleted: 0',''),(299,'2021-09-11 09:24:13',2,'1631352253_w2.csv','Validation',NULL,'1631352253_w2_error_report.csv'),(300,'2021-09-11 09:24:32',2,'1631352272_w2.csv','Validation',NULL,'1631352272_w2_error_report.csv'),(301,'2021-09-11 09:30:53',2,'1631352653_w1.csv','Validation',NULL,''),(302,'2021-09-11 09:32:03',2,'1631352723_w2.csv','Validation',NULL,'1631352723_w2_error_report.csv'),(303,'2021-09-11 11:12:23',2,'1631358743_w2.csv','Validation',NULL,'1631358743_w2_error_report.csv'),(304,'2021-09-11 11:14:58',2,'1631358898_w2.csv','00:01:18','Created: 0, Updated: 293, Deleted: 0',''),(305,'2021-09-13 07:22:44',1,'1631517764_toner_instlltion.csv','Validation',NULL,''),(306,'2021-09-13 08:12:32',1,'1631520752_toner_instlltion.csv','00:01:20','Created: 0, Updated: 293, Deleted: 0',''),(307,'2021-09-13 11:55:14',1,'1631534114_service_pln_dropdown.csv','Validation',NULL,'1631534114_service_pln_dropdown_error_report.csv'),(308,'2021-09-13 11:58:57',1,'1631534337_invalid_clusternumer_smple.csv','Validation',NULL,''),(309,'2021-09-13 11:59:11',1,'1631534351_service_pln_dropdown.csv','00:00:19','Created: 2, Updated: 10, Deleted: 0',''),(310,'2021-09-13 12:17:41',1,'1631535461_comptible.csv','00:01:30','Created: 0, Updated: 293, Deleted: 0',''),(311,'2021-09-13 14:01:32',2,'1631541692_c2mgs.csv','Validation',NULL,'1631541692_c2mgs_error_report.csv'),(312,'2021-09-13 14:01:50',2,'1631541710_c2mgs.csv','Validation',NULL,'1631541710_c2mgs_error_report.csv'),(313,'2021-09-13 14:02:17',2,'1631541737_c2mgs.csv','Validation',NULL,'1631541737_c2mgs_error_report.csv'),(314,'2021-09-13 14:05:24',2,'1631541924_c3mgs.csv','00:01:04','Created: 0, Updated: 244, Deleted: 0',''),(315,'2021-09-13 14:20:35',2,'1631542835_c4fin.csv','Validation',NULL,'1631542835_c4fin_error_report.csv'),(316,'2021-09-13 14:20:49',2,'1631542849_c4fin.csv','Validation',NULL,'1631542849_c4fin_error_report.csv'),(317,'2021-09-13 14:23:21',2,'1631543001_c4fin.csv','00:01:02','Created: 0, Updated: 244, Deleted: 0',''),(318,'2021-09-14 05:16:27',2,'1631596587_toner_instlltion.csv','00:01:42','Created: 0, Updated: 293, Deleted: 0',''),(319,'2021-09-14 05:56:21',2,'1631598981_toner_instlltion.csv','00:10:33','Created: 0, Updated: 292, Deleted: 0','1631598981_toner_instlltion_error_report.csv'),(320,'2021-09-16 06:07:13',1,'1631772433_copir_trr_new.csv','Validation',NULL,'1631772433_copir_trr_new_error_report.csv'),(321,'2021-09-16 06:08:12',1,'1631772492_copir_trr_new.csv','00:00:11','Created: 0, Updated: 14, Deleted: 0',''),(322,'2021-09-16 06:23:30',1,'1631773410_copir_trr_new_eng.csv','00:00:10','Created: 0, Updated: 14, Deleted: 0',''),(323,'2021-09-16 06:25:57',1,'1631773557_copir_trr_new.csv','00:00:11','Created: 0, Updated: 14, Deleted: 0',''),(324,'2021-09-16 10:22:37',1,'1631787757_copier_fechers.csv','Validation',NULL,''),(325,'2021-09-16 10:26:39',1,'1631787999_copier_fechers.csv','Validation',NULL,''),(326,'2021-09-16 10:26:56',1,'1631788016_cf1.csv','00:01:04','Created: 0, Updated: 1, Deleted: 0',''),(327,'2021-09-16 10:34:22',1,'1631788462_cf1.csv','Validation',NULL,''),(328,'2021-09-16 10:37:57',1,'1631788677_cf1.csv','00:00:08','Created: 0, Updated: 6, Deleted: 0',''),(329,'2021-09-16 13:13:37',1,'1631798017_copir_trr_new_eng.csv','00:00:10','Created: 0, Updated: 14, Deleted: 0',''),(330,'2021-09-16 13:17:48',1,'1631798268_cf1.csv','00:00:08','Created: 0, Updated: 6, Deleted: 0',''),(331,'2021-09-16 13:20:56',1,'1631798456_1631773557_copir_trr_new.csv','Validation',NULL,''),(332,'2021-09-16 13:22:32',1,'1631798552_mc1.csv','00:00:09','Created: 0, Updated: 14, Deleted: 0',''),(333,'2021-09-17 14:29:45',2,'1631888985_c6.csv','Validation',NULL,''),(334,'2021-09-17 14:32:41',2,'1631889161_c6.csv','Validation',NULL,''),(335,'2021-09-20 06:46:01',2,'1632120361_c7.csv','Validation',NULL,''),(336,'2021-09-20 06:49:31',2,'1632120571_c8.csv','00:02:10','Created: 0, Updated: 1, Deleted: 0',''),(337,'2021-09-20 06:54:15',2,'1632120855_c7.csv','Validation',NULL,''),(338,'2021-09-20 07:00:52',2,'1632121252_c7.csv','Validation',NULL,''),(339,'2021-09-20 07:04:13',2,'1632121453_c6.csv','Validation',NULL,''),(340,'2021-09-20 07:06:45',2,'1632121605_c6.csv','Validation',NULL,'1632121605_c6_error_report.csv'),(341,'2021-09-20 07:10:04',2,'1632121804_c6.csv','00:00:10','Created: 0, Updated: 9, Deleted: 0','1632121804_c6_error_report.csv'),(342,'2021-09-20 07:36:08',2,'1632123368_c4fin.csv','Validation',NULL,''),(343,'2021-09-20 07:36:43',2,'1632123403_cfin12.csv','Validation',NULL,''),(344,'2021-09-20 07:39:08',2,'1632123548_cfin12.csv','Validation',NULL,'1632123548_cfin12_error_report.csv'),(345,'2021-09-20 07:46:18',2,'1632123978_cfin12.csv','Validation',NULL,'1632123978_cfin12_error_report.csv'),(346,'2021-09-20 07:53:19',2,'1632124399_cfin12.csv','Validation',NULL,'1632124399_cfin12_error_report.csv'),(347,'2021-09-20 07:55:01',2,'1632124501_1632124399_cfin12_error_report.csv','00:00:12','Created: 0, Updated: 7, Deleted: 0','1632124501_1632124399_cfin12_error_report_error_report.csv'),(348,'2021-10-08 09:32:32',1,'1633685552_toners.csv','Validation',NULL,''),(349,'2021-10-08 09:32:40',1,'1633685560_toners.csv','Validation',NULL,''),(350,'2021-10-08 09:36:55',1,'1633685815_toners.csv','00:01:03','Created: 0, Updated: 244, Deleted: 0',''),(351,'2021-10-19 05:22:04',2,'1634620924_tr_ms.csv','00:01:25','Created: 0, Updated: 293, Deleted: 0',''),(352,'2021-12-02 15:48:28',2,'1638460108_mx_qt.csv','Validation',NULL,''),(353,'2021-12-02 15:53:08',2,'1638460388_mx_qt.csv','Validation',NULL,''),(354,'2021-12-02 15:57:12',2,'1638460632_mx_qt.csv','Validation',NULL,''),(355,'2021-12-02 16:00:46',2,'1638460846_mx_qt.csv','Validation',NULL,''),(356,'2021-12-02 16:03:14',2,'1638460994_mx_qt.csv','Validation',NULL,''),(357,'2021-12-02 16:03:53',2,'1638461033_mx_qt.csv','Validation',NULL,''),(358,'2021-12-02 16:08:07',2,'1638461287_mx_qt.csv','Validation',NULL,''),(359,'2021-12-02 16:10:38',2,'1638461438_mx_qt.csv','Validation',NULL,''),(360,'2021-12-06 14:00:19',2,'1638799219_mx_qt.csv','Validation',NULL,''),(361,'2021-12-06 14:03:34',2,'1638799414_export_catalog_product_20211115_115026 (1) - Copy.csv','Validation',NULL,''),(362,'2021-12-06 14:05:16',2,'1638799516_export_catalog_product_20211115_115026 (1) - Copy.csv','Validation',NULL,''),(363,'2021-12-06 14:06:47',2,'1638799607_catalog_product (6).csv','Validation',NULL,''),(364,'2021-12-06 14:45:14',2,'1638801914_mx_qt.csv','Validation',NULL,''),(365,'2021-12-06 14:45:52',2,'1638801952_mx_qt.csv','Validation',NULL,''),(366,'2021-12-08 05:41:09',2,'1638942069_toner_export.csv','Validation',NULL,''),(367,'2021-12-08 05:42:41',2,'1638942161_toner_export.csv','Validation',NULL,''),(368,'2021-12-08 05:54:25',2,'1638942865_toner_export.csv','Validation',NULL,''),(369,'2021-12-08 05:58:41',2,'1638943121_toner_export.csv','Validation',NULL,''),(370,'2021-12-08 05:59:57',2,'1638943197_toner_export.csv','Validation',NULL,''),(371,'2021-12-08 06:27:39',2,'1638944859_toner_export.csv','Validation',NULL,''),(372,'2021-12-08 06:29:28',2,'1638944968_toner_export.csv','Validation',NULL,''),(373,'2021-12-08 06:31:29',2,'1638945089_toner_export.csv','Validation',NULL,''),(374,'2021-12-08 14:03:40',2,'1638972220_toner_export.csv','Validation',NULL,''),(375,'2021-12-08 14:09:40',2,'1638972580_toner_export.csv','Validation',NULL,'1638972580_toner_export_error_report.csv'),(376,'2021-12-08 14:12:45',2,'1638972765_mx_qt.csv','Validation',NULL,''),(377,'2021-12-08 14:17:58',2,'1638973078_mx_qt.csv','Validation',NULL,''),(378,'2021-12-08 14:21:35',2,'1638973295_mx_qt.csv','Validation',NULL,''),(379,'2021-12-08 14:22:27',1,'1638973347_toner_export.csv','Validation',NULL,''),(380,'2021-12-08 14:26:17',2,'1638973577_mx_qt.csv','Validation',NULL,''),(381,'2021-12-08 14:27:21',1,'1638973641_toner_export.csv','In Progress',NULL,'1638973641_toner_export_error_report.csv'),(382,'2021-12-12 05:11:36',2,'1639285896_w1.csv','00:00:07','Created: 0, Updated: 2, Deleted: 0',''),(383,'2021-12-12 05:57:18',2,'1639288638_w2.csv','Validation',NULL,'1639288638_w2_error_report.csv'),(384,'2021-12-12 06:00:01',2,'1639288801_1639288638_w2_error_report.csv','Validation',NULL,'1639288801_1639288638_w2_error_report_error_report.csv'),(385,'2021-12-12 06:01:07',2,'1639288867_1639288801_1639288638_w2_error_report_error_report.csv','Validation',NULL,'1639288867_1639288801_1639288638_w2_error_report_error_report_error_report.csv'),(386,'2021-12-12 06:02:49',2,'1639288969_1639288801_1639288638_w2_error_report_error_report.csv','00:01:33','Created: 0, Updated: 293, Deleted: 0',''),(387,'2021-12-13 12:13:11',2,'1639397591_1639288969_1639288801_1639288638_w2_error_report_error_report.csv','Validation',NULL,'1639397591_1639288969_1639288801_1639288638_w2_error_report_error_report_error_report.csv'),(388,'2021-12-13 12:16:41',2,'1639397801_1639288969_1639288801_1639288638_w2_error_report_error_report.csv','00:00:07','Created: 0, Updated: 1, Deleted: 0','');

--
-- Table structure for table `importexport_importdata`
--

CREATE TABLE `importexport_importdata` (
  `id` int(10) unsigned NOT NULL AUTO_INCREMENT COMMENT 'ID',
  `entity` varchar(50) NOT NULL COMMENT 'Entity',
  `behavior` varchar(10) NOT NULL DEFAULT 'append' COMMENT 'Behavior',
  `data` longtext COMMENT 'Data',
  PRIMARY KEY (`id`)
) ENGINE=InnoDB AUTO_INCREMENT=506 DEFAULT CHARSET=utf8 COMMENT='Import Data Table';

--
-- Dumping data for table `importexport_importdata`
--

INSERT INTO `importexport_importdata` VALUES (505,'catalog_product','append','[{\"sku\":\"201190151\",\"works_on\":\"Sharp MX-M283|Sharp MX-M362|Sharp MX-M363|Sharp MX-M452|Sharp MX-M453|Sharp MX-M503|Sharp MX-M502\",\"errors\":null,\"_attribute_set\":\"Toner\",\"product_type\":\"simple\"}]');

--
-- Table structure for table `indexer_state`
--

CREATE TABLE `indexer_state` (
  `state_id` int(10) unsigned NOT NULL AUTO_INCREMENT COMMENT 'Indexer State ID',
  `indexer_id` varchar(255) DEFAULT NULL COMMENT 'Indexer ID',
  `status` varchar(16) DEFAULT 'invalid' COMMENT 'Indexer Status',
  `updated` datetime DEFAULT NULL COMMENT 'Indexer Status',
  `hash_config` varchar(32) NOT NULL COMMENT 'Hash of indexer config',
  PRIMARY KEY (`state_id`),
  KEY `INDEXER_STATE_INDEXER_ID` (`indexer_id`)
) ENGINE=InnoDB AUTO_INCREMENT=15 DEFAULT CHARSET=utf8 COMMENT='Indexer State';

--
-- Dumping data for table `indexer_state`
--

INSERT INTO `indexer_state` VALUES (1,'design_config_grid','valid','2022-08-08 19:52:55','cda2943809fd7343011ca0b40f57d742'),(2,'customer_grid','valid','2022-07-20 05:07:43','ab8689866647504f3760ae8a823532c0'),(3,'catalog_category_product','valid','2022-07-20 05:07:47','5375ce25f15731c87e9fe8ef2c684514'),(4,'catalog_product_category','valid','2022-07-20 05:07:47','5c17f371760a1dd95ccf36c56387352b'),(5,'catalogrule_rule','valid','2022-07-20 05:07:47','f4172d3370dda4397fbb83808c1a1267'),(6,'catalog_product_attribute','valid','2022-07-20 05:07:48','700e8e80ddea2477ce9c53d83f560e01'),(7,'cataloginventory_stock','valid','2022-07-20 05:07:48','5d351bcb5f08d9f3c3672b25eeade252'),(8,'inventory','valid','2022-07-20 05:07:48','67fb8d791428a521556b095a7637d74f'),(9,'catalogrule_product','valid','2022-07-20 05:07:47','831388c16843274e4c95db853ecfc7fc'),(10,'catalog_product_price','valid','2022-07-20 05:07:49','f62f6caf9e0552c999a9cc0112bbd94d'),(11,'catalogsearch_fulltext','valid','2022-07-20 05:07:52','8de20620b30b2bd38592972025180fd5'),(13,'catalog_category_flat','valid','2022-07-20 05:07:46','b71fbfc00faf1feadf9a9301bd94ed67'),(14,'catalog_product_flat','valid','2022-07-20 05:07:46','c0bacc8e29a72a9c6053b6da960e1389');

--
-- Table structure for table `integration`
--

CREATE TABLE `integration` (
  `integration_id` int(10) unsigned NOT NULL AUTO_INCREMENT COMMENT 'Integration ID',
  `name` varchar(255) NOT NULL COMMENT 'Integration name is displayed in the admin interface',
  `email` varchar(255) NOT NULL COMMENT 'Email address of the contact person',
  `endpoint` varchar(255) DEFAULT NULL COMMENT 'Endpoint for posting consumer credentials',
  `status` smallint(5) unsigned NOT NULL COMMENT 'Integration status',
  `consumer_id` int(10) unsigned DEFAULT NULL COMMENT 'Oauth consumer',
  `created_at` timestamp NOT NULL DEFAULT CURRENT_TIMESTAMP COMMENT 'Creation Time',
  `updated_at` timestamp NOT NULL DEFAULT CURRENT_TIMESTAMP ON UPDATE CURRENT_TIMESTAMP COMMENT 'Update Time',
  `setup_type` smallint(5) unsigned NOT NULL DEFAULT '0' COMMENT 'Integration type - manual or config file',
  `identity_link_url` varchar(255) DEFAULT NULL COMMENT 'Identity linking Url',
  PRIMARY KEY (`integration_id`),
  UNIQUE KEY `INTEGRATION_NAME` (`name`),
  UNIQUE KEY `INTEGRATION_CONSUMER_ID` (`consumer_id`),
  CONSTRAINT `INTEGRATION_CONSUMER_ID_OAUTH_CONSUMER_ENTITY_ID` FOREIGN KEY (`consumer_id`) REFERENCES `oauth_consumer` (`entity_id`) ON DELETE CASCADE
) ENGINE=InnoDB AUTO_INCREMENT=3 DEFAULT CHARSET=utf8 COMMENT='integration';

--
-- Dumping data for table `integration`
--

INSERT INTO `integration` VALUES (1,'hoshan','',NULL,1,1,'2021-04-08 04:03:51','2021-04-08 04:04:13',0,NULL),(2,'Magento Analytics user','',NULL,1,2,'2021-05-18 06:00:06','2021-05-18 06:00:06',0,NULL);

--
-- Table structure for table `inventory_geoname`
--

CREATE TABLE `inventory_geoname` (
  `country_code` varchar(64) NOT NULL,
  `postcode` varchar(64) NOT NULL,
  `city` varchar(180) NOT NULL,
  `region` varchar(100) NOT NULL,
  `province` varchar(64) NOT NULL,
  `latitude` double NOT NULL,
  `longitude` double NOT NULL
) ENGINE=InnoDB DEFAULT CHARSET=utf8;

--
-- Dumping data for table `inventory_geoname`
--


--
-- Table structure for table `inventory_low_stock_notification_configuration`
--

CREATE TABLE `inventory_low_stock_notification_configuration` (
  `source_code` varchar(255) NOT NULL,
  `sku` varchar(64) NOT NULL,
  `notify_stock_qty` decimal(12,4) DEFAULT NULL,
  PRIMARY KEY (`source_code`,`sku`)
) ENGINE=InnoDB DEFAULT CHARSET=utf8;

--
-- Dumping data for table `inventory_low_stock_notification_configuration`
--

INSERT INTO `inventory_low_stock_notification_configuration` VALUES ('default','201090013',NULL),('default','201090013-1',NULL),('default','201090014',NULL),('default','2010900148',NULL),('default','2010900149',NULL),('default','201090015',NULL),('default','2010900150',NULL),('default','2010900151',NULL),('default','2010900153',NULL),('default','2010900153-1',NULL),('default','2010900153-2',NULL),('default','2010900154',NULL),('default','2010900154-1',NULL),('default','2010900155',NULL),('default','2010900155-1',NULL),('default','2010900156',NULL),('default','2010900156-1',NULL),('default','2010900158',NULL),('default','2010900159',NULL),('default','201090017',NULL),('default','201090018',NULL),('default','20109002',NULL),('default','20109002-1',NULL),('default','201090021',NULL),('default','201090022',NULL),('default','201090023',NULL),('default','201090028',NULL),('default','201090035',NULL),('default','201090087',NULL),('default','201090110',NULL),('default','201090111',NULL),('default','2010901130',NULL),('default','2010901131',NULL),('default','201090115',NULL),('default','201090115-1',NULL),('default','201090116',NULL),('default','201090117',NULL),('default','201090118',NULL),('default','201090119',NULL),('default','201090120',NULL),('default','201090121',NULL),('default','201090122',NULL),('default','201090122-1',NULL),('default','201090123',NULL),('default','201090123-1',NULL),('default','201090124',NULL),('default','201090131',NULL),('default','20109015',NULL),('default','201090154',NULL),('default','201090157',NULL),('default','201090174',NULL),('default','20109019',NULL),('default','201090196',NULL),('default','201090197',NULL),('default','20109021',NULL),('default','20109022',NULL),('default','20119001',NULL),('default','201190010',NULL),('default','2011900100',NULL),('default','2011900101',NULL),('default','2011900102',NULL),('default','2011900103',NULL),('default','2011900104',NULL),('default','2011900105',NULL),('default','2011900106',NULL),('default','2011900107',NULL),('default','2011900108',NULL),('default','2011900109',NULL),('default','201190011',NULL),('default','2011900110',NULL),('default','20119001100',NULL),('default','20119001101',NULL),('default','20119001102',NULL),('default','20119001103',NULL),('default','20119001104',NULL),('default','20119001105',NULL),('default','20119001106',NULL),('default','20119001107',NULL),('default','20119001108',NULL),('default','20119001109',NULL),('default','2011900111',NULL),('default','20119001110',NULL),('default','2011900112',NULL),('default','2011900113',NULL),('default','2011900114',NULL),('default','2011900115',NULL),('default','2011900116',NULL),('default','2011900117',NULL),('default','2011900118',NULL),('default','2011900119',NULL),('default','201190012',NULL),('default','2011900120',NULL),('default','2011900121',NULL),('default','2011900122',NULL),('default','2011900123',NULL),('default','2011900124',NULL),('default','2011900125',NULL),('default','2011900126',NULL),('default','2011900127',NULL),('default','2011900128',NULL),('default','2011900129',NULL),('default','201190013',NULL),('default','2011900130',NULL),('default','2011900131',NULL),('default','2011900132',NULL),('default','2011900133',NULL),('default','2011900134',NULL),('default','2011900135',NULL),('default','2011900136',NULL),('default','2011900137',NULL),('default','2011900138',NULL),('default','2011900139',NULL),('default','201190014',NULL),('default','2011900140',NULL),('default','2011900141',NULL),('default','2011900142',NULL),('default','2011900143',NULL),('default','2011900144',NULL),('default','2011900145',NULL),('default','2011900146',NULL),('default','2011900147',NULL),('default','2011900148',NULL),('default','2011900149',NULL),('default','201190015',NULL),('default','2011900150',NULL),('default','2011900151',NULL),('default','2011900152',NULL),('default','2011900153',NULL),('default','2011900154',NULL),('default','2011900155',NULL),('default','2011900156',NULL),('default','2011900157',NULL),('default','2011900158',NULL),('default','2011900159',NULL),('default','201190016',NULL),('default','2011900160',NULL),('default','2011900161',NULL),('default','2011900162',NULL),('default','2011900163',NULL),('default','2011900164',NULL),('default','2011900165',NULL),('default','2011900166',NULL),('default','2011900167',NULL),('default','2011900168',NULL),('default','2011900169',NULL),('default','201190017',NULL),('default','2011900170',NULL),('default','2011900171',NULL),('default','2011900172',NULL),('default','2011900173',NULL),('default','2011900174',NULL),('default','2011900175',NULL),('default','2011900176',NULL),('default','2011900177',NULL),('default','2011900178',NULL),('default','2011900179',NULL),('default','201190018',NULL),('default','2011900180',NULL),('default','2011900181',NULL),('default','2011900182',NULL),('default','2011900183',NULL),('default','2011900184',NULL),('default','2011900185',NULL),('default','2011900186',NULL),('default','2011900187',NULL),('default','2011900188',NULL),('default','2011900189',NULL),('default','201190019',NULL),('default','2011900190',NULL),('default','2011900191',NULL),('default','2011900192',NULL),('default','2011900193',NULL),('default','2011900194',NULL),('default','2011900195',NULL),('default','2011900196',NULL),('default','2011900198',NULL),('default','2011900199',NULL),('default','20119002',NULL),('default','201190022',NULL),('default','201190023',NULL),('default','201190024',NULL),('default','201190025',NULL),('default','201190026',NULL),('default','201190027',NULL),('default','201190028',NULL),('default','20119003',NULL),('default','201190030',NULL),('default','201190031',NULL),('default','201190032',NULL),('default','201190033',NULL),('default','201190034',NULL),('default','201190035',NULL),('default','201190036',NULL),('default','201190037',NULL),('default','201190038',NULL),('default','201190039',NULL),('default','20119004',NULL),('default','201190040',NULL),('default','201190041',NULL),('default','201190042',NULL),('default','201190043',NULL),('default','201190044',NULL),('default','201190045',NULL),('default','201190046',NULL),('default','201190047',NULL),('default','201190048',NULL),('default','201190049',NULL),('default','20119005',NULL),('default','201190050',NULL),('default','201190051',NULL),('default','201190052',NULL),('default','201190053',NULL),('default','201190054',NULL),('default','201190055',NULL),('default','201190056',NULL),('default','201190057',NULL),('default','201190058',NULL),('default','201190059',NULL),('default','20119006',NULL),('default','201190060',NULL),('default','201190061',NULL),('default','201190062',NULL),('default','201190063',NULL),('default','201190064',NULL),('default','201190065',NULL),('default','201190066',NULL),('default','201190067',NULL),('default','201190068',NULL),('default','201190069',NULL),('default','20119007',NULL),('default','201190070',NULL),('default','201190071',NULL),('default','201190072',NULL),('default','201190073',NULL),('default','201190074',NULL),('default','201190075',NULL),('default','201190076',NULL),('default','201190077',NULL),('default','201190078',NULL),('default','201190079',NULL),('default','20119008',NULL),('default','201190080',NULL),('default','201190081',NULL),('default','201190082',NULL),('default','201190083',NULL),('default','201190084',NULL),('default','201190085',NULL),('default','201190086',NULL),('default','201190087',NULL),('default','201190088',NULL),('default','201190089',NULL),('default','20119009',NULL),('default','201190090',NULL),('default','201190091',NULL),('default','201190092',NULL),('default','201190093',NULL),('default','201190094',NULL),('default','201190095',NULL),('default','201190096',NULL),('default','201190097',NULL),('default','201190098',NULL),('default','201190099',NULL),('default','20119011',NULL),('default','201190110',NULL),('default','201190111',NULL),('default','201190112',NULL),('default','201190113',NULL),('default','201190114',NULL),('default','201190115',NULL),('default','201190116',NULL),('default','201190117',NULL),('default','201190118',NULL),('default','201190119',NULL),('default','20119012',NULL),('default','201190120',NULL),('default','201190121',NULL),('default','201190122',NULL),('default','201190123',NULL),('default','201190124',NULL),('default','201190125',NULL),('default','201190126',NULL),('default','201190127',NULL),('default','201190128',NULL),('default','201190129',NULL),('default','20119013',NULL),('default','201190130',NULL),('default','201190131',NULL),('default','201190132',NULL),('default','201190133',NULL),('default','201190134',NULL),('default','201190135',NULL),('default','201190136',NULL),('default','201190137',NULL),('default','201190138',NULL),('default','201190139',NULL),('default','20119014',NULL),('default','201190140',NULL),('default','201190141',NULL),('default','201190142',NULL),('default','201190143',NULL),('default','201190144',NULL),('default','201190145',NULL),('default','201190146',NULL),('default','201190147',NULL),('default','201190148',NULL),('default','201190149',NULL),('default','20119015',NULL),('default','201190150',NULL),('default','201190151',NULL),('default','201190152',NULL),('default','201190153',NULL),('default','201190154',NULL),('default','201190155',NULL),('default','201190156',NULL),('default','201190157',NULL),('default','201190158',NULL),('default','201190159',NULL),('default','20119016',NULL),('default','201190160',NULL),('default','201190161',NULL),('default','201190162',NULL),('default','201190163',NULL),('default','201190164',NULL),('default','201190165',NULL),('default','201190166',NULL),('default','201190167',NULL),('default','201190168',NULL),('default','201190169',NULL),('default','20119017',NULL),('default','201190170',NULL),('default','201190171',NULL),('default','201190172',NULL),('default','201190173',NULL),('default','201190174',NULL),('default','201190175',NULL),('default','201190176',NULL),('default','201190177',NULL),('default','201190178',NULL),('default','201190179',NULL),('default','20119018',NULL),('default','201190180',NULL),('default','201190181',NULL),('default','201190182',NULL),('default','20119019',NULL),('default','20119021',NULL),('default','20119022',NULL),('default','20119023',NULL),('default','20119024',NULL),('default','20119025',NULL),('default','Basic Pack',NULL),('default','Basic Pack-Colour',NULL),('default','Bizhub0510',NULL),('default','Business',NULL),('default','Business Pack',NULL),('default','Business Pack-Color',NULL),('default','Business Pack-Colour',NULL),('default','DURA-JET',NULL),('default','DURA-JET Refill Ink for Broth',NULL),('default','DURA-JET Refill Ink for Broth... Printer',NULL),('default','Employee Desk L-Shaped Desk',NULL),('default','Enterprise Pack',NULL),('default','Enterprise Pack-1',NULL),('default','Enterprise Pack-Color',NULL),('default','Enterprise Pack-Colour',NULL),('default','fax-kit',NULL),('default','Hero',NULL),('default','Ink for Broth',NULL),('default','Konica Minolta bizhub 226',NULL),('default','Konica Minolta bizhub 226 Mono A3 MFP',NULL),('default','Konica Minolta bizhub 266i',NULL),('default','Konica Minolta bizhub 287',NULL),('default','Konica Minolta bizhub 306i',NULL),('default','Konica Minolta bizhub 306i Mono A3 MFP',NULL),('default','Konica Minolta bizhub 367',NULL),('default','Konica Minolta bizhub 458e',NULL),('default','Konica Minolta bizhub C226',NULL),('default','Konica Minolta bizhub C226 Color A3 MFP',NULL),('default','Konica Minolta bizhub C300i',NULL),('default','Konica Minolta bizhub C360i',NULL),('default','Konica Minolta bizhub C450i',NULL),('default','Manager Desk',NULL),('default','meeting table',NULL),('default','more-paper-trays',NULL),('default','Premium Pack',NULL),('default','Premium Pack-Colour',NULL),('default','Professional Pack',NULL),('default','Professional Pack-Color',NULL),('default','Professional Pack-Colour',NULL),('default','Reception Counter -01',NULL),('default','Refill Ink for Printer',NULL),('default','Samir Test Product',NULL),('default','SAmir Toner 1-T111',NULL),('default','service-call-type-1',NULL),('default','service-plan-type-1',NULL),('default','service-plan-type-2',NULL),('default','service-plan-type-3',NULL),('default','service-plan-type-4',NULL),('default','service-plan-type-5',NULL),('default','Sharp AR-6020V',NULL),('default','Sharp AR-6020V Mono A3',NULL),('default','Sharp AR-6020V Mono A3 MFP',NULL),('default','Sharp AR-6023N',NULL),('default','Sharp DX-2000U',NULL),('default','Sharp DX-2500N',NULL),('default','Sharp MX-4050',NULL),('default','Sharp MX-M1054',NULL),('default','Sharp MX-M1204',NULL),('default','Sharp MX-M265V',NULL),('default','Sharp MX-M315NV',NULL),('default','Sharp MX-M356NV',NULL),('default','Sharp MX-M5050',NULL),('default','Sharp MX-M5050-Black',NULL),('default','Sharp MX-M5050-Yellow',NULL),('default','Sharp MX-M6050',NULL),('default','Sharp MX-M654N',NULL),('default','Sharp MX-M754N',NULL),('default','Sharp MXM-265V Mono A3 MFP',NULL),('default','Sharp MXM-754N Mono A3 MFP',NULL),('default','Sofa - 01',NULL),('default','Standard Pack',NULL),('default','Standard Pack-Colour',NULL),('default','Sub 100',NULL),('default','Sub 150',NULL),('default','Sub 200',NULL),('default','Sub 250',NULL),('default','Sub 400',NULL),('default','Sub 500',NULL),('default','test',NULL),('default','TEST - Abed',NULL),('default','Test Addon Product 001',NULL),('default','testh',NULL),('default','TESTSKU1',NULL),('default','TESTSKU2',NULL),('default','Workstation -02',NULL),('default','Workstation -04 , 4-Person Back-to-Back',NULL),('default','Workstation -06 , 6-Person Back to Back-brown',NULL),('default','Workstation -06 , 6-Person Back to Back-grey',NULL),('default','Workstation -06 , 6-Person Back to Back-white',NULL),('default','worx test',NULL),('default','وحدة عمل - 2',NULL),('default','وحدة عمل - 4 , وحدة عمل رباعية – لعدد أربع أشخاص',NULL);

--
-- Table structure for table `inventory_order_notification`
--

CREATE TABLE `inventory_order_notification` (
  `order_id` int(10) unsigned NOT NULL AUTO_INCREMENT COMMENT 'Order ID',
  `notification_sent` smallint(6) NOT NULL COMMENT 'Has Notification Been Sent For Order',
  `send_notification` smallint(6) NOT NULL COMMENT 'Should Notification Be Send For Order',
  PRIMARY KEY (`order_id`),
  CONSTRAINT `INVENTORY_ORDER_NOTIFICATION_ORDER_ID_SALES_ORDER_ENTITY_ID` FOREIGN KEY (`order_id`) REFERENCES `sales_order` (`entity_id`) ON DELETE CASCADE
) ENGINE=InnoDB DEFAULT CHARSET=utf8;

--
-- Dumping data for table `inventory_order_notification`
--


--
-- Table structure for table `inventory_pickup_location_order`
--

CREATE TABLE `inventory_pickup_location_order` (
  `order_id` int(10) unsigned NOT NULL AUTO_INCREMENT COMMENT 'Order ID',
  `pickup_location_code` varchar(255) NOT NULL COMMENT 'Pickup Location Code',
  PRIMARY KEY (`order_id`),
  CONSTRAINT `INVENTORY_PICKUP_LOCATION_ORDER_ORDER_ID_SALES_ORDER_ENTITY_ID` FOREIGN KEY (`order_id`) REFERENCES `sales_order` (`entity_id`) ON DELETE CASCADE
) ENGINE=InnoDB DEFAULT CHARSET=utf8;

--
-- Dumping data for table `inventory_pickup_location_order`
--


--
-- Table structure for table `inventory_pickup_location_quote_address`
--

CREATE TABLE `inventory_pickup_location_quote_address` (
  `address_id` int(10) unsigned NOT NULL AUTO_INCREMENT COMMENT 'Quote Address ID',
  `pickup_location_code` varchar(255) NOT NULL COMMENT 'Pickup Location Code',
  PRIMARY KEY (`address_id`),
  CONSTRAINT `INV_PICKUP_LOCATION_QUOTE_ADDR_ADDR_ID_QUOTE_ADDR_ADDR_ID` FOREIGN KEY (`address_id`) REFERENCES `quote_address` (`address_id`) ON DELETE CASCADE
) ENGINE=InnoDB DEFAULT CHARSET=utf8;

--
-- Dumping data for table `inventory_pickup_location_quote_address`
--


--
-- Table structure for table `inventory_reservation`
--

CREATE TABLE `inventory_reservation` (
  `reservation_id` int(10) unsigned NOT NULL AUTO_INCREMENT,
  `stock_id` int(10) unsigned NOT NULL,
  `sku` varchar(64) NOT NULL,
  `quantity` decimal(10,4) NOT NULL DEFAULT '0.0000',
  `metadata` varchar(255) DEFAULT NULL,
  PRIMARY KEY (`reservation_id`),
  KEY `INVENTORY_RESERVATION_STOCK_ID_SKU_QUANTITY` (`stock_id`,`sku`,`quantity`)
) ENGINE=InnoDB AUTO_INCREMENT=4835 DEFAULT CHARSET=utf8;

--
-- Dumping data for table `inventory_reservation`
--

INSERT INTO `inventory_reservation` VALUES (1,1,'Konica Minolta bizhub 306i Mono A3 MFP',-1.0000,'{\"event_type\":\"order_placed\",\"object_type\":\"order\",\"object_id\":\"\",\"object_increment_id\":\"000000001\"}'),(2,1,'Sharp MX-M754N',-1.0000,'{\"event_type\":\"order_placed\",\"object_type\":\"order\",\"object_id\":\"\",\"object_increment_id\":\"000000002\"}'),(3,1,'Sharp MX-M1054',-1.0000,'{\"event_type\":\"order_placed\",\"object_type\":\"order\",\"object_id\":\"\",\"object_increment_id\":\"000000002\"}'),(4,1,'Sharp MX-M754N',-1.0000,'{\"event_type\":\"order_placed\",\"object_type\":\"order\",\"object_id\":\"\",\"object_increment_id\":\"000000003\"}'),(5,1,'Sharp MX-M754N',-1.0000,'{\"event_type\":\"order_placed\",\"object_type\":\"order\",\"object_id\":\"\",\"object_increment_id\":\"000000004\"}'),(6,1,'Konica Minolta bizhub 226',-2.0000,'{\"event_type\":\"order_placed\",\"object_type\":\"order\",\"object_id\":\"\",\"object_increment_id\":\"000000005\"}'),(7,1,'Sharp MX-M6050',-1.0000,'{\"event_type\":\"order_placed\",\"object_type\":\"order\",\"object_id\":\"\",\"object_increment_id\":\"000000005\"}'),(8,1,'Sharp MX-M754N',-1.0000,'{\"event_type\":\"order_placed\",\"object_type\":\"order\",\"object_id\":\"\",\"object_increment_id\":\"000000005\"}'),(9,1,'Konica Minolta bizhub 226',-1.0000,'{\"event_type\":\"order_placed\",\"object_type\":\"order\",\"object_id\":\"\",\"object_increment_id\":\"000000006\"}'),(10,1,'Konica Minolta bizhub 287',-1.0000,'{\"event_type\":\"order_placed\",\"object_type\":\"order\",\"object_id\":\"\",\"object_increment_id\":\"000000006\"}'),(11,1,'Sharp MX-M5050',-2.0000,'{\"event_type\":\"order_placed\",\"object_type\":\"order\",\"object_id\":\"\",\"object_increment_id\":\"000000006\"}'),(12,1,'Konica Minolta bizhub 266i',-1.0000,'{\"event_type\":\"order_placed\",\"object_type\":\"order\",\"object_id\":\"\",\"object_increment_id\":\"000000007\"}'),(13,1,'Konica Minolta bizhub 306i',-2.0000,'{\"event_type\":\"order_placed\",\"object_type\":\"order\",\"object_id\":\"\",\"object_increment_id\":\"000000007\"}'),(15,1,'Konica Minolta bizhub 458e',-1.0000,'{\"event_type\":\"order_placed\",\"object_type\":\"order\",\"object_id\":\"\",\"object_increment_id\":\"000000009\"}'),(16,1,'Konica Minolta bizhub C300i',-1.0000,'{\"event_type\":\"order_placed\",\"object_type\":\"order\",\"object_id\":\"\",\"object_increment_id\":\"000000009\"}'),(17,1,'Sharp AR-6020V',-1.0000,'{\"event_type\":\"order_placed\",\"object_type\":\"order\",\"object_id\":\"\",\"object_increment_id\":\"000000009\"}'),(18,1,'Sharp AR-6020V',-1.0000,'{\"event_type\":\"order_placed\",\"object_type\":\"order\",\"object_id\":\"\",\"object_increment_id\":\"000000010\"}'),(19,1,'Sharp AR-6020V',-1.0000,'{\"event_type\":\"order_placed\",\"object_type\":\"order\",\"object_id\":\"\",\"object_increment_id\":\"000000011\"}'),(20,1,'Konica Minolta bizhub 266i',-1.0000,'{\"event_type\":\"order_placed\",\"object_type\":\"order\",\"object_id\":\"\",\"object_increment_id\":\"000000012\"}'),(21,1,'Konica Minolta bizhub 458e',-1.0000,'{\"event_type\":\"order_placed\",\"object_type\":\"order\",\"object_id\":\"\",\"object_increment_id\":\"000000012\"}'),(22,1,'Sharp MX-M6050',-1.0000,'{\"event_type\":\"order_placed\",\"object_type\":\"order\",\"object_id\":\"\",\"object_increment_id\":\"000000012\"}'),(23,1,'Sharp MX-M1054',-1.0000,'{\"event_type\":\"order_placed\",\"object_type\":\"order\",\"object_id\":\"\",\"object_increment_id\":\"000000012\"}'),(24,1,'Konica Minolta bizhub 367',-1.0000,'{\"event_type\":\"order_placed\",\"object_type\":\"order\",\"object_id\":\"\",\"object_increment_id\":\"000000013\"}'),(25,1,'Konica Minolta bizhub 458e',-1.0000,'{\"event_type\":\"order_placed\",\"object_type\":\"order\",\"object_id\":\"\",\"object_increment_id\":\"000000013\"}'),(26,1,'Sharp AR-6020V',-1.0000,'{\"event_type\":\"order_placed\",\"object_type\":\"order\",\"object_id\":\"\",\"object_increment_id\":\"000000013\"}'),(27,1,'Konica Minolta bizhub 266i',-1.0000,'{\"event_type\":\"order_placed\",\"object_type\":\"order\",\"object_id\":\"\",\"object_increment_id\":\"000000014\"}'),(28,1,'Konica Minolta bizhub 458e',-1.0000,'{\"event_type\":\"order_placed\",\"object_type\":\"order\",\"object_id\":\"\",\"object_increment_id\":\"000000014\"}'),(29,1,'Sharp MX-M6050',-2.0000,'{\"event_type\":\"order_placed\",\"object_type\":\"order\",\"object_id\":\"\",\"object_increment_id\":\"000000014\"}'),(30,1,'Sharp MX-M1054',-1.0000,'{\"event_type\":\"order_placed\",\"object_type\":\"order\",\"object_id\":\"\",\"object_increment_id\":\"000000014\"}'),(31,1,'Konica Minolta bizhub 266i',-1.0000,'{\"event_type\":\"order_placed\",\"object_type\":\"order\",\"object_id\":\"\",\"object_increment_id\":\"000000015\"}'),(32,1,'Konica Minolta bizhub 458e',-1.0000,'{\"event_type\":\"order_placed\",\"object_type\":\"order\",\"object_id\":\"\",\"object_increment_id\":\"000000015\"}'),(33,1,'Sharp MX-M6050',-2.0000,'{\"event_type\":\"order_placed\",\"object_type\":\"order\",\"object_id\":\"\",\"object_increment_id\":\"000000015\"}'),(34,1,'Sharp MX-M1054',-1.0000,'{\"event_type\":\"order_placed\",\"object_type\":\"order\",\"object_id\":\"\",\"object_increment_id\":\"000000015\"}'),(35,1,'Sharp MX-M5050',-1.0000,'{\"event_type\":\"order_placed\",\"object_type\":\"order\",\"object_id\":\"\",\"object_increment_id\":\"000000016\"}'),(36,1,'Konica Minolta bizhub 458e',-1.0000,'{\"event_type\":\"order_placed\",\"object_type\":\"order\",\"object_id\":\"\",\"object_increment_id\":\"000000017\"}'),(37,1,'Sharp MX-M5050',-1.0000,'{\"event_type\":\"order_placed\",\"object_type\":\"order\",\"object_id\":\"\",\"object_increment_id\":\"000000017\"}'),(38,1,'Konica Minolta bizhub 266i',-1.0000,'{\"event_type\":\"order_placed\",\"object_type\":\"order\",\"object_id\":\"\",\"object_increment_id\":\"000000018\"}'),(39,1,'Konica Minolta bizhub 458e',-1.0000,'{\"event_type\":\"order_placed\",\"object_type\":\"order\",\"object_id\":\"\",\"object_increment_id\":\"000000018\"}'),(40,1,'Sharp AR-6023N',-1.0000,'{\"event_type\":\"order_placed\",\"object_type\":\"order\",\"object_id\":\"\",\"object_increment_id\":\"000000018\"}'),(41,1,'Sharp MX-M5050',-1.0000,'{\"event_type\":\"order_placed\",\"object_type\":\"order\",\"object_id\":\"\",\"object_increment_id\":\"000000018\"}'),(42,1,'Sharp MX-M6050',-3.0000,'{\"event_type\":\"order_placed\",\"object_type\":\"order\",\"object_id\":\"\",\"object_increment_id\":\"000000018\"}'),(43,1,'Sharp MX-M1054',-1.0000,'{\"event_type\":\"order_placed\",\"object_type\":\"order\",\"object_id\":\"\",\"object_increment_id\":\"000000018\"}'),(44,1,'Konica Minolta bizhub 266i',-1.0000,'{\"event_type\":\"order_placed\",\"object_type\":\"order\",\"object_id\":\"\",\"object_increment_id\":\"000000019\"}'),(45,1,'Konica Minolta bizhub 458e',-1.0000,'{\"event_type\":\"order_placed\",\"object_type\":\"order\",\"object_id\":\"\",\"object_increment_id\":\"000000019\"}'),(46,1,'Sharp AR-6023N',-1.0000,'{\"event_type\":\"order_placed\",\"object_type\":\"order\",\"object_id\":\"\",\"object_increment_id\":\"000000019\"}'),(47,1,'Sharp MX-M5050',-1.0000,'{\"event_type\":\"order_placed\",\"object_type\":\"order\",\"object_id\":\"\",\"object_increment_id\":\"000000019\"}'),(48,1,'Sharp MX-M6050',-3.0000,'{\"event_type\":\"order_placed\",\"object_type\":\"order\",\"object_id\":\"\",\"object_increment_id\":\"000000019\"}'),(49,1,'Sharp MX-M1054',-1.0000,'{\"event_type\":\"order_placed\",\"object_type\":\"order\",\"object_id\":\"\",\"object_increment_id\":\"000000019\"}'),(51,1,'Konica Minolta bizhub C226',-1.0000,'{\"event_type\":\"order_placed\",\"object_type\":\"order\",\"object_id\":\"\",\"object_increment_id\":\"000000021\"}'),(52,1,'Konica Minolta bizhub 226',-1.0000,'{\"event_type\":\"order_placed\",\"object_type\":\"order\",\"object_id\":\"\",\"object_increment_id\":\"000000022\"}'),(53,1,'Konica Minolta bizhub 266i',-1.0000,'{\"event_type\":\"order_placed\",\"object_type\":\"order\",\"object_id\":\"\",\"object_increment_id\":\"000000022\"}'),(54,1,'Konica Minolta bizhub 458e',-7.0000,'{\"event_type\":\"order_placed\",\"object_type\":\"order\",\"object_id\":\"\",\"object_increment_id\":\"000000022\"}'),(55,1,'Sharp MX-M754N',-1.0000,'{\"event_type\":\"order_placed\",\"object_type\":\"order\",\"object_id\":\"\",\"object_increment_id\":\"000000022\"}'),(62,1,'Konica Minolta bizhub C226',-1.0000,'{\"event_type\":\"order_placed\",\"object_type\":\"order\",\"object_id\":\"\",\"object_increment_id\":\"000000025\"}'),(63,1,'Konica Minolta bizhub C226',-1.0000,'{\"event_type\":\"order_placed\",\"object_type\":\"order\",\"object_id\":\"\",\"object_increment_id\":\"000000026\"}'),(88,1,'Konica Minolta bizhub C226',-1.0000,'{\"event_type\":\"order_placed\",\"object_type\":\"order\",\"object_id\":\"\",\"object_increment_id\":\"000000031\"}'),(89,1,'service-call-type-1',-1.0000,'{\"event_type\":\"order_placed\",\"object_type\":\"order\",\"object_id\":\"\",\"object_increment_id\":\"000000031\"}'),(90,1,'201190112',-1.0000,'{\"event_type\":\"order_placed\",\"object_type\":\"order\",\"object_id\":\"\",\"object_increment_id\":\"000000031\"}'),(91,1,'201090126',-1.0000,'{\"event_type\":\"order_placed\",\"object_type\":\"order\",\"object_id\":\"\",\"object_increment_id\":\"000000031\"}'),(92,1,'201090019',-2.0000,'{\"event_type\":\"order_placed\",\"object_type\":\"order\",\"object_id\":\"\",\"object_increment_id\":\"000000031\"}'),(93,1,'Konica Minolta bizhub C226',-1.0000,'{\"event_type\":\"order_placed\",\"object_type\":\"order\",\"object_id\":\"\",\"object_increment_id\":\"000000032\"}'),(94,1,'service-call-type-1',-1.0000,'{\"event_type\":\"order_placed\",\"object_type\":\"order\",\"object_id\":\"\",\"object_increment_id\":\"000000032\"}'),(95,1,'201190112',-1.0000,'{\"event_type\":\"order_placed\",\"object_type\":\"order\",\"object_id\":\"\",\"object_increment_id\":\"000000032\"}'),(96,1,'201090126',-1.0000,'{\"event_type\":\"order_placed\",\"object_type\":\"order\",\"object_id\":\"\",\"object_increment_id\":\"000000032\"}'),(97,1,'201090019',-2.0000,'{\"event_type\":\"order_placed\",\"object_type\":\"order\",\"object_id\":\"\",\"object_increment_id\":\"000000032\"}'),(98,1,'201090021',-1.0000,'{\"event_type\":\"order_placed\",\"object_type\":\"order\",\"object_id\":\"\",\"object_increment_id\":\"000000032\"}'),(99,1,'service-call-type-1',-1.0000,'{\"event_type\":\"order_placed\",\"object_type\":\"order\",\"object_id\":\"\",\"object_increment_id\":\"000000033\"}'),(100,1,'service-call-type-1',-1.0000,'{\"event_type\":\"order_placed\",\"object_type\":\"order\",\"object_id\":\"\",\"object_increment_id\":\"000000034\"}'),(101,1,'201090126',-1.0000,'{\"event_type\":\"order_placed\",\"object_type\":\"order\",\"object_id\":\"\",\"object_increment_id\":\"000000034\"}'),(102,1,'service-call-type-1',-1.0000,'{\"event_type\":\"order_placed\",\"object_type\":\"order\",\"object_id\":\"\",\"object_increment_id\":\"000000035\"}'),(103,1,'201090123',-1.0000,'{\"event_type\":\"order_placed\",\"object_type\":\"order\",\"object_id\":\"\",\"object_increment_id\":\"000000035\"}'),(104,1,'201090126',-1.0000,'{\"event_type\":\"order_placed\",\"object_type\":\"order\",\"object_id\":\"\",\"object_increment_id\":\"000000035\"}'),(105,1,'service-call-type-1',-1.0000,'{\"event_type\":\"order_placed\",\"object_type\":\"order\",\"object_id\":\"\",\"object_increment_id\":\"000000036\"}'),(106,1,'201090021',-1.0000,'{\"event_type\":\"order_placed\",\"object_type\":\"order\",\"object_id\":\"\",\"object_increment_id\":\"000000036\"}'),(107,1,'service-call-type-1',-1.0000,'{\"event_type\":\"order_placed\",\"object_type\":\"order\",\"object_id\":\"\",\"object_increment_id\":\"000000037\"}'),(108,1,'201090019',-2.0000,'{\"event_type\":\"order_placed\",\"object_type\":\"order\",\"object_id\":\"\",\"object_increment_id\":\"000000037\"}'),(109,1,'201090020',-1.0000,'{\"event_type\":\"order_placed\",\"object_type\":\"order\",\"object_id\":\"\",\"object_increment_id\":\"000000037\"}'),(110,1,'201090021',-2.0000,'{\"event_type\":\"order_placed\",\"object_type\":\"order\",\"object_id\":\"\",\"object_increment_id\":\"000000037\"}'),(111,1,'service-call-type-1',-1.0000,'{\"event_type\":\"order_placed\",\"object_type\":\"order\",\"object_id\":\"\",\"object_increment_id\":\"000000038\"}'),(112,1,'201090019',-2.0000,'{\"event_type\":\"order_placed\",\"object_type\":\"order\",\"object_id\":\"\",\"object_increment_id\":\"000000038\"}'),(113,1,'201090020',-1.0000,'{\"event_type\":\"order_placed\",\"object_type\":\"order\",\"object_id\":\"\",\"object_increment_id\":\"000000038\"}'),(114,1,'201090021',-2.0000,'{\"event_type\":\"order_placed\",\"object_type\":\"order\",\"object_id\":\"\",\"object_increment_id\":\"000000038\"}'),(115,1,'service-call-type-1',-1.0000,'{\"event_type\":\"order_placed\",\"object_type\":\"order\",\"object_id\":\"\",\"object_increment_id\":\"000000039\"}'),(116,1,'201090018',-1.0000,'{\"event_type\":\"order_placed\",\"object_type\":\"order\",\"object_id\":\"\",\"object_increment_id\":\"000000039\"}'),(117,1,'201090019',-2.0000,'{\"event_type\":\"order_placed\",\"object_type\":\"order\",\"object_id\":\"\",\"object_increment_id\":\"000000039\"}'),(118,1,'201090020',-1.0000,'{\"event_type\":\"order_placed\",\"object_type\":\"order\",\"object_id\":\"\",\"object_increment_id\":\"000000039\"}'),(119,1,'201090021',-2.0000,'{\"event_type\":\"order_placed\",\"object_type\":\"order\",\"object_id\":\"\",\"object_increment_id\":\"000000039\"}'),(120,1,'service-call-type-1',-1.0000,'{\"event_type\":\"order_placed\",\"object_type\":\"order\",\"object_id\":\"\",\"object_increment_id\":\"000000040\"}'),(121,1,'201090018',-1.0000,'{\"event_type\":\"order_placed\",\"object_type\":\"order\",\"object_id\":\"\",\"object_increment_id\":\"000000040\"}'),(122,1,'201090019',-2.0000,'{\"event_type\":\"order_placed\",\"object_type\":\"order\",\"object_id\":\"\",\"object_increment_id\":\"000000040\"}'),(123,1,'201090020',-1.0000,'{\"event_type\":\"order_placed\",\"object_type\":\"order\",\"object_id\":\"\",\"object_increment_id\":\"000000040\"}'),(124,1,'201090021',-2.0000,'{\"event_type\":\"order_placed\",\"object_type\":\"order\",\"object_id\":\"\",\"object_increment_id\":\"000000040\"}'),(125,1,'service-plan-type-1',-1.0000,'{\"event_type\":\"order_placed\",\"object_type\":\"order\",\"object_id\":\"\",\"object_increment_id\":\"000000041\"}'),(138,1,'service-plan-type-1',-1.0000,'{\"event_type\":\"order_placed\",\"object_type\":\"order\",\"object_id\":\"\",\"object_increment_id\":\"000000045\"}'),(139,1,'201090126',-2.0000,'{\"event_type\":\"order_placed\",\"object_type\":\"order\",\"object_id\":\"\",\"object_increment_id\":\"000000045\"}'),(142,1,'201090021',-1.0000,'{\"event_type\":\"order_placed\",\"object_type\":\"order\",\"object_id\":\"\",\"object_increment_id\":\"000000047\"}'),(143,1,'201090022',-1.0000,'{\"event_type\":\"order_placed\",\"object_type\":\"order\",\"object_id\":\"\",\"object_increment_id\":\"000000047\"}'),(144,1,'201190133',-1.0000,'{\"event_type\":\"order_placed\",\"object_type\":\"order\",\"object_id\":\"\",\"object_increment_id\":\"000000048\"}'),(145,1,'2011900164',-3.0000,'{\"event_type\":\"order_placed\",\"object_type\":\"order\",\"object_id\":\"\",\"object_increment_id\":\"000000049\"}'),(146,1,'20109002',-2.0000,'{\"event_type\":\"order_placed\",\"object_type\":\"order\",\"object_id\":\"\",\"object_increment_id\":\"000000049\"}'),(147,1,'201090019',-1.0000,'{\"event_type\":\"order_placed\",\"object_type\":\"order\",\"object_id\":\"\",\"object_increment_id\":\"000000049\"}'),(148,1,'service-call-type-1',-1.0000,'{\"event_type\":\"order_placed\",\"object_type\":\"order\",\"object_id\":\"\",\"object_increment_id\":\"000000050\"}'),(149,1,'2011900166',-1.0000,'{\"event_type\":\"order_placed\",\"object_type\":\"order\",\"object_id\":\"\",\"object_increment_id\":\"000000050\"}'),(150,1,'service-call-type-1',-1.0000,'{\"event_type\":\"order_placed\",\"object_type\":\"order\",\"object_id\":\"\",\"object_increment_id\":\"000000051\"}'),(151,1,'Sub 150',-1.0000,'{\"event_type\":\"order_placed\",\"object_type\":\"order\",\"object_id\":\"\",\"object_increment_id\":\"000000051\"}'),(152,1,'service-call-type-1',-1.0000,'{\"event_type\":\"order_placed\",\"object_type\":\"order\",\"object_id\":\"\",\"object_increment_id\":\"000000052\"}'),(153,1,'Sub 150',-1.0000,'{\"event_type\":\"order_placed\",\"object_type\":\"order\",\"object_id\":\"\",\"object_increment_id\":\"000000052\"}'),(154,1,'Sub 150',-1.0000,'{\"event_type\":\"order_placed\",\"object_type\":\"order\",\"object_id\":\"\",\"object_increment_id\":\"000000053\"}'),(155,1,'service-call-type-1',-1.0000,'{\"event_type\":\"order_placed\",\"object_type\":\"order\",\"object_id\":\"\",\"object_increment_id\":\"000000054\"}'),(156,1,'Sub 200',-1.0000,'{\"event_type\":\"order_placed\",\"object_type\":\"order\",\"object_id\":\"\",\"object_increment_id\":\"000000054\"}'),(157,1,'service-call-type-1',-1.0000,'{\"event_type\":\"order_placed\",\"object_type\":\"order\",\"object_id\":\"\",\"object_increment_id\":\"000000055\"}'),(158,1,'Sub 200',-1.0000,'{\"event_type\":\"order_placed\",\"object_type\":\"order\",\"object_id\":\"\",\"object_increment_id\":\"000000055\"}'),(159,1,'service-call-type-1',-1.0000,'{\"event_type\":\"order_placed\",\"object_type\":\"order\",\"object_id\":\"\",\"object_increment_id\":\"000000056\"}'),(160,1,'Sub 200',-1.0000,'{\"event_type\":\"order_placed\",\"object_type\":\"order\",\"object_id\":\"\",\"object_increment_id\":\"000000056\"}'),(161,1,'Sub 200',-1.0000,'{\"event_type\":\"order_placed\",\"object_type\":\"order\",\"object_id\":\"\",\"object_increment_id\":\"000000057\"}'),(162,1,'service-plan-type-1',-1.0000,'{\"event_type\":\"order_placed\",\"object_type\":\"order\",\"object_id\":\"\",\"object_increment_id\":\"000000058\"}'),(163,1,'Sub 200',-1.0000,'{\"event_type\":\"order_placed\",\"object_type\":\"order\",\"object_id\":\"\",\"object_increment_id\":\"000000058\"}'),(164,1,'service-plan-type-1',-1.0000,'{\"event_type\":\"order_placed\",\"object_type\":\"order\",\"object_id\":\"\",\"object_increment_id\":\"000000059\"}'),(165,1,'Sub 200',-1.0000,'{\"event_type\":\"order_placed\",\"object_type\":\"order\",\"object_id\":\"\",\"object_increment_id\":\"000000059\"}'),(166,1,'service-plan-type-1',-1.0000,'{\"event_type\":\"order_placed\",\"object_type\":\"order\",\"object_id\":\"\",\"object_increment_id\":\"000000060\"}'),(167,1,'Sub 200',-1.0000,'{\"event_type\":\"order_placed\",\"object_type\":\"order\",\"object_id\":\"\",\"object_increment_id\":\"000000060\"}'),(168,1,'service-plan-type-1',-2.0000,'{\"event_type\":\"order_placed\",\"object_type\":\"order\",\"object_id\":\"\",\"object_increment_id\":\"000000061\"}'),(169,1,'service-call-type-1',-1.0000,'{\"event_type\":\"order_placed\",\"object_type\":\"order\",\"object_id\":\"\",\"object_increment_id\":\"000000061\"}'),(170,1,'Sub 150',-1.0000,'{\"event_type\":\"order_placed\",\"object_type\":\"order\",\"object_id\":\"\",\"object_increment_id\":\"000000061\"}'),(171,1,'Sub 200',-1.0000,'{\"event_type\":\"order_placed\",\"object_type\":\"order\",\"object_id\":\"\",\"object_increment_id\":\"000000061\"}'),(176,1,'Sub 150',-1.0000,'{\"event_type\":\"order_placed\",\"object_type\":\"order\",\"object_id\":\"\",\"object_increment_id\":\"000000063\"}'),(177,1,'service-plan-type-1',-1.0000,'{\"event_type\":\"order_placed\",\"object_type\":\"order\",\"object_id\":\"\",\"object_increment_id\":\"000000064\"}'),(178,1,'Sub 200',-2.0000,'{\"event_type\":\"order_placed\",\"object_type\":\"order\",\"object_id\":\"\",\"object_increment_id\":\"000000064\"}'),(179,1,'service-plan-type-1',-1.0000,'{\"event_type\":\"order_placed\",\"object_type\":\"order\",\"object_id\":\"\",\"object_increment_id\":\"000000065\"}'),(180,1,'Sub 200',-1.0000,'{\"event_type\":\"order_placed\",\"object_type\":\"order\",\"object_id\":\"\",\"object_increment_id\":\"000000065\"}'),(181,1,'service-plan-type-1',-1.0000,'{\"event_type\":\"order_placed\",\"object_type\":\"order\",\"object_id\":\"\",\"object_increment_id\":\"000000066\"}'),(182,1,'Sub 200',-1.0000,'{\"event_type\":\"order_placed\",\"object_type\":\"order\",\"object_id\":\"\",\"object_increment_id\":\"000000066\"}'),(183,1,'service-plan-type-1',-1.0000,'{\"event_type\":\"order_placed\",\"object_type\":\"order\",\"object_id\":\"\",\"object_increment_id\":\"000000067\"}'),(184,1,'Sub 200',-1.0000,'{\"event_type\":\"order_placed\",\"object_type\":\"order\",\"object_id\":\"\",\"object_increment_id\":\"000000067\"}'),(185,1,'service-plan-type-1',-1.0000,'{\"event_type\":\"order_placed\",\"object_type\":\"order\",\"object_id\":\"\",\"object_increment_id\":\"000000068\"}'),(186,1,'Sub 200',-1.0000,'{\"event_type\":\"order_placed\",\"object_type\":\"order\",\"object_id\":\"\",\"object_increment_id\":\"000000068\"}'),(191,1,'Sub 100',-1.0000,'{\"event_type\":\"order_placed\",\"object_type\":\"order\",\"object_id\":\"\",\"object_increment_id\":\"000000070\"}'),(192,1,'Sub 200',-1.0000,'{\"event_type\":\"order_placed\",\"object_type\":\"order\",\"object_id\":\"\",\"object_increment_id\":\"000000071\"}'),(193,1,'Sub 200',-1.0000,'{\"event_type\":\"order_placed\",\"object_type\":\"order\",\"object_id\":\"\",\"object_increment_id\":\"000000072\"}'),(194,1,'Sub 200',-1.0000,'{\"event_type\":\"order_placed\",\"object_type\":\"order\",\"object_id\":\"\",\"object_increment_id\":\"000000073\"}'),(195,1,'Sub 200',-1.0000,'{\"event_type\":\"order_placed\",\"object_type\":\"order\",\"object_id\":\"\",\"object_increment_id\":\"000000074\"}'),(196,1,'Sub 200',-1.0000,'{\"event_type\":\"order_placed\",\"object_type\":\"order\",\"object_id\":\"\",\"object_increment_id\":\"000000075\"}'),(197,1,'Sub 200',-1.0000,'{\"event_type\":\"order_placed\",\"object_type\":\"order\",\"object_id\":\"\",\"object_increment_id\":\"000000076\"}'),(198,1,'Sub 200',-1.0000,'{\"event_type\":\"order_placed\",\"object_type\":\"order\",\"object_id\":\"\",\"object_increment_id\":\"000000077\"}'),(199,1,'Sub 200',-1.0000,'{\"event_type\":\"order_placed\",\"object_type\":\"order\",\"object_id\":\"\",\"object_increment_id\":\"000000078\"}'),(200,1,'Sub 200',-1.0000,'{\"event_type\":\"order_placed\",\"object_type\":\"order\",\"object_id\":\"\",\"object_increment_id\":\"000000079\"}'),(201,1,'Sub 200',-1.0000,'{\"event_type\":\"order_placed\",\"object_type\":\"order\",\"object_id\":\"\",\"object_increment_id\":\"000000080\"}'),(202,1,'Sub 200',-1.0000,'{\"event_type\":\"order_placed\",\"object_type\":\"order\",\"object_id\":\"\",\"object_increment_id\":\"000000081\"}'),(203,1,'Sub 200',-1.0000,'{\"event_type\":\"order_placed\",\"object_type\":\"order\",\"object_id\":\"\",\"object_increment_id\":\"000000082\"}'),(205,1,'Sub 200',-1.0000,'{\"event_type\":\"order_placed\",\"object_type\":\"order\",\"object_id\":\"\",\"object_increment_id\":\"000000084\"}'),(206,1,'Sub 200',-1.0000,'{\"event_type\":\"order_placed\",\"object_type\":\"order\",\"object_id\":\"\",\"object_increment_id\":\"000000085\"}'),(208,1,'201090021',-1.0000,'{\"event_type\":\"order_placed\",\"object_type\":\"order\",\"object_id\":\"\",\"object_increment_id\":\"000000086\"}'),(209,1,'Sub 200',-1.0000,'{\"event_type\":\"order_placed\",\"object_type\":\"order\",\"object_id\":\"\",\"object_increment_id\":\"000000087\"}'),(210,1,'Sub 200',-1.0000,'{\"event_type\":\"order_placed\",\"object_type\":\"order\",\"object_id\":\"\",\"object_increment_id\":\"000000088\"}'),(211,1,'Sub 200',-1.0000,'{\"event_type\":\"order_placed\",\"object_type\":\"order\",\"object_id\":\"\",\"object_increment_id\":\"000000089\"}'),(212,1,'Sub 200',-1.0000,'{\"event_type\":\"order_placed\",\"object_type\":\"order\",\"object_id\":\"\",\"object_increment_id\":\"000000090\"}'),(213,1,'Sub 200',-1.0000,'{\"event_type\":\"order_placed\",\"object_type\":\"order\",\"object_id\":\"\",\"object_increment_id\":\"000000091\"}'),(214,1,'Sub 200',-1.0000,'{\"event_type\":\"order_placed\",\"object_type\":\"order\",\"object_id\":\"\",\"object_increment_id\":\"000000092\"}'),(215,1,'Sub 200',-1.0000,'{\"event_type\":\"order_placed\",\"object_type\":\"order\",\"object_id\":\"\",\"object_increment_id\":\"000000093\"}'),(216,1,'Sub 200',-1.0000,'{\"event_type\":\"order_placed\",\"object_type\":\"order\",\"object_id\":\"\",\"object_increment_id\":\"000000094\"}'),(217,1,'Sub 200',-1.0000,'{\"event_type\":\"order_placed\",\"object_type\":\"order\",\"object_id\":\"\",\"object_increment_id\":\"000000095\"}'),(218,1,'Sub 200',-1.0000,'{\"event_type\":\"order_placed\",\"object_type\":\"order\",\"object_id\":\"\",\"object_increment_id\":\"000000096\"}'),(219,1,'Sub 200',-1.0000,'{\"event_type\":\"order_placed\",\"object_type\":\"order\",\"object_id\":\"\",\"object_increment_id\":\"000000097\"}'),(220,1,'Sub 200',-1.0000,'{\"event_type\":\"order_placed\",\"object_type\":\"order\",\"object_id\":\"\",\"object_increment_id\":\"000000098\"}'),(221,1,'Sub 200',-1.0000,'{\"event_type\":\"order_placed\",\"object_type\":\"order\",\"object_id\":\"\",\"object_increment_id\":\"000000099\"}'),(222,1,'Sub 200',-1.0000,'{\"event_type\":\"order_placed\",\"object_type\":\"order\",\"object_id\":\"\",\"object_increment_id\":\"000000100\"}'),(223,1,'Sub 200',-1.0000,'{\"event_type\":\"order_placed\",\"object_type\":\"order\",\"object_id\":\"\",\"object_increment_id\":\"000000101\"}'),(224,1,'Sub 200',-1.0000,'{\"event_type\":\"order_placed\",\"object_type\":\"order\",\"object_id\":\"\",\"object_increment_id\":\"000000102\"}'),(225,1,'Sub 200',-1.0000,'{\"event_type\":\"order_placed\",\"object_type\":\"order\",\"object_id\":\"\",\"object_increment_id\":\"000000103\"}'),(226,1,'Sub 200',-1.0000,'{\"event_type\":\"order_placed\",\"object_type\":\"order\",\"object_id\":\"\",\"object_increment_id\":\"000000104\"}'),(227,1,'Sub 200',-1.0000,'{\"event_type\":\"order_placed\",\"object_type\":\"order\",\"object_id\":\"\",\"object_increment_id\":\"000000105\"}'),(228,1,'Sub 200',-1.0000,'{\"event_type\":\"order_placed\",\"object_type\":\"order\",\"object_id\":\"\",\"object_increment_id\":\"000000106\"}'),(229,1,'Sub 200',-1.0000,'{\"event_type\":\"order_placed\",\"object_type\":\"order\",\"object_id\":\"\",\"object_increment_id\":\"000000107\"}'),(230,1,'Sub 200',-1.0000,'{\"event_type\":\"order_placed\",\"object_type\":\"order\",\"object_id\":\"\",\"object_increment_id\":\"000000108\"}'),(231,1,'Sub 200',-1.0000,'{\"event_type\":\"order_placed\",\"object_type\":\"order\",\"object_id\":\"\",\"object_increment_id\":\"000000109\"}'),(233,1,'201090022',-1.0000,'{\"event_type\":\"order_placed\",\"object_type\":\"order\",\"object_id\":\"\",\"object_increment_id\":\"000000111\"}'),(234,1,'Sub 150',-1.0000,'{\"event_type\":\"order_placed\",\"object_type\":\"order\",\"object_id\":\"\",\"object_increment_id\":\"000000111\"}'),(235,1,'201090126',-1.0000,'{\"event_type\":\"order_placed\",\"object_type\":\"order\",\"object_id\":\"\",\"object_increment_id\":\"000000112\"}'),(236,1,'201090020',-1.0000,'{\"event_type\":\"order_placed\",\"object_type\":\"order\",\"object_id\":\"\",\"object_increment_id\":\"000000112\"}'),(237,1,'service-plan-type-1',-1.0000,'{\"event_type\":\"order_placed\",\"object_type\":\"order\",\"object_id\":\"\",\"object_increment_id\":\"000000113\"}'),(238,1,'Sub 500',-1.0000,'{\"event_type\":\"order_placed\",\"object_type\":\"order\",\"object_id\":\"\",\"object_increment_id\":\"000000113\"}'),(239,1,'service-plan-type-1',-1.0000,'{\"event_type\":\"order_placed\",\"object_type\":\"order\",\"object_id\":\"\",\"object_increment_id\":\"000000114\"}'),(240,1,'Sub 500',-1.0000,'{\"event_type\":\"order_placed\",\"object_type\":\"order\",\"object_id\":\"\",\"object_increment_id\":\"000000114\"}'),(241,1,'service-plan-type-1',-1.0000,'{\"event_type\":\"order_placed\",\"object_type\":\"order\",\"object_id\":\"\",\"object_increment_id\":\"000000115\"}'),(242,1,'Sub 500',-1.0000,'{\"event_type\":\"order_placed\",\"object_type\":\"order\",\"object_id\":\"\",\"object_increment_id\":\"000000115\"}'),(243,1,'service-plan-type-1',-1.0000,'{\"event_type\":\"order_placed\",\"object_type\":\"order\",\"object_id\":\"\",\"object_increment_id\":\"000000116\"}'),(244,1,'Sub 500',-1.0000,'{\"event_type\":\"order_placed\",\"object_type\":\"order\",\"object_id\":\"\",\"object_increment_id\":\"000000116\"}'),(245,1,'service-plan-type-1',-1.0000,'{\"event_type\":\"order_placed\",\"object_type\":\"order\",\"object_id\":\"\",\"object_increment_id\":\"000000117\"}'),(246,1,'Sub 500',-1.0000,'{\"event_type\":\"order_placed\",\"object_type\":\"order\",\"object_id\":\"\",\"object_increment_id\":\"000000117\"}'),(247,1,'service-plan-type-1',-1.0000,'{\"event_type\":\"order_placed\",\"object_type\":\"order\",\"object_id\":\"\",\"object_increment_id\":\"000000118\"}'),(248,1,'Sub 500',-1.0000,'{\"event_type\":\"order_placed\",\"object_type\":\"order\",\"object_id\":\"\",\"object_increment_id\":\"000000118\"}'),(249,1,'service-plan-type-1',-1.0000,'{\"event_type\":\"order_placed\",\"object_type\":\"order\",\"object_id\":\"\",\"object_increment_id\":\"000000119\"}'),(250,1,'service-call-type-1',-1.0000,'{\"event_type\":\"order_placed\",\"object_type\":\"order\",\"object_id\":\"\",\"object_increment_id\":\"000000119\"}'),(251,1,'Sub 150',-1.0000,'{\"event_type\":\"order_placed\",\"object_type\":\"order\",\"object_id\":\"\",\"object_increment_id\":\"000000119\"}'),(255,1,'service-plan-type-1',-1.0000,'{\"event_type\":\"order_placed\",\"object_type\":\"order\",\"object_id\":\"\",\"object_increment_id\":\"000000121\"}'),(256,1,'service-call-type-1',-1.0000,'{\"event_type\":\"order_placed\",\"object_type\":\"order\",\"object_id\":\"\",\"object_increment_id\":\"000000121\"}'),(257,1,'Sub 150',-1.0000,'{\"event_type\":\"order_placed\",\"object_type\":\"order\",\"object_id\":\"\",\"object_increment_id\":\"000000121\"}'),(261,1,'service-plan-type-1',-1.0000,'{\"event_type\":\"order_placed\",\"object_type\":\"order\",\"object_id\":\"\",\"object_increment_id\":\"000000122\"}'),(262,1,'service-call-type-1',-1.0000,'{\"event_type\":\"order_placed\",\"object_type\":\"order\",\"object_id\":\"\",\"object_increment_id\":\"000000122\"}'),(263,1,'Sub 150',-2.0000,'{\"event_type\":\"order_placed\",\"object_type\":\"order\",\"object_id\":\"\",\"object_increment_id\":\"000000122\"}'),(264,1,'service-plan-type-1',-2.0000,'{\"event_type\":\"order_placed\",\"object_type\":\"order\",\"object_id\":\"\",\"object_increment_id\":\"000000123\"}'),(265,1,'service-call-type-1',-1.0000,'{\"event_type\":\"order_placed\",\"object_type\":\"order\",\"object_id\":\"\",\"object_increment_id\":\"000000123\"}'),(266,1,'Sub 150',-2.0000,'{\"event_type\":\"order_placed\",\"object_type\":\"order\",\"object_id\":\"\",\"object_increment_id\":\"000000123\"}'),(267,1,'Konica Minolta bizhub 458e',-3.0000,'{\"event_type\":\"order_placed\",\"object_type\":\"order\",\"object_id\":\"\",\"object_increment_id\":\"000000124\"}'),(268,1,'201090126',-1.0000,'{\"event_type\":\"order_placed\",\"object_type\":\"order\",\"object_id\":\"\",\"object_increment_id\":\"000000124\"}'),(269,1,'201090020',-1.0000,'{\"event_type\":\"order_placed\",\"object_type\":\"order\",\"object_id\":\"\",\"object_increment_id\":\"000000124\"}'),(270,1,'201090021',-1.0000,'{\"event_type\":\"order_placed\",\"object_type\":\"order\",\"object_id\":\"\",\"object_increment_id\":\"000000125\"}'),(271,1,'201090019',-1.0000,'{\"event_type\":\"order_placed\",\"object_type\":\"order\",\"object_id\":\"\",\"object_increment_id\":\"000000126\"}'),(272,1,'201090019',-1.0000,'{\"event_type\":\"order_placed\",\"object_type\":\"order\",\"object_id\":\"\",\"object_increment_id\":\"000000127\"}'),(273,1,'201090126',-1.0000,'{\"event_type\":\"order_placed\",\"object_type\":\"order\",\"object_id\":\"\",\"object_increment_id\":\"000000128\"}'),(274,1,'service-call-type-1',-1.0000,'{\"event_type\":\"order_placed\",\"object_type\":\"order\",\"object_id\":\"\",\"object_increment_id\":\"000000129\"}'),(275,1,'201090126',-1.0000,'{\"event_type\":\"order_placed\",\"object_type\":\"order\",\"object_id\":\"\",\"object_increment_id\":\"000000129\"}'),(276,1,'201090017',-1.0000,'{\"event_type\":\"order_placed\",\"object_type\":\"order\",\"object_id\":\"\",\"object_increment_id\":\"000000129\"}'),(277,1,'201090021',-1.0000,'{\"event_type\":\"order_placed\",\"object_type\":\"order\",\"object_id\":\"\",\"object_increment_id\":\"000000129\"}'),(278,1,'service-plan-type-1',-1.0000,'{\"event_type\":\"order_placed\",\"object_type\":\"order\",\"object_id\":\"\",\"object_increment_id\":\"000000130\"}'),(279,1,'service-call-type-1',-1.0000,'{\"event_type\":\"order_placed\",\"object_type\":\"order\",\"object_id\":\"\",\"object_increment_id\":\"000000130\"}'),(280,1,'Sub 150',-1.0000,'{\"event_type\":\"order_placed\",\"object_type\":\"order\",\"object_id\":\"\",\"object_increment_id\":\"000000130\"}'),(281,1,'201090017',-1.0000,'{\"event_type\":\"order_placed\",\"object_type\":\"order\",\"object_id\":\"\",\"object_increment_id\":\"000000131\"}'),(282,1,'201090018',-1.0000,'{\"event_type\":\"order_placed\",\"object_type\":\"order\",\"object_id\":\"\",\"object_increment_id\":\"000000131\"}'),(283,1,'201090021',-1.0000,'{\"event_type\":\"order_placed\",\"object_type\":\"order\",\"object_id\":\"\",\"object_increment_id\":\"000000131\"}'),(284,1,'201090126',-1.0000,'{\"event_type\":\"order_placed\",\"object_type\":\"order\",\"object_id\":\"\",\"object_increment_id\":\"000000132\"}'),(285,1,'fax-kit',-3.0000,'{\"event_type\":\"order_placed\",\"object_type\":\"order\",\"object_id\":\"\",\"object_increment_id\":\"000000133\"}'),(286,1,'201090021',-1.0000,'{\"event_type\":\"order_placed\",\"object_type\":\"order\",\"object_id\":\"\",\"object_increment_id\":\"000000133\"}'),(287,1,'Sub 150',-6.0000,'{\"event_type\":\"order_placed\",\"object_type\":\"order\",\"object_id\":\"\",\"object_increment_id\":\"000000133\"}'),(288,1,'Sub 150',-1.0000,'{\"event_type\":\"order_placed\",\"object_type\":\"order\",\"object_id\":\"\",\"object_increment_id\":\"000000134\"}'),(289,1,'201090019',-1.0000,'{\"event_type\":\"order_placed\",\"object_type\":\"order\",\"object_id\":\"\",\"object_increment_id\":\"000000135\"}'),(290,1,'Sub 200',-1.0000,'{\"event_type\":\"order_placed\",\"object_type\":\"order\",\"object_id\":\"\",\"object_increment_id\":\"000000136\"}'),(291,1,'201090021',-1.0000,'{\"event_type\":\"order_placed\",\"object_type\":\"order\",\"object_id\":\"\",\"object_increment_id\":\"000000137\"}'),(292,1,'fax-kit',-1.0000,'{\"event_type\":\"order_placed\",\"object_type\":\"order\",\"object_id\":\"\",\"object_increment_id\":\"000000138\"}'),(293,1,'Sub 250',-1.0000,'{\"event_type\":\"order_placed\",\"object_type\":\"order\",\"object_id\":\"\",\"object_increment_id\":\"000000138\"}'),(294,1,'fax-kit',-1.0000,'{\"event_type\":\"order_placed\",\"object_type\":\"order\",\"object_id\":\"\",\"object_increment_id\":\"000000139\"}'),(295,1,'Sub 250',-1.0000,'{\"event_type\":\"order_placed\",\"object_type\":\"order\",\"object_id\":\"\",\"object_increment_id\":\"000000139\"}'),(296,1,'fax-kit',-1.0000,'{\"event_type\":\"order_placed\",\"object_type\":\"order\",\"object_id\":\"\",\"object_increment_id\":\"000000140\"}'),(297,1,'Sub 250',-1.0000,'{\"event_type\":\"order_placed\",\"object_type\":\"order\",\"object_id\":\"\",\"object_increment_id\":\"000000140\"}'),(298,1,'fax-kit',-1.0000,'{\"event_type\":\"order_placed\",\"object_type\":\"order\",\"object_id\":\"\",\"object_increment_id\":\"000000141\"}'),(299,1,'Sub 250',-1.0000,'{\"event_type\":\"order_placed\",\"object_type\":\"order\",\"object_id\":\"\",\"object_increment_id\":\"000000141\"}'),(300,1,'fax-kit',-1.0000,'{\"event_type\":\"order_placed\",\"object_type\":\"order\",\"object_id\":\"\",\"object_increment_id\":\"000000142\"}'),(301,1,'Sub 250',-1.0000,'{\"event_type\":\"order_placed\",\"object_type\":\"order\",\"object_id\":\"\",\"object_increment_id\":\"000000142\"}'),(302,1,'fax-kit',-1.0000,'{\"event_type\":\"order_placed\",\"object_type\":\"order\",\"object_id\":\"\",\"object_increment_id\":\"000000143\"}'),(303,1,'Sub 250',-1.0000,'{\"event_type\":\"order_placed\",\"object_type\":\"order\",\"object_id\":\"\",\"object_increment_id\":\"000000143\"}'),(304,1,'201090126',-1.0000,'{\"event_type\":\"order_placed\",\"object_type\":\"order\",\"object_id\":\"\",\"object_increment_id\":\"000000144\"}'),(305,1,'Sub 150',-1.0000,'{\"event_type\":\"order_placed\",\"object_type\":\"order\",\"object_id\":\"\",\"object_increment_id\":\"000000145\"}'),(306,1,'more-paper-trays',-1.0000,'{\"event_type\":\"order_placed\",\"object_type\":\"order\",\"object_id\":\"\",\"object_increment_id\":\"000000146\"}'),(307,1,'Sub 250',-1.0000,'{\"event_type\":\"order_placed\",\"object_type\":\"order\",\"object_id\":\"\",\"object_increment_id\":\"000000146\"}'),(308,1,'more-paper-trays',-1.0000,'{\"event_type\":\"order_placed\",\"object_type\":\"order\",\"object_id\":\"\",\"object_increment_id\":\"000000147\"}'),(309,1,'Sub 250',-1.0000,'{\"event_type\":\"order_placed\",\"object_type\":\"order\",\"object_id\":\"\",\"object_increment_id\":\"000000147\"}'),(310,1,'more-paper-trays',-1.0000,'{\"event_type\":\"order_placed\",\"object_type\":\"order\",\"object_id\":\"\",\"object_increment_id\":\"000000148\"}'),(311,1,'Sub 250',-1.0000,'{\"event_type\":\"order_placed\",\"object_type\":\"order\",\"object_id\":\"\",\"object_increment_id\":\"000000148\"}'),(312,1,'201090126',-1.0000,'{\"event_type\":\"order_placed\",\"object_type\":\"order\",\"object_id\":\"\",\"object_increment_id\":\"000000149\"}'),(313,1,'Sub 500',-1.0000,'{\"event_type\":\"order_placed\",\"object_type\":\"order\",\"object_id\":\"\",\"object_increment_id\":\"000000149\"}'),(314,1,'fax-kit',-1.0000,'{\"event_type\":\"order_placed\",\"object_type\":\"order\",\"object_id\":\"\",\"object_increment_id\":\"000000150\"}'),(315,1,'Sub 150',-1.0000,'{\"event_type\":\"order_placed\",\"object_type\":\"order\",\"object_id\":\"\",\"object_increment_id\":\"000000150\"}'),(316,1,'fax-kit',-1.0000,'{\"event_type\":\"order_placed\",\"object_type\":\"order\",\"object_id\":\"\",\"object_increment_id\":\"000000151\"}'),(317,1,'more-paper-trays',-1.0000,'{\"event_type\":\"order_placed\",\"object_type\":\"order\",\"object_id\":\"\",\"object_increment_id\":\"000000151\"}'),(318,1,'201090021',-1.0000,'{\"event_type\":\"order_placed\",\"object_type\":\"order\",\"object_id\":\"\",\"object_increment_id\":\"000000151\"}'),(319,1,'Sub 150',-1.0000,'{\"event_type\":\"order_placed\",\"object_type\":\"order\",\"object_id\":\"\",\"object_increment_id\":\"000000151\"}'),(320,1,'fax-kit',-1.0000,'{\"event_type\":\"order_placed\",\"object_type\":\"order\",\"object_id\":\"\",\"object_increment_id\":\"000000152\"}'),(321,1,'more-paper-trays',-1.0000,'{\"event_type\":\"order_placed\",\"object_type\":\"order\",\"object_id\":\"\",\"object_increment_id\":\"000000152\"}'),(322,1,'201090021',-1.0000,'{\"event_type\":\"order_placed\",\"object_type\":\"order\",\"object_id\":\"\",\"object_increment_id\":\"000000152\"}'),(323,1,'Sub 150',-1.0000,'{\"event_type\":\"order_placed\",\"object_type\":\"order\",\"object_id\":\"\",\"object_increment_id\":\"000000152\"}'),(324,1,'Sub 150',-1.0000,'{\"event_type\":\"order_placed\",\"object_type\":\"order\",\"object_id\":\"\",\"object_increment_id\":\"000000153\"}'),(325,1,'service-plan-type-1',-1.0000,'{\"event_type\":\"order_placed\",\"object_type\":\"order\",\"object_id\":\"\",\"object_increment_id\":\"000000153\"}'),(326,1,'fax-kit',-1.0000,'{\"event_type\":\"order_placed\",\"object_type\":\"order\",\"object_id\":\"\",\"object_increment_id\":\"000000154\"}'),(327,1,'Sub 150',-1.0000,'{\"event_type\":\"order_placed\",\"object_type\":\"order\",\"object_id\":\"\",\"object_increment_id\":\"000000154\"}'),(328,1,'service-call-type-1',-1.0000,'{\"event_type\":\"order_placed\",\"object_type\":\"order\",\"object_id\":\"\",\"object_increment_id\":\"000000154\"}'),(329,1,'Sub 200',-1.0000,'{\"event_type\":\"order_placed\",\"object_type\":\"order\",\"object_id\":\"\",\"object_increment_id\":\"000000155\"}'),(330,1,'Sub 200',-1.0000,'{\"event_type\":\"order_placed\",\"object_type\":\"order\",\"object_id\":\"\",\"object_increment_id\":\"000000156\"}'),(331,1,'201090021',-1.0000,'{\"event_type\":\"order_placed\",\"object_type\":\"order\",\"object_id\":\"\",\"object_increment_id\":\"000000157\"}'),(332,1,'201190161',-1.0000,'{\"event_type\":\"order_placed\",\"object_type\":\"order\",\"object_id\":\"\",\"object_increment_id\":\"000000158\"}'),(333,1,'201090126',-1.0000,'{\"event_type\":\"order_placed\",\"object_type\":\"order\",\"object_id\":\"\",\"object_increment_id\":\"000000158\"}'),(334,1,'201090021',-1.0000,'{\"event_type\":\"order_placed\",\"object_type\":\"order\",\"object_id\":\"\",\"object_increment_id\":\"000000158\"}'),(335,1,'service-plan-type-5',-1.0000,'{\"event_type\":\"order_placed\",\"object_type\":\"order\",\"object_id\":\"\",\"object_increment_id\":\"000000159\"}'),(336,1,'service-call-type-1',-1.0000,'{\"event_type\":\"order_placed\",\"object_type\":\"order\",\"object_id\":\"\",\"object_increment_id\":\"000000160\"}'),(338,1,'Sub 250',-1.0000,'{\"event_type\":\"order_placed\",\"object_type\":\"order\",\"object_id\":\"\",\"object_increment_id\":\"000000161\"}'),(339,1,'Sub 250',-1.0000,'{\"event_type\":\"order_placed\",\"object_type\":\"order\",\"object_id\":\"\",\"object_increment_id\":\"000000162\"}'),(340,1,'Sub 250',-1.0000,'{\"event_type\":\"order_placed\",\"object_type\":\"order\",\"object_id\":\"\",\"object_increment_id\":\"000000163\"}'),(341,1,'Sub 250',-1.0000,'{\"event_type\":\"order_placed\",\"object_type\":\"order\",\"object_id\":\"\",\"object_increment_id\":\"000000165\"}'),(342,1,'Sub 500',-1.0000,'{\"event_type\":\"order_placed\",\"object_type\":\"order\",\"object_id\":\"\",\"object_increment_id\":\"000000166\"}'),(343,1,'Sub 500',-1.0000,'{\"event_type\":\"order_placed\",\"object_type\":\"order\",\"object_id\":\"\",\"object_increment_id\":\"000000167\"}'),(344,1,'Sub 500',-1.0000,'{\"event_type\":\"order_placed\",\"object_type\":\"order\",\"object_id\":\"\",\"object_increment_id\":\"000000168\"}'),(345,1,'fax-kit',-1.0000,'{\"event_type\":\"order_placed\",\"object_type\":\"order\",\"object_id\":\"\",\"object_increment_id\":\"000000169\"}'),(346,1,'more-paper-trays',-1.0000,'{\"event_type\":\"order_placed\",\"object_type\":\"order\",\"object_id\":\"\",\"object_increment_id\":\"000000169\"}'),(347,1,'Sub 500',-1.0000,'{\"event_type\":\"order_placed\",\"object_type\":\"order\",\"object_id\":\"\",\"object_increment_id\":\"000000169\"}'),(348,1,'fax-kit',-1.0000,'{\"event_type\":\"order_placed\",\"object_type\":\"order\",\"object_id\":\"\",\"object_increment_id\":\"000000170\"}'),(349,1,'more-paper-trays',-1.0000,'{\"event_type\":\"order_placed\",\"object_type\":\"order\",\"object_id\":\"\",\"object_increment_id\":\"000000170\"}'),(350,1,'Sub 500',-1.0000,'{\"event_type\":\"order_placed\",\"object_type\":\"order\",\"object_id\":\"\",\"object_increment_id\":\"000000170\"}'),(351,1,'fax-kit',-1.0000,'{\"event_type\":\"order_placed\",\"object_type\":\"order\",\"object_id\":\"\",\"object_increment_id\":\"000000171\"}'),(352,1,'more-paper-trays',-1.0000,'{\"event_type\":\"order_placed\",\"object_type\":\"order\",\"object_id\":\"\",\"object_increment_id\":\"000000171\"}'),(353,1,'Sub 500',-1.0000,'{\"event_type\":\"order_placed\",\"object_type\":\"order\",\"object_id\":\"\",\"object_increment_id\":\"000000171\"}'),(354,1,'Sub 500',-1.0000,'{\"event_type\":\"order_placed\",\"object_type\":\"order\",\"object_id\":\"\",\"object_increment_id\":\"000000172\"}'),(355,1,'Sub 500',-1.0000,'{\"event_type\":\"order_placed\",\"object_type\":\"order\",\"object_id\":\"\",\"object_increment_id\":\"000000173\"}'),(356,1,'Sub 500',-1.0000,'{\"event_type\":\"order_placed\",\"object_type\":\"order\",\"object_id\":\"\",\"object_increment_id\":\"000000174\"}'),(357,1,'Sub 500',-1.0000,'{\"event_type\":\"order_placed\",\"object_type\":\"order\",\"object_id\":\"\",\"object_increment_id\":\"000000175\"}'),(358,1,'Sub 500',-1.0000,'{\"event_type\":\"order_placed\",\"object_type\":\"order\",\"object_id\":\"\",\"object_increment_id\":\"000000176\"}'),(359,1,'Sub 500',-1.0000,'{\"event_type\":\"order_placed\",\"object_type\":\"order\",\"object_id\":\"\",\"object_increment_id\":\"000000177\"}'),(360,1,'Sub 500',-1.0000,'{\"event_type\":\"order_placed\",\"object_type\":\"order\",\"object_id\":\"\",\"object_increment_id\":\"000000178\"}'),(361,1,'Sub 500',-1.0000,'{\"event_type\":\"order_placed\",\"object_type\":\"order\",\"object_id\":\"\",\"object_increment_id\":\"000000179\"}'),(362,1,'Sub 500',-1.0000,'{\"event_type\":\"order_placed\",\"object_type\":\"order\",\"object_id\":\"\",\"object_increment_id\":\"000000180\"}'),(363,1,'Sub 500',-1.0000,'{\"event_type\":\"order_placed\",\"object_type\":\"order\",\"object_id\":\"\",\"object_increment_id\":\"000000181\"}'),(364,1,'Sub 500',-1.0000,'{\"event_type\":\"order_placed\",\"object_type\":\"order\",\"object_id\":\"\",\"object_increment_id\":\"000000182\"}'),(365,1,'Sub 500',-1.0000,'{\"event_type\":\"order_placed\",\"object_type\":\"order\",\"object_id\":\"\",\"object_increment_id\":\"000000183\"}'),(366,1,'Sub 500',-1.0000,'{\"event_type\":\"order_placed\",\"object_type\":\"order\",\"object_id\":\"\",\"object_increment_id\":\"000000184\"}'),(367,1,'Sub 500',-1.0000,'{\"event_type\":\"order_placed\",\"object_type\":\"order\",\"object_id\":\"\",\"object_increment_id\":\"000000185\"}'),(368,1,'Sub 500',-1.0000,'{\"event_type\":\"order_placed\",\"object_type\":\"order\",\"object_id\":\"\",\"object_increment_id\":\"000000186\"}'),(369,1,'Sub 500',-1.0000,'{\"event_type\":\"order_placed\",\"object_type\":\"order\",\"object_id\":\"\",\"object_increment_id\":\"000000187\"}'),(370,1,'Sub 500',-1.0000,'{\"event_type\":\"order_placed\",\"object_type\":\"order\",\"object_id\":\"\",\"object_increment_id\":\"000000188\"}'),(371,1,'Sub 500',-1.0000,'{\"event_type\":\"order_placed\",\"object_type\":\"order\",\"object_id\":\"\",\"object_increment_id\":\"000000189\"}'),(372,1,'Sub 500',-1.0000,'{\"event_type\":\"order_placed\",\"object_type\":\"order\",\"object_id\":\"\",\"object_increment_id\":\"000000190\"}'),(373,1,'Sub 500',-1.0000,'{\"event_type\":\"order_placed\",\"object_type\":\"order\",\"object_id\":\"\",\"object_increment_id\":\"000000191\"}'),(374,1,'Sub 500',-1.0000,'{\"event_type\":\"order_placed\",\"object_type\":\"order\",\"object_id\":\"\",\"object_increment_id\":\"000000192\"}'),(375,1,'Sub 500',-1.0000,'{\"event_type\":\"order_placed\",\"object_type\":\"order\",\"object_id\":\"\",\"object_increment_id\":\"000000193\"}'),(376,1,'Sub 500',-1.0000,'{\"event_type\":\"order_placed\",\"object_type\":\"order\",\"object_id\":\"\",\"object_increment_id\":\"000000194\"}'),(377,1,'Sub 500',-1.0000,'{\"event_type\":\"order_placed\",\"object_type\":\"order\",\"object_id\":\"\",\"object_increment_id\":\"000000195\"}'),(378,1,'service-plan-type-2',-1.0000,'{\"event_type\":\"order_placed\",\"object_type\":\"order\",\"object_id\":\"\",\"object_increment_id\":\"000000196\"}'),(379,1,'service-call-type-1',-1.0000,'{\"event_type\":\"order_placed\",\"object_type\":\"order\",\"object_id\":\"\",\"object_increment_id\":\"000000197\"}'),(380,1,'201190159',-1.0000,'{\"event_type\":\"order_placed\",\"object_type\":\"order\",\"object_id\":\"\",\"object_increment_id\":\"000000198\"}'),(381,1,'201090020',-1.0000,'{\"event_type\":\"order_placed\",\"object_type\":\"order\",\"object_id\":\"\",\"object_increment_id\":\"000000198\"}'),(382,1,'201090021',-1.0000,'{\"event_type\":\"order_placed\",\"object_type\":\"order\",\"object_id\":\"\",\"object_increment_id\":\"000000198\"}'),(383,1,'201190159',-1.0000,'{\"event_type\":\"order_placed\",\"object_type\":\"order\",\"object_id\":\"\",\"object_increment_id\":\"000000199\"}'),(384,1,'201090017',-1.0000,'{\"event_type\":\"order_placed\",\"object_type\":\"order\",\"object_id\":\"\",\"object_increment_id\":\"000000199\"}'),(385,1,'201090020',-1.0000,'{\"event_type\":\"order_placed\",\"object_type\":\"order\",\"object_id\":\"\",\"object_increment_id\":\"000000199\"}'),(386,1,'201090021',-1.0000,'{\"event_type\":\"order_placed\",\"object_type\":\"order\",\"object_id\":\"\",\"object_increment_id\":\"000000199\"}'),(387,1,'201090018',-1.0000,'{\"event_type\":\"order_placed\",\"object_type\":\"order\",\"object_id\":\"\",\"object_increment_id\":\"000000200\"}'),(388,1,'201090018',-1.0000,'{\"event_type\":\"order_placed\",\"object_type\":\"order\",\"object_id\":\"\",\"object_increment_id\":\"000000201\"}'),(389,1,'201090020',-1.0000,'{\"event_type\":\"order_placed\",\"object_type\":\"order\",\"object_id\":\"\",\"object_increment_id\":\"000000201\"}'),(390,1,'service-plan-type-2',-1.0000,'{\"event_type\":\"order_placed\",\"object_type\":\"order\",\"object_id\":\"\",\"object_increment_id\":\"000000202\"}'),(391,1,'201190159',-1.0000,'{\"event_type\":\"order_placed\",\"object_type\":\"order\",\"object_id\":\"\",\"object_increment_id\":\"000000203\"}'),(392,1,'Sub 250',-1.0000,'{\"event_type\":\"order_placed\",\"object_type\":\"order\",\"object_id\":\"\",\"object_increment_id\":\"000000204\"}'),(393,1,'service-plan-type-2',-1.0000,'{\"event_type\":\"order_placed\",\"object_type\":\"order\",\"object_id\":\"\",\"object_increment_id\":\"000000204\"}'),(394,1,'Sub 250',-1.0000,'{\"event_type\":\"order_placed\",\"object_type\":\"order\",\"object_id\":\"\",\"object_increment_id\":\"000000205\"}'),(395,1,'service-plan-type-2',-1.0000,'{\"event_type\":\"order_placed\",\"object_type\":\"order\",\"object_id\":\"\",\"object_increment_id\":\"000000205\"}'),(396,1,'Sub 250',-1.0000,'{\"event_type\":\"order_placed\",\"object_type\":\"order\",\"object_id\":\"\",\"object_increment_id\":\"000000206\"}'),(397,1,'service-plan-type-2',-1.0000,'{\"event_type\":\"order_placed\",\"object_type\":\"order\",\"object_id\":\"\",\"object_increment_id\":\"000000206\"}'),(398,1,'201090017',-1.0000,'{\"event_type\":\"order_placed\",\"object_type\":\"order\",\"object_id\":\"\",\"object_increment_id\":\"000000207\"}'),(399,1,'201090017',-1.0000,'{\"event_type\":\"order_placed\",\"object_type\":\"order\",\"object_id\":\"\",\"object_increment_id\":\"000000208\"}'),(400,1,'201090018',-1.0000,'{\"event_type\":\"order_placed\",\"object_type\":\"order\",\"object_id\":\"\",\"object_increment_id\":\"000000208\"}'),(401,1,'fax-kit',-1.0000,'{\"event_type\":\"order_placed\",\"object_type\":\"order\",\"object_id\":\"\",\"object_increment_id\":\"000000209\"}'),(402,1,'Sub 150',-1.0000,'{\"event_type\":\"order_placed\",\"object_type\":\"order\",\"object_id\":\"\",\"object_increment_id\":\"000000209\"}'),(403,1,'fax-kit',-1.0000,'{\"event_type\":\"order_placed\",\"object_type\":\"order\",\"object_id\":\"\",\"object_increment_id\":\"000000210\"}'),(404,1,'Sub 150',-1.0000,'{\"event_type\":\"order_placed\",\"object_type\":\"order\",\"object_id\":\"\",\"object_increment_id\":\"000000210\"}'),(405,1,'fax-kit',-1.0000,'{\"event_type\":\"order_placed\",\"object_type\":\"order\",\"object_id\":\"\",\"object_increment_id\":\"000000211\"}'),(406,1,'Sub 150',-1.0000,'{\"event_type\":\"order_placed\",\"object_type\":\"order\",\"object_id\":\"\",\"object_increment_id\":\"000000211\"}'),(407,1,'fax-kit',-1.0000,'{\"event_type\":\"order_placed\",\"object_type\":\"order\",\"object_id\":\"\",\"object_increment_id\":\"000000212\"}'),(408,1,'Sub 150',-1.0000,'{\"event_type\":\"order_placed\",\"object_type\":\"order\",\"object_id\":\"\",\"object_increment_id\":\"000000212\"}'),(409,1,'fax-kit',-1.0000,'{\"event_type\":\"order_placed\",\"object_type\":\"order\",\"object_id\":\"\",\"object_increment_id\":\"000000213\"}'),(410,1,'Sub 150',-1.0000,'{\"event_type\":\"order_placed\",\"object_type\":\"order\",\"object_id\":\"\",\"object_increment_id\":\"000000213\"}'),(411,1,'fax-kit',-1.0000,'{\"event_type\":\"order_placed\",\"object_type\":\"order\",\"object_id\":\"\",\"object_increment_id\":\"000000214\"}'),(412,1,'Sub 150',-1.0000,'{\"event_type\":\"order_placed\",\"object_type\":\"order\",\"object_id\":\"\",\"object_increment_id\":\"000000214\"}'),(413,1,'fax-kit',-1.0000,'{\"event_type\":\"order_placed\",\"object_type\":\"order\",\"object_id\":\"\",\"object_increment_id\":\"000000215\"}'),(414,1,'Sub 150',-1.0000,'{\"event_type\":\"order_placed\",\"object_type\":\"order\",\"object_id\":\"\",\"object_increment_id\":\"000000215\"}'),(415,1,'fax-kit',-1.0000,'{\"event_type\":\"order_placed\",\"object_type\":\"order\",\"object_id\":\"\",\"object_increment_id\":\"000000216\"}'),(416,1,'Sub 150',-1.0000,'{\"event_type\":\"order_placed\",\"object_type\":\"order\",\"object_id\":\"\",\"object_increment_id\":\"000000216\"}'),(417,1,'fax-kit',-1.0000,'{\"event_type\":\"order_placed\",\"object_type\":\"order\",\"object_id\":\"\",\"object_increment_id\":\"000000217\"}'),(418,1,'Sub 150',-1.0000,'{\"event_type\":\"order_placed\",\"object_type\":\"order\",\"object_id\":\"\",\"object_increment_id\":\"000000217\"}'),(419,1,'fax-kit',-1.0000,'{\"event_type\":\"order_placed\",\"object_type\":\"order\",\"object_id\":\"\",\"object_increment_id\":\"000000218\"}'),(420,1,'Sub 150',-1.0000,'{\"event_type\":\"order_placed\",\"object_type\":\"order\",\"object_id\":\"\",\"object_increment_id\":\"000000218\"}'),(421,1,'fax-kit',-1.0000,'{\"event_type\":\"order_placed\",\"object_type\":\"order\",\"object_id\":\"\",\"object_increment_id\":\"000000219\"}'),(422,1,'Sub 150',-1.0000,'{\"event_type\":\"order_placed\",\"object_type\":\"order\",\"object_id\":\"\",\"object_increment_id\":\"000000219\"}'),(423,1,'fax-kit',-1.0000,'{\"event_type\":\"order_placed\",\"object_type\":\"order\",\"object_id\":\"\",\"object_increment_id\":\"000000220\"}'),(424,1,'Sub 150',-1.0000,'{\"event_type\":\"order_placed\",\"object_type\":\"order\",\"object_id\":\"\",\"object_increment_id\":\"000000220\"}'),(425,1,'fax-kit',-1.0000,'{\"event_type\":\"order_placed\",\"object_type\":\"order\",\"object_id\":\"\",\"object_increment_id\":\"000000221\"}'),(426,1,'Sub 150',-1.0000,'{\"event_type\":\"order_placed\",\"object_type\":\"order\",\"object_id\":\"\",\"object_increment_id\":\"000000221\"}'),(427,1,'fax-kit',-1.0000,'{\"event_type\":\"order_placed\",\"object_type\":\"order\",\"object_id\":\"\",\"object_increment_id\":\"000000222\"}'),(428,1,'Sub 150',-1.0000,'{\"event_type\":\"order_placed\",\"object_type\":\"order\",\"object_id\":\"\",\"object_increment_id\":\"000000222\"}'),(429,1,'fax-kit',-1.0000,'{\"event_type\":\"order_placed\",\"object_type\":\"order\",\"object_id\":\"\",\"object_increment_id\":\"000000223\"}'),(430,1,'Sub 150',-1.0000,'{\"event_type\":\"order_placed\",\"object_type\":\"order\",\"object_id\":\"\",\"object_increment_id\":\"000000223\"}'),(431,1,'fax-kit',-1.0000,'{\"event_type\":\"order_placed\",\"object_type\":\"order\",\"object_id\":\"\",\"object_increment_id\":\"000000224\"}'),(432,1,'Sub 150',-1.0000,'{\"event_type\":\"order_placed\",\"object_type\":\"order\",\"object_id\":\"\",\"object_increment_id\":\"000000224\"}'),(433,1,'fax-kit',-1.0000,'{\"event_type\":\"order_placed\",\"object_type\":\"order\",\"object_id\":\"\",\"object_increment_id\":\"000000225\"}'),(434,1,'Sub 150',-1.0000,'{\"event_type\":\"order_placed\",\"object_type\":\"order\",\"object_id\":\"\",\"object_increment_id\":\"000000225\"}'),(435,1,'fax-kit',-1.0000,'{\"event_type\":\"order_placed\",\"object_type\":\"order\",\"object_id\":\"\",\"object_increment_id\":\"000000226\"}'),(436,1,'Sub 150',-1.0000,'{\"event_type\":\"order_placed\",\"object_type\":\"order\",\"object_id\":\"\",\"object_increment_id\":\"000000226\"}'),(437,1,'fax-kit',-1.0000,'{\"event_type\":\"order_placed\",\"object_type\":\"order\",\"object_id\":\"\",\"object_increment_id\":\"000000227\"}'),(438,1,'Sub 150',-1.0000,'{\"event_type\":\"order_placed\",\"object_type\":\"order\",\"object_id\":\"\",\"object_increment_id\":\"000000227\"}'),(439,1,'fax-kit',-1.0000,'{\"event_type\":\"order_placed\",\"object_type\":\"order\",\"object_id\":\"\",\"object_increment_id\":\"000000228\"}'),(440,1,'Sub 150',-1.0000,'{\"event_type\":\"order_placed\",\"object_type\":\"order\",\"object_id\":\"\",\"object_increment_id\":\"000000228\"}'),(441,1,'fax-kit',-1.0000,'{\"event_type\":\"order_placed\",\"object_type\":\"order\",\"object_id\":\"\",\"object_increment_id\":\"000000229\"}'),(442,1,'Sub 150',-1.0000,'{\"event_type\":\"order_placed\",\"object_type\":\"order\",\"object_id\":\"\",\"object_increment_id\":\"000000229\"}'),(443,1,'fax-kit',-1.0000,'{\"event_type\":\"order_placed\",\"object_type\":\"order\",\"object_id\":\"\",\"object_increment_id\":\"000000230\"}'),(444,1,'Sub 150',-1.0000,'{\"event_type\":\"order_placed\",\"object_type\":\"order\",\"object_id\":\"\",\"object_increment_id\":\"000000230\"}'),(445,1,'fax-kit',-1.0000,'{\"event_type\":\"order_placed\",\"object_type\":\"order\",\"object_id\":\"\",\"object_increment_id\":\"000000231\"}'),(446,1,'Sub 150',-1.0000,'{\"event_type\":\"order_placed\",\"object_type\":\"order\",\"object_id\":\"\",\"object_increment_id\":\"000000231\"}'),(447,1,'fax-kit',-1.0000,'{\"event_type\":\"order_placed\",\"object_type\":\"order\",\"object_id\":\"\",\"object_increment_id\":\"000000232\"}'),(448,1,'Sub 150',-1.0000,'{\"event_type\":\"order_placed\",\"object_type\":\"order\",\"object_id\":\"\",\"object_increment_id\":\"000000232\"}'),(449,1,'201190161',-2.0000,'{\"event_type\":\"order_placed\",\"object_type\":\"order\",\"object_id\":\"\",\"object_increment_id\":\"000000233\"}'),(450,1,'201190161',-4.0000,'{\"event_type\":\"order_placed\",\"object_type\":\"order\",\"object_id\":\"\",\"object_increment_id\":\"000000234\"}'),(451,1,'201190161',-4.0000,'{\"event_type\":\"order_placed\",\"object_type\":\"order\",\"object_id\":\"\",\"object_increment_id\":\"000000235\"}'),(452,1,'fax-kit',-1.0000,'{\"event_type\":\"order_placed\",\"object_type\":\"order\",\"object_id\":\"\",\"object_increment_id\":\"000000236\"}'),(453,1,'Sub 150',-1.0000,'{\"event_type\":\"order_placed\",\"object_type\":\"order\",\"object_id\":\"\",\"object_increment_id\":\"000000236\"}'),(454,1,'fax-kit',-1.0000,'{\"event_type\":\"order_placed\",\"object_type\":\"order\",\"object_id\":\"\",\"object_increment_id\":\"000000237\"}'),(455,1,'Sub 150',-1.0000,'{\"event_type\":\"order_placed\",\"object_type\":\"order\",\"object_id\":\"\",\"object_increment_id\":\"000000237\"}'),(456,1,'fax-kit',-1.0000,'{\"event_type\":\"order_placed\",\"object_type\":\"order\",\"object_id\":\"\",\"object_increment_id\":\"000000238\"}'),(457,1,'Sub 150',-1.0000,'{\"event_type\":\"order_placed\",\"object_type\":\"order\",\"object_id\":\"\",\"object_increment_id\":\"000000238\"}'),(458,1,'fax-kit',-1.0000,'{\"event_type\":\"order_placed\",\"object_type\":\"order\",\"object_id\":\"\",\"object_increment_id\":\"000000239\"}'),(459,1,'Sub 150',-1.0000,'{\"event_type\":\"order_placed\",\"object_type\":\"order\",\"object_id\":\"\",\"object_increment_id\":\"000000239\"}'),(460,1,'fax-kit',-1.0000,'{\"event_type\":\"order_placed\",\"object_type\":\"order\",\"object_id\":\"\",\"object_increment_id\":\"000000240\"}'),(461,1,'Sub 150',-1.0000,'{\"event_type\":\"order_placed\",\"object_type\":\"order\",\"object_id\":\"\",\"object_increment_id\":\"000000240\"}'),(462,1,'fax-kit',-1.0000,'{\"event_type\":\"order_placed\",\"object_type\":\"order\",\"object_id\":\"\",\"object_increment_id\":\"000000241\"}'),(463,1,'Sub 150',-1.0000,'{\"event_type\":\"order_placed\",\"object_type\":\"order\",\"object_id\":\"\",\"object_increment_id\":\"000000241\"}'),(464,1,'fax-kit',-1.0000,'{\"event_type\":\"order_placed\",\"object_type\":\"order\",\"object_id\":\"\",\"object_increment_id\":\"000000242\"}'),(465,1,'Sub 150',-1.0000,'{\"event_type\":\"order_placed\",\"object_type\":\"order\",\"object_id\":\"\",\"object_increment_id\":\"000000242\"}'),(466,1,'fax-kit',-1.0000,'{\"event_type\":\"order_placed\",\"object_type\":\"order\",\"object_id\":\"\",\"object_increment_id\":\"000000243\"}'),(467,1,'Sub 150',-1.0000,'{\"event_type\":\"order_placed\",\"object_type\":\"order\",\"object_id\":\"\",\"object_increment_id\":\"000000243\"}'),(468,1,'fax-kit',-1.0000,'{\"event_type\":\"order_placed\",\"object_type\":\"order\",\"object_id\":\"\",\"object_increment_id\":\"000000244\"}'),(469,1,'Sub 150',-1.0000,'{\"event_type\":\"order_placed\",\"object_type\":\"order\",\"object_id\":\"\",\"object_increment_id\":\"000000244\"}'),(470,1,'fax-kit',-1.0000,'{\"event_type\":\"order_placed\",\"object_type\":\"order\",\"object_id\":\"\",\"object_increment_id\":\"000000245\"}'),(471,1,'Sub 150',-1.0000,'{\"event_type\":\"order_placed\",\"object_type\":\"order\",\"object_id\":\"\",\"object_increment_id\":\"000000245\"}'),(472,1,'fax-kit',-1.0000,'{\"event_type\":\"order_placed\",\"object_type\":\"order\",\"object_id\":\"\",\"object_increment_id\":\"000000246\"}'),(473,1,'Sub 150',-1.0000,'{\"event_type\":\"order_placed\",\"object_type\":\"order\",\"object_id\":\"\",\"object_increment_id\":\"000000246\"}'),(474,1,'fax-kit',-1.0000,'{\"event_type\":\"order_placed\",\"object_type\":\"order\",\"object_id\":\"\",\"object_increment_id\":\"000000247\"}'),(475,1,'Sub 150',-1.0000,'{\"event_type\":\"order_placed\",\"object_type\":\"order\",\"object_id\":\"\",\"object_increment_id\":\"000000247\"}'),(476,1,'fax-kit',-1.0000,'{\"event_type\":\"order_placed\",\"object_type\":\"order\",\"object_id\":\"\",\"object_increment_id\":\"000000248\"}'),(477,1,'Sub 150',-1.0000,'{\"event_type\":\"order_placed\",\"object_type\":\"order\",\"object_id\":\"\",\"object_increment_id\":\"000000248\"}'),(478,1,'fax-kit',-1.0000,'{\"event_type\":\"order_placed\",\"object_type\":\"order\",\"object_id\":\"\",\"object_increment_id\":\"000000249\"}'),(479,1,'Sub 150',-1.0000,'{\"event_type\":\"order_placed\",\"object_type\":\"order\",\"object_id\":\"\",\"object_increment_id\":\"000000249\"}'),(480,1,'fax-kit',-1.0000,'{\"event_type\":\"order_placed\",\"object_type\":\"order\",\"object_id\":\"\",\"object_increment_id\":\"000000250\"}'),(481,1,'Sub 150',-1.0000,'{\"event_type\":\"order_placed\",\"object_type\":\"order\",\"object_id\":\"\",\"object_increment_id\":\"000000250\"}'),(482,1,'fax-kit',-1.0000,'{\"event_type\":\"order_placed\",\"object_type\":\"order\",\"object_id\":\"\",\"object_increment_id\":\"000000251\"}'),(483,1,'Sub 150',-1.0000,'{\"event_type\":\"order_placed\",\"object_type\":\"order\",\"object_id\":\"\",\"object_increment_id\":\"000000251\"}'),(484,1,'fax-kit',-1.0000,'{\"event_type\":\"order_placed\",\"object_type\":\"order\",\"object_id\":\"\",\"object_increment_id\":\"000000252\"}'),(485,1,'Sub 150',-1.0000,'{\"event_type\":\"order_placed\",\"object_type\":\"order\",\"object_id\":\"\",\"object_increment_id\":\"000000252\"}'),(486,1,'fax-kit',-1.0000,'{\"event_type\":\"order_placed\",\"object_type\":\"order\",\"object_id\":\"\",\"object_increment_id\":\"000000253\"}'),(487,1,'Sub 150',-1.0000,'{\"event_type\":\"order_placed\",\"object_type\":\"order\",\"object_id\":\"\",\"object_increment_id\":\"000000253\"}'),(488,1,'fax-kit',-1.0000,'{\"event_type\":\"order_placed\",\"object_type\":\"order\",\"object_id\":\"\",\"object_increment_id\":\"000000254\"}'),(489,1,'Sub 150',-1.0000,'{\"event_type\":\"order_placed\",\"object_type\":\"order\",\"object_id\":\"\",\"object_increment_id\":\"000000254\"}'),(490,1,'fax-kit',-1.0000,'{\"event_type\":\"order_placed\",\"object_type\":\"order\",\"object_id\":\"\",\"object_increment_id\":\"000000255\"}'),(491,1,'Sub 150',-1.0000,'{\"event_type\":\"order_placed\",\"object_type\":\"order\",\"object_id\":\"\",\"object_increment_id\":\"000000255\"}'),(492,1,'fax-kit',-1.0000,'{\"event_type\":\"order_placed\",\"object_type\":\"order\",\"object_id\":\"\",\"object_increment_id\":\"000000256\"}'),(493,1,'Sub 150',-1.0000,'{\"event_type\":\"order_placed\",\"object_type\":\"order\",\"object_id\":\"\",\"object_increment_id\":\"000000256\"}'),(494,1,'fax-kit',-1.0000,'{\"event_type\":\"order_placed\",\"object_type\":\"order\",\"object_id\":\"\",\"object_increment_id\":\"000000257\"}'),(495,1,'Sub 150',-1.0000,'{\"event_type\":\"order_placed\",\"object_type\":\"order\",\"object_id\":\"\",\"object_increment_id\":\"000000257\"}'),(496,1,'fax-kit',-1.0000,'{\"event_type\":\"order_placed\",\"object_type\":\"order\",\"object_id\":\"\",\"object_increment_id\":\"000000258\"}'),(497,1,'Sub 150',-1.0000,'{\"event_type\":\"order_placed\",\"object_type\":\"order\",\"object_id\":\"\",\"object_increment_id\":\"000000258\"}'),(498,1,'fax-kit',-1.0000,'{\"event_type\":\"order_placed\",\"object_type\":\"order\",\"object_id\":\"\",\"object_increment_id\":\"000000259\"}'),(499,1,'Sub 150',-1.0000,'{\"event_type\":\"order_placed\",\"object_type\":\"order\",\"object_id\":\"\",\"object_increment_id\":\"000000259\"}'),(500,1,'fax-kit',-1.0000,'{\"event_type\":\"order_placed\",\"object_type\":\"order\",\"object_id\":\"\",\"object_increment_id\":\"000000260\"}'),(501,1,'Sub 150',-1.0000,'{\"event_type\":\"order_placed\",\"object_type\":\"order\",\"object_id\":\"\",\"object_increment_id\":\"000000260\"}'),(502,1,'201090205',-1.0000,'{\"event_type\":\"order_placed\",\"object_type\":\"order\",\"object_id\":\"\",\"object_increment_id\":\"000000261\"}'),(503,1,'201090206',-1.0000,'{\"event_type\":\"order_placed\",\"object_type\":\"order\",\"object_id\":\"\",\"object_increment_id\":\"000000261\"}'),(504,1,'201090207',-1.0000,'{\"event_type\":\"order_placed\",\"object_type\":\"order\",\"object_id\":\"\",\"object_increment_id\":\"000000261\"}'),(505,1,'201090021',-1.0000,'{\"event_type\":\"order_placed\",\"object_type\":\"order\",\"object_id\":\"\",\"object_increment_id\":\"000000262\"}'),(506,1,'201090018',-1.0000,'{\"event_type\":\"order_placed\",\"object_type\":\"order\",\"object_id\":\"\",\"object_increment_id\":\"000000263\"}'),(507,1,'201090020',-1.0000,'{\"event_type\":\"order_placed\",\"object_type\":\"order\",\"object_id\":\"\",\"object_increment_id\":\"000000264\"}'),(534,1,'Bizhub0510',-1.0000,'{\"event_type\":\"order_placed\",\"object_type\":\"order\",\"object_id\":\"\",\"object_increment_id\":\"000000278\"}'),(545,1,'201090019',-1.0000,'{\"event_type\":\"order_placed\",\"object_type\":\"order\",\"object_id\":\"\",\"object_increment_id\":\"000000281\"}'),(546,1,'201090019',-1.0000,'{\"event_type\":\"order_placed\",\"object_type\":\"order\",\"object_id\":\"\",\"object_increment_id\":\"000000282\"}'),(556,1,'more-paper-trays',-1.0000,'{\"event_type\":\"order_placed\",\"object_type\":\"order\",\"object_id\":\"\",\"object_increment_id\":\"000000286\"}'),(557,1,'Sub 150',-1.0000,'{\"event_type\":\"order_placed\",\"object_type\":\"order\",\"object_id\":\"\",\"object_increment_id\":\"000000286\"}'),(558,1,'Test Addon Product 001',-1.0000,'{\"event_type\":\"order_placed\",\"object_type\":\"order\",\"object_id\":\"\",\"object_increment_id\":\"000000286\"}'),(559,1,'more-paper-trays',-1.0000,'{\"event_type\":\"order_placed\",\"object_type\":\"order\",\"object_id\":\"\",\"object_increment_id\":\"000000287\"}'),(560,1,'Sub 150',-1.0000,'{\"event_type\":\"order_placed\",\"object_type\":\"order\",\"object_id\":\"\",\"object_increment_id\":\"000000287\"}'),(561,1,'Test Addon Product 001',-1.0000,'{\"event_type\":\"order_placed\",\"object_type\":\"order\",\"object_id\":\"\",\"object_increment_id\":\"000000287\"}'),(562,1,'Sub 150',-1.0000,'{\"event_type\":\"order_placed\",\"object_type\":\"order\",\"object_id\":\"\",\"object_increment_id\":\"000000288\"}'),(563,1,'Test Addon Product 001',-1.0000,'{\"event_type\":\"order_placed\",\"object_type\":\"order\",\"object_id\":\"\",\"object_increment_id\":\"000000288\"}'),(564,1,'Sub 500',-1.0000,'{\"event_type\":\"order_placed\",\"object_type\":\"order\",\"object_id\":\"\",\"object_increment_id\":\"000000289\"}'),(565,1,'Sub 500',-1.0000,'{\"event_type\":\"order_placed\",\"object_type\":\"order\",\"object_id\":\"\",\"object_increment_id\":\"000000290\"}'),(566,1,'201190156',-1.0000,'{\"event_type\":\"order_placed\",\"object_type\":\"order\",\"object_id\":\"\",\"object_increment_id\":\"000000291\"}'),(567,1,'Sub 500',-1.0000,'{\"event_type\":\"order_placed\",\"object_type\":\"order\",\"object_id\":\"\",\"object_increment_id\":\"000000292\"}'),(568,1,'Test Addon Product 001',-1.0000,'{\"event_type\":\"order_placed\",\"object_type\":\"order\",\"object_id\":\"\",\"object_increment_id\":\"000000292\"}'),(569,1,'Sub 200',-1.0000,'{\"event_type\":\"order_placed\",\"object_type\":\"order\",\"object_id\":\"\",\"object_increment_id\":\"000000293\"}'),(570,1,'Sub 200',-1.0000,'{\"event_type\":\"order_placed\",\"object_type\":\"order\",\"object_id\":\"\",\"object_increment_id\":\"000000294\"}'),(571,1,'Sub 200',-1.0000,'{\"event_type\":\"order_placed\",\"object_type\":\"order\",\"object_id\":\"\",\"object_increment_id\":\"000000295\"}'),(572,1,'Sub 500',-1.0000,'{\"event_type\":\"order_placed\",\"object_type\":\"order\",\"object_id\":\"\",\"object_increment_id\":\"000000296\"}'),(573,1,'Sub 500',-1.0000,'{\"event_type\":\"order_placed\",\"object_type\":\"order\",\"object_id\":\"\",\"object_increment_id\":\"000000297\"}'),(574,1,'201090017',-2.0000,'{\"event_type\":\"order_placed\",\"object_type\":\"order\",\"object_id\":\"\",\"object_increment_id\":\"000000298\"}'),(575,1,'201090018',-1.0000,'{\"event_type\":\"order_placed\",\"object_type\":\"order\",\"object_id\":\"\",\"object_increment_id\":\"000000298\"}'),(576,1,'201090020',-1.0000,'{\"event_type\":\"order_placed\",\"object_type\":\"order\",\"object_id\":\"\",\"object_increment_id\":\"000000298\"}'),(577,1,'201090017',-1.0000,'{\"event_type\":\"order_placed\",\"object_type\":\"order\",\"object_id\":\"\",\"object_increment_id\":\"000000299\"}'),(578,1,'201090020',-1.0000,'{\"event_type\":\"order_placed\",\"object_type\":\"order\",\"object_id\":\"\",\"object_increment_id\":\"000000299\"}'),(581,1,'201090022',-1.0000,'{\"event_type\":\"order_placed\",\"object_type\":\"order\",\"object_id\":\"\",\"object_increment_id\":\"000000302\"}'),(584,1,'service-call-type-1',-1.0000,'{\"event_type\":\"order_placed\",\"object_type\":\"order\",\"object_id\":\"\",\"object_increment_id\":\"000000303\"}'),(585,1,'service-plan-type-2',-1.0000,'{\"event_type\":\"order_placed\",\"object_type\":\"order\",\"object_id\":\"\",\"object_increment_id\":\"000000304\"}'),(586,1,'fax-kit',-1.0000,'{\"event_type\":\"order_placed\",\"object_type\":\"order\",\"object_id\":\"\",\"object_increment_id\":\"000000305\"}'),(587,1,'Sub 150',-1.0000,'{\"event_type\":\"order_placed\",\"object_type\":\"order\",\"object_id\":\"\",\"object_increment_id\":\"000000305\"}'),(588,1,'Sub 500',-1.0000,'{\"event_type\":\"order_placed\",\"object_type\":\"order\",\"object_id\":\"\",\"object_increment_id\":\"000000306\"}'),(589,1,'Sub 250',-1.0000,'{\"event_type\":\"order_placed\",\"object_type\":\"order\",\"object_id\":\"\",\"object_increment_id\":\"000000307\"}'),(590,1,'Sub 500',-1.0000,'{\"event_type\":\"order_placed\",\"object_type\":\"order\",\"object_id\":\"\",\"object_increment_id\":\"000000308\"}'),(591,1,'Sub 500',-1.0000,'{\"event_type\":\"order_placed\",\"object_type\":\"order\",\"object_id\":\"\",\"object_increment_id\":\"000000309\"}'),(592,1,'Sub 500',-1.0000,'{\"event_type\":\"order_placed\",\"object_type\":\"order\",\"object_id\":\"\",\"object_increment_id\":\"000000310\"}'),(593,1,'Sub 500',-1.0000,'{\"event_type\":\"order_placed\",\"object_type\":\"order\",\"object_id\":\"\",\"object_increment_id\":\"000000311\"}'),(594,1,'Test Addon Product 001',-1.0000,'{\"event_type\":\"order_placed\",\"object_type\":\"order\",\"object_id\":\"\",\"object_increment_id\":\"000000311\"}'),(595,1,'Sub 500',-1.0000,'{\"event_type\":\"order_placed\",\"object_type\":\"order\",\"object_id\":\"\",\"object_increment_id\":\"000000312\"}'),(596,1,'Test Addon Product 001',-1.0000,'{\"event_type\":\"order_placed\",\"object_type\":\"order\",\"object_id\":\"\",\"object_increment_id\":\"000000312\"}'),(597,1,'Sub 500',-1.0000,'{\"event_type\":\"order_placed\",\"object_type\":\"order\",\"object_id\":\"\",\"object_increment_id\":\"000000313\"}'),(598,1,'Test Addon Product 001',-1.0000,'{\"event_type\":\"order_placed\",\"object_type\":\"order\",\"object_id\":\"\",\"object_increment_id\":\"000000313\"}'),(599,1,'fax-kit',-1.0000,'{\"event_type\":\"order_placed\",\"object_type\":\"order\",\"object_id\":\"\",\"object_increment_id\":\"000000314\"}'),(600,1,'more-paper-trays',-1.0000,'{\"event_type\":\"order_placed\",\"object_type\":\"order\",\"object_id\":\"\",\"object_increment_id\":\"000000314\"}'),(601,1,'Sub 200',-1.0000,'{\"event_type\":\"order_placed\",\"object_type\":\"order\",\"object_id\":\"\",\"object_increment_id\":\"000000314\"}'),(602,1,'Test Addon Product 001',-1.0000,'{\"event_type\":\"order_placed\",\"object_type\":\"order\",\"object_id\":\"\",\"object_increment_id\":\"000000314\"}'),(603,1,'fax-kit',-1.0000,'{\"event_type\":\"order_placed\",\"object_type\":\"order\",\"object_id\":\"\",\"object_increment_id\":\"000000315\"}'),(604,1,'more-paper-trays',-1.0000,'{\"event_type\":\"order_placed\",\"object_type\":\"order\",\"object_id\":\"\",\"object_increment_id\":\"000000315\"}'),(605,1,'Sub 100',-1.0000,'{\"event_type\":\"order_placed\",\"object_type\":\"order\",\"object_id\":\"\",\"object_increment_id\":\"000000315\"}'),(606,1,'Test Addon Product 001',-1.0000,'{\"event_type\":\"order_placed\",\"object_type\":\"order\",\"object_id\":\"\",\"object_increment_id\":\"000000315\"}'),(607,1,'fax-kit',-1.0000,'{\"event_type\":\"order_placed\",\"object_type\":\"order\",\"object_id\":\"\",\"object_increment_id\":\"000000316\"}'),(608,1,'more-paper-trays',-1.0000,'{\"event_type\":\"order_placed\",\"object_type\":\"order\",\"object_id\":\"\",\"object_increment_id\":\"000000316\"}'),(609,1,'Sub 100',-1.0000,'{\"event_type\":\"order_placed\",\"object_type\":\"order\",\"object_id\":\"\",\"object_increment_id\":\"000000316\"}'),(610,1,'Test Addon Product 001',-1.0000,'{\"event_type\":\"order_placed\",\"object_type\":\"order\",\"object_id\":\"\",\"object_increment_id\":\"000000316\"}'),(611,1,'fax-kit',-1.0000,'{\"event_type\":\"order_placed\",\"object_type\":\"order\",\"object_id\":\"\",\"object_increment_id\":\"000000317\"}'),(612,1,'more-paper-trays',-1.0000,'{\"event_type\":\"order_placed\",\"object_type\":\"order\",\"object_id\":\"\",\"object_increment_id\":\"000000317\"}'),(613,1,'Sub 100',-1.0000,'{\"event_type\":\"order_placed\",\"object_type\":\"order\",\"object_id\":\"\",\"object_increment_id\":\"000000317\"}'),(614,1,'Test Addon Product 001',-1.0000,'{\"event_type\":\"order_placed\",\"object_type\":\"order\",\"object_id\":\"\",\"object_increment_id\":\"000000317\"}'),(615,1,'201190153',-1.0000,'{\"event_type\":\"order_placed\",\"object_type\":\"order\",\"object_id\":\"\",\"object_increment_id\":\"000000318\"}'),(616,1,'Sub 150',-1.0000,'{\"event_type\":\"order_placed\",\"object_type\":\"order\",\"object_id\":\"\",\"object_increment_id\":\"000000319\"}'),(617,1,'Sub 150',-1.0000,'{\"event_type\":\"order_placed\",\"object_type\":\"order\",\"object_id\":\"\",\"object_increment_id\":\"000000320\"}'),(618,1,'Sub 150',-1.0000,'{\"event_type\":\"order_placed\",\"object_type\":\"order\",\"object_id\":\"\",\"object_increment_id\":\"000000321\"}'),(619,1,'Sub 150',-1.0000,'{\"event_type\":\"order_placed\",\"object_type\":\"order\",\"object_id\":\"\",\"object_increment_id\":\"000000322\"}'),(620,1,'Sub 150',-1.0000,'{\"event_type\":\"order_placed\",\"object_type\":\"order\",\"object_id\":\"\",\"object_increment_id\":\"000000323\"}'),(621,1,'Sub 150',-1.0000,'{\"event_type\":\"order_placed\",\"object_type\":\"order\",\"object_id\":\"\",\"object_increment_id\":\"000000324\"}'),(622,1,'Sub 150',-1.0000,'{\"event_type\":\"order_placed\",\"object_type\":\"order\",\"object_id\":\"\",\"object_increment_id\":\"000000325\"}'),(623,1,'Sub 150',-1.0000,'{\"event_type\":\"order_placed\",\"object_type\":\"order\",\"object_id\":\"\",\"object_increment_id\":\"000000326\"}'),(624,1,'Sub 150',-1.0000,'{\"event_type\":\"order_placed\",\"object_type\":\"order\",\"object_id\":\"\",\"object_increment_id\":\"000000327\"}'),(625,1,'Sub 150',-1.0000,'{\"event_type\":\"order_placed\",\"object_type\":\"order\",\"object_id\":\"\",\"object_increment_id\":\"000000328\"}'),(626,1,'Sub 150',-1.0000,'{\"event_type\":\"order_placed\",\"object_type\":\"order\",\"object_id\":\"\",\"object_increment_id\":\"000000329\"}'),(627,1,'Sub 150',-1.0000,'{\"event_type\":\"order_placed\",\"object_type\":\"order\",\"object_id\":\"\",\"object_increment_id\":\"000000330\"}'),(628,1,'Sub 150',-1.0000,'{\"event_type\":\"order_placed\",\"object_type\":\"order\",\"object_id\":\"\",\"object_increment_id\":\"000000331\"}'),(629,1,'Sub 150',-1.0000,'{\"event_type\":\"order_placed\",\"object_type\":\"order\",\"object_id\":\"\",\"object_increment_id\":\"000000332\"}'),(630,1,'Sub 150',-1.0000,'{\"event_type\":\"order_placed\",\"object_type\":\"order\",\"object_id\":\"\",\"object_increment_id\":\"000000333\"}'),(631,1,'Sub 150',-1.0000,'{\"event_type\":\"order_placed\",\"object_type\":\"order\",\"object_id\":\"\",\"object_increment_id\":\"000000334\"}'),(632,1,'Sub 150',-1.0000,'{\"event_type\":\"order_placed\",\"object_type\":\"order\",\"object_id\":\"\",\"object_increment_id\":\"000000335\"}'),(633,1,'Sub 150',-1.0000,'{\"event_type\":\"order_placed\",\"object_type\":\"order\",\"object_id\":\"\",\"object_increment_id\":\"000000336\"}'),(634,1,'Sub 150',-1.0000,'{\"event_type\":\"order_placed\",\"object_type\":\"order\",\"object_id\":\"\",\"object_increment_id\":\"000000337\"}'),(635,1,'Sub 150',-1.0000,'{\"event_type\":\"order_placed\",\"object_type\":\"order\",\"object_id\":\"\",\"object_increment_id\":\"000000338\"}'),(636,1,'Sub 150',-1.0000,'{\"event_type\":\"order_placed\",\"object_type\":\"order\",\"object_id\":\"\",\"object_increment_id\":\"000000339\"}'),(637,1,'Sub 150',-1.0000,'{\"event_type\":\"order_placed\",\"object_type\":\"order\",\"object_id\":\"\",\"object_increment_id\":\"000000340\"}'),(638,1,'Sub 150',-1.0000,'{\"event_type\":\"order_placed\",\"object_type\":\"order\",\"object_id\":\"\",\"object_increment_id\":\"000000341\"}'),(639,1,'Sub 150',-1.0000,'{\"event_type\":\"order_placed\",\"object_type\":\"order\",\"object_id\":\"\",\"object_increment_id\":\"000000342\"}'),(640,1,'Sub 250',-1.0000,'{\"event_type\":\"order_placed\",\"object_type\":\"order\",\"object_id\":\"\",\"object_increment_id\":\"000000343\"}'),(641,1,'Sub 250',-1.0000,'{\"event_type\":\"order_placed\",\"object_type\":\"order\",\"object_id\":\"\",\"object_increment_id\":\"000000344\"}'),(642,1,'Sub 250',-1.0000,'{\"event_type\":\"order_placed\",\"object_type\":\"order\",\"object_id\":\"\",\"object_increment_id\":\"000000345\"}'),(643,1,'Sub 500',-1.0000,'{\"event_type\":\"order_placed\",\"object_type\":\"order\",\"object_id\":\"\",\"object_increment_id\":\"000000346\"}'),(644,1,'Sub 500',-1.0000,'{\"event_type\":\"order_placed\",\"object_type\":\"order\",\"object_id\":\"\",\"object_increment_id\":\"000000347\"}'),(645,1,'Sub 500',-1.0000,'{\"event_type\":\"order_placed\",\"object_type\":\"order\",\"object_id\":\"\",\"object_increment_id\":\"000000348\"}'),(646,1,'fax-kit',-1.0000,'{\"event_type\":\"order_placed\",\"object_type\":\"order\",\"object_id\":\"\",\"object_increment_id\":\"000000349\"}'),(647,1,'Sub 150',-1.0000,'{\"event_type\":\"order_placed\",\"object_type\":\"order\",\"object_id\":\"\",\"object_increment_id\":\"000000349\"}'),(648,1,'fax-kit',-1.0000,'{\"event_type\":\"order_placed\",\"object_type\":\"order\",\"object_id\":\"\",\"object_increment_id\":\"000000350\"}'),(649,1,'Sub 150',-1.0000,'{\"event_type\":\"order_placed\",\"object_type\":\"order\",\"object_id\":\"\",\"object_increment_id\":\"000000350\"}'),(650,1,'fax-kit',-1.0000,'{\"event_type\":\"order_placed\",\"object_type\":\"order\",\"object_id\":\"\",\"object_increment_id\":\"000000351\"}'),(651,1,'Sub 150',-1.0000,'{\"event_type\":\"order_placed\",\"object_type\":\"order\",\"object_id\":\"\",\"object_increment_id\":\"000000351\"}'),(652,1,'fax-kit',-1.0000,'{\"event_type\":\"order_placed\",\"object_type\":\"order\",\"object_id\":\"\",\"object_increment_id\":\"000000352\"}'),(653,1,'Sub 150',-1.0000,'{\"event_type\":\"order_placed\",\"object_type\":\"order\",\"object_id\":\"\",\"object_increment_id\":\"000000352\"}'),(654,1,'fax-kit',-1.0000,'{\"event_type\":\"order_placed\",\"object_type\":\"order\",\"object_id\":\"\",\"object_increment_id\":\"000000353\"}'),(655,1,'Sub 150',-1.0000,'{\"event_type\":\"order_placed\",\"object_type\":\"order\",\"object_id\":\"\",\"object_increment_id\":\"000000353\"}'),(656,1,'fax-kit',-1.0000,'{\"event_type\":\"order_placed\",\"object_type\":\"order\",\"object_id\":\"\",\"object_increment_id\":\"000000354\"}'),(657,1,'Sub 150',-1.0000,'{\"event_type\":\"order_placed\",\"object_type\":\"order\",\"object_id\":\"\",\"object_increment_id\":\"000000354\"}'),(658,1,'fax-kit',-1.0000,'{\"event_type\":\"order_placed\",\"object_type\":\"order\",\"object_id\":\"\",\"object_increment_id\":\"000000355\"}'),(659,1,'Sub 150',-1.0000,'{\"event_type\":\"order_placed\",\"object_type\":\"order\",\"object_id\":\"\",\"object_increment_id\":\"000000355\"}'),(660,1,'fax-kit',-1.0000,'{\"event_type\":\"order_placed\",\"object_type\":\"order\",\"object_id\":\"\",\"object_increment_id\":\"000000356\"}'),(661,1,'Sub 150',-1.0000,'{\"event_type\":\"order_placed\",\"object_type\":\"order\",\"object_id\":\"\",\"object_increment_id\":\"000000356\"}'),(662,1,'fax-kit',-1.0000,'{\"event_type\":\"order_placed\",\"object_type\":\"order\",\"object_id\":\"\",\"object_increment_id\":\"000000357\"}'),(663,1,'Sub 150',-1.0000,'{\"event_type\":\"order_placed\",\"object_type\":\"order\",\"object_id\":\"\",\"object_increment_id\":\"000000357\"}'),(664,1,'fax-kit',-1.0000,'{\"event_type\":\"order_placed\",\"object_type\":\"order\",\"object_id\":\"\",\"object_increment_id\":\"000000358\"}'),(665,1,'Sub 150',-1.0000,'{\"event_type\":\"order_placed\",\"object_type\":\"order\",\"object_id\":\"\",\"object_increment_id\":\"000000358\"}'),(666,1,'fax-kit',-1.0000,'{\"event_type\":\"order_placed\",\"object_type\":\"order\",\"object_id\":\"\",\"object_increment_id\":\"000000359\"}'),(667,1,'Sub 150',-1.0000,'{\"event_type\":\"order_placed\",\"object_type\":\"order\",\"object_id\":\"\",\"object_increment_id\":\"000000359\"}'),(668,1,'fax-kit',-1.0000,'{\"event_type\":\"order_placed\",\"object_type\":\"order\",\"object_id\":\"\",\"object_increment_id\":\"000000360\"}'),(669,1,'Sub 150',-1.0000,'{\"event_type\":\"order_placed\",\"object_type\":\"order\",\"object_id\":\"\",\"object_increment_id\":\"000000360\"}'),(670,1,'fax-kit',-1.0000,'{\"event_type\":\"order_placed\",\"object_type\":\"order\",\"object_id\":\"\",\"object_increment_id\":\"000000361\"}'),(671,1,'Sub 150',-1.0000,'{\"event_type\":\"order_placed\",\"object_type\":\"order\",\"object_id\":\"\",\"object_increment_id\":\"000000361\"}'),(672,1,'fax-kit',-1.0000,'{\"event_type\":\"order_placed\",\"object_type\":\"order\",\"object_id\":\"\",\"object_increment_id\":\"000000362\"}'),(673,1,'Sub 150',-1.0000,'{\"event_type\":\"order_placed\",\"object_type\":\"order\",\"object_id\":\"\",\"object_increment_id\":\"000000362\"}'),(674,1,'fax-kit',-1.0000,'{\"event_type\":\"order_placed\",\"object_type\":\"order\",\"object_id\":\"\",\"object_increment_id\":\"000000363\"}'),(675,1,'Sub 150',-1.0000,'{\"event_type\":\"order_placed\",\"object_type\":\"order\",\"object_id\":\"\",\"object_increment_id\":\"000000363\"}'),(676,1,'fax-kit',-1.0000,'{\"event_type\":\"order_placed\",\"object_type\":\"order\",\"object_id\":\"\",\"object_increment_id\":\"000000364\"}'),(677,1,'Sub 150',-1.0000,'{\"event_type\":\"order_placed\",\"object_type\":\"order\",\"object_id\":\"\",\"object_increment_id\":\"000000364\"}'),(678,1,'fax-kit',-1.0000,'{\"event_type\":\"order_placed\",\"object_type\":\"order\",\"object_id\":\"\",\"object_increment_id\":\"000000365\"}'),(679,1,'Sub 150',-1.0000,'{\"event_type\":\"order_placed\",\"object_type\":\"order\",\"object_id\":\"\",\"object_increment_id\":\"000000365\"}'),(680,1,'fax-kit',-1.0000,'{\"event_type\":\"order_placed\",\"object_type\":\"order\",\"object_id\":\"\",\"object_increment_id\":\"000000366\"}'),(681,1,'Sub 150',-1.0000,'{\"event_type\":\"order_placed\",\"object_type\":\"order\",\"object_id\":\"\",\"object_increment_id\":\"000000366\"}'),(682,1,'fax-kit',-1.0000,'{\"event_type\":\"order_placed\",\"object_type\":\"order\",\"object_id\":\"\",\"object_increment_id\":\"000000367\"}'),(683,1,'Sub 150',-1.0000,'{\"event_type\":\"order_placed\",\"object_type\":\"order\",\"object_id\":\"\",\"object_increment_id\":\"000000367\"}'),(684,1,'fax-kit',-1.0000,'{\"event_type\":\"order_placed\",\"object_type\":\"order\",\"object_id\":\"\",\"object_increment_id\":\"000000368\"}'),(685,1,'Sub 150',-1.0000,'{\"event_type\":\"order_placed\",\"object_type\":\"order\",\"object_id\":\"\",\"object_increment_id\":\"000000368\"}'),(686,1,'fax-kit',-1.0000,'{\"event_type\":\"order_placed\",\"object_type\":\"order\",\"object_id\":\"\",\"object_increment_id\":\"000000369\"}'),(687,1,'Sub 150',-1.0000,'{\"event_type\":\"order_placed\",\"object_type\":\"order\",\"object_id\":\"\",\"object_increment_id\":\"000000369\"}'),(688,1,'fax-kit',-1.0000,'{\"event_type\":\"order_placed\",\"object_type\":\"order\",\"object_id\":\"\",\"object_increment_id\":\"000000370\"}'),(689,1,'Sub 150',-1.0000,'{\"event_type\":\"order_placed\",\"object_type\":\"order\",\"object_id\":\"\",\"object_increment_id\":\"000000370\"}'),(690,1,'fax-kit',-1.0000,'{\"event_type\":\"order_placed\",\"object_type\":\"order\",\"object_id\":\"\",\"object_increment_id\":\"000000371\"}'),(691,1,'Sub 150',-1.0000,'{\"event_type\":\"order_placed\",\"object_type\":\"order\",\"object_id\":\"\",\"object_increment_id\":\"000000371\"}'),(692,1,'fax-kit',-1.0000,'{\"event_type\":\"order_placed\",\"object_type\":\"order\",\"object_id\":\"\",\"object_increment_id\":\"000000372\"}'),(693,1,'Sub 150',-1.0000,'{\"event_type\":\"order_placed\",\"object_type\":\"order\",\"object_id\":\"\",\"object_increment_id\":\"000000372\"}'),(723,1,'Sub 250',-1.0000,'{\"event_type\":\"order_placed\",\"object_type\":\"order\",\"object_id\":\"\",\"object_increment_id\":\"000000373\"}'),(724,1,'Sub 250',-1.0000,'{\"event_type\":\"order_placed\",\"object_type\":\"order\",\"object_id\":\"\",\"object_increment_id\":\"000000374\"}'),(725,1,'Sub 250',-1.0000,'{\"event_type\":\"order_placed\",\"object_type\":\"order\",\"object_id\":\"\",\"object_increment_id\":\"000000375\"}'),(726,1,'more-paper-trays',-2.0000,'{\"event_type\":\"order_placed\",\"object_type\":\"order\",\"object_id\":\"\",\"object_increment_id\":\"000000376\"}'),(727,1,'Sub 150',-2.0000,'{\"event_type\":\"order_placed\",\"object_type\":\"order\",\"object_id\":\"\",\"object_increment_id\":\"000000376\"}'),(728,1,'more-paper-trays',-1.0000,'{\"event_type\":\"order_placed\",\"object_type\":\"order\",\"object_id\":\"\",\"object_increment_id\":\"000000377\"}'),(729,1,'Sub 150',-2.0000,'{\"event_type\":\"order_placed\",\"object_type\":\"order\",\"object_id\":\"\",\"object_increment_id\":\"000000377\"}'),(730,1,'more-paper-trays',-1.0000,'{\"event_type\":\"order_placed\",\"object_type\":\"order\",\"object_id\":\"\",\"object_increment_id\":\"000000378\"}'),(731,1,'Sub 150',-2.0000,'{\"event_type\":\"order_placed\",\"object_type\":\"order\",\"object_id\":\"\",\"object_increment_id\":\"000000378\"}'),(732,1,'more-paper-trays',-1.0000,'{\"event_type\":\"order_placed\",\"object_type\":\"order\",\"object_id\":\"\",\"object_increment_id\":\"000000379\"}'),(733,1,'Sub 150',-2.0000,'{\"event_type\":\"order_placed\",\"object_type\":\"order\",\"object_id\":\"\",\"object_increment_id\":\"000000379\"}'),(734,1,'more-paper-trays',-1.0000,'{\"event_type\":\"order_placed\",\"object_type\":\"order\",\"object_id\":\"\",\"object_increment_id\":\"000000380\"}'),(735,1,'Sub 150',-2.0000,'{\"event_type\":\"order_placed\",\"object_type\":\"order\",\"object_id\":\"\",\"object_increment_id\":\"000000380\"}'),(736,1,'more-paper-trays',-1.0000,'{\"event_type\":\"order_placed\",\"object_type\":\"order\",\"object_id\":\"\",\"object_increment_id\":\"000000381\"}'),(737,1,'Sub 150',-2.0000,'{\"event_type\":\"order_placed\",\"object_type\":\"order\",\"object_id\":\"\",\"object_increment_id\":\"000000381\"}'),(738,1,'more-paper-trays',-1.0000,'{\"event_type\":\"order_placed\",\"object_type\":\"order\",\"object_id\":\"\",\"object_increment_id\":\"000000382\"}'),(739,1,'Sub 150',-2.0000,'{\"event_type\":\"order_placed\",\"object_type\":\"order\",\"object_id\":\"\",\"object_increment_id\":\"000000382\"}'),(740,1,'more-paper-trays',-1.0000,'{\"event_type\":\"order_placed\",\"object_type\":\"order\",\"object_id\":\"\",\"object_increment_id\":\"000000383\"}'),(741,1,'Sub 150',-2.0000,'{\"event_type\":\"order_placed\",\"object_type\":\"order\",\"object_id\":\"\",\"object_increment_id\":\"000000383\"}'),(742,1,'more-paper-trays',-1.0000,'{\"event_type\":\"order_placed\",\"object_type\":\"order\",\"object_id\":\"\",\"object_increment_id\":\"000000384\"}'),(743,1,'Sub 150',-2.0000,'{\"event_type\":\"order_placed\",\"object_type\":\"order\",\"object_id\":\"\",\"object_increment_id\":\"000000384\"}'),(744,1,'more-paper-trays',-1.0000,'{\"event_type\":\"order_placed\",\"object_type\":\"order\",\"object_id\":\"\",\"object_increment_id\":\"000000385\"}'),(745,1,'Sub 150',-2.0000,'{\"event_type\":\"order_placed\",\"object_type\":\"order\",\"object_id\":\"\",\"object_increment_id\":\"000000385\"}'),(746,1,'more-paper-trays',-1.0000,'{\"event_type\":\"order_placed\",\"object_type\":\"order\",\"object_id\":\"\",\"object_increment_id\":\"000000386\"}'),(747,1,'Sub 150',-2.0000,'{\"event_type\":\"order_placed\",\"object_type\":\"order\",\"object_id\":\"\",\"object_increment_id\":\"000000386\"}'),(748,1,'more-paper-trays',-1.0000,'{\"event_type\":\"order_placed\",\"object_type\":\"order\",\"object_id\":\"\",\"object_increment_id\":\"000000387\"}'),(749,1,'Sub 150',-2.0000,'{\"event_type\":\"order_placed\",\"object_type\":\"order\",\"object_id\":\"\",\"object_increment_id\":\"000000387\"}'),(750,1,'more-paper-trays',-1.0000,'{\"event_type\":\"order_placed\",\"object_type\":\"order\",\"object_id\":\"\",\"object_increment_id\":\"000000388\"}'),(751,1,'Sub 150',-2.0000,'{\"event_type\":\"order_placed\",\"object_type\":\"order\",\"object_id\":\"\",\"object_increment_id\":\"000000388\"}'),(752,1,'more-paper-trays',-1.0000,'{\"event_type\":\"order_placed\",\"object_type\":\"order\",\"object_id\":\"\",\"object_increment_id\":\"000000389\"}'),(753,1,'Sub 150',-2.0000,'{\"event_type\":\"order_placed\",\"object_type\":\"order\",\"object_id\":\"\",\"object_increment_id\":\"000000389\"}'),(754,1,'more-paper-trays',-1.0000,'{\"event_type\":\"order_placed\",\"object_type\":\"order\",\"object_id\":\"\",\"object_increment_id\":\"000000390\"}'),(755,1,'Sub 150',-2.0000,'{\"event_type\":\"order_placed\",\"object_type\":\"order\",\"object_id\":\"\",\"object_increment_id\":\"000000390\"}'),(756,1,'more-paper-trays',-1.0000,'{\"event_type\":\"order_placed\",\"object_type\":\"order\",\"object_id\":\"\",\"object_increment_id\":\"000000391\"}'),(757,1,'Sub 150',-2.0000,'{\"event_type\":\"order_placed\",\"object_type\":\"order\",\"object_id\":\"\",\"object_increment_id\":\"000000391\"}'),(758,1,'more-paper-trays',-1.0000,'{\"event_type\":\"order_placed\",\"object_type\":\"order\",\"object_id\":\"\",\"object_increment_id\":\"000000392\"}'),(759,1,'Sub 150',-2.0000,'{\"event_type\":\"order_placed\",\"object_type\":\"order\",\"object_id\":\"\",\"object_increment_id\":\"000000392\"}'),(760,1,'more-paper-trays',-1.0000,'{\"event_type\":\"order_placed\",\"object_type\":\"order\",\"object_id\":\"\",\"object_increment_id\":\"000000393\"}'),(761,1,'Sub 150',-2.0000,'{\"event_type\":\"order_placed\",\"object_type\":\"order\",\"object_id\":\"\",\"object_increment_id\":\"000000393\"}'),(762,1,'more-paper-trays',-1.0000,'{\"event_type\":\"order_placed\",\"object_type\":\"order\",\"object_id\":\"\",\"object_increment_id\":\"000000394\"}'),(763,1,'Sub 150',-2.0000,'{\"event_type\":\"order_placed\",\"object_type\":\"order\",\"object_id\":\"\",\"object_increment_id\":\"000000394\"}'),(764,1,'more-paper-trays',-1.0000,'{\"event_type\":\"order_placed\",\"object_type\":\"order\",\"object_id\":\"\",\"object_increment_id\":\"000000395\"}'),(765,1,'Sub 150',-2.0000,'{\"event_type\":\"order_placed\",\"object_type\":\"order\",\"object_id\":\"\",\"object_increment_id\":\"000000395\"}'),(766,1,'more-paper-trays',-1.0000,'{\"event_type\":\"order_placed\",\"object_type\":\"order\",\"object_id\":\"\",\"object_increment_id\":\"000000396\"}'),(767,1,'Sub 150',-2.0000,'{\"event_type\":\"order_placed\",\"object_type\":\"order\",\"object_id\":\"\",\"object_increment_id\":\"000000396\"}'),(768,1,'more-paper-trays',-1.0000,'{\"event_type\":\"order_placed\",\"object_type\":\"order\",\"object_id\":\"\",\"object_increment_id\":\"000000397\"}'),(769,1,'Sub 150',-2.0000,'{\"event_type\":\"order_placed\",\"object_type\":\"order\",\"object_id\":\"\",\"object_increment_id\":\"000000397\"}'),(770,1,'more-paper-trays',-1.0000,'{\"event_type\":\"order_placed\",\"object_type\":\"order\",\"object_id\":\"\",\"object_increment_id\":\"000000398\"}'),(771,1,'Sub 150',-2.0000,'{\"event_type\":\"order_placed\",\"object_type\":\"order\",\"object_id\":\"\",\"object_increment_id\":\"000000398\"}'),(772,1,'more-paper-trays',-1.0000,'{\"event_type\":\"order_placed\",\"object_type\":\"order\",\"object_id\":\"\",\"object_increment_id\":\"000000399\"}'),(773,1,'Sub 150',-2.0000,'{\"event_type\":\"order_placed\",\"object_type\":\"order\",\"object_id\":\"\",\"object_increment_id\":\"000000399\"}'),(774,1,'service-call-type-1',-1.0000,'{\"event_type\":\"order_placed\",\"object_type\":\"order\",\"object_id\":\"\",\"object_increment_id\":\"000000400\"}'),(775,1,'201190157',-1.0000,'{\"event_type\":\"order_placed\",\"object_type\":\"order\",\"object_id\":\"\",\"object_increment_id\":\"000000401\"}'),(776,1,'service-plan-type-2',-1.0000,'{\"event_type\":\"order_placed\",\"object_type\":\"order\",\"object_id\":\"\",\"object_increment_id\":\"000000402\"}'),(777,1,'service-plan-type-5',-1.0000,'{\"event_type\":\"order_placed\",\"object_type\":\"order\",\"object_id\":\"\",\"object_increment_id\":\"000000403\"}'),(778,1,'201090021',-1.0000,'{\"event_type\":\"order_placed\",\"object_type\":\"order\",\"object_id\":\"\",\"object_increment_id\":\"000000404\"}'),(779,1,'20119001',-1.0000,'{\"event_type\":\"order_placed\",\"object_type\":\"order\",\"object_id\":\"\",\"object_increment_id\":\"000000405\"}'),(780,1,'201190161',-1.0000,'{\"event_type\":\"order_placed\",\"object_type\":\"order\",\"object_id\":\"\",\"object_increment_id\":\"000000405\"}'),(781,1,'201090021',-1.0000,'{\"event_type\":\"order_placed\",\"object_type\":\"order\",\"object_id\":\"\",\"object_increment_id\":\"000000405\"}'),(782,1,'service-plan-type-2',-1.0000,'{\"event_type\":\"order_placed\",\"object_type\":\"order\",\"object_id\":\"\",\"object_increment_id\":\"000000406\"}'),(783,1,'service-plan-type-2',-1.0000,'{\"event_type\":\"order_placed\",\"object_type\":\"order\",\"object_id\":\"\",\"object_increment_id\":\"000000407\"}'),(786,1,'Sub 150',-1.0000,'{\"event_type\":\"order_placed\",\"object_type\":\"order\",\"object_id\":\"\",\"object_increment_id\":\"000000409\"}'),(787,1,'Test Addon Product 001',-1.0000,'{\"event_type\":\"order_placed\",\"object_type\":\"order\",\"object_id\":\"\",\"object_increment_id\":\"000000409\"}'),(788,1,'Sub 150',-1.0000,'{\"event_type\":\"order_placed\",\"object_type\":\"order\",\"object_id\":\"\",\"object_increment_id\":\"000000410\"}'),(789,1,'Test Addon Product 001',-1.0000,'{\"event_type\":\"order_placed\",\"object_type\":\"order\",\"object_id\":\"\",\"object_increment_id\":\"000000410\"}'),(790,1,'Sub 150',-1.0000,'{\"event_type\":\"order_placed\",\"object_type\":\"order\",\"object_id\":\"\",\"object_increment_id\":\"000000411\"}'),(791,1,'Test Addon Product 001',-1.0000,'{\"event_type\":\"order_placed\",\"object_type\":\"order\",\"object_id\":\"\",\"object_increment_id\":\"000000411\"}'),(792,1,'Sub 150',-1.0000,'{\"event_type\":\"order_placed\",\"object_type\":\"order\",\"object_id\":\"\",\"object_increment_id\":\"000000412\"}'),(793,1,'Test Addon Product 001',-1.0000,'{\"event_type\":\"order_placed\",\"object_type\":\"order\",\"object_id\":\"\",\"object_increment_id\":\"000000412\"}'),(794,1,'Sub 150',-1.0000,'{\"event_type\":\"order_placed\",\"object_type\":\"order\",\"object_id\":\"\",\"object_increment_id\":\"000000413\"}'),(795,1,'Test Addon Product 001',-1.0000,'{\"event_type\":\"order_placed\",\"object_type\":\"order\",\"object_id\":\"\",\"object_increment_id\":\"000000413\"}'),(818,1,'Bizhub0510',-1.0000,'{\"event_type\":\"order_placed\",\"object_type\":\"order\",\"object_id\":\"\",\"object_increment_id\":\"000000419\"}'),(819,1,'201090019',-2.0000,'{\"event_type\":\"order_placed\",\"object_type\":\"order\",\"object_id\":\"\",\"object_increment_id\":\"000000420\"}'),(820,1,'201090020',-1.0000,'{\"event_type\":\"order_placed\",\"object_type\":\"order\",\"object_id\":\"\",\"object_increment_id\":\"000000420\"}'),(821,1,'201090021',-1.0000,'{\"event_type\":\"order_placed\",\"object_type\":\"order\",\"object_id\":\"\",\"object_increment_id\":\"000000420\"}'),(822,1,'201090020',-1.0000,'{\"event_type\":\"order_placed\",\"object_type\":\"order\",\"object_id\":\"\",\"object_increment_id\":\"000000421\"}'),(823,1,'201090021',-1.0000,'{\"event_type\":\"order_placed\",\"object_type\":\"order\",\"object_id\":\"\",\"object_increment_id\":\"000000421\"}'),(824,1,'201090021',-1.0000,'{\"event_type\":\"order_placed\",\"object_type\":\"order\",\"object_id\":\"\",\"object_increment_id\":\"000000422\"}'),(825,1,'201090017',-1.0000,'{\"event_type\":\"order_placed\",\"object_type\":\"order\",\"object_id\":\"\",\"object_increment_id\":\"000000423\"}'),(826,1,'201090018',-1.0000,'{\"event_type\":\"order_placed\",\"object_type\":\"order\",\"object_id\":\"\",\"object_increment_id\":\"000000423\"}'),(827,1,'201090022',-1.0000,'{\"event_type\":\"order_placed\",\"object_type\":\"order\",\"object_id\":\"\",\"object_increment_id\":\"000000423\"}'),(828,1,'201090017',-1.0000,'{\"event_type\":\"order_placed\",\"object_type\":\"order\",\"object_id\":\"\",\"object_increment_id\":\"000000424\"}'),(829,1,'201090018',-1.0000,'{\"event_type\":\"order_placed\",\"object_type\":\"order\",\"object_id\":\"\",\"object_increment_id\":\"000000424\"}'),(830,1,'Sub 150',-1.0000,'{\"event_type\":\"order_placed\",\"object_type\":\"order\",\"object_id\":\"\",\"object_increment_id\":\"000000425\"}'),(831,1,'Test Addon Product 001',-1.0000,'{\"event_type\":\"order_placed\",\"object_type\":\"order\",\"object_id\":\"\",\"object_increment_id\":\"000000425\"}'),(832,1,'Sub 150',-1.0000,'{\"event_type\":\"order_placed\",\"object_type\":\"order\",\"object_id\":\"\",\"object_increment_id\":\"000000426\"}'),(833,1,'Test Addon Product 001',-1.0000,'{\"event_type\":\"order_placed\",\"object_type\":\"order\",\"object_id\":\"\",\"object_increment_id\":\"000000426\"}'),(834,1,'Sub 150',-1.0000,'{\"event_type\":\"order_placed\",\"object_type\":\"order\",\"object_id\":\"\",\"object_increment_id\":\"000000427\"}'),(835,1,'Test Addon Product 001',-1.0000,'{\"event_type\":\"order_placed\",\"object_type\":\"order\",\"object_id\":\"\",\"object_increment_id\":\"000000427\"}'),(836,1,'Sub 150',-1.0000,'{\"event_type\":\"order_placed\",\"object_type\":\"order\",\"object_id\":\"\",\"object_increment_id\":\"000000428\"}'),(837,1,'Test Addon Product 001',-1.0000,'{\"event_type\":\"order_placed\",\"object_type\":\"order\",\"object_id\":\"\",\"object_increment_id\":\"000000428\"}'),(838,1,'Sub 150',-1.0000,'{\"event_type\":\"order_placed\",\"object_type\":\"order\",\"object_id\":\"\",\"object_increment_id\":\"000000429\"}'),(839,1,'Test Addon Product 001',-1.0000,'{\"event_type\":\"order_placed\",\"object_type\":\"order\",\"object_id\":\"\",\"object_increment_id\":\"000000429\"}'),(840,1,'Sub 150',-1.0000,'{\"event_type\":\"order_placed\",\"object_type\":\"order\",\"object_id\":\"\",\"object_increment_id\":\"000000430\"}'),(841,1,'Test Addon Product 001',-1.0000,'{\"event_type\":\"order_placed\",\"object_type\":\"order\",\"object_id\":\"\",\"object_increment_id\":\"000000430\"}'),(842,1,'Sub 150',-1.0000,'{\"event_type\":\"order_placed\",\"object_type\":\"order\",\"object_id\":\"\",\"object_increment_id\":\"000000431\"}'),(843,1,'Test Addon Product 001',-1.0000,'{\"event_type\":\"order_placed\",\"object_type\":\"order\",\"object_id\":\"\",\"object_increment_id\":\"000000431\"}'),(844,1,'Sub 150',-1.0000,'{\"event_type\":\"order_placed\",\"object_type\":\"order\",\"object_id\":\"\",\"object_increment_id\":\"000000432\"}'),(845,1,'Test Addon Product 001',-1.0000,'{\"event_type\":\"order_placed\",\"object_type\":\"order\",\"object_id\":\"\",\"object_increment_id\":\"000000432\"}'),(846,1,'Sub 150',-1.0000,'{\"event_type\":\"order_placed\",\"object_type\":\"order\",\"object_id\":\"\",\"object_increment_id\":\"000000433\"}'),(847,1,'Test Addon Product 001',-1.0000,'{\"event_type\":\"order_placed\",\"object_type\":\"order\",\"object_id\":\"\",\"object_increment_id\":\"000000433\"}'),(848,1,'Sub 150',-1.0000,'{\"event_type\":\"order_placed\",\"object_type\":\"order\",\"object_id\":\"\",\"object_increment_id\":\"000000434\"}'),(849,1,'Test Addon Product 001',-1.0000,'{\"event_type\":\"order_placed\",\"object_type\":\"order\",\"object_id\":\"\",\"object_increment_id\":\"000000434\"}'),(850,1,'Sub 150',-1.0000,'{\"event_type\":\"order_placed\",\"object_type\":\"order\",\"object_id\":\"\",\"object_increment_id\":\"000000435\"}'),(851,1,'Test Addon Product 001',-1.0000,'{\"event_type\":\"order_placed\",\"object_type\":\"order\",\"object_id\":\"\",\"object_increment_id\":\"000000435\"}'),(852,1,'Sub 150',-1.0000,'{\"event_type\":\"order_placed\",\"object_type\":\"order\",\"object_id\":\"\",\"object_increment_id\":\"000000436\"}'),(853,1,'Test Addon Product 001',-1.0000,'{\"event_type\":\"order_placed\",\"object_type\":\"order\",\"object_id\":\"\",\"object_increment_id\":\"000000436\"}'),(854,1,'Sub 150',-1.0000,'{\"event_type\":\"order_placed\",\"object_type\":\"order\",\"object_id\":\"\",\"object_increment_id\":\"000000437\"}'),(855,1,'Test Addon Product 001',-1.0000,'{\"event_type\":\"order_placed\",\"object_type\":\"order\",\"object_id\":\"\",\"object_increment_id\":\"000000437\"}'),(856,1,'Sub 150',-1.0000,'{\"event_type\":\"order_placed\",\"object_type\":\"order\",\"object_id\":\"\",\"object_increment_id\":\"000000438\"}'),(857,1,'Test Addon Product 001',-1.0000,'{\"event_type\":\"order_placed\",\"object_type\":\"order\",\"object_id\":\"\",\"object_increment_id\":\"000000438\"}'),(858,1,'Sub 150',-1.0000,'{\"event_type\":\"order_placed\",\"object_type\":\"order\",\"object_id\":\"\",\"object_increment_id\":\"000000439\"}'),(859,1,'Test Addon Product 001',-1.0000,'{\"event_type\":\"order_placed\",\"object_type\":\"order\",\"object_id\":\"\",\"object_increment_id\":\"000000439\"}'),(860,1,'Sub 150',-1.0000,'{\"event_type\":\"order_placed\",\"object_type\":\"order\",\"object_id\":\"\",\"object_increment_id\":\"000000440\"}'),(861,1,'Test Addon Product 001',-1.0000,'{\"event_type\":\"order_placed\",\"object_type\":\"order\",\"object_id\":\"\",\"object_increment_id\":\"000000440\"}'),(862,1,'Sub 150',-1.0000,'{\"event_type\":\"order_placed\",\"object_type\":\"order\",\"object_id\":\"\",\"object_increment_id\":\"000000441\"}'),(863,1,'Test Addon Product 001',-1.0000,'{\"event_type\":\"order_placed\",\"object_type\":\"order\",\"object_id\":\"\",\"object_increment_id\":\"000000441\"}'),(864,1,'Sub 150',-1.0000,'{\"event_type\":\"order_placed\",\"object_type\":\"order\",\"object_id\":\"\",\"object_increment_id\":\"000000442\"}'),(865,1,'Test Addon Product 001',-1.0000,'{\"event_type\":\"order_placed\",\"object_type\":\"order\",\"object_id\":\"\",\"object_increment_id\":\"000000442\"}'),(866,1,'Sub 150',-1.0000,'{\"event_type\":\"order_placed\",\"object_type\":\"order\",\"object_id\":\"\",\"object_increment_id\":\"000000443\"}'),(867,1,'Test Addon Product 001',-1.0000,'{\"event_type\":\"order_placed\",\"object_type\":\"order\",\"object_id\":\"\",\"object_increment_id\":\"000000443\"}'),(868,1,'Sub 150',-1.0000,'{\"event_type\":\"order_placed\",\"object_type\":\"order\",\"object_id\":\"\",\"object_increment_id\":\"000000444\"}'),(869,1,'Test Addon Product 001',-1.0000,'{\"event_type\":\"order_placed\",\"object_type\":\"order\",\"object_id\":\"\",\"object_increment_id\":\"000000444\"}'),(870,1,'Sub 150',-1.0000,'{\"event_type\":\"order_placed\",\"object_type\":\"order\",\"object_id\":\"\",\"object_increment_id\":\"000000445\"}'),(871,1,'Test Addon Product 001',-1.0000,'{\"event_type\":\"order_placed\",\"object_type\":\"order\",\"object_id\":\"\",\"object_increment_id\":\"000000445\"}'),(872,1,'Sub 150',-1.0000,'{\"event_type\":\"order_placed\",\"object_type\":\"order\",\"object_id\":\"\",\"object_increment_id\":\"000000446\"}'),(873,1,'Test Addon Product 001',-1.0000,'{\"event_type\":\"order_placed\",\"object_type\":\"order\",\"object_id\":\"\",\"object_increment_id\":\"000000446\"}'),(876,1,'Sub 150',-1.0000,'{\"event_type\":\"order_placed\",\"object_type\":\"order\",\"object_id\":\"\",\"object_increment_id\":\"000000448\"}'),(877,1,'Test Addon Product 001',-1.0000,'{\"event_type\":\"order_placed\",\"object_type\":\"order\",\"object_id\":\"\",\"object_increment_id\":\"000000448\"}'),(880,1,'Sub 150',-1.0000,'{\"event_type\":\"order_placed\",\"object_type\":\"order\",\"object_id\":\"\",\"object_increment_id\":\"000000447-1\"}'),(881,1,'Test Addon Product 001',-1.0000,'{\"event_type\":\"order_placed\",\"object_type\":\"order\",\"object_id\":\"\",\"object_increment_id\":\"000000447-1\"}'),(896,1,'service-call-type-1',-1.0000,'{\"event_type\":\"order_placed\",\"object_type\":\"order\",\"object_id\":\"\",\"object_increment_id\":\"000000455\"}'),(897,1,'201090022',-1.0000,'{\"event_type\":\"order_placed\",\"object_type\":\"order\",\"object_id\":\"\",\"object_increment_id\":\"000000456\"}'),(898,1,'Bizhub0510',-1.0000,'{\"event_type\":\"order_placed\",\"object_type\":\"order\",\"object_id\":\"\",\"object_increment_id\":\"000000456\"}'),(901,1,'service-plan-type-1',-1.0000,'{\"event_type\":\"order_placed\",\"object_type\":\"order\",\"object_id\":\"\",\"object_increment_id\":\"000000458\"}'),(902,1,'service-plan-type-2',-1.0000,'{\"event_type\":\"order_placed\",\"object_type\":\"order\",\"object_id\":\"\",\"object_increment_id\":\"000000459\"}'),(912,1,'20109019',-1.0000,'{\"event_type\":\"order_placed\",\"object_type\":\"order\",\"object_id\":\"\",\"object_increment_id\":\"000000464\"}'),(913,1,'201090022',-1.0000,'{\"event_type\":\"order_placed\",\"object_type\":\"order\",\"object_id\":\"\",\"object_increment_id\":\"000000464\"}'),(914,1,'201090022',1.0000,'{\"event_type\":\"shipment_created\",\"object_type\":\"order\",\"object_id\":\"464\",\"object_increment_id\":\"000000464\"}'),(930,1,'service-call-type-1',-1.0000,'{\"event_type\":\"order_placed\",\"object_type\":\"order\",\"object_id\":\"\",\"object_increment_id\":\"000000466\"}'),(931,1,'service-plan-type-1',-1.0000,'{\"event_type\":\"order_placed\",\"object_type\":\"order\",\"object_id\":\"\",\"object_increment_id\":\"000000467\"}'),(934,1,'service-plan-type-1',-1.0000,'{\"event_type\":\"order_placed\",\"object_type\":\"order\",\"object_id\":\"\",\"object_increment_id\":\"000000470\"}'),(935,1,'service-call-type-1',-1.0000,'{\"event_type\":\"order_placed\",\"object_type\":\"order\",\"object_id\":\"\",\"object_increment_id\":\"000000471\"}'),(936,1,'service-plan-type-5',-1.0000,'{\"event_type\":\"order_placed\",\"object_type\":\"order\",\"object_id\":\"\",\"object_increment_id\":\"000000472\"}'),(938,1,'service-call-type-1',-1.0000,'{\"event_type\":\"order_placed\",\"object_type\":\"order\",\"object_id\":\"\",\"object_increment_id\":\"000000474\"}'),(939,1,'service-plan-type-3',-1.0000,'{\"event_type\":\"order_placed\",\"object_type\":\"order\",\"object_id\":\"\",\"object_increment_id\":\"000000475\"}'),(940,1,'service-plan-type-5',-1.0000,'{\"event_type\":\"order_placed\",\"object_type\":\"order\",\"object_id\":\"\",\"object_increment_id\":\"000000476\"}'),(952,1,'service-plan-type-1',-1.0000,'{\"event_type\":\"order_placed\",\"object_type\":\"order\",\"object_id\":\"\",\"object_increment_id\":\"000000484\"}'),(953,1,'201090021',-1.0000,'{\"event_type\":\"order_placed\",\"object_type\":\"order\",\"object_id\":\"\",\"object_increment_id\":\"000000485\"}'),(954,1,'201090022',-1.0000,'{\"event_type\":\"order_placed\",\"object_type\":\"order\",\"object_id\":\"\",\"object_increment_id\":\"000000486\"}'),(955,1,'201090022',-1.0000,'{\"event_type\":\"order_placed\",\"object_type\":\"order\",\"object_id\":\"\",\"object_increment_id\":\"000000487\"}'),(956,1,'201090022',-1.0000,'{\"event_type\":\"order_placed\",\"object_type\":\"order\",\"object_id\":\"\",\"object_increment_id\":\"000000488\"}'),(957,1,'201090018',-1.0000,'{\"event_type\":\"order_placed\",\"object_type\":\"order\",\"object_id\":\"\",\"object_increment_id\":\"000000489\"}'),(958,1,'Konica Minolta bizhub 226',-3.0000,'{\"event_type\":\"order_placed\",\"object_type\":\"order\",\"object_id\":\"\",\"object_increment_id\":\"000000490\"}'),(959,1,'Konica Minolta bizhub 266i',-1.0000,'{\"event_type\":\"order_placed\",\"object_type\":\"order\",\"object_id\":\"\",\"object_increment_id\":\"000000490\"}'),(960,1,'201190131',-1.0000,'{\"event_type\":\"order_placed\",\"object_type\":\"order\",\"object_id\":\"\",\"object_increment_id\":\"000000490\"}'),(961,1,'201190132',-1.0000,'{\"event_type\":\"order_placed\",\"object_type\":\"order\",\"object_id\":\"\",\"object_increment_id\":\"000000490\"}'),(962,1,'201190133',-1.0000,'{\"event_type\":\"order_placed\",\"object_type\":\"order\",\"object_id\":\"\",\"object_increment_id\":\"000000490\"}'),(963,1,'201190135',-1.0000,'{\"event_type\":\"order_placed\",\"object_type\":\"order\",\"object_id\":\"\",\"object_increment_id\":\"000000490\"}'),(964,1,'201190136',-1.0000,'{\"event_type\":\"order_placed\",\"object_type\":\"order\",\"object_id\":\"\",\"object_increment_id\":\"000000490\"}'),(965,1,'201190137',-1.0000,'{\"event_type\":\"order_placed\",\"object_type\":\"order\",\"object_id\":\"\",\"object_increment_id\":\"000000490\"}'),(966,1,'201090019',-1.0000,'{\"event_type\":\"order_placed\",\"object_type\":\"order\",\"object_id\":\"\",\"object_increment_id\":\"000000490\"}'),(967,1,'service-plan-type-2',-1.0000,'{\"event_type\":\"order_placed\",\"object_type\":\"order\",\"object_id\":\"\",\"object_increment_id\":\"000000491\"}'),(968,1,'201090021',-1.0000,'{\"event_type\":\"order_placed\",\"object_type\":\"order\",\"object_id\":\"\",\"object_increment_id\":\"000000492\"}'),(969,1,'201090022',-1.0000,'{\"event_type\":\"order_placed\",\"object_type\":\"order\",\"object_id\":\"\",\"object_increment_id\":\"000000492\"}'),(970,1,'201190161',-2.0000,'{\"event_type\":\"order_placed\",\"object_type\":\"order\",\"object_id\":\"\",\"object_increment_id\":\"000000493\"}'),(971,1,'201090021',-1.0000,'{\"event_type\":\"order_placed\",\"object_type\":\"order\",\"object_id\":\"\",\"object_increment_id\":\"000000494\"}'),(972,1,'201090017',-1.0000,'{\"event_type\":\"order_placed\",\"object_type\":\"order\",\"object_id\":\"\",\"object_increment_id\":\"000000495\"}'),(973,1,'201090019',-1.0000,'{\"event_type\":\"order_placed\",\"object_type\":\"order\",\"object_id\":\"\",\"object_increment_id\":\"000000495\"}'),(974,1,'201090021',-2.0000,'{\"event_type\":\"order_placed\",\"object_type\":\"order\",\"object_id\":\"\",\"object_increment_id\":\"000000495\"}'),(975,1,'201090022',-1.0000,'{\"event_type\":\"order_placed\",\"object_type\":\"order\",\"object_id\":\"\",\"object_increment_id\":\"000000495\"}'),(976,1,'201090021',-2.0000,'{\"event_type\":\"order_placed\",\"object_type\":\"order\",\"object_id\":\"\",\"object_increment_id\":\"000000496\"}'),(977,1,'201090022',-1.0000,'{\"event_type\":\"order_placed\",\"object_type\":\"order\",\"object_id\":\"\",\"object_increment_id\":\"000000496\"}'),(978,1,'201090019',-1.0000,'{\"event_type\":\"order_placed\",\"object_type\":\"order\",\"object_id\":\"\",\"object_increment_id\":\"000000497\"}'),(979,1,'201090021',-1.0000,'{\"event_type\":\"order_placed\",\"object_type\":\"order\",\"object_id\":\"\",\"object_increment_id\":\"000000497\"}'),(980,1,'201090022',-1.0000,'{\"event_type\":\"order_placed\",\"object_type\":\"order\",\"object_id\":\"\",\"object_increment_id\":\"000000497\"}'),(981,1,'Samir Test Product',-1.0000,'{\"event_type\":\"order_placed\",\"object_type\":\"order\",\"object_id\":\"\",\"object_increment_id\":\"000000497\"}'),(984,1,'service-plan-type-3',-1.0000,'{\"event_type\":\"order_placed\",\"object_type\":\"order\",\"object_id\":\"\",\"object_increment_id\":\"000000500\"}'),(985,1,'service-call-type-1',-1.0000,'{\"event_type\":\"order_placed\",\"object_type\":\"order\",\"object_id\":\"\",\"object_increment_id\":\"000000501\"}'),(990,1,'service-plan-type-2',-1.0000,'{\"event_type\":\"order_placed\",\"object_type\":\"order\",\"object_id\":\"\",\"object_increment_id\":\"000000504\"}'),(997,1,'service-call-type-1',-1.0000,'{\"event_type\":\"order_placed\",\"object_type\":\"order\",\"object_id\":\"\",\"object_increment_id\":\"000000508\"}'),(998,1,'service-plan-type-3',-1.0000,'{\"event_type\":\"order_placed\",\"object_type\":\"order\",\"object_id\":\"\",\"object_increment_id\":\"000000509\"}'),(1007,1,'service-plan-type-4',-1.0000,'{\"event_type\":\"order_placed\",\"object_type\":\"order\",\"object_id\":\"\",\"object_increment_id\":\"000000513\"}'),(1010,1,'2011900169',-1.0000,'{\"event_type\":\"order_placed\",\"object_type\":\"order\",\"object_id\":\"\",\"object_increment_id\":\"000000515\"}'),(1011,1,'Sub 150',-1.0000,'{\"event_type\":\"order_placed\",\"object_type\":\"order\",\"object_id\":\"\",\"object_increment_id\":\"000000516\"}'),(1012,1,'Sub 150',-1.0000,'{\"event_type\":\"order_placed\",\"object_type\":\"order\",\"object_id\":\"\",\"object_increment_id\":\"000000517\"}'),(1013,1,'Sub 150',-1.0000,'{\"event_type\":\"order_placed\",\"object_type\":\"order\",\"object_id\":\"\",\"object_increment_id\":\"000000518\"}'),(1014,1,'Sub 150',-1.0000,'{\"event_type\":\"order_placed\",\"object_type\":\"order\",\"object_id\":\"\",\"object_increment_id\":\"000000519\"}'),(1015,1,'Sub 150',-1.0000,'{\"event_type\":\"order_placed\",\"object_type\":\"order\",\"object_id\":\"\",\"object_increment_id\":\"000000520\"}'),(1016,1,'Sub 150',-1.0000,'{\"event_type\":\"order_placed\",\"object_type\":\"order\",\"object_id\":\"\",\"object_increment_id\":\"000000521\"}'),(1017,1,'Sub 150',-1.0000,'{\"event_type\":\"order_placed\",\"object_type\":\"order\",\"object_id\":\"\",\"object_increment_id\":\"000000522\"}'),(1018,1,'Sub 150',-1.0000,'{\"event_type\":\"order_placed\",\"object_type\":\"order\",\"object_id\":\"\",\"object_increment_id\":\"000000523\"}'),(1019,1,'Sub 150',-1.0000,'{\"event_type\":\"order_placed\",\"object_type\":\"order\",\"object_id\":\"\",\"object_increment_id\":\"000000524\"}'),(1020,1,'Sub 150',-1.0000,'{\"event_type\":\"order_placed\",\"object_type\":\"order\",\"object_id\":\"\",\"object_increment_id\":\"000000525\"}'),(1021,1,'Sub 150',-1.0000,'{\"event_type\":\"order_placed\",\"object_type\":\"order\",\"object_id\":\"\",\"object_increment_id\":\"000000526\"}'),(1022,1,'Sub 150',-1.0000,'{\"event_type\":\"order_placed\",\"object_type\":\"order\",\"object_id\":\"\",\"object_increment_id\":\"000000527\"}'),(1023,1,'Sub 150',-1.0000,'{\"event_type\":\"order_placed\",\"object_type\":\"order\",\"object_id\":\"\",\"object_increment_id\":\"000000528\"}'),(1024,1,'Sub 150',-1.0000,'{\"event_type\":\"order_placed\",\"object_type\":\"order\",\"object_id\":\"\",\"object_increment_id\":\"000000529\"}'),(1025,1,'Sub 150',-1.0000,'{\"event_type\":\"order_placed\",\"object_type\":\"order\",\"object_id\":\"\",\"object_increment_id\":\"000000530\"}'),(1026,1,'Sub 150',-1.0000,'{\"event_type\":\"order_placed\",\"object_type\":\"order\",\"object_id\":\"\",\"object_increment_id\":\"000000531\"}'),(1027,1,'Sub 150',-1.0000,'{\"event_type\":\"order_placed\",\"object_type\":\"order\",\"object_id\":\"\",\"object_increment_id\":\"000000532\"}'),(1028,1,'Sub 150',-1.0000,'{\"event_type\":\"order_placed\",\"object_type\":\"order\",\"object_id\":\"\",\"object_increment_id\":\"000000533\"}'),(1029,1,'Sub 150',-1.0000,'{\"event_type\":\"order_placed\",\"object_type\":\"order\",\"object_id\":\"\",\"object_increment_id\":\"000000534\"}'),(1030,1,'Sub 150',-1.0000,'{\"event_type\":\"order_placed\",\"object_type\":\"order\",\"object_id\":\"\",\"object_increment_id\":\"000000535\"}'),(1031,1,'Sub 150',-1.0000,'{\"event_type\":\"order_placed\",\"object_type\":\"order\",\"object_id\":\"\",\"object_increment_id\":\"000000536\"}'),(1032,1,'Sub 150',-1.0000,'{\"event_type\":\"order_placed\",\"object_type\":\"order\",\"object_id\":\"\",\"object_increment_id\":\"000000537\"}'),(1033,1,'Sub 150',-1.0000,'{\"event_type\":\"order_placed\",\"object_type\":\"order\",\"object_id\":\"\",\"object_increment_id\":\"000000538\"}'),(1034,1,'Sub 150',-1.0000,'{\"event_type\":\"order_placed\",\"object_type\":\"order\",\"object_id\":\"\",\"object_increment_id\":\"000000539\"}'),(1036,1,'Sub 250',-1.0000,'{\"event_type\":\"order_placed\",\"object_type\":\"order\",\"object_id\":\"\",\"object_increment_id\":\"000000541\"}'),(1037,1,'Sub 250',-1.0000,'{\"event_type\":\"order_placed\",\"object_type\":\"order\",\"object_id\":\"\",\"object_increment_id\":\"000000542\"}'),(1039,1,'Sub 250',-1.0000,'{\"event_type\":\"order_placed\",\"object_type\":\"order\",\"object_id\":\"\",\"object_increment_id\":\"000000543\"}'),(1041,1,'Sub 500',-1.0000,'{\"event_type\":\"order_placed\",\"object_type\":\"order\",\"object_id\":\"\",\"object_increment_id\":\"000000545\"}'),(1042,1,'Sub 500',-1.0000,'{\"event_type\":\"order_placed\",\"object_type\":\"order\",\"object_id\":\"\",\"object_increment_id\":\"000000546\"}'),(1046,1,'Sub 400',-1.0000,'{\"event_type\":\"order_placed\",\"object_type\":\"order\",\"object_id\":\"\",\"object_increment_id\":\"000000548\"}'),(1047,1,'Test Addon Product 001',-1.0000,'{\"event_type\":\"order_placed\",\"object_type\":\"order\",\"object_id\":\"\",\"object_increment_id\":\"000000548\"}'),(1048,1,'Sub 400',-1.0000,'{\"event_type\":\"order_placed\",\"object_type\":\"order\",\"object_id\":\"\",\"object_increment_id\":\"000000549\"}'),(1049,1,'Test Addon Product 001',-1.0000,'{\"event_type\":\"order_placed\",\"object_type\":\"order\",\"object_id\":\"\",\"object_increment_id\":\"000000549\"}'),(1053,1,'Sub 400',-1.0000,'{\"event_type\":\"order_placed\",\"object_type\":\"order\",\"object_id\":\"\",\"object_increment_id\":\"000000551\"}'),(1054,1,'Sub 400',-1.0000,'{\"event_type\":\"order_placed\",\"object_type\":\"order\",\"object_id\":\"\",\"object_increment_id\":\"000000552\"}'),(1060,1,'fax-kit',-1.0000,'{\"event_type\":\"order_placed\",\"object_type\":\"order\",\"object_id\":\"\",\"object_increment_id\":\"000000554\"}'),(1061,1,'Sub 150',-1.0000,'{\"event_type\":\"order_placed\",\"object_type\":\"order\",\"object_id\":\"\",\"object_increment_id\":\"000000554\"}'),(1062,1,'fax-kit',-1.0000,'{\"event_type\":\"order_placed\",\"object_type\":\"order\",\"object_id\":\"\",\"object_increment_id\":\"000000555\"}'),(1063,1,'Sub 150',-1.0000,'{\"event_type\":\"order_placed\",\"object_type\":\"order\",\"object_id\":\"\",\"object_increment_id\":\"000000555\"}'),(1064,1,'fax-kit',-1.0000,'{\"event_type\":\"order_placed\",\"object_type\":\"order\",\"object_id\":\"\",\"object_increment_id\":\"000000556\"}'),(1065,1,'Sub 150',-1.0000,'{\"event_type\":\"order_placed\",\"object_type\":\"order\",\"object_id\":\"\",\"object_increment_id\":\"000000556\"}'),(1066,1,'fax-kit',-1.0000,'{\"event_type\":\"order_placed\",\"object_type\":\"order\",\"object_id\":\"\",\"object_increment_id\":\"000000557\"}'),(1067,1,'Sub 150',-1.0000,'{\"event_type\":\"order_placed\",\"object_type\":\"order\",\"object_id\":\"\",\"object_increment_id\":\"000000557\"}'),(1068,1,'fax-kit',-1.0000,'{\"event_type\":\"order_placed\",\"object_type\":\"order\",\"object_id\":\"\",\"object_increment_id\":\"000000558\"}'),(1069,1,'Sub 150',-1.0000,'{\"event_type\":\"order_placed\",\"object_type\":\"order\",\"object_id\":\"\",\"object_increment_id\":\"000000558\"}'),(1070,1,'fax-kit',-1.0000,'{\"event_type\":\"order_placed\",\"object_type\":\"order\",\"object_id\":\"\",\"object_increment_id\":\"000000559\"}'),(1071,1,'Sub 150',-1.0000,'{\"event_type\":\"order_placed\",\"object_type\":\"order\",\"object_id\":\"\",\"object_increment_id\":\"000000559\"}'),(1072,1,'fax-kit',-1.0000,'{\"event_type\":\"order_placed\",\"object_type\":\"order\",\"object_id\":\"\",\"object_increment_id\":\"000000560\"}'),(1073,1,'Sub 150',-1.0000,'{\"event_type\":\"order_placed\",\"object_type\":\"order\",\"object_id\":\"\",\"object_increment_id\":\"000000560\"}'),(1074,1,'fax-kit',-1.0000,'{\"event_type\":\"order_placed\",\"object_type\":\"order\",\"object_id\":\"\",\"object_increment_id\":\"000000561\"}'),(1075,1,'Sub 150',-1.0000,'{\"event_type\":\"order_placed\",\"object_type\":\"order\",\"object_id\":\"\",\"object_increment_id\":\"000000561\"}'),(1076,1,'fax-kit',-1.0000,'{\"event_type\":\"order_placed\",\"object_type\":\"order\",\"object_id\":\"\",\"object_increment_id\":\"000000562\"}'),(1077,1,'Sub 150',-1.0000,'{\"event_type\":\"order_placed\",\"object_type\":\"order\",\"object_id\":\"\",\"object_increment_id\":\"000000562\"}'),(1078,1,'fax-kit',-1.0000,'{\"event_type\":\"order_placed\",\"object_type\":\"order\",\"object_id\":\"\",\"object_increment_id\":\"000000563\"}'),(1079,1,'Sub 150',-1.0000,'{\"event_type\":\"order_placed\",\"object_type\":\"order\",\"object_id\":\"\",\"object_increment_id\":\"000000563\"}'),(1080,1,'fax-kit',-1.0000,'{\"event_type\":\"order_placed\",\"object_type\":\"order\",\"object_id\":\"\",\"object_increment_id\":\"000000564\"}'),(1081,1,'Sub 150',-1.0000,'{\"event_type\":\"order_placed\",\"object_type\":\"order\",\"object_id\":\"\",\"object_increment_id\":\"000000564\"}'),(1082,1,'fax-kit',-1.0000,'{\"event_type\":\"order_placed\",\"object_type\":\"order\",\"object_id\":\"\",\"object_increment_id\":\"000000565\"}'),(1083,1,'Sub 150',-1.0000,'{\"event_type\":\"order_placed\",\"object_type\":\"order\",\"object_id\":\"\",\"object_increment_id\":\"000000565\"}'),(1084,1,'fax-kit',-1.0000,'{\"event_type\":\"order_placed\",\"object_type\":\"order\",\"object_id\":\"\",\"object_increment_id\":\"000000566\"}'),(1085,1,'Sub 150',-1.0000,'{\"event_type\":\"order_placed\",\"object_type\":\"order\",\"object_id\":\"\",\"object_increment_id\":\"000000566\"}'),(1086,1,'fax-kit',-1.0000,'{\"event_type\":\"order_placed\",\"object_type\":\"order\",\"object_id\":\"\",\"object_increment_id\":\"000000567\"}'),(1087,1,'Sub 150',-1.0000,'{\"event_type\":\"order_placed\",\"object_type\":\"order\",\"object_id\":\"\",\"object_increment_id\":\"000000567\"}'),(1088,1,'fax-kit',-1.0000,'{\"event_type\":\"order_placed\",\"object_type\":\"order\",\"object_id\":\"\",\"object_increment_id\":\"000000568\"}'),(1089,1,'Sub 150',-1.0000,'{\"event_type\":\"order_placed\",\"object_type\":\"order\",\"object_id\":\"\",\"object_increment_id\":\"000000568\"}'),(1090,1,'fax-kit',-1.0000,'{\"event_type\":\"order_placed\",\"object_type\":\"order\",\"object_id\":\"\",\"object_increment_id\":\"000000569\"}'),(1091,1,'Sub 150',-1.0000,'{\"event_type\":\"order_placed\",\"object_type\":\"order\",\"object_id\":\"\",\"object_increment_id\":\"000000569\"}'),(1092,1,'fax-kit',-1.0000,'{\"event_type\":\"order_placed\",\"object_type\":\"order\",\"object_id\":\"\",\"object_increment_id\":\"000000570\"}'),(1093,1,'Sub 150',-1.0000,'{\"event_type\":\"order_placed\",\"object_type\":\"order\",\"object_id\":\"\",\"object_increment_id\":\"000000570\"}'),(1094,1,'fax-kit',-1.0000,'{\"event_type\":\"order_placed\",\"object_type\":\"order\",\"object_id\":\"\",\"object_increment_id\":\"000000571\"}'),(1095,1,'Sub 150',-1.0000,'{\"event_type\":\"order_placed\",\"object_type\":\"order\",\"object_id\":\"\",\"object_increment_id\":\"000000571\"}'),(1096,1,'fax-kit',-1.0000,'{\"event_type\":\"order_placed\",\"object_type\":\"order\",\"object_id\":\"\",\"object_increment_id\":\"000000572\"}'),(1097,1,'Sub 150',-1.0000,'{\"event_type\":\"order_placed\",\"object_type\":\"order\",\"object_id\":\"\",\"object_increment_id\":\"000000572\"}'),(1098,1,'fax-kit',-1.0000,'{\"event_type\":\"order_placed\",\"object_type\":\"order\",\"object_id\":\"\",\"object_increment_id\":\"000000573\"}'),(1099,1,'Sub 150',-1.0000,'{\"event_type\":\"order_placed\",\"object_type\":\"order\",\"object_id\":\"\",\"object_increment_id\":\"000000573\"}'),(1100,1,'fax-kit',-1.0000,'{\"event_type\":\"order_placed\",\"object_type\":\"order\",\"object_id\":\"\",\"object_increment_id\":\"000000574\"}'),(1101,1,'Sub 150',-1.0000,'{\"event_type\":\"order_placed\",\"object_type\":\"order\",\"object_id\":\"\",\"object_increment_id\":\"000000574\"}'),(1102,1,'fax-kit',-1.0000,'{\"event_type\":\"order_placed\",\"object_type\":\"order\",\"object_id\":\"\",\"object_increment_id\":\"000000575\"}'),(1103,1,'Sub 150',-1.0000,'{\"event_type\":\"order_placed\",\"object_type\":\"order\",\"object_id\":\"\",\"object_increment_id\":\"000000575\"}'),(1104,1,'fax-kit',-1.0000,'{\"event_type\":\"order_placed\",\"object_type\":\"order\",\"object_id\":\"\",\"object_increment_id\":\"000000576\"}'),(1105,1,'Sub 150',-1.0000,'{\"event_type\":\"order_placed\",\"object_type\":\"order\",\"object_id\":\"\",\"object_increment_id\":\"000000576\"}'),(1106,1,'fax-kit',-1.0000,'{\"event_type\":\"order_placed\",\"object_type\":\"order\",\"object_id\":\"\",\"object_increment_id\":\"000000577\"}'),(1107,1,'Sub 150',-1.0000,'{\"event_type\":\"order_placed\",\"object_type\":\"order\",\"object_id\":\"\",\"object_increment_id\":\"000000577\"}'),(1127,1,'20119001105',-1.0000,'{\"event_type\":\"order_placed\",\"object_type\":\"order\",\"object_id\":\"\",\"object_increment_id\":\"000000586\"}'),(1131,1,'20119001104',-1.0000,'{\"event_type\":\"order_placed\",\"object_type\":\"order\",\"object_id\":\"\",\"object_increment_id\":\"000000588\"}'),(1132,1,'20119001105',-2.0000,'{\"event_type\":\"order_placed\",\"object_type\":\"order\",\"object_id\":\"\",\"object_increment_id\":\"000000588\"}'),(1133,1,'20119001104',-1.0000,'{\"event_type\":\"order_placed\",\"object_type\":\"order\",\"object_id\":\"\",\"object_increment_id\":\"000000589\"}'),(1134,1,'20119001105',-2.0000,'{\"event_type\":\"order_placed\",\"object_type\":\"order\",\"object_id\":\"\",\"object_increment_id\":\"000000589\"}'),(1135,1,'20119001104',-1.0000,'{\"event_type\":\"order_placed\",\"object_type\":\"order\",\"object_id\":\"\",\"object_increment_id\":\"000000590\"}'),(1136,1,'20119001105',-2.0000,'{\"event_type\":\"order_placed\",\"object_type\":\"order\",\"object_id\":\"\",\"object_increment_id\":\"000000590\"}'),(1141,1,'20119001104',-1.0000,'{\"event_type\":\"order_placed\",\"object_type\":\"order\",\"object_id\":\"\",\"object_increment_id\":\"000000592\"}'),(1142,1,'20119001105',-2.0000,'{\"event_type\":\"order_placed\",\"object_type\":\"order\",\"object_id\":\"\",\"object_increment_id\":\"000000592\"}'),(1147,1,'20119001104',-1.0000,'{\"event_type\":\"order_placed\",\"object_type\":\"order\",\"object_id\":\"\",\"object_increment_id\":\"000000594\"}'),(1148,1,'20119001105',-2.0000,'{\"event_type\":\"order_placed\",\"object_type\":\"order\",\"object_id\":\"\",\"object_increment_id\":\"000000594\"}'),(1157,1,'20119001104',-1.0000,'{\"event_type\":\"order_placed\",\"object_type\":\"order\",\"object_id\":\"\",\"object_increment_id\":\"000000597\"}'),(1158,1,'20119001105',-1.0000,'{\"event_type\":\"order_placed\",\"object_type\":\"order\",\"object_id\":\"\",\"object_increment_id\":\"000000597\"}'),(1163,1,'20119001105',-1.0000,'{\"event_type\":\"order_placed\",\"object_type\":\"order\",\"object_id\":\"\",\"object_increment_id\":\"000000599\"}'),(1164,1,'20119001106',-1.0000,'{\"event_type\":\"order_placed\",\"object_type\":\"order\",\"object_id\":\"\",\"object_increment_id\":\"000000599\"}'),(1165,1,'20119001105',-1.0000,'{\"event_type\":\"order_placed\",\"object_type\":\"order\",\"object_id\":\"\",\"object_increment_id\":\"000000600\"}'),(1166,1,'20119001106',-1.0000,'{\"event_type\":\"order_placed\",\"object_type\":\"order\",\"object_id\":\"\",\"object_increment_id\":\"000000600\"}'),(1167,1,'20119001105',-1.0000,'{\"event_type\":\"order_placed\",\"object_type\":\"order\",\"object_id\":\"\",\"object_increment_id\":\"000000601\"}'),(1168,1,'20119001106',-1.0000,'{\"event_type\":\"order_placed\",\"object_type\":\"order\",\"object_id\":\"\",\"object_increment_id\":\"000000601\"}'),(1169,1,'20119001108',-1.0000,'{\"event_type\":\"order_placed\",\"object_type\":\"order\",\"object_id\":\"\",\"object_increment_id\":\"000000601\"}'),(1172,1,'20119001104',-1.0000,'{\"event_type\":\"order_placed\",\"object_type\":\"order\",\"object_id\":\"\",\"object_increment_id\":\"000000603\"}'),(1173,1,'20119021',-1.0000,'{\"event_type\":\"order_placed\",\"object_type\":\"order\",\"object_id\":\"\",\"object_increment_id\":\"000000603\"}'),(1174,1,'20119001104',-1.0000,'{\"event_type\":\"order_placed\",\"object_type\":\"order\",\"object_id\":\"\",\"object_increment_id\":\"000000604\"}'),(1175,1,'20119021',-1.0000,'{\"event_type\":\"order_placed\",\"object_type\":\"order\",\"object_id\":\"\",\"object_increment_id\":\"000000604\"}'),(1176,1,'service-call-type-1',-1.0000,'{\"event_type\":\"order_placed\",\"object_type\":\"order\",\"object_id\":\"\",\"object_increment_id\":\"000000605\"}'),(1177,1,'service-call-type-1',-1.0000,'{\"event_type\":\"order_placed\",\"object_type\":\"order\",\"object_id\":\"\",\"object_increment_id\":\"000000606\"}'),(1178,1,'service-plan-type-2',-1.0000,'{\"event_type\":\"order_placed\",\"object_type\":\"order\",\"object_id\":\"\",\"object_increment_id\":\"000000607\"}'),(1179,1,'20119001104',-1.0000,'{\"event_type\":\"order_placed\",\"object_type\":\"order\",\"object_id\":\"\",\"object_increment_id\":\"000000608\"}'),(1180,1,'20119001105',-1.0000,'{\"event_type\":\"order_placed\",\"object_type\":\"order\",\"object_id\":\"\",\"object_increment_id\":\"000000608\"}'),(1181,1,'20119022',-1.0000,'{\"event_type\":\"order_placed\",\"object_type\":\"order\",\"object_id\":\"\",\"object_increment_id\":\"000000608\"}'),(1182,1,'20119001108',-1.0000,'{\"event_type\":\"order_placed\",\"object_type\":\"order\",\"object_id\":\"\",\"object_increment_id\":\"000000609\"}'),(1183,1,'201190041',-1.0000,'{\"event_type\":\"order_placed\",\"object_type\":\"order\",\"object_id\":\"\",\"object_increment_id\":\"000000610\"}'),(1184,1,'201190079',-2.0000,'{\"event_type\":\"order_placed\",\"object_type\":\"order\",\"object_id\":\"\",\"object_increment_id\":\"000000610\"}'),(1185,1,'201190117',-2.0000,'{\"event_type\":\"order_placed\",\"object_type\":\"order\",\"object_id\":\"\",\"object_increment_id\":\"000000610\"}'),(1203,1,'Sub 400',-1.0000,'{\"event_type\":\"order_placed\",\"object_type\":\"order\",\"object_id\":\"\",\"object_increment_id\":\"000000615\"}'),(1204,1,'Test Addon Product 001',-1.0000,'{\"event_type\":\"order_placed\",\"object_type\":\"order\",\"object_id\":\"\",\"object_increment_id\":\"000000615\"}'),(1205,1,'Sub 400',-1.0000,'{\"event_type\":\"order_placed\",\"object_type\":\"order\",\"object_id\":\"\",\"object_increment_id\":\"000000616\"}'),(1206,1,'Test Addon Product 001',-1.0000,'{\"event_type\":\"order_placed\",\"object_type\":\"order\",\"object_id\":\"\",\"object_increment_id\":\"000000616\"}'),(1207,1,'Sub 400',-1.0000,'{\"event_type\":\"order_placed\",\"object_type\":\"order\",\"object_id\":\"\",\"object_increment_id\":\"000000617\"}'),(1208,1,'Test Addon Product 001',-1.0000,'{\"event_type\":\"order_placed\",\"object_type\":\"order\",\"object_id\":\"\",\"object_increment_id\":\"000000617\"}'),(1214,1,'20119001104',-1.0000,'{\"event_type\":\"order_placed\",\"object_type\":\"order\",\"object_id\":\"\",\"object_increment_id\":\"000000618\"}'),(1215,1,'20119001105',-1.0000,'{\"event_type\":\"order_placed\",\"object_type\":\"order\",\"object_id\":\"\",\"object_increment_id\":\"000000618\"}'),(1216,1,'20119001108',-1.0000,'{\"event_type\":\"order_placed\",\"object_type\":\"order\",\"object_id\":\"\",\"object_increment_id\":\"000000618\"}'),(1217,1,'20119022',-1.0000,'{\"event_type\":\"order_placed\",\"object_type\":\"order\",\"object_id\":\"\",\"object_increment_id\":\"000000618\"}'),(1218,1,'2010900156',-1.0000,'{\"event_type\":\"order_placed\",\"object_type\":\"order\",\"object_id\":\"\",\"object_increment_id\":\"000000618\"}'),(1219,1,'20119022',-1.0000,'{\"event_type\":\"order_placed\",\"object_type\":\"order\",\"object_id\":\"\",\"object_increment_id\":\"000000619\"}'),(1244,1,'service-call-type-1',-1.0000,'{\"event_type\":\"order_placed\",\"object_type\":\"order\",\"object_id\":\"\",\"object_increment_id\":\"000000629\"}'),(1245,1,'service-plan-type-5',-1.0000,'{\"event_type\":\"order_placed\",\"object_type\":\"order\",\"object_id\":\"\",\"object_increment_id\":\"000000630\"}'),(1246,1,'201090122',-2.0000,'{\"event_type\":\"order_placed\",\"object_type\":\"order\",\"object_id\":\"\",\"object_increment_id\":\"000000631\"}'),(1247,1,'20119001110',-1.0000,'{\"event_type\":\"order_placed\",\"object_type\":\"order\",\"object_id\":\"\",\"object_increment_id\":\"000000631\"}'),(1262,1,'20119001106',-1.0000,'{\"event_type\":\"order_placed\",\"object_type\":\"order\",\"object_id\":\"\",\"object_increment_id\":\"000000637\"}'),(1267,1,'2010900154',-1.0000,'{\"event_type\":\"order_placed\",\"object_type\":\"order\",\"object_id\":\"\",\"object_increment_id\":\"000000639\"}'),(1268,1,'2010900154',-1.0000,'{\"event_type\":\"order_placed\",\"object_type\":\"order\",\"object_id\":\"\",\"object_increment_id\":\"000000640\"}'),(1269,1,'2010900154',-1.0000,'{\"event_type\":\"order_placed\",\"object_type\":\"order\",\"object_id\":\"\",\"object_increment_id\":\"000000641\"}'),(1272,1,'2010900156',-1.0000,'{\"event_type\":\"order_placed\",\"object_type\":\"order\",\"object_id\":\"\",\"object_increment_id\":\"000000643\"}'),(1273,1,'20119001104',-1.0000,'{\"event_type\":\"order_placed\",\"object_type\":\"order\",\"object_id\":\"\",\"object_increment_id\":\"000000644\"}'),(1274,1,'20119001104',-1.0000,'{\"event_type\":\"order_placed\",\"object_type\":\"order\",\"object_id\":\"\",\"object_increment_id\":\"000000645\"}'),(1275,1,'20119001104',-1.0000,'{\"event_type\":\"order_placed\",\"object_type\":\"order\",\"object_id\":\"\",\"object_increment_id\":\"000000646\"}'),(1276,1,'20119001108',-1.0000,'{\"event_type\":\"order_placed\",\"object_type\":\"order\",\"object_id\":\"\",\"object_increment_id\":\"000000646\"}'),(1277,1,'201090013',-1.0000,'{\"event_type\":\"order_placed\",\"object_type\":\"order\",\"object_id\":\"\",\"object_increment_id\":\"000000647\"}'),(1278,1,'service-plan-type-4',-1.0000,'{\"event_type\":\"order_placed\",\"object_type\":\"order\",\"object_id\":\"\",\"object_increment_id\":\"000000648\"}'),(1279,1,'20119001104',-2.0000,'{\"event_type\":\"order_placed\",\"object_type\":\"order\",\"object_id\":\"\",\"object_increment_id\":\"000000649\"}'),(1280,1,'20119001108',-2.0000,'{\"event_type\":\"order_placed\",\"object_type\":\"order\",\"object_id\":\"\",\"object_increment_id\":\"000000649\"}'),(1281,1,'20109022',-1.0000,'{\"event_type\":\"order_placed\",\"object_type\":\"order\",\"object_id\":\"\",\"object_increment_id\":\"000000649\"}'),(1286,1,'service-plan-type-1',-1.0000,'{\"event_type\":\"order_placed\",\"object_type\":\"order\",\"object_id\":\"\",\"object_increment_id\":\"000000652\"}'),(1305,1,'2010900154',-1.0000,'{\"event_type\":\"order_placed\",\"object_type\":\"order\",\"object_id\":\"\",\"object_increment_id\":\"000000655\"}'),(1308,1,'20119001105',-1.0000,'{\"event_type\":\"order_placed\",\"object_type\":\"order\",\"object_id\":\"\",\"object_increment_id\":\"000000657\"}'),(1309,1,'20119001107',-1.0000,'{\"event_type\":\"order_placed\",\"object_type\":\"order\",\"object_id\":\"\",\"object_increment_id\":\"000000657\"}'),(1314,1,'201090013',-1.0000,'{\"event_type\":\"order_placed\",\"object_type\":\"order\",\"object_id\":\"\",\"object_increment_id\":\"000000659\"}'),(1327,1,'service-plan-type-3',-1.0000,'{\"event_type\":\"order_placed\",\"object_type\":\"order\",\"object_id\":\"\",\"object_increment_id\":\"000000664\"}'),(1330,1,'Sub 150',-1.0000,'{\"event_type\":\"order_placed\",\"object_type\":\"order\",\"object_id\":\"\",\"object_increment_id\":\"000000666\"}'),(1332,1,'Sub 150',-1.0000,'{\"event_type\":\"order_placed\",\"object_type\":\"order\",\"object_id\":\"\",\"object_increment_id\":\"000000668\"}'),(1333,1,'20119001105',-1.0000,'{\"event_type\":\"order_placed\",\"object_type\":\"order\",\"object_id\":\"\",\"object_increment_id\":\"000000669\"}'),(1334,1,'20119001106',-1.0000,'{\"event_type\":\"order_placed\",\"object_type\":\"order\",\"object_id\":\"\",\"object_increment_id\":\"000000669\"}'),(1337,1,'Sub 400',-1.0000,'{\"event_type\":\"order_placed\",\"object_type\":\"order\",\"object_id\":\"\",\"object_increment_id\":\"000000671\"}'),(1338,1,'Test Addon Product 001',-1.0000,'{\"event_type\":\"order_placed\",\"object_type\":\"order\",\"object_id\":\"\",\"object_increment_id\":\"000000671\"}'),(1339,1,'Sub 400',-1.0000,'{\"event_type\":\"order_placed\",\"object_type\":\"order\",\"object_id\":\"\",\"object_increment_id\":\"000000672\"}'),(1340,1,'Test Addon Product 001',-1.0000,'{\"event_type\":\"order_placed\",\"object_type\":\"order\",\"object_id\":\"\",\"object_increment_id\":\"000000672\"}'),(1342,1,'Sub 150',-1.0000,'{\"event_type\":\"order_placed\",\"object_type\":\"order\",\"object_id\":\"\",\"object_increment_id\":\"000000674\"}'),(1343,1,'Test Addon Product 001',-1.0000,'{\"event_type\":\"order_placed\",\"object_type\":\"order\",\"object_id\":\"\",\"object_increment_id\":\"000000674\"}'),(1344,1,'Sub 150',-1.0000,'{\"event_type\":\"order_placed\",\"object_type\":\"order\",\"object_id\":\"\",\"object_increment_id\":\"000000675\"}'),(1345,1,'Test Addon Product 001',-1.0000,'{\"event_type\":\"order_placed\",\"object_type\":\"order\",\"object_id\":\"\",\"object_increment_id\":\"000000675\"}'),(1346,1,'Sub 150',-1.0000,'{\"event_type\":\"order_placed\",\"object_type\":\"order\",\"object_id\":\"\",\"object_increment_id\":\"000000676\"}'),(1347,1,'Test Addon Product 001',-1.0000,'{\"event_type\":\"order_placed\",\"object_type\":\"order\",\"object_id\":\"\",\"object_increment_id\":\"000000676\"}'),(1350,1,'Sub 250',-1.0000,'{\"event_type\":\"order_placed\",\"object_type\":\"order\",\"object_id\":\"\",\"object_increment_id\":\"000000678\"}'),(1353,1,'service-plan-type-2',-1.0000,'{\"event_type\":\"order_placed\",\"object_type\":\"order\",\"object_id\":\"\",\"object_increment_id\":\"000000680\"}'),(1354,1,'Sub 250',-1.0000,'{\"event_type\":\"order_placed\",\"object_type\":\"order\",\"object_id\":\"\",\"object_increment_id\":\"000000681\"}'),(1355,1,'201090123',-1.0000,'{\"event_type\":\"order_placed\",\"object_type\":\"order\",\"object_id\":\"\",\"object_increment_id\":\"000000682\"}'),(1356,1,'fax-kit',-1.0000,'{\"event_type\":\"order_placed\",\"object_type\":\"order\",\"object_id\":\"\",\"object_increment_id\":\"000000683\"}'),(1357,1,'Sub 150',-1.0000,'{\"event_type\":\"order_placed\",\"object_type\":\"order\",\"object_id\":\"\",\"object_increment_id\":\"000000683\"}'),(1358,1,'fax-kit',-1.0000,'{\"event_type\":\"order_placed\",\"object_type\":\"order\",\"object_id\":\"\",\"object_increment_id\":\"000000684\"}'),(1359,1,'Sub 150',-1.0000,'{\"event_type\":\"order_placed\",\"object_type\":\"order\",\"object_id\":\"\",\"object_increment_id\":\"000000684\"}'),(1360,1,'fax-kit',-1.0000,'{\"event_type\":\"order_placed\",\"object_type\":\"order\",\"object_id\":\"\",\"object_increment_id\":\"000000685\"}'),(1361,1,'Sub 150',-1.0000,'{\"event_type\":\"order_placed\",\"object_type\":\"order\",\"object_id\":\"\",\"object_increment_id\":\"000000685\"}'),(1362,1,'fax-kit',-1.0000,'{\"event_type\":\"order_placed\",\"object_type\":\"order\",\"object_id\":\"\",\"object_increment_id\":\"000000686\"}'),(1363,1,'Sub 150',-1.0000,'{\"event_type\":\"order_placed\",\"object_type\":\"order\",\"object_id\":\"\",\"object_increment_id\":\"000000686\"}'),(1364,1,'fax-kit',-1.0000,'{\"event_type\":\"order_placed\",\"object_type\":\"order\",\"object_id\":\"\",\"object_increment_id\":\"000000687\"}'),(1365,1,'Sub 150',-1.0000,'{\"event_type\":\"order_placed\",\"object_type\":\"order\",\"object_id\":\"\",\"object_increment_id\":\"000000687\"}'),(1366,1,'fax-kit',-1.0000,'{\"event_type\":\"order_placed\",\"object_type\":\"order\",\"object_id\":\"\",\"object_increment_id\":\"000000688\"}'),(1367,1,'Sub 150',-1.0000,'{\"event_type\":\"order_placed\",\"object_type\":\"order\",\"object_id\":\"\",\"object_increment_id\":\"000000688\"}'),(1368,1,'fax-kit',-1.0000,'{\"event_type\":\"order_placed\",\"object_type\":\"order\",\"object_id\":\"\",\"object_increment_id\":\"000000689\"}'),(1369,1,'Sub 150',-1.0000,'{\"event_type\":\"order_placed\",\"object_type\":\"order\",\"object_id\":\"\",\"object_increment_id\":\"000000689\"}'),(1370,1,'fax-kit',-1.0000,'{\"event_type\":\"order_placed\",\"object_type\":\"order\",\"object_id\":\"\",\"object_increment_id\":\"000000690\"}'),(1371,1,'Sub 150',-1.0000,'{\"event_type\":\"order_placed\",\"object_type\":\"order\",\"object_id\":\"\",\"object_increment_id\":\"000000690\"}'),(1372,1,'fax-kit',-1.0000,'{\"event_type\":\"order_placed\",\"object_type\":\"order\",\"object_id\":\"\",\"object_increment_id\":\"000000691\"}'),(1373,1,'Sub 150',-1.0000,'{\"event_type\":\"order_placed\",\"object_type\":\"order\",\"object_id\":\"\",\"object_increment_id\":\"000000691\"}'),(1374,1,'fax-kit',-1.0000,'{\"event_type\":\"order_placed\",\"object_type\":\"order\",\"object_id\":\"\",\"object_increment_id\":\"000000692\"}'),(1375,1,'Sub 150',-1.0000,'{\"event_type\":\"order_placed\",\"object_type\":\"order\",\"object_id\":\"\",\"object_increment_id\":\"000000692\"}'),(1376,1,'fax-kit',-1.0000,'{\"event_type\":\"order_placed\",\"object_type\":\"order\",\"object_id\":\"\",\"object_increment_id\":\"000000693\"}'),(1377,1,'Sub 150',-1.0000,'{\"event_type\":\"order_placed\",\"object_type\":\"order\",\"object_id\":\"\",\"object_increment_id\":\"000000693\"}'),(1378,1,'fax-kit',-1.0000,'{\"event_type\":\"order_placed\",\"object_type\":\"order\",\"object_id\":\"\",\"object_increment_id\":\"000000694\"}'),(1379,1,'Sub 150',-1.0000,'{\"event_type\":\"order_placed\",\"object_type\":\"order\",\"object_id\":\"\",\"object_increment_id\":\"000000694\"}'),(1380,1,'fax-kit',-1.0000,'{\"event_type\":\"order_placed\",\"object_type\":\"order\",\"object_id\":\"\",\"object_increment_id\":\"000000695\"}'),(1381,1,'Sub 150',-1.0000,'{\"event_type\":\"order_placed\",\"object_type\":\"order\",\"object_id\":\"\",\"object_increment_id\":\"000000695\"}'),(1382,1,'fax-kit',-1.0000,'{\"event_type\":\"order_placed\",\"object_type\":\"order\",\"object_id\":\"\",\"object_increment_id\":\"000000696\"}'),(1383,1,'Sub 150',-1.0000,'{\"event_type\":\"order_placed\",\"object_type\":\"order\",\"object_id\":\"\",\"object_increment_id\":\"000000696\"}'),(1384,1,'fax-kit',-1.0000,'{\"event_type\":\"order_placed\",\"object_type\":\"order\",\"object_id\":\"\",\"object_increment_id\":\"000000697\"}'),(1385,1,'Sub 150',-1.0000,'{\"event_type\":\"order_placed\",\"object_type\":\"order\",\"object_id\":\"\",\"object_increment_id\":\"000000697\"}'),(1386,1,'fax-kit',-1.0000,'{\"event_type\":\"order_placed\",\"object_type\":\"order\",\"object_id\":\"\",\"object_increment_id\":\"000000698\"}'),(1387,1,'Sub 150',-1.0000,'{\"event_type\":\"order_placed\",\"object_type\":\"order\",\"object_id\":\"\",\"object_increment_id\":\"000000698\"}'),(1388,1,'fax-kit',-1.0000,'{\"event_type\":\"order_placed\",\"object_type\":\"order\",\"object_id\":\"\",\"object_increment_id\":\"000000699\"}'),(1389,1,'Sub 150',-1.0000,'{\"event_type\":\"order_placed\",\"object_type\":\"order\",\"object_id\":\"\",\"object_increment_id\":\"000000699\"}'),(1390,1,'fax-kit',-1.0000,'{\"event_type\":\"order_placed\",\"object_type\":\"order\",\"object_id\":\"\",\"object_increment_id\":\"000000700\"}'),(1391,1,'Sub 150',-1.0000,'{\"event_type\":\"order_placed\",\"object_type\":\"order\",\"object_id\":\"\",\"object_increment_id\":\"000000700\"}'),(1392,1,'fax-kit',-1.0000,'{\"event_type\":\"order_placed\",\"object_type\":\"order\",\"object_id\":\"\",\"object_increment_id\":\"000000701\"}'),(1393,1,'Sub 150',-1.0000,'{\"event_type\":\"order_placed\",\"object_type\":\"order\",\"object_id\":\"\",\"object_increment_id\":\"000000701\"}'),(1394,1,'fax-kit',-1.0000,'{\"event_type\":\"order_placed\",\"object_type\":\"order\",\"object_id\":\"\",\"object_increment_id\":\"000000702\"}'),(1395,1,'Sub 150',-1.0000,'{\"event_type\":\"order_placed\",\"object_type\":\"order\",\"object_id\":\"\",\"object_increment_id\":\"000000702\"}'),(1396,1,'fax-kit',-1.0000,'{\"event_type\":\"order_placed\",\"object_type\":\"order\",\"object_id\":\"\",\"object_increment_id\":\"000000703\"}'),(1397,1,'Sub 150',-1.0000,'{\"event_type\":\"order_placed\",\"object_type\":\"order\",\"object_id\":\"\",\"object_increment_id\":\"000000703\"}'),(1398,1,'fax-kit',-1.0000,'{\"event_type\":\"order_placed\",\"object_type\":\"order\",\"object_id\":\"\",\"object_increment_id\":\"000000704\"}'),(1399,1,'Sub 150',-1.0000,'{\"event_type\":\"order_placed\",\"object_type\":\"order\",\"object_id\":\"\",\"object_increment_id\":\"000000704\"}'),(1400,1,'fax-kit',-1.0000,'{\"event_type\":\"order_placed\",\"object_type\":\"order\",\"object_id\":\"\",\"object_increment_id\":\"000000705\"}'),(1401,1,'Sub 150',-1.0000,'{\"event_type\":\"order_placed\",\"object_type\":\"order\",\"object_id\":\"\",\"object_increment_id\":\"000000705\"}'),(1402,1,'fax-kit',-1.0000,'{\"event_type\":\"order_placed\",\"object_type\":\"order\",\"object_id\":\"\",\"object_increment_id\":\"000000706\"}'),(1403,1,'Sub 150',-1.0000,'{\"event_type\":\"order_placed\",\"object_type\":\"order\",\"object_id\":\"\",\"object_increment_id\":\"000000706\"}'),(1404,1,'2010900156',-1.0000,'{\"event_type\":\"order_placed\",\"object_type\":\"order\",\"object_id\":\"\",\"object_increment_id\":\"000000707\"}'),(1405,1,'2010900156',-1.0000,'{\"event_type\":\"order_placed\",\"object_type\":\"order\",\"object_id\":\"\",\"object_increment_id\":\"000000708\"}'),(1406,1,'2010900156',-1.0000,'{\"event_type\":\"order_placed\",\"object_type\":\"order\",\"object_id\":\"\",\"object_increment_id\":\"000000709\"}'),(1407,1,'2010900156',-1.0000,'{\"event_type\":\"order_placed\",\"object_type\":\"order\",\"object_id\":\"\",\"object_increment_id\":\"000000710\"}'),(1408,1,'201190065',-1.0000,'{\"event_type\":\"order_placed\",\"object_type\":\"order\",\"object_id\":\"\",\"object_increment_id\":\"2000000001\"}'),(1409,1,'20119001106',-1.0000,'{\"event_type\":\"order_placed\",\"object_type\":\"order\",\"object_id\":\"\",\"object_increment_id\":\"2000000001\"}'),(1410,1,'2010901131',-1.0000,'{\"event_type\":\"order_placed\",\"object_type\":\"order\",\"object_id\":\"\",\"object_increment_id\":\"2000000001\"}'),(1411,1,'fax-kit',-1.0000,'{\"event_type\":\"order_placed\",\"object_type\":\"order\",\"object_id\":\"\",\"object_increment_id\":\"000000711\"}'),(1412,1,'Sub 150',-1.0000,'{\"event_type\":\"order_placed\",\"object_type\":\"order\",\"object_id\":\"\",\"object_increment_id\":\"000000711\"}'),(1413,1,'Sub 150',-1.0000,'{\"event_type\":\"order_placed\",\"object_type\":\"order\",\"object_id\":\"\",\"object_increment_id\":\"000000712\"}'),(1414,1,'Sub 150',-1.0000,'{\"event_type\":\"order_placed\",\"object_type\":\"order\",\"object_id\":\"\",\"object_increment_id\":\"000000713\"}'),(1415,1,'Sub 150',-1.0000,'{\"event_type\":\"order_placed\",\"object_type\":\"order\",\"object_id\":\"\",\"object_increment_id\":\"000000714\"}'),(1422,1,'Sub 400',-1.0000,'{\"event_type\":\"order_placed\",\"object_type\":\"order\",\"object_id\":\"\",\"object_increment_id\":\"000000715\"}'),(1423,1,'Sub 400',-1.0000,'{\"event_type\":\"order_placed\",\"object_type\":\"order\",\"object_id\":\"\",\"object_increment_id\":\"000000716\"}'),(1424,1,'Sub 400',-1.0000,'{\"event_type\":\"order_placed\",\"object_type\":\"order\",\"object_id\":\"\",\"object_increment_id\":\"000000717\"}'),(1425,1,'Sub 500',-1.0000,'{\"event_type\":\"order_placed\",\"object_type\":\"order\",\"object_id\":\"\",\"object_increment_id\":\"000000718\"}'),(1426,1,'Sub 500',-1.0000,'{\"event_type\":\"order_placed\",\"object_type\":\"order\",\"object_id\":\"\",\"object_increment_id\":\"000000719\"}'),(1427,1,'Sub 500',-1.0000,'{\"event_type\":\"order_placed\",\"object_type\":\"order\",\"object_id\":\"\",\"object_increment_id\":\"000000720\"}'),(1428,1,'Sub 250',-1.0000,'{\"event_type\":\"order_placed\",\"object_type\":\"order\",\"object_id\":\"\",\"object_increment_id\":\"000000721\"}'),(1429,1,'Sub 250',-1.0000,'{\"event_type\":\"order_placed\",\"object_type\":\"order\",\"object_id\":\"\",\"object_increment_id\":\"000000722\"}'),(1430,1,'Sub 250',-1.0000,'{\"event_type\":\"order_placed\",\"object_type\":\"order\",\"object_id\":\"\",\"object_increment_id\":\"000000723\"}'),(1431,1,'Sub 250',-1.0000,'{\"event_type\":\"order_placed\",\"object_type\":\"order\",\"object_id\":\"\",\"object_increment_id\":\"000000724\"}'),(1432,1,'Sub 250',-1.0000,'{\"event_type\":\"order_placed\",\"object_type\":\"order\",\"object_id\":\"\",\"object_increment_id\":\"000000725\"}'),(1433,1,'Sub 250',-1.0000,'{\"event_type\":\"order_placed\",\"object_type\":\"order\",\"object_id\":\"\",\"object_increment_id\":\"000000726\"}'),(1434,1,'Sub 250',-1.0000,'{\"event_type\":\"order_placed\",\"object_type\":\"order\",\"object_id\":\"\",\"object_increment_id\":\"000000727\"}'),(1435,1,'Sub 250',-1.0000,'{\"event_type\":\"order_placed\",\"object_type\":\"order\",\"object_id\":\"\",\"object_increment_id\":\"000000728\"}'),(1436,1,'Sub 250',-1.0000,'{\"event_type\":\"order_placed\",\"object_type\":\"order\",\"object_id\":\"\",\"object_increment_id\":\"000000729\"}'),(1437,1,'Sub 250',-1.0000,'{\"event_type\":\"order_placed\",\"object_type\":\"order\",\"object_id\":\"\",\"object_increment_id\":\"000000730\"}'),(1438,1,'Sub 250',-1.0000,'{\"event_type\":\"order_placed\",\"object_type\":\"order\",\"object_id\":\"\",\"object_increment_id\":\"000000731\"}'),(1439,1,'Sub 250',-1.0000,'{\"event_type\":\"order_placed\",\"object_type\":\"order\",\"object_id\":\"\",\"object_increment_id\":\"000000732\"}'),(1441,1,'Sub 250',-1.0000,'{\"event_type\":\"order_placed\",\"object_type\":\"order\",\"object_id\":\"\",\"object_increment_id\":\"2000000003\"}'),(1442,1,'Sub 250',-1.0000,'{\"event_type\":\"order_placed\",\"object_type\":\"order\",\"object_id\":\"\",\"object_increment_id\":\"2000000004\"}'),(1443,1,'Sub 250',-1.0000,'{\"event_type\":\"order_placed\",\"object_type\":\"order\",\"object_id\":\"\",\"object_increment_id\":\"2000000005\"}'),(1444,1,'Sub 250',-1.0000,'{\"event_type\":\"order_placed\",\"object_type\":\"order\",\"object_id\":\"\",\"object_increment_id\":\"2000000006\"}'),(1445,1,'Sub 250',-1.0000,'{\"event_type\":\"order_placed\",\"object_type\":\"order\",\"object_id\":\"\",\"object_increment_id\":\"2000000007\"}'),(1446,1,'Sub 250',-1.0000,'{\"event_type\":\"order_placed\",\"object_type\":\"order\",\"object_id\":\"\",\"object_increment_id\":\"2000000008\"}'),(1447,1,'Sub 250',-1.0000,'{\"event_type\":\"order_placed\",\"object_type\":\"order\",\"object_id\":\"\",\"object_increment_id\":\"2000000009\"}'),(1448,1,'Sub 250',-1.0000,'{\"event_type\":\"order_placed\",\"object_type\":\"order\",\"object_id\":\"\",\"object_increment_id\":\"2000000010\"}'),(1449,1,'Sub 250',-1.0000,'{\"event_type\":\"order_placed\",\"object_type\":\"order\",\"object_id\":\"\",\"object_increment_id\":\"2000000011\"}'),(1450,1,'Sub 250',-1.0000,'{\"event_type\":\"order_placed\",\"object_type\":\"order\",\"object_id\":\"\",\"object_increment_id\":\"2000000012\"}'),(1451,1,'Sub 250',-1.0000,'{\"event_type\":\"order_placed\",\"object_type\":\"order\",\"object_id\":\"\",\"object_increment_id\":\"2000000013\"}'),(1452,1,'Sub 250',-1.0000,'{\"event_type\":\"order_placed\",\"object_type\":\"order\",\"object_id\":\"\",\"object_increment_id\":\"2000000014\"}'),(1453,1,'Sub 250',-1.0000,'{\"event_type\":\"order_placed\",\"object_type\":\"order\",\"object_id\":\"\",\"object_increment_id\":\"2000000015\"}'),(1454,1,'Sub 250',-1.0000,'{\"event_type\":\"order_placed\",\"object_type\":\"order\",\"object_id\":\"\",\"object_increment_id\":\"2000000016\"}'),(1455,1,'Sub 250',-1.0000,'{\"event_type\":\"order_placed\",\"object_type\":\"order\",\"object_id\":\"\",\"object_increment_id\":\"2000000017\"}'),(1456,1,'Sub 250',-1.0000,'{\"event_type\":\"order_placed\",\"object_type\":\"order\",\"object_id\":\"\",\"object_increment_id\":\"2000000018\"}'),(1457,1,'Sub 250',-1.0000,'{\"event_type\":\"order_placed\",\"object_type\":\"order\",\"object_id\":\"\",\"object_increment_id\":\"2000000019\"}'),(1458,1,'Sub 250',-1.0000,'{\"event_type\":\"order_placed\",\"object_type\":\"order\",\"object_id\":\"\",\"object_increment_id\":\"2000000020\"}'),(1459,1,'Sub 250',-1.0000,'{\"event_type\":\"order_placed\",\"object_type\":\"order\",\"object_id\":\"\",\"object_increment_id\":\"2000000021\"}'),(1460,1,'Sub 250',-1.0000,'{\"event_type\":\"order_placed\",\"object_type\":\"order\",\"object_id\":\"\",\"object_increment_id\":\"2000000022\"}'),(1461,1,'Sub 250',-1.0000,'{\"event_type\":\"order_placed\",\"object_type\":\"order\",\"object_id\":\"\",\"object_increment_id\":\"2000000023\"}'),(1462,1,'Sub 250',-1.0000,'{\"event_type\":\"order_placed\",\"object_type\":\"order\",\"object_id\":\"\",\"object_increment_id\":\"2000000024\"}'),(1465,1,'Sub 100',-1.0000,'{\"event_type\":\"order_placed\",\"object_type\":\"order\",\"object_id\":\"\",\"object_increment_id\":\"000000733\"}'),(1466,1,'Sub 100',-1.0000,'{\"event_type\":\"order_placed\",\"object_type\":\"order\",\"object_id\":\"\",\"object_increment_id\":\"000000734\"}'),(1467,1,'Sub 100',-1.0000,'{\"event_type\":\"order_placed\",\"object_type\":\"order\",\"object_id\":\"\",\"object_increment_id\":\"000000735\"}'),(1468,1,'2010900156',-1.0000,'{\"event_type\":\"order_placed\",\"object_type\":\"order\",\"object_id\":\"\",\"object_increment_id\":\"000000736\"}'),(1469,1,'2010900156',-1.0000,'{\"event_type\":\"order_placed\",\"object_type\":\"order\",\"object_id\":\"\",\"object_increment_id\":\"000000737\"}'),(1475,1,'201090115',-1.0000,'{\"event_type\":\"order_placed\",\"object_type\":\"order\",\"object_id\":\"\",\"object_increment_id\":\"000000738\"}'),(1476,1,'20119001104',-1.0000,'{\"event_type\":\"order_placed\",\"object_type\":\"order\",\"object_id\":\"\",\"object_increment_id\":\"000000738\"}'),(1477,1,'20119001107',-1.0000,'{\"event_type\":\"order_placed\",\"object_type\":\"order\",\"object_id\":\"\",\"object_increment_id\":\"000000738\"}'),(1478,1,'20119023',-1.0000,'{\"event_type\":\"order_placed\",\"object_type\":\"order\",\"object_id\":\"\",\"object_increment_id\":\"000000738\"}'),(1479,1,'20119024',-1.0000,'{\"event_type\":\"order_placed\",\"object_type\":\"order\",\"object_id\":\"\",\"object_increment_id\":\"000000738\"}'),(1480,1,'20119025',-1.0000,'{\"event_type\":\"order_placed\",\"object_type\":\"order\",\"object_id\":\"\",\"object_increment_id\":\"000000738\"}'),(1481,1,'2010900155',-1.0000,'{\"event_type\":\"order_placed\",\"object_type\":\"order\",\"object_id\":\"\",\"object_increment_id\":\"000000738\"}'),(1482,1,'2010900154',-1.0000,'{\"event_type\":\"order_placed\",\"object_type\":\"order\",\"object_id\":\"\",\"object_increment_id\":\"000000738\"}'),(1483,1,'2010900156',-2.0000,'{\"event_type\":\"order_placed\",\"object_type\":\"order\",\"object_id\":\"\",\"object_increment_id\":\"000000738\"}'),(1484,1,'2010900154',-1.0000,'{\"event_type\":\"order_placed\",\"object_type\":\"order\",\"object_id\":\"\",\"object_increment_id\":\"000000739\"}'),(1485,1,'20109002',-2.0000,'{\"event_type\":\"order_placed\",\"object_type\":\"order\",\"object_id\":\"\",\"object_increment_id\":\"000000740\"}'),(1486,1,'2010900154',-1.0000,'{\"event_type\":\"order_placed\",\"object_type\":\"order\",\"object_id\":\"\",\"object_increment_id\":\"000000740\"}'),(1487,1,'service-plan-type-2',-1.0000,'{\"event_type\":\"order_placed\",\"object_type\":\"order\",\"object_id\":\"\",\"object_increment_id\":\"000000741\"}'),(1494,1,'2010900156',-4.0000,'{\"event_type\":\"order_placed\",\"object_type\":\"order\",\"object_id\":\"\",\"object_increment_id\":\"000000744\"}'),(1496,1,'2010900156',-4.0000,'{\"event_type\":\"order_placed\",\"object_type\":\"order\",\"object_id\":\"\",\"object_increment_id\":\"000000746\"}'),(1498,1,'2010900154',-1.0000,'{\"event_type\":\"order_placed\",\"object_type\":\"order\",\"object_id\":\"\",\"object_increment_id\":\"000000748\"}'),(1499,1,'2010900156',-1.0000,'{\"event_type\":\"order_placed\",\"object_type\":\"order\",\"object_id\":\"\",\"object_increment_id\":\"000000748\"}'),(1503,1,'20119024',-1.0000,'{\"event_type\":\"order_placed\",\"object_type\":\"order\",\"object_id\":\"\",\"object_increment_id\":\"000000750\"}'),(1504,1,'20119025',-1.0000,'{\"event_type\":\"order_placed\",\"object_type\":\"order\",\"object_id\":\"\",\"object_increment_id\":\"000000750\"}'),(1520,1,'201190181',-1.0000,'{\"event_type\":\"order_placed\",\"object_type\":\"order\",\"object_id\":\"\",\"object_increment_id\":\"000000756\"}'),(1521,1,'2010901101',-1.0000,'{\"event_type\":\"order_placed\",\"object_type\":\"order\",\"object_id\":\"\",\"object_increment_id\":\"000000756\"}'),(1522,1,'20119001107',-1.0000,'{\"event_type\":\"order_placed\",\"object_type\":\"order\",\"object_id\":\"\",\"object_increment_id\":\"000000757\"}'),(1523,1,'service-plan-type-2',-1.0000,'{\"event_type\":\"order_placed\",\"object_type\":\"order\",\"object_id\":\"\",\"object_increment_id\":\"000000758\"}'),(1526,1,'fax-kit',-1.0000,'{\"event_type\":\"order_placed\",\"object_type\":\"order\",\"object_id\":\"\",\"object_increment_id\":\"000000760\"}'),(1527,1,'Sub 150',-1.0000,'{\"event_type\":\"order_placed\",\"object_type\":\"order\",\"object_id\":\"\",\"object_increment_id\":\"000000760\"}'),(1528,1,'fax-kit',-1.0000,'{\"event_type\":\"order_placed\",\"object_type\":\"order\",\"object_id\":\"\",\"object_increment_id\":\"000000761\"}'),(1529,1,'Sub 150',-1.0000,'{\"event_type\":\"order_placed\",\"object_type\":\"order\",\"object_id\":\"\",\"object_increment_id\":\"000000761\"}'),(1530,1,'fax-kit',-1.0000,'{\"event_type\":\"order_placed\",\"object_type\":\"order\",\"object_id\":\"\",\"object_increment_id\":\"000000762\"}'),(1531,1,'Sub 150',-1.0000,'{\"event_type\":\"order_placed\",\"object_type\":\"order\",\"object_id\":\"\",\"object_increment_id\":\"000000762\"}'),(1532,1,'fax-kit',-1.0000,'{\"event_type\":\"order_placed\",\"object_type\":\"order\",\"object_id\":\"\",\"object_increment_id\":\"000000763\"}'),(1533,1,'Sub 150',-1.0000,'{\"event_type\":\"order_placed\",\"object_type\":\"order\",\"object_id\":\"\",\"object_increment_id\":\"000000763\"}'),(1534,1,'fax-kit',-1.0000,'{\"event_type\":\"order_placed\",\"object_type\":\"order\",\"object_id\":\"\",\"object_increment_id\":\"000000764\"}'),(1535,1,'Sub 150',-1.0000,'{\"event_type\":\"order_placed\",\"object_type\":\"order\",\"object_id\":\"\",\"object_increment_id\":\"000000764\"}'),(1538,1,'fax-kit',-1.0000,'{\"event_type\":\"order_placed\",\"object_type\":\"order\",\"object_id\":\"\",\"object_increment_id\":\"000000765\"}'),(1539,1,'Sub 150',-1.0000,'{\"event_type\":\"order_placed\",\"object_type\":\"order\",\"object_id\":\"\",\"object_increment_id\":\"000000765\"}'),(1542,1,'Sub 100',-1.0000,'{\"event_type\":\"order_placed\",\"object_type\":\"order\",\"object_id\":\"\",\"object_increment_id\":\"000000766\"}'),(1543,1,'Sub 100',-1.0000,'{\"event_type\":\"order_placed\",\"object_type\":\"order\",\"object_id\":\"\",\"object_increment_id\":\"000000767\"}'),(1544,1,'Sub 100',-1.0000,'{\"event_type\":\"order_placed\",\"object_type\":\"order\",\"object_id\":\"\",\"object_increment_id\":\"000000768\"}'),(1545,1,'20109021',-1.0000,'{\"event_type\":\"order_placed\",\"object_type\":\"order\",\"object_id\":\"\",\"object_increment_id\":\"000000769\"}'),(1556,1,'service-call-type-1',-1.0000,'{\"event_type\":\"order_placed\",\"object_type\":\"order\",\"object_id\":\"\",\"object_increment_id\":\"000000772\"}'),(1557,1,'service-call-type-1',-1.0000,'{\"event_type\":\"order_placed\",\"object_type\":\"order\",\"object_id\":\"\",\"object_increment_id\":\"000000773\"}'),(1558,1,'service-call-type-1',-1.0000,'{\"event_type\":\"order_placed\",\"object_type\":\"order\",\"object_id\":\"\",\"object_increment_id\":\"000000774\"}'),(1559,1,'20119001107',-1.0000,'{\"event_type\":\"order_placed\",\"object_type\":\"order\",\"object_id\":\"\",\"object_increment_id\":\"000000775\"}'),(1564,1,'20119001108',-1.0000,'{\"event_type\":\"order_placed\",\"object_type\":\"order\",\"object_id\":\"\",\"object_increment_id\":\"000000778\"}'),(1568,1,'more-paper-trays',-1.0000,'{\"event_type\":\"order_placed\",\"object_type\":\"order\",\"object_id\":\"\",\"object_increment_id\":\"000000781\"}'),(1569,1,'Sub 250',-1.0000,'{\"event_type\":\"order_placed\",\"object_type\":\"order\",\"object_id\":\"\",\"object_increment_id\":\"000000781\"}'),(1570,1,'more-paper-trays',-1.0000,'{\"event_type\":\"order_placed\",\"object_type\":\"order\",\"object_id\":\"\",\"object_increment_id\":\"000000782\"}'),(1571,1,'Sub 250',-1.0000,'{\"event_type\":\"order_placed\",\"object_type\":\"order\",\"object_id\":\"\",\"object_increment_id\":\"000000782\"}'),(1572,1,'more-paper-trays',-1.0000,'{\"event_type\":\"order_placed\",\"object_type\":\"order\",\"object_id\":\"\",\"object_increment_id\":\"000000783\"}'),(1573,1,'Sub 250',-1.0000,'{\"event_type\":\"order_placed\",\"object_type\":\"order\",\"object_id\":\"\",\"object_increment_id\":\"000000783\"}'),(1574,1,'2010900156',-1.0000,'{\"event_type\":\"order_placed\",\"object_type\":\"order\",\"object_id\":\"\",\"object_increment_id\":\"000000784\"}'),(1576,1,'2010900154',-1.0000,'{\"event_type\":\"order_placed\",\"object_type\":\"order\",\"object_id\":\"\",\"object_increment_id\":\"000000785\"}'),(1577,1,'20119022',-1.0000,'{\"event_type\":\"order_placed\",\"object_type\":\"order\",\"object_id\":\"\",\"object_increment_id\":\"000000786\"}'),(1580,1,'Sub 150',-1.0000,'{\"event_type\":\"order_placed\",\"object_type\":\"order\",\"object_id\":\"\",\"object_increment_id\":\"000000788\"}'),(1581,1,'Sub 150',-1.0000,'{\"event_type\":\"order_placed\",\"object_type\":\"order\",\"object_id\":\"\",\"object_increment_id\":\"000000789\"}'),(1582,1,'Sub 150',-1.0000,'{\"event_type\":\"order_placed\",\"object_type\":\"order\",\"object_id\":\"\",\"object_increment_id\":\"000000790\"}'),(1583,1,'service-call-type-1',-1.0000,'{\"event_type\":\"order_placed\",\"object_type\":\"order\",\"object_id\":\"\",\"object_increment_id\":\"000000791\"}'),(1584,1,'service-plan-type-4',-1.0000,'{\"event_type\":\"order_placed\",\"object_type\":\"order\",\"object_id\":\"\",\"object_increment_id\":\"000000792\"}'),(1585,1,'service-call-type-1',-1.0000,'{\"event_type\":\"order_placed\",\"object_type\":\"order\",\"object_id\":\"\",\"object_increment_id\":\"000000793\"}'),(1599,1,'20119022',-1.0000,'{\"event_type\":\"order_placed\",\"object_type\":\"order\",\"object_id\":\"\",\"object_increment_id\":\"2000000029\"}'),(1600,1,'2010901131',-1.0000,'{\"event_type\":\"order_placed\",\"object_type\":\"order\",\"object_id\":\"\",\"object_increment_id\":\"2000000029\"}'),(1601,1,'20119022',-2.0000,'{\"event_type\":\"order_placed\",\"object_type\":\"order\",\"object_id\":\"\",\"object_increment_id\":\"2000000030\"}'),(1602,1,'2010901131',-2.0000,'{\"event_type\":\"order_placed\",\"object_type\":\"order\",\"object_id\":\"\",\"object_increment_id\":\"2000000030\"}'),(1605,1,'2010900154',-1.0000,'{\"event_type\":\"order_placed\",\"object_type\":\"order\",\"object_id\":\"\",\"object_increment_id\":\"2000000032\"}'),(1606,1,'service-call-type-1',-1.0000,'{\"event_type\":\"order_placed\",\"object_type\":\"order\",\"object_id\":\"\",\"object_increment_id\":\"2000000033\"}'),(1607,1,'service-plan-type-5',-1.0000,'{\"event_type\":\"order_placed\",\"object_type\":\"order\",\"object_id\":\"\",\"object_increment_id\":\"000000795\"}'),(1609,1,'Business Pack-Color',-1.0000,'{\"event_type\":\"order_placed\",\"object_type\":\"order\",\"object_id\":\"\",\"object_increment_id\":\"000000796\"}'),(1610,1,'Business Pack-Color',-1.0000,'{\"event_type\":\"order_placed\",\"object_type\":\"order\",\"object_id\":\"\",\"object_increment_id\":\"000000797\"}'),(1611,1,'Business Pack-Color',-1.0000,'{\"event_type\":\"order_placed\",\"object_type\":\"order\",\"object_id\":\"\",\"object_increment_id\":\"000000798\"}'),(1612,1,'Business Pack-Color',-1.0000,'{\"event_type\":\"order_placed\",\"object_type\":\"order\",\"object_id\":\"\",\"object_increment_id\":\"000000799\"}'),(1613,1,'Business Pack-Color',-1.0000,'{\"event_type\":\"order_placed\",\"object_type\":\"order\",\"object_id\":\"\",\"object_increment_id\":\"000000800\"}'),(1614,1,'Business Pack-Color',-1.0000,'{\"event_type\":\"order_placed\",\"object_type\":\"order\",\"object_id\":\"\",\"object_increment_id\":\"000000801\"}'),(1615,1,'Business Pack-Color',-1.0000,'{\"event_type\":\"order_placed\",\"object_type\":\"order\",\"object_id\":\"\",\"object_increment_id\":\"000000802\"}'),(1616,1,'Business Pack-Color',-1.0000,'{\"event_type\":\"order_placed\",\"object_type\":\"order\",\"object_id\":\"\",\"object_increment_id\":\"000000803\"}'),(1617,1,'Business Pack-Color',-1.0000,'{\"event_type\":\"order_placed\",\"object_type\":\"order\",\"object_id\":\"\",\"object_increment_id\":\"000000804\"}'),(1618,1,'Business Pack-Color',-1.0000,'{\"event_type\":\"order_placed\",\"object_type\":\"order\",\"object_id\":\"\",\"object_increment_id\":\"000000805\"}'),(1619,1,'Business Pack-Color',-1.0000,'{\"event_type\":\"order_placed\",\"object_type\":\"order\",\"object_id\":\"\",\"object_increment_id\":\"000000806\"}'),(1620,1,'Business Pack-Color',-1.0000,'{\"event_type\":\"order_placed\",\"object_type\":\"order\",\"object_id\":\"\",\"object_increment_id\":\"000000807\"}'),(1621,1,'Business Pack-Color',-1.0000,'{\"event_type\":\"order_placed\",\"object_type\":\"order\",\"object_id\":\"\",\"object_increment_id\":\"000000808\"}'),(1622,1,'Business Pack-Color',-1.0000,'{\"event_type\":\"order_placed\",\"object_type\":\"order\",\"object_id\":\"\",\"object_increment_id\":\"000000809\"}'),(1623,1,'Business Pack-Color',-1.0000,'{\"event_type\":\"order_placed\",\"object_type\":\"order\",\"object_id\":\"\",\"object_increment_id\":\"000000810\"}'),(1624,1,'Business Pack-Color',-1.0000,'{\"event_type\":\"order_placed\",\"object_type\":\"order\",\"object_id\":\"\",\"object_increment_id\":\"000000811\"}'),(1625,1,'Business Pack-Color',-1.0000,'{\"event_type\":\"order_placed\",\"object_type\":\"order\",\"object_id\":\"\",\"object_increment_id\":\"000000812\"}'),(1626,1,'Business Pack-Color',-1.0000,'{\"event_type\":\"order_placed\",\"object_type\":\"order\",\"object_id\":\"\",\"object_increment_id\":\"000000813\"}'),(1627,1,'Business Pack-Color',-1.0000,'{\"event_type\":\"order_placed\",\"object_type\":\"order\",\"object_id\":\"\",\"object_increment_id\":\"000000814\"}'),(1628,1,'Business Pack-Color',-1.0000,'{\"event_type\":\"order_placed\",\"object_type\":\"order\",\"object_id\":\"\",\"object_increment_id\":\"000000815\"}'),(1629,1,'Business Pack-Color',-1.0000,'{\"event_type\":\"order_placed\",\"object_type\":\"order\",\"object_id\":\"\",\"object_increment_id\":\"000000816\"}'),(1630,1,'Business Pack-Color',-1.0000,'{\"event_type\":\"order_placed\",\"object_type\":\"order\",\"object_id\":\"\",\"object_increment_id\":\"000000817\"}'),(1631,1,'Business Pack-Color',-1.0000,'{\"event_type\":\"order_placed\",\"object_type\":\"order\",\"object_id\":\"\",\"object_increment_id\":\"000000818\"}'),(1632,1,'Business Pack-Color',-1.0000,'{\"event_type\":\"order_placed\",\"object_type\":\"order\",\"object_id\":\"\",\"object_increment_id\":\"000000819\"}'),(1633,1,'Business Pack-Color',-1.0000,'{\"event_type\":\"order_placed\",\"object_type\":\"order\",\"object_id\":\"\",\"object_increment_id\":\"000000820\"}'),(1634,1,'Business Pack-Color',-1.0000,'{\"event_type\":\"order_placed\",\"object_type\":\"order\",\"object_id\":\"\",\"object_increment_id\":\"000000821\"}'),(1635,1,'Business Pack-Color',-1.0000,'{\"event_type\":\"order_placed\",\"object_type\":\"order\",\"object_id\":\"\",\"object_increment_id\":\"000000822\"}'),(1636,1,'Business Pack-Color',-1.0000,'{\"event_type\":\"order_placed\",\"object_type\":\"order\",\"object_id\":\"\",\"object_increment_id\":\"000000823\"}'),(1637,1,'Business Pack-Color',-1.0000,'{\"event_type\":\"order_placed\",\"object_type\":\"order\",\"object_id\":\"\",\"object_increment_id\":\"000000824\"}'),(1638,1,'Business Pack-Color',-1.0000,'{\"event_type\":\"order_placed\",\"object_type\":\"order\",\"object_id\":\"\",\"object_increment_id\":\"000000825\"}'),(1639,1,'Business Pack-Color',-1.0000,'{\"event_type\":\"order_placed\",\"object_type\":\"order\",\"object_id\":\"\",\"object_increment_id\":\"000000826\"}'),(1640,1,'Business Pack-Color',-1.0000,'{\"event_type\":\"order_placed\",\"object_type\":\"order\",\"object_id\":\"\",\"object_increment_id\":\"000000827\"}'),(1641,1,'Business Pack-Color',-1.0000,'{\"event_type\":\"order_placed\",\"object_type\":\"order\",\"object_id\":\"\",\"object_increment_id\":\"000000828\"}'),(1642,1,'Business Pack-Color',-1.0000,'{\"event_type\":\"order_placed\",\"object_type\":\"order\",\"object_id\":\"\",\"object_increment_id\":\"000000829\"}'),(1643,1,'Business Pack-Color',-1.0000,'{\"event_type\":\"order_placed\",\"object_type\":\"order\",\"object_id\":\"\",\"object_increment_id\":\"000000830\"}'),(1644,1,'Business Pack-Color',-1.0000,'{\"event_type\":\"order_placed\",\"object_type\":\"order\",\"object_id\":\"\",\"object_increment_id\":\"000000831\"}'),(1645,1,'Enterprise Pack-Color',-1.0000,'{\"event_type\":\"order_placed\",\"object_type\":\"order\",\"object_id\":\"\",\"object_increment_id\":\"000000832\"}'),(1646,1,'Enterprise Pack-Color',-1.0000,'{\"event_type\":\"order_placed\",\"object_type\":\"order\",\"object_id\":\"\",\"object_increment_id\":\"000000833\"}'),(1647,1,'Enterprise Pack-Color',-1.0000,'{\"event_type\":\"order_placed\",\"object_type\":\"order\",\"object_id\":\"\",\"object_increment_id\":\"000000834\"}'),(1648,1,'Enterprise Pack-Color',-1.0000,'{\"event_type\":\"order_placed\",\"object_type\":\"order\",\"object_id\":\"\",\"object_increment_id\":\"000000835\"}'),(1649,1,'Enterprise Pack-Color',-1.0000,'{\"event_type\":\"order_placed\",\"object_type\":\"order\",\"object_id\":\"\",\"object_increment_id\":\"000000836\"}'),(1650,1,'Enterprise Pack-Color',-1.0000,'{\"event_type\":\"order_placed\",\"object_type\":\"order\",\"object_id\":\"\",\"object_increment_id\":\"000000837\"}'),(1651,1,'Enterprise Pack-Color',-1.0000,'{\"event_type\":\"order_placed\",\"object_type\":\"order\",\"object_id\":\"\",\"object_increment_id\":\"000000838\"}'),(1652,1,'Enterprise Pack-Color',-1.0000,'{\"event_type\":\"order_placed\",\"object_type\":\"order\",\"object_id\":\"\",\"object_increment_id\":\"000000839\"}'),(1653,1,'Enterprise Pack-Color',-1.0000,'{\"event_type\":\"order_placed\",\"object_type\":\"order\",\"object_id\":\"\",\"object_increment_id\":\"000000840\"}'),(1654,1,'Enterprise Pack-Color',-1.0000,'{\"event_type\":\"order_placed\",\"object_type\":\"order\",\"object_id\":\"\",\"object_increment_id\":\"000000841\"}'),(1655,1,'Enterprise Pack-Color',-1.0000,'{\"event_type\":\"order_placed\",\"object_type\":\"order\",\"object_id\":\"\",\"object_increment_id\":\"000000842\"}'),(1656,1,'Enterprise Pack-Color',-1.0000,'{\"event_type\":\"order_placed\",\"object_type\":\"order\",\"object_id\":\"\",\"object_increment_id\":\"000000843\"}'),(1657,1,'Enterprise Pack-Color',-1.0000,'{\"event_type\":\"order_placed\",\"object_type\":\"order\",\"object_id\":\"\",\"object_increment_id\":\"000000844\"}'),(1658,1,'Enterprise Pack-Color',-1.0000,'{\"event_type\":\"order_placed\",\"object_type\":\"order\",\"object_id\":\"\",\"object_increment_id\":\"000000845\"}'),(1659,1,'Enterprise Pack-Color',-1.0000,'{\"event_type\":\"order_placed\",\"object_type\":\"order\",\"object_id\":\"\",\"object_increment_id\":\"000000846\"}'),(1660,1,'Enterprise Pack-Color',-1.0000,'{\"event_type\":\"order_placed\",\"object_type\":\"order\",\"object_id\":\"\",\"object_increment_id\":\"000000847\"}'),(1661,1,'Enterprise Pack-Color',-1.0000,'{\"event_type\":\"order_placed\",\"object_type\":\"order\",\"object_id\":\"\",\"object_increment_id\":\"000000848\"}'),(1662,1,'Enterprise Pack-Color',-1.0000,'{\"event_type\":\"order_placed\",\"object_type\":\"order\",\"object_id\":\"\",\"object_increment_id\":\"000000849\"}'),(1663,1,'Enterprise Pack-Color',-1.0000,'{\"event_type\":\"order_placed\",\"object_type\":\"order\",\"object_id\":\"\",\"object_increment_id\":\"000000850\"}'),(1664,1,'Enterprise Pack-Color',-1.0000,'{\"event_type\":\"order_placed\",\"object_type\":\"order\",\"object_id\":\"\",\"object_increment_id\":\"000000851\"}'),(1665,1,'Enterprise Pack-Color',-1.0000,'{\"event_type\":\"order_placed\",\"object_type\":\"order\",\"object_id\":\"\",\"object_increment_id\":\"000000852\"}'),(1666,1,'Enterprise Pack-Color',-1.0000,'{\"event_type\":\"order_placed\",\"object_type\":\"order\",\"object_id\":\"\",\"object_increment_id\":\"000000853\"}'),(1667,1,'Enterprise Pack-Color',-1.0000,'{\"event_type\":\"order_placed\",\"object_type\":\"order\",\"object_id\":\"\",\"object_increment_id\":\"000000854\"}'),(1668,1,'Enterprise Pack-Color',-1.0000,'{\"event_type\":\"order_placed\",\"object_type\":\"order\",\"object_id\":\"\",\"object_increment_id\":\"000000855\"}'),(1669,1,'Enterprise Pack-Color',-1.0000,'{\"event_type\":\"order_placed\",\"object_type\":\"order\",\"object_id\":\"\",\"object_increment_id\":\"000000856\"}'),(1670,1,'Enterprise Pack-Color',-1.0000,'{\"event_type\":\"order_placed\",\"object_type\":\"order\",\"object_id\":\"\",\"object_increment_id\":\"000000857\"}'),(1671,1,'Enterprise Pack-Color',-1.0000,'{\"event_type\":\"order_placed\",\"object_type\":\"order\",\"object_id\":\"\",\"object_increment_id\":\"000000858\"}'),(1672,1,'Enterprise Pack-Color',-1.0000,'{\"event_type\":\"order_placed\",\"object_type\":\"order\",\"object_id\":\"\",\"object_increment_id\":\"000000859\"}'),(1673,1,'Enterprise Pack-Color',-1.0000,'{\"event_type\":\"order_placed\",\"object_type\":\"order\",\"object_id\":\"\",\"object_increment_id\":\"000000860\"}'),(1674,1,'Enterprise Pack-Color',-1.0000,'{\"event_type\":\"order_placed\",\"object_type\":\"order\",\"object_id\":\"\",\"object_increment_id\":\"000000861\"}'),(1675,1,'Enterprise Pack-Color',-1.0000,'{\"event_type\":\"order_placed\",\"object_type\":\"order\",\"object_id\":\"\",\"object_increment_id\":\"000000862\"}'),(1676,1,'Enterprise Pack-Color',-1.0000,'{\"event_type\":\"order_placed\",\"object_type\":\"order\",\"object_id\":\"\",\"object_increment_id\":\"000000863\"}'),(1677,1,'Enterprise Pack-Color',-1.0000,'{\"event_type\":\"order_placed\",\"object_type\":\"order\",\"object_id\":\"\",\"object_increment_id\":\"000000864\"}'),(1678,1,'Enterprise Pack-Color',-1.0000,'{\"event_type\":\"order_placed\",\"object_type\":\"order\",\"object_id\":\"\",\"object_increment_id\":\"000000865\"}'),(1679,1,'Enterprise Pack-Color',-1.0000,'{\"event_type\":\"order_placed\",\"object_type\":\"order\",\"object_id\":\"\",\"object_increment_id\":\"000000866\"}'),(1680,1,'Enterprise Pack-Color',-1.0000,'{\"event_type\":\"order_placed\",\"object_type\":\"order\",\"object_id\":\"\",\"object_increment_id\":\"000000867\"}'),(1681,1,'Enterprise Pack-Color',-1.0000,'{\"event_type\":\"order_placed\",\"object_type\":\"order\",\"object_id\":\"\",\"object_increment_id\":\"000000868\"}'),(1682,1,'Enterprise Pack-Color',-1.0000,'{\"event_type\":\"order_placed\",\"object_type\":\"order\",\"object_id\":\"\",\"object_increment_id\":\"000000869\"}'),(1683,1,'Enterprise Pack-Color',-1.0000,'{\"event_type\":\"order_placed\",\"object_type\":\"order\",\"object_id\":\"\",\"object_increment_id\":\"000000870\"}'),(1684,1,'Enterprise Pack-Color',-1.0000,'{\"event_type\":\"order_placed\",\"object_type\":\"order\",\"object_id\":\"\",\"object_increment_id\":\"000000871\"}'),(1685,1,'Enterprise Pack-Color',-1.0000,'{\"event_type\":\"order_placed\",\"object_type\":\"order\",\"object_id\":\"\",\"object_increment_id\":\"000000872\"}'),(1686,1,'Enterprise Pack-Color',-1.0000,'{\"event_type\":\"order_placed\",\"object_type\":\"order\",\"object_id\":\"\",\"object_increment_id\":\"000000873\"}'),(1687,1,'Enterprise Pack-Color',-1.0000,'{\"event_type\":\"order_placed\",\"object_type\":\"order\",\"object_id\":\"\",\"object_increment_id\":\"000000874\"}'),(1688,1,'Enterprise Pack-Color',-1.0000,'{\"event_type\":\"order_placed\",\"object_type\":\"order\",\"object_id\":\"\",\"object_increment_id\":\"000000875\"}'),(1689,1,'Enterprise Pack-Color',-1.0000,'{\"event_type\":\"order_placed\",\"object_type\":\"order\",\"object_id\":\"\",\"object_increment_id\":\"000000876\"}'),(1690,1,'Enterprise Pack-Color',-1.0000,'{\"event_type\":\"order_placed\",\"object_type\":\"order\",\"object_id\":\"\",\"object_increment_id\":\"000000877\"}'),(1691,1,'Enterprise Pack-Color',-1.0000,'{\"event_type\":\"order_placed\",\"object_type\":\"order\",\"object_id\":\"\",\"object_increment_id\":\"000000878\"}'),(1692,1,'Enterprise Pack-Color',-1.0000,'{\"event_type\":\"order_placed\",\"object_type\":\"order\",\"object_id\":\"\",\"object_increment_id\":\"000000879\"}'),(1693,1,'Business Pack',-1.0000,'{\"event_type\":\"order_placed\",\"object_type\":\"order\",\"object_id\":\"\",\"object_increment_id\":\"000000880\"}'),(1694,1,'Business Pack',-1.0000,'{\"event_type\":\"order_placed\",\"object_type\":\"order\",\"object_id\":\"\",\"object_increment_id\":\"000000881\"}'),(1695,1,'Business Pack',-1.0000,'{\"event_type\":\"order_placed\",\"object_type\":\"order\",\"object_id\":\"\",\"object_increment_id\":\"000000882\"}'),(1696,1,'Business Pack',-1.0000,'{\"event_type\":\"order_placed\",\"object_type\":\"order\",\"object_id\":\"\",\"object_increment_id\":\"000000883\"}'),(1697,1,'Business Pack',-1.0000,'{\"event_type\":\"order_placed\",\"object_type\":\"order\",\"object_id\":\"\",\"object_increment_id\":\"000000884\"}'),(1698,1,'Business Pack',-1.0000,'{\"event_type\":\"order_placed\",\"object_type\":\"order\",\"object_id\":\"\",\"object_increment_id\":\"000000885\"}'),(1699,1,'Business Pack',-1.0000,'{\"event_type\":\"order_placed\",\"object_type\":\"order\",\"object_id\":\"\",\"object_increment_id\":\"000000886\"}'),(1700,1,'Business Pack',-1.0000,'{\"event_type\":\"order_placed\",\"object_type\":\"order\",\"object_id\":\"\",\"object_increment_id\":\"000000887\"}'),(1701,1,'Business Pack',-1.0000,'{\"event_type\":\"order_placed\",\"object_type\":\"order\",\"object_id\":\"\",\"object_increment_id\":\"000000888\"}'),(1702,1,'Business Pack',-1.0000,'{\"event_type\":\"order_placed\",\"object_type\":\"order\",\"object_id\":\"\",\"object_increment_id\":\"000000889\"}'),(1703,1,'Business Pack',-1.0000,'{\"event_type\":\"order_placed\",\"object_type\":\"order\",\"object_id\":\"\",\"object_increment_id\":\"000000890\"}'),(1704,1,'Business Pack',-1.0000,'{\"event_type\":\"order_placed\",\"object_type\":\"order\",\"object_id\":\"\",\"object_increment_id\":\"000000891\"}'),(1705,1,'Business Pack',-1.0000,'{\"event_type\":\"order_placed\",\"object_type\":\"order\",\"object_id\":\"\",\"object_increment_id\":\"000000892\"}'),(1706,1,'Business Pack',-1.0000,'{\"event_type\":\"order_placed\",\"object_type\":\"order\",\"object_id\":\"\",\"object_increment_id\":\"000000893\"}'),(1707,1,'Business Pack',-1.0000,'{\"event_type\":\"order_placed\",\"object_type\":\"order\",\"object_id\":\"\",\"object_increment_id\":\"000000894\"}'),(1708,1,'Business Pack',-1.0000,'{\"event_type\":\"order_placed\",\"object_type\":\"order\",\"object_id\":\"\",\"object_increment_id\":\"000000895\"}'),(1709,1,'Business Pack',-1.0000,'{\"event_type\":\"order_placed\",\"object_type\":\"order\",\"object_id\":\"\",\"object_increment_id\":\"000000896\"}'),(1710,1,'Business Pack',-1.0000,'{\"event_type\":\"order_placed\",\"object_type\":\"order\",\"object_id\":\"\",\"object_increment_id\":\"000000897\"}'),(1711,1,'Business Pack',-1.0000,'{\"event_type\":\"order_placed\",\"object_type\":\"order\",\"object_id\":\"\",\"object_increment_id\":\"000000898\"}'),(1712,1,'Business Pack',-1.0000,'{\"event_type\":\"order_placed\",\"object_type\":\"order\",\"object_id\":\"\",\"object_increment_id\":\"000000899\"}'),(1713,1,'Business Pack',-1.0000,'{\"event_type\":\"order_placed\",\"object_type\":\"order\",\"object_id\":\"\",\"object_increment_id\":\"000000900\"}'),(1714,1,'Business Pack',-1.0000,'{\"event_type\":\"order_placed\",\"object_type\":\"order\",\"object_id\":\"\",\"object_increment_id\":\"000000901\"}'),(1715,1,'Business Pack',-1.0000,'{\"event_type\":\"order_placed\",\"object_type\":\"order\",\"object_id\":\"\",\"object_increment_id\":\"000000902\"}'),(1716,1,'Business Pack',-1.0000,'{\"event_type\":\"order_placed\",\"object_type\":\"order\",\"object_id\":\"\",\"object_increment_id\":\"000000903\"}'),(1717,1,'Business Pack',-1.0000,'{\"event_type\":\"order_placed\",\"object_type\":\"order\",\"object_id\":\"\",\"object_increment_id\":\"000000904\"}'),(1718,1,'Business Pack',-1.0000,'{\"event_type\":\"order_placed\",\"object_type\":\"order\",\"object_id\":\"\",\"object_increment_id\":\"000000905\"}'),(1719,1,'Business Pack',-1.0000,'{\"event_type\":\"order_placed\",\"object_type\":\"order\",\"object_id\":\"\",\"object_increment_id\":\"000000906\"}'),(1720,1,'Business Pack',-1.0000,'{\"event_type\":\"order_placed\",\"object_type\":\"order\",\"object_id\":\"\",\"object_increment_id\":\"000000907\"}'),(1721,1,'Business Pack',-1.0000,'{\"event_type\":\"order_placed\",\"object_type\":\"order\",\"object_id\":\"\",\"object_increment_id\":\"000000908\"}'),(1722,1,'Business Pack',-1.0000,'{\"event_type\":\"order_placed\",\"object_type\":\"order\",\"object_id\":\"\",\"object_increment_id\":\"000000909\"}'),(1723,1,'Business Pack',-1.0000,'{\"event_type\":\"order_placed\",\"object_type\":\"order\",\"object_id\":\"\",\"object_increment_id\":\"000000910\"}'),(1724,1,'Business Pack',-1.0000,'{\"event_type\":\"order_placed\",\"object_type\":\"order\",\"object_id\":\"\",\"object_increment_id\":\"000000911\"}'),(1725,1,'Business Pack',-1.0000,'{\"event_type\":\"order_placed\",\"object_type\":\"order\",\"object_id\":\"\",\"object_increment_id\":\"000000912\"}'),(1726,1,'Business Pack',-1.0000,'{\"event_type\":\"order_placed\",\"object_type\":\"order\",\"object_id\":\"\",\"object_increment_id\":\"000000913\"}'),(1727,1,'Business Pack',-1.0000,'{\"event_type\":\"order_placed\",\"object_type\":\"order\",\"object_id\":\"\",\"object_increment_id\":\"000000914\"}'),(1728,1,'Business Pack',-1.0000,'{\"event_type\":\"order_placed\",\"object_type\":\"order\",\"object_id\":\"\",\"object_increment_id\":\"000000915\"}'),(1729,1,'20119002',-1.0000,'{\"event_type\":\"order_placed\",\"object_type\":\"order\",\"object_id\":\"\",\"object_increment_id\":\"000000916\"}'),(1733,1,'service-call-type-1',-1.0000,'{\"event_type\":\"order_placed\",\"object_type\":\"order\",\"object_id\":\"\",\"object_increment_id\":\"000000918\"}'),(1735,1,'Business Pack',-1.0000,'{\"event_type\":\"order_placed\",\"object_type\":\"order\",\"object_id\":\"\",\"object_increment_id\":\"000000920\"}'),(1736,1,'Business Pack',-1.0000,'{\"event_type\":\"order_placed\",\"object_type\":\"order\",\"object_id\":\"\",\"object_increment_id\":\"000000921\"}'),(1737,1,'Business Pack',-1.0000,'{\"event_type\":\"order_placed\",\"object_type\":\"order\",\"object_id\":\"\",\"object_increment_id\":\"000000922\"}'),(1738,1,'Business Pack',-1.0000,'{\"event_type\":\"order_placed\",\"object_type\":\"order\",\"object_id\":\"\",\"object_increment_id\":\"000000923\"}'),(1739,1,'Business Pack',-1.0000,'{\"event_type\":\"order_placed\",\"object_type\":\"order\",\"object_id\":\"\",\"object_increment_id\":\"000000924\"}'),(1740,1,'Business Pack',-1.0000,'{\"event_type\":\"order_placed\",\"object_type\":\"order\",\"object_id\":\"\",\"object_increment_id\":\"000000925\"}'),(1741,1,'Business Pack',-1.0000,'{\"event_type\":\"order_placed\",\"object_type\":\"order\",\"object_id\":\"\",\"object_increment_id\":\"000000926\"}'),(1742,1,'Business Pack',-1.0000,'{\"event_type\":\"order_placed\",\"object_type\":\"order\",\"object_id\":\"\",\"object_increment_id\":\"000000927\"}'),(1743,1,'Business Pack',-1.0000,'{\"event_type\":\"order_placed\",\"object_type\":\"order\",\"object_id\":\"\",\"object_increment_id\":\"000000928\"}'),(1744,1,'Business Pack',-1.0000,'{\"event_type\":\"order_placed\",\"object_type\":\"order\",\"object_id\":\"\",\"object_increment_id\":\"000000929\"}'),(1745,1,'Business Pack',-1.0000,'{\"event_type\":\"order_placed\",\"object_type\":\"order\",\"object_id\":\"\",\"object_increment_id\":\"000000930\"}'),(1746,1,'Business Pack',-1.0000,'{\"event_type\":\"order_placed\",\"object_type\":\"order\",\"object_id\":\"\",\"object_increment_id\":\"000000931\"}'),(1747,1,'Business Pack',-1.0000,'{\"event_type\":\"order_placed\",\"object_type\":\"order\",\"object_id\":\"\",\"object_increment_id\":\"000000932\"}'),(1748,1,'Business Pack',-1.0000,'{\"event_type\":\"order_placed\",\"object_type\":\"order\",\"object_id\":\"\",\"object_increment_id\":\"000000933\"}'),(1749,1,'Business Pack',-1.0000,'{\"event_type\":\"order_placed\",\"object_type\":\"order\",\"object_id\":\"\",\"object_increment_id\":\"000000934\"}'),(1750,1,'Business Pack',-1.0000,'{\"event_type\":\"order_placed\",\"object_type\":\"order\",\"object_id\":\"\",\"object_increment_id\":\"000000935\"}'),(1751,1,'Business Pack',-1.0000,'{\"event_type\":\"order_placed\",\"object_type\":\"order\",\"object_id\":\"\",\"object_increment_id\":\"000000936\"}'),(1752,1,'Business Pack',-1.0000,'{\"event_type\":\"order_placed\",\"object_type\":\"order\",\"object_id\":\"\",\"object_increment_id\":\"000000937\"}'),(1753,1,'Business Pack',-1.0000,'{\"event_type\":\"order_placed\",\"object_type\":\"order\",\"object_id\":\"\",\"object_increment_id\":\"000000938\"}'),(1754,1,'Business Pack',-1.0000,'{\"event_type\":\"order_placed\",\"object_type\":\"order\",\"object_id\":\"\",\"object_increment_id\":\"000000939\"}'),(1755,1,'Business Pack',-1.0000,'{\"event_type\":\"order_placed\",\"object_type\":\"order\",\"object_id\":\"\",\"object_increment_id\":\"000000940\"}'),(1756,1,'Business Pack',-1.0000,'{\"event_type\":\"order_placed\",\"object_type\":\"order\",\"object_id\":\"\",\"object_increment_id\":\"000000941\"}'),(1757,1,'Business Pack',-1.0000,'{\"event_type\":\"order_placed\",\"object_type\":\"order\",\"object_id\":\"\",\"object_increment_id\":\"000000942\"}'),(1758,1,'Business Pack',-1.0000,'{\"event_type\":\"order_placed\",\"object_type\":\"order\",\"object_id\":\"\",\"object_increment_id\":\"000000943\"}'),(1759,1,'Business Pack',-1.0000,'{\"event_type\":\"order_placed\",\"object_type\":\"order\",\"object_id\":\"\",\"object_increment_id\":\"000000944\"}'),(1760,1,'Business Pack',-1.0000,'{\"event_type\":\"order_placed\",\"object_type\":\"order\",\"object_id\":\"\",\"object_increment_id\":\"000000945\"}'),(1761,1,'Business Pack',-1.0000,'{\"event_type\":\"order_placed\",\"object_type\":\"order\",\"object_id\":\"\",\"object_increment_id\":\"000000946\"}'),(1762,1,'Business Pack',-1.0000,'{\"event_type\":\"order_placed\",\"object_type\":\"order\",\"object_id\":\"\",\"object_increment_id\":\"000000947\"}'),(1763,1,'Business Pack',-1.0000,'{\"event_type\":\"order_placed\",\"object_type\":\"order\",\"object_id\":\"\",\"object_increment_id\":\"000000948\"}'),(1764,1,'Business Pack',-1.0000,'{\"event_type\":\"order_placed\",\"object_type\":\"order\",\"object_id\":\"\",\"object_increment_id\":\"000000949\"}'),(1765,1,'Business Pack',-1.0000,'{\"event_type\":\"order_placed\",\"object_type\":\"order\",\"object_id\":\"\",\"object_increment_id\":\"000000950\"}'),(1766,1,'Business Pack',-1.0000,'{\"event_type\":\"order_placed\",\"object_type\":\"order\",\"object_id\":\"\",\"object_increment_id\":\"000000951\"}'),(1767,1,'Business Pack',-1.0000,'{\"event_type\":\"order_placed\",\"object_type\":\"order\",\"object_id\":\"\",\"object_increment_id\":\"000000952\"}'),(1768,1,'Business Pack',-1.0000,'{\"event_type\":\"order_placed\",\"object_type\":\"order\",\"object_id\":\"\",\"object_increment_id\":\"000000953\"}'),(1769,1,'Business Pack',-1.0000,'{\"event_type\":\"order_placed\",\"object_type\":\"order\",\"object_id\":\"\",\"object_increment_id\":\"000000954\"}'),(1771,1,'Business Pack',-1.0000,'{\"event_type\":\"order_placed\",\"object_type\":\"order\",\"object_id\":\"\",\"object_increment_id\":\"000000955\"}'),(1772,1,'Business Pack',-1.0000,'{\"event_type\":\"order_placed\",\"object_type\":\"order\",\"object_id\":\"\",\"object_increment_id\":\"000000956\"}'),(1773,1,'Business Pack',-1.0000,'{\"event_type\":\"order_placed\",\"object_type\":\"order\",\"object_id\":\"\",\"object_increment_id\":\"000000957\"}'),(1774,1,'Business Pack',-1.0000,'{\"event_type\":\"order_placed\",\"object_type\":\"order\",\"object_id\":\"\",\"object_increment_id\":\"000000958\"}'),(1775,1,'Business Pack',-1.0000,'{\"event_type\":\"order_placed\",\"object_type\":\"order\",\"object_id\":\"\",\"object_increment_id\":\"000000959\"}'),(1776,1,'Business Pack',-1.0000,'{\"event_type\":\"order_placed\",\"object_type\":\"order\",\"object_id\":\"\",\"object_increment_id\":\"000000960\"}'),(1777,1,'Business Pack',-1.0000,'{\"event_type\":\"order_placed\",\"object_type\":\"order\",\"object_id\":\"\",\"object_increment_id\":\"000000961\"}'),(1778,1,'Business Pack',-1.0000,'{\"event_type\":\"order_placed\",\"object_type\":\"order\",\"object_id\":\"\",\"object_increment_id\":\"000000962\"}'),(1779,1,'Business Pack',-1.0000,'{\"event_type\":\"order_placed\",\"object_type\":\"order\",\"object_id\":\"\",\"object_increment_id\":\"000000963\"}'),(1780,1,'Business Pack',-1.0000,'{\"event_type\":\"order_placed\",\"object_type\":\"order\",\"object_id\":\"\",\"object_increment_id\":\"000000964\"}'),(1781,1,'Business Pack',-1.0000,'{\"event_type\":\"order_placed\",\"object_type\":\"order\",\"object_id\":\"\",\"object_increment_id\":\"000000965\"}'),(1782,1,'Business Pack',-1.0000,'{\"event_type\":\"order_placed\",\"object_type\":\"order\",\"object_id\":\"\",\"object_increment_id\":\"000000966\"}'),(1783,1,'Business Pack',-1.0000,'{\"event_type\":\"order_placed\",\"object_type\":\"order\",\"object_id\":\"\",\"object_increment_id\":\"000000967\"}'),(1784,1,'Business Pack',-1.0000,'{\"event_type\":\"order_placed\",\"object_type\":\"order\",\"object_id\":\"\",\"object_increment_id\":\"000000968\"}'),(1785,1,'Business Pack',-1.0000,'{\"event_type\":\"order_placed\",\"object_type\":\"order\",\"object_id\":\"\",\"object_increment_id\":\"000000969\"}'),(1786,1,'Business Pack',-1.0000,'{\"event_type\":\"order_placed\",\"object_type\":\"order\",\"object_id\":\"\",\"object_increment_id\":\"000000970\"}'),(1787,1,'Business Pack',-1.0000,'{\"event_type\":\"order_placed\",\"object_type\":\"order\",\"object_id\":\"\",\"object_increment_id\":\"000000971\"}'),(1788,1,'Business Pack',-1.0000,'{\"event_type\":\"order_placed\",\"object_type\":\"order\",\"object_id\":\"\",\"object_increment_id\":\"000000972\"}'),(1789,1,'Business Pack',-1.0000,'{\"event_type\":\"order_placed\",\"object_type\":\"order\",\"object_id\":\"\",\"object_increment_id\":\"000000973\"}'),(1790,1,'Business Pack',-1.0000,'{\"event_type\":\"order_placed\",\"object_type\":\"order\",\"object_id\":\"\",\"object_increment_id\":\"000000974\"}'),(1791,1,'Business Pack',-1.0000,'{\"event_type\":\"order_placed\",\"object_type\":\"order\",\"object_id\":\"\",\"object_increment_id\":\"000000975\"}'),(1792,1,'Business Pack',-1.0000,'{\"event_type\":\"order_placed\",\"object_type\":\"order\",\"object_id\":\"\",\"object_increment_id\":\"000000976\"}'),(1793,1,'Business Pack',-1.0000,'{\"event_type\":\"order_placed\",\"object_type\":\"order\",\"object_id\":\"\",\"object_increment_id\":\"000000977\"}'),(1794,1,'Business Pack',-1.0000,'{\"event_type\":\"order_placed\",\"object_type\":\"order\",\"object_id\":\"\",\"object_increment_id\":\"000000978\"}'),(1795,1,'Business Pack',-1.0000,'{\"event_type\":\"order_placed\",\"object_type\":\"order\",\"object_id\":\"\",\"object_increment_id\":\"000000979\"}'),(1796,1,'Business Pack',-1.0000,'{\"event_type\":\"order_placed\",\"object_type\":\"order\",\"object_id\":\"\",\"object_increment_id\":\"000000980\"}'),(1797,1,'Business Pack',-1.0000,'{\"event_type\":\"order_placed\",\"object_type\":\"order\",\"object_id\":\"\",\"object_increment_id\":\"000000981\"}'),(1810,1,'20119024',-1.0000,'{\"event_type\":\"order_placed\",\"object_type\":\"order\",\"object_id\":\"\",\"object_increment_id\":\"2000000035\"}'),(1811,1,'2010900154',-1.0000,'{\"event_type\":\"order_placed\",\"object_type\":\"order\",\"object_id\":\"\",\"object_increment_id\":\"2000000035\"}'),(1812,1,'service-call-type-1',-1.0000,'{\"event_type\":\"order_placed\",\"object_type\":\"order\",\"object_id\":\"\",\"object_increment_id\":\"2000000036\"}'),(1813,1,'Business Pack',-1.0000,'{\"event_type\":\"order_placed\",\"object_type\":\"order\",\"object_id\":\"\",\"object_increment_id\":\"000000985\"}'),(1814,1,'Business Pack-Color',-1.0000,'{\"event_type\":\"order_placed\",\"object_type\":\"order\",\"object_id\":\"\",\"object_increment_id\":\"000000986\"}'),(1821,1,'service-call-type-1',-1.0000,'{\"event_type\":\"order_placed\",\"object_type\":\"order\",\"object_id\":\"\",\"object_increment_id\":\"2000000037\"}'),(1822,1,'service-plan-type-3',-1.0000,'{\"event_type\":\"order_placed\",\"object_type\":\"order\",\"object_id\":\"\",\"object_increment_id\":\"2000000038\"}'),(1823,1,'Professional Pack',-1.0000,'{\"event_type\":\"order_placed\",\"object_type\":\"order\",\"object_id\":\"\",\"object_increment_id\":\"000000988\"}'),(1824,1,'Professional Pack',-1.0000,'{\"event_type\":\"order_placed\",\"object_type\":\"order\",\"object_id\":\"\",\"object_increment_id\":\"000000989\"}'),(1825,1,'Professional Pack',-1.0000,'{\"event_type\":\"order_placed\",\"object_type\":\"order\",\"object_id\":\"\",\"object_increment_id\":\"000000990\"}'),(1826,1,'Professional Pack',-1.0000,'{\"event_type\":\"order_placed\",\"object_type\":\"order\",\"object_id\":\"\",\"object_increment_id\":\"000000991\"}'),(1827,1,'Professional Pack',-1.0000,'{\"event_type\":\"order_placed\",\"object_type\":\"order\",\"object_id\":\"\",\"object_increment_id\":\"000000992\"}'),(1828,1,'Professional Pack',-1.0000,'{\"event_type\":\"order_placed\",\"object_type\":\"order\",\"object_id\":\"\",\"object_increment_id\":\"000000993\"}'),(1829,1,'Professional Pack',-1.0000,'{\"event_type\":\"order_placed\",\"object_type\":\"order\",\"object_id\":\"\",\"object_increment_id\":\"000000994\"}'),(1830,1,'Professional Pack',-1.0000,'{\"event_type\":\"order_placed\",\"object_type\":\"order\",\"object_id\":\"\",\"object_increment_id\":\"000000995\"}'),(1831,1,'Professional Pack',-1.0000,'{\"event_type\":\"order_placed\",\"object_type\":\"order\",\"object_id\":\"\",\"object_increment_id\":\"000000996\"}'),(1832,1,'Professional Pack',-1.0000,'{\"event_type\":\"order_placed\",\"object_type\":\"order\",\"object_id\":\"\",\"object_increment_id\":\"000000997\"}'),(1833,1,'Professional Pack',-1.0000,'{\"event_type\":\"order_placed\",\"object_type\":\"order\",\"object_id\":\"\",\"object_increment_id\":\"000000998\"}'),(1834,1,'Professional Pack',-1.0000,'{\"event_type\":\"order_placed\",\"object_type\":\"order\",\"object_id\":\"\",\"object_increment_id\":\"000000999\"}'),(1835,1,'Professional Pack',-1.0000,'{\"event_type\":\"order_placed\",\"object_type\":\"order\",\"object_id\":\"\",\"object_increment_id\":\"000001000\"}'),(1836,1,'Professional Pack',-1.0000,'{\"event_type\":\"order_placed\",\"object_type\":\"order\",\"object_id\":\"\",\"object_increment_id\":\"000001001\"}'),(1837,1,'Professional Pack',-1.0000,'{\"event_type\":\"order_placed\",\"object_type\":\"order\",\"object_id\":\"\",\"object_increment_id\":\"000001002\"}'),(1838,1,'Professional Pack',-1.0000,'{\"event_type\":\"order_placed\",\"object_type\":\"order\",\"object_id\":\"\",\"object_increment_id\":\"000001003\"}'),(1839,1,'Professional Pack',-1.0000,'{\"event_type\":\"order_placed\",\"object_type\":\"order\",\"object_id\":\"\",\"object_increment_id\":\"000001004\"}'),(1840,1,'Professional Pack',-1.0000,'{\"event_type\":\"order_placed\",\"object_type\":\"order\",\"object_id\":\"\",\"object_increment_id\":\"000001005\"}'),(1841,1,'Professional Pack',-1.0000,'{\"event_type\":\"order_placed\",\"object_type\":\"order\",\"object_id\":\"\",\"object_increment_id\":\"000001006\"}'),(1842,1,'Professional Pack',-1.0000,'{\"event_type\":\"order_placed\",\"object_type\":\"order\",\"object_id\":\"\",\"object_increment_id\":\"000001007\"}'),(1843,1,'Professional Pack',-1.0000,'{\"event_type\":\"order_placed\",\"object_type\":\"order\",\"object_id\":\"\",\"object_increment_id\":\"000001008\"}'),(1844,1,'Professional Pack',-1.0000,'{\"event_type\":\"order_placed\",\"object_type\":\"order\",\"object_id\":\"\",\"object_increment_id\":\"000001009\"}'),(1845,1,'Professional Pack',-1.0000,'{\"event_type\":\"order_placed\",\"object_type\":\"order\",\"object_id\":\"\",\"object_increment_id\":\"000001010\"}'),(1846,1,'Professional Pack',-1.0000,'{\"event_type\":\"order_placed\",\"object_type\":\"order\",\"object_id\":\"\",\"object_increment_id\":\"000001011\"}'),(1847,1,'Professional Pack',-1.0000,'{\"event_type\":\"order_placed\",\"object_type\":\"order\",\"object_id\":\"\",\"object_increment_id\":\"000001012\"}'),(1848,1,'Professional Pack',-1.0000,'{\"event_type\":\"order_placed\",\"object_type\":\"order\",\"object_id\":\"\",\"object_increment_id\":\"000001013\"}'),(1849,1,'Professional Pack',-1.0000,'{\"event_type\":\"order_placed\",\"object_type\":\"order\",\"object_id\":\"\",\"object_increment_id\":\"000001014\"}'),(1850,1,'Professional Pack',-1.0000,'{\"event_type\":\"order_placed\",\"object_type\":\"order\",\"object_id\":\"\",\"object_increment_id\":\"000001015\"}'),(1851,1,'Professional Pack',-1.0000,'{\"event_type\":\"order_placed\",\"object_type\":\"order\",\"object_id\":\"\",\"object_increment_id\":\"000001016\"}'),(1852,1,'Professional Pack',-1.0000,'{\"event_type\":\"order_placed\",\"object_type\":\"order\",\"object_id\":\"\",\"object_increment_id\":\"000001017\"}'),(1853,1,'Professional Pack',-1.0000,'{\"event_type\":\"order_placed\",\"object_type\":\"order\",\"object_id\":\"\",\"object_increment_id\":\"000001018\"}'),(1854,1,'Professional Pack',-1.0000,'{\"event_type\":\"order_placed\",\"object_type\":\"order\",\"object_id\":\"\",\"object_increment_id\":\"000001019\"}'),(1855,1,'Professional Pack',-1.0000,'{\"event_type\":\"order_placed\",\"object_type\":\"order\",\"object_id\":\"\",\"object_increment_id\":\"000001020\"}'),(1856,1,'Professional Pack',-1.0000,'{\"event_type\":\"order_placed\",\"object_type\":\"order\",\"object_id\":\"\",\"object_increment_id\":\"000001021\"}'),(1857,1,'Professional Pack',-1.0000,'{\"event_type\":\"order_placed\",\"object_type\":\"order\",\"object_id\":\"\",\"object_increment_id\":\"000001022\"}'),(1858,1,'Professional Pack',-1.0000,'{\"event_type\":\"order_placed\",\"object_type\":\"order\",\"object_id\":\"\",\"object_increment_id\":\"000001023\"}'),(1864,1,'20119024',-1.0000,'{\"event_type\":\"order_placed\",\"object_type\":\"order\",\"object_id\":\"\",\"object_increment_id\":\"000001027\"}'),(1865,1,'2010900154',-1.0000,'{\"event_type\":\"order_placed\",\"object_type\":\"order\",\"object_id\":\"\",\"object_increment_id\":\"000001027\"}'),(1866,1,'20119024',-1.0000,'{\"event_type\":\"order_placed\",\"object_type\":\"order\",\"object_id\":\"\",\"object_increment_id\":\"000001028\"}'),(1867,1,'2010900154',-1.0000,'{\"event_type\":\"order_placed\",\"object_type\":\"order\",\"object_id\":\"\",\"object_increment_id\":\"000001028\"}'),(1869,1,'Professional Pack',-1.0000,'{\"event_type\":\"order_placed\",\"object_type\":\"order\",\"object_id\":\"\",\"object_increment_id\":\"000001030\"}'),(1871,1,'Professional Pack',-1.0000,'{\"event_type\":\"order_placed\",\"object_type\":\"order\",\"object_id\":\"\",\"object_increment_id\":\"000001032\"}'),(1872,1,'Professional Pack',-1.0000,'{\"event_type\":\"order_placed\",\"object_type\":\"order\",\"object_id\":\"\",\"object_increment_id\":\"000001033\"}'),(1873,1,'Professional Pack',-1.0000,'{\"event_type\":\"order_placed\",\"object_type\":\"order\",\"object_id\":\"\",\"object_increment_id\":\"000001034\"}'),(1874,1,'Professional Pack',-1.0000,'{\"event_type\":\"order_placed\",\"object_type\":\"order\",\"object_id\":\"\",\"object_increment_id\":\"000001035\"}'),(1875,1,'Professional Pack',-1.0000,'{\"event_type\":\"order_placed\",\"object_type\":\"order\",\"object_id\":\"\",\"object_increment_id\":\"000001036\"}'),(1876,1,'Professional Pack',-1.0000,'{\"event_type\":\"order_placed\",\"object_type\":\"order\",\"object_id\":\"\",\"object_increment_id\":\"000001037\"}'),(1877,1,'Professional Pack',-1.0000,'{\"event_type\":\"order_placed\",\"object_type\":\"order\",\"object_id\":\"\",\"object_increment_id\":\"000001038\"}'),(1878,1,'Professional Pack',-1.0000,'{\"event_type\":\"order_placed\",\"object_type\":\"order\",\"object_id\":\"\",\"object_increment_id\":\"000001039\"}'),(1879,1,'Professional Pack',-1.0000,'{\"event_type\":\"order_placed\",\"object_type\":\"order\",\"object_id\":\"\",\"object_increment_id\":\"000001040\"}'),(1880,1,'Professional Pack',-1.0000,'{\"event_type\":\"order_placed\",\"object_type\":\"order\",\"object_id\":\"\",\"object_increment_id\":\"000001041\"}'),(1881,1,'Professional Pack',-1.0000,'{\"event_type\":\"order_placed\",\"object_type\":\"order\",\"object_id\":\"\",\"object_increment_id\":\"000001042\"}'),(1882,1,'Professional Pack',-1.0000,'{\"event_type\":\"order_placed\",\"object_type\":\"order\",\"object_id\":\"\",\"object_increment_id\":\"000001043\"}'),(1883,1,'Professional Pack',-1.0000,'{\"event_type\":\"order_placed\",\"object_type\":\"order\",\"object_id\":\"\",\"object_increment_id\":\"000001044\"}'),(1884,1,'Professional Pack',-1.0000,'{\"event_type\":\"order_placed\",\"object_type\":\"order\",\"object_id\":\"\",\"object_increment_id\":\"000001045\"}'),(1885,1,'Professional Pack',-1.0000,'{\"event_type\":\"order_placed\",\"object_type\":\"order\",\"object_id\":\"\",\"object_increment_id\":\"000001046\"}'),(1886,1,'Professional Pack',-1.0000,'{\"event_type\":\"order_placed\",\"object_type\":\"order\",\"object_id\":\"\",\"object_increment_id\":\"000001047\"}'),(1887,1,'Professional Pack',-1.0000,'{\"event_type\":\"order_placed\",\"object_type\":\"order\",\"object_id\":\"\",\"object_increment_id\":\"000001048\"}'),(1888,1,'Professional Pack',-1.0000,'{\"event_type\":\"order_placed\",\"object_type\":\"order\",\"object_id\":\"\",\"object_increment_id\":\"000001049\"}'),(1889,1,'Professional Pack',-1.0000,'{\"event_type\":\"order_placed\",\"object_type\":\"order\",\"object_id\":\"\",\"object_increment_id\":\"000001050\"}'),(1890,1,'Professional Pack',-1.0000,'{\"event_type\":\"order_placed\",\"object_type\":\"order\",\"object_id\":\"\",\"object_increment_id\":\"000001051\"}'),(1891,1,'Professional Pack',-1.0000,'{\"event_type\":\"order_placed\",\"object_type\":\"order\",\"object_id\":\"\",\"object_increment_id\":\"000001052\"}'),(1892,1,'Professional Pack',-1.0000,'{\"event_type\":\"order_placed\",\"object_type\":\"order\",\"object_id\":\"\",\"object_increment_id\":\"000001053\"}'),(1893,1,'Professional Pack',-1.0000,'{\"event_type\":\"order_placed\",\"object_type\":\"order\",\"object_id\":\"\",\"object_increment_id\":\"000001054\"}'),(1894,1,'Professional Pack',-1.0000,'{\"event_type\":\"order_placed\",\"object_type\":\"order\",\"object_id\":\"\",\"object_increment_id\":\"000001055\"}'),(1895,1,'Professional Pack',-1.0000,'{\"event_type\":\"order_placed\",\"object_type\":\"order\",\"object_id\":\"\",\"object_increment_id\":\"000001056\"}'),(1896,1,'Professional Pack',-1.0000,'{\"event_type\":\"order_placed\",\"object_type\":\"order\",\"object_id\":\"\",\"object_increment_id\":\"000001057\"}'),(1897,1,'Professional Pack',-1.0000,'{\"event_type\":\"order_placed\",\"object_type\":\"order\",\"object_id\":\"\",\"object_increment_id\":\"000001058\"}'),(1898,1,'Professional Pack',-1.0000,'{\"event_type\":\"order_placed\",\"object_type\":\"order\",\"object_id\":\"\",\"object_increment_id\":\"000001059\"}'),(1899,1,'Professional Pack',-1.0000,'{\"event_type\":\"order_placed\",\"object_type\":\"order\",\"object_id\":\"\",\"object_increment_id\":\"000001060\"}'),(1900,1,'Professional Pack',-1.0000,'{\"event_type\":\"order_placed\",\"object_type\":\"order\",\"object_id\":\"\",\"object_increment_id\":\"000001061\"}'),(1901,1,'Professional Pack',-1.0000,'{\"event_type\":\"order_placed\",\"object_type\":\"order\",\"object_id\":\"\",\"object_increment_id\":\"000001062\"}'),(1902,1,'Professional Pack',-1.0000,'{\"event_type\":\"order_placed\",\"object_type\":\"order\",\"object_id\":\"\",\"object_increment_id\":\"000001063\"}'),(1903,1,'Professional Pack',-1.0000,'{\"event_type\":\"order_placed\",\"object_type\":\"order\",\"object_id\":\"\",\"object_increment_id\":\"000001064\"}'),(1906,1,'2010900158',-1.0000,'{\"event_type\":\"order_placed\",\"object_type\":\"order\",\"object_id\":\"\",\"object_increment_id\":\"000001065\"}'),(1907,1,'20119025',-1.0000,'{\"event_type\":\"order_placed\",\"object_type\":\"order\",\"object_id\":\"\",\"object_increment_id\":\"000001066\"}'),(1908,1,'20119001110',-1.0000,'{\"event_type\":\"order_placed\",\"object_type\":\"order\",\"object_id\":\"\",\"object_increment_id\":\"000001067\"}'),(1919,1,'Business Pack',-1.0000,'{\"event_type\":\"order_placed\",\"object_type\":\"order\",\"object_id\":\"\",\"object_increment_id\":\"000001070\"}'),(1920,1,'Business Pack',-1.0000,'{\"event_type\":\"order_placed\",\"object_type\":\"order\",\"object_id\":\"\",\"object_increment_id\":\"000001071\"}'),(1921,1,'Business Pack',-1.0000,'{\"event_type\":\"order_placed\",\"object_type\":\"order\",\"object_id\":\"\",\"object_increment_id\":\"000001072\"}'),(1922,1,'Business Pack',-1.0000,'{\"event_type\":\"order_placed\",\"object_type\":\"order\",\"object_id\":\"\",\"object_increment_id\":\"000001073\"}'),(1923,1,'Business Pack',-1.0000,'{\"event_type\":\"order_placed\",\"object_type\":\"order\",\"object_id\":\"\",\"object_increment_id\":\"000001074\"}'),(1924,1,'Business Pack',-1.0000,'{\"event_type\":\"order_placed\",\"object_type\":\"order\",\"object_id\":\"\",\"object_increment_id\":\"000001075\"}'),(1925,1,'Business Pack',-1.0000,'{\"event_type\":\"order_placed\",\"object_type\":\"order\",\"object_id\":\"\",\"object_increment_id\":\"000001076\"}'),(1926,1,'Business Pack',-1.0000,'{\"event_type\":\"order_placed\",\"object_type\":\"order\",\"object_id\":\"\",\"object_increment_id\":\"000001077\"}'),(1927,1,'Business Pack',-1.0000,'{\"event_type\":\"order_placed\",\"object_type\":\"order\",\"object_id\":\"\",\"object_increment_id\":\"000001078\"}'),(1928,1,'Business Pack',-1.0000,'{\"event_type\":\"order_placed\",\"object_type\":\"order\",\"object_id\":\"\",\"object_increment_id\":\"000001079\"}'),(1929,1,'Business Pack',-1.0000,'{\"event_type\":\"order_placed\",\"object_type\":\"order\",\"object_id\":\"\",\"object_increment_id\":\"000001080\"}'),(1930,1,'Business Pack',-1.0000,'{\"event_type\":\"order_placed\",\"object_type\":\"order\",\"object_id\":\"\",\"object_increment_id\":\"000001081\"}'),(1931,1,'Business Pack',-1.0000,'{\"event_type\":\"order_placed\",\"object_type\":\"order\",\"object_id\":\"\",\"object_increment_id\":\"000001082\"}'),(1932,1,'Business Pack',-1.0000,'{\"event_type\":\"order_placed\",\"object_type\":\"order\",\"object_id\":\"\",\"object_increment_id\":\"000001083\"}'),(1933,1,'Business Pack',-1.0000,'{\"event_type\":\"order_placed\",\"object_type\":\"order\",\"object_id\":\"\",\"object_increment_id\":\"000001084\"}'),(1934,1,'Business Pack',-1.0000,'{\"event_type\":\"order_placed\",\"object_type\":\"order\",\"object_id\":\"\",\"object_increment_id\":\"000001085\"}'),(1935,1,'Business Pack',-1.0000,'{\"event_type\":\"order_placed\",\"object_type\":\"order\",\"object_id\":\"\",\"object_increment_id\":\"000001086\"}'),(1936,1,'Business Pack',-1.0000,'{\"event_type\":\"order_placed\",\"object_type\":\"order\",\"object_id\":\"\",\"object_increment_id\":\"000001087\"}'),(1937,1,'Business Pack',-1.0000,'{\"event_type\":\"order_placed\",\"object_type\":\"order\",\"object_id\":\"\",\"object_increment_id\":\"000001088\"}'),(1938,1,'Business Pack',-1.0000,'{\"event_type\":\"order_placed\",\"object_type\":\"order\",\"object_id\":\"\",\"object_increment_id\":\"000001089\"}'),(1939,1,'Business Pack',-1.0000,'{\"event_type\":\"order_placed\",\"object_type\":\"order\",\"object_id\":\"\",\"object_increment_id\":\"000001090\"}'),(1940,1,'Business Pack',-1.0000,'{\"event_type\":\"order_placed\",\"object_type\":\"order\",\"object_id\":\"\",\"object_increment_id\":\"000001091\"}'),(1941,1,'Business Pack',-1.0000,'{\"event_type\":\"order_placed\",\"object_type\":\"order\",\"object_id\":\"\",\"object_increment_id\":\"000001092\"}'),(1942,1,'Business Pack',-1.0000,'{\"event_type\":\"order_placed\",\"object_type\":\"order\",\"object_id\":\"\",\"object_increment_id\":\"000001093\"}'),(1943,1,'Business Pack',-1.0000,'{\"event_type\":\"order_placed\",\"object_type\":\"order\",\"object_id\":\"\",\"object_increment_id\":\"000001094\"}'),(1944,1,'Business Pack',-1.0000,'{\"event_type\":\"order_placed\",\"object_type\":\"order\",\"object_id\":\"\",\"object_increment_id\":\"000001095\"}'),(1945,1,'Business Pack',-1.0000,'{\"event_type\":\"order_placed\",\"object_type\":\"order\",\"object_id\":\"\",\"object_increment_id\":\"000001096\"}'),(1946,1,'Business Pack',-1.0000,'{\"event_type\":\"order_placed\",\"object_type\":\"order\",\"object_id\":\"\",\"object_increment_id\":\"000001097\"}'),(1947,1,'Business Pack',-1.0000,'{\"event_type\":\"order_placed\",\"object_type\":\"order\",\"object_id\":\"\",\"object_increment_id\":\"000001098\"}'),(1948,1,'Business Pack',-1.0000,'{\"event_type\":\"order_placed\",\"object_type\":\"order\",\"object_id\":\"\",\"object_increment_id\":\"000001099\"}'),(1949,1,'Business Pack',-1.0000,'{\"event_type\":\"order_placed\",\"object_type\":\"order\",\"object_id\":\"\",\"object_increment_id\":\"000001100\"}'),(1950,1,'Business Pack',-1.0000,'{\"event_type\":\"order_placed\",\"object_type\":\"order\",\"object_id\":\"\",\"object_increment_id\":\"000001101\"}'),(1951,1,'Business Pack',-1.0000,'{\"event_type\":\"order_placed\",\"object_type\":\"order\",\"object_id\":\"\",\"object_increment_id\":\"000001102\"}'),(1952,1,'Business Pack',-1.0000,'{\"event_type\":\"order_placed\",\"object_type\":\"order\",\"object_id\":\"\",\"object_increment_id\":\"000001103\"}'),(1953,1,'Business Pack',-1.0000,'{\"event_type\":\"order_placed\",\"object_type\":\"order\",\"object_id\":\"\",\"object_increment_id\":\"000001104\"}'),(1954,1,'Business Pack',-1.0000,'{\"event_type\":\"order_placed\",\"object_type\":\"order\",\"object_id\":\"\",\"object_increment_id\":\"000001105\"}'),(1968,1,'20109021',-2.0000,'{\"event_type\":\"order_placed\",\"object_type\":\"order\",\"object_id\":\"\",\"object_increment_id\":\"000001109\"}'),(1969,1,'20109021',-2.0000,'{\"event_type\":\"order_placed\",\"object_type\":\"order\",\"object_id\":\"\",\"object_increment_id\":\"000001110\"}'),(1970,1,'20119024',-1.0000,'{\"event_type\":\"order_placed\",\"object_type\":\"order\",\"object_id\":\"\",\"object_increment_id\":\"000001111\"}'),(1973,1,'20119001109',-1.0000,'{\"event_type\":\"order_placed\",\"object_type\":\"order\",\"object_id\":\"\",\"object_increment_id\":\"000001113\"}'),(1974,1,'20119001110',-1.0000,'{\"event_type\":\"order_placed\",\"object_type\":\"order\",\"object_id\":\"\",\"object_increment_id\":\"000001113\"}'),(1975,1,'2010900154',-1.0000,'{\"event_type\":\"order_placed\",\"object_type\":\"order\",\"object_id\":\"\",\"object_increment_id\":\"000001113\"}'),(1976,1,'2010900156',-1.0000,'{\"event_type\":\"order_placed\",\"object_type\":\"order\",\"object_id\":\"\",\"object_increment_id\":\"000001113\"}'),(1982,1,'service-plan-type-2',-1.0000,'{\"event_type\":\"order_placed\",\"object_type\":\"order\",\"object_id\":\"\",\"object_increment_id\":\"000001116\"}'),(1983,1,'2011900198',-1.0000,'{\"event_type\":\"order_placed\",\"object_type\":\"order\",\"object_id\":\"\",\"object_increment_id\":\"000001117\"}'),(1984,1,'service-plan-type-1',-1.0000,'{\"event_type\":\"order_placed\",\"object_type\":\"order\",\"object_id\":\"\",\"object_increment_id\":\"000001118\"}'),(1985,1,'Business Pack',-1.0000,'{\"event_type\":\"order_placed\",\"object_type\":\"order\",\"object_id\":\"\",\"object_increment_id\":\"000001119\"}'),(1986,1,'Business Pack',-1.0000,'{\"event_type\":\"order_placed\",\"object_type\":\"order\",\"object_id\":\"\",\"object_increment_id\":\"000001120\"}'),(1987,1,'Business Pack',-1.0000,'{\"event_type\":\"order_placed\",\"object_type\":\"order\",\"object_id\":\"\",\"object_increment_id\":\"000001121\"}'),(1988,1,'Business Pack',-1.0000,'{\"event_type\":\"order_placed\",\"object_type\":\"order\",\"object_id\":\"\",\"object_increment_id\":\"000001122\"}'),(1989,1,'Business Pack',-1.0000,'{\"event_type\":\"order_placed\",\"object_type\":\"order\",\"object_id\":\"\",\"object_increment_id\":\"000001123\"}'),(1990,1,'Business Pack',-1.0000,'{\"event_type\":\"order_placed\",\"object_type\":\"order\",\"object_id\":\"\",\"object_increment_id\":\"000001124\"}'),(1991,1,'Business Pack',-1.0000,'{\"event_type\":\"order_placed\",\"object_type\":\"order\",\"object_id\":\"\",\"object_increment_id\":\"000001125\"}'),(1992,1,'Business Pack',-1.0000,'{\"event_type\":\"order_placed\",\"object_type\":\"order\",\"object_id\":\"\",\"object_increment_id\":\"000001126\"}'),(1993,1,'Business Pack',-1.0000,'{\"event_type\":\"order_placed\",\"object_type\":\"order\",\"object_id\":\"\",\"object_increment_id\":\"000001127\"}'),(1994,1,'Business Pack',-1.0000,'{\"event_type\":\"order_placed\",\"object_type\":\"order\",\"object_id\":\"\",\"object_increment_id\":\"000001128\"}'),(1995,1,'Business Pack',-1.0000,'{\"event_type\":\"order_placed\",\"object_type\":\"order\",\"object_id\":\"\",\"object_increment_id\":\"000001129\"}'),(1996,1,'Business Pack',-1.0000,'{\"event_type\":\"order_placed\",\"object_type\":\"order\",\"object_id\":\"\",\"object_increment_id\":\"000001130\"}'),(1997,1,'Business Pack',-1.0000,'{\"event_type\":\"order_placed\",\"object_type\":\"order\",\"object_id\":\"\",\"object_increment_id\":\"000001131\"}'),(1998,1,'Business Pack',-1.0000,'{\"event_type\":\"order_placed\",\"object_type\":\"order\",\"object_id\":\"\",\"object_increment_id\":\"000001132\"}'),(1999,1,'Business Pack',-1.0000,'{\"event_type\":\"order_placed\",\"object_type\":\"order\",\"object_id\":\"\",\"object_increment_id\":\"000001133\"}'),(2000,1,'Business Pack',-1.0000,'{\"event_type\":\"order_placed\",\"object_type\":\"order\",\"object_id\":\"\",\"object_increment_id\":\"000001134\"}'),(2001,1,'Business Pack',-1.0000,'{\"event_type\":\"order_placed\",\"object_type\":\"order\",\"object_id\":\"\",\"object_increment_id\":\"000001135\"}'),(2002,1,'Business Pack',-1.0000,'{\"event_type\":\"order_placed\",\"object_type\":\"order\",\"object_id\":\"\",\"object_increment_id\":\"000001136\"}'),(2003,1,'Business Pack',-1.0000,'{\"event_type\":\"order_placed\",\"object_type\":\"order\",\"object_id\":\"\",\"object_increment_id\":\"000001137\"}'),(2004,1,'Business Pack',-1.0000,'{\"event_type\":\"order_placed\",\"object_type\":\"order\",\"object_id\":\"\",\"object_increment_id\":\"000001138\"}'),(2005,1,'Business Pack',-1.0000,'{\"event_type\":\"order_placed\",\"object_type\":\"order\",\"object_id\":\"\",\"object_increment_id\":\"000001139\"}'),(2006,1,'Business Pack',-1.0000,'{\"event_type\":\"order_placed\",\"object_type\":\"order\",\"object_id\":\"\",\"object_increment_id\":\"000001140\"}'),(2007,1,'Business Pack',-1.0000,'{\"event_type\":\"order_placed\",\"object_type\":\"order\",\"object_id\":\"\",\"object_increment_id\":\"000001141\"}'),(2008,1,'Business Pack',-1.0000,'{\"event_type\":\"order_placed\",\"object_type\":\"order\",\"object_id\":\"\",\"object_increment_id\":\"000001142\"}'),(2009,1,'Business Pack',-1.0000,'{\"event_type\":\"order_placed\",\"object_type\":\"order\",\"object_id\":\"\",\"object_increment_id\":\"000001143\"}'),(2010,1,'Business Pack',-1.0000,'{\"event_type\":\"order_placed\",\"object_type\":\"order\",\"object_id\":\"\",\"object_increment_id\":\"000001144\"}'),(2011,1,'Business Pack',-1.0000,'{\"event_type\":\"order_placed\",\"object_type\":\"order\",\"object_id\":\"\",\"object_increment_id\":\"000001145\"}'),(2012,1,'Business Pack',-1.0000,'{\"event_type\":\"order_placed\",\"object_type\":\"order\",\"object_id\":\"\",\"object_increment_id\":\"000001146\"}'),(2013,1,'Business Pack',-1.0000,'{\"event_type\":\"order_placed\",\"object_type\":\"order\",\"object_id\":\"\",\"object_increment_id\":\"000001147\"}'),(2014,1,'Business Pack',-1.0000,'{\"event_type\":\"order_placed\",\"object_type\":\"order\",\"object_id\":\"\",\"object_increment_id\":\"000001148\"}'),(2015,1,'Business Pack',-1.0000,'{\"event_type\":\"order_placed\",\"object_type\":\"order\",\"object_id\":\"\",\"object_increment_id\":\"000001149\"}'),(2016,1,'Business Pack',-1.0000,'{\"event_type\":\"order_placed\",\"object_type\":\"order\",\"object_id\":\"\",\"object_increment_id\":\"000001150\"}'),(2017,1,'Business Pack',-1.0000,'{\"event_type\":\"order_placed\",\"object_type\":\"order\",\"object_id\":\"\",\"object_increment_id\":\"000001151\"}'),(2018,1,'Business Pack',-1.0000,'{\"event_type\":\"order_placed\",\"object_type\":\"order\",\"object_id\":\"\",\"object_increment_id\":\"000001152\"}'),(2019,1,'Business Pack',-1.0000,'{\"event_type\":\"order_placed\",\"object_type\":\"order\",\"object_id\":\"\",\"object_increment_id\":\"000001153\"}'),(2020,1,'Business Pack',-1.0000,'{\"event_type\":\"order_placed\",\"object_type\":\"order\",\"object_id\":\"\",\"object_increment_id\":\"000001154\"}'),(2021,1,'service-call-type-1',-1.0000,'{\"event_type\":\"order_placed\",\"object_type\":\"order\",\"object_id\":\"\",\"object_increment_id\":\"000001155\"}'),(2022,1,'Business Pack-Color',-1.0000,'{\"event_type\":\"order_placed\",\"object_type\":\"order\",\"object_id\":\"\",\"object_increment_id\":\"000001156\"}'),(2023,1,'Business Pack-Color',-1.0000,'{\"event_type\":\"order_placed\",\"object_type\":\"order\",\"object_id\":\"\",\"object_increment_id\":\"000001157\"}'),(2024,1,'Business Pack-Color',-1.0000,'{\"event_type\":\"order_placed\",\"object_type\":\"order\",\"object_id\":\"\",\"object_increment_id\":\"000001158\"}'),(2025,1,'Business Pack-Color',-1.0000,'{\"event_type\":\"order_placed\",\"object_type\":\"order\",\"object_id\":\"\",\"object_increment_id\":\"000001159\"}'),(2026,1,'Business Pack-Color',-1.0000,'{\"event_type\":\"order_placed\",\"object_type\":\"order\",\"object_id\":\"\",\"object_increment_id\":\"000001160\"}'),(2027,1,'Business Pack-Color',-1.0000,'{\"event_type\":\"order_placed\",\"object_type\":\"order\",\"object_id\":\"\",\"object_increment_id\":\"000001161\"}'),(2028,1,'Business Pack-Color',-1.0000,'{\"event_type\":\"order_placed\",\"object_type\":\"order\",\"object_id\":\"\",\"object_increment_id\":\"000001162\"}'),(2029,1,'Business Pack-Color',-1.0000,'{\"event_type\":\"order_placed\",\"object_type\":\"order\",\"object_id\":\"\",\"object_increment_id\":\"000001163\"}'),(2030,1,'Business Pack-Color',-1.0000,'{\"event_type\":\"order_placed\",\"object_type\":\"order\",\"object_id\":\"\",\"object_increment_id\":\"000001164\"}'),(2031,1,'Business Pack-Color',-1.0000,'{\"event_type\":\"order_placed\",\"object_type\":\"order\",\"object_id\":\"\",\"object_increment_id\":\"000001165\"}'),(2032,1,'Business Pack-Color',-1.0000,'{\"event_type\":\"order_placed\",\"object_type\":\"order\",\"object_id\":\"\",\"object_increment_id\":\"000001166\"}'),(2033,1,'Business Pack-Color',-1.0000,'{\"event_type\":\"order_placed\",\"object_type\":\"order\",\"object_id\":\"\",\"object_increment_id\":\"000001167\"}'),(2034,1,'Business Pack-Color',-1.0000,'{\"event_type\":\"order_placed\",\"object_type\":\"order\",\"object_id\":\"\",\"object_increment_id\":\"000001168\"}'),(2035,1,'Business Pack-Color',-1.0000,'{\"event_type\":\"order_placed\",\"object_type\":\"order\",\"object_id\":\"\",\"object_increment_id\":\"000001169\"}'),(2036,1,'Business Pack-Color',-1.0000,'{\"event_type\":\"order_placed\",\"object_type\":\"order\",\"object_id\":\"\",\"object_increment_id\":\"000001170\"}'),(2037,1,'Business Pack-Color',-1.0000,'{\"event_type\":\"order_placed\",\"object_type\":\"order\",\"object_id\":\"\",\"object_increment_id\":\"000001171\"}'),(2038,1,'Business Pack-Color',-1.0000,'{\"event_type\":\"order_placed\",\"object_type\":\"order\",\"object_id\":\"\",\"object_increment_id\":\"000001172\"}'),(2039,1,'Business Pack-Color',-1.0000,'{\"event_type\":\"order_placed\",\"object_type\":\"order\",\"object_id\":\"\",\"object_increment_id\":\"000001173\"}'),(2040,1,'Business Pack-Color',-1.0000,'{\"event_type\":\"order_placed\",\"object_type\":\"order\",\"object_id\":\"\",\"object_increment_id\":\"000001174\"}'),(2041,1,'Business Pack-Color',-1.0000,'{\"event_type\":\"order_placed\",\"object_type\":\"order\",\"object_id\":\"\",\"object_increment_id\":\"000001175\"}'),(2042,1,'Business Pack-Color',-1.0000,'{\"event_type\":\"order_placed\",\"object_type\":\"order\",\"object_id\":\"\",\"object_increment_id\":\"000001176\"}'),(2043,1,'Business Pack-Color',-1.0000,'{\"event_type\":\"order_placed\",\"object_type\":\"order\",\"object_id\":\"\",\"object_increment_id\":\"000001177\"}'),(2044,1,'Business Pack-Color',-1.0000,'{\"event_type\":\"order_placed\",\"object_type\":\"order\",\"object_id\":\"\",\"object_increment_id\":\"000001178\"}'),(2045,1,'Business Pack-Color',-1.0000,'{\"event_type\":\"order_placed\",\"object_type\":\"order\",\"object_id\":\"\",\"object_increment_id\":\"000001179\"}'),(2046,1,'Business Pack-Color',-1.0000,'{\"event_type\":\"order_placed\",\"object_type\":\"order\",\"object_id\":\"\",\"object_increment_id\":\"000001180\"}'),(2047,1,'Business Pack-Color',-1.0000,'{\"event_type\":\"order_placed\",\"object_type\":\"order\",\"object_id\":\"\",\"object_increment_id\":\"000001181\"}'),(2048,1,'Business Pack-Color',-1.0000,'{\"event_type\":\"order_placed\",\"object_type\":\"order\",\"object_id\":\"\",\"object_increment_id\":\"000001182\"}'),(2049,1,'Business Pack-Color',-1.0000,'{\"event_type\":\"order_placed\",\"object_type\":\"order\",\"object_id\":\"\",\"object_increment_id\":\"000001183\"}'),(2050,1,'Business Pack-Color',-1.0000,'{\"event_type\":\"order_placed\",\"object_type\":\"order\",\"object_id\":\"\",\"object_increment_id\":\"000001184\"}'),(2051,1,'Business Pack-Color',-1.0000,'{\"event_type\":\"order_placed\",\"object_type\":\"order\",\"object_id\":\"\",\"object_increment_id\":\"000001185\"}'),(2052,1,'Business Pack-Color',-1.0000,'{\"event_type\":\"order_placed\",\"object_type\":\"order\",\"object_id\":\"\",\"object_increment_id\":\"000001186\"}'),(2053,1,'Business Pack-Color',-1.0000,'{\"event_type\":\"order_placed\",\"object_type\":\"order\",\"object_id\":\"\",\"object_increment_id\":\"000001187\"}'),(2054,1,'Business Pack-Color',-1.0000,'{\"event_type\":\"order_placed\",\"object_type\":\"order\",\"object_id\":\"\",\"object_increment_id\":\"000001188\"}'),(2055,1,'Business Pack-Color',-1.0000,'{\"event_type\":\"order_placed\",\"object_type\":\"order\",\"object_id\":\"\",\"object_increment_id\":\"000001189\"}'),(2056,1,'Business Pack-Color',-1.0000,'{\"event_type\":\"order_placed\",\"object_type\":\"order\",\"object_id\":\"\",\"object_increment_id\":\"000001190\"}'),(2057,1,'Business Pack-Color',-1.0000,'{\"event_type\":\"order_placed\",\"object_type\":\"order\",\"object_id\":\"\",\"object_increment_id\":\"000001191\"}'),(2058,1,'Business Pack-Color',-1.0000,'{\"event_type\":\"order_placed\",\"object_type\":\"order\",\"object_id\":\"\",\"object_increment_id\":\"000001192\"}'),(2059,1,'Business Pack-Color',-1.0000,'{\"event_type\":\"order_placed\",\"object_type\":\"order\",\"object_id\":\"\",\"object_increment_id\":\"000001193\"}'),(2060,1,'Business Pack-Color',-1.0000,'{\"event_type\":\"order_placed\",\"object_type\":\"order\",\"object_id\":\"\",\"object_increment_id\":\"000001194\"}'),(2061,1,'Business Pack-Color',-1.0000,'{\"event_type\":\"order_placed\",\"object_type\":\"order\",\"object_id\":\"\",\"object_increment_id\":\"000001195\"}'),(2062,1,'Business Pack-Color',-1.0000,'{\"event_type\":\"order_placed\",\"object_type\":\"order\",\"object_id\":\"\",\"object_increment_id\":\"000001196\"}'),(2063,1,'Business Pack-Color',-1.0000,'{\"event_type\":\"order_placed\",\"object_type\":\"order\",\"object_id\":\"\",\"object_increment_id\":\"000001197\"}'),(2064,1,'Business Pack-Color',-1.0000,'{\"event_type\":\"order_placed\",\"object_type\":\"order\",\"object_id\":\"\",\"object_increment_id\":\"000001198\"}'),(2065,1,'Business Pack-Color',-1.0000,'{\"event_type\":\"order_placed\",\"object_type\":\"order\",\"object_id\":\"\",\"object_increment_id\":\"000001199\"}'),(2066,1,'Business Pack-Color',-1.0000,'{\"event_type\":\"order_placed\",\"object_type\":\"order\",\"object_id\":\"\",\"object_increment_id\":\"000001200\"}'),(2067,1,'Business Pack-Color',-1.0000,'{\"event_type\":\"order_placed\",\"object_type\":\"order\",\"object_id\":\"\",\"object_increment_id\":\"000001201\"}'),(2068,1,'Business Pack-Color',-1.0000,'{\"event_type\":\"order_placed\",\"object_type\":\"order\",\"object_id\":\"\",\"object_increment_id\":\"000001202\"}'),(2069,1,'Business Pack-Color',-1.0000,'{\"event_type\":\"order_placed\",\"object_type\":\"order\",\"object_id\":\"\",\"object_increment_id\":\"000001203\"}'),(2070,1,'Business Pack-Color',-1.0000,'{\"event_type\":\"order_placed\",\"object_type\":\"order\",\"object_id\":\"\",\"object_increment_id\":\"000001204\"}'),(2071,1,'Business Pack-Color',-1.0000,'{\"event_type\":\"order_placed\",\"object_type\":\"order\",\"object_id\":\"\",\"object_increment_id\":\"000001205\"}'),(2072,1,'Business Pack-Color',-1.0000,'{\"event_type\":\"order_placed\",\"object_type\":\"order\",\"object_id\":\"\",\"object_increment_id\":\"000001206\"}'),(2073,1,'Business Pack-Color',-1.0000,'{\"event_type\":\"order_placed\",\"object_type\":\"order\",\"object_id\":\"\",\"object_increment_id\":\"000001207\"}'),(2074,1,'Business Pack-Color',-1.0000,'{\"event_type\":\"order_placed\",\"object_type\":\"order\",\"object_id\":\"\",\"object_increment_id\":\"000001208\"}'),(2075,1,'Business Pack-Color',-1.0000,'{\"event_type\":\"order_placed\",\"object_type\":\"order\",\"object_id\":\"\",\"object_increment_id\":\"000001209\"}'),(2076,1,'Business Pack-Color',-1.0000,'{\"event_type\":\"order_placed\",\"object_type\":\"order\",\"object_id\":\"\",\"object_increment_id\":\"000001210\"}'),(2077,1,'Business Pack-Color',-1.0000,'{\"event_type\":\"order_placed\",\"object_type\":\"order\",\"object_id\":\"\",\"object_increment_id\":\"000001211\"}'),(2078,1,'Business Pack-Color',-1.0000,'{\"event_type\":\"order_placed\",\"object_type\":\"order\",\"object_id\":\"\",\"object_increment_id\":\"000001212\"}'),(2079,1,'Business Pack-Color',-1.0000,'{\"event_type\":\"order_placed\",\"object_type\":\"order\",\"object_id\":\"\",\"object_increment_id\":\"000001213\"}'),(2080,1,'Business Pack-Color',-1.0000,'{\"event_type\":\"order_placed\",\"object_type\":\"order\",\"object_id\":\"\",\"object_increment_id\":\"000001214\"}'),(2081,1,'Business Pack-Color',-1.0000,'{\"event_type\":\"order_placed\",\"object_type\":\"order\",\"object_id\":\"\",\"object_increment_id\":\"000001215\"}'),(2082,1,'Business Pack-Color',-1.0000,'{\"event_type\":\"order_placed\",\"object_type\":\"order\",\"object_id\":\"\",\"object_increment_id\":\"000001216\"}'),(2083,1,'Business Pack-Color',-1.0000,'{\"event_type\":\"order_placed\",\"object_type\":\"order\",\"object_id\":\"\",\"object_increment_id\":\"000001217\"}'),(2084,1,'Business Pack-Color',-1.0000,'{\"event_type\":\"order_placed\",\"object_type\":\"order\",\"object_id\":\"\",\"object_increment_id\":\"000001218\"}'),(2085,1,'Business Pack-Color',-1.0000,'{\"event_type\":\"order_placed\",\"object_type\":\"order\",\"object_id\":\"\",\"object_increment_id\":\"000001219\"}'),(2086,1,'Business Pack-Color',-1.0000,'{\"event_type\":\"order_placed\",\"object_type\":\"order\",\"object_id\":\"\",\"object_increment_id\":\"000001220\"}'),(2087,1,'Business Pack-Color',-1.0000,'{\"event_type\":\"order_placed\",\"object_type\":\"order\",\"object_id\":\"\",\"object_increment_id\":\"000001221\"}'),(2088,1,'Business Pack-Color',-1.0000,'{\"event_type\":\"order_placed\",\"object_type\":\"order\",\"object_id\":\"\",\"object_increment_id\":\"000001222\"}'),(2089,1,'Business Pack-Color',-1.0000,'{\"event_type\":\"order_placed\",\"object_type\":\"order\",\"object_id\":\"\",\"object_increment_id\":\"000001223\"}'),(2090,1,'Business Pack-Color',-1.0000,'{\"event_type\":\"order_placed\",\"object_type\":\"order\",\"object_id\":\"\",\"object_increment_id\":\"000001224\"}'),(2091,1,'Business Pack-Color',-1.0000,'{\"event_type\":\"order_placed\",\"object_type\":\"order\",\"object_id\":\"\",\"object_increment_id\":\"000001225\"}'),(2099,1,'20119024',-1.0000,'{\"event_type\":\"order_placed\",\"object_type\":\"order\",\"object_id\":\"\",\"object_increment_id\":\"000001229\"}'),(2100,1,'2010900154',-1.0000,'{\"event_type\":\"order_placed\",\"object_type\":\"order\",\"object_id\":\"\",\"object_increment_id\":\"000001229\"}'),(2101,1,'Service-plan-type-7',-1.0000,'{\"event_type\":\"order_placed\",\"object_type\":\"order\",\"object_id\":\"\",\"object_increment_id\":\"000001230\"}'),(2104,1,'Basic Pack-Colour',-1.0000,'{\"event_type\":\"order_placed\",\"object_type\":\"order\",\"object_id\":\"\",\"object_increment_id\":\"000001231\"}'),(2105,1,'Basic Pack',-2.0000,'{\"event_type\":\"order_placed\",\"object_type\":\"order\",\"object_id\":\"\",\"object_increment_id\":\"000001232\"}'),(2106,1,'Basic Pack',-2.0000,'{\"event_type\":\"order_placed\",\"object_type\":\"order\",\"object_id\":\"\",\"object_increment_id\":\"000001233\"}'),(2107,1,'Basic Pack',-1.0000,'{\"event_type\":\"order_placed\",\"object_type\":\"order\",\"object_id\":\"\",\"object_increment_id\":\"000001234\"}'),(2108,1,'Basic Pack',-1.0000,'{\"event_type\":\"order_placed\",\"object_type\":\"order\",\"object_id\":\"\",\"object_increment_id\":\"000001235\"}'),(2109,1,'Basic Pack',-1.0000,'{\"event_type\":\"order_placed\",\"object_type\":\"order\",\"object_id\":\"\",\"object_increment_id\":\"000001236\"}'),(2110,1,'Basic Pack',-1.0000,'{\"event_type\":\"order_placed\",\"object_type\":\"order\",\"object_id\":\"\",\"object_increment_id\":\"000001237\"}'),(2111,1,'Basic Pack',-1.0000,'{\"event_type\":\"order_placed\",\"object_type\":\"order\",\"object_id\":\"\",\"object_increment_id\":\"000001238\"}'),(2112,1,'Basic Pack',-1.0000,'{\"event_type\":\"order_placed\",\"object_type\":\"order\",\"object_id\":\"\",\"object_increment_id\":\"000001239\"}'),(2113,1,'Basic Pack',-1.0000,'{\"event_type\":\"order_placed\",\"object_type\":\"order\",\"object_id\":\"\",\"object_increment_id\":\"000001240\"}'),(2114,1,'Basic Pack',-1.0000,'{\"event_type\":\"order_placed\",\"object_type\":\"order\",\"object_id\":\"\",\"object_increment_id\":\"000001241\"}'),(2115,1,'Basic Pack',-1.0000,'{\"event_type\":\"order_placed\",\"object_type\":\"order\",\"object_id\":\"\",\"object_increment_id\":\"000001242\"}'),(2116,1,'Basic Pack',-1.0000,'{\"event_type\":\"order_placed\",\"object_type\":\"order\",\"object_id\":\"\",\"object_increment_id\":\"000001243\"}'),(2117,1,'Basic Pack',-1.0000,'{\"event_type\":\"order_placed\",\"object_type\":\"order\",\"object_id\":\"\",\"object_increment_id\":\"000001244\"}'),(2118,1,'Basic Pack',-1.0000,'{\"event_type\":\"order_placed\",\"object_type\":\"order\",\"object_id\":\"\",\"object_increment_id\":\"000001245\"}'),(2119,1,'Basic Pack',-1.0000,'{\"event_type\":\"order_placed\",\"object_type\":\"order\",\"object_id\":\"\",\"object_increment_id\":\"000001246\"}'),(2120,1,'Basic Pack',-1.0000,'{\"event_type\":\"order_placed\",\"object_type\":\"order\",\"object_id\":\"\",\"object_increment_id\":\"000001247\"}'),(2121,1,'Basic Pack',-1.0000,'{\"event_type\":\"order_placed\",\"object_type\":\"order\",\"object_id\":\"\",\"object_increment_id\":\"000001248\"}'),(2122,1,'Basic Pack',-1.0000,'{\"event_type\":\"order_placed\",\"object_type\":\"order\",\"object_id\":\"\",\"object_increment_id\":\"000001249\"}'),(2123,1,'Basic Pack',-1.0000,'{\"event_type\":\"order_placed\",\"object_type\":\"order\",\"object_id\":\"\",\"object_increment_id\":\"000001250\"}'),(2124,1,'Basic Pack',-1.0000,'{\"event_type\":\"order_placed\",\"object_type\":\"order\",\"object_id\":\"\",\"object_increment_id\":\"000001251\"}'),(2125,1,'Basic Pack',-1.0000,'{\"event_type\":\"order_placed\",\"object_type\":\"order\",\"object_id\":\"\",\"object_increment_id\":\"000001252\"}'),(2126,1,'Basic Pack',-1.0000,'{\"event_type\":\"order_placed\",\"object_type\":\"order\",\"object_id\":\"\",\"object_increment_id\":\"000001253\"}'),(2127,1,'Basic Pack',-1.0000,'{\"event_type\":\"order_placed\",\"object_type\":\"order\",\"object_id\":\"\",\"object_increment_id\":\"000001254\"}'),(2128,1,'Basic Pack',-1.0000,'{\"event_type\":\"order_placed\",\"object_type\":\"order\",\"object_id\":\"\",\"object_increment_id\":\"000001255\"}'),(2129,1,'Basic Pack',-1.0000,'{\"event_type\":\"order_placed\",\"object_type\":\"order\",\"object_id\":\"\",\"object_increment_id\":\"000001256\"}'),(2130,1,'Basic Pack',-1.0000,'{\"event_type\":\"order_placed\",\"object_type\":\"order\",\"object_id\":\"\",\"object_increment_id\":\"000001257\"}'),(2131,1,'Standard Pack',-1.0000,'{\"event_type\":\"order_placed\",\"object_type\":\"order\",\"object_id\":\"\",\"object_increment_id\":\"000001258\"}'),(2132,1,'Standard Pack',-1.0000,'{\"event_type\":\"order_placed\",\"object_type\":\"order\",\"object_id\":\"\",\"object_increment_id\":\"000001259\"}'),(2133,1,'Standard Pack',-1.0000,'{\"event_type\":\"order_placed\",\"object_type\":\"order\",\"object_id\":\"\",\"object_increment_id\":\"000001260\"}'),(2134,1,'Standard Pack',-1.0000,'{\"event_type\":\"order_placed\",\"object_type\":\"order\",\"object_id\":\"\",\"object_increment_id\":\"000001261\"}'),(2135,1,'Standard Pack',-1.0000,'{\"event_type\":\"order_placed\",\"object_type\":\"order\",\"object_id\":\"\",\"object_increment_id\":\"000001262\"}'),(2136,1,'Standard Pack',-1.0000,'{\"event_type\":\"order_placed\",\"object_type\":\"order\",\"object_id\":\"\",\"object_increment_id\":\"000001263\"}'),(2137,1,'Standard Pack',-1.0000,'{\"event_type\":\"order_placed\",\"object_type\":\"order\",\"object_id\":\"\",\"object_increment_id\":\"000001264\"}'),(2138,1,'Standard Pack',-1.0000,'{\"event_type\":\"order_placed\",\"object_type\":\"order\",\"object_id\":\"\",\"object_increment_id\":\"000001265\"}'),(2139,1,'Standard Pack',-1.0000,'{\"event_type\":\"order_placed\",\"object_type\":\"order\",\"object_id\":\"\",\"object_increment_id\":\"000001266\"}'),(2140,1,'Standard Pack',-1.0000,'{\"event_type\":\"order_placed\",\"object_type\":\"order\",\"object_id\":\"\",\"object_increment_id\":\"000001267\"}'),(2141,1,'Standard Pack',-1.0000,'{\"event_type\":\"order_placed\",\"object_type\":\"order\",\"object_id\":\"\",\"object_increment_id\":\"000001268\"}'),(2142,1,'Standard Pack',-1.0000,'{\"event_type\":\"order_placed\",\"object_type\":\"order\",\"object_id\":\"\",\"object_increment_id\":\"000001269\"}'),(2143,1,'Standard Pack',-1.0000,'{\"event_type\":\"order_placed\",\"object_type\":\"order\",\"object_id\":\"\",\"object_increment_id\":\"000001270\"}'),(2144,1,'Standard Pack',-1.0000,'{\"event_type\":\"order_placed\",\"object_type\":\"order\",\"object_id\":\"\",\"object_increment_id\":\"000001271\"}'),(2145,1,'Standard Pack',-1.0000,'{\"event_type\":\"order_placed\",\"object_type\":\"order\",\"object_id\":\"\",\"object_increment_id\":\"000001272\"}'),(2146,1,'Standard Pack',-1.0000,'{\"event_type\":\"order_placed\",\"object_type\":\"order\",\"object_id\":\"\",\"object_increment_id\":\"000001273\"}'),(2147,1,'Standard Pack',-1.0000,'{\"event_type\":\"order_placed\",\"object_type\":\"order\",\"object_id\":\"\",\"object_increment_id\":\"000001274\"}'),(2148,1,'Standard Pack',-1.0000,'{\"event_type\":\"order_placed\",\"object_type\":\"order\",\"object_id\":\"\",\"object_increment_id\":\"000001275\"}'),(2149,1,'Standard Pack',-1.0000,'{\"event_type\":\"order_placed\",\"object_type\":\"order\",\"object_id\":\"\",\"object_increment_id\":\"000001276\"}'),(2150,1,'Standard Pack',-1.0000,'{\"event_type\":\"order_placed\",\"object_type\":\"order\",\"object_id\":\"\",\"object_increment_id\":\"000001277\"}'),(2151,1,'Standard Pack',-1.0000,'{\"event_type\":\"order_placed\",\"object_type\":\"order\",\"object_id\":\"\",\"object_increment_id\":\"000001278\"}'),(2152,1,'Standard Pack',-1.0000,'{\"event_type\":\"order_placed\",\"object_type\":\"order\",\"object_id\":\"\",\"object_increment_id\":\"000001279\"}'),(2153,1,'Standard Pack',-1.0000,'{\"event_type\":\"order_placed\",\"object_type\":\"order\",\"object_id\":\"\",\"object_increment_id\":\"000001280\"}'),(2154,1,'Standard Pack',-1.0000,'{\"event_type\":\"order_placed\",\"object_type\":\"order\",\"object_id\":\"\",\"object_increment_id\":\"000001281\"}'),(2156,1,'Premium Pack',-1.0000,'{\"event_type\":\"order_placed\",\"object_type\":\"order\",\"object_id\":\"\",\"object_increment_id\":\"000001283\"}'),(2157,1,'Premium Pack',-1.0000,'{\"event_type\":\"order_placed\",\"object_type\":\"order\",\"object_id\":\"\",\"object_increment_id\":\"000001284\"}'),(2158,1,'Premium Pack',-1.0000,'{\"event_type\":\"order_placed\",\"object_type\":\"order\",\"object_id\":\"\",\"object_increment_id\":\"000001285\"}'),(2159,1,'Premium Pack',-1.0000,'{\"event_type\":\"order_placed\",\"object_type\":\"order\",\"object_id\":\"\",\"object_increment_id\":\"000001286\"}'),(2160,1,'Premium Pack',-1.0000,'{\"event_type\":\"order_placed\",\"object_type\":\"order\",\"object_id\":\"\",\"object_increment_id\":\"000001287\"}'),(2161,1,'Premium Pack',-1.0000,'{\"event_type\":\"order_placed\",\"object_type\":\"order\",\"object_id\":\"\",\"object_increment_id\":\"000001288\"}'),(2162,1,'Premium Pack',-1.0000,'{\"event_type\":\"order_placed\",\"object_type\":\"order\",\"object_id\":\"\",\"object_increment_id\":\"000001289\"}'),(2163,1,'Premium Pack',-1.0000,'{\"event_type\":\"order_placed\",\"object_type\":\"order\",\"object_id\":\"\",\"object_increment_id\":\"000001290\"}'),(2164,1,'Premium Pack',-1.0000,'{\"event_type\":\"order_placed\",\"object_type\":\"order\",\"object_id\":\"\",\"object_increment_id\":\"000001291\"}'),(2165,1,'Premium Pack',-1.0000,'{\"event_type\":\"order_placed\",\"object_type\":\"order\",\"object_id\":\"\",\"object_increment_id\":\"000001292\"}'),(2166,1,'Premium Pack',-1.0000,'{\"event_type\":\"order_placed\",\"object_type\":\"order\",\"object_id\":\"\",\"object_increment_id\":\"000001293\"}'),(2167,1,'Premium Pack',-1.0000,'{\"event_type\":\"order_placed\",\"object_type\":\"order\",\"object_id\":\"\",\"object_increment_id\":\"000001294\"}'),(2168,1,'Premium Pack',-1.0000,'{\"event_type\":\"order_placed\",\"object_type\":\"order\",\"object_id\":\"\",\"object_increment_id\":\"000001295\"}'),(2169,1,'Premium Pack',-1.0000,'{\"event_type\":\"order_placed\",\"object_type\":\"order\",\"object_id\":\"\",\"object_increment_id\":\"000001296\"}'),(2170,1,'Premium Pack',-1.0000,'{\"event_type\":\"order_placed\",\"object_type\":\"order\",\"object_id\":\"\",\"object_increment_id\":\"000001297\"}'),(2171,1,'Premium Pack',-1.0000,'{\"event_type\":\"order_placed\",\"object_type\":\"order\",\"object_id\":\"\",\"object_increment_id\":\"000001298\"}'),(2172,1,'Premium Pack',-1.0000,'{\"event_type\":\"order_placed\",\"object_type\":\"order\",\"object_id\":\"\",\"object_increment_id\":\"000001299\"}'),(2173,1,'Premium Pack',-1.0000,'{\"event_type\":\"order_placed\",\"object_type\":\"order\",\"object_id\":\"\",\"object_increment_id\":\"000001300\"}'),(2174,1,'Premium Pack',-1.0000,'{\"event_type\":\"order_placed\",\"object_type\":\"order\",\"object_id\":\"\",\"object_increment_id\":\"000001301\"}'),(2175,1,'Premium Pack',-1.0000,'{\"event_type\":\"order_placed\",\"object_type\":\"order\",\"object_id\":\"\",\"object_increment_id\":\"000001302\"}'),(2176,1,'Premium Pack',-1.0000,'{\"event_type\":\"order_placed\",\"object_type\":\"order\",\"object_id\":\"\",\"object_increment_id\":\"000001303\"}'),(2177,1,'Premium Pack',-1.0000,'{\"event_type\":\"order_placed\",\"object_type\":\"order\",\"object_id\":\"\",\"object_increment_id\":\"000001304\"}'),(2178,1,'Premium Pack',-1.0000,'{\"event_type\":\"order_placed\",\"object_type\":\"order\",\"object_id\":\"\",\"object_increment_id\":\"000001305\"}'),(2179,1,'Premium Pack',-1.0000,'{\"event_type\":\"order_placed\",\"object_type\":\"order\",\"object_id\":\"\",\"object_increment_id\":\"000001306\"}'),(2180,1,'Standard Pack',-1.0000,'{\"event_type\":\"order_placed\",\"object_type\":\"order\",\"object_id\":\"\",\"object_increment_id\":\"000001307\"}'),(2181,1,'Standard Pack',-1.0000,'{\"event_type\":\"order_placed\",\"object_type\":\"order\",\"object_id\":\"\",\"object_increment_id\":\"000001308\"}'),(2182,1,'Standard Pack',-1.0000,'{\"event_type\":\"order_placed\",\"object_type\":\"order\",\"object_id\":\"\",\"object_increment_id\":\"000001309\"}'),(2183,1,'Standard Pack',-1.0000,'{\"event_type\":\"order_placed\",\"object_type\":\"order\",\"object_id\":\"\",\"object_increment_id\":\"000001310\"}'),(2184,1,'Standard Pack',-1.0000,'{\"event_type\":\"order_placed\",\"object_type\":\"order\",\"object_id\":\"\",\"object_increment_id\":\"000001311\"}'),(2185,1,'Standard Pack',-1.0000,'{\"event_type\":\"order_placed\",\"object_type\":\"order\",\"object_id\":\"\",\"object_increment_id\":\"000001312\"}'),(2186,1,'Standard Pack',-1.0000,'{\"event_type\":\"order_placed\",\"object_type\":\"order\",\"object_id\":\"\",\"object_increment_id\":\"000001313\"}'),(2187,1,'Standard Pack',-1.0000,'{\"event_type\":\"order_placed\",\"object_type\":\"order\",\"object_id\":\"\",\"object_increment_id\":\"000001314\"}'),(2188,1,'Standard Pack',-1.0000,'{\"event_type\":\"order_placed\",\"object_type\":\"order\",\"object_id\":\"\",\"object_increment_id\":\"000001315\"}'),(2189,1,'Standard Pack',-1.0000,'{\"event_type\":\"order_placed\",\"object_type\":\"order\",\"object_id\":\"\",\"object_increment_id\":\"000001316\"}'),(2190,1,'Standard Pack',-1.0000,'{\"event_type\":\"order_placed\",\"object_type\":\"order\",\"object_id\":\"\",\"object_increment_id\":\"000001317\"}'),(2191,1,'Standard Pack',-1.0000,'{\"event_type\":\"order_placed\",\"object_type\":\"order\",\"object_id\":\"\",\"object_increment_id\":\"000001318\"}'),(2192,1,'Standard Pack',-1.0000,'{\"event_type\":\"order_placed\",\"object_type\":\"order\",\"object_id\":\"\",\"object_increment_id\":\"000001319\"}'),(2193,1,'Standard Pack',-1.0000,'{\"event_type\":\"order_placed\",\"object_type\":\"order\",\"object_id\":\"\",\"object_increment_id\":\"000001320\"}'),(2194,1,'Standard Pack',-1.0000,'{\"event_type\":\"order_placed\",\"object_type\":\"order\",\"object_id\":\"\",\"object_increment_id\":\"000001321\"}'),(2195,1,'Standard Pack',-1.0000,'{\"event_type\":\"order_placed\",\"object_type\":\"order\",\"object_id\":\"\",\"object_increment_id\":\"000001322\"}'),(2196,1,'Standard Pack',-1.0000,'{\"event_type\":\"order_placed\",\"object_type\":\"order\",\"object_id\":\"\",\"object_increment_id\":\"000001323\"}'),(2197,1,'Standard Pack',-1.0000,'{\"event_type\":\"order_placed\",\"object_type\":\"order\",\"object_id\":\"\",\"object_increment_id\":\"000001324\"}'),(2198,1,'Standard Pack',-1.0000,'{\"event_type\":\"order_placed\",\"object_type\":\"order\",\"object_id\":\"\",\"object_increment_id\":\"000001325\"}'),(2199,1,'Standard Pack',-1.0000,'{\"event_type\":\"order_placed\",\"object_type\":\"order\",\"object_id\":\"\",\"object_increment_id\":\"000001326\"}'),(2200,1,'Standard Pack',-1.0000,'{\"event_type\":\"order_placed\",\"object_type\":\"order\",\"object_id\":\"\",\"object_increment_id\":\"000001327\"}'),(2201,1,'Standard Pack',-1.0000,'{\"event_type\":\"order_placed\",\"object_type\":\"order\",\"object_id\":\"\",\"object_increment_id\":\"000001328\"}'),(2202,1,'Standard Pack',-1.0000,'{\"event_type\":\"order_placed\",\"object_type\":\"order\",\"object_id\":\"\",\"object_increment_id\":\"000001329\"}'),(2203,1,'Standard Pack',-1.0000,'{\"event_type\":\"order_placed\",\"object_type\":\"order\",\"object_id\":\"\",\"object_increment_id\":\"000001330\"}'),(2204,1,'Standard Pack',-1.0000,'{\"event_type\":\"order_placed\",\"object_type\":\"order\",\"object_id\":\"\",\"object_increment_id\":\"000001331\"}'),(2205,1,'Standard Pack',-1.0000,'{\"event_type\":\"order_placed\",\"object_type\":\"order\",\"object_id\":\"\",\"object_increment_id\":\"000001332\"}'),(2206,1,'Standard Pack',-1.0000,'{\"event_type\":\"order_placed\",\"object_type\":\"order\",\"object_id\":\"\",\"object_increment_id\":\"000001333\"}'),(2207,1,'Standard Pack',-1.0000,'{\"event_type\":\"order_placed\",\"object_type\":\"order\",\"object_id\":\"\",\"object_increment_id\":\"000001334\"}'),(2208,1,'Standard Pack',-1.0000,'{\"event_type\":\"order_placed\",\"object_type\":\"order\",\"object_id\":\"\",\"object_increment_id\":\"000001335\"}'),(2209,1,'Standard Pack',-1.0000,'{\"event_type\":\"order_placed\",\"object_type\":\"order\",\"object_id\":\"\",\"object_increment_id\":\"000001336\"}'),(2210,1,'Standard Pack',-1.0000,'{\"event_type\":\"order_placed\",\"object_type\":\"order\",\"object_id\":\"\",\"object_increment_id\":\"000001337\"}'),(2211,1,'Standard Pack',-1.0000,'{\"event_type\":\"order_placed\",\"object_type\":\"order\",\"object_id\":\"\",\"object_increment_id\":\"000001338\"}'),(2212,1,'Standard Pack',-1.0000,'{\"event_type\":\"order_placed\",\"object_type\":\"order\",\"object_id\":\"\",\"object_increment_id\":\"000001339\"}'),(2213,1,'Standard Pack',-1.0000,'{\"event_type\":\"order_placed\",\"object_type\":\"order\",\"object_id\":\"\",\"object_increment_id\":\"000001340\"}'),(2214,1,'Standard Pack',-1.0000,'{\"event_type\":\"order_placed\",\"object_type\":\"order\",\"object_id\":\"\",\"object_increment_id\":\"000001341\"}'),(2215,1,'Standard Pack',-1.0000,'{\"event_type\":\"order_placed\",\"object_type\":\"order\",\"object_id\":\"\",\"object_increment_id\":\"000001342\"}'),(2216,1,'Standard Pack',-1.0000,'{\"event_type\":\"order_placed\",\"object_type\":\"order\",\"object_id\":\"\",\"object_increment_id\":\"000001343\"}'),(2217,1,'Standard Pack',-1.0000,'{\"event_type\":\"order_placed\",\"object_type\":\"order\",\"object_id\":\"\",\"object_increment_id\":\"000001344\"}'),(2218,1,'Standard Pack',-1.0000,'{\"event_type\":\"order_placed\",\"object_type\":\"order\",\"object_id\":\"\",\"object_increment_id\":\"000001345\"}'),(2219,1,'Standard Pack',-1.0000,'{\"event_type\":\"order_placed\",\"object_type\":\"order\",\"object_id\":\"\",\"object_increment_id\":\"000001346\"}'),(2220,1,'Standard Pack',-1.0000,'{\"event_type\":\"order_placed\",\"object_type\":\"order\",\"object_id\":\"\",\"object_increment_id\":\"000001347\"}'),(2221,1,'Standard Pack',-1.0000,'{\"event_type\":\"order_placed\",\"object_type\":\"order\",\"object_id\":\"\",\"object_increment_id\":\"000001348\"}'),(2222,1,'Standard Pack',-1.0000,'{\"event_type\":\"order_placed\",\"object_type\":\"order\",\"object_id\":\"\",\"object_increment_id\":\"000001349\"}'),(2223,1,'Standard Pack',-1.0000,'{\"event_type\":\"order_placed\",\"object_type\":\"order\",\"object_id\":\"\",\"object_increment_id\":\"000001350\"}'),(2224,1,'Standard Pack',-1.0000,'{\"event_type\":\"order_placed\",\"object_type\":\"order\",\"object_id\":\"\",\"object_increment_id\":\"000001351\"}'),(2225,1,'Standard Pack',-1.0000,'{\"event_type\":\"order_placed\",\"object_type\":\"order\",\"object_id\":\"\",\"object_increment_id\":\"000001352\"}'),(2226,1,'Standard Pack',-1.0000,'{\"event_type\":\"order_placed\",\"object_type\":\"order\",\"object_id\":\"\",\"object_increment_id\":\"000001353\"}'),(2227,1,'Standard Pack',-1.0000,'{\"event_type\":\"order_placed\",\"object_type\":\"order\",\"object_id\":\"\",\"object_increment_id\":\"000001354\"}'),(2228,1,'20119023',-1.0000,'{\"event_type\":\"order_placed\",\"object_type\":\"order\",\"object_id\":\"\",\"object_increment_id\":\"000001355\"}'),(2229,1,'Premium Pack',-1.0000,'{\"event_type\":\"order_placed\",\"object_type\":\"order\",\"object_id\":\"\",\"object_increment_id\":\"000001356\"}'),(2230,1,'Premium Pack',-1.0000,'{\"event_type\":\"order_placed\",\"object_type\":\"order\",\"object_id\":\"\",\"object_increment_id\":\"000001357\"}'),(2231,1,'Premium Pack',-1.0000,'{\"event_type\":\"order_placed\",\"object_type\":\"order\",\"object_id\":\"\",\"object_increment_id\":\"000001358\"}'),(2232,1,'Premium Pack',-1.0000,'{\"event_type\":\"order_placed\",\"object_type\":\"order\",\"object_id\":\"\",\"object_increment_id\":\"000001359\"}'),(2233,1,'Premium Pack',-1.0000,'{\"event_type\":\"order_placed\",\"object_type\":\"order\",\"object_id\":\"\",\"object_increment_id\":\"000001360\"}'),(2234,1,'Premium Pack',-1.0000,'{\"event_type\":\"order_placed\",\"object_type\":\"order\",\"object_id\":\"\",\"object_increment_id\":\"000001361\"}'),(2235,1,'Premium Pack',-1.0000,'{\"event_type\":\"order_placed\",\"object_type\":\"order\",\"object_id\":\"\",\"object_increment_id\":\"000001362\"}'),(2236,1,'Premium Pack',-1.0000,'{\"event_type\":\"order_placed\",\"object_type\":\"order\",\"object_id\":\"\",\"object_increment_id\":\"000001363\"}'),(2237,1,'Premium Pack',-1.0000,'{\"event_type\":\"order_placed\",\"object_type\":\"order\",\"object_id\":\"\",\"object_increment_id\":\"000001364\"}'),(2238,1,'Premium Pack',-1.0000,'{\"event_type\":\"order_placed\",\"object_type\":\"order\",\"object_id\":\"\",\"object_increment_id\":\"000001365\"}'),(2239,1,'Premium Pack',-1.0000,'{\"event_type\":\"order_placed\",\"object_type\":\"order\",\"object_id\":\"\",\"object_increment_id\":\"000001366\"}'),(2240,1,'Premium Pack',-1.0000,'{\"event_type\":\"order_placed\",\"object_type\":\"order\",\"object_id\":\"\",\"object_increment_id\":\"000001367\"}'),(2241,1,'Premium Pack',-1.0000,'{\"event_type\":\"order_placed\",\"object_type\":\"order\",\"object_id\":\"\",\"object_increment_id\":\"000001368\"}'),(2242,1,'Premium Pack',-1.0000,'{\"event_type\":\"order_placed\",\"object_type\":\"order\",\"object_id\":\"\",\"object_increment_id\":\"000001369\"}'),(2243,1,'Premium Pack',-1.0000,'{\"event_type\":\"order_placed\",\"object_type\":\"order\",\"object_id\":\"\",\"object_increment_id\":\"000001370\"}'),(2244,1,'Premium Pack',-1.0000,'{\"event_type\":\"order_placed\",\"object_type\":\"order\",\"object_id\":\"\",\"object_increment_id\":\"000001371\"}'),(2245,1,'Premium Pack',-1.0000,'{\"event_type\":\"order_placed\",\"object_type\":\"order\",\"object_id\":\"\",\"object_increment_id\":\"000001372\"}'),(2246,1,'Premium Pack',-1.0000,'{\"event_type\":\"order_placed\",\"object_type\":\"order\",\"object_id\":\"\",\"object_increment_id\":\"000001373\"}'),(2247,1,'Premium Pack',-1.0000,'{\"event_type\":\"order_placed\",\"object_type\":\"order\",\"object_id\":\"\",\"object_increment_id\":\"000001374\"}'),(2248,1,'Premium Pack',-1.0000,'{\"event_type\":\"order_placed\",\"object_type\":\"order\",\"object_id\":\"\",\"object_increment_id\":\"000001375\"}'),(2249,1,'Premium Pack',-1.0000,'{\"event_type\":\"order_placed\",\"object_type\":\"order\",\"object_id\":\"\",\"object_increment_id\":\"000001376\"}'),(2250,1,'Premium Pack',-1.0000,'{\"event_type\":\"order_placed\",\"object_type\":\"order\",\"object_id\":\"\",\"object_increment_id\":\"000001377\"}'),(2251,1,'Premium Pack',-1.0000,'{\"event_type\":\"order_placed\",\"object_type\":\"order\",\"object_id\":\"\",\"object_increment_id\":\"000001378\"}'),(2252,1,'Premium Pack',-1.0000,'{\"event_type\":\"order_placed\",\"object_type\":\"order\",\"object_id\":\"\",\"object_increment_id\":\"000001379\"}'),(2253,1,'Basic Pack-Colour',-1.0000,'{\"event_type\":\"order_placed\",\"object_type\":\"order\",\"object_id\":\"\",\"object_increment_id\":\"000001380\"}'),(2254,1,'Basic Pack-Colour',-1.0000,'{\"event_type\":\"order_placed\",\"object_type\":\"order\",\"object_id\":\"\",\"object_increment_id\":\"000001381\"}'),(2255,1,'Basic Pack-Colour',-1.0000,'{\"event_type\":\"order_placed\",\"object_type\":\"order\",\"object_id\":\"\",\"object_increment_id\":\"000001382\"}'),(2256,1,'Basic Pack-Colour',-1.0000,'{\"event_type\":\"order_placed\",\"object_type\":\"order\",\"object_id\":\"\",\"object_increment_id\":\"000001383\"}'),(2257,1,'Basic Pack-Colour',-1.0000,'{\"event_type\":\"order_placed\",\"object_type\":\"order\",\"object_id\":\"\",\"object_increment_id\":\"000001384\"}'),(2258,1,'Basic Pack-Colour',-1.0000,'{\"event_type\":\"order_placed\",\"object_type\":\"order\",\"object_id\":\"\",\"object_increment_id\":\"000001385\"}'),(2259,1,'Basic Pack-Colour',-1.0000,'{\"event_type\":\"order_placed\",\"object_type\":\"order\",\"object_id\":\"\",\"object_increment_id\":\"000001386\"}'),(2260,1,'Basic Pack-Colour',-1.0000,'{\"event_type\":\"order_placed\",\"object_type\":\"order\",\"object_id\":\"\",\"object_increment_id\":\"000001387\"}'),(2261,1,'Basic Pack-Colour',-1.0000,'{\"event_type\":\"order_placed\",\"object_type\":\"order\",\"object_id\":\"\",\"object_increment_id\":\"000001388\"}'),(2262,1,'Basic Pack-Colour',-1.0000,'{\"event_type\":\"order_placed\",\"object_type\":\"order\",\"object_id\":\"\",\"object_increment_id\":\"000001389\"}'),(2263,1,'Basic Pack-Colour',-1.0000,'{\"event_type\":\"order_placed\",\"object_type\":\"order\",\"object_id\":\"\",\"object_increment_id\":\"000001390\"}'),(2264,1,'Basic Pack-Colour',-1.0000,'{\"event_type\":\"order_placed\",\"object_type\":\"order\",\"object_id\":\"\",\"object_increment_id\":\"000001391\"}'),(2265,1,'Basic Pack-Colour',-1.0000,'{\"event_type\":\"order_placed\",\"object_type\":\"order\",\"object_id\":\"\",\"object_increment_id\":\"000001392\"}'),(2266,1,'Basic Pack-Colour',-1.0000,'{\"event_type\":\"order_placed\",\"object_type\":\"order\",\"object_id\":\"\",\"object_increment_id\":\"000001393\"}'),(2267,1,'Basic Pack-Colour',-1.0000,'{\"event_type\":\"order_placed\",\"object_type\":\"order\",\"object_id\":\"\",\"object_increment_id\":\"000001394\"}'),(2268,1,'Basic Pack-Colour',-1.0000,'{\"event_type\":\"order_placed\",\"object_type\":\"order\",\"object_id\":\"\",\"object_increment_id\":\"000001395\"}'),(2269,1,'Basic Pack-Colour',-1.0000,'{\"event_type\":\"order_placed\",\"object_type\":\"order\",\"object_id\":\"\",\"object_increment_id\":\"000001396\"}'),(2270,1,'Basic Pack-Colour',-1.0000,'{\"event_type\":\"order_placed\",\"object_type\":\"order\",\"object_id\":\"\",\"object_increment_id\":\"000001397\"}'),(2271,1,'Basic Pack-Colour',-1.0000,'{\"event_type\":\"order_placed\",\"object_type\":\"order\",\"object_id\":\"\",\"object_increment_id\":\"000001398\"}'),(2272,1,'Basic Pack-Colour',-1.0000,'{\"event_type\":\"order_placed\",\"object_type\":\"order\",\"object_id\":\"\",\"object_increment_id\":\"000001399\"}'),(2273,1,'Basic Pack-Colour',-1.0000,'{\"event_type\":\"order_placed\",\"object_type\":\"order\",\"object_id\":\"\",\"object_increment_id\":\"000001400\"}'),(2274,1,'Basic Pack-Colour',-1.0000,'{\"event_type\":\"order_placed\",\"object_type\":\"order\",\"object_id\":\"\",\"object_increment_id\":\"000001401\"}'),(2275,1,'Basic Pack-Colour',-1.0000,'{\"event_type\":\"order_placed\",\"object_type\":\"order\",\"object_id\":\"\",\"object_increment_id\":\"000001402\"}'),(2276,1,'Basic Pack-Colour',-1.0000,'{\"event_type\":\"order_placed\",\"object_type\":\"order\",\"object_id\":\"\",\"object_increment_id\":\"000001403\"}'),(2277,1,'Basic Pack-Colour',-1.0000,'{\"event_type\":\"order_placed\",\"object_type\":\"order\",\"object_id\":\"\",\"object_increment_id\":\"000001404\"}'),(2278,1,'Basic Pack-Colour',-1.0000,'{\"event_type\":\"order_placed\",\"object_type\":\"order\",\"object_id\":\"\",\"object_increment_id\":\"000001405\"}'),(2279,1,'Basic Pack-Colour',-1.0000,'{\"event_type\":\"order_placed\",\"object_type\":\"order\",\"object_id\":\"\",\"object_increment_id\":\"000001406\"}'),(2280,1,'Basic Pack-Colour',-1.0000,'{\"event_type\":\"order_placed\",\"object_type\":\"order\",\"object_id\":\"\",\"object_increment_id\":\"000001407\"}'),(2281,1,'Premium Pack',-1.0000,'{\"event_type\":\"order_placed\",\"object_type\":\"order\",\"object_id\":\"\",\"object_increment_id\":\"000001408\"}'),(2282,1,'Premium Pack',-1.0000,'{\"event_type\":\"order_placed\",\"object_type\":\"order\",\"object_id\":\"\",\"object_increment_id\":\"000001409\"}'),(2283,1,'Premium Pack',-1.0000,'{\"event_type\":\"order_placed\",\"object_type\":\"order\",\"object_id\":\"\",\"object_increment_id\":\"000001410\"}'),(2284,1,'Premium Pack',-1.0000,'{\"event_type\":\"order_placed\",\"object_type\":\"order\",\"object_id\":\"\",\"object_increment_id\":\"000001411\"}'),(2285,1,'Premium Pack',-1.0000,'{\"event_type\":\"order_placed\",\"object_type\":\"order\",\"object_id\":\"\",\"object_increment_id\":\"000001412\"}'),(2286,1,'Premium Pack',-1.0000,'{\"event_type\":\"order_placed\",\"object_type\":\"order\",\"object_id\":\"\",\"object_increment_id\":\"000001413\"}'),(2287,1,'Premium Pack',-1.0000,'{\"event_type\":\"order_placed\",\"object_type\":\"order\",\"object_id\":\"\",\"object_increment_id\":\"000001414\"}'),(2288,1,'Premium Pack',-1.0000,'{\"event_type\":\"order_placed\",\"object_type\":\"order\",\"object_id\":\"\",\"object_increment_id\":\"000001415\"}'),(2289,1,'Premium Pack',-1.0000,'{\"event_type\":\"order_placed\",\"object_type\":\"order\",\"object_id\":\"\",\"object_increment_id\":\"000001416\"}'),(2290,1,'Premium Pack',-1.0000,'{\"event_type\":\"order_placed\",\"object_type\":\"order\",\"object_id\":\"\",\"object_increment_id\":\"000001417\"}'),(2291,1,'Premium Pack',-1.0000,'{\"event_type\":\"order_placed\",\"object_type\":\"order\",\"object_id\":\"\",\"object_increment_id\":\"000001418\"}'),(2292,1,'Premium Pack',-1.0000,'{\"event_type\":\"order_placed\",\"object_type\":\"order\",\"object_id\":\"\",\"object_increment_id\":\"000001419\"}'),(2293,1,'Premium Pack',-1.0000,'{\"event_type\":\"order_placed\",\"object_type\":\"order\",\"object_id\":\"\",\"object_increment_id\":\"000001420\"}'),(2294,1,'Premium Pack',-1.0000,'{\"event_type\":\"order_placed\",\"object_type\":\"order\",\"object_id\":\"\",\"object_increment_id\":\"000001421\"}'),(2295,1,'Premium Pack',-1.0000,'{\"event_type\":\"order_placed\",\"object_type\":\"order\",\"object_id\":\"\",\"object_increment_id\":\"000001422\"}'),(2296,1,'Premium Pack',-1.0000,'{\"event_type\":\"order_placed\",\"object_type\":\"order\",\"object_id\":\"\",\"object_increment_id\":\"000001423\"}'),(2297,1,'Premium Pack',-1.0000,'{\"event_type\":\"order_placed\",\"object_type\":\"order\",\"object_id\":\"\",\"object_increment_id\":\"000001424\"}'),(2298,1,'Premium Pack',-1.0000,'{\"event_type\":\"order_placed\",\"object_type\":\"order\",\"object_id\":\"\",\"object_increment_id\":\"000001425\"}'),(2299,1,'Premium Pack',-1.0000,'{\"event_type\":\"order_placed\",\"object_type\":\"order\",\"object_id\":\"\",\"object_increment_id\":\"000001426\"}'),(2300,1,'Premium Pack',-1.0000,'{\"event_type\":\"order_placed\",\"object_type\":\"order\",\"object_id\":\"\",\"object_increment_id\":\"000001427\"}'),(2301,1,'Premium Pack',-1.0000,'{\"event_type\":\"order_placed\",\"object_type\":\"order\",\"object_id\":\"\",\"object_increment_id\":\"000001428\"}'),(2302,1,'Premium Pack',-1.0000,'{\"event_type\":\"order_placed\",\"object_type\":\"order\",\"object_id\":\"\",\"object_increment_id\":\"000001429\"}'),(2303,1,'Premium Pack',-1.0000,'{\"event_type\":\"order_placed\",\"object_type\":\"order\",\"object_id\":\"\",\"object_increment_id\":\"000001430\"}'),(2304,1,'Premium Pack',-1.0000,'{\"event_type\":\"order_placed\",\"object_type\":\"order\",\"object_id\":\"\",\"object_increment_id\":\"000001431\"}'),(2306,1,'Standard Pack',-1.0000,'{\"event_type\":\"order_placed\",\"object_type\":\"order\",\"object_id\":\"\",\"object_increment_id\":\"000001433\"}'),(2307,1,'Standard Pack',-1.0000,'{\"event_type\":\"order_placed\",\"object_type\":\"order\",\"object_id\":\"\",\"object_increment_id\":\"000001434\"}'),(2308,1,'Standard Pack',-1.0000,'{\"event_type\":\"order_placed\",\"object_type\":\"order\",\"object_id\":\"\",\"object_increment_id\":\"000001435\"}'),(2309,1,'Standard Pack',-1.0000,'{\"event_type\":\"order_placed\",\"object_type\":\"order\",\"object_id\":\"\",\"object_increment_id\":\"000001436\"}'),(2310,1,'Standard Pack',-1.0000,'{\"event_type\":\"order_placed\",\"object_type\":\"order\",\"object_id\":\"\",\"object_increment_id\":\"000001437\"}'),(2311,1,'Standard Pack',-1.0000,'{\"event_type\":\"order_placed\",\"object_type\":\"order\",\"object_id\":\"\",\"object_increment_id\":\"000001438\"}'),(2312,1,'Standard Pack',-1.0000,'{\"event_type\":\"order_placed\",\"object_type\":\"order\",\"object_id\":\"\",\"object_increment_id\":\"000001439\"}'),(2313,1,'Standard Pack',-1.0000,'{\"event_type\":\"order_placed\",\"object_type\":\"order\",\"object_id\":\"\",\"object_increment_id\":\"000001440\"}'),(2314,1,'Standard Pack',-1.0000,'{\"event_type\":\"order_placed\",\"object_type\":\"order\",\"object_id\":\"\",\"object_increment_id\":\"000001441\"}'),(2315,1,'Standard Pack',-1.0000,'{\"event_type\":\"order_placed\",\"object_type\":\"order\",\"object_id\":\"\",\"object_increment_id\":\"000001442\"}'),(2316,1,'Standard Pack',-1.0000,'{\"event_type\":\"order_placed\",\"object_type\":\"order\",\"object_id\":\"\",\"object_increment_id\":\"000001443\"}'),(2317,1,'Standard Pack',-1.0000,'{\"event_type\":\"order_placed\",\"object_type\":\"order\",\"object_id\":\"\",\"object_increment_id\":\"000001444\"}'),(2318,1,'Standard Pack',-1.0000,'{\"event_type\":\"order_placed\",\"object_type\":\"order\",\"object_id\":\"\",\"object_increment_id\":\"000001445\"}'),(2319,1,'Standard Pack',-1.0000,'{\"event_type\":\"order_placed\",\"object_type\":\"order\",\"object_id\":\"\",\"object_increment_id\":\"000001446\"}'),(2320,1,'Standard Pack',-1.0000,'{\"event_type\":\"order_placed\",\"object_type\":\"order\",\"object_id\":\"\",\"object_increment_id\":\"000001447\"}'),(2321,1,'Standard Pack',-1.0000,'{\"event_type\":\"order_placed\",\"object_type\":\"order\",\"object_id\":\"\",\"object_increment_id\":\"000001448\"}'),(2322,1,'Standard Pack',-1.0000,'{\"event_type\":\"order_placed\",\"object_type\":\"order\",\"object_id\":\"\",\"object_increment_id\":\"000001449\"}'),(2324,1,'Standard Pack',-1.0000,'{\"event_type\":\"order_placed\",\"object_type\":\"order\",\"object_id\":\"\",\"object_increment_id\":\"000001451\"}'),(2325,1,'Standard Pack',-1.0000,'{\"event_type\":\"order_placed\",\"object_type\":\"order\",\"object_id\":\"\",\"object_increment_id\":\"000001452\"}'),(2326,1,'Standard Pack',-1.0000,'{\"event_type\":\"order_placed\",\"object_type\":\"order\",\"object_id\":\"\",\"object_increment_id\":\"000001453\"}'),(2327,1,'Standard Pack',-1.0000,'{\"event_type\":\"order_placed\",\"object_type\":\"order\",\"object_id\":\"\",\"object_increment_id\":\"000001454\"}'),(2328,1,'Standard Pack',-1.0000,'{\"event_type\":\"order_placed\",\"object_type\":\"order\",\"object_id\":\"\",\"object_increment_id\":\"000001455\"}'),(2331,1,'Standard Pack-Colour',-1.0000,'{\"event_type\":\"order_placed\",\"object_type\":\"order\",\"object_id\":\"\",\"object_increment_id\":\"000001456\"}'),(2332,1,'Standard Pack-Colour',-1.0000,'{\"event_type\":\"order_placed\",\"object_type\":\"order\",\"object_id\":\"\",\"object_increment_id\":\"000001457\"}'),(2333,1,'Standard Pack-Colour',-1.0000,'{\"event_type\":\"order_placed\",\"object_type\":\"order\",\"object_id\":\"\",\"object_increment_id\":\"000001458\"}'),(2334,1,'Standard Pack-Colour',-1.0000,'{\"event_type\":\"order_placed\",\"object_type\":\"order\",\"object_id\":\"\",\"object_increment_id\":\"000001459\"}'),(2335,1,'Standard Pack-Colour',-1.0000,'{\"event_type\":\"order_placed\",\"object_type\":\"order\",\"object_id\":\"\",\"object_increment_id\":\"000001460\"}'),(2336,1,'Standard Pack-Colour',-1.0000,'{\"event_type\":\"order_placed\",\"object_type\":\"order\",\"object_id\":\"\",\"object_increment_id\":\"000001461\"}'),(2337,1,'Standard Pack-Colour',-1.0000,'{\"event_type\":\"order_placed\",\"object_type\":\"order\",\"object_id\":\"\",\"object_increment_id\":\"000001462\"}'),(2338,1,'Standard Pack-Colour',-1.0000,'{\"event_type\":\"order_placed\",\"object_type\":\"order\",\"object_id\":\"\",\"object_increment_id\":\"000001463\"}'),(2339,1,'Standard Pack-Colour',-1.0000,'{\"event_type\":\"order_placed\",\"object_type\":\"order\",\"object_id\":\"\",\"object_increment_id\":\"000001464\"}'),(2340,1,'Standard Pack-Colour',-1.0000,'{\"event_type\":\"order_placed\",\"object_type\":\"order\",\"object_id\":\"\",\"object_increment_id\":\"000001465\"}'),(2341,1,'Standard Pack-Colour',-1.0000,'{\"event_type\":\"order_placed\",\"object_type\":\"order\",\"object_id\":\"\",\"object_increment_id\":\"000001466\"}'),(2342,1,'Standard Pack-Colour',-1.0000,'{\"event_type\":\"order_placed\",\"object_type\":\"order\",\"object_id\":\"\",\"object_increment_id\":\"000001467\"}'),(2343,1,'Standard Pack-Colour',-1.0000,'{\"event_type\":\"order_placed\",\"object_type\":\"order\",\"object_id\":\"\",\"object_increment_id\":\"000001468\"}'),(2344,1,'Standard Pack-Colour',-1.0000,'{\"event_type\":\"order_placed\",\"object_type\":\"order\",\"object_id\":\"\",\"object_increment_id\":\"000001469\"}'),(2345,1,'Standard Pack-Colour',-1.0000,'{\"event_type\":\"order_placed\",\"object_type\":\"order\",\"object_id\":\"\",\"object_increment_id\":\"000001470\"}'),(2346,1,'Standard Pack-Colour',-1.0000,'{\"event_type\":\"order_placed\",\"object_type\":\"order\",\"object_id\":\"\",\"object_increment_id\":\"000001471\"}'),(2347,1,'Standard Pack-Colour',-1.0000,'{\"event_type\":\"order_placed\",\"object_type\":\"order\",\"object_id\":\"\",\"object_increment_id\":\"000001472\"}'),(2348,1,'Standard Pack-Colour',-1.0000,'{\"event_type\":\"order_placed\",\"object_type\":\"order\",\"object_id\":\"\",\"object_increment_id\":\"000001473\"}'),(2349,1,'Standard Pack-Colour',-1.0000,'{\"event_type\":\"order_placed\",\"object_type\":\"order\",\"object_id\":\"\",\"object_increment_id\":\"000001474\"}'),(2350,1,'Standard Pack-Colour',-1.0000,'{\"event_type\":\"order_placed\",\"object_type\":\"order\",\"object_id\":\"\",\"object_increment_id\":\"000001475\"}'),(2351,1,'Standard Pack-Colour',-1.0000,'{\"event_type\":\"order_placed\",\"object_type\":\"order\",\"object_id\":\"\",\"object_increment_id\":\"000001476\"}'),(2352,1,'Standard Pack-Colour',-1.0000,'{\"event_type\":\"order_placed\",\"object_type\":\"order\",\"object_id\":\"\",\"object_increment_id\":\"000001477\"}'),(2353,1,'Standard Pack-Colour',-1.0000,'{\"event_type\":\"order_placed\",\"object_type\":\"order\",\"object_id\":\"\",\"object_increment_id\":\"000001478\"}'),(2354,1,'Standard Pack-Colour',-1.0000,'{\"event_type\":\"order_placed\",\"object_type\":\"order\",\"object_id\":\"\",\"object_increment_id\":\"000001479\"}'),(2355,1,'Basic Pack-Colour',-1.0000,'{\"event_type\":\"order_placed\",\"object_type\":\"order\",\"object_id\":\"\",\"object_increment_id\":\"000001480\"}'),(2356,1,'Basic Pack-Colour',-1.0000,'{\"event_type\":\"order_placed\",\"object_type\":\"order\",\"object_id\":\"\",\"object_increment_id\":\"000001481\"}'),(2357,1,'Basic Pack-Colour',-1.0000,'{\"event_type\":\"order_placed\",\"object_type\":\"order\",\"object_id\":\"\",\"object_increment_id\":\"000001482\"}'),(2358,1,'Basic Pack-Colour',-1.0000,'{\"event_type\":\"order_placed\",\"object_type\":\"order\",\"object_id\":\"\",\"object_increment_id\":\"000001483\"}'),(2359,1,'Basic Pack-Colour',-1.0000,'{\"event_type\":\"order_placed\",\"object_type\":\"order\",\"object_id\":\"\",\"object_increment_id\":\"000001484\"}'),(2360,1,'Basic Pack-Colour',-1.0000,'{\"event_type\":\"order_placed\",\"object_type\":\"order\",\"object_id\":\"\",\"object_increment_id\":\"000001485\"}'),(2361,1,'Basic Pack-Colour',-1.0000,'{\"event_type\":\"order_placed\",\"object_type\":\"order\",\"object_id\":\"\",\"object_increment_id\":\"000001486\"}'),