-- Table structure for table `catalog_product_frontend_action`
--

CREATE TABLE `catalog_product_frontend_action` (
  `action_id` bigint(20) unsigned NOT NULL AUTO_INCREMENT COMMENT 'Product Action ID',
  `type_id` varchar(64) NOT NULL COMMENT 'Type of product action',
  `visitor_id` int(10) unsigned DEFAULT NULL COMMENT 'Visitor ID',
  `customer_id` int(10) unsigned DEFAULT NULL COMMENT 'Customer ID',
  `product_id` int(10) unsigned NOT NULL COMMENT 'Product ID',
  `added_at` bigint(20) NOT NULL COMMENT 'Added At',
  PRIMARY KEY (`action_id`),
  UNIQUE KEY `CATALOG_PRODUCT_FRONTEND_ACTION_VISITOR_ID_PRODUCT_ID_TYPE_ID` (`visitor_id`,`product_id`,`type_id`),
  UNIQUE KEY `CATALOG_PRODUCT_FRONTEND_ACTION_CUSTOMER_ID_PRODUCT_ID_TYPE_ID` (`customer_id`,`product_id`,`type_id`),
  KEY `CAT_PRD_FRONTEND_ACTION_PRD_ID_CAT_PRD_ENTT_ENTT_ID` (`product_id`),
  CONSTRAINT `CAT_PRD_FRONTEND_ACTION_CSTR_ID_CSTR_ENTT_ENTT_ID` FOREIGN KEY (`customer_id`) REFERENCES `customer_entity` (`entity_id`) ON DELETE CASCADE,
  CONSTRAINT `CAT_PRD_FRONTEND_ACTION_PRD_ID_CAT_PRD_ENTT_ENTT_ID` FOREIGN KEY (`product_id`) REFERENCES `catalog_product_entity` (`entity_id`) ON DELETE CASCADE
) ENGINE=InnoDB DEFAULT CHARSET=utf8 COMMENT='Catalog Product Frontend Action Table';

--
-- Dumping data for table `catalog_product_frontend_action`
--


--
-- Table structure for table `catalog_product_index_eav`
--

CREATE TABLE `catalog_product_index_eav` (
  `entity_id` int(10) unsigned NOT NULL COMMENT 'Entity ID',
  `attribute_id` smallint(5) unsigned NOT NULL COMMENT 'Attribute ID',
  `store_id` smallint(5) unsigned NOT NULL COMMENT 'Store ID',
  `value` int(10) unsigned NOT NULL COMMENT 'Value',
  `source_id` int(10) unsigned NOT NULL DEFAULT '0' COMMENT 'Original entity ID for attribute value',
  PRIMARY KEY (`entity_id`,`attribute_id`,`store_id`,`value`,`source_id`),
  KEY `CATALOG_PRODUCT_INDEX_EAV_ATTRIBUTE_ID` (`attribute_id`),
  KEY `CATALOG_PRODUCT_INDEX_EAV_STORE_ID` (`store_id`),
  KEY `CATALOG_PRODUCT_INDEX_EAV_VALUE` (`value`)
) ENGINE=InnoDB DEFAULT CHARSET=utf8 COMMENT='Catalog Product EAV Index Table';

--
-- Dumping data for table `catalog_product_index_eav`
--

INSERT INTO `catalog_product_index_eav` VALUES (1226,99,1,4,1226),(1242,99,1,4,1242),(1258,99,1,4,1258),(1274,99,1,4,1274),(1290,99,1,4,1290),(1306,99,1,4,1306),(1322,99,1,4,1322),(1338,99,1,4,1338),(1354,99,1,4,1354),(1370,99,1,4,1370),(1386,99,1,4,1386),(1402,99,1,4,1402),(3610,99,1,4,3610),(3610,99,2,4,3610),(3611,99,1,4,3611),(3611,99,2,4,3611),(3612,99,1,4,3612),(3612,99,2,4,3612),(3613,99,1,4,3613),(3613,99,2,4,3613),(3614,99,1,4,3614),(3614,99,2,4,3614),(3615,99,1,4,3615),(3615,99,2,4,3615),(3616,99,1,4,3616),(3616,99,2,4,3616),(3617,99,1,4,3617),(3617,99,2,4,3617),(3620,99,1,4,3620),(3620,99,2,4,3620),(3623,99,1,4,3623),(3623,99,2,4,3623),(3625,99,1,4,3625),(3625,99,2,4,3625),(3627,99,1,4,3627),(3627,99,2,4,3627),(3628,99,1,4,3628),(3628,99,2,4,3628),(3629,99,1,4,3629),(3629,99,2,4,3629),(3630,99,1,4,3630),(3630,99,2,4,3630),(3631,99,1,4,3631),(3631,99,2,4,3631),(3632,99,1,4,3632),(3632,99,2,4,3632),(3633,99,1,4,3633),(3633,99,2,4,3633),(3634,99,1,4,3634),(3634,99,2,4,3634),(3635,99,1,4,3635),(3635,99,2,4,3635),(3636,99,1,4,3636),(3636,99,2,4,3636),(3640,99,1,4,3640),(3640,99,2,4,3640),(3643,99,1,4,3643),(3643,99,2,4,3643),(3644,99,1,4,3644),(3644,99,2,4,3644),(3645,99,1,4,3645),(3645,99,2,4,3645),(3646,99,1,4,3646),(3646,99,2,4,3646),(3647,99,1,4,3647),(3647,99,2,4,3647),(3649,99,1,4,3649),(3649,99,2,4,3649),(3651,99,1,4,3651),(3651,99,2,4,3651),(3652,99,1,4,3652),(3652,99,2,4,3652),(3653,99,1,4,3653),(3653,99,2,4,3653),(3654,99,1,4,3654),(3654,99,2,4,3654),(3655,99,1,4,3655),(3655,99,2,4,3655),(3656,99,1,4,3656),(3656,99,2,4,3656),(3657,99,1,4,3657),(3657,99,2,4,3657),(3658,99,1,4,3658),(3658,99,2,4,3658),(3659,99,1,4,3659),(3659,99,2,4,3659),(3661,99,1,4,3661),(3661,99,2,4,3661),(3662,99,1,4,3662),(3662,99,2,4,3662),(3664,99,1,4,3664),(3664,99,2,4,3664),(3666,99,1,4,3666),(3666,99,2,4,3666),(3669,99,1,4,3669),(3669,99,2,4,3669),(3670,99,1,4,3670),(3670,99,2,4,3670),(3671,99,1,4,3671),(3671,99,2,4,3671),(3672,99,1,4,3672),(3672,99,2,4,3672),(3673,99,1,4,3673),(3673,99,2,4,3673),(3674,99,1,4,3674),(3674,99,2,4,3674),(3675,99,1,4,3675),(3675,99,2,4,3675),(3676,99,1,4,3676),(3676,99,2,4,3676),(3677,99,1,4,3677),(3677,99,2,4,3677),(3678,99,1,4,3678),(3678,99,2,4,3678),(3679,99,1,4,3679),(3679,99,2,4,3679),(3680,99,1,4,3680),(3680,99,2,4,3680),(1226,143,1,1,1226),(1242,143,1,0,1242),(1258,143,1,0,1258),(1274,143,1,0,1274),(1290,143,1,0,1290),(1306,143,1,0,1306),(1322,143,1,1,1322),(1338,143,1,1,1338),(1354,143,1,0,1354),(1370,143,1,0,1370),(1386,143,1,0,1386),(1402,143,1,0,1402),(1226,144,1,0,1226),(1242,144,1,0,1242),(1258,144,1,0,1258),(1274,144,1,1,1274),(1290,144,1,0,1290),(1306,144,1,0,1306),(1322,144,1,0,1322),(1338,144,1,0,1338),(1354,144,1,1,1354),(1370,144,1,0,1370),(1386,144,1,1,1386),(1402,144,1,1,1402),(1226,145,1,1,1226),(1242,145,1,0,1242),(1258,145,1,0,1258),(1274,145,1,0,1274),(1290,145,1,0,1290),(1306,145,1,0,1306),(1322,145,1,1,1322),(1338,145,1,1,1338),(1354,145,1,0,1354),(1370,145,1,0,1370),(1386,145,1,0,1386),(1402,145,1,0,1402),(1226,146,1,1,1226),(1242,146,1,0,1242),(1258,146,1,0,1258),(1274,146,1,1,1274),(1290,146,1,0,1290),(1306,146,1,0,1306),(1322,146,1,0,1322),(1338,146,1,0,1338),(1354,146,1,1,1354),(1370,146,1,1,1370),(1386,146,1,0,1386),(1402,146,1,0,1402),(1226,147,1,0,1226),(1242,147,1,1,1242),(1258,147,1,0,1258),(1274,147,1,0,1274),(1290,147,1,0,1290),(1306,147,1,0,1306),(1322,147,1,1,1322),(1338,147,1,0,1338),(1354,147,1,0,1354),(1370,147,1,0,1370),(1386,147,1,1,1386),(1402,147,1,1,1402),(3610,185,1,220,3610),(3610,185,2,220,3610),(3611,185,1,219,3611),(3611,185,2,219,3611),(3612,185,1,219,3612),(3612,185,2,219,3612),(3613,185,1,218,3613),(3613,185,2,218,3613),(3614,185,1,220,3614),(3614,185,2,220,3614),(3615,185,1,218,3615),(3615,185,2,218,3615),(3616,185,1,220,3616),(3616,185,2,220,3616),(3617,185,1,220,3617),(3617,185,2,220,3617),(3620,185,1,219,3620),(3620,185,2,219,3620),(3623,185,1,219,3623),(3623,185,2,219,3623),(3625,185,1,219,3625),(3625,185,2,219,3625),(3627,185,1,220,3627),(3627,185,2,220,3627),(3628,185,1,220,3628),(3628,185,2,220,3628),(3629,185,1,219,3629),(3629,185,2,219,3629),(3630,185,1,219,3630),(3630,185,2,219,3630),(3631,185,1,218,3631),(3631,185,2,218,3631),(3632,185,1,218,3632),(3632,185,2,218,3632),(3633,185,1,218,3633),(3633,185,2,218,3633),(3634,185,1,219,3634),(3634,185,2,219,3634),(3635,185,1,219,3635),(3635,185,2,219,3635),(3636,185,1,219,3636),(3636,185,2,219,3636),(3640,185,1,220,3640),(3640,185,2,220,3640),(3643,185,1,219,3643),(3643,185,2,219,3643),(3644,185,1,220,3644),(3644,185,2,220,3644),(3645,185,1,220,3645),(3645,185,2,220,3645),(3646,185,1,219,3646),(3646,185,2,219,3646),(3647,185,1,220,3647),(3647,185,2,220,3647),(3649,185,1,219,3649),(3649,185,2,219,3649),(3651,185,1,218,3651),(3651,185,2,218,3651),(3652,185,1,219,3652),(3652,185,2,219,3652),(3653,185,1,220,3653),(3653,185,2,220,3653),(3654,185,1,220,3654),(3654,185,2,220,3654),(3655,185,1,219,3655),(3655,185,2,219,3655),(3656,185,1,219,3656),(3656,185,2,219,3656),(3657,185,1,218,3657),(3657,185,2,218,3657),(3658,185,1,218,3658),(3658,185,2,218,3658),(3659,185,1,218,3659),(3659,185,2,218,3659),(3661,185,1,218,3661),(3661,185,2,218,3661),(3662,185,1,218,3662),(3662,185,2,218,3662),(3664,185,1,220,3664),(3664,185,2,220,3664),(3666,185,1,219,3666),(3666,185,2,219,3666),(3669,185,1,218,3669),(3669,185,2,218,3669),(3670,185,1,219,3670),(3670,185,2,219,3670),(3671,185,1,219,3671),(3671,185,2,219,3671),(3672,185,1,220,3672),(3672,185,2,220,3672),(3673,185,1,219,3673),(3673,185,2,219,3673),(3674,185,1,218,3674),(3674,185,2,218,3674),(3675,185,1,220,3675),(3675,185,2,220,3675),(3676,185,1,220,3676),(3676,185,2,220,3676),(3677,185,1,219,3677),(3677,185,2,219,3677),(3678,185,1,219,3678),(3678,185,2,219,3678),(3679,185,1,218,3679),(3679,185,2,218,3679),(3680,185,1,218,3680),(3680,185,2,218,3680),(3610,189,1,229,3610),(3610,189,2,229,3610),(3611,189,1,229,3611),(3611,189,2,229,3611),(3612,189,1,229,3612),(3612,189,2,229,3612),(3613,189,1,229,3613),(3613,189,2,229,3613),(3614,189,1,229,3614),(3614,189,2,229,3614),(3615,189,1,229,3615),(3615,189,2,229,3615),(3616,189,1,229,3616),(3616,189,2,229,3616),(3617,189,1,229,3617),(3617,189,2,229,3617),(3620,189,1,229,3620),(3620,189,2,229,3620),(3623,189,1,229,3623),(3623,189,2,229,3623),(3625,189,1,229,3625),(3625,189,2,229,3625),(3627,189,1,229,3627),(3627,189,2,229,3627),(3628,189,1,229,3628),(3628,189,2,229,3628),(3629,189,1,229,3629),(3629,189,2,229,3629),(3630,189,1,229,3630),(3630,189,2,229,3630),(3631,189,1,229,3631),(3631,189,2,229,3631),(3632,189,1,229,3632),(3632,189,2,229,3632),(3633,189,1,229,3633),(3633,189,2,229,3633),(3634,189,1,229,3634),(3634,189,2,229,3634),(3635,189,1,229,3635),(3635,189,2,229,3635),(3636,189,1,229,3636),(3636,189,2,229,3636),(3640,189,1,230,3640),(3640,189,2,230,3640),(3643,189,1,229,3643),(3643,189,2,229,3643),(3644,189,1,229,3644),(3644,189,2,229,3644),(3645,189,1,229,3645),(3645,189,2,229,3645),(3646,189,1,229,3646),(3646,189,2,229,3646),(3647,189,1,229,3647),(3647,189,2,229,3647),(3649,189,1,229,3649),(3649,189,2,229,3649),(3651,189,1,229,3651),(3651,189,2,229,3651),(3652,189,1,229,3652),(3652,189,2,229,3652),(3653,189,1,229,3653),(3653,189,2,229,3653),(3654,189,1,229,3654),(3654,189,2,229,3654),(3655,189,1,229,3655),(3655,189,2,229,3655),(3656,189,1,230,3656),(3656,189,2,230,3656),(3657,189,1,229,3657),(3657,189,2,229,3657),(3658,189,1,229,3658),(3658,189,2,229,3658),(3659,189,1,229,3659),(3659,189,2,229,3659),(3661,189,1,230,3661),(3661,189,2,230,3661),(3662,189,1,230,3662),(3662,189,2,230,3662),(3664,189,1,230,3664),(3664,189,2,230,3664),(3666,189,1,229,3666),(3666,189,2,229,3666),(3669,189,1,230,3669),(3669,189,2,230,3669),(3670,189,1,230,3670),(3670,189,2,230,3670),(3671,189,1,229,3671),(3671,189,2,229,3671),(3672,189,1,230,3672),(3672,189,2,230,3672),(3673,189,1,229,3673),(3673,189,2,229,3673),(3674,189,1,229,3674),(3674,189,2,229,3674),(3675,189,1,229,3675),(3675,189,2,229,3675),(3676,189,1,229,3676),(3676,189,2,229,3676),(3677,189,1,230,3677),(3677,189,2,230,3677),(3678,189,1,229,3678),(3678,189,2,229,3678),(3679,189,1,229,3679),(3679,189,2,229,3679),(3680,189,1,229,3680),(3680,189,2,229,3680);

--
-- Table structure for table `catalog_product_index_eav_decimal`
--

CREATE TABLE `catalog_product_index_eav_decimal` (
  `entity_id` int(10) unsigned NOT NULL COMMENT 'Entity ID',
  `attribute_id` smallint(5) unsigned NOT NULL COMMENT 'Attribute ID',
  `store_id` smallint(5) unsigned NOT NULL COMMENT 'Store ID',
  `value` decimal(12,4) NOT NULL COMMENT 'Value',
  `source_id` int(10) unsigned NOT NULL DEFAULT '0' COMMENT 'Original entity ID for attribute value',
  PRIMARY KEY (`entity_id`,`attribute_id`,`store_id`,`value`,`source_id`),
  KEY `CATALOG_PRODUCT_INDEX_EAV_DECIMAL_ATTRIBUTE_ID` (`attribute_id`),
  KEY `CATALOG_PRODUCT_INDEX_EAV_DECIMAL_STORE_ID` (`store_id`),
  KEY `CATALOG_PRODUCT_INDEX_EAV_DECIMAL_VALUE` (`value`)
) ENGINE=InnoDB DEFAULT CHARSET=utf8 COMMENT='Catalog Product EAV Decimal Index Table';

--
-- Dumping data for table `catalog_product_index_eav_decimal`
--


--
-- Table structure for table `catalog_product_index_eav_decimal_idx`
--

CREATE TABLE `catalog_product_index_eav_decimal_idx` (
  `entity_id` int(10) unsigned NOT NULL COMMENT 'Entity ID',
  `attribute_id` smallint(5) unsigned NOT NULL COMMENT 'Attribute ID',
  `store_id` smallint(5) unsigned NOT NULL COMMENT 'Store ID',
  `value` decimal(12,4) NOT NULL COMMENT 'Value',
  `source_id` int(10) unsigned NOT NULL DEFAULT '0' COMMENT 'Original entity ID for attribute value',
  PRIMARY KEY (`entity_id`,`attribute_id`,`store_id`,`value`,`source_id`),
  KEY `CATALOG_PRODUCT_INDEX_EAV_DECIMAL_IDX_ATTRIBUTE_ID` (`attribute_id`),
  KEY `CATALOG_PRODUCT_INDEX_EAV_DECIMAL_IDX_STORE_ID` (`store_id`),
  KEY `CATALOG_PRODUCT_INDEX_EAV_DECIMAL_IDX_VALUE` (`value`)
) ENGINE=InnoDB DEFAULT CHARSET=utf8 COMMENT='Catalog Product EAV Decimal Indexer Index Table';

--
-- Dumping data for table `catalog_product_index_eav_decimal_idx`
--


--
-- Table structure for table `catalog_product_index_eav_decimal_replica`
--

CREATE TABLE `catalog_product_index_eav_decimal_replica` (
  `entity_id` int(10) unsigned NOT NULL COMMENT 'Entity ID',
  `attribute_id` smallint(5) unsigned NOT NULL COMMENT 'Attribute ID',
  `store_id` smallint(5) unsigned NOT NULL COMMENT 'Store ID',
  `value` decimal(12,4) NOT NULL COMMENT 'Value',
  `source_id` int(10) unsigned NOT NULL DEFAULT '0' COMMENT 'Original entity ID for attribute value',
  PRIMARY KEY (`entity_id`,`attribute_id`,`store_id`,`value`,`source_id`),
  KEY `CATALOG_PRODUCT_INDEX_EAV_DECIMAL_ATTRIBUTE_ID` (`attribute_id`),
  KEY `CATALOG_PRODUCT_INDEX_EAV_DECIMAL_STORE_ID` (`store_id`),
  KEY `CATALOG_PRODUCT_INDEX_EAV_DECIMAL_VALUE` (`value`)
) ENGINE=InnoDB DEFAULT CHARSET=utf8 COMMENT='Catalog Product EAV Decimal Index Table';

--
-- Dumping data for table `catalog_product_index_eav_decimal_replica`
--


--
-- Table structure for table `catalog_product_index_eav_decimal_tmp`
--

CREATE TABLE `catalog_product_index_eav_decimal_tmp` (
  `entity_id` int(10) unsigned NOT NULL COMMENT 'Entity ID',
  `attribute_id` smallint(5) unsigned NOT NULL COMMENT 'Attribute ID',
  `store_id` smallint(5) unsigned NOT NULL COMMENT 'Store ID',
  `value` decimal(12,4) NOT NULL COMMENT 'Value',
  `source_id` int(10) unsigned NOT NULL DEFAULT '0' COMMENT 'Original entity ID for attribute value',
  PRIMARY KEY (`entity_id`,`attribute_id`,`store_id`,`value`,`source_id`),
  KEY `CATALOG_PRODUCT_INDEX_EAV_DECIMAL_TMP_ATTRIBUTE_ID` (`attribute_id`),
  KEY `CATALOG_PRODUCT_INDEX_EAV_DECIMAL_TMP_STORE_ID` (`store_id`),
  KEY `CATALOG_PRODUCT_INDEX_EAV_DECIMAL_TMP_VALUE` (`value`)
) ENGINE=InnoDB DEFAULT CHARSET=utf8 COMMENT='Catalog Product EAV Decimal Indexer Temp Table';

--
-- Dumping data for table `catalog_product_index_eav_decimal_tmp`
--


--
-- Table structure for table `catalog_product_index_eav_idx`
--

CREATE TABLE `catalog_product_index_eav_idx` (
  `entity_id` int(10) unsigned NOT NULL COMMENT 'Entity ID',
  `attribute_id` smallint(5) unsigned NOT NULL COMMENT 'Attribute ID',
  `store_id` smallint(5) unsigned NOT NULL COMMENT 'Store ID',
  `value` int(10) unsigned NOT NULL COMMENT 'Value',
  `source_id` int(10) unsigned NOT NULL DEFAULT '0' COMMENT 'Original entity ID for attribute value',
  PRIMARY KEY (`entity_id`,`attribute_id`,`store_id`,`value`,`source_id`),
  KEY `CATALOG_PRODUCT_INDEX_EAV_IDX_ATTRIBUTE_ID` (`attribute_id`),
  KEY `CATALOG_PRODUCT_INDEX_EAV_IDX_STORE_ID` (`store_id`),
  KEY `CATALOG_PRODUCT_INDEX_EAV_IDX_VALUE` (`value`)
) ENGINE=InnoDB DEFAULT CHARSET=utf8 COMMENT='Catalog Product EAV Indexer Index Table';

--
-- Dumping data for table `catalog_product_index_eav_idx`
--


--
-- Table structure for table `catalog_product_index_eav_replica`
--

CREATE TABLE `catalog_product_index_eav_replica` (
  `entity_id` int(10) unsigned NOT NULL COMMENT 'Entity ID',
  `attribute_id` smallint(5) unsigned NOT NULL COMMENT 'Attribute ID',
  `store_id` smallint(5) unsigned NOT NULL COMMENT 'Store ID',
  `value` int(10) unsigned NOT NULL COMMENT 'Value',
  `source_id` int(10) unsigned NOT NULL DEFAULT '0' COMMENT 'Original entity ID for attribute value',
  PRIMARY KEY (`entity_id`,`attribute_id`,`store_id`,`value`,`source_id`),
  KEY `CATALOG_PRODUCT_INDEX_EAV_ATTRIBUTE_ID` (`attribute_id`),
  KEY `CATALOG_PRODUCT_INDEX_EAV_STORE_ID` (`store_id`),
  KEY `CATALOG_PRODUCT_INDEX_EAV_VALUE` (`value`)
) ENGINE=InnoDB DEFAULT CHARSET=utf8 COMMENT='Catalog Product EAV Index Table';

--
-- Dumping data for table `catalog_product_index_eav_replica`
--

INSERT INTO `catalog_product_index_eav_replica` VALUES (1226,99,1,4,1226),(1242,99,1,4,1242),(1258,99,1,4,1258),(1274,99,1,4,1274),(1290,99,1,4,1290),(1306,99,1,4,1306),(1322,99,1,4,1322),(1338,99,1,4,1338),(1354,99,1,4,1354),(1370,99,1,4,1370),(1386,99,1,4,1386),(1402,99,1,4,1402),(3610,99,1,4,3610),(3610,99,2,4,3610),(3611,99,1,4,3611),(3611,99,2,4,3611),(3612,99,1,4,3612),(3612,99,2,4,3612),(3613,99,1,4,3613),(3613,99,2,4,3613),(3614,99,1,4,3614),(3614,99,2,4,3614),(3615,99,1,4,3615),(3615,99,2,4,3615),(3616,99,1,4,3616),(3616,99,2,4,3616),(3617,99,1,4,3617),(3617,99,2,4,3617),(3620,99,1,4,3620),(3620,99,2,4,3620),(3623,99,1,4,3623),(3623,99,2,4,3623),(3625,99,1,4,3625),(3625,99,2,4,3625),(3627,99,1,4,3627),(3627,99,2,4,3627),(3628,99,1,4,3628),(3628,99,2,4,3628),(3629,99,1,4,3629),(3629,99,2,4,3629),(3630,99,1,4,3630),(3630,99,2,4,3630),(3631,99,1,4,3631),(3631,99,2,4,3631),(3632,99,1,4,3632),(3632,99,2,4,3632),(3633,99,1,4,3633),(3633,99,2,4,3633),(3634,99,1,4,3634),(3634,99,2,4,3634),(3635,99,1,4,3635),(3635,99,2,4,3635),(3636,99,1,4,3636),(3636,99,2,4,3636),(3640,99,1,4,3640),(3640,99,2,4,3640),(3643,99,1,4,3643),(3643,99,2,4,3643),(3644,99,1,4,3644),(3644,99,2,4,3644),(3645,99,1,4,3645),(3645,99,2,4,3645),(3646,99,1,4,3646),(3646,99,2,4,3646),(3647,99,1,4,3647),(3647,99,2,4,3647),(3649,99,1,4,3649),(3649,99,2,4,3649),(3651,99,1,4,3651),(3651,99,2,4,3651),(3652,99,1,4,3652),(3652,99,2,4,3652),(3653,99,1,4,3653),(3653,99,2,4,3653),(3654,99,1,4,3654),(3654,99,2,4,3654),(3655,99,1,4,3655),(3655,99,2,4,3655),(3656,99,1,4,3656),(3656,99,2,4,3656),(3657,99,1,4,3657),(3657,99,2,4,3657),(3658,99,1,4,3658),(3658,99,2,4,3658),(3659,99,1,4,3659),(3659,99,2,4,3659),(3661,99,1,4,3661),(3661,99,2,4,3661),(3662,99,1,4,3662),(3662,99,2,4,3662),(3664,99,1,4,3664),(3664,99,2,4,3664),(3666,99,1,4,3666),(3666,99,2,4,3666),(3669,99,1,4,3669),(3669,99,2,4,3669),(3670,99,1,4,3670),(3670,99,2,4,3670),(3671,99,1,4,3671),(3671,99,2,4,3671),(3672,99,1,4,3672),(3672,99,2,4,3672),(3673,99,1,4,3673),(3673,99,2,4,3673),(3674,99,1,4,3674),(3674,99,2,4,3674),(3675,99,1,4,3675),(3675,99,2,4,3675),(3676,99,1,4,3676),(3676,99,2,4,3676),(3677,99,1,4,3677),(3677,99,2,4,3677),(3678,99,1,4,3678),(3678,99,2,4,3678),(3679,99,1,4,3679),(3679,99,2,4,3679),(3680,99,1,4,3680),(3680,99,2,4,3680),(1226,143,1,1,1226),(1242,143,1,0,1242),(1258,143,1,0,1258),(1274,143,1,0,1274),(1290,143,1,0,1290),(1306,143,1,0,1306),(1322,143,1,1,1322),(1338,143,1,1,1338),(1354,143,1,0,1354),(1370,143,1,0,1370),(1386,143,1,0,1386),(1402,143,1,0,1402),(1226,144,1,0,1226),(1242,144,1,0,1242),(1258,144,1,0,1258),(1274,144,1,1,1274),(1290,144,1,0,1290),(1306,144,1,0,1306),(1322,144,1,0,1322),(1338,144,1,0,1338),(1354,144,1,1,1354),(1370,144,1,0,1370),(1386,144,1,1,1386),(1402,144,1,1,1402),(1226,145,1,1,1226),(1242,145,1,0,1242),(1258,145,1,0,1258),(1274,145,1,0,1274),(1290,145,1,0,1290),(1306,145,1,0,1306),(1322,145,1,1,1322),(1338,145,1,1,1338),(1354,145,1,0,1354),(1370,145,1,0,1370),(1386,145,1,0,1386),(1402,145,1,0,1402),(1226,146,1,1,1226),(1242,146,1,0,1242),(1258,146,1,0,1258),(1274,146,1,1,1274),(1290,146,1,0,1290),(1306,146,1,0,1306),(1322,146,1,0,1322),(1338,146,1,0,1338),(1354,146,1,1,1354),(1370,146,1,1,1370),(1386,146,1,0,1386),(1402,146,1,0,1402),(1226,147,1,0,1226),(1242,147,1,1,1242),(1258,147,1,0,1258),(1274,147,1,0,1274),(1290,147,1,0,1290),(1306,147,1,0,1306),(1322,147,1,1,1322),(1338,147,1,0,1338),(1354,147,1,0,1354),(1370,147,1,0,1370),(1386,147,1,1,1386),(1402,147,1,1,1402),(3610,185,1,220,3610),(3610,185,2,220,3610),(3611,185,1,219,3611),(3611,185,2,219,3611),(3612,185,1,219,3612),(3612,185,2,219,3612),(3613,185,1,218,3613),(3613,185,2,218,3613),(3614,185,1,220,3614),(3614,185,2,220,3614),(3615,185,1,218,3615),(3615,185,2,218,3615),(3616,185,1,220,3616),(3616,185,2,220,3616),(3617,185,1,220,3617),(3617,185,2,220,3617),(3620,185,1,219,3620),(3620,185,2,219,3620),(3623,185,1,219,3623),(3623,185,2,219,3623),(3625,185,1,219,3625),(3625,185,2,219,3625),(3627,185,1,220,3627),(3627,185,2,220,3627),(3628,185,1,220,3628),(3628,185,2,220,3628),(3629,185,1,219,3629),(3629,185,2,219,3629),(3630,185,1,219,3630),(3630,185,2,219,3630),(3631,185,1,218,3631),(3631,185,2,218,3631),(3632,185,1,218,3632),(3632,185,2,218,3632),(3633,185,1,218,3633),(3633,185,2,218,3633),(3634,185,1,219,3634),(3634,185,2,219,3634),(3635,185,1,219,3635),(3635,185,2,219,3635),(3636,185,1,219,3636),(3636,185,2,219,3636),(3640,185,1,220,3640),(3640,185,2,220,3640),(3643,185,1,219,3643),(3643,185,2,219,3643),(3644,185,1,220,3644),(3644,185,2,220,3644),(3645,185,1,220,3645),(3645,185,2,220,3645),(3646,185,1,219,3646),(3646,185,2,219,3646),(3647,185,1,220,3647),(3647,185,2,220,3647),(3649,185,1,219,3649),(3649,185,2,219,3649),(3651,185,1,218,3651),(3651,185,2,218,3651),(3652,185,1,219,3652),(3652,185,2,219,3652),(3653,185,1,220,3653),(3653,185,2,220,3653),(3654,185,1,220,3654),(3654,185,2,220,3654),(3655,185,1,219,3655),(3655,185,2,219,3655),(3656,185,1,219,3656),(3656,185,2,219,3656),(3657,185,1,218,3657),(3657,185,2,218,3657),(3658,185,1,218,3658),(3658,185,2,218,3658),(3659,185,1,218,3659),(3659,185,2,218,3659),(3661,185,1,218,3661),(3661,185,2,218,3661),(3662,185,1,218,3662),(3662,185,2,218,3662),(3664,185,1,220,3664),(3664,185,2,220,3664),(3666,185,1,219,3666),(3666,185,2,219,3666),(3669,185,1,218,3669),(3669,185,2,218,3669),(3670,185,1,219,3670),(3670,185,2,219,3670),(3671,185,1,219,3671),(3671,185,2,219,3671),(3672,185,1,220,3672),(3672,185,2,220,3672),(3673,185,1,219,3673),(3673,185,2,219,3673),(3674,185,1,218,3674),(3674,185,2,218,3674),(3675,185,1,220,3675),(3675,185,2,220,3675),(3676,185,1,220,3676),(3676,185,2,220,3676),(3677,185,1,219,3677),(3677,185,2,219,3677),(3678,185,1,219,3678),(3678,185,2,219,3678),(3679,185,1,218,3679),(3679,185,2,218,3679),(3680,185,1,218,3680),(3680,185,2,218,3680),(3610,189,1,229,3610),(3610,189,2,229,3610),(3611,189,1,229,3611),(3611,189,2,229,3611),(3612,189,1,229,3612),(3612,189,2,229,3612),(3613,189,1,229,3613),(3613,189,2,229,3613),(3614,189,1,229,3614),(3614,189,2,229,3614),(3615,189,1,229,3615),(3615,189,2,229,3615),(3616,189,1,229,3616),(3616,189,2,229,3616),(3617,189,1,229,3617),(3617,189,2,229,3617),(3620,189,1,229,3620),(3620,189,2,229,3620),(3623,189,1,229,3623),(3623,189,2,229,3623),(3625,189,1,229,3625),(3625,189,2,229,3625),(3627,189,1,229,3627),(3627,189,2,229,3627),(3628,189,1,229,3628),(3628,189,2,229,3628),(3629,189,1,229,3629),(3629,189,2,229,3629),(3630,189,1,229,3630),(3630,189,2,229,3630),(3631,189,1,229,3631),(3631,189,2,229,3631),(3632,189,1,229,3632),(3632,189,2,229,3632),(3633,189,1,229,3633),(3633,189,2,229,3633),(3634,189,1,229,3634),(3634,189,2,229,3634),(3635,189,1,229,3635),(3635,189,2,229,3635),(3636,189,1,229,3636),(3636,189,2,229,3636),(3640,189,1,230,3640),(3640,189,2,230,3640),(3643,189,1,229,3643),(3643,189,2,229,3643),(3644,189,1,229,3644),(3644,189,2,229,3644),(3645,189,1,229,3645),(3645,189,2,229,3645),(3646,189,1,229,3646),(3646,189,2,229,3646),(3647,189,1,229,3647),(3647,189,2,229,3647),(3649,189,1,229,3649),(3649,189,2,229,3649),(3651,189,1,229,3651),(3651,189,2,229,3651),(3652,189,1,229,3652),(3652,189,2,229,3652),(3653,189,1,229,3653),(3653,189,2,229,3653),(3654,189,1,229,3654),(3654,189,2,229,3654),(3655,189,1,229,3655),(3655,189,2,229,3655),(3656,189,1,230,3656),(3656,189,2,230,3656),(3657,189,1,229,3657),(3657,189,2,229,3657),(3658,189,1,229,3658),(3658,189,2,229,3658),(3659,189,1,229,3659),(3659,189,2,229,3659),(3661,189,1,230,3661),(3661,189,2,230,3661),(3662,189,1,230,3662),(3662,189,2,230,3662),(3664,189,1,230,3664),(3664,189,2,230,3664),(3666,189,1,229,3666),(3666,189,2,229,3666),(3669,189,1,230,3669),(3669,189,2,230,3669),(3670,189,1,230,3670),(3670,189,2,230,3670),(3671,189,1,229,3671),(3671,189,2,229,3671),(3672,189,1,230,3672),(3672,189,2,230,3672),(3673,189,1,229,3673),(3673,189,2,229,3673),(3674,189,1,229,3674),(3674,189,2,229,3674),(3675,189,1,229,3675),(3675,189,2,229,3675),(3676,189,1,229,3676),(3676,189,2,229,3676),(3677,189,1,230,3677),(3677,189,2,230,3677),(3678,189,1,229,3678),(3678,189,2,229,3678),(3679,189,1,229,3679),(3679,189,2,229,3679),(3680,189,1,229,3680),(3680,189,2,229,3680);

--
-- Table structure for table `catalog_product_index_eav_tmp`
--

CREATE TABLE `catalog_product_index_eav_tmp` (
  `entity_id` int(10) unsigned NOT NULL COMMENT 'Entity ID',
  `attribute_id` smallint(5) unsigned NOT NULL COMMENT 'Attribute ID',
  `store_id` smallint(5) unsigned NOT NULL COMMENT 'Store ID',
  `value` int(10) unsigned NOT NULL COMMENT 'Value',
  `source_id` int(10) unsigned NOT NULL DEFAULT '0' COMMENT 'Original entity ID for attribute value',
  PRIMARY KEY (`entity_id`,`attribute_id`,`store_id`,`value`,`source_id`),
  KEY `CATALOG_PRODUCT_INDEX_EAV_TMP_ATTRIBUTE_ID` (`attribute_id`),
  KEY `CATALOG_PRODUCT_INDEX_EAV_TMP_STORE_ID` (`store_id`),
  KEY `CATALOG_PRODUCT_INDEX_EAV_TMP_VALUE` (`value`)
) ENGINE=InnoDB DEFAULT CHARSET=utf8 COMMENT='Catalog Product EAV Indexer Temp Table';

--
-- Dumping data for table `catalog_product_index_eav_tmp`
--


--
-- Table structure for table `catalog_product_index_price`
--

CREATE TABLE `catalog_product_index_price` (
  `entity_id` int(10) unsigned NOT NULL COMMENT 'Entity ID',
  `customer_group_id` int(10) unsigned NOT NULL COMMENT 'Customer Group ID',
  `website_id` smallint(5) unsigned NOT NULL COMMENT 'Website ID',
  `tax_class_id` smallint(5) unsigned DEFAULT '0' COMMENT 'Tax Class ID',
  `price` decimal(20,6) DEFAULT NULL COMMENT 'Price',
  `final_price` decimal(20,6) DEFAULT NULL COMMENT 'Final Price',
  `min_price` decimal(20,6) DEFAULT NULL COMMENT 'Min Price',
  `max_price` decimal(20,6) DEFAULT NULL COMMENT 'Max Price',
  `tier_price` decimal(20,6) DEFAULT NULL COMMENT 'Tier Price',
  PRIMARY KEY (`entity_id`,`customer_group_id`,`website_id`),
  KEY `CATALOG_PRODUCT_INDEX_PRICE_CUSTOMER_GROUP_ID` (`customer_group_id`),
  KEY `CATALOG_PRODUCT_INDEX_PRICE_MIN_PRICE` (`min_price`),
  KEY `CAT_PRD_IDX_PRICE_WS_ID_CSTR_GROUP_ID_MIN_PRICE` (`website_id`,`customer_group_id`,`min_price`)
) ENGINE=InnoDB DEFAULT CHARSET=utf8 COMMENT='Catalog Product Price Index Table';

--
-- Dumping data for table `catalog_product_index_price`
--

INSERT INTO `catalog_product_index_price` VALUES (1226,0,1,2,75.000000,75.000000,75.000000,75.000000,NULL),(1226,1,1,2,75.000000,75.000000,75.000000,75.000000,NULL),(1226,2,1,2,75.000000,75.000000,75.000000,75.000000,NULL),(1226,3,1,2,75.000000,75.000000,75.000000,75.000000,NULL),(1226,4,1,2,75.000000,75.000000,75.000000,75.000000,NULL),(1242,0,1,2,56.250000,56.250000,56.250000,56.250000,NULL),(1242,1,1,2,56.250000,56.250000,56.250000,56.250000,NULL),(1242,2,1,2,56.250000,56.250000,56.250000,56.250000,NULL),(1242,3,1,2,56.250000,56.250000,56.250000,56.250000,NULL),(1242,4,1,2,56.250000,56.250000,56.250000,56.250000,NULL),(1258,0,1,2,57.000000,57.000000,57.000000,57.000000,NULL),(1258,1,1,2,57.000000,57.000000,57.000000,57.000000,NULL),(1258,2,1,2,57.000000,57.000000,57.000000,57.000000,NULL),(1258,3,1,2,57.000000,57.000000,57.000000,57.000000,NULL),(1258,4,1,2,57.000000,57.000000,57.000000,57.000000,NULL),(1274,0,1,2,84.000000,84.000000,84.000000,84.000000,NULL),(1274,1,1,2,84.000000,84.000000,84.000000,84.000000,NULL),(1274,2,1,2,84.000000,84.000000,84.000000,84.000000,NULL),(1274,3,1,2,84.000000,84.000000,84.000000,84.000000,NULL),(1274,4,1,2,84.000000,84.000000,84.000000,84.000000,NULL),(1290,0,1,2,60.000000,60.000000,60.000000,60.000000,NULL),(1290,1,1,2,60.000000,60.000000,60.000000,60.000000,NULL),(1290,2,1,2,60.000000,60.000000,60.000000,60.000000,NULL),(1290,3,1,2,60.000000,60.000000,60.000000,60.000000,NULL),(1290,4,1,2,60.000000,60.000000,60.000000,60.000000,NULL),(1306,0,1,2,59.000000,59.000000,59.000000,59.000000,NULL),(1306,1,1,2,59.000000,59.000000,59.000000,59.000000,NULL),(1306,2,1,2,59.000000,59.000000,59.000000,59.000000,NULL),(1306,3,1,2,59.000000,59.000000,59.000000,59.000000,NULL),(1306,4,1,2,59.000000,59.000000,59.000000,59.000000,NULL),(1322,0,1,2,57.000000,57.000000,57.000000,57.000000,NULL),(1322,1,1,2,57.000000,57.000000,57.000000,57.000000,NULL),(1322,2,1,2,57.000000,57.000000,57.000000,57.000000,NULL),(1322,3,1,2,57.000000,57.000000,57.000000,57.000000,NULL),(1322,4,1,2,57.000000,57.000000,57.000000,57.000000,NULL),(1338,0,1,2,32.000000,32.000000,32.000000,32.000000,NULL),(1338,1,1,2,32.000000,32.000000,32.000000,32.000000,NULL),(1338,2,1,2,32.000000,32.000000,32.000000,32.000000,NULL),(1338,3,1,2,32.000000,32.000000,32.000000,32.000000,NULL),(1338,4,1,2,32.000000,32.000000,32.000000,32.000000,NULL),(1354,0,1,2,69.000000,69.000000,69.000000,69.000000,NULL),(1354,1,1,2,69.000000,69.000000,69.000000,69.000000,NULL),(1354,2,1,2,69.000000,69.000000,69.000000,69.000000,NULL),(1354,3,1,2,69.000000,69.000000,69.000000,69.000000,NULL),(1354,4,1,2,69.000000,69.000000,69.000000,69.000000,NULL),(1370,0,1,2,69.000000,69.000000,69.000000,69.000000,NULL),(1370,1,1,2,69.000000,69.000000,69.000000,69.000000,NULL),(1370,2,1,2,69.000000,69.000000,69.000000,69.000000,NULL),(1370,3,1,2,69.000000,69.000000,69.000000,69.000000,NULL),(1370,4,1,2,69.000000,69.000000,69.000000,69.000000,NULL),(1386,0,1,2,77.000000,77.000000,77.000000,77.000000,NULL),(1386,1,1,2,77.000000,77.000000,77.000000,77.000000,NULL),(1386,2,1,2,77.000000,77.000000,77.000000,77.000000,NULL),(1386,3,1,2,77.000000,77.000000,77.000000,77.000000,NULL),(1386,4,1,2,77.000000,77.000000,77.000000,77.000000,NULL),(1402,0,1,2,77.000000,77.000000,77.000000,77.000000,NULL),(1402,1,1,2,77.000000,77.000000,77.000000,77.000000,NULL),(1402,2,1,2,77.000000,77.000000,77.000000,77.000000,NULL),(1402,3,1,2,77.000000,77.000000,77.000000,77.000000,NULL),(1402,4,1,2,77.000000,77.000000,77.000000,77.000000,NULL),(3610,0,1,2,6000.000000,6000.000000,6000.000000,6000.000000,NULL),(3610,1,1,2,6000.000000,6000.000000,6000.000000,6000.000000,NULL),(3610,2,1,2,6000.000000,6000.000000,6000.000000,6000.000000,NULL),(3610,3,1,2,6000.000000,6000.000000,6000.000000,6000.000000,NULL),(3610,4,1,2,6000.000000,6000.000000,6000.000000,6000.000000,NULL),(3611,0,1,2,6000.000000,6000.000000,6000.000000,6000.000000,NULL),(3611,1,1,2,6000.000000,6000.000000,6000.000000,6000.000000,NULL),(3611,2,1,2,6000.000000,6000.000000,6000.000000,6000.000000,NULL),(3611,3,1,2,6000.000000,6000.000000,6000.000000,6000.000000,NULL),(3611,4,1,2,6000.000000,6000.000000,6000.000000,6000.000000,NULL),(3612,0,1,2,6000.000000,6000.000000,6000.000000,6000.000000,NULL),(3612,1,1,2,6000.000000,6000.000000,6000.000000,6000.000000,NULL),(3612,2,1,2,6000.000000,6000.000000,6000.000000,6000.000000,NULL),(3612,3,1,2,6000.000000,6000.000000,6000.000000,6000.000000,NULL),(3612,4,1,2,6000.000000,6000.000000,6000.000000,6000.000000,NULL),(3613,0,1,2,6000.000000,6000.000000,6000.000000,6000.000000,NULL),(3613,1,1,2,6000.000000,6000.000000,6000.000000,6000.000000,NULL),(3613,2,1,2,6000.000000,6000.000000,6000.000000,6000.000000,NULL),(3613,3,1,2,6000.000000,6000.000000,6000.000000,6000.000000,NULL),(3613,4,1,2,6000.000000,6000.000000,6000.000000,6000.000000,NULL),(3614,0,1,2,6000.000000,6000.000000,6000.000000,6000.000000,NULL),(3614,1,1,2,6000.000000,6000.000000,6000.000000,6000.000000,NULL),(3614,2,1,2,6000.000000,6000.000000,6000.000000,6000.000000,NULL),(3614,3,1,2,6000.000000,6000.000000,6000.000000,6000.000000,NULL),(3614,4,1,2,6000.000000,6000.000000,6000.000000,6000.000000,NULL),(3615,0,1,2,6000.000000,6000.000000,6000.000000,6000.000000,NULL),(3615,1,1,2,6000.000000,6000.000000,6000.000000,6000.000000,NULL),(3615,2,1,2,6000.000000,6000.000000,6000.000000,6000.000000,NULL),(3615,3,1,2,6000.000000,6000.000000,6000.000000,6000.000000,NULL),(3615,4,1,2,6000.000000,6000.000000,6000.000000,6000.000000,NULL),(3616,0,1,2,5800.000000,5800.000000,5800.000000,5800.000000,NULL),(3616,1,1,2,5800.000000,5800.000000,5800.000000,5800.000000,NULL),(3616,2,1,2,5800.000000,5800.000000,5800.000000,5800.000000,NULL),(3616,3,1,2,5800.000000,5800.000000,5800.000000,5800.000000,NULL),(3616,4,1,2,5800.000000,5800.000000,5800.000000,5800.000000,NULL),(3617,0,1,2,6000.000000,6000.000000,6000.000000,6000.000000,NULL),(3617,1,1,2,6000.000000,6000.000000,6000.000000,6000.000000,NULL),(3617,2,1,2,6000.000000,6000.000000,6000.000000,6000.000000,NULL),(3617,3,1,2,6000.000000,6000.000000,6000.000000,6000.000000,NULL),(3617,4,1,2,6000.000000,6000.000000,6000.000000,6000.000000,NULL),(3620,0,1,2,6000.000000,6000.000000,6000.000000,6000.000000,NULL),(3620,1,1,2,6000.000000,6000.000000,6000.000000,6000.000000,NULL),(3620,2,1,2,6000.000000,6000.000000,6000.000000,6000.000000,NULL),(3620,3,1,2,6000.000000,6000.000000,6000.000000,6000.000000,NULL),(3620,4,1,2,6000.000000,6000.000000,6000.000000,6000.000000,NULL),(3623,0,1,2,6000.000000,6000.000000,6000.000000,6000.000000,NULL),(3623,1,1,2,6000.000000,6000.000000,6000.000000,6000.000000,NULL),(3623,2,1,2,6000.000000,6000.000000,6000.000000,6000.000000,NULL),(3623,3,1,2,6000.000000,6000.000000,6000.000000,6000.000000,NULL),(3623,4,1,2,6000.000000,6000.000000,6000.000000,6000.000000,NULL),(3625,0,1,2,6000.000000,6000.000000,6000.000000,6000.000000,NULL),(3625,1,1,2,6000.000000,6000.000000,6000.000000,6000.000000,NULL),(3625,2,1,2,6000.000000,6000.000000,6000.000000,6000.000000,NULL),(3625,3,1,2,6000.000000,6000.000000,6000.000000,6000.000000,NULL),(3625,4,1,2,6000.000000,6000.000000,6000.000000,6000.000000,NULL),(3627,0,1,2,6000.000000,6000.000000,6000.000000,6000.000000,NULL),(3627,1,1,2,6000.000000,6000.000000,6000.000000,6000.000000,NULL),(3627,2,1,2,6000.000000,6000.000000,6000.000000,6000.000000,NULL),(3627,3,1,2,6000.000000,6000.000000,6000.000000,6000.000000,NULL),(3627,4,1,2,6000.000000,6000.000000,6000.000000,6000.000000,NULL),(3628,0,1,2,6000.000000,6000.000000,6000.000000,6000.000000,NULL),(3628,1,1,2,6000.000000,6000.000000,6000.000000,6000.000000,NULL),(3628,2,1,2,6000.000000,6000.000000,6000.000000,6000.000000,NULL),(3628,3,1,2,6000.000000,6000.000000,6000.000000,6000.000000,NULL),(3628,4,1,2,6000.000000,6000.000000,6000.000000,6000.000000,NULL),(3629,0,1,2,6000.000000,6000.000000,6000.000000,6000.000000,NULL),(3629,1,1,2,6000.000000,6000.000000,6000.000000,6000.000000,NULL),(3629,2,1,2,6000.000000,6000.000000,6000.000000,6000.000000,NULL),(3629,3,1,2,6000.000000,6000.000000,6000.000000,6000.000000,NULL),(3629,4,1,2,6000.000000,6000.000000,6000.000000,6000.000000,NULL),(3630,0,1,2,6000.000000,6000.000000,6000.000000,6000.000000,NULL),(3630,1,1,2,6000.000000,6000.000000,6000.000000,6000.000000,NULL),(3630,2,1,2,6000.000000,6000.000000,6000.000000,6000.000000,NULL),(3630,3,1,2,6000.000000,6000.000000,6000.000000,6000.000000,NULL),(3630,4,1,2,6000.000000,6000.000000,6000.000000,6000.000000,NULL),(3631,0,1,2,6000.000000,6000.000000,6000.000000,6000.000000,NULL),(3631,1,1,2,6000.000000,6000.000000,6000.000000,6000.000000,NULL),(3631,2,1,2,6000.000000,6000.000000,6000.000000,6000.000000,NULL),(3631,3,1,2,6000.000000,6000.000000,6000.000000,6000.000000,NULL),(3631,4,1,2,6000.000000,6000.000000,6000.000000,6000.000000,NULL),(3632,0,1,2,6000.000000,6000.000000,6000.000000,6000.000000,NULL),(3632,1,1,2,6000.000000,6000.000000,6000.000000,6000.000000,NULL),(3632,2,1,2,6000.000000,6000.000000,6000.000000,6000.000000,NULL),(3632,3,1,2,6000.000000,6000.000000,6000.000000,6000.000000,NULL),(3632,4,1,2,6000.000000,6000.000000,6000.000000,6000.000000,NULL),(3633,0,1,2,6000.000000,6000.000000,6000.000000,6000.000000,NULL),(3633,1,1,2,6000.000000,6000.000000,6000.000000,6000.000000,NULL),(3633,2,1,2,6000.000000,6000.000000,6000.000000,6000.000000,NULL),(3633,3,1,2,6000.000000,6000.000000,6000.000000,6000.000000,NULL),(3633,4,1,2,6000.000000,6000.000000,6000.000000,6000.000000,NULL),(3634,0,1,2,6000.000000,6000.000000,6000.000000,6000.000000,NULL),(3634,1,1,2,6000.000000,6000.000000,6000.000000,6000.000000,NULL),(3634,2,1,2,6000.000000,6000.000000,6000.000000,6000.000000,NULL),(3634,3,1,2,6000.000000,6000.000000,6000.000000,6000.000000,NULL),(3634,4,1,2,6000.000000,6000.000000,6000.000000,6000.000000,NULL),(3635,0,1,2,6000.000000,6000.000000,6000.000000,6000.000000,NULL),(3635,1,1,2,6000.000000,6000.000000,6000.000000,6000.000000,NULL),(3635,2,1,2,6000.000000,6000.000000,6000.000000,6000.000000,NULL),(3635,3,1,2,6000.000000,6000.000000,6000.000000,6000.000000,NULL),(3635,4,1,2,6000.000000,6000.000000,6000.000000,6000.000000,NULL),(3636,0,1,2,6000.000000,6000.000000,6000.000000,6000.000000,NULL),(3636,1,1,2,6000.000000,6000.000000,6000.000000,6000.000000,NULL),(3636,2,1,2,6000.000000,6000.000000,6000.000000,6000.000000,NULL),(3636,3,1,2,6000.000000,6000.000000,6000.000000,6000.000000,NULL),(3636,4,1,2,6000.000000,6000.000000,6000.000000,6000.000000,NULL),(3640,0,1,2,6000.000000,6000.000000,6000.000000,6000.000000,NULL),(3640,1,1,2,6000.000000,6000.000000,6000.000000,6000.000000,NULL),(3640,2,1,2,6000.000000,6000.000000,6000.000000,6000.000000,NULL),(3640,3,1,2,6000.000000,6000.000000,6000.000000,6000.000000,NULL),(3640,4,1,2,6000.000000,6000.000000,6000.000000,6000.000000,NULL),(3643,0,1,2,6000.000000,6000.000000,6000.000000,6000.000000,NULL),(3643,1,1,2,6000.000000,6000.000000,6000.000000,6000.000000,NULL),(3643,2,1,2,6000.000000,6000.000000,6000.000000,6000.000000,NULL),(3643,3,1,2,6000.000000,6000.000000,6000.000000,6000.000000,NULL),(3643,4,1,2,6000.000000,6000.000000,6000.000000,6000.000000,NULL),(3644,0,1,2,6000.000000,6000.000000,6000.000000,6000.000000,NULL),(3644,1,1,2,6000.000000,6000.000000,6000.000000,6000.000000,NULL),(3644,2,1,2,6000.000000,6000.000000,6000.000000,6000.000000,NULL),(3644,3,1,2,6000.000000,6000.000000,6000.000000,6000.000000,NULL),(3644,4,1,2,6000.000000,6000.000000,6000.000000,6000.000000,NULL),(3645,0,1,2,6000.000000,6000.000000,6000.000000,6000.000000,NULL),(3645,1,1,2,6000.000000,6000.000000,6000.000000,6000.000000,NULL),(3645,2,1,2,6000.000000,6000.000000,6000.000000,6000.000000,NULL),(3645,3,1,2,6000.000000,6000.000000,6000.000000,6000.000000,NULL),(3645,4,1,2,6000.000000,6000.000000,6000.000000,6000.000000,NULL),(3646,0,1,2,6000.000000,6000.000000,6000.000000,6000.000000,NULL),(3646,1,1,2,6000.000000,6000.000000,6000.000000,6000.000000,NULL),(3646,2,1,2,6000.000000,6000.000000,6000.000000,6000.000000,NULL),(3646,3,1,2,6000.000000,6000.000000,6000.000000,6000.000000,NULL),(3646,4,1,2,6000.000000,6000.000000,6000.000000,6000.000000,NULL),(3647,0,1,2,5000.000000,5000.000000,5000.000000,5000.000000,NULL),(3647,1,1,2,5000.000000,5000.000000,5000.000000,5000.000000,NULL),(3647,2,1,2,5000.000000,5000.000000,5000.000000,5000.000000,NULL),(3647,3,1,2,5000.000000,5000.000000,5000.000000,5000.000000,NULL),(3647,4,1,2,5000.000000,5000.000000,5000.000000,5000.000000,NULL),(3649,0,1,2,6000.000000,6000.000000,6000.000000,6000.000000,NULL),(3649,1,1,2,6000.000000,6000.000000,6000.000000,6000.000000,NULL),(3649,2,1,2,6000.000000,6000.000000,6000.000000,6000.000000,NULL),(3649,3,1,2,6000.000000,6000.000000,6000.000000,6000.000000,NULL),(3649,4,1,2,6000.000000,6000.000000,6000.000000,6000.000000,NULL),(3651,0,1,2,6000.000000,6000.000000,6000.000000,6000.000000,NULL),(3651,1,1,2,6000.000000,6000.000000,6000.000000,6000.000000,NULL),(3651,2,1,2,6000.000000,6000.000000,6000.000000,6000.000000,NULL),(3651,3,1,2,6000.000000,6000.000000,6000.000000,6000.000000,NULL),(3651,4,1,2,6000.000000,6000.000000,6000.000000,6000.000000,NULL),(3652,0,1,2,6000.000000,6000.000000,6000.000000,6000.000000,NULL),(3652,1,1,2,6000.000000,6000.000000,6000.000000,6000.000000,NULL),(3652,2,1,2,6000.000000,6000.000000,6000.000000,6000.000000,NULL),(3652,3,1,2,6000.000000,6000.000000,6000.000000,6000.000000,NULL),(3652,4,1,2,6000.000000,6000.000000,6000.000000,6000.000000,NULL),(3653,0,1,2,3000.000000,3000.000000,3000.000000,3000.000000,NULL),(3653,1,1,2,3000.000000,3000.000000,3000.000000,3000.000000,NULL),(3653,2,1,2,3000.000000,3000.000000,3000.000000,3000.000000,NULL),(3653,3,1,2,3000.000000,3000.000000,3000.000000,3000.000000,NULL),(3653,4,1,2,3000.000000,3000.000000,3000.000000,3000.000000,NULL),(3654,0,1,2,3000.000000,3000.000000,3000.000000,3000.000000,NULL),(3654,1,1,2,3000.000000,3000.000000,3000.000000,3000.000000,NULL),(3654,2,1,2,3000.000000,3000.000000,3000.000000,3000.000000,NULL),(3654,3,1,2,3000.000000,3000.000000,3000.000000,3000.000000,NULL),(3654,4,1,2,3000.000000,3000.000000,3000.000000,3000.000000,NULL),(3655,0,1,2,3000.000000,3000.000000,3000.000000,3000.000000,NULL),(3655,1,1,2,3000.000000,3000.000000,3000.000000,3000.000000,NULL),(3655,2,1,2,3000.000000,3000.000000,3000.000000,3000.000000,NULL),(3655,3,1,2,3000.000000,3000.000000,3000.000000,3000.000000,NULL),(3655,4,1,2,3000.000000,3000.000000,3000.000000,3000.000000,NULL),(3656,0,1,2,3000.000000,3000.000000,3000.000000,3000.000000,NULL),(3656,1,1,2,3000.000000,3000.000000,3000.000000,3000.000000,NULL),(3656,2,1,2,3000.000000,3000.000000,3000.000000,3000.000000,NULL),(3656,3,1,2,3000.000000,3000.000000,3000.000000,3000.000000,NULL),(3656,4,1,2,3000.000000,3000.000000,3000.000000,3000.000000,NULL),(3657,0,1,2,3000.000000,3000.000000,3000.000000,3000.000000,NULL),(3657,1,1,2,3000.000000,3000.000000,3000.000000,3000.000000,NULL),(3657,2,1,2,3000.000000,3000.000000,3000.000000,3000.000000,NULL),(3657,3,1,2,3000.000000,3000.000000,3000.000000,3000.000000,NULL),(3657,4,1,2,3000.000000,3000.000000,3000.000000,3000.000000,NULL),(3658,0,1,2,3000.000000,3000.000000,3000.000000,3000.000000,NULL),(3658,1,1,2,3000.000000,3000.000000,3000.000000,3000.000000,NULL),(3658,2,1,2,3000.000000,3000.000000,3000.000000,3000.000000,NULL),(3658,3,1,2,3000.000000,3000.000000,3000.000000,3000.000000,NULL),(3658,4,1,2,3000.000000,3000.000000,3000.000000,3000.000000,NULL),(3659,0,1,2,1000.000000,1000.000000,1000.000000,1000.000000,NULL),(3659,1,1,2,1000.000000,1000.000000,1000.000000,1000.000000,NULL),(3659,2,1,2,1000.000000,1000.000000,1000.000000,1000.000000,NULL),(3659,3,1,2,1000.000000,1000.000000,1000.000000,1000.000000,NULL),(3659,4,1,2,1000.000000,1000.000000,1000.000000,1000.000000,NULL),(3661,0,1,2,1000.000000,1000.000000,1000.000000,1000.000000,NULL),(3661,1,1,2,1000.000000,1000.000000,1000.000000,1000.000000,NULL),(3661,2,1,2,1000.000000,1000.000000,1000.000000,1000.000000,NULL),(3661,3,1,2,1000.000000,1000.000000,1000.000000,1000.000000,NULL),(3661,4,1,2,1000.000000,1000.000000,1000.000000,1000.000000,NULL),(3662,0,1,2,1000.000000,1000.000000,1000.000000,1000.000000,NULL),(3662,1,1,2,1000.000000,1000.000000,1000.000000,1000.000000,NULL),(3662,2,1,2,1000.000000,1000.000000,1000.000000,1000.000000,NULL),(3662,3,1,2,1000.000000,1000.000000,1000.000000,1000.000000,NULL),(3662,4,1,2,1000.000000,1000.000000,1000.000000,1000.000000,NULL),(3664,0,1,2,1000.000000,1000.000000,1000.000000,1000.000000,NULL),(3664,1,1,2,1000.000000,1000.000000,1000.000000,1000.000000,NULL),(3664,2,1,2,1000.000000,1000.000000,1000.000000,1000.000000,NULL),(3664,3,1,2,1000.000000,1000.000000,1000.000000,1000.000000,NULL),(3664,4,1,2,1000.000000,1000.000000,1000.000000,1000.000000,NULL),(3666,0,1,2,1000.000000,1000.000000,1000.000000,1000.000000,NULL),(3666,1,1,2,1000.000000,1000.000000,1000.000000,1000.000000,NULL),(3666,2,1,2,1000.000000,1000.000000,1000.000000,1000.000000,NULL),(3666,3,1,2,1000.000000,1000.000000,1000.000000,1000.000000,NULL),(3666,4,1,2,1000.000000,1000.000000,1000.000000,1000.000000,NULL),(3669,0,1,2,3000.000000,3000.000000,3000.000000,3000.000000,NULL),(3669,1,1,2,3000.000000,3000.000000,3000.000000,3000.000000,NULL),(3669,2,1,2,3000.000000,3000.000000,3000.000000,3000.000000,NULL),(3669,3,1,2,3000.000000,3000.000000,3000.000000,3000.000000,NULL),(3669,4,1,2,3000.000000,3000.000000,3000.000000,3000.000000,NULL),(3670,0,1,2,1000.000000,1000.000000,1000.000000,1000.000000,NULL),(3670,1,1,2,1000.000000,1000.000000,1000.000000,1000.000000,NULL),(3670,2,1,2,1000.000000,1000.000000,1000.000000,1000.000000,NULL),(3670,3,1,2,1000.000000,1000.000000,1000.000000,1000.000000,NULL),(3670,4,1,2,1000.000000,1000.000000,1000.000000,1000.000000,NULL),(3671,0,1,2,3000.000000,3000.000000,3000.000000,3000.000000,NULL),(3671,1,1,2,3000.000000,3000.000000,3000.000000,3000.000000,NULL),(3671,2,1,2,3000.000000,3000.000000,3000.000000,3000.000000,NULL),(3671,3,1,2,3000.000000,3000.000000,3000.000000,3000.000000,NULL),(3671,4,1,2,3000.000000,3000.000000,3000.000000,3000.000000,NULL),(3672,0,1,2,1000.000000,1000.000000,1000.000000,1000.000000,NULL),(3672,1,1,2,1000.000000,1000.000000,1000.000000,1000.000000,NULL),(3672,2,1,2,1000.000000,1000.000000,1000.000000,1000.000000,NULL),(3672,3,1,2,1000.000000,1000.000000,1000.000000,1000.000000,NULL),(3672,4,1,2,1000.000000,1000.000000,1000.000000,1000.000000,NULL),(3673,0,1,2,1000.000000,1000.000000,1000.000000,1000.000000,NULL),(3673,1,1,2,1000.000000,1000.000000,1000.000000,1000.000000,NULL),(3673,2,1,2,1000.000000,1000.000000,1000.000000,1000.000000,NULL),(3673,3,1,2,1000.000000,1000.000000,1000.000000,1000.000000,NULL),(3673,4,1,2,1000.000000,1000.000000,1000.000000,1000.000000,NULL),(3674,0,1,2,1000.000000,1000.000000,1000.000000,1000.000000,NULL),(3674,1,1,2,1000.000000,1000.000000,1000.000000,1000.000000,NULL),(3674,2,1,2,1000.000000,1000.000000,1000.000000,1000.000000,NULL),(3674,3,1,2,1000.000000,1000.000000,1000.000000,1000.000000,NULL),(3674,4,1,2,1000.000000,1000.000000,1000.000000,1000.000000,NULL),(3675,0,1,2,1000.000000,1000.000000,1000.000000,1000.000000,NULL),(3675,1,1,2,1000.000000,1000.000000,1000.000000,1000.000000,NULL),(3675,2,1,2,1000.000000,1000.000000,1000.000000,1000.000000,NULL),(3675,3,1,2,1000.000000,1000.000000,1000.000000,1000.000000,NULL),(3675,4,1,2,1000.000000,1000.000000,1000.000000,1000.000000,NULL),(3676,0,1,2,1000.000000,1000.000000,1000.000000,1000.000000,NULL),(3676,1,1,2,1000.000000,1000.000000,1000.000000,1000.000000,NULL),(3676,2,1,2,1000.000000,1000.000000,1000.000000,1000.000000,NULL),(3676,3,1,2,1000.000000,1000.000000,1000.000000,1000.000000,NULL),(3676,4,1,2,1000.000000,1000.000000,1000.000000,1000.000000,NULL),(3677,0,1,2,1000.000000,1000.000000,1000.000000,1000.000000,NULL),(3677,1,1,2,1000.000000,1000.000000,1000.000000,1000.000000,NULL),(3677,2,1,2,1000.000000,1000.000000,1000.000000,1000.000000,NULL),(3677,3,1,2,1000.000000,1000.000000,1000.000000,1000.000000,NULL),(3677,4,1,2,1000.000000,1000.000000,1000.000000,1000.000000,NULL),(3678,0,1,2,1000.000000,1000.000000,1000.000000,1000.000000,NULL),(3678,1,1,2,1000.000000,1000.000000,1000.000000,1000.000000,NULL),(3678,2,1,2,1000.000000,1000.000000,1000.000000,1000.000000,NULL),(3678,3,1,2,1000.000000,1000.000000,1000.000000,1000.000000,NULL),(3678,4,1,2,1000.000000,1000.000000,1000.000000,1000.000000,NULL),(3679,0,1,2,1000.000000,1000.000000,1000.000000,1000.000000,NULL),(3679,1,1,2,1000.000000,1000.000000,1000.000000,1000.000000,NULL),(3679,2,1,2,1000.000000,1000.000000,1000.000000,1000.000000,NULL),(3679,3,1,2,1000.000000,1000.000000,1000.000000,1000.000000,NULL),(3679,4,1,2,1000.000000,1000.000000,1000.000000,1000.000000,NULL),(3680,0,1,2,3180.000000,3180.000000,3180.000000,3180.000000,NULL),(3680,1,1,2,3180.000000,3180.000000,3180.000000,3180.000000,NULL),(3680,2,1,2,3180.000000,3180.000000,3180.000000,3180.000000,NULL),(3680,3,1,2,3180.000000,3180.000000,3180.000000,3180.000000,NULL),(3680,4,1,2,3180.000000,3180.000000,3180.000000,3180.000000,NULL);

--
-- Table structure for table `catalog_product_index_price_bundle_idx`
--

CREATE TABLE `catalog_product_index_price_bundle_idx` (
  `entity_id` int(10) unsigned NOT NULL COMMENT 'Entity ID',
  `customer_group_id` int(11) NOT NULL,
  `website_id` smallint(5) unsigned NOT NULL COMMENT 'Website ID',
  `tax_class_id` smallint(5) unsigned DEFAULT '0' COMMENT 'Tax Class ID',
  `price_type` smallint(5) unsigned NOT NULL COMMENT 'Price Type',
  `special_price` decimal(20,6) DEFAULT NULL COMMENT 'Special Price',
  `tier_percent` decimal(20,6) DEFAULT NULL COMMENT 'Tier Percent',
  `orig_price` decimal(20,6) DEFAULT NULL COMMENT 'Orig Price',
  `price` decimal(20,6) DEFAULT NULL COMMENT 'Price',
  `min_price` decimal(20,6) DEFAULT NULL COMMENT 'Min Price',
  `max_price` decimal(20,6) DEFAULT NULL COMMENT 'Max Price',
  `tier_price` decimal(20,6) DEFAULT NULL COMMENT 'Tier Price',
  `base_tier` decimal(20,6) DEFAULT NULL COMMENT 'Base Tier',
  PRIMARY KEY (`entity_id`,`customer_group_id`,`website_id`)
) ENGINE=InnoDB DEFAULT CHARSET=utf8 COMMENT='Catalog Product Index Price Bundle Idx';

--
-- Dumping data for table `catalog_product_index_price_bundle_idx`
--


--
-- Table structure for table `catalog_product_index_price_bundle_opt_idx`
--

CREATE TABLE `catalog_product_index_price_bundle_opt_idx` (
  `entity_id` int(10) unsigned NOT NULL COMMENT 'Entity ID',
  `customer_group_id` int(11) NOT NULL,
  `website_id` smallint(5) unsigned NOT NULL COMMENT 'Website ID',
  `option_id` int(10) unsigned NOT NULL DEFAULT '0' COMMENT 'Option ID',
  `min_price` decimal(20,6) DEFAULT NULL COMMENT 'Min Price',
  `alt_price` decimal(20,6) DEFAULT NULL COMMENT 'Alt Price',
  `max_price` decimal(20,6) DEFAULT NULL COMMENT 'Max Price',
  `tier_price` decimal(20,6) DEFAULT NULL COMMENT 'Tier Price',
  `alt_tier_price` decimal(20,6) DEFAULT NULL COMMENT 'Alt Tier Price',
  PRIMARY KEY (`entity_id`,`customer_group_id`,`website_id`,`option_id`)
) ENGINE=InnoDB DEFAULT CHARSET=utf8 COMMENT='Catalog Product Index Price Bundle Opt Idx';

--
-- Dumping data for table `catalog_product_index_price_bundle_opt_idx`
--


--
-- Table structure for table `catalog_product_index_price_bundle_opt_tmp`
--

CREATE TABLE `catalog_product_index_price_bundle_opt_tmp` (
  `entity_id` int(10) unsigned NOT NULL COMMENT 'Entity ID',
  `customer_group_id` int(11) NOT NULL,
  `website_id` smallint(5) unsigned NOT NULL COMMENT 'Website ID',
  `option_id` int(10) unsigned NOT NULL DEFAULT '0' COMMENT 'Option ID',
  `min_price` decimal(20,6) DEFAULT NULL COMMENT 'Min Price',
  `alt_price` decimal(20,6) DEFAULT NULL COMMENT 'Alt Price',
  `max_price` decimal(20,6) DEFAULT NULL COMMENT 'Max Price',
  `tier_price` decimal(20,6) DEFAULT NULL COMMENT 'Tier Price',
  `alt_tier_price` decimal(20,6) DEFAULT NULL COMMENT 'Alt Tier Price',
  PRIMARY KEY (`entity_id`,`customer_group_id`,`website_id`,`option_id`)
) ENGINE=InnoDB DEFAULT CHARSET=utf8 COMMENT='Catalog Product Index Price Bundle Opt Tmp';

--
-- Dumping data for table `catalog_product_index_price_bundle_opt_tmp`
--


--
-- Table structure for table `catalog_product_index_price_bundle_sel_idx`
--

CREATE TABLE `catalog_product_index_price_bundle_sel_idx` (
  `entity_id` int(10) unsigned NOT NULL COMMENT 'Entity ID',
  `customer_group_id` int(11) NOT NULL,
  `website_id` smallint(5) unsigned NOT NULL COMMENT 'Website ID',
  `option_id` int(10) unsigned NOT NULL DEFAULT '0' COMMENT 'Option ID',
  `selection_id` int(10) unsigned NOT NULL DEFAULT '0' COMMENT 'Selection ID',
  `group_type` smallint(5) unsigned DEFAULT '0' COMMENT 'Group Type',
  `is_required` smallint(5) unsigned DEFAULT '0' COMMENT 'Is Required',
  `price` decimal(20,6) DEFAULT NULL COMMENT 'Price',
  `tier_price` decimal(20,6) DEFAULT NULL COMMENT 'Tier Price',
  PRIMARY KEY (`entity_id`,`customer_group_id`,`website_id`,`option_id`,`selection_id`)
) ENGINE=InnoDB DEFAULT CHARSET=utf8 COMMENT='Catalog Product Index Price Bundle Sel Idx';

--
-- Dumping data for table `catalog_product_index_price_bundle_sel_idx`
--


--
-- Table structure for table `catalog_product_index_price_bundle_sel_tmp`
--

CREATE TABLE `catalog_product_index_price_bundle_sel_tmp` (
  `entity_id` int(10) unsigned NOT NULL COMMENT 'Entity ID',
  `customer_group_id` int(11) NOT NULL,
  `website_id` smallint(5) unsigned NOT NULL COMMENT 'Website ID',
  `option_id` int(10) unsigned NOT NULL DEFAULT '0' COMMENT 'Option ID',
  `selection_id` int(10) unsigned NOT NULL DEFAULT '0' COMMENT 'Selection ID',
  `group_type` smallint(5) unsigned DEFAULT '0' COMMENT 'Group Type',
  `is_required` smallint(5) unsigned DEFAULT '0' COMMENT 'Is Required',
  `price` decimal(20,6) DEFAULT NULL COMMENT 'Price',
  `tier_price` decimal(20,6) DEFAULT NULL COMMENT 'Tier Price',
  PRIMARY KEY (`entity_id`,`customer_group_id`,`website_id`,`option_id`,`selection_id`)
) ENGINE=InnoDB DEFAULT CHARSET=utf8 COMMENT='Catalog Product Index Price Bundle Sel Tmp';

--
-- Dumping data for table `catalog_product_index_price_bundle_sel_tmp`
--


--
-- Table structure for table `catalog_product_index_price_bundle_tmp`
--

CREATE TABLE `catalog_product_index_price_bundle_tmp` (
  `entity_id` int(10) unsigned NOT NULL COMMENT 'Entity ID',
  `customer_group_id` int(11) NOT NULL,
  `website_id` smallint(5) unsigned NOT NULL COMMENT 'Website ID',
  `tax_class_id` smallint(5) unsigned DEFAULT '0' COMMENT 'Tax Class ID',
  `price_type` smallint(5) unsigned NOT NULL COMMENT 'Price Type',
  `special_price` decimal(20,6) DEFAULT NULL COMMENT 'Special Price',
  `tier_percent` decimal(20,6) DEFAULT NULL COMMENT 'Tier Percent',
  `orig_price` decimal(20,6) DEFAULT NULL COMMENT 'Orig Price',
  `price` decimal(20,6) DEFAULT NULL COMMENT 'Price',
  `min_price` decimal(20,6) DEFAULT NULL COMMENT 'Min Price',
  `max_price` decimal(20,6) DEFAULT NULL COMMENT 'Max Price',
  `tier_price` decimal(20,6) DEFAULT NULL COMMENT 'Tier Price',
  `base_tier` decimal(20,6) DEFAULT NULL COMMENT 'Base Tier',
  PRIMARY KEY (`entity_id`,`customer_group_id`,`website_id`)
) ENGINE=InnoDB DEFAULT CHARSET=utf8 COMMENT='Catalog Product Index Price Bundle Tmp';

--
-- Dumping data for table `catalog_product_index_price_bundle_tmp`
--


--
-- Table structure for table `catalog_product_index_price_cfg_opt_agr_idx`
--

CREATE TABLE `catalog_product_index_price_cfg_opt_agr_idx` (
  `parent_id` int(10) unsigned NOT NULL COMMENT 'Parent ID',
  `child_id` int(10) unsigned NOT NULL COMMENT 'Child ID',
  `customer_group_id` int(10) unsigned NOT NULL DEFAULT '0' COMMENT 'Customer Group ID',
  `website_id` smallint(5) unsigned NOT NULL COMMENT 'Website ID',
  `price` decimal(20,6) DEFAULT NULL COMMENT 'Price',
  `tier_price` decimal(20,6) DEFAULT NULL COMMENT 'Tier Price',
  PRIMARY KEY (`parent_id`,`child_id`,`customer_group_id`,`website_id`)
) ENGINE=InnoDB DEFAULT CHARSET=utf8 COMMENT='Catalog Product Price Indexer Config Option Aggregate Index Table';

--
-- Dumping data for table `catalog_product_index_price_cfg_opt_agr_idx`
--


--
-- Table structure for table `catalog_product_index_price_cfg_opt_agr_tmp`
--

CREATE TABLE `catalog_product_index_price_cfg_opt_agr_tmp` (
  `parent_id` int(10) unsigned NOT NULL COMMENT 'Parent ID',
  `child_id` int(10) unsigned NOT NULL COMMENT 'Child ID',
  `customer_group_id` int(10) unsigned NOT NULL DEFAULT '0' COMMENT 'Customer Group ID',
  `website_id` smallint(5) unsigned NOT NULL COMMENT 'Website ID',
  `price` decimal(20,6) DEFAULT NULL COMMENT 'Price',
  `tier_price` decimal(20,6) DEFAULT NULL COMMENT 'Tier Price',
  PRIMARY KEY (`parent_id`,`child_id`,`customer_group_id`,`website_id`)
) ENGINE=InnoDB DEFAULT CHARSET=utf8 COMMENT='Catalog Product Price Indexer Config Option Aggregate Temp Table';

--
-- Dumping data for table `catalog_product_index_price_cfg_opt_agr_tmp`
--


--
-- Table structure for table `catalog_product_index_price_cfg_opt_idx`
--

CREATE TABLE `catalog_product_index_price_cfg_opt_idx` (
  `entity_id` int(10) unsigned NOT NULL COMMENT 'Entity ID',
  `customer_group_id` int(10) unsigned NOT NULL DEFAULT '0' COMMENT 'Customer Group ID',
  `website_id` smallint(5) unsigned NOT NULL COMMENT 'Website ID',
  `min_price` decimal(20,6) DEFAULT NULL COMMENT 'Min Price',
  `max_price` decimal(20,6) DEFAULT NULL COMMENT 'Max Price',
  `tier_price` decimal(20,6) DEFAULT NULL COMMENT 'Tier Price',
  PRIMARY KEY (`entity_id`,`customer_group_id`,`website_id`)
) ENGINE=InnoDB DEFAULT CHARSET=utf8 COMMENT='Catalog Product Price Indexer Config Option Index Table';

--
-- Dumping data for table `catalog_product_index_price_cfg_opt_idx`
--


--
-- Table structure for table `catalog_product_index_price_cfg_opt_tmp`
--

CREATE TABLE `catalog_product_index_price_cfg_opt_tmp` (
  `entity_id` int(10) unsigned NOT NULL COMMENT 'Entity ID',
  `customer_group_id` int(10) unsigned NOT NULL DEFAULT '0' COMMENT 'Customer Group ID',
  `website_id` smallint(5) unsigned NOT NULL COMMENT 'Website ID',
  `min_price` decimal(20,6) DEFAULT NULL COMMENT 'Min Price',
  `max_price` decimal(20,6) DEFAULT NULL COMMENT 'Max Price',
  `tier_price` decimal(20,6) DEFAULT NULL COMMENT 'Tier Price',
  PRIMARY KEY (`entity_id`,`customer_group_id`,`website_id`)
) ENGINE=InnoDB DEFAULT CHARSET=utf8 COMMENT='Catalog Product Price Indexer Config Option Temp Table';

--
-- Dumping data for table `catalog_product_index_price_cfg_opt_tmp`
--


--
-- Table structure for table `catalog_product_index_price_downlod_idx`
--

CREATE TABLE `catalog_product_index_price_downlod_idx` (
  `entity_id` int(10) unsigned NOT NULL COMMENT 'Entity ID',
  `customer_group_id` int(11) NOT NULL,
  `website_id` smallint(5) unsigned NOT NULL COMMENT 'Website ID',
  `min_price` decimal(20,6) NOT NULL DEFAULT '0.000000' COMMENT 'Minimum price',
  `max_price` decimal(20,6) NOT NULL DEFAULT '0.000000' COMMENT 'Maximum price',
  PRIMARY KEY (`entity_id`,`customer_group_id`,`website_id`)
) ENGINE=InnoDB DEFAULT CHARSET=utf8 COMMENT='Indexer Table for price of downloadable products';

--
-- Dumping data for table `catalog_product_index_price_downlod_idx`
--


--
-- Table structure for table `catalog_product_index_price_downlod_tmp`
--

CREATE TABLE `catalog_product_index_price_downlod_tmp` (
  `entity_id` int(10) unsigned NOT NULL COMMENT 'Entity ID',
  `customer_group_id` int(11) NOT NULL,
  `website_id` smallint(5) unsigned NOT NULL COMMENT 'Website ID',
  `min_price` decimal(20,6) NOT NULL DEFAULT '0.000000' COMMENT 'Minimum price',
  `max_price` decimal(20,6) NOT NULL DEFAULT '0.000000' COMMENT 'Maximum price',
  PRIMARY KEY (`entity_id`,`customer_group_id`,`website_id`)
) ENGINE=InnoDB DEFAULT CHARSET=utf8 COMMENT='Temporary Indexer Table for price of downloadable products';

--
-- Dumping data for table `catalog_product_index_price_downlod_tmp`
--


--
-- Table structure for table `catalog_product_index_price_final_idx`
--

CREATE TABLE `catalog_product_index_price_final_idx` (
  `entity_id` int(10) unsigned NOT NULL COMMENT 'Entity ID',
  `customer_group_id` int(10) unsigned NOT NULL DEFAULT '0' COMMENT 'Customer Group ID',
  `website_id` smallint(5) unsigned NOT NULL COMMENT 'Website ID',
  `tax_class_id` smallint(5) unsigned DEFAULT '0' COMMENT 'Tax Class ID',
  `orig_price` decimal(20,6) DEFAULT NULL COMMENT 'Original Price',
  `price` decimal(20,6) DEFAULT NULL COMMENT 'Price',
  `min_price` decimal(20,6) DEFAULT NULL COMMENT 'Min Price',
  `max_price` decimal(20,6) DEFAULT NULL COMMENT 'Max Price',
  `tier_price` decimal(20,6) DEFAULT NULL COMMENT 'Tier Price',
  `base_tier` decimal(20,6) DEFAULT NULL COMMENT 'Base Tier',
  PRIMARY KEY (`entity_id`,`customer_group_id`,`website_id`)
) ENGINE=InnoDB DEFAULT CHARSET=utf8 COMMENT='Catalog Product Price Indexer Final Index Table';

--
-- Dumping data for table `catalog_product_index_price_final_idx`
--


--
-- Table structure for table `catalog_product_index_price_final_tmp`
--

CREATE TABLE `catalog_product_index_price_final_tmp` (
  `entity_id` int(10) unsigned NOT NULL COMMENT 'Entity ID',
  `customer_group_id` int(10) unsigned NOT NULL DEFAULT '0' COMMENT 'Customer Group ID',
  `website_id` smallint(5) unsigned NOT NULL COMMENT 'Website ID',
  `tax_class_id` smallint(5) unsigned DEFAULT '0' COMMENT 'Tax Class ID',
  `orig_price` decimal(20,6) DEFAULT NULL COMMENT 'Original Price',
  `price` decimal(20,6) DEFAULT NULL COMMENT 'Price',
  `min_price` decimal(20,6) DEFAULT NULL COMMENT 'Min Price',
  `max_price` decimal(20,6) DEFAULT NULL COMMENT 'Max Price',
  `tier_price` decimal(20,6) DEFAULT NULL COMMENT 'Tier Price',
  `base_tier` decimal(20,6) DEFAULT NULL COMMENT 'Base Tier',
  PRIMARY KEY (`entity_id`,`customer_group_id`,`website_id`)
) ENGINE=InnoDB DEFAULT CHARSET=utf8 COMMENT='Catalog Product Price Indexer Final Temp Table';

--
-- Dumping data for table `catalog_product_index_price_final_tmp`
--


--
-- Table structure for table `catalog_product_index_price_idx`
--

CREATE TABLE `catalog_product_index_price_idx` (
  `entity_id` int(10) unsigned NOT NULL COMMENT 'Entity ID',
  `customer_group_id` int(10) unsigned NOT NULL DEFAULT '0' COMMENT 'Customer Group ID',
  `website_id` smallint(5) unsigned NOT NULL COMMENT 'Website ID',
  `tax_class_id` smallint(5) unsigned DEFAULT '0' COMMENT 'Tax Class ID',
  `price` decimal(20,6) DEFAULT NULL COMMENT 'Price',
  `final_price` decimal(20,6) DEFAULT NULL COMMENT 'Final Price',
  `min_price` decimal(20,6) DEFAULT NULL COMMENT 'Min Price',
  `max_price` decimal(20,6) DEFAULT NULL COMMENT 'Max Price',
  `tier_price` decimal(20,6) DEFAULT NULL COMMENT 'Tier Price',
  PRIMARY KEY (`entity_id`,`customer_group_id`,`website_id`),
  KEY `CATALOG_PRODUCT_INDEX_PRICE_IDX_CUSTOMER_GROUP_ID` (`customer_group_id`),
  KEY `CATALOG_PRODUCT_INDEX_PRICE_IDX_WEBSITE_ID` (`website_id`),
  KEY `CATALOG_PRODUCT_INDEX_PRICE_IDX_MIN_PRICE` (`min_price`)
) ENGINE=InnoDB DEFAULT CHARSET=utf8 COMMENT='Catalog Product Price Indexer Index Table';

--
-- Dumping data for table `catalog_product_index_price_idx`
--


--
-- Table structure for table `catalog_product_index_price_opt_agr_idx`
--

CREATE TABLE `catalog_product_index_price_opt_agr_idx` (
  `entity_id` int(10) unsigned NOT NULL COMMENT 'Entity ID',
  `customer_group_id` int(10) unsigned NOT NULL DEFAULT '0' COMMENT 'Customer Group ID',
  `website_id` smallint(5) unsigned NOT NULL COMMENT 'Website ID',
  `option_id` int(10) unsigned NOT NULL DEFAULT '0' COMMENT 'Option ID',
  `min_price` decimal(20,6) DEFAULT NULL COMMENT 'Min Price',
  `max_price` decimal(20,6) DEFAULT NULL COMMENT 'Max Price',
  `tier_price` decimal(20,6) DEFAULT NULL COMMENT 'Tier Price',
  PRIMARY KEY (`entity_id`,`customer_group_id`,`website_id`,`option_id`)
) ENGINE=InnoDB DEFAULT CHARSET=utf8 COMMENT='Catalog Product Price Indexer Option Aggregate Index Table';

--
-- Dumping data for table `catalog_product_index_price_opt_agr_idx`
--


--
-- Table structure for table `catalog_product_index_price_opt_agr_tmp`
--

CREATE TABLE `catalog_product_index_price_opt_agr_tmp` (
  `entity_id` int(10) unsigned NOT NULL COMMENT 'Entity ID',
  `customer_group_id` int(10) unsigned NOT NULL DEFAULT '0' COMMENT 'Customer Group ID',
  `website_id` smallint(5) unsigned NOT NULL COMMENT 'Website ID',
  `option_id` int(10) unsigned NOT NULL DEFAULT '0' COMMENT 'Option ID',
  `min_price` decimal(20,6) DEFAULT NULL COMMENT 'Min Price',
  `max_price` decimal(20,6) DEFAULT NULL COMMENT 'Max Price',
  `tier_price` decimal(20,6) DEFAULT NULL COMMENT 'Tier Price',
  PRIMARY KEY (`entity_id`,`customer_group_id`,`website_id`,`option_id`)
) ENGINE=InnoDB DEFAULT CHARSET=utf8 COMMENT='Catalog Product Price Indexer Option Aggregate Temp Table';

--
-- Dumping data for table `catalog_product_index_price_opt_agr_tmp`
--


--
-- Table structure for table `catalog_product_index_price_opt_idx`
--

CREATE TABLE `catalog_product_index_price_opt_idx` (
  `entity_id` int(10) unsigned NOT NULL COMMENT 'Entity ID',
  `customer_group_id` int(10) unsigned NOT NULL DEFAULT '0' COMMENT 'Customer Group ID',
  `website_id` smallint(5) unsigned NOT NULL COMMENT 'Website ID',
  `min_price` decimal(20,6) DEFAULT NULL COMMENT 'Min Price',
  `max_price` decimal(20,6) DEFAULT NULL COMMENT 'Max Price',
  `tier_price` decimal(20,6) DEFAULT NULL COMMENT 'Tier Price',
  PRIMARY KEY (`entity_id`,`customer_group_id`,`website_id`)
) ENGINE=InnoDB DEFAULT CHARSET=utf8 COMMENT='Catalog Product Price Indexer Option Index Table';

--
-- Dumping data for table `catalog_product_index_price_opt_idx`
--


--
-- Table structure for table `catalog_product_index_price_opt_tmp`
--

CREATE TABLE `catalog_product_index_price_opt_tmp` (
  `entity_id` int(10) unsigned NOT NULL COMMENT 'Entity ID',
  `customer_group_id` int(10) unsigned NOT NULL DEFAULT '0' COMMENT 'Customer Group ID',
  `website_id` smallint(5) unsigned NOT NULL COMMENT 'Website ID',
  `min_price` decimal(20,6) DEFAULT NULL COMMENT 'Min Price',
  `max_price` decimal(20,6) DEFAULT NULL COMMENT 'Max Price',
  `tier_price` decimal(20,6) DEFAULT NULL COMMENT 'Tier Price',
  PRIMARY KEY (`entity_id`,`customer_group_id`,`website_id`)
) ENGINE=InnoDB DEFAULT CHARSET=utf8 COMMENT='Catalog Product Price Indexer Option Temp Table';

--
-- Dumping data for table `catalog_product_index_price_opt_tmp`
--


--
-- Table structure for table `catalog_product_index_price_replica`
--

CREATE TABLE `catalog_product_index_price_replica` (
  `entity_id` int(10) unsigned NOT NULL COMMENT 'Entity ID',
  `customer_group_id` int(10) unsigned NOT NULL COMMENT 'Customer Group ID',
  `website_id` smallint(5) unsigned NOT NULL COMMENT 'Website ID',
  `tax_class_id` smallint(5) unsigned DEFAULT '0' COMMENT 'Tax Class ID',
  `price` decimal(20,6) DEFAULT NULL COMMENT 'Price',
  `final_price` decimal(20,6) DEFAULT NULL COMMENT 'Final Price',
  `min_price` decimal(20,6) DEFAULT NULL COMMENT 'Min Price',
  `max_price` decimal(20,6) DEFAULT NULL COMMENT 'Max Price',
  `tier_price` decimal(20,6) DEFAULT NULL COMMENT 'Tier Price',
  PRIMARY KEY (`entity_id`,`customer_group_id`,`website_id`),
  KEY `CATALOG_PRODUCT_INDEX_PRICE_CUSTOMER_GROUP_ID` (`customer_group_id`),
  KEY `CATALOG_PRODUCT_INDEX_PRICE_MIN_PRICE` (`min_price`),
  KEY `CAT_PRD_IDX_PRICE_WS_ID_CSTR_GROUP_ID_MIN_PRICE` (`website_id`,`customer_group_id`,`min_price`)
) ENGINE=InnoDB DEFAULT CHARSET=utf8 COMMENT='Catalog Product Price Index Table';

--
-- Dumping data for table `catalog_product_index_price_replica`
--

INSERT INTO `catalog_product_index_price_replica` VALUES (1226,0,1,2,75.000000,75.000000,75.000000,75.000000,NULL),(1226,1,1,2,75.000000,75.000000,75.000000,75.000000,NULL),(1226,2,1,2,75.000000,75.000000,75.000000,75.000000,NULL),(1226,3,1,2,75.000000,75.000000,75.000000,75.000000,NULL),(1226,4,1,2,75.000000,75.000000,75.000000,75.000000,NULL),(1242,0,1,2,56.250000,56.250000,56.250000,56.250000,NULL),(1242,1,1,2,56.250000,56.250000,56.250000,56.250000,NULL),(1242,2,1,2,56.250000,56.250000,56.250000,56.250000,NULL),(1242,3,1,2,56.250000,56.250000,56.250000,56.250000,NULL),(1242,4,1,2,56.250000,56.250000,56.250000,56.250000,NULL),(1258,0,1,2,57.000000,57.000000,57.000000,57.000000,NULL),(1258,1,1,2,57.000000,57.000000,57.000000,57.000000,NULL),(1258,2,1,2,57.000000,57.000000,57.000000,57.000000,NULL),(1258,3,1,2,57.000000,57.000000,57.000000,57.000000,NULL),(1258,4,1,2,57.000000,57.000000,57.000000,57.000000,NULL),(1274,0,1,2,84.000000,84.000000,84.000000,84.000000,NULL),(1274,1,1,2,84.000000,84.000000,84.000000,84.000000,NULL),(1274,2,1,2,84.000000,84.000000,84.000000,84.000000,NULL),(1274,3,1,2,84.000000,84.000000,84.000000,84.000000,NULL),(1274,4,1,2,84.000000,84.000000,84.000000,84.000000,NULL),(1290,0,1,2,60.000000,60.000000,60.000000,60.000000,NULL),(1290,1,1,2,60.000000,60.000000,60.000000,60.000000,NULL),(1290,2,1,2,60.000000,60.000000,60.000000,60.000000,NULL),(1290,3,1,2,60.000000,60.000000,60.000000,60.000000,NULL),(1290,4,1,2,60.000000,60.000000,60.000000,60.000000,NULL),(1306,0,1,2,59.000000,59.000000,59.000000,59.000000,NULL),(1306,1,1,2,59.000000,59.000000,59.000000,59.000000,NULL),(1306,2,1,2,59.000000,59.000000,59.000000,59.000000,NULL),(1306,3,1,2,59.000000,59.000000,59.000000,59.000000,NULL),(1306,4,1,2,59.000000,59.000000,59.000000,59.000000,NULL),(1322,0,1,2,57.000000,57.000000,57.000000,57.000000,NULL),(1322,1,1,2,57.000000,57.000000,57.000000,57.000000,NULL),(1322,2,1,2,57.000000,57.000000,57.000000,57.000000,NULL),(1322,3,1,2,57.000000,57.000000,57.000000,57.000000,NULL),(1322,4,1,2,57.000000,57.000000,57.000000,57.000000,NULL),(1338,0,1,2,32.000000,32.000000,32.000000,32.000000,NULL),(1338,1,1,2,32.000000,32.000000,32.000000,32.000000,NULL),(1338,2,1,2,32.000000,32.000000,32.000000,32.000000,NULL),(1338,3,1,2,32.000000,32.000000,32.000000,32.000000,NULL),(1338,4,1,2,32.000000,32.000000,32.000000,32.000000,NULL),(1354,0,1,2,69.000000,69.000000,69.000000,69.000000,NULL),(1354,1,1,2,69.000000,69.000000,69.000000,69.000000,NULL),(1354,2,1,2,69.000000,69.000000,69.000000,69.000000,NULL),(1354,3,1,2,69.000000,69.000000,69.000000,69.000000,NULL),(1354,4,1,2,69.000000,69.000000,69.000000,69.000000,NULL),(1370,0,1,2,69.000000,69.000000,69.000000,69.000000,NULL),(1370,1,1,2,69.000000,69.000000,69.000000,69.000000,NULL),(1370,2,1,2,69.000000,69.000000,69.000000,69.000000,NULL),(1370,3,1,2,69.000000,69.000000,69.000000,69.000000,NULL),(1370,4,1,2,69.000000,69.000000,69.000000,69.000000,NULL),(1386,0,1,2,77.000000,77.000000,77.000000,77.000000,NULL),(1386,1,1,2,77.000000,77.000000,77.000000,77.000000,NULL),(1386,2,1,2,77.000000,77.000000,77.000000,77.000000,NULL),(1386,3,1,2,77.000000,77.000000,77.000000,77.000000,NULL),(1386,4,1,2,77.000000,77.000000,77.000000,77.000000,NULL),(1402,0,1,2,77.000000,77.000000,77.000000,77.000000,NULL),(1402,1,1,2,77.000000,77.000000,77.000000,77.000000,NULL),(1402,2,1,2,77.000000,77.000000,77.000000,77.000000,NULL),(1402,3,1,2,77.000000,77.000000,77.000000,77.000000,NULL),(1402,4,1,2,77.000000,77.000000,77.000000,77.000000,NULL),(3610,0,1,2,6000.000000,6000.000000,6000.000000,6000.000000,NULL),(3610,1,1,2,6000.000000,6000.000000,6000.000000,6000.000000,NULL),(3610,2,1,2,6000.000000,6000.000000,6000.000000,6000.000000,NULL),(3610,3,1,2,6000.000000,6000.000000,6000.000000,6000.000000,NULL),(3610,4,1,2,6000.000000,6000.000000,6000.000000,6000.000000,NULL),(3611,0,1,2,6000.000000,6000.000000,6000.000000,6000.000000,NULL),(3611,1,1,2,6000.000000,6000.000000,6000.000000,6000.000000,NULL),(3611,2,1,2,6000.000000,6000.000000,6000.000000,6000.000000,NULL),(3611,3,1,2,6000.000000,6000.000000,6000.000000,6000.000000,NULL),(3611,4,1,2,6000.000000,6000.000000,6000.000000,6000.000000,NULL),(3612,0,1,2,6000.000000,6000.000000,6000.000000,6000.000000,NULL),(3612,1,1,2,6000.000000,6000.000000,6000.000000,6000.000000,NULL),(3612,2,1,2,6000.000000,6000.000000,6000.000000,6000.000000,NULL),(3612,3,1,2,6000.000000,6000.000000,6000.000000,6000.000000,NULL),(3612,4,1,2,6000.000000,6000.000000,6000.000000,6000.000000,NULL),(3613,0,1,2,6000.000000,6000.000000,6000.000000,6000.000000,NULL),(3613,1,1,2,6000.000000,6000.000000,6000.000000,6000.000000,NULL),(3613,2,1,2,6000.000000,6000.000000,6000.000000,6000.000000,NULL),(3613,3,1,2,6000.000000,6000.000000,6000.000000,6000.000000,NULL),(3613,4,1,2,6000.000000,6000.000000,6000.000000,6000.000000,NULL),(3614,0,1,2,6000.000000,6000.000000,6000.000000,6000.000000,NULL),(3614,1,1,2,6000.000000,6000.000000,6000.000000,6000.000000,NULL),(3614,2,1,2,6000.000000,6000.000000,6000.000000,6000.000000,NULL),(3614,3,1,2,6000.000000,6000.000000,6000.000000,6000.000000,NULL),(3614,4,1,2,6000.000000,6000.000000,6000.000000,6000.000000,NULL),(3615,0,1,2,6000.000000,6000.000000,6000.000000,6000.000000,NULL),(3615,1,1,2,6000.000000,6000.000000,6000.000000,6000.000000,NULL),(3615,2,1,2,6000.000000,6000.000000,6000.000000,6000.000000,NULL),(3615,3,1,2,6000.000000,6000.000000,6000.000000,6000.000000,NULL),(3615,4,1,2,6000.000000,6000.000000,6000.000000,6000.000000,NULL),(3616,0,1,2,5800.000000,5800.000000,5800.000000,5800.000000,NULL),(3616,1,1,2,5800.000000,5800.000000,5800.000000,5800.000000,NULL),(3616,2,1,2,5800.000000,5800.000000,5800.000000,5800.000000,NULL),(3616,3,1,2,5800.000000,5800.000000,5800.000000,5800.000000,NULL),(3616,4,1,2,5800.000000,5800.000000,5800.000000,5800.000000,NULL),(3617,0,1,2,6000.000000,6000.000000,6000.000000,6000.000000,NULL),(3617,1,1,2,6000.000000,6000.000000,6000.000000,6000.000000,NULL),(3617,2,1,2,6000.000000,6000.000000,6000.000000,6000.000000,NULL),(3617,3,1,2,6000.000000,6000.000000,6000.000000,6000.000000,NULL),(3617,4,1,2,6000.000000,6000.000000,6000.000000,6000.000000,NULL),(3620,0,1,2,6000.000000,6000.000000,6000.000000,6000.000000,NULL),(3620,1,1,2,6000.000000,6000.000000,6000.000000,6000.000000,NULL),(3620,2,1,2,6000.000000,6000.000000,6000.000000,6000.000000,NULL),(3620,3,1,2,6000.000000,6000.000000,6000.000000,6000.000000,NULL),(3620,4,1,2,6000.000000,6000.000000,6000.000000,6000.000000,NULL),(3623,0,1,2,6000.000000,6000.000000,6000.000000,6000.000000,NULL),(3623,1,1,2,6000.000000,6000.000000,6000.000000,6000.000000,NULL),(3623,2,1,2,6000.000000,6000.000000,6000.000000,6000.000000,NULL),(3623,3,1,2,6000.000000,6000.000000,6000.000000,6000.000000,NULL),(3623,4,1,2,6000.000000,6000.000000,6000.000000,6000.000000,NULL),(3625,0,1,2,6000.000000,6000.000000,6000.000000,6000.000000,NULL),(3625,1,1,2,6000.000000,6000.000000,6000.000000,6000.000000,NULL),(3625,2,1,2,6000.000000,6000.000000,6000.000000,6000.000000,NULL),(3625,3,1,2,6000.000000,6000.000000,6000.000000,6000.000000,NULL),(3625,4,1,2,6000.000000,6000.000000,6000.000000,6000.000000,NULL),(3627,0,1,2,6000.000000,6000.000000,6000.000000,6000.000000,NULL),(3627,1,1,2,6000.000000,6000.000000,6000.000000,6000.000000,NULL),(3627,2,1,2,6000.000000,6000.000000,6000.000000,6000.000000,NULL),(3627,3,1,2,6000.000000,6000.000000,6000.000000,6000.000000,NULL),(3627,4,1,2,6000.000000,6000.000000,6000.000000,6000.000000,NULL),(3628,0,1,2,6000.000000,6000.000000,6000.000000,6000.000000,NULL),(3628,1,1,2,6000.000000,6000.000000,6000.000000,6000.000000,NULL),(3628,2,1,2,6000.000000,6000.000000,6000.000000,6000.000000,NULL),(3628,3,1,2,6000.000000,6000.000000,6000.000000,6000.000000,NULL),(3628,4,1,2,6000.000000,6000.000000,6000.000000,6000.000000,NULL),(3629,0,1,2,6000.000000,6000.000000,6000.000000,6000.000000,NULL),(3629,1,1,2,6000.000000,6000.000000,6000.000000,6000.000000,NULL),(3629,2,1,2,6000.000000,6000.000000,6000.000000,6000.000000,NULL),(3629,3,1,2,6000.000000,6000.000000,6000.000000,6000.000000,NULL),(3629,4,1,2,6000.000000,6000.000000,6000.000000,6000.000000,NULL),(3630,0,1,2,6000.000000,6000.000000,6000.000000,6000.000000,NULL),(3630,1,1,2,6000.000000,6000.000000,6000.000000,6000.000000,NULL),(3630,2,1,2,6000.000000,6000.000000,6000.000000,6000.000000,NULL),(3630,3,1,2,6000.000000,6000.000000,6000.000000,6000.000000,NULL),(3630,4,1,2,6000.000000,6000.000000,6000.000000,6000.000000,NULL),(3631,0,1,2,6000.000000,6000.000000,6000.000000,6000.000000,NULL),(3631,1,1,2,6000.000000,6000.000000,6000.000000,6000.000000,NULL),(3631,2,1,2,6000.000000,6000.000000,6000.000000,6000.000000,NULL),(3631,3,1,2,6000.000000,6000.000000,6000.000000,6000.000000,NULL),(3631,4,1,2,6000.000000,6000.000000,6000.000000,6000.000000,NULL),(3632,0,1,2,6000.000000,6000.000000,6000.000000,6000.000000,NULL),(3632,1,1,2,6000.000000,6000.000000,6000.000000,6000.000000,NULL),(3632,2,1,2,6000.000000,6000.000000,6000.000000,6000.000000,NULL),(3632,3,1,2,6000.000000,6000.000000,6000.000000,6000.000000,NULL),(3632,4,1,2,6000.000000,6000.000000,6000.000000,6000.000000,NULL),(3633,0,1,2,6000.000000,6000.000000,6000.000000,6000.000000,NULL),(3633,1,1,2,6000.000000,6000.000000,6000.000000,6000.000000,NULL),(3633,2,1,2,6000.000000,6000.000000,6000.000000,6000.000000,NULL),(3633,3,1,2,6000.000000,6000.000000,6000.000000,6000.000000,NULL),(3633,4,1,2,6000.000000,6000.000000,6000.000000,6000.000000,NULL),(3634,0,1,2,6000.000000,6000.000000,6000.000000,6000.000000,NULL),(3634,1,1,2,6000.000000,6000.000000,6000.000000,6000.000000,NULL),(3634,2,1,2,6000.000000,6000.000000,6000.000000,6000.000000,NULL),(3634,3,1,2,6000.000000,6000.000000,6000.000000,6000.000000,NULL),(3634,4,1,2,6000.000000,6000.000000,6000.000000,6000.000000,NULL),(3635,0,1,2,6000.000000,6000.000000,6000.000000,6000.000000,NULL),(3635,1,1,2,6000.000000,6000.000000,6000.000000,6000.000000,NULL),(3635,2,1,2,6000.000000,6000.000000,6000.000000,6000.000000,NULL),(3635,3,1,2,6000.000000,6000.000000,6000.000000,6000.000000,NULL),(3635,4,1,2,6000.000000,6000.000000,6000.000000,6000.000000,NULL),(3636,0,1,2,6000.000000,6000.000000,6000.000000,6000.000000,NULL),(3636,1,1,2,6000.000000,6000.000000,6000.000000,6000.000000,NULL),(3636,2,1,2,6000.000000,6000.000000,6000.000000,6000.000000,NULL),(3636,3,1,2,6000.000000,6000.000000,6000.000000,6000.000000,NULL),(3636,4,1,2,6000.000000,6000.000000,6000.000000,6000.000000,NULL),(3640,0,1,2,6000.000000,6000.000000,6000.000000,6000.000000,NULL),(3640,1,1,2,6000.000000,6000.000000,6000.000000,6000.000000,NULL),(3640,2,1,2,6000.000000,6000.000000,6000.000000,6000.000000,NULL),(3640,3,1,2,6000.000000,6000.000000,6000.000000,6000.000000,NULL),(3640,4,1,2,6000.000000,6000.000000,6000.000000,6000.000000,NULL),(3643,0,1,2,6000.000000,6000.000000,6000.000000,6000.000000,NULL),(3643,1,1,2,6000.000000,6000.000000,6000.000000,6000.000000,NULL),(3643,2,1,2,6000.000000,6000.000000,6000.000000,6000.000000,NULL),(3643,3,1,2,6000.000000,6000.000000,6000.000000,6000.000000,NULL),(3643,4,1,2,6000.000000,6000.000000,6000.000000,6000.000000,NULL),(3644,0,1,2,6000.000000,6000.000000,6000.000000,6000.000000,NULL),(3644,1,1,2,6000.000000,6000.000000,6000.000000,6000.000000,NULL),(3644,2,1,2,6000.000000,6000.000000,6000.000000,6000.000000,NULL),(3644,3,1,2,6000.000000,6000.000000,6000.000000,6000.000000,NULL),(3644,4,1,2,6000.000000,6000.000000,6000.000000,6000.000000,NULL),(3645,0,1,2,6000.000000,6000.000000,6000.000000,6000.000000,NULL),(3645,1,1,2,6000.000000,6000.000000,6000.000000,6000.000000,NULL),(3645,2,1,2,6000.000000,6000.000000,6000.000000,6000.000000,NULL),(3645,3,1,2,6000.000000,6000.000000,6000.000000,6000.000000,NULL),(3645,4,1,2,6000.000000,6000.000000,6000.000000,6000.000000,NULL),(3646,0,1,2,6000.000000,6000.000000,6000.000000,6000.000000,NULL),(3646,1,1,2,6000.000000,6000.000000,6000.000000,6000.000000,NULL),(3646,2,1,2,6000.000000,6000.000000,6000.000000,6000.000000,NULL),(3646,3,1,2,6000.000000,6000.000000,6000.000000,6000.000000,NULL),(3646,4,1,2,6000.000000,6000.000000,6000.000000,6000.000000,NULL),(3647,0,1,2,5000.000000,5000.000000,5000.000000,5000.000000,NULL),(3647,1,1,2,5000.000000,5000.000000,5000.000000,5000.000000,NULL),(3647,2,1,2,5000.000000,5000.000000,5000.000000,5000.000000,NULL),(3647,3,1,2,5000.000000,5000.000000,5000.000000,5000.000000,NULL),(3647,4,1,2,5000.000000,5000.000000,5000.000000,5000.000000,NULL),(3649,0,1,2,6000.000000,6000.000000,6000.000000,6000.000000,NULL),(3649,1,1,2,6000.000000,6000.000000,6000.000000,6000.000000,NULL),(3649,2,1,2,6000.000000,6000.000000,6000.000000,6000.000000,NULL),(3649,3,1,2,6000.000000,6000.000000,6000.000000,6000.000000,NULL),(3649,4,1,2,6000.000000,6000.000000,6000.000000,6000.000000,NULL),(3651,0,1,2,6000.000000,6000.000000,6000.000000,6000.000000,NULL),(3651,1,1,2,6000.000000,6000.000000,6000.000000,6000.000000,NULL),(3651,2,1,2,6000.000000,6000.000000,6000.000000,6000.000000,NULL),(3651,3,1,2,6000.000000,6000.000000,6000.000000,6000.000000,NULL),(3651,4,1,2,6000.000000,6000.000000,6000.000000,6000.000000,NULL),(3652,0,1,2,6000.000000,6000.000000,6000.000000,6000.000000,NULL),(3652,1,1,2,6000.000000,6000.000000,6000.000000,6000.000000,NULL),(3652,2,1,2,6000.000000,6000.000000,6000.000000,6000.000000,NULL),(3652,3,1,2,6000.000000,6000.000000,6000.000000,6000.000000,NULL),(3652,4,1,2,6000.000000,6000.000000,6000.000000,6000.000000,NULL),(3653,0,1,2,3000.000000,3000.000000,3000.000000,3000.000000,NULL),(3653,1,1,2,3000.000000,3000.000000,3000.000000,3000.000000,NULL),(3653,2,1,2,3000.000000,3000.000000,3000.000000,3000.000000,NULL),(3653,3,1,2,3000.000000,3000.000000,3000.000000,3000.000000,NULL),(3653,4,1,2,3000.000000,3000.000000,3000.000000,3000.000000,NULL),(3654,0,1,2,3000.000000,3000.000000,3000.000000,3000.000000,NULL),(3654,1,1,2,3000.000000,3000.000000,3000.000000,3000.000000,NULL),(3654,2,1,2,3000.000000,3000.000000,3000.000000,3000.000000,NULL),(3654,3,1,2,3000.000000,3000.000000,3000.000000,3000.000000,NULL),(3654,4,1,2,3000.000000,3000.000000,3000.000000,3000.000000,NULL),(3655,0,1,2,3000.000000,3000.000000,3000.000000,3000.000000,NULL),(3655,1,1,2,3000.000000,3000.000000,3000.000000,3000.000000,NULL),(3655,2,1,2,3000.000000,3000.000000,3000.000000,3000.000000,NULL),(3655,3,1,2,3000.000000,3000.000000,3000.000000,3000.000000,NULL),(3655,4,1,2,3000.000000,3000.000000,3000.000000,3000.000000,NULL),(3656,0,1,2,3000.000000,3000.000000,3000.000000,3000.000000,NULL),(3656,1,1,2,3000.000000,3000.000000,3000.000000,3000.000000,NULL),(3656,2,1,2,3000.000000,3000.000000,3000.000000,3000.000000,NULL),(3656,3,1,2,3000.000000,3000.000000,3000.000000,3000.000000,NULL),(3656,4,1,2,3000.000000,3000.000000,3000.000000,3000.000000,NULL),(3657,0,1,2,3000.000000,3000.000000,3000.000000,3000.000000,NULL),(3657,1,1,2,3000.000000,3000.000000,3000.000000,3000.000000,NULL),(3657,2,1,2,3000.000000,3000.000000,3000.000000,3000.000000,NULL),(3657,3,1,2,3000.000000,3000.000000,3000.000000,3000.000000,NULL),(3657,4,1,2,3000.000000,3000.000000,3000.000000,3000.000000,NULL),(3658,0,1,2,3000.000000,3000.000000,3000.000000,3000.000000,NULL),(3658,1,1,2,3000.000000,3000.000000,3000.000000,3000.000000,NULL),(3658,2,1,2,3000.000000,3000.000000,3000.000000,3000.000000,NULL),(3658,3,1,2,3000.000000,3000.000000,3000.000000,3000.000000,NULL),(3658,4,1,2,3000.000000,3000.000000,3000.000000,3000.000000,NULL),(3659,0,1,2,1000.000000,1000.000000,1000.000000,1000.000000,NULL),(3659,1,1,2,1000.000000,1000.000000,1000.000000,1000.000000,NULL),(3659,2,1,2,1000.000000,1000.000000,1000.000000,1000.000000,NULL),(3659,3,1,2,1000.000000,1000.000000,1000.000000,1000.000000,NULL),(3659,4,1,2,1000.000000,1000.000000,1000.000000,1000.000000,NULL),(3661,0,1,2,1000.000000,1000.000000,1000.000000,1000.000000,NULL),(3661,1,1,2,1000.000000,1000.000000,1000.000000,1000.000000,NULL),(3661,2,1,2,1000.000000,1000.000000,1000.000000,1000.000000,NULL),(3661,3,1,2,1000.000000,1000.000000,1000.000000,1000.000000,NULL),(3661,4,1,2,1000.000000,1000.000000,1000.000000,1000.000000,NULL),(3662,0,1,2,1000.000000,1000.000000,1000.000000,1000.000000,NULL),(3662,1,1,2,1000.000000,1000.000000,1000.000000,1000.000000,NULL),(3662,2,1,2,1000.000000,1000.000000,1000.000000,1000.000000,NULL),(3662,3,1,2,1000.000000,1000.000000,1000.000000,1000.000000,NULL),(3662,4,1,2,1000.000000,1000.000000,1000.000000,1000.000000,NULL),(3664,0,1,2,1000.000000,1000.000000,1000.000000,1000.000000,NULL),(3664,1,1,2,1000.000000,1000.000000,1000.000000,1000.000000,NULL),(3664,2,1,2,1000.000000,1000.000000,1000.000000,1000.000000,NULL),(3664,3,1,2,1000.000000,1000.000000,1000.000000,1000.000000,NULL),(3664,4,1,2,1000.000000,1000.000000,1000.000000,1000.000000,NULL),(3666,0,1,2,1000.000000,1000.000000,1000.000000,1000.000000,NULL),(3666,1,1,2,1000.000000,1000.000000,1000.000000,1000.000000,NULL),(3666,2,1,2,1000.000000,1000.000000,1000.000000,1000.000000,NULL),(3666,3,1,2,1000.000000,1000.000000,1000.000000,1000.000000,NULL),(3666,4,1,2,1000.000000,1000.000000,1000.000000,1000.000000,NULL),(3669,0,1,2,3000.000000,3000.000000,3000.000000,3000.000000,NULL),(3669,1,1,2,3000.000000,3000.000000,3000.000000,3000.000000,NULL),(3669,2,1,2,3000.000000,3000.000000,3000.000000,3000.000000,NULL),(3669,3,1,2,3000.000000,3000.000000,3000.000000,3000.000000,NULL),(3669,4,1,2,3000.000000,3000.000000,3000.000000,3000.000000,NULL),(3670,0,1,2,1000.000000,1000.000000,1000.000000,1000.000000,NULL),(3670,1,1,2,1000.000000,1000.000000,1000.000000,1000.000000,NULL),(3670,2,1,2,1000.000000,1000.000000,1000.000000,1000.000000,NULL),(3670,3,1,2,1000.000000,1000.000000,1000.000000,1000.000000,NULL),(3670,4,1,2,1000.000000,1000.000000,1000.000000,1000.000000,NULL),(3671,0,1,2,3000.000000,3000.000000,3000.000000,3000.000000,NULL),(3671,1,1,2,3000.000000,3000.000000,3000.000000,3000.000000,NULL),(3671,2,1,2,3000.000000,3000.000000,3000.000000,3000.000000,NULL),(3671,3,1,2,3000.000000,3000.000000,3000.000000,3000.000000,NULL),(3671,4,1,2,3000.000000,3000.000000,3000.000000,3000.000000,NULL),(3672,0,1,2,1000.000000,1000.000000,1000.000000,1000.000000,NULL),(3672,1,1,2,1000.000000,1000.000000,1000.000000,1000.000000,NULL),(3672,2,1,2,1000.000000,1000.000000,1000.000000,1000.000000,NULL),(3672,3,1,2,1000.000000,1000.000000,1000.000000,1000.000000,NULL),(3672,4,1,2,1000.000000,1000.000000,1000.000000,1000.000000,NULL),(3673,0,1,2,1000.000000,1000.000000,1000.000000,1000.000000,NULL),(3673,1,1,2,1000.000000,1000.000000,1000.000000,1000.000000,NULL),(3673,2,1,2,1000.000000,1000.000000,1000.000000,1000.000000,NULL),(3673,3,1,2,1000.000000,1000.000000,1000.000000,1000.000000,NULL),(3673,4,1,2,1000.000000,1000.000000,1000.000000,1000.000000,NULL),(3674,0,1,2,1000.000000,1000.000000,1000.000000,1000.000000,NULL),(3674,1,1,2,1000.000000,1000.000000,1000.000000,1000.000000,NULL),(3674,2,1,2,1000.000000,1000.000000,1000.000000,1000.000000,NULL),(3674,3,1,2,1000.000000,1000.000000,1000.000000,1000.000000,NULL),(3674,4,1,2,1000.000000,1000.000000,1000.000000,1000.000000,NULL),(3675,0,1,2,1000.000000,1000.000000,1000.000000,1000.000000,NULL),(3675,1,1,2,1000.000000,1000.000000,1000.000000,1000.000000,NULL),(3675,2,1,2,1000.000000,1000.000000,1000.000000,1000.000000,NULL),(3675,3,1,2,1000.000000,1000.000000,1000.000000,1000.000000,NULL),(3675,4,1,2,1000.000000,1000.000000,1000.000000,1000.000000,NULL),(3676,0,1,2,1000.000000,1000.000000,1000.000000,1000.000000,NULL),(3676,1,1,2,1000.000000,1000.000000,1000.000000,1000.000000,NULL),(3676,2,1,2,1000.000000,1000.000000,1000.000000,1000.000000,NULL),(3676,3,1,2,1000.000000,1000.000000,1000.000000,1000.000000,NULL),(3676,4,1,2,1000.000000,1000.000000,1000.000000,1000.000000,NULL),(3677,0,1,2,1000.000000,1000.000000,1000.000000,1000.000000,NULL),(3677,1,1,2,1000.000000,1000.000000,1000.000000,1000.000000,NULL),(3677,2,1,2,1000.000000,1000.000000,1000.000000,1000.000000,NULL),(3677,3,1,2,1000.000000,1000.000000,1000.000000,1000.000000,NULL),(3677,4,1,2,1000.000000,1000.000000,1000.000000,1000.000000,NULL),(3678,0,1,2,1000.000000,1000.000000,1000.000000,1000.000000,NULL),(3678,1,1,2,1000.000000,1000.000000,1000.000000,1000.000000,NULL),(3678,2,1,2,1000.000000,1000.000000,1000.000000,1000.000000,NULL),(3678,3,1,2,1000.000000,1000.000000,1000.000000,1000.000000,NULL),(3678,4,1,2,1000.000000,1000.000000,1000.000000,1000.000000,NULL),(3679,0,1,2,1000.000000,1000.000000,1000.000000,1000.000000,NULL),(3679,1,1,2,1000.000000,1000.000000,1000.000000,1000.000000,NULL),(3679,2,1,2,1000.000000,1000.000000,1000.000000,1000.000000,NULL),(3679,3,1,2,1000.000000,1000.000000,1000.000000,1000.000000,NULL),(3679,4,1,2,1000.000000,1000.000000,1000.000000,1000.000000,NULL),(3680,0,1,2,3180.000000,3180.000000,3180.000000,3180.000000,NULL),(3680,1,1,2,3180.000000,3180.000000,3180.000000,3180.000000,NULL),(3680,2,1,2,3180.000000,3180.000000,3180.000000,3180.000000,NULL),(3680,3,1,2,3180.000000,3180.000000,3180.000000,3180.000000,NULL),(3680,4,1,2,3180.000000,3180.000000,3180.000000,3180.000000,NULL);

--
-- Table structure for table `catalog_product_index_price_tmp`
--

CREATE TABLE `catalog_product_index_price_tmp` (
  `entity_id` int(10) unsigned NOT NULL COMMENT 'Entity ID',
  `customer_group_id` int(10) unsigned NOT NULL DEFAULT '0' COMMENT 'Customer Group ID',
  `website_id` smallint(5) unsigned NOT NULL COMMENT 'Website ID',
  `tax_class_id` smallint(5) unsigned DEFAULT '0' COMMENT 'Tax Class ID',
  `price` decimal(20,6) DEFAULT NULL COMMENT 'Price',
  `final_price` decimal(20,6) DEFAULT NULL COMMENT 'Final Price',
  `min_price` decimal(20,6) DEFAULT NULL COMMENT 'Min Price',
  `max_price` decimal(20,6) DEFAULT NULL COMMENT 'Max Price',
  `tier_price` decimal(20,6) DEFAULT NULL COMMENT 'Tier Price',
  PRIMARY KEY (`entity_id`,`customer_group_id`,`website_id`),
  KEY `CATALOG_PRODUCT_INDEX_PRICE_TMP_CUSTOMER_GROUP_ID` (`customer_group_id`),
  KEY `CATALOG_PRODUCT_INDEX_PRICE_TMP_WEBSITE_ID` (`website_id`),
  KEY `CATALOG_PRODUCT_INDEX_PRICE_TMP_MIN_PRICE` (`min_price`)
) ENGINE=InnoDB DEFAULT CHARSET=utf8 COMMENT='Catalog Product Price Indexer Temp Table';

--
-- Dumping data for table `catalog_product_index_price_tmp`
--


--
-- Table structure for table `catalog_product_index_tier_price`
--

CREATE TABLE `catalog_product_index_tier_price` (
  `entity_id` int(10) unsigned NOT NULL COMMENT 'Entity ID',
  `customer_group_id` int(10) unsigned NOT NULL COMMENT 'Customer Group ID',
  `website_id` smallint(5) unsigned NOT NULL COMMENT 'Website ID',
  `min_price` decimal(20,6) DEFAULT NULL COMMENT 'Min Price',
  PRIMARY KEY (`entity_id`,`customer_group_id`,`website_id`),
  KEY `CATALOG_PRODUCT_INDEX_TIER_PRICE_CUSTOMER_GROUP_ID` (`customer_group_id`),
  KEY `CATALOG_PRODUCT_INDEX_TIER_PRICE_WEBSITE_ID` (`website_id`),
  CONSTRAINT `CAT_PRD_IDX_TIER_PRICE_CSTR_GROUP_ID_CSTR_GROUP_CSTR_GROUP_ID` FOREIGN KEY (`customer_group_id`) REFERENCES `customer_group` (`customer_group_id`) ON DELETE CASCADE,
  CONSTRAINT `CAT_PRD_IDX_TIER_PRICE_ENTT_ID_CAT_PRD_ENTT_ENTT_ID` FOREIGN KEY (`entity_id`) REFERENCES `catalog_product_entity` (`entity_id`) ON DELETE CASCADE,
  CONSTRAINT `CAT_PRD_IDX_TIER_PRICE_WS_ID_STORE_WS_WS_ID` FOREIGN KEY (`website_id`) REFERENCES `store_website` (`website_id`) ON DELETE CASCADE
) ENGINE=InnoDB DEFAULT CHARSET=utf8 COMMENT='Catalog Product Tier Price Index Table';

--
-- Dumping data for table `catalog_product_index_tier_price`
--


--
-- Table structure for table `catalog_product_index_website`
--

CREATE TABLE `catalog_product_index_website` (
  `website_id` smallint(5) unsigned NOT NULL COMMENT 'Website ID',
  `default_store_id` smallint(5) unsigned NOT NULL COMMENT 'Default store ID for website',
  `website_date` date DEFAULT NULL COMMENT 'Website Date',
  `rate` float DEFAULT '1' COMMENT 'Rate',
  PRIMARY KEY (`website_id`),
  KEY `CATALOG_PRODUCT_INDEX_WEBSITE_WEBSITE_DATE` (`website_date`),
  CONSTRAINT `CAT_PRD_IDX_WS_WS_ID_STORE_WS_WS_ID` FOREIGN KEY (`website_id`) REFERENCES `store_website` (`website_id`) ON DELETE CASCADE
) ENGINE=InnoDB DEFAULT CHARSET=utf8 COMMENT='Catalog Product Website Index Table';

--
-- Dumping data for table `catalog_product_index_website`
--

INSERT INTO `catalog_product_index_website` VALUES (1,1,'2022-10-16',1);

--
-- Table structure for table `catalog_product_link`
--

CREATE TABLE `catalog_product_link` (
  `link_id` int(10) unsigned NOT NULL AUTO_INCREMENT COMMENT 'Link ID',
  `product_id` int(10) unsigned NOT NULL DEFAULT '0' COMMENT 'Product ID',
  `linked_product_id` int(10) unsigned NOT NULL DEFAULT '0' COMMENT 'Linked Product ID',
  `link_type_id` smallint(5) unsigned NOT NULL DEFAULT '0' COMMENT 'Link Type ID',
  PRIMARY KEY (`link_id`),
  UNIQUE KEY `CATALOG_PRODUCT_LINK_LINK_TYPE_ID_PRODUCT_ID_LINKED_PRODUCT_ID` (`link_type_id`,`product_id`,`linked_product_id`),
  KEY `CATALOG_PRODUCT_LINK_PRODUCT_ID` (`product_id`),
  KEY `CATALOG_PRODUCT_LINK_LINKED_PRODUCT_ID` (`linked_product_id`),
  CONSTRAINT `CATALOG_PRODUCT_LINK_PRODUCT_ID_CATALOG_PRODUCT_ENTITY_ENTITY_ID` FOREIGN KEY (`product_id`) REFERENCES `catalog_product_entity` (`entity_id`) ON DELETE CASCADE,
  CONSTRAINT `CAT_PRD_LNK_LNKED_PRD_ID_CAT_PRD_ENTT_ENTT_ID` FOREIGN KEY (`linked_product_id`) REFERENCES `catalog_product_entity` (`entity_id`) ON DELETE CASCADE,
  CONSTRAINT `CAT_PRD_LNK_LNK_TYPE_ID_CAT_PRD_LNK_TYPE_LNK_TYPE_ID` FOREIGN KEY (`link_type_id`) REFERENCES `catalog_product_link_type` (`link_type_id`) ON DELETE CASCADE
) ENGINE=InnoDB AUTO_INCREMENT=2506 DEFAULT CHARSET=utf8 COMMENT='Catalog Product To Product Linkage Table';

--
-- Dumping data for table `catalog_product_link`
--

INSERT INTO `catalog_product_link` VALUES (2281,15,16,1),(2282,15,17,1),(2283,15,32,1),(2284,15,34,1),(2289,16,15,1),(2290,16,18,1),(2291,16,24,1),(2292,16,51,1),(2265,17,19,1),(2266,17,24,1),(2267,17,28,1),(2268,17,52,1),(2249,18,15,1),(2250,18,16,1),(2251,18,21,1),(2252,18,24,1),(2273,19,21,1),(2274,19,24,1),(2275,19,32,1),(2276,19,52,1),(2241,20,17,1),(2242,20,19,1),(2243,20,28,1),(2244,20,34,1),(2321,21,15,1),(2322,21,16,1),(2323,21,23,1),(2324,21,51,1),(2353,22,18,1),(2354,22,20,1),(2355,22,23,1),(2356,22,52,1),(2257,23,15,1),(2258,23,20,1),(2259,23,33,1),(2260,23,34,1),(2297,24,20,1),(2298,24,23,1),(2299,24,35,1),(2300,24,51,1),(2305,28,20,1),(2306,28,21,1),(2307,28,22,1),(2308,28,51,1),(2313,32,21,1),(2314,32,22,1),(2315,32,28,1),(2316,32,34,1),(2329,33,15,1),(2330,33,17,1),(2331,33,22,1),(2332,33,34,1),(2337,34,17,1),(2338,34,19,1),(2339,34,23,1),(2340,34,33,1),(2345,35,32,1),(2346,35,33,1),(2347,35,34,1),(2348,35,52,1),(1275,68,516,1),(1276,68,548,1),(1277,68,808,1),(1278,68,873,1),(1283,84,564,1),(1284,84,612,1),(1285,84,834,1),(1286,84,847,1),(1291,100,452,1),(1292,100,628,1),(1293,100,795,1),(1294,100,821,1),(1299,116,468,1),(1300,116,516,1),(1301,116,821,1),(1302,116,834,1),(1307,132,484,1),(1308,132,580,1),(1309,132,743,1),(1310,132,782,1),(1315,148,564,1),(1316,148,628,1),(1317,148,834,1),(1318,148,873,1),(1323,164,564,1),(1324,164,628,1),(1325,164,756,1),(1326,164,847,1),(1331,180,516,1),(1332,180,564,1),(1333,180,769,1),(1334,180,795,1),(1339,196,452,1),(1340,196,532,1),(1341,196,769,1),(1342,196,886,1),(1347,212,452,1),(1348,212,548,1),(1349,212,782,1),(1350,212,886,1),(1355,228,532,1),(1356,228,564,1),(1357,228,821,1),(1358,228,860,1),(1363,244,484,1),(1364,244,612,1),(1365,244,756,1),(1366,244,834,1),(1371,260,484,1),(1372,260,500,1),(1373,260,769,1),(1374,260,873,1),(1379,276,116,1),(1380,276,228,1),(1381,276,795,1),(1382,276,873,1),(1387,292,132,1),(1388,292,212,1),(1389,292,769,1),(1390,292,808,1),(1403,308,84,1),(1404,308,228,1),(1405,308,834,1),(1406,308,886,1),(1419,324,100,1),(1420,324,180,1),(1421,324,808,1),(1422,324,860,1),(1427,340,196,1),(1428,340,244,1),(1429,340,847,1),(1430,340,860,1),(1435,356,148,1),(1436,356,228,1),(1437,356,847,1),(1438,356,860,1),(1443,372,84,1),(1444,372,116,1),(1445,372,743,1),(1446,372,847,1),(1451,388,180,1),(1452,388,244,1),(1453,388,743,1),(1454,388,886,1),(1411,404,148,1),(1412,404,260,1),(1413,404,821,1),(1414,404,847,1),(1395,420,196,1),(1396,420,212,1),(1397,420,821,1),(1398,420,873,1),(1459,436,68,1),(1460,436,196,1),(1461,436,769,1),(1462,436,795,1),(1564,644,484,1),(1565,644,596,1),(1566,644,917,1),(1567,644,1021,1),(1572,660,532,1),(1573,660,612,1),(1574,660,969,1),(1575,660,995,1),(1580,676,516,1),(1581,676,628,1),(1582,676,1021,1),(1583,676,1034,1),(1588,682,516,1),(1589,682,564,1),(1590,682,917,1),(1591,682,995,1),(1596,688,484,1),(1597,688,596,1),(1598,688,904,1),(1599,688,969,1),(1604,694,452,1),(1605,694,596,1),(1606,694,943,1),(1607,694,1008,1),(1612,700,452,1),(1613,700,516,1),(1614,700,904,1),(1615,700,1034,1),(1620,706,516,1),(1621,706,628,1),(1622,706,1021,1),(1623,706,1034,1),(1628,712,612,1),(1629,712,628,1),(1630,712,917,1),(1631,712,982,1),(1636,718,548,1),(1637,718,564,1),(1638,718,899,1),(1639,718,969,1),(1644,724,468,1),(1645,724,484,1),(1646,724,982,1),(1647,724,1034,1),(1652,730,596,1),(1653,730,612,1),(1654,730,969,1),(1655,730,1021,1),(1774,899,452,1),(1775,899,484,1),(1776,899,660,1),(1777,899,682,1),(1782,904,484,1),(1783,904,532,1),(1784,904,660,1),(1785,904,688,1),(1790,917,516,1),(1791,917,596,1),(1792,917,676,1),(1793,917,706,1),(1798,930,532,1),(1799,930,548,1),(1800,930,688,1),(1801,930,718,1),(1806,943,516,1),(1807,943,532,1),(1808,943,688,1),(1809,943,694,1),(1814,956,596,1),(1815,956,612,1),(1816,956,676,1),(1817,956,694,1),(1822,969,452,1),(1823,969,548,1),(1824,969,676,1),(1825,969,706,1),(1830,982,580,1),(1831,982,596,1),(1832,982,660,1),(1833,982,730,1),(1838,995,596,1),(1839,995,628,1),(1840,995,700,1),(1841,995,724,1),(1846,1008,452,1),(1847,1008,500,1),(1848,1008,676,1),(1849,1008,730,1),(1854,1021,548,1),(1855,1021,580,1),(1856,1021,682,1),(1857,1021,706,1),(1862,1034,452,1),(1863,1034,548,1),(1864,1034,688,1),(1865,1034,694,1),(643,1050,1418,1),(644,1050,1594,1),(645,1050,1860,1),(646,1050,1881,1),(651,1066,1434,1),(652,1066,1450,1),(653,1066,1853,1),(654,1066,1888,1),(659,1082,1418,1),(660,1082,1514,1),(661,1082,1895,1),(662,1082,1909,1),(667,1098,1434,1),(668,1098,1514,1),(669,1098,1895,1),(670,1098,1902,1),(675,1114,1498,1),(676,1114,1546,1),(677,1114,1881,1),(678,1114,1895,1),(683,1120,1450,1),(684,1120,1530,1),(685,1120,1874,1),(686,1120,1888,1),(691,1136,1434,1),(692,1136,1594,1),(693,1136,1867,1),(694,1136,1909,1),(699,1152,1418,1),(700,1152,1530,1),(701,1152,1867,1),(702,1152,1888,1),(707,1168,1418,1),(708,1168,1530,1),(709,1168,1839,1),(710,1168,1895,1),(715,1184,1498,1),(716,1184,1562,1),(717,1184,1853,1),(718,1184,1874,1),(723,1200,1450,1),(724,1200,1578,1),(725,1200,1846,1),(726,1200,1853,1),(731,1216,1482,1),(732,1216,1530,1),(733,1216,1825,1),(734,1216,1895,1),(1870,1226,1114,1),(1871,1226,1184,1),(1872,1226,1825,1),(1873,1226,1839,1),(1878,1242,1098,1),(1879,1242,1136,1),(1880,1242,1888,1),(1881,1242,1895,1),(1886,1258,1120,1),(1887,1258,1184,1),(1888,1258,1846,1),(1889,1258,1881,1),(1894,1274,1152,1),(1895,1274,1184,1),(1896,1274,1867,1),(1897,1274,1909,1),(1902,1290,1114,1),(1903,1290,1152,1),(1904,1290,1846,1),(1905,1290,1881,1),(1918,1306,1136,1),(1919,1306,1200,1),(1920,1306,1853,1),(1921,1306,1888,1),(1926,1322,1050,1),(1927,1322,1120,1),(1928,1322,1860,1),(1929,1322,1909,1),(1934,1338,1136,1),(1935,1338,1152,1),(1936,1338,1853,1),(1937,1338,1867,1),(1942,1354,1050,1),(1943,1354,1098,1),(1944,1354,1184,1),(1945,1354,1846,1),(1946,1354,1895,1),(1951,1370,1066,1),(1952,1370,1152,1),(1953,1370,1839,1),(1954,1370,1881,1),(1910,1386,1082,1),(1911,1386,1136,1),(1912,1386,1867,1),(1913,1386,1881,1),(1959,1402,1066,1),(1960,1402,1082,1),(1961,1402,1832,1),(1962,1402,1860,1),(943,1610,1546,1),(944,1610,1578,1),(945,1610,1941,1),(946,1610,1973,1),(951,1626,1450,1),(952,1626,1578,1),(953,1626,1973,1),(954,1626,2023,1),(959,1642,1482,1),(960,1642,1594,1),(961,1642,2023,1),(962,1642,2030,1),(967,1658,1418,1),(968,1658,1562,1),(969,1658,2009,1),(970,1658,2046,1),(975,1674,1418,1),(976,1674,1482,1),(977,1674,1973,1),(978,1674,2023,1),(983,1690,1418,1),(984,1690,1434,1),(985,1690,1925,1),(986,1690,2046,1),(991,1706,1482,1),(992,1706,1498,1),(993,1706,1996,1),(994,1706,2009,1),(999,1722,1498,1),(1000,1722,1530,1),(1001,1722,2016,1),(1002,1722,2046,1),(1007,1738,1546,1),(1008,1738,1578,1),(1009,1738,1957,1),(1010,1738,2046,1),(1015,1754,1418,1),(1016,1754,1450,1),(1017,1754,1925,1),(1018,1754,1996,1),(1023,1770,1498,1),(1024,1770,1578,1),(1025,1770,1925,1),(1026,1770,1957,1),(1031,1786,1434,1),(1032,1786,1594,1),(1033,1786,1941,1),(1034,1786,1989,1),(1039,1802,1530,1),(1040,1802,1562,1),(1041,1802,1996,1),(1042,1802,2030,1),(1047,1818,1418,1),(1048,1818,1482,1),(1049,1818,2016,1),(1050,1818,2023,1),(1179,1925,1514,1),(1180,1925,1546,1),(1181,1925,1674,1),(1182,1925,1786,1),(1187,1941,1466,1),(1188,1941,1578,1),(1189,1941,1722,1),(1190,1941,1754,1),(1195,1957,1530,1),(1196,1957,1578,1),(1197,1957,1658,1),(1198,1957,1786,1),(1203,1973,1434,1),(1204,1973,1514,1),(1205,1973,1626,1),(1206,1973,1738,1),(2420,1989,1466,1),(2421,1989,1482,1),(2422,1989,1610,1),(2423,1989,1786,1),(1219,1996,1466,1),(1220,1996,1642,1),(1221,1996,1722,1),(1222,1996,1738,1),(1227,2003,1514,1),(1228,2003,1594,1),(1229,2003,1658,1),(1230,2003,1754,1),(1235,2009,1514,1),(1236,2009,1546,1),(1237,2009,1626,1),(1238,2009,1770,1),(1243,2016,1514,1),(1244,2016,1546,1),(1245,2016,1722,1),(1246,2016,1754,1),(1251,2023,1530,1),(1252,2023,1562,1),(1253,2023,1674,1),(1254,2023,1722,1),(1259,2030,1418,1),(1260,2030,1562,1),(1261,2030,1626,1),(1262,2030,1722,1),(1267,2046,1434,1),(1268,2046,1514,1),(1269,2046,1770,1),(1270,2046,1818,1),(1,51,33,3),(2,51,34,3),(3,51,35,3),(2432,1,3,4),(2433,1,4,4),(2434,1,5,4),(2435,1,6,4),(2436,1,7,4),(2437,1,12,4),(2438,1,13,4),(2439,1,14,4),(2133,2,1,4),(2134,2,3,4),(2135,2,4,4),(2136,2,5,4),(2137,2,6,4),(2138,2,7,4),(2139,2,11,4),(2140,2,12,4),(2141,2,13,4),(2142,2,14,4),(2123,3,4,4),(2124,3,5,4),(2125,3,6,4),(2126,3,7,4),(2127,3,13,4),(2128,3,14,4),(2147,4,6,4),(2148,4,7,4),(2153,5,6,4),(2154,5,7,4),(2118,6,7,4),(2163,8,1,4),(2164,8,3,4),(2165,8,4,4),(2166,8,5,4),(2167,8,6,4),(2168,8,7,4),(2169,8,11,4),(2170,8,12,4),(2171,8,13,4),(2172,8,14,4),(2177,9,1,4),(2178,9,3,4),(2179,9,4,4),(2180,9,5,4),(2181,9,6,4),(2182,9,7,4),(2183,9,11,4),(2184,9,12,4),(2185,9,13,4),(2186,9,14,4),(2444,10,1,4),(2445,10,3,4),(2446,10,4,4),(2447,10,5,4),(2448,10,6,4),(2449,10,7,4),(2450,10,11,4),(2451,10,12,4),(2452,10,13,4),(2453,10,14,4),(2222,11,1,4),(2223,11,3,4),(2224,11,4,4),(2225,11,5,4),(2226,11,6,4),(2227,11,7,4),(2228,11,12,4),(2229,11,13,4),(2230,11,14,4),(2191,12,3,4),(2192,12,4,4),(2193,12,5,4),(2194,12,6,4),(2195,12,7,4),(2196,12,13,4),(2197,12,14,4),(2235,13,6,4),(2236,13,7,4),(2202,14,6,4),(2203,14,7,4),(1496,452,484,4),(1497,452,612,4),(1498,452,628,4),(1503,468,452,4),(1504,468,484,4),(1505,468,516,4),(1506,468,532,4),(1507,468,548,4),(1508,468,612,4),(1509,468,628,4),(1529,484,612,4),(1530,484,628,4),(1546,500,452,4),(1547,500,484,4),(1548,500,516,4),(1549,500,532,4),(1550,500,548,4),(1551,500,612,4),(1552,500,628,4),(1557,516,484,4),(1558,516,612,4),(1559,516,628,4),(1489,532,484,4),(1490,532,612,4),(1491,532,628,4),(1514,548,484,4),(1515,548,612,4),(1516,548,628,4),(1467,564,452,4),(1468,564,484,4),(1469,564,516,4),(1470,564,532,4),(1471,564,548,4),(1472,564,612,4),(1473,564,628,4),(1478,580,452,4),(1479,580,484,4),(1480,580,516,4),(1481,580,532,4),(1482,580,548,4),(1483,580,612,4),(1484,580,628,4),(1535,596,452,4),(1536,596,484,4),(1537,596,516,4),(1538,596,532,4),(1539,596,548,4),(1540,596,612,4),(1541,596,628,4),(1660,743,756,4),(1661,743,769,4),(1662,743,782,4),(1663,743,795,4),(1664,743,821,4),(1665,743,834,4),(1666,743,847,4),(1667,743,860,4),(1668,743,873,4),(1669,743,886,4),(1674,756,769,4),(1675,756,795,4),(1676,756,821,4),(1677,756,834,4),(1678,756,847,4),(1679,756,860,4),(1680,756,873,4),(1681,756,886,4),(1686,769,795,4),(1687,769,821,4),(1688,769,834,4),(1689,769,847,4),(1690,769,860,4),(1691,769,873,4),(1696,782,756,4),(1697,782,769,4),(1698,782,795,4),(1699,782,821,4),(1700,782,834,4),(1701,782,847,4),(1702,782,860,4),(1703,782,873,4),(1704,782,886,4),(1709,795,821,4),(1710,795,834,4),(1711,795,847,4),(1712,795,860,4),(1713,795,873,4),(1718,808,743,4),(1719,808,756,4),(1720,808,769,4),(1721,808,782,4),(1722,808,795,4),(1723,808,821,4),(1724,808,834,4),(1725,808,847,4),(1726,808,860,4),(1727,808,873,4),(1728,808,886,4),(1733,821,834,4),(1734,821,847,4),(1735,821,873,4),(1744,847,834,4),(1749,860,821,4),(1750,860,834,4),(1751,860,847,4),(1752,860,873,4),(1757,873,834,4),(1758,873,847,4),(1763,886,769,4),(1764,886,795,4),(1765,886,821,4),(1766,886,834,4),(1767,886,847,4),(1768,886,860,4),(1769,886,873,4),(848,1418,1434,4),(849,1418,1450,4),(850,1418,1466,4),(851,1418,1482,4),(852,1418,1530,4),(857,1434,1482,4),(858,1434,1530,4),(863,1450,1482,4),(864,1450,1530,4),(881,1466,1482,4),(882,1466,1530,4),(891,1498,1418,4),(892,1498,1434,4),(893,1498,1450,4),(894,1498,1466,4),(895,1498,1482,4),(896,1498,1530,4),(897,1498,1546,4),(902,1514,1418,4),(903,1514,1434,4),(904,1514,1450,4),(905,1514,1466,4),(906,1514,1482,4),(907,1514,1498,4),(908,1514,1530,4),(909,1514,1546,4),(914,1530,1482,4),(919,1546,1434,4),(920,1546,1450,4),(921,1546,1466,4),(922,1546,1482,4),(923,1546,1530,4),(928,1562,1418,4),(929,1562,1434,4),(930,1562,1450,4),(931,1562,1466,4),(932,1562,1482,4),(933,1562,1498,4),(934,1562,1514,4),(935,1562,1530,4),(936,1562,1546,4),(937,1562,1578,4),(938,1562,1594,4),(836,1578,1418,4),(837,1578,1434,4),(838,1578,1450,4),(839,1578,1466,4),(840,1578,1482,4),(841,1578,1498,4),(842,1578,1530,4),(843,1578,1546,4),(869,1594,1418,4),(870,1594,1434,4),(871,1594,1450,4),(872,1594,1466,4),(873,1594,1482,4),(874,1594,1498,4),(875,1594,1530,4),(876,1594,1546,4),(1055,1825,1832,4),(1056,1825,1839,4),(1057,1825,1846,4),(1058,1825,1853,4),(1059,1825,1860,4),(1060,1825,1867,4),(1061,1825,1874,4),(1062,1825,1881,4),(1063,1825,1888,4),(1064,1825,1895,4),(1065,1825,1902,4),(1066,1825,1909,4),(1071,1832,1839,4),(1072,1832,1846,4),(1073,1832,1853,4),(1074,1832,1860,4),(1075,1832,1867,4),(1076,1832,1874,4),(1077,1832,1881,4),(1078,1832,1888,4),(1079,1832,1902,4),(1080,1832,1909,4),(1085,1839,1846,4),(1086,1839,1853,4),(1087,1839,1860,4),(1088,1839,1881,4),(1089,1839,1888,4),(1090,1839,1902,4),(1091,1839,1909,4),(1104,1860,1846,4),(1105,1860,1853,4),(1106,1860,1902,4),(1111,1867,1846,4),(1112,1867,1853,4),(1113,1867,1860,4),(1114,1867,1881,4),(1115,1867,1888,4),(1116,1867,1902,4),(1117,1867,1909,4),(1122,1874,1846,4),(1123,1874,1853,4),(1124,1874,1860,4),(1125,1874,1881,4),(1126,1874,1888,4),(1127,1874,1902,4),(1128,1874,1909,4),(1133,1881,1846,4),(1134,1881,1853,4),(1135,1881,1860,4),(1136,1881,1902,4),(1141,1888,1846,4),(1142,1888,1853,4),(1143,1888,1860,4),(1144,1888,1902,4),(1149,1895,1839,4),(1150,1895,1846,4),(1151,1895,1853,4),(1152,1895,1860,4),(1153,1895,1867,4),(1154,1895,1874,4),(1155,1895,1881,4),(1156,1895,1888,4),(1157,1895,1902,4),(1158,1895,1909,4),(1163,1902,1846,4),(1164,1902,1853,4),(1169,1909,1846,4),(1170,1909,1853,4),(1171,1909,1860,4),(1172,1909,1881,4),(1173,1909,1888,4),(1174,1909,1902,4),(2499,3539,3,4),(2500,3539,4,4),(2501,3539,5,4),(2498,3539,6,4),(2502,3539,7,4),(2503,3539,12,4),(2505,3539,13,4),(2504,3539,14,4),(2428,1,20,5),(2429,1,32,5),(2430,1,34,5),(2431,1,51,5),(2146,2,17,5),(2144,2,19,5),(2143,2,23,5),(2145,2,52,5),(2129,3,15,5),(2132,3,18,5),(2130,3,21,5),(2131,3,35,5),(2149,4,17,5),(2150,4,22,5),(2152,4,24,5),(2151,4,35,5),(2155,5,16,5),(2156,5,35,5),(2158,5,51,5),(2157,5,52,5),(2121,6,17,5),(2119,6,18,5),(2122,6,19,5),(2120,6,23,5),(2161,7,15,5),(2162,7,18,5),(2159,7,22,5),(2160,7,51,5),(2173,8,16,5),(2174,8,28,5),(2175,8,35,5),(2176,8,51,5),(2188,9,20,5),(2189,9,21,5),(2187,9,22,5),(2190,9,28,5),(2440,10,22,5),(2441,10,28,5),(2442,10,33,5),(2443,10,35,5),(2234,11,18,5),(2231,11,21,5),(2233,11,32,5),(2232,11,51,5),(2199,12,21,5),(2198,12,23,5),(2201,12,33,5),(2200,12,35,5),(2239,13,15,5),(2240,13,18,5),(2238,13,32,5),(2237,13,51,5),(2207,14,15,5),(2206,14,18,5),(2205,14,19,5),(2204,14,28,5),(2287,15,16,5),(2288,15,23,5),(2286,15,35,5),(2285,15,52,5),(2296,16,22,5),(2293,16,24,5),(2295,16,28,5),(2294,16,33,5),(2270,17,20,5),(2271,17,22,5),(2272,17,23,5),(2269,17,28,5),(2253,18,20,5),(2255,18,33,5),(2254,18,34,5),(2256,18,51,5),(2277,19,20,5),(2278,19,21,5),(2279,19,34,5),(2280,19,52,5),(2246,20,15,5),(2248,20,22,5),(2245,20,24,5),(2247,20,52,5),(2328,21,23,5),(2326,21,24,5),(2325,21,32,5),(2327,21,52,5),(2360,22,15,5),(2358,22,20,5),(2357,22,23,5),(2359,22,51,5),(2261,23,17,5),(2263,23,20,5),(2264,23,51,5),(2262,23,52,5),(2304,24,19,5),(2302,24,22,5),(2303,24,34,5),(2301,24,51,5),(2309,28,15,5),(2311,28,18,5),(2310,28,21,5),(2312,28,34,5),(2320,32,21,5),(2317,32,22,5),(2318,32,28,5),(2319,32,34,5),(2335,33,15,5),(2336,33,16,5),(2333,33,24,5),(2334,33,51,5),(2342,34,15,5),(2343,34,18,5),(2341,34,21,5),(2344,34,52,5),(2352,35,20,5),(2351,35,24,5),(2350,35,33,5),(2349,35,52,5),(1282,68,15,5),(1279,68,24,5),(1280,68,51,5),(1281,68,52,5),(1290,84,21,5),(1289,84,32,5),(1288,84,51,5),(1287,84,52,5),(1298,100,15,5),(1295,100,33,5),(1297,100,34,5),(1296,100,35,5),(1305,116,17,5),(1304,116,20,5),(1303,116,24,5),(1306,116,34,5),(1311,132,18,5),(1313,132,32,5),(1314,132,34,5),(1312,132,52,5),(1322,148,15,5),(1320,148,17,5),(1319,148,32,5),(1321,148,33,5),(1327,164,15,5),(1328,164,16,5),(1329,164,22,5),(1330,164,52,5),(1337,180,15,5),(1336,180,16,5),(1338,180,23,5),(1335,180,24,5),(1346,196,18,5),(1343,196,21,5),(1345,196,28,5),(1344,196,35,5),(1352,212,20,5),(1351,212,22,5),(1353,212,28,5),(1354,212,34,5),(1359,228,15,5),(1362,228,19,5),(1361,228,23,5),(1360,228,51,5),(1367,244,15,5),(1368,244,28,5),(1369,244,32,5),(1370,244,35,5),(1376,260,18,5),(1375,260,23,5),(1378,260,24,5),(1377,260,34,5),(1385,276,16,5),(1386,276,17,5),(1383,276,28,5),(1384,276,34,5),(1393,292,20,5),(1392,292,22,5),(1394,292,24,5),(1391,292,28,5),(1409,308,20,5),(1407,308,21,5),(1410,308,33,5),(1408,308,51,5),(1425,324,21,5),(1424,324,34,5),(1426,324,35,5),(1423,324,52,5),(1433,340,15,5),(1432,340,32,5),(1431,340,33,5),(1434,340,51,5),(1439,356,15,5),(1440,356,16,5),(1441,356,24,5),(1442,356,34,5),(1450,372,16,5),(1448,372,18,5),(1447,372,21,5),(1449,372,34,5),(1455,388,15,5),(1456,388,20,5),(1457,388,22,5),(1458,388,23,5),(1415,404,21,5),(1417,404,33,5),(1418,404,34,5),(1416,404,51,5),(1401,420,15,5),(1400,420,18,5),(1399,420,32,5),(1402,420,33,5),(1466,436,16,5),(1464,436,24,5),(1465,436,32,5),(1463,436,33,5),(1499,452,15,5),(1500,452,23,5),(1501,452,28,5),(1502,452,32,5),(1511,468,15,5),(1513,468,17,5),(1512,468,23,5),(1510,468,28,5),(1532,484,20,5),(1531,484,21,5),(1533,484,35,5),(1534,484,51,5),(1553,500,15,5),(1554,500,23,5),(1556,500,24,5),(1555,500,32,5),(1560,516,16,5),(1562,516,22,5),(1563,516,28,5),(1561,516,32,5),(1493,532,15,5),(1495,532,18,5),(1492,532,35,5),(1494,532,51,5),(1520,548,18,5),(1517,548,19,5),(1519,548,20,5),(1518,548,35,5),(1474,564,15,5),(1477,564,16,5),(1476,564,19,5),(1475,564,34,5),(1488,580,15,5),(1487,580,16,5),(1485,580,23,5),(1486,580,24,5),(1542,596,20,5),(1543,596,22,5),(1544,596,34,5),(1545,596,51,5),(1521,612,19,5),(1524,612,20,5),(1522,612,32,5),(1523,612,33,5),(1525,628,20,5),(1528,628,28,5),(1526,628,32,5),(1527,628,51,5),(1570,644,20,5),(1571,644,22,5),(1568,644,24,5),(1569,644,51,5),(1576,660,15,5),(1579,660,17,5),(1577,660,22,5),(1578,660,35,5),(1586,676,15,5),(1584,676,16,5),(1587,676,20,5),(1585,676,32,5),(1592,682,16,5),(1595,682,19,5),(1593,682,32,5),(1594,682,33,5),(1603,688,23,5),(1600,688,24,5),(1602,688,35,5),(1601,688,52,5),(1611,694,15,5),(1609,694,16,5),(1610,694,32,5),(1608,694,52,5),(1617,700,22,5),(1619,700,28,5),(1618,700,34,5),(1616,700,51,5),(1624,706,16,5),(1625,706,22,5),(1627,706,32,5),(1626,706,33,5),(1632,712,15,5),(1635,712,17,5),(1633,712,19,5),(1634,712,23,5),(1641,718,16,5),(1640,718,17,5),(1643,718,23,5),(1642,718,35,5),(1650,724,21,5),(1651,724,23,5),(1648,724,24,5),(1649,724,32,5),(1658,730,15,5),(1659,730,17,5),(1657,730,22,5),(1656,730,51,5),(1671,743,16,5),(1670,743,18,5),(1673,743,22,5),(1672,743,35,5),(1682,756,17,5),(1685,756,18,5),(1684,756,23,5),(1683,756,51,5),(1692,769,15,5),(1695,769,22,5),(1693,769,24,5),(1694,769,33,5),(1708,782,19,5),(1705,782,23,5),(1706,782,32,5),(1707,782,33,5),(1714,795,15,5),(1717,795,28,5),(1716,795,34,5),(1715,795,35,5),(1731,808,15,5),(1732,808,17,5),(1730,808,21,5),(1729,808,22,5),(1739,821,23,5),(1736,821,24,5),(1737,821,34,5),(1738,821,52,5),(1742,834,15,5),(1740,834,16,5),(1741,834,24,5),(1743,834,35,5),(1746,847,18,5),(1748,847,19,5),(1747,847,24,5),(1745,847,28,5),(1753,860,15,5),(1755,860,24,5),(1756,860,33,5),(1754,860,52,5),(1762,873,15,5),(1761,873,17,5),(1759,873,20,5),(1760,873,33,5),(1771,886,15,5),(1772,886,19,5),(1770,886,21,5),(1773,886,52,5),(1780,899,17,5),(1781,899,22,5),(1779,899,23,5),(1778,899,52,5),(1786,904,17,5),(1788,904,18,5),(1789,904,21,5),(1787,904,34,5),(1797,917,15,5),(1795,917,18,5),(1794,917,19,5),(1796,917,32,5),(1803,930,15,5),(1804,930,19,5),(1805,930,20,5),(1802,930,52,5),(1812,943,15,5),(1811,943,20,5),(1810,943,22,5),(1813,943,28,5),(1818,956,18,5),(1821,956,19,5),(1820,956,23,5),(1819,956,32,5),(1827,969,15,5),(1828,969,20,5),(1826,969,23,5),(1829,969,33,5),(1834,982,15,5),(1836,982,16,5),(1837,982,22,5),(1835,982,23,5),(1843,995,18,5),(1844,995,19,5),(1845,995,22,5),(1842,995,28,5),(1850,1008,15,5),(1853,1008,16,5),(1851,1008,17,5),(1852,1008,51,5),(1859,1021,15,5),(1858,1021,19,5),(1861,1021,32,5),(1860,1021,35,5),(1869,1034,15,5),(1868,1034,17,5),(1866,1034,20,5),(1867,1034,52,5),(647,1050,15,5),(649,1050,18,5),(648,1050,21,5),(650,1050,32,5),(657,1066,21,5),(658,1066,32,5),(656,1066,33,5),(655,1066,52,5),(666,1082,15,5),(663,1082,19,5),(665,1082,32,5),(664,1082,51,5),(673,1098,15,5),(671,1098,18,5),(674,1098,28,5),(672,1098,35,5),(679,1114,24,5),(681,1114,28,5),(680,1114,35,5),(682,1114,52,5),(689,1120,18,5),(690,1120,28,5),(687,1120,32,5),(688,1120,52,5),(695,1136,21,5),(696,1136,24,5),(697,1136,34,5),(698,1136,35,5),(704,1152,20,5),(705,1152,23,5),(703,1152,32,5),(706,1152,34,5),(712,1168,17,5),(714,1168,28,5),(713,1168,33,5),(711,1168,35,5),(719,1184,20,5),(720,1184,32,5),(721,1184,35,5),(722,1184,52,5),(729,1200,20,5),(727,1200,23,5),(728,1200,24,5),(730,1200,33,5),(735,1216,15,5),(738,1216,19,5),(737,1216,22,5),(736,1216,51,5),(1874,1226,18,5),(1875,1226,19,5),(1876,1226,21,5),(1877,1226,23,5),(1882,1242,15,5),(1883,1242,17,5),(1884,1242,34,5),(1885,1242,35,5),(1890,1258,28,5),(1891,1258,33,5),(1892,1258,34,5),(1893,1258,35,5),(1898,1274,28,5),(1899,1274,32,5),(1900,1274,33,5),(1901,1274,35,5),(1906,1290,15,5),(1907,1290,17,5),(1908,1290,21,5),(1909,1290,35,5),(1922,1306,15,5),(1923,1306,19,5),(1924,1306,22,5),(1925,1306,51,5),(1930,1322,17,5),(1931,1322,18,5),(1932,1322,32,5),(1933,1322,34,5),(1938,1338,21,5),(1939,1338,22,5),(1940,1338,24,5),(1941,1338,51,5),(1947,1354,16,5),(1948,1354,19,5),(1949,1354,22,5),(1950,1354,23,5),(1955,1370,18,5),(1956,1370,19,5),(1957,1370,24,5),(1958,1370,35,5),(1914,1386,15,5),(1915,1386,16,5),(1916,1386,20,5),(1917,1386,35,5),(1963,1402,18,5),(1964,1402,21,5),(1965,1402,22,5),(1966,1402,51,5),(855,1418,16,5),(856,1418,19,5),(854,1418,21,5),(853,1418,28,5),(861,1434,24,5),(860,1434,32,5),(859,1434,33,5),(862,1434,51,5),(866,1450,15,5),(865,1450,18,5),(868,1450,28,5),(867,1450,35,5),(884,1466,15,5),(886,1466,20,5),(885,1466,28,5),(883,1466,52,5),(889,1482,17,5),(887,1482,22,5),(888,1482,24,5),(890,1482,32,5),(898,1498,15,5),(901,1498,28,5),(900,1498,33,5),(899,1498,35,5),(911,1514,17,5),(912,1514,24,5),(913,1514,28,5),(910,1514,51,5),(917,1530,22,5),(918,1530,23,5),(915,1530,24,5),(916,1530,51,5),(926,1546,15,5),(925,1546,18,5),(924,1546,22,5),(927,1546,28,5),(940,1562,15,5),(941,1562,16,5),(942,1562,21,5),(939,1562,35,5),(844,1578,22,5),(846,1578,23,5),(847,1578,28,5),(845,1578,51,5),(880,1594,16,5),(879,1594,17,5),(878,1594,21,5),(877,1594,35,5),(949,1610,16,5),(947,1610,20,5),(948,1610,24,5),(950,1610,35,5),(957,1626,15,5),(956,1626,16,5),(958,1626,33,5),(955,1626,35,5),(966,1642,18,5),(965,1642,28,5),(963,1642,33,5),(964,1642,35,5),(974,1658,15,5),(972,1658,17,5),(973,1658,19,5),(971,1658,23,5),(982,1674,19,5),(980,1674,22,5),(981,1674,32,5),(979,1674,33,5),(987,1690,15,5),(989,1690,16,5),(988,1690,24,5),(990,1690,28,5),(997,1706,20,5),(995,1706,22,5),(996,1706,33,5),(998,1706,52,5),(1003,1722,18,5),(1006,1722,21,5),(1005,1722,22,5),(1004,1722,32,5),(1011,1738,15,5),(1014,1738,17,5),(1012,1738,21,5),(1013,1738,32,5),(1021,1754,16,5),(1022,1754,23,5),(1020,1754,33,5),(1019,1754,51,5),(1029,1770,15,5),(1027,1770,19,5),(1028,1770,20,5),(1030,1770,32,5),(1038,1786,15,5),(1036,1786,20,5),(1037,1786,23,5),(1035,1786,51,5),(1046,1802,15,5),(1045,1802,16,5),(1043,1802,18,5),(1044,1802,35,5),(1054,1818,16,5),(1051,1818,17,5),(1052,1818,21,5),(1053,1818,32,5),(1067,1825,17,5),(1069,1825,20,5),(1068,1825,21,5),(1070,1825,28,5),(1082,1832,15,5),(1084,1832,22,5),(1083,1832,34,5),(1081,1832,35,5),(1095,1839,15,5),(1092,1839,16,5),(1093,1839,18,5),(1094,1839,23,5),(1099,1846,16,5),(1096,1846,17,5),(1098,1846,21,5),(1097,1846,33,5),(1102,1853,15,5),(1100,1853,20,5),(1103,1853,28,5),(1101,1853,32,5),(1108,1860,18,5),(1110,1860,21,5),(1107,1860,23,5),(1109,1860,24,5),(1118,1867,15,5),(1119,1867,20,5),(1121,1867,21,5),(1120,1867,28,5),(1129,1874,15,5),(1130,1874,19,5),(1131,1874,21,5),(1132,1874,22,5),(1140,1881,16,5),(1138,1881,17,5),(1139,1881,21,5),(1137,1881,24,5),(1145,1888,15,5),(1146,1888,20,5),(1148,1888,33,5),(1147,1888,35,5),(1161,1895,17,5),(1159,1895,19,5),(1160,1895,21,5),(1162,1895,23,5),(1166,1902,15,5),(1167,1902,18,5),(1168,1902,32,5),(1165,1902,52,5),(1178,1909,15,5),(1175,1909,16,5),(1177,1909,23,5),(1176,1909,32,5),(1185,1925,18,5),(1184,1925,20,5),(1183,1925,23,5),(1186,1925,33,5),(1191,1941,20,5),(1192,1941,24,5),(1194,1941,28,5),(1193,1941,34,5),(1202,1957,17,5),(1200,1957,22,5),(1201,1957,32,5),(1199,1957,34,5),(1209,1973,19,5),(1210,1973,22,5),(1207,1973,33,5),(1208,1973,52,5),(2424,1989,15,5),(2425,1989,16,5),(2426,1989,19,5),(2427,1989,32,5),(1225,1996,17,5),(1224,1996,23,5),(1223,1996,24,5),(1226,1996,52,5),(1232,2003,15,5),(1231,2003,19,5),(1233,2003,23,5),(1234,2003,35,5),(1240,2009,19,5),(1242,2009,32,5),(1241,2009,35,5),(1239,2009,52,5),(1248,2016,20,5),(1250,2016,34,5),(1247,2016,35,5),(1249,2016,51,5),(1255,2023,15,5),(1256,2023,16,5),(1257,2023,17,5),(1258,2023,20,5),(1266,2030,15,5),(1265,2030,17,5),(1264,2030,20,5),(1263,2030,32,5),(1272,2046,19,5),(1273,2046,21,5),(1274,2046,32,5),(1271,2046,33,5),(2496,3539,20,5),(2495,3539,32,5),(2494,3539,34,5),(2497,3539,51,5);

--
-- Table structure for table `catalog_product_link_attribute`
--

CREATE TABLE `catalog_product_link_attribute` (
  `product_link_attribute_id` smallint(5) unsigned NOT NULL AUTO_INCREMENT COMMENT 'Product Link Attribute ID',
  `link_type_id` smallint(5) unsigned NOT NULL DEFAULT '0' COMMENT 'Link Type ID',
  `product_link_attribute_code` varchar(32) DEFAULT NULL COMMENT 'Product Link Attribute Code',
  `data_type` varchar(32) DEFAULT NULL COMMENT 'Data Type',
  PRIMARY KEY (`product_link_attribute_id`),
  KEY `CATALOG_PRODUCT_LINK_ATTRIBUTE_LINK_TYPE_ID` (`link_type_id`),
  CONSTRAINT `CAT_PRD_LNK_ATTR_LNK_TYPE_ID_CAT_PRD_LNK_TYPE_LNK_TYPE_ID` FOREIGN KEY (`link_type_id`) REFERENCES `catalog_product_link_type` (`link_type_id`) ON DELETE CASCADE
) ENGINE=InnoDB AUTO_INCREMENT=6 DEFAULT CHARSET=utf8 COMMENT='Catalog Product Link Attribute Table';

--
-- Dumping data for table `catalog_product_link_attribute`
--

INSERT INTO `catalog_product_link_attribute` VALUES (1,1,'position','int'),(2,4,'position','int'),(3,5,'position','int'),(4,3,'position','int'),(5,3,'qty','decimal');

--
-- Table structure for table `catalog_product_link_attribute_decimal`
--

CREATE TABLE `catalog_product_link_attribute_decimal` (
  `value_id` int(10) unsigned NOT NULL AUTO_INCREMENT COMMENT 'Value ID',
  `product_link_attribute_id` smallint(5) unsigned DEFAULT NULL COMMENT 'Product Link Attribute ID',
  `link_id` int(10) unsigned NOT NULL COMMENT 'Link ID',
  `value` decimal(20,6) NOT NULL DEFAULT '0.000000' COMMENT 'Value',
  PRIMARY KEY (`value_id`),
  UNIQUE KEY `CAT_PRD_LNK_ATTR_DEC_PRD_LNK_ATTR_ID_LNK_ID` (`product_link_attribute_id`,`link_id`),
  KEY `CATALOG_PRODUCT_LINK_ATTRIBUTE_DECIMAL_LINK_ID` (`link_id`),
  CONSTRAINT `CAT_PRD_LNK_ATTR_DEC_LNK_ID_CAT_PRD_LNK_LNK_ID` FOREIGN KEY (`link_id`) REFERENCES `catalog_product_link` (`link_id`) ON DELETE CASCADE,
  CONSTRAINT `FK_AB2EFA9A14F7BCF1D5400056203D14B6` FOREIGN KEY (`product_link_attribute_id`) REFERENCES `catalog_product_link_attribute` (`product_link_attribute_id`) ON DELETE CASCADE
) ENGINE=InnoDB AUTO_INCREMENT=4 DEFAULT CHARSET=utf8 COMMENT='Catalog Product Link Decimal Attribute Table';

--
-- Dumping data for table `catalog_product_link_attribute_decimal`
--

INSERT INTO `catalog_product_link_attribute_decimal` VALUES (1,5,1,0.000000),(2,5,2,0.000000),(3,5,3,0.000000);

--
-- Table structure for table `catalog_product_link_attribute_int`
--

CREATE TABLE `catalog_product_link_attribute_int` (
  `value_id` int(10) unsigned NOT NULL AUTO_INCREMENT COMMENT 'Value ID',
  `product_link_attribute_id` smallint(5) unsigned DEFAULT NULL COMMENT 'Product Link Attribute ID',
  `link_id` int(10) unsigned NOT NULL COMMENT 'Link ID',
  `value` int(11) NOT NULL DEFAULT '0' COMMENT 'Value',
  PRIMARY KEY (`value_id`),
  UNIQUE KEY `CAT_PRD_LNK_ATTR_INT_PRD_LNK_ATTR_ID_LNK_ID` (`product_link_attribute_id`,`link_id`),
  KEY `CATALOG_PRODUCT_LINK_ATTRIBUTE_INT_LINK_ID` (`link_id`),
  CONSTRAINT `CAT_PRD_LNK_ATTR_INT_LNK_ID_CAT_PRD_LNK_LNK_ID` FOREIGN KEY (`link_id`) REFERENCES `catalog_product_link` (`link_id`) ON DELETE CASCADE,
  CONSTRAINT `FK_D6D878F8BA2A4282F8DDED7E6E3DE35C` FOREIGN KEY (`product_link_attribute_id`) REFERENCES `catalog_product_link_attribute` (`product_link_attribute_id`) ON DELETE CASCADE
) ENGINE=InnoDB AUTO_INCREMENT=4003 DEFAULT CHARSET=utf8 COMMENT='Catalog Product Link Integer Attribute Table';

--
-- Dumping data for table `catalog_product_link_attribute_int`
--

INSERT INTO `catalog_product_link_attribute_int` VALUES (1,4,1,1),(2,4,2,2),(3,4,3,3),(646,1,643,2),(647,1,644,3),(648,1,645,1),(649,1,646,4),(650,3,647,1),(651,3,648,2),(652,3,649,3),(653,3,650,4),(654,1,651,2),(655,1,652,4),(656,1,653,3),(657,1,654,1),(658,3,655,1),(659,3,656,2),(660,3,657,3),(661,3,658,4),(662,1,659,3),(663,1,660,4),(664,1,661,1),(665,1,662,2),(666,3,663,1),(667,3,664,2),(668,3,665,3),(669,3,666,4),(670,1,667,3),(671,1,668,2),(672,1,669,4),(673,1,670,1),(674,3,671,1),(675,3,672,2),(676,3,673,3),(677,3,674,4),(678,1,675,2),(679,1,676,1),(680,1,677,4),(681,1,678,3),(682,3,679,1),(683,3,680,2),(684,3,681,3),(685,3,682,4),(686,1,683,2),(687,1,684,3),(688,1,685,4),(689,1,686,1),(690,3,687,1),(691,3,688,2),(692,3,689,3),(693,3,690,4),(694,1,691,3),(695,1,692,4),(696,1,693,2),(697,1,694,1),(698,3,695,1),(699,3,696,2),(700,3,697,3),(701,3,698,4),(702,1,699,4),(703,1,700,2),(704,1,701,3),(705,1,702,1),(706,3,703,1),(707,3,704,2),(708,3,705,3),(709,3,706,4),(710,1,707,4),(711,1,708,3),(712,1,709,1),(713,1,710,2),(714,3,711,1),(715,3,712,2),(716,3,713,3),(717,3,714,4),(718,1,715,1),(719,1,716,3),(720,1,717,2),(721,1,718,4),(722,3,719,1),(723,3,720,2),(724,3,721,3),(725,3,722,4),(726,1,723,4),(727,1,724,1),(728,1,725,2),(729,1,726,3),(730,3,727,1),(731,3,728,2),(732,3,729,3),(733,3,730,4),(734,1,731,2),(735,1,732,3),(736,1,733,4),(737,1,734,1),(738,3,735,1),(739,3,736,2),(740,3,737,3),(741,3,738,4),(839,2,836,1),(840,2,837,2),(841,2,838,3),(842,2,839,4),(843,2,840,5),(844,2,841,6),(845,2,842,7),(846,2,843,8),(847,3,844,1),(848,3,845,2),(849,3,846,3),(850,3,847,4),(851,2,848,1),(852,2,849,2),(853,2,850,3),(854,2,851,4),(855,2,852,5),(856,3,853,1),(857,3,854,2),(858,3,855,3),(859,3,856,4),(860,2,857,1),(861,2,858,2),(862,3,859,1),(863,3,860,2),(864,3,861,3),(865,3,862,4),(866,2,863,1),(867,2,864,2),(868,3,865,1),(869,3,866,2),(870,3,867,3),(871,3,868,4),(872,2,869,1),(873,2,870,2),(874,2,871,3),(875,2,872,4),(876,2,873,5),(877,2,874,6),(878,2,875,7),(879,2,876,8),(880,3,877,1),(881,3,878,2),(882,3,879,3),(883,3,880,4),(884,2,881,1),(885,2,882,2),(886,3,883,1),(887,3,884,2),(888,3,885,3),(889,3,886,4),(890,3,887,1),(891,3,888,2),(892,3,889,3),(893,3,890,4),(894,2,891,1),(895,2,892,2),(896,2,893,3),(897,2,894,4),(898,2,895,5),(899,2,896,6),(900,2,897,7),(901,3,898,1),(902,3,899,2),(903,3,900,3),(904,3,901,4),(905,2,902,1),(906,2,903,2),(907,2,904,3),(908,2,905,4),(909,2,906,5),(910,2,907,6),(911,2,908,7),(912,2,909,8),(913,3,910,1),(914,3,911,2),(915,3,912,3),(916,3,913,4),(917,2,914,1),(918,3,915,1),(919,3,916,2),(920,3,917,3),(921,3,918,4),(922,2,919,1),(923,2,920,2),(924,2,921,3),(925,2,922,4),(926,2,923,5),(927,3,924,1),(928,3,925,2),(929,3,926,3),(930,3,927,4),(931,2,928,2),(932,2,929,3),(933,2,930,4),(934,2,931,6),(935,2,932,7),(936,2,933,8),(937,2,934,9),(938,2,935,10),(939,2,936,11),(940,2,937,1),(941,2,938,5),(942,3,939,1),(943,3,940,2),(944,3,941,3),(945,3,942,4),(946,1,943,1),(947,1,944,2),(948,1,945,4),(949,1,946,3),(950,3,947,1),(951,3,948,2),(952,3,949,3),(953,3,950,4),(954,1,951,4),(955,1,952,3),(956,1,953,2),(957,1,954,1),(958,3,955,1),(959,3,956,2),(960,3,957,3),(961,3,958,4),(962,1,959,1),(963,1,960,2),(964,1,961,3),(965,1,962,4),(966,3,963,1),(967,3,964,2),(968,3,965,3),(969,3,966,4),(970,1,967,1),(971,1,968,4),(972,1,969,3),(973,1,970,2),(974,3,971,1),(975,3,972,2),(976,3,973,3),(977,3,974,4),(978,1,975,2),(979,1,976,1),(980,1,977,3),(981,1,978,4),(982,3,979,1),(983,3,980,2),(984,3,981,3),(985,3,982,4),(986,1,983,3),(987,1,984,4),(988,1,985,2),(989,1,986,1),(990,3,987,1),(991,3,988,2),(992,3,989,3),(993,3,990,4),(994,1,991,4),(995,1,992,2),(996,1,993,1),(997,1,994,3),(998,3,995,1),(999,3,996,2),(1000,3,997,3),(1001,3,998,4),(1002,1,999,3),(1003,1,1000,2),(1004,1,1001,1),(1005,1,1002,4),(1006,3,1003,1),(1007,3,1004,2),(1008,3,1005,3),(1009,3,1006,4),(1010,1,1007,1),(1011,1,1008,4),(1012,1,1009,2),(1013,1,1010,3),(1014,3,1011,1),(1015,3,1012,2),(1016,3,1013,3),(1017,3,1014,4),(1018,1,1015,3),(1019,1,1016,2),(1020,1,1017,4),(1021,1,1018,1),(1022,3,1019,1),(1023,3,1020,2),(1024,3,1021,3),(1025,3,1022,4),(1026,1,1023,4),(1027,1,1024,3),(1028,1,1025,1),(1029,1,1026,2),(1030,3,1027,1),(1031,3,1028,2),(1032,3,1029,3),(1033,3,1030,4),(1034,1,1031,1),(1035,1,1032,4),(1036,1,1033,3),(1037,1,1034,2),(1038,3,1035,1),(1039,3,1036,2),(1040,3,1037,3),(1041,3,1038,4),(1042,1,1039,4),(1043,1,1040,2),(1044,1,1041,1),(1045,1,1042,3),(1046,3,1043,1),(1047,3,1044,2),(1048,3,1045,3),(1049,3,1046,4),(1050,1,1047,2),(1051,1,1048,4),(1052,1,1049,1),(1053,1,1050,3),(1054,3,1051,1),(1055,3,1052,2),(1056,3,1053,3),(1057,3,1054,4),(1058,2,1055,1),(1059,2,1056,2),(1060,2,1057,3),(1061,2,1058,4),(1062,2,1059,5),(1063,2,1060,6),(1064,2,1061,7),(1065,2,1062,8),(1066,2,1063,9),(1067,2,1064,10),(1068,2,1065,11),(1069,2,1066,12),(1070,3,1067,1),(1071,3,1068,2),(1072,3,1069,3),(1073,3,1070,4),(1074,2,1071,1),(1075,2,1072,2),(1076,2,1073,3),(1077,2,1074,4),(1078,2,1075,5),(1079,2,1076,6),(1080,2,1077,7),(1081,2,1078,8),(1082,2,1079,9),(1083,2,1080,10),(1084,3,1081,1),(1085,3,1082,2),(1086,3,1083,3),(1087,3,1084,4),(1088,2,1085,1),(1089,2,1086,2),(1090,2,1087,3),(1091,2,1088,4),(1092,2,1089,5),(1093,2,1090,6),(1094,2,1091,7),(1095,3,1092,1),(1096,3,1093,2),(1097,3,1094,3),(1098,3,1095,4),(1099,3,1096,1),(1100,3,1097,2),(1101,3,1098,3),(1102,3,1099,4),(1103,3,1100,1),(1104,3,1101,2),(1105,3,1102,3),(1106,3,1103,4),(1107,2,1104,1),(1108,2,1105,2),(1109,2,1106,3),(1110,3,1107,1),(1111,3,1108,2),(1112,3,1109,3),(1113,3,1110,4),(1114,2,1111,1),(1115,2,1112,2),(1116,2,1113,3),(1117,2,1114,4),(1118,2,1115,5),(1119,2,1116,6),(1120,2,1117,7),(1121,3,1118,1),(1122,3,1119,2),(1123,3,1120,3),(1124,3,1121,4),(1125,2,1122,1),(1126,2,1123,2),(1127,2,1124,3),(1128,2,1125,4),(1129,2,1126,5),(1130,2,1127,6),(1131,2,1128,7),(1132,3,1129,1),(1133,3,1130,2),(1134,3,1131,3),(1135,3,1132,4),(1136,2,1133,1),(1137,2,1134,2),(1138,2,1135,3),(1139,2,1136,4),(1140,3,1137,1),(1141,3,1138,2),(1142,3,1139,3),(1143,3,1140,4),(1144,2,1141,1),(1145,2,1142,2),(1146,2,1143,3),(1147,2,1144,4),(1148,3,1145,1),(1149,3,1146,2),(1150,3,1147,3),(1151,3,1148,4),(1152,2,1149,1),(1153,2,1150,2),(1154,2,1151,3),(1155,2,1152,4),(1156,2,1153,5),(1157,2,1154,6),(1158,2,1155,7),(1159,2,1156,8),(1160,2,1157,9),(1161,2,1158,10),(1162,3,1159,1),(1163,3,1160,2),(1164,3,1161,3),(1165,3,1162,4),(1166,2,1163,1),(1167,2,1164,2),(1168,3,1165,1),(1169,3,1166,2),(1170,3,1167,3),(1171,3,1168,4),(1172,2,1169,1),(1173,2,1170,2),(1174,2,1171,3),(1175,2,1172,4),(1176,2,1173,5),(1177,2,1174,6),(1178,3,1175,1),(1179,3,1176,2),(1180,3,1177,3),(1181,3,1178,4),(1182,1,1179,3),(1183,1,1180,4),(1184,1,1181,2),(1185,1,1182,1),(1186,3,1183,1),(1187,3,1184,2),(1188,3,1185,3),(1189,3,1186,4),(1190,1,1187,4),(1191,1,1188,3),(1192,1,1189,2),(1193,1,1190,1),(1194,3,1191,1),(1195,3,1192,2),(1196,3,1193,3),(1197,3,1194,4),(1198,1,1195,3),(1199,1,1196,4),(1200,1,1197,2),(1201,1,1198,1),(1202,3,1199,1),(1203,3,1200,2),(1204,3,1201,3),(1205,3,1202,4),(1206,1,1203,4),(1207,1,1204,3),(1208,1,1205,1),(1209,1,1206,2),(1210,3,1207,1),(1211,3,1208,2),(1212,3,1209,3),(1213,3,1210,4),(1222,1,1219,4),(1223,1,1220,3),(1224,1,1221,1),(1225,1,1222,2),(1226,3,1223,1),(1227,3,1224,2),(1228,3,1225,3),(1229,3,1226,4),(1230,1,1227,2),(1231,1,1228,3),(1232,1,1229,1),(1233,1,1230,4),(1234,3,1231,1),(1235,3,1232,2),(1236,3,1233,3),(1237,3,1234,4),(1238,1,1235,1),(1239,1,1236,2),(1240,1,1237,3),(1241,1,1238,4),(1242,3,1239,1),(1243,3,1240,2),(1244,3,1241,3),(1245,3,1242,4),(1246,1,1243,3),(1247,1,1244,4),(1248,1,1245,2),(1249,1,1246,1),(1250,3,1247,1),(1251,3,1248,2),(1252,3,1249,3),(1253,3,1250,4),(1254,1,1251,4),(1255,1,1252,3),(1256,1,1253,2),(1257,1,1254,1),(1258,3,1255,1),(1259,3,1256,2),(1260,3,1257,3),(1261,3,1258,4),(1262,1,1259,3),(1263,1,1260,4),(1264,1,1261,1),(1265,1,1262,2),(1266,3,1263,1),(1267,3,1264,2),(1268,3,1265,3),(1269,3,1266,4),(1270,1,1267,2),(1271,1,1268,1),(1272,1,1269,4),(1273,1,1270,3),(1274,3,1271,1),(1275,3,1272,2),(1276,3,1273,3),(1277,3,1274,4),(1278,1,1275,4),(1279,1,1276,3),(1280,1,1277,1),(1281,1,1278,2),(1282,3,1279,1),(1283,3,1280,2),(1284,3,1281,3),(1285,3,1282,4),(1286,1,1283,4),(1287,1,1284,2),(1288,1,1285,3),(1289,1,1286,1),(1290,3,1287,1),(1291,3,1288,2),(1292,3,1289,3),(1293,3,1290,4),(1294,1,1291,3),(1295,1,1292,1),(1296,1,1293,4),(1297,1,1294,2),(1298,3,1295,1),(1299,3,1296,2),(1300,3,1297,3),(1301,3,1298,4),(1302,1,1299,1),(1303,1,1300,2),(1304,1,1301,3),(1305,1,1302,4),(1306,3,1303,1),(1307,3,1304,2),(1308,3,1305,3),(1309,3,1306,4),(1310,1,1307,2),(1311,1,1308,1),(1312,1,1309,4),(1313,1,1310,3),(1314,3,1311,1),(1315,3,1312,2),(1316,3,1313,3),(1317,3,1314,4),(1318,1,1315,1),(1319,1,1316,3),(1320,1,1317,4),(1321,1,1318,2),(1322,3,1319,1),(1323,3,1320,2),(1324,3,1321,3),(1325,3,1322,4),(1326,1,1323,3),(1327,1,1324,4),(1328,1,1325,1),(1329,1,1326,2),(1330,3,1327,1),(1331,3,1328,2),(1332,3,1329,3),(1333,3,1330,4),(1334,1,1331,1),(1335,1,1332,3),(1336,1,1333,2),(1337,1,1334,4),(1338,3,1335,1),(1339,3,1336,2),(1340,3,1337,3),(1341,3,1338,4),(1342,1,1339,3),(1343,1,1340,2),(1344,1,1341,4),(1345,1,1342,1),(1346,3,1343,1),(1347,3,1344,2),(1348,3,1345,3),(1349,3,1346,4),(1350,1,1347,4),(1351,1,1348,2),(1352,1,1349,1),(1353,1,1350,3),(1354,3,1351,1),(1355,3,1352,2),(1356,3,1353,3),(1357,3,1354,4),(1358,1,1355,1),(1359,1,1356,2),(1360,1,1357,3),(1361,1,1358,4),(1362,3,1359,1),(1363,3,1360,2),(1364,3,1361,3),(1365,3,1362,4),(1366,1,1363,4),(1367,1,1364,3),(1368,1,1365,1),(1369,1,1366,2),(1370,3,1367,1),(1371,3,1368,2),(1372,3,1369,3),(1373,3,1370,4),(1374,1,1371,3),(1375,1,1372,1),(1376,1,1373,2),(1377,1,1374,4),(1378,3,1375,1),(1379,3,1376,2),(1380,3,1377,3),(1381,3,1378,4),(1382,1,1379,3),(1383,1,1380,4),(1384,1,1381,2),(1385,1,1382,1),(1386,3,1383,1),(1387,3,1384,2),(1388,3,1385,3),(1389,3,1386,4),(1390,1,1387,2),(1391,1,1388,1),(1392,1,1389,4),(1393,1,1390,3),(1394,3,1391,1),(1395,3,1392,2),(1396,3,1393,3),(1397,3,1394,4),(1398,1,1395,3),(1399,1,1396,1),(1400,1,1397,4),(1401,1,1398,2),(1402,3,1399,1),(1403,3,1400,2),(1404,3,1401,3),(1405,3,1402,4),(1406,1,1403,3),(1407,1,1404,2),(1408,1,1405,4),(1409,1,1406,1),(1410,3,1407,1),(1411,3,1408,2),(1412,3,1409,3),(1413,3,1410,4),(1414,1,1411,1),(1415,1,1412,3),(1416,1,1413,2),(1417,1,1414,4),(1418,3,1415,1),(1419,3,1416,2),(1420,3,1417,3),(1421,3,1418,4),(1422,1,1419,4),(1423,1,1420,3),(1424,1,1421,2),(1425,1,1422,1),(1426,3,1423,1),(1427,3,1424,2),(1428,3,1425,3),(1429,3,1426,4),(1430,1,1427,4),(1431,1,1428,2),(1432,1,1429,3),(1433,1,1430,1),(1434,3,1431,1),(1435,3,1432,2),(1436,3,1433,3),(1437,3,1434,4),(1438,1,1435,4),(1439,1,1436,2),(1440,1,1437,1),(1441,1,1438,3),(1442,3,1439,1),(1443,3,1440,2),(1444,3,1441,3),(1445,3,1442,4),(1446,1,1443,3),(1447,1,1444,4),(1448,1,1445,1),(1449,1,1446,2),(1450,3,1447,1),(1451,3,1448,2),(1452,3,1449,3),(1453,3,1450,4),(1454,1,1451,4),(1455,1,1452,3),(1456,1,1453,1),(1457,1,1454,2),(1458,3,1455,1),(1459,3,1456,2),(1460,3,1457,3),(1461,3,1458,4),(1462,1,1459,2),(1463,1,1460,1),(1464,1,1461,3),(1465,1,1462,4),(1466,3,1463,1),(1467,3,1464,2),(1468,3,1465,3),(1469,3,1466,4),(1470,2,1467,2),(1471,2,1468,6),(1472,2,1469,7),(1473,2,1470,1),(1474,2,1471,3),(1475,2,1472,4),(1476,2,1473,5),(1477,3,1474,1),(1478,3,1475,2),(1479,3,1476,3),(1480,3,1477,4),(1481,2,1478,2),(1482,2,1479,6),(1483,2,1480,7),(1484,2,1481,1),(1485,2,1482,3),(1486,2,1483,4),(1487,2,1484,5),(1488,3,1485,1),(1489,3,1486,2),(1490,3,1487,3),(1491,3,1488,4),(1492,2,1489,3),(1493,2,1490,1),(1494,2,1491,2),(1495,3,1492,1),(1496,3,1493,2),(1497,3,1494,3),(1498,3,1495,4),(1499,2,1496,3),(1500,2,1497,1),(1501,2,1498,2),(1502,3,1499,1),(1503,3,1500,2),(1504,3,1501,3),(1505,3,1502,4),(1506,2,1503,2),(1507,2,1504,6),(1508,2,1505,7),(1509,2,1506,1),(1510,2,1507,3),(1511,2,1508,4),(1512,2,1509,5),(1513,3,1510,1),(1514,3,1511,2),(1515,3,1512,3),(1516,3,1513,4),(1517,2,1514,3),(1518,2,1515,1),(1519,2,1516,2),(1520,3,1517,1),(1521,3,1518,2),(1522,3,1519,3),(1523,3,1520,4),(1524,3,1521,1),(1525,3,1522,2),(1526,3,1523,3),(1527,3,1524,4),(1528,3,1525,1),(1529,3,1526,2),(1530,3,1527,3),(1531,3,1528,4),(1532,2,1529,1),(1533,2,1530,2),(1534,3,1531,1),(1535,3,1532,2),(1536,3,1533,3),(1537,3,1534,4),(1538,2,1535,2),(1539,2,1536,6),(1540,2,1537,7),(1541,2,1538,1),(1542,2,1539,3),(1543,2,1540,4),(1544,2,1541,5),(1545,3,1542,1),(1546,3,1543,2),(1547,3,1544,3),(1548,3,1545,4),(1549,2,1546,2),(1550,2,1547,6),(1551,2,1548,7),(1552,2,1549,1),(1553,2,1550,3),(1554,2,1551,4),(1555,2,1552,5),(1556,3,1553,1),(1557,3,1554,2),(1558,3,1555,3),(1559,3,1556,4),(1560,2,1557,3),(1561,2,1558,1),(1562,2,1559,2),(1563,3,1560,1),(1564,3,1561,2),(1565,3,1562,3),(1566,3,1563,4),(1567,1,1564,2),(1568,1,1565,4),(1569,1,1566,1),(1570,1,1567,3),(1571,3,1568,1),(1572,3,1569,2),(1573,3,1570,3),(1574,3,1571,4),(1575,1,1572,3),(1576,1,1573,2),(1577,1,1574,1),(1578,1,1575,4),(1579,3,1576,1),(1580,3,1577,2),(1581,3,1578,3),(1582,3,1579,4),(1583,1,1580,2),(1584,1,1581,1),(1585,1,1582,3),(1586,1,1583,4),(1587,3,1584,1),(1588,3,1585,2),(1589,3,1586,3),(1590,3,1587,4),(1591,1,1588,1),(1592,1,1589,3),(1593,1,1590,2),(1594,1,1591,4),(1595,3,1592,1),(1596,3,1593,2),(1597,3,1594,3),(1598,3,1595,4),(1599,1,1596,1),(1600,1,1597,2),(1601,1,1598,4),(1602,1,1599,3),(1603,3,1600,1),(1604,3,1601,2),(1605,3,1602,3),(1606,3,1603,4),(1607,1,1604,1),(1608,1,1605,2),(1609,1,1606,4),(1610,1,1607,3),(1611,3,1608,1),(1612,3,1609,2),(1613,3,1610,3),(1614,3,1611,4),(1615,1,1612,4),(1616,1,1613,3),(1617,1,1614,1),(1618,1,1615,2),(1619,3,1616,1),(1620,3,1617,2),(1621,3,1618,3),(1622,3,1619,4),(1623,1,1620,2),(1624,1,1621,3),(1625,1,1622,4),(1626,1,1623,1),(1627,3,1624,1),(1628,3,1625,2),(1629,3,1626,3),(1630,3,1627,4),(1631,1,1628,2),(1632,1,1629,1),(1633,1,1630,4),(1634,1,1631,3),(1635,3,1632,1),(1636,3,1633,2),(1637,3,1634,3),(1638,3,1635,4),(1639,1,1636,1),(1640,1,1637,2),(1641,1,1638,3),(1642,1,1639,4),(1643,3,1640,1),(1644,3,1641,2),(1645,3,1642,3),(1646,3,1643,4),(1647,1,1644,1),(1648,1,1645,3),(1649,1,1646,4),(1650,1,1647,2),(1651,3,1648,1),(1652,3,1649,2),(1653,3,1650,3),(1654,3,1651,4),(1655,1,1652,2),(1656,1,1653,1),(1657,1,1654,4),(1658,1,1655,3),(1659,3,1656,1),(1660,3,1657,2),(1661,3,1658,3),(1662,3,1659,4),(1663,2,1660,1),(1664,2,1661,2),(1665,2,1662,3),(1666,2,1663,4),(1667,2,1664,5),(1668,2,1665,6),(1669,2,1666,7),(1670,2,1667,8),(1671,2,1668,9),(1672,2,1669,10),(1673,3,1670,1),(1674,3,1671,2),(1675,3,1672,3),(1676,3,1673,4),(1677,2,1674,1),(1678,2,1675,2),(1679,2,1676,3),(1680,2,1677,4),(1681,2,1678,5),(1682,2,1679,6),(1683,2,1680,7),(1684,2,1681,8),(1685,3,1682,1),(1686,3,1683,2),(1687,3,1684,3),(1688,3,1685,4),(1689,2,1686,1),(1690,2,1687,2),(1691,2,1688,3),(1692,2,1689,4),(1693,2,1690,5),(1694,2,1691,6),(1695,3,1692,1),(1696,3,1693,2),(1697,3,1694,3),(1698,3,1695,4),(1699,2,1696,1),(1700,2,1697,2),(1701,2,1698,3),(1702,2,1699,4),(1703,2,1700,5),(1704,2,1701,6),(1705,2,1702,7),(1706,2,1703,8),(1707,2,1704,9),(1708,3,1705,1),(1709,3,1706,2),(1710,3,1707,3),(1711,3,1708,4),(1712,2,1709,1),(1713,2,1710,2),(1714,2,1711,3),(1715,2,1712,4),(1716,2,1713,5),(1717,3,1714,1),(1718,3,1715,2),(1719,3,1716,3),(1720,3,1717,4),(1721,2,1718,1),(1722,2,1719,2),(1723,2,1720,3),(1724,2,1721,4),(1725,2,1722,5),(1726,2,1723,6),(1727,2,1724,7),(1728,2,1725,8),(1729,2,1726,9),(1730,2,1727,10),(1731,2,1728,11),(1732,3,1729,1),(1733,3,1730,2),(1734,3,1731,3),(1735,3,1732,4),(1736,2,1733,1),(1737,2,1734,2),(1738,2,1735,3),(1739,3,1736,1),(1740,3,1737,2),(1741,3,1738,3),(1742,3,1739,4),(1743,3,1740,1),(1744,3,1741,2),(1745,3,1742,3),(1746,3,1743,4),(1747,2,1744,1),(1748,3,1745,1),(1749,3,1746,2),(1750,3,1747,3),(1751,3,1748,4),(1752,2,1749,1),(1753,2,1750,2),(1754,2,1751,3),(1755,2,1752,4),(1756,3,1753,1),(1757,3,1754,2),(1758,3,1755,3),(1759,3,1756,4),(1760,2,1757,1),(1761,2,1758,2),(1762,3,1759,1),(1763,3,1760,2),(1764,3,1761,3),(1765,3,1762,4),(1766,2,1763,1),(1767,2,1764,2),(1768,2,1765,3),(1769,2,1766,4),(1770,2,1767,5),(1771,2,1768,6),(1772,2,1769,7),(1773,3,1770,1),(1774,3,1771,2),(1775,3,1772,3),(1776,3,1773,4),(1777,1,1774,3),(1778,1,1775,4),(1779,1,1776,1),(1780,1,1777,2),(1781,3,1778,1),(1782,3,1779,2),(1783,3,1780,3),(1784,3,1781,4),(1785,1,1782,4),(1786,1,1783,3),(1787,1,1784,2),(1788,1,1785,1),(1789,3,1786,1),(1790,3,1787,2),(1791,3,1788,3),(1792,3,1789,4),(1793,1,1790,2),(1794,1,1791,1),(1795,1,1792,3),(1796,1,1793,4),(1797,3,1794,1),(1798,3,1795,2),(1799,3,1796,3),(1800,3,1797,4),(1801,1,1798,1),(1802,1,1799,4),(1803,1,1800,2),(1804,1,1801,3),(1805,3,1802,1),(1806,3,1803,2),(1807,3,1804,3),(1808,3,1805,4),(1809,1,1806,2),(1810,1,1807,1),(1811,1,1808,4),(1812,1,1809,3),(1813,3,1810,1),(1814,3,1811,2),(1815,3,1812,3),(1816,3,1813,4),(1817,1,1814,2),(1818,1,1815,3),(1819,1,1816,4),(1820,1,1817,1),(1821,3,1818,1),(1822,3,1819,2),(1823,3,1820,3),(1824,3,1821,4),(1825,1,1822,4),(1826,1,1823,2),(1827,1,1824,1),(1828,1,1825,3),(1829,3,1826,1),(1830,3,1827,2),(1831,3,1828,3),(1832,3,1829,4),(1833,1,1830,2),(1834,1,1831,3),(1835,1,1832,4),(1836,1,1833,1),(1837,3,1834,1),(1838,3,1835,2),(1839,3,1836,3),(1840,3,1837,4),(1841,1,1838,2),(1842,1,1839,4),(1843,1,1840,3),(1844,1,1841,1),(1845,3,1842,1),(1846,3,1843,2),(1847,3,1844,3),(1848,3,1845,4),(1849,1,1846,2),(1850,1,1847,3),(1851,1,1848,1),(1852,1,1849,4),(1853,3,1850,1),(1854,3,1851,2),(1855,3,1852,3),(1856,3,1853,4),(1857,1,1854,4),(1858,1,1855,1),(1859,1,1856,2),(1860,1,1857,3),(1861,3,1858,1),(1862,3,1859,2),(1863,3,1860,3),(1864,3,1861,4),(1865,1,1862,1),(1866,1,1863,4),(1867,1,1864,3),(1868,1,1865,2),(1869,3,1866,1),(1870,3,1867,2),(1871,3,1868,3),(1872,3,1869,4),(1873,1,1870,1),(1874,1,1871,2),(1875,1,1872,3),(1876,1,1873,4),(1877,3,1874,2),(1878,3,1875,4),(1879,3,1876,3),(1880,3,1877,1),(1881,1,1878,4),(1882,1,1879,2),(1883,1,1880,1),(1884,1,1881,3),(1885,3,1882,1),(1886,3,1883,2),(1887,3,1884,4),(1888,3,1885,3),(1889,1,1886,2),(1890,1,1887,1),(1891,1,1888,3),(1892,1,1889,4),(1893,3,1890,4),(1894,3,1891,2),(1895,3,1892,3),(1896,3,1893,1),(1897,1,1894,2),(1898,1,1895,3),(1899,1,1896,1),(1900,1,1897,4),(1901,3,1898,2),(1902,3,1899,4),(1903,3,1900,1),(1904,3,1901,3),(1905,1,1902,3),(1906,1,1903,4),(1907,1,1904,2),(1908,1,1905,1),(1909,3,1906,1),(1910,3,1907,3),(1911,3,1908,4),(1912,3,1909,2),(1913,1,1910,3),(1914,1,1911,4),(1915,1,1912,2),(1916,1,1913,1),(1917,3,1914,2),(1918,3,1915,1),(1919,3,1916,4),(1920,3,1917,3),(1921,1,1918,1),(1922,1,1919,3),(1923,1,1920,2),(1924,1,1921,4),(1925,3,1922,1),(1926,3,1923,3),(1927,3,1924,4),(1928,3,1925,2),(1929,1,1926,4),(1930,1,1927,3),(1931,1,1928,1),(1932,1,1929,2),(1933,3,1930,1),(1934,3,1931,4),(1935,3,1932,2),(1936,3,1933,3),(1937,1,1934,3),(1938,1,1935,2),(1939,1,1936,1),(1940,1,1937,4),(1941,3,1938,1),(1942,3,1939,4),(1943,3,1940,3),(1944,3,1941,2),(1945,1,1942,3),(1946,1,1943,4),(1947,1,1944,5),(1948,1,1945,1),(1949,1,1946,2),(1950,3,1947,3),(1951,3,1948,1),(1952,3,1949,4),(1953,3,1950,2),(1954,1,1951,2),(1955,1,1952,4),(1956,1,1953,3),(1957,1,1954,1),(1958,3,1955,1),(1959,3,1956,2),(1960,3,1957,4),(1961,3,1958,3),(1962,1,1959,3),(1963,1,1960,4),(1964,1,1961,2),(1965,1,1962,1),(1966,3,1963,1),(1967,3,1964,3),(1968,3,1965,2),(1969,3,1966,4),(2121,2,2118,1),(2122,3,2119,1),(2123,3,2120,2),(2124,3,2121,3),(2125,3,2122,4),(2126,2,2123,2),(2127,2,2124,3),(2128,2,2125,1),(2129,2,2126,4),(2130,2,2127,6),(2131,2,2128,5),(2132,3,2129,1),(2133,3,2130,2),(2134,3,2131,3),(2135,3,2132,4),(2136,2,2133,1),(2137,2,2134,3),(2138,2,2135,4),(2139,2,2136,5),(2140,2,2137,2),(2141,2,2138,6),(2142,2,2139,9),(2143,2,2140,7),(2144,2,2141,10),(2145,2,2142,8),(2146,3,2143,1),(2147,3,2144,2),(2148,3,2145,3),(2149,3,2146,4),(2150,2,2147,1),(2151,2,2148,2),(2152,3,2149,1),(2153,3,2150,2),(2154,3,2151,3),(2155,3,2152,4),(2156,2,2153,1),(2157,2,2154,2),(2158,3,2155,1),(2159,3,2156,2),(2160,3,2157,3),(2161,3,2158,4),(2162,3,2159,1),(2163,3,2160,2),(2164,3,2161,3),(2165,3,2162,4),(2166,2,2163,1),(2167,2,2164,3),(2168,2,2165,4),(2169,2,2166,5),(2170,2,2167,2),(2171,2,2168,6),(2172,2,2169,9),(2173,2,2170,7),(2174,2,2171,10),(2175,2,2172,8),(2176,3,2173,1),(2177,3,2174,2),(2178,3,2175,3),(2179,3,2176,4),(2180,2,2177,1),(2181,2,2178,3),(2182,2,2179,4),(2183,2,2180,5),(2184,2,2181,2),(2185,2,2182,6),(2186,2,2183,9),(2187,2,2184,7),(2188,2,2185,10),(2189,2,2186,8),(2190,3,2187,1),(2191,3,2188,2),(2192,3,2189,3),(2193,3,2190,4),(2194,2,2191,2),(2195,2,2192,3),(2196,2,2193,4),(2197,2,2194,1),(2198,2,2195,5),(2199,2,2196,7),(2200,2,2197,6),(2201,3,2198,1),(2202,3,2199,2),(2203,3,2200,3),(2204,3,2201,4),(2205,2,2202,1),(2206,2,2203,2),(2207,3,2204,1),(2208,3,2205,2),(2209,3,2206,3),(2210,3,2207,4),(2225,2,2222,1),(2226,2,2223,3),(2227,2,2224,4),(2228,2,2225,5),(2229,2,2226,2),(2230,2,2227,6),(2231,2,2228,7),(2232,2,2229,9),(2233,2,2230,8),(2234,3,2231,1),(2235,3,2232,2),(2236,3,2233,3),(2237,3,2234,4),(2238,2,2235,1),(2239,2,2236,2),(2240,3,2237,1),(2241,3,2238,2),(2242,3,2239,3),(2243,3,2240,4),(2244,1,2241,2),(2245,1,2242,4),(2246,1,2243,3),(2247,1,2244,1),(2248,3,2245,1),(2249,3,2246,2),(2250,3,2247,3),(2251,3,2248,4),(2252,1,2249,1),(2253,1,2250,2),(2254,1,2251,3),(2255,1,2252,4),(2256,3,2253,1),(2257,3,2254,2),(2258,3,2255,3),(2259,3,2256,4),(2260,1,2257,1),(2261,1,2258,2),(2262,1,2259,4),(2263,1,2260,3),(2264,3,2261,1),(2265,3,2262,2),(2266,3,2263,3),(2267,3,2264,4),(2268,1,2265,4),(2269,1,2266,1),(2270,1,2267,2),(2271,1,2268,3),(2272,3,2269,1),(2273,3,2270,2),(2274,3,2271,3),(2275,3,2272,4),(2276,1,2273,3),(2277,1,2274,2),(2278,1,2275,4),(2279,1,2276,1),(2280,3,2277,1),(2281,3,2278,2),(2282,3,2279,3),(2283,3,2280,4),(2284,1,2281,4),(2285,1,2282,1),(2286,1,2283,3),(2287,1,2284,2),(2288,3,2285,1),(2289,3,2286,2),(2290,3,2287,3),(2291,3,2288,4),(2292,1,2289,4),(2293,1,2290,2),(2294,1,2291,1),(2295,1,2292,3),(2296,3,2293,1),(2297,3,2294,2),(2298,3,2295,3),(2299,3,2296,4),(2300,1,2297,2),(2301,1,2298,3),(2302,1,2299,4),(2303,1,2300,1),(2304,3,2301,1),(2305,3,2302,2),(2306,3,2303,3),(2307,3,2304,4),(2308,1,2305,1),(2309,1,2306,4),(2310,1,2307,3),(2311,1,2308,2),(2312,3,2309,1),(2313,3,2310,2),(2314,3,2311,3),(2315,3,2312,4),(2316,1,2313,3),(2317,1,2314,1),(2318,1,2315,2),(2319,1,2316,4),(2320,3,2317,1),(2321,3,2318,2),(2322,3,2319,3),(2323,3,2320,4),(2324,1,2321,1),(2325,1,2322,4),(2326,1,2323,3),(2327,1,2324,2),(2328,3,2325,1),(2329,3,2326,2),(2330,3,2327,3),(2331,3,2328,4),(2332,1,2329,4),(2333,1,2330,1),(2334,1,2331,3),(2335,1,2332,2),(2336,3,2333,1),(2337,3,2334,2),(2338,3,2335,3),(2339,3,2336,4),(2340,1,2337,2),(2341,1,2338,3),(2342,1,2339,1),(2343,1,2340,4),(2344,3,2341,1),(2345,3,2342,2),(2346,3,2343,3),(2347,3,2344,4),(2348,1,2345,4),(2349,1,2346,1),(2350,1,2347,2),(2351,1,2348,3),(2352,3,2349,1),(2353,3,2350,2),(2354,3,2351,3),(2355,3,2352,4),(2356,1,2353,4),(2357,1,2354,1),(2358,1,2355,2),(2359,1,2356,3),(2360,3,2357,1),(2361,3,2358,2),(2362,3,2359,3),(2363,3,2360,4),(3905,1,2420,1),(3906,1,2421,2),(3907,1,2422,4),(3908,1,2423,3),(3909,3,2424,3),(3910,3,2425,4),(3911,3,2426,2),(3912,3,2427,1),(3913,3,2428,3),(3914,3,2429,2),(3915,3,2430,1),(3916,3,2431,4),(3917,2,2432,2),(3918,2,2433,3),(3919,2,2434,4),(3920,2,2435,1),(3921,2,2436,5),(3922,2,2437,6),(3923,2,2438,8),(3924,2,2439,7),(3925,3,2440,2),(3926,3,2441,3),(3927,3,2442,1),(3928,3,2443,4),(3929,2,2444,1),(3930,2,2445,3),(3931,2,2446,4),(3932,2,2447,5),(3933,2,2448,2),(3934,2,2449,6),(3935,2,2450,9),(3936,2,2451,7),(3937,2,2452,10),(3938,2,2453,8),(3991,3,2494,1),(3992,3,2495,2),(3993,3,2496,3),(3994,3,2497,4),(3995,2,2498,1),(3996,2,2499,2),(3997,2,2500,3),(3998,2,2501,4),(3999,2,2502,5),(4000,2,2503,6),(4001,2,2504,7),(4002,2,2505,8);

--
-- Table structure for table `catalog_product_link_attribute_varchar`
--

CREATE TABLE `catalog_product_link_attribute_varchar` (
  `value_id` int(10) unsigned NOT NULL AUTO_INCREMENT COMMENT 'Value ID',
  `product_link_attribute_id` smallint(5) unsigned NOT NULL DEFAULT '0' COMMENT 'Product Link Attribute ID',
  `link_id` int(10) unsigned NOT NULL COMMENT 'Link ID',
  `value` varchar(255) DEFAULT NULL COMMENT 'Value',
  PRIMARY KEY (`value_id`),
  UNIQUE KEY `CAT_PRD_LNK_ATTR_VCHR_PRD_LNK_ATTR_ID_LNK_ID` (`product_link_attribute_id`,`link_id`),
  KEY `CATALOG_PRODUCT_LINK_ATTRIBUTE_VARCHAR_LINK_ID` (`link_id`),
  CONSTRAINT `CAT_PRD_LNK_ATTR_VCHR_LNK_ID_CAT_PRD_LNK_LNK_ID` FOREIGN KEY (`link_id`) REFERENCES `catalog_product_link` (`link_id`) ON DELETE CASCADE,
  CONSTRAINT `FK_DEE9C4DA61CFCC01DFCF50F0D79CEA51` FOREIGN KEY (`product_link_attribute_id`) REFERENCES `catalog_product_link_attribute` (`product_link_attribute_id`) ON DELETE CASCADE
) ENGINE=InnoDB DEFAULT CHARSET=utf8 COMMENT='Catalog Product Link Varchar Attribute Table';

--
-- Dumping data for table `catalog_product_link_attribute_varchar`
--


--
-- Table structure for table `catalog_product_link_type`
--

CREATE TABLE `catalog_product_link_type` (
  `link_type_id` smallint(5) unsigned NOT NULL AUTO_INCREMENT COMMENT 'Link Type ID',
  `code` varchar(32) DEFAULT NULL COMMENT 'Code',
  PRIMARY KEY (`link_type_id`)
) ENGINE=InnoDB AUTO_INCREMENT=6 DEFAULT CHARSET=utf8 COMMENT='Catalog Product Link Type Table';

--
-- Dumping data for table `catalog_product_link_type`
--

INSERT INTO `catalog_product_link_type` VALUES (1,'relation'),(3,'super'),(4,'up_sell'),(5,'cross_sell');

--
-- Table structure for table `catalog_product_option`
--

CREATE TABLE `catalog_product_option` (
  `option_id` int(10) unsigned NOT NULL AUTO_INCREMENT COMMENT 'Option ID',
  `product_id` int(10) unsigned NOT NULL DEFAULT '0' COMMENT 'Product ID',
  `type` varchar(50) DEFAULT NULL COMMENT 'Type',
  `is_require` smallint(6) NOT NULL DEFAULT '1' COMMENT 'Is Required',
  `sku` varchar(64) DEFAULT NULL COMMENT 'SKU',
  `max_characters` int(10) unsigned DEFAULT NULL COMMENT 'Max Characters',
  `file_extension` varchar(50) DEFAULT NULL COMMENT 'File Extension',
  `image_size_x` smallint(5) unsigned DEFAULT NULL COMMENT 'Image Size X',
  `image_size_y` smallint(5) unsigned DEFAULT NULL COMMENT 'Image Size Y',
  `sort_order` int(10) unsigned NOT NULL DEFAULT '0' COMMENT 'Sort Order',
  PRIMARY KEY (`option_id`),
  KEY `CATALOG_PRODUCT_OPTION_PRODUCT_ID` (`product_id`),
  CONSTRAINT `CAT_PRD_OPT_PRD_ID_CAT_PRD_ENTT_ENTT_ID` FOREIGN KEY (`product_id`) REFERENCES `catalog_product_entity` (`entity_id`) ON DELETE CASCADE
) ENGINE=InnoDB DEFAULT CHARSET=utf8 COMMENT='Catalog Product Option Table';

--
-- Dumping data for table `catalog_product_option`
--


--
-- Table structure for table `catalog_product_option_price`
--

CREATE TABLE `catalog_product_option_price` (
  `option_price_id` int(10) unsigned NOT NULL AUTO_INCREMENT COMMENT 'Option Price ID',
  `option_id` int(10) unsigned NOT NULL DEFAULT '0' COMMENT 'Option ID',
  `store_id` smallint(5) unsigned NOT NULL DEFAULT '0' COMMENT 'Store ID',
  `price` decimal(20,6) NOT NULL DEFAULT '0.000000' COMMENT 'Price',
  `price_type` varchar(7) NOT NULL DEFAULT 'fixed' COMMENT 'Price Type',
  PRIMARY KEY (`option_price_id`),
  UNIQUE KEY `CATALOG_PRODUCT_OPTION_PRICE_OPTION_ID_STORE_ID` (`option_id`,`store_id`),
  KEY `CATALOG_PRODUCT_OPTION_PRICE_STORE_ID` (`store_id`),
  CONSTRAINT `CATALOG_PRODUCT_OPTION_PRICE_STORE_ID_STORE_STORE_ID` FOREIGN KEY (`store_id`) REFERENCES `store` (`store_id`) ON DELETE CASCADE,
  CONSTRAINT `CAT_PRD_OPT_PRICE_OPT_ID_CAT_PRD_OPT_OPT_ID` FOREIGN KEY (`option_id`) REFERENCES `catalog_product_option` (`option_id`) ON DELETE CASCADE
) ENGINE=InnoDB DEFAULT CHARSET=utf8 COMMENT='Catalog Product Option Price Table';

--
-- Dumping data for table `catalog_product_option_price`
--


--
-- Table structure for table `catalog_product_option_title`
--

CREATE TABLE `catalog_product_option_title` (
  `option_title_id` int(10) unsigned NOT NULL AUTO_INCREMENT COMMENT 'Option Title ID',
  `option_id` int(10) unsigned NOT NULL DEFAULT '0' COMMENT 'Option ID',
  `store_id` smallint(5) unsigned NOT NULL DEFAULT '0' COMMENT 'Store ID',
  `title` varchar(255) DEFAULT NULL COMMENT 'Title',
  PRIMARY KEY (`option_title_id`),
  UNIQUE KEY `CATALOG_PRODUCT_OPTION_TITLE_OPTION_ID_STORE_ID` (`option_id`,`store_id`),
  KEY `CATALOG_PRODUCT_OPTION_TITLE_STORE_ID` (`store_id`),
  CONSTRAINT `CATALOG_PRODUCT_OPTION_TITLE_STORE_ID_STORE_STORE_ID` FOREIGN KEY (`store_id`) REFERENCES `store` (`store_id`) ON DELETE CASCADE,
  CONSTRAINT `CAT_PRD_OPT_TTL_OPT_ID_CAT_PRD_OPT_OPT_ID` FOREIGN KEY (`option_id`) REFERENCES `catalog_product_option` (`option_id`) ON DELETE CASCADE
) ENGINE=InnoDB DEFAULT CHARSET=utf8 COMMENT='Catalog Product Option Title Table';

--
-- Dumping data for table `catalog_product_option_title`
--


--
-- Table structure for table `catalog_product_option_type_price`
--

CREATE TABLE `catalog_product_option_type_price` (
  `option_type_price_id` int(10) unsigned NOT NULL AUTO_INCREMENT COMMENT 'Option Type Price ID',
  `option_type_id` int(10) unsigned NOT NULL DEFAULT '0' COMMENT 'Option Type ID',
  `store_id` smallint(5) unsigned NOT NULL DEFAULT '0' COMMENT 'Store ID',
  `price` decimal(20,6) NOT NULL DEFAULT '0.000000' COMMENT 'Price',
  `price_type` varchar(7) NOT NULL DEFAULT 'fixed' COMMENT 'Price Type',
  PRIMARY KEY (`option_type_price_id`),
  UNIQUE KEY `CATALOG_PRODUCT_OPTION_TYPE_PRICE_OPTION_TYPE_ID_STORE_ID` (`option_type_id`,`store_id`),
  KEY `CATALOG_PRODUCT_OPTION_TYPE_PRICE_STORE_ID` (`store_id`),
  CONSTRAINT `CATALOG_PRODUCT_OPTION_TYPE_PRICE_STORE_ID_STORE_STORE_ID` FOREIGN KEY (`store_id`) REFERENCES `store` (`store_id`) ON DELETE CASCADE,
  CONSTRAINT `FK_B523E3378E8602F376CC415825576B7F` FOREIGN KEY (`option_type_id`) REFERENCES `catalog_product_option_type_value` (`option_type_id`) ON DELETE CASCADE
) ENGINE=InnoDB DEFAULT CHARSET=utf8 COMMENT='Catalog Product Option Type Price Table';

--
-- Dumping data for table `catalog_product_option_type_price`
--


--
-- Table structure for table `catalog_product_option_type_title`
--

CREATE TABLE `catalog_product_option_type_title` (
  `option_type_title_id` int(10) unsigned NOT NULL AUTO_INCREMENT COMMENT 'Option Type Title ID',
  `option_type_id` int(10) unsigned NOT NULL DEFAULT '0' COMMENT 'Option Type ID',
  `store_id` smallint(5) unsigned NOT NULL DEFAULT '0' COMMENT 'Store ID',
  `title` varchar(255) DEFAULT NULL COMMENT 'Title',
  PRIMARY KEY (`option_type_title_id`),
  UNIQUE KEY `CATALOG_PRODUCT_OPTION_TYPE_TITLE_OPTION_TYPE_ID_STORE_ID` (`option_type_id`,`store_id`),
  KEY `CATALOG_PRODUCT_OPTION_TYPE_TITLE_STORE_ID` (`store_id`),
  CONSTRAINT `CATALOG_PRODUCT_OPTION_TYPE_TITLE_STORE_ID_STORE_STORE_ID` FOREIGN KEY (`store_id`) REFERENCES `store` (`store_id`) ON DELETE CASCADE,
  CONSTRAINT `FK_C085B9CF2C2A302E8043FDEA1937D6A2` FOREIGN KEY (`option_type_id`) REFERENCES `catalog_product_option_type_value` (`option_type_id`) ON DELETE CASCADE
) ENGINE=InnoDB DEFAULT CHARSET=utf8 COMMENT='Catalog Product Option Type Title Table';

--
-- Dumping data for table `catalog_product_option_type_title`
--


--
-- Table structure for table `catalog_product_option_type_value`
--

CREATE TABLE `catalog_product_option_type_value` (
  `option_type_id` int(10) unsigned NOT NULL AUTO_INCREMENT COMMENT 'Option Type ID',
  `option_id` int(10) unsigned NOT NULL DEFAULT '0' COMMENT 'Option ID',
  `sku` varchar(64) DEFAULT NULL COMMENT 'SKU',
  `sort_order` int(10) unsigned NOT NULL DEFAULT '0' COMMENT 'Sort Order',
  PRIMARY KEY (`option_type_id`),
  KEY `CATALOG_PRODUCT_OPTION_TYPE_VALUE_OPTION_ID` (`option_id`),
  CONSTRAINT `CAT_PRD_OPT_TYPE_VAL_OPT_ID_CAT_PRD_OPT_OPT_ID` FOREIGN KEY (`option_id`) REFERENCES `catalog_product_option` (`option_id`) ON DELETE CASCADE
) ENGINE=InnoDB DEFAULT CHARSET=utf8 COMMENT='Catalog Product Option Type Value Table';

--
-- Dumping data for table `catalog_product_option_type_value`
--


--
-- Table structure for table `catalog_product_relation`
--

CREATE TABLE `catalog_product_relation` (
  `parent_id` int(10) unsigned NOT NULL COMMENT 'Parent ID',
  `child_id` int(10) unsigned NOT NULL COMMENT 'Child ID',
  PRIMARY KEY (`parent_id`,`child_id`),
  KEY `CATALOG_PRODUCT_RELATION_CHILD_ID` (`child_id`),
  CONSTRAINT `CAT_PRD_RELATION_CHILD_ID_CAT_PRD_ENTT_ENTT_ID` FOREIGN KEY (`child_id`) REFERENCES `catalog_product_entity` (`entity_id`) ON DELETE CASCADE,
  CONSTRAINT `CAT_PRD_RELATION_PARENT_ID_CAT_PRD_ENTT_ENTT_ID` FOREIGN KEY (`parent_id`) REFERENCES `catalog_product_entity` (`entity_id`) ON DELETE CASCADE
) ENGINE=InnoDB DEFAULT CHARSET=utf8 COMMENT='Catalog Product Relation Table';

--
-- Dumping data for table `catalog_product_relation`
--

INSERT INTO `catalog_product_relation` VALUES (52,21),(52,22),(52,26),(52,29),(52,32),(51,33),(52,33),(51,34),(52,34),(51,35),(52,35),(68,53),(68,54),(68,55),(68,56),(68,57),(68,58),(68,59),(68,60),(68,61),(68,62),(68,63),(68,64),(68,65),(68,66),(68,67),(84,69),(84,70),(84,71),(84,72),(84,73),(84,74),(84,75),(84,76),(84,77),(84,78),(84,79),(84,80),(84,81),(84,82),(84,83),(100,85),(100,86),(100,87),(100,88),(100,89),(100,90),(100,91),(100,92),(100,93),(100,94),(100,95),(100,96),(100,97),(100,98),(100,99),(116,101),(116,102),(116,103),(116,104),(116,105),(116,106),(116,107),(116,108),(116,109),(116,110),(116,111),(116,112),(116,113),(116,114),(116,115),(132,117),(132,118),(132,119),(132,120),(132,121),(132,122),(132,123),(132,124),(132,125),(132,126),(132,127),(132,128),(132,129),(132,130),(132,131),(148,133),(148,134),(148,135),(148,136),(148,137),(148,138),(148,139),(148,140),(148,141),(148,142),(148,143),(148,144),(148,145),(148,146),(148,147),(164,149),(164,150),(164,151),(164,152),(164,153),(164,154),(164,155),(164,156),(164,157),(164,158),(164,159),(164,160),(164,161),(164,162),(164,163),(180,165),(180,166),(180,167),(180,168),(180,169),(180,170),(180,171),(180,172),(180,173),(180,174),(180,175),(180,176),(180,177),(180,178),(180,179),(196,181),(196,182),(196,183),(196,184),(196,185),(196,186),(196,187),(196,188),(196,189),(196,190),(196,191),(196,192),(196,193),(196,194),(196,195),(212,197),(212,198),(212,199),(212,200),(212,201),(212,202),(212,203),(212,204),(212,205),(212,206),(212,207),(212,208),(212,209),(212,210),(212,211),(228,213),(228,214),(228,215),(228,216),(228,217),(228,218),(228,219),(228,220),(228,221),(228,222),(228,223),(228,224),(228,225),(228,226),(228,227),(244,229),(244,230),(244,231),(244,232),(244,233),(244,234),(244,235),(244,236),(244,237),(244,238),(244,239),(244,240),(244,241),(244,242),(244,243),(260,245),(260,246),(260,247),(260,248),(260,249),(260,250),(260,251),(260,252),(260,253),(260,254),(260,255),(260,256),(260,257),(260,258),(260,259),(276,261),(276,262),(276,263),(276,264),(276,265),(276,266),(276,267),(276,268),(276,269),(276,270),(276,271),(276,272),(276,273),(276,274),(276,275),(292,277),(292,278),(292,279),(292,280),(292,281),(292,282),(292,283),(292,284),(292,285),(292,286),(292,287),(292,288),(292,289),(292,290),(292,291),(308,293),(308,294),(308,295),(308,296),(308,297),(308,298),(308,299),(308,300),(308,301),(308,302),(308,303),(308,304),(308,305),(308,306),(308,307),(324,309),(324,310),(324,311),(324,312),(324,313),(324,314),(324,315),(324,316),(324,317),(324,318),(324,319),(324,320),(324,321),(324,322),(324,323),(340,325),(340,326),(340,327),(340,328),(340,329),(340,330),(340,331),(340,332),(340,333),(340,334),(340,335),(340,336),(340,337),(340,338),(340,339),(356,341),(356,342),(356,343),(356,344),(356,345),(356,346),(356,347),(356,348),(356,349),(356,350),(356,351),(356,352),(356,353),(356,354),(356,355),(372,357),(372,358),(372,359),(372,360),(372,361),(372,362),(372,363),(372,364),(372,365),(372,366),(372,367),(372,368),(372,369),(372,370),(372,371),(388,373),(388,374),(388,375),(388,376),(388,377),(388,378),(388,379),(388,380),(388,381),(388,382),(388,383),(388,384),(388,385),(388,386),(388,387),(404,389),(404,390),(404,391),(404,392),(404,393),(404,394),(404,395),(404,396),(404,397),(404,398),(404,399),(404,400),(404,401),(404,402),(404,403),(420,405),(420,406),(420,407),(420,408),(420,409),(420,410),(420,411),(420,412),(420,413),(420,414),(420,415),(420,416),(420,417),(420,418),(420,419),(436,421),(436,422),(436,423),(436,424),(436,425),(436,426),(436,427),(436,428),(436,429),(436,430),(436,431),(436,432),(436,433),(436,434),(436,435),(452,437),(452,438),(452,439),(452,440),(452,441),(452,442),(452,443),(452,444),(452,445),(452,446),(452,447),(452,448),(452,449),(452,450),(452,451),(468,453),(468,454),(468,455),(468,456),(468,457),(468,458),(468,459),(468,460),(468,461),(468,462),(468,463),(468,464),(468,465),(468,466),(468,467),(484,469),(484,470),(484,471),(484,472),(484,473),(484,474),(484,475),(484,476),(484,477),(484,478),(484,479),(484,480),(484,481),(484,482),(484,483),(500,485),(500,486),(500,487),(500,488),(500,489),(500,490),(500,491),(500,492),(500,493),(500,494),(500,495),(500,496),(500,497),(500,498),(500,499),(516,501),(516,502),(516,503),(516,504),(516,505),(516,506),(516,507),(516,508),(516,509),(516,510),(516,511),(516,512),(516,513),(516,514),(516,515),(532,517),(532,518),(532,519),(532,520),(532,521),(532,522),(532,523),(532,524),(532,525),(532,526),(532,527),(532,528),(532,529),(532,530),(532,531),(548,533),(548,534),(548,535),(548,536),(548,537),(548,538),(548,539),(548,540),(548,541),(548,542),(548,543),(548,544),(548,545),(548,546),(548,547),(564,549),(564,550),(564,551),(564,552),(564,553),(564,554),(564,555),(564,556),(564,557),(564,558),(564,559),(564,560),(564,561),(564,562),(564,563),(580,565),(580,566),(580,567),(580,568),(580,569),(580,570),(580,571),(580,572),(580,573),(580,574),(580,575),(580,576),(580,577),(580,578),(580,579),(596,581),(596,582),(596,583),(596,584),(596,585),(596,586),(596,587),(596,588),(596,589),(596,590),(596,591),(596,592),(596,593),(596,594),(596,595),(612,597),(612,598),(612,599),(612,600),(612,601),(612,602),(612,603),(612,604),(612,605),(612,606),(612,607),(612,608),(612,609),(612,610),(612,611),(628,613),(628,614),(628,615),(628,616),(628,617),(628,618),(628,619),(628,620),(628,621),(628,622),(628,623),(628,624),(628,625),(628,626),(628,627),(644,629),(644,630),(644,631),(644,632),(644,633),(644,634),(644,635),(644,636),(644,637),(644,638),(644,639),(644,640),(644,641),(644,642),(644,643),(660,645),(660,646),(660,647),(660,648),(660,649),(660,650),(660,651),(660,652),(660,653),(660,654),(660,655),(660,656),(660,657),(660,658),(660,659),(676,661),(676,662),(676,663),(676,664),(676,665),(676,666),(676,667),(676,668),(676,669),(676,670),(676,671),(676,672),(676,673),(676,674),(676,675),(682,677),(682,678),(682,679),(682,680),(682,681),(688,683),(688,684),(688,685),(688,686),(688,687),(694,689),(694,690),(694,691),(694,692),(694,693),(700,695),(700,696),(700,697),(700,698),(700,699),(706,701),(706,702),(706,703),(706,704),(706,705),(712,707),(712,708),(712,709),(712,710),(712,711),(718,713),(718,714),(718,715),(718,716),(718,717),(724,719),(724,720),(724,721),(724,722),(724,723),(730,725),(730,726),(730,727),(730,728),(730,729),(743,731),(743,732),(743,733),(743,734),(743,735),(743,736),(743,737),(743,738),(743,739),(743,740),(743,741),(743,742),(756,744),(756,745),(756,746),(756,747),(756,748),(756,749),(756,750),(756,751),(756,752),(756,753),(756,754),(756,755),(769,757),(769,758),(769,759),(769,760),(769,761),(769,762),(769,763),(769,764),(769,765),(769,766),(769,767),(769,768),(782,770),(782,771),(782,772),(782,773),(782,774),(782,775),(782,776),(782,777),(782,778),(782,779),(782,780),(782,781),(795,783),(795,784),(795,785),(795,786),(795,787),(795,788),(795,789),(795,790),(795,791),(795,792),(795,793),(795,794),(808,796),(808,797),(808,798),(808,799),(808,800),(808,801),(808,802),(808,803),(808,804),(808,805),(808,806),(808,807),(821,809),(821,810),(821,811),(821,812),(821,813),(821,814),(821,815),(821,816),(821,817),(821,818),(821,819),(821,820),(834,822),(834,823),(834,824),(834,825),(834,826),(834,827),(834,828),(834,829),(834,830),(834,831),(834,832),(834,833),(847,835),(847,836),(847,837),(847,838),(847,839),(847,840),(847,841),(847,842),(847,843),(847,844),(847,845),(847,846),(860,848),(860,849),(860,850),(860,851),(860,852),(860,853),(860,854),(860,855),(860,856),(860,857),(860,858),(860,859),(873,861),(873,862),(873,863),(873,864),(873,865),(873,866),(873,867),(873,868),(873,869),(873,870),(873,871),(873,872),(886,874),(886,875),(886,876),(886,877),(886,878),(886,879),(886,880),(886,881),(886,882),(886,883),(886,884),(886,885),(899,887),(899,888),(899,889),(899,890),(899,891),(899,892),(899,893),(899,894),(899,895),(899,896),(899,897),(899,898),(904,900),(904,901),(904,902),(904,903),(917,905),(917,906),(917,907),(917,908),(917,909),(917,910),(917,911),(917,912),(917,913),(917,914),(917,915),(917,916),(930,918),(930,919),(930,920),(930,921),(930,922),(930,923),(930,924),(930,925),(930,926),(930,927),(930,928),(930,929),(943,931),(943,932),(943,933),(943,934),(943,935),(943,936),(943,937),(943,938),(943,939),(943,940),(943,941),(943,942),(956,944),(956,945),(956,946),(956,947),(956,948),(956,949),(956,950),(956,951),(956,952),(956,953),(956,954),(956,955),(969,957),(969,958),(969,959),(969,960),(969,961),(969,962),(969,963),(969,964),(969,965),(969,966),(969,967),(969,968),(982,970),(982,971),(982,972),(982,973),(982,974),(982,975),(982,976),(982,977),(982,978),(982,979),(982,980),(982,981),(995,983),(995,984),(995,985),(995,986),(995,987),(995,988),(995,989),(995,990),(995,991),(995,992),(995,993),(995,994),(1008,996),(1008,997),(1008,998),(1008,999),(1008,1000),(1008,1001),(1008,1002),(1008,1003),(1008,1004),(1008,1005),(1008,1006),(1008,1007),(1021,1009),(1021,1010),(1021,1011),(1021,1012),(1021,1013),(1021,1014),(1021,1015),(1021,1016),(1021,1017),(1021,1018),(1021,1019),(1021,1020),(1034,1022),(1034,1023),(1034,1024),(1034,1025),(1034,1026),(1034,1027),(1034,1028),(1034,1029),(1034,1030),(1034,1031),(1034,1032),(1034,1033),(1050,1035),(1050,1036),(1050,1037),(1050,1038),(1050,1039),(1050,1040),(1050,1041),(1050,1042),(1050,1043),(1050,1044),(1050,1045),(1050,1046),(1050,1047),(1050,1048),(1050,1049),(1066,1051),(1066,1052),(1066,1053),(1066,1054),(1066,1055),(1066,1056),(1066,1057),(1066,1058),(1066,1059),(1066,1060),(1066,1061),(1066,1062),(1066,1063),(1066,1064),(1066,1065),(1082,1067),(1082,1068),(1082,1069),(1082,1070),(1082,1071),(1082,1072),(1082,1073),(1082,1074),(1082,1075),(1082,1076),(1082,1077),(1082,1078),(1082,1079),(1082,1080),(1082,1081),(1098,1083),(1098,1084),(1098,1085),(1098,1086),(1098,1087),(1098,1088),(1098,1089),(1098,1090),(1098,1091),(1098,1092),(1098,1093),(1098,1094),(1098,1095),(1098,1096),(1098,1097),(1114,1099),(1114,1100),(1114,1101),(1114,1102),(1114,1103),(1114,1104),(1114,1105),(1114,1106),(1114,1107),(1114,1108),(1114,1109),(1114,1110),(1114,1111),(1114,1112),(1114,1113),(1120,1115),(1120,1116),(1120,1117),(1120,1118),(1120,1119),(1136,1121),(1136,1122),(1136,1123),(1136,1124),(1136,1125),(1136,1126),(1136,1127),(1136,1128),(1136,1129),(1136,1130),(1136,1131),(1136,1132),(1136,1133),(1136,1134),(1136,1135),(1152,1137),(1152,1138),(1152,1139),(1152,1140),(1152,1141),(1152,1142),(1152,1143),(1152,1144),(1152,1145),(1152,1146),(1152,1147),(1152,1148),(1152,1149),(1152,1150),(1152,1151),(1168,1153),(1168,1154),(1168,1155),(1168,1156),(1168,1157),(1168,1158),(1168,1159),(1168,1160),(1168,1161),(1168,1162),(1168,1163),(1168,1164),(1168,1165),(1168,1166),(1168,1167),(1184,1169),(1184,1170),(1184,1171),(1184,1172),(1184,1173),(1184,1174),(1184,1175),(1184,1176),(1184,1177),(1184,1178),(1184,1179),(1184,1180),(1184,1181),(1184,1182),(1184,1183),(1200,1185),(1200,1186),(1200,1187),(1200,1188),(1200,1189),(1200,1190),(1200,1191),(1200,1192),(1200,1193),(1200,1194),(1200,1195),(1200,1196),(1200,1197),(1200,1198),(1200,1199),(1216,1201),(1216,1202),(1216,1203),(1216,1204),(1216,1205),(1216,1206),(1216,1207),(1216,1208),(1216,1209),(1216,1210),(1216,1211),(1216,1212),(1216,1213),(1216,1214),(1216,1215),(1226,1217),(1226,1218),(1226,1219),(1226,1220),(1226,1221),(1226,1222),(1226,1223),(1226,1224),(1226,1225),(1242,1227),(1242,1228),(1242,1229),(1242,1230),(1242,1231),(1242,1232),(1242,1233),(1242,1234),(1242,1235),(1242,1236),(1242,1237),(1242,1238),(1242,1239),(1242,1240),(1242,1241),(1258,1243),(1258,1244),(1258,1245),(1258,1246),(1258,1247),(1258,1248),(1258,1249),(1258,1250),(1258,1251),(1258,1252),(1258,1253),(1258,1254),(1258,1255),(1258,1256),(1258,1257),(1274,1259),(1274,1260),(1274,1261),(1274,1262),(1274,1263),(1274,1264),(1274,1265),(1274,1266),(1274,1267),(1274,1268),(1274,1269),(1274,1270),(1274,1271),(1274,1272),(1274,1273),(1290,1275),(1290,1276),(1290,1277),(1290,1278),(1290,1279),(1290,1280),(1290,1281),(1290,1282),(1290,1283),(1290,1284),(1290,1285),(1290,1286),(1290,1287),(1290,1288),(1290,1289),(1306,1291),(1306,1292),(1306,1293),(1306,1294),(1306,1295),(1306,1296),(1306,1297),(1306,1298),(1306,1299),(1306,1300),(1306,1301),(1306,1302),(1306,1303),(1306,1304),(1306,1305),(1322,1307),(1322,1308),(1322,1309),(1322,1310),(1322,1311),(1322,1312),(1322,1313),(1322,1314),(1322,1315),(1322,1316),(1322,1317),(1322,1318),(1322,1319),(1322,1320),(1322,1321),(1338,1323),(1338,1324),(1338,1325),(1338,1326),(1338,1327),(1338,1328),(1338,1329),(1338,1330),(1338,1331),(1338,1332),(1338,1333),(1338,1334),(1338,1335),(1338,1336),(1338,1337),(1354,1339),(1354,1340),(1354,1341),(1354,1342),(1354,1343),(1354,1344),(1354,1345),(1354,1346),(1354,1347),(1354,1348),(1354,1349),(1354,1350),(1354,1351),(1354,1352),(1354,1353),(1370,1355),(1370,1356),(1370,1357),(1370,1358),(1370,1359),(1370,1360),(1370,1361),(1370,1362),(1370,1363),(1370,1364),(1370,1365),(1370,1366),(1370,1367),(1370,1368),(1370,1369),(1386,1371),(1386,1372),(1386,1373),(1386,1374),(1386,1375),(1386,1376),(1386,1377),(1386,1378),(1386,1379),(1386,1380),(1386,1381),(1386,1382),(1386,1383),(1386,1384),(1386,1385),(1402,1387),(1402,1388),(1402,1389),(1402,1390),(1402,1391),(1402,1392),(1402,1393),(1402,1394),(1402,1395),(1402,1396),(1402,1397),(1402,1398),(1402,1399),(1402,1400),(1402,1401),(1418,1403),(1418,1404),(1418,1405),(1418,1406),(1418,1407),(1418,1408),(1418,1409),(1418,1410),(1418,1411),(1418,1412),(1418,1413),(1418,1414),(1418,1415),(1418,1416),(1418,1417),(1434,1419),(1434,1420),(1434,1421),(1434,1422),(1434,1423),(1434,1424),(1434,1425),(1434,1426),(1434,1427),(1434,1428),(1434,1429),(1434,1430),(1434,1431),(1434,1432),(1434,1433),(1450,1435),(1450,1436),(1450,1437),(1450,1438),(1450,1439),(1450,1440),(1450,1441),(1450,1442),(1450,1443),(1450,1444),(1450,1445),(1450,1446),(1450,1447),(1450,1448),(1450,1449),(1466,1451),(1466,1452),(1466,1453),(1466,1454),(1466,1455),(1466,1456),(1466,1457),(1466,1458),(1466,1459),(1466,1460),(1466,1461),(1466,1462),(1466,1463),(1466,1464),(1466,1465),(1482,1467),(1482,1468),(1482,1469),(1482,1470),(1482,1471),(1482,1472),(1482,1473),(1482,1474),(1482,1475),(1482,1476),(1482,1477),(1482,1478),(1482,1479),(1482,1480),(1482,1481),(1498,1483),(1498,1484),(1498,1485),(1498,1486),(1498,1487),(1498,1488),(1498,1489),(1498,1490),(1498,1491),(1498,1492),(1498,1493),(1498,1494),(1498,1495),(1498,1496),(1498,1497),(1514,1499),(1514,1500),(1514,1501),(1514,1502),(1514,1503),(1514,1504),(1514,1505),(1514,1506),(1514,1507),(1514,1508),(1514,1509),(1514,1510),(1514,1511),(1514,1512),(1514,1513),(1530,1515),(1530,1516),(1530,1517),(1530,1518),(1530,1519),(1530,1520),(1530,1521),(1530,1522),(1530,1523),(1530,1524),(1530,1525),(1530,1526),(1530,1527),(1530,1528),(1530,1529),(1546,1531),(1546,1532),(1546,1533),(1546,1534),(1546,1535),(1546,1536),(1546,1537),(1546,1538),(1546,1539),(1546,1540),(1546,1541),(1546,1542),(1546,1543),(1546,1544),(1546,1545),(1562,1547),(1562,1548),(1562,1549),(1562,1550),(1562,1551),(1562,1552),(1562,1553),(1562,1554),(1562,1555),(1562,1556),(1562,1557),(1562,1558),(1562,1559),(1562,1560),(1562,1561),(1578,1563),(1578,1564),(1578,1565),(1578,1566),(1578,1567),(1578,1568),(1578,1569),(1578,1570),(1578,1571),(1578,1572),(1578,1573),(1578,1574),(1578,1575),(1578,1576),(1578,1577),(1594,1579),(1594,1580),(1594,1581),(1594,1582),(1594,1583),(1594,1584),(1594,1585),(1594,1586),(1594,1587),(1594,1588),(1594,1589),(1594,1590),(1594,1591),(1594,1592),(1594,1593),(1610,1595),(1610,1596),(1610,1597),(1610,1598),(1610,1599),(1610,1600),(1610,1601),(1610,1602),(1610,1603),(1610,1604),(1610,1605),(1610,1606),(1610,1607),(1610,1608),(1610,1609),(1626,1611),(1626,1612),(1626,1613),(1626,1614),(1626,1615),(1626,1616),(1626,1617),(1626,1618),(1626,1619),(1626,1620),(1626,1621),(1626,1622),(1626,1623),(1626,1624),(1626,1625),(1642,1627),(1642,1628),(1642,1629),(1642,1630),(1642,1631),(1642,1632),(1642,1633),(1642,1634),(1642,1635),(1642,1636),(1642,1637),(1642,1638),(1642,1639),(1642,1640),(1642,1641),(1658,1643),(1658,1644),(1658,1645),(1658,1646),(1658,1647),(1658,1648),(1658,1649),(1658,1650),(1658,1651),(1658,1652),(1658,1653),(1658,1654),(1658,1655),(1658,1656),(1658,1657),(1674,1659),(1674,1660),(1674,1661),(1674,1662),(1674,1663),(1674,1664),(1674,1665),(1674,1666),(1674,1667),(1674,1668),(1674,1669),(1674,1670),(1674,1671),(1674,1672),(1674,1673),(1690,1675),(1690,1676),(1690,1677),(1690,1678),(1690,1679),(1690,1680),(1690,1681),(1690,1682),(1690,1683),(1690,1684),(1690,1685),(1690,1686),(1690,1687),(1690,1688),(1690,1689),(1706,1691),(1706,1692),(1706,1693),(1706,1694),(1706,1695),(1706,1696),(1706,1697),(1706,1698),(1706,1699),(1706,1700),(1706,1701),(1706,1702),(1706,1703),(1706,1704),(1706,1705),(1722,1707),(1722,1708),(1722,1709),(1722,1710),(1722,1711),(1722,1712),(1722,1713),(1722,1714),(1722,1715),(1722,1716),(1722,1717),(1722,1718),(1722,1719),(1722,1720),(1722,1721),(1738,1723),(1738,1724),(1738,1725),(1738,1726),(1738,1727),(1738,1728),(1738,1729),(1738,1730),(1738,1731),(1738,1732),(1738,1733),(1738,1734),(1738,1735),(1738,1736),(1738,1737),(1754,1739),(1754,1740),(1754,1741),(1754,1742),(1754,1743),(1754,1744),(1754,1745),(1754,1746),(1754,1747),(1754,1748),(1754,1749),(1754,1750),(1754,1751),(1754,1752),(1754,1753),(1770,1755),(1770,1756),(1770,1757),(1770,1758),(1770,1759),(1770,1760),(1770,1761),(1770,1762),(1770,1763),(1770,1764),(1770,1765),(1770,1766),(1770,1767),(1770,1768),(1770,1769),(1786,1771),(1786,1772),(1786,1773),(1786,1774),(1786,1775),(1786,1776),(1786,1777),(1786,1778),(1786,1779),(1786,1780),(1786,1781),(1786,1782),(1786,1783),(1786,1784),(1786,1785),(1802,1787),(1802,1788),(1802,1789),(1802,1790),(1802,1791),(1802,1792),(1802,1793),(1802,1794),(1802,1795),(1802,1796),(1802,1797),(1802,1798),(1802,1799),(1802,1800),(1802,1801),(1818,1803),(1818,1804),(1818,1805),(1818,1806),(1818,1807),(1818,1808),(1818,1809),(1818,1810),(1818,1811),(1818,1812),(1818,1813),(1818,1814),(1818,1815),(1818,1816),(1818,1817),(1825,1819),(1825,1820),(1825,1821),(1825,1822),(1825,1823),(1825,1824),(1832,1826),(1832,1827),(1832,1828),(1832,1829),(1832,1830),(1832,1831),(1839,1833),(1839,1834),(1839,1835),(1839,1836),(1839,1837),(1839,1838),(1846,1840),(1846,1841),(1846,1842),(1846,1843),(1846,1844),(1846,1845),(1853,1847),(1853,1848),(1853,1849),(1853,1850),(1853,1851),(1853,1852),(1860,1854),(1860,1855),(1860,1856),(1860,1857),(1860,1858),(1860,1859),(1867,1861),(1867,1862),(1867,1863),(1867,1864),(1867,1865),(1867,1866),(1874,1868),(1874,1869),(1874,1870),(1874,1871),(1874,1872),(1874,1873),(1881,1875),(1881,1876),(1881,1877),(1881,1878),(1881,1879),(1881,1880),(1888,1882),(1888,1883),(1888,1884),(1888,1885),(1888,1886),(1888,1887),(1895,1889),(1895,1890),(1895,1891),(1895,1892),(1895,1893),(1895,1894),(1902,1896),(1902,1897),(1902,1898),(1902,1899),(1902,1900),(1902,1901),(1909,1903),(1909,1904),(1909,1905),(1909,1906),(1909,1907),(1909,1908),(1925,1910),(1925,1911),(1925,1912),(1925,1913),(1925,1914),(1925,1915),(1925,1916),(1925,1917),(1925,1918),(1925,1919),(1925,1920),(1925,1921),(1925,1922),(1925,1923),(1925,1924),(1941,1926),(1941,1927),(1941,1928),(1941,1929),(1941,1930),(1941,1931),(1941,1932),(1941,1933),(1941,1934),(1941,1935),(1941,1936),(1941,1937),(1941,1938),(1941,1939),(1941,1940),(1957,1942),(1957,1943),(1957,1944),(1957,1945),(1957,1946),(1957,1947),(1957,1948),(1957,1949),(1957,1950),(1957,1951),(1957,1952),(1957,1953),(1957,1954),(1957,1955),(1957,1956),(1973,1958),(1973,1959),(1973,1960),(1973,1961),(1973,1962),(1973,1963),(1973,1964),(1973,1965),(1973,1966),(1973,1967),(1973,1968),(1973,1969),(1973,1970),(1973,1971),(1973,1972),(1989,1974),(1989,1975),(1989,1976),(1989,1977),(1989,1978),(1989,1979),(1989,1980),(1989,1981),(1989,1982),(1989,1983),(1989,1984),(1989,1985),(1989,1986),(1989,1987),(1989,1988),(1996,1990),(1996,1991),(1996,1992),(1996,1993),(1996,1994),(1996,1995),(2003,1997),(2003,1998),(2003,1999),(2003,2000),(2003,2001),(2003,2002),(2009,2004),(2009,2005),(2009,2006),(2009,2007),(2009,2008),(2016,2010),(2016,2011),(2016,2012),(2016,2013),(2016,2014),(2016,2015),(2023,2017),(2023,2018),(2023,2019),(2023,2020),(2023,2021),(2023,2022),(2030,2024),(2030,2025),(2030,2026),(2030,2027),(2030,2028),(2030,2029),(2046,2031),(2046,2032),(2046,2033),(2046,2034),(2046,2035),(2046,2036),(2046,2037),(2046,2038),(2046,2039),(2046,2040),(2046,2041),(2046,2042),(2046,2043),(2046,2044),(2046,2045),(3515,3509),(3515,3510),(3515,3511),(3515,3512),(3515,3513),(3515,3514);

--
-- Table structure for table `catalog_product_super_attribute`
--

CREATE TABLE `catalog_product_super_attribute` (
  `product_super_attribute_id` int(10) unsigned NOT NULL AUTO_INCREMENT COMMENT 'Product Super Attribute ID',
  `product_id` int(10) unsigned NOT NULL DEFAULT '0' COMMENT 'Product ID',
  `attribute_id` smallint(5) unsigned NOT NULL DEFAULT '0' COMMENT 'Attribute ID',
  `position` smallint(5) unsigned NOT NULL DEFAULT '0' COMMENT 'Position',
  PRIMARY KEY (`product_super_attribute_id`),
  UNIQUE KEY `CATALOG_PRODUCT_SUPER_ATTRIBUTE_PRODUCT_ID_ATTRIBUTE_ID` (`product_id`,`attribute_id`),
  CONSTRAINT `CAT_PRD_SPR_ATTR_PRD_ID_CAT_PRD_ENTT_ENTT_ID` FOREIGN KEY (`product_id`) REFERENCES `catalog_product_entity` (`entity_id`) ON DELETE CASCADE
) ENGINE=InnoDB AUTO_INCREMENT=310 DEFAULT CHARSET=utf8 COMMENT='Catalog Product Super Attribute Table';

--
-- Dumping data for table `catalog_product_super_attribute`
--

INSERT INTO `catalog_product_super_attribute` VALUES (2,68,142,0),(3,68,93,1),(4,84,142,0),(5,84,93,1),(6,100,142,0),(7,100,93,1),(8,116,142,0),(9,116,93,1),(10,132,142,0),(11,132,93,1),(12,148,142,0),(13,148,93,1),(14,164,142,0),(15,164,93,1),(16,180,142,0),(17,180,93,1),(18,196,142,0),(19,196,93,1),(20,212,142,0),(21,212,93,1),(22,228,142,0),(23,228,93,1),(24,244,142,0),(25,244,93,1),(26,260,142,0),(27,260,93,1),(28,276,142,0),(29,276,93,1),(30,292,142,0),(31,292,93,1),(32,308,142,0),(33,308,93,1),(34,324,142,0),(35,324,93,1),(36,340,142,0),(37,340,93,1),(38,356,142,0),(39,356,93,1),(40,372,142,0),(41,372,93,1),(42,388,142,0),(43,388,93,1),(44,404,142,0),(45,404,93,1),(46,420,142,0),(47,420,93,1),(48,436,142,0),(49,436,93,1),(50,452,142,0),(51,452,93,1),(52,468,142,0),(53,468,93,1),(54,484,142,0),(55,484,93,1),(56,500,142,0),(57,500,93,1),(58,516,142,0),(59,516,93,1),(60,532,142,0),(61,532,93,1),(62,548,142,0),(63,548,93,1),(64,564,142,0),(65,564,93,1),(66,580,142,0),(67,580,93,1),(68,596,142,0),(69,596,93,1),(70,612,142,0),(71,612,93,1),(72,628,142,0),(73,628,93,1),(74,644,142,0),(75,644,93,1),(76,660,142,0),(77,660,93,1),(78,676,142,0),(79,676,93,1),(80,682,142,0),(81,682,93,1),(82,688,142,0),(83,688,93,1),(84,694,142,0),(85,694,93,1),(86,700,142,0),(87,700,93,1),(88,706,142,0),(89,706,93,1),(90,712,142,0),(91,712,93,1),(92,718,142,0),(93,718,93,1),(94,724,142,0),(95,724,93,1),(96,730,142,0),(97,730,93,1),(98,743,142,0),(99,743,93,1),(100,756,142,0),(101,756,93,1),(102,769,142,0),(103,769,93,1),(104,782,142,0),(105,782,93,1),(106,795,142,0),(107,795,93,1),(108,808,142,0),(109,808,93,1),(110,821,142,0),(111,821,93,1),(112,834,142,0),(113,834,93,1),(114,847,142,0),(115,847,93,1),(116,860,142,0),(117,860,93,1),(118,873,142,0),(119,873,93,1),(120,886,142,0),(121,886,93,1),(122,899,142,0),(123,899,93,1),(124,904,142,0),(125,904,93,1),(126,917,142,0),(127,917,93,1),(128,930,142,0),(129,930,93,1),(130,943,142,0),(131,943,93,1),(132,956,142,0),(133,956,93,1),(134,969,142,0),(135,969,93,1),(136,982,142,0),(137,982,93,1),(138,995,142,0),(139,995,93,1),(140,1008,142,0),(141,1008,93,1),(142,1021,142,0),(143,1021,93,1),(144,1034,142,0),(145,1034,93,1),(146,1050,142,0),(147,1050,93,1),(148,1066,142,0),(149,1066,93,1),(150,1082,142,0),(151,1082,93,1),(152,1098,142,0),(153,1098,93,1),(154,1114,142,0),(155,1114,93,1),(156,1120,142,0),(157,1120,93,1),(158,1136,142,0),(159,1136,93,1),(160,1152,142,0),(161,1152,93,1),(162,1168,142,0),(163,1168,93,1),(164,1184,142,0),(165,1184,93,1),(166,1200,142,0),(167,1200,93,1),(168,1216,142,0),(169,1216,93,1),(170,1226,142,0),(171,1226,93,1),(172,1242,142,0),(173,1242,93,1),(174,1258,142,0),(175,1258,93,1),(176,1274,142,0),(177,1274,93,1),(178,1290,142,0),(179,1290,93,1),(180,1306,142,0),(181,1306,93,1),(182,1322,142,0),(183,1322,93,1),(184,1338,142,0),(185,1338,93,1),(186,1354,142,0),(187,1354,93,1),(188,1370,142,0),(189,1370,93,1),(190,1386,142,0),(191,1386,93,1),(192,1402,142,0),(193,1402,93,1),(194,1418,142,0),(195,1418,93,1),(196,1434,142,0),(197,1434,93,1),(198,1450,142,0),(199,1450,93,1),(200,1466,142,0),(201,1466,93,1),(202,1482,142,0),(203,1482,93,1),(204,1498,142,0),(205,1498,93,1),(206,1514,142,0),(207,1514,93,1),(208,1530,142,0),(209,1530,93,1),(210,1546,142,0),(211,1546,93,1),(212,1562,142,0),(213,1562,93,1),(214,1578,142,0),(215,1578,93,1),(216,1594,142,0),(217,1594,93,1),(218,1610,142,0),(219,1610,93,1),(220,1626,142,0),(221,1626,93,1),(222,1642,142,0),(223,1642,93,1),(224,1658,142,0),(225,1658,93,1),(226,1674,142,0),(227,1674,93,1),(228,1690,142,0),(229,1690,93,1),(230,1706,142,0),(231,1706,93,1),(232,1722,142,0),(233,1722,93,1),(234,1738,142,0),(235,1738,93,1),(236,1754,142,0),(237,1754,93,1),(238,1770,142,0),(239,1770,93,1),(240,1786,142,0),(241,1786,93,1),(242,1802,142,0),(243,1802,93,1),(244,1818,142,0),(245,1818,93,1),(246,1825,142,0),(247,1825,93,1),(248,1832,142,0),(249,1832,93,1),(250,1839,142,0),(251,1839,93,1),(252,1846,142,0),(253,1846,93,1),(254,1853,142,0),(255,1853,93,1),(256,1860,142,0),(257,1860,93,1),(258,1867,142,0),(259,1867,93,1),(260,1874,142,0),(261,1874,93,1),(262,1881,142,0),(263,1881,93,1),(264,1888,142,0),(265,1888,93,1),(266,1895,142,0),(267,1895,93,1),(268,1902,142,0),(269,1902,93,1),(270,1909,142,0),(271,1909,93,1),(272,1925,142,0),(273,1925,93,1),(274,1941,142,0),(275,1941,93,1),(276,1957,142,0),(277,1957,93,1),(278,1973,142,0),(279,1973,93,1),(280,1989,142,0),(281,1989,93,1),(282,1996,142,0),(283,1996,93,1),(284,2003,142,0),(285,2003,93,1),(286,2009,142,0),(287,2009,93,1),(288,2016,142,0),(289,2016,93,1),(290,2023,142,0),(291,2023,93,1),(292,2030,142,0),(293,2030,93,1),(294,2046,142,0),(295,2046,93,1),(308,3515,185,0),(309,3515,189,1);

--
-- Table structure for table `catalog_product_super_attribute_label`
--

CREATE TABLE `catalog_product_super_attribute_label` (
  `value_id` int(10) unsigned NOT NULL AUTO_INCREMENT COMMENT 'Value ID',
  `product_super_attribute_id` int(10) unsigned NOT NULL DEFAULT '0' COMMENT 'Product Super Attribute ID',
  `store_id` smallint(5) unsigned NOT NULL DEFAULT '0' COMMENT 'Store ID',
  `use_default` smallint(5) unsigned DEFAULT '0' COMMENT 'Use Default Value',
  `value` varchar(255) DEFAULT NULL COMMENT 'Value',
  PRIMARY KEY (`value_id`),
  UNIQUE KEY `CAT_PRD_SPR_ATTR_LBL_PRD_SPR_ATTR_ID_STORE_ID` (`product_super_attribute_id`,`store_id`),
  KEY `CATALOG_PRODUCT_SUPER_ATTRIBUTE_LABEL_STORE_ID` (`store_id`),
  CONSTRAINT `CATALOG_PRODUCT_SUPER_ATTRIBUTE_LABEL_STORE_ID_STORE_STORE_ID` FOREIGN KEY (`store_id`) REFERENCES `store` (`store_id`) ON DELETE CASCADE,
  CONSTRAINT `FK_309442281DF7784210ED82B2CC51E5D5` FOREIGN KEY (`product_super_attribute_id`) REFERENCES `catalog_product_super_attribute` (`product_super_attribute_id`) ON DELETE CASCADE
) ENGINE=InnoDB AUTO_INCREMENT=309 DEFAULT CHARSET=utf8 COMMENT='Catalog Product Super Attribute Label Table';

--
-- Dumping data for table `catalog_product_super_attribute_label`
--

INSERT INTO `catalog_product_super_attribute_label` VALUES (1,2,0,0,'Size'),(2,3,0,0,'Color'),(3,4,0,0,'Size'),(4,5,0,0,'Color'),(5,6,0,0,'Size'),(6,7,0,0,'Color'),(7,8,0,0,'Size'),(8,9,0,0,'Color'),(9,10,0,0,'Size'),(10,11,0,0,'Color'),(11,12,0,0,'Size'),(12,13,0,0,'Color'),(13,14,0,0,'Size'),(14,15,0,0,'Color'),(15,16,0,0,'Size'),(16,17,0,0,'Color'),(17,18,0,0,'Size'),(18,19,0,0,'Color'),(19,20,0,0,'Size'),(20,21,0,0,'Color'),(21,22,0,0,'Size'),(22,23,0,0,'Color'),(23,24,0,0,'Size'),(24,25,0,0,'Color'),(25,26,0,0,'Size'),(26,27,0,0,'Color'),(27,28,0,0,'Size'),(28,29,0,0,'Color'),(29,30,0,0,'Size'),(30,31,0,0,'Color'),(31,32,0,0,'Size'),(32,33,0,0,'Color'),(33,34,0,0,'Size'),(34,35,0,0,'Color'),(35,36,0,0,'Size'),(36,37,0,0,'Color'),(37,38,0,0,'Size'),(38,39,0,0,'Color'),(39,40,0,0,'Size'),(40,41,0,0,'Color'),(41,42,0,0,'Size'),(42,43,0,0,'Color'),(43,44,0,0,'Size'),(44,45,0,0,'Color'),(45,46,0,0,'Size'),(46,47,0,0,'Color'),(47,48,0,0,'Size'),(48,49,0,0,'Color'),(49,50,0,0,'Size'),(50,51,0,0,'Color'),(51,52,0,0,'Size'),(52,53,0,0,'Color'),(53,54,0,0,'Size'),(54,55,0,0,'Color'),(55,56,0,0,'Size'),(56,57,0,0,'Color'),(57,58,0,0,'Size'),(58,59,0,0,'Color'),(59,60,0,0,'Size'),(60,61,0,0,'Color'),(61,62,0,0,'Size'),(62,63,0,0,'Color'),(63,64,0,0,'Size'),(64,65,0,0,'Color'),(65,66,0,0,'Size'),(66,67,0,0,'Color'),(67,68,0,0,'Size'),(68,69,0,0,'Color'),(69,70,0,0,'Size'),(70,71,0,0,'Color'),(71,72,0,0,'Size'),(72,73,0,0,'Color'),(73,74,0,0,'Size'),(74,75,0,0,'Color'),(75,76,0,0,'Size'),(76,77,0,0,'Color'),(77,78,0,0,'Size'),(78,79,0,0,'Color'),(79,80,0,0,'Size'),(80,81,0,0,'Color'),(81,82,0,0,'Size'),(82,83,0,0,'Color'),(83,84,0,0,'Size'),(84,85,0,0,'Color'),(85,86,0,0,'Size'),(86,87,0,0,'Color'),(87,88,0,0,'Size'),(88,89,0,0,'Color'),(89,90,0,0,'Size'),(90,91,0,0,'Color'),(91,92,0,0,'Size'),(92,93,0,0,'Color'),(93,94,0,0,'Size'),(94,95,0,0,'Color'),(95,96,0,0,'Size'),(96,97,0,0,'Color'),(97,98,0,0,'Size'),(98,99,0,0,'Color'),(99,100,0,0,'Size'),(100,101,0,0,'Color'),(101,102,0,0,'Size'),(102,103,0,0,'Color'),(103,104,0,0,'Size'),(104,105,0,0,'Color'),(105,106,0,0,'Size'),(106,107,0,0,'Color'),(107,108,0,0,'Size'),(108,109,0,0,'Color'),(109,110,0,0,'Size'),(110,111,0,0,'Color'),(111,112,0,0,'Size'),(112,113,0,0,'Color'),(113,114,0,0,'Size'),(114,115,0,0,'Color'),(115,116,0,0,'Size'),(116,117,0,0,'Color'),(117,118,0,0,'Size'),(118,119,0,0,'Color'),(119,120,0,0,'Size'),(120,121,0,0,'Color'),(121,122,0,0,'Size'),(122,123,0,0,'Color'),(123,124,0,0,'Size'),(124,125,0,0,'Color'),(125,126,0,0,'Size'),(126,127,0,0,'Color'),(127,128,0,0,'Size'),(128,129,0,0,'Color'),(129,130,0,0,'Size'),(130,131,0,0,'Color'),(131,132,0,0,'Size'),(132,133,0,0,'Color'),(133,134,0,0,'Size'),(134,135,0,0,'Color'),(135,136,0,0,'Size'),(136,137,0,0,'Color'),(137,138,0,0,'Size'),(138,139,0,0,'Color'),(139,140,0,0,'Size'),(140,141,0,0,'Color'),(141,142,0,0,'Size'),(142,143,0,0,'Color'),(143,144,0,0,'Size'),(144,145,0,0,'Color'),(145,146,0,0,'Size'),(146,147,0,0,'Color'),(147,148,0,0,'Size'),(148,149,0,0,'Color'),(149,150,0,0,'Size'),(150,151,0,0,'Color'),(151,152,0,0,'Size'),(152,153,0,0,'Color'),(153,154,0,0,'Size'),(154,155,0,0,'Color'),(155,156,0,0,'Size'),(156,157,0,0,'Color'),(157,158,0,0,'Size'),(158,159,0,0,'Color'),(159,160,0,0,'Size'),(160,161,0,0,'Color'),(161,162,0,0,'Size'),(162,163,0,0,'Color'),(163,164,0,0,'Size'),(164,165,0,0,'Color'),(165,166,0,0,'Size'),(166,167,0,0,'Color'),(167,168,0,0,'Size'),(168,169,0,0,'Color'),(169,170,0,0,'Size'),(170,171,0,0,'Color'),(171,172,0,0,'Size'),(172,173,0,0,'Color'),(173,174,0,0,'Size'),(174,175,0,0,'Color'),(175,176,0,0,'Size'),(176,177,0,0,'Color'),(177,178,0,0,'Size'),(178,179,0,0,'Color'),(179,180,0,0,'Size'),(180,181,0,0,'Color'),(181,182,0,0,'Size'),(182,183,0,0,'Color'),(183,184,0,0,'Size'),(184,185,0,0,'Color'),(185,186,0,0,'Size'),(186,187,0,0,'Color'),(187,188,0,0,'Size'),(188,189,0,0,'Color'),(189,190,0,0,'Size'),(190,191,0,0,'Color'),(191,192,0,0,'Size'),(192,193,0,0,'Color'),(193,194,0,0,'Size'),(194,195,0,0,'Color'),(195,196,0,0,'Size'),(196,197,0,0,'Color'),(197,198,0,0,'Size'),(198,199,0,0,'Color'),(199,200,0,0,'Size'),(200,201,0,0,'Color'),(201,202,0,0,'Size'),(202,203,0,0,'Color'),(203,204,0,0,'Size'),(204,205,0,0,'Color'),(205,206,0,0,'Size'),(206,207,0,0,'Color'),(207,208,0,0,'Size'),(208,209,0,0,'Color'),(209,210,0,0,'Size'),(210,211,0,0,'Color'),(211,212,0,0,'Size'),(212,213,0,0,'Color'),(213,214,0,0,'Size'),(214,215,0,0,'Color'),(215,216,0,0,'Size'),(216,217,0,0,'Color'),(217,218,0,0,'Size'),(218,219,0,0,'Color'),(219,220,0,0,'Size'),(220,221,0,0,'Color'),(221,222,0,0,'Size'),(222,223,0,0,'Color'),(223,224,0,0,'Size'),(224,225,0,0,'Color'),(225,226,0,0,'Size'),(226,227,0,0,'Color'),(227,228,0,0,'Size'),(228,229,0,0,'Color'),(229,230,0,0,'Size'),(230,231,0,0,'Color'),(231,232,0,0,'Size'),(232,233,0,0,'Color'),(233,234,0,0,'Size'),(234,235,0,0,'Color'),(235,236,0,0,'Size'),(236,237,0,0,'Color'),(237,238,0,0,'Size'),(238,239,0,0,'Color'),(239,240,0,0,'Size'),(240,241,0,0,'Color'),(241,242,0,0,'Size'),(242,243,0,0,'Color'),(243,244,0,0,'Size'),(244,245,0,0,'Color'),(245,246,0,0,'Size'),(246,247,0,0,'Color'),(247,248,0,0,'Size'),(248,249,0,0,'Color'),(249,250,0,0,'Size'),(250,251,0,0,'Color'),(251,252,0,0,'Size'),(252,253,0,0,'Color'),(253,254,0,0,'Size'),(254,255,0,0,'Color'),(255,256,0,0,'Size'),(256,257,0,0,'Color'),(257,258,0,0,'Size'),(258,259,0,0,'Color'),(259,260,0,0,'Size'),(260,261,0,0,'Color'),(261,262,0,0,'Size'),(262,263,0,0,'Color'),(263,264,0,0,'Size'),(264,265,0,0,'Color'),(265,266,0,0,'Size'),(266,267,0,0,'Color'),(267,268,0,0,'Size'),(268,269,0,0,'Color'),(269,270,0,0,'Size'),(270,271,0,0,'Color'),(271,272,0,0,'Size'),(272,273,0,0,'Color'),(273,274,0,0,'Size'),(274,275,0,0,'Color'),(275,276,0,0,'Size'),(276,277,0,0,'Color'),(277,278,0,0,'Size'),(278,279,0,0,'Color'),(279,280,0,0,'Size'),(280,281,0,0,'Color'),(281,282,0,0,'Size'),(282,283,0,0,'Color'),(283,284,0,0,'Size'),(284,285,0,0,'Color'),(285,286,0,0,'Size'),(286,287,0,0,'Color'),(287,288,0,0,'Size'),(288,289,0,0,'Color'),(289,290,0,0,'Size'),(290,291,0,0,'Color'),(291,292,0,0,'Size'),(292,293,0,0,'Color'),(293,294,0,0,'Size'),(294,295,0,0,'Color'),(307,308,0,0,'Aeron Size'),(308,309,0,0,'Armpad');

--
-- Table structure for table `catalog_product_super_link`
--

CREATE TABLE `catalog_product_super_link` (
  `link_id` int(10) unsigned NOT NULL AUTO_INCREMENT COMMENT 'Link ID',
  `product_id` int(10) unsigned NOT NULL DEFAULT '0' COMMENT 'Product ID',
  `parent_id` int(10) unsigned NOT NULL DEFAULT '0' COMMENT 'Parent ID',
  PRIMARY KEY (`link_id`),
  UNIQUE KEY `CATALOG_PRODUCT_SUPER_LINK_PRODUCT_ID_PARENT_ID` (`product_id`,`parent_id`),
  KEY `CATALOG_PRODUCT_SUPER_LINK_PARENT_ID` (`parent_id`),
  CONSTRAINT `CAT_PRD_SPR_LNK_PARENT_ID_CAT_PRD_ENTT_ENTT_ID` FOREIGN KEY (`parent_id`) REFERENCES `catalog_product_entity` (`entity_id`) ON DELETE CASCADE,
  CONSTRAINT `CAT_PRD_SPR_LNK_PRD_ID_CAT_PRD_ENTT_ENTT_ID` FOREIGN KEY (`product_id`) REFERENCES `catalog_product_entity` (`entity_id`) ON DELETE CASCADE
) ENGINE=InnoDB AUTO_INCREMENT=5656 DEFAULT CHARSET=utf8 COMMENT='Catalog Product Super Link Table';

--
-- Dumping data for table `catalog_product_super_link`
--

INSERT INTO `catalog_product_super_link` VALUES (1,53,68),(2,54,68),(3,55,68),(4,56,68),(5,57,68),(6,58,68),(7,59,68),(8,60,68),(9,61,68),(10,62,68),(11,63,68),(12,64,68),(13,65,68),(14,66,68),(15,67,68),(16,69,84),(17,70,84),(18,71,84),(19,72,84),(20,73,84),(21,74,84),(22,75,84),(23,76,84),(24,77,84),(25,78,84),(26,79,84),(27,80,84),(28,81,84),(29,82,84),(30,83,84),(31,85,100),(32,86,100),(33,87,100),(34,88,100),(35,89,100),(36,90,100),(37,91,100),(38,92,100),(39,93,100),(40,94,100),(41,95,100),(42,96,100),(43,97,100),(44,98,100),(45,99,100),(46,101,116),(47,102,116),(48,103,116),(49,104,116),(50,105,116),(51,106,116),(52,107,116),(53,108,116),(54,109,116),(55,110,116),(56,111,116),(57,112,116),(58,113,116),(59,114,116),(60,115,116),(61,117,132),(62,118,132),(63,119,132),(64,120,132),(65,121,132),(66,122,132),(67,123,132),(68,124,132),(69,125,132),(70,126,132),(71,127,132),(72,128,132),(73,129,132),(74,130,132),(75,131,132),(76,133,148),(77,134,148),(78,135,148),(79,136,148),(80,137,148),(81,138,148),(82,139,148),(83,140,148),(84,141,148),(85,142,148),(86,143,148),(87,144,148),(88,145,148),(89,146,148),(90,147,148),(91,149,164),(92,150,164),(93,151,164),(94,152,164),(95,153,164),(96,154,164),(97,155,164),(98,156,164),(99,157,164),(100,158,164),(101,159,164),(102,160,164),(103,161,164),(104,162,164),(105,163,164),(106,165,180),(107,166,180),(108,167,180),(109,168,180),(110,169,180),(111,170,180),(112,171,180),(113,172,180),(114,173,180),(115,174,180),(116,175,180),(117,176,180),(118,177,180),(119,178,180),(120,179,180),(121,181,196),(122,182,196),(123,183,196),(124,184,196),(125,185,196),(126,186,196),(127,187,196),(128,188,196),(129,189,196),(130,190,196),(131,191,196),(132,192,196),(133,193,196),(134,194,196),(135,195,196),(136,197,212),(137,198,212),(138,199,212),(139,200,212),(140,201,212),(141,202,212),(142,203,212),(143,204,212),(144,205,212),(145,206,212),(146,207,212),(147,208,212),(148,209,212),(149,210,212),(150,211,212),(151,213,228),(152,214,228),(153,215,228),(154,216,228),(155,217,228),(156,218,228),(157,219,228),(158,220,228),(159,221,228),(160,222,228),(161,223,228),(162,224,228),(163,225,228),(164,226,228),(165,227,228),(166,229,244),(167,230,244),(168,231,244),(169,232,244),(170,233,244),(171,234,244),(172,235,244),(173,236,244),(174,237,244),(175,238,244),(176,239,244),(177,240,244),(178,241,244),(179,242,244),(180,243,244),(196,245,260),(197,246,260),(198,247,260),(199,248,260),(200,249,260),(201,250,260),(202,251,260),(203,252,260),(204,253,260),(205,254,260),(206,255,260),(207,256,260),(208,257,260),(209,258,260),(210,259,260),(211,261,276),(212,262,276),(213,263,276),(214,264,276),(215,265,276),(216,266,276),(217,267,276),(218,268,276),(219,269,276),(220,270,276),(221,271,276),(222,272,276),(223,273,276),(224,274,276),(225,275,276),(226,277,292),(227,278,292),(228,279,292),(229,280,292),(230,281,292),(231,282,292),(232,283,292),(233,284,292),(234,285,292),(235,286,292),(236,287,292),(237,288,292),(238,289,292),(239,290,292),(240,291,292),(241,293,308),(242,294,308),(243,295,308),(244,296,308),(245,297,308),(246,298,308),(247,299,308),(248,300,308),(249,301,308),(250,302,308),(251,303,308),(252,304,308),(253,305,308),(254,306,308),(255,307,308),(256,309,324),(257,310,324),(258,311,324),(259,312,324),(260,313,324),(261,314,324),(262,315,324),(263,316,324),(264,317,324),(265,318,324),(266,319,324),(267,320,324),(268,321,324),(269,322,324),(270,323,324),(271,325,340),(272,326,340),(273,327,340),(274,328,340),(275,329,340),(276,330,340),(277,331,340),(278,332,340),(279,333,340),(280,334,340),(281,335,340),(282,336,340),(283,337,340),(284,338,340),(285,339,340),(301,341,356),(302,342,356),(303,343,356),(304,344,356),(305,345,356),(306,346,356),(307,347,356),(308,348,356),(309,349,356),(310,350,356),(311,351,356),(312,352,356),(313,353,356),(314,354,356),(315,355,356),(316,357,372),(317,358,372),(318,359,372),(319,360,372),(320,361,372),(321,362,372),(322,363,372),(323,364,372),(324,365,372),(325,366,372),(326,367,372),(327,368,372),(328,369,372),(329,370,372),(330,371,372),(331,373,388),(332,374,388),(333,375,388),(334,376,388),(335,377,388),(336,378,388),(337,379,388),(338,380,388),(339,381,388),(340,382,388),(341,383,388),(342,384,388),(343,385,388),(344,386,388),(345,387,388),(346,389,404),(347,390,404),(348,391,404),(349,392,404),(350,393,404),(351,394,404),(352,395,404),(353,396,404),(354,397,404),(355,398,404),(356,399,404),(357,400,404),(358,401,404),(359,402,404),(360,403,404),(361,405,420),(362,406,420),(363,407,420),(364,408,420),(365,409,420),(366,410,420),(367,411,420),(368,412,420),(369,413,420),(370,414,420),(371,415,420),(372,416,420),(373,417,420),(374,418,420),(375,419,420),(376,421,436),(377,422,436),(378,423,436),(379,424,436),(380,425,436),(381,426,436),(382,427,436),(383,428,436),(384,429,436),(385,430,436),(386,431,436),(387,432,436),(388,433,436),(389,434,436),(390,435,436),(391,437,452),(392,438,452),(393,439,452),(394,440,452),(395,441,452),(396,442,452),(397,443,452),(398,444,452),(399,445,452),(400,446,452),(401,447,452),(402,448,452),(403,449,452),(404,450,452),(405,451,452),(421,453,468),(422,454,468),(423,455,468),(424,456,468),(425,457,468),(426,458,468),(427,459,468),(428,460,468),(429,461,468),(430,462,468),(431,463,468),(432,464,468),(433,465,468),(434,466,468),(435,467,468),(436,469,484),(437,470,484),(438,471,484),(439,472,484),(440,473,484),(441,474,484),(442,475,484),(443,476,484),(444,477,484),(445,478,484),(446,479,484),(447,480,484),(448,481,484),(449,482,484),(450,483,484),(451,485,500),(452,486,500),(453,487,500),(454,488,500),(455,489,500),(456,490,500),(457,491,500),(458,492,500),(459,493,500),(460,494,500),(461,495,500),(462,496,500),(463,497,500),(464,498,500),(465,499,500),(466,501,516),(467,502,516),(468,503,516),(469,504,516),(470,505,516),(471,506,516),(472,507,516),(473,508,516),(474,509,516),(475,510,516),(476,511,516),(477,512,516),(478,513,516),(479,514,516),(480,515,516),(481,517,532),(482,518,532),(483,519,532),(484,520,532),(485,521,532),(486,522,532),(487,523,532),(488,524,532),(489,525,532),(490,526,532),(491,527,532),(492,528,532),(493,529,532),(494,530,532),(495,531,532),(496,533,548),(497,534,548),(498,535,548),(499,536,548),(500,537,548),(501,538,548),(502,539,548),(503,540,548),(504,541,548),(505,542,548),(506,543,548),(507,544,548),(508,545,548),(509,546,548),(510,547,548),(526,549,564),(527,550,564),(528,551,564),(529,552,564),(530,553,564),(531,554,564),(532,555,564),(533,556,564),(534,557,564),(535,558,564),(536,559,564),(537,560,564),(538,561,564),(539,562,564),(540,563,564),(541,565,580),(542,566,580),(543,567,580),(544,568,580),(545,569,580),(546,570,580),(547,571,580),(548,572,580),(549,573,580),(550,574,580),(551,575,580),(552,576,580),(553,577,580),(554,578,580),(555,579,580),(556,581,596),(557,582,596),(558,583,596),(559,584,596),(560,585,596),(561,586,596),(562,587,596),(563,588,596),(564,589,596),(565,590,596),(566,591,596),(567,592,596),(568,593,596),(569,594,596),(570,595,596),(571,597,612),(572,598,612),(573,599,612),(574,600,612),(575,601,612),(576,602,612),(577,603,612),(578,604,612),(579,605,612),(580,606,612),(581,607,612),(582,608,612),(583,609,612),(584,610,612),(585,611,612),(586,613,628),(587,614,628),(588,615,628),(589,616,628),(590,617,628),(591,618,628),(592,619,628),(593,620,628),(594,621,628),(595,622,628),(596,623,628),(597,624,628),(598,625,628),(599,626,628),(600,627,628),(601,629,644),(602,630,644),(603,631,644),(604,632,644),(605,633,644),(606,634,644),(607,635,644),(608,636,644),(609,637,644),(610,638,644),(611,639,644),(612,640,644),(613,641,644),(614,642,644),(615,643,644),(631,645,660),(632,646,660),(633,647,660),(634,648,660),(635,649,660),(636,650,660),(637,651,660),(638,652,660),(639,653,660),(640,654,660),(641,655,660),(642,656,660),(643,657,660),(644,658,660),(645,659,660),(646,661,676),(647,662,676),(648,663,676),(649,664,676),(650,665,676),(651,666,676),(652,667,676),(653,668,676),(654,669,676),(655,670,676),(656,671,676),(657,672,676),(658,673,676),(659,674,676),(660,675,676),(661,677,682),(662,678,682),(663,679,682),(664,680,682),(665,681,682),(666,683,688),(667,684,688),(668,685,688),(669,686,688),(670,687,688),(671,689,694),(672,690,694),(673,691,694),(674,692,694),(675,693,694),(676,695,700),(677,696,700),(678,697,700),(679,698,700),(680,699,700),(681,701,706),(682,702,706),(683,703,706),(684,704,706),(685,705,706),(686,707,712),(687,708,712),(688,709,712),(689,710,712),(690,711,712),(691,713,718),(692,714,718),(693,715,718),(694,716,718),(695,717,718),(696,719,724),(697,720,724),(698,721,724),(699,722,724),(700,723,724),(701,725,730),(702,726,730),(703,727,730),(704,728,730),(705,729,730),(706,731,743),(707,732,743),(708,733,743),(709,734,743),(710,735,743),(711,736,743),(712,737,743),(713,738,743),(714,739,743),(715,740,743),(716,741,743),(717,742,743),(733,744,756),(734,745,756),(735,746,756),(736,747,756),(737,748,756),(738,749,756),(739,750,756),(740,751,756),(741,752,756),(742,753,756),(743,754,756),(744,755,756),(745,757,769),(746,758,769),(747,759,769),(748,760,769),(749,761,769),(750,762,769),(751,763,769),(752,764,769),(753,765,769),(754,766,769),(755,767,769),(756,768,769),(757,770,782),(758,771,782),(759,772,782),(760,773,782),(761,774,782),(762,775,782),(763,776,782),(764,777,782),(765,778,782),(766,779,782),(767,780,782),(768,781,782),(769,783,795),(770,784,795),(771,785,795),(772,786,795),(773,787,795),(774,788,795),(775,789,795),(776,790,795),(777,791,795),(778,792,795),(779,793,795),(780,794,795),(781,796,808),(782,797,808),(783,798,808),(784,799,808),(785,800,808),(786,801,808),(787,802,808),(788,803,808),(789,804,808),(790,805,808),(791,806,808),(792,807,808),(793,809,821),(794,810,821),(795,811,821),(796,812,821),(797,813,821),(798,814,821),(799,815,821),(800,816,821),(801,817,821),(802,818,821),(803,819,821),(804,820,821),(805,822,834),(806,823,834),(807,824,834),(808,825,834),(809,826,834),(810,827,834),(811,828,834),(812,829,834),(813,830,834),(814,831,834),(815,832,834),(816,833,834),(817,835,847),(818,836,847),(819,837,847),(820,838,847),(821,839,847),(822,840,847),(823,841,847),(824,842,847),(825,843,847),(826,844,847),(827,845,847),(828,846,847),(841,848,860),(842,849,860),(843,850,860),(844,851,860),(845,852,860),(846,853,860),(847,854,860),(848,855,860),(849,856,860),(850,857,860),(851,858,860),(852,859,860),(853,861,873),(854,862,873),(855,863,873),(856,864,873),(857,865,873),(858,866,873),(859,867,873),(860,868,873),(861,869,873),(862,870,873),(863,871,873),(864,872,873),(865,874,886),(866,875,886),(867,876,886),(868,877,886),(869,878,886),(870,879,886),(871,880,886),(872,881,886),(873,882,886),(874,883,886),(875,884,886),(876,885,886),(877,887,899),(878,888,899),(879,889,899),(880,890,899),(881,891,899),(882,892,899),(883,893,899),(884,894,899),(885,895,899),(886,896,899),(887,897,899),(888,898,899),(889,900,904),(890,901,904),(891,902,904),(892,903,904),(893,905,917),(894,906,917),(895,907,917),(896,908,917),(897,909,917),(898,910,917),(899,911,917),(900,912,917),(901,913,917),(902,914,917),(903,915,917),(904,916,917),(905,918,930),(906,919,930),(907,920,930),(908,921,930),(909,922,930),(910,923,930),(911,924,930),(912,925,930),(913,926,930),(914,927,930),(915,928,930),(916,929,930),(917,931,943),(918,932,943),(919,933,943),(920,934,943),(921,935,943),(922,936,943),(923,937,943),(924,938,943),(925,939,943),(926,940,943),(927,941,943),(928,942,943),(941,944,956),(942,945,956),(943,946,956),(944,947,956),(945,948,956),(946,949,956),(947,950,956),(948,951,956),(949,952,956),(950,953,956),(951,954,956),(952,955,956),(953,957,969),(954,958,969),(955,959,969),(956,960,969),(957,961,969),(958,962,969),(959,963,969),(960,964,969),(961,965,969),(962,966,969),(963,967,969),(964,968,969),(965,970,982),(966,971,982),(967,972,982),(968,973,982),(969,974,982),(970,975,982),(971,976,982),(972,977,982),(973,978,982),(974,979,982),(975,980,982),(976,981,982),(977,983,995),(978,984,995),(979,985,995),(980,986,995),(981,987,995),(982,988,995),(983,989,995),(984,990,995),(985,991,995),(986,992,995),(987,993,995),(988,994,995),(989,996,1008),(990,997,1008),(991,998,1008),(992,999,1008),(993,1000,1008),(994,1001,1008),(995,1002,1008),(996,1003,1008),(997,1004,1008),(998,1005,1008),(999,1006,1008),(1000,1007,1008),(1001,1009,1021),(1002,1010,1021),(1003,1011,1021),(1004,1012,1021),(1005,1013,1021),(1006,1014,1021),(1007,1015,1021),(1008,1016,1021),(1009,1017,1021),(1010,1018,1021),(1011,1019,1021),(1012,1020,1021),(1013,1022,1034),(1014,1023,1034),(1015,1024,1034),(1016,1025,1034),(1017,1026,1034),(1018,1027,1034),(1019,1028,1034),(1020,1029,1034),(1021,1030,1034),(1022,1031,1034),(1023,1032,1034),(1024,1033,1034),(1025,1035,1050),(1026,1036,1050),(1027,1037,1050),(1028,1038,1050),(1029,1039,1050),(1030,1040,1050),(1031,1041,1050),(1032,1042,1050),(1033,1043,1050),(1034,1044,1050),(1035,1045,1050),(1036,1046,1050),(1037,1047,1050),(1038,1048,1050),(1039,1049,1050),(1052,1051,1066),(1053,1052,1066),(1054,1053,1066),(1055,1054,1066),(1056,1055,1066),(1057,1056,1066),(1058,1057,1066),(1059,1058,1066),(1060,1059,1066),(1061,1060,1066),(1062,1061,1066),(1063,1062,1066),(1064,1063,1066),(1065,1064,1066),(1066,1065,1066),(1067,1067,1082),(1068,1068,1082),(1069,1069,1082),(1070,1070,1082),(1071,1071,1082),(1072,1072,1082),(1073,1073,1082),(1074,1074,1082),(1075,1075,1082),(1076,1076,1082),(1077,1077,1082),(1078,1078,1082),(1079,1079,1082),(1080,1080,1082),(1081,1081,1082),(1082,1083,1098),(1083,1084,1098),(1084,1085,1098),(1085,1086,1098),(1086,1087,1098),(1087,1088,1098),(1088,1089,1098),(1089,1090,1098),(1090,1091,1098),(1091,1092,1098),(1092,1093,1098),(1093,1094,1098),(1094,1095,1098),(1095,1096,1098),(1096,1097,1098),(1097,1099,1114),(1098,1100,1114),(1099,1101,1114),(1100,1102,1114),(1101,1103,1114),(1102,1104,1114),(1103,1105,1114),(1104,1106,1114),(1105,1107,1114),(1106,1108,1114),(1107,1109,1114),(1108,1110,1114),(1109,1111,1114),(1110,1112,1114),(1111,1113,1114),(1112,1115,1120),(1113,1116,1120),(1114,1117,1120),(1115,1118,1120),(1116,1119,1120),(1117,1121,1136),(1118,1122,1136),(1119,1123,1136),(1120,1124,1136),(1121,1125,1136),(1122,1126,1136),(1123,1127,1136),(1124,1128,1136),(1125,1129,1136),(1126,1130,1136),(1127,1131,1136),(1128,1132,1136),(1129,1133,1136),(1130,1134,1136),(1131,1135,1136),(1132,1137,1152),(1133,1138,1152),(1134,1139,1152),(1135,1140,1152),(1136,1141,1152),(1137,1142,1152),(1138,1143,1152),(1139,1144,1152),(1140,1145,1152),(1141,1146,1152),(1142,1147,1152),(1143,1148,1152),(1144,1149,1152),(1145,1150,1152),(1146,1151,1152),(1162,1153,1168),(1163,1154,1168),(1164,1155,1168),(1165,1156,1168),(1166,1157,1168),(1167,1158,1168),(1168,1159,1168),(1169,1160,1168),(1170,1161,1168),(1171,1162,1168),(1172,1163,1168),(1173,1164,1168),(1174,1165,1168),(1175,1166,1168),(1176,1167,1168),(1177,1169,1184),(1178,1170,1184),(1179,1171,1184),(1180,1172,1184),(1181,1173,1184),(1182,1174,1184),(1183,1175,1184),(1184,1176,1184),(1185,1177,1184),(1186,1178,1184),(1187,1179,1184),(1188,1180,1184),(1189,1181,1184),(1190,1182,1184),(1191,1183,1184),(1192,1185,1200),(1193,1186,1200),(1194,1187,1200),(1195,1188,1200),(1196,1189,1200),(1197,1190,1200),(1198,1191,1200),(1199,1192,1200),(1200,1193,1200),(1201,1194,1200),(1202,1195,1200),(1203,1196,1200),(1204,1197,1200),(1205,1198,1200),(1206,1199,1200),(1207,1201,1216),(1208,1202,1216),(1209,1203,1216),(1210,1204,1216),(1211,1205,1216),(1212,1206,1216),(1213,1207,1216),(1214,1208,1216),(1215,1209,1216),(1216,1210,1216),(1217,1211,1216),(1218,1212,1216),(1219,1213,1216),(1220,1214,1216),(1221,1215,1216),(1222,1217,1226),(1223,1218,1226),(1224,1219,1226),(1225,1220,1226),(1226,1221,1226),(1227,1222,1226),(1228,1223,1226),(1229,1224,1226),(1230,1225,1226),(1231,1227,1242),(1232,1228,1242),(1233,1229,1242),(1234,1230,1242),(1235,1231,1242),(1236,1232,1242),(1237,1233,1242),(1238,1234,1242),(1239,1235,1242),(1240,1236,1242),(1241,1237,1242),(1242,1238,1242),(1243,1239,1242),(1244,1240,1242),(1245,1241,1242),(1261,1243,1258),(1262,1244,1258),(1263,1245,1258),(1264,1246,1258),(1265,1247,1258),(1266,1248,1258),(1267,1249,1258),(1268,1250,1258),(1269,1251,1258),(1270,1252,1258),(1271,1253,1258),(1272,1254,1258),(1273,1255,1258),(1274,1256,1258),(1275,1257,1258),(1276,1259,1274),(1277,1260,1274),(1278,1261,1274),(1279,1262,1274),(1280,1263,1274),(1281,1264,1274),(1282,1265,1274),(1283,1266,1274),(1284,1267,1274),(1285,1268,1274),(1286,1269,1274),(1287,1270,1274),(1288,1271,1274),(1289,1272,1274),(1290,1273,1274),(1291,1275,1290),(1292,1276,1290),(1293,1277,1290),(1294,1278,1290),(1295,1279,1290),(1296,1280,1290),(1297,1281,1290),(1298,1282,1290),(1299,1283,1290),(1300,1284,1290),(1301,1285,1290),(1302,1286,1290),(1303,1287,1290),(1304,1288,1290),(1305,1289,1290),(1306,1291,1306),(1307,1292,1306),(1308,1293,1306),(1309,1294,1306),(1310,1295,1306),(1311,1296,1306),(1312,1297,1306),(1313,1298,1306),(1314,1299,1306),(1315,1300,1306),(1316,1301,1306),(1317,1302,1306),(1318,1303,1306),(1319,1304,1306),(1320,1305,1306),(1321,1307,1322),(1322,1308,1322),(1323,1309,1322),(1324,1310,1322),(1325,1311,1322),(1326,1312,1322),(1327,1313,1322),(1328,1314,1322),(1329,1315,1322),(1330,1316,1322),(1331,1317,1322),(1332,1318,1322),(1333,1319,1322),(1334,1320,1322),(1335,1321,1322),(1336,1323,1338),(1337,1324,1338),(1338,1325,1338),(1339,1326,1338),(1340,1327,1338),(1341,1328,1338),(1342,1329,1338),(1343,1330,1338),(1344,1331,1338),(1345,1332,1338),(1346,1333,1338),(1347,1334,1338),(1348,1335,1338),(1349,1336,1338),(1350,1337,1338),(1366,1339,1354),(1367,1340,1354),(1368,1341,1354),(1369,1342,1354),(1370,1343,1354),(1371,1344,1354),(1372,1345,1354),(1373,1346,1354),(1374,1347,1354),(1375,1348,1354),(1376,1349,1354),(1377,1350,1354),(1378,1351,1354),(1379,1352,1354),(1380,1353,1354),(1381,1355,1370),(1382,1356,1370),(1383,1357,1370),(1384,1358,1370),(1385,1359,1370),(1386,1360,1370),(1387,1361,1370),(1388,1362,1370),(1389,1363,1370),(1390,1364,1370),(1391,1365,1370),(1392,1366,1370),(1393,1367,1370),(1394,1368,1370),(1395,1369,1370),(1396,1371,1386),(1397,1372,1386),(1398,1373,1386),(1399,1374,1386),(1400,1375,1386),(1401,1376,1386),(1402,1377,1386),(1403,1378,1386),(1404,1379,1386),(1405,1380,1386),(1406,1381,1386),(1407,1382,1386),(1408,1383,1386),(1409,1384,1386),(1410,1385,1386),(1411,1387,1402),(1412,1388,1402),(1413,1389,1402),(1414,1390,1402),(1415,1391,1402),(1416,1392,1402),(1417,1393,1402),(1418,1394,1402),(1419,1395,1402),(1420,1396,1402),(1421,1397,1402),(1422,1398,1402),(1423,1399,1402),(1424,1400,1402),(1425,1401,1402),(1426,1403,1418),(1427,1404,1418),(1428,1405,1418),(1429,1406,1418),(1430,1407,1418),(1431,1408,1418),(1432,1409,1418),(1433,1410,1418),(1434,1411,1418),(1435,1412,1418),(1436,1413,1418),(1437,1414,1418),(1438,1415,1418),(1439,1416,1418),(1440,1417,1418),(1441,1419,1434),(1442,1420,1434),(1443,1421,1434),(1444,1422,1434),(1445,1423,1434),(1446,1424,1434),(1447,1425,1434),(1448,1426,1434),(1449,1427,1434),(1450,1428,1434),(1451,1429,1434),(1452,1430,1434),(1453,1431,1434),(1454,1432,1434),(1455,1433,1434),(1456,1435,1450),(1457,1436,1450),(1458,1437,1450),(1459,1438,1450),(1460,1439,1450),(1461,1440,1450),(1462,1441,1450),(1463,1442,1450),(1464,1443,1450),(1465,1444,1450),(1466,1445,1450),(1467,1446,1450),(1468,1447,1450),(1469,1448,1450),(1470,1449,1450),(1486,1451,1466),(1487,1452,1466),(1488,1453,1466),(1489,1454,1466),(1490,1455,1466),(1491,1456,1466),(1492,1457,1466),(1493,1458,1466),(1494,1459,1466),(1495,1460,1466),(1496,1461,1466),(1497,1462,1466),(1498,1463,1466),(1499,1464,1466),(1500,1465,1466),(1501,1467,1482),(1502,1468,1482),(1503,1469,1482),(1504,1470,1482),(1505,1471,1482),(1506,1472,1482),(1507,1473,1482),(1508,1474,1482),(1509,1475,1482),(1510,1476,1482),(1511,1477,1482),(1512,1478,1482),(1513,1479,1482),(1514,1480,1482),(1515,1481,1482),(1516,1483,1498),(1517,1484,1498),(1518,1485,1498),(1519,1486,1498),(1520,1487,1498),(1521,1488,1498),(1522,1489,1498),(1523,1490,1498),(1524,1491,1498),(1525,1492,1498),(1526,1493,1498),(1527,1494,1498),(1528,1495,1498),(1529,1496,1498),(1530,1497,1498),(1531,1499,1514),(1532,1500,1514),(1533,1501,1514),(1534,1502,1514),(1535,1503,1514),(1536,1504,1514),(1537,1505,1514),(1538,1506,1514),(1539,1507,1514),(1540,1508,1514),(1541,1509,1514),(1542,1510,1514),(1543,1511,1514),(1544,1512,1514),(1545,1513,1514),(1546,1515,1530),(1547,1516,1530),(1548,1517,1530),(1549,1518,1530),(1550,1519,1530),(1551,1520,1530),(1552,1521,1530),(1553,1522,1530),(1554,1523,1530),(1555,1524,1530),(1556,1525,1530),(1557,1526,1530),(1558,1527,1530),(1559,1528,1530),(1560,1529,1530),(1561,1531,1546),(1562,1532,1546),(1563,1533,1546),(1564,1534,1546),(1565,1535,1546),(1566,1536,1546),(1567,1537,1546),(1568,1538,1546),(1569,1539,1546),(1570,1540,1546),(1571,1541,1546),(1572,1542,1546),(1573,1543,1546),(1574,1544,1546),(1575,1545,1546),(1591,1547,1562),(1592,1548,1562),(1593,1549,1562),(1594,1550,1562),(1595,1551,1562),(1596,1552,1562),(1597,1553,1562),(1598,1554,1562),(1599,1555,1562),(1600,1556,1562),(1601,1557,1562),(1602,1558,1562),(1603,1559,1562),(1604,1560,1562),(1605,1561,1562),(1606,1563,1578),(1607,1564,1578),(1608,1565,1578),(1609,1566,1578),(1610,1567,1578),(1611,1568,1578),(1612,1569,1578),(1613,1570,1578),(1614,1571,1578),(1615,1572,1578),(1616,1573,1578),(1617,1574,1578),(1618,1575,1578),(1619,1576,1578),(1620,1577,1578),(1621,1579,1594),(1622,1580,1594),(1623,1581,1594),(1624,1582,1594),(1625,1583,1594),(1626,1584,1594),(1627,1585,1594),(1628,1586,1594),(1629,1587,1594),(1630,1588,1594),(1631,1589,1594),(1632,1590,1594),(1633,1591,1594),(1634,1592,1594),(1635,1593,1594),(1636,1595,1610),(1637,1596,1610),(1638,1597,1610),(1639,1598,1610),(1640,1599,1610),(1641,1600,1610),(1642,1601,1610),(1643,1602,1610),(1644,1603,1610),(1645,1604,1610),(1646,1605,1610),(1647,1606,1610),(1648,1607,1610),(1649,1608,1610),(1650,1609,1610),(1651,1611,1626),(1652,1612,1626),(1653,1613,1626),(1654,1614,1626),(1655,1615,1626),(1656,1616,1626),(1657,1617,1626),(1658,1618,1626),(1659,1619,1626),(1660,1620,1626),(1661,1621,1626),(1662,1622,1626),(1663,1623,1626),(1664,1624,1626),(1665,1625,1626),(1666,1627,1642),(1667,1628,1642),(1668,1629,1642),(1669,1630,1642),(1670,1631,1642),(1671,1632,1642),(1672,1633,1642),(1673,1634,1642),(1674,1635,1642),(1675,1636,1642),(1676,1637,1642),(1677,1638,1642),(1678,1639,1642),(1679,1640,1642),(1680,1641,1642),(1696,1643,1658),(1697,1644,1658),(1698,1645,1658),(1699,1646,1658),(1700,1647,1658),(1701,1648,1658),(1702,1649,1658),(1703,1650,1658),(1704,1651,1658),(1705,1652,1658),(1706,1653,1658),(1707,1654,1658),(1708,1655,1658),(1709,1656,1658),(1710,1657,1658),(1711,1659,1674),(1712,1660,1674),(1713,1661,1674),(1714,1662,1674),(1715,1663,1674),(1716,1664,1674),(1717,1665,1674),(1718,1666,1674),(1719,1667,1674),(1720,1668,1674),(1721,1669,1674),(1722,1670,1674),(1723,1671,1674),(1724,1672,1674),(1725,1673,1674),(1726,1675,1690),(1727,1676,1690),(1728,1677,1690),(1729,1678,1690),(1730,1679,1690),(1731,1680,1690),(1732,1681,1690),(1733,1682,1690),(1734,1683,1690),(1735,1684,1690),(1736,1685,1690),(1737,1686,1690),(1738,1687,1690),(1739,1688,1690),(1740,1689,1690),(1741,1691,1706),(1742,1692,1706),(1743,1693,1706),(1744,1694,1706),(1745,1695,1706),(1746,1696,1706),(1747,1697,1706),(1748,1698,1706),(1749,1699,1706),(1750,1700,1706),(1751,1701,1706),(1752,1702,1706),(1753,1703,1706),(1754,1704,1706),(1755,1705,1706),(1756,1707,1722),(1757,1708,1722),(1758,1709,1722),(1759,1710,1722),(1760,1711,1722),(1761,1712,1722),(1762,1713,1722),(1763,1714,1722),(1764,1715,1722),(1765,1716,1722),(1766,1717,1722),(1767,1718,1722),(1768,1719,1722),(1769,1720,1722),(1770,1721,1722),(1771,1723,1738),(1772,1724,1738),(1773,1725,1738),(1774,1726,1738),(1775,1727,1738),(1776,1728,1738),(1777,1729,1738),(1778,1730,1738),(1779,1731,1738),(1780,1732,1738),(1781,1733,1738),(1782,1734,1738),(1783,1735,1738),(1784,1736,1738),(1785,1737,1738),(1801,1739,1754),(1802,1740,1754),(1803,1741,1754),(1804,1742,1754),(1805,1743,1754),(1806,1744,1754),(1807,1745,1754),(1808,1746,1754),(1809,1747,1754),(1810,1748,1754),(1811,1749,1754),(1812,1750,1754),(1813,1751,1754),(1814,1752,1754),(1815,1753,1754),(1816,1755,1770),(1817,1756,1770),(1818,1757,1770),(1819,1758,1770),(1820,1759,1770),(1821,1760,1770),(1822,1761,1770),(1823,1762,1770),(1824,1763,1770),(1825,1764,1770),(1826,1765,1770),(1827,1766,1770),(1828,1767,1770),(1829,1768,1770),(1830,1769,1770),(1831,1771,1786),(1832,1772,1786),(1833,1773,1786),(1834,1774,1786),(1835,1775,1786),(1836,1776,1786),(1837,1777,1786),(1838,1778,1786),(1839,1779,1786),(1840,1780,1786),(1841,1781,1786),(1842,1782,1786),(1843,1783,1786),(1844,1784,1786),(1845,1785,1786),(1846,1787,1802),(1847,1788,1802),(1848,1789,1802),(1849,1790,1802),(1850,1791,1802),(1851,1792,1802),(1852,1793,1802),(1853,1794,1802),(1854,1795,1802),(1855,1796,1802),(1856,1797,1802),(1857,1798,1802),(1858,1799,1802),(1859,1800,1802),(1860,1801,1802),(1861,1803,1818),(1862,1804,1818),(1863,1805,1818),(1864,1806,1818),(1865,1807,1818),(1866,1808,1818),(1867,1809,1818),(1868,1810,1818),(1869,1811,1818),(1870,1812,1818),(1871,1813,1818),(1872,1814,1818),(1873,1815,1818),(1874,1816,1818),(1875,1817,1818),(1876,1819,1825),(1877,1820,1825),(1878,1821,1825),(1879,1822,1825),(1880,1823,1825),(1881,1824,1825),(1882,1826,1832),(1883,1827,1832),(1884,1828,1832),(1885,1829,1832),(1886,1830,1832),(1887,1831,1832),(1888,1833,1839),(1889,1834,1839),(1890,1835,1839),(1891,1836,1839),(1892,1837,1839),(1893,1838,1839),(1894,1840,1846),(1895,1841,1846),(1896,1842,1846),(1897,1843,1846),(1898,1844,1846),(1899,1845,1846),(1915,1847,1853),(1916,1848,1853),(1917,1849,1853),(1918,1850,1853),(1919,1851,1853),(1920,1852,1853),(1921,1854,1860),(1922,1855,1860),(1923,1856,1860),(1924,1857,1860),(1925,1858,1860),(1926,1859,1860),(1927,1861,1867),(1928,1862,1867),(1929,1863,1867),(1930,1864,1867),(1931,1865,1867),(1932,1866,1867),(1933,1868,1874),(1934,1869,1874),(1935,1870,1874),(1936,1871,1874),(1937,1872,1874),(1938,1873,1874),(1939,1875,1881),(1940,1876,1881),(1941,1877,1881),(1942,1878,1881),(1943,1879,1881),(1944,1880,1881),(1945,1882,1888),(1946,1883,1888),(1947,1884,1888),(1948,1885,1888),(1949,1886,1888),(1950,1887,1888),(1951,1889,1895),(1952,1890,1895),(1953,1891,1895),(1954,1892,1895),(1955,1893,1895),(1956,1894,1895),(1957,1896,1902),(1958,1897,1902),(1959,1898,1902),(1960,1899,1902),(1961,1900,1902),(1962,1901,1902),(1963,1903,1909),(1964,1904,1909),(1965,1905,1909),(1966,1906,1909),(1967,1907,1909),(1968,1908,1909),(1969,1910,1925),(1970,1911,1925),(1971,1912,1925),(1972,1913,1925),(1973,1914,1925),(1974,1915,1925),(1975,1916,1925),(1976,1917,1925),(1977,1918,1925),(1978,1919,1925),(1979,1920,1925),(1980,1921,1925),(1981,1922,1925),(1982,1923,1925),(1983,1924,1925),(1984,1926,1941),(1985,1927,1941),(1986,1928,1941),(1987,1929,1941),(1988,1930,1941),(1989,1931,1941),(1990,1932,1941),(1991,1933,1941),(1992,1934,1941),(1993,1935,1941),(1994,1936,1941),(1995,1937,1941),(1996,1938,1941),(1997,1939,1941),(1998,1940,1941),(2005,1942,1957),(2006,1943,1957),(2007,1944,1957),(2008,1945,1957),(2009,1946,1957),(2010,1947,1957),(2011,1948,1957),(2012,1949,1957),(2013,1950,1957),(2014,1951,1957),(2015,1952,1957),(2016,1953,1957),(2017,1954,1957),(2018,1955,1957),(2019,1956,1957),(2020,1958,1973),(2021,1959,1973),(2022,1960,1973),(2023,1961,1973),(2024,1962,1973),(2025,1963,1973),(2026,1964,1973),(2027,1965,1973),(2028,1966,1973),(2029,1967,1973),(2030,1968,1973),(2031,1969,1973),(2032,1970,1973),(2033,1971,1973),(2034,1972,1973),(2035,1974,1989),(2036,1975,1989),(2037,1976,1989),(2038,1977,1989),(2039,1978,1989),(2040,1979,1989),(2041,1980,1989),(2042,1981,1989),(2043,1982,1989),(2044,1983,1989),(2045,1984,1989),(2046,1985,1989),(2047,1986,1989),(2048,1987,1989),(2049,1988,1989),(2050,1990,1996),(2051,1991,1996),(2052,1992,1996),(2053,1993,1996),(2054,1994,1996),(2055,1995,1996),(2056,1997,2003),(2057,1998,2003),(2058,1999,2003),(2059,2000,2003),(2060,2001,2003),(2061,2002,2003),(2062,2004,2009),(2063,2005,2009),(2064,2006,2009),(2065,2007,2009),(2066,2008,2009),(2067,2010,2016),(2068,2011,2016),(2069,2012,2016),(2070,2013,2016),(2071,2014,2016),(2072,2015,2016),(2073,2017,2023),(2074,2018,2023),(2075,2019,2023),(2076,2020,2023),(2077,2021,2023),(2078,2022,2023),(2079,2024,2030),(2080,2025,2030),(2081,2026,2030),(2082,2027,2030),(2083,2028,2030),(2084,2029,2030),(2085,2031,2046),(2086,2032,2046),(2087,2033,2046),(2088,2034,2046),(2089,2035,2046),(2090,2036,2046),(2091,2037,2046),(2092,2038,2046),(2093,2039,2046),(2094,2040,2046),(2095,2041,2046),(2096,2042,2046),(2097,2043,2046),(2098,2044,2046),(2099,2045,2046),(5650,3509,3515),(5651,3510,3515),(5652,3511,3515),(5653,3512,3515),(5654,3513,3515),(5655,3514,3515);

--
-- Table structure for table `catalog_product_website`
--

CREATE TABLE `catalog_product_website` (
  `product_id` int(10) unsigned NOT NULL COMMENT 'Product ID',
  `website_id` smallint(5) unsigned NOT NULL COMMENT 'Website ID',
  PRIMARY KEY (`product_id`,`website_id`),
  KEY `CATALOG_PRODUCT_WEBSITE_WEBSITE_ID` (`website_id`),
  CONSTRAINT `CATALOG_PRODUCT_WEBSITE_WEBSITE_ID_STORE_WEBSITE_WEBSITE_ID` FOREIGN KEY (`website_id`) REFERENCES `store_website` (`website_id`) ON DELETE CASCADE,
  CONSTRAINT `CAT_PRD_WS_PRD_ID_CAT_PRD_ENTT_ENTT_ID` FOREIGN KEY (`product_id`) REFERENCES `catalog_product_entity` (`entity_id`) ON DELETE CASCADE
) ENGINE=InnoDB DEFAULT CHARSET=utf8 COMMENT='Catalog Product To Website Linkage Table';

--
-- Dumping data for table `catalog_product_website`
--

INSERT INTO `catalog_product_website` VALUES (1,1),(2,1),(3,1),(4,1),(5,1),(6,1),(7,1),(8,1),(9,1),(10,1),(11,1),(12,1),(13,1),(14,1),(15,1),(16,1),(17,1),(18,1),(19,1),(20,1),(21,1),(22,1),(23,1),(24,1),(25,1),(26,1),(27,1),(28,1),(29,1),(30,1),(31,1),(32,1),(33,1),(34,1),(35,1),(36,1),(37,1),(38,1),(39,1),(40,1),(41,1),(42,1),(43,1),(44,1),(45,1),(46,1),(47,1),(48,1),(49,1),(50,1),(51,1),(52,1),(53,1),(54,1),(55,1),(56,1),(57,1),(58,1),(59,1),(60,1),(61,1),(62,1),(63,1),(64,1),(65,1),(66,1),(67,1),(68,1),(69,1),(70,1),(71,1),(72,1),(73,1),(74,1),(75,1),(76,1),(77,1),(78,1),(79,1),(80,1),(81,1),(82,1),(83,1),(84,1),(85,1),(86,1),(87,1),(88,1),(89,1),(90,1),(91,1),(92,1),(93,1),(94,1),(95,1),(96,1),(97,1),(98,1),(99,1),(100,1),(101,1),(102,1),(103,1),(104,1),(105,1),(106,1),(107,1),(108,1),(109,1),(110,1),(111,1),(112,1),(113,1),(114,1),(115,1),(116,1),(117,1),(118,1),(119,1),(120,1),(121,1),(122,1),(123,1),(124,1),(125,1),(126,1),(127,1),(128,1),(129,1),(130,1),(131,1),(132,1),(133,1),(134,1),(135,1),(136,1),(137,1),(138,1),(139,1),(140,1),(141,1),(142,1),(143,1),(144,1),(145,1),(146,1),(147,1),(148,1),(149,1),(150,1),(151,1),(152,1),(153,1),(154,1),(155,1),(156,1),(157,1),(158,1),(159,1),(160,1),(161,1),(162,1),(163,1),(164,1),(165,1),(166,1),(167,1),(168,1),(169,1),(170,1),(171,1),(172,1),(173,1),(174,1),(175,1),(176,1),(177,1),(178,1),(179,1),(180,1),(181,1),(182,1),(183,1),(184,1),(185,1),(186,1),(187,1),(188,1),(189,1),(190,1),(191,1),(192,1),(193,1),(194,1),(195,1),(196,1),(197,1),(198,1),(199,1),(200,1),(201,1),(202,1),(203,1),(204,1),(205,1),(206,1),(207,1),(208,1),(209,1),(210,1),(211,1),(212,1),(213,1),(214,1),(215,1),(216,1),(217,1),(218,1),(219,1),(220,1),(221,1),(222,1),(223,1),(224,1),(225,1),(226,1),(227,1),(228,1),(229,1),(230,1),(231,1),(232,1),(233,1),(234,1),(235,1),(236,1),(237,1),(238,1),(239,1),(240,1),(241,1),(242,1),(243,1),(244,1),(245,1),(246,1),(247,1),(248,1),(249,1),(250,1),(251,1),(252,1),(253,1),(254,1),(255,1),(256,1),(257,1),(258,1),(259,1),(260,1),(261,1),(262,1),(263,1),(264,1),(265,1),(266,1),(267,1),(268,1),(269,1),(270,1),(271,1),(272,1),(273,1),(274,1),(275,1),(276,1),(277,1),(278,1),(279,1),(280,1),(281,1),(282,1),(283,1),(284,1),(285,1),(286,1),(287,1),(288,1),(289,1),(290,1),(291,1),(292,1),(293,1),(294,1),(295,1),(296,1),(297,1),(298,1),(299,1),(300,1),(301,1),(302,1),(303,1),(304,1),(305,1),(306,1),(307,1),(308,1),(309,1),(310,1),(311,1),(312,1),(313,1),(314,1),(315,1),(316,1),(317,1),(318,1),(319,1),(320,1),(321,1),(322,1),(323,1),(324,1),(325,1),(326,1),(327,1),(328,1),(329,1),(330,1),(331,1),(332,1),(333,1),(334,1),(335,1),(336,1),(337,1),(338,1),(339,1),(340,1),(341,1),(342,1),(343,1),(344,1),(345,1),(346,1),(347,1),(348,1),(349,1),(350,1),(351,1),(352,1),(353,1),(354,1),(355,1),(356,1),(357,1),(358,1),(359,1),(360,1),(361,1),(362,1),(363,1),(364,1),(365,1),(366,1),(367,1),(368,1),(369,1),(370,1),(371,1),(372,1),(373,1),(374,1),(375,1),(376,1),(377,1),(378,1),(379,1),(380,1),(381,1),(382,1),(383,1),(384,1),(385,1),(386,1),(387,1),(388,1),(389,1),(390,1),(391,1),(392,1),(393,1),(394,1),(395,1),(396,1),(397,1),(398,1),(399,1),(400,1),(401,1),(402,1),(403,1),(404,1),(405,1),(406,1),(407,1),(408,1),(409,1),(410,1),(411,1),(412,1),(413,1),(414,1),(415,1),(416,1),(417,1),(418,1),(419,1),(420,1),(421,1),(422,1),(423,1),(424,1),(425,1),(426,1),(427,1),(428,1),(429,1),(430,1),(431,1),(432,1),(433,1),(434,1),(435,1),(436,1),(437,1),(438,1),(439,1),(440,1),(441,1),(442,1),(443,1),(444,1),(445,1),(446,1),(447,1),(448,1),(449,1),(450,1),(451,1),(452,1),(453,1),(454,1),(455,1),(456,1),(457,1),(458,1),(459,1),(460,1),(461,1),(462,1),(463,1),(464,1),(465,1),(466,1),(467,1),(468,1),(469,1),(470,1),(471,1),(472,1),(473,1),(474,1),(475,1),(476,1),(477,1),(478,1),(479,1),(480,1),(481,1),(482,1),(483,1),(484,1),(485,1),(486,1),(487,1),(488,1),(489,1),(490,1),(491,1),(492,1),(493,1),(494,1),(495,1),(496,1),(497,1),(498,1),(499,1),(500,1),(501,1),(502,1),(503,1),(504,1),(505,1),(506,1),(507,1),(508,1),(509,1),(510,1),(511,1),(512,1),(513,1),(514,1),(515,1),(516,1),(517,1),(518,1),(519,1),(520,1),(521,1),(522,1),(523,1),(524,1),(525,1),(526,1),(527,1),(528,1),(529,1),(530,1),(531,1),(532,1),(533,1),(534,1),(535,1),(536,1),(537,1),(538,1),(539,1),(540,1),(541,1),(542,1),(543,1),(544,1),(545,1),(546,1),(547,1),(548,1),(549,1),(550,1),(551,1),(552,1),(553,1),(554,1),(555,1),(556,1),(557,1),(558,1),(559,1),(560,1),(561,1),(562,1),(563,1),(564,1),(565,1),(566,1),(567,1),(568,1),(569,1),(570,1),(571,1),(572,1),(573,1),(574,1),(575,1),(576,1),(577,1),(578,1),(579,1),(580,1),(581,1),(582,1),(583,1),(584,1),(585,1),(586,1),(587,1),(588,1),(589,1),(590,1),(591,1),(592,1),(593,1),(594,1),(595,1),(596,1),(597,1),(598,1),(599,1),(600,1),(601,1),(602,1),(603,1),(604,1),(605,1),(606,1),(607,1),(608,1),(609,1),(610,1),(611,1),(612,1),(613,1),(614,1),(615,1),(616,1),(617,1),(618,1),(619,1),(620,1),(621,1),(622,1),(623,1),(624,1),(625,1),(626,1),(627,1),(628,1),(629,1),(630,1),(631,1),(632,1),(633,1),(634,1),(635,1),(636,1),(637,1),(638,1),(639,1),(640,1),(641,1),(642,1),(643,1),(644,1),(645,1),(646,1),(647,1),(648,1),(649,1),(650,1),(651,1),(652,1),(653,1),(654,1),(655,1),(656,1),(657,1),(658,1),(659,1),(660,1),(661,1),(662,1),(663,1),(664,1),(665,1),(666,1),(667,1),(668,1),(669,1),(670,1),(671,1),(672,1),(673,1),(674,1),(675,1),(676,1),(677,1),(678,1),(679,1),(680,1),(681,1),(682,1),(683,1),(684,1),(685,1),(686,1),(687,1),(688,1),(689,1),(690,1),(691,1),(692,1),(693,1),(694,1),(695,1),(696,1),(697,1),(698,1),(699,1),(700,1),(701,1),(702,1),(703,1),(704,1),(705,1),(706,1),(707,1),(708,1),(709,1),(710,1),(711,1),(712,1),(713,1),(714,1),(715,1),(716,1),(717,1),(718,1),(719,1),(720,1),(721,1),(722,1),(723,1),(724,1),(725,1),(726,1),(727,1),(728,1),(729,1),(730,1),(731,1),(732,1),(733,1),(734,1),(735,1),(736,1),(737,1),(738,1),(739,1),(740,1),(741,1),(742,1),(743,1),(744,1),(745,1),(746,1),(747,1),(748,1),(749,1),(750,1),(751,1),(752,1),(753,1),(754,1),(755,1),(756,1),(757,1),(758,1),(759,1),(760,1),(761,1),(762,1),(763,1),(764,1),(765,1),(766,1),(767,1),(768,1),(769,1),(770,1),(771,1),(772,1),(773,1),(774,1),(775,1),(776,1),(777,1),(778,1),(779,1),(780,1),(781,1),(782,1),(783,1),(784,1),(785,1),(786,1),(787,1),(788,1),(789,1),(790,1),(791,1),(792,1),(793,1),(794,1),(795,1),(796,1),(797,1),(798,1),(799,1),(800,1),(801,1),(802,1),(803,1),(804,1),(805,1),(806,1),(807,1),(808,1),(809,1),(810,1),(811,1),(812,1),(813,1),(814,1),(815,1),(816,1),(817,1),(818,1),(819,1),(820,1),(821,1),(822,1),(823,1),(824,1),(825,1),(826,1),(827,1),(828,1),(829,1),(830,1),(831,1),(832,1),(833,1),(834,1),(835,1),(836,1),(837,1),(838,1),(839,1),(840,1),(841,1),(842,1),(843,1),(844,1),(845,1),(846,1),(847,1),(848,1),(849,1),(850,1),(851,1),(852,1),(853,1),(854,1),(855,1),(856,1),(857,1),(858,1),(859,1),(860,1),(861,1),(862,1),(863,1),(864,1),(865,1),(866,1),(867,1),(868,1),(869,1),(870,1),(871,1),(872,1),(873,1),(874,1),(875,1),(876,1),(877,1),(878,1),(879,1),(880,1),(881,1),(882,1),(883,1),(884,1),(885,1),(886,1),(887,1),(888,1),(889,1),(890,1),(891,1),(892,1),(893,1),(894,1),(895,1),(896,1),(897,1),(898,1),(899,1),(900,1),(901,1),(902,1),(903,1),(904,1),(905,1),(906,1),(907,1),(908,1),(909,1),(910,1),(911,1),(912,1),(913,1),(914,1),(915,1),(916,1),(917,1),(918,1),(919,1),(920,1),(921,1),(922,1),(923,1),(924,1),(925,1),(926,1),(927,1),(928,1),(929,1),(930,1),(931,1),(932,1),(933,1),(934,1),(935,1),(936,1),(937,1),(938,1),(939,1),(940,1),(941,1),(942,1),(943,1),(944,1),(945,1),(946,1),(947,1),(948,1),(949,1),(950,1),(951,1),(952,1),(953,1),(954,1),(955,1),(956,1),(957,1),(958,1),(959,1),(960,1),(961,1),(962,1),(963,1),(964,1),(965,1),(966,1),(967,1),(968,1),(969,1),(970,1),(971,1),(972,1),(973,1),(974,1),(975,1),(976,1),(977,1),(978,1),(979,1),(980,1),(981,1),(982,1),(983,1),(984,1),(985,1),(986,1),(987,1),(988,1),(989,1),(990,1),(991,1),(992,1),(993,1),(994,1),(995,1),(996,1),(997,1),(998,1),(999,1),(1000,1),(1001,1),(1002,1),(1003,1),(1004,1),(1005,1),(1006,1),(1007,1),(1008,1),(1009,1),(1010,1),(1011,1),(1012,1),(1013,1),(1014,1),(1015,1),(1016,1),(1017,1),(1018,1),(1019,1),(1020,1),(1021,1),(1022,1),(1023,1),(1024,1),(1025,1),(1026,1),(1027,1),(1028,1),(1029,1),(1030,1),(1031,1),(1032,1),(1033,1),(1034,1),(1035,1),(1036,1),(1037,1),(1038,1),(1039,1),(1040,1),(1041,1),(1042,1),(1043,1),(1044,1),(1045,1),(1046,1),(1047,1),(1048,1),(1049,1),(1050,1),(1051,1),(1052,1),(1053,1),(1054,1),(1055,1),(1056,1),(1057,1),(1058,1),(1059,1),(1060,1),(1061,1),(1062,1),(1063,1),(1064,1),(1065,1),(1066,1),(1067,1),(1068,1),(1069,1),(1070,1),(1071,1),(1072,1),(1073,1),(1074,1),(1075,1),(1076,1),(1077,1),(1078,1),(1079,1),(1080,1),(1081,1),(1082,1),(1083,1),(1084,1),(1085,1),(1086,1),(1087,1),(1088,1),(1089,1),(1090,1),(1091,1),(1092,1),(1093,1),(1094,1),(1095,1),(1096,1),(1097,1),(1098,1),(1099,1),(1100,1),(1101,1),(1102,1),(1103,1),(1104,1),(1105,1),(1106,1),(1107,1),(1108,1),(1109,1),(1110,1),(1111,1),(1112,1),(1113,1),(1114,1),(1115,1),(1116,1),(1117,1),(1118,1),(1119,1),(1120,1),(1121,1),(1122,1),(1123,1),(1124,1),(1125,1),(1126,1),(1127,1),(1128,1),(1129,1),(1130,1),(1131,1),(1132,1),(1133,1),(1134,1),(1135,1),(1136,1),(1137,1),(1138,1),(1139,1),(1140,1),(1141,1),(1142,1),(1143,1),(1144,1),(1145,1),(1146,1),(1147,1),(1148,1),(1149,1),(1150,1),(1151,1),(1152,1),(1153,1),(1154,1),(1155,1),(1156,1),(1157,1),(1158,1),(1159,1),(1160,1),(1161,1),(1162,1),(1163,1),(1164,1),(1165,1),(1166,1),(1167,1),(1168,1),(1169,1),(1170,1),(1171,1),(1172,1),(1173,1),(1174,1),(1175,1),(1176,1),(1177,1),(1178,1),(1179,1),(1180,1),(1181,1),(1182,1),(1183,1),(1184,1),(1185,1),(1186,1),(1187,1),(1188,1),(1189,1),(1190,1),(1191,1),(1192,1),(1193,1),(1194,1),(1195,1),(1196,1),(1197,1),(1198,1),(1199,1),(1200,1),(1201,1),(1202,1),(1203,1),(1204,1),(1205,1),(1206,1),(1207,1),(1208,1),(1209,1),(1210,1),(1211,1),(1212,1),(1213,1),(1214,1),(1215,1),(1216,1),(1217,1),(1218,1),(1219,1),(1220,1),(1221,1),(1222,1),(1223,1),(1224,1),(1225,1),(1226,1),(1227,1),(1228,1),(1229,1),(1230,1),(1231,1),(1232,1),(1233,1),(1234,1),(1235,1),(1236,1),(1237,1),(1238,1),(1239,1),(1240,1),(1241,1),(1242,1),(1243,1),(1244,1),(1245,1),(1246,1),(1247,1),(1248,1),(1249,1),(1250,1),(1251,1),(1252,1),(1253,1),(1254,1),(1255,1),(1256,1),(1257,1),(1258,1),(1259,1),(1260,1),(1261,1),(1262,1),(1263,1),(1264,1),(1265,1),(1266,1),(1267,1),(1268,1),(1269,1),(1270,1),(1271,1),(1272,1),(1273,1),(1274,1),(1275,1),(1276,1),(1277,1),(1278,1),(1279,1),(1280,1),(1281,1),(1282,1),(1283,1),(1284,1),(1285,1),(1286,1),(1287,1),(1288,1),(1289,1),(1290,1),(1291,1),(1292,1),(1293,1),(1294,1),(1295,1),(1296,1),(1297,1),(1298,1),(1299,1),(1300,1),(1301,1),(1302,1),(1303,1),(1304,1),(1305,1),(1306,1),(1307,1),(1308,1),(1309,1),(1310,1),(1311,1),(1312,1),(1313,1),(1314,1),(1315,1),(1316,1),(1317,1),(1318,1),(1319,1),(1320,1),(1321,1),(1322,1),(1323,1),(1324,1),(1325,1),(1326,1),(1327,1),(1328,1),(1329,1),(1330,1),(1331,1),(1332,1),(1333,1),(1334,1),(1335,1),(1336,1),(1337,1),(1338,1),(1339,1),(1340,1),(1341,1),(1342,1),(1343,1),(1344,1),(1345,1),(1346,1),(1347,1),(1348,1),(1349,1),(1350,1),(1351,1),(1352,1),(1353,1),(1354,1),(1355,1),(1356,1),(1357,1),(1358,1),(1359,1),(1360,1),(1361,1),(1362,1),(1363,1),(1364,1),(1365,1),(1366,1),(1367,1),(1368,1),(1369,1),(1370,1),(1371,1),(1372,1),(1373,1),(1374,1),(1375,1),(1376,1),(1377,1),(1378,1),(1379,1),(1380,1),(1381,1),(1382,1),(1383,1),(1384,1),(1385,1),(1386,1),(1387,1),(1388,1),(1389,1),(1390,1),(1391,1),(1392,1),(1393,1),(1394,1),(1395,1),(1396,1),(1397,1),(1398,1),(1399,1),(1400,1),(1401,1),(1402,1),(1403,1),(1404,1),(1405,1),(1406,1),(1407,1),(1408,1),(1409,1),(1410,1),(1411,1),(1412,1),(1413,1),(1414,1),(1415,1),(1416,1),(1417,1),(1418,1),(1419,1),(1420,1),(1421,1),(1422,1),(1423,1),(1424,1),(1425,1),(1426,1),(1427,1),(1428,1),(1429,1),(1430,1),(1431,1),(1432,1),(1433,1),(1434,1),(1435,1),(1436,1),(1437,1),(1438,1),(1439,1),(1440,1),(1441,1),(1442,1),(1443,1),(1444,1),(1445,1),(1446,1),(1447,1),(1448,1),(1449,1),(1450,1),(1451,1),(1452,1),(1453,1),(1454,1),(1455,1),(1456,1),(1457,1),(1458,1),(1459,1),(1460,1),(1461,1),(1462,1),(1463,1),(1464,1),(1465,1),(1466,1),(1467,1),(1468,1),(1469,1),(1470,1),(1471,1),(1472,1),(1473,1),(1474,1),(1475,1),(1476,1),(1477,1),(1478,1),(1479,1),(1480,1),(1481,1),(1482,1),(1483,1),(1484,1),(1485,1),(1486,1),(1487,1),(1488,1),(1489,1),(1490,1),(1491,1),(1492,1),(1493,1),(1494,1),(1495,1),(1496,1),(1497,1),(1498,1),(1499,1),(1500,1),(1501,1),(1502,1),(1503,1),(1504,1),(1505,1),(1506,1),(1507,1),(1508,1),(1509,1),(1510,1),(1511,1),(1512,1),(1513,1),(1514,1),(1515,1),(1516,1),(1517,1),(1518,1),(1519,1),(1520,1),(1521,1),(1522,1),(1523,1),(1524,1),(1525,1),(1526,1),(1527,1),(1528,1),(1529,1),(1530,1),(1531,1),(1532,1),(1533,1),(1534,1),(1535,1),(1536,1),(1537,1),(1538,1),(1539,1),(1540,1),(1541,1),(1542,1),(1543,1),(1544,1),(1545,1),(1546,1),(1547,1),(1548,1),(1549,1),(1550,1),(1551,1),(1552,1),(1553,1),(1554,1),(1555,1),(1556,1),(1557,1),(1558,1),(1559,1),(1560,1),(1561,1),(1562,1),(1563,1),(1564,1),(1565,1),(1566,1),(1567,1),(1568,1),(1569,1),(1570,1),(1571,1),(1572,1),(1573,1),(1574,1),(1575,1),(1576,1),(1577,1),(1578,1),(1579,1),(1580,1),(1581,1),(1582,1),(1583,1),(1584,1),(1585,1),(1586,1),(1587,1),(1588,1),(1589,1),(1590,1),(1591,1),(1592,1),(1593,1),(1594,1),(1595,1),(1596,1),(1597,1),(1598,1),(1599,1),(1600,1),(1601,1),(1602,1),(1603,1),(1604,1),(1605,1),(1606,1),(1607,1),(1608,1),(1609,1),(1610,1),(1611,1),(1612,1),(1613,1),(1614,1),(1615,1),(1616,1),(1617,1),(1618,1),(1619,1),(1620,1),(1621,1),(1622,1),(1623,1),(1624,1),(1625,1),(1626,1),(1627,1),(1628,1),(1629,1),(1630,1),(1631,1),(1632,1),(1633,1),(1634,1),(1635,1),(1636,1),(1637,1),(1638,1),(1639,1),(1640,1),(1641,1),(1642,1),(1643,1),(1644,1),(1645,1),(1646,1),(1647,1),(1648,1),(1649,1),(1650,1),(1651,1),(1652,1),(1653,1),(1654,1),(1655,1),(1656,1),(1657,1),(1658,1),(1659,1),(1660,1),(1661,1),(1662,1),(1663,1),(1664,1),(1665,1),(1666,1),(1667,1),(1668,1),(1669,1),(1670,1),(1671,1),(1672,1),(1673,1),(1674,1),(1675,1),(1676,1),(1677,1),(1678,1),(1679,1),(1680,1),(1681,1),(1682,1),(1683,1),(1684,1),(1685,1),(1686,1),(1687,1),(1688,1),(1689,1),(1690,1),(1691,1),(1692,1),(1693,1),(1694,1),(1695,1),(1696,1),(1697,1),(1698,1),(1699,1),(1700,1),(1701,1),(1702,1),(1703,1),(1704,1),(1705,1),(1706,1),(1707,1),(1708,1),(1709,1),(1710,1),(1711,1),(1712,1),(1713,1),(1714,1),(1715,1),(1716,1),(1717,1),(1718,1),(1719,1),(1720,1),(1721,1),(1722,1),(1723,1),(1724,1),(1725,1),(1726,1),(1727,1),(1728,1),(1729,1),(1730,1),(1731,1),(1732,1),(1733,1),(1734,1),(1735,1),(1736,1),(1737,1),(1738,1),(1739,1),(1740,1),(1741,1),(1742,1),(1743,1),(1744,1),(1745,1),(1746,1),(1747,1),(1748,1),(1749,1),(1750,1),(1751,1),(1752,1),(1753,1),(1754,1),(1755,1),(1756,1),(1757,1),(1758,1),(1759,1),(1760,1),(1761,1),(1762,1),(1763,1),(1764,1),(1765,1),(1766,1),(1767,1),(1768,1),(1769,1),(1770,1),(1771,1),(1772,1),(1773,1),(1774,1),(1775,1),(1776,1),(1777,1),(1778,1),(1779,1),(1780,1),(1781,1),(1782,1),(1783,1),(1784,1),(1785,1),(1786,1),(1787,1),(1788,1),(1789,1),(1790,1),(1791,1),(1792,1),(1793,1),(1794,1),(1795,1),(1796,1),(1797,1),(1798,1),(1799,1),(1800,1),(1801,1),(1802,1),(1803,1),(1804,1),(1805,1),(1806,1),(1807,1),(1808,1),(1809,1),(1810,1),(1811,1),(1812,1),(1813,1),(1814,1),(1815,1),(1816,1),(1817,1),(1818,1),(1819,1),(1820,1),(1821,1),(1822,1),(1823,1),(1824,1),(1825,1),(1826,1),(1827,1),(1828,1),(1829,1),(1830,1),(1831,1),(1832,1),(1833,1),(1834,1),(1835,1),(1836,1),(1837,1),(1838,1),(1839,1),(1840,1),(1841,1),(1842,1),(1843,1),(1844,1),(1845,1),(1846,1),(1847,1),(1848,1),(1849,1),(1850,1),(1851,1),(1852,1),(1853,1),(1854,1),(1855,1),(1856,1),(1857,1),(1858,1),(1859,1),(1860,1),(1861,1),(1862,1),(1863,1),(1864,1),(1865,1),(1866,1),(1867,1),(1868,1),(1869,1),(1870,1),(1871,1),(1872,1),(1873,1),(1874,1),(1875,1),(1876,1),(1877,1),(1878,1),(1879,1),(1880,1),(1881,1),(1882,1),(1883,1),(1884,1),(1885,1),(1886,1),(1887,1),(1888,1),(1889,1),(1890,1),(1891,1),(1892,1),(1893,1),(1894,1),(1895,1),(1896,1),(1897,1),(1898,1),(1899,1),(1900,1),(1901,1),(1902,1),(1903,1),(1904,1),(1905,1),(1906,1),(1907,1),(1908,1),(1909,1),(1910,1),(1911,1),(1912,1),(1913,1),(1914,1),(1915,1),(1916,1),(1917,1),(1918,1),(1919,1),(1920,1),(1921,1),(1922,1),(1923,1),(1924,1),(1925,1),(1926,1),(1927,1),(1928,1),(1929,1),(1930,1),(1931,1),(1932,1),(1933,1),(1934,1),(1935,1),(1936,1),(1937,1),(1938,1),(1939,1),(1940,1),(1941,1),(1942,1),(1943,1),(1944,1),(1945,1),(1946,1),(1947,1),(1948,1),(1949,1),(1950,1),(1951,1),(1952,1),(1953,1),(1954,1),(1955,1),(1956,1),(1957,1),(1958,1),(1959,1),(1960,1),(1961,1),(1962,1),(1963,1),(1964,1),(1965,1),(1966,1),(1967,1),(1968,1),(1969,1),(1970,1),(1971,1),(1972,1),(1973,1),(1974,1),(1975,1),(1976,1),(1977,1),(1978,1),(1979,1),(1980,1),(1981,1),(1982,1),(1983,1),(1984,1),(1985,1),(1986,1),(1987,1),(1988,1),(1989,1),(1990,1),(1991,1),(1992,1),(1993,1),(1994,1),(1995,1),(1996,1),(1997,1),(1998,1),(1999,1),(2000,1),(2001,1),(2002,1),(2003,1),(2004,1),(2005,1),(2006,1),(2007,1),(2008,1),(2009,1),(2010,1),(2011,1),(2012,1),(2013,1),(2014,1),(2015,1),(2016,1),(2017,1),(2018,1),(2019,1),(2020,1),(2021,1),(2022,1),(2023,1),(2024,1),(2025,1),(2026,1),(2027,1),(2028,1),(2029,1),(2030,1),(2031,1),(2032,1),(2033,1),(2034,1),(2035,1),(2036,1),(2037,1),(2038,1),(2039,1),(2040,1),(2041,1),(2042,1),(2043,1),(2044,1),(2045,1),(2046,1),(3509,1),(3510,1),(3511,1),(3512,1),(3513,1),(3514,1),(3515,1),(3517,1),(3521,1),(3522,1),(3523,1),(3524,1),(3525,1),(3526,1),(3527,1),(3528,1),(3529,1),(3530,1),(3531,1),(3532,1),(3533,1),(3534,1),(3535,1),(3536,1),(3537,1),(3538,1),(3539,1),(3540,1),(3541,1),(3542,1),(3543,1),(3544,1),(3545,1),(3546,1),(3547,1),(3548,1),(3549,1),(3550,1),(3551,1),(3552,1),(3553,1),(3554,1),(3555,1),(3556,1),(3557,1),(3558,1),(3559,1),(3560,1),(3561,1),(3562,1),(3563,1),(3564,1),(3565,1),(3567,1),(3568,1),(3569,1),(3570,1),(3571,1),(3572,1),(3573,1),(3574,1),(3575,1),(3576,1),(3577,1),(3578,1),(3579,1),(3580,1),(3581,1),(3582,1),(3583,1),(3584,1),(3585,1),(3586,1),(3587,1),(3588,1),(3589,1),(3590,1),(3591,1),(3592,1),(3593,1),(3594,1),(3595,1),(3596,1),(3597,1),(3598,1),(3599,1),(3600,1),(3601,1),(3602,1),(3603,1),(3604,1),(3605,1),(3606,1),(3609,1),(3610,1),(3611,1),(3612,1),(3613,1),(3614,1),(3615,1),(3616,1),(3617,1),(3620,1),(3623,1),(3625,1),(3627,1),(3628,1),(3629,1),(3630,1),(3631,1),(3632,1),(3633,1),(3634,1),(3635,1),(3636,1),(3640,1),(3643,1),(3644,1),(3645,1),(3646,1),(3647,1),(3649,1),(3651,1),(3652,1),(3653,1),(3654,1),(3655,1),(3656,1),(3657,1),(3658,1),(3659,1),(3661,1),(3662,1),(3663,1),(3664,1),(3665,1),(3666,1),(3667,1),(3668,1),(3669,1),(3670,1),(3671,1),(3672,1),(3673,1),(3674,1),(3675,1),(3676,1),(3677,1),(3678,1),(3679,1),(3680,1);

--
-- Table structure for table `catalog_url_rewrite_product_category`
--

CREATE TABLE `catalog_url_rewrite_product_category` (
  `url_rewrite_id` int(10) unsigned NOT NULL COMMENT 'url_rewrite_id',
  `category_id` int(10) unsigned NOT NULL COMMENT 'category_id',
  `product_id` int(10) unsigned NOT NULL COMMENT 'product_id',
  PRIMARY KEY (`url_rewrite_id`),
  KEY `CAT_URL_REWRITE_PRD_CTGR_PRD_ID_CAT_PRD_ENTT_ENTT_ID` (`product_id`),
  KEY `CATALOG_URL_REWRITE_PRODUCT_CATEGORY_CATEGORY_ID_PRODUCT_ID` (`category_id`,`product_id`),
  CONSTRAINT `CAT_URL_REWRITE_PRD_CTGR_CTGR_ID_CAT_CTGR_ENTT_ENTT_ID` FOREIGN KEY (`category_id`) REFERENCES `catalog_category_entity` (`entity_id`) ON DELETE CASCADE,
  CONSTRAINT `CAT_URL_REWRITE_PRD_CTGR_PRD_ID_CAT_PRD_ENTT_ENTT_ID` FOREIGN KEY (`product_id`) REFERENCES `catalog_product_entity` (`entity_id`) ON DELETE CASCADE,
  CONSTRAINT `FK_BB79E64705D7F17FE181F23144528FC8` FOREIGN KEY (`url_rewrite_id`) REFERENCES `url_rewrite` (`url_rewrite_id`) ON DELETE CASCADE
) ENGINE=InnoDB DEFAULT CHARSET=utf8 COMMENT='url_rewrite_relation';

--
-- Dumping data for table `catalog_url_rewrite_product_category`
--

INSERT INTO `catalog_url_rewrite_product_category` VALUES (5906,3,1),(5908,3,1),(3512,3,2),(3515,3,2),(3518,3,3),(3520,3,3),(3522,3,4),(3526,3,4),(3530,3,5),(3534,3,5),(3538,3,6),(3540,3,6),(3542,3,7),(3544,3,7),(3546,3,8),(3548,3,8),(3550,3,9),(3552,3,9),(3554,3,10),(3557,3,10),(3560,3,11),(3563,3,11),(3566,3,12),(3568,3,12),(3570,3,13),(3574,3,13),(3578,3,14),(3581,3,14),(3584,3,15),(3586,3,15),(3588,3,16),(3591,3,16),(3594,3,17),(3596,3,17),(3598,3,18),(3600,3,18),(3602,3,19),(3606,3,19),(3610,3,20),(3612,3,20),(3614,3,21),(3616,3,21),(3618,3,22),(3620,3,22),(3622,3,23),(3624,3,23),(3626,3,36),(3628,3,36),(3630,3,37),(3632,3,37),(3634,3,38),(3638,3,38),(3642,3,39),(3646,3,39),(3650,3,40),(3654,3,40),(3658,3,41),(3660,3,41),(3662,3,42),(3664,3,42),(3666,3,43),(3668,3,43),(3670,3,44),(3674,3,44),(3702,3,51),(3704,3,51),(3706,3,52),(3708,3,52),(5910,3,3539),(5912,3,3539),(5907,4,1),(5909,4,1),(3514,4,2),(3517,4,2),(3519,4,3),(3521,4,3),(3524,4,4),(3528,4,4),(3532,4,5),(3536,4,5),(3539,4,6),(3541,4,6),(3543,4,7),(3545,4,7),(3547,4,8),(3549,4,8),(3551,4,9),(3553,4,9),(3556,4,10),(3559,4,10),(3562,4,11),(3565,4,11),(3567,4,12),(3569,4,12),(3572,4,13),(3576,4,13),(3580,4,14),(3583,4,14),(5911,4,3539),(5913,4,3539),(3585,5,15),(3587,5,15),(3590,5,16),(3593,5,16),(3595,5,17),(3597,5,17),(3599,5,18),(3601,5,18),(3604,5,19),(3608,5,19),(3611,5,20),(3613,5,20),(3615,5,21),(3617,5,21),(3619,5,22),(3621,5,22),(3623,5,23),(3625,5,23),(3703,5,51),(3705,5,51),(3707,5,52),(3709,5,52),(3627,6,36),(3629,6,36),(3631,6,37),(3633,6,37),(3636,6,38),(3640,6,38),(3644,6,39),(3648,6,39),(3652,6,40),(3656,6,40),(3659,6,41),(3661,6,41),(3663,6,42),(3665,6,42),(3667,6,43),(3669,6,43),(3672,6,44),(3676,6,44),(3513,7,2),(3516,7,2),(3523,7,4),(3527,7,4),(3531,7,5),(3535,7,5),(3555,7,10),(3558,7,10),(3561,7,11),(3564,7,11),(3571,7,13),(3575,7,13),(3579,7,14),(3582,7,14),(3589,7,16),(3592,7,16),(3603,7,19),(3607,7,19),(3635,7,38),(3639,7,38),(3643,7,39),(3647,7,39),(3651,7,40),(3655,7,40),(3671,7,44),(3675,7,44),(3525,8,4),(3529,8,4),(3533,8,5),(3537,8,5),(3573,8,13),(3577,8,13),(3605,8,19),(3609,8,19),(3637,8,38),(3641,8,38),(3645,8,39),(3649,8,39),(3653,8,40),(3657,8,40),(3673,8,44),(3677,8,44),(4035,8,769),(4039,8,769),(4049,8,795),(4053,8,795),(4081,8,821),(4085,8,821),(4089,8,834),(4093,8,834),(4097,8,847),(4102,8,847),(4170,8,956),(4173,8,956),(4210,8,1008),(4213,8,1008),(4226,8,1050),(4230,8,1050),(4270,8,1136),(4274,8,1136),(4292,8,1184),(4295,8,1184),(4322,8,1226),(4326,8,1226),(4340,8,1274),(4344,8,1274),(4382,8,1354),(4386,8,1354),(4390,8,1370),(4393,8,1370),(4425,8,1418),(4429,8,1418),(4441,8,1450),(4446,8,1450),(4451,8,1466),(4456,8,1466),(4461,8,1482),(4466,8,1482),(4562,8,1642),(4566,8,1642),(4602,8,1722),(4606,8,1722),(4689,8,1839),(4693,8,1839),(4782,8,1925),(4786,8,1925),(4796,8,1957),(4800,8,1957),(4834,8,2003),(4837,8,2003),(3678,9,45),(3680,9,45),(3682,9,46),(3684,9,46),(3686,9,47),(3688,9,47),(3690,9,48),(3692,9,48),(3694,9,49),(3696,9,49),(3698,9,50),(3700,9,50),(3679,10,45),(3681,10,45),(3683,10,46),(3685,10,46),(3687,10,47),(3689,10,47),(3691,10,48),(3693,10,48),(3695,10,49),(3697,10,49),(3699,10,50),(3701,10,50),(3711,12,68),(3714,12,68),(3717,12,84),(3719,12,84),(3721,12,100),(3724,12,100),(3739,12,116),(3742,12,116),(3745,12,132),(3747,12,132),(3749,12,148),(3751,12,148),(3753,12,164),(3755,12,164),(3757,12,180),(3759,12,180),(3761,12,196),(3763,12,196),(3777,12,212),(3779,12,212),(3781,12,228),(3783,12,228),(3785,12,244),(3787,12,244),(3789,12,260),(3791,12,260),(3793,12,276),(3795,12,276),(3797,12,292),(3799,12,292),(3813,12,308),(3816,12,308),(3819,12,324),(3821,12,324),(3823,12,340),(3825,12,340),(3827,12,356),(3829,12,356),(3831,12,372),(3833,12,372),(3835,12,388),(3837,12,388),(3853,12,404),(3856,12,404),(3859,12,420),(3861,12,420),(3863,12,436),(3865,12,436),(3867,12,452),(3869,12,452),(3871,12,468),(3874,12,468),(3877,12,484),(3879,12,484),(3881,12,500),(3883,12,500),(3897,12,516),(3899,12,516),(3901,12,532),(3903,12,532),(3905,12,548),(3907,12,548),(3909,12,564),(3911,12,564),(3913,12,580),(3915,12,580),(3917,12,596),(3919,12,596),(3939,12,612),(3941,12,612),(3943,12,628),(3945,12,628),(3947,12,644),(3949,12,644),(3951,12,660),(3953,12,660),(3955,12,676),(3957,12,676),(3959,12,682),(3961,12,682),(3963,12,688),(3965,12,688),(3967,12,694),(3969,12,694),(3971,12,700),(3974,12,700),(3997,12,706),(3999,12,706),(4001,12,712),(4003,12,712),(4005,12,718),(4007,12,718),(4009,12,724),(4012,12,724),(4015,12,730),(4017,12,730),(4019,13,743),(4022,13,743),(4025,13,756),(4029,13,756),(4033,13,769),(4037,13,769),(4041,13,782),(4044,13,782),(4047,13,795),(4051,13,795),(4071,13,808),(4075,13,808),(4079,13,821),(4083,13,821),(4087,13,834),(4091,13,834),(4095,13,847),(4100,13,847),(4105,13,860),(4109,13,860),(4113,13,873),(4117,13,873),(4121,13,886),(4124,13,886),(4127,13,899),(4130,13,899),(4149,13,904),(4151,13,904),(4153,13,917),(4156,13,917),(4159,13,930),(4161,13,930),(4163,13,943),(4166,13,943),(4169,13,956),(4172,13,956),(4175,13,969),(4179,13,969),(4183,13,982),(4186,13,982),(4189,13,995),(4192,13,995),(4209,13,1008),(4212,13,1008),(4215,13,1021),(4217,13,1021),(4219,13,1034),(4222,13,1034),(3792,14,276),(3794,14,276),(3796,14,292),(3798,14,292),(3812,14,308),(3815,14,308),(3818,14,324),(3820,14,324),(3822,14,340),(3824,14,340),(3826,14,356),(3828,14,356),(3830,14,372),(3832,14,372),(3834,14,388),(3836,14,388),(3852,14,404),(3855,14,404),(3858,14,420),(3860,14,420),(3862,14,436),(3864,14,436),(3710,15,68),(3713,15,68),(3716,15,84),(3718,15,84),(3720,15,100),(3723,15,100),(3738,15,116),(3741,15,116),(3744,15,132),(3746,15,132),(3748,15,148),(3750,15,148),(3752,15,164),(3754,15,164),(3756,15,180),(3758,15,180),(3760,15,196),(3762,15,196),(3776,15,212),(3778,15,212),(3780,15,228),(3782,15,228),(3784,15,244),(3786,15,244),(3788,15,260),(3790,15,260),(3866,16,452),(3868,16,452),(3870,16,468),(3873,16,468),(3876,16,484),(3878,16,484),(3880,16,500),(3882,16,500),(3896,16,516),(3898,16,516),(3900,16,532),(3902,16,532),(3904,16,548),(3906,16,548),(3908,16,564),(3910,16,564),(3912,16,580),(3914,16,580),(3916,16,596),(3918,16,596),(3938,16,612),(3940,16,612),(3942,16,628),(3944,16,628),(3946,17,644),(3948,17,644),(3950,17,660),(3952,17,660),(3954,17,676),(3956,17,676),(3958,17,682),(3960,17,682),(3962,17,688),(3964,17,688),(3966,17,694),(3968,17,694),(3970,17,700),(3973,17,700),(3996,17,706),(3998,17,706),(4000,17,712),(4002,17,712),(4004,17,718),(4006,17,718),(4008,17,724),(4011,17,724),(4014,17,730),(4016,17,730),(4018,18,743),(4021,18,743),(4024,18,756),(4028,18,756),(4032,18,769),(4036,18,769),(4040,18,782),(4043,18,782),(4046,18,795),(4050,18,795),(4070,18,808),(4074,18,808),(4078,18,821),(4082,18,821),(4086,18,834),(4090,18,834),(4094,18,847),(4099,18,847),(4104,18,860),(4108,18,860),(4112,18,873),(4116,18,873),(4120,18,886),(4123,18,886),(4126,19,899),(4129,19,899),(4148,19,904),(4150,19,904),(4152,19,917),(4155,19,917),(4158,19,930),(4160,19,930),(4162,19,943),(4165,19,943),(4168,19,956),(4171,19,956),(4174,19,969),(4178,19,969),(4182,19,982),(4185,19,982),(4188,19,995),(4191,19,995),(4208,19,1008),(4211,19,1008),(4214,19,1021),(4216,19,1021),(4218,19,1034),(4221,19,1034),(4225,21,1050),(4229,21,1050),(4233,21,1066),(4236,21,1066),(4239,21,1082),(4241,21,1082),(4243,21,1098),(4245,21,1098),(4261,21,1114),(4263,21,1114),(4265,21,1120),(4267,21,1120),(4269,21,1136),(4273,21,1136),(4277,21,1152),(4281,21,1152),(4285,21,1168),(4288,21,1168),(4291,21,1184),(4294,21,1184),(4297,21,1200),(4300,21,1200),(4315,21,1216),(4318,21,1216),(4321,21,1226),(4325,21,1226),(4329,21,1242),(4332,21,1242),(4335,21,1258),(4337,21,1258),(4339,21,1274),(4343,21,1274),(4347,21,1290),(4349,21,1290),(4363,21,1306),(4365,21,1306),(4367,21,1322),(4371,21,1322),(4375,21,1338),(4378,21,1338),(4381,21,1354),(4385,21,1354),(4389,21,1370),(4392,21,1370),(4395,21,1386),(4399,21,1386),(4415,21,1402),(4419,21,1402),(4423,21,1418),(4427,21,1418),(4431,21,1434),(4435,21,1434),(4439,21,1450),(4444,21,1450),(4449,21,1466),(4454,21,1466),(4459,21,1482),(4464,21,1482),(4481,21,1498),(4485,21,1498),(4489,21,1514),(4494,21,1514),(4499,21,1530),(4503,21,1530),(4507,21,1546),(4512,21,1546),(4517,21,1562),(4521,21,1562),(4525,21,1578),(4528,21,1578),(4543,21,1594),(4546,21,1594),(4549,21,1610),(4553,21,1610),(4557,21,1626),(4559,21,1626),(4561,21,1642),(4565,21,1642),(4569,21,1658),(4571,21,1658),(4573,21,1674),(4575,21,1674),(4591,21,1690),(4594,21,1690),(4597,21,1706),(4599,21,1706),(4601,21,1722),(4605,21,1722),(4609,21,1738),(4612,21,1738),(4615,21,1754),(4618,21,1754),(4621,21,1770),(4623,21,1770),(4625,21,1786),(4628,21,1786),(4655,21,1802),(4659,21,1802),(4663,21,1818),(4667,21,1818),(4671,22,1825),(4675,22,1825),(4679,22,1832),(4683,22,1832),(4687,22,1839),(4691,22,1839),(4695,22,1846),(4698,22,1846),(4701,22,1853),(4705,22,1853),(4709,22,1860),(4713,22,1860),(4717,22,1867),(4721,22,1867),(4725,22,1874),(4728,22,1874),(4731,22,1881),(4734,22,1881),(4737,22,1888),(4741,22,1888),(4759,22,1895),(4762,22,1895),(4765,22,1902),(4769,22,1902),(4773,22,1909),(4777,22,1909),(4781,22,1925),(4785,22,1925),(4789,22,1941),(4792,22,1941),(4795,22,1957),(4799,22,1957),(4803,22,1973),(4805,22,1973),(4823,22,1989),(4826,22,1989),(4829,22,1996),(4831,22,1996),(4833,22,2003),(4836,22,2003),(4839,22,2009),(4842,22,2009),(4845,22,2016),(4847,22,2016),(4849,22,2023),(4852,22,2023),(4855,22,2030),(4858,22,2030),(4861,22,2046),(4864,22,2046),(4320,23,1226),(4324,23,1226),(4328,23,1242),(4331,23,1242),(4334,23,1258),(4336,23,1258),(4338,23,1274),(4342,23,1274),(4346,23,1290),(4348,23,1290),(4362,23,1306),(4364,23,1306),(4366,23,1322),(4370,23,1322),(4374,23,1338),(4377,23,1338),(4380,23,1354),(4384,23,1354),(4388,23,1370),(4391,23,1370),(4394,23,1386),(4398,23,1386),(4414,23,1402),(4418,23,1402),(4224,24,1050),(4228,24,1050),(4232,24,1066),(4235,24,1066),(4238,24,1082),(4240,24,1082),(4242,24,1098),(4244,24,1098),(4260,24,1114),(4262,24,1114),(4264,24,1120),(4266,24,1120),(4268,24,1136),(4272,24,1136),(4276,24,1152),(4280,24,1152),(4284,24,1168),(4287,24,1168),(4290,24,1184),(4293,24,1184),(4296,24,1200),(4299,24,1200),(4314,24,1216),(4317,24,1216),(4422,25,1418),(4426,25,1418),(4430,25,1434),(4434,25,1434),(4438,25,1450),(4443,25,1450),(4448,25,1466),(4453,25,1466),(4458,25,1482),(4463,25,1482),(4480,25,1498),(4484,25,1498),(4488,25,1514),(4493,25,1514),(4498,25,1530),(4502,25,1530),(4506,25,1546),(4511,25,1546),(4516,25,1562),(4520,25,1562),(4524,25,1578),(4527,25,1578),(4542,25,1594),(4545,25,1594),(4548,26,1610),(4552,26,1610),(4556,26,1626),(4558,26,1626),(4560,26,1642),(4564,26,1642),(4568,26,1658),(4570,26,1658),(4572,26,1674),(4574,26,1674),(4590,26,1690),(4593,26,1690),(4596,26,1706),(4598,26,1706),(4600,26,1722),(4604,26,1722),(4608,26,1738),(4611,26,1738),(4614,26,1754),(4617,26,1754),(4620,26,1770),(4622,26,1770),(4624,26,1786),(4627,26,1786),(4654,26,1802),(4658,26,1802),(4662,26,1818),(4666,26,1818),(4670,27,1825),(4674,27,1825),(4678,27,1832),(4682,27,1832),(4686,27,1839),(4690,27,1839),(4694,27,1846),(4697,27,1846),(4700,27,1853),(4704,27,1853),(4708,27,1860),(4712,27,1860),(4716,27,1867),(4720,27,1867),(4724,27,1874),(4727,27,1874),(4730,27,1881),(4733,27,1881),(4736,27,1888),(4740,27,1888),(4758,27,1895),(4761,27,1895),(4764,27,1902),(4768,27,1902),(4772,27,1909),(4776,27,1909),(4780,28,1925),(4784,28,1925),(4788,28,1941),(4791,28,1941),(4794,28,1957),(4798,28,1957),(4802,28,1973),(4804,28,1973),(4822,28,1989),(4825,28,1989),(4828,28,1996),(4830,28,1996),(4832,28,2003),(4835,28,2003),(4838,28,2009),(4841,28,2009),(4844,28,2016),(4846,28,2016),(4848,28,2023),(4851,28,2023),(4854,28,2030),(4857,28,2030),(4860,28,2046),(4863,28,2046),(4234,30,1066),(4237,30,1066),(4278,30,1152),(4282,30,1152),(4330,30,1242),(4333,30,1242),(4368,30,1322),(4372,30,1322),(4396,30,1386),(4400,30,1386),(4416,30,1402),(4420,30,1402),(4483,30,1498),(4487,30,1498),(4491,30,1514),(4496,30,1514),(4509,30,1546),(4514,30,1546),(4550,30,1610),(4554,30,1610),(4656,30,1802),(4660,30,1802),(4664,30,1818),(4668,30,1818),(4790,30,1941),(4793,30,1941),(4824,30,1989),(4827,30,1989),(4176,31,969),(4180,31,969),(4184,31,982),(4187,31,982),(4220,31,1034),(4223,31,1034),(4020,32,743),(4023,32,743),(4026,32,756),(4030,32,756),(4034,32,769),(4038,32,769),(4042,32,782),(4045,32,782),(4048,32,795),(4052,32,795),(4072,32,808),(4076,32,808),(4080,32,821),(4084,32,821),(4088,32,834),(4092,32,834),(4096,32,847),(4101,32,847),(4106,32,860),(4110,32,860),(4114,32,873),(4118,32,873),(4122,32,886),(4125,32,886),(4672,32,1825),(4676,32,1825),(4680,32,1832),(4684,32,1832),(4688,32,1839),(4692,32,1839),(4696,32,1846),(4699,32,1846),(4702,32,1853),(4706,32,1853),(4710,32,1860),(4714,32,1860),(4718,32,1867),(4722,32,1867),(4726,32,1874),(4729,32,1874),(4732,32,1881),(4735,32,1881),(4738,32,1888),(4742,32,1888),(4760,32,1895),(4763,32,1895),(4766,32,1902),(4770,32,1902),(4774,32,1909),(4778,32,1909),(4424,33,1418),(4428,33,1418),(4432,33,1434),(4436,33,1434),(4440,33,1450),(4445,33,1450),(4450,33,1466),(4455,33,1466),(4460,33,1482),(4465,33,1482),(4482,33,1498),(4486,33,1498),(4490,33,1514),(4495,33,1514),(4500,33,1530),(4504,33,1530),(4508,33,1546),(4513,33,1546),(4518,33,1562),(4522,33,1562),(4526,33,1578),(4529,33,1578),(4544,33,1594),(4547,33,1594),(4098,34,847),(4103,34,847),(4107,34,860),(4111,34,860),(4115,34,873),(4119,34,873),(4128,34,899),(4131,34,899),(4177,34,969),(4181,34,969),(4227,34,1050),(4231,34,1050),(4271,34,1136),(4275,34,1136),(4298,34,1200),(4301,34,1200),(4323,34,1226),(4327,34,1226),(4369,34,1322),(4373,34,1322),(4376,34,1338),(4379,34,1338),(4462,34,1482),(4467,34,1482),(4510,34,1546),(4515,34,1546),(4603,34,1722),(4607,34,1722),(4616,34,1754),(4619,34,1754),(4665,34,1818),(4669,34,1818),(4703,34,1853),(4707,34,1853),(4711,34,1860),(4715,34,1860),(4775,34,1909),(4779,34,1909),(4856,34,2030),(4859,34,2030),(4862,34,2046),(4865,34,2046),(4027,35,756),(4031,35,756),(4154,35,917),(4157,35,917),(4164,35,943),(4167,35,943),(4190,35,995),(4193,35,995),(4279,35,1152),(4283,35,1152),(4316,35,1216),(4319,35,1216),(4341,35,1274),(4345,35,1274),(4383,35,1354),(4387,35,1354),(4397,35,1386),(4401,35,1386),(4417,35,1402),(4421,35,1402),(4433,35,1434),(4437,35,1434),(4501,35,1530),(4505,35,1530),(4519,35,1562),(4523,35,1562),(4563,35,1642),(4567,35,1642),(4610,35,1738),(4613,35,1738),(4626,35,1786),(4629,35,1786),(4657,35,1802),(4661,35,1802),(4673,35,1825),(4677,35,1825),(4681,35,1832),(4685,35,1832),(4719,35,1867),(4723,35,1867),(4767,35,1902),(4771,35,1902),(4797,35,1957),(4801,35,1957),(4840,35,2009),(4843,35,2009),(3712,36,68),(3715,36,68),(3722,36,100),(3725,36,100),(3740,36,116),(3743,36,116),(3814,36,308),(3817,36,308),(3854,36,404),(3857,36,404),(3872,36,468),(3875,36,468),(3972,36,700),(3975,36,700),(4010,36,724),(4013,36,724),(4073,36,808),(4077,36,808),(4286,36,1168),(4289,36,1168),(4442,36,1450),(4447,36,1450),(4452,36,1466),(4457,36,1466),(4492,36,1514),(4497,36,1514),(4551,36,1610),(4555,36,1610),(4592,36,1690),(4595,36,1690),(4739,36,1888),(4743,36,1888),(4783,36,1925),(4787,36,1925),(4850,36,2023),(4853,36,2023),(4987,41,3515),(4991,41,3515),(6361,41,3517),(6371,41,3517),(4985,45,3515),(4989,45,3515),(6362,45,3517),(6372,45,3517),(4986,61,3515),(4990,61,3515),(6363,144,3517),(6373,144,3517),(5395,144,3521),(5399,144,3521),(5403,144,3522),(5407,144,3522),(5411,144,3523),(5415,144,3523),(5427,144,3524),(5431,144,3524),(5443,144,3525),(5447,144,3525),(5663,144,3535),(5667,144,3535),(5655,144,3536),(5659,144,3536),(5203,144,3540),(5207,144,3540),(5211,144,3541),(5215,144,3541),(5219,144,3542),(5223,144,3542),(5227,144,3543),(5231,144,3543),(5235,144,3544),(5239,144,3544),(5243,144,3545),(5247,144,3545),(5251,144,3546),(5255,144,3546),(5259,144,3547),(5263,144,3547),(5267,144,3548),(5271,144,3548),(5275,144,3549),(5279,144,3549),(5283,144,3550),(5287,144,3550),(5291,144,3551),(5295,144,3551),(5299,144,3552),(5303,144,3552),(5307,144,3553),(5311,144,3553),(5315,144,3554),(5319,144,3554),(5323,144,3555),(5327,144,3555),(5331,144,3556),(5335,144,3556),(5339,144,3557),(5343,144,3557),(5347,144,3558),(5351,144,3558),(5355,144,3559),(5359,144,3559),(5363,144,3560),(5367,144,3560),(5371,144,3561),(5375,144,3561),(5379,144,3562),(5383,144,3562),(5387,144,3563),(5391,144,3563),(5419,144,3564),(5423,144,3564),(5435,144,3565),(5439,144,3565),(5671,144,3599),(5675,144,3599),(5679,144,3600),(5683,144,3600),(5914,144,3605),(5916,144,3605),(5918,144,3606),(5920,144,3606),(5923,144,3609),(5926,144,3609),(6381,144,3610),(6390,144,3610),(7449,144,3611),(7457,144,3611),(7431,144,3612),(7440,144,3612),(7413,144,3613),(7422,144,3613),(7395,144,3614),(7404,144,3614),(7377,144,3615),(7386,144,3615),(7355,144,3616),(7366,144,3616),(7339,144,3617),(7347,144,3617),(6477,144,3620),(6484,144,3620),(7325,144,3623),(7332,144,3623),(7309,144,3625),(7317,144,3625),(7297,144,3627),(7303,144,3627),(7283,144,3628),(7290,144,3628),(7271,144,3629),(7277,144,3629),(7259,144,3630),(7265,144,3630),(7247,144,3631),(7253,144,3631),(7235,144,3632),(7241,144,3632),(7223,144,3633),(7229,144,3633),(7211,144,3634),(7220,144,3634),(7189,144,3635),(7197,144,3635),(7173,144,3636),(7181,144,3636),(7157,144,3640),(7165,144,3640),(7137,144,3643),(7147,144,3643),(7117,144,3644),(7127,144,3644),(7103,144,3645),(7110,144,3645),(7077,144,3646),(7090,144,3646),(7059,144,3647),(7068,144,3647),(7041,144,3649),(7050,144,3649),(7019,144,3651),(7030,144,3651),(6999,144,3652),(7009,144,3652),(6613,144,3663),(6618,144,3663),(6629,144,3665),(6634,144,3665),(6645,144,3667),(6650,144,3667),(6655,144,3668),(6660,144,3668),(6665,144,3669),(6670,144,3669),(6681,144,3671),(6686,144,3671),(6364,145,3517),(6374,145,3517),(5204,145,3540),(5208,145,3540),(5212,145,3541),(5216,145,3541),(5220,145,3542),(5224,145,3542),(5228,145,3543),(5232,145,3543),(5236,145,3544),(5240,145,3544),(5244,145,3545),(5248,145,3545),(5252,145,3546),(5256,145,3546),(5260,145,3547),(5264,145,3547),(5268,145,3548),(5272,145,3548),(5276,145,3549),(5280,145,3549),(5284,145,3550),(5288,145,3550),(5292,145,3551),(5296,145,3551),(5300,145,3552),(5304,145,3552),(5308,145,3553),(5312,145,3553),(5316,145,3554),(5320,145,3554),(5324,145,3555),(5328,145,3555),(5332,145,3556),(5336,145,3556),(5340,145,3557),(5344,145,3557),(5348,145,3558),(5352,145,3558),(5356,145,3559),(5360,145,3559),(5364,145,3560),(5368,145,3560),(5372,145,3561),(5376,145,3561),(5380,145,3562),(5384,145,3562),(5388,145,3563),(5392,145,3563),(5420,145,3564),(5424,145,3564),(5436,145,3565),(5440,145,3565),(5915,145,3605),(5917,145,3605),(5924,145,3609),(5927,145,3609),(6382,145,3610),(6391,145,3610),(7450,145,3611),(7458,145,3611),(7432,145,3612),(7441,145,3612),(7414,145,3613),(7423,145,3613),(7396,145,3614),(7405,145,3614),(7378,145,3615),(7387,145,3615),(7000,145,3652),(7010,145,3652),(5919,146,3606),(5921,146,3606),(7356,146,3616),(7367,146,3616),(7340,146,3617),(7348,146,3617),(6478,146,3620),(6485,146,3620),(7310,146,3625),(7318,146,3625),(6479,147,3620),(6486,147,3620),(7326,147,3623),(7333,147,3623),(7298,147,3627),(7304,147,3627),(5396,148,3521),(5400,148,3521),(5404,148,3522),(5408,148,3522),(7284,148,3628),(7291,148,3628),(7272,148,3629),(7278,148,3629),(7260,148,3630),(7266,148,3630),(7248,148,3631),(7254,148,3631),(7236,148,3632),(7242,148,3632),(7224,148,3633),(7230,148,3633),(7205,148,3634),(7214,148,3634),(7190,148,3635),(7198,148,3635),(5412,149,3523),(5416,149,3523),(7174,149,3636),(7182,149,3636),(7158,149,3640),(7166,149,3640),(7138,149,3643),(7148,149,3643),(7118,149,3644),(7128,149,3644),(7104,149,3645),(7111,149,3645),(7060,149,3647),(7069,149,3647),(5429,151,3524),(5433,151,3524),(5445,151,3525),(5449,151,3525),(5664,151,3535),(5668,151,3535),(5656,151,3536),(5660,151,3536),(5672,151,3599),(5676,151,3599),(5680,151,3600),(5684,151,3600),(7078,151,3646),(7091,151,3646),(7042,151,3649),(7051,151,3649),(7020,151,3651),(7031,151,3651),(5397,152,3521),(5401,152,3521),(5405,152,3522),(5409,152,3522),(5413,152,3523),(5417,152,3523),(5428,152,3524),(5432,152,3524),(5444,152,3525),(5448,152,3525),(5665,152,3535),(5669,152,3535),(5657,152,3536),(5661,152,3536),(5205,152,3540),(5209,152,3540),(5213,152,3541),(5217,152,3541),(5221,152,3542),(5225,152,3542),(5229,152,3543),(5233,152,3543),(5237,152,3544),(5241,152,3544),(5245,152,3545),(5249,152,3545),(5253,152,3546),(5257,152,3546),(5261,152,3547),(5265,152,3547),(5269,152,3548),(5273,152,3548),(5277,152,3549),(5281,152,3549),(5285,152,3550),(5289,152,3550),(5293,152,3551),(5297,152,3551),(5301,152,3552),(5305,152,3552),(5309,152,3553),(5313,152,3553),(5317,152,3554),(5321,152,3554),(5325,152,3555),(5329,152,3555),(5333,152,3556),(5337,152,3556),(5341,152,3557),(5345,152,3557),(5349,152,3558),(5353,152,3558),(5357,152,3559),(5361,152,3559),(5365,152,3560),(5369,152,3560),(5373,152,3561),(5377,152,3561),(5381,152,3562),(5385,152,3562),(5389,152,3563),(5393,152,3563),(5421,152,3564),(5425,152,3564),(5437,152,3565),(5441,152,3565),(5673,152,3599),(5677,152,3599),(5681,152,3600),(5685,152,3600),(6383,152,3610),(6392,152,3610),(7451,152,3611),(7459,152,3611),(7433,152,3612),(7442,152,3612),(7415,152,3613),(7424,152,3613),(7397,152,3614),(7406,152,3614),(7379,152,3615),(7388,152,3615),(7357,152,3616),(7368,152,3616),(7341,152,3617),(7349,152,3617),(6480,152,3620),(6487,152,3620),(7327,152,3623),(7334,152,3623),(7311,152,3625),(7319,152,3625),(7299,152,3627),(7305,152,3627),(7285,152,3628),(7292,152,3628),(7273,152,3629),(7279,152,3629),(7261,152,3630),(7267,152,3630),(7249,152,3631),(7255,152,3631),(7237,152,3632),(7243,152,3632),(7225,152,3633),(7231,152,3633),(7206,152,3634),(7215,152,3634),(7191,152,3635),(7199,152,3635),(7175,152,3636),(7183,152,3636),(7159,152,3640),(7167,152,3640),(7139,152,3643),(7149,152,3643),(7119,152,3644),(7129,152,3644),(7105,152,3645),(7112,152,3645),(7079,152,3646),(7092,152,3646),(7061,152,3647),(7070,152,3647),(7043,152,3649),(7052,152,3649),(7021,152,3651),(7032,152,3651),(7001,152,3652),(7011,152,3652),(5539,158,3577),(5543,158,3577),(5109,161,3527),(5112,161,3527),(5455,161,3528),(5459,161,3528),(5495,161,3532),(5499,161,3532),(5503,161,3569),(5507,161,3569),(5567,161,3583),(5571,161,3583),(5575,161,3584),(5579,161,3584),(5183,163,3538),(5187,163,3538),(5457,164,3528),(5461,164,3528),(5481,164,3530),(5485,164,3530),(5489,164,3531),(5493,164,3531),(5497,164,3532),(5501,164,3532),(5690,164,3537),(5695,164,3537),(5184,164,3538),(5188,164,3538),(5463,164,3567),(5467,164,3567),(5471,164,3568),(5475,164,3568),(5504,164,3569),(5508,164,3569),(5540,164,3577),(5544,164,3577),(5568,164,3583),(5572,164,3583),(5576,164,3584),(5580,164,3584),(5583,164,3585),(5587,164,3585),(5591,164,3586),(5595,164,3586),(5599,164,3587),(5603,164,3587),(5697,164,3601),(5701,164,3601),(6967,164,3654),(6975,164,3654),(7479,164,3655),(7487,164,3655),(6933,164,3656),(6941,164,3656),(6919,164,3657),(6926,164,3657),(7465,164,3658),(7472,164,3658),(6614,164,3663),(6619,164,3663),(6630,164,3665),(6635,164,3665),(6646,164,3667),(6651,164,3667),(6656,164,3668),(6661,164,3668),(6666,164,3669),(6671,164,3669),(6682,164,3671),(6687,164,3671),(7605,164,3680),(7609,164,3680),(5110,165,3527),(5113,165,3527),(5456,165,3528),(5460,165,3528),(5479,165,3530),(5483,165,3530),(5487,165,3531),(5491,165,3531),(5496,165,3532),(5500,165,3532),(5149,165,3534),(5152,165,3534),(5687,165,3537),(5692,165,3537),(5185,165,3538),(5189,165,3538),(5464,165,3567),(5468,165,3567),(5472,165,3568),(5476,165,3568),(5505,165,3569),(5509,165,3569),(5541,165,3577),(5545,165,3577),(5569,165,3583),(5573,165,3583),(5577,165,3584),(5581,165,3584),(5584,165,3585),(5588,165,3585),(5592,165,3586),(5596,165,3586),(5600,165,3587),(5604,165,3587),(5698,165,3601),(5702,165,3601),(6983,165,3653),(6991,165,3653),(6968,165,3654),(6976,165,3654),(7480,165,3655),(7488,165,3655),(6934,165,3656),(6942,165,3656),(6920,165,3657),(6927,165,3657),(7466,165,3658),(7473,165,3658),(6615,165,3663),(6620,165,3663),(6631,165,3665),(6636,165,3665),(6647,165,3667),(6652,165,3667),(6657,165,3668),(6662,165,3668),(6667,165,3669),(6672,165,3669),(6683,165,3671),(6688,165,3671),(7606,165,3680),(7610,165,3680),(5480,168,3530),(5484,168,3530),(5488,168,3531),(5492,168,3531),(5688,168,3537),(5693,168,3537),(5585,168,3585),(5589,168,3585),(5593,168,3586),(5597,168,3586),(5601,168,3587),(5605,168,3587),(5699,168,3601),(5703,168,3601),(7607,168,3680),(7611,168,3680),(5615,170,3590),(5619,170,3590),(5705,170,3602),(5709,170,3602),(5713,170,3603),(5717,170,3603),(7589,170,3659),(7597,170,3659),(7573,170,3661),(7581,170,3661),(7557,170,3662),(7565,170,3662),(7541,170,3664),(7549,170,3664),(7517,170,3666),(7529,170,3666),(7495,170,3670),(7506,170,3670),(7522,171,3666),(7534,171,3666),(7500,171,3670),(7511,171,3670),(7523,172,3666),(7535,172,3666),(7501,172,3670),(7512,172,3670),(7594,173,3659),(7602,173,3659),(7578,173,3661),(7586,173,3661),(7562,173,3662),(7570,173,3662),(7546,173,3664),(7554,173,3664),(7524,173,3666),(7536,173,3666),(7502,173,3670),(7513,173,3670),(5616,174,3590),(5620,174,3590),(5706,174,3602),(5710,174,3602),(5714,174,3603),(5718,174,3603),(7525,174,3666),(7537,174,3666),(7526,175,3666),(7538,175,3666),(7503,175,3670),(7514,175,3670),(5105,182,3526),(5107,182,3526),(5121,182,3529),(5123,182,3529),(5145,182,3533),(5147,182,3533),(5511,182,3570),(5513,182,3570),(5515,182,3571),(5517,182,3571),(5519,182,3572),(5521,182,3572),(5523,182,3573),(5525,182,3573),(5527,182,3574),(5529,182,3574),(5531,182,3575),(5533,182,3575),(5535,182,3576),(5537,182,3576),(5547,182,3578),(5549,182,3578),(5551,182,3579),(5553,182,3579),(5555,182,3580),(5557,182,3580),(5559,182,3581),(5561,182,3581),(5563,182,3582),(5565,182,3582),(5607,182,3588),(5609,182,3588),(5945,182,3589),(5949,182,3589),(5623,182,3591),(5625,182,3591),(5627,182,3592),(5629,182,3592),(5631,182,3593),(5633,182,3593),(5635,182,3594),(5637,182,3594),(5639,182,3595),(5641,182,3595),(5643,182,3596),(5645,182,3596),(5647,182,3597),(5649,182,3597),(5947,182,3598),(5951,182,3598),(5721,182,3604),(5723,182,3604),(6835,182,3672),(6841,182,3672),(6823,182,3673),(6829,182,3673),(6811,182,3674),(6817,182,3674),(6787,182,3675),(6793,182,3675),(6799,182,3676),(6805,182,3676),(6775,182,3677),(6781,182,3677),(6763,182,3678),(6769,182,3678),(6751,182,3679),(6757,182,3679),(5689,214,3537),(5694,214,3537),(5465,214,3567),(5469,214,3567),(5473,214,3568),(5477,214,3568),(5617,216,3590),(5621,216,3590),(5707,216,3602),(5711,216,3602),(5715,216,3603),(5719,216,3603),(7595,216,3659),(7603,216,3659),(7579,216,3661),(7587,216,3661),(7563,216,3662),(7571,216,3662),(7547,216,3664),(7555,216,3664),(7527,216,3666),(7539,216,3666),(7504,216,3670),(7515,216,3670),(5150,217,3534),(5153,217,3534),(6984,218,3653),(6992,218,3653),(6365,219,3517),(6375,219,3517),(6384,219,3610),(6393,219,3610),(7452,219,3611),(7460,219,3611),(7434,219,3612),(7443,219,3612),(7416,219,3613),(7425,219,3613),(7398,219,3614),(7407,219,3614),(7380,219,3615),(7389,219,3615),(7358,219,3616),(7369,219,3616),(7342,219,3617),(7350,219,3617),(6481,219,3620),(6488,219,3620),(7328,219,3623),(7335,219,3623),(7312,219,3625),(7320,219,3625),(7286,219,3628),(7293,219,3628),(7275,219,3629),(7281,219,3629),(7263,219,3630),(7269,219,3630),(7251,219,3631),(7257,219,3631),(7239,219,3632),(7245,219,3632),(7226,219,3633),(7232,219,3633),(7207,219,3634),(7216,219,3634),(7192,219,3635),(7200,219,3635),(7140,219,3643),(7150,219,3643),(7120,219,3644),(7130,219,3644),(7080,219,3646),(7093,219,3646),(7062,219,3647),(7071,219,3647),(7044,219,3649),(7053,219,3649),(7022,219,3651),(7033,219,3651),(7002,219,3652),(7012,219,3652),(6985,219,3653),(6993,219,3653),(6969,219,3654),(6977,219,3654),(7481,219,3655),(7489,219,3655),(6935,219,3656),(6943,219,3656),(6921,219,3657),(6928,219,3657),(7467,219,3658),(7474,219,3658),(6616,219,3663),(6621,219,3663),(6632,219,3665),(6637,219,3665),(6648,219,3667),(6653,219,3667),(6658,219,3668),(6663,219,3668),(6668,219,3669),(6673,219,3669),(6684,219,3671),(6689,219,3671),(6366,220,3517),(6376,220,3517),(6385,220,3610),(6394,220,3610),(7382,220,3615),(7391,220,3615),(7359,220,3616),(7370,220,3616),(7287,220,3628),(7294,220,3628),(7141,220,3643),(7151,220,3643),(7121,220,3644),(7131,220,3644),(7081,220,3646),(7094,220,3646),(7045,220,3649),(7054,220,3649),(7023,220,3651),(7034,220,3651),(7004,220,3652),(7014,220,3652),(7288,221,3628),(7295,221,3628),(7274,221,3629),(7280,221,3629),(7262,221,3630),(7268,221,3630),(7250,221,3631),(7256,221,3631),(7238,221,3632),(7244,221,3632),(7227,221,3633),(7233,221,3633),(7208,221,3634),(7217,221,3634),(7193,221,3635),(7201,221,3635),(7082,221,3646),(7095,221,3646),(7063,221,3647),(7072,221,3647),(7024,221,3651),(7035,221,3651),(6986,221,3653),(6994,221,3653),(6970,221,3654),(6978,221,3654),(7482,221,3655),(7490,221,3655),(6936,221,3656),(6944,221,3656),(7064,222,3647),(7073,222,3647),(6987,222,3653),(6995,222,3653),(6971,222,3654),(6979,222,3654),(7483,222,3655),(7491,222,3655),(6937,222,3656),(6945,222,3656),(6922,222,3657),(6929,222,3657),(7468,222,3658),(7475,222,3658),(7065,223,3647),(7074,223,3647),(6988,223,3653),(6996,223,3653),(6972,223,3654),(6980,223,3654),(7484,223,3655),(7492,223,3655),(6938,223,3656),(6946,223,3656),(6923,223,3657),(6930,223,3657),(7469,223,3658),(7476,223,3658),(7066,224,3647),(7075,224,3647),(6989,224,3653),(6997,224,3653),(6973,224,3654),(6981,224,3654),(7485,224,3655),(7493,224,3655),(6939,224,3656),(6947,224,3656),(6924,224,3657),(6931,224,3657),(7470,224,3658),(7477,224,3658),(6367,226,3517),(6377,226,3517),(6386,226,3610),(6395,226,3610),(7453,226,3611),(7461,226,3611),(7435,226,3612),(7444,226,3612),(7417,226,3613),(7426,226,3613),(7399,226,3614),(7408,226,3614),(7381,226,3615),(7390,226,3615),(7360,226,3616),(7371,226,3616),(7343,226,3617),(7351,226,3617),(6482,226,3620),(6489,226,3620),(7329,226,3623),(7336,226,3623),(7313,226,3625),(7321,226,3625),(7300,226,3627),(7306,226,3627),(7212,226,3634),(7221,226,3634),(7194,226,3635),(7202,226,3635),(7176,226,3636),(7184,226,3636),(7163,226,3640),(7171,226,3640),(7142,226,3643),(7152,226,3643),(7122,226,3644),(7132,226,3644),(7106,226,3645),(7113,226,3645),(7083,226,3646),(7096,226,3646),(7046,226,3649),(7055,226,3649),(7025,226,3651),(7036,226,3651),(7003,226,3652),(7013,226,3652),(6368,227,3517),(6378,227,3517),(6387,227,3610),(6396,227,3610),(7436,227,3612),(7445,227,3612),(7418,227,3613),(7427,227,3613),(7400,227,3614),(7409,227,3614),(7383,227,3615),(7392,227,3615),(7361,227,3616),(7372,227,3616),(7177,227,3636),(7185,227,3636),(7160,227,3640),(7168,227,3640),(7143,227,3643),(7153,227,3643),(7123,227,3644),(7133,227,3644),(7107,227,3645),(7114,227,3645),(7084,227,3646),(7097,227,3646),(7047,227,3649),(7056,227,3649),(7026,227,3651),(7037,227,3651),(7005,227,3652),(7015,227,3652),(7590,228,3659),(7598,228,3659),(7574,228,3661),(7582,228,3661),(7558,228,3662),(7566,228,3662),(7542,228,3664),(7550,228,3664),(7518,228,3666),(7530,228,3666),(7496,228,3670),(7507,228,3670),(6369,229,3517),(6379,229,3517),(6388,229,3610),(6397,229,3610),(7454,229,3611),(7462,229,3611),(7437,229,3612),(7446,229,3612),(7419,229,3613),(7428,229,3613),(7401,229,3614),(7410,229,3614),(7384,229,3615),(7393,229,3615),(7362,229,3616),(7373,229,3616),(7209,229,3634),(7218,229,3634),(7195,229,3635),(7203,229,3635),(7178,229,3636),(7186,229,3636),(7161,229,3640),(7169,229,3640),(7144,229,3643),(7154,229,3643),(7124,229,3644),(7134,229,3644),(7085,229,3646),(7098,229,3646),(7027,229,3651),(7038,229,3651),(7006,229,3652),(7016,229,3652),(7591,230,3659),(7599,230,3659),(7575,230,3661),(7583,230,3661),(7559,230,3662),(7567,230,3662),(7543,230,3664),(7551,230,3664),(7519,230,3666),(7531,230,3666),(7497,230,3670),(7508,230,3670),(7363,231,3616),(7374,231,3616),(7344,231,3617),(7352,231,3617),(7314,231,3625),(7322,231,3625),(7086,231,3646),(7099,231,3646),(7592,232,3659),(7600,232,3659),(7576,232,3661),(7584,232,3661),(7560,232,3662),(7568,232,3662),(7544,232,3664),(7552,232,3664),(7520,232,3666),(7532,232,3666),(7498,232,3670),(7509,232,3670),(7364,233,3616),(7375,233,3616),(7345,233,3617),(7353,233,3617),(7315,233,3625),(7323,233,3625),(7087,233,3646),(7100,233,3646),(7455,234,3611),(7463,234,3611),(7438,234,3612),(7447,234,3612),(7420,234,3613),(7429,234,3613),(7402,234,3614),(7411,234,3614),(7330,234,3623),(7337,234,3623),(7301,234,3627),(7307,234,3627),(7210,234,3634),(7219,234,3634),(7179,234,3636),(7187,234,3636),(7162,234,3640),(7170,234,3640),(7145,234,3643),(7155,234,3643),(7125,234,3644),(7135,234,3644),(7108,234,3645),(7115,234,3645),(7088,234,3646),(7101,234,3646),(7048,234,3649),(7057,234,3649),(7028,234,3651),(7039,234,3651),(7007,234,3652),(7017,234,3652),(7593,236,3659),(7601,236,3659),(7577,236,3661),(7585,236,3661),(7561,236,3662),(7569,236,3662),(7545,236,3664),(7553,236,3664),(7521,236,3666),(7533,236,3666),(7499,236,3670),(7510,236,3670),(6836,238,3672),(6842,238,3672),(6824,238,3673),(6830,238,3673),(6812,238,3674),(6818,238,3674),(6788,238,3675),(6794,238,3675),(6800,238,3676),(6806,238,3676),(6776,238,3677),(6782,238,3677),(6764,238,3678),(6770,238,3678),(6752,238,3679),(6758,238,3679),(6837,239,3672),(6843,239,3672),(6825,239,3673),(6831,239,3673),(6813,239,3674),(6819,239,3674),(6789,239,3675),(6795,239,3675),(6801,239,3676),(6807,239,3676),(6777,239,3677),(6783,239,3677),(6765,239,3678),(6771,239,3678),(6753,239,3679),(6759,239,3679),(6838,240,3672),(6844,240,3672),(6826,240,3673),(6832,240,3673),(6814,240,3674),(6820,240,3674),(6790,240,3675),(6796,240,3675),(6802,240,3676),(6808,240,3676),(6778,240,3677),(6784,240,3677),(6766,240,3678),(6772,240,3678),(6754,240,3679),(6760,240,3679),(6839,241,3672),(6845,241,3672),(6827,241,3673),(6833,241,3673),(6815,241,3674),(6821,241,3674),(6791,241,3675),(6797,241,3675),(6803,241,3676),(6809,241,3676),(6779,241,3677),(6785,241,3677),(6767,241,3678),(6773,241,3678),(6755,241,3679),(6761,241,3679);

--
