-- Table structure for table `quote_payment`
--

CREATE TABLE `quote_payment` (
  `payment_id` int(10) unsigned NOT NULL AUTO_INCREMENT COMMENT 'Payment ID',
  `quote_id` int(10) unsigned NOT NULL DEFAULT '0' COMMENT 'Quote ID',
  `created_at` timestamp NOT NULL DEFAULT CURRENT_TIMESTAMP COMMENT 'Created At',
  `updated_at` timestamp NOT NULL DEFAULT CURRENT_TIMESTAMP ON UPDATE CURRENT_TIMESTAMP COMMENT 'Updated At',
  `method` varchar(255) DEFAULT NULL COMMENT 'Method',
  `cc_type` varchar(255) DEFAULT NULL COMMENT 'Cc Type',
  `cc_number_enc` varchar(255) DEFAULT NULL COMMENT 'Cc Number Enc',
  `cc_last_4` varchar(255) DEFAULT NULL COMMENT 'Cc Last 4',
  `cc_cid_enc` varchar(255) DEFAULT NULL COMMENT 'Cc Cid Enc',
  `cc_owner` varchar(255) DEFAULT NULL COMMENT 'Cc Owner',
  `cc_exp_month` varchar(255) DEFAULT NULL COMMENT 'Cc Exp Month',
  `cc_exp_year` smallint(5) unsigned DEFAULT '0' COMMENT 'Cc Exp Year',
  `cc_ss_owner` varchar(255) DEFAULT NULL COMMENT 'Cc Ss Owner',
  `cc_ss_start_month` smallint(5) unsigned DEFAULT '0' COMMENT 'Cc Ss Start Month',
  `cc_ss_start_year` smallint(5) unsigned DEFAULT '0' COMMENT 'Cc Ss Start Year',
  `po_number` varchar(255) DEFAULT NULL COMMENT 'Po Number',
  `additional_data` text COMMENT 'Additional Data',
  `cc_ss_issue` varchar(255) DEFAULT NULL COMMENT 'Cc Ss Issue',
  `additional_information` text COMMENT 'Additional Information',
  `paypal_payer_id` varchar(255) DEFAULT NULL COMMENT 'Paypal Payer ID',
  `paypal_payer_status` varchar(255) DEFAULT NULL COMMENT 'Paypal Payer Status',
  `paypal_correlation_id` varchar(255) DEFAULT NULL COMMENT 'Paypal Correlation ID',
  PRIMARY KEY (`payment_id`),
  KEY `QUOTE_PAYMENT_QUOTE_ID` (`quote_id`),
  CONSTRAINT `QUOTE_PAYMENT_QUOTE_ID_QUOTE_ENTITY_ID` FOREIGN KEY (`quote_id`) REFERENCES `quote` (`entity_id`) ON DELETE CASCADE
) ENGINE=InnoDB AUTO_INCREMENT=52 DEFAULT CHARSET=utf8 COMMENT='Sales Flat Quote Payment';

--
-- Dumping data for table `quote_payment`
--

INSERT INTO `quote_payment` VALUES (1,25,'2016-04-17 00:30:05','0000-00-00 00:00:00','checkmo',NULL,NULL,NULL,NULL,NULL,NULL,0,NULL,0,0,NULL,NULL,NULL,NULL,NULL,NULL,NULL),(2,34,'2016-04-25 05:16:56','0000-00-00 00:00:00','checkmo',NULL,NULL,NULL,NULL,NULL,NULL,0,NULL,0,0,NULL,NULL,NULL,NULL,NULL,NULL,NULL),(3,43,'2016-08-23 04:39:26','2017-10-10 04:01:54','checkmo',NULL,NULL,NULL,NULL,NULL,NULL,0,NULL,0,0,NULL,NULL,NULL,'null',NULL,NULL,NULL),(4,49,'2017-02-21 02:36:12','2017-10-10 04:01:54','checkmo',NULL,NULL,NULL,NULL,NULL,NULL,0,NULL,0,0,NULL,NULL,NULL,'null',NULL,NULL,NULL),(5,75,'2017-04-18 02:56:40','2017-10-10 04:01:54','checkmo',NULL,NULL,NULL,NULL,NULL,NULL,0,NULL,0,0,NULL,NULL,NULL,'null',NULL,NULL,NULL),(6,82,'2018-05-23 05:52:58','0000-00-00 00:00:00','checkmo',NULL,NULL,NULL,NULL,NULL,NULL,0,NULL,0,0,NULL,NULL,NULL,'null',NULL,NULL,NULL),(7,92,'2019-05-28 10:07:15','0000-00-00 00:00:00','checkmo',NULL,NULL,NULL,NULL,NULL,NULL,0,NULL,0,0,NULL,NULL,NULL,'null',NULL,NULL,NULL),(8,93,'2019-05-29 00:51:12','0000-00-00 00:00:00','checkmo',NULL,NULL,NULL,NULL,NULL,NULL,0,NULL,0,0,NULL,NULL,NULL,'null',NULL,NULL,NULL),(9,126,'2020-03-21 13:03:47','2020-03-21 13:03:47','checkmo',NULL,NULL,NULL,NULL,NULL,NULL,0,NULL,0,0,NULL,NULL,NULL,'null',NULL,NULL,NULL),(10,247,'2020-04-12 14:10:39','2020-04-12 14:10:39','checkmo',NULL,NULL,NULL,NULL,NULL,NULL,0,NULL,0,0,NULL,NULL,NULL,'null',NULL,NULL,NULL),(11,290,'2020-04-20 06:42:23','2020-04-20 06:42:23','checkmo',NULL,NULL,NULL,NULL,NULL,NULL,0,NULL,0,0,NULL,NULL,NULL,'null',NULL,NULL,NULL),(12,291,'2020-04-20 15:15:08','2020-04-20 15:15:08','checkmo',NULL,NULL,NULL,NULL,NULL,NULL,0,NULL,0,0,NULL,NULL,NULL,'null',NULL,NULL,NULL),(13,324,'2020-04-24 10:48:46','2020-04-24 10:48:46','checkmo',NULL,NULL,NULL,NULL,NULL,NULL,0,NULL,0,0,NULL,NULL,NULL,'null',NULL,NULL,NULL),(14,341,'2020-04-26 22:24:41','2020-04-26 22:24:41','checkmo',NULL,NULL,NULL,NULL,NULL,NULL,0,NULL,0,0,NULL,NULL,NULL,'null',NULL,NULL,NULL),(15,355,'2020-04-27 22:19:13','2020-04-27 22:19:13','checkmo',NULL,NULL,NULL,NULL,NULL,NULL,0,NULL,0,0,NULL,NULL,NULL,'null',NULL,NULL,NULL),(16,369,'2020-04-29 13:27:47','2020-04-29 13:27:47','checkmo',NULL,NULL,NULL,NULL,NULL,NULL,0,NULL,0,0,NULL,NULL,NULL,'null',NULL,NULL,NULL),(17,448,'2020-05-25 15:34:58','2020-05-25 15:34:58','checkmo',NULL,NULL,NULL,NULL,NULL,NULL,0,NULL,0,0,NULL,NULL,NULL,'null',NULL,NULL,NULL),(18,496,'2020-06-22 12:24:54','2020-06-22 12:24:54','checkmo',NULL,NULL,NULL,NULL,NULL,NULL,0,NULL,0,0,NULL,NULL,NULL,'null',NULL,NULL,NULL),(19,497,'2020-06-22 16:16:04','2020-06-22 16:16:04','checkmo',NULL,NULL,NULL,NULL,NULL,NULL,0,NULL,0,0,NULL,NULL,NULL,'null',NULL,NULL,NULL),(20,526,'2020-07-01 10:42:34','2020-07-01 10:42:34','checkmo',NULL,NULL,NULL,NULL,NULL,NULL,0,NULL,0,0,NULL,NULL,NULL,'null',NULL,NULL,NULL),(21,552,'2020-07-04 10:14:44','2020-07-04 10:14:44','checkmo',NULL,NULL,NULL,NULL,NULL,NULL,0,NULL,0,0,NULL,NULL,NULL,'null',NULL,NULL,NULL),(22,579,'2020-07-11 09:14:14','2020-07-11 09:14:14','checkmo',NULL,NULL,NULL,NULL,NULL,NULL,0,NULL,0,0,NULL,NULL,NULL,'null',NULL,NULL,NULL),(23,583,'2020-07-12 11:59:51','2020-07-12 11:59:51','checkmo',NULL,NULL,NULL,NULL,NULL,NULL,0,NULL,0,0,NULL,NULL,NULL,'null',NULL,NULL,NULL),(24,599,'2020-07-17 22:22:33','2020-07-17 22:22:33','checkmo',NULL,NULL,NULL,NULL,NULL,NULL,0,NULL,0,0,NULL,NULL,NULL,'null',NULL,NULL,NULL),(25,607,'2020-07-20 19:17:22','2020-07-20 19:17:22','checkmo',NULL,NULL,NULL,NULL,NULL,NULL,0,NULL,0,0,NULL,NULL,NULL,'null',NULL,NULL,NULL),(26,610,'2020-07-22 06:44:00','2020-07-22 06:44:00','checkmo',NULL,NULL,NULL,NULL,NULL,NULL,0,NULL,0,0,NULL,NULL,NULL,'null',NULL,NULL,NULL),(27,612,'2020-07-23 10:09:55','2020-07-23 10:09:55','checkmo',NULL,NULL,NULL,NULL,NULL,NULL,0,NULL,0,0,NULL,NULL,NULL,'null',NULL,NULL,NULL),(28,641,'2020-08-06 19:30:15','2020-08-06 19:30:15','checkmo',NULL,NULL,NULL,NULL,NULL,NULL,0,NULL,0,0,NULL,NULL,NULL,'null',NULL,NULL,NULL),(29,651,'2020-08-07 17:47:29','2020-08-07 17:47:29','checkmo',NULL,NULL,NULL,NULL,NULL,NULL,0,NULL,0,0,NULL,NULL,NULL,'null',NULL,NULL,NULL),(30,659,'2020-08-12 12:44:15','2020-08-12 12:44:15','checkmo',NULL,NULL,NULL,NULL,NULL,NULL,0,NULL,0,0,NULL,NULL,NULL,'null',NULL,NULL,NULL),(31,730,'2020-09-16 12:01:29','2020-09-16 12:01:29','checkmo',NULL,NULL,NULL,NULL,NULL,NULL,0,NULL,0,0,NULL,NULL,NULL,'null',NULL,NULL,NULL),(32,745,'2020-09-20 22:30:05','2020-09-20 22:30:05','checkmo',NULL,NULL,NULL,NULL,NULL,NULL,0,NULL,0,0,NULL,NULL,NULL,'null',NULL,NULL,NULL),(33,748,'2020-09-21 12:58:09','2020-09-21 12:58:09','checkmo',NULL,NULL,NULL,NULL,NULL,NULL,0,NULL,0,0,NULL,NULL,NULL,'null',NULL,NULL,NULL),(34,749,'2020-09-22 11:30:25','2020-09-22 11:30:25','checkmo',NULL,NULL,NULL,NULL,NULL,NULL,0,NULL,0,0,NULL,NULL,NULL,'null',NULL,NULL,NULL),(35,751,'2020-09-24 05:41:46','2020-09-24 05:41:46','checkmo',NULL,NULL,NULL,NULL,NULL,NULL,0,NULL,0,0,NULL,NULL,NULL,'null',NULL,NULL,NULL),(36,766,'2020-10-01 10:05:44','2020-10-01 10:05:44','checkmo',NULL,NULL,NULL,NULL,NULL,NULL,0,NULL,0,0,NULL,NULL,NULL,'null',NULL,NULL,NULL),(37,767,'2020-10-01 10:11:56','2020-10-01 10:11:56','checkmo',NULL,NULL,NULL,NULL,NULL,NULL,0,NULL,0,0,NULL,NULL,NULL,'null',NULL,NULL,NULL),(38,777,'2020-10-05 07:08:26','2020-10-05 07:08:26','checkmo',NULL,NULL,NULL,NULL,NULL,NULL,0,NULL,0,0,NULL,NULL,NULL,'null',NULL,NULL,NULL),(39,778,'2020-10-05 07:10:13','2020-10-05 07:10:13','checkmo',NULL,NULL,NULL,NULL,NULL,NULL,0,NULL,0,0,NULL,NULL,NULL,'null',NULL,NULL,NULL),(40,797,'2020-10-13 02:05:39','2020-10-13 02:05:39','checkmo',NULL,NULL,NULL,NULL,NULL,NULL,0,NULL,0,0,NULL,NULL,NULL,'null',NULL,NULL,NULL),(41,811,'2020-10-20 06:52:28','2020-10-20 06:52:28','checkmo',NULL,NULL,NULL,NULL,NULL,NULL,0,NULL,0,0,NULL,NULL,NULL,'null',NULL,NULL,NULL),(42,814,'2020-10-20 07:12:06','2020-10-20 07:12:06','checkmo',NULL,NULL,NULL,NULL,NULL,NULL,0,NULL,0,0,NULL,NULL,NULL,'null',NULL,NULL,NULL),(43,879,'2020-11-22 00:09:08','2020-11-22 00:09:08','checkmo',NULL,NULL,NULL,NULL,NULL,NULL,0,NULL,0,0,NULL,NULL,NULL,'null',NULL,NULL,NULL),(44,884,'2020-11-23 14:38:46','2020-11-23 14:38:46','checkmo',NULL,NULL,NULL,NULL,NULL,NULL,0,NULL,0,0,NULL,NULL,NULL,'null',NULL,NULL,NULL),(45,885,'2020-11-23 14:39:16','2020-11-23 14:39:16','checkmo',NULL,NULL,NULL,NULL,NULL,NULL,0,NULL,0,0,NULL,NULL,NULL,'null',NULL,NULL,NULL),(46,886,'2020-11-23 14:51:57','2020-11-23 14:51:57','checkmo',NULL,NULL,NULL,NULL,NULL,NULL,0,NULL,0,0,NULL,NULL,NULL,'null',NULL,NULL,NULL),(47,933,'2020-12-16 18:14:56','2020-12-16 18:14:56','checkmo',NULL,NULL,NULL,NULL,NULL,NULL,0,NULL,0,0,NULL,NULL,NULL,'null',NULL,NULL,NULL),(48,960,'2020-12-26 07:40:46','2020-12-26 07:40:46','checkmo',NULL,NULL,NULL,NULL,NULL,NULL,0,NULL,0,0,NULL,NULL,NULL,'null',NULL,NULL,NULL),(49,1028,'2021-01-24 20:14:18','2021-01-24 20:14:18','checkmo',NULL,NULL,NULL,NULL,NULL,NULL,0,NULL,0,0,NULL,NULL,NULL,'null',NULL,NULL,NULL),(50,1049,'2021-02-02 15:09:47','2021-02-02 15:09:47','checkmo',NULL,NULL,NULL,NULL,NULL,NULL,0,NULL,0,0,NULL,NULL,NULL,'null',NULL,NULL,NULL),(51,1054,'2021-02-13 08:44:46','2021-02-13 08:44:46','checkmo',NULL,NULL,NULL,NULL,NULL,NULL,0,NULL,0,0,NULL,NULL,NULL,'null',NULL,NULL,NULL);

--
-- Table structure for table `quote_shipping_rate`
--

CREATE TABLE `quote_shipping_rate` (
  `rate_id` int(10) unsigned NOT NULL AUTO_INCREMENT COMMENT 'Rate ID',
  `address_id` int(10) unsigned NOT NULL DEFAULT '0' COMMENT 'Address ID',
  `created_at` timestamp NOT NULL DEFAULT CURRENT_TIMESTAMP COMMENT 'Created At',
  `updated_at` timestamp NOT NULL DEFAULT CURRENT_TIMESTAMP ON UPDATE CURRENT_TIMESTAMP COMMENT 'Updated At',
  `carrier` varchar(255) DEFAULT NULL COMMENT 'Carrier',
  `carrier_title` varchar(255) DEFAULT NULL COMMENT 'Carrier Title',
  `code` varchar(255) DEFAULT NULL COMMENT 'Code',
  `method` varchar(255) DEFAULT NULL COMMENT 'Method',
  `method_description` text COMMENT 'Method Description',
  `price` decimal(20,4) NOT NULL DEFAULT '0.0000' COMMENT 'Price',
  `error_message` text COMMENT 'Error Message',
  `method_title` text COMMENT 'Method Title',
  PRIMARY KEY (`rate_id`),
  KEY `QUOTE_SHIPPING_RATE_ADDRESS_ID` (`address_id`),
  CONSTRAINT `QUOTE_SHIPPING_RATE_ADDRESS_ID_QUOTE_ADDRESS_ADDRESS_ID` FOREIGN KEY (`address_id`) REFERENCES `quote_address` (`address_id`) ON DELETE CASCADE
) ENGINE=InnoDB AUTO_INCREMENT=147 DEFAULT CHARSET=utf8 COMMENT='Sales Flat Quote Shipping Rate';

--
-- Dumping data for table `quote_shipping_rate`
--

INSERT INTO `quote_shipping_rate` VALUES (5,36,'2016-04-12 23:04:05','0000-00-00 00:00:00','flatrate','Flat Rate','flatrate_flatrate','flatrate',NULL,15.0000,NULL,'Fixed'),(7,50,'2016-04-17 00:30:05','0000-00-00 00:00:00','flatrate','Flat Rate','flatrate_flatrate','flatrate',NULL,5.0000,NULL,'Fixed'),(10,68,'2016-04-25 05:16:56','0000-00-00 00:00:00','flatrate','Flat Rate','flatrate_flatrate','flatrate',NULL,5.0000,NULL,'Fixed'),(12,88,'2016-08-23 04:39:26','0000-00-00 00:00:00','flatrate','Flat Rate','flatrate_flatrate','flatrate',NULL,15.0000,NULL,'Fixed'),(15,100,'2017-02-21 02:36:12','0000-00-00 00:00:00','flatrate','Flat Rate','flatrate_flatrate','flatrate',NULL,10.0000,NULL,'Fixed'),(18,153,'2017-04-18 02:56:40','0000-00-00 00:00:00','flatrate','Flat Rate','flatrate_flatrate','flatrate',NULL,5.0000,NULL,'Fixed'),(21,168,'2018-05-23 05:52:58','0000-00-00 00:00:00','flatrate','Flat Rate','flatrate_flatrate','flatrate',NULL,5.0000,NULL,'Fixed'),(26,175,'2018-10-11 02:44:29','0000-00-00 00:00:00','flatrate','Flat Rate','flatrate_flatrate','flatrate',NULL,25.0000,NULL,'Fixed'),(28,191,'2019-05-28 10:07:15','0000-00-00 00:00:00','flatrate','Flat Rate','flatrate_flatrate','flatrate',NULL,2800.0000,NULL,'Fixed'),(30,194,'2019-05-29 00:51:12','0000-00-00 00:00:00','flatrate','Flat Rate','flatrate_flatrate','flatrate',NULL,2250.0000,NULL,'Fixed'),(33,265,'2020-03-21 13:03:47','2020-03-21 13:03:47','flatrate','Flat Rate','flatrate_flatrate','flatrate',NULL,10.0000,NULL,'Fixed'),(35,512,'2020-04-12 14:10:39','2020-04-12 14:10:39','flatrate','Flat Rate','flatrate_flatrate','flatrate',NULL,10.0000,NULL,'Fixed'),(37,535,'2020-04-14 09:17:47','2020-04-14 09:17:47','flatrate','Flat Rate','flatrate_flatrate','flatrate',NULL,5.0000,NULL,'Fixed'),(39,599,'2020-04-20 06:42:23','2020-04-20 06:42:23','flatrate','Flat Rate','flatrate_flatrate','flatrate',NULL,450.0000,NULL,'Fixed'),(42,602,'2020-04-20 15:15:08','2020-04-20 15:15:08','flatrate','Flat Rate','flatrate_flatrate','flatrate',NULL,470.0000,NULL,'Fixed'),(44,669,'2020-04-24 10:48:46','2020-04-24 10:48:46','flatrate','Flat Rate','flatrate_flatrate','flatrate',NULL,5.0000,NULL,'Fixed'),(46,704,'2020-04-26 22:24:41','2020-04-26 22:24:41','flatrate','Flat Rate','flatrate_flatrate','flatrate',NULL,10.0000,NULL,'Fixed'),(48,731,'2020-04-27 20:09:37','2020-04-27 20:09:37','flatrate','Flat Rate','flatrate_flatrate','flatrate',NULL,5.0000,NULL,'Fixed'),(50,763,'2020-04-29 13:27:47','2020-04-29 13:27:47','flatrate','Flat Rate','flatrate_flatrate','flatrate',NULL,5.0000,NULL,'Fixed'),(52,924,'2020-05-25 15:34:58','2020-05-25 15:34:58','flatrate','Flat Rate','flatrate_flatrate','flatrate',NULL,10.0000,NULL,'Fixed'),(55,1028,'2020-06-22 12:25:16','2020-06-22 12:25:16','flatrate','Flat Rate','flatrate_flatrate','flatrate',NULL,10.0000,NULL,'Fixed'),(59,1032,'2020-06-22 16:17:10','2020-06-22 16:17:10','flatrate','Flat Rate','flatrate_flatrate','flatrate',NULL,5.0000,NULL,'Fixed'),(61,1095,'2020-07-01 10:42:34','2020-07-01 10:42:34','flatrate','Flat Rate','flatrate_flatrate','flatrate',NULL,5.0000,NULL,'Fixed'),(63,1148,'2020-07-04 10:14:44','2020-07-04 10:14:44','flatrate','Flat Rate','flatrate_flatrate','flatrate',NULL,5.0000,NULL,'Fixed'),(67,1207,'2020-07-11 09:15:14','2020-07-11 09:15:14','flatrate','Flat Rate','flatrate_flatrate','flatrate',NULL,5.0000,NULL,'Fixed'),(72,1217,'2020-07-12 12:01:26','2020-07-12 12:01:26','flatrate','Flat Rate','flatrate_flatrate','flatrate',NULL,5.0000,NULL,'Fixed'),(75,1252,'2020-07-17 22:22:52','2020-07-17 22:22:52','flatrate','Flat Rate','flatrate_flatrate','flatrate',NULL,5.0000,NULL,'Fixed'),(77,1272,'2020-07-20 19:17:22','2020-07-20 19:17:22','flatrate','Flat Rate','flatrate_flatrate','flatrate',NULL,5.0000,NULL,'Fixed'),(80,1279,'2020-07-22 06:50:46','2020-07-22 06:50:46','flatrate','Flat Rate','flatrate_flatrate','flatrate',NULL,15.0000,NULL,'Fixed'),(83,1284,'2020-07-23 10:10:03','2020-07-23 10:10:03','flatrate','Flat Rate','flatrate_flatrate','flatrate',NULL,5.0000,NULL,'Fixed'),(86,1366,'2020-08-07 17:47:49','2020-08-07 17:47:49','flatrate','Flat Rate','flatrate_flatrate','flatrate',NULL,5.0000,NULL,'Fixed'),(89,1384,'2020-08-12 12:44:22','2020-08-12 12:44:22','flatrate','Flat Rate','flatrate_flatrate','flatrate',NULL,5.0000,NULL,'Fixed'),(92,1532,'2020-09-16 12:01:44','2020-09-16 12:01:44','flatrate','Flat Rate','flatrate_flatrate','flatrate',NULL,5.0000,NULL,'Fixed'),(94,1564,'2020-09-20 22:30:05','2020-09-20 22:30:05','flatrate','Flat Rate','flatrate_flatrate','flatrate',NULL,5.0000,NULL,'Fixed'),(97,1571,'2020-09-21 12:58:20','2020-09-21 12:58:20','flatrate','Flat Rate','flatrate_flatrate','flatrate',NULL,5.0000,NULL,'Fixed'),(99,1575,'2020-09-22 11:30:25','2020-09-22 11:30:25','flatrate','Flat Rate','flatrate_flatrate','flatrate',NULL,5.0000,NULL,'Fixed'),(102,1580,'2020-09-24 05:42:00','2020-09-24 05:42:00','flatrate','Flat Rate','flatrate_flatrate','flatrate',NULL,5.0000,NULL,'Fixed'),(105,1612,'2020-10-01 10:05:50','2020-10-01 10:05:50','flatrate','Flat Rate','flatrate_flatrate','flatrate',NULL,10.0000,NULL,'Fixed'),(108,1616,'2020-10-01 10:12:57','2020-10-01 10:12:57','flatrate','Flat Rate','flatrate_flatrate','flatrate',NULL,5.0000,NULL,'Fixed'),(111,1638,'2020-10-05 07:08:48','2020-10-05 07:08:48','flatrate','Flat Rate','flatrate_flatrate','flatrate',NULL,5.0000,NULL,'Fixed'),(114,1642,'2020-10-05 07:10:30','2020-10-05 07:10:30','flatrate','Flat Rate','flatrate_flatrate','flatrate',NULL,5.0000,NULL,'Fixed'),(117,1684,'2020-10-13 02:05:58','2020-10-13 02:05:58','flatrate','Flat Rate','flatrate_flatrate','flatrate',NULL,5.0000,NULL,'Fixed'),(120,1714,'2020-10-20 06:52:31','2020-10-20 06:52:31','flatrate','Flat Rate','flatrate_flatrate','flatrate',NULL,5.0000,NULL,'Fixed'),(122,1722,'2020-10-20 07:12:06','2020-10-20 07:12:06','flatrate','Flat Rate','flatrate_flatrate','flatrate',NULL,5.0000,NULL,'Fixed'),(123,1815,'2020-11-12 08:24:31','2020-11-12 08:24:31','flatrate','Flat Rate','flatrate_flatrate','flatrate',NULL,5.0000,NULL,'Fixed'),(126,1866,'2020-11-23 14:38:54','2020-11-23 14:38:54','flatrate','Flat Rate','flatrate_flatrate','flatrate',NULL,5.0000,NULL,'Fixed'),(129,1869,'2020-11-23 14:39:26','2020-11-23 14:39:26','flatrate','Flat Rate','flatrate_flatrate','flatrate',NULL,5.0000,NULL,'Fixed'),(132,1874,'2020-11-23 14:52:05','2020-11-23 14:52:05','flatrate','Flat Rate','flatrate_flatrate','flatrate',NULL,5.0000,NULL,'Fixed'),(134,1971,'2020-12-16 18:14:56','2020-12-16 18:14:56','flatrate','Flat Rate','flatrate_flatrate','flatrate',NULL,5.0000,NULL,'Fixed'),(137,2028,'2020-12-26 07:40:55','2020-12-26 07:40:55','flatrate','Flat Rate','flatrate_flatrate','flatrate',NULL,5.0000,NULL,'Fixed'),(140,2168,'2021-01-24 20:14:39','2021-01-24 20:14:39','flatrate','Flat Rate','flatrate_flatrate','flatrate',NULL,5.0000,NULL,'Fixed'),(143,2212,'2021-02-02 15:10:05','2021-02-02 15:10:05','flatrate','Flat Rate','flatrate_flatrate','flatrate',NULL,5.0000,NULL,'Fixed'),(146,2224,'2021-02-13 08:45:13','2021-02-13 08:45:13','flatrate','Flat Rate','flatrate_flatrate','flatrate',NULL,5.0000,NULL,'Fixed');

--
-- Table structure for table `rating`
--

CREATE TABLE `rating` (
  `rating_id` smallint(5) unsigned NOT NULL AUTO_INCREMENT COMMENT 'Rating ID',
  `entity_id` smallint(5) unsigned NOT NULL DEFAULT '0' COMMENT 'Entity ID',
  `rating_code` varchar(64) NOT NULL COMMENT 'Rating Code',
  `position` smallint(5) unsigned NOT NULL DEFAULT '0' COMMENT 'Rating Position On Storefront',
  `is_active` smallint(6) NOT NULL DEFAULT '1' COMMENT 'Rating is active.',
  PRIMARY KEY (`rating_id`),
  UNIQUE KEY `RATING_RATING_CODE` (`rating_code`),
  KEY `RATING_ENTITY_ID` (`entity_id`),
  CONSTRAINT `RATING_ENTITY_ID_RATING_ENTITY_ENTITY_ID` FOREIGN KEY (`entity_id`) REFERENCES `rating_entity` (`entity_id`) ON DELETE CASCADE
) ENGINE=InnoDB AUTO_INCREMENT=4 DEFAULT CHARSET=utf8 COMMENT='Ratings';

--
-- Dumping data for table `rating`
--

INSERT INTO `rating` VALUES (1,1,'Quality',0,1),(2,1,'Value',0,1),(3,1,'Price',0,1);

--
-- Table structure for table `rating_entity`
--

CREATE TABLE `rating_entity` (
  `entity_id` smallint(5) unsigned NOT NULL AUTO_INCREMENT COMMENT 'Entity ID',
  `entity_code` varchar(64) NOT NULL COMMENT 'Entity Code',
  PRIMARY KEY (`entity_id`),
  UNIQUE KEY `RATING_ENTITY_ENTITY_CODE` (`entity_code`)
) ENGINE=InnoDB AUTO_INCREMENT=4 DEFAULT CHARSET=utf8 COMMENT='Rating entities';

--
-- Dumping data for table `rating_entity`
--

INSERT INTO `rating_entity` VALUES (1,'product'),(2,'product_review'),(3,'review');

--
-- Table structure for table `rating_option`
--

CREATE TABLE `rating_option` (
  `option_id` int(10) unsigned NOT NULL AUTO_INCREMENT COMMENT 'Rating Option ID',
  `rating_id` smallint(5) unsigned NOT NULL DEFAULT '0' COMMENT 'Rating ID',
  `code` varchar(32) NOT NULL COMMENT 'Rating Option Code',
  `value` smallint(5) unsigned NOT NULL DEFAULT '0' COMMENT 'Rating Option Value',
  `position` smallint(5) unsigned NOT NULL DEFAULT '0' COMMENT 'Ration option position on Storefront',
  PRIMARY KEY (`option_id`),
  KEY `RATING_OPTION_RATING_ID` (`rating_id`),
  CONSTRAINT `RATING_OPTION_RATING_ID_RATING_RATING_ID` FOREIGN KEY (`rating_id`) REFERENCES `rating` (`rating_id`) ON DELETE CASCADE
) ENGINE=InnoDB AUTO_INCREMENT=16 DEFAULT CHARSET=utf8 COMMENT='Rating options';

--
-- Dumping data for table `rating_option`
--

INSERT INTO `rating_option` VALUES (1,1,'1',1,1),(2,1,'2',2,2),(3,1,'3',3,3),(4,1,'4',4,4),(5,1,'5',5,5),(6,2,'1',1,1),(7,2,'2',2,2),(8,2,'3',3,3),(9,2,'4',4,4),(10,2,'5',5,5),(11,3,'1',1,1),(12,3,'2',2,2),(13,3,'3',3,3),(14,3,'4',4,4),(15,3,'5',5,5);

--
-- Table structure for table `rating_option_vote`
--

CREATE TABLE `rating_option_vote` (
  `vote_id` bigint(20) unsigned NOT NULL AUTO_INCREMENT COMMENT 'Vote ID',
  `option_id` int(10) unsigned NOT NULL DEFAULT '0' COMMENT 'Vote option ID',
  `remote_ip` varchar(16) NOT NULL COMMENT 'Customer IP',
  `remote_ip_long` bigint(20) NOT NULL DEFAULT '0' COMMENT 'Customer IP converted to long integer format',
  `customer_id` int(10) unsigned DEFAULT '0' COMMENT 'Customer ID',
  `entity_pk_value` bigint(20) unsigned NOT NULL DEFAULT '0' COMMENT 'Product ID',
  `rating_id` smallint(5) unsigned NOT NULL DEFAULT '0' COMMENT 'Rating ID',
  `review_id` bigint(20) unsigned DEFAULT NULL COMMENT 'Review ID',
  `percent` smallint(6) NOT NULL DEFAULT '0' COMMENT 'Percent amount',
  `value` smallint(6) NOT NULL DEFAULT '0' COMMENT 'Vote option value',
  PRIMARY KEY (`vote_id`),
  KEY `RATING_OPTION_VOTE_OPTION_ID` (`option_id`),
  KEY `RATING_OPTION_VOTE_REVIEW_ID_REVIEW_REVIEW_ID` (`review_id`),
  CONSTRAINT `RATING_OPTION_VOTE_OPTION_ID_RATING_OPTION_OPTION_ID` FOREIGN KEY (`option_id`) REFERENCES `rating_option` (`option_id`) ON DELETE CASCADE,
  CONSTRAINT `RATING_OPTION_VOTE_REVIEW_ID_REVIEW_REVIEW_ID` FOREIGN KEY (`review_id`) REFERENCES `review` (`review_id`) ON DELETE CASCADE
) ENGINE=InnoDB AUTO_INCREMENT=37 DEFAULT CHARSET=utf8 COMMENT='Rating option values';

--
-- Dumping data for table `rating_option_vote`
--

INSERT INTO `rating_option_vote` VALUES (1,14,'127.0.0.1',2130706433,NULL,5,3,1,80,4),(2,9,'127.0.0.1',2130706433,NULL,5,2,1,80,4),(3,4,'127.0.0.1',2130706433,NULL,5,1,1,80,4),(4,13,'127.0.0.1',2130706433,NULL,5,3,2,60,3),(5,8,'127.0.0.1',2130706433,NULL,5,2,2,60,3),(6,3,'127.0.0.1',2130706433,NULL,5,1,2,60,3),(7,13,'127.0.0.1',2130706433,NULL,1,3,3,60,3),(8,8,'127.0.0.1',2130706433,NULL,1,2,3,60,3),(9,3,'127.0.0.1',2130706433,NULL,1,1,3,60,3),(10,10,'127.0.0.1',2130706433,NULL,24,2,4,100,5),(11,5,'127.0.0.1',2130706433,NULL,24,1,4,100,5),(12,15,'127.0.0.1',2130706433,NULL,24,3,4,100,5),(13,14,'127.0.0.1',2130706433,NULL,55,3,5,80,4),(14,9,'127.0.0.1',2130706433,NULL,55,2,5,80,4),(15,4,'127.0.0.1',2130706433,NULL,55,1,5,80,4),(16,4,'127.0.0.1',2130706433,NULL,3,1,6,80,4),(17,14,'127.0.0.1',2130706433,NULL,3,3,6,80,4),(18,9,'127.0.0.1',2130706433,NULL,3,2,6,80,4),(19,5,'127.0.0.1',2130706433,NULL,2,1,7,100,5),(20,15,'127.0.0.1',2130706433,NULL,2,3,7,100,5),(21,10,'127.0.0.1',2130706433,NULL,2,2,7,100,5),(22,4,'127.0.0.1',2130706433,NULL,74,1,8,80,4),(23,14,'127.0.0.1',2130706433,NULL,74,3,8,80,4),(24,9,'127.0.0.1',2130706433,NULL,74,2,8,80,4),(25,3,'127.0.0.1',2130706433,NULL,63,1,9,60,3),(26,13,'127.0.0.1',2130706433,NULL,63,3,9,60,3),(27,8,'127.0.0.1',2130706433,NULL,63,2,9,60,3),(28,14,'127.0.0.1',2130706433,NULL,59,3,10,80,4),(29,9,'127.0.0.1',2130706433,NULL,59,2,10,80,4),(30,4,'127.0.0.1',2130706433,NULL,59,1,10,80,4),(31,15,'127.0.0.1',2130706433,NULL,62,3,11,100,5),(32,10,'127.0.0.1',2130706433,NULL,62,2,11,100,5),(33,5,'127.0.0.1',2130706433,NULL,62,1,11,100,5),(34,12,'127.0.0.1',2130706433,NULL,2,3,12,40,2),(35,7,'127.0.0.1',2130706433,NULL,2,2,12,40,2),(36,2,'127.0.0.1',2130706433,NULL,2,1,12,40,2);

--
-- Table structure for table `rating_option_vote_aggregated`
--

CREATE TABLE `rating_option_vote_aggregated` (
  `primary_id` int(11) NOT NULL AUTO_INCREMENT COMMENT 'Vote aggregation ID',
  `rating_id` smallint(5) unsigned NOT NULL DEFAULT '0' COMMENT 'Rating ID',
  `entity_pk_value` bigint(20) unsigned NOT NULL DEFAULT '0' COMMENT 'Product ID',
  `vote_count` int(10) unsigned NOT NULL DEFAULT '0' COMMENT 'Vote dty',
  `vote_value_sum` int(10) unsigned NOT NULL DEFAULT '0' COMMENT 'General vote sum',
  `percent` smallint(6) NOT NULL DEFAULT '0' COMMENT 'Vote percent',
  `percent_approved` smallint(6) DEFAULT '0' COMMENT 'Vote percent approved by admin',
  `store_id` smallint(5) unsigned NOT NULL DEFAULT '0' COMMENT 'Store ID',
  PRIMARY KEY (`primary_id`),
  KEY `RATING_OPTION_VOTE_AGGREGATED_RATING_ID` (`rating_id`),
  KEY `RATING_OPTION_VOTE_AGGREGATED_STORE_ID` (`store_id`),
  CONSTRAINT `RATING_OPTION_VOTE_AGGREGATED_RATING_ID_RATING_RATING_ID` FOREIGN KEY (`rating_id`) REFERENCES `rating` (`rating_id`) ON DELETE CASCADE,
  CONSTRAINT `RATING_OPTION_VOTE_AGGREGATED_STORE_ID_STORE_STORE_ID` FOREIGN KEY (`store_id`) REFERENCES `store` (`store_id`) ON DELETE CASCADE
) ENGINE=InnoDB AUTO_INCREMENT=142 DEFAULT CHARSET=utf8 COMMENT='Rating vote aggregated';

--
-- Dumping data for table `rating_option_vote_aggregated`
--

INSERT INTO `rating_option_vote_aggregated` VALUES (1,3,5,2,7,70,70,0),(2,3,5,2,7,70,70,1),(3,2,5,2,7,70,70,0),(4,2,5,2,7,70,70,1),(5,1,5,2,7,70,70,0),(6,1,5,2,7,70,70,1),(7,1,5,2,7,70,70,2),(8,1,5,2,7,70,70,3),(9,2,5,2,7,70,70,2),(10,2,5,2,7,70,70,3),(11,3,5,2,7,70,70,2),(12,3,5,2,7,70,70,3),(13,3,1,1,3,60,60,0),(14,3,1,1,3,60,60,1),(15,2,1,1,3,60,60,0),(16,2,1,1,3,60,60,1),(17,1,1,1,3,60,60,0),(18,1,1,1,3,60,60,1),(19,1,1,1,3,60,60,2),(20,1,1,1,3,60,60,3),(21,2,1,1,3,60,60,2),(22,2,1,1,3,60,60,3),(23,3,1,1,3,60,60,2),(24,3,1,1,3,60,60,3),(25,2,24,1,5,100,100,0),(26,2,24,1,5,100,100,1),(27,1,24,1,5,100,100,0),(28,1,24,1,5,100,100,1),(29,3,24,1,5,100,100,0),(30,3,24,1,5,100,100,1),(31,1,24,1,5,100,100,2),(32,1,24,1,5,100,100,3),(33,2,24,1,5,100,100,2),(34,2,24,1,5,100,100,3),(35,3,24,1,5,100,100,2),(36,3,24,1,5,100,100,3),(37,3,55,1,4,80,80,0),(38,3,55,1,4,80,80,1),(39,2,55,1,4,80,80,0),(40,2,55,1,4,80,80,1),(41,1,55,1,4,80,80,0),(42,1,55,1,4,80,80,1),(43,1,55,1,4,80,80,2),(44,1,55,1,4,80,80,3),(45,2,55,1,4,80,80,2),(46,2,55,1,4,80,80,3),(47,3,55,1,4,80,80,2),(48,3,55,1,4,80,80,3),(49,1,3,1,4,80,80,0),(50,1,3,1,4,80,80,1),(51,3,3,1,4,80,80,0),(52,3,3,1,4,80,80,1),(53,2,3,1,4,80,80,0),(54,2,3,1,4,80,80,1),(55,1,3,1,4,80,80,2),(56,1,3,1,4,80,80,3),(57,2,3,1,4,80,80,2),(58,2,3,1,4,80,80,3),(59,3,3,1,4,80,80,2),(60,3,3,1,4,80,80,3),(61,1,2,2,7,70,70,0),(62,1,2,1,5,100,100,1),(63,3,2,2,7,70,70,0),(64,3,2,1,5,100,100,1),(65,2,2,2,7,70,70,0),(66,2,2,1,5,100,100,1),(67,1,2,1,5,100,100,2),(68,1,2,1,5,100,100,3),(69,2,2,1,5,100,100,2),(70,2,2,1,5,100,100,3),(71,3,2,1,5,100,100,2),(72,3,2,1,5,100,100,3),(73,1,74,1,4,80,80,0),(74,1,74,1,4,80,80,1),(75,3,74,1,4,80,80,0),(76,3,74,1,4,80,80,1),(77,2,74,1,4,80,80,0),(78,2,74,1,4,80,80,1),(79,1,74,1,4,80,80,2),(80,1,74,1,4,80,80,3),(81,2,74,1,4,80,80,2),(82,2,74,1,4,80,80,3),(83,3,74,1,4,80,80,2),(84,3,74,1,4,80,80,3),(85,1,63,1,3,60,60,0),(86,1,63,1,3,60,60,6),(87,3,63,1,3,60,60,0),(88,3,63,1,3,60,60,6),(89,2,63,1,3,60,60,0),(90,2,63,1,3,60,60,6),(91,1,63,1,3,60,60,4),(92,1,63,1,3,60,60,5),(93,1,63,1,3,60,60,7),(94,2,63,1,3,60,60,4),(95,2,63,1,3,60,60,5),(96,2,63,1,3,60,60,7),(97,3,63,1,3,60,60,4),(98,3,63,1,3,60,60,5),(99,3,63,1,3,60,60,7),(100,3,59,1,4,80,80,0),(101,3,59,1,4,80,80,6),(102,2,59,1,4,80,80,0),(103,2,59,1,4,80,80,6),(104,1,59,1,4,80,80,0),(105,1,59,1,4,80,80,6),(106,1,59,1,4,80,80,4),(107,1,59,1,4,80,80,5),(108,1,59,1,4,80,80,7),(109,2,59,1,4,80,80,4),(110,2,59,1,4,80,80,5),(111,2,59,1,4,80,80,7),(112,3,59,1,4,80,80,4),(113,3,59,1,4,80,80,5),(114,3,59,1,4,80,80,7),(115,3,62,1,5,100,100,0),(116,3,62,1,5,100,100,6),(117,2,62,1,5,100,100,0),(118,2,62,1,5,100,100,6),(119,1,62,1,5,100,100,0),(120,1,62,1,5,100,100,6),(121,1,62,1,5,100,100,4),(122,1,62,1,5,100,100,5),(123,1,62,1,5,100,100,7),(124,2,62,1,5,100,100,4),(125,2,62,1,5,100,100,5),(126,2,62,1,5,100,100,7),(127,3,62,1,5,100,100,4),(128,3,62,1,5,100,100,5),(129,3,62,1,5,100,100,7),(130,3,2,1,2,40,40,6),(131,2,2,1,2,40,40,6),(132,1,2,1,2,40,40,6),(133,1,2,1,2,40,40,4),(134,1,2,1,2,40,40,5),(135,1,2,1,2,40,40,7),(136,2,2,1,2,40,40,4),(137,2,2,1,2,40,40,5),(138,2,2,1,2,40,40,7),(139,3,2,1,2,40,40,4),(140,3,2,1,2,40,40,5),(141,3,2,1,2,40,40,7);

--
-- Table structure for table `rating_store`
--

CREATE TABLE `rating_store` (
  `rating_id` smallint(5) unsigned NOT NULL DEFAULT '0' COMMENT 'Rating ID',
  `store_id` smallint(5) unsigned NOT NULL DEFAULT '0' COMMENT 'Store ID',
  PRIMARY KEY (`rating_id`,`store_id`),
  KEY `RATING_STORE_STORE_ID` (`store_id`),
  CONSTRAINT `RATING_STORE_RATING_ID_RATING_RATING_ID` FOREIGN KEY (`rating_id`) REFERENCES `rating` (`rating_id`) ON DELETE CASCADE,
  CONSTRAINT `RATING_STORE_STORE_ID_STORE_STORE_ID` FOREIGN KEY (`store_id`) REFERENCES `store` (`store_id`) ON DELETE CASCADE
) ENGINE=InnoDB DEFAULT CHARSET=utf8 COMMENT='Rating Store';

--
-- Dumping data for table `rating_store`
--

INSERT INTO `rating_store` VALUES (1,0),(2,0),(3,0),(1,1),(2,1),(3,1),(1,2),(2,2),(3,2),(1,3),(2,3),(3,3),(1,4),(2,4),(3,4),(1,5),(2,5),(3,5),(1,6),(2,6),(3,6),(1,7),(2,7),(3,7);

--
-- Table structure for table `rating_title`
--

CREATE TABLE `rating_title` (
  `rating_id` smallint(5) unsigned NOT NULL DEFAULT '0' COMMENT 'Rating ID',
  `store_id` smallint(5) unsigned NOT NULL DEFAULT '0' COMMENT 'Store ID',
  `value` varchar(255) NOT NULL COMMENT 'Rating Label',
  PRIMARY KEY (`rating_id`,`store_id`),
  KEY `RATING_TITLE_STORE_ID` (`store_id`),
  CONSTRAINT `RATING_TITLE_RATING_ID_RATING_RATING_ID` FOREIGN KEY (`rating_id`) REFERENCES `rating` (`rating_id`) ON DELETE CASCADE,
  CONSTRAINT `RATING_TITLE_STORE_ID_STORE_STORE_ID` FOREIGN KEY (`store_id`) REFERENCES `store` (`store_id`) ON DELETE CASCADE
) ENGINE=InnoDB DEFAULT CHARSET=utf8 COMMENT='Rating Title';

--
-- Dumping data for table `rating_title`
--


--
-- Table structure for table `release_notification_viewer_log`
--

CREATE TABLE `release_notification_viewer_log` (
  `id` int(10) unsigned NOT NULL AUTO_INCREMENT COMMENT 'Log ID',
  `viewer_id` int(10) unsigned NOT NULL COMMENT 'Viewer admin user ID',
  `last_view_version` varchar(16) NOT NULL COMMENT 'Viewer last view on product version',
  PRIMARY KEY (`id`),
  UNIQUE KEY `RELEASE_NOTIFICATION_VIEWER_LOG_VIEWER_ID` (`viewer_id`),
  CONSTRAINT `RELEASE_NOTIFICATION_VIEWER_LOG_VIEWER_ID_ADMIN_USER_USER_ID` FOREIGN KEY (`viewer_id`) REFERENCES `admin_user` (`user_id`) ON DELETE CASCADE
) ENGINE=InnoDB AUTO_INCREMENT=2 DEFAULT CHARSET=utf8 COMMENT='Release Notification Viewer Log Table';

--
-- Dumping data for table `release_notification_viewer_log`
--

INSERT INTO `release_notification_viewer_log` VALUES (1,1,'2.2.4');

--
-- Table structure for table `report_compared_product_index`
--

CREATE TABLE `report_compared_product_index` (
  `index_id` bigint(20) unsigned NOT NULL AUTO_INCREMENT COMMENT 'Index ID',
  `visitor_id` int(10) unsigned DEFAULT NULL COMMENT 'Visitor ID',
  `customer_id` int(10) unsigned DEFAULT NULL COMMENT 'Customer ID',
  `product_id` int(10) unsigned NOT NULL COMMENT 'Product ID',
  `store_id` smallint(5) unsigned DEFAULT NULL COMMENT 'Store ID',
  `added_at` timestamp NOT NULL DEFAULT CURRENT_TIMESTAMP COMMENT 'Added At',
  PRIMARY KEY (`index_id`),
  UNIQUE KEY `REPORT_COMPARED_PRODUCT_INDEX_VISITOR_ID_PRODUCT_ID` (`visitor_id`,`product_id`),
  UNIQUE KEY `REPORT_COMPARED_PRODUCT_INDEX_CUSTOMER_ID_PRODUCT_ID` (`customer_id`,`product_id`),
  KEY `REPORT_COMPARED_PRODUCT_INDEX_STORE_ID` (`store_id`),
  KEY `REPORT_COMPARED_PRODUCT_INDEX_ADDED_AT` (`added_at`),
  KEY `REPORT_COMPARED_PRODUCT_INDEX_PRODUCT_ID` (`product_id`),
  CONSTRAINT `REPORT_CMPD_PRD_IDX_CSTR_ID_CSTR_ENTT_ENTT_ID` FOREIGN KEY (`customer_id`) REFERENCES `customer_entity` (`entity_id`) ON DELETE CASCADE,
  CONSTRAINT `REPORT_CMPD_PRD_IDX_PRD_ID_CAT_PRD_ENTT_ENTT_ID` FOREIGN KEY (`product_id`) REFERENCES `catalog_product_entity` (`entity_id`) ON DELETE CASCADE,
  CONSTRAINT `REPORT_COMPARED_PRODUCT_INDEX_STORE_ID_STORE_STORE_ID` FOREIGN KEY (`store_id`) REFERENCES `store` (`store_id`) ON DELETE SET NULL
) ENGINE=InnoDB AUTO_INCREMENT=17 DEFAULT CHARSET=utf8 COMMENT='Reports Compared Product Index Table';

--
-- Dumping data for table `report_compared_product_index`
--

INSERT INTO `report_compared_product_index` VALUES (1,143,NULL,1,NULL,'2016-04-18 00:05:47'),(5,234,NULL,74,NULL,'2016-04-26 16:49:45'),(8,615,NULL,61,NULL,'2017-03-01 07:15:55'),(9,649,NULL,63,NULL,'2017-03-01 10:23:19'),(10,649,NULL,62,NULL,'2017-03-01 10:23:24'),(11,816,287,59,27,'2017-04-12 23:27:19'),(12,898,NULL,63,NULL,'2017-04-13 18:58:57'),(13,928,NULL,2,NULL,'2017-04-14 06:47:24'),(14,1063,NULL,5,NULL,'2017-04-16 19:55:03'),(15,1073,NULL,74,NULL,'2017-04-17 00:39:16'),(16,1537,NULL,58,NULL,'2018-10-10 04:33:40');

--
-- Table structure for table `report_event`
--

CREATE TABLE `report_event` (
  `event_id` bigint(20) unsigned NOT NULL AUTO_INCREMENT COMMENT 'Event ID',
  `logged_at` timestamp NOT NULL DEFAULT CURRENT_TIMESTAMP COMMENT 'Logged At',
  `event_type_id` smallint(5) unsigned NOT NULL DEFAULT '0' COMMENT 'Event Type ID',
  `object_id` int(10) unsigned NOT NULL DEFAULT '0' COMMENT 'Object ID',
  `subject_id` int(10) unsigned NOT NULL DEFAULT '0' COMMENT 'Subject ID',
  `subtype` smallint(5) unsigned NOT NULL DEFAULT '0' COMMENT 'Subtype',
  `store_id` smallint(5) unsigned NOT NULL COMMENT 'Store ID',
  PRIMARY KEY (`event_id`),
  KEY `REPORT_EVENT_EVENT_TYPE_ID` (`event_type_id`),
  KEY `REPORT_EVENT_SUBJECT_ID` (`subject_id`),
  KEY `REPORT_EVENT_OBJECT_ID` (`object_id`),
  KEY `REPORT_EVENT_SUBTYPE` (`subtype`),
  KEY `REPORT_EVENT_STORE_ID` (`store_id`),
  CONSTRAINT `REPORT_EVENT_EVENT_TYPE_ID_REPORT_EVENT_TYPES_EVENT_TYPE_ID` FOREIGN KEY (`event_type_id`) REFERENCES `report_event_types` (`event_type_id`) ON DELETE CASCADE,
  CONSTRAINT `REPORT_EVENT_STORE_ID_STORE_STORE_ID` FOREIGN KEY (`store_id`) REFERENCES `store` (`store_id`) ON DELETE CASCADE
) ENGINE=InnoDB DEFAULT CHARSET=utf8 COMMENT='Reports Event Table';

--
-- Dumping data for table `report_event`
--


--
-- Table structure for table `report_event_types`
--

CREATE TABLE `report_event_types` (
  `event_type_id` smallint(5) unsigned NOT NULL AUTO_INCREMENT COMMENT 'Event Type ID',
  `event_name` varchar(64) NOT NULL COMMENT 'Event Name',
  `customer_login` smallint(5) unsigned NOT NULL DEFAULT '0' COMMENT 'Customer Login',
  PRIMARY KEY (`event_type_id`)
) ENGINE=InnoDB AUTO_INCREMENT=7 DEFAULT CHARSET=utf8 COMMENT='Reports Event Type Table';

--
-- Dumping data for table `report_event_types`
--

INSERT INTO `report_event_types` VALUES (1,'catalog_product_view',0),(2,'sendfriend_product',0),(3,'catalog_product_compare_add_product',0),(4,'checkout_cart_add_product',0),(5,'wishlist_add_product',0),(6,'wishlist_share',0);

--
-- Table structure for table `report_viewed_product_aggregated_daily`
--

CREATE TABLE `report_viewed_product_aggregated_daily` (
  `id` int(10) unsigned NOT NULL AUTO_INCREMENT COMMENT 'ID',
  `period` date DEFAULT NULL COMMENT 'Period',
  `store_id` smallint(5) unsigned DEFAULT NULL COMMENT 'Store ID',
  `product_id` int(10) unsigned DEFAULT NULL COMMENT 'Product ID',
  `product_name` varchar(255) DEFAULT NULL COMMENT 'Product Name',
  `product_price` decimal(12,4) NOT NULL DEFAULT '0.0000' COMMENT 'Product Price',
  `views_num` int(11) NOT NULL DEFAULT '0' COMMENT 'Number of Views',
  `rating_pos` smallint(5) unsigned NOT NULL DEFAULT '0' COMMENT 'Rating Pos',
  PRIMARY KEY (`id`),
  UNIQUE KEY `REPORT_VIEWED_PRD_AGGRED_DAILY_PERIOD_STORE_ID_PRD_ID` (`period`,`store_id`,`product_id`),
  KEY `REPORT_VIEWED_PRODUCT_AGGREGATED_DAILY_STORE_ID` (`store_id`),
  KEY `REPORT_VIEWED_PRODUCT_AGGREGATED_DAILY_PRODUCT_ID` (`product_id`),
  CONSTRAINT `REPORT_VIEWED_PRD_AGGRED_DAILY_PRD_ID_CAT_PRD_ENTT_ENTT_ID` FOREIGN KEY (`product_id`) REFERENCES `catalog_product_entity` (`entity_id`) ON DELETE CASCADE,
  CONSTRAINT `REPORT_VIEWED_PRODUCT_AGGREGATED_DAILY_STORE_ID_STORE_STORE_ID` FOREIGN KEY (`store_id`) REFERENCES `store` (`store_id`) ON DELETE CASCADE
) ENGINE=InnoDB AUTO_INCREMENT=2 DEFAULT CHARSET=utf8 COMMENT='Most Viewed Products Aggregated Daily';

--
-- Dumping data for table `report_viewed_product_aggregated_daily`
--

INSERT INTO `report_viewed_product_aggregated_daily` VALUES (1,'2016-08-23',12,62,'Grouped Product',0.0000,1,1);

--
-- Table structure for table `report_viewed_product_aggregated_monthly`
--

CREATE TABLE `report_viewed_product_aggregated_monthly` (
  `id` int(10) unsigned NOT NULL AUTO_INCREMENT COMMENT 'ID',
  `period` date DEFAULT NULL COMMENT 'Period',
  `store_id` smallint(5) unsigned DEFAULT NULL COMMENT 'Store ID',
  `product_id` int(10) unsigned DEFAULT NULL COMMENT 'Product ID',
  `product_name` varchar(255) DEFAULT NULL COMMENT 'Product Name',
  `product_price` decimal(12,4) NOT NULL DEFAULT '0.0000' COMMENT 'Product Price',
  `views_num` int(11) NOT NULL DEFAULT '0' COMMENT 'Number of Views',
  `rating_pos` smallint(5) unsigned NOT NULL DEFAULT '0' COMMENT 'Rating Pos',
  PRIMARY KEY (`id`),
  UNIQUE KEY `REPORT_VIEWED_PRD_AGGRED_MONTHLY_PERIOD_STORE_ID_PRD_ID` (`period`,`store_id`,`product_id`),
  KEY `REPORT_VIEWED_PRODUCT_AGGREGATED_MONTHLY_STORE_ID` (`store_id`),
  KEY `REPORT_VIEWED_PRODUCT_AGGREGATED_MONTHLY_PRODUCT_ID` (`product_id`),
  CONSTRAINT `REPORT_VIEWED_PRD_AGGRED_MONTHLY_PRD_ID_CAT_PRD_ENTT_ENTT_ID` FOREIGN KEY (`product_id`) REFERENCES `catalog_product_entity` (`entity_id`) ON DELETE CASCADE,
  CONSTRAINT `REPORT_VIEWED_PRODUCT_AGGREGATED_MONTHLY_STORE_ID_STORE_STORE_ID` FOREIGN KEY (`store_id`) REFERENCES `store` (`store_id`) ON DELETE CASCADE
) ENGINE=InnoDB AUTO_INCREMENT=2 DEFAULT CHARSET=utf8 COMMENT='Most Viewed Products Aggregated Monthly';

--
-- Dumping data for table `report_viewed_product_aggregated_monthly`
--

INSERT INTO `report_viewed_product_aggregated_monthly` VALUES (1,'2016-08-01',12,62,'Grouped Product',0.0000,1,1);

--
-- Table structure for table `report_viewed_product_aggregated_yearly`
--

CREATE TABLE `report_viewed_product_aggregated_yearly` (
  `id` int(10) unsigned NOT NULL AUTO_INCREMENT COMMENT 'ID',
  `period` date DEFAULT NULL COMMENT 'Period',
  `store_id` smallint(5) unsigned DEFAULT NULL COMMENT 'Store ID',
  `product_id` int(10) unsigned DEFAULT NULL COMMENT 'Product ID',
  `product_name` varchar(255) DEFAULT NULL COMMENT 'Product Name',
  `product_price` decimal(12,4) NOT NULL DEFAULT '0.0000' COMMENT 'Product Price',
  `views_num` int(11) NOT NULL DEFAULT '0' COMMENT 'Number of Views',
  `rating_pos` smallint(5) unsigned NOT NULL DEFAULT '0' COMMENT 'Rating Pos',
  PRIMARY KEY (`id`),
  UNIQUE KEY `REPORT_VIEWED_PRD_AGGRED_YEARLY_PERIOD_STORE_ID_PRD_ID` (`period`,`store_id`,`product_id`),
  KEY `REPORT_VIEWED_PRODUCT_AGGREGATED_YEARLY_STORE_ID` (`store_id`),
  KEY `REPORT_VIEWED_PRODUCT_AGGREGATED_YEARLY_PRODUCT_ID` (`product_id`),
  CONSTRAINT `REPORT_VIEWED_PRD_AGGRED_YEARLY_PRD_ID_CAT_PRD_ENTT_ENTT_ID` FOREIGN KEY (`product_id`) REFERENCES `catalog_product_entity` (`entity_id`) ON DELETE CASCADE,
  CONSTRAINT `REPORT_VIEWED_PRODUCT_AGGREGATED_YEARLY_STORE_ID_STORE_STORE_ID` FOREIGN KEY (`store_id`) REFERENCES `store` (`store_id`) ON DELETE CASCADE
) ENGINE=InnoDB AUTO_INCREMENT=2 DEFAULT CHARSET=utf8 COMMENT='Most Viewed Products Aggregated Yearly';

--
-- Dumping data for table `report_viewed_product_aggregated_yearly`
--

INSERT INTO `report_viewed_product_aggregated_yearly` VALUES (1,'2016-01-01',12,62,'Grouped Product',0.0000,1,1);

--
-- Table structure for table `report_viewed_product_index`
--

CREATE TABLE `report_viewed_product_index` (
  `index_id` bigint(20) unsigned NOT NULL AUTO_INCREMENT COMMENT 'Index ID',
  `visitor_id` int(10) unsigned DEFAULT NULL COMMENT 'Visitor ID',
  `customer_id` int(10) unsigned DEFAULT NULL COMMENT 'Customer ID',
  `product_id` int(10) unsigned NOT NULL COMMENT 'Product ID',
  `store_id` smallint(5) unsigned DEFAULT NULL COMMENT 'Store ID',
  `added_at` timestamp NOT NULL DEFAULT CURRENT_TIMESTAMP COMMENT 'Added At',
  PRIMARY KEY (`index_id`),
  UNIQUE KEY `REPORT_VIEWED_PRODUCT_INDEX_VISITOR_ID_PRODUCT_ID` (`visitor_id`,`product_id`),
  UNIQUE KEY `REPORT_VIEWED_PRODUCT_INDEX_CUSTOMER_ID_PRODUCT_ID` (`customer_id`,`product_id`),
  KEY `REPORT_VIEWED_PRODUCT_INDEX_STORE_ID` (`store_id`),
  KEY `REPORT_VIEWED_PRODUCT_INDEX_ADDED_AT` (`added_at`),
  KEY `REPORT_VIEWED_PRODUCT_INDEX_PRODUCT_ID` (`product_id`),
  CONSTRAINT `REPORT_VIEWED_PRD_IDX_CSTR_ID_CSTR_ENTT_ENTT_ID` FOREIGN KEY (`customer_id`) REFERENCES `customer_entity` (`entity_id`) ON DELETE CASCADE,
  CONSTRAINT `REPORT_VIEWED_PRD_IDX_PRD_ID_CAT_PRD_ENTT_ENTT_ID` FOREIGN KEY (`product_id`) REFERENCES `catalog_product_entity` (`entity_id`) ON DELETE CASCADE,
  CONSTRAINT `REPORT_VIEWED_PRODUCT_INDEX_STORE_ID_STORE_STORE_ID` FOREIGN KEY (`store_id`) REFERENCES `store` (`store_id`) ON DELETE SET NULL
) ENGINE=InnoDB DEFAULT CHARSET=utf8 COMMENT='Reports Viewed Product Index Table';

--
-- Dumping data for table `report_viewed_product_index`
--


--
-- Table structure for table `reporting_counts`
--

CREATE TABLE `reporting_counts` (
  `entity_id` int(10) unsigned NOT NULL AUTO_INCREMENT COMMENT 'Entity ID',
  `type` varchar(255) DEFAULT NULL COMMENT 'Item Reported',
  `count` int(10) unsigned DEFAULT NULL COMMENT 'Count Value',
  `updated_at` timestamp NOT NULL DEFAULT CURRENT_TIMESTAMP ON UPDATE CURRENT_TIMESTAMP COMMENT 'Updated At',
  PRIMARY KEY (`entity_id`)
) ENGINE=InnoDB DEFAULT CHARSET=utf8 COMMENT='Reporting for all count related events generated via the cron job';

--
-- Dumping data for table `reporting_counts`
--


--
-- Table structure for table `reporting_module_status`
--

CREATE TABLE `reporting_module_status` (
  `entity_id` int(10) unsigned NOT NULL AUTO_INCREMENT COMMENT 'Module ID',
  `name` varchar(255) DEFAULT NULL COMMENT 'Module Name',
  `active` varchar(255) DEFAULT NULL COMMENT 'Module Active Status',
  `setup_version` varchar(255) DEFAULT NULL COMMENT 'Module Version',
  `state` varchar(255) DEFAULT NULL COMMENT 'Module State',
  `updated_at` timestamp NOT NULL DEFAULT CURRENT_TIMESTAMP ON UPDATE CURRENT_TIMESTAMP COMMENT 'Updated At',
  PRIMARY KEY (`entity_id`)
) ENGINE=InnoDB DEFAULT CHARSET=utf8 COMMENT='Module Status Table';

--
-- Dumping data for table `reporting_module_status`
--


--
-- Table structure for table `reporting_orders`
--

CREATE TABLE `reporting_orders` (
  `entity_id` int(10) unsigned NOT NULL AUTO_INCREMENT COMMENT 'Entity ID',
  `customer_id` int(10) unsigned DEFAULT NULL COMMENT 'Customer ID',
  `total` decimal(20,4) unsigned DEFAULT NULL,
  `total_base` decimal(20,4) unsigned DEFAULT NULL,
  `item_count` int(10) unsigned NOT NULL COMMENT 'Line Item Count',
  `updated_at` timestamp NOT NULL DEFAULT CURRENT_TIMESTAMP COMMENT 'Updated At',
  PRIMARY KEY (`entity_id`)
) ENGINE=InnoDB DEFAULT CHARSET=utf8 COMMENT='Reporting for all orders';

--
-- Dumping data for table `reporting_orders`
--


--
-- Table structure for table `reporting_system_updates`
--

CREATE TABLE `reporting_system_updates` (
  `entity_id` int(10) unsigned NOT NULL AUTO_INCREMENT COMMENT 'Entity ID',
  `type` varchar(255) DEFAULT NULL COMMENT 'Update Type',
  `action` varchar(255) DEFAULT NULL COMMENT 'Action Performed',
  `updated_at` timestamp NOT NULL DEFAULT CURRENT_TIMESTAMP COMMENT 'Updated At',
  PRIMARY KEY (`entity_id`)
) ENGINE=InnoDB DEFAULT CHARSET=utf8 COMMENT='Reporting for system updates';

--
-- Dumping data for table `reporting_system_updates`
--


--
-- Table structure for table `reporting_users`
--

CREATE TABLE `reporting_users` (
  `entity_id` int(10) unsigned NOT NULL AUTO_INCREMENT COMMENT 'Entity ID',
  `type` varchar(255) DEFAULT NULL COMMENT 'User Type',
  `action` varchar(255) DEFAULT NULL COMMENT 'Action Performed',
  `updated_at` timestamp NOT NULL DEFAULT CURRENT_TIMESTAMP COMMENT 'Updated At',
  PRIMARY KEY (`entity_id`)
) ENGINE=InnoDB DEFAULT CHARSET=utf8 COMMENT='Reporting for user actions';

--
-- Dumping data for table `reporting_users`
--


--
-- Table structure for table `review`
--

CREATE TABLE `review` (
  `review_id` bigint(20) unsigned NOT NULL AUTO_INCREMENT COMMENT 'Review ID',
  `created_at` timestamp NOT NULL DEFAULT CURRENT_TIMESTAMP COMMENT 'Review create date',
  `entity_id` smallint(5) unsigned NOT NULL DEFAULT '0' COMMENT 'Entity ID',
  `entity_pk_value` int(10) unsigned NOT NULL DEFAULT '0' COMMENT 'Product ID',
  `status_id` smallint(5) unsigned NOT NULL DEFAULT '0' COMMENT 'Status code',
  PRIMARY KEY (`review_id`),
  KEY `REVIEW_ENTITY_ID` (`entity_id`),
  KEY `REVIEW_STATUS_ID` (`status_id`),
  KEY `REVIEW_ENTITY_PK_VALUE` (`entity_pk_value`),
  CONSTRAINT `REVIEW_ENTITY_ID_REVIEW_ENTITY_ENTITY_ID` FOREIGN KEY (`entity_id`) REFERENCES `review_entity` (`entity_id`) ON DELETE CASCADE,
  CONSTRAINT `REVIEW_STATUS_ID_REVIEW_STATUS_STATUS_ID` FOREIGN KEY (`status_id`) REFERENCES `review_status` (`status_id`) ON DELETE NO ACTION
) ENGINE=InnoDB AUTO_INCREMENT=14 DEFAULT CHARSET=utf8 COMMENT='Review base information';

--
-- Dumping data for table `review`
--

INSERT INTO `review` VALUES (1,'2016-04-10 16:08:23',1,5,1),(2,'2016-04-10 22:06:08',1,5,1),(3,'2016-04-13 16:30:54',1,1,1),(4,'2016-04-13 16:42:50',1,24,1),(5,'2016-04-13 21:10:10',1,55,1),(6,'2016-04-17 22:15:49',1,3,1),(7,'2016-04-17 22:25:28',1,2,1),(8,'2016-04-18 20:49:47',1,74,1),(9,'2016-05-15 05:11:39',1,63,1),(10,'2016-05-15 05:14:12',1,59,1),(11,'2016-05-15 05:16:58',1,62,1),(12,'2016-05-15 05:19:23',1,2,1),(13,'2020-08-28 08:50:48',1,74,2);

--
-- Table structure for table `review_detail`
--

CREATE TABLE `review_detail` (
  `detail_id` bigint(20) unsigned NOT NULL AUTO_INCREMENT COMMENT 'Review detail ID',
  `review_id` bigint(20) unsigned NOT NULL DEFAULT '0' COMMENT 'Review ID',
  `store_id` smallint(5) unsigned DEFAULT '0' COMMENT 'Store ID',
  `title` varchar(255) NOT NULL COMMENT 'Title',
  `detail` text NOT NULL COMMENT 'Detail description',
  `nickname` varchar(128) NOT NULL COMMENT 'User nickname',
  `customer_id` int(10) unsigned DEFAULT NULL COMMENT 'Customer ID',
  PRIMARY KEY (`detail_id`),
  KEY `REVIEW_DETAIL_REVIEW_ID` (`review_id`),
  KEY `REVIEW_DETAIL_STORE_ID` (`store_id`),
  KEY `REVIEW_DETAIL_CUSTOMER_ID` (`customer_id`),
  CONSTRAINT `REVIEW_DETAIL_CUSTOMER_ID_CUSTOMER_ENTITY_ENTITY_ID` FOREIGN KEY (`customer_id`) REFERENCES `customer_entity` (`entity_id`) ON DELETE SET NULL,
  CONSTRAINT `REVIEW_DETAIL_REVIEW_ID_REVIEW_REVIEW_ID` FOREIGN KEY (`review_id`) REFERENCES `review` (`review_id`) ON DELETE CASCADE,
  CONSTRAINT `REVIEW_DETAIL_STORE_ID_STORE_STORE_ID` FOREIGN KEY (`store_id`) REFERENCES `store` (`store_id`) ON DELETE SET NULL
) ENGINE=InnoDB AUTO_INCREMENT=14 DEFAULT CHARSET=utf8 COMMENT='Review detail information';

--
-- Dumping data for table `review_detail`
--

INSERT INTO `review_detail` VALUES (1,1,1,'Le','Details\r\nQuisque sollicitudin nulla felis, vel sollicitudin felis mollis in. Cras mauris ligula, pharetra a consectetur a, interdum sit amet ex.\r\n','Tuyen',NULL),(2,2,1,'alothemes','Details\r\nQuisque sollicitudin nulla felis, vel sollicitudin felis mollis in. Cras mauris ligula, pharetra a consectetur a, interdum sit amet ex. Nunc dui nulla, efficitur a tempor non, euismod id libero.','alo',NULL),(3,3,1,'Primo Court Mid Suede','Quisque sollicitudin nulla felis, vel sollicitudin felis mollis in. Cras mauris ligula, pharetra a consectetur a, interdum sit amet ex. Nunc dui nulla, efficitur a tempor non, euismod id libero. Quisque sapien enim, tempus tristique metus ut, vestibulum tincidunt mauris!','Primo Court Mid Suede',NULL),(4,4,1,'Beaumont Summit Kit','The smooth nylon shell around the Beaumont Summit Kit combats wind, reinforced with a cold-fighting brushed fleece layer. The jacket is reversible, giving you a new look for the return trek. Ample pocket space rounds out this hiker\'s paradise package','Beaumont Summit Kit',NULL),(5,5,1,'Marco Lightweight Active Hoodie','Marco Lightweight Active Hoodie','Marco Lightweight Active Hoodie',NULL),(6,6,1,'Wave Ripped Straight','Quisque sollicitudin nulla felis, vel sollicitudin felis mollis in. Cras mauris ligula, pharetra a consectetur a, interdum sit amet ex. Nunc dui nulla, efficitur a tempor non, euismod id libero. Quisque sapien enim','Wave Ripped Straight',NULL),(7,7,1,'The Net Bag in Navy','The Net Bag in Navy','The Net Bag in Navy',NULL),(8,8,1,'Marco Lightweight Active','Marco Lightweight Active','Marco Lightweight Active',NULL),(9,9,6,'Sed dignissim magna','Sed dignissim magna','Sed dignissim magna',NULL),(10,10,6,'alothemes','Quisque sollicitudin nulla felis, vel sollicitudin felis mollis in. Cras mauris ligula, pharetra a consectetur a, interdum sit amet ex. Nunc dui nulla, efficitur a tempor non, euismod id libero. Quisque sapien enim, tempus tristique metus ut, vestibulum tincidunt mauris!','alo',NULL),(11,11,6,'alothemes','Quisque sollicitudin nulla felis, vel sollicitudin felis mollis in. Cras mauris ligula, pharetra a consectetur a, interdum sit amet ex. Nunc dui nulla, efficitur a tempor non, euismod id libero. Quisque sapien enim, tempus tristique metus ut, vestibulum tincidunt mauris!','alo',NULL),(12,12,6,'alothemes','Quisque sollicitudin nulla felis, vel sollicitudin felis mollis in. Cras mauris ligula, pharetra a consectetur a, interdum sit amet ex. Nunc dui nulla, efficitur a tempor non, euismod id libero. Quisque sapien enim, tempus tristique metus ut, vestibulum tincidunt mauris!','alo',NULL),(13,13,10,'sdafdsfa','dsfadfadsfsf','sdaa',NULL);

--
-- Table structure for table `review_entity`
--

CREATE TABLE `review_entity` (
  `entity_id` smallint(5) unsigned NOT NULL AUTO_INCREMENT COMMENT 'Review entity ID',
  `entity_code` varchar(32) NOT NULL COMMENT 'Review entity code',
  PRIMARY KEY (`entity_id`)
) ENGINE=InnoDB AUTO_INCREMENT=4 DEFAULT CHARSET=utf8 COMMENT='Review entities';

--
-- Dumping data for table `review_entity`
--

INSERT INTO `review_entity` VALUES (1,'product'),(2,'customer'),(3,'category');

--
-- Table structure for table `review_entity_summary`
--

CREATE TABLE `review_entity_summary` (
  `primary_id` bigint(20) NOT NULL AUTO_INCREMENT COMMENT 'Summary review entity ID',
  `entity_pk_value` bigint(20) NOT NULL DEFAULT '0' COMMENT 'Product ID',
  `entity_type` smallint(6) NOT NULL DEFAULT '0' COMMENT 'Entity type ID',
  `reviews_count` smallint(6) NOT NULL DEFAULT '0' COMMENT 'Qty of reviews',
  `rating_summary` smallint(6) NOT NULL DEFAULT '0' COMMENT 'Summarized rating',
  `store_id` smallint(5) unsigned NOT NULL DEFAULT '0' COMMENT 'Store ID',
  PRIMARY KEY (`primary_id`),
  UNIQUE KEY `REVIEW_ENTITY_SUMMARY_ENTITY_PK_VALUE_STORE_ID_ENTITY_TYPE` (`entity_pk_value`,`store_id`,`entity_type`),
  KEY `REVIEW_ENTITY_SUMMARY_STORE_ID` (`store_id`),
  CONSTRAINT `REVIEW_ENTITY_SUMMARY_STORE_ID_STORE_STORE_ID` FOREIGN KEY (`store_id`) REFERENCES `store` (`store_id`) ON DELETE CASCADE
) ENGINE=InnoDB AUTO_INCREMENT=94 DEFAULT CHARSET=utf8 COMMENT='Review aggregates';

--
-- Dumping data for table `review_entity_summary`
--

INSERT INTO `review_entity_summary` VALUES (1,5,1,2,70,1),(2,5,1,2,70,2),(3,5,1,2,70,3),(4,5,1,2,70,0),(5,1,1,1,60,1),(6,1,1,1,60,2),(7,1,1,1,60,3),(8,1,1,1,60,0),(9,24,1,1,100,1),(10,24,1,1,100,2),(11,24,1,1,100,3),(12,24,1,1,100,0),(13,55,1,1,80,1),(14,55,1,1,80,2),(15,55,1,1,80,3),(16,55,1,1,80,0),(17,3,1,1,80,1),(18,3,1,1,80,2),(19,3,1,1,80,3),(20,3,1,1,80,0),(21,2,1,1,100,1),(22,2,1,1,100,2),(23,2,1,1,100,3),(24,2,1,2,70,0),(25,74,1,1,80,1),(26,74,1,1,80,2),(27,74,1,1,80,3),(28,74,1,1,80,0),(29,63,1,1,60,6),(30,63,1,0,0,1),(31,63,1,1,60,4),(32,63,1,0,0,2),(33,63,1,1,60,5),(34,63,1,1,60,7),(35,63,1,0,0,3),(36,63,1,1,60,0),(37,59,1,1,80,6),(38,59,1,0,0,1),(39,59,1,1,80,4),(40,59,1,0,0,2),(41,59,1,1,80,5),(42,59,1,1,80,7),(43,59,1,0,0,3),(44,59,1,1,80,0),(45,62,1,1,100,6),(46,62,1,0,0,1),(47,62,1,1,100,4),(48,62,1,0,0,2),(49,62,1,1,100,5),(50,62,1,1,100,7),(51,62,1,0,0,3),(52,62,1,1,100,0),(53,2,1,1,40,6),(54,2,1,1,40,4),(55,2,1,1,40,5),(56,2,1,1,40,7),(57,74,1,0,0,10),(58,74,1,0,0,4),(59,74,1,0,0,5),(60,74,1,0,0,6),(61,74,1,0,0,7),(62,74,1,0,0,8),(63,74,1,0,0,9),(64,74,1,0,0,11),(65,74,1,0,0,12),(66,74,1,0,0,13),(67,74,1,0,0,14),(68,74,1,0,0,15),(69,74,1,0,0,16),(70,74,1,0,0,17),(71,74,1,0,0,18),(72,74,1,0,0,20),(73,74,1,0,0,21),(74,74,1,0,0,22),(75,74,1,0,0,23),(76,74,1,0,0,24),(77,74,1,0,0,25),(78,74,1,0,0,26),(79,74,1,0,0,27),(80,74,1,0,0,28),(81,74,1,0,0,29),(82,74,1,0,0,30),(83,74,1,0,0,31),(84,74,1,0,0,32),(85,74,1,0,0,33),(86,74,1,0,0,34),(87,74,1,0,0,35),(88,74,1,0,0,36),(89,74,1,0,0,37),(90,74,1,0,0,38),(91,74,1,0,0,39),(92,74,1,0,0,40),(93,74,1,0,0,41);

--
-- Table structure for table `review_status`
--

CREATE TABLE `review_status` (
  `status_id` smallint(5) unsigned NOT NULL AUTO_INCREMENT COMMENT 'Status ID',
  `status_code` varchar(32) NOT NULL COMMENT 'Status code',
  PRIMARY KEY (`status_id`)
) ENGINE=InnoDB AUTO_INCREMENT=4 DEFAULT CHARSET=utf8 COMMENT='Review statuses';

--
-- Dumping data for table `review_status`
--

INSERT INTO `review_status` VALUES (1,'Approved'),(2,'Pending'),(3,'Not Approved');

--
-- Table structure for table `review_store`
--

CREATE TABLE `review_store` (
  `review_id` bigint(20) unsigned NOT NULL COMMENT 'Review ID',
  `store_id` smallint(5) unsigned NOT NULL COMMENT 'Store ID',
  PRIMARY KEY (`review_id`,`store_id`),
  KEY `REVIEW_STORE_STORE_ID` (`store_id`),
  CONSTRAINT `REVIEW_STORE_REVIEW_ID_REVIEW_REVIEW_ID` FOREIGN KEY (`review_id`) REFERENCES `review` (`review_id`) ON DELETE CASCADE,
  CONSTRAINT `REVIEW_STORE_STORE_ID_STORE_STORE_ID` FOREIGN KEY (`store_id`) REFERENCES `store` (`store_id`) ON DELETE CASCADE
) ENGINE=InnoDB DEFAULT CHARSET=utf8 COMMENT='Review Store';

--
-- Dumping data for table `review_store`
--

INSERT INTO `review_store` VALUES (1,0),(2,0),(3,0),(4,0),(5,0),(6,0),(7,0),(8,0),(9,0),(10,0),(11,0),(12,0),(13,0),(1,1),(2,1),(3,1),(4,1),(5,1),(6,1),(7,1),(8,1),(1,2),(2,2),(3,2),(4,2),(5,2),(6,2),(7,2),(8,2),(1,3),(2,3),(3,3),(4,3),(5,3),(6,3),(7,3),(8,3),(9,4),(10,4),(11,4),(12,4),(9,5),(10,5),(11,5),(12,5),(9,6),(10,6),(11,6),(12,6),(9,7),(10,7),(11,7),(12,7),(13,10);

--
-- Table structure for table `sales_bestsellers_aggregated_daily`
--

CREATE TABLE `sales_bestsellers_aggregated_daily` (
  `id` int(10) unsigned NOT NULL AUTO_INCREMENT COMMENT 'ID',
  `period` date DEFAULT NULL COMMENT 'Period',
  `store_id` smallint(5) unsigned DEFAULT NULL COMMENT 'Store ID',
  `product_id` int(10) unsigned DEFAULT NULL COMMENT 'Product ID',
  `product_name` varchar(255) DEFAULT NULL COMMENT 'Product Name',
  `product_price` decimal(12,4) NOT NULL DEFAULT '0.0000' COMMENT 'Product Price',
  `qty_ordered` decimal(12,4) NOT NULL DEFAULT '0.0000' COMMENT 'Qty Ordered',
  `rating_pos` smallint(5) unsigned NOT NULL DEFAULT '0' COMMENT 'Rating Pos',
  PRIMARY KEY (`id`),
  UNIQUE KEY `SALES_BESTSELLERS_AGGREGATED_DAILY_PERIOD_STORE_ID_PRODUCT_ID` (`period`,`store_id`,`product_id`),
  KEY `SALES_BESTSELLERS_AGGREGATED_DAILY_STORE_ID` (`store_id`),
  KEY `SALES_BESTSELLERS_AGGREGATED_DAILY_PRODUCT_ID` (`product_id`),
  CONSTRAINT `SALES_BESTSELLERS_AGGREGATED_DAILY_STORE_ID_STORE_STORE_ID` FOREIGN KEY (`store_id`) REFERENCES `store` (`store_id`) ON DELETE CASCADE
) ENGINE=InnoDB AUTO_INCREMENT=7 DEFAULT CHARSET=utf8 COMMENT='Sales Bestsellers Aggregated Daily';

--
-- Dumping data for table `sales_bestsellers_aggregated_daily`
--

INSERT INTO `sales_bestsellers_aggregated_daily` VALUES (1,'2016-08-24',14,2,'The Net Bag in Navy',369.0000,1.0000,1),(2,'2016-08-24',14,6,'Mauris sollicitudin',213.0000,1.0000,2),(3,'2016-08-24',14,61,'Fusce nec facilisi',105.0000,1.0000,3),(4,'2016-08-24',0,2,'The Net Bag in Navy',369.0000,1.0000,1),(5,'2016-08-24',0,6,'Mauris sollicitudin',213.0000,1.0000,2),(6,'2016-08-24',0,61,'Fusce nec facilisi',105.0000,1.0000,3);

--
-- Table structure for table `sales_bestsellers_aggregated_monthly`
--

CREATE TABLE `sales_bestsellers_aggregated_monthly` (
  `id` int(10) unsigned NOT NULL AUTO_INCREMENT COMMENT 'ID',
  `period` date DEFAULT NULL COMMENT 'Period',
  `store_id` smallint(5) unsigned DEFAULT NULL COMMENT 'Store ID',
  `product_id` int(10) unsigned DEFAULT NULL COMMENT 'Product ID',
  `product_name` varchar(255) DEFAULT NULL COMMENT 'Product Name',
  `product_price` decimal(12,4) NOT NULL DEFAULT '0.0000' COMMENT 'Product Price',
  `qty_ordered` decimal(12,4) NOT NULL DEFAULT '0.0000' COMMENT 'Qty Ordered',
  `rating_pos` smallint(5) unsigned NOT NULL DEFAULT '0' COMMENT 'Rating Pos',
  PRIMARY KEY (`id`),
  UNIQUE KEY `SALES_BESTSELLERS_AGGREGATED_MONTHLY_PERIOD_STORE_ID_PRODUCT_ID` (`period`,`store_id`,`product_id`),
  KEY `SALES_BESTSELLERS_AGGREGATED_MONTHLY_STORE_ID` (`store_id`),
  KEY `SALES_BESTSELLERS_AGGREGATED_MONTHLY_PRODUCT_ID` (`product_id`),
  CONSTRAINT `SALES_BESTSELLERS_AGGREGATED_MONTHLY_STORE_ID_STORE_STORE_ID` FOREIGN KEY (`store_id`) REFERENCES `store` (`store_id`) ON DELETE CASCADE
) ENGINE=InnoDB AUTO_INCREMENT=7 DEFAULT CHARSET=utf8 COMMENT='Sales Bestsellers Aggregated Monthly';

--
-- Dumping data for table `sales_bestsellers_aggregated_monthly`
--

INSERT INTO `sales_bestsellers_aggregated_monthly` VALUES (1,'2016-08-01',0,2,'The Net Bag in Navy',369.0000,1.0000,1),(2,'2016-08-01',0,6,'Mauris sollicitudin',213.0000,1.0000,2),(3,'2016-08-01',0,61,'Fusce nec facilisi',105.0000,1.0000,3),(4,'2016-08-01',14,2,'The Net Bag in Navy',369.0000,1.0000,1),(5,'2016-08-01',14,6,'Mauris sollicitudin',213.0000,1.0000,2),(6,'2016-08-01',14,61,'Fusce nec facilisi',105.0000,1.0000,3);

--
-- Table structure for table `sales_bestsellers_aggregated_yearly`
--

CREATE TABLE `sales_bestsellers_aggregated_yearly` (
  `id` int(10) unsigned NOT NULL AUTO_INCREMENT COMMENT 'ID',
  `period` date DEFAULT NULL COMMENT 'Period',
  `store_id` smallint(5) unsigned DEFAULT NULL COMMENT 'Store ID',
  `product_id` int(10) unsigned DEFAULT NULL COMMENT 'Product ID',
  `product_name` varchar(255) DEFAULT NULL COMMENT 'Product Name',
  `product_price` decimal(12,4) NOT NULL DEFAULT '0.0000' COMMENT 'Product Price',
  `qty_ordered` decimal(12,4) NOT NULL DEFAULT '0.0000' COMMENT 'Qty Ordered',
  `rating_pos` smallint(5) unsigned NOT NULL DEFAULT '0' COMMENT 'Rating Pos',
  PRIMARY KEY (`id`),
  UNIQUE KEY `SALES_BESTSELLERS_AGGREGATED_YEARLY_PERIOD_STORE_ID_PRODUCT_ID` (`period`,`store_id`,`product_id`),
  KEY `SALES_BESTSELLERS_AGGREGATED_YEARLY_STORE_ID` (`store_id`),
  KEY `SALES_BESTSELLERS_AGGREGATED_YEARLY_PRODUCT_ID` (`product_id`),
  CONSTRAINT `SALES_BESTSELLERS_AGGREGATED_YEARLY_STORE_ID_STORE_STORE_ID` FOREIGN KEY (`store_id`) REFERENCES `store` (`store_id`) ON DELETE CASCADE
) ENGINE=InnoDB AUTO_INCREMENT=7 DEFAULT CHARSET=utf8 COMMENT='Sales Bestsellers Aggregated Yearly';

--
-- Dumping data for table `sales_bestsellers_aggregated_yearly`
--

INSERT INTO `sales_bestsellers_aggregated_yearly` VALUES (1,'2016-01-01',0,2,'The Net Bag in Navy',369.0000,1.0000,1),(2,'2016-01-01',0,6,'Mauris sollicitudin',213.0000,1.0000,2),(3,'2016-01-01',0,61,'Fusce nec facilisi',105.0000,1.0000,3),(4,'2016-01-01',14,2,'The Net Bag in Navy',369.0000,1.0000,1),(5,'2016-01-01',14,6,'Mauris sollicitudin',213.0000,1.0000,2),(6,'2016-01-01',14,61,'Fusce nec facilisi',105.0000,1.0000,3);

--
-- Table structure for table `sales_creditmemo`
--

CREATE TABLE `sales_creditmemo` (
  `entity_id` int(10) unsigned NOT NULL AUTO_INCREMENT COMMENT 'Entity ID',
  `store_id` smallint(5) unsigned DEFAULT NULL COMMENT 'Store ID',
  `adjustment_positive` decimal(20,4) DEFAULT NULL COMMENT 'Adjustment Positive',
  `base_shipping_tax_amount` decimal(20,4) DEFAULT NULL COMMENT 'Base Shipping Tax Amount',
  `store_to_order_rate` decimal(20,4) DEFAULT NULL COMMENT 'Store To Order Rate',
  `base_discount_amount` decimal(20,4) DEFAULT NULL COMMENT 'Base Discount Amount',
  `base_to_order_rate` decimal(20,4) DEFAULT NULL COMMENT 'Base To Order Rate',
  `grand_total` decimal(20,4) DEFAULT NULL COMMENT 'Grand Total',
  `base_adjustment_negative` decimal(20,4) DEFAULT NULL COMMENT 'Base Adjustment Negative',
  `base_subtotal_incl_tax` decimal(20,4) DEFAULT NULL COMMENT 'Base Subtotal Incl Tax',
  `shipping_amount` decimal(20,4) DEFAULT NULL COMMENT 'Shipping Amount',
  `subtotal_incl_tax` decimal(20,4) DEFAULT NULL COMMENT 'Subtotal Incl Tax',
  `adjustment_negative` decimal(20,4) DEFAULT NULL COMMENT 'Adjustment Negative',
  `base_shipping_amount` decimal(20,4) DEFAULT NULL COMMENT 'Base Shipping Amount',
  `store_to_base_rate` decimal(20,4) DEFAULT NULL COMMENT 'Store To Base Rate',
  `base_to_global_rate` decimal(20,4) DEFAULT NULL COMMENT 'Base To Global Rate',
  `base_adjustment` decimal(20,4) DEFAULT NULL COMMENT 'Base Adjustment',
  `base_subtotal` decimal(20,4) DEFAULT NULL COMMENT 'Base Subtotal',
  `discount_amount` decimal(20,4) DEFAULT NULL COMMENT 'Discount Amount',
  `subtotal` decimal(20,4) DEFAULT NULL COMMENT 'Subtotal',
  `adjustment` decimal(20,4) DEFAULT NULL COMMENT 'Adjustment',
  `base_grand_total` decimal(20,4) DEFAULT NULL COMMENT 'Base Grand Total',
  `base_adjustment_positive` decimal(20,4) DEFAULT NULL COMMENT 'Base Adjustment Positive',
  `base_tax_amount` decimal(20,4) DEFAULT NULL COMMENT 'Base Tax Amount',
  `shipping_tax_amount` decimal(20,4) DEFAULT NULL COMMENT 'Shipping Tax Amount',
  `tax_amount` decimal(20,4) DEFAULT NULL COMMENT 'Tax Amount',
  `order_id` int(10) unsigned NOT NULL COMMENT 'Order ID',
  `email_sent` smallint(5) unsigned DEFAULT NULL COMMENT 'Email Sent',
  `send_email` smallint(5) unsigned DEFAULT NULL COMMENT 'Send Email',
  `creditmemo_status` int(11) DEFAULT NULL COMMENT 'Creditmemo Status',
  `state` int(11) DEFAULT NULL COMMENT 'State',
  `shipping_address_id` int(11) DEFAULT NULL COMMENT 'Shipping Address ID',
  `billing_address_id` int(11) DEFAULT NULL COMMENT 'Billing Address ID',
  `invoice_id` int(11) DEFAULT NULL COMMENT 'Invoice ID',
  `store_currency_code` varchar(3) DEFAULT NULL COMMENT 'Store Currency Code',
  `order_currency_code` varchar(3) DEFAULT NULL COMMENT 'Order Currency Code',
  `base_currency_code` varchar(3) DEFAULT NULL COMMENT 'Base Currency Code',
  `global_currency_code` varchar(3) DEFAULT NULL COMMENT 'Global Currency Code',
  `transaction_id` varchar(255) DEFAULT NULL COMMENT 'Transaction ID',
  `increment_id` varchar(50) DEFAULT NULL COMMENT 'Increment ID',
  `created_at` timestamp NOT NULL DEFAULT CURRENT_TIMESTAMP COMMENT 'Created At',
  `updated_at` timestamp NOT NULL DEFAULT CURRENT_TIMESTAMP ON UPDATE CURRENT_TIMESTAMP COMMENT 'Updated At',
  `discount_tax_compensation_amount` decimal(20,4) DEFAULT NULL COMMENT 'Discount Tax Compensation Amount',
  `base_discount_tax_compensation_amount` decimal(20,4) DEFAULT NULL COMMENT 'Base Discount Tax Compensation Amount',
  `shipping_discount_tax_compensation_amount` decimal(20,4) DEFAULT NULL COMMENT 'Shipping Discount Tax Compensation Amount',
  `base_shipping_discount_tax_compensation_amnt` decimal(20,4) DEFAULT NULL COMMENT 'Base Shipping Discount Tax Compensation Amount',
  `shipping_incl_tax` decimal(20,4) DEFAULT NULL COMMENT 'Shipping Incl Tax',
  `base_shipping_incl_tax` decimal(20,4) DEFAULT NULL COMMENT 'Base Shipping Incl Tax',
  `discount_description` varchar(255) DEFAULT NULL COMMENT 'Discount Description',
  `customer_note` text COMMENT 'Customer Note',
  `customer_note_notify` smallint(5) unsigned DEFAULT NULL COMMENT 'Customer Note Notify',
  PRIMARY KEY (`entity_id`),
  UNIQUE KEY `SALES_CREDITMEMO_INCREMENT_ID_STORE_ID` (`increment_id`,`store_id`),
  KEY `SALES_CREDITMEMO_STORE_ID` (`store_id`),
  KEY `SALES_CREDITMEMO_ORDER_ID` (`order_id`),
  KEY `SALES_CREDITMEMO_CREDITMEMO_STATUS` (`creditmemo_status`),
  KEY `SALES_CREDITMEMO_STATE` (`state`),
  KEY `SALES_CREDITMEMO_CREATED_AT` (`created_at`),
  KEY `SALES_CREDITMEMO_UPDATED_AT` (`updated_at`),
  KEY `SALES_CREDITMEMO_SEND_EMAIL` (`send_email`),
  KEY `SALES_CREDITMEMO_EMAIL_SENT` (`email_sent`),
  CONSTRAINT `SALES_CREDITMEMO_ORDER_ID_SALES_ORDER_ENTITY_ID` FOREIGN KEY (`order_id`) REFERENCES `sales_order` (`entity_id`) ON DELETE CASCADE,
  CONSTRAINT `SALES_CREDITMEMO_STORE_ID_STORE_STORE_ID` FOREIGN KEY (`store_id`) REFERENCES `store` (`store_id`) ON DELETE SET NULL
) ENGINE=InnoDB DEFAULT CHARSET=utf8 COMMENT='Sales Flat Creditmemo';

--
-- Dumping data for table `sales_creditmemo`
--


--
-- Table structure for table `sales_creditmemo_comment`
--

CREATE TABLE `sales_creditmemo_comment` (
  `entity_id` int(10) unsigned NOT NULL AUTO_INCREMENT COMMENT 'Entity ID',
  `parent_id` int(10) unsigned NOT NULL COMMENT 'Parent ID',
  `is_customer_notified` int(11) DEFAULT NULL COMMENT 'Is Customer Notified',
  `is_visible_on_front` smallint(5) unsigned NOT NULL DEFAULT '0' COMMENT 'Is Visible On Front',
  `comment` text COMMENT 'Comment',
  `created_at` timestamp NOT NULL DEFAULT CURRENT_TIMESTAMP COMMENT 'Created At',
  PRIMARY KEY (`entity_id`),
  KEY `SALES_CREDITMEMO_COMMENT_CREATED_AT` (`created_at`),
  KEY `SALES_CREDITMEMO_COMMENT_PARENT_ID` (`parent_id`),
  CONSTRAINT `SALES_CREDITMEMO_COMMENT_PARENT_ID_SALES_CREDITMEMO_ENTITY_ID` FOREIGN KEY (`parent_id`) REFERENCES `sales_creditmemo` (`entity_id`) ON DELETE CASCADE
) ENGINE=InnoDB DEFAULT CHARSET=utf8 COMMENT='Sales Flat Creditmemo Comment';

--
-- Dumping data for table `sales_creditmemo_comment`
--


--
-- Table structure for table `sales_creditmemo_grid`
--

CREATE TABLE `sales_creditmemo_grid` (
  `entity_id` int(10) unsigned NOT NULL COMMENT 'Entity ID',
  `increment_id` varchar(50) DEFAULT NULL COMMENT 'Increment ID',
  `created_at` timestamp NULL DEFAULT NULL COMMENT 'Created At',
  `updated_at` timestamp NULL DEFAULT NULL COMMENT 'Updated At',
  `order_id` int(10) unsigned NOT NULL COMMENT 'Order ID',
  `order_increment_id` varchar(50) DEFAULT NULL COMMENT 'Order Increment ID',
  `order_created_at` timestamp NULL DEFAULT NULL COMMENT 'Order Created At',
  `billing_name` varchar(255) DEFAULT NULL COMMENT 'Billing Name',
  `state` int(11) DEFAULT NULL COMMENT 'Status',
  `base_grand_total` decimal(20,4) DEFAULT NULL COMMENT 'Base Grand Total',
  `order_status` varchar(32) DEFAULT NULL COMMENT 'Order Status',
  `store_id` smallint(5) unsigned DEFAULT NULL COMMENT 'Store ID',
  `billing_address` varchar(255) DEFAULT NULL COMMENT 'Billing Address',
  `shipping_address` varchar(255) DEFAULT NULL COMMENT 'Shipping Address',
  `customer_name` varchar(128) NOT NULL COMMENT 'Customer Name',
  `customer_email` varchar(128) DEFAULT NULL COMMENT 'Customer Email',
  `customer_group_id` smallint(6) DEFAULT NULL COMMENT 'Customer Group ID',
  `payment_method` varchar(32) DEFAULT NULL COMMENT 'Payment Method',
  `shipping_information` varchar(255) DEFAULT NULL COMMENT 'Shipping Method Name',
  `subtotal` decimal(20,4) DEFAULT NULL COMMENT 'Subtotal',
  `shipping_and_handling` decimal(20,4) DEFAULT NULL COMMENT 'Shipping and handling amount',
  `adjustment_positive` decimal(20,4) DEFAULT NULL COMMENT 'Adjustment Positive',
  `adjustment_negative` decimal(20,4) DEFAULT NULL COMMENT 'Adjustment Negative',
  `order_base_grand_total` decimal(20,4) DEFAULT NULL COMMENT 'Order Grand Total',
  PRIMARY KEY (`entity_id`),
  UNIQUE KEY `SALES_CREDITMEMO_GRID_INCREMENT_ID_STORE_ID` (`increment_id`,`store_id`),
  KEY `SALES_CREDITMEMO_GRID_ORDER_INCREMENT_ID` (`order_increment_id`),
  KEY `SALES_CREDITMEMO_GRID_CREATED_AT` (`created_at`),
  KEY `SALES_CREDITMEMO_GRID_UPDATED_AT` (`updated_at`),
  KEY `SALES_CREDITMEMO_GRID_ORDER_CREATED_AT` (`order_created_at`),
  KEY `SALES_CREDITMEMO_GRID_STATE` (`state`),
  KEY `SALES_CREDITMEMO_GRID_BILLING_NAME` (`billing_name`),
  KEY `SALES_CREDITMEMO_GRID_ORDER_STATUS` (`order_status`),
  KEY `SALES_CREDITMEMO_GRID_BASE_GRAND_TOTAL` (`base_grand_total`),
  KEY `SALES_CREDITMEMO_GRID_STORE_ID` (`store_id`),
  KEY `SALES_CREDITMEMO_GRID_ORDER_BASE_GRAND_TOTAL` (`order_base_grand_total`),
  KEY `SALES_CREDITMEMO_GRID_ORDER_ID` (`order_id`),
  FULLTEXT KEY `FTI_32B7BA885941A8254EE84AE650ABDC86` (`increment_id`,`order_increment_id`,`billing_name`,`billing_address`,`shipping_address`,`customer_name`,`customer_email`)
) ENGINE=InnoDB DEFAULT CHARSET=utf8 COMMENT='Sales Flat Creditmemo Grid';

--
-- Dumping data for table `sales_creditmemo_grid`
--


--
-- Table structure for table `sales_creditmemo_item`
--

CREATE TABLE `sales_creditmemo_item` (
  `entity_id` int(10) unsigned NOT NULL AUTO_INCREMENT COMMENT 'Entity ID',
  `parent_id` int(10) unsigned NOT NULL COMMENT 'Parent ID',
  `base_price` decimal(12,4) DEFAULT NULL COMMENT 'Base Price',
  `tax_amount` decimal(12,4) DEFAULT NULL COMMENT 'Tax Amount',
  `base_row_total` decimal(12,4) DEFAULT NULL COMMENT 'Base Row Total',
  `discount_amount` decimal(12,4) DEFAULT NULL COMMENT 'Discount Amount',
  `row_total` decimal(12,4) DEFAULT NULL COMMENT 'Row Total',
  `base_discount_amount` decimal(12,4) DEFAULT NULL COMMENT 'Base Discount Amount',
  `price_incl_tax` decimal(12,4) DEFAULT NULL COMMENT 'Price Incl Tax',
  `base_tax_amount` decimal(12,4) DEFAULT NULL COMMENT 'Base Tax Amount',
  `base_price_incl_tax` decimal(12,4) DEFAULT NULL COMMENT 'Base Price Incl Tax',
  `qty` decimal(12,4) DEFAULT NULL COMMENT 'Qty',
  `base_cost` decimal(12,4) DEFAULT NULL COMMENT 'Base Cost',
  `price` decimal(12,4) DEFAULT NULL COMMENT 'Price',
  `base_row_total_incl_tax` decimal(12,4) DEFAULT NULL COMMENT 'Base Row Total Incl Tax',
  `row_total_incl_tax` decimal(12,4) DEFAULT NULL COMMENT 'Row Total Incl Tax',
  `product_id` int(11) DEFAULT NULL COMMENT 'Product ID',
  `order_item_id` int(11) DEFAULT NULL COMMENT 'Order Item ID',
  `additional_data` text COMMENT 'Additional Data',
  `description` text COMMENT 'Description',
  `sku` varchar(255) DEFAULT NULL COMMENT 'Sku',
  `name` varchar(255) DEFAULT NULL COMMENT 'Name',
  `discount_tax_compensation_amount` decimal(12,4) DEFAULT NULL COMMENT 'Discount Tax Compensation Amount',
  `base_discount_tax_compensation_amount` decimal(12,4) DEFAULT NULL COMMENT 'Base Discount Tax Compensation Amount',
  `tax_ratio` text COMMENT 'Ratio of tax in the creditmemo item over tax of the order item',
  `weee_tax_applied` text COMMENT 'Weee Tax Applied',
  `weee_tax_applied_amount` decimal(12,4) DEFAULT NULL COMMENT 'Weee Tax Applied Amount',
  `weee_tax_applied_row_amount` decimal(12,4) DEFAULT NULL COMMENT 'Weee Tax Applied Row Amount',
  `weee_tax_disposition` decimal(12,4) DEFAULT NULL COMMENT 'Weee Tax Disposition',
  `weee_tax_row_disposition` decimal(12,4) DEFAULT NULL COMMENT 'Weee Tax Row Disposition',
  `base_weee_tax_applied_amount` decimal(12,4) DEFAULT NULL COMMENT 'Base Weee Tax Applied Amount',
  `base_weee_tax_applied_row_amnt` decimal(12,4) DEFAULT NULL COMMENT 'Base Weee Tax Applied Row Amnt',
  `base_weee_tax_disposition` decimal(12,4) DEFAULT NULL COMMENT 'Base Weee Tax Disposition',
  `base_weee_tax_row_disposition` decimal(12,4) DEFAULT NULL COMMENT 'Base Weee Tax Row Disposition',
  PRIMARY KEY (`entity_id`),
  KEY `SALES_CREDITMEMO_ITEM_PARENT_ID` (`parent_id`),
  CONSTRAINT `SALES_CREDITMEMO_ITEM_PARENT_ID_SALES_CREDITMEMO_ENTITY_ID` FOREIGN KEY (`parent_id`) REFERENCES `sales_creditmemo` (`entity_id`) ON DELETE CASCADE
) ENGINE=InnoDB DEFAULT CHARSET=utf8 COMMENT='Sales Flat Creditmemo Item';

--
-- Dumping data for table `sales_creditmemo_item`
--


--
-- Table structure for table `sales_invoice`
--

CREATE TABLE `sales_invoice` (
  `entity_id` int(10) unsigned NOT NULL AUTO_INCREMENT COMMENT 'Entity ID',
  `store_id` smallint(5) unsigned DEFAULT NULL COMMENT 'Store ID',
  `base_grand_total` decimal(20,4) DEFAULT NULL COMMENT 'Base Grand Total',
  `shipping_tax_amount` decimal(20,4) DEFAULT NULL COMMENT 'Shipping Tax Amount',
  `tax_amount` decimal(20,4) DEFAULT NULL COMMENT 'Tax Amount',
  `base_tax_amount` decimal(20,4) DEFAULT NULL COMMENT 'Base Tax Amount',
  `store_to_order_rate` decimal(20,4) DEFAULT NULL COMMENT 'Store To Order Rate',
  `base_shipping_tax_amount` decimal(20,4) DEFAULT NULL COMMENT 'Base Shipping Tax Amount',
  `base_discount_amount` decimal(20,4) DEFAULT NULL COMMENT 'Base Discount Amount',
  `base_to_order_rate` decimal(20,4) DEFAULT NULL COMMENT 'Base To Order Rate',
  `grand_total` decimal(20,4) DEFAULT NULL COMMENT 'Grand Total',
  `shipping_amount` decimal(20,4) DEFAULT NULL COMMENT 'Shipping Amount',
  `subtotal_incl_tax` decimal(20,4) DEFAULT NULL COMMENT 'Subtotal Incl Tax',
  `base_subtotal_incl_tax` decimal(20,4) DEFAULT NULL COMMENT 'Base Subtotal Incl Tax',
  `store_to_base_rate` decimal(20,4) DEFAULT NULL COMMENT 'Store To Base Rate',
  `base_shipping_amount` decimal(20,4) DEFAULT NULL COMMENT 'Base Shipping Amount',
  `total_qty` decimal(12,4) DEFAULT NULL COMMENT 'Total Qty',
  `base_to_global_rate` decimal(20,4) DEFAULT NULL COMMENT 'Base To Global Rate',
  `subtotal` decimal(20,4) DEFAULT NULL COMMENT 'Subtotal',
  `base_subtotal` decimal(20,4) DEFAULT NULL COMMENT 'Base Subtotal',
  `discount_amount` decimal(20,4) DEFAULT NULL COMMENT 'Discount Amount',
  `billing_address_id` int(11) DEFAULT NULL COMMENT 'Billing Address ID',
  `is_used_for_refund` smallint(5) unsigned DEFAULT NULL COMMENT 'Is Used For Refund',
  `order_id` int(10) unsigned NOT NULL COMMENT 'Order ID',
  `email_sent` smallint(5) unsigned DEFAULT NULL COMMENT 'Email Sent',
  `send_email` smallint(5) unsigned DEFAULT NULL COMMENT 'Send Email',
  `can_void_flag` smallint(5) unsigned DEFAULT NULL COMMENT 'Can Void Flag',
  `state` int(11) DEFAULT NULL COMMENT 'State',
  `shipping_address_id` int(11) DEFAULT NULL COMMENT 'Shipping Address ID',
  `store_currency_code` varchar(3) DEFAULT NULL COMMENT 'Store Currency Code',
  `transaction_id` varchar(255) DEFAULT NULL COMMENT 'Transaction ID',
  `order_currency_code` varchar(3) DEFAULT NULL COMMENT 'Order Currency Code',
  `base_currency_code` varchar(3) DEFAULT NULL COMMENT 'Base Currency Code',
  `global_currency_code` varchar(3) DEFAULT NULL COMMENT 'Global Currency Code',
  `increment_id` varchar(50) DEFAULT NULL COMMENT 'Increment ID',
  `created_at` timestamp NOT NULL DEFAULT CURRENT_TIMESTAMP COMMENT 'Created At',
  `updated_at` timestamp NOT NULL DEFAULT CURRENT_TIMESTAMP ON UPDATE CURRENT_TIMESTAMP COMMENT 'Updated At',
  `discount_tax_compensation_amount` decimal(20,4) DEFAULT NULL COMMENT 'Discount Tax Compensation Amount',
  `base_discount_tax_compensation_amount` decimal(20,4) DEFAULT NULL COMMENT 'Base Discount Tax Compensation Amount',
  `shipping_discount_tax_compensation_amount` decimal(20,4) DEFAULT NULL COMMENT 'Shipping Discount Tax Compensation Amount',
  `base_shipping_discount_tax_compensation_amnt` decimal(20,4) DEFAULT NULL COMMENT 'Base Shipping Discount Tax Compensation Amount',
  `shipping_incl_tax` decimal(20,4) DEFAULT NULL COMMENT 'Shipping Incl Tax',
  `base_shipping_incl_tax` decimal(20,4) DEFAULT NULL COMMENT 'Base Shipping Incl Tax',
  `base_total_refunded` decimal(20,4) DEFAULT NULL COMMENT 'Base Total Refunded',
  `discount_description` varchar(255) DEFAULT NULL COMMENT 'Discount Description',
  `customer_note` text COMMENT 'Customer Note',
  `customer_note_notify` smallint(5) unsigned DEFAULT NULL COMMENT 'Customer Note Notify',
  PRIMARY KEY (`entity_id`),
  UNIQUE KEY `SALES_INVOICE_INCREMENT_ID_STORE_ID` (`increment_id`,`store_id`),
  KEY `SALES_INVOICE_STORE_ID` (`store_id`),
  KEY `SALES_INVOICE_GRAND_TOTAL` (`grand_total`),
  KEY `SALES_INVOICE_ORDER_ID` (`order_id`),
  KEY `SALES_INVOICE_STATE` (`state`),
  KEY `SALES_INVOICE_CREATED_AT` (`created_at`),
  KEY `SALES_INVOICE_UPDATED_AT` (`updated_at`),
  KEY `SALES_INVOICE_SEND_EMAIL` (`send_email`),
  KEY `SALES_INVOICE_EMAIL_SENT` (`email_sent`),
  CONSTRAINT `SALES_INVOICE_ORDER_ID_SALES_ORDER_ENTITY_ID` FOREIGN KEY (`order_id`) REFERENCES `sales_order` (`entity_id`) ON DELETE CASCADE,
  CONSTRAINT `SALES_INVOICE_STORE_ID_STORE_STORE_ID` FOREIGN KEY (`store_id`) REFERENCES `store` (`store_id`) ON DELETE SET NULL
) ENGINE=InnoDB DEFAULT CHARSET=utf8 COMMENT='Sales Flat Invoice';

--
-- Dumping data for table `sales_invoice`
--


--
-- Table structure for table `sales_invoice_comment`
--

CREATE TABLE `sales_invoice_comment` (
  `entity_id` int(10) unsigned NOT NULL AUTO_INCREMENT COMMENT 'Entity ID',
  `parent_id` int(10) unsigned NOT NULL COMMENT 'Parent ID',
  `is_customer_notified` smallint(5) unsigned DEFAULT NULL COMMENT 'Is Customer Notified',
  `is_visible_on_front` smallint(5) unsigned NOT NULL DEFAULT '0' COMMENT 'Is Visible On Front',
  `comment` text COMMENT 'Comment',
  `created_at` timestamp NOT NULL DEFAULT CURRENT_TIMESTAMP COMMENT 'Created At',
  PRIMARY KEY (`entity_id`),
  KEY `SALES_INVOICE_COMMENT_CREATED_AT` (`created_at`),
  KEY `SALES_INVOICE_COMMENT_PARENT_ID` (`parent_id`),
  CONSTRAINT `SALES_INVOICE_COMMENT_PARENT_ID_SALES_INVOICE_ENTITY_ID` FOREIGN KEY (`parent_id`) REFERENCES `sales_invoice` (`entity_id`) ON DELETE CASCADE
) ENGINE=InnoDB DEFAULT CHARSET=utf8 COMMENT='Sales Flat Invoice Comment';

--
-- Dumping data for table `sales_invoice_comment`
--


--
-- Table structure for table `sales_invoice_grid`
--

CREATE TABLE `sales_invoice_grid` (
  `entity_id` int(10) unsigned NOT NULL COMMENT 'Entity ID',
  `increment_id` varchar(50) DEFAULT NULL COMMENT 'Increment ID',
  `state` int(11) DEFAULT NULL COMMENT 'State',
  `store_id` smallint(5) unsigned DEFAULT NULL COMMENT 'Store ID',
  `store_name` varchar(255) DEFAULT NULL COMMENT 'Store Name',
  `order_id` int(10) unsigned NOT NULL COMMENT 'Order ID',
  `order_increment_id` varchar(50) DEFAULT NULL COMMENT 'Order Increment ID',
  `order_created_at` timestamp NULL DEFAULT NULL COMMENT 'Order Created At',
  `customer_name` varchar(255) DEFAULT NULL COMMENT 'Customer Name',
  `customer_email` varchar(255) DEFAULT NULL COMMENT 'Customer Email',
  `customer_group_id` int(11) DEFAULT NULL,
  `payment_method` varchar(128) DEFAULT NULL COMMENT 'Payment Method',
  `store_currency_code` varchar(3) DEFAULT NULL COMMENT 'Store Currency Code',
  `order_currency_code` varchar(3) DEFAULT NULL COMMENT 'Order Currency Code',
  `base_currency_code` varchar(3) DEFAULT NULL COMMENT 'Base Currency Code',
  `global_currency_code` varchar(3) DEFAULT NULL COMMENT 'Global Currency Code',
  `billing_name` varchar(255) DEFAULT NULL COMMENT 'Billing Name',
  `billing_address` varchar(255) DEFAULT NULL COMMENT 'Billing Address',
  `shipping_address` varchar(255) DEFAULT NULL COMMENT 'Shipping Address',
  `shipping_information` varchar(255) DEFAULT NULL COMMENT 'Shipping Method Name',
  `subtotal` decimal(20,4) DEFAULT NULL COMMENT 'Subtotal',
  `shipping_and_handling` decimal(20,4) DEFAULT NULL COMMENT 'Shipping and handling amount',
  `grand_total` decimal(20,4) DEFAULT NULL COMMENT 'Grand Total',
  `base_grand_total` decimal(20,4) DEFAULT NULL COMMENT 'Base Grand Total',
  `created_at` timestamp NULL DEFAULT NULL COMMENT 'Created At',
  `updated_at` timestamp NULL DEFAULT NULL COMMENT 'Updated At',
  PRIMARY KEY (`entity_id`),
  UNIQUE KEY `SALES_INVOICE_GRID_INCREMENT_ID_STORE_ID` (`increment_id`,`store_id`),
  KEY `SALES_INVOICE_GRID_STORE_ID` (`store_id`),
  KEY `SALES_INVOICE_GRID_GRAND_TOTAL` (`grand_total`),
  KEY `SALES_INVOICE_GRID_ORDER_ID` (`order_id`),
  KEY `SALES_INVOICE_GRID_STATE` (`state`),
  KEY `SALES_INVOICE_GRID_ORDER_INCREMENT_ID` (`order_increment_id`),
  KEY `SALES_INVOICE_GRID_CREATED_AT` (`created_at`),
  KEY `SALES_INVOICE_GRID_UPDATED_AT` (`updated_at`),
  KEY `SALES_INVOICE_GRID_ORDER_CREATED_AT` (`order_created_at`),
  KEY `SALES_INVOICE_GRID_BILLING_NAME` (`billing_name`),
  KEY `SALES_INVOICE_GRID_BASE_GRAND_TOTAL` (`base_grand_total`),
  FULLTEXT KEY `FTI_95D9C924DD6A8734EB8B5D01D60F90DE` (`increment_id`,`order_increment_id`,`billing_name`,`billing_address`,`shipping_address`,`customer_name`,`customer_email`)
) ENGINE=InnoDB DEFAULT CHARSET=utf8 COMMENT='Sales Flat Invoice Grid';

--
-- Dumping data for table `sales_invoice_grid`
--


--
-- Table structure for table `sales_invoice_item`
--

CREATE TABLE `sales_invoice_item` (
  `entity_id` int(10) unsigned NOT NULL AUTO_INCREMENT COMMENT 'Entity ID',
  `parent_id` int(10) unsigned NOT NULL COMMENT 'Parent ID',
  `base_price` decimal(12,4) DEFAULT NULL COMMENT 'Base Price',
  `tax_amount` decimal(12,4) DEFAULT NULL COMMENT 'Tax Amount',
  `base_row_total` decimal(20,4) DEFAULT NULL COMMENT 'Base Row Total',
  `discount_amount` decimal(12,4) DEFAULT NULL COMMENT 'Discount Amount',
  `row_total` decimal(20,4) DEFAULT NULL COMMENT 'Row Total',
  `base_discount_amount` decimal(12,4) DEFAULT NULL COMMENT 'Base Discount Amount',
  `price_incl_tax` decimal(12,4) DEFAULT NULL COMMENT 'Price Incl Tax',
  `base_tax_amount` decimal(12,4) DEFAULT NULL COMMENT 'Base Tax Amount',
  `base_price_incl_tax` decimal(12,4) DEFAULT NULL COMMENT 'Base Price Incl Tax',
  `qty` decimal(12,4) DEFAULT NULL COMMENT 'Qty',
  `base_cost` decimal(12,4) DEFAULT NULL COMMENT 'Base Cost',
  `price` decimal(12,4) DEFAULT NULL COMMENT 'Price',
  `base_row_total_incl_tax` decimal(12,4) DEFAULT NULL COMMENT 'Base Row Total Incl Tax',
  `row_total_incl_tax` decimal(12,4) DEFAULT NULL COMMENT 'Row Total Incl Tax',
  `product_id` int(11) DEFAULT NULL COMMENT 'Product ID',
  `order_item_id` int(11) DEFAULT NULL COMMENT 'Order Item ID',
  `additional_data` text COMMENT 'Additional Data',
  `description` text COMMENT 'Description',
  `sku` varchar(255) DEFAULT NULL COMMENT 'Sku',
  `name` varchar(255) DEFAULT NULL COMMENT 'Name',
  `discount_tax_compensation_amount` decimal(12,4) DEFAULT NULL COMMENT 'Discount Tax Compensation Amount',
  `base_discount_tax_compensation_amount` decimal(12,4) DEFAULT NULL COMMENT 'Base Discount Tax Compensation Amount',
  `tax_ratio` text COMMENT 'Ratio of tax invoiced over tax of the order item',
  `weee_tax_applied` text COMMENT 'Weee Tax Applied',
  `weee_tax_applied_amount` decimal(12,4) DEFAULT NULL COMMENT 'Weee Tax Applied Amount',
  `weee_tax_applied_row_amount` decimal(12,4) DEFAULT NULL COMMENT 'Weee Tax Applied Row Amount',
  `weee_tax_disposition` decimal(12,4) DEFAULT NULL COMMENT 'Weee Tax Disposition',
  `weee_tax_row_disposition` decimal(12,4) DEFAULT NULL COMMENT 'Weee Tax Row Disposition',
  `base_weee_tax_applied_amount` decimal(12,4) DEFAULT NULL COMMENT 'Base Weee Tax Applied Amount',
  `base_weee_tax_applied_row_amnt` decimal(12,4) DEFAULT NULL COMMENT 'Base Weee Tax Applied Row Amnt',
  `base_weee_tax_disposition` decimal(12,4) DEFAULT NULL COMMENT 'Base Weee Tax Disposition',
  `base_weee_tax_row_disposition` decimal(12,4) DEFAULT NULL COMMENT 'Base Weee Tax Row Disposition',
  PRIMARY KEY (`entity_id`),
  KEY `SALES_INVOICE_ITEM_PARENT_ID` (`parent_id`),
  CONSTRAINT `SALES_INVOICE_ITEM_PARENT_ID_SALES_INVOICE_ENTITY_ID` FOREIGN KEY (`parent_id`) REFERENCES `sales_invoice` (`entity_id`) ON DELETE CASCADE
) ENGINE=InnoDB DEFAULT CHARSET=utf8 COMMENT='Sales Flat Invoice Item';

--
-- Dumping data for table `sales_invoice_item`
--


--
-- Table structure for table `sales_invoiced_aggregated`
--

CREATE TABLE `sales_invoiced_aggregated` (
  `id` int(10) unsigned NOT NULL AUTO_INCREMENT COMMENT 'ID',
  `period` date DEFAULT NULL COMMENT 'Period',
  `store_id` smallint(5) unsigned DEFAULT NULL COMMENT 'Store ID',
  `order_status` varchar(50) DEFAULT NULL COMMENT 'Order Status',
  `orders_count` int(11) NOT NULL DEFAULT '0' COMMENT 'Orders Count',
  `orders_invoiced` decimal(12,4) DEFAULT NULL COMMENT 'Orders Invoiced',
  `invoiced` decimal(12,4) DEFAULT NULL COMMENT 'Invoiced',
  `invoiced_captured` decimal(12,4) DEFAULT NULL COMMENT 'Invoiced Captured',
  `invoiced_not_captured` decimal(12,4) DEFAULT NULL COMMENT 'Invoiced Not Captured',
  PRIMARY KEY (`id`),
  UNIQUE KEY `SALES_INVOICED_AGGREGATED_PERIOD_STORE_ID_ORDER_STATUS` (`period`,`store_id`,`order_status`),
  KEY `SALES_INVOICED_AGGREGATED_STORE_ID` (`store_id`),
  CONSTRAINT `SALES_INVOICED_AGGREGATED_STORE_ID_STORE_STORE_ID` FOREIGN KEY (`store_id`) REFERENCES `store` (`store_id`) ON DELETE SET NULL
) ENGINE=InnoDB DEFAULT CHARSET=utf8 COMMENT='Sales Invoiced Aggregated';

--
-- Dumping data for table `sales_invoiced_aggregated`
--


--
-- Table structure for table `sales_invoiced_aggregated_order`
--

CREATE TABLE `sales_invoiced_aggregated_order` (
  `id` int(10) unsigned NOT NULL AUTO_INCREMENT COMMENT 'ID',
  `period` date DEFAULT NULL COMMENT 'Period',
  `store_id` smallint(5) unsigned DEFAULT NULL COMMENT 'Store ID',
  `order_status` varchar(50) NOT NULL COMMENT 'Order Status',
  `orders_count` int(11) NOT NULL DEFAULT '0' COMMENT 'Orders Count',
  `orders_invoiced` decimal(12,4) DEFAULT NULL COMMENT 'Orders Invoiced',
  `invoiced` decimal(12,4) DEFAULT NULL COMMENT 'Invoiced',
  `invoiced_captured` decimal(12,4) DEFAULT NULL COMMENT 'Invoiced Captured',
  `invoiced_not_captured` decimal(12,4) DEFAULT NULL COMMENT 'Invoiced Not Captured',
  PRIMARY KEY (`id`),
  UNIQUE KEY `SALES_INVOICED_AGGREGATED_ORDER_PERIOD_STORE_ID_ORDER_STATUS` (`period`,`store_id`,`order_status`),
  KEY `SALES_INVOICED_AGGREGATED_ORDER_STORE_ID` (`store_id`),
  CONSTRAINT `SALES_INVOICED_AGGREGATED_ORDER_STORE_ID_STORE_STORE_ID` FOREIGN KEY (`store_id`) REFERENCES `store` (`store_id`) ON DELETE SET NULL
) ENGINE=InnoDB DEFAULT CHARSET=utf8 COMMENT='Sales Invoiced Aggregated Order';

--
-- Dumping data for table `sales_invoiced_aggregated_order`
--


--
-- Table structure for table `sales_order`
--

CREATE TABLE `sales_order` (
  `entity_id` int(10) unsigned NOT NULL AUTO_INCREMENT COMMENT 'Entity ID',
  `state` varchar(32) DEFAULT NULL COMMENT 'State',
  `status` varchar(32) DEFAULT NULL COMMENT 'Status',
  `coupon_code` varchar(255) DEFAULT NULL COMMENT 'Coupon Code',
  `protect_code` varchar(255) DEFAULT NULL COMMENT 'Protect Code',
  `shipping_description` varchar(255) DEFAULT NULL COMMENT 'Shipping Description',
  `is_virtual` smallint(5) unsigned DEFAULT NULL COMMENT 'Is Virtual',
  `store_id` smallint(5) unsigned DEFAULT NULL COMMENT 'Store ID',
  `customer_id` int(10) unsigned DEFAULT NULL COMMENT 'Customer ID',
  `base_discount_amount` decimal(20,4) DEFAULT NULL COMMENT 'Base Discount Amount',
  `base_discount_canceled` decimal(20,4) DEFAULT NULL COMMENT 'Base Discount Canceled',
  `base_discount_invoiced` decimal(20,4) DEFAULT NULL COMMENT 'Base Discount Invoiced',
  `base_discount_refunded` decimal(20,4) DEFAULT NULL COMMENT 'Base Discount Refunded',
  `base_grand_total` decimal(20,4) DEFAULT NULL COMMENT 'Base Grand Total',
  `base_shipping_amount` decimal(20,4) DEFAULT NULL COMMENT 'Base Shipping Amount',
  `base_shipping_canceled` decimal(20,4) DEFAULT NULL COMMENT 'Base Shipping Canceled',
  `base_shipping_invoiced` decimal(20,4) DEFAULT NULL COMMENT 'Base Shipping Invoiced',
  `base_shipping_refunded` decimal(20,4) DEFAULT NULL COMMENT 'Base Shipping Refunded',
  `base_shipping_tax_amount` decimal(20,4) DEFAULT NULL COMMENT 'Base Shipping Tax Amount',
  `base_shipping_tax_refunded` decimal(20,4) DEFAULT NULL COMMENT 'Base Shipping Tax Refunded',
  `base_subtotal` decimal(20,4) DEFAULT NULL COMMENT 'Base Subtotal',
  `base_subtotal_canceled` decimal(20,4) DEFAULT NULL COMMENT 'Base Subtotal Canceled',
  `base_subtotal_invoiced` decimal(20,4) DEFAULT NULL COMMENT 'Base Subtotal Invoiced',
  `base_subtotal_refunded` decimal(20,4) DEFAULT NULL COMMENT 'Base Subtotal Refunded',
  `base_tax_amount` decimal(20,4) DEFAULT NULL COMMENT 'Base Tax Amount',
  `base_tax_canceled` decimal(20,4) DEFAULT NULL COMMENT 'Base Tax Canceled',
  `base_tax_invoiced` decimal(20,4) DEFAULT NULL COMMENT 'Base Tax Invoiced',
  `base_tax_refunded` decimal(20,4) DEFAULT NULL COMMENT 'Base Tax Refunded',
  `base_to_global_rate` decimal(20,4) DEFAULT NULL COMMENT 'Base To Global Rate',
  `base_to_order_rate` decimal(20,4) DEFAULT NULL COMMENT 'Base To Order Rate',
  `base_total_canceled` decimal(20,4) DEFAULT NULL COMMENT 'Base Total Canceled',
  `base_total_invoiced` decimal(20,4) DEFAULT NULL COMMENT 'Base Total Invoiced',
  `base_total_invoiced_cost` decimal(20,4) DEFAULT NULL COMMENT 'Base Total Invoiced Cost',
  `base_total_offline_refunded` decimal(20,4) DEFAULT NULL COMMENT 'Base Total Offline Refunded',
  `base_total_online_refunded` decimal(20,4) DEFAULT NULL COMMENT 'Base Total Online Refunded',
  `base_total_paid` decimal(20,4) DEFAULT NULL COMMENT 'Base Total Paid',
  `base_total_qty_ordered` decimal(12,4) DEFAULT NULL COMMENT 'Base Total Qty Ordered',
  `base_total_refunded` decimal(20,4) DEFAULT NULL COMMENT 'Base Total Refunded',
  `discount_amount` decimal(20,4) DEFAULT NULL COMMENT 'Discount Amount',
  `discount_canceled` decimal(20,4) DEFAULT NULL COMMENT 'Discount Canceled',
  `discount_invoiced` decimal(20,4) DEFAULT NULL COMMENT 'Discount Invoiced',
  `discount_refunded` decimal(20,4) DEFAULT NULL COMMENT 'Discount Refunded',
  `grand_total` decimal(20,4) DEFAULT NULL COMMENT 'Grand Total',
  `shipping_amount` decimal(20,4) DEFAULT NULL COMMENT 'Shipping Amount',
  `shipping_canceled` decimal(20,4) DEFAULT NULL COMMENT 'Shipping Canceled',
  `shipping_invoiced` decimal(20,4) DEFAULT NULL COMMENT 'Shipping Invoiced',
  `shipping_refunded` decimal(20,4) DEFAULT NULL COMMENT 'Shipping Refunded',
  `shipping_tax_amount` decimal(20,4) DEFAULT NULL COMMENT 'Shipping Tax Amount',
  `shipping_tax_refunded` decimal(20,4) DEFAULT NULL COMMENT 'Shipping Tax Refunded',
  `store_to_base_rate` decimal(12,4) DEFAULT NULL COMMENT 'Store To Base Rate',
  `store_to_order_rate` decimal(12,4) DEFAULT NULL COMMENT 'Store To Order Rate',
  `subtotal` decimal(20,4) DEFAULT NULL COMMENT 'Subtotal',
  `subtotal_canceled` decimal(20,4) DEFAULT NULL COMMENT 'Subtotal Canceled',
  `subtotal_invoiced` decimal(20,4) DEFAULT NULL COMMENT 'Subtotal Invoiced',
  `subtotal_refunded` decimal(20,4) DEFAULT NULL COMMENT 'Subtotal Refunded',
  `tax_amount` decimal(20,4) DEFAULT NULL COMMENT 'Tax Amount',
  `tax_canceled` decimal(20,4) DEFAULT NULL COMMENT 'Tax Canceled',
  `tax_invoiced` decimal(20,4) DEFAULT NULL COMMENT 'Tax Invoiced',
  `tax_refunded` decimal(20,4) DEFAULT NULL COMMENT 'Tax Refunded',
  `total_canceled` decimal(20,4) DEFAULT NULL COMMENT 'Total Canceled',
  `total_invoiced` decimal(20,4) DEFAULT NULL COMMENT 'Total Invoiced',
  `total_offline_refunded` decimal(20,4) DEFAULT NULL COMMENT 'Total Offline Refunded',
  `total_online_refunded` decimal(20,4) DEFAULT NULL COMMENT 'Total Online Refunded',
  `total_paid` decimal(20,4) DEFAULT NULL COMMENT 'Total Paid',
  `total_qty_ordered` decimal(12,4) DEFAULT NULL COMMENT 'Total Qty Ordered',
  `total_refunded` decimal(20,4) DEFAULT NULL COMMENT 'Total Refunded',
  `can_ship_partially` smallint(5) unsigned DEFAULT NULL COMMENT 'Can Ship Partially',
  `can_ship_partially_item` smallint(5) unsigned DEFAULT NULL COMMENT 'Can Ship Partially Item',
  `customer_is_guest` smallint(5) unsigned DEFAULT NULL COMMENT 'Customer Is Guest',
  `customer_note_notify` smallint(5) unsigned DEFAULT NULL COMMENT 'Customer Note Notify',
  `billing_address_id` int(11) DEFAULT NULL COMMENT 'Billing Address ID',
  `customer_group_id` int(11) DEFAULT NULL,
  `edit_increment` int(11) DEFAULT NULL COMMENT 'Edit Increment',
  `email_sent` smallint(5) unsigned DEFAULT NULL COMMENT 'Email Sent',
  `send_email` smallint(5) unsigned DEFAULT NULL COMMENT 'Send Email',
  `forced_shipment_with_invoice` smallint(5) unsigned DEFAULT NULL COMMENT 'Forced Do Shipment With Invoice',
  `payment_auth_expiration` int(11) DEFAULT NULL COMMENT 'Payment Authorization Expiration',
  `quote_address_id` int(11) DEFAULT NULL COMMENT 'Quote Address ID',
  `quote_id` int(11) DEFAULT NULL COMMENT 'Quote ID',
  `shipping_address_id` int(11) DEFAULT NULL COMMENT 'Shipping Address ID',
  `adjustment_negative` decimal(20,4) DEFAULT NULL COMMENT 'Adjustment Negative',
  `adjustment_positive` decimal(20,4) DEFAULT NULL COMMENT 'Adjustment Positive',
  `base_adjustment_negative` decimal(20,4) DEFAULT NULL COMMENT 'Base Adjustment Negative',
  `base_adjustment_positive` decimal(20,4) DEFAULT NULL COMMENT 'Base Adjustment Positive',
  `base_shipping_discount_amount` decimal(20,4) DEFAULT NULL COMMENT 'Base Shipping Discount Amount',
  `base_subtotal_incl_tax` decimal(20,4) DEFAULT NULL COMMENT 'Base Subtotal Incl Tax',
  `base_total_due` decimal(20,4) DEFAULT NULL COMMENT 'Base Total Due',
  `payment_authorization_amount` decimal(20,4) DEFAULT NULL COMMENT 'Payment Authorization Amount',
  `shipping_discount_amount` decimal(20,4) DEFAULT NULL COMMENT 'Shipping Discount Amount',
  `subtotal_incl_tax` decimal(20,4) DEFAULT NULL COMMENT 'Subtotal Incl Tax',
  `total_due` decimal(20,4) DEFAULT NULL COMMENT 'Total Due',
  `weight` decimal(12,4) DEFAULT NULL COMMENT 'Weight',
  `customer_dob` datetime DEFAULT NULL COMMENT 'Customer Dob',
  `increment_id` varchar(32) DEFAULT NULL COMMENT 'Increment ID',
  `applied_rule_ids` varchar(128) DEFAULT NULL COMMENT 'Applied Rule Ids',
  `base_currency_code` varchar(3) DEFAULT NULL COMMENT 'Base Currency Code',
  `customer_email` varchar(128) DEFAULT NULL COMMENT 'Customer Email',
  `customer_firstname` varchar(128) DEFAULT NULL COMMENT 'Customer Firstname',
  `customer_lastname` varchar(128) DEFAULT NULL COMMENT 'Customer Lastname',
  `customer_middlename` varchar(128) DEFAULT NULL COMMENT 'Customer Middlename',
  `customer_prefix` varchar(32) DEFAULT NULL COMMENT 'Customer Prefix',
  `customer_suffix` varchar(32) DEFAULT NULL COMMENT 'Customer Suffix',
  `customer_taxvat` varchar(32) DEFAULT NULL COMMENT 'Customer Taxvat',
  `discount_description` varchar(255) DEFAULT NULL COMMENT 'Discount Description',
  `ext_customer_id` varchar(32) DEFAULT NULL COMMENT 'Ext Customer ID',
  `ext_order_id` varchar(32) DEFAULT NULL COMMENT 'Ext Order ID',
  `global_currency_code` varchar(3) DEFAULT NULL COMMENT 'Global Currency Code',
  `hold_before_state` varchar(32) DEFAULT NULL COMMENT 'Hold Before State',
  `hold_before_status` varchar(32) DEFAULT NULL COMMENT 'Hold Before Status',
  `order_currency_code` varchar(3) DEFAULT NULL COMMENT 'Order Currency Code',
  `original_increment_id` varchar(32) DEFAULT NULL COMMENT 'Original Increment ID',
  `relation_child_id` varchar(32) DEFAULT NULL COMMENT 'Relation Child ID',
  `relation_child_real_id` varchar(32) DEFAULT NULL COMMENT 'Relation Child Real ID',
  `relation_parent_id` varchar(32) DEFAULT NULL COMMENT 'Relation Parent ID',
  `relation_parent_real_id` varchar(32) DEFAULT NULL COMMENT 'Relation Parent Real ID',
  `remote_ip` varchar(45) DEFAULT NULL COMMENT 'Remote Ip',
  `shipping_method` varchar(120) DEFAULT NULL,
  `store_currency_code` varchar(3) DEFAULT NULL COMMENT 'Store Currency Code',
  `store_name` varchar(255) DEFAULT NULL COMMENT 'Store Name',
  `x_forwarded_for` varchar(255) DEFAULT NULL COMMENT 'X Forwarded For',
  `customer_note` text COMMENT 'Customer Note',
  `created_at` timestamp NOT NULL DEFAULT CURRENT_TIMESTAMP COMMENT 'Created At',
  `updated_at` timestamp NOT NULL DEFAULT CURRENT_TIMESTAMP ON UPDATE CURRENT_TIMESTAMP COMMENT 'Updated At',
  `total_item_count` smallint(5) unsigned NOT NULL DEFAULT '0' COMMENT 'Total Item Count',
  `customer_gender` int(11) DEFAULT NULL COMMENT 'Customer Gender',
  `discount_tax_compensation_amount` decimal(20,4) DEFAULT NULL COMMENT 'Discount Tax Compensation Amount',
  `base_discount_tax_compensation_amount` decimal(20,4) DEFAULT NULL COMMENT 'Base Discount Tax Compensation Amount',
  `shipping_discount_tax_compensation_amount` decimal(20,4) DEFAULT NULL COMMENT 'Shipping Discount Tax Compensation Amount',
  `base_shipping_discount_tax_compensation_amnt` decimal(20,4) DEFAULT NULL COMMENT 'Base Shipping Discount Tax Compensation Amount',
  `discount_tax_compensation_invoiced` decimal(20,4) DEFAULT NULL COMMENT 'Discount Tax Compensation Invoiced',
  `base_discount_tax_compensation_invoiced` decimal(20,4) DEFAULT NULL COMMENT 'Base Discount Tax Compensation Invoiced',
  `discount_tax_compensation_refunded` decimal(20,4) DEFAULT NULL COMMENT 'Discount Tax Compensation Refunded',
  `base_discount_tax_compensation_refunded` decimal(20,4) DEFAULT NULL COMMENT 'Base Discount Tax Compensation Refunded',
  `shipping_incl_tax` decimal(20,4) DEFAULT NULL COMMENT 'Shipping Incl Tax',
  `base_shipping_incl_tax` decimal(20,4) DEFAULT NULL COMMENT 'Base Shipping Incl Tax',
  `coupon_rule_name` varchar(255) DEFAULT NULL COMMENT 'Coupon Sales Rule Name',
  `paypal_ipn_customer_notified` int(11) DEFAULT '0' COMMENT 'Paypal Ipn Customer Notified',
  `gift_message_id` int(11) DEFAULT NULL COMMENT 'Gift Message ID',
  PRIMARY KEY (`entity_id`),
  UNIQUE KEY `SALES_ORDER_INCREMENT_ID_STORE_ID` (`increment_id`,`store_id`),
  KEY `SALES_ORDER_STATUS` (`status`),
  KEY `SALES_ORDER_STATE` (`state`),
  KEY `SALES_ORDER_STORE_ID` (`store_id`),
  KEY `SALES_ORDER_CREATED_AT` (`created_at`),
  KEY `SALES_ORDER_CUSTOMER_ID` (`customer_id`),
  KEY `SALES_ORDER_EXT_ORDER_ID` (`ext_order_id`),
  KEY `SALES_ORDER_QUOTE_ID` (`quote_id`),
  KEY `SALES_ORDER_UPDATED_AT` (`updated_at`),
  KEY `SALES_ORDER_SEND_EMAIL` (`send_email`),
  KEY `SALES_ORDER_EMAIL_SENT` (`email_sent`),
  CONSTRAINT `SALES_ORDER_CUSTOMER_ID_CUSTOMER_ENTITY_ENTITY_ID` FOREIGN KEY (`customer_id`) REFERENCES `customer_entity` (`entity_id`) ON DELETE SET NULL,
  CONSTRAINT `SALES_ORDER_STORE_ID_STORE_STORE_ID` FOREIGN KEY (`store_id`) REFERENCES `store` (`store_id`) ON DELETE SET NULL
) ENGINE=InnoDB AUTO_INCREMENT=40 DEFAULT CHARSET=utf8 COMMENT='Sales Flat Order';

--
-- Dumping data for table `sales_order`
--

INSERT INTO `sales_order` VALUES (1,'new','pending',NULL,'a98165','Flat Rate - Fixed',0,1,NULL,0.0000,NULL,NULL,NULL,330.0000,5.0000,NULL,NULL,NULL,0.0000,NULL,325.0000,NULL,NULL,NULL,0.0000,NULL,NULL,NULL,1.0000,1.0000,NULL,NULL,NULL,NULL,NULL,NULL,NULL,NULL,0.0000,NULL,NULL,NULL,330.0000,5.0000,NULL,NULL,NULL,0.0000,NULL,0.0000,0.0000,325.0000,NULL,NULL,NULL,0.0000,NULL,NULL,NULL,NULL,NULL,NULL,NULL,NULL,1.0000,NULL,NULL,NULL,1,1,2,0,NULL,1,1,NULL,NULL,NULL,25,1,NULL,NULL,NULL,NULL,0.0000,325.0000,330.0000,NULL,0.0000,325.0000,330.0000,1000.0000,NULL,'000000001',NULL,'USD','tuyenpro@gmail.com',NULL,NULL,NULL,NULL,NULL,NULL,NULL,NULL,NULL,'USD',NULL,NULL,'USD',NULL,NULL,NULL,NULL,NULL,'127.0.0.1','flatrate_flatrate','USD','Main Website\r\nMain Website Store',NULL,NULL,'2016-04-17 00:30:10','2016-04-17 00:30:29',1,NULL,0.0000,0.0000,0.0000,NULL,NULL,NULL,NULL,NULL,5.0000,5.0000,NULL,0,NULL),(2,'new','pending',NULL,'203b7f','Flat Rate - Fixed',0,1,NULL,0.0000,NULL,NULL,NULL,437.0000,5.0000,NULL,NULL,NULL,0.0000,NULL,432.0000,NULL,NULL,NULL,0.0000,NULL,NULL,NULL,1.0000,1.0000,NULL,NULL,NULL,NULL,NULL,NULL,NULL,NULL,0.0000,NULL,NULL,NULL,437.0000,5.0000,NULL,NULL,NULL,0.0000,NULL,0.0000,0.0000,432.0000,NULL,NULL,NULL,0.0000,NULL,NULL,NULL,NULL,NULL,NULL,NULL,NULL,1.0000,NULL,NULL,NULL,1,1,4,0,NULL,1,1,NULL,NULL,NULL,34,3,NULL,NULL,NULL,NULL,0.0000,432.0000,437.0000,NULL,0.0000,432.0000,437.0000,1000.0000,NULL,'000000002',NULL,'USD','test@gmail.com',NULL,NULL,NULL,NULL,NULL,NULL,NULL,NULL,NULL,'USD',NULL,NULL,'USD',NULL,NULL,NULL,NULL,NULL,'127.0.0.1','flatrate_flatrate','USD','Main Website\r\nMain Website Store',NULL,NULL,'2016-04-25 05:17:01','2016-04-25 05:17:15',1,NULL,0.0000,0.0000,0.0000,NULL,NULL,NULL,NULL,NULL,5.0000,5.0000,NULL,0,NULL),(3,'new','pending',NULL,'a3f0d3','Flat Rate - Fixed',0,14,NULL,0.0000,NULL,NULL,NULL,702.0000,15.0000,NULL,NULL,NULL,0.0000,NULL,687.0000,NULL,NULL,NULL,0.0000,NULL,NULL,NULL,1.0000,1.0000,NULL,NULL,NULL,NULL,NULL,NULL,NULL,NULL,0.0000,NULL,NULL,NULL,702.0000,15.0000,NULL,NULL,NULL,0.0000,NULL,0.0000,0.0000,687.0000,NULL,NULL,NULL,0.0000,NULL,NULL,NULL,NULL,NULL,NULL,NULL,NULL,3.0000,NULL,NULL,NULL,0,1,6,1,NULL,1,1,NULL,NULL,NULL,43,5,NULL,NULL,NULL,NULL,0.0000,687.0000,702.0000,NULL,0.0000,687.0000,702.0000,2000.0000,NULL,'14000000001',NULL,'USD','milano@gmail.com','Tuyen','Le Quang',NULL,NULL,NULL,NULL,NULL,NULL,NULL,'USD',NULL,NULL,'USD',NULL,NULL,NULL,NULL,NULL,'127.0.0.1','flatrate_flatrate','USD','Main Website\r\nDemo 5\r\nEnglish',NULL,NULL,'2016-08-23 04:39:32','2016-08-23 04:39:48',3,NULL,0.0000,0.0000,0.0000,NULL,NULL,NULL,NULL,NULL,15.0000,15.0000,NULL,0,NULL),(4,'new','pending',NULL,'269196','Flat Rate - Fixed',0,1,NULL,0.0000,NULL,NULL,NULL,704.0000,10.0000,NULL,NULL,NULL,0.0000,NULL,694.0000,NULL,NULL,NULL,0.0000,NULL,NULL,NULL,1.0000,1.0000,NULL,NULL,NULL,NULL,NULL,NULL,NULL,NULL,0.0000,NULL,NULL,NULL,704.0000,10.0000,NULL,NULL,NULL,0.0000,NULL,0.0000,0.0000,694.0000,NULL,NULL,NULL,0.0000,NULL,NULL,NULL,NULL,NULL,NULL,NULL,NULL,2.0000,NULL,NULL,NULL,0,1,8,1,NULL,1,1,NULL,NULL,NULL,49,7,NULL,NULL,NULL,NULL,0.0000,694.0000,704.0000,NULL,0.0000,694.0000,704.0000,2000.0000,NULL,'000000003',NULL,'USD','milano@gmail.com','Tuyen','Le Quang',NULL,NULL,NULL,NULL,NULL,NULL,NULL,'USD',NULL,NULL,'USD',NULL,NULL,NULL,NULL,NULL,'127.0.0.1','flatrate_flatrate','USD','Main Website\r\nDemo 1\r\nEnglish',NULL,NULL,'2017-02-21 02:36:18','2017-02-21 02:36:25',2,NULL,0.0000,0.0000,0.0000,NULL,NULL,NULL,NULL,NULL,10.0000,10.0000,NULL,0,NULL),(5,'new','pending',NULL,'825957','Flat Rate - Fixed',0,1,NULL,0.0000,NULL,NULL,NULL,743.0000,5.0000,NULL,NULL,NULL,0.0000,NULL,738.0000,NULL,NULL,NULL,0.0000,NULL,NULL,NULL,1.0000,1.0000,NULL,NULL,NULL,NULL,NULL,NULL,NULL,NULL,0.0000,NULL,NULL,NULL,743.0000,5.0000,NULL,NULL,NULL,0.0000,NULL,0.0000,0.0000,738.0000,NULL,NULL,NULL,0.0000,NULL,NULL,NULL,NULL,NULL,NULL,NULL,NULL,1.0000,NULL,NULL,NULL,1,1,10,0,NULL,1,1,NULL,NULL,NULL,75,9,NULL,NULL,NULL,NULL,0.0000,738.0000,743.0000,NULL,0.0000,738.0000,743.0000,1000.0000,NULL,'000000004',NULL,'USD','jutescycle@me.com',NULL,NULL,NULL,NULL,NULL,NULL,NULL,NULL,NULL,'USD',NULL,NULL,'USD',NULL,NULL,NULL,NULL,NULL,'80.227.35.26','flatrate_flatrate','USD','Main Website\nDemo 1\nEnglish',NULL,NULL,'2017-04-18 02:56:41','2017-04-18 02:56:42',1,NULL,0.0000,0.0000,0.0000,NULL,NULL,NULL,NULL,NULL,5.0000,5.0000,NULL,0,NULL),(6,'new','pending',NULL,'aed7a7a970ba048d5a219f7c9df8096f','Flat Rate - Fixed',0,16,NULL,0.0000,NULL,NULL,NULL,330.0000,5.0000,NULL,NULL,NULL,0.0000,NULL,325.0000,NULL,NULL,NULL,0.0000,NULL,NULL,NULL,1.0000,1.0000,NULL,NULL,NULL,NULL,NULL,NULL,NULL,NULL,0.0000,NULL,NULL,NULL,330.0000,5.0000,NULL,NULL,NULL,0.0000,NULL,0.0000,0.0000,325.0000,NULL,NULL,NULL,0.0000,NULL,NULL,NULL,NULL,NULL,NULL,NULL,NULL,1.0000,NULL,NULL,NULL,1,1,12,0,NULL,1,1,NULL,NULL,NULL,82,11,NULL,NULL,NULL,NULL,0.0000,325.0000,330.0000,NULL,0.0000,325.0000,330.0000,1000.0000,NULL,'16000000001',NULL,'USD','singhvarun844@gmail.com',NULL,NULL,NULL,NULL,NULL,NULL,NULL,NULL,NULL,'USD',NULL,NULL,'USD',NULL,NULL,NULL,NULL,NULL,'106.223.81.196','flatrate_flatrate','USD','Main Website\nDemo 2\nEnglish',NULL,NULL,'2018-05-23 05:52:58','2018-05-23 05:52:58',1,NULL,0.0000,0.0000,0.0000,0.0000,NULL,NULL,NULL,NULL,5.0000,5.0000,NULL,0,NULL),(7,'new','pending',NULL,'7a5cf77a67748c353960f25735a3f8d7','Flat Rate - Fixed',0,27,NULL,0.0000,NULL,NULL,NULL,65520.0000,2800.0000,NULL,NULL,NULL,0.0000,NULL,62720.0000,NULL,NULL,NULL,0.0000,NULL,NULL,NULL,1.0000,1.0000,NULL,NULL,NULL,NULL,NULL,NULL,NULL,NULL,0.0000,NULL,NULL,NULL,65520.0000,2800.0000,NULL,NULL,NULL,0.0000,NULL,0.0000,0.0000,62720.0000,NULL,NULL,NULL,0.0000,NULL,NULL,NULL,NULL,NULL,NULL,NULL,NULL,560.0000,NULL,NULL,NULL,1,1,14,0,NULL,1,1,NULL,NULL,NULL,92,13,NULL,NULL,NULL,NULL,0.0000,62720.0000,65520.0000,NULL,0.0000,62720.0000,65520.0000,0.0000,NULL,'27000000001',NULL,'USD','admin@gmail.com',NULL,NULL,NULL,NULL,NULL,NULL,NULL,NULL,NULL,'USD',NULL,NULL,'USD',NULL,NULL,NULL,NULL,NULL,'149.28.132.155','flatrate_flatrate','USD','Main Website\nDemo 10\nEnglish',NULL,NULL,'2019-05-28 10:07:15','2019-05-28 10:07:16',1,NULL,0.0000,0.0000,0.0000,0.0000,NULL,NULL,NULL,NULL,2800.0000,2800.0000,NULL,0,NULL),(8,'new','pending',NULL,'35e56a85ad6c061bbe640c8e81ef5a7f','Flat Rate - Fixed',0,27,NULL,0.0000,NULL,NULL,NULL,459900.0000,2250.0000,NULL,NULL,NULL,0.0000,NULL,457650.0000,NULL,NULL,NULL,0.0000,NULL,NULL,NULL,1.0000,1.0000,NULL,NULL,NULL,NULL,NULL,NULL,NULL,NULL,0.0000,NULL,NULL,NULL,459900.0000,2250.0000,NULL,NULL,NULL,0.0000,NULL,0.0000,0.0000,457650.0000,NULL,NULL,NULL,0.0000,NULL,NULL,NULL,NULL,NULL,NULL,NULL,NULL,450.0000,NULL,NULL,NULL,1,1,16,0,NULL,1,1,NULL,NULL,NULL,93,15,NULL,NULL,NULL,NULL,0.0000,457650.0000,459900.0000,NULL,0.0000,457650.0000,459900.0000,450000.0000,NULL,'27000000002',NULL,'USD','admin@gmail.com',NULL,NULL,NULL,NULL,NULL,NULL,NULL,NULL,NULL,'USD',NULL,NULL,'USD',NULL,NULL,NULL,NULL,NULL,'149.28.132.155','flatrate_flatrate','USD','Main Website\nDemo 10\nEnglish',NULL,NULL,'2019-05-29 00:51:12','2019-05-29 00:51:13',1,NULL,0.0000,0.0000,0.0000,0.0000,NULL,NULL,NULL,NULL,2250.0000,2250.0000,NULL,0,NULL),(9,'new','pending',NULL,'7bc2de7e94834d086c94b041470667f2','Flat Rate - Fixed',0,38,NULL,0.0000,NULL,NULL,NULL,113.0000,10.0000,NULL,NULL,NULL,0.0000,NULL,103.0000,NULL,NULL,NULL,0.0000,NULL,NULL,NULL,1.0000,0.7067,NULL,NULL,NULL,NULL,NULL,NULL,NULL,NULL,0.0000,NULL,NULL,NULL,79.8600,7.0700,NULL,NULL,NULL,0.0000,NULL,0.0000,0.0000,72.7900,NULL,NULL,NULL,0.0000,NULL,NULL,NULL,NULL,NULL,NULL,NULL,NULL,2.0000,NULL,NULL,NULL,1,1,18,0,NULL,1,1,NULL,NULL,NULL,126,17,NULL,NULL,NULL,NULL,0.0000,103.0000,113.0000,NULL,0.0000,72.7900,79.8600,0.0000,NULL,'38000000001',NULL,'USD','postmaster@hemplaza.eu','tet','test',NULL,NULL,NULL,NULL,NULL,NULL,NULL,'USD',NULL,NULL,'EUR',NULL,NULL,NULL,NULL,NULL,'146.0.189.49','flatrate_flatrate','USD','Main Website\nDemo 16\nEnglish','146.0.189.49',NULL,'2020-03-21 13:03:47','2020-03-21 13:03:48',2,NULL,0.0000,0.0000,0.0000,0.0000,NULL,NULL,NULL,NULL,7.0700,10.0000,NULL,0,NULL),(10,'new','pending',NULL,'8a1998957fc27793eaa923694ca1a901','Flat Rate - Fixed',0,27,NULL,0.0000,NULL,NULL,NULL,160.0000,10.0000,NULL,NULL,NULL,0.0000,NULL,150.0000,NULL,NULL,NULL,0.0000,NULL,NULL,NULL,1.0000,1.0000,NULL,NULL,NULL,NULL,NULL,NULL,NULL,NULL,0.0000,NULL,NULL,NULL,160.0000,10.0000,NULL,NULL,NULL,0.0000,NULL,0.0000,0.0000,150.0000,NULL,NULL,NULL,0.0000,NULL,NULL,NULL,NULL,NULL,NULL,NULL,NULL,2.0000,NULL,NULL,NULL,1,1,20,0,NULL,1,1,NULL,NULL,NULL,247,19,NULL,NULL,NULL,NULL,0.0000,150.0000,160.0000,NULL,0.0000,150.0000,160.0000,0.0000,NULL,'27000000003',NULL,'USD','adada@dsf.ig','ffwef','ewfwFE',NULL,NULL,NULL,NULL,NULL,NULL,NULL,'USD',NULL,NULL,'USD',NULL,NULL,NULL,NULL,NULL,'194.39.218.10','flatrate_flatrate','USD','Main Website\nDemo 10\nEnglish','194.39.218.10',NULL,'2020-04-12 14:10:39','2020-04-12 14:10:40',1,NULL,0.0000,0.0000,0.0000,0.0000,NULL,NULL,NULL,NULL,10.0000,10.0000,NULL,0,NULL),(11,'new','pending',NULL,'d1f25ce9aa0b7160a9d3d0d3e700f38e','Flat Rate - Fixed',0,1,140,0.0000,NULL,NULL,NULL,35294.0000,450.0000,NULL,NULL,NULL,0.0000,NULL,34844.0000,NULL,NULL,NULL,0.0000,NULL,NULL,NULL,1.0000,1.0000,NULL,NULL,NULL,NULL,NULL,NULL,NULL,NULL,0.0000,NULL,NULL,NULL,35294.0000,450.0000,NULL,NULL,NULL,0.0000,NULL,0.0000,0.0000,34844.0000,NULL,NULL,NULL,0.0000,NULL,NULL,NULL,NULL,NULL,NULL,NULL,NULL,90.0000,NULL,NULL,NULL,0,1,22,1,NULL,1,1,NULL,NULL,NULL,290,21,NULL,NULL,NULL,NULL,0.0000,34844.0000,35294.0000,NULL,0.0000,34844.0000,35294.0000,90000.0000,NULL,'000000005',NULL,'USD','test@gmail.com','Nguyen','Dong',NULL,NULL,NULL,NULL,NULL,NULL,NULL,'USD',NULL,NULL,'USD',NULL,NULL,NULL,NULL,NULL,'149.28.132.155','flatrate_flatrate','USD','Main Website\nDemo 1\nEnglish','113.20.98.96',NULL,'2020-04-20 06:42:24','2020-04-20 06:42:24',2,NULL,0.0000,0.0000,0.0000,0.0000,NULL,NULL,NULL,NULL,450.0000,450.0000,NULL,0,NULL),(12,'new','pending',NULL,'21732ffd965bb3a62e7a17ee1ac8e44b','Flat Rate - Fixed',0,1,140,0.0000,NULL,NULL,NULL,13759.0000,470.0000,NULL,NULL,NULL,0.0000,NULL,13289.0000,NULL,NULL,NULL,0.0000,NULL,NULL,NULL,1.0000,1.0000,NULL,NULL,NULL,NULL,NULL,NULL,NULL,NULL,0.0000,NULL,NULL,NULL,13759.0000,470.0000,NULL,NULL,NULL,0.0000,NULL,0.0000,0.0000,13289.0000,NULL,NULL,NULL,0.0000,NULL,NULL,NULL,NULL,NULL,NULL,NULL,NULL,94.0000,NULL,NULL,NULL,0,1,24,1,NULL,1,1,NULL,NULL,NULL,291,23,NULL,NULL,NULL,NULL,0.0000,13289.0000,13759.0000,NULL,0.0000,13289.0000,13759.0000,92000.0000,NULL,'000000006',NULL,'USD','test@gmail.com','Nguyen','Dong',NULL,NULL,NULL,NULL,NULL,NULL,NULL,'USD',NULL,NULL,'USD',NULL,NULL,NULL,NULL,NULL,'149.28.132.155','flatrate_flatrate','USD','Main Website\nDemo 1\nEnglish','113.20.98.96',NULL,'2020-04-20 15:15:09','2020-04-20 15:15:09',5,NULL,0.0000,0.0000,0.0000,0.0000,NULL,NULL,NULL,NULL,470.0000,470.0000,NULL,0,NULL),(13,'new','pending',NULL,'605e983f14c1c093cd5cfd932cf72d8f','Flat Rate - Fixed',0,27,NULL,0.0000,NULL,NULL,NULL,80.0000,5.0000,NULL,NULL,NULL,0.0000,NULL,75.0000,NULL,NULL,NULL,0.0000,NULL,NULL,NULL,1.0000,1.0000,NULL,NULL,NULL,NULL,NULL,NULL,NULL,NULL,0.0000,NULL,NULL,NULL,80.0000,5.0000,NULL,NULL,NULL,0.0000,NULL,0.0000,0.0000,75.0000,NULL,NULL,NULL,0.0000,NULL,NULL,NULL,NULL,NULL,NULL,NULL,NULL,1.0000,NULL,NULL,NULL,1,1,26,0,NULL,1,1,NULL,NULL,NULL,324,25,NULL,NULL,NULL,NULL,0.0000,75.0000,80.0000,NULL,0.0000,75.0000,80.0000,0.0000,NULL,'27000000004',NULL,'USD','lauri@ids.ee','dfsgdgfs','dfsgdgfs',NULL,NULL,NULL,NULL,NULL,NULL,NULL,'USD',NULL,NULL,'USD',NULL,NULL,NULL,NULL,NULL,'83.166.39.226','flatrate_flatrate','USD','Main Website\nDemo 10\nEnglish','83.166.39.226',NULL,'2020-04-24 10:48:46','2020-04-24 10:48:47',1,NULL,0.0000,0.0000,0.0000,0.0000,NULL,NULL,NULL,NULL,5.0000,5.0000,NULL,0,NULL),(14,'new','pending',NULL,'1c13184892bc15e57154686425109c75','Flat Rate - Fixed',0,1,NULL,0.0000,NULL,NULL,NULL,50.0000,10.0000,NULL,NULL,NULL,0.0000,NULL,40.0000,NULL,NULL,NULL,0.0000,NULL,NULL,NULL,1.0000,1.0000,NULL,NULL,NULL,NULL,NULL,NULL,NULL,NULL,0.0000,NULL,NULL,NULL,50.0000,10.0000,NULL,NULL,NULL,0.0000,NULL,0.0000,0.0000,40.0000,NULL,NULL,NULL,0.0000,NULL,NULL,NULL,NULL,NULL,NULL,NULL,NULL,2.0000,NULL,NULL,NULL,1,1,28,0,NULL,1,1,NULL,NULL,NULL,341,27,NULL,NULL,NULL,NULL,0.0000,40.0000,50.0000,NULL,0.0000,40.0000,50.0000,0.0000,NULL,'000000007',NULL,'USD','krutoymax@hotmail.com','Max','Popoff',NULL,NULL,NULL,NULL,NULL,NULL,NULL,'USD',NULL,NULL,'USD',NULL,NULL,NULL,NULL,NULL,'152.231.224.54','flatrate_flatrate','USD','Main Website\nDemo 1\nEnglish','152.231.224.54',NULL,'2020-04-26 22:24:41','2020-04-26 22:24:42',1,NULL,0.0000,0.0000,0.0000,0.0000,NULL,NULL,NULL,NULL,10.0000,10.0000,NULL,0,NULL),(15,'new','pending',NULL,'f50c16cdcdd5e8df9b5296824c78d37a',NULL,1,1,NULL,0.0000,NULL,NULL,NULL,89.0000,0.0000,NULL,NULL,NULL,0.0000,NULL,89.0000,NULL,NULL,NULL,0.0000,NULL,NULL,NULL,1.0000,1.0000,NULL,NULL,NULL,NULL,NULL,NULL,NULL,NULL,0.0000,NULL,NULL,NULL,89.0000,0.0000,NULL,NULL,NULL,0.0000,NULL,0.0000,0.0000,89.0000,NULL,NULL,NULL,0.0000,NULL,NULL,NULL,NULL,NULL,NULL,NULL,NULL,1.0000,NULL,NULL,NULL,1,1,29,0,NULL,1,1,NULL,NULL,NULL,355,NULL,NULL,NULL,NULL,NULL,0.0000,89.0000,89.0000,NULL,0.0000,89.0000,89.0000,0.0000,NULL,'000000008',NULL,'USD','maysamtibaa@gmail.com','المطيبع','ميساء',NULL,NULL,NULL,NULL,NULL,NULL,NULL,'USD',NULL,NULL,'USD',NULL,NULL,NULL,NULL,NULL,'197.15.62.7',NULL,'USD','Main Website\nDemo 1\nEnglish','197.15.62.7',NULL,'2020-04-27 22:19:13','2020-04-27 22:19:13',1,NULL,0.0000,0.0000,0.0000,0.0000,NULL,NULL,NULL,NULL,0.0000,0.0000,NULL,0,NULL),(16,'new','pending',NULL,'67b3c62d417ca79572d9fa7dd9cbf71a','Flat Rate - Fixed',0,1,NULL,0.0000,NULL,NULL,NULL,139.0000,5.0000,NULL,NULL,NULL,0.0000,NULL,134.0000,NULL,NULL,NULL,0.0000,NULL,NULL,NULL,1.0000,1.0000,NULL,NULL,NULL,NULL,NULL,NULL,NULL,NULL,0.0000,NULL,NULL,NULL,139.0000,5.0000,NULL,NULL,NULL,0.0000,NULL,0.0000,0.0000,134.0000,NULL,NULL,NULL,0.0000,NULL,NULL,NULL,NULL,NULL,NULL,NULL,NULL,1.0000,NULL,NULL,NULL,1,1,31,0,NULL,1,1,NULL,NULL,NULL,369,30,NULL,NULL,NULL,NULL,0.0000,134.0000,139.0000,NULL,0.0000,134.0000,139.0000,1000.0000,NULL,'000000009',NULL,'USD','paulo@paulo.com','paulo','paulo',NULL,NULL,NULL,NULL,NULL,NULL,NULL,'USD',NULL,NULL,'USD',NULL,NULL,NULL,NULL,NULL,'179.215.180.145','flatrate_flatrate','USD','Main Website\nDemo 1\nEnglish','179.215.180.145',NULL,'2020-04-29 13:27:47','2020-04-29 13:27:48',1,NULL,0.0000,0.0000,0.0000,0.0000,NULL,NULL,NULL,NULL,5.0000,5.0000,NULL,0,NULL),(17,'new','pending',NULL,'3d2bb89a7e81ceb493adc41b6724380a','Flat Rate - Fixed',0,16,NULL,0.0000,NULL,NULL,NULL,810.0000,10.0000,NULL,NULL,NULL,0.0000,NULL,800.0000,NULL,NULL,NULL,0.0000,NULL,NULL,NULL,1.0000,1.0000,NULL,NULL,NULL,NULL,NULL,NULL,NULL,NULL,0.0000,NULL,NULL,NULL,810.0000,10.0000,NULL,NULL,NULL,0.0000,NULL,0.0000,0.0000,800.0000,NULL,NULL,NULL,0.0000,NULL,NULL,NULL,NULL,NULL,NULL,NULL,NULL,2.0000,NULL,NULL,NULL,1,1,33,0,NULL,1,1,NULL,NULL,NULL,496,32,NULL,NULL,NULL,NULL,0.0000,800.0000,810.0000,NULL,0.0000,800.0000,810.0000,2000.0000,NULL,'16000000002',NULL,'USD','selvarajmca.k@gmail.com','Selvaraj','Kuppusamy',NULL,NULL,NULL,NULL,NULL,NULL,NULL,'USD',NULL,NULL,'USD',NULL,NULL,NULL,NULL,NULL,'157.50.101.63','flatrate_flatrate','USD','Main Website\nDemo 2\nEnglish','157.50.101.63',NULL,'2020-06-22 12:25:16','2020-06-22 12:25:17',1,NULL,0.0000,0.0000,0.0000,0.0000,NULL,NULL,NULL,NULL,10.0000,10.0000,NULL,0,NULL),(18,'new','pending',NULL,'18562be96ea6cf4cea0ce5850e740537','Flat Rate - Fixed',0,1,NULL,0.0000,NULL,NULL,NULL,330.0000,5.0000,NULL,NULL,NULL,0.0000,NULL,325.0000,NULL,NULL,NULL,0.0000,NULL,NULL,NULL,1.0000,1.0000,NULL,NULL,NULL,NULL,NULL,NULL,NULL,NULL,0.0000,NULL,NULL,NULL,330.0000,5.0000,NULL,NULL,NULL,0.0000,NULL,0.0000,0.0000,325.0000,NULL,NULL,NULL,0.0000,NULL,NULL,NULL,NULL,NULL,NULL,NULL,NULL,1.0000,NULL,NULL,NULL,1,1,35,0,NULL,1,1,NULL,NULL,NULL,579,34,NULL,NULL,NULL,NULL,0.0000,325.0000,330.0000,NULL,0.0000,325.0000,330.0000,1000.0000,NULL,'000000010',NULL,'USD','online@thechennaisilks.com','Karthikeyan','S',NULL,NULL,NULL,NULL,NULL,NULL,NULL,'USD',NULL,NULL,'USD',NULL,NULL,NULL,NULL,NULL,'103.125.155.2','flatrate_flatrate','USD','Main Website\nDemo 1\nEnglish','103.125.155.2',NULL,'2020-07-11 09:15:15','2020-07-11 09:15:15',1,NULL,0.0000,0.0000,0.0000,0.0000,NULL,NULL,NULL,NULL,5.0000,5.0000,NULL,0,NULL),(19,'new','pending',NULL,'b7906bf7a61ac9630ce75af6057d903d','Flat Rate - Fixed',0,37,NULL,0.0000,NULL,NULL,NULL,64.0000,5.0000,NULL,NULL,NULL,0.0000,NULL,59.0000,NULL,NULL,NULL,0.0000,NULL,NULL,NULL,1.0000,1.0000,NULL,NULL,NULL,NULL,NULL,NULL,NULL,NULL,0.0000,NULL,NULL,NULL,64.0000,5.0000,NULL,NULL,NULL,0.0000,NULL,0.0000,0.0000,59.0000,NULL,NULL,NULL,0.0000,NULL,NULL,NULL,NULL,NULL,NULL,NULL,NULL,1.0000,NULL,NULL,NULL,1,1,37,0,NULL,1,1,NULL,NULL,NULL,583,36,NULL,NULL,NULL,NULL,0.0000,59.0000,64.0000,NULL,0.0000,59.0000,64.0000,0.0000,NULL,'37000000001',NULL,'USD','anujrishi@yahoo.com','Web','Thinkers',NULL,NULL,NULL,NULL,NULL,NULL,NULL,'USD',NULL,NULL,'USD',NULL,NULL,NULL,NULL,NULL,'122.173.111.174','flatrate_flatrate','USD','Main Website\nDemo 15\nEnglish 15','122.173.111.174',NULL,'2020-07-12 12:01:26','2020-07-12 12:01:26',1,NULL,0.0000,0.0000,0.0000,0.0000,NULL,NULL,NULL,NULL,5.0000,5.0000,NULL,0,NULL),(20,'new','pending',NULL,'b8d86b077043ae6b461f00e2242abb83','Flat Rate - Fixed',0,1,NULL,0.0000,NULL,NULL,NULL,405.0000,5.0000,NULL,NULL,NULL,0.0000,NULL,400.0000,NULL,NULL,NULL,0.0000,NULL,NULL,NULL,1.0000,1.0000,NULL,NULL,NULL,NULL,NULL,NULL,NULL,NULL,0.0000,NULL,NULL,NULL,405.0000,5.0000,NULL,NULL,NULL,0.0000,NULL,0.0000,0.0000,400.0000,NULL,NULL,NULL,0.0000,NULL,NULL,NULL,NULL,NULL,NULL,NULL,NULL,1.0000,NULL,NULL,NULL,1,1,39,0,NULL,1,1,NULL,NULL,NULL,599,38,NULL,NULL,NULL,NULL,0.0000,400.0000,405.0000,NULL,0.0000,400.0000,405.0000,1000.0000,NULL,'000000011',NULL,'USD','ourour@hotmail.com','poiuwer','poqiweur',NULL,NULL,NULL,NULL,NULL,NULL,NULL,'USD',NULL,NULL,'USD',NULL,NULL,NULL,NULL,NULL,'82.34.154.27','flatrate_flatrate','USD','Main Website\nDemo 1\nEnglish','82.34.154.27',NULL,'2020-07-17 22:22:53','2020-07-17 22:22:53',1,NULL,0.0000,0.0000,0.0000,0.0000,NULL,NULL,NULL,NULL,5.0000,5.0000,NULL,0,NULL),(21,'new','pending',NULL,'80197f49ad5416c3db3321a65b553564','Flat Rate - Fixed',0,37,NULL,0.0000,NULL,NULL,NULL,64.0000,5.0000,NULL,NULL,NULL,0.0000,NULL,59.0000,NULL,NULL,NULL,0.0000,NULL,NULL,NULL,1.0000,1.0000,NULL,NULL,NULL,NULL,NULL,NULL,NULL,NULL,0.0000,NULL,NULL,NULL,64.0000,5.0000,NULL,NULL,NULL,0.0000,NULL,0.0000,0.0000,59.0000,NULL,NULL,NULL,0.0000,NULL,NULL,NULL,NULL,NULL,NULL,NULL,NULL,1.0000,NULL,NULL,NULL,1,1,41,0,NULL,1,1,NULL,NULL,NULL,612,40,NULL,NULL,NULL,NULL,0.0000,59.0000,64.0000,NULL,0.0000,59.0000,64.0000,0.0000,NULL,'37000000002',NULL,'USD','martkto@yopmail.com','aaa','aaa',NULL,NULL,NULL,NULL,NULL,NULL,NULL,'USD',NULL,NULL,'USD',NULL,NULL,NULL,NULL,NULL,'90.103.156.253','flatrate_flatrate','USD','Main Website\nDemo 15\nEnglish 15','90.103.156.253',NULL,'2020-07-23 10:10:03','2020-07-23 10:10:03',1,NULL,0.0000,0.0000,0.0000,0.0000,NULL,NULL,NULL,NULL,5.0000,5.0000,NULL,0,NULL),(22,'new','pending',NULL,'886ef9653a1b52778d66f6cd860ce00a','Flat Rate - Fixed',0,27,NULL,0.0000,NULL,NULL,NULL,37.0000,5.0000,NULL,NULL,NULL,0.0000,NULL,32.0000,NULL,NULL,NULL,0.0000,NULL,NULL,NULL,1.0000,1.0000,NULL,NULL,NULL,NULL,NULL,NULL,NULL,NULL,0.0000,NULL,NULL,NULL,37.0000,5.0000,NULL,NULL,NULL,0.0000,NULL,0.0000,0.0000,32.0000,NULL,NULL,NULL,0.0000,NULL,NULL,NULL,NULL,NULL,NULL,NULL,NULL,1.0000,NULL,NULL,NULL,1,1,43,0,NULL,1,1,NULL,NULL,NULL,651,42,NULL,NULL,NULL,NULL,0.0000,32.0000,37.0000,NULL,0.0000,32.0000,37.0000,0.0000,NULL,'27000000005',NULL,'USD','psjallah1@gmail.com','parvinder','singh',NULL,NULL,NULL,NULL,NULL,NULL,NULL,'USD',NULL,NULL,'USD',NULL,NULL,NULL,NULL,NULL,'2409:4055:696:ef3f:d976:25b3:8be0:2c17','flatrate_flatrate','USD','Main Website\nDemo 10\nEnglish 10','2409:4055:696:ef3f:d976:25b3:8be',NULL,'2020-08-07 17:47:49','2020-08-07 17:47:49',1,NULL,0.0000,0.0000,0.0000,0.0000,NULL,NULL,NULL,NULL,5.0000,5.0000,NULL,0,NULL),(23,'new','pending',NULL,'b099d6397d2d4c1fce3d823212c7a82f','Flat Rate - Fixed',0,1,NULL,0.0000,NULL,NULL,NULL,139.0000,5.0000,NULL,NULL,NULL,0.0000,NULL,134.0000,NULL,NULL,NULL,0.0000,NULL,NULL,NULL,1.0000,1.0000,NULL,NULL,NULL,NULL,NULL,NULL,NULL,NULL,0.0000,NULL,NULL,NULL,139.0000,5.0000,NULL,NULL,NULL,0.0000,NULL,0.0000,0.0000,134.0000,NULL,NULL,NULL,0.0000,NULL,NULL,NULL,NULL,NULL,NULL,NULL,NULL,1.0000,NULL,NULL,NULL,1,1,45,0,NULL,1,1,NULL,NULL,NULL,659,44,NULL,NULL,NULL,NULL,0.0000,134.0000,139.0000,NULL,0.0000,134.0000,139.0000,1000.0000,NULL,'000000012',NULL,'USD','navdip@gmail.com','Joao','Castro',NULL,NULL,NULL,NULL,NULL,NULL,NULL,'USD',NULL,NULL,'USD',NULL,NULL,NULL,NULL,NULL,'171.60.171.221','flatrate_flatrate','USD','Main Website\nDemo 1\nEnglish','171.60.171.221',NULL,'2020-08-12 12:44:22','2020-08-12 12:44:22',1,NULL,0.0000,0.0000,0.0000,0.0000,NULL,NULL,NULL,NULL,5.0000,5.0000,NULL,0,NULL),(24,'new','pending',NULL,'59ca302cb71a7eb86018fe492702d62c','Flat Rate - Fixed',0,18,NULL,0.0000,NULL,NULL,NULL,27.5700,5.0000,NULL,NULL,NULL,0.0000,NULL,22.5700,NULL,NULL,NULL,0.0000,NULL,NULL,NULL,1.0000,1.0000,NULL,NULL,NULL,NULL,NULL,NULL,NULL,NULL,0.0000,NULL,NULL,NULL,27.5700,5.0000,NULL,NULL,NULL,0.0000,NULL,0.0000,0.0000,22.5700,NULL,NULL,NULL,0.0000,NULL,NULL,NULL,NULL,NULL,NULL,NULL,NULL,1.0000,NULL,NULL,NULL,1,1,47,0,NULL,1,1,NULL,NULL,NULL,730,46,NULL,NULL,NULL,NULL,0.0000,22.5700,27.5700,NULL,0.0000,22.5700,27.5700,0.0000,NULL,'18000000001',NULL,'USD','admin@example.com','ALI','AWAAD',NULL,NULL,NULL,NULL,NULL,NULL,NULL,'USD',NULL,NULL,'USD',NULL,NULL,NULL,NULL,NULL,'45.243.238.177','flatrate_flatrate','USD','Main Website\nDemo 1\nArabic','45.243.238.177',NULL,'2020-09-16 12:01:44','2020-09-16 12:01:45',1,NULL,0.0000,0.0000,0.0000,0.0000,NULL,NULL,NULL,NULL,5.0000,5.0000,NULL,0,NULL),(25,'new','pending',NULL,'64238287386804e768a86d124d96a2b1','Flat Rate - Fixed',0,14,NULL,0.0000,NULL,NULL,NULL,218.0000,5.0000,NULL,NULL,NULL,0.0000,NULL,213.0000,NULL,NULL,NULL,0.0000,NULL,NULL,NULL,1.0000,1.0000,NULL,NULL,NULL,NULL,NULL,NULL,NULL,NULL,0.0000,NULL,NULL,NULL,218.0000,5.0000,NULL,NULL,NULL,0.0000,NULL,0.0000,0.0000,213.0000,NULL,NULL,NULL,0.0000,NULL,NULL,NULL,NULL,NULL,NULL,NULL,NULL,1.0000,NULL,NULL,NULL,1,1,49,0,NULL,1,1,NULL,NULL,NULL,748,48,NULL,NULL,NULL,NULL,0.0000,213.0000,218.0000,NULL,0.0000,213.0000,218.0000,1000.0000,NULL,'14000000002',NULL,'USD','test@test.com','Hhh','Njjj',NULL,NULL,NULL,NULL,NULL,NULL,NULL,'USD',NULL,NULL,'USD',NULL,NULL,NULL,NULL,NULL,'176.240.29.40','flatrate_flatrate','USD','Main Website\nDemo 5\nEnglish 5','176.240.29.40',NULL,'2020-09-21 12:58:20','2020-09-21 12:58:20',1,NULL,0.0000,0.0000,0.0000,0.0000,NULL,NULL,NULL,NULL,5.0000,5.0000,NULL,0,NULL),(26,'new','pending',NULL,'369c65db724bfca5749e72c94c82f62a','Flat Rate - Fixed',0,4,NULL,0.0000,NULL,NULL,NULL,60.0000,5.0000,NULL,NULL,NULL,0.0000,NULL,55.0000,NULL,NULL,NULL,0.0000,NULL,NULL,NULL,1.0000,1.0000,NULL,NULL,NULL,NULL,NULL,NULL,NULL,NULL,0.0000,NULL,NULL,NULL,60.0000,5.0000,NULL,NULL,NULL,0.0000,NULL,0.0000,0.0000,55.0000,NULL,NULL,NULL,0.0000,NULL,NULL,NULL,NULL,NULL,NULL,NULL,NULL,1.0000,NULL,NULL,NULL,1,1,51,0,NULL,1,1,NULL,NULL,NULL,751,50,NULL,NULL,NULL,NULL,0.0000,55.0000,60.0000,NULL,0.0000,55.0000,60.0000,0.0000,NULL,'4000000001',NULL,'USD','sas@dds.com','dsd','dsds',NULL,NULL,NULL,NULL,NULL,NULL,NULL,'USD',NULL,NULL,'USD',NULL,NULL,NULL,NULL,NULL,'123.201.94.239','flatrate_flatrate','USD','Main Website\nDemo 3\nEnglish 3','123.201.94.239',NULL,'2020-09-24 05:42:00','2020-09-24 05:42:01',1,NULL,0.0000,0.0000,0.0000,0.0000,NULL,NULL,NULL,NULL,5.0000,5.0000,NULL,0,NULL),(27,'new','pending',NULL,'8585412bf83a137992bf9a09a3a6e841','Flat Rate - Fixed',0,1,NULL,0.0000,NULL,NULL,NULL,1306.0000,10.0000,NULL,NULL,NULL,0.0000,NULL,1296.0000,NULL,NULL,NULL,0.0000,NULL,NULL,NULL,1.0000,1.0000,NULL,NULL,NULL,NULL,NULL,NULL,NULL,NULL,0.0000,NULL,NULL,NULL,1306.0000,10.0000,NULL,NULL,NULL,0.0000,NULL,0.0000,0.0000,1296.0000,NULL,NULL,NULL,0.0000,NULL,NULL,NULL,NULL,NULL,NULL,NULL,NULL,2.0000,NULL,NULL,NULL,1,1,53,0,NULL,1,1,NULL,NULL,NULL,766,52,NULL,NULL,NULL,NULL,0.0000,1296.0000,1306.0000,NULL,0.0000,1296.0000,1306.0000,2000.0000,NULL,'000000013',NULL,'USD','ashwini.reddy@esegna.com','ashwini','r',NULL,NULL,NULL,NULL,NULL,NULL,NULL,'USD',NULL,NULL,'USD',NULL,NULL,NULL,NULL,NULL,'183.83.146.57','flatrate_flatrate','USD','Main Website\nDemo 1\nEnglish','183.83.146.57',NULL,'2020-10-01 10:05:50','2020-10-01 10:05:50',1,NULL,0.0000,0.0000,0.0000,0.0000,NULL,NULL,NULL,NULL,10.0000,10.0000,NULL,0,NULL),(28,'new','pending',NULL,'dd4cbaaca68de90c39aa174068799a08','Flat Rate - Fixed',0,1,NULL,0.0000,NULL,NULL,NULL,80.0000,5.0000,NULL,NULL,NULL,0.0000,NULL,75.0000,NULL,NULL,NULL,0.0000,NULL,NULL,NULL,1.0000,1.0000,NULL,NULL,NULL,NULL,NULL,NULL,NULL,NULL,0.0000,NULL,NULL,NULL,80.0000,5.0000,NULL,NULL,NULL,0.0000,NULL,0.0000,0.0000,75.0000,NULL,NULL,NULL,0.0000,NULL,NULL,NULL,NULL,NULL,NULL,NULL,NULL,1.0000,NULL,NULL,NULL,1,1,55,0,NULL,1,1,NULL,NULL,NULL,767,54,NULL,NULL,NULL,NULL,0.0000,75.0000,80.0000,NULL,0.0000,75.0000,80.0000,0.0000,NULL,'000000014',NULL,'USD','ashwini.reddy@esegna.com','ashwini','r',NULL,NULL,NULL,NULL,NULL,NULL,NULL,'USD',NULL,NULL,'USD',NULL,NULL,NULL,NULL,NULL,'183.83.146.57','flatrate_flatrate','USD','Main Website\nDemo 1\nEnglish','183.83.146.57',NULL,'2020-10-01 10:12:57','2020-10-01 10:12:57',1,NULL,0.0000,0.0000,0.0000,0.0000,NULL,NULL,NULL,NULL,5.0000,5.0000,NULL,0,NULL),(29,'new','pending',NULL,'cb90d94cd6ffed42f196fffaafe428c9','Flat Rate - Fixed',0,1,NULL,0.0000,NULL,NULL,NULL,25.0000,5.0000,NULL,NULL,NULL,0.0000,NULL,20.0000,NULL,NULL,NULL,0.0000,NULL,NULL,NULL,1.0000,1.0000,NULL,NULL,NULL,NULL,NULL,NULL,NULL,NULL,0.0000,NULL,NULL,NULL,25.0000,5.0000,NULL,NULL,NULL,0.0000,NULL,0.0000,0.0000,20.0000,NULL,NULL,NULL,0.0000,NULL,NULL,NULL,NULL,NULL,NULL,NULL,NULL,1.0000,NULL,NULL,NULL,1,1,57,0,NULL,1,1,NULL,NULL,NULL,777,56,NULL,NULL,NULL,NULL,0.0000,20.0000,25.0000,NULL,0.0000,20.0000,25.0000,0.0000,NULL,'000000015',NULL,'USD','ashwini.reddy@esegna.com','ashwini','r',NULL,NULL,NULL,NULL,NULL,NULL,NULL,'USD',NULL,NULL,'USD',NULL,NULL,NULL,NULL,NULL,'183.83.146.192','flatrate_flatrate','USD','Main Website\nDemo 1\nEnglish','183.83.146.192',NULL,'2020-10-05 07:08:48','2020-10-05 07:08:48',1,NULL,0.0000,0.0000,0.0000,0.0000,NULL,NULL,NULL,NULL,5.0000,5.0000,NULL,0,NULL),(30,'new','pending',NULL,'b26b21aa20309d7c9401616fe7ccdd04','Flat Rate - Fixed',0,1,NULL,0.0000,NULL,NULL,NULL,139.0000,5.0000,NULL,NULL,NULL,0.0000,NULL,134.0000,NULL,NULL,NULL,0.0000,NULL,NULL,NULL,1.0000,1.0000,NULL,NULL,NULL,NULL,NULL,NULL,NULL,NULL,0.0000,NULL,NULL,NULL,139.0000,5.0000,NULL,NULL,NULL,0.0000,NULL,0.0000,0.0000,134.0000,NULL,NULL,NULL,0.0000,NULL,NULL,NULL,NULL,NULL,NULL,NULL,NULL,1.0000,NULL,NULL,NULL,1,1,59,0,NULL,1,1,NULL,NULL,NULL,778,58,NULL,NULL,NULL,NULL,0.0000,134.0000,139.0000,NULL,0.0000,134.0000,139.0000,1000.0000,NULL,'000000016',NULL,'USD','ashwini.reddy@esegna.com','ashwini','r',NULL,NULL,NULL,NULL,NULL,NULL,NULL,'USD',NULL,NULL,'USD',NULL,NULL,NULL,NULL,NULL,'183.83.146.192','flatrate_flatrate','USD','Main Website\nDemo 1\nEnglish','183.83.146.192',NULL,'2020-10-05 07:10:30','2020-10-05 07:10:30',1,NULL,0.0000,0.0000,0.0000,0.0000,NULL,NULL,NULL,NULL,5.0000,5.0000,NULL,0,NULL),(31,'new','pending',NULL,'4f6ecfd74d6f668ad893a5a7f3555ebf','Flat Rate - Fixed',0,4,NULL,0.0000,NULL,NULL,NULL,37.0000,5.0000,NULL,NULL,NULL,0.0000,NULL,32.0000,NULL,NULL,NULL,0.0000,NULL,NULL,NULL,1.0000,1.0000,NULL,NULL,NULL,NULL,NULL,NULL,NULL,NULL,0.0000,NULL,NULL,NULL,37.0000,5.0000,NULL,NULL,NULL,0.0000,NULL,0.0000,0.0000,32.0000,NULL,NULL,NULL,0.0000,NULL,NULL,NULL,NULL,NULL,NULL,NULL,NULL,1.0000,NULL,NULL,NULL,1,1,61,0,NULL,1,1,NULL,NULL,NULL,797,60,NULL,NULL,NULL,NULL,0.0000,32.0000,37.0000,NULL,0.0000,32.0000,37.0000,0.0000,NULL,'4000000002',NULL,'USD','ghgjghfghjh@ksjkshskj.com','sldjkfskfhk','skfksfhskjdh',NULL,NULL,NULL,NULL,NULL,NULL,NULL,'USD',NULL,NULL,'USD',NULL,NULL,NULL,NULL,NULL,'149.28.40.13','flatrate_flatrate','USD','Main Website\nDemo 3\nEnglish 3','2806:104e:1a:22cd:600a:95a8:6168',NULL,'2020-10-13 02:05:58','2020-10-13 02:05:58',1,NULL,0.0000,0.0000,0.0000,0.0000,NULL,NULL,NULL,NULL,5.0000,5.0000,NULL,0,NULL),(32,'new','pending',NULL,'0860dff52c2538cbf20b389d11902298','Flat Rate - Fixed',0,8,271,0.0000,NULL,NULL,NULL,80.0000,5.0000,NULL,NULL,NULL,0.0000,NULL,75.0000,NULL,NULL,NULL,0.0000,NULL,NULL,NULL,1.0000,1.0000,NULL,NULL,NULL,NULL,NULL,NULL,NULL,NULL,0.0000,NULL,NULL,NULL,80.0000,5.0000,NULL,NULL,NULL,0.0000,NULL,0.0000,0.0000,75.0000,NULL,NULL,NULL,0.0000,NULL,NULL,NULL,NULL,NULL,NULL,NULL,NULL,1.0000,NULL,NULL,NULL,0,1,63,1,NULL,1,1,NULL,NULL,NULL,811,62,NULL,NULL,NULL,NULL,0.0000,75.0000,80.0000,NULL,0.0000,75.0000,80.0000,0.0000,NULL,'8000000001',NULL,'USD','oxxygen97@gmail.com','test','test',NULL,NULL,NULL,NULL,NULL,NULL,NULL,'USD',NULL,NULL,'USD',NULL,NULL,NULL,NULL,NULL,'91.222.80.4','flatrate_flatrate','USD','Main Website\nDemo 6\nEnglish 6','91.222.80.4',NULL,'2020-10-20 06:52:32','2020-10-20 06:52:32',1,NULL,0.0000,0.0000,0.0000,0.0000,NULL,NULL,NULL,NULL,5.0000,5.0000,NULL,0,NULL),(33,'new','pending',NULL,'c02aeff94be6a7e10e2b024e62ddd8d2',NULL,1,4,NULL,0.0000,NULL,NULL,NULL,89.0000,0.0000,NULL,NULL,NULL,0.0000,NULL,89.0000,NULL,NULL,NULL,0.0000,NULL,NULL,NULL,1.0000,1.0000,NULL,NULL,NULL,NULL,NULL,NULL,NULL,NULL,0.0000,NULL,NULL,NULL,89.0000,0.0000,NULL,NULL,NULL,0.0000,NULL,0.0000,0.0000,89.0000,NULL,NULL,NULL,0.0000,NULL,NULL,NULL,NULL,NULL,NULL,NULL,NULL,1.0000,NULL,NULL,NULL,1,1,64,0,NULL,1,1,NULL,NULL,NULL,879,NULL,NULL,NULL,NULL,NULL,0.0000,89.0000,89.0000,NULL,0.0000,89.0000,89.0000,0.0000,NULL,'4000000003',NULL,'USD','ourira@hotmail.com','sdfgs','sdfg',NULL,NULL,NULL,NULL,NULL,NULL,NULL,'USD',NULL,NULL,'USD',NULL,NULL,NULL,NULL,NULL,'82.36.100.166',NULL,'USD','Main Website\nDemo 3\nEnglish 3','82.36.100.166',NULL,'2020-11-22 00:09:26','2020-11-22 00:09:27',1,NULL,0.0000,0.0000,0.0000,0.0000,NULL,NULL,NULL,NULL,0.0000,0.0000,NULL,0,NULL),(34,'new','pending',NULL,'83c56b81a85244edc970e6103843868d','Flat Rate - Fixed',0,10,NULL,0.0000,NULL,NULL,NULL,405.0000,5.0000,NULL,NULL,NULL,0.0000,NULL,400.0000,NULL,NULL,NULL,0.0000,NULL,NULL,NULL,1.0000,1.0000,NULL,NULL,NULL,NULL,NULL,NULL,NULL,NULL,0.0000,NULL,NULL,NULL,405.0000,5.0000,NULL,NULL,NULL,0.0000,NULL,0.0000,0.0000,400.0000,NULL,NULL,NULL,0.0000,NULL,NULL,NULL,NULL,NULL,NULL,NULL,NULL,1.0000,NULL,NULL,NULL,1,1,66,0,NULL,NULL,1,NULL,NULL,NULL,884,65,NULL,NULL,NULL,NULL,0.0000,400.0000,405.0000,NULL,0.0000,400.0000,405.0000,1000.0000,NULL,'10000000001',NULL,'USD','oqiwure@hotmailj.com','a;sldjf ',';alskdfj ',NULL,NULL,NULL,NULL,NULL,NULL,NULL,'USD',NULL,NULL,'USD',NULL,NULL,NULL,NULL,NULL,'82.36.100.166','flatrate_flatrate','USD','Main Website\nDemo 7\nEnglish 7','82.36.100.166',NULL,'2020-11-23 14:38:55','2020-11-23 14:38:57',1,NULL,0.0000,0.0000,0.0000,0.0000,NULL,NULL,NULL,NULL,5.0000,5.0000,NULL,0,NULL),(35,'new','pending',NULL,'943e4eacc33803a2966eb7fac879f122','Flat Rate - Fixed',0,10,NULL,0.0000,NULL,NULL,NULL,27.5700,5.0000,NULL,NULL,NULL,0.0000,NULL,22.5700,NULL,NULL,NULL,0.0000,NULL,NULL,NULL,1.0000,1.0000,NULL,NULL,NULL,NULL,NULL,NULL,NULL,NULL,0.0000,NULL,NULL,NULL,27.5700,5.0000,NULL,NULL,NULL,0.0000,NULL,0.0000,0.0000,22.5700,NULL,NULL,NULL,0.0000,NULL,NULL,NULL,NULL,NULL,NULL,NULL,NULL,1.0000,NULL,NULL,NULL,1,1,68,0,NULL,1,1,NULL,NULL,NULL,885,67,NULL,NULL,NULL,NULL,0.0000,22.5700,27.5700,NULL,0.0000,22.5700,27.5700,0.0000,NULL,'10000000002',NULL,'USD','marinapetrova07@gmail.com','Marina','Petrova',NULL,NULL,NULL,NULL,NULL,NULL,NULL,'USD',NULL,NULL,'USD',NULL,NULL,NULL,NULL,NULL,'149.28.40.13','flatrate_flatrate','USD','Main Website\nDemo 7\nEnglish 7','147.147.218.84, 149.28.40.13',NULL,'2020-11-23 14:39:26','2020-11-23 14:39:27',1,NULL,0.0000,0.0000,0.0000,0.0000,NULL,NULL,NULL,NULL,5.0000,5.0000,NULL,0,NULL),(36,'new','pending',NULL,'6d6a07163349becb13a989552afde0a0','Flat Rate - Fixed',0,10,NULL,0.0000,NULL,NULL,NULL,374.0000,5.0000,NULL,NULL,NULL,0.0000,NULL,369.0000,NULL,NULL,NULL,0.0000,NULL,NULL,NULL,1.0000,1.0000,NULL,NULL,NULL,NULL,NULL,NULL,NULL,NULL,0.0000,NULL,NULL,NULL,374.0000,5.0000,NULL,NULL,NULL,0.0000,NULL,0.0000,0.0000,369.0000,NULL,NULL,NULL,0.0000,NULL,NULL,NULL,NULL,NULL,NULL,NULL,NULL,1.0000,NULL,NULL,NULL,1,1,70,0,NULL,1,1,NULL,NULL,NULL,886,69,NULL,NULL,NULL,NULL,0.0000,369.0000,374.0000,NULL,0.0000,369.0000,374.0000,1000.0000,NULL,'10000000003',NULL,'USD','ksjfdghf@hotmail.com','Irina','Price',NULL,NULL,NULL,NULL,NULL,NULL,NULL,'USD',NULL,NULL,'USD',NULL,NULL,NULL,NULL,NULL,'82.36.100.166','flatrate_flatrate','USD','Main Website\nDemo 7\nEnglish 7','82.36.100.166',NULL,'2020-11-23 14:52:05','2020-11-23 14:52:06',1,NULL,0.0000,0.0000,0.0000,0.0000,NULL,NULL,NULL,NULL,5.0000,5.0000,NULL,0,NULL),(37,'new','pending',NULL,'7c971ff0a7bddadd402d3388fc622967','Flat Rate - Fixed',0,6,NULL,0.0000,NULL,NULL,NULL,37.0000,5.0000,NULL,NULL,NULL,0.0000,NULL,32.0000,NULL,NULL,NULL,0.0000,NULL,NULL,NULL,1.0000,1.0000,NULL,NULL,NULL,NULL,NULL,NULL,NULL,NULL,0.0000,NULL,NULL,NULL,37.0000,5.0000,NULL,NULL,NULL,0.0000,NULL,0.0000,0.0000,32.0000,NULL,NULL,NULL,0.0000,NULL,NULL,NULL,NULL,NULL,NULL,NULL,NULL,1.0000,NULL,NULL,NULL,1,1,72,0,NULL,1,1,NULL,NULL,NULL,960,71,NULL,NULL,NULL,NULL,0.0000,32.0000,37.0000,NULL,0.0000,32.0000,37.0000,0.0000,NULL,'6000000001',NULL,'USD','billko@visibleone.com','Bill','Ko',NULL,NULL,NULL,NULL,NULL,NULL,NULL,'USD',NULL,NULL,'USD',NULL,NULL,NULL,NULL,NULL,'149.28.40.13','flatrate_flatrate','USD','Main Website\nDemo 4\nEnglish 4','27.110.181.166, 149.28.40.13',NULL,'2020-12-26 07:40:55','2020-12-26 07:40:56',1,NULL,0.0000,0.0000,0.0000,0.0000,NULL,NULL,NULL,NULL,5.0000,5.0000,NULL,0,NULL),(38,'new','pending',NULL,'263026195a9a8cbbac1d4d211809711a','Flat Rate - Fixed',0,37,NULL,0.0000,NULL,NULL,NULL,67.0000,5.0000,NULL,NULL,NULL,0.0000,NULL,62.0000,NULL,NULL,NULL,0.0000,NULL,NULL,NULL,1.0000,1.0000,NULL,NULL,NULL,NULL,NULL,NULL,NULL,NULL,0.0000,NULL,NULL,NULL,67.0000,5.0000,NULL,NULL,NULL,0.0000,NULL,0.0000,0.0000,62.0000,NULL,NULL,NULL,0.0000,NULL,NULL,NULL,NULL,NULL,NULL,NULL,NULL,1.0000,NULL,NULL,NULL,1,1,74,0,NULL,1,1,NULL,NULL,NULL,1028,73,NULL,NULL,NULL,NULL,0.0000,62.0000,67.0000,NULL,0.0000,62.0000,67.0000,0.0000,NULL,'37000000003',NULL,'USD','test@gmail.com','test','test1',NULL,NULL,NULL,NULL,NULL,NULL,NULL,'USD',NULL,NULL,'USD',NULL,NULL,NULL,NULL,NULL,'149.28.40.13','flatrate_flatrate','USD','Main Website\nDemo 15\nEnglish 15','86.9.115.39, 149.28.40.13',NULL,'2021-01-24 20:14:39','2021-01-24 20:14:39',1,NULL,0.0000,0.0000,0.0000,0.0000,NULL,NULL,NULL,NULL,5.0000,5.0000,NULL,0,NULL),(39,'new','pending',NULL,'2ae24549fe626fe67515909d1c300ae2','Flat Rate - Fixed',0,16,NULL,0.0000,NULL,NULL,NULL,27.5700,5.0000,NULL,NULL,NULL,0.0000,NULL,22.5700,NULL,NULL,NULL,0.0000,NULL,NULL,NULL,1.0000,1.0000,NULL,NULL,NULL,NULL,NULL,NULL,NULL,NULL,0.0000,NULL,NULL,NULL,27.5700,5.0000,NULL,NULL,NULL,0.0000,NULL,0.0000,0.0000,22.5700,NULL,NULL,NULL,0.0000,NULL,NULL,NULL,NULL,NULL,NULL,NULL,NULL,1.0000,NULL,NULL,NULL,1,1,76,0,NULL,1,1,NULL,NULL,NULL,1049,75,NULL,NULL,NULL,NULL,0.0000,22.5700,27.5700,NULL,0.0000,22.5700,27.5700,0.0000,NULL,'16000000003',NULL,'USD','shadneycleofas@gmail.com','shadney','cleofas',NULL,NULL,NULL,NULL,NULL,NULL,NULL,'USD',NULL,NULL,'USD',NULL,NULL,NULL,NULL,NULL,'149.28.40.13','flatrate_flatrate','USD','Main Website\nDemo 2\nEnglish 2','103.77.233.73, 149.28.40.13',NULL,'2021-02-02 15:10:05','2021-02-02 15:10:05',1,NULL,0.0000,0.0000,0.0000,0.0000,NULL,NULL,NULL,NULL,5.0000,5.0000,NULL,0,NULL);

--
-- Table structure for table `sales_order_address`
--

CREATE TABLE `sales_order_address` (
  `entity_id` int(10) unsigned NOT NULL AUTO_INCREMENT COMMENT 'Entity ID',
  `parent_id` int(10) unsigned DEFAULT NULL COMMENT 'Parent ID',
  `customer_address_id` int(11) DEFAULT NULL COMMENT 'Customer Address ID',
  `quote_address_id` int(11) DEFAULT NULL COMMENT 'Quote Address ID',
  `region_id` int(11) DEFAULT NULL COMMENT 'Region ID',
  `customer_id` int(11) DEFAULT NULL COMMENT 'Customer ID',
  `fax` varchar(255) DEFAULT NULL COMMENT 'Fax',
  `region` varchar(255) DEFAULT NULL COMMENT 'Region',
  `postcode` varchar(255) DEFAULT NULL COMMENT 'Postcode',
  `lastname` varchar(255) DEFAULT NULL COMMENT 'Lastname',
  `street` varchar(255) DEFAULT NULL COMMENT 'Street',
  `city` varchar(255) DEFAULT NULL COMMENT 'City',
  `email` varchar(255) DEFAULT NULL COMMENT 'Email',
  `telephone` varchar(255) DEFAULT NULL COMMENT 'Phone Number',
  `country_id` varchar(2) DEFAULT NULL COMMENT 'Country ID',
  `firstname` varchar(255) DEFAULT NULL COMMENT 'Firstname',
  `address_type` varchar(255) DEFAULT NULL COMMENT 'Address Type',
  `prefix` varchar(255) DEFAULT NULL COMMENT 'Prefix',
  `middlename` varchar(255) DEFAULT NULL COMMENT 'Middlename',
  `suffix` varchar(255) DEFAULT NULL COMMENT 'Suffix',
  `company` varchar(255) DEFAULT NULL COMMENT 'Company',
  `vat_id` text COMMENT 'Vat ID',
  `vat_is_valid` smallint(6) DEFAULT NULL COMMENT 'Vat Is Valid',
  `vat_request_id` text COMMENT 'Vat Request ID',
  `vat_request_date` text COMMENT 'Vat Request Date',
  `vat_request_success` smallint(6) DEFAULT NULL COMMENT 'Vat Request Success',
  `vertex_vat_country_code` varchar(255) DEFAULT NULL COMMENT 'Vertex Customer Vat Country',
  PRIMARY KEY (`entity_id`),
  KEY `SALES_ORDER_ADDRESS_PARENT_ID` (`parent_id`),
  CONSTRAINT `SALES_ORDER_ADDRESS_PARENT_ID_SALES_ORDER_ENTITY_ID` FOREIGN KEY (`parent_id`) REFERENCES `sales_order` (`entity_id`) ON DELETE CASCADE
) ENGINE=InnoDB AUTO_INCREMENT=77 DEFAULT CHARSET=utf8 COMMENT='Sales Flat Order Address';

--
-- Dumping data for table `sales_order_address`
--

INSERT INTO `sales_order_address` VALUES (1,1,NULL,50,NULL,NULL,NULL,NULL,'123456','themes','asasa\r\nsasa','asasa','tuyenpro@gmail.com','121212121212','TR','alo','shipping',NULL,NULL,NULL,'creative-alo-themes',NULL,NULL,NULL,NULL,NULL,NULL),(2,1,NULL,49,NULL,NULL,NULL,NULL,'123456','themes','asasa\r\nsasa','asasa','tuyenpro@gmail.com','121212121212','TR','alo','billing',NULL,NULL,NULL,'creative-alo-themes',NULL,NULL,NULL,NULL,NULL,NULL),(3,2,NULL,68,NULL,NULL,NULL,NULL,'12345','asas','sasa\r\nsasa','asasa','test@gmail.com','12121212121','VI','asas','shipping',NULL,NULL,NULL,'asasa',NULL,NULL,NULL,NULL,NULL,NULL),(4,2,NULL,67,NULL,NULL,NULL,NULL,'12345','asas','sasa\r\nsasa','asasa','test@gmail.com','12121212121','VI','asas','billing',NULL,NULL,NULL,'asasa',NULL,NULL,NULL,NULL,NULL,NULL),(5,3,NULL,88,NULL,NULL,NULL,NULL,'32323232','Le Quang','assa\r\nsasas','asa','milano@gmail.com','32323232','UG','Tuyen','shipping',NULL,NULL,NULL,'asasa',NULL,NULL,NULL,NULL,NULL,NULL),(6,3,NULL,87,NULL,NULL,NULL,NULL,'32323232','Le Quang','assa\r\nsasas','asa','milano@gmail.com','32323232','UG','Tuyen','billing',NULL,NULL,NULL,'asasa',NULL,NULL,NULL,NULL,NULL,NULL),(7,4,NULL,100,NULL,NULL,NULL,NULL,'32323232','Le Quang','assa\r\nsasas','asa','milano@gmail.com','32323232','UG','Tuyen','shipping',NULL,NULL,NULL,'asasa',NULL,NULL,NULL,NULL,NULL,NULL),(8,4,NULL,101,NULL,NULL,NULL,NULL,'32323232','Le Quang','assa\r\nsasas','asa','milano@gmail.com','32323232','UG','Tuyen','billing',NULL,NULL,NULL,'asasa',NULL,NULL,NULL,NULL,NULL,NULL),(9,5,NULL,153,1,NULL,NULL,'Alabama','07624','Trinidad','28220 Harrington Avenue','Closter','jutescycle@me.com','7138599627','US','Brian','shipping',NULL,NULL,NULL,NULL,NULL,NULL,NULL,NULL,NULL,NULL),(10,5,NULL,154,1,NULL,NULL,'Alabama','07624','Trinidad','28220 Harrington Avenue','Closter','jutescycle@me.com','7138599627','US','Brian','billing',NULL,NULL,NULL,NULL,NULL,NULL,NULL,NULL,NULL,NULL),(11,6,NULL,168,542,NULL,NULL,'Delhi','110020','a','a\na\na','New Delhi','singhvarun844@gmail.com','9999999999','IN','a','shipping',NULL,NULL,NULL,'PC Solutions Pvt Ltd',NULL,NULL,NULL,NULL,NULL,NULL),(12,6,NULL,169,542,NULL,NULL,'Delhi','110020','a','a\na\na','New Delhi','singhvarun844@gmail.com','9999999999','IN','a','billing',NULL,NULL,NULL,'PC Solutions Pvt Ltd',NULL,NULL,NULL,NULL,NULL,NULL),(13,7,NULL,191,NULL,NULL,NULL,NULL,'121212','admin','asa\nasasa\nasas','sasa','admin@gmail.com','1212121','AE','admin','shipping',NULL,NULL,NULL,'admin',NULL,NULL,NULL,NULL,NULL,NULL),(14,7,NULL,192,NULL,NULL,NULL,NULL,'121212','admin','asa\nasasa\nasas','sasa','admin@gmail.com','1212121','AE','admin','billing',NULL,NULL,NULL,'admin',NULL,NULL,NULL,NULL,NULL,NULL),(15,8,NULL,194,NULL,NULL,NULL,NULL,'212121','admin','asasa\nasas\nasasa','asasa','admin@gmail.com','1212121','TZ','admin','shipping',NULL,NULL,NULL,'ddsds',NULL,NULL,NULL,NULL,NULL,NULL),(16,8,NULL,195,NULL,NULL,NULL,NULL,'212121','admin','asasa\nasas\nasasa','asasa','admin@gmail.com','1212121','TZ','admin','billing',NULL,NULL,NULL,'ddsds',NULL,NULL,NULL,NULL,NULL,NULL),(17,9,NULL,265,NULL,NULL,NULL,NULL,'test','test','test','test','postmaster@hemplaza.eu','testset','TZ','tet','shipping',NULL,NULL,NULL,NULL,NULL,NULL,NULL,NULL,NULL,NULL),(18,9,NULL,266,NULL,NULL,NULL,NULL,'test','test','test','test','postmaster@hemplaza.eu','testset','TZ','tet','billing',NULL,NULL,NULL,NULL,NULL,NULL,NULL,NULL,NULL,NULL),(19,10,NULL,512,NULL,NULL,NULL,NULL,'12-123','ewfwFE','gergaeg','aregaerg','adada@dsf.ig','+48123123123','PL','ffwef','shipping',NULL,NULL,NULL,'WEFw',NULL,NULL,NULL,NULL,NULL,NULL),(20,10,NULL,513,NULL,NULL,NULL,NULL,'12-123','ewfwFE','gergaeg','aregaerg','adada@dsf.ig','+48123123123','PL','ffwef','billing',NULL,NULL,NULL,'WEFw',NULL,NULL,NULL,NULL,NULL,NULL),(21,11,2,599,NULL,NULL,NULL,'BG','100000','Dong','Ha Noi','Ha Noi','test@gmail.com','0987654321','VN','Nguyen','shipping',NULL,NULL,NULL,'SP',NULL,NULL,NULL,NULL,NULL,NULL),(22,11,NULL,600,NULL,NULL,NULL,'BG','100000','Dong','Ha Noi','Ha Noi','test@gmail.com','0987654321','VN','Nguyen','billing',NULL,NULL,NULL,'SP',NULL,NULL,NULL,NULL,NULL,NULL),(23,12,2,602,NULL,NULL,NULL,'BG','100000','Dong','Ha Noi','Ha Noi','test@gmail.com','0987654321','VN','Nguyen','shipping',NULL,NULL,NULL,'SP',NULL,NULL,NULL,NULL,NULL,NULL),(24,12,2,609,NULL,NULL,NULL,'BG','100000','Dong','Ha Noi','Ha Noi','test@gmail.com','0987654321','VN','Nguyen','billing',NULL,NULL,NULL,'SP',NULL,NULL,NULL,NULL,NULL,NULL),(25,13,NULL,669,340,NULL,NULL,'Harjumaa','12345','dfsgdgfs','gfhghf','gfdhghf','lauri@ids.ee','+37212345','EE','dfsgdgfs','shipping',NULL,NULL,NULL,'dfsgdgfs',NULL,NULL,NULL,NULL,NULL,NULL),(26,13,NULL,670,340,NULL,NULL,'Harjumaa','12345','dfsgdgfs','gfhghf','gfdhghf','lauri@ids.ee','+37212345','EE','dfsgdgfs','billing',NULL,NULL,NULL,'dfsgdgfs',NULL,NULL,NULL,NULL,NULL,NULL),(27,14,NULL,704,18,NULL,NULL,'Florida','33108','Popoff','Ave ce','Miami ','krutoymax@hotmail.com','70664323','US','Max','shipping',NULL,NULL,NULL,NULL,NULL,NULL,NULL,NULL,NULL,NULL),(28,14,NULL,705,18,NULL,NULL,'Florida','33108','Popoff','Ave ce','Miami ','krutoymax@hotmail.com','70664323','US','Max','billing',NULL,NULL,NULL,NULL,NULL,NULL,NULL,NULL,NULL,NULL),(29,15,NULL,735,NULL,NULL,NULL,NULL,'3093','ميساء','طريق الأفران كلم 6.5','صفاقس','maysamtibaa@gmail.com','53931621','TN','المطيبع','billing',NULL,NULL,NULL,NULL,NULL,NULL,NULL,NULL,NULL,NULL),(30,16,NULL,763,14,NULL,NULL,'Connecticut','103458','paulo','paulo','soapaulo','paulo@paulo.com','1123456789','US','paulo','shipping',NULL,NULL,NULL,'paulo',NULL,NULL,NULL,NULL,NULL,NULL),(31,16,NULL,764,14,NULL,NULL,'Connecticut','103458','paulo','paulo','soapaulo','paulo@paulo.com','1123456789','US','paulo','billing',NULL,NULL,NULL,'paulo',NULL,NULL,NULL,NULL,NULL,NULL),(32,17,NULL,1028,563,NULL,NULL,'Tamil Nadu','636004','Kuppusamy','Near IMA Hall','Salem','selvarajmca.k@gmail.com','07667208474','IN','Selvaraj','shipping',NULL,NULL,NULL,'Software',NULL,NULL,NULL,NULL,NULL,NULL),(33,17,NULL,1030,563,NULL,NULL,'Tamil Nadu','636004','Kuppusamy','Near IMA Hall','Salem','selvarajmca.k@gmail.com','07667208474','IN','Selvaraj','billing',NULL,NULL,NULL,'Software',NULL,NULL,NULL,NULL,NULL,NULL),(34,18,NULL,1207,563,NULL,NULL,'Tamil Nadu','641604','S','123','Tiruppur','online@thechennaisilks.com','80566634999','IN','Karthikeyan','shipping',NULL,NULL,NULL,'TCS',NULL,NULL,NULL,NULL,NULL,NULL),(35,18,NULL,1209,563,NULL,NULL,'Tamil Nadu','641604','S','123','Tiruppur','online@thechennaisilks.com','80566634999','IN','Karthikeyan','billing',NULL,NULL,NULL,'TCS',NULL,NULL,NULL,NULL,NULL,NULL),(36,19,NULL,1217,542,NULL,NULL,'Delhi','110001','Thinkers','1234\n1234','delhi','anujrishi@yahoo.com','1234567890','IN','Web','shipping',NULL,NULL,NULL,'Webthinkers',NULL,NULL,NULL,NULL,NULL,NULL),(37,19,NULL,1220,542,NULL,NULL,'Delhi','110001','Thinkers','1234\n1234','delhi','anujrishi@yahoo.com','1234567890','IN','Web','billing',NULL,NULL,NULL,'Webthinkers',NULL,NULL,NULL,NULL,NULL,NULL),(38,20,NULL,1252,52,NULL,NULL,'Puerto Rico','12345','poqiweur','12','london','ourour@hotmail.com','123412562','US','poiuwer','shipping',NULL,NULL,NULL,NULL,NULL,NULL,NULL,NULL,NULL,NULL),(39,20,NULL,1254,52,NULL,NULL,'Puerto Rico','12345','poqiweur','12','london','ourour@hotmail.com','123412562','US','poiuwer','billing',NULL,NULL,NULL,NULL,NULL,NULL,NULL,NULL,NULL,NULL),(40,21,NULL,1284,NULL,NULL,NULL,NULL,'59000','aaa','aaaa','aa','martkto@yopmail.com','0000000000','FR','aaa','shipping',NULL,NULL,NULL,'aaa',NULL,NULL,NULL,NULL,NULL,NULL),(41,21,NULL,1286,NULL,NULL,NULL,NULL,'59000','aaa','aaaa','aa','martkto@yopmail.com','0000000000','FR','aaa','billing',NULL,NULL,NULL,'aaa',NULL,NULL,NULL,NULL,NULL,NULL),(42,22,NULL,1366,25,NULL,NULL,'Iowa','12345-6789','singh','khanna\nkhanna\nkhanna','lowa','psjallah1@gmail.com','9781412936','US','parvinder','shipping',NULL,NULL,NULL,NULL,NULL,NULL,NULL,NULL,NULL,NULL),(43,22,NULL,1368,25,NULL,NULL,'Iowa','12345-6789','singh','khanna\nkhanna\nkhanna','lowa','psjallah1@gmail.com','9781412936','US','parvinder','billing',NULL,NULL,NULL,NULL,NULL,NULL,NULL,NULL,NULL,NULL),(44,23,NULL,1384,NULL,NULL,NULL,NULL,'4600','Castro','Tv. de Cramarinhos, 186\nTv. de Cramarinhos, 186','Porto','navdip@gmail.com','11156516516516','PT','Joao','shipping',NULL,NULL,NULL,NULL,NULL,NULL,NULL,NULL,NULL,NULL),(45,23,NULL,1386,NULL,NULL,NULL,NULL,'4600','Castro','Tv. de Cramarinhos, 186\nTv. de Cramarinhos, 186','Porto','navdip@gmail.com','11156516516516','PT','Joao','billing',NULL,NULL,NULL,NULL,NULL,NULL,NULL,NULL,NULL,NULL),(46,24,NULL,1532,NULL,NULL,NULL,NULL,'12345','AWAAD','98st sad zaghlol saqyt meki giza egypt\n98st sad zaghlol saqyt meki giza egypt','cairo','admin@example.com','01017523301','EG','ALI','shipping',NULL,NULL,NULL,NULL,NULL,NULL,NULL,NULL,NULL,NULL),(47,24,NULL,1534,NULL,NULL,NULL,NULL,'12345','AWAAD','98st sad zaghlol saqyt meki giza egypt\n98st sad zaghlol saqyt meki giza egypt','cairo','admin@example.com','01017523301','EG','ALI','billing',NULL,NULL,NULL,NULL,NULL,NULL,NULL,NULL,NULL,NULL),(48,25,NULL,1571,5,NULL,NULL,'Arkansas','55555','Njjj','Nnjjjj','Jjjjgf','test@test.com','0906544654334','US','Hhh','shipping',NULL,NULL,NULL,NULL,NULL,NULL,NULL,NULL,NULL,NULL),(49,25,NULL,1573,5,NULL,NULL,'Arkansas','55555','Njjj','Nnjjjj','Jjjjgf','test@test.com','0906544654334','US','Hhh','billing',NULL,NULL,NULL,NULL,NULL,NULL,NULL,NULL,NULL,NULL),(50,26,NULL,1580,4,NULL,NULL,'Arizona','23233','dsds','dsd\ndsds','dsds','sas@dds.com','8108989891','US','dsd','shipping',NULL,NULL,NULL,'dsdsd',NULL,NULL,NULL,NULL,NULL,NULL),(51,26,NULL,1582,4,NULL,NULL,'Arizona','23233','dsds','dsd\ndsds','dsds','sas@dds.com','8108989891','US','dsd','billing',NULL,NULL,NULL,'dsdsd',NULL,NULL,NULL,NULL,NULL,NULL),(52,27,NULL,1612,58,NULL,NULL,'Utah','84078','r','511 W Main St. Vernal, UT 84078','Vernal','ashwini.reddy@esegna.com','0987654321','US','ashwini','shipping',NULL,NULL,NULL,NULL,NULL,NULL,NULL,NULL,NULL,NULL),(53,27,NULL,1614,58,NULL,NULL,'Utah','84078','r','511 W Main St. Vernal, UT 84078','Vernal','ashwini.reddy@esegna.com','0987654321','US','ashwini','billing',NULL,NULL,NULL,NULL,NULL,NULL,NULL,NULL,NULL,NULL),(54,28,NULL,1616,58,NULL,NULL,'Utah','84078','r','511 W Main St. Vernal, UT 84078','Vernal','ashwini.reddy@esegna.com','0987654321','US','ashwini','shipping',NULL,NULL,NULL,NULL,NULL,NULL,NULL,NULL,NULL,NULL),(55,28,NULL,1618,58,NULL,NULL,'Utah','84078','r','511 W Main St. Vernal, UT 84078','Vernal','ashwini.reddy@esegna.com','0987654321','US','ashwini','billing',NULL,NULL,NULL,NULL,NULL,NULL,NULL,NULL,NULL,NULL),(56,29,NULL,1638,58,NULL,NULL,'Utah','84078','r','511 W Main St. Vernal, UT 84078','Vernal','ashwini.reddy@esegna.com','0987654321','US','ashwini','shipping',NULL,NULL,NULL,NULL,NULL,NULL,NULL,NULL,NULL,NULL),(57,29,NULL,1640,58,NULL,NULL,'Utah','84078','r','511 W Main St. Vernal, UT 84078','Vernal','ashwini.reddy@esegna.com','0987654321','US','ashwini','billing',NULL,NULL,NULL,NULL,NULL,NULL,NULL,NULL,NULL,NULL),(58,30,NULL,1642,58,NULL,NULL,'Utah','84078','r','511 W Main St. Vernal, UT 84078','Vernal','ashwini.reddy@esegna.com','0987654321','US','ashwini','shipping',NULL,NULL,NULL,NULL,NULL,NULL,NULL,NULL,NULL,NULL),(59,30,NULL,1644,58,NULL,NULL,'Utah','84078','r','511 W Main St. Vernal, UT 84078','Vernal','ashwini.reddy@esegna.com','0987654321','US','ashwini','billing',NULL,NULL,NULL,NULL,NULL,NULL,NULL,NULL,NULL,NULL),(60,31,NULL,1684,76,NULL,NULL,'Quebec','56562','skfksfhskjdh','dfgdffd','sfdsdf','ghgjghfghjh@ksjkshskj.com','56565484654','CA','sldjkfskfhk','shipping',NULL,NULL,NULL,'lksslkfhsk',NULL,NULL,NULL,NULL,NULL,NULL),(61,31,NULL,1686,76,NULL,NULL,'Quebec','56562','skfksfhskjdh','dfgdffd','sfdsdf','ghgjghfghjh@ksjkshskj.com','56565484654','CA','sldjkfskfhk','billing',NULL,NULL,NULL,'lksslkfhsk',NULL,NULL,NULL,NULL,NULL,NULL),(62,32,3,1714,3,NULL,NULL,'American Samoa','12345','test','234\n1231\n234','12345','oxxygen97@gmail.com','123','US','test','shipping',NULL,NULL,NULL,NULL,NULL,NULL,NULL,NULL,NULL,NULL),(63,32,NULL,1718,3,NULL,NULL,'American Samoa','12345','test','234\n1231\n234','12345','oxxygen97@gmail.com','123','US','test','billing',NULL,NULL,NULL,NULL,NULL,NULL,NULL,NULL,NULL,NULL),(64,33,NULL,1856,1,NULL,NULL,'Alabama','91103','sdfg','sdgf\nsdgf\nsdfg','sgdf','ourira@hotmail.com','0754000000','US','sdfgs','billing',NULL,NULL,NULL,'sfg',NULL,NULL,NULL,NULL,NULL,NULL),(65,34,NULL,1866,2,NULL,NULL,'Alaska','12036',';alskdfj ','a;lsdkfj','a;ksdfn ','oqiwure@hotmailj.com','074300002000002','US','a;sldjf ','shipping',NULL,NULL,NULL,NULL,NULL,NULL,NULL,NULL,NULL,NULL),(66,34,NULL,1870,2,NULL,NULL,'Alaska','12036',';alskdfj ','a;lsdkfj','a;ksdfn ','oqiwure@hotmailj.com','074300002000002','US','a;sldjf ','billing',NULL,NULL,NULL,NULL,NULL,NULL,NULL,NULL,NULL,NULL),(67,35,NULL,1869,2,NULL,NULL,'Alaska','N12 9UE','Petrova','Flat 2\nHenley House','London','marinapetrova07@gmail.com','07506568172','US','Marina','shipping',NULL,NULL,NULL,NULL,NULL,NULL,NULL,NULL,NULL,NULL),(68,35,NULL,1872,2,NULL,NULL,'Alaska','N12 9UE','Petrova','Flat 2\nHenley House','London','marinapetrova07@gmail.com','07506568172','US','Marina','billing',NULL,NULL,NULL,NULL,NULL,NULL,NULL,NULL,NULL,NULL),(69,36,NULL,1874,NULL,NULL,NULL,NULL,'N10 1LP','Price','Top Floor\n12 Greenham Road','London','ksjfdghf@hotmail.com','07540374395','GB','Irina','shipping',NULL,NULL,NULL,NULL,NULL,NULL,NULL,NULL,NULL,NULL),(70,36,NULL,1876,NULL,NULL,NULL,NULL,'N10 1LP','Price','Top Floor\n12 Greenham Road','London','ksjfdghf@hotmail.com','07540374395','GB','Irina','billing',NULL,NULL,NULL,NULL,NULL,NULL,NULL,NULL,NULL,NULL),(71,37,NULL,2028,NULL,NULL,NULL,'New Territories','00000','Ko','test','Kwai Chung','billko@visibleone.com','+85292291057','HK','Bill','shipping',NULL,NULL,NULL,NULL,NULL,NULL,NULL,NULL,NULL,NULL),(72,37,NULL,2030,NULL,NULL,NULL,'New Territories','00000','Ko','test','Kwai Chung','billko@visibleone.com','+85292291057','HK','Bill','billing',NULL,NULL,NULL,NULL,NULL,NULL,NULL,NULL,NULL,NULL),(73,38,NULL,2168,NULL,NULL,NULL,NULL,NULL,'test1','test 77\n102','trust','test@gmail.com','5408778344','GB','test','shipping',NULL,NULL,NULL,NULL,NULL,NULL,NULL,NULL,NULL,NULL),(74,38,NULL,2170,NULL,NULL,NULL,NULL,NULL,'test1','test 77\n102','trust','test@gmail.com','5408778344','GB','test','billing',NULL,NULL,NULL,NULL,NULL,NULL,NULL,NULL,NULL,NULL),(75,39,NULL,2212,43,NULL,NULL,'New York','10080','cleofas','new york\nss','new new','shadneycleofas@gmail.com','9724866021','US','shadney','shipping',NULL,NULL,NULL,'wemsap',NULL,NULL,NULL,NULL,NULL,NULL),(76,39,NULL,2214,43,NULL,NULL,'New York','10080','cleofas','new york\nss','new new','shadneycleofas@gmail.com','9724866021','US','shadney','billing',NULL,NULL,NULL,'wemsap',NULL,NULL,NULL,NULL,NULL,NULL);

--
-- Table structure for table `sales_order_aggregated_created`
--

CREATE TABLE `sales_order_aggregated_created` (
  `id` int(10) unsigned NOT NULL AUTO_INCREMENT COMMENT 'ID',
  `period` date DEFAULT NULL COMMENT 'Period',
  `store_id` smallint(5) unsigned DEFAULT NULL COMMENT 'Store ID',
  `order_status` varchar(50) NOT NULL COMMENT 'Order Status',
  `orders_count` int(11) NOT NULL DEFAULT '0' COMMENT 'Orders Count',
  `total_qty_ordered` decimal(12,4) NOT NULL DEFAULT '0.0000' COMMENT 'Total Qty Ordered',
  `total_qty_invoiced` decimal(12,4) NOT NULL DEFAULT '0.0000' COMMENT 'Total Qty Invoiced',
  `total_income_amount` decimal(20,4) NOT NULL DEFAULT '0.0000' COMMENT 'Total Income Amount',
  `total_revenue_amount` decimal(20,4) NOT NULL DEFAULT '0.0000' COMMENT 'Total Revenue Amount',
  `total_profit_amount` decimal(20,4) NOT NULL DEFAULT '0.0000' COMMENT 'Total Profit Amount',
  `total_invoiced_amount` decimal(20,4) NOT NULL DEFAULT '0.0000' COMMENT 'Total Invoiced Amount',
  `total_canceled_amount` decimal(20,4) NOT NULL DEFAULT '0.0000' COMMENT 'Total Canceled Amount',
  `total_paid_amount` decimal(20,4) NOT NULL DEFAULT '0.0000' COMMENT 'Total Paid Amount',
  `total_refunded_amount` decimal(20,4) NOT NULL DEFAULT '0.0000' COMMENT 'Total Refunded Amount',
  `total_tax_amount` decimal(20,4) NOT NULL DEFAULT '0.0000' COMMENT 'Total Tax Amount',
  `total_tax_amount_actual` decimal(20,4) NOT NULL DEFAULT '0.0000' COMMENT 'Total Tax Amount Actual',
  `total_shipping_amount` decimal(20,4) NOT NULL DEFAULT '0.0000' COMMENT 'Total Shipping Amount',
  `total_shipping_amount_actual` decimal(20,4) NOT NULL DEFAULT '0.0000' COMMENT 'Total Shipping Amount Actual',
  `total_discount_amount` decimal(20,4) NOT NULL DEFAULT '0.0000' COMMENT 'Total Discount Amount',
  `total_discount_amount_actual` decimal(20,4) NOT NULL DEFAULT '0.0000' COMMENT 'Total Discount Amount Actual',
  PRIMARY KEY (`id`),
  UNIQUE KEY `SALES_ORDER_AGGREGATED_CREATED_PERIOD_STORE_ID_ORDER_STATUS` (`period`,`store_id`,`order_status`),
  KEY `SALES_ORDER_AGGREGATED_CREATED_STORE_ID` (`store_id`),
  CONSTRAINT `SALES_ORDER_AGGREGATED_CREATED_STORE_ID_STORE_STORE_ID` FOREIGN KEY (`store_id`) REFERENCES `store` (`store_id`) ON DELETE SET NULL
) ENGINE=InnoDB DEFAULT CHARSET=utf8 COMMENT='Sales Order Aggregated Created';

--
-- Dumping data for table `sales_order_aggregated_created`
--


--
-- Table structure for table `sales_order_aggregated_updated`
--

CREATE TABLE `sales_order_aggregated_updated` (
  `id` int(10) unsigned NOT NULL AUTO_INCREMENT COMMENT 'ID',
  `period` date DEFAULT NULL COMMENT 'Period',
  `store_id` smallint(5) unsigned DEFAULT NULL COMMENT 'Store ID',
  `order_status` varchar(50) NOT NULL COMMENT 'Order Status',
  `orders_count` int(11) NOT NULL DEFAULT '0' COMMENT 'Orders Count',
  `total_qty_ordered` decimal(12,4) NOT NULL DEFAULT '0.0000' COMMENT 'Total Qty Ordered',
  `total_qty_invoiced` decimal(12,4) NOT NULL DEFAULT '0.0000' COMMENT 'Total Qty Invoiced',
  `total_income_amount` decimal(20,4) NOT NULL DEFAULT '0.0000' COMMENT 'Total Income Amount',
  `total_revenue_amount` decimal(20,4) NOT NULL DEFAULT '0.0000' COMMENT 'Total Revenue Amount',
  `total_profit_amount` decimal(20,4) NOT NULL DEFAULT '0.0000' COMMENT 'Total Profit Amount',
  `total_invoiced_amount` decimal(20,4) NOT NULL DEFAULT '0.0000' COMMENT 'Total Invoiced Amount',
  `total_canceled_amount` decimal(20,4) NOT NULL DEFAULT '0.0000' COMMENT 'Total Canceled Amount',
  `total_paid_amount` decimal(20,4) NOT NULL DEFAULT '0.0000' COMMENT 'Total Paid Amount',
  `total_refunded_amount` decimal(20,4) NOT NULL DEFAULT '0.0000' COMMENT 'Total Refunded Amount',
  `total_tax_amount` decimal(20,4) NOT NULL DEFAULT '0.0000' COMMENT 'Total Tax Amount',
  `total_tax_amount_actual` decimal(20,4) NOT NULL DEFAULT '0.0000' COMMENT 'Total Tax Amount Actual',
  `total_shipping_amount` decimal(20,4) NOT NULL DEFAULT '0.0000' COMMENT 'Total Shipping Amount',
  `total_shipping_amount_actual` decimal(20,4) NOT NULL DEFAULT '0.0000' COMMENT 'Total Shipping Amount Actual',
  `total_discount_amount` decimal(20,4) NOT NULL DEFAULT '0.0000' COMMENT 'Total Discount Amount',
  `total_discount_amount_actual` decimal(20,4) NOT NULL DEFAULT '0.0000' COMMENT 'Total Discount Amount Actual',
  PRIMARY KEY (`id`),
  UNIQUE KEY `SALES_ORDER_AGGREGATED_UPDATED_PERIOD_STORE_ID_ORDER_STATUS` (`period`,`store_id`,`order_status`),
  KEY `SALES_ORDER_AGGREGATED_UPDATED_STORE_ID` (`store_id`),
  CONSTRAINT `SALES_ORDER_AGGREGATED_UPDATED_STORE_ID_STORE_STORE_ID` FOREIGN KEY (`store_id`) REFERENCES `store` (`store_id`) ON DELETE SET NULL
) ENGINE=InnoDB DEFAULT CHARSET=utf8 COMMENT='Sales Order Aggregated Updated';

--
-- Dumping data for table `sales_order_aggregated_updated`
--


--
-- Table structure for table `sales_order_grid`
--

CREATE TABLE `sales_order_grid` (
  `entity_id` int(10) unsigned NOT NULL COMMENT 'Entity ID',
  `status` varchar(32) DEFAULT NULL COMMENT 'Status',
  `store_id` smallint(5) unsigned DEFAULT NULL COMMENT 'Store ID',
  `store_name` varchar(255) DEFAULT NULL COMMENT 'Store Name',
  `customer_id` int(10) unsigned DEFAULT NULL COMMENT 'Customer ID',
  `base_grand_total` decimal(20,4) DEFAULT NULL COMMENT 'Base Grand Total',
  `base_total_paid` decimal(20,4) DEFAULT NULL COMMENT 'Base Total Paid',
  `grand_total` decimal(20,4) DEFAULT NULL COMMENT 'Grand Total',
  `total_paid` decimal(20,4) DEFAULT NULL COMMENT 'Total Paid',
  `increment_id` varchar(50) DEFAULT NULL COMMENT 'Increment ID',
  `base_currency_code` varchar(3) DEFAULT NULL COMMENT 'Base Currency Code',
  `order_currency_code` varchar(255) DEFAULT NULL COMMENT 'Order Currency Code',
  `shipping_name` varchar(255) DEFAULT NULL COMMENT 'Shipping Name',
  `billing_name` varchar(255) DEFAULT NULL COMMENT 'Billing Name',
  `created_at` timestamp NULL DEFAULT NULL COMMENT 'Created At',
  `updated_at` timestamp NULL DEFAULT NULL COMMENT 'Updated At',
  `billing_address` varchar(255) DEFAULT NULL COMMENT 'Billing Address',
  `shipping_address` varchar(255) DEFAULT NULL COMMENT 'Shipping Address',
  `shipping_information` varchar(255) DEFAULT NULL COMMENT 'Shipping Method Name',
  `customer_email` varchar(255) DEFAULT NULL COMMENT 'Customer Email',
  `customer_group` varchar(255) DEFAULT NULL COMMENT 'Customer Group',
  `subtotal` decimal(20,4) DEFAULT NULL COMMENT 'Subtotal',
  `shipping_and_handling` decimal(20,4) DEFAULT NULL COMMENT 'Shipping and handling amount',
  `customer_name` varchar(255) DEFAULT NULL COMMENT 'Customer Name',
  `payment_method` varchar(255) DEFAULT NULL COMMENT 'Payment Method',
  `total_refunded` decimal(20,4) DEFAULT NULL COMMENT 'Total Refunded',
  `signifyd_guarantee_status` varchar(32) DEFAULT NULL COMMENT 'Signifyd Guarantee Disposition Status',
  `pickup_location_code` varchar(255) DEFAULT NULL COMMENT 'Pickup Location Code',
  PRIMARY KEY (`entity_id`),
  UNIQUE KEY `SALES_ORDER_GRID_INCREMENT_ID_STORE_ID` (`increment_id`,`store_id`),
  KEY `SALES_ORDER_GRID_STATUS` (`status`),
  KEY `SALES_ORDER_GRID_STORE_ID` (`store_id`),
  KEY `SALES_ORDER_GRID_BASE_GRAND_TOTAL` (`base_grand_total`),
  KEY `SALES_ORDER_GRID_BASE_TOTAL_PAID` (`base_total_paid`),
  KEY `SALES_ORDER_GRID_GRAND_TOTAL` (`grand_total`),
  KEY `SALES_ORDER_GRID_TOTAL_PAID` (`total_paid`),
  KEY `SALES_ORDER_GRID_SHIPPING_NAME` (`shipping_name`),
  KEY `SALES_ORDER_GRID_BILLING_NAME` (`billing_name`),
  KEY `SALES_ORDER_GRID_CREATED_AT` (`created_at`),
  KEY `SALES_ORDER_GRID_CUSTOMER_ID` (`customer_id`),
  KEY `SALES_ORDER_GRID_UPDATED_AT` (`updated_at`),
  KEY `SALES_ORDER_GRID_PICKUP_LOCATION_CODE` (`pickup_location_code`),
  FULLTEXT KEY `FTI_65B9E9925EC58F0C7C2E2F6379C233E7` (`increment_id`,`billing_name`,`shipping_name`,`shipping_address`,`billing_address`,`customer_name`,`customer_email`)
) ENGINE=InnoDB DEFAULT CHARSET=utf8 COMMENT='Sales Flat Order Grid';

--
-- Dumping data for table `sales_order_grid`
--

INSERT INTO `sales_order_grid` VALUES (1,'pending',1,'Main Website\r\nMain Website Store',NULL,330.0000,NULL,330.0000,NULL,'000000001','USD','USD','alo themes','alo themes','2016-04-17 00:30:10','2016-04-17 00:30:11','asasa\r\nsasa asasa 123456','asasa\r\nsasa asasa 123456','Flat Rate - Fixed','tuyenpro@gmail.com','0',325.0000,5.0000,'','checkmo',NULL,NULL,NULL),(2,'pending',1,'Main Website\r\nMain Website Store',NULL,437.0000,NULL,437.0000,NULL,'000000002','USD','USD','asas asas','asas asas','2016-04-25 05:17:01','2016-04-25 05:17:01','sasa\r\nsasa asasa 12345','sasa\r\nsasa asasa 12345','Flat Rate - Fixed','test@gmail.com','0',432.0000,5.0000,'','checkmo',NULL,NULL,NULL),(3,'pending',14,'Main Website\r\nDemo 5\r\nEnglish',2,702.0000,NULL,702.0000,NULL,'14000000001','USD','USD','Tuyen Le Quang','Tuyen Le Quang','2016-08-23 04:39:32','2016-08-23 04:39:32','assa\r\nsasas asa 32323232','assa\r\nsasas asa 32323232','Flat Rate - Fixed','milano@gmail.com','1',687.0000,15.0000,'Tuyen Le Quang','checkmo',NULL,NULL,NULL),(4,'pending',1,'Main Website\r\nDemo 1\r\nEnglish',2,704.0000,NULL,704.0000,NULL,'000000003','USD','USD','Tuyen Le Quang','Tuyen Le Quang','2017-02-21 02:36:18','2017-02-21 02:36:18','assa\r\nsasas asa 32323232','assa\r\nsasas asa 32323232','Flat Rate - Fixed','milano@gmail.com','1',694.0000,10.0000,'Tuyen Le Quang','checkmo',NULL,NULL,NULL),(5,'pending',1,'Main Website\nDemo 1\nEnglish',NULL,743.0000,NULL,743.0000,NULL,'000000004','USD','USD','Brian Trinidad','Brian Trinidad','2017-04-18 02:56:41','2017-04-18 02:56:41','28220 Harrington Avenue Closter Alabama 07624','28220 Harrington Avenue Closter Alabama 07624','Flat Rate - Fixed','jutescycle@me.com','0',738.0000,5.0000,'','checkmo',NULL,NULL,NULL),(6,'pending',16,'Main Website\nDemo 2\nEnglish',NULL,330.0000,NULL,330.0000,NULL,'16000000001','USD','USD','a a','a a','2018-05-23 05:52:58','2018-05-23 05:52:58','a\na\na New Delhi Delhi 110020','a\na\na New Delhi Delhi 110020','Flat Rate - Fixed','singhvarun844@gmail.com','0',325.0000,5.0000,'','checkmo',NULL,NULL,NULL),(7,'pending',27,'Main Website\nDemo 10\nEnglish',NULL,65520.0000,NULL,65520.0000,NULL,'27000000001','USD','USD','admin admin','admin admin','2019-05-28 10:07:15','2019-05-28 10:07:15','admin,asa\nasasa\nasas,sasa,121212','admin,asa\nasasa\nasas,sasa,121212','Flat Rate - Fixed','admin@gmail.com','0',62720.0000,2800.0000,'','checkmo',NULL,NULL,NULL),(8,'pending',27,'Main Website\nDemo 10\nEnglish',NULL,459900.0000,NULL,459900.0000,NULL,'27000000002','USD','USD','admin admin','admin admin','2019-05-29 00:51:12','2019-05-29 00:51:12','ddsds,asasa\nasas\nasasa,asasa,212121','ddsds,asasa\nasas\nasasa,asasa,212121','Flat Rate - Fixed','admin@gmail.com','0',457650.0000,2250.0000,'','checkmo',NULL,NULL,NULL),(9,'pending',38,'Main Website\nDemo 16\nEnglish',NULL,113.0000,NULL,79.8600,NULL,'38000000001','USD','EUR','tet test','tet test','2020-03-21 13:03:47','2020-03-21 13:03:48','test,test,test','test,test,test','Flat Rate - Fixed','postmaster@hemplaza.eu','0',103.0000,10.0000,'tet test','checkmo',NULL,NULL,NULL),(10,'pending',27,'Main Website\nDemo 10\nEnglish',NULL,160.0000,NULL,160.0000,NULL,'27000000003','USD','USD','ffwef ewfwFE','ffwef ewfwFE','2020-04-12 14:10:39','2020-04-12 14:10:40','WEFw,gergaeg,aregaerg,12-123','WEFw,gergaeg,aregaerg,12-123','Flat Rate - Fixed','adada@dsf.ig','0',150.0000,10.0000,'ffwef ewfwFE','checkmo',NULL,NULL,NULL),(11,'pending',1,'Main Website\nDemo 1\nEnglish',140,35294.0000,NULL,35294.0000,NULL,'000000005','USD','USD','Nguyen Dong','Nguyen Dong','2020-04-20 06:42:24','2020-04-20 06:42:24','SP,Ha Noi,Ha Noi,BG,100000','SP,Ha Noi,Ha Noi,BG,100000','Flat Rate - Fixed','test@gmail.com','1',34844.0000,450.0000,'Nguyen Dong','checkmo',NULL,NULL,NULL),(12,'pending',1,'Main Website\nDemo 1\nEnglish',140,13759.0000,NULL,13759.0000,NULL,'000000006','USD','USD','Nguyen Dong','Nguyen Dong','2020-04-20 15:15:09','2020-04-20 15:15:09','SP,Ha Noi,Ha Noi,BG,100000','SP,Ha Noi,Ha Noi,BG,100000','Flat Rate - Fixed','test@gmail.com','1',13289.0000,470.0000,'Nguyen Dong','checkmo',NULL,NULL,NULL),(13,'pending',27,'Main Website\nDemo 10\nEnglish',NULL,80.0000,NULL,80.0000,NULL,'27000000004','USD','USD','dfsgdgfs dfsgdgfs','dfsgdgfs dfsgdgfs','2020-04-24 10:48:46','2020-04-24 10:48:47','dfsgdgfs,gfhghf,gfdhghf,Harjumaa,12345','dfsgdgfs,gfhghf,gfdhghf,Harjumaa,12345','Flat Rate - Fixed','lauri@ids.ee','0',75.0000,5.0000,'dfsgdgfs dfsgdgfs','checkmo',NULL,NULL,NULL),(14,'pending',1,'Main Website\nDemo 1\nEnglish',NULL,50.0000,NULL,50.0000,NULL,'000000007','USD','USD','Max Popoff','Max Popoff','2020-04-26 22:24:41','2020-04-26 22:24:42','Ave ce,Miami ,Florida,33108','Ave ce,Miami ,Florida,33108','Flat Rate - Fixed','krutoymax@hotmail.com','0',40.0000,10.0000,'Max Popoff','checkmo',NULL,NULL,NULL),(15,'pending',1,'Main Website\nDemo 1\nEnglish',NULL,89.0000,NULL,89.0000,NULL,'000000008','USD','USD','','المطيبع ميساء','2020-04-27 22:19:13','2020-04-27 22:19:13','طريق الأفران كلم 6.5,صفاقس,3093','',NULL,'maysamtibaa@gmail.com','0',89.0000,0.0000,'المطيبع ميساء','checkmo',NULL,NULL,NULL),(16,'pending',1,'Main Website\nDemo 1\nEnglish',NULL,139.0000,NULL,139.0000,NULL,'000000009','USD','USD','paulo paulo','paulo paulo','2020-04-29 13:27:47','2020-04-29 13:27:48','paulo,paulo,soapaulo,Connecticut,103458','paulo,paulo,soapaulo,Connecticut,103458','Flat Rate - Fixed','paulo@paulo.com','0',134.0000,5.0000,'paulo paulo','checkmo',NULL,NULL,NULL),(17,'pending',16,'Main Website\nDemo 2\nEnglish',NULL,810.0000,NULL,810.0000,NULL,'16000000002','USD','USD','Selvaraj Kuppusamy','Selvaraj Kuppusamy','2020-06-22 12:25:16','2020-06-22 12:25:16','Software,Near IMA Hall,Salem,Tamil Nadu,636004','Software,Near IMA Hall,Salem,Tamil Nadu,636004','Flat Rate - Fixed','selvarajmca.k@gmail.com','0',800.0000,10.0000,'Selvaraj Kuppusamy','checkmo',NULL,NULL,NULL),(18,'pending',1,'Main Website\nDemo 1\nEnglish',NULL,330.0000,NULL,330.0000,NULL,'000000010','USD','USD','Karthikeyan S','Karthikeyan S','2020-07-11 09:15:15','2020-07-11 09:15:15','TCS,123,Tiruppur,Tamil Nadu,641604','TCS,123,Tiruppur,Tamil Nadu,641604','Flat Rate - Fixed','online@thechennaisilks.com','0',325.0000,5.0000,'Karthikeyan S','checkmo',NULL,NULL,NULL),(19,'pending',37,'Main Website\nDemo 15\nEnglish 15',NULL,64.0000,NULL,64.0000,NULL,'37000000001','USD','USD','Web Thinkers','Web Thinkers','2020-07-12 12:01:26','2020-07-12 12:01:26','Webthinkers,1234\n1234,delhi,Delhi,110001','Webthinkers,1234\n1234,delhi,Delhi,110001','Flat Rate - Fixed','anujrishi@yahoo.com','0',59.0000,5.0000,'Web Thinkers','checkmo',NULL,NULL,NULL),(20,'pending',1,'Main Website\nDemo 1\nEnglish',NULL,405.0000,NULL,405.0000,NULL,'000000011','USD','USD','poiuwer poqiweur','poiuwer poqiweur','2020-07-17 22:22:53','2020-07-17 22:22:53','12,london,Puerto Rico,12345','12,london,Puerto Rico,12345','Flat Rate - Fixed','ourour@hotmail.com','0',400.0000,5.0000,'poiuwer poqiweur','checkmo',NULL,NULL,NULL),(21,'pending',37,'Main Website\nDemo 15\nEnglish 15',NULL,64.0000,NULL,64.0000,NULL,'37000000002','USD','USD','aaa aaa','aaa aaa','2020-07-23 10:10:03','2020-07-23 10:10:03','aaa,aaaa,aa,59000','aaa,aaaa,aa,59000','Flat Rate - Fixed','martkto@yopmail.com','0',59.0000,5.0000,'aaa aaa','checkmo',NULL,NULL,NULL),(22,'pending',27,'Main Website\nDemo 10\nEnglish 10',NULL,37.0000,NULL,37.0000,NULL,'27000000005','USD','USD','parvinder singh','parvinder singh','2020-08-07 17:47:49','2020-08-07 17:47:49','khanna\nkhanna\nkhanna,lowa,Iowa,12345-6789','khanna\nkhanna\nkhanna,lowa,Iowa,12345-6789','Flat Rate - Fixed','psjallah1@gmail.com','0',32.0000,5.0000,'parvinder singh','checkmo',NULL,NULL,NULL),(23,'pending',1,'Main Website\nDemo 1\nEnglish',NULL,139.0000,NULL,139.0000,NULL,'000000012','USD','USD','Joao Castro','Joao Castro','2020-08-12 12:44:22','2020-08-12 12:44:22','Tv. de Cramarinhos, 186\nTv. de Cramarinhos, 186,Porto,4600','Tv. de Cramarinhos, 186\nTv. de Cramarinhos, 186,Porto,4600','Flat Rate - Fixed','navdip@gmail.com','0',134.0000,5.0000,'Joao Castro','checkmo',NULL,NULL,NULL),(24,'pending',18,'Main Website\nDemo 1\nArabic',NULL,27.5700,NULL,27.5700,NULL,'18000000001','USD','USD','ALI AWAAD','ALI AWAAD','2020-09-16 12:01:44','2020-09-16 12:01:44','98st sad zaghlol saqyt meki giza egypt\n98st sad zaghlol saqyt meki giza egypt,cairo,12345','98st sad zaghlol saqyt meki giza egypt\n98st sad zaghlol saqyt meki giza egypt,cairo,12345','Flat Rate - Fixed','admin@example.com','0',22.5700,5.0000,'ALI AWAAD','checkmo',NULL,NULL,NULL),(25,'pending',14,'Main Website\nDemo 5\nEnglish 5',NULL,218.0000,NULL,218.0000,NULL,'14000000002','USD','USD','Hhh Njjj','Hhh Njjj','2020-09-21 12:58:20','2020-09-21 12:58:20','Nnjjjj,Jjjjgf,Arkansas,55555','Nnjjjj,Jjjjgf,Arkansas,55555','Flat Rate - Fixed','test@test.com','0',213.0000,5.0000,'Hhh Njjj','checkmo',NULL,NULL,NULL),(26,'pending',4,'Main Website\nDemo 3\nEnglish 3',NULL,60.0000,NULL,60.0000,NULL,'4000000001','USD','USD','dsd dsds','dsd dsds','2020-09-24 05:42:00','2020-09-24 05:42:00','dsdsd,dsd\ndsds,dsds,Arizona,23233','dsdsd,dsd\ndsds,dsds,Arizona,23233','Flat Rate - Fixed','sas@dds.com','0',55.0000,5.0000,'dsd dsds','checkmo',NULL,NULL,NULL),(27,'pending',1,'Main Website\nDemo 1\nEnglish',NULL,1306.0000,NULL,1306.0000,NULL,'000000013','USD','USD','ashwini r','ashwini r','2020-10-01 10:05:50','2020-10-01 10:05:50','511 W Main St. Vernal, UT 84078,Vernal,Utah,84078','511 W Main St. Vernal, UT 84078,Vernal,Utah,84078','Flat Rate - Fixed','ashwini.reddy@esegna.com','0',1296.0000,10.0000,'ashwini r','checkmo',NULL,NULL,NULL),(28,'pending',1,'Main Website\nDemo 1\nEnglish',NULL,80.0000,NULL,80.0000,NULL,'000000014','USD','USD','ashwini r','ashwini r','2020-10-01 10:12:57','2020-10-01 10:12:57','511 W Main St. Vernal, UT 84078,Vernal,Utah,84078','511 W Main St. Vernal, UT 84078,Vernal,Utah,84078','Flat Rate - Fixed','ashwini.reddy@esegna.com','0',75.0000,5.0000,'ashwini r','checkmo',NULL,NULL,NULL),(29,'pending',1,'Main Website\nDemo 1\nEnglish',NULL,25.0000,NULL,25.0000,NULL,'000000015','USD','USD','ashwini r','ashwini r','2020-10-05 07:08:48','2020-10-05 07:08:48','511 W Main St. Vernal, UT 84078,Vernal,Utah,84078','511 W Main St. Vernal, UT 84078,Vernal,Utah,84078','Flat Rate - Fixed','ashwini.reddy@esegna.com','0',20.0000,5.0000,'ashwini r','checkmo',NULL,NULL,NULL),(30,'pending',1,'Main Website\nDemo 1\nEnglish',NULL,139.0000,NULL,139.0000,NULL,'000000016','USD','USD','ashwini r','ashwini r','2020-10-05 07:10:30','2020-10-05 07:10:30','511 W Main St. Vernal, UT 84078,Vernal,Utah,84078','511 W Main St. Vernal, UT 84078,Vernal,Utah,84078','Flat Rate - Fixed','ashwini.reddy@esegna.com','0',134.0000,5.0000,'ashwini r','checkmo',NULL,NULL,NULL),(31,'pending',4,'Main Website\nDemo 3\nEnglish 3',NULL,37.0000,NULL,37.0000,NULL,'4000000002','USD','USD','sldjkfskfhk skfksfhskjdh','sldjkfskfhk skfksfhskjdh','2020-10-13 02:05:58','2020-10-13 02:05:58','lksslkfhsk,dfgdffd,sfdsdf,Quebec,56562','lksslkfhsk,dfgdffd,sfdsdf,Quebec,56562','Flat Rate - Fixed','ghgjghfghjh@ksjkshskj.com','0',32.0000,5.0000,'sldjkfskfhk skfksfhskjdh','checkmo',NULL,NULL,NULL),(32,'pending',8,'Main Website\nDemo 6\nEnglish 6',271,80.0000,NULL,80.0000,NULL,'8000000001','USD','USD','test test','test test','2020-10-20 06:52:32','2020-10-20 06:52:32','234\n1231\n234,12345,American Samoa,12345','234\n1231\n234,12345,American Samoa,12345','Flat Rate - Fixed','oxxygen97@gmail.com','1',75.0000,5.0000,'test test','checkmo',NULL,NULL,NULL),(33,'pending',4,'Main Website\nDemo 3\nEnglish 3',NULL,89.0000,NULL,89.0000,NULL,'4000000003','USD','USD','','sdfgs sdfg','2020-11-22 00:09:26','2020-11-22 00:09:26','sfg,sdgf\nsdgf\nsdfg,sgdf,Alabama,91103','',NULL,'ourira@hotmail.com','0',89.0000,0.0000,'sdfgs sdfg','checkmo',NULL,NULL,NULL),(34,'pending',10,'Main Website\nDemo 7\nEnglish 7',NULL,405.0000,NULL,405.0000,NULL,'10000000001','USD','USD','a;sldjf  ;alskdfj','a;sldjf  ;alskdfj','2020-11-23 14:38:55','2020-11-23 14:38:55','a;lsdkfj,a;ksdfn ,Alaska,12036','a;lsdkfj,a;ksdfn ,Alaska,12036','Flat Rate - Fixed','oqiwure@hotmailj.com','0',400.0000,5.0000,'a;sldjf  ;alskdfj','checkmo',NULL,NULL,NULL),(35,'pending',10,'Main Website\nDemo 7\nEnglish 7',NULL,27.5700,NULL,27.5700,NULL,'10000000002','USD','USD','Marina Petrova','Marina Petrova','2020-11-23 14:39:26','2020-11-23 14:39:26','Flat 2\nHenley House,London,Alaska,N12 9UE','Flat 2\nHenley House,London,Alaska,N12 9UE','Flat Rate - Fixed','marinapetrova07@gmail.com','0',22.5700,5.0000,'Marina Petrova','checkmo',NULL,NULL,NULL),(36,'pending',10,'Main Website\nDemo 7\nEnglish 7',NULL,374.0000,NULL,374.0000,NULL,'10000000003','USD','USD','Irina Price','Irina Price','2020-11-23 14:52:05','2020-11-23 14:52:05','Top Floor\n12 Greenham Road,London,N10 1LP','Top Floor\n12 Greenham Road,London,N10 1LP','Flat Rate - Fixed','ksjfdghf@hotmail.com','0',369.0000,5.0000,'Irina Price','checkmo',NULL,NULL,NULL),(37,'pending',6,'Main Website\nDemo 4\nEnglish 4',NULL,37.0000,NULL,37.0000,NULL,'6000000001','USD','USD','Bill Ko','Bill Ko','2020-12-26 07:40:55','2020-12-26 07:40:55','test,Kwai Chung,New Territories,00000','test,Kwai Chung,New Territories,00000','Flat Rate - Fixed','billko@visibleone.com','0',32.0000,5.0000,'Bill Ko','checkmo',NULL,NULL,NULL),(38,'pending',37,'Main Website\nDemo 15\nEnglish 15',NULL,67.0000,NULL,67.0000,NULL,'37000000003','USD','USD','test test1','test test1','2021-01-24 20:14:39','2021-01-24 20:14:39','test 77\n102,trust','test 77\n102,trust','Flat Rate - Fixed','test@gmail.com','0',62.0000,5.0000,'test test1','checkmo',NULL,NULL,NULL),(39,'pending',16,'Main Website\nDemo 2\nEnglish 2',NULL,27.5700,NULL,27.5700,NULL,'16000000003','USD','USD','shadney cleofas','shadney cleofas','2021-02-02 15:10:05','2021-02-02 15:10:05','wemsap,new york\nss,new new,New York,10080','wemsap,new york\nss,new new,New York,10080','Flat Rate - Fixed','shadneycleofas@gmail.com','0',22.5700,5.0000,'shadney cleofas','checkmo',NULL,NULL,NULL);

--
-- Table structure for table `sales_order_item`
--

CREATE TABLE `sales_order_item` (
  `item_id` int(10) unsigned NOT NULL AUTO_INCREMENT COMMENT 'Item ID',
  `order_id` int(10) unsigned NOT NULL DEFAULT '0' COMMENT 'Order ID',
  `parent_item_id` int(10) unsigned DEFAULT NULL COMMENT 'Parent Item ID',
  `quote_item_id` int(10) unsigned DEFAULT NULL COMMENT 'Quote Item ID',
  `store_id` smallint(5) unsigned DEFAULT NULL COMMENT 'Store ID',
  `created_at` timestamp NOT NULL DEFAULT CURRENT_TIMESTAMP COMMENT 'Created At',
  `updated_at` timestamp NOT NULL DEFAULT CURRENT_TIMESTAMP ON UPDATE CURRENT_TIMESTAMP COMMENT 'Updated At',
  `product_id` int(10) unsigned DEFAULT NULL COMMENT 'Product ID',
  `product_type` varchar(255) DEFAULT NULL COMMENT 'Product Type',
  `product_options` text COMMENT 'Product Options',
  `weight` decimal(12,4) DEFAULT '0.0000' COMMENT 'Weight',
  `is_virtual` smallint(5) unsigned DEFAULT NULL COMMENT 'Is Virtual',
  `sku` varchar(255) DEFAULT NULL COMMENT 'Sku',
  `name` varchar(255) DEFAULT NULL COMMENT 'Name',
  `description` text COMMENT 'Description',
  `applied_rule_ids` text COMMENT 'Applied Rule Ids',
  `additional_data` text COMMENT 'Additional Data',
  `is_qty_decimal` smallint(5) unsigned DEFAULT NULL COMMENT 'Is Qty Decimal',
  `no_discount` smallint(5) unsigned NOT NULL DEFAULT '0' COMMENT 'No Discount',
  `qty_backordered` decimal(12,4) DEFAULT '0.0000' COMMENT 'Qty Backordered',
  `qty_canceled` decimal(12,4) DEFAULT '0.0000' COMMENT 'Qty Canceled',
  `qty_invoiced` decimal(12,4) DEFAULT '0.0000' COMMENT 'Qty Invoiced',
  `qty_ordered` decimal(12,4) DEFAULT '0.0000' COMMENT 'Qty Ordered',
  `qty_refunded` decimal(12,4) DEFAULT '0.0000' COMMENT 'Qty Refunded',
  `qty_shipped` decimal(12,4) DEFAULT '0.0000' COMMENT 'Qty Shipped',
  `base_cost` decimal(12,4) DEFAULT '0.0000' COMMENT 'Base Cost',
  `price` decimal(12,4) NOT NULL DEFAULT '0.0000' COMMENT 'Price',
  `base_price` decimal(12,4) NOT NULL DEFAULT '0.0000' COMMENT 'Base Price',
  `original_price` decimal(12,4) DEFAULT NULL COMMENT 'Original Price',
  `base_original_price` decimal(12,4) DEFAULT NULL COMMENT 'Base Original Price',
  `tax_percent` decimal(12,4) DEFAULT '0.0000' COMMENT 'Tax Percent',
  `tax_amount` decimal(20,4) DEFAULT '0.0000' COMMENT 'Tax Amount',
  `base_tax_amount` decimal(20,4) DEFAULT '0.0000' COMMENT 'Base Tax Amount',
  `tax_invoiced` decimal(20,4) DEFAULT '0.0000' COMMENT 'Tax Invoiced',
  `base_tax_invoiced` decimal(20,4) DEFAULT '0.0000' COMMENT 'Base Tax Invoiced',
  `discount_percent` decimal(12,4) DEFAULT '0.0000' COMMENT 'Discount Percent',
  `discount_amount` decimal(20,4) DEFAULT '0.0000' COMMENT 'Discount Amount',
  `base_discount_amount` decimal(20,4) DEFAULT '0.0000' COMMENT 'Base Discount Amount',
  `discount_invoiced` decimal(20,4) DEFAULT '0.0000' COMMENT 'Discount Invoiced',
  `base_discount_invoiced` decimal(20,4) DEFAULT '0.0000' COMMENT 'Base Discount Invoiced',
  `amount_refunded` decimal(20,4) DEFAULT '0.0000' COMMENT 'Amount Refunded',
  `base_amount_refunded` decimal(20,4) DEFAULT '0.0000' COMMENT 'Base Amount Refunded',
  `row_total` decimal(20,4) NOT NULL DEFAULT '0.0000' COMMENT 'Row Total',
  `base_row_total` decimal(20,4) NOT NULL DEFAULT '0.0000' COMMENT 'Base Row Total',
  `row_invoiced` decimal(20,4) NOT NULL DEFAULT '0.0000' COMMENT 'Row Invoiced',
  `base_row_invoiced` decimal(20,4) NOT NULL DEFAULT '0.0000' COMMENT 'Base Row Invoiced',
  `row_weight` decimal(12,4) DEFAULT '0.0000' COMMENT 'Row Weight',
  `base_tax_before_discount` decimal(20,4) DEFAULT NULL COMMENT 'Base Tax Before Discount',
  `tax_before_discount` decimal(20,4) DEFAULT NULL COMMENT 'Tax Before Discount',
  `ext_order_item_id` varchar(255) DEFAULT NULL COMMENT 'Ext Order Item ID',
  `locked_do_invoice` smallint(5) unsigned DEFAULT NULL COMMENT 'Locked Do Invoice',
  `locked_do_ship` smallint(5) unsigned DEFAULT NULL COMMENT 'Locked Do Ship',
  `price_incl_tax` decimal(20,4) DEFAULT NULL COMMENT 'Price Incl Tax',
  `base_price_incl_tax` decimal(20,4) DEFAULT NULL COMMENT 'Base Price Incl Tax',
  `row_total_incl_tax` decimal(20,4) DEFAULT NULL COMMENT 'Row Total Incl Tax',
  `base_row_total_incl_tax` decimal(20,4) DEFAULT NULL COMMENT 'Base Row Total Incl Tax',
  `discount_tax_compensation_amount` decimal(20,4) DEFAULT NULL COMMENT 'Discount Tax Compensation Amount',
  `base_discount_tax_compensation_amount` decimal(20,4) DEFAULT NULL COMMENT 'Base Discount Tax Compensation Amount',
  `discount_tax_compensation_invoiced` decimal(20,4) DEFAULT NULL COMMENT 'Discount Tax Compensation Invoiced',
  `base_discount_tax_compensation_invoiced` decimal(20,4) DEFAULT NULL COMMENT 'Base Discount Tax Compensation Invoiced',
  `discount_tax_compensation_refunded` decimal(20,4) DEFAULT NULL COMMENT 'Discount Tax Compensation Refunded',
  `base_discount_tax_compensation_refunded` decimal(20,4) DEFAULT NULL COMMENT 'Base Discount Tax Compensation Refunded',
  `tax_canceled` decimal(12,4) DEFAULT NULL COMMENT 'Tax Canceled',
  `discount_tax_compensation_canceled` decimal(20,4) DEFAULT NULL COMMENT 'Discount Tax Compensation Canceled',
  `tax_refunded` decimal(20,4) DEFAULT NULL COMMENT 'Tax Refunded',
  `base_tax_refunded` decimal(20,4) DEFAULT NULL COMMENT 'Base Tax Refunded',
  `discount_refunded` decimal(20,4) DEFAULT NULL COMMENT 'Discount Refunded',
  `base_discount_refunded` decimal(20,4) DEFAULT NULL COMMENT 'Base Discount Refunded',
  `free_shipping` smallint(5) unsigned NOT NULL DEFAULT '0' COMMENT 'Free Shipping',
  `gift_message_id` int(11) DEFAULT NULL COMMENT 'Gift Message ID',
  `gift_message_available` int(11) DEFAULT NULL COMMENT 'Gift Message Available',
  `weee_tax_applied` text COMMENT 'Weee Tax Applied',
  `weee_tax_applied_amount` decimal(12,4) DEFAULT NULL COMMENT 'Weee Tax Applied Amount',
  `weee_tax_applied_row_amount` decimal(12,4) DEFAULT NULL COMMENT 'Weee Tax Applied Row Amount',
  `weee_tax_disposition` decimal(12,4) DEFAULT NULL COMMENT 'Weee Tax Disposition',
  `weee_tax_row_disposition` decimal(12,4) DEFAULT NULL COMMENT 'Weee Tax Row Disposition',
  `base_weee_tax_applied_amount` decimal(12,4) DEFAULT NULL COMMENT 'Base Weee Tax Applied Amount',
  `base_weee_tax_applied_row_amnt` decimal(12,4) DEFAULT NULL COMMENT 'Base Weee Tax Applied Row Amnt',
  `base_weee_tax_disposition` decimal(12,4) DEFAULT NULL COMMENT 'Base Weee Tax Disposition',
  `base_weee_tax_row_disposition` decimal(12,4) DEFAULT NULL COMMENT 'Base Weee Tax Row Disposition',
  PRIMARY KEY (`item_id`),
  KEY `SALES_ORDER_ITEM_ORDER_ID` (`order_id`),
  KEY `SALES_ORDER_ITEM_STORE_ID` (`store_id`),
  CONSTRAINT `SALES_ORDER_ITEM_ORDER_ID_SALES_ORDER_ENTITY_ID` FOREIGN KEY (`order_id`) REFERENCES `sales_order` (`entity_id`) ON DELETE CASCADE,
  CONSTRAINT `SALES_ORDER_ITEM_STORE_ID_STORE_STORE_ID` FOREIGN KEY (`store_id`) REFERENCES `store` (`store_id`) ON DELETE SET NULL
) ENGINE=InnoDB AUTO_INCREMENT=62 DEFAULT CHARSET=utf8 COMMENT='Sales Flat Order Item';

--
-- Dumping data for table `sales_order_item`
--

INSERT INTO `sales_order_item` VALUES (1,1,NULL,42,1,'2016-04-17 00:30:10','2017-10-10 04:01:54',1,'simple','{\"info_buyRequest\":{\"uenc\":\"aHR0cDovL3dlYi5jb20vYWxvX21pbGFuby9zaG9wLmh0bWw,\",\"product\":\"1\",\"qty\":1}}',1000.0000,0,'demo_1','Primo Court Mid Suede',NULL,NULL,NULL,0,0,NULL,0.0000,0.0000,1.0000,0.0000,0.0000,NULL,325.0000,325.0000,325.0000,325.0000,0.0000,0.0000,0.0000,0.0000,0.0000,0.0000,0.0000,0.0000,0.0000,0.0000,0.0000,0.0000,325.0000,325.0000,0.0000,0.0000,1000.0000,NULL,NULL,NULL,NULL,NULL,325.0000,325.0000,325.0000,325.0000,0.0000,0.0000,NULL,NULL,NULL,NULL,NULL,NULL,NULL,NULL,NULL,NULL,0,NULL,NULL,NULL,NULL,NULL,NULL,NULL,NULL,NULL,NULL,NULL),(2,2,NULL,62,1,'2016-04-25 05:17:01','2017-10-10 04:01:54',24,'configurable','{\"info_buyRequest\":{\"uenc\":\"aHR0cDovL3dlYi5jb20vYWxvX21pbGFuby9iZWF1bW9udC1zdW1taXQta2l0Lmh0bWw_b3B0aW9ucz1jYXJ0\",\"product\":\"24\",\"selected_configurable_option\":\"\",\"related_product\":\"\",\"super_attribute\":{\"80\":\"14\",\"90\":\"9\",\"135\":\"16\"},\"qty\":\"1\"},\"attributes_info\":[{\"label\":\"Manufacturer\",\"value\":\" gucci\"},{\"label\":\"Color\",\"value\":\"Orange\"},{\"label\":\"Size\",\"value\":\"L\"}],\"simple_name\":\"MJ01-Orange- gucci-L\",\"simple_sku\":\"MJ01-Orange- gucci-L\",\"product_calculations\":1,\"shipment_type\":0}',1000.0000,0,'MJ01-Orange- gucci-L','Beaumont Summit Kit',NULL,NULL,NULL,0,0,NULL,0.0000,0.0000,1.0000,0.0000,0.0000,NULL,432.0000,432.0000,432.0000,432.0000,0.0000,0.0000,0.0000,0.0000,0.0000,0.0000,0.0000,0.0000,0.0000,0.0000,0.0000,0.0000,432.0000,432.0000,0.0000,0.0000,1000.0000,NULL,NULL,NULL,NULL,NULL,432.0000,432.0000,432.0000,432.0000,0.0000,0.0000,NULL,NULL,NULL,NULL,NULL,NULL,NULL,NULL,NULL,NULL,0,NULL,NULL,NULL,NULL,NULL,NULL,NULL,NULL,NULL,NULL,NULL),(3,2,2,63,1,'2016-04-25 05:17:01','2017-10-10 04:01:54',9,'simple','{\"info_buyRequest\":{\"uenc\":\"aHR0cDovL3dlYi5jb20vYWxvX21pbGFuby9iZWF1bW9udC1zdW1taXQta2l0Lmh0bWw_b3B0aW9ucz1jYXJ0\",\"product\":\"24\",\"selected_configurable_option\":\"\",\"related_product\":\"\",\"super_attribute\":{\"80\":\"14\",\"90\":\"9\",\"135\":\"16\"},\"qty\":\"1\"}}',1000.0000,0,'MJ01-Orange- gucci-L','MJ01-Orange- gucci-L',NULL,NULL,NULL,0,0,NULL,0.0000,0.0000,1.0000,0.0000,0.0000,NULL,0.0000,0.0000,0.0000,NULL,0.0000,0.0000,0.0000,0.0000,0.0000,0.0000,0.0000,0.0000,0.0000,0.0000,0.0000,0.0000,0.0000,0.0000,0.0000,0.0000,0.0000,NULL,NULL,NULL,NULL,NULL,NULL,NULL,NULL,NULL,NULL,NULL,NULL,NULL,NULL,NULL,NULL,NULL,NULL,NULL,NULL,NULL,0,NULL,NULL,NULL,NULL,NULL,NULL,NULL,NULL,NULL,NULL,NULL),(4,3,NULL,74,14,'2016-08-23 04:39:32','2017-10-10 04:01:54',6,'simple','{\"info_buyRequest\":{\"uenc\":\"aHR0cDovL3dlYi5jb20vYWxvX21pbGFubzJ4Mi8,\",\"product\":\"6\",\"qty\":1}}',1000.0000,0,'demo_6','Mauris sollicitudin',NULL,NULL,NULL,0,0,NULL,0.0000,0.0000,1.0000,0.0000,0.0000,NULL,213.0000,213.0000,213.0000,213.0000,0.0000,0.0000,0.0000,0.0000,0.0000,0.0000,0.0000,0.0000,0.0000,0.0000,0.0000,0.0000,213.0000,213.0000,0.0000,0.0000,1000.0000,NULL,NULL,NULL,NULL,NULL,213.0000,213.0000,213.0000,213.0000,0.0000,0.0000,NULL,NULL,NULL,NULL,NULL,NULL,NULL,NULL,NULL,NULL,0,NULL,NULL,NULL,NULL,NULL,NULL,NULL,NULL,NULL,NULL,NULL),(5,3,NULL,75,14,'2016-08-23 04:39:32','2017-10-10 04:01:54',2,'simple','{\"info_buyRequest\":{\"uenc\":\"aHR0cDovL3dlYi5jb20vYWxvX21pbGFubzJ4Mi8,\",\"product\":\"2\",\"qty\":1}}',1000.0000,0,'demo_2','The Net Bag in Navy',NULL,NULL,NULL,0,0,NULL,0.0000,0.0000,1.0000,0.0000,0.0000,NULL,369.0000,369.0000,369.0000,369.0000,0.0000,0.0000,0.0000,0.0000,0.0000,0.0000,0.0000,0.0000,0.0000,0.0000,0.0000,0.0000,369.0000,369.0000,0.0000,0.0000,1000.0000,NULL,NULL,NULL,NULL,NULL,369.0000,369.0000,369.0000,369.0000,0.0000,0.0000,NULL,NULL,NULL,NULL,NULL,NULL,NULL,NULL,NULL,NULL,0,NULL,NULL,NULL,NULL,NULL,NULL,NULL,NULL,NULL,NULL,NULL),(6,3,NULL,76,14,'2016-08-23 04:39:32','2017-10-10 04:01:54',61,'simple','{\"info_buyRequest\":{\"uenc\":\"aHR0cDovL3dlYi5jb20vYWxvX21pbGFubzJ4Mi8,\",\"product\":\"61\",\"qty\":1}}',NULL,0,'MH16-1','Fusce nec facilisi',NULL,NULL,NULL,0,0,NULL,0.0000,0.0000,1.0000,0.0000,0.0000,NULL,105.0000,105.0000,135.0000,135.0000,0.0000,0.0000,0.0000,0.0000,0.0000,0.0000,0.0000,0.0000,0.0000,0.0000,0.0000,0.0000,105.0000,105.0000,0.0000,0.0000,0.0000,NULL,NULL,NULL,NULL,NULL,105.0000,105.0000,105.0000,105.0000,0.0000,0.0000,NULL,NULL,NULL,NULL,NULL,NULL,NULL,NULL,NULL,NULL,0,NULL,NULL,NULL,NULL,NULL,NULL,NULL,NULL,NULL,NULL,NULL),(7,4,NULL,82,1,'2017-02-21 02:36:18','2017-10-10 04:01:54',1,'simple','{\"info_buyRequest\":{\"uenc\":\"aHR0cDovL3dlYi5jb20vYWxvX21pbGFubzJfdmVyMjAxNy9iYWdzLXB1cnNlcy5odG1s\",\"product\":\"1\",\"qty\":1}}',1000.0000,0,'demo_1','Primo Court Mid Suede',NULL,NULL,NULL,0,0,NULL,0.0000,0.0000,1.0000,0.0000,0.0000,NULL,325.0000,325.0000,325.0000,325.0000,0.0000,0.0000,0.0000,0.0000,0.0000,0.0000,0.0000,0.0000,0.0000,0.0000,0.0000,0.0000,325.0000,325.0000,0.0000,0.0000,1000.0000,NULL,NULL,NULL,NULL,NULL,325.0000,325.0000,325.0000,325.0000,0.0000,0.0000,NULL,NULL,NULL,NULL,NULL,NULL,NULL,NULL,NULL,NULL,0,NULL,NULL,NULL,NULL,NULL,NULL,NULL,NULL,NULL,NULL,NULL),(8,4,NULL,83,1,'2017-02-21 02:36:18','2017-10-10 04:01:54',2,'simple','{\"info_buyRequest\":{\"uenc\":\"aHR0cDovL3dlYi5jb20vYWxvX21pbGFubzJfdmVyMjAxNy9iYWdzLXB1cnNlcy5odG1s\",\"product\":\"2\",\"qty\":1}}',1000.0000,0,'demo_2','The Net Bag in Navy',NULL,NULL,NULL,0,0,NULL,0.0000,0.0000,1.0000,0.0000,0.0000,NULL,369.0000,369.0000,369.0000,369.0000,0.0000,0.0000,0.0000,0.0000,0.0000,0.0000,0.0000,0.0000,0.0000,0.0000,0.0000,0.0000,369.0000,369.0000,0.0000,0.0000,1000.0000,NULL,NULL,NULL,NULL,NULL,369.0000,369.0000,369.0000,369.0000,0.0000,0.0000,NULL,NULL,NULL,NULL,NULL,NULL,NULL,NULL,NULL,NULL,0,NULL,NULL,NULL,NULL,NULL,NULL,NULL,NULL,NULL,NULL,NULL),(9,5,NULL,121,1,'2017-04-18 02:56:41','2017-10-10 04:01:54',2,'simple','{\"info_buyRequest\":{\"uenc\":\"aHR0cDovL2Fsb3RoZW1lcy5jb20vZGVtbzIvbWlsYW5vL2luZGV4LnBocC90aGUtbmV0LWJhZy1pbi1uYXZ5Lmh0bWw_b3B0aW9ucz1jYXJ0\",\"product\":\"2\",\"selected_configurable_option\":\"\",\"related_product\":\"\",\"options\":{\"1\":[\"1\"]},\"qty\":\"1\"},\"options\":[{\"label\":\"Case\",\"value\":\"Option 1\",\"print_value\":\"Option 1\",\"option_id\":\"1\",\"option_type\":\"checkbox\",\"option_value\":\"1\",\"custom_view\":false}]}',1000.0000,0,'demo_2','The Net Bag in Navy',NULL,NULL,NULL,0,0,NULL,0.0000,0.0000,1.0000,0.0000,0.0000,NULL,738.0000,738.0000,369.0000,369.0000,0.0000,0.0000,0.0000,0.0000,0.0000,0.0000,0.0000,0.0000,0.0000,0.0000,0.0000,0.0000,738.0000,738.0000,0.0000,0.0000,1000.0000,NULL,NULL,NULL,NULL,NULL,738.0000,738.0000,738.0000,738.0000,0.0000,0.0000,NULL,NULL,NULL,NULL,NULL,NULL,NULL,NULL,NULL,NULL,0,NULL,0,NULL,NULL,NULL,NULL,NULL,NULL,NULL,NULL,NULL),(10,6,NULL,134,16,'2018-05-23 05:52:58','2018-05-23 05:52:58',1,'simple','{\"info_buyRequest\":{\"uenc\":\"aHR0cDovL20yLmFsb3RoZW1lcy5jb20vbWlsYW5vL3ByaW1vLWNvdXJ0LW1pZC1zdWVkZS5odG1s\",\"product\":\"1\",\"selected_configurable_option\":\"\",\"related_product\":\"\",\"qty\":\"1\"}}',1000.0000,0,'demo_1','Primo Court Mid Suede',NULL,NULL,NULL,0,0,NULL,0.0000,0.0000,1.0000,0.0000,0.0000,NULL,325.0000,325.0000,325.0000,325.0000,0.0000,0.0000,0.0000,0.0000,0.0000,0.0000,0.0000,0.0000,0.0000,0.0000,0.0000,0.0000,325.0000,325.0000,0.0000,0.0000,1000.0000,NULL,NULL,NULL,NULL,NULL,325.0000,325.0000,325.0000,325.0000,0.0000,0.0000,NULL,NULL,NULL,NULL,NULL,NULL,NULL,NULL,NULL,NULL,0,NULL,NULL,NULL,NULL,NULL,NULL,NULL,NULL,NULL,NULL,NULL),(11,7,NULL,166,27,'2019-05-28 10:07:15','2019-05-28 10:07:15',58,'simple','{\"info_buyRequest\":{\"uenc\":\"aHR0cDovL3R1eWVuLndwMmNhcnQuY29tL21pbGFuby9tYXVyaXMtc29sbGljaXR1ZGluLmh0bWw,\",\"product\":\"58\",\"selected_configurable_option\":\"\",\"related_product\":\"\",\"qty\":\"1\"}}',NULL,0,'MH15','Mauris sollicitudin',NULL,NULL,NULL,0,0,NULL,0.0000,0.0000,560.0000,0.0000,0.0000,NULL,112.0000,112.0000,134.0000,134.0000,0.0000,0.0000,0.0000,0.0000,0.0000,0.0000,0.0000,0.0000,0.0000,0.0000,0.0000,0.0000,62720.0000,62720.0000,0.0000,0.0000,0.0000,NULL,NULL,NULL,NULL,NULL,112.0000,112.0000,62720.0000,62720.0000,0.0000,0.0000,NULL,NULL,NULL,NULL,NULL,NULL,NULL,NULL,NULL,NULL,0,NULL,0,NULL,NULL,NULL,NULL,NULL,NULL,NULL,NULL,NULL),(12,8,NULL,167,27,'2019-05-29 00:51:12','2019-05-29 00:51:12',2,'simple','{\"info_buyRequest\":{\"uenc\":\"aHR0cDovL3R1eWVuLndwMmNhcnQuY29tL21pbGFuby90aGUtbmV0LWJhZy1pbi1uYXZ5Lmh0bWw,\",\"product\":\"2\",\"selected_configurable_option\":\"\",\"related_product\":\"\",\"options\":{\"1\":[\"1\",\"2\"]},\"qty\":\"1\"},\"options\":[{\"label\":\"Case\",\"value\":\"Option 1, Option 2\",\"print_value\":\"Option 1, Option 2\",\"option_id\":\"1\",\"option_type\":\"checkbox\",\"option_value\":\"1,2\",\"custom_view\":false}]}',1000.0000,0,'demo_2--','The Net Bag in Navy',NULL,NULL,NULL,0,0,NULL,0.0000,0.0000,450.0000,0.0000,0.0000,NULL,1017.0000,1017.0000,369.0000,369.0000,0.0000,0.0000,0.0000,0.0000,0.0000,0.0000,0.0000,0.0000,0.0000,0.0000,0.0000,0.0000,457650.0000,457650.0000,0.0000,0.0000,450000.0000,NULL,NULL,NULL,NULL,NULL,1017.0000,1017.0000,457650.0000,457650.0000,0.0000,0.0000,NULL,NULL,NULL,NULL,NULL,NULL,NULL,NULL,NULL,NULL,0,NULL,0,NULL,NULL,NULL,NULL,NULL,NULL,NULL,NULL,NULL),(13,9,NULL,183,38,'2020-03-21 13:03:47','2020-03-21 13:03:47',128,'simple','{\"info_buyRequest\":{\"id\":\"128\",\"product\":\"128\",\"selected_configurable_option\":\"\",\"related_product\":\"\",\"item\":\"128\",\"qty\":\"1\"}}',NULL,0,'Bunny-Spice-Jersey','Bunny Spice Jersey',NULL,NULL,NULL,0,0,NULL,0.0000,0.0000,1.0000,0.0000,0.0000,NULL,33.2100,47.0000,33.2149,47.0000,0.0000,0.0000,0.0000,0.0000,0.0000,0.0000,0.0000,0.0000,0.0000,0.0000,0.0000,0.0000,33.2100,47.0000,0.0000,0.0000,0.0000,NULL,NULL,NULL,NULL,NULL,33.2100,47.0000,33.2100,47.0000,0.0000,0.0000,NULL,NULL,NULL,NULL,NULL,NULL,NULL,NULL,NULL,NULL,0,NULL,NULL,NULL,NULL,NULL,NULL,NULL,NULL,NULL,NULL,NULL),(14,9,NULL,184,38,'2020-03-21 13:03:47','2020-03-21 13:03:47',132,'simple','{\"info_buyRequest\":{\"uenc\":\"aHR0cDovL20yLmFsb3RoZW1lcy5jb20vbWlsYW5vL2VuZ2xpc2hfMTYvbWFnaWNwcm9kdWN0L2luZGV4L3Byb2R1Y3Qv\",\"product\":\"132\",\"qty\":1}}',NULL,0,'Full-Snap-Footie','Full Snap Footie',NULL,NULL,NULL,0,0,NULL,0.0000,0.0000,1.0000,0.0000,0.0000,50.0000,39.5800,56.0000,39.5752,56.0000,0.0000,0.0000,0.0000,0.0000,0.0000,0.0000,0.0000,0.0000,0.0000,0.0000,0.0000,0.0000,39.5800,56.0000,0.0000,0.0000,0.0000,NULL,NULL,NULL,NULL,NULL,39.5800,56.0000,39.5800,56.0000,0.0000,0.0000,NULL,NULL,NULL,NULL,NULL,NULL,NULL,NULL,NULL,NULL,0,NULL,NULL,NULL,NULL,NULL,NULL,NULL,NULL,NULL,NULL,NULL),(15,10,NULL,238,27,'2020-04-12 14:10:39','2020-04-12 14:10:39',63,'simple','{\"info_buyRequest\":{\"id\":\"63\",\"product\":\"63\",\"selected_configurable_option\":\"\",\"related_product\":\"\",\"item\":\"63\",\"qty\":\"1\"}}',NULL,0,'MH18','Sed dignissim magna',NULL,NULL,NULL,0,0,NULL,0.0000,0.0000,2.0000,0.0000,0.0000,NULL,75.0000,75.0000,89.0000,89.0000,0.0000,0.0000,0.0000,0.0000,0.0000,0.0000,0.0000,0.0000,0.0000,0.0000,0.0000,0.0000,150.0000,150.0000,0.0000,0.0000,0.0000,NULL,NULL,NULL,NULL,NULL,75.0000,75.0000,150.0000,150.0000,0.0000,0.0000,NULL,NULL,NULL,NULL,NULL,NULL,NULL,NULL,NULL,NULL,0,NULL,0,NULL,NULL,NULL,NULL,NULL,NULL,NULL,NULL,NULL),(16,11,NULL,260,1,'2020-04-20 06:42:24','2020-04-20 06:42:24',5,'configurable','{\"info_buyRequest\":{\"id\":\"5\",\"product\":\"5\",\"selected_configurable_option\":\"\",\"related_product\":\"\",\"item\":\"5\",\"super_attribute\":{\"90\":\"4\",\"80\":\"14\",\"135\":\"16\"},\"qty\":\"1\"},\"attributes_info\":[{\"label\":\"Color\",\"value\":\"Black\",\"option_id\":90,\"option_value\":\"4\"},{\"label\":\"Manufacturer\",\"value\":\" gucci\",\"option_id\":80,\"option_value\":\"14\"},{\"label\":\"Size\",\"value\":\"L\",\"option_id\":135,\"option_value\":\"16\"}],\"simple_name\":\"demo_4-Black- gucci-L\",\"simple_sku\":\"demo_4-Black- gucci-L\",\"product_calculations\":1,\"shipment_type\":0}',1000.0000,0,'demo_4-Black- gucci-L','Configurable Product',NULL,NULL,NULL,0,0,NULL,0.0000,0.0000,1.0000,0.0000,0.0000,NULL,134.0000,134.0000,134.0000,134.0000,0.0000,0.0000,0.0000,0.0000,0.0000,0.0000,0.0000,0.0000,0.0000,0.0000,0.0000,0.0000,134.0000,134.0000,0.0000,0.0000,1000.0000,NULL,NULL,NULL,NULL,NULL,134.0000,134.0000,134.0000,134.0000,0.0000,0.0000,NULL,NULL,NULL,NULL,NULL,NULL,NULL,NULL,NULL,NULL,0,NULL,0,NULL,NULL,NULL,NULL,NULL,NULL,NULL,NULL,NULL),(17,11,16,261,1,'2020-04-20 06:42:24','2020-04-20 06:42:24',31,'simple','{\"info_buyRequest\":{\"id\":\"5\",\"product\":\"5\",\"selected_configurable_option\":\"\",\"related_product\":\"\",\"item\":\"5\",\"super_attribute\":{\"90\":\"4\",\"80\":\"14\",\"135\":\"16\"},\"qty\":\"1\"}}',1000.0000,0,'demo_4-Black- gucci-L','demo_4-Black- gucci-L',NULL,NULL,NULL,0,0,NULL,0.0000,0.0000,1.0000,0.0000,0.0000,NULL,134.0000,0.0000,0.0000,NULL,0.0000,0.0000,0.0000,0.0000,0.0000,0.0000,0.0000,0.0000,0.0000,0.0000,0.0000,0.0000,0.0000,0.0000,0.0000,0.0000,0.0000,NULL,NULL,NULL,NULL,NULL,NULL,NULL,NULL,NULL,NULL,NULL,NULL,NULL,NULL,NULL,NULL,NULL,NULL,NULL,NULL,NULL,0,NULL,NULL,NULL,NULL,NULL,NULL,NULL,NULL,NULL,NULL,NULL),(18,11,NULL,262,1,'2020-04-20 06:42:24','2020-04-20 06:42:24',24,'configurable','{\"info_buyRequest\":{\"id\":\"24\",\"product\":\"24\",\"selected_configurable_option\":\"\",\"related_product\":\"\",\"item\":\"24\",\"super_attribute\":{\"90\":\"11\",\"80\":\"14\",\"135\":\"16\"},\"qty\":\"89\"},\"attributes_info\":[{\"label\":\"Color\",\"value\":\"Yellow\",\"option_id\":90,\"option_value\":\"11\"},{\"label\":\"Manufacturer\",\"value\":\" gucci\",\"option_id\":80,\"option_value\":\"14\"},{\"label\":\"Size\",\"value\":\"L\",\"option_id\":135,\"option_value\":\"16\"}],\"simple_name\":\"MJ01-Yellow- gucci-L\",\"simple_sku\":\"MJ01-Yellow- gucci-L\",\"product_calculations\":1,\"shipment_type\":0}',1000.0000,0,'MJ01-Yellow- gucci-L','Beaumont Summit Kit',NULL,NULL,NULL,0,0,NULL,0.0000,0.0000,89.0000,0.0000,0.0000,NULL,390.0000,390.0000,432.0000,432.0000,0.0000,0.0000,0.0000,0.0000,0.0000,0.0000,0.0000,0.0000,0.0000,0.0000,0.0000,0.0000,34710.0000,34710.0000,0.0000,0.0000,89000.0000,NULL,NULL,NULL,NULL,NULL,390.0000,390.0000,34710.0000,34710.0000,0.0000,0.0000,NULL,NULL,NULL,NULL,NULL,NULL,NULL,NULL,NULL,NULL,0,NULL,0,NULL,NULL,NULL,NULL,NULL,NULL,NULL,NULL,NULL),(19,11,18,263,1,'2020-04-20 06:42:24','2020-04-20 06:42:24',14,'simple','{\"info_buyRequest\":{\"id\":\"24\",\"product\":\"24\",\"selected_configurable_option\":\"\",\"related_product\":\"\",\"item\":\"24\",\"super_attribute\":{\"90\":\"11\",\"80\":\"14\",\"135\":\"16\"},\"qty\":\"89\"}}',1000.0000,0,'MJ01-Yellow- gucci-L','MJ01-Yellow- gucci-L',NULL,NULL,NULL,0,0,NULL,0.0000,0.0000,89.0000,0.0000,0.0000,NULL,390.0000,0.0000,0.0000,NULL,0.0000,0.0000,0.0000,0.0000,0.0000,0.0000,0.0000,0.0000,0.0000,0.0000,0.0000,0.0000,0.0000,0.0000,0.0000,0.0000,0.0000,NULL,NULL,NULL,NULL,NULL,NULL,NULL,NULL,NULL,NULL,NULL,NULL,NULL,NULL,NULL,NULL,NULL,NULL,NULL,NULL,NULL,0,NULL,0,NULL,NULL,NULL,NULL,NULL,NULL,NULL,NULL,NULL),(20,12,NULL,264,1,'2020-04-20 15:15:09','2020-04-20 15:15:09',24,'configurable','{\"info_buyRequest\":{\"id\":\"24\",\"product\":\"24\",\"selected_configurable_option\":\"\",\"related_product\":\"\",\"item\":\"24\",\"super_attribute\":{\"90\":\"9\",\"80\":\"14\",\"135\":\"16\"},\"qty\":\"1\"},\"attributes_info\":[{\"label\":\"Color\",\"value\":\"Orange\",\"option_id\":90,\"option_value\":\"9\"},{\"label\":\"Manufacturer\",\"value\":\" gucci\",\"option_id\":80,\"option_value\":\"14\"},{\"label\":\"Size\",\"value\":\"L\",\"option_id\":135,\"option_value\":\"16\"}],\"simple_name\":\"MJ01-Orange- gucci-L\",\"simple_sku\":\"MJ01-Orange- gucci-L\",\"product_calculations\":1,\"shipment_type\":0}',1000.0000,0,'MJ01-Orange- gucci-L','Beaumont Summit Kit',NULL,NULL,NULL,0,0,NULL,0.0000,0.0000,2.0000,0.0000,0.0000,NULL,400.0000,400.0000,432.0000,432.0000,0.0000,0.0000,0.0000,0.0000,0.0000,0.0000,0.0000,0.0000,0.0000,0.0000,0.0000,0.0000,800.0000,800.0000,0.0000,0.0000,2000.0000,NULL,NULL,NULL,NULL,NULL,400.0000,400.0000,800.0000,800.0000,0.0000,0.0000,NULL,NULL,NULL,NULL,NULL,NULL,NULL,NULL,NULL,NULL,0,NULL,0,NULL,NULL,NULL,NULL,NULL,NULL,NULL,NULL,NULL),(21,12,20,265,1,'2020-04-20 15:15:09','2020-04-20 15:15:09',9,'simple','{\"info_buyRequest\":{\"id\":\"24\",\"product\":\"24\",\"selected_configurable_option\":\"\",\"related_product\":\"\",\"item\":\"24\",\"super_attribute\":{\"90\":\"9\",\"80\":\"14\",\"135\":\"16\"},\"qty\":\"1\"}}',1000.0000,0,'MJ01-Orange- gucci-L','MJ01-Orange- gucci-L',NULL,NULL,NULL,0,0,NULL,0.0000,0.0000,2.0000,0.0000,0.0000,NULL,400.0000,0.0000,0.0000,NULL,0.0000,0.0000,0.0000,0.0000,0.0000,0.0000,0.0000,0.0000,0.0000,0.0000,0.0000,0.0000,0.0000,0.0000,0.0000,0.0000,0.0000,NULL,NULL,NULL,NULL,NULL,NULL,NULL,NULL,NULL,NULL,NULL,NULL,NULL,NULL,NULL,NULL,NULL,NULL,NULL,NULL,NULL,0,NULL,0,NULL,NULL,NULL,NULL,NULL,NULL,NULL,NULL,NULL),(22,12,NULL,266,1,'2020-04-20 15:15:09','2020-04-20 15:15:09',24,'configurable','{\"info_buyRequest\":{\"id\":\"24\",\"product\":\"24\",\"uenc\":\"aHR0cDovL3dwMmNhcnQuY29tL21pbGFuby9kZWZhdWx0L2NoZWNrb3V0L2NhcnQvYWRkL3VlbmMvYUhSMGNEb3ZMM2R3TW1OaGNuUXVZMjl0TDIxcGJHRnVieTlrWldaaGRXeDBMM05vYjNBdWFIUnRiQSUyQyUyQy9wcm9kdWN0LzI0Lw,,\",\"super_attribute\":{\"90\":\"10\",\"80\":\"14\",\"135\":\"18\"},\"qty\":1},\"attributes_info\":[{\"label\":\"Color\",\"value\":\"Red\",\"option_id\":90,\"option_value\":\"10\"},{\"label\":\"Manufacturer\",\"value\":\" gucci\",\"option_id\":80,\"option_value\":\"14\"},{\"label\":\"Size\",\"value\":\"S\",\"option_id\":135,\"option_value\":\"18\"}],\"simple_name\":\"MJ01-Red- gucci-S\",\"simple_sku\":\"MJ01-Red- gucci-S\",\"product_calculations\":1,\"shipment_type\":0}',1000.0000,0,'MJ01-Red- gucci-S','Beaumont Summit Kit',NULL,NULL,NULL,0,0,NULL,0.0000,0.0000,1.0000,0.0000,0.0000,NULL,432.0000,432.0000,432.0000,432.0000,0.0000,0.0000,0.0000,0.0000,0.0000,0.0000,0.0000,0.0000,0.0000,0.0000,0.0000,0.0000,432.0000,432.0000,0.0000,0.0000,1000.0000,NULL,NULL,NULL,NULL,NULL,432.0000,432.0000,432.0000,432.0000,0.0000,0.0000,NULL,NULL,NULL,NULL,NULL,NULL,NULL,NULL,NULL,NULL,0,NULL,0,NULL,NULL,NULL,NULL,NULL,NULL,NULL,NULL,NULL),(23,12,22,267,1,'2020-04-20 15:15:09','2020-04-20 15:15:09',23,'simple','{\"info_buyRequest\":{\"id\":\"24\",\"product\":\"24\",\"uenc\":\"aHR0cDovL3dwMmNhcnQuY29tL21pbGFuby9kZWZhdWx0L2NoZWNrb3V0L2NhcnQvYWRkL3VlbmMvYUhSMGNEb3ZMM2R3TW1OaGNuUXVZMjl0TDIxcGJHRnVieTlrWldaaGRXeDBMM05vYjNBdWFIUnRiQSUyQyUyQy9wcm9kdWN0LzI0Lw,,\",\"super_attribute\":{\"90\":\"10\",\"80\":\"14\",\"135\":\"18\"},\"qty\":1}}',1000.0000,0,'MJ01-Red- gucci-S','MJ01-Red- gucci-S',NULL,NULL,NULL,0,0,NULL,0.0000,0.0000,1.0000,0.0000,0.0000,NULL,432.0000,0.0000,0.0000,NULL,0.0000,0.0000,0.0000,0.0000,0.0000,0.0000,0.0000,0.0000,0.0000,0.0000,0.0000,0.0000,0.0000,0.0000,0.0000,0.0000,0.0000,NULL,NULL,NULL,NULL,NULL,NULL,NULL,NULL,NULL,NULL,NULL,NULL,NULL,NULL,NULL,NULL,NULL,NULL,NULL,NULL,NULL,0,NULL,NULL,NULL,NULL,NULL,NULL,NULL,NULL,NULL,NULL,NULL),(24,12,NULL,268,1,'2020-04-20 15:15:09','2020-04-20 15:15:09',59,'simple','{\"info_buyRequest\":{\"id\":\"59\",\"product\":\"59\",\"uenc\":\"aHR0cDovL3dwMmNhcnQuY29tL21pbGFuby9kZWZhdWx0L2NoZWNrb3V0L2NhcnQvYWRkL3VlbmMvYUhSMGNEb3ZMM2R3TW1OaGNuUXVZMjl0TDIxcGJHRnVieTlrWldaaGRXeDBMM05vYjNBdWFIUnRiQSUyQyUyQy9wcm9kdWN0LzU5Lw,,\",\"qty\":1}}',NULL,0,'MH15-1','Cras sem sapien',NULL,NULL,NULL,0,0,NULL,0.0000,0.0000,1.0000,0.0000,0.0000,NULL,99.0000,99.0000,99.0000,99.0000,0.0000,0.0000,0.0000,0.0000,0.0000,0.0000,0.0000,0.0000,0.0000,0.0000,0.0000,0.0000,99.0000,99.0000,0.0000,0.0000,0.0000,NULL,NULL,NULL,NULL,NULL,99.0000,99.0000,99.0000,99.0000,0.0000,0.0000,NULL,NULL,NULL,NULL,NULL,NULL,NULL,NULL,NULL,NULL,0,NULL,NULL,NULL,NULL,NULL,NULL,NULL,NULL,NULL,NULL,NULL),(25,12,NULL,269,1,'2020-04-20 15:15:09','2020-04-20 15:15:09',85,'simple','{\"info_buyRequest\":{\"id\":\"85\",\"product\":\"85\",\"uenc\":\"aHR0cDovL3dwMmNhcnQuY29tL21pbGFuby9kZWZhdWx0L2NoZWNrb3V0L2NhcnQvYWRkL3VlbmMvYUhSMGNEb3ZMM2R3TW1OaGNuUXVZMjl0TDIxcGJHRnVieTlrWldaaGRXeDBMdyUyQyUyQy9wcm9kdWN0Lzg1Lw,,\",\"qty\":1}}',NULL,0,'Marcasite-Halo-Signet-Earring','Marcasite Halo Signet Earring',NULL,NULL,NULL,0,0,NULL,0.0000,0.0000,1.0000,0.0000,0.0000,28.0000,32.0000,32.0000,32.0000,32.0000,0.0000,0.0000,0.0000,0.0000,0.0000,0.0000,0.0000,0.0000,0.0000,0.0000,0.0000,0.0000,32.0000,32.0000,0.0000,0.0000,0.0000,NULL,NULL,NULL,NULL,NULL,32.0000,32.0000,32.0000,32.0000,0.0000,0.0000,NULL,NULL,NULL,NULL,NULL,NULL,NULL,NULL,NULL,NULL,0,NULL,NULL,NULL,NULL,NULL,NULL,NULL,NULL,NULL,NULL,NULL),(26,12,NULL,280,1,'2020-04-20 15:15:09','2020-04-20 15:15:09',5,'configurable','{\"info_buyRequest\":{\"id\":\"5\",\"product\":\"5\",\"selected_configurable_option\":\"\",\"related_product\":\"\",\"item\":\"5\",\"super_attribute\":{\"90\":\"5\",\"80\":\"14\",\"135\":\"17\"},\"qty\":\"89\"},\"attributes_info\":[{\"label\":\"Color\",\"value\":\"Blue\",\"option_id\":90,\"option_value\":\"5\"},{\"label\":\"Manufacturer\",\"value\":\" gucci\",\"option_id\":80,\"option_value\":\"14\"},{\"label\":\"Size\",\"value\":\"M\",\"option_id\":135,\"option_value\":\"17\"}],\"simple_name\":\"demo_4-Blue- gucci-M\",\"simple_sku\":\"demo_4-Blue- gucci-M\",\"product_calculations\":1,\"shipment_type\":0}',1000.0000,0,'demo_4-Blue- gucci-M','Configurable Product',NULL,NULL,NULL,0,0,NULL,0.0000,0.0000,89.0000,0.0000,0.0000,NULL,134.0000,134.0000,134.0000,134.0000,0.0000,0.0000,0.0000,0.0000,0.0000,0.0000,0.0000,0.0000,0.0000,0.0000,0.0000,0.0000,11926.0000,11926.0000,0.0000,0.0000,89000.0000,NULL,NULL,NULL,NULL,NULL,134.0000,134.0000,11926.0000,11926.0000,0.0000,0.0000,NULL,NULL,NULL,NULL,NULL,NULL,NULL,NULL,NULL,NULL,0,NULL,0,NULL,NULL,NULL,NULL,NULL,NULL,NULL,NULL,NULL),(27,12,26,281,1,'2020-04-20 15:15:09','2020-04-20 15:15:09',27,'simple','{\"info_buyRequest\":{\"id\":\"5\",\"product\":\"5\",\"selected_configurable_option\":\"\",\"related_product\":\"\",\"item\":\"5\",\"super_attribute\":{\"90\":\"5\",\"80\":\"14\",\"135\":\"17\"},\"qty\":\"89\"}}',1000.0000,0,'demo_4-Blue- gucci-M','demo_4-Blue- gucci-M',NULL,NULL,NULL,0,0,NULL,0.0000,0.0000,89.0000,0.0000,0.0000,NULL,134.0000,0.0000,0.0000,NULL,0.0000,0.0000,0.0000,0.0000,0.0000,0.0000,0.0000,0.0000,0.0000,0.0000,0.0000,0.0000,0.0000,0.0000,0.0000,0.0000,0.0000,NULL,NULL,NULL,NULL,NULL,NULL,NULL,NULL,NULL,NULL,NULL,NULL,NULL,NULL,NULL,NULL,NULL,NULL,NULL,NULL,NULL,0,NULL,NULL,NULL,NULL,NULL,NULL,NULL,NULL,NULL,NULL,NULL),(28,13,NULL,305,27,'2020-04-24 10:48:46','2020-04-24 10:48:46',60,'simple','{\"info_buyRequest\":{\"id\":\"60\",\"product\":\"60\",\"selected_configurable_option\":\"\",\"related_product\":\"\",\"item\":\"60\",\"qty\":\"1\"}}',NULL,0,'MH16','Quisque neque',NULL,NULL,NULL,0,0,NULL,0.0000,0.0000,1.0000,0.0000,0.0000,NULL,75.0000,75.0000,92.0000,92.0000,0.0000,0.0000,0.0000,0.0000,0.0000,0.0000,0.0000,0.0000,0.0000,0.0000,0.0000,0.0000,75.0000,75.0000,0.0000,0.0000,0.0000,NULL,NULL,NULL,NULL,NULL,75.0000,75.0000,75.0000,75.0000,0.0000,0.0000,NULL,NULL,NULL,NULL,NULL,NULL,NULL,NULL,NULL,NULL,0,NULL,0,NULL,NULL,NULL,NULL,NULL,NULL,NULL,NULL,NULL),(29,14,NULL,314,1,'2020-04-26 22:24:41','2020-04-26 22:24:41',81,'simple','{\"info_buyRequest\":{\"id\":\"81\",\"product\":\"81\",\"selected_configurable_option\":\"\",\"related_product\":\"\",\"item\":\"81\",\"qty\":\"2\"}}',NULL,0,'Lotus-Leaf-Marcasite-Ring-with-Square-Agate','Lotus Leaf Marcasite Ring with Square Agate',NULL,NULL,NULL,0,0,NULL,0.0000,0.0000,2.0000,0.0000,0.0000,NULL,20.0000,20.0000,20.0000,20.0000,0.0000,0.0000,0.0000,0.0000,0.0000,0.0000,0.0000,0.0000,0.0000,0.0000,0.0000,0.0000,40.0000,40.0000,0.0000,0.0000,0.0000,NULL,NULL,NULL,NULL,NULL,20.0000,20.0000,40.0000,40.0000,0.0000,0.0000,NULL,NULL,NULL,NULL,NULL,NULL,NULL,NULL,NULL,NULL,0,NULL,NULL,NULL,NULL,NULL,NULL,NULL,NULL,NULL,NULL,NULL),(30,15,NULL,322,1,'2020-04-27 22:19:13','2020-04-27 22:19:13',74,'configurable','{\"info_buyRequest\":{\"id\":\"74\",\"product\":\"74\",\"selected_configurable_option\":\"\",\"related_product\":\"\",\"item\":\"74\",\"super_attribute\":{\"90\":\"11\",\"135\":\"18\"},\"qty\":\"1\"},\"attributes_info\":[{\"label\":\"Color\",\"value\":\"Yellow\",\"option_id\":90,\"option_value\":\"11\"},{\"label\":\"Size\",\"value\":\"S\",\"option_id\":135,\"option_value\":\"18\"}],\"simple_name\":\"MH20-Yellow-S\",\"simple_sku\":\"MH20-Yellow-S\",\"product_calculations\":1,\"shipment_type\":0}',NULL,1,'MH20-Yellow-S','Marco Lightweight Active',NULL,NULL,NULL,0,0,NULL,0.0000,0.0000,1.0000,0.0000,0.0000,NULL,89.0000,89.0000,89.0000,89.0000,0.0000,0.0000,0.0000,0.0000,0.0000,0.0000,0.0000,0.0000,0.0000,0.0000,0.0000,0.0000,89.0000,89.0000,0.0000,0.0000,0.0000,NULL,NULL,NULL,NULL,NULL,89.0000,89.0000,89.0000,89.0000,0.0000,0.0000,NULL,NULL,NULL,NULL,NULL,NULL,NULL,NULL,NULL,NULL,0,NULL,0,NULL,NULL,NULL,NULL,NULL,NULL,NULL,NULL,NULL),(31,15,30,323,1,'2020-04-27 22:19:13','2020-04-27 22:19:13',70,'virtual','{\"info_buyRequest\":{\"id\":\"74\",\"product\":\"74\",\"selected_configurable_option\":\"\",\"related_product\":\"\",\"item\":\"74\",\"super_attribute\":{\"90\":\"11\",\"135\":\"18\"},\"qty\":\"1\"}}',NULL,1,'MH20-Yellow-S','MH20-Yellow-S',NULL,NULL,NULL,0,0,NULL,0.0000,0.0000,1.0000,0.0000,0.0000,NULL,89.0000,0.0000,0.0000,NULL,0.0000,0.0000,0.0000,0.0000,0.0000,0.0000,0.0000,0.0000,0.0000,0.0000,0.0000,0.0000,0.0000,0.0000,0.0000,0.0000,0.0000,NULL,NULL,NULL,NULL,NULL,NULL,NULL,NULL,NULL,NULL,NULL,NULL,NULL,NULL,NULL,NULL,NULL,NULL,NULL,NULL,NULL,0,NULL,NULL,NULL,NULL,NULL,NULL,NULL,NULL,NULL,NULL,NULL),(32,16,NULL,328,1,'2020-04-29 13:27:47','2020-04-29 13:27:47',7,'simple','{\"info_buyRequest\":{\"id\":\"7\",\"product\":\"7\",\"uenc\":\"aHR0cDovL20yLmFsb3RoZW1lcy5jb20vbWlsYW5vL2RlZmF1bHQvY2hlY2tvdXQvY2FydC9hZGQvdWVuYy9hSFIwY0RvdkwyMHlMbUZzYjNSb1pXMWxjeTVqYjIwdmJXbHNZVzV2TDJSbFptRjFiSFF2YzJodmNDOXRaVzR2WTJ4dmRHaHBibWN1YUhSdGJBJTJDJTJDL3Byb2R1Y3QvNy8,\",\"qty\":1}}',1000.0000,0,'demo_7','Donec sem tellus',NULL,NULL,NULL,0,0,NULL,0.0000,0.0000,1.0000,0.0000,0.0000,NULL,134.0000,134.0000,134.0000,134.0000,0.0000,0.0000,0.0000,0.0000,0.0000,0.0000,0.0000,0.0000,0.0000,0.0000,0.0000,0.0000,134.0000,134.0000,0.0000,0.0000,1000.0000,NULL,NULL,NULL,NULL,NULL,134.0000,134.0000,134.0000,134.0000,0.0000,0.0000,NULL,NULL,NULL,NULL,NULL,NULL,NULL,NULL,NULL,NULL,0,NULL,0,NULL,NULL,NULL,NULL,NULL,NULL,NULL,NULL,NULL),(33,17,NULL,453,16,'2020-06-22 12:25:16','2020-06-22 12:25:16',24,'configurable','{\"info_buyRequest\":{\"id\":\"24\",\"product\":\"24\",\"uenc\":\"aHR0cHM6Ly9tMi5hbG90aGVtZXMuY29tL21pbGFuby9lbmdsaXNoXzIvY2hlY2tvdXQvY2FydC9hZGQvdWVuYy9hSFIwY0hNNkx5OXRNaTVoYkc5MGFHVnRaWE11WTI5dEwyMXBiR0Z1Ynk5bGJtZHNhWE5vWHpJdmMyaHZjQzVvZEcxcy9wcm9kdWN0LzI0Lw,,\",\"super_attribute\":{\"90\":\"9\",\"80\":\"14\",\"135\":\"16\"},\"qty\":1},\"attributes_info\":[{\"label\":\"Color\",\"value\":\"Orange\",\"option_id\":90,\"option_value\":\"9\"},{\"label\":\"Manufacturer\",\"value\":\"Guc\",\"option_id\":80,\"option_value\":\"14\"},{\"label\":\"Size\",\"value\":\"L\",\"option_id\":135,\"option_value\":\"16\"}],\"simple_name\":\"MJ01-Orange- gucci-L\",\"simple_sku\":\"MJ01-Orange- gucci-L\",\"product_calculations\":1,\"shipment_type\":0}',1000.0000,0,'MJ01-Orange- gucci-L','Beaumont Summit Kit',NULL,NULL,NULL,0,0,NULL,0.0000,0.0000,2.0000,0.0000,0.0000,NULL,400.0000,400.0000,432.0000,432.0000,0.0000,0.0000,0.0000,0.0000,0.0000,0.0000,0.0000,0.0000,0.0000,0.0000,0.0000,0.0000,800.0000,800.0000,0.0000,0.0000,2000.0000,NULL,NULL,NULL,NULL,NULL,400.0000,400.0000,800.0000,800.0000,0.0000,0.0000,NULL,NULL,NULL,NULL,NULL,NULL,NULL,NULL,NULL,NULL,0,NULL,0,NULL,NULL,NULL,NULL,NULL,NULL,NULL,NULL,NULL),(34,17,33,454,16,'2020-06-22 12:25:16','2020-06-22 12:25:16',9,'simple','{\"info_buyRequest\":{\"id\":\"24\",\"product\":\"24\",\"uenc\":\"aHR0cHM6Ly9tMi5hbG90aGVtZXMuY29tL21pbGFuby9lbmdsaXNoXzIvY2hlY2tvdXQvY2FydC9hZGQvdWVuYy9hSFIwY0hNNkx5OXRNaTVoYkc5MGFHVnRaWE11WTI5dEwyMXBiR0Z1Ynk5bGJtZHNhWE5vWHpJdmMyaHZjQzVvZEcxcy9wcm9kdWN0LzI0Lw,,\",\"super_attribute\":{\"90\":\"9\",\"80\":\"14\",\"135\":\"16\"},\"qty\":1}}',1000.0000,0,'MJ01-Orange- gucci-L','MJ01-Orange- gucci-L',NULL,NULL,NULL,0,0,NULL,0.0000,0.0000,2.0000,0.0000,0.0000,NULL,400.0000,0.0000,0.0000,NULL,0.0000,0.0000,0.0000,0.0000,0.0000,0.0000,0.0000,0.0000,0.0000,0.0000,0.0000,0.0000,0.0000,0.0000,0.0000,0.0000,0.0000,NULL,NULL,NULL,NULL,NULL,NULL,NULL,NULL,NULL,NULL,NULL,NULL,NULL,NULL,NULL,NULL,NULL,NULL,NULL,NULL,NULL,0,NULL,0,NULL,NULL,NULL,NULL,NULL,NULL,NULL,NULL,NULL),(35,18,NULL,624,1,'2020-07-11 09:15:15','2020-07-11 09:15:15',1,'simple','{\"info_buyRequest\":{\"id\":\"1\",\"product\":\"1\",\"selected_configurable_option\":\"\",\"related_product\":\"\",\"item\":\"1\",\"qty\":\"1\"}}',1000.0000,0,'demo_1','Primo Court Mid Suede',NULL,NULL,NULL,0,0,NULL,0.0000,0.0000,1.0000,0.0000,0.0000,NULL,325.0000,325.0000,325.0000,325.0000,0.0000,0.0000,0.0000,0.0000,0.0000,0.0000,0.0000,0.0000,0.0000,0.0000,0.0000,0.0000,325.0000,325.0000,0.0000,0.0000,1000.0000,NULL,NULL,NULL,NULL,NULL,325.0000,325.0000,325.0000,325.0000,0.0000,0.0000,NULL,NULL,NULL,NULL,NULL,NULL,NULL,NULL,NULL,NULL,0,NULL,NULL,NULL,NULL,NULL,NULL,NULL,NULL,NULL,NULL,NULL),(36,19,NULL,629,37,'2020-07-12 12:01:26','2020-07-12 12:01:26',116,'simple','{\"info_buyRequest\":{\"id\":\"116\",\"product\":\"116\",\"uenc\":\"aHR0cHM6Ly9tMi5hbG90aGVtZXMuY29tL21pbGFuby9lbmdsaXNoXzE1L2NoZWNrb3V0L2NhcnQvYWRkL3VlbmMvYUhSMGNITTZMeTl0TWk1aGJHOTBhR1Z0WlhNdVkyOXRMMjFwYkdGdWJ5OXBibVJsZUM1d2FIQXZQMTlmWDNOMGIzSmxQV1Z1WjJ4cGMyaGZNVFUlMkMvcHJvZHVjdC8xMTYv\",\"qty\":1}}',NULL,0,'Superfood-Sauce-Skin','Superfood Sauce Skin',NULL,NULL,NULL,0,0,NULL,0.0000,0.0000,1.0000,0.0000,0.0000,NULL,59.0000,59.0000,59.0000,59.0000,0.0000,0.0000,0.0000,0.0000,0.0000,0.0000,0.0000,0.0000,0.0000,0.0000,0.0000,0.0000,59.0000,59.0000,0.0000,0.0000,0.0000,NULL,NULL,NULL,NULL,NULL,59.0000,59.0000,59.0000,59.0000,0.0000,0.0000,NULL,NULL,NULL,NULL,NULL,NULL,NULL,NULL,NULL,NULL,0,NULL,NULL,NULL,NULL,NULL,NULL,NULL,NULL,NULL,NULL,NULL),(37,20,NULL,655,1,'2020-07-17 22:22:53','2020-07-17 22:22:53',24,'configurable','{\"info_buyRequest\":{\"id\":\"24\",\"product\":\"24\",\"selected_configurable_option\":\"\",\"related_product\":\"\",\"item\":\"24\",\"super_attribute\":{\"90\":\"9\",\"80\":\"14\",\"135\":\"16\"},\"qty\":\"1\"},\"attributes_info\":[{\"label\":\"Color\",\"value\":\"Orange\",\"option_id\":90,\"option_value\":\"9\"},{\"label\":\"Manufacturer\",\"value\":\"Guc\",\"option_id\":80,\"option_value\":\"14\"},{\"label\":\"Size\",\"value\":\"L\",\"option_id\":135,\"option_value\":\"16\"}],\"simple_name\":\"MJ01-Orange- gucci-L\",\"simple_sku\":\"MJ01-Orange- gucci-L\",\"product_calculations\":1,\"shipment_type\":0}',1000.0000,0,'MJ01-Orange- gucci-L','Beaumont Summit Kit',NULL,NULL,NULL,0,0,NULL,0.0000,0.0000,1.0000,0.0000,0.0000,NULL,400.0000,400.0000,432.0000,432.0000,0.0000,0.0000,0.0000,0.0000,0.0000,0.0000,0.0000,0.0000,0.0000,0.0000,0.0000,0.0000,400.0000,400.0000,0.0000,0.0000,1000.0000,NULL,NULL,NULL,NULL,NULL,400.0000,400.0000,400.0000,400.0000,0.0000,0.0000,NULL,NULL,NULL,NULL,NULL,NULL,NULL,NULL,NULL,NULL,0,NULL,0,NULL,NULL,NULL,NULL,NULL,NULL,NULL,NULL,NULL),(38,20,37,656,1,'2020-07-17 22:22:53','2020-07-17 22:22:53',9,'simple','{\"info_buyRequest\":{\"id\":\"24\",\"product\":\"24\",\"selected_configurable_option\":\"\",\"related_product\":\"\",\"item\":\"24\",\"super_attribute\":{\"90\":\"9\",\"80\":\"14\",\"135\":\"16\"},\"qty\":\"1\"}}',1000.0000,0,'MJ01-Orange- gucci-L','MJ01-Orange- gucci-L',NULL,NULL,NULL,0,0,NULL,0.0000,0.0000,1.0000,0.0000,0.0000,NULL,400.0000,0.0000,0.0000,NULL,0.0000,0.0000,0.0000,0.0000,0.0000,0.0000,0.0000,0.0000,0.0000,0.0000,0.0000,0.0000,0.0000,0.0000,0.0000,0.0000,0.0000,NULL,NULL,NULL,NULL,NULL,NULL,NULL,NULL,NULL,NULL,NULL,NULL,NULL,NULL,NULL,NULL,NULL,NULL,NULL,NULL,NULL,0,NULL,0,NULL,NULL,NULL,NULL,NULL,NULL,NULL,NULL,NULL),(39,21,NULL,678,37,'2020-07-23 10:10:03','2020-07-23 10:10:03',116,'simple','{\"info_buyRequest\":{\"id\":\"116\",\"product\":\"116\",\"selected_configurable_option\":\"\",\"related_product\":\"\",\"item\":\"116\",\"qty\":\"1\"}}',NULL,0,'Superfood-Sauce-Skin','Superfood Sauce Skin',NULL,NULL,NULL,0,0,NULL,0.0000,0.0000,1.0000,0.0000,0.0000,NULL,59.0000,59.0000,59.0000,59.0000,0.0000,0.0000,0.0000,0.0000,0.0000,0.0000,0.0000,0.0000,0.0000,0.0000,0.0000,0.0000,59.0000,59.0000,0.0000,0.0000,0.0000,NULL,NULL,NULL,NULL,NULL,59.0000,59.0000,59.0000,59.0000,0.0000,0.0000,NULL,NULL,NULL,NULL,NULL,NULL,NULL,NULL,NULL,NULL,0,NULL,NULL,NULL,NULL,NULL,NULL,NULL,NULL,NULL,NULL,NULL),(40,22,NULL,737,27,'2020-08-07 17:47:49','2020-08-07 17:47:49',85,'simple','{\"info_buyRequest\":{\"id\":\"85\",\"product\":\"85\",\"selected_configurable_option\":\"\",\"related_product\":\"\",\"item\":\"85\",\"qty\":\"1\"}}',NULL,0,'Marcasite-Halo-Signet-Earring','Marcasite Halo Signet Earring',NULL,NULL,NULL,0,0,NULL,0.0000,0.0000,1.0000,0.0000,0.0000,28.0000,32.0000,32.0000,32.0000,32.0000,0.0000,0.0000,0.0000,0.0000,0.0000,0.0000,0.0000,0.0000,0.0000,0.0000,0.0000,0.0000,32.0000,32.0000,0.0000,0.0000,0.0000,NULL,NULL,NULL,NULL,NULL,32.0000,32.0000,32.0000,32.0000,0.0000,0.0000,NULL,NULL,NULL,NULL,NULL,NULL,NULL,NULL,NULL,NULL,0,NULL,NULL,NULL,NULL,NULL,NULL,NULL,NULL,NULL,NULL,NULL),(41,23,NULL,750,1,'2020-08-12 12:44:22','2020-08-12 12:44:22',5,'configurable','{\"info_buyRequest\":{\"id\":\"5\",\"product\":\"5\",\"selected_configurable_option\":\"\",\"related_product\":\"\",\"item\":\"5\",\"super_attribute\":{\"90\":\"5\",\"80\":\"13\",\"135\":\"17\"},\"qty\":\"1\"},\"attributes_info\":[{\"label\":\"Color\",\"value\":\"Blue\",\"option_id\":90,\"option_value\":\"5\"},{\"label\":\"Manufacturer\",\"value\":\"Cha\",\"option_id\":80,\"option_value\":\"13\"},{\"label\":\"Size\",\"value\":\"M\",\"option_id\":135,\"option_value\":\"17\"}],\"simple_name\":\"demo_4-Blue- gucci-M\",\"simple_sku\":\"demo_4-Blue- gucci-M\",\"product_calculations\":1,\"shipment_type\":0}',1000.0000,0,'demo_4-Blue- gucci-M','Configurable Product',NULL,NULL,NULL,0,0,NULL,0.0000,0.0000,1.0000,0.0000,0.0000,NULL,134.0000,134.0000,134.0000,134.0000,0.0000,0.0000,0.0000,0.0000,0.0000,0.0000,0.0000,0.0000,0.0000,0.0000,0.0000,0.0000,134.0000,134.0000,0.0000,0.0000,1000.0000,NULL,NULL,NULL,NULL,NULL,134.0000,134.0000,134.0000,134.0000,0.0000,0.0000,NULL,NULL,NULL,NULL,NULL,NULL,NULL,NULL,NULL,NULL,0,NULL,0,NULL,NULL,NULL,NULL,NULL,NULL,NULL,NULL,NULL),(42,23,41,751,1,'2020-08-12 12:44:22','2020-08-12 12:44:22',27,'simple','{\"info_buyRequest\":{\"id\":\"5\",\"product\":\"5\",\"selected_configurable_option\":\"\",\"related_product\":\"\",\"item\":\"5\",\"super_attribute\":{\"90\":\"5\",\"80\":\"13\",\"135\":\"17\"},\"qty\":\"1\"}}',1000.0000,0,'demo_4-Blue- gucci-M','demo_4-Blue- gucci-M',NULL,NULL,NULL,0,0,NULL,0.0000,0.0000,1.0000,0.0000,0.0000,NULL,134.0000,0.0000,0.0000,NULL,0.0000,0.0000,0.0000,0.0000,0.0000,0.0000,0.0000,0.0000,0.0000,0.0000,0.0000,0.0000,0.0000,0.0000,0.0000,0.0000,0.0000,NULL,NULL,NULL,NULL,NULL,NULL,NULL,NULL,NULL,NULL,NULL,NULL,NULL,NULL,NULL,NULL,NULL,NULL,NULL,NULL,NULL,0,NULL,0,NULL,NULL,NULL,NULL,NULL,NULL,NULL,NULL,NULL),(43,24,NULL,837,18,'2020-09-16 12:01:44','2020-09-16 12:01:44',79,'simple','{\"info_buyRequest\":{\"id\":\"79\",\"product\":\"79\",\"selected_configurable_option\":\"\",\"related_product\":\"\",\"item\":\"79\",\"qty\":\"1\"}}',NULL,0,'Sweet-Pear-Lapis-Sterling-Silver-Ring','Sweet Pear Lapis Sterling Silver Ring',NULL,NULL,NULL,0,0,NULL,0.0000,0.0000,1.0000,0.0000,0.0000,NULL,22.5700,22.5700,22.5700,22.5700,0.0000,0.0000,0.0000,0.0000,0.0000,0.0000,0.0000,0.0000,0.0000,0.0000,0.0000,0.0000,22.5700,22.5700,0.0000,0.0000,0.0000,NULL,NULL,NULL,NULL,NULL,22.5700,22.5700,22.5700,22.5700,0.0000,0.0000,NULL,NULL,NULL,NULL,NULL,NULL,NULL,NULL,NULL,NULL,0,NULL,NULL,NULL,NULL,NULL,NULL,NULL,NULL,NULL,NULL,NULL),(44,25,NULL,860,14,'2020-09-21 12:58:20','2020-09-21 12:58:20',6,'simple','{\"info_buyRequest\":{\"id\":\"6\",\"product\":\"6\",\"selected_configurable_option\":\"\",\"related_product\":\"\",\"item\":\"6\",\"qty\":\"1\"}}',1000.0000,0,'demo_6','Mauris sollicitudin',NULL,NULL,NULL,0,0,NULL,0.0000,0.0000,1.0000,0.0000,0.0000,NULL,213.0000,213.0000,213.0000,213.0000,0.0000,0.0000,0.0000,0.0000,0.0000,0.0000,0.0000,0.0000,0.0000,0.0000,0.0000,0.0000,213.0000,213.0000,0.0000,0.0000,1000.0000,NULL,NULL,NULL,NULL,NULL,213.0000,213.0000,213.0000,213.0000,0.0000,0.0000,NULL,NULL,NULL,NULL,NULL,NULL,NULL,NULL,NULL,NULL,0,NULL,NULL,NULL,NULL,NULL,NULL,NULL,NULL,NULL,NULL,NULL),(45,26,NULL,863,4,'2020-09-24 05:42:00','2020-09-24 05:42:00',127,'grouped','{\"info_buyRequest\":{\"super_product_config\":{\"product_type\":\"grouped\",\"product_id\":\"145\"}},\"super_product_config\":{\"product_code\":\"product_type\",\"product_type\":\"grouped\",\"product_id\":\"145\"}}',NULL,0,'Bear-Head-Sweatshirt','Bear Head Sweatshirt',NULL,NULL,NULL,0,0,NULL,0.0000,0.0000,1.0000,0.0000,0.0000,50.0000,55.0000,55.0000,55.0000,55.0000,0.0000,0.0000,0.0000,0.0000,0.0000,0.0000,0.0000,0.0000,0.0000,0.0000,0.0000,0.0000,55.0000,55.0000,0.0000,0.0000,0.0000,NULL,NULL,NULL,NULL,NULL,55.0000,55.0000,55.0000,55.0000,0.0000,0.0000,NULL,NULL,NULL,NULL,NULL,NULL,NULL,NULL,NULL,NULL,0,NULL,NULL,NULL,NULL,NULL,NULL,NULL,NULL,NULL,NULL,NULL),(46,27,NULL,874,1,'2020-10-01 10:05:50','2020-10-01 10:05:50',2,'simple','{\"info_buyRequest\":{\"id\":\"2\",\"product\":\"2\",\"selected_configurable_option\":\"\",\"related_product\":\"\",\"item\":\"2\",\"options\":{\"1\":[\"2\"]},\"qty\":\"1\"},\"options\":[{\"label\":\"Case\",\"value\":\"Option 2\",\"print_value\":\"Option 2\",\"option_id\":\"1\",\"option_type\":\"checkbox\",\"option_value\":\"2\",\"custom_view\":false}]}',1000.0000,0,'demo_2','The Net Bag in Navy',NULL,NULL,NULL,0,0,NULL,0.0000,0.0000,2.0000,0.0000,0.0000,NULL,648.0000,648.0000,369.0000,369.0000,0.0000,0.0000,0.0000,0.0000,0.0000,0.0000,0.0000,0.0000,0.0000,0.0000,0.0000,0.0000,1296.0000,1296.0000,0.0000,0.0000,2000.0000,NULL,NULL,NULL,NULL,NULL,648.0000,648.0000,1296.0000,1296.0000,0.0000,0.0000,NULL,NULL,NULL,NULL,NULL,NULL,NULL,NULL,NULL,NULL,0,NULL,0,NULL,NULL,NULL,NULL,NULL,NULL,NULL,NULL,NULL),(47,28,NULL,875,1,'2020-10-01 10:12:57','2020-10-01 10:12:57',63,'simple','{\"info_buyRequest\":{\"id\":\"63\",\"product\":\"63\",\"selected_configurable_option\":\"\",\"related_product\":\"\",\"item\":\"63\",\"qty\":\"1\"}}',NULL,0,'MH18','Sed dignissim magna',NULL,NULL,NULL,0,0,NULL,0.0000,0.0000,1.0000,0.0000,0.0000,NULL,75.0000,75.0000,89.0000,89.0000,0.0000,0.0000,0.0000,0.0000,0.0000,0.0000,0.0000,0.0000,0.0000,0.0000,0.0000,0.0000,75.0000,75.0000,0.0000,0.0000,0.0000,NULL,NULL,NULL,NULL,NULL,75.0000,75.0000,75.0000,75.0000,0.0000,0.0000,NULL,NULL,NULL,NULL,NULL,NULL,NULL,NULL,NULL,NULL,0,NULL,0,NULL,NULL,NULL,NULL,NULL,NULL,NULL,NULL,NULL),(48,29,NULL,887,1,'2020-10-05 07:08:48','2020-10-05 07:08:48',81,'simple','{\"info_buyRequest\":{\"id\":\"81\",\"product\":\"81\",\"selected_configurable_option\":\"\",\"related_product\":\"\",\"item\":\"81\",\"qty\":\"1\"}}',NULL,0,'Lotus-Leaf-Marcasite-Ring-with-Square-Agate','Lotus Leaf Marcasite Ring with Square Agate',NULL,NULL,NULL,0,0,NULL,0.0000,0.0000,1.0000,0.0000,0.0000,NULL,20.0000,20.0000,20.0000,20.0000,0.0000,0.0000,0.0000,0.0000,0.0000,0.0000,0.0000,0.0000,0.0000,0.0000,0.0000,0.0000,20.0000,20.0000,0.0000,0.0000,0.0000,NULL,NULL,NULL,NULL,NULL,20.0000,20.0000,20.0000,20.0000,0.0000,0.0000,NULL,NULL,NULL,NULL,NULL,NULL,NULL,NULL,NULL,NULL,0,NULL,NULL,NULL,NULL,NULL,NULL,NULL,NULL,NULL,NULL,NULL),(49,30,NULL,888,1,'2020-10-05 07:10:30','2020-10-05 07:10:30',5,'configurable','{\"info_buyRequest\":{\"id\":\"5\",\"product\":\"5\",\"selected_configurable_option\":\"\",\"related_product\":\"\",\"item\":\"5\",\"super_attribute\":{\"90\":\"9\",\"80\":\"13\",\"135\":\"19\"},\"qty\":\"1\"},\"attributes_info\":[{\"label\":\"Color\",\"value\":\"Orange\",\"option_id\":90,\"option_value\":\"9\"},{\"label\":\"Manufacturer\",\"value\":\"Cha\",\"option_id\":80,\"option_value\":\"13\"},{\"label\":\"Size\",\"value\":\"XL\",\"option_id\":135,\"option_value\":\"19\"}],\"simple_name\":\"demo_4-Orange- gucci-XL\",\"simple_sku\":\"demo_4-Orange- gucci-XL\",\"product_calculations\":1,\"shipment_type\":0}',1000.0000,0,'demo_4-Orange- gucci-XL','Configurable Product',NULL,NULL,NULL,0,0,NULL,0.0000,0.0000,1.0000,0.0000,0.0000,NULL,134.0000,134.0000,134.0000,134.0000,0.0000,0.0000,0.0000,0.0000,0.0000,0.0000,0.0000,0.0000,0.0000,0.0000,0.0000,0.0000,134.0000,134.0000,0.0000,0.0000,1000.0000,NULL,NULL,NULL,NULL,NULL,134.0000,134.0000,134.0000,134.0000,0.0000,0.0000,NULL,NULL,NULL,NULL,NULL,NULL,NULL,NULL,NULL,NULL,0,NULL,0,NULL,NULL,NULL,NULL,NULL,NULL,NULL,NULL,NULL),(50,30,49,889,1,'2020-10-05 07:10:30','2020-10-05 07:10:30',39,'simple','{\"info_buyRequest\":{\"id\":\"5\",\"product\":\"5\",\"selected_configurable_option\":\"\",\"related_product\":\"\",\"item\":\"5\",\"super_attribute\":{\"90\":\"9\",\"80\":\"13\",\"135\":\"19\"},\"qty\":\"1\"}}',1000.0000,0,'demo_4-Orange- gucci-XL','demo_4-Orange- gucci-XL',NULL,NULL,NULL,0,0,NULL,0.0000,0.0000,1.0000,0.0000,0.0000,NULL,134.0000,0.0000,0.0000,NULL,0.0000,0.0000,0.0000,0.0000,0.0000,0.0000,0.0000,0.0000,0.0000,0.0000,0.0000,0.0000,0.0000,0.0000,0.0000,0.0000,0.0000,NULL,NULL,NULL,NULL,NULL,NULL,NULL,NULL,NULL,NULL,NULL,NULL,NULL,NULL,NULL,NULL,NULL,NULL,NULL,NULL,NULL,0,NULL,0,NULL,NULL,NULL,NULL,NULL,NULL,NULL,NULL,NULL),(51,31,NULL,902,4,'2020-10-13 02:05:58','2020-10-13 02:05:58',85,'simple','{\"info_buyRequest\":{\"id\":\"85\",\"product\":\"85\",\"selected_configurable_option\":\"\",\"related_product\":\"\",\"item\":\"85\",\"qty\":\"1\"}}',NULL,0,'Marcasite-Halo-Signet-Earring','Marcasite Halo Signet Earring',NULL,NULL,NULL,0,0,NULL,0.0000,0.0000,1.0000,0.0000,0.0000,28.0000,32.0000,32.0000,32.0000,32.0000,0.0000,0.0000,0.0000,0.0000,0.0000,0.0000,0.0000,0.0000,0.0000,0.0000,0.0000,0.0000,32.0000,32.0000,0.0000,0.0000,0.0000,NULL,NULL,NULL,NULL,NULL,32.0000,32.0000,32.0000,32.0000,0.0000,0.0000,NULL,NULL,NULL,NULL,NULL,NULL,NULL,NULL,NULL,NULL,0,NULL,NULL,NULL,NULL,NULL,NULL,NULL,NULL,NULL,NULL,NULL),(52,32,NULL,911,8,'2020-10-20 06:52:32','2020-10-20 06:52:32',60,'simple','{\"info_buyRequest\":{\"id\":\"60\",\"product\":\"60\",\"uenc\":\"aHR0cHM6Ly9tMi5hbG90aGVtZXMuY29tL21pbGFuby9lbmdsaXNoXzYvY2hlY2tvdXQvY2FydC9hZGQvdWVuYy9hSFIwY0hNNkx5OXRNaTVoYkc5MGFHVnRaWE11WTI5dEwyMXBiR0Z1Ynk5bGJtZHNhWE5vWHpZdmMyaHZjQzkzYjIxbGJuTXZZM1Z5WVdKcGRIVnlMbWgwYld3JTJDL3Byb2R1Y3QvNjAv\",\"qty\":1}}',NULL,0,'MH16','Quisque neque',NULL,NULL,NULL,0,0,NULL,0.0000,0.0000,1.0000,0.0000,0.0000,NULL,75.0000,75.0000,92.0000,92.0000,0.0000,0.0000,0.0000,0.0000,0.0000,0.0000,0.0000,0.0000,0.0000,0.0000,0.0000,0.0000,75.0000,75.0000,0.0000,0.0000,0.0000,NULL,NULL,NULL,NULL,NULL,75.0000,75.0000,75.0000,75.0000,0.0000,0.0000,NULL,NULL,NULL,NULL,NULL,NULL,NULL,NULL,NULL,NULL,0,NULL,0,NULL,NULL,NULL,NULL,NULL,NULL,NULL,NULL,NULL),(53,33,NULL,956,4,'2020-11-22 00:09:26','2020-11-22 00:09:26',74,'configurable','{\"info_buyRequest\":{\"id\":\"74\",\"product\":\"74\",\"selected_configurable_option\":\"\",\"related_product\":\"\",\"item\":\"74\",\"super_attribute\":{\"90\":\"5\",\"135\":\"16\"},\"qty\":\"1\"},\"attributes_info\":[{\"label\":\"Color\",\"value\":\"Blue\",\"option_id\":90,\"option_value\":\"5\"},{\"label\":\"Size\",\"value\":\"L\",\"option_id\":135,\"option_value\":\"16\"}],\"simple_name\":\"MH20-Blue-L\",\"simple_sku\":\"MH20-Blue-L\",\"product_calculations\":1,\"shipment_type\":0}',NULL,1,'MH20-Blue-L','Marco Lightweight Active',NULL,NULL,NULL,0,0,NULL,0.0000,0.0000,1.0000,0.0000,0.0000,NULL,89.0000,89.0000,89.0000,89.0000,0.0000,0.0000,0.0000,0.0000,0.0000,0.0000,0.0000,0.0000,0.0000,0.0000,0.0000,0.0000,89.0000,89.0000,0.0000,0.0000,0.0000,NULL,NULL,NULL,NULL,NULL,89.0000,89.0000,89.0000,89.0000,0.0000,0.0000,NULL,NULL,NULL,NULL,NULL,NULL,NULL,NULL,NULL,NULL,0,NULL,0,NULL,NULL,NULL,NULL,NULL,NULL,NULL,NULL,NULL),(54,33,53,957,4,'2020-11-22 00:09:26','2020-11-22 00:09:26',65,'virtual','{\"info_buyRequest\":{\"id\":\"74\",\"product\":\"74\",\"selected_configurable_option\":\"\",\"related_product\":\"\",\"item\":\"74\",\"super_attribute\":{\"90\":\"5\",\"135\":\"16\"},\"qty\":\"1\"}}',NULL,1,'MH20-Blue-L','MH20-Blue-L',NULL,NULL,NULL,0,0,NULL,0.0000,0.0000,1.0000,0.0000,0.0000,NULL,89.0000,0.0000,0.0000,NULL,0.0000,0.0000,0.0000,0.0000,0.0000,0.0000,0.0000,0.0000,0.0000,0.0000,0.0000,0.0000,0.0000,0.0000,0.0000,0.0000,0.0000,NULL,NULL,NULL,NULL,NULL,NULL,NULL,NULL,NULL,NULL,NULL,NULL,NULL,NULL,NULL,NULL,NULL,NULL,NULL,NULL,NULL,0,NULL,NULL,NULL,NULL,NULL,NULL,NULL,NULL,NULL,NULL,NULL),(55,34,NULL,963,10,'2020-11-23 14:38:55','2020-11-23 14:38:55',24,'configurable','{\"info_buyRequest\":{\"id\":\"24\",\"product\":\"24\",\"selected_configurable_option\":\"\",\"related_product\":\"\",\"item\":\"24\",\"super_attribute\":{\"90\":\"9\",\"80\":\"14\",\"135\":\"16\"},\"qty\":\"1\"},\"attributes_info\":[{\"label\":\"Color\",\"value\":\"Orange\",\"option_id\":90,\"option_value\":\"9\"},{\"label\":\"Manufacturer\",\"value\":\"Guc\",\"option_id\":80,\"option_value\":\"14\"},{\"label\":\"Size\",\"value\":\"L\",\"option_id\":135,\"option_value\":\"16\"}],\"simple_name\":\"MJ01-Orange- gucci-L\",\"simple_sku\":\"MJ01-Orange- gucci-L\",\"product_calculations\":1,\"shipment_type\":0}',1000.0000,0,'MJ01-Orange- gucci-L','Beaumont Summit Kit',NULL,NULL,NULL,0,0,NULL,0.0000,0.0000,1.0000,0.0000,0.0000,NULL,400.0000,400.0000,432.0000,432.0000,0.0000,0.0000,0.0000,0.0000,0.0000,0.0000,0.0000,0.0000,0.0000,0.0000,0.0000,0.0000,400.0000,400.0000,0.0000,0.0000,1000.0000,NULL,NULL,NULL,NULL,NULL,400.0000,400.0000,400.0000,400.0000,0.0000,0.0000,NULL,NULL,NULL,NULL,NULL,NULL,NULL,NULL,NULL,NULL,0,NULL,0,NULL,NULL,NULL,NULL,NULL,NULL,NULL,NULL,NULL),(56,34,55,964,10,'2020-11-23 14:38:55','2020-11-23 14:38:55',9,'simple','{\"info_buyRequest\":{\"id\":\"24\",\"product\":\"24\",\"selected_configurable_option\":\"\",\"related_product\":\"\",\"item\":\"24\",\"super_attribute\":{\"90\":\"9\",\"80\":\"14\",\"135\":\"16\"},\"qty\":\"1\"}}',1000.0000,0,'MJ01-Orange- gucci-L','MJ01-Orange- gucci-L',NULL,NULL,NULL,0,0,NULL,0.0000,0.0000,1.0000,0.0000,0.0000,NULL,400.0000,0.0000,0.0000,NULL,0.0000,0.0000,0.0000,0.0000,0.0000,0.0000,0.0000,0.0000,0.0000,0.0000,0.0000,0.0000,0.0000,0.0000,0.0000,0.0000,0.0000,NULL,NULL,NULL,NULL,NULL,NULL,NULL,NULL,NULL,NULL,NULL,NULL,NULL,NULL,NULL,NULL,NULL,NULL,NULL,NULL,NULL,0,NULL,0,NULL,NULL,NULL,NULL,NULL,NULL,NULL,NULL,NULL),(57,35,NULL,965,10,'2020-11-23 14:39:26','2020-11-23 14:39:26',79,'simple','{\"info_buyRequest\":{\"id\":\"79\",\"product\":\"79\",\"selected_configurable_option\":\"\",\"related_product\":\"\",\"item\":\"79\",\"qty\":\"1\"}}',NULL,0,'Sweet-Pear-Lapis-Sterling-Silver-Ring','Sweet Pear Lapis Sterling Silver Ring',NULL,NULL,NULL,0,0,NULL,0.0000,0.0000,1.0000,0.0000,0.0000,NULL,22.5700,22.5700,22.5700,22.5700,0.0000,0.0000,0.0000,0.0000,0.0000,0.0000,0.0000,0.0000,0.0000,0.0000,0.0000,0.0000,22.5700,22.5700,0.0000,0.0000,0.0000,NULL,NULL,NULL,NULL,NULL,22.5700,22.5700,22.5700,22.5700,0.0000,0.0000,NULL,NULL,NULL,NULL,NULL,NULL,NULL,NULL,NULL,NULL,0,NULL,NULL,NULL,NULL,NULL,NULL,NULL,NULL,NULL,NULL,NULL),(58,36,NULL,966,10,'2020-11-23 14:52:05','2020-11-23 14:52:05',3,'simple','{\"info_buyRequest\":{\"id\":\"3\",\"product\":\"3\",\"selected_configurable_option\":\"\",\"related_product\":\"\",\"item\":\"3\",\"qty\":\"1\"}}',1000.0000,0,'demo_3','Wave Ripped Straight',NULL,NULL,NULL,0,0,NULL,0.0000,0.0000,1.0000,0.0000,0.0000,NULL,369.0000,369.0000,369.0000,369.0000,0.0000,0.0000,0.0000,0.0000,0.0000,0.0000,0.0000,0.0000,0.0000,0.0000,0.0000,0.0000,369.0000,369.0000,0.0000,0.0000,1000.0000,NULL,NULL,NULL,NULL,NULL,369.0000,369.0000,369.0000,369.0000,0.0000,0.0000,NULL,NULL,NULL,NULL,NULL,NULL,NULL,NULL,NULL,NULL,0,NULL,0,NULL,NULL,NULL,NULL,NULL,NULL,NULL,NULL,NULL),(59,37,NULL,1021,6,'2020-12-26 07:40:55','2020-12-26 07:40:55',85,'simple','{\"info_buyRequest\":{\"id\":\"85\",\"product\":\"85\",\"uenc\":\"aHR0cHM6Ly9tMi5hbG90aGVtZXMuY29tL21pbGFuby9lbmdsaXNoXzQvY2hlY2tvdXQvY2FydC9hZGQvdWVuYy9hSFIwY0hNNkx5OXRNaTVoYkc5MGFHVnRaWE11WTI5dEwyMXBiR0Z1Ynk5cGJtUmxlQzV3YUhBdlAxOWZYM04wYjNKbFBXVnVaMnhwYzJoZk5BJTJDJTJDL3Byb2R1Y3QvODUv\",\"qty\":1}}',NULL,0,'Marcasite-Halo-Signet-Earring','Marcasite Halo Signet Earring',NULL,NULL,NULL,0,0,NULL,0.0000,0.0000,1.0000,0.0000,0.0000,28.0000,32.0000,32.0000,32.0000,32.0000,0.0000,0.0000,0.0000,0.0000,0.0000,0.0000,0.0000,0.0000,0.0000,0.0000,0.0000,0.0000,32.0000,32.0000,0.0000,0.0000,0.0000,NULL,NULL,NULL,NULL,NULL,32.0000,32.0000,32.0000,32.0000,0.0000,0.0000,NULL,NULL,NULL,NULL,NULL,NULL,NULL,NULL,NULL,NULL,0,NULL,NULL,NULL,NULL,NULL,NULL,NULL,NULL,NULL,NULL,NULL),(60,38,NULL,1058,37,'2021-01-24 20:14:39','2021-01-24 20:14:39',118,'simple','{\"info_buyRequest\":{\"id\":\"118\",\"product\":\"118\",\"selected_configurable_option\":\"\",\"related_product\":\"\",\"item\":\"118\",\"qty\":\"1\"}}',NULL,0,'Freeze-Dried-Nuggets','Freeze Dried Nuggets',NULL,NULL,NULL,0,0,NULL,0.0000,0.0000,1.0000,0.0000,0.0000,57.0000,62.0000,62.0000,62.0000,62.0000,0.0000,0.0000,0.0000,0.0000,0.0000,0.0000,0.0000,0.0000,0.0000,0.0000,0.0000,0.0000,62.0000,62.0000,0.0000,0.0000,0.0000,NULL,NULL,NULL,NULL,NULL,62.0000,62.0000,62.0000,62.0000,0.0000,0.0000,NULL,NULL,NULL,NULL,NULL,NULL,NULL,NULL,NULL,NULL,0,NULL,NULL,NULL,NULL,NULL,NULL,NULL,NULL,NULL,NULL,NULL),(61,39,NULL,1070,16,'2021-02-02 15:10:05','2021-02-02 15:10:05',79,'simple','{\"info_buyRequest\":{\"id\":\"79\",\"product\":\"79\",\"selected_configurable_option\":\"\",\"related_product\":\"\",\"item\":\"79\",\"qty\":\"1\"}}',NULL,0,'Sweet-Pear-Lapis-Sterling-Silver-Ring','Sweet Pear Lapis Sterling Silver Ring',NULL,NULL,NULL,0,0,NULL,0.0000,0.0000,1.0000,0.0000,0.0000,NULL,22.5700,22.5700,22.5700,22.5700,0.0000,0.0000,0.0000,0.0000,0.0000,0.0000,0.0000,0.0000,0.0000,0.0000,0.0000,0.0000,22.5700,22.5700,0.0000,0.0000,0.0000,NULL,NULL,NULL,NULL,NULL,22.5700,22.5700,22.5700,22.5700,0.0000,0.0000,NULL,NULL,NULL,NULL,NULL,NULL,NULL,NULL,NULL,NULL,0,NULL,NULL,NULL,NULL,NULL,NULL,NULL,NULL,NULL,NULL,NULL);

--
-- Table structure for table `sales_order_payment`
--

CREATE TABLE `sales_order_payment` (
  `entity_id` int(10) unsigned NOT NULL AUTO_INCREMENT COMMENT 'Entity ID',
  `parent_id` int(10) unsigned NOT NULL COMMENT 'Parent ID',
  `base_shipping_captured` decimal(20,4) DEFAULT NULL COMMENT 'Base Shipping Captured',
  `shipping_captured` decimal(20,4) DEFAULT NULL COMMENT 'Shipping Captured',
  `amount_refunded` decimal(20,4) DEFAULT NULL COMMENT 'Amount Refunded',
  `base_amount_paid` decimal(20,4) DEFAULT NULL COMMENT 'Base Amount Paid',
  `amount_canceled` decimal(20,4) DEFAULT NULL COMMENT 'Amount Canceled',
  `base_amount_authorized` decimal(20,4) DEFAULT NULL COMMENT 'Base Amount Authorized',
  `base_amount_paid_online` decimal(20,4) DEFAULT NULL COMMENT 'Base Amount Paid Online',
  `base_amount_refunded_online` decimal(20,4) DEFAULT NULL COMMENT 'Base Amount Refunded Online',
  `base_shipping_amount` decimal(20,4) DEFAULT NULL COMMENT 'Base Shipping Amount',
  `shipping_amount` decimal(20,4) DEFAULT NULL COMMENT 'Shipping Amount',
  `amount_paid` decimal(20,4) DEFAULT NULL COMMENT 'Amount Paid',
  `amount_authorized` decimal(20,4) DEFAULT NULL COMMENT 'Amount Authorized',
  `base_amount_ordered` decimal(20,4) DEFAULT NULL COMMENT 'Base Amount Ordered',
  `base_shipping_refunded` decimal(20,4) DEFAULT NULL COMMENT 'Base Shipping Refunded',
  `shipping_refunded` decimal(20,4) DEFAULT NULL COMMENT 'Shipping Refunded',
  `base_amount_refunded` decimal(20,4) DEFAULT NULL COMMENT 'Base Amount Refunded',
  `amount_ordered` decimal(20,4) DEFAULT NULL COMMENT 'Amount Ordered',
  `base_amount_canceled` decimal(20,4) DEFAULT NULL COMMENT 'Base Amount Canceled',
  `quote_payment_id` int(11) DEFAULT NULL COMMENT 'Quote Payment ID',
  `additional_data` text COMMENT 'Additional Data',
  `cc_exp_month` varchar(12) DEFAULT NULL COMMENT 'Cc Exp Month',
  `cc_ss_start_year` varchar(12) DEFAULT NULL COMMENT 'Cc Ss Start Year',
  `echeck_bank_name` varchar(128) DEFAULT NULL COMMENT 'Echeck Bank Name',
  `method` varchar(128) DEFAULT NULL COMMENT 'Method',
  `cc_debug_request_body` varchar(32) DEFAULT NULL COMMENT 'Cc Debug Request Body',
  `cc_secure_verify` varchar(32) DEFAULT NULL COMMENT 'Cc Secure Verify',
  `protection_eligibility` varchar(32) DEFAULT NULL COMMENT 'Protection Eligibility',
  `cc_approval` varchar(32) DEFAULT NULL COMMENT 'Cc Approval',
  `cc_last_4` varchar(100) DEFAULT NULL COMMENT 'Cc Last 4',
  `cc_status_description` varchar(32) DEFAULT NULL COMMENT 'Cc Status Description',
  `echeck_type` varchar(32) DEFAULT NULL COMMENT 'Echeck Type',
  `cc_debug_response_serialized` varchar(32) DEFAULT NULL COMMENT 'Cc Debug Response Serialized',
  `cc_ss_start_month` varchar(128) DEFAULT NULL COMMENT 'Cc Ss Start Month',
  `echeck_account_type` varchar(255) DEFAULT NULL COMMENT 'Echeck Account Type',
  `last_trans_id` varchar(255) DEFAULT NULL COMMENT 'Last Trans ID',
  `cc_cid_status` varchar(32) DEFAULT NULL COMMENT 'Cc Cid Status',
  `cc_owner` varchar(128) DEFAULT NULL COMMENT 'Cc Owner',
  `cc_type` varchar(32) DEFAULT NULL COMMENT 'Cc Type',
  `po_number` varchar(32) DEFAULT NULL COMMENT 'Po Number',
  `cc_exp_year` varchar(4) DEFAULT NULL COMMENT 'Cc Exp Year',
  `cc_status` varchar(4) DEFAULT NULL COMMENT 'Cc Status',
  `echeck_routing_number` varchar(32) DEFAULT NULL COMMENT 'Echeck Routing Number',
  `account_status` varchar(32) DEFAULT NULL COMMENT 'Account Status',
  `anet_trans_method` varchar(32) DEFAULT NULL COMMENT 'Anet Trans Method',
  `cc_debug_response_body` varchar(32) DEFAULT NULL COMMENT 'Cc Debug Response Body',
  `cc_ss_issue` varchar(32) DEFAULT NULL COMMENT 'Cc Ss Issue',
  `echeck_account_name` varchar(32) DEFAULT NULL COMMENT 'Echeck Account Name',
  `cc_avs_status` varchar(32) DEFAULT NULL COMMENT 'Cc Avs Status',
  `cc_number_enc` varchar(128) DEFAULT NULL,
  `cc_trans_id` varchar(32) DEFAULT NULL COMMENT 'Cc Trans ID',
  `address_status` varchar(32) DEFAULT NULL COMMENT 'Address Status',
  `additional_information` text COMMENT 'Additional Information',
  PRIMARY KEY (`entity_id`),
  KEY `SALES_ORDER_PAYMENT_PARENT_ID` (`parent_id`),
  CONSTRAINT `SALES_ORDER_PAYMENT_PARENT_ID_SALES_ORDER_ENTITY_ID` FOREIGN KEY (`parent_id`) REFERENCES `sales_order` (`entity_id`) ON DELETE CASCADE
) ENGINE=InnoDB AUTO_INCREMENT=40 DEFAULT CHARSET=utf8 COMMENT='Sales Flat Order Payment';

--
-- Dumping data for table `sales_order_payment`
--

INSERT INTO `sales_order_payment` VALUES (1,1,NULL,NULL,NULL,NULL,NULL,NULL,NULL,NULL,5.0000,5.0000,NULL,NULL,330.0000,NULL,NULL,NULL,330.0000,NULL,NULL,NULL,NULL,NULL,NULL,'checkmo',NULL,NULL,NULL,NULL,NULL,NULL,NULL,NULL,NULL,NULL,NULL,NULL,NULL,NULL,NULL,NULL,NULL,NULL,NULL,NULL,NULL,NULL,NULL,NULL,NULL,NULL,NULL,'{\"method_title\":\"Check \\/ Money order\",\"payable_to\":null,\"mailing_address\":null}'),(2,2,NULL,NULL,NULL,NULL,NULL,NULL,NULL,NULL,5.0000,5.0000,NULL,NULL,437.0000,NULL,NULL,NULL,437.0000,NULL,NULL,NULL,NULL,NULL,NULL,'checkmo',NULL,NULL,NULL,NULL,NULL,NULL,NULL,NULL,NULL,NULL,NULL,NULL,NULL,NULL,NULL,NULL,NULL,NULL,NULL,NULL,NULL,NULL,NULL,NULL,NULL,NULL,NULL,'{\"method_title\":\"Check \\/ Money order\",\"payable_to\":null,\"mailing_address\":null}'),(3,3,NULL,NULL,NULL,NULL,NULL,NULL,NULL,NULL,15.0000,15.0000,NULL,NULL,702.0000,NULL,NULL,NULL,702.0000,NULL,NULL,NULL,NULL,NULL,NULL,'checkmo',NULL,NULL,NULL,NULL,NULL,NULL,NULL,NULL,NULL,NULL,NULL,NULL,NULL,NULL,NULL,NULL,NULL,NULL,NULL,NULL,NULL,NULL,NULL,NULL,NULL,NULL,NULL,'{\"method_title\":\"Check \\/ Money order\",\"payable_to\":null,\"mailing_address\":null}'),(4,4,NULL,NULL,NULL,NULL,NULL,NULL,NULL,NULL,10.0000,10.0000,NULL,NULL,704.0000,NULL,NULL,NULL,704.0000,NULL,NULL,NULL,NULL,NULL,NULL,'checkmo',NULL,NULL,NULL,NULL,NULL,NULL,NULL,NULL,NULL,NULL,NULL,NULL,NULL,NULL,NULL,NULL,NULL,NULL,NULL,NULL,NULL,NULL,NULL,NULL,NULL,NULL,NULL,'{\"method_title\":\"Check \\/ Money order\",\"payable_to\":null,\"mailing_address\":null}'),(5,5,NULL,NULL,NULL,NULL,NULL,NULL,NULL,NULL,5.0000,5.0000,NULL,NULL,743.0000,NULL,NULL,NULL,743.0000,NULL,NULL,NULL,NULL,NULL,NULL,'checkmo',NULL,NULL,NULL,NULL,NULL,NULL,NULL,NULL,NULL,NULL,NULL,NULL,NULL,NULL,NULL,NULL,NULL,NULL,NULL,NULL,NULL,NULL,NULL,NULL,NULL,NULL,NULL,'{\"method_title\":\"Check \\/ Money order\",\"payable_to\":null,\"mailing_address\":null}'),(6,6,NULL,NULL,NULL,NULL,NULL,NULL,NULL,NULL,5.0000,5.0000,NULL,NULL,330.0000,NULL,NULL,NULL,330.0000,NULL,NULL,NULL,NULL,NULL,NULL,'checkmo',NULL,NULL,NULL,NULL,NULL,NULL,NULL,NULL,NULL,NULL,NULL,NULL,NULL,NULL,NULL,NULL,NULL,NULL,NULL,NULL,NULL,NULL,NULL,NULL,NULL,NULL,NULL,'{\"method_title\":\"Check \\/ Money order\"}'),(7,7,NULL,NULL,NULL,NULL,NULL,NULL,NULL,NULL,2800.0000,2800.0000,NULL,NULL,65520.0000,NULL,NULL,NULL,65520.0000,NULL,NULL,NULL,NULL,NULL,NULL,'checkmo',NULL,NULL,NULL,NULL,NULL,NULL,NULL,NULL,NULL,NULL,NULL,NULL,NULL,NULL,NULL,NULL,NULL,NULL,NULL,NULL,NULL,NULL,NULL,NULL,NULL,NULL,NULL,'{\"method_title\":\"Check \\/ Money order\"}'),(8,8,NULL,NULL,NULL,NULL,NULL,NULL,NULL,NULL,2250.0000,2250.0000,NULL,NULL,459900.0000,NULL,NULL,NULL,459900.0000,NULL,NULL,NULL,NULL,NULL,NULL,'checkmo',NULL,NULL,NULL,NULL,NULL,NULL,NULL,NULL,NULL,NULL,NULL,NULL,NULL,NULL,NULL,NULL,NULL,NULL,NULL,NULL,NULL,NULL,NULL,NULL,NULL,NULL,NULL,'{\"method_title\":\"Check \\/ Money order\"}'),(9,9,NULL,NULL,NULL,NULL,NULL,NULL,NULL,NULL,10.0000,7.0700,NULL,NULL,113.0000,NULL,NULL,NULL,79.8600,NULL,NULL,NULL,NULL,NULL,NULL,'checkmo',NULL,NULL,NULL,NULL,NULL,NULL,NULL,NULL,NULL,NULL,NULL,NULL,NULL,NULL,NULL,NULL,NULL,NULL,NULL,NULL,NULL,NULL,NULL,NULL,NULL,NULL,NULL,'{\"method_title\":\"Check \\/ Money order\"}'),(10,10,NULL,NULL,NULL,NULL,NULL,NULL,NULL,NULL,10.0000,10.0000,NULL,NULL,160.0000,NULL,NULL,NULL,160.0000,NULL,NULL,NULL,NULL,NULL,NULL,'checkmo',NULL,NULL,NULL,NULL,NULL,NULL,NULL,NULL,NULL,NULL,NULL,NULL,NULL,NULL,NULL,NULL,NULL,NULL,NULL,NULL,NULL,NULL,NULL,NULL,NULL,NULL,NULL,'{\"method_title\":\"Check \\/ Money order\"}'),(11,11,NULL,NULL,NULL,NULL,NULL,NULL,NULL,NULL,450.0000,450.0000,NULL,NULL,35294.0000,NULL,NULL,NULL,35294.0000,NULL,NULL,NULL,NULL,NULL,NULL,'checkmo',NULL,NULL,NULL,NULL,NULL,NULL,NULL,NULL,NULL,NULL,NULL,NULL,NULL,NULL,NULL,NULL,NULL,NULL,NULL,NULL,NULL,NULL,NULL,NULL,NULL,NULL,NULL,'{\"method_title\":\"Check \\/ Money order\"}'),(12,12,NULL,NULL,NULL,NULL,NULL,NULL,NULL,NULL,470.0000,470.0000,NULL,NULL,13759.0000,NULL,NULL,NULL,13759.0000,NULL,NULL,NULL,NULL,NULL,NULL,'checkmo',NULL,NULL,NULL,NULL,NULL,NULL,NULL,NULL,NULL,NULL,NULL,NULL,NULL,NULL,NULL,NULL,NULL,NULL,NULL,NULL,NULL,NULL,NULL,NULL,NULL,NULL,NULL,'{\"method_title\":\"Check \\/ Money order\"}'),(13,13,NULL,NULL,NULL,NULL,NULL,NULL,NULL,NULL,5.0000,5.0000,NULL,NULL,80.0000,NULL,NULL,NULL,80.0000,NULL,NULL,NULL,NULL,NULL,NULL,'checkmo',NULL,NULL,NULL,NULL,NULL,NULL,NULL,NULL,NULL,NULL,NULL,NULL,NULL,NULL,NULL,NULL,NULL,NULL,NULL,NULL,NULL,NULL,NULL,NULL,NULL,NULL,NULL,'{\"method_title\":\"Check \\/ Money order\"}'),(14,14,NULL,NULL,NULL,NULL,NULL,NULL,NULL,NULL,10.0000,10.0000,NULL,NULL,50.0000,NULL,NULL,NULL,50.0000,NULL,NULL,NULL,NULL,NULL,NULL,'checkmo',NULL,NULL,NULL,NULL,NULL,NULL,NULL,NULL,NULL,NULL,NULL,NULL,NULL,NULL,NULL,NULL,NULL,NULL,NULL,NULL,NULL,NULL,NULL,NULL,NULL,NULL,NULL,'{\"method_title\":\"Check \\/ Money order\"}'),(15,15,NULL,NULL,NULL,NULL,NULL,NULL,NULL,NULL,0.0000,0.0000,NULL,NULL,89.0000,NULL,NULL,NULL,89.0000,NULL,NULL,NULL,NULL,NULL,NULL,'checkmo',NULL,NULL,NULL,NULL,NULL,NULL,NULL,NULL,NULL,NULL,NULL,NULL,NULL,NULL,NULL,NULL,NULL,NULL,NULL,NULL,NULL,NULL,NULL,NULL,NULL,NULL,NULL,'{\"method_title\":\"Check \\/ Money order\"}'),(16,16,NULL,NULL,NULL,NULL,NULL,NULL,NULL,NULL,5.0000,5.0000,NULL,NULL,139.0000,NULL,NULL,NULL,139.0000,NULL,NULL,NULL,NULL,NULL,NULL,'checkmo',NULL,NULL,NULL,NULL,NULL,NULL,NULL,NULL,NULL,NULL,NULL,NULL,NULL,NULL,NULL,NULL,NULL,NULL,NULL,NULL,NULL,NULL,NULL,NULL,NULL,NULL,NULL,'{\"method_title\":\"Check \\/ Money order\"}'),(17,17,NULL,NULL,NULL,NULL,NULL,NULL,NULL,NULL,10.0000,10.0000,NULL,NULL,810.0000,NULL,NULL,NULL,810.0000,NULL,NULL,NULL,NULL,'0',NULL,'checkmo',NULL,NULL,NULL,NULL,NULL,NULL,NULL,NULL,'0',NULL,NULL,NULL,NULL,NULL,NULL,'0',NULL,NULL,NULL,NULL,NULL,NULL,NULL,NULL,NULL,NULL,NULL,'{\"method_title\":\"Check \\/ Money order\"}'),(18,18,NULL,NULL,NULL,NULL,NULL,NULL,NULL,NULL,5.0000,5.0000,NULL,NULL,330.0000,NULL,NULL,NULL,330.0000,NULL,NULL,NULL,NULL,'0',NULL,'checkmo',NULL,NULL,NULL,NULL,NULL,NULL,NULL,NULL,'0',NULL,NULL,NULL,NULL,NULL,NULL,'0',NULL,NULL,NULL,NULL,NULL,NULL,NULL,NULL,NULL,NULL,NULL,'{\"method_title\":\"Check \\/ Money order\"}'),(19,19,NULL,NULL,NULL,NULL,NULL,NULL,NULL,NULL,5.0000,5.0000,NULL,NULL,64.0000,NULL,NULL,NULL,64.0000,NULL,NULL,NULL,NULL,'0',NULL,'checkmo',NULL,NULL,NULL,NULL,NULL,NULL,NULL,NULL,'0',NULL,NULL,NULL,NULL,NULL,NULL,'0',NULL,NULL,NULL,NULL,NULL,NULL,NULL,NULL,NULL,NULL,NULL,'{\"method_title\":\"Check \\/ Money order\"}'),(20,20,NULL,NULL,NULL,NULL,NULL,NULL,NULL,NULL,5.0000,5.0000,NULL,NULL,405.0000,NULL,NULL,NULL,405.0000,NULL,NULL,NULL,NULL,'0',NULL,'checkmo',NULL,NULL,NULL,NULL,NULL,NULL,NULL,NULL,'0',NULL,NULL,NULL,NULL,NULL,NULL,'0',NULL,NULL,NULL,NULL,NULL,NULL,NULL,NULL,NULL,NULL,NULL,'{\"method_title\":\"Check \\/ Money order\"}'),(21,21,NULL,NULL,NULL,NULL,NULL,NULL,NULL,NULL,5.0000,5.0000,NULL,NULL,64.0000,NULL,NULL,NULL,64.0000,NULL,NULL,NULL,NULL,'0',NULL,'checkmo',NULL,NULL,NULL,NULL,NULL,NULL,NULL,NULL,'0',NULL,NULL,NULL,NULL,NULL,NULL,'0',NULL,NULL,NULL,NULL,NULL,NULL,NULL,NULL,NULL,NULL,NULL,'{\"method_title\":\"Check \\/ Money order\"}'),(22,22,NULL,NULL,NULL,NULL,NULL,NULL,NULL,NULL,5.0000,5.0000,NULL,NULL,37.0000,NULL,NULL,NULL,37.0000,NULL,NULL,NULL,NULL,'0',NULL,'checkmo',NULL,NULL,NULL,NULL,NULL,NULL,NULL,NULL,'0',NULL,NULL,NULL,NULL,NULL,NULL,'0',NULL,NULL,NULL,NULL,NULL,NULL,NULL,NULL,NULL,NULL,NULL,'{\"method_title\":\"Check \\/ Money order\"}'),(23,23,NULL,NULL,NULL,NULL,NULL,NULL,NULL,NULL,5.0000,5.0000,NULL,NULL,139.0000,NULL,NULL,NULL,139.0000,NULL,NULL,NULL,NULL,'0',NULL,'checkmo',NULL,NULL,NULL,NULL,NULL,NULL,NULL,NULL,'0',NULL,NULL,NULL,NULL,NULL,NULL,'0',NULL,NULL,NULL,NULL,NULL,NULL,NULL,NULL,NULL,NULL,NULL,'{\"method_title\":\"Check \\/ Money order\"}'),(24,24,NULL,NULL,NULL,NULL,NULL,NULL,NULL,NULL,5.0000,5.0000,NULL,NULL,27.5700,NULL,NULL,NULL,27.5700,NULL,NULL,NULL,NULL,'0',NULL,'checkmo',NULL,NULL,NULL,NULL,NULL,NULL,NULL,NULL,'0',NULL,NULL,NULL,NULL,NULL,NULL,'0',NULL,NULL,NULL,NULL,NULL,NULL,NULL,NULL,NULL,NULL,NULL,'{\"method_title\":\"Check \\/ Money order\"}'),(25,25,NULL,NULL,NULL,NULL,NULL,NULL,NULL,NULL,5.0000,5.0000,NULL,NULL,218.0000,NULL,NULL,NULL,218.0000,NULL,NULL,NULL,NULL,'0',NULL,'checkmo',NULL,NULL,NULL,NULL,NULL,NULL,NULL,NULL,'0',NULL,NULL,NULL,NULL,NULL,NULL,'0',NULL,NULL,NULL,NULL,NULL,NULL,NULL,NULL,NULL,NULL,NULL,'{\"method_title\":\"Check \\/ Money order\"}'),(26,26,NULL,NULL,NULL,NULL,NULL,NULL,NULL,NULL,5.0000,5.0000,NULL,NULL,60.0000,NULL,NULL,NULL,60.0000,NULL,NULL,NULL,NULL,'0',NULL,'checkmo',NULL,NULL,NULL,NULL,NULL,NULL,NULL,NULL,'0',NULL,NULL,NULL,NULL,NULL,NULL,'0',NULL,NULL,NULL,NULL,NULL,NULL,NULL,NULL,NULL,NULL,NULL,'{\"method_title\":\"Check \\/ Money order\"}'),(27,27,NULL,NULL,NULL,NULL,NULL,NULL,NULL,NULL,10.0000,10.0000,NULL,NULL,1306.0000,NULL,NULL,NULL,1306.0000,NULL,NULL,NULL,NULL,'0',NULL,'checkmo',NULL,NULL,NULL,NULL,NULL,NULL,NULL,NULL,'0',NULL,NULL,NULL,NULL,NULL,NULL,'0',NULL,NULL,NULL,NULL,NULL,NULL,NULL,NULL,NULL,NULL,NULL,'{\"method_title\":\"Check \\/ Money order\"}'),(28,28,NULL,NULL,NULL,NULL,NULL,NULL,NULL,NULL,5.0000,5.0000,NULL,NULL,80.0000,NULL,NULL,NULL,80.0000,NULL,NULL,NULL,NULL,'0',NULL,'checkmo',NULL,NULL,NULL,NULL,NULL,NULL,NULL,NULL,'0',NULL,NULL,NULL,NULL,NULL,NULL,'0',NULL,NULL,NULL,NULL,NULL,NULL,NULL,NULL,NULL,NULL,NULL,'{\"method_title\":\"Check \\/ Money order\"}'),(29,29,NULL,NULL,NULL,NULL,NULL,NULL,NULL,NULL,5.0000,5.0000,NULL,NULL,25.0000,NULL,NULL,NULL,25.0000,NULL,NULL,NULL,NULL,'0',NULL,'checkmo',NULL,NULL,NULL,NULL,NULL,NULL,NULL,NULL,'0',NULL,NULL,NULL,NULL,NULL,NULL,'0',NULL,NULL,NULL,NULL,NULL,NULL,NULL,NULL,NULL,NULL,NULL,'{\"method_title\":\"Check \\/ Money order\"}'),(30,30,NULL,NULL,NULL,NULL,NULL,NULL,NULL,NULL,5.0000,5.0000,NULL,NULL,139.0000,NULL,NULL,NULL,139.0000,NULL,NULL,NULL,NULL,'0',NULL,'checkmo',NULL,NULL,NULL,NULL,NULL,NULL,NULL,NULL,'0',NULL,NULL,NULL,NULL,NULL,NULL,'0',NULL,NULL,NULL,NULL,NULL,NULL,NULL,NULL,NULL,NULL,NULL,'{\"method_title\":\"Check \\/ Money order\"}'),(31,31,NULL,NULL,NULL,NULL,NULL,NULL,NULL,NULL,5.0000,5.0000,NULL,NULL,37.0000,NULL,NULL,NULL,37.0000,NULL,NULL,NULL,NULL,'0',NULL,'checkmo',NULL,NULL,NULL,NULL,NULL,NULL,NULL,NULL,'0',NULL,NULL,NULL,NULL,NULL,NULL,'0',NULL,NULL,NULL,NULL,NULL,NULL,NULL,NULL,NULL,NULL,NULL,'{\"method_title\":\"Check \\/ Money order\"}'),(32,32,NULL,NULL,NULL,NULL,NULL,NULL,NULL,NULL,5.0000,5.0000,NULL,NULL,80.0000,NULL,NULL,NULL,80.0000,NULL,NULL,NULL,NULL,'0',NULL,'checkmo',NULL,NULL,NULL,NULL,NULL,NULL,NULL,NULL,'0',NULL,NULL,NULL,NULL,NULL,NULL,'0',NULL,NULL,NULL,NULL,NULL,NULL,NULL,NULL,NULL,NULL,NULL,'{\"method_title\":\"Check \\/ Money order\"}'),(33,33,NULL,NULL,NULL,NULL,NULL,NULL,NULL,NULL,0.0000,0.0000,NULL,NULL,89.0000,NULL,NULL,NULL,89.0000,NULL,NULL,NULL,NULL,'0',NULL,'checkmo',NULL,NULL,NULL,NULL,NULL,NULL,NULL,NULL,'0',NULL,NULL,NULL,NULL,NULL,NULL,'0',NULL,NULL,NULL,NULL,NULL,NULL,NULL,NULL,NULL,NULL,NULL,'{\"method_title\":\"Check \\/ Money order\"}'),(34,34,NULL,NULL,NULL,NULL,NULL,NULL,NULL,NULL,5.0000,5.0000,NULL,NULL,405.0000,NULL,NULL,NULL,405.0000,NULL,NULL,NULL,NULL,'0',NULL,'checkmo',NULL,NULL,NULL,NULL,NULL,NULL,NULL,NULL,'0',NULL,NULL,NULL,NULL,NULL,NULL,'0',NULL,NULL,NULL,NULL,NULL,NULL,NULL,NULL,NULL,NULL,NULL,'{\"method_title\":\"Check \\/ Money order\"}'),(35,35,NULL,NULL,NULL,NULL,NULL,NULL,NULL,NULL,5.0000,5.0000,NULL,NULL,27.5700,NULL,NULL,NULL,27.5700,NULL,NULL,NULL,NULL,'0',NULL,'checkmo',NULL,NULL,NULL,NULL,NULL,NULL,NULL,NULL,'0',NULL,NULL,NULL,NULL,NULL,NULL,'0',NULL,NULL,NULL,NULL,NULL,NULL,NULL,NULL,NULL,NULL,NULL,'{\"method_title\":\"Check \\/ Money order\"}'),(36,36,NULL,NULL,NULL,NULL,NULL,NULL,NULL,NULL,5.0000,5.0000,NULL,NULL,374.0000,NULL,NULL,NULL,374.0000,NULL,NULL,NULL,NULL,'0',NULL,'checkmo',NULL,NULL,NULL,NULL,NULL,NULL,NULL,NULL,'0',NULL,NULL,NULL,NULL,NULL,NULL,'0',NULL,NULL,NULL,NULL,NULL,NULL,NULL,NULL,NULL,NULL,NULL,'{\"method_title\":\"Check \\/ Money order\"}'),(37,37,NULL,NULL,NULL,NULL,NULL,NULL,NULL,NULL,5.0000,5.0000,NULL,NULL,37.0000,NULL,NULL,NULL,37.0000,NULL,NULL,NULL,NULL,'0',NULL,'checkmo',NULL,NULL,NULL,NULL,NULL,NULL,NULL,NULL,'0',NULL,NULL,NULL,NULL,NULL,NULL,'0',NULL,NULL,NULL,NULL,NULL,NULL,NULL,NULL,NULL,NULL,NULL,'{\"method_title\":\"Check \\/ Money order\"}'),(38,38,NULL,NULL,NULL,NULL,NULL,NULL,NULL,NULL,5.0000,5.0000,NULL,NULL,67.0000,NULL,NULL,NULL,67.0000,NULL,NULL,NULL,NULL,'0',NULL,'checkmo',NULL,NULL,NULL,NULL,NULL,NULL,NULL,NULL,'0',NULL,NULL,NULL,NULL,NULL,NULL,'0',NULL,NULL,NULL,NULL,NULL,NULL,NULL,NULL,NULL,NULL,NULL,'{\"method_title\":\"Check \\/ Money order\"}'),(39,39,NULL,NULL,NULL,NULL,NULL,NULL,NULL,NULL,5.0000,5.0000,NULL,NULL,27.5700,NULL,NULL,NULL,27.5700,NULL,NULL,NULL,NULL,'0',NULL,'checkmo',NULL,NULL,NULL,NULL,NULL,NULL,NULL,NULL,'0',NULL,NULL,NULL,NULL,NULL,NULL,'0',NULL,NULL,NULL,NULL,NULL,NULL,NULL,NULL,NULL,NULL,NULL,'{\"method_title\":\"Check \\/ Money order\"}');

--
