-- Table structure for table `catalog_category_product_index_store9_replica`
--

CREATE TABLE `catalog_category_product_index_store9_replica` (
  `category_id` int(10) unsigned NOT NULL DEFAULT '0' COMMENT 'Category Id',
  `product_id` int(10) unsigned NOT NULL DEFAULT '0' COMMENT 'Product Id',
  `position` int(11) DEFAULT NULL COMMENT 'Position',
  `is_parent` smallint(5) unsigned NOT NULL DEFAULT '0' COMMENT 'Is Parent',
  `store_id` smallint(5) unsigned NOT NULL DEFAULT '0' COMMENT 'Store Id',
  `visibility` smallint(5) unsigned NOT NULL COMMENT 'Visibility',
  PRIMARY KEY (`category_id`,`product_id`,`store_id`),
  KEY `CAT_CTGR_PRD_IDX_STORE9_PRD_ID_STORE_ID_CTGR_ID_VISIBILITY` (`product_id`,`store_id`,`category_id`,`visibility`),
  KEY `IDX_ADAF96EF1972B57CCB3A89BA1A467864` (`store_id`,`category_id`,`visibility`,`is_parent`,`position`)
) ENGINE=InnoDB DEFAULT CHARSET=utf8 COMMENT='Catalog Category Product Index Store9 Replica';

--
-- Dumping data for table `catalog_category_product_index_store9_replica`
--

INSERT INTO `catalog_category_product_index_store9_replica` VALUES (2,147,0,1,9,4),(2,148,0,1,9,4),(2,149,0,1,9,4),(2,150,0,1,9,4),(2,151,0,1,9,4),(2,152,0,1,9,4),(2,153,0,1,9,4),(2,154,0,1,9,4),(2,155,0,1,9,4),(2,156,0,1,9,4),(2,157,0,1,9,4),(2,158,0,1,9,4),(2,159,0,1,9,4),(2,160,0,1,9,4),(2,161,0,1,9,4),(2,162,0,1,9,4),(2,163,0,1,9,4),(2,164,0,1,9,4),(2,165,0,1,9,4),(2,166,0,1,9,4),(2,167,0,1,9,4),(2,168,0,1,9,4),(2,169,0,1,9,4),(2,170,0,1,9,4),(2,171,0,1,9,4),(2,172,0,1,9,4),(2,173,0,1,9,4),(2,174,0,1,9,4),(2,175,0,1,9,4),(2,176,0,1,9,4),(2,177,0,1,9,4),(2,178,0,1,9,4),(2,179,0,1,9,4),(2,180,0,1,9,4),(2,181,0,1,9,4),(2,182,0,1,9,4),(2,183,0,1,9,4),(2,184,0,1,9,4),(2,185,0,1,9,4),(2,186,0,1,9,4),(2,187,0,1,9,4),(2,188,0,1,9,4),(2,189,0,1,9,4),(2,190,0,1,9,4),(2,191,0,1,9,4),(2,192,0,1,9,4),(2,193,0,1,9,4),(2,194,0,1,9,4),(2,195,0,1,9,4),(2,196,0,1,9,4),(2,197,0,1,9,4),(2,198,0,1,9,4),(2,199,0,1,9,4),(2,200,0,1,9,4),(2,201,0,1,9,4),(2,202,0,1,9,4),(2,203,0,1,9,4),(2,204,0,1,9,4),(2,205,0,1,9,4),(2,206,0,1,9,4),(2,207,0,1,9,4),(2,208,0,1,9,4),(2,209,0,1,9,4),(2,210,0,1,9,4),(2,211,0,1,9,4),(2,212,0,1,9,4),(2,213,0,1,9,4),(2,214,0,1,9,4),(2,215,0,1,9,4),(2,216,0,1,9,4),(2,217,0,1,9,4),(2,218,0,1,9,4),(2,219,0,1,9,4),(2,220,0,1,9,4),(2,221,0,1,9,4),(2,222,0,1,9,4),(2,223,0,1,9,4),(2,224,0,1,9,4),(2,225,0,1,9,4),(2,226,0,1,9,4),(2,227,0,1,9,4),(2,228,0,1,9,4),(2,229,0,1,9,4),(2,230,0,1,9,4),(2,231,0,1,9,4),(2,232,0,1,9,4),(2,233,0,1,9,4),(2,234,0,1,9,4),(2,235,0,1,9,4),(2,236,0,1,9,4),(2,237,0,1,9,4),(2,238,0,1,9,4),(2,239,0,1,9,4),(2,240,0,1,9,4),(2,241,0,1,9,4),(2,242,0,1,9,4),(2,243,0,1,9,4),(2,244,0,1,9,4),(2,245,0,1,9,4),(2,246,0,1,9,4),(2,247,0,1,9,4),(2,248,0,1,9,4),(2,249,0,1,9,4),(2,250,0,1,9,4),(2,251,0,1,9,4),(2,252,0,1,9,4),(2,253,0,1,9,4),(2,254,0,1,9,4),(2,255,0,1,9,4),(2,256,0,1,9,4),(2,257,0,1,9,4),(2,258,0,1,9,4),(2,259,0,1,9,4),(2,260,0,1,9,4),(2,261,0,1,9,4),(2,262,0,1,9,4),(2,263,0,1,9,4),(2,264,0,1,9,4),(2,265,0,1,9,4),(2,266,0,1,9,4),(2,267,0,1,9,4),(2,268,0,1,9,4),(2,269,0,1,9,4),(2,270,0,1,9,4),(2,271,0,1,9,4),(2,272,0,1,9,4),(2,273,0,1,9,4),(2,274,0,1,9,4),(2,275,0,1,9,4),(2,276,0,1,9,4),(2,277,0,1,9,4),(2,278,0,1,9,4),(2,279,0,1,9,4),(2,280,0,1,9,4),(2,281,0,1,9,4),(2,282,0,1,9,4),(2,283,0,1,9,4),(2,284,0,1,9,4),(2,285,0,1,9,4),(2,286,0,1,9,4),(2,287,0,1,9,4),(2,288,0,1,9,4),(2,289,0,1,9,4),(2,290,0,1,9,4),(2,291,0,1,9,4),(2,292,0,1,9,4),(2,293,0,1,9,4),(2,294,0,1,9,4),(2,295,0,1,9,4),(2,296,0,1,9,4),(2,297,0,1,9,4),(2,298,0,1,9,4),(2,299,0,1,9,4),(217,147,0,1,9,4),(217,148,0,1,9,4),(217,149,0,1,9,4),(217,150,0,1,9,4),(217,151,0,1,9,4),(217,152,0,1,9,4),(218,153,0,1,9,4),(218,154,0,1,9,4),(218,155,0,1,9,4),(218,156,0,1,9,4),(218,157,0,1,9,4),(219,158,0,1,9,4),(219,159,0,1,9,4),(219,160,0,1,9,4),(219,161,0,1,9,4),(219,162,0,1,9,4),(219,163,0,1,9,4),(219,164,0,1,9,4),(219,165,0,1,9,4),(219,166,0,1,9,4),(219,167,0,1,9,4),(219,168,0,1,9,4),(219,169,0,1,9,4),(219,170,0,1,9,4),(219,171,0,1,9,4),(219,172,0,1,9,4),(219,201,0,1,9,4),(220,173,0,1,9,4),(220,174,0,1,9,4),(220,175,0,1,9,4),(220,176,0,1,9,4),(220,177,0,1,9,4),(220,178,0,1,9,4),(221,179,0,1,9,4),(221,180,0,1,9,4),(221,181,0,1,9,4),(221,202,0,1,9,4),(221,289,0,1,9,4),(221,297,0,1,9,4),(222,182,0,1,9,4),(222,184,0,1,9,4),(223,183,0,1,9,4),(223,185,0,1,9,4),(223,186,0,1,9,4),(223,187,0,1,9,4),(223,188,0,1,9,4),(223,189,0,1,9,4),(223,190,0,1,9,4),(223,191,0,1,9,4),(223,192,0,1,9,4),(223,193,0,1,9,4),(223,194,0,1,9,4),(223,195,0,1,9,4),(223,196,0,1,9,4),(223,197,0,1,9,4),(223,198,0,1,9,4),(223,199,0,1,9,4),(223,200,0,1,9,4),(223,202,0,1,9,4),(223,203,0,1,9,4),(223,204,0,1,9,4),(223,205,0,1,9,4),(223,206,0,1,9,4),(223,207,0,1,9,4),(223,208,0,1,9,4),(223,209,0,1,9,4),(223,210,0,1,9,4),(223,211,0,1,9,4),(223,212,0,1,9,4),(223,213,0,1,9,4),(223,214,0,1,9,4),(223,215,0,1,9,4),(223,216,0,1,9,4),(223,291,0,1,9,4),(223,292,0,1,9,4),(223,293,0,1,9,4),(223,296,0,1,9,4),(223,298,0,1,9,4),(224,217,0,1,9,4),(224,218,0,1,9,4),(224,219,0,1,9,4),(224,220,0,1,9,4),(224,221,0,1,9,4),(224,222,0,1,9,4),(224,223,0,1,9,4),(224,224,0,1,9,4),(224,225,0,1,9,4),(224,226,0,1,9,4),(224,227,0,1,9,4),(224,228,0,1,9,4),(224,229,0,1,9,4),(224,230,0,1,9,4),(224,231,0,1,9,4),(224,232,0,1,9,4),(224,233,0,1,9,4),(224,235,0,1,9,4),(224,236,0,1,9,4),(225,234,0,1,9,4),(225,248,0,1,9,4),(225,250,0,1,9,4),(225,251,0,1,9,4),(225,252,0,1,9,4),(225,281,0,1,9,4),(225,282,0,1,9,4),(225,283,0,1,9,4),(225,284,0,1,9,4),(225,285,0,1,9,4),(225,290,0,1,9,4),(226,237,0,1,9,4),(226,238,0,1,9,4),(226,239,0,1,9,4),(226,240,0,1,9,4),(226,241,0,1,9,4),(226,242,0,1,9,4),(226,243,0,1,9,4),(227,244,0,1,9,4),(227,245,0,1,9,4),(227,246,0,1,9,4),(227,247,0,1,9,4),(227,267,0,1,9,4),(227,268,0,1,9,4),(227,269,0,1,9,4),(227,270,0,1,9,4),(227,271,0,1,9,4),(227,272,0,1,9,4),(227,273,0,1,9,4),(227,274,0,1,9,4),(227,275,0,1,9,4),(227,276,0,1,9,4),(227,277,0,1,9,4),(227,278,0,1,9,4),(227,279,0,1,9,4),(227,280,0,1,9,4),(227,289,0,1,9,4),(228,249,0,1,9,4),(228,253,0,1,9,4),(228,254,0,1,9,4),(228,255,0,1,9,4),(228,256,0,1,9,4),(228,257,0,1,9,4),(228,258,0,1,9,4),(228,259,0,1,9,4),(228,260,0,1,9,4),(228,261,0,1,9,4),(228,262,0,1,9,4),(228,263,0,1,9,4),(228,264,0,1,9,4),(228,288,0,1,9,4),(229,265,0,1,9,4),(229,266,0,1,9,4),(229,286,0,1,9,4),(229,287,0,1,9,4),(229,294,0,1,9,4),(229,295,0,1,9,4),(229,299,0,1,9,4);

--
-- Table structure for table `catalog_category_product_index_tmp`
--

CREATE TABLE `catalog_category_product_index_tmp` (
  `category_id` int(10) unsigned NOT NULL DEFAULT '0' COMMENT 'Category ID',
  `product_id` int(10) unsigned NOT NULL DEFAULT '0' COMMENT 'Product ID',
  `position` int(11) NOT NULL DEFAULT '0' COMMENT 'Position',
  `is_parent` smallint(5) unsigned NOT NULL DEFAULT '0' COMMENT 'Is Parent',
  `store_id` smallint(5) unsigned NOT NULL DEFAULT '0' COMMENT 'Store ID',
  `visibility` smallint(5) unsigned NOT NULL COMMENT 'Visibility',
  PRIMARY KEY (`category_id`,`product_id`,`store_id`),
  KEY `CAT_CTGR_PRD_IDX_TMP_PRD_ID_CTGR_ID_STORE_ID` (`product_id`,`category_id`,`store_id`)
) ENGINE=InnoDB DEFAULT CHARSET=utf8 COMMENT='Catalog Category Product Indexer temporary table';

--
-- Dumping data for table `catalog_category_product_index_tmp`
--


--
-- Table structure for table `catalog_compare_item`
--

CREATE TABLE `catalog_compare_item` (
  `catalog_compare_item_id` int(10) unsigned NOT NULL AUTO_INCREMENT COMMENT 'Compare Item ID',
  `visitor_id` int(10) unsigned NOT NULL DEFAULT '0' COMMENT 'Visitor ID',
  `customer_id` int(10) unsigned DEFAULT NULL COMMENT 'Customer ID',
  `product_id` int(10) unsigned NOT NULL DEFAULT '0' COMMENT 'Product ID',
  `store_id` smallint(5) unsigned DEFAULT NULL COMMENT 'Store ID',
  `list_id` int(10) unsigned DEFAULT NULL COMMENT 'List ID',
  PRIMARY KEY (`catalog_compare_item_id`),
  KEY `CATALOG_COMPARE_ITEM_PRODUCT_ID` (`product_id`),
  KEY `CATALOG_COMPARE_ITEM_VISITOR_ID_PRODUCT_ID` (`visitor_id`,`product_id`),
  KEY `CATALOG_COMPARE_ITEM_CUSTOMER_ID_PRODUCT_ID` (`customer_id`,`product_id`),
  KEY `CATALOG_COMPARE_ITEM_STORE_ID` (`store_id`),
  KEY `CATALOG_COMPARE_ITEM_LIST_ID_CATALOG_COMPARE_LIST_LIST_ID` (`list_id`)
) ENGINE=InnoDB DEFAULT CHARSET=utf8 COMMENT='Catalog Compare Table';

--
-- Dumping data for table `catalog_compare_item`
--


--
-- Table structure for table `catalog_compare_list`
--

CREATE TABLE `catalog_compare_list` (
  `list_id` int(10) unsigned NOT NULL AUTO_INCREMENT COMMENT 'Compare List ID',
  `list_id_mask` varchar(32) DEFAULT NULL COMMENT 'Masked ID',
  `customer_id` int(10) unsigned DEFAULT NULL COMMENT 'Customer ID',
  PRIMARY KEY (`list_id`),
  UNIQUE KEY `CATALOG_COMPARE_LIST_CUSTOMER_ID` (`customer_id`),
  KEY `CATALOG_COMPARE_LIST_LIST_ID_MASK` (`list_id_mask`)
) ENGINE=InnoDB DEFAULT CHARSET=utf8 COMMENT='Catalog Compare List with hash Table';

--
-- Dumping data for table `catalog_compare_list`
--


--
-- Table structure for table `catalog_eav_attribute`
--

CREATE TABLE `catalog_eav_attribute` (
  `attribute_id` smallint(5) unsigned NOT NULL COMMENT 'Attribute ID',
  `frontend_input_renderer` varchar(255) DEFAULT NULL COMMENT 'Frontend Input Renderer',
  `is_global` smallint(5) unsigned NOT NULL DEFAULT '1' COMMENT 'Is Global',
  `is_visible` smallint(5) unsigned NOT NULL DEFAULT '1' COMMENT 'Is Visible',
  `is_searchable` smallint(5) unsigned NOT NULL DEFAULT '0' COMMENT 'Is Searchable',
  `is_filterable` smallint(5) unsigned NOT NULL DEFAULT '0' COMMENT 'Is Filterable',
  `is_comparable` smallint(5) unsigned NOT NULL DEFAULT '0' COMMENT 'Is Comparable',
  `is_visible_on_front` smallint(5) unsigned NOT NULL DEFAULT '0' COMMENT 'Is Visible On Front',
  `is_html_allowed_on_front` smallint(5) unsigned NOT NULL DEFAULT '0' COMMENT 'Is HTML Allowed On Front',
  `is_used_for_price_rules` smallint(5) unsigned NOT NULL DEFAULT '0' COMMENT 'Is Used For Price Rules',
  `is_filterable_in_search` smallint(5) unsigned NOT NULL DEFAULT '0' COMMENT 'Is Filterable In Search',
  `used_in_product_listing` smallint(5) unsigned NOT NULL DEFAULT '0' COMMENT 'Is Used In Product Listing',
  `used_for_sort_by` smallint(5) unsigned NOT NULL DEFAULT '0' COMMENT 'Is Used For Sorting',
  `apply_to` varchar(255) DEFAULT NULL COMMENT 'Apply To',
  `is_visible_in_advanced_search` smallint(5) unsigned NOT NULL DEFAULT '0' COMMENT 'Is Visible In Advanced Search',
  `position` int(11) NOT NULL DEFAULT '0' COMMENT 'Position',
  `is_wysiwyg_enabled` smallint(5) unsigned NOT NULL DEFAULT '0' COMMENT 'Is WYSIWYG Enabled',
  `is_used_for_promo_rules` smallint(5) unsigned NOT NULL DEFAULT '0' COMMENT 'Is Used For Promo Rules',
  `is_required_in_admin_store` smallint(5) unsigned NOT NULL DEFAULT '0' COMMENT 'Is Required In Admin Store',
  `is_used_in_grid` smallint(5) unsigned NOT NULL DEFAULT '0' COMMENT 'Is Used in Grid',
  `is_visible_in_grid` smallint(5) unsigned NOT NULL DEFAULT '0' COMMENT 'Is Visible in Grid',
  `is_filterable_in_grid` smallint(5) unsigned NOT NULL DEFAULT '0' COMMENT 'Is Filterable in Grid',
  `search_weight` float NOT NULL DEFAULT '1' COMMENT 'Search Weight',
  `additional_data` text COMMENT 'Additional swatch attributes data',
  `is_pagebuilder_enabled` tinyint(1) NOT NULL DEFAULT '0' COMMENT 'Is PageBuilder Enabled',
  PRIMARY KEY (`attribute_id`),
  KEY `CATALOG_EAV_ATTRIBUTE_USED_FOR_SORT_BY` (`used_for_sort_by`),
  KEY `CATALOG_EAV_ATTRIBUTE_USED_IN_PRODUCT_LISTING` (`used_in_product_listing`)
) ENGINE=InnoDB DEFAULT CHARSET=utf8 COMMENT='Catalog EAV Attribute Table';

--
-- Dumping data for table `catalog_eav_attribute`
--

INSERT INTO `catalog_eav_attribute` VALUES (42,NULL,0,1,0,0,0,0,0,0,0,0,0,NULL,0,0,0,0,0,0,0,0,1,NULL,0),(43,NULL,0,1,0,0,0,0,0,0,0,0,0,NULL,0,0,0,0,0,0,0,0,1,NULL,0),(44,NULL,0,1,0,0,0,0,1,0,0,0,0,NULL,0,0,1,0,0,0,0,0,1,NULL,0),(45,NULL,0,1,0,0,0,0,0,0,0,0,0,NULL,0,0,0,0,0,0,0,0,1,NULL,0),(46,NULL,0,1,0,0,0,0,0,0,0,0,0,NULL,0,0,0,0,0,0,0,0,1,NULL,0),(47,NULL,0,1,0,0,0,0,0,0,0,0,0,NULL,0,0,0,0,0,0,0,0,1,NULL,0),(48,NULL,0,1,0,0,0,0,0,0,0,0,0,NULL,0,0,0,0,0,0,0,0,1,NULL,0),(49,NULL,0,1,0,0,0,0,0,0,0,0,0,NULL,0,0,0,0,0,0,0,0,1,NULL,0),(50,NULL,0,1,0,0,0,0,0,0,0,0,0,NULL,0,0,0,0,0,0,0,0,1,NULL,0),(51,NULL,1,1,0,0,0,0,0,0,0,0,0,NULL,0,0,0,0,0,0,0,0,1,NULL,0),(52,NULL,1,0,0,0,0,0,0,0,0,0,0,NULL,0,0,0,0,0,0,0,0,1,NULL,0),(53,NULL,1,0,0,0,0,0,0,0,0,0,0,NULL,0,0,0,0,0,0,0,0,1,NULL,0),(54,NULL,1,0,0,0,0,0,0,0,0,0,0,NULL,0,0,0,0,0,0,0,0,1,NULL,0),(55,NULL,1,0,0,0,0,0,0,0,0,0,0,NULL,0,0,0,0,0,0,0,0,1,NULL,0),(56,NULL,1,0,0,0,0,0,0,0,0,0,0,NULL,0,0,0,0,0,0,0,0,1,NULL,0),(57,NULL,0,1,0,0,0,0,0,0,0,0,0,NULL,0,0,0,0,0,0,0,0,1,NULL,0),(58,NULL,0,1,0,0,0,0,0,0,0,0,0,NULL,0,0,0,0,0,0,0,0,1,NULL,0),(59,NULL,0,1,0,0,0,0,0,0,0,0,0,NULL,0,0,0,0,0,0,0,0,1,NULL,0),(60,NULL,0,1,0,0,0,0,0,0,0,0,0,NULL,0,0,0,0,0,0,0,0,1,NULL,0),(61,NULL,0,0,0,0,0,0,0,0,0,0,0,NULL,0,0,0,0,0,0,0,0,1,NULL,0),(62,NULL,1,0,0,0,0,0,0,0,0,0,0,NULL,0,0,0,0,0,0,0,0,1,NULL,0),(63,NULL,1,0,0,0,0,0,0,0,0,0,0,NULL,0,0,0,0,0,0,0,0,1,NULL,0),(64,'Magento\\Catalog\\Block\\Adminhtml\\Category\\Helper\\Sortby\\Available',0,1,0,0,0,0,0,0,0,0,0,NULL,0,0,0,0,0,0,0,0,1,NULL,0),(65,'Magento\\Catalog\\Block\\Adminhtml\\Category\\Helper\\Sortby\\DefaultSortby',0,1,0,0,0,0,0,0,0,0,0,NULL,0,0,0,0,0,0,0,0,1,NULL,0),(66,NULL,0,1,0,0,0,0,0,0,0,0,0,NULL,0,0,0,0,0,0,0,0,1,NULL,0),(67,NULL,0,1,0,0,0,0,0,0,0,0,0,NULL,0,0,0,0,0,0,0,0,1,NULL,0),(68,NULL,0,1,0,0,0,0,0,0,0,0,0,NULL,0,0,0,0,0,0,0,0,1,NULL,0),(69,'Magento\\Catalog\\Block\\Adminhtml\\Category\\Helper\\Pricestep',0,1,0,0,0,0,0,0,0,0,0,NULL,0,0,0,0,0,0,0,0,1,NULL,0),(70,NULL,0,1,1,0,0,0,0,0,0,1,1,NULL,1,0,0,0,0,0,0,0,5,NULL,0),(71,NULL,1,1,1,0,1,0,0,0,0,0,0,NULL,1,0,0,0,0,0,0,0,6,NULL,0),(72,NULL,0,1,1,0,1,0,1,0,0,0,0,NULL,1,0,1,0,0,0,0,0,1,NULL,1),(73,NULL,0,1,1,0,1,0,1,0,0,1,0,NULL,1,0,1,0,0,1,0,0,1,NULL,0),(74,NULL,1,1,1,1,0,0,0,0,0,1,1,'simple,virtual,bundle,downloadable,configurable',1,0,0,0,0,0,0,0,1,NULL,0),(75,NULL,1,1,0,0,0,0,0,0,0,1,0,'simple,virtual,bundle,downloadable,configurable',0,0,0,0,0,1,0,1,1,NULL,0),(76,NULL,2,1,0,0,0,0,0,0,0,1,0,'simple,virtual,bundle,downloadable,configurable',0,0,0,0,0,1,0,0,1,NULL,0),(77,NULL,2,1,0,0,0,0,0,0,0,1,0,'simple,virtual,bundle,downloadable,configurable',0,0,0,0,0,1,0,0,1,NULL,0),(78,NULL,1,1,0,0,0,0,0,0,0,0,0,'simple,virtual,downloadable',0,0,0,0,0,1,0,1,1,NULL,0),(79,'Magento\\Catalog\\Block\\Adminhtml\\Product\\Helper\\Form\\Weight',1,1,0,0,0,0,0,0,0,0,0,'simple,virtual,bundle,downloadable,configurable',0,0,0,0,0,1,0,1,1,NULL,0),(80,NULL,1,1,1,1,1,1,0,0,0,1,0,'simple,virtual,bundle,downloadable,configurable',1,0,0,0,0,1,0,0,1,'{\"swatch_input_type\":\"text\",\"update_product_preview_image\":\"1\",\"use_product_image_for_swatch\":0}',0),(81,NULL,0,1,0,0,0,0,0,0,0,0,0,NULL,0,0,0,0,0,1,0,1,1,NULL,0),(82,NULL,0,1,0,0,0,0,0,0,0,0,0,NULL,0,0,0,0,0,1,0,1,1,NULL,0),(83,NULL,0,1,0,0,0,0,1,0,0,0,0,NULL,0,0,1,0,0,1,0,1,1,NULL,0),(84,NULL,0,1,0,0,0,0,0,0,0,1,0,NULL,0,0,0,0,0,0,0,0,1,NULL,0),(85,NULL,0,1,0,0,0,0,0,0,0,1,0,NULL,0,0,0,0,0,0,0,0,1,NULL,0),(86,NULL,0,1,0,0,0,0,0,0,0,1,0,NULL,0,0,0,0,0,0,0,0,1,NULL,0),(87,NULL,1,1,0,0,0,0,0,0,0,0,0,NULL,0,0,0,0,0,0,0,0,1,NULL,0),(88,NULL,1,0,0,0,0,0,0,0,0,0,0,NULL,0,0,0,0,0,0,0,0,1,NULL,0),(89,NULL,2,1,0,0,0,0,0,0,0,0,0,'simple,virtual,bundle,downloadable',0,0,0,0,0,0,0,0,1,NULL,0),(90,NULL,1,1,1,1,1,1,0,0,0,1,0,NULL,1,0,0,0,0,1,0,1,1,'{\"swatch_input_type\":\"visual\",\"update_product_preview_image\":\"1\",\"use_product_image_for_swatch\":\"1\"}',0),(91,NULL,2,1,0,0,0,0,0,0,0,1,0,NULL,0,0,0,0,0,1,0,0,1,NULL,0),(92,NULL,2,1,0,0,0,0,0,0,0,1,0,NULL,0,0,0,0,0,1,0,0,1,NULL,0),(93,NULL,1,1,0,0,0,0,0,0,0,0,0,NULL,0,0,0,0,0,0,0,0,1,NULL,0),(94,'Magento\\Framework\\Data\\Form\\Element\\Hidden',2,1,1,0,0,0,0,0,0,1,0,NULL,0,0,0,0,1,0,0,0,1,NULL,0),(95,NULL,1,0,0,0,0,0,0,0,0,0,0,'simple,virtual,bundle,downloadable,configurable',0,0,0,0,0,0,0,0,1,NULL,0),(96,NULL,0,1,0,0,0,0,0,0,0,0,0,NULL,0,0,0,0,1,0,0,0,1,NULL,0),(97,NULL,0,1,0,0,0,0,0,0,0,0,0,NULL,0,0,0,0,0,1,0,1,1,NULL,0),(98,NULL,0,1,0,0,0,0,0,0,0,0,0,NULL,0,0,0,0,0,1,0,0,1,NULL,0),(99,NULL,0,1,0,0,0,0,0,0,0,0,0,NULL,0,0,0,0,0,1,0,0,1,NULL,0),(100,NULL,0,0,0,0,0,0,0,0,0,0,0,NULL,0,0,0,0,0,0,0,0,1,NULL,0),(101,NULL,0,1,0,0,0,0,0,0,0,0,0,NULL,0,0,0,0,0,1,0,0,1,NULL,0),(102,'Magento\\Catalog\\Block\\Adminhtml\\Product\\Helper\\Form\\Category',1,1,0,0,0,0,0,0,0,0,0,NULL,0,0,0,0,0,0,0,0,1,NULL,0),(103,NULL,0,1,0,0,0,0,0,0,0,0,0,NULL,0,0,0,0,0,0,0,0,1,NULL,0),(104,NULL,1,0,0,0,0,0,0,0,0,1,0,NULL,0,0,0,0,0,0,0,0,1,NULL,0),(105,NULL,1,0,0,0,0,0,0,0,0,0,0,NULL,0,0,0,0,0,0,0,0,1,NULL,0),(106,NULL,0,0,0,0,0,0,0,0,0,1,0,NULL,0,0,0,0,0,0,0,0,1,NULL,0),(107,NULL,0,0,0,0,0,0,0,0,0,1,0,NULL,0,0,0,0,0,0,0,0,1,NULL,0),(108,NULL,0,0,0,0,0,0,0,0,0,1,0,NULL,0,0,0,0,0,0,0,0,1,NULL,0),(109,NULL,1,0,0,0,0,0,0,0,0,0,0,NULL,0,0,0,0,0,0,0,0,1,NULL,0),(110,NULL,1,0,0,0,0,0,0,0,0,0,0,NULL,0,0,0,0,0,0,0,0,1,NULL,0),(111,NULL,2,1,0,0,0,0,0,0,0,0,0,'simple,bundle,grouped,configurable',0,0,0,0,0,1,0,1,1,NULL,0),(112,'Magento\\CatalogInventory\\Block\\Adminhtml\\Form\\Field\\Stock',1,1,0,0,0,0,0,0,0,0,0,NULL,0,0,0,0,0,0,0,0,1,NULL,0),(113,NULL,0,1,1,0,0,0,0,0,0,0,0,NULL,0,0,0,0,0,0,0,0,1,NULL,0),(114,NULL,0,0,0,0,0,0,0,0,0,0,0,NULL,0,0,0,0,0,0,0,0,1,NULL,0),(115,NULL,0,1,1,0,0,0,0,0,0,1,0,NULL,0,0,0,0,0,1,0,1,1,NULL,0),(116,NULL,0,0,0,0,0,0,0,0,0,0,0,NULL,0,0,0,0,0,0,0,0,1,NULL,0),(117,'Magento\\Msrp\\Block\\Adminhtml\\Product\\Helper\\Form\\Type',1,1,0,0,0,0,0,0,0,1,0,'simple,virtual,downloadable,bundle,configurable',0,0,0,0,0,1,0,1,1,NULL,0),(118,'Magento\\Msrp\\Block\\Adminhtml\\Product\\Helper\\Form\\Type\\Price',2,1,0,0,0,0,0,0,0,1,0,'simple,virtual,downloadable,bundle,configurable',0,0,0,0,0,0,0,0,1,NULL,0),(119,NULL,1,1,0,0,0,0,0,0,0,1,0,'bundle',0,0,0,0,0,0,0,0,1,NULL,0),(120,NULL,1,1,0,0,0,0,0,0,0,0,0,'bundle',0,0,0,0,0,0,0,0,1,NULL,0),(121,NULL,1,1,0,0,0,0,0,0,0,1,0,'bundle',0,0,0,0,0,0,0,0,1,NULL,0),(122,NULL,1,1,0,0,0,0,0,0,0,1,0,'bundle',0,0,0,0,0,0,0,0,1,NULL,0),(123,NULL,1,1,0,0,0,0,0,0,0,1,0,'bundle',0,0,0,0,0,0,0,0,1,NULL,0),(124,NULL,1,0,0,0,0,0,0,0,0,1,0,'downloadable',0,0,0,0,0,0,0,0,1,NULL,0),(125,NULL,0,0,0,0,0,0,0,0,0,0,0,'downloadable',0,0,0,0,0,0,0,0,1,NULL,0),(126,NULL,0,0,0,0,0,0,0,0,0,0,0,'downloadable',0,0,0,0,0,0,0,0,1,NULL,0),(127,NULL,1,0,0,0,0,0,0,0,0,1,0,'downloadable',0,0,0,0,0,0,0,0,1,NULL,0),(128,NULL,0,1,0,0,0,0,0,0,0,1,0,NULL,0,0,0,0,0,0,0,0,1,NULL,0),(129,NULL,2,1,1,0,0,0,0,0,0,1,0,'simple,virtual,bundle,downloadable,configurable',0,0,0,0,0,1,0,1,1,NULL,0),(130,'Magento\\GiftMessage\\Block\\Adminhtml\\Product\\Helper\\Form\\Config',1,1,0,0,0,0,0,0,0,0,0,NULL,0,0,0,0,0,1,0,0,1,NULL,0),(131,NULL,0,1,0,0,0,0,0,0,0,0,0,NULL,0,0,0,0,0,0,0,0,1,NULL,0),(132,NULL,0,1,0,0,0,0,0,0,0,0,0,NULL,0,0,0,0,0,0,0,0,1,NULL,0),(133,NULL,0,1,0,0,0,0,0,0,0,0,0,NULL,0,0,0,0,0,0,0,0,1,NULL,0),(134,NULL,0,1,0,0,0,0,0,0,0,1,0,'simple,configurable,virtual,bundle,downloadable',0,0,0,0,0,0,0,0,1,NULL,0),(135,NULL,1,1,0,1,0,1,1,0,0,1,0,NULL,0,0,0,1,0,1,1,1,1,'{\"swatch_input_type\":\"text\",\"update_product_preview_image\":\"1\",\"use_product_image_for_swatch\":0}',0),(136,NULL,0,1,0,1,0,1,1,0,0,0,0,NULL,0,0,0,1,0,1,1,1,1,NULL,0),(137,NULL,1,1,0,1,0,1,1,0,0,0,0,NULL,0,0,0,1,0,1,1,1,1,NULL,0),(138,NULL,1,1,0,1,0,1,1,0,0,0,0,NULL,0,0,0,1,0,0,1,0,1,NULL,0),(142,NULL,0,1,0,0,0,0,0,0,0,0,0,NULL,0,0,0,0,0,1,0,0,1,NULL,0),(151,NULL,0,1,0,0,0,0,0,0,0,0,0,NULL,0,0,0,0,0,0,0,0,1,NULL,0),(152,NULL,0,1,0,0,0,0,0,0,0,0,0,NULL,0,0,0,0,0,0,0,0,1,NULL,0),(153,NULL,0,1,0,0,0,0,1,0,0,0,0,NULL,0,0,0,0,0,1,1,1,1,NULL,0);

--
-- Table structure for table `catalog_product_bundle_option`
--

CREATE TABLE `catalog_product_bundle_option` (
  `option_id` int(10) unsigned NOT NULL AUTO_INCREMENT COMMENT 'Option ID',
  `parent_id` int(10) unsigned NOT NULL COMMENT 'Parent ID',
  `required` smallint(5) unsigned NOT NULL DEFAULT '0' COMMENT 'Required',
  `position` int(10) unsigned NOT NULL DEFAULT '0' COMMENT 'Position',
  `type` varchar(255) DEFAULT NULL COMMENT 'Type',
  PRIMARY KEY (`option_id`),
  KEY `CATALOG_PRODUCT_BUNDLE_OPTION_PARENT_ID` (`parent_id`)
) ENGINE=InnoDB DEFAULT CHARSET=utf8 COMMENT='Catalog Product Bundle Option';

--
-- Dumping data for table `catalog_product_bundle_option`
--


--
-- Table structure for table `catalog_product_bundle_option_value`
--

CREATE TABLE `catalog_product_bundle_option_value` (
  `value_id` int(10) unsigned NOT NULL AUTO_INCREMENT COMMENT 'Value ID',
  `option_id` int(10) unsigned NOT NULL COMMENT 'Option ID',
  `parent_product_id` int(10) unsigned NOT NULL COMMENT 'Parent Product ID',
  `store_id` smallint(5) unsigned NOT NULL COMMENT 'Store ID',
  `title` varchar(255) DEFAULT NULL COMMENT 'Title',
  PRIMARY KEY (`value_id`),
  UNIQUE KEY `CAT_PRD_BNDL_OPT_VAL_OPT_ID_PARENT_PRD_ID_STORE_ID` (`option_id`,`parent_product_id`,`store_id`)
) ENGINE=InnoDB DEFAULT CHARSET=utf8 COMMENT='Catalog Product Bundle Option Value';

--
-- Dumping data for table `catalog_product_bundle_option_value`
--


--
-- Table structure for table `catalog_product_bundle_price_index`
--

CREATE TABLE `catalog_product_bundle_price_index` (
  `entity_id` int(10) unsigned NOT NULL COMMENT 'Entity ID',
  `website_id` smallint(5) unsigned NOT NULL COMMENT 'Website ID',
  `customer_group_id` int(10) unsigned NOT NULL COMMENT 'Customer Group ID',
  `min_price` decimal(20,6) NOT NULL COMMENT 'Min Price',
  `max_price` decimal(20,6) NOT NULL COMMENT 'Max Price',
  PRIMARY KEY (`entity_id`,`website_id`,`customer_group_id`),
  KEY `CATALOG_PRODUCT_BUNDLE_PRICE_INDEX_WEBSITE_ID` (`website_id`),
  KEY `CATALOG_PRODUCT_BUNDLE_PRICE_INDEX_CUSTOMER_GROUP_ID` (`customer_group_id`)
) ENGINE=InnoDB DEFAULT CHARSET=utf8 COMMENT='Catalog Product Bundle Price Index';

--
-- Dumping data for table `catalog_product_bundle_price_index`
--


--
-- Table structure for table `catalog_product_bundle_selection`
--

CREATE TABLE `catalog_product_bundle_selection` (
  `selection_id` int(10) unsigned NOT NULL AUTO_INCREMENT COMMENT 'Selection ID',
  `option_id` int(10) unsigned NOT NULL COMMENT 'Option ID',
  `parent_product_id` int(10) unsigned NOT NULL COMMENT 'Parent Product ID',
  `product_id` int(10) unsigned NOT NULL COMMENT 'Product ID',
  `position` int(10) unsigned NOT NULL DEFAULT '0' COMMENT 'Position',
  `is_default` smallint(5) unsigned NOT NULL DEFAULT '0' COMMENT 'Is Default',
  `selection_price_type` smallint(5) unsigned NOT NULL DEFAULT '0' COMMENT 'Selection Price Type',
  `selection_price_value` decimal(12,4) NOT NULL DEFAULT '0.0000' COMMENT 'Selection Price Value',
  `selection_qty` decimal(12,4) DEFAULT NULL COMMENT 'Selection Qty',
  `selection_can_change_qty` smallint(6) NOT NULL DEFAULT '0' COMMENT 'Selection Can Change Qty',
  PRIMARY KEY (`selection_id`),
  KEY `CATALOG_PRODUCT_BUNDLE_SELECTION_OPTION_ID` (`option_id`),
  KEY `CATALOG_PRODUCT_BUNDLE_SELECTION_PRODUCT_ID` (`product_id`)
) ENGINE=InnoDB DEFAULT CHARSET=utf8 COMMENT='Catalog Product Bundle Selection';

--
-- Dumping data for table `catalog_product_bundle_selection`
--


--
-- Table structure for table `catalog_product_bundle_selection_price`
--

CREATE TABLE `catalog_product_bundle_selection_price` (
  `selection_id` int(10) unsigned NOT NULL COMMENT 'Selection ID',
  `parent_product_id` int(10) unsigned NOT NULL COMMENT 'Parent Product ID',
  `website_id` smallint(5) unsigned NOT NULL COMMENT 'Website ID',
  `selection_price_type` smallint(5) unsigned NOT NULL DEFAULT '0' COMMENT 'Selection Price Type',
  `selection_price_value` decimal(20,6) NOT NULL DEFAULT '0.000000' COMMENT 'Selection Price Value',
  PRIMARY KEY (`selection_id`,`parent_product_id`,`website_id`),
  KEY `CATALOG_PRODUCT_BUNDLE_SELECTION_PRICE_WEBSITE_ID` (`website_id`)
) ENGINE=InnoDB DEFAULT CHARSET=utf8 COMMENT='Catalog Product Bundle Selection Price';

--
-- Dumping data for table `catalog_product_bundle_selection_price`
--


--
-- Table structure for table `catalog_product_bundle_stock_index`
--

CREATE TABLE `catalog_product_bundle_stock_index` (
  `entity_id` int(10) unsigned NOT NULL COMMENT 'Entity ID',
  `website_id` smallint(5) unsigned NOT NULL COMMENT 'Website ID',
  `stock_id` smallint(5) unsigned NOT NULL COMMENT 'Stock ID',
  `option_id` int(10) unsigned NOT NULL DEFAULT '0' COMMENT 'Option ID',
  `stock_status` smallint(6) DEFAULT '0' COMMENT 'Stock Status',
  PRIMARY KEY (`entity_id`,`website_id`,`stock_id`,`option_id`)
) ENGINE=InnoDB DEFAULT CHARSET=utf8 COMMENT='Catalog Product Bundle Stock Index';

--
-- Dumping data for table `catalog_product_bundle_stock_index`
--


--
-- Table structure for table `catalog_product_entity`
--

CREATE TABLE `catalog_product_entity` (
  `entity_id` int(10) unsigned NOT NULL AUTO_INCREMENT COMMENT 'Entity ID',
  `attribute_set_id` smallint(5) unsigned NOT NULL DEFAULT '0' COMMENT 'Attribute Set ID',
  `type_id` varchar(32) NOT NULL DEFAULT 'simple' COMMENT 'Type ID',
  `sku` varchar(64) DEFAULT NULL COMMENT 'SKU',
  `has_options` smallint(6) NOT NULL DEFAULT '0' COMMENT 'Has Options',
  `required_options` smallint(5) unsigned NOT NULL DEFAULT '0' COMMENT 'Required Options',
  `created_at` timestamp NOT NULL DEFAULT CURRENT_TIMESTAMP COMMENT 'Creation Time',
  `updated_at` timestamp NOT NULL DEFAULT CURRENT_TIMESTAMP ON UPDATE CURRENT_TIMESTAMP COMMENT 'Update Time',
  PRIMARY KEY (`entity_id`),
  KEY `CATALOG_PRODUCT_ENTITY_ATTRIBUTE_SET_ID` (`attribute_set_id`),
  KEY `CATALOG_PRODUCT_ENTITY_SKU` (`sku`)
) ENGINE=InnoDB AUTO_INCREMENT=300 DEFAULT CHARSET=utf8 COMMENT='Catalog Product Table';

--
-- Dumping data for table `catalog_product_entity`
--

INSERT INTO `catalog_product_entity` VALUES (147,4,'simple','1',0,0,'2022-08-31 09:34:31','2022-08-31 14:38:18'),(148,4,'simple','2',0,0,'2022-08-31 09:34:40','2022-08-31 14:19:17'),(149,4,'simple','3',0,0,'2022-08-31 09:34:40','2022-08-31 14:19:17'),(150,4,'simple','4',0,0,'2022-08-31 09:34:40','2022-08-31 14:19:17'),(151,4,'simple','5',0,0,'2022-08-31 09:34:40','2022-08-31 14:41:59'),(152,4,'simple','6',0,0,'2022-08-31 09:34:40','2022-08-31 14:19:17'),(153,4,'simple','7',0,0,'2022-08-31 09:34:40','2022-08-31 14:19:18'),(154,4,'simple','8',0,0,'2022-08-31 09:34:42','2022-08-31 14:19:18'),(155,4,'simple','9',0,0,'2022-08-31 09:34:42','2022-08-31 14:19:18'),(156,4,'simple','10',0,0,'2022-08-31 09:34:42','2022-08-31 14:19:18'),(157,4,'simple','11',0,0,'2022-08-31 09:34:42','2022-08-31 14:19:18'),(158,4,'simple','12',0,0,'2022-08-31 09:34:42','2022-08-31 14:19:18'),(159,4,'simple','13',0,0,'2022-08-31 09:34:45','2022-08-31 14:19:18'),(160,4,'simple','14',0,0,'2022-08-31 09:34:45','2022-08-31 14:19:18'),(161,4,'simple','15',0,0,'2022-08-31 09:34:45','2022-08-31 14:19:18'),(162,4,'simple','16',0,0,'2022-08-31 09:34:45','2022-08-31 14:19:18'),(163,4,'simple','17',0,0,'2022-08-31 09:34:45','2022-08-31 14:19:18'),(164,4,'simple','18',0,0,'2022-08-31 09:45:56','2022-08-31 14:19:18'),(165,4,'simple','19',0,0,'2022-08-31 09:45:56','2022-08-31 14:19:18'),(166,4,'simple','20',0,0,'2022-08-31 09:45:56','2022-08-31 14:19:18'),(167,4,'simple','21',0,0,'2022-08-31 10:49:12','2022-08-31 14:19:18'),(168,4,'simple','22',0,0,'2022-08-31 10:49:12','2022-08-31 14:19:18'),(169,4,'simple','23',0,0,'2022-08-31 10:49:12','2022-08-31 14:19:18'),(170,4,'simple','24',0,0,'2022-08-31 10:49:12','2022-08-31 14:19:18'),(171,4,'simple','25',0,0,'2022-08-31 10:49:12','2022-08-31 14:19:18'),(172,4,'simple','26',0,0,'2022-08-31 10:49:12','2022-08-31 14:19:18'),(173,4,'simple','27',0,0,'2022-08-31 10:49:12','2022-08-31 14:19:18'),(174,4,'simple','28',0,0,'2022-08-31 10:49:22','2022-08-31 14:19:18'),(175,4,'simple','29',0,0,'2022-08-31 10:49:22','2022-08-31 14:19:18'),(176,4,'simple','30',0,0,'2022-08-31 10:54:28','2022-08-31 14:19:18'),(177,4,'simple','32',0,0,'2022-08-31 10:54:28','2022-08-31 14:19:18'),(178,4,'simple','33',0,0,'2022-08-31 10:54:28','2022-08-31 14:19:18'),(179,4,'simple','35',0,0,'2022-08-31 11:01:37','2022-08-31 14:19:19'),(180,4,'simple','36',0,0,'2022-08-31 11:01:47','2022-08-31 14:19:19'),(181,4,'simple','37',0,0,'2022-08-31 11:02:32','2022-08-31 14:19:19'),(182,4,'simple','38',0,0,'2022-08-31 11:02:32','2022-08-31 14:19:19'),(183,4,'simple','40',0,0,'2022-08-31 11:17:45','2022-08-31 14:19:19'),(184,4,'simple','39',0,0,'2022-08-31 11:20:53','2022-08-31 14:19:19'),(185,4,'simple','43',0,0,'2022-08-31 11:48:44','2022-08-31 14:19:19'),(186,4,'simple','44',0,0,'2022-08-31 11:48:44','2022-08-31 14:19:19'),(187,4,'simple','46',0,0,'2022-08-31 11:48:44','2022-08-31 14:19:19'),(188,4,'simple','47',0,0,'2022-08-31 11:48:44','2022-08-31 14:19:19'),(189,4,'simple','49',0,0,'2022-08-31 11:48:44','2022-08-31 14:19:19'),(190,4,'simple','50',0,0,'2022-08-31 11:48:44','2022-08-31 14:19:19'),(191,4,'simple','51',0,0,'2022-08-31 11:58:05','2022-08-31 14:19:19'),(192,4,'simple','53',0,0,'2022-08-31 11:58:05','2022-08-31 14:19:19'),(193,4,'simple','54',0,0,'2022-08-31 11:58:05','2022-08-31 14:19:19'),(194,4,'simple','55',0,0,'2022-08-31 11:58:05','2022-08-31 14:19:19'),(195,4,'simple','56',0,0,'2022-08-31 11:58:05','2022-08-31 14:19:19'),(196,4,'simple','57',0,0,'2022-08-31 11:58:05','2022-08-31 14:19:19'),(197,4,'simple','58',0,0,'2022-08-31 11:58:05','2022-08-31 14:19:19'),(198,4,'simple','59',0,0,'2022-08-31 11:58:05','2022-08-31 14:19:19'),(199,4,'simple','60',0,0,'2022-08-31 11:58:05','2022-08-31 14:19:19'),(200,4,'simple','61',0,0,'2022-08-31 11:58:05','2022-08-31 14:19:19'),(201,4,'simple','63',0,0,'2022-08-31 11:58:05','2022-08-31 14:19:20'),(202,4,'simple','64',0,0,'2022-08-31 11:58:05','2022-08-31 14:19:20'),(203,4,'simple','65',0,0,'2022-08-31 11:58:05','2022-08-31 14:19:20'),(204,4,'simple','66',0,0,'2022-08-31 11:58:05','2022-08-31 14:19:20'),(205,4,'simple','67',0,0,'2022-08-31 11:58:05','2022-08-31 14:19:20'),(206,4,'simple','68',0,0,'2022-08-31 11:58:05','2022-08-31 14:19:20'),(207,4,'simple','69',0,0,'2022-08-31 11:58:05','2022-08-31 14:19:20'),(208,4,'simple','70',0,0,'2022-08-31 11:58:05','2022-08-31 14:19:20'),(209,4,'simple','71',0,0,'2022-08-31 12:12:11','2022-08-31 14:19:20'),(210,4,'simple','72',0,0,'2022-08-31 12:12:11','2022-08-31 14:19:20'),(211,4,'simple','73',0,0,'2022-08-31 12:12:11','2022-08-31 14:19:20'),(212,4,'simple','74',0,0,'2022-08-31 12:12:11','2022-08-31 14:19:20'),(213,4,'simple','75',0,0,'2022-08-31 12:12:11','2022-08-31 14:19:20'),(214,4,'simple','76',0,0,'2022-08-31 12:12:11','2022-08-31 14:19:20'),(215,4,'simple','77',0,0,'2022-08-31 12:15:45','2022-08-31 14:19:20'),(216,4,'simple','78',0,0,'2022-08-31 12:15:45','2022-08-31 14:19:20'),(217,4,'simple','79',0,0,'2022-08-31 12:16:51','2022-08-31 14:19:20'),(218,4,'simple','80',0,0,'2022-08-31 12:16:52','2022-08-31 14:19:20'),(219,4,'simple','82',0,0,'2022-08-31 12:16:52','2022-08-31 14:19:20'),(220,4,'simple','83',0,0,'2022-08-31 12:16:52','2022-08-31 14:19:20'),(221,4,'simple','84',0,0,'2022-08-31 12:16:52','2022-08-31 14:19:20'),(222,4,'simple','85',0,0,'2022-08-31 12:16:52','2022-08-31 14:19:20'),(223,4,'simple','86',0,0,'2022-08-31 12:16:52','2022-08-31 14:19:21'),(224,4,'simple','87',0,0,'2022-08-31 12:16:52','2022-08-31 14:19:21'),(225,4,'simple','88',0,0,'2022-08-31 12:16:52','2022-08-31 14:19:21'),(226,4,'simple','89',0,0,'2022-08-31 12:16:52','2022-08-31 14:19:21'),(227,4,'simple','90',0,0,'2022-08-31 12:16:52','2022-08-31 14:19:21'),(228,4,'simple','91',0,0,'2022-08-31 12:16:52','2022-08-31 14:19:21'),(229,4,'simple','92',0,0,'2022-08-31 12:16:52','2022-08-31 14:19:21'),(230,4,'simple','93',0,0,'2022-08-31 12:16:52','2022-08-31 14:19:21'),(231,4,'simple','94',0,0,'2022-08-31 12:16:52','2022-08-31 14:19:21'),(232,4,'simple','95',0,0,'2022-08-31 12:16:52','2022-08-31 14:19:21'),(233,4,'simple','96',0,0,'2022-08-31 12:16:52','2022-08-31 14:19:21'),(234,4,'simple','97',0,0,'2022-08-31 12:16:52','2022-08-31 14:19:21'),(235,4,'simple','98',0,0,'2022-08-31 12:16:54','2022-08-31 14:19:21'),(236,4,'simple','99',0,0,'2022-08-31 12:16:54','2022-08-31 14:19:21'),(237,4,'simple','100',0,0,'2022-08-31 12:22:42','2022-08-31 14:19:21'),(238,4,'simple','101',0,0,'2022-08-31 12:22:44','2022-08-31 14:19:21'),(239,4,'simple','102',0,0,'2022-08-31 12:22:44','2022-08-31 14:19:21'),(240,4,'simple','103',0,0,'2022-08-31 12:22:44','2022-08-31 14:19:21'),(241,4,'simple','104',0,0,'2022-08-31 12:22:44','2022-08-31 14:19:21'),(242,4,'simple','105',0,0,'2022-08-31 12:22:44','2022-08-31 14:19:21'),(243,4,'simple','106',0,0,'2022-08-31 12:22:44','2022-08-31 14:19:21'),(244,4,'simple','107',0,0,'2022-08-31 12:22:44','2022-08-31 14:19:21'),(245,4,'simple','108',0,0,'2022-08-31 12:22:45','2022-08-31 14:19:21'),(246,4,'simple','109',0,0,'2022-08-31 12:22:45','2022-08-31 14:19:21'),(247,4,'simple','110',0,0,'2022-08-31 12:22:45','2022-08-31 14:19:32'),(248,4,'simple','131',0,0,'2022-08-31 12:25:44','2022-08-31 14:19:32'),(249,4,'simple','132',0,0,'2022-08-31 12:25:44','2022-08-31 14:19:32'),(250,4,'simple','133',0,0,'2022-08-31 12:25:46','2022-08-31 14:19:32'),(251,4,'simple','134',0,0,'2022-08-31 12:25:46','2022-08-31 14:19:32'),(252,4,'simple','135',0,0,'2022-08-31 12:25:46','2022-08-31 14:19:32'),(253,4,'simple','136',0,0,'2022-08-31 12:25:46','2022-08-31 14:19:32'),(254,4,'simple','137',0,0,'2022-08-31 12:25:46','2022-08-31 14:19:32'),(255,4,'simple','138',0,0,'2022-08-31 12:25:46','2022-08-31 14:19:32'),(256,4,'simple','139',0,0,'2022-08-31 12:25:46','2022-08-31 14:19:32'),(257,4,'simple','140',0,0,'2022-08-31 12:25:46','2022-08-31 14:19:32'),(258,4,'simple','141',0,0,'2022-08-31 12:26:26','2022-08-31 14:19:33'),(259,4,'simple','142',0,0,'2022-08-31 12:26:26','2022-08-31 14:19:33'),(260,4,'simple','143',0,0,'2022-08-31 12:26:26','2022-08-31 14:19:33'),(261,4,'simple','144',0,0,'2022-08-31 12:26:26','2022-08-31 14:19:33'),(262,4,'simple','145',0,0,'2022-08-31 12:26:26','2022-08-31 14:19:33'),(263,4,'simple','146',0,0,'2022-08-31 12:26:26','2022-08-31 14:19:33'),(264,4,'simple','147',0,0,'2022-08-31 12:26:26','2022-08-31 14:19:33'),(265,4,'simple','148',0,0,'2022-08-31 12:26:26','2022-08-31 14:19:33'),(266,4,'simple','149',0,0,'2022-08-31 12:26:27','2022-08-31 14:19:33'),(267,4,'simple','111',0,0,'2022-08-31 12:36:23','2022-08-31 14:19:33'),(268,4,'simple','112',0,0,'2022-08-31 12:36:23','2022-08-31 14:19:33'),(269,4,'simple','113',0,0,'2022-08-31 12:36:23','2022-08-31 14:19:33'),(270,4,'simple','114',0,0,'2022-08-31 12:36:23','2022-08-31 14:19:33'),(271,4,'simple','115',0,0,'2022-08-31 12:36:23','2022-08-31 14:19:33'),(272,4,'simple','116',0,0,'2022-08-31 12:36:23','2022-08-31 14:19:33'),(273,4,'simple','117',0,0,'2022-08-31 12:36:23','2022-08-31 14:19:33'),(274,4,'simple','118',0,0,'2022-08-31 12:36:23','2022-08-31 14:19:33'),(275,4,'simple','119',0,0,'2022-08-31 12:36:23','2022-08-31 14:19:33'),(276,4,'simple','121',0,0,'2022-08-31 12:47:24','2022-08-31 14:19:33'),(277,4,'simple','122',0,0,'2022-08-31 12:47:24','2022-08-31 14:19:33'),(278,4,'simple','123',0,0,'2022-08-31 12:47:24','2022-08-31 14:19:33'),(279,4,'simple','124',0,0,'2022-08-31 12:47:24','2022-08-31 14:19:33'),(280,4,'simple','125',0,0,'2022-08-31 12:47:24','2022-08-31 14:19:33'),(281,4,'simple','126',0,0,'2022-08-31 12:47:24','2022-08-31 14:19:33'),(282,4,'simple','127',0,0,'2022-08-31 12:47:24','2022-08-31 14:19:33'),(283,4,'simple','128',0,0,'2022-08-31 12:47:24','2022-08-31 14:19:34'),(284,4,'simple','129',0,0,'2022-08-31 12:47:24','2022-08-31 14:19:34'),(285,4,'simple','130',0,0,'2022-08-31 12:47:24','2022-08-31 14:19:34'),(286,4,'simple','150',0,0,'2022-08-31 12:59:28','2022-08-31 14:19:34'),(287,4,'simple','151',0,0,'2022-08-31 12:59:28','2022-08-31 14:19:34'),(288,4,'simple','152',0,0,'2022-08-31 12:59:28','2022-08-31 14:19:34'),(289,4,'simple','153',0,0,'2022-08-31 12:59:28','2022-08-31 14:19:34'),(290,4,'simple','154',0,0,'2022-08-31 13:01:31','2022-08-31 14:19:34'),(291,4,'simple','155',0,0,'2022-08-31 13:01:31','2022-08-31 14:19:34'),(292,4,'simple','156',0,0,'2022-08-31 13:01:31','2022-08-31 14:19:34'),(293,4,'simple','157',0,0,'2022-08-31 13:04:17','2022-08-31 14:19:34'),(294,4,'simple','158',0,0,'2022-08-31 13:04:17','2022-08-31 14:19:34'),(295,4,'simple','159',0,0,'2022-08-31 13:15:46','2022-08-31 14:19:34'),(296,4,'simple','31',0,0,'2022-08-31 13:19:08','2022-08-31 14:19:34'),(297,4,'simple','34',0,0,'2022-08-31 13:19:08','2022-08-31 14:19:34'),(298,4,'simple','41',0,0,'2022-08-31 13:19:08','2022-08-31 14:19:34'),(299,4,'simple','160',0,0,'2022-08-31 13:26:16','2022-08-31 14:19:34');

--
-- Table structure for table `catalog_product_entity_datetime`
--

CREATE TABLE `catalog_product_entity_datetime` (
  `value_id` int(11) NOT NULL AUTO_INCREMENT COMMENT 'Value ID',
  `attribute_id` smallint(5) unsigned NOT NULL DEFAULT '0' COMMENT 'Attribute ID',
  `store_id` smallint(5) unsigned NOT NULL DEFAULT '0' COMMENT 'Store ID',
  `entity_id` int(10) unsigned NOT NULL DEFAULT '0' COMMENT 'Entity ID',
  `value` datetime DEFAULT NULL COMMENT 'Value',
  PRIMARY KEY (`value_id`),
  UNIQUE KEY `CATALOG_PRODUCT_ENTITY_DATETIME_ENTITY_ID_ATTRIBUTE_ID_STORE_ID` (`entity_id`,`attribute_id`,`store_id`),
  KEY `CATALOG_PRODUCT_ENTITY_DATETIME_ATTRIBUTE_ID` (`attribute_id`),
  KEY `CATALOG_PRODUCT_ENTITY_DATETIME_STORE_ID` (`store_id`)
) ENGINE=InnoDB DEFAULT CHARSET=utf8 COMMENT='Catalog Product Datetime Attribute Backend Table';

--
-- Dumping data for table `catalog_product_entity_datetime`
--


--
-- Table structure for table `catalog_product_entity_decimal`
--

CREATE TABLE `catalog_product_entity_decimal` (
  `value_id` int(11) NOT NULL AUTO_INCREMENT COMMENT 'Value ID',
  `attribute_id` smallint(5) unsigned NOT NULL DEFAULT '0' COMMENT 'Attribute ID',
  `store_id` smallint(5) unsigned NOT NULL DEFAULT '0' COMMENT 'Store ID',
  `entity_id` int(10) unsigned NOT NULL DEFAULT '0' COMMENT 'Entity ID',
  `value` decimal(20,6) DEFAULT NULL COMMENT 'Value',
  PRIMARY KEY (`value_id`),
  UNIQUE KEY `CATALOG_PRODUCT_ENTITY_DECIMAL_ENTITY_ID_ATTRIBUTE_ID_STORE_ID` (`entity_id`,`attribute_id`,`store_id`),
  KEY `CATALOG_PRODUCT_ENTITY_DECIMAL_STORE_ID` (`store_id`),
  KEY `CATALOG_PRODUCT_ENTITY_DECIMAL_ATTRIBUTE_ID` (`attribute_id`)
) ENGINE=InnoDB AUTO_INCREMENT=657 DEFAULT CHARSET=utf8 COMMENT='Catalog Product Decimal Attribute Backend Table';

--
-- Dumping data for table `catalog_product_entity_decimal`
--

INSERT INTO `catalog_product_entity_decimal` VALUES (501,74,0,147,10.000000),(502,74,0,148,9.000000),(503,74,0,149,7.000000),(504,74,0,150,10.000000),(505,74,0,151,9.000000),(506,74,0,152,9.000000),(507,74,0,153,11.000000),(508,74,0,154,16.000000),(509,74,0,155,16.000000),(510,74,0,156,16.000000),(511,74,0,157,16.000000),(512,74,0,158,16.000000),(513,74,0,159,16.000000),(514,74,0,160,16.000000),(515,74,0,161,16.000000),(516,74,0,162,16.000000),(517,74,0,163,16.000000),(518,74,0,164,16.000000),(519,74,0,165,16.000000),(520,74,0,166,16.000000),(521,74,0,167,12.000000),(522,74,0,168,16.000000),(523,74,0,169,16.000000),(524,74,0,170,16.000000),(525,74,0,171,16.000000),(526,74,0,172,16.000000),(527,74,0,173,16.000000),(528,74,0,174,26.000000),(529,74,0,175,26.000000),(530,74,0,176,26.000000),(531,74,0,177,10.000000),(532,74,0,178,33.000000),(533,74,0,179,11.000000),(534,74,0,180,11.000000),(535,74,0,181,16.000000),(536,74,0,182,18.000000),(537,74,0,183,39.000000),(538,74,0,184,49.000000),(539,74,0,185,18.000000),(540,74,0,186,21.000000),(541,74,0,187,27.000000),(542,74,0,188,29.000000),(543,74,0,189,31.000000),(544,74,0,190,32.000000),(545,74,0,191,32.000000),(546,74,0,192,38.000000),(547,74,0,193,32.000000),(548,74,0,194,24.000000),(549,74,0,195,30.000000),(550,74,0,196,26.000000),(551,74,0,197,32.000000),(552,74,0,198,38.000000),(553,74,0,199,42.000000),(554,74,0,200,36.000000),(555,74,0,201,30.000000),(556,74,0,202,16.000000),(557,74,0,203,39.000000),(558,74,0,204,42.000000),(559,74,0,205,30.000000),(560,74,0,206,32.000000),(561,74,0,207,26.000000),(562,74,0,208,29.000000),(564,74,0,209,49.000000),(565,74,0,210,32.000000),(566,74,0,211,42.000000),(567,74,0,212,36.000000),(568,74,0,213,30.000000),(569,74,0,214,33.000000),(570,74,0,215,29.000000),(571,74,0,216,30.000000),(572,74,0,217,21.000000),(573,74,0,218,8.000000),(574,74,0,219,10.000000),(575,74,0,220,8.000000),(576,74,0,221,7.000000),(577,74,0,222,10.000000),(578,74,0,223,8.000000),(579,74,0,224,8.000000),(580,74,0,225,5.000000),(581,74,0,226,9.000000),(582,74,0,227,9.000000),(583,74,0,228,8.000000),(584,74,0,229,9.000000),(585,74,0,230,8.000000),(586,74,0,231,8.000000),(587,74,0,232,8.000000),(588,74,0,233,7.000000),(589,74,0,234,5.000000),(590,74,0,235,7.000000),(591,74,0,236,6.000000),(592,74,0,237,6.000000),(593,74,0,238,5.000000),(594,74,0,239,6.000000),(595,74,0,240,7.000000),(596,74,0,241,6.000000),(597,74,0,242,6.000000),(598,74,0,243,10.000000),(599,74,0,244,10.000000),(600,74,0,245,9.000000),(601,74,0,246,9.000000),(602,74,0,247,13.000000),(603,74,0,248,7.000000),(604,74,0,249,6.000000),(605,74,0,250,7.000000),(606,74,0,251,12.000000),(607,74,0,252,14.000000),(608,74,0,253,11.000000),(609,74,0,254,6.000000),(610,74,0,255,7.000000),(611,74,0,256,9.000000),(612,74,0,257,9.000000),(613,74,0,258,9.000000),(614,74,0,259,6.000000),(615,74,0,260,5.000000),(616,74,0,261,7.000000),(617,74,0,262,9.000000),(618,74,0,263,11.000000),(619,74,0,264,5.000000),(620,74,0,265,9.000000),(621,74,0,266,9.000000),(622,74,0,267,9.000000),(623,74,0,268,10.000000),(624,74,0,269,8.000000),(625,74,0,270,9.000000),(626,74,0,271,8.000000),(627,74,0,272,8.000000),(628,74,0,273,7.000000),(629,74,0,274,10.000000),(630,74,0,275,12.000000),(631,74,0,276,12.000000),(632,74,0,277,11.000000),(633,74,0,278,14.000000),(634,74,0,279,13.000000),(635,74,0,280,20.000000),(636,74,0,281,10.000000),(637,74,0,282,9.000000),(638,74,0,283,12.000000),(639,74,0,284,8.000000),(640,74,0,285,8.000000),(641,74,0,286,18.000000),(642,74,0,287,20.000000),(643,74,0,288,16.000000),(644,74,0,289,7.000000),(645,74,0,290,20.000000),(646,74,0,291,15.000000),(647,74,0,292,39.000000),(648,74,0,293,45.000000),(649,74,0,294,31.000000),(650,74,0,295,16.000000),(651,74,0,296,22.000000),(652,74,0,297,32.000000),(653,74,0,298,22.000000),(656,74,0,299,26.000000);

--
-- Table structure for table `catalog_product_entity_gallery`
--

CREATE TABLE `catalog_product_entity_gallery` (
  `value_id` int(11) NOT NULL AUTO_INCREMENT COMMENT 'Value ID',
  `attribute_id` smallint(5) unsigned NOT NULL DEFAULT '0' COMMENT 'Attribute ID',
  `store_id` smallint(5) unsigned NOT NULL DEFAULT '0' COMMENT 'Store ID',
  `entity_id` int(10) unsigned NOT NULL DEFAULT '0' COMMENT 'Entity ID',
  `position` int(11) NOT NULL DEFAULT '0' COMMENT 'Position',
  `value` varchar(255) DEFAULT NULL COMMENT 'Value',
  PRIMARY KEY (`value_id`),
  UNIQUE KEY `CATALOG_PRODUCT_ENTITY_GALLERY_ENTITY_ID_ATTRIBUTE_ID_STORE_ID` (`entity_id`,`attribute_id`,`store_id`),
  KEY `CATALOG_PRODUCT_ENTITY_GALLERY_ENTITY_ID` (`entity_id`),
  KEY `CATALOG_PRODUCT_ENTITY_GALLERY_ATTRIBUTE_ID` (`attribute_id`),
  KEY `CATALOG_PRODUCT_ENTITY_GALLERY_STORE_ID` (`store_id`)
) ENGINE=InnoDB DEFAULT CHARSET=utf8 COMMENT='Catalog Product Gallery Attribute Backend Table';

--
-- Dumping data for table `catalog_product_entity_gallery`
--


--
-- Table structure for table `catalog_product_entity_int`
--

CREATE TABLE `catalog_product_entity_int` (
  `value_id` int(11) NOT NULL AUTO_INCREMENT COMMENT 'Value ID',
  `attribute_id` smallint(5) unsigned NOT NULL DEFAULT '0' COMMENT 'Attribute ID',
  `store_id` smallint(5) unsigned NOT NULL DEFAULT '0' COMMENT 'Store ID',
  `entity_id` int(10) unsigned NOT NULL DEFAULT '0' COMMENT 'Entity ID',
  `value` int(11) DEFAULT NULL COMMENT 'Value',
  PRIMARY KEY (`value_id`),
  UNIQUE KEY `CATALOG_PRODUCT_ENTITY_INT_ENTITY_ID_ATTRIBUTE_ID_STORE_ID` (`entity_id`,`attribute_id`,`store_id`),
  KEY `CATALOG_PRODUCT_ENTITY_INT_ATTRIBUTE_ID` (`attribute_id`),
  KEY `CATALOG_PRODUCT_ENTITY_INT_STORE_ID` (`store_id`),
  KEY `CATALOG_PRODUCT_ENTITY_INT_ATTRIBUTE_ID_STORE_ID_VALUE` (`attribute_id`,`store_id`,`value`)
) ENGINE=InnoDB AUTO_INCREMENT=4181 DEFAULT CHARSET=utf8 COMMENT='Catalog Product Integer Attribute Backend Table';

--
-- Dumping data for table `catalog_product_entity_int`
--

INSERT INTO `catalog_product_entity_int` VALUES (1099,80,0,147,12),(1100,90,0,147,4),(1101,94,0,147,1),(1102,112,0,147,1),(1103,129,0,147,2),(1104,135,0,147,16),(1105,96,0,147,4),(1106,80,0,148,12),(1107,90,0,148,4),(1108,94,0,148,1),(1109,112,0,148,1),(1110,129,0,148,2),(1111,135,0,148,16),(1112,96,0,148,4),(1113,80,0,149,12),(1114,90,0,149,4),(1115,94,0,149,1),(1116,112,0,149,1),(1117,129,0,149,2),(1118,135,0,149,16),(1119,96,0,149,4),(1120,80,0,150,12),(1121,90,0,150,4),(1122,94,0,150,1),(1123,112,0,150,1),(1124,129,0,150,2),(1125,135,0,150,16),(1126,96,0,150,4),(1127,80,0,151,12),(1128,90,0,151,4),(1129,94,0,151,1),(1130,112,0,151,1),(1131,129,0,151,2),(1132,135,0,151,16),(1133,96,0,151,4),(1134,80,0,152,12),(1135,90,0,152,4),(1136,94,0,152,1),(1137,112,0,152,1),(1138,129,0,152,2),(1139,135,0,152,16),(1140,96,0,152,4),(1141,80,0,153,12),(1142,90,0,153,4),(1143,94,0,153,1),(1144,112,0,153,1),(1145,129,0,153,2),(1146,135,0,153,16),(1147,96,0,153,4),(1148,80,0,154,12),(1149,90,0,154,4),(1150,94,0,154,1),(1151,112,0,154,1),(1152,129,0,154,2),(1153,135,0,154,16),(1154,96,0,154,4),(1155,80,0,155,12),(1156,90,0,155,4),(1157,94,0,155,1),(1158,112,0,155,1),(1159,129,0,155,2),(1160,135,0,155,16),(1161,96,0,155,4),(1162,80,0,156,12),(1163,90,0,156,4),(1164,94,0,156,1),(1165,112,0,156,1),(1166,129,0,156,2),(1167,135,0,156,16),(1168,96,0,156,4),(1169,80,0,157,12),(1170,90,0,157,4),(1171,94,0,157,1),(1172,112,0,157,1),(1173,129,0,157,2),(1174,135,0,157,16),(1175,96,0,157,4),(1176,80,0,158,12),(1177,90,0,158,4),(1178,94,0,158,1),(1179,112,0,158,1),(1180,129,0,158,2),(1181,135,0,158,16),(1182,96,0,158,4),(1183,80,0,159,12),(1184,90,0,159,4),(1185,94,0,159,1),(1186,112,0,159,1),(1187,129,0,159,2),(1188,135,0,159,16),(1189,96,0,159,4),(1190,80,0,160,12),(1191,90,0,160,4),(1192,94,0,160,1),(1193,112,0,160,1),(1194,129,0,160,2),(1195,135,0,160,16),(1196,96,0,160,4),(1197,80,0,161,12),(1198,90,0,161,4),(1199,94,0,161,1),(1200,112,0,161,1),(1201,129,0,161,2),(1202,135,0,161,16),(1203,96,0,161,4),(1204,80,0,162,12),(1205,90,0,162,4),(1206,94,0,162,1),(1207,112,0,162,1),(1208,129,0,162,2),(1209,135,0,162,16),(1210,96,0,162,4),(1211,80,0,163,12),(1212,90,0,163,4),(1213,94,0,163,1),(1214,112,0,163,1),(1215,129,0,163,2),(1216,135,0,163,16),(1217,96,0,163,4),(1218,80,0,164,12),(1219,90,0,164,4),(1220,94,0,164,1),(1221,112,0,164,1),(1222,129,0,164,2),(1223,135,0,164,16),(1224,96,0,164,4),(1225,80,0,165,12),(1226,90,0,165,4),(1227,94,0,165,1),(1228,112,0,165,1),(1229,129,0,165,2),(1230,135,0,165,16),(1231,96,0,165,4),(1232,80,0,166,12),(1233,90,0,166,4),(1234,94,0,166,1),(1235,112,0,166,1),(1236,129,0,166,2),(1237,135,0,166,16),(1238,96,0,166,4),(1239,80,0,167,12),(1240,90,0,167,4),(1241,94,0,167,1),(1242,112,0,167,1),(1243,129,0,167,2),(1244,135,0,167,16),(1245,96,0,167,4),(1246,80,0,168,12),(1247,90,0,168,4),(1248,94,0,168,1),(1249,112,0,168,1),(1250,129,0,168,2),(1251,135,0,168,16),(1252,96,0,168,4),(1253,80,0,169,12),(1254,90,0,169,4),(1255,94,0,169,1),(1256,112,0,169,1),(1257,129,0,169,2),(1258,135,0,169,16),(1259,96,0,169,4),(1260,80,0,170,12),(1261,90,0,170,4),(1262,94,0,170,1),(1263,112,0,170,1),(1264,129,0,170,2),(1265,135,0,170,16),(1266,96,0,170,4),(1267,80,0,171,12),(1268,90,0,171,4),(1269,94,0,171,1),(1270,112,0,171,1),(1271,129,0,171,2),(1272,135,0,171,16),(1273,96,0,171,4),(1274,80,0,172,12),(1275,90,0,172,4),(1276,94,0,172,1),(1277,112,0,172,1),(1278,129,0,172,2),(1279,135,0,172,16),(1280,96,0,172,4),(1281,80,0,173,12),(1282,90,0,173,4),(1283,94,0,173,1),(1284,112,0,173,1),(1285,129,0,173,2),(1286,135,0,173,16),(1287,96,0,173,4),(1288,80,0,174,12),(1289,90,0,174,4),(1290,94,0,174,1),(1291,112,0,174,1),(1292,129,0,174,2),(1293,135,0,174,16),(1294,96,0,174,4),(1295,80,0,175,12),(1296,90,0,175,4),(1297,94,0,175,1),(1298,112,0,175,1),(1299,129,0,175,2),(1300,135,0,175,16),(1301,96,0,175,4),(1302,80,0,176,12),(1303,90,0,176,4),(1304,94,0,176,1),(1305,112,0,176,1),(1306,129,0,176,2),(1307,135,0,176,16),(1308,96,0,176,4),(1309,80,0,177,12),(1310,90,0,177,4),(1311,94,0,177,1),(1312,112,0,177,1),(1313,129,0,177,2),(1314,135,0,177,16),(1315,96,0,177,4),(1316,80,0,178,12),(1317,90,0,178,4),(1318,94,0,178,1),(1319,112,0,178,1),(1320,129,0,178,2),(1321,135,0,178,16),(1322,96,0,178,4),(1323,80,0,179,12),(1324,90,0,179,4),(1325,94,0,179,1),(1326,112,0,179,1),(1327,129,0,179,2),(1328,135,0,179,16),(1329,96,0,179,4),(1330,80,0,180,12),(1331,90,0,180,4),(1332,94,0,180,1),(1333,112,0,180,1),(1334,129,0,180,2),(1335,135,0,180,16),(1336,96,0,180,4),(1337,80,0,181,12),(1338,90,0,181,4),(1339,94,0,181,1),(1340,112,0,181,1),(1341,129,0,181,2),(1342,135,0,181,16),(1343,96,0,181,4),(1344,80,0,182,12),(1345,90,0,182,4),(1346,94,0,182,1),(1347,112,0,182,1),(1348,129,0,182,2),(1349,135,0,182,16),(1350,96,0,182,4),(1351,80,0,183,12),(1352,90,0,183,4),(1353,94,0,183,1),(1354,112,0,183,1),(1355,129,0,183,2),(1356,135,0,183,16),(1357,96,0,183,4),(1358,80,0,184,12),(1359,90,0,184,4),(1360,94,0,184,1),(1361,112,0,184,1),(1362,129,0,184,2),(1363,135,0,184,16),(1364,96,0,184,4),(1365,80,0,185,12),(1366,90,0,185,4),(1367,94,0,185,1),(1368,112,0,185,1),(1369,129,0,185,2),(1370,135,0,185,16),(1371,96,0,185,4),(1372,80,0,186,12),(1373,90,0,186,4),(1374,94,0,186,1),(1375,112,0,186,1),(1376,129,0,186,2),(1377,135,0,186,16),(1378,96,0,186,4),(1379,80,0,187,12),(1380,90,0,187,4),(1381,94,0,187,1),(1382,112,0,187,1),(1383,129,0,187,2),(1384,135,0,187,16),(1385,96,0,187,4),(1386,80,0,188,12),(1387,90,0,188,4),(1388,94,0,188,1),(1389,112,0,188,1),(1390,129,0,188,2),(1391,135,0,188,16),(1392,96,0,188,4),(1393,80,0,189,12),(1394,90,0,189,4),(1395,94,0,189,1),(1396,112,0,189,1),(1397,129,0,189,2),(1398,135,0,189,16),(1399,96,0,189,4),(1400,80,0,190,12),(1401,90,0,190,4),(1402,94,0,190,1),(1403,112,0,190,1),(1404,129,0,190,2),(1405,135,0,190,16),(1406,96,0,190,4),(1407,80,0,191,12),(1408,90,0,191,4),(1409,94,0,191,1),(1410,112,0,191,1),(1411,129,0,191,2),(1412,135,0,191,16),(1413,96,0,191,4),(1414,80,0,192,12),(1415,90,0,192,4),(1416,94,0,192,1),(1417,112,0,192,1),(1418,129,0,192,2),(1419,135,0,192,16),(1420,96,0,192,4),(1421,80,0,193,12),(1422,90,0,193,4),(1423,94,0,193,1),(1424,112,0,193,1),(1425,129,0,193,2),(1426,135,0,193,16),(1427,96,0,193,4),(1428,80,0,194,12),(1429,90,0,194,4),(1430,94,0,194,1),(1431,112,0,194,1),(1432,129,0,194,2),(1433,135,0,194,16),(1434,96,0,194,4),(1435,80,0,195,12),(1436,90,0,195,4),(1437,94,0,195,1),(1438,112,0,195,1),(1439,129,0,195,2),(1440,135,0,195,16),(1441,96,0,195,4),(1442,80,0,196,12),(1443,90,0,196,4),(1444,94,0,196,1),(1445,112,0,196,1),(1446,129,0,196,2),(1447,135,0,196,16),(1448,96,0,196,4),(1449,80,0,197,12),(1450,90,0,197,4),(1451,94,0,197,1),(1452,112,0,197,1),(1453,129,0,197,2),(1454,135,0,197,16),(1455,96,0,197,4),(1456,80,0,198,12),(1457,90,0,198,4),(1458,94,0,198,1),(1459,112,0,198,1),(1460,129,0,198,2),(1461,135,0,198,16),(1462,96,0,198,4),(1463,80,0,199,12),(1464,90,0,199,4),(1465,94,0,199,1),(1466,112,0,199,1),(1467,129,0,199,2),(1468,135,0,199,16),(1469,96,0,199,4),(1470,80,0,200,12),(1471,90,0,200,4),(1472,94,0,200,1),(1473,112,0,200,1),(1474,129,0,200,2),(1475,135,0,200,16),(1476,96,0,200,4),(1477,80,0,201,12),(1478,90,0,201,4),(1479,94,0,201,1),(1480,112,0,201,1),(1481,129,0,201,2),(1482,135,0,201,16),(1483,96,0,201,4),(1484,80,0,202,12),(1485,90,0,202,4),(1486,94,0,202,1),(1487,112,0,202,1),(1488,129,0,202,2),(1489,135,0,202,16),(1490,96,0,202,4),(1491,80,0,203,12),(1492,90,0,203,4),(1493,94,0,203,1),(1494,112,0,203,1),(1495,129,0,203,2),(1496,135,0,203,16),(1497,96,0,203,4),(1498,80,0,204,12),(1499,90,0,204,4),(1500,94,0,204,1),(1501,112,0,204,1),(1502,129,0,204,2),(1503,135,0,204,16),(1504,96,0,204,4),(1505,80,0,205,12),(1506,90,0,205,4),(1507,94,0,205,1),(1508,112,0,205,1),(1509,129,0,205,2),(1510,135,0,205,16),(1511,96,0,205,4),(1512,80,0,206,12),(1513,90,0,206,4),(1514,94,0,206,1),(1515,112,0,206,1),(1516,129,0,206,2),(1517,135,0,206,16),(1518,96,0,206,4),(1519,80,0,207,12),(1520,90,0,207,4),(1521,94,0,207,1),(1522,112,0,207,1),(1523,129,0,207,2),(1524,135,0,207,16),(1525,96,0,207,4),(1526,80,0,208,12),(1527,90,0,208,4),(1528,94,0,208,1),(1529,112,0,208,1),(1530,129,0,208,2),(1531,135,0,208,16),(1532,96,0,208,4),(1536,80,0,209,12),(1537,90,0,209,4),(1538,94,0,209,1),(1539,112,0,209,1),(1540,129,0,209,2),(1541,135,0,209,16),(1542,96,0,209,4),(1543,80,0,210,12),(1544,90,0,210,4),(1545,94,0,210,1),(1546,112,0,210,1),(1547,129,0,210,2),(1548,135,0,210,16),(1549,96,0,210,4),(1550,80,0,211,12),(1551,90,0,211,4),(1552,94,0,211,1),(1553,112,0,211,1),(1554,129,0,211,2),(1555,135,0,211,16),(1556,96,0,211,4),(1557,80,0,212,12),(1558,90,0,212,4),(1559,94,0,212,1),(1560,112,0,212,1),(1561,129,0,212,2),(1562,135,0,212,16),(1563,96,0,212,4),(1564,80,0,213,12),(1565,90,0,213,4),(1566,94,0,213,1),(1567,112,0,213,1),(1568,129,0,213,2),(1569,135,0,213,16),(1570,96,0,213,4),(1571,80,0,214,12),(1572,90,0,214,4),(1573,94,0,214,1),(1574,112,0,214,1),(1575,129,0,214,2),(1576,135,0,214,16),(1577,96,0,214,4),(1578,80,0,215,12),(1579,90,0,215,4),(1580,94,0,215,1),(1581,112,0,215,1),(1582,129,0,215,2),(1583,135,0,215,16),(1584,96,0,215,4),(1585,80,0,216,12),(1586,90,0,216,4),(1587,94,0,216,1),(1588,112,0,216,1),(1589,129,0,216,2),(1590,135,0,216,16),(1591,96,0,216,4),(1592,80,0,217,12),(1593,90,0,217,4),(1594,94,0,217,1),(1595,112,0,217,1),(1596,129,0,217,2),(1597,135,0,217,16),(1598,96,0,217,4),(1599,80,0,218,12),(1600,90,0,218,4),(1601,94,0,218,1),(1602,112,0,218,1),(1603,129,0,218,2),(1604,135,0,218,16),(1605,96,0,218,4),(1606,80,0,219,12),(1607,90,0,219,4),(1608,94,0,219,1),(1609,112,0,219,1),(1610,129,0,219,2),(1611,135,0,219,16),(1612,96,0,219,4),(1613,80,0,220,12),(1614,90,0,220,4),(1615,94,0,220,1),(1616,112,0,220,1),(1617,129,0,220,2),(1618,135,0,220,16),(1619,96,0,220,4),(1620,80,0,221,12),(1621,90,0,221,4),(1622,94,0,221,1),(1623,112,0,221,1),(1624,129,0,221,2),(1625,135,0,221,16),(1626,96,0,221,4),(1627,80,0,222,12),(1628,90,0,222,4),(1629,94,0,222,1),(1630,112,0,222,1),(1631,129,0,222,2),(1632,135,0,222,16),(1633,96,0,222,4),(1634,80,0,223,12),(1635,90,0,223,4),(1636,94,0,223,1),(1637,112,0,223,1),(1638,129,0,223,2),(1639,135,0,223,16),(1640,96,0,223,4),(1641,80,0,224,12),(1642,90,0,224,4),(1643,94,0,224,1),(1644,112,0,224,1),(1645,129,0,224,2),(1646,135,0,224,16),(1647,96,0,224,4),(1648,80,0,225,12),(1649,90,0,225,4),(1650,94,0,225,1),(1651,112,0,225,1),(1652,129,0,225,2),(1653,135,0,225,16),(1654,96,0,225,4),(1655,80,0,226,12),(1656,90,0,226,4),(1657,94,0,226,1),(1658,112,0,226,1),(1659,129,0,226,2),(1660,135,0,226,16),(1661,96,0,226,4),(1662,80,0,227,12),(1663,90,0,227,4),(1664,94,0,227,1),(1665,112,0,227,1),(1666,129,0,227,2),(1667,135,0,227,16),(1668,96,0,227,4),(1669,80,0,228,12),(1670,90,0,228,4),(1671,94,0,228,1),(1672,112,0,228,1),(1673,129,0,228,2),(1674,135,0,228,16),(1675,96,0,228,4),(1676,80,0,229,12),(1677,90,0,229,4),(1678,94,0,229,1),(1679,112,0,229,1),(1680,129,0,229,2),(1681,135,0,229,16),(1682,96,0,229,4),(1683,80,0,230,12),(1684,90,0,230,4),(1685,94,0,230,1),(1686,112,0,230,1),(1687,129,0,230,2),(1688,135,0,230,16),(1689,96,0,230,4),(1690,80,0,231,12),(1691,90,0,231,4),(1692,94,0,231,1),(1693,112,0,231,1),(1694,129,0,231,2),(1695,135,0,231,16),(1696,96,0,231,4),(1697,80,0,232,12),(1698,90,0,232,4),(1699,94,0,232,1),(1700,112,0,232,1),(1701,129,0,232,2),(1702,135,0,232,16),(1703,96,0,232,4),(1704,80,0,233,12),(1705,90,0,233,4),(1706,94,0,233,1),(1707,112,0,233,1),(1708,129,0,233,2),(1709,135,0,233,16),(1710,96,0,233,4),(1711,80,0,234,12),(1712,90,0,234,4),(1713,94,0,234,1),(1714,112,0,234,1),(1715,129,0,234,2),(1716,135,0,234,16),(1717,96,0,234,4),(1718,80,0,235,12),(1719,90,0,235,4),(1720,94,0,235,1),(1721,112,0,235,1),(1722,129,0,235,2),(1723,135,0,235,16),(1724,96,0,235,4),(1725,80,0,236,12),(1726,90,0,236,4),(1727,94,0,236,1),(1728,112,0,236,1),(1729,129,0,236,2),(1730,135,0,236,16),(1731,96,0,236,4),(1732,80,0,237,12),(1733,90,0,237,4),(1734,94,0,237,1),(1735,112,0,237,1),(1736,129,0,237,2),(1737,135,0,237,16),(1738,96,0,237,4),(1739,80,0,238,12),(1740,90,0,238,4),(1741,94,0,238,1),(1742,112,0,238,1),(1743,129,0,238,2),(1744,135,0,238,16),(1745,96,0,238,4),(1746,80,0,239,12),(1747,90,0,239,4),(1748,94,0,239,1),(1749,112,0,239,1),(1750,129,0,239,2),(1751,135,0,239,16),(1752,96,0,239,4),(1753,80,0,240,12),(1754,90,0,240,4),(1755,94,0,240,1),(1756,112,0,240,1),(1757,129,0,240,2),(1758,135,0,240,16),(1759,96,0,240,4),(1760,80,0,241,12),(1761,90,0,241,4),(1762,94,0,241,1),(1763,112,0,241,1),(1764,129,0,241,2),(1765,135,0,241,16),(1766,96,0,241,4),(1767,80,0,242,12),(1768,90,0,242,4),(1769,94,0,242,1),(1770,112,0,242,1),(1771,129,0,242,2),(1772,135,0,242,16),(1773,96,0,242,4),(1774,80,0,243,12),(1775,90,0,243,4),(1776,94,0,243,1),(1777,112,0,243,1),(1778,129,0,243,2),(1779,135,0,243,16),(1780,96,0,243,4),(1781,80,0,244,12),(1782,90,0,244,4),(1783,94,0,244,1),(1784,112,0,244,1),(1785,129,0,244,2),(1786,135,0,244,16),(1787,96,0,244,4),(1788,80,0,245,12),(1789,90,0,245,4),(1790,94,0,245,1),(1791,112,0,245,1),(1792,129,0,245,2),(1793,135,0,245,16),(1794,96,0,245,4),(1795,80,0,246,12),(1796,90,0,246,4),(1797,94,0,246,1),(1798,112,0,246,1),(1799,129,0,246,2),(1800,135,0,246,16),(1801,96,0,246,4),(1802,80,0,247,12),(1803,90,0,247,4),(1804,94,0,247,1),(1805,112,0,247,1),(1806,129,0,247,2),(1807,135,0,247,16),(1808,96,0,247,4),(1809,80,0,248,12),(1810,90,0,248,4),(1811,94,0,248,1),(1812,112,0,248,1),(1813,129,0,248,2),(1814,135,0,248,16),(1815,96,0,248,4),(1816,80,0,249,12),(1817,90,0,249,4),(1818,94,0,249,1),(1819,112,0,249,1),(1820,129,0,249,2),(1821,135,0,249,16),(1822,96,0,249,4),(1823,80,0,250,12),(1824,90,0,250,4),(1825,94,0,250,1),(1826,112,0,250,1),(1827,129,0,250,2),(1828,135,0,250,16),(1829,96,0,250,4),(1830,80,0,251,12),(1831,90,0,251,4),(1832,94,0,251,1),(1833,112,0,251,1),(1834,129,0,251,2),(1835,135,0,251,16),(1836,96,0,251,4),(1837,80,0,252,12),(1838,90,0,252,4),(1839,94,0,252,1),(1840,112,0,252,1),(1841,129,0,252,2),(1842,135,0,252,16),(1843,96,0,252,4),(1844,80,0,253,12),(1845,90,0,253,4),(1846,94,0,253,1),(1847,112,0,253,1),(1848,129,0,253,2),(1849,135,0,253,16),(1850,96,0,253,4),(1851,80,0,254,12),(1852,90,0,254,4),(1853,94,0,254,1),(1854,112,0,254,1),(1855,129,0,254,2),(1856,135,0,254,16),(1857,96,0,254,4),(1858,80,0,255,12),(1859,90,0,255,4),(1860,94,0,255,1),(1861,112,0,255,1),(1862,129,0,255,2),(1863,135,0,255,16),(1864,96,0,255,4),(1865,80,0,256,12),(1866,90,0,256,4),(1867,94,0,256,1),(1868,112,0,256,1),(1869,129,0,256,2),(1870,135,0,256,16),(1871,96,0,256,4),(1872,80,0,257,12),(1873,90,0,257,4),(1874,94,0,257,1),(1875,112,0,257,1),(1876,129,0,257,2),(1877,135,0,257,16),(1878,96,0,257,4),(1879,80,0,258,12),(1880,90,0,258,4),(1881,94,0,258,1),(1882,112,0,258,1),(1883,129,0,258,2),(1884,135,0,258,16),(1885,96,0,258,4),(1886,80,0,259,12),(1887,90,0,259,4),(1888,94,0,259,1),(1889,112,0,259,1),(1890,129,0,259,2),(1891,135,0,259,16),(1892,96,0,259,4),(1893,80,0,260,12),(1894,90,0,260,4),(1895,94,0,260,1),(1896,112,0,260,1),(1897,129,0,260,2),(1898,135,0,260,16),(1899,96,0,260,4),(1900,80,0,261,12),(1901,90,0,261,4),(1902,94,0,261,1),(1903,112,0,261,1),(1904,129,0,261,2),(1905,135,0,261,16),(1906,96,0,261,4),(1907,80,0,262,12),(1908,90,0,262,4),(1909,94,0,262,1),(1910,112,0,262,1),(1911,129,0,262,2),(1912,135,0,262,16),(1913,96,0,262,4),(1914,80,0,263,12),(1915,90,0,263,4),(1916,94,0,263,1),(1917,112,0,263,1),(1918,129,0,263,2),(1919,135,0,263,16),(1920,96,0,263,4),(1921,80,0,264,12),(1922,90,0,264,4),(1923,94,0,264,1),(1924,112,0,264,1),(1925,129,0,264,2),(1926,135,0,264,16),(1927,96,0,264,4),(1928,80,0,265,12),(1929,90,0,265,4),(1930,94,0,265,1),(1931,112,0,265,1),(1932,129,0,265,2),(1933,135,0,265,16),(1934,96,0,265,4),(1935,80,0,266,12),(1936,90,0,266,4),(1937,94,0,266,1),(1938,112,0,266,1),(1939,129,0,266,2),(1940,135,0,266,16),(1941,96,0,266,4),(1942,80,0,267,12),(1943,90,0,267,4),(1944,94,0,267,1),(1945,112,0,267,1),(1946,129,0,267,2),(1947,135,0,267,16),(1948,96,0,267,4),(1949,80,0,268,12),(1950,90,0,268,4),(1951,94,0,268,1),(1952,112,0,268,1),(1953,129,0,268,2),(1954,135,0,268,16),(1955,96,0,268,4),(1956,80,0,269,12),(1957,90,0,269,4),(1958,94,0,269,1),(1959,112,0,269,1),(1960,129,0,269,2),(1961,135,0,269,16),(1962,96,0,269,4),(1963,80,0,270,12),(1964,90,0,270,4),(1965,94,0,270,1),(1966,112,0,270,1),(1967,129,0,270,2),(1968,135,0,270,16),(1969,96,0,270,4),(1970,80,0,271,12),(1971,90,0,271,4),(1972,94,0,271,1),(1973,112,0,271,1),(1974,129,0,271,2),(1975,135,0,271,16),(1976,96,0,271,4),(1977,80,0,272,12),(1978,90,0,272,4),(1979,94,0,272,1),(1980,112,0,272,1),(1981,129,0,272,2),(1982,135,0,272,16),(1983,96,0,272,4),(1984,80,0,273,12),(1985,90,0,273,4),(1986,94,0,273,1),(1987,112,0,273,1),(1988,129,0,273,2),(1989,135,0,273,16),(1990,96,0,273,4),(1991,80,0,274,12),(1992,90,0,274,4),(1993,94,0,274,1),(1994,112,0,274,1),(1995,129,0,274,2),(1996,135,0,274,16),(1997,96,0,274,4),(1998,80,0,275,12),(1999,90,0,275,4),(2000,94,0,275,1),(2001,112,0,275,1),(2002,129,0,275,2),(2003,135,0,275,16),(2004,96,0,275,4),(2005,80,0,276,12),(2006,90,0,276,4),(2007,94,0,276,1),(2008,112,0,276,1),(2009,129,0,276,2),(2010,135,0,276,16),(2011,96,0,276,4),(2012,80,0,277,12),(2013,90,0,277,4),(2014,94,0,277,1),(2015,112,0,277,1),(2016,129,0,277,2),(2017,135,0,277,16),(2018,96,0,277,4),(2019,80,0,278,12),(2020,90,0,278,4),(2021,94,0,278,1),(2022,112,0,278,1),(2023,129,0,278,2),(2024,135,0,278,16),(2025,96,0,278,4),(2026,80,0,279,12),(2027,90,0,279,4),(2028,94,0,279,1),(2029,112,0,279,1),(2030,129,0,279,2),(2031,135,0,279,16),(2032,96,0,279,4),(2033,80,0,280,12),(2034,90,0,280,4),(2035,94,0,280,1),(2036,112,0,280,1),(2037,129,0,280,2),(2038,135,0,280,16),(2039,96,0,280,4),(2040,80,0,281,12),(2041,90,0,281,4),(2042,94,0,281,1),(2043,112,0,281,1),(2044,129,0,281,2),(2045,135,0,281,16),(2046,96,0,281,4),(2047,80,0,282,12),(2048,90,0,282,4),(2049,94,0,282,1),(2050,112,0,282,1),(2051,129,0,282,2),(2052,135,0,282,16),(2053,96,0,282,4),(2054,80,0,283,12),(2055,90,0,283,4),(2056,94,0,283,1),(2057,112,0,283,1),(2058,129,0,283,2),(2059,135,0,283,16),(2060,96,0,283,4),(2061,80,0,284,12),(2062,90,0,284,4),(2063,94,0,284,1),(2064,112,0,284,1),(2065,129,0,284,2),(2066,135,0,284,16),(2067,96,0,284,4),(2068,80,0,285,12),(2069,90,0,285,4),(2070,94,0,285,1),(2071,112,0,285,1),(2072,129,0,285,2),(2073,135,0,285,16),(2074,96,0,285,4),(2075,80,0,286,12),(2076,90,0,286,4),(2077,94,0,286,1),(2078,112,0,286,1),(2079,129,0,286,2),(2080,135,0,286,16),(2081,96,0,286,4),(2082,80,0,287,12),(2083,90,0,287,4),(2084,94,0,287,1),(2085,112,0,287,1),(2086,129,0,287,2),(2087,135,0,287,16),(2088,96,0,287,4),(2089,80,0,288,12),(2090,90,0,288,4),(2091,94,0,288,1),(2092,112,0,288,1),(2093,129,0,288,2),(2094,135,0,288,16),(2095,96,0,288,4),(2096,80,0,289,12),(2097,90,0,289,4),(2098,94,0,289,1),(2099,112,0,289,1),(2100,129,0,289,2),(2101,135,0,289,16),(2102,96,0,289,4),(2103,80,0,290,12),(2104,90,0,290,4),(2105,94,0,290,1),(2106,112,0,290,1),(2107,129,0,290,2),(2108,135,0,290,16),(2109,96,0,290,4),(2110,80,0,291,12),(2111,90,0,291,4),(2112,94,0,291,1),(2113,112,0,291,1),(2114,129,0,291,2),(2115,135,0,291,16),(2116,96,0,291,4),(2117,80,0,292,12),(2118,90,0,292,4),(2119,94,0,292,1),(2120,112,0,292,1),(2121,129,0,292,2),(2122,135,0,292,16),(2123,96,0,292,4),(2124,80,0,293,12),(2125,90,0,293,4),(2126,94,0,293,1),(2127,112,0,293,1),(2128,129,0,293,2),(2129,135,0,293,16),(2130,96,0,293,4),(2131,80,0,294,12),(2132,90,0,294,4),(2133,94,0,294,1),(2134,112,0,294,1),(2135,129,0,294,2),(2136,135,0,294,16),(2137,96,0,294,4),(2138,80,0,295,12),(2139,90,0,295,4),(2140,94,0,295,1),(2141,112,0,295,1),(2142,129,0,295,2),(2143,135,0,295,16),(2144,96,0,295,4),(2145,80,0,296,12),(2146,90,0,296,4),(2147,94,0,296,1),(2148,112,0,296,1),(2149,129,0,296,2),(2150,135,0,296,16),(2151,96,0,296,4),(2152,80,0,297,12),(2153,90,0,297,4),(2154,94,0,297,1),(2155,112,0,297,1),(2156,129,0,297,2),(2157,135,0,297,16),(2158,96,0,297,4),(2159,80,0,298,12),(2160,90,0,298,4),(2161,94,0,298,1),(2162,112,0,298,1),(2163,129,0,298,2),(2164,135,0,298,16),(2165,96,0,298,4),(2172,134,0,298,0),(2173,134,0,297,0),(2174,134,0,296,0),(2175,80,0,299,12),(2176,90,0,299,4),(2177,94,0,299,1),(2178,96,0,299,4),(2179,129,0,299,2),(2180,134,0,299,0),(2181,135,0,299,16),(4179,134,0,147,0),(4180,134,0,151,1);

--
-- Table structure for table `catalog_product_entity_media_gallery`
--

CREATE TABLE `catalog_product_entity_media_gallery` (
  `value_id` int(10) unsigned NOT NULL AUTO_INCREMENT COMMENT 'Value ID',
  `attribute_id` smallint(5) unsigned NOT NULL DEFAULT '0' COMMENT 'Attribute ID',
  `value` varchar(255) DEFAULT NULL COMMENT 'Value',
  `media_type` varchar(32) NOT NULL DEFAULT 'image' COMMENT 'Media entry type',
  `disabled` smallint(5) unsigned NOT NULL DEFAULT '0' COMMENT 'Visibility status',
  PRIMARY KEY (`value_id`),
  KEY `CATALOG_PRODUCT_ENTITY_MEDIA_GALLERY_ATTRIBUTE_ID` (`attribute_id`)
) ENGINE=InnoDB AUTO_INCREMENT=587 DEFAULT CHARSET=utf8 COMMENT='Catalog Product Media Gallery Attribute Backend Table';

--
-- Dumping data for table `catalog_product_entity_media_gallery`
--

INSERT INTO `catalog_product_entity_media_gallery` VALUES (1,87,'/m/2/m23.jpg','image',0),(2,87,'/m/2/m22.jpg','image',0),(3,87,'/m/2/m23_1.jpg','image',0),(4,87,'/m/2/m24.jpg','image',0),(5,87,'/2/6/26.jpg','image',0),(6,87,'/3/5/35.jpg','image',0),(7,87,'/0/7/07_1.jpg','image',0),(9,87,'/3/4/34_1.jpg','image',0),(15,87,'/1/6/16_1.jpg','image',0),(16,87,'/1/6/16_2.jpg','image',0),(17,87,'/1/6/16_3.jpg','image',0),(18,87,'/1/6/16_4.jpg','image',0),(19,87,'/9/1/91.jpg','image',0),(20,87,'/9/2/92.jpg','image',0),(21,87,'/9/3/93.jpg','image',0),(22,87,'/9/4/94.jpg','image',0),(24,87,'/i/m/image21xxl_1.jpg','image',0),(25,87,'/i/m/image31xxl_1.jpg','image',0),(26,87,'/i/m/image41xxl_1.jpg','image',0),(27,87,'/7/1/71_1.jpg','image',0),(28,87,'/m/9/m9.jpg','image',0),(29,87,'/m/1/m10.jpg','image',0),(30,87,'/m/1/m11.jpg','image',0),(31,87,'/m/1/m12.jpg','image',0),(32,87,'/m/1/m13.jpg','image',0),(33,87,'/m/1/m14.jpg','image',0),(34,87,'/m/1/m15.jpg','image',0),(35,87,'/m/1/m16.jpg','image',0),(36,87,'/m/9/m9_1.jpg','image',0),(38,87,'/m/1/m11_1.jpg','image',0),(39,87,'/m/1/m12_1.jpg','image',0),(40,87,'/m/1/m13_1.jpg','image',0),(41,87,'/m/1/m14_1.jpg','image',0),(42,87,'/m/1/m15_1.jpg','image',0),(43,87,'/m/1/m16_1.jpg','image',0),(52,87,'/5/1/51.jpg','image',0),(53,87,'/5/2/52.jpg','image',0),(54,87,'/5/3/53.jpg','image',0),(55,87,'/5/4/54.jpg','image',0),(56,87,'/6/1/61.jpg','image',0),(57,87,'/6/2/62.jpg','image',0),(58,87,'/6/3/63.jpg','image',0),(59,87,'/6/4/64.jpg','image',0),(60,87,'/a/1/a1.jpg','image',0),(61,87,'/a/2/a2.jpg','image',0),(62,87,'/a/3/a3.jpg','image',0),(63,87,'/a/4/a4.jpg','image',0),(64,87,'/g/_/g_1.jpg','image',0),(65,87,'/g/1/g1.jpg','image',0),(66,87,'/m/j/mj01-orange_main.jpg','image',0),(67,87,'/m/j/mj01-orange_main_1.jpg','image',0),(68,87,'/m/j/mj01-orange_main_2.jpg','image',0),(69,87,'/m/j/mj01-orange_main_3.jpg','image',0),(70,87,'/m/j/mj01-orange_main_4.jpg','image',0),(71,87,'/m/j/mj01-yellow_main_1.jpg','image',0),(72,87,'/m/j/mj01-yellow_main_2.jpg','image',0),(73,87,'/m/j/mj01-yellow_main_3.jpg','image',0),(74,87,'/m/j/mj01-yellow_main_4.jpg','image',0),(75,87,'/m/j/mj01-yellow_main_5.jpg','image',0),(76,87,'/m/j/mj01-red_main.jpg','image',0),(77,87,'/m/j/mj01-red_main_1.jpg','image',0),(78,87,'/m/j/mj01-red_main_2.jpg','image',0),(79,87,'/m/j/mj01-red_main_3.jpg','image',0),(80,87,'/m/j/mj01-red_main_4.jpg','image',0),(81,87,'/m/j/mj01-yellow_main.jpg','image',0),(82,87,'/m/j/mj01-yellow_back.jpg','image',0),(83,87,'/m/j/mj01-yellow_alt1.jpg','image',0),(84,87,'/w/j/wj11-blue_main.jpg','image',0),(85,87,'/w/j/wj11-blue_main_1.jpg','image',0),(86,87,'/w/j/wj11-blue_main_2.jpg','image',0),(87,87,'/w/j/wj11-blue_main_3.jpg','image',0),(88,87,'/w/j/wj11-blue_main_4.jpg','image',0),(89,87,'/w/j/wj11-black_main.jpg','image',0),(90,87,'/w/j/wj11-black_main_1.jpg','image',0),(91,87,'/w/j/wj11-black_main_2.jpg','image',0),(92,87,'/w/j/wj11-black_main_3.jpg','image',0),(93,87,'/w/j/wj11-black_main_4.jpg','image',0),(94,87,'/w/j/wj11-orange_main.jpg','image',0),(95,87,'/w/j/wj11-orange_main_1.jpg','image',0),(96,87,'/w/j/wj11-orange_main_2.jpg','image',0),(97,87,'/w/j/wj11-orange_main_3.jpg','image',0),(98,87,'/w/j/wj11-orange_main_4.jpg','image',0),(99,87,'/w/j/wj11-black_main_5.jpg','image',0),(100,87,'/w/j/wj11-blue_main_5.jpg','image',0),(101,87,'/w/j/wj11-blue_back.jpg','image',0),(102,87,'/w/j/wj11-blue_alt1.jpg','image',0),(103,87,'/m/h/mh13-blue_main_1.jpg','image',0),(104,87,'/m/h/mh13-blue_main_2.jpg','image',0),(105,87,'/m/h/mh13-blue_main_3.jpg','image',0),(106,87,'/m/h/mh13-blue_main_4.jpg','image',0),(107,87,'/m/h/mh13-blue_main_5.jpg','image',0),(108,87,'/m/h/mh13-green_main.jpg','image',0),(109,87,'/m/h/mh13-green_main_1.jpg','image',0),(110,87,'/m/h/mh13-green_main_2.jpg','image',0),(111,87,'/m/h/mh13-green_main_3.jpg','image',0),(112,87,'/m/h/mh13-green_main_4.jpg','image',0),(113,87,'/m/j/mj01-yellow_main_6.jpg','image',0),(114,87,'/m/j/mj01-yellow_main_1_1.jpg','image',0),(115,87,'/m/j/mj01-yellow_main_2_1.jpg','image',0),(116,87,'/m/j/mj01-yellow_main_3_1.jpg','image',0),(117,87,'/m/j/mj01-yellow_main_4_1.jpg','image',0),(118,87,'/m/h/mh13-blue_alt1.jpg','image',0),(119,87,'/m/h/mh13-blue_main.jpg','image',0),(120,87,'/m/h/mh13-blue_back.jpg','image',0),(121,87,'/m/h/mh13-lavender_main.jpg','image',0),(127,87,'/i/m/image1xxl_9__1_1.jpg','image',0),(128,87,'/i/m/image1xxl_10__1.jpg','image',0),(129,87,'/i/m/image2xxl_1_1.jpg','image',0),(130,87,'/i/m/image3xxl_1_1.jpg','image',0),(131,87,'/i/m/image4xxl_1_1.jpg','image',0),(138,87,'/6/2/62_1.jpg','image',0),(139,87,'/6/3/63_1.jpg','image',0),(140,87,'/6/4/64_1.jpg','image',0),(149,87,'/g/_/g_1_1.jpg','image',0),(150,87,'/g/1/g1_1.jpg','image',0),(151,87,'/g/2/g2.jpg','image',0),(152,87,'/g/3/g3.jpg','image',0),(153,87,'/g/4/g4.jpg','image',0),(159,87,'/m/1/m17.jpg','image',0),(160,87,'/m/1/m18.jpg','image',0),(161,87,'/m/1/m19.jpg','image',0),(162,87,'/m/2/m20.jpg','image',0),(163,87,'/4/1/41.jpg','image',0),(164,87,'/4/2/42.jpg','image',0),(165,87,'/4/3/43.jpg','image',0),(166,87,'/4/4/44.jpg','image',0),(167,87,'/9/1/91_1.jpg','image',0),(168,87,'/9/2/92_1.jpg','image',0),(169,87,'/9/3/93_1.jpg','image',0),(170,87,'/9/4/94_1.jpg','image',0),(171,87,'/d/2/d2.jpg','image',0),(172,87,'/3/3/3332.jpg','image',0),(173,87,'/3/3/3333.jpg','image',0),(174,87,'/3/3/3334.jpg','image',0),(175,87,'/m/h/mh13-blue_main_1_1.jpg','image',0),(176,87,'/m/h/mh13-blue_main_2_1.jpg','image',0),(177,87,'/m/h/mh13-blue_main_3_1.jpg','image',0),(178,87,'/m/j/mj01-yellow_main_7.jpg','image',0),(179,87,'/m/j/mj01-yellow_main_1_2.jpg','image',0),(180,87,'/m/j/mj01-orange_main_5.jpg','image',0),(181,87,'/m/h/mh13-green_main_5.jpg','image',0),(182,87,'/m/h/mh13-green_main_1_1.jpg','image',0),(183,87,'/m/h/mh13-green_main_2_1.jpg','image',0),(184,87,'/m/h/mh13-blue_alt1_1.jpg','image',0),(185,87,'/m/h/mh13-blue_back_1.jpg','image',0),(186,87,'/m/h/mh13-blue_main_6.jpg','image',0),(187,87,'/m/h/mh13-lavender_main_1.jpg','image',0),(188,87,'/6/1/61_2.jpg','image',0),(189,87,'/6/2/62_2.jpg','image',0),(190,87,'/6/3/63_2.jpg','image',0),(191,87,'/6/4/64_2.jpg','image',0),(192,87,'/2/7/27_1.jpg','image',0),(194,87,'/0/7/07_1_1.jpg','image',0),(195,87,'/m/1/m13_2.jpg','image',0),(196,87,'/m/1/m14_2.jpg','image',0),(197,87,'/m/1/m15_2.jpg','image',0),(198,87,'/m/1/m16_2.jpg','image',0),(199,87,'/m/1/m17_1.jpg','image',0),(202,87,'/i/m/image122xxl.jpg','image',0),(204,87,'/m/4/m4.jpg','image',0),(205,87,'/1/1/115948552_640.jpg','external-video',0),(206,87,'/w/1/w108176_190920_ns_tt_1.jpg','image',0),(207,87,'/w/1/w108176_190920_ns_tt_2.jpg','image',0),(208,87,'/w/1/w108176_190920_ns_tt_3.jpg','image',0),(209,87,'/w/1/w108176_191001_ns_of_7.jpg','image',0),(210,87,'/w/1/w107099_190920_ns_tt_1.jpg','image',0),(211,87,'/w/1/w107099_190920_ns_tt_2.jpg','image',0),(212,87,'/w/1/w107099_190920_ns_tt_3.jpg','image',0),(213,87,'/w/1/w107099_191001_ns_of_7.jpg','image',0),(214,87,'/w/q/wq08006_1_190823.jpg','image',0),(215,87,'/w/q/wq08006_2_190823.jpg','image',0),(216,87,'/w/q/wq08006_3_190823.jpg','image',0),(217,87,'/w/q/wq08006_4_190823.jpg','image',0),(218,87,'/w/1/w106922_1.jpg','image',0),(219,87,'/w/1/w106922_2.jpg','image',0),(220,87,'/w/1/w106922_3.jpg','image',0),(221,87,'/w/q/wqcd090062_190920_ns_tt_1.jpg','image',0),(222,87,'/w/q/wqcd090062_190920_ns_tt_2.jpg','image',0),(223,87,'/w/q/wqcd090062_190920_ns_tt_3.jpg','image',0),(224,87,'/w/q/wqcd090062_190920_ns_tt_4.jpg','image',0),(225,87,'/w/k/wkc100174_191106_ns_tt_1.jpg','image',0),(226,87,'/w/k/wkc100174_191106_ns_tt_2.jpg','image',0),(227,87,'/w/k/wkc100174_191106_ns_tt_3.jpg','image',0),(228,87,'/w/1/w104619_1.jpg','image',0),(229,87,'/w/1/w104619_2.jpg','image',0),(230,87,'/w/1/w104619_3.jpg','image',0),(231,87,'/h/5/h5919c2bb2aafc.jpg','image',0),(232,87,'/h/5/h5919c2bb2df65.jpg','image',0),(233,87,'/h/5/h5919c2bb28c32.jpg','image',0),(234,87,'/h/5/h5919c2bb301a1.jpg','image',0),(235,87,'/1/0/1051197_1.jpg','image',0),(236,87,'/1/0/1051197_2.jpg','image',0),(237,87,'/1/0/1051197_3.jpg','image',0),(238,87,'/1/0/1051197_4.jpg','image',0),(239,87,'/w/1/w108176_190920_ns_tt_2_1.jpg','image',0),(240,87,'/w/1/w108176_190920_ns_tt_1_1.jpg','image',0),(241,87,'/w/1/w108176_190920_ns_tt_3_1.jpg','image',0),(242,87,'/w/q/wq08006_2_190823_1.jpg','image',0),(243,87,'/w/q/wq08006_3_190823_1.jpg','image',0),(244,87,'/w/q/wq08006_4_190823_1.jpg','image',0),(245,87,'/w/1/w106922_1_1.jpg','image',0),(246,87,'/w/1/w106922_2_1.jpg','image',0),(247,87,'/w/1/w106922_3_1.jpg','image',0),(248,87,'/w/1/w107099_190920_ns_tt_1_1.jpg','image',0),(249,87,'/w/1/w107099_190920_ns_tt_2_1.jpg','image',0),(250,87,'/w/1/w107099_190920_ns_tt_3_1.jpg','image',0),(251,87,'/w/1/w107099_191001_ns_of_7_1.jpg','image',0),(252,87,'/w/q/wqcd090062_190920_ns_tt_1_1.jpg','image',0),(253,87,'/w/q/wqcd090062_190920_ns_tt_2_1.jpg','image',0),(254,87,'/w/q/wqcd090062_190920_ns_tt_3_1.jpg','image',0),(255,87,'/w/q/wqcd090062_190920_ns_tt_4_1.jpg','image',0),(256,87,'/w/1/w104619_1_1.jpg','image',0),(257,87,'/w/1/w104619_2_1.jpg','image',0),(258,87,'/w/1/w104619_3_1.jpg','image',0),(259,87,'/1/-/1-8.jpg','image',0),(260,87,'/2/-/2-6.jpg','image',0),(261,87,'/3/-/3-2.jpg','image',0),(262,87,'/1/-/1-32.jpg','image',0),(263,87,'/2/-/2-35.jpg','image',0),(264,87,'/2/-/2-29.jpg','image',0),(265,87,'/3/-/3-3_1.jpg','image',0),(266,87,'/1/-/1-28.jpg','image',0),(267,87,'/2/-/2-31.jpg','image',0),(268,87,'/1/-/1-30.jpg','image',0),(269,87,'/2/-/2-33.jpg','image',0),(270,87,'/1/-/1-29.jpg','image',0),(271,87,'/2/-/2-32.jpg','image',0),(272,87,'/1/-/1-25.jpg','image',0),(273,87,'/2/-/2-28.jpg','image',0),(274,87,'/1/-/1-27.jpg','image',0),(275,87,'/1/-/1-33.jpg','image',0),(276,87,'/2/-/2-36.jpg','image',0),(277,87,'/3/-/3-4.jpg','image',0),(278,87,'/1/-/1-31.jpg','image',0),(279,87,'/2/-/2-34.jpg','image',0),(280,87,'/1/-/1-25_1.jpg','image',0),(281,87,'/2/-/2-28_1.jpg','image',0),(282,87,'/1/-/1-25_2.jpg','image',0),(283,87,'/2/-/2-28_2.jpg','image',0),(284,87,'/1/-/1-29_1.jpg','image',0),(285,87,'/2/-/2-32_1.jpg','image',0),(286,87,'/1/-/1-30_1.jpg','image',0),(287,87,'/2/-/2-33_1.jpg','image',0),(288,87,'/1/-/1-28_1.jpg','image',0),(289,87,'/2/-/2-31_1.jpg','image',0),(290,87,'/1/-/1-32_1.jpg','image',0),(291,87,'/2/-/2-35_1.jpg','image',0),(292,87,'/2/-/2-29_1.jpg','image',0),(293,87,'/3/-/3-3_1_1.jpg','image',0),(294,87,'/1/-/1-31_1.jpg','image',0),(295,87,'/2/-/2-34_1.jpg','image',0),(296,87,'/1/-/1-25_3.jpg','image',0),(297,87,'/2/-/2-28_3.jpg','image',0),(298,87,'/1/-/1-27_1.jpg','image',0),(299,87,'/1/-/1-33_1.jpg','image',0),(300,87,'/2/-/2-36_1.jpg','image',0),(301,87,'/3/-/3-4_1.jpg','image',0),(302,87,'/2/-/2-29_1_1.jpg','image',0),(303,87,'/3/-/3-3_1_1_1.jpg','image',0),(304,87,'/1/-/1-30_1_1.jpg','image',0),(305,87,'/2/-/2-33_1_1.jpg','image',0),(306,87,'/1/-/1-25_1_1.jpg','image',0),(307,87,'/2/-/2-28_1_1.jpg','image',0),(308,87,'/1/-/1-29_2.jpg','image',0),(309,87,'/2/-/2-32_2.jpg','image',0),(310,87,'/1/-/1-8_1.jpg','image',0),(311,87,'/2/-/2-6_1.jpg','image',0),(312,87,'/3/-/3-2_1.jpg','image',0),(313,87,'/1/-/1-31_2.jpg','image',0),(314,87,'/2/-/2-34_2.jpg','image',0),(315,87,'/1/-/1-30_1_2.jpg','image',0),(316,87,'/2/-/2-33_1_2.jpg','image',0),(317,87,'/1/-/1-28_2.jpg','image',0),(318,87,'/2/-/2-31_2.jpg','image',0),(319,87,'/2/-/2-29_1_2.jpg','image',0),(320,87,'/3/-/3-3_2.jpg','image',0),(321,87,'/1/-/1-19.jpg','image',0),(322,87,'/2/-/2-22.jpg','image',0),(323,87,'/1/-/1-15.jpg','image',0),(324,87,'/2/-/2-18.jpg','image',0),(325,87,'/1/-/1-16.jpg','image',0),(326,87,'/2/-/2-19.jpg','image',0),(327,87,'/1/-/1-22.jpg','image',0),(328,87,'/2/-/2-25.jpg','image',0),(329,87,'/1/-/1-21.jpg','image',0),(330,87,'/2/-/2-24.jpg','image',0),(331,87,'/1/-/1-20.jpg','image',0),(332,87,'/2/-/2-23.jpg','image',0),(333,87,'/1/-/1-18.jpg','image',0),(334,87,'/2/-/2-21.jpg','image',0),(335,87,'/1/-/1-24.jpg','image',0),(336,87,'/2/-/2-27.jpg','image',0),(337,87,'/1/-/1-23.jpg','image',0),(338,87,'/2/-/2-26.jpg','image',0),(339,87,'/1/-/1-17.jpg','image',0),(340,87,'/2/-/2-20.jpg','image',0),(341,87,'/1/-/1-17_1.jpg','image',0),(342,87,'/2/-/2-20_1_1.jpg','image',0),(343,87,'/1/-/1-20_1.jpg','image',0),(344,87,'/2/-/2-23_1.jpg','image',0),(345,87,'/1/-/1-18_1.jpg','image',0),(346,87,'/2/-/2-21_1.jpg','image',0),(347,87,'/1/-/1-24_1.jpg','image',0),(348,87,'/2/-/2-27_1_1.jpg','image',0),(349,87,'/1/-/1-21_1.jpg','image',0),(350,87,'/2/-/2-24_1.jpg','image',0),(351,87,'/1/-/1-22_1.jpg','image',0),(352,87,'/2/-/2-25_1.jpg','image',0),(353,87,'/2/-/2-26_1.jpg','image',0),(354,87,'/2/-/2-20_1.jpg','image',0),(355,87,'/2/-/2-27_1.jpg','image',0),(356,87,'/1/-/1-16_1.jpg','image',0),(357,87,'/2/-/2-19_1.jpg','image',0),(358,87,'/1/-/1-15_1.jpg','image',0),(359,87,'/2/-/2-18_1.jpg','image',0),(360,87,'/1/-/1-22_1_1.jpg','image',0),(361,87,'/2/-/2-25_1_1.jpg','image',0),(362,87,'/1/-/1-21_1_1.jpg','image',0),(363,87,'/2/-/2-24_1_1.jpg','image',0),(364,87,'/1/-/1-48.jpg','image',0),(365,87,'/2/-/2-51.jpg','image',0),(366,87,'/3/-/3-16.jpg','image',0),(367,87,'/4/-/4-4.jpg','image',0),(368,87,'/1/-/1-49.jpg','image',0),(369,87,'/2/-/2-52.jpg','image',0),(370,87,'/3/-/3-17.jpg','image',0),(371,87,'/4/-/4-5.jpg','image',0),(372,87,'/1/-/1-51.jpg','image',0),(373,87,'/2/-/2-54.jpg','image',0),(374,87,'/3/-/3-19.jpg','image',0),(375,87,'/4/-/4-7.jpg','image',0),(376,87,'/1/-/1-46.jpg','image',0),(377,87,'/2/-/2-49.jpg','image',0),(378,87,'/3/-/3-14.jpg','image',0),(379,87,'/4/-/4-2.jpg','image',0),(380,87,'/1/-/1-47.jpg','image',0),(381,87,'/2/-/2-50.jpg','image',0),(382,87,'/3/-/3-15.jpg','image',0),(383,87,'/4/-/4-3.jpg','image',0),(384,87,'/1/-/1-45.jpg','image',0),(385,87,'/2/-/2-48.jpg','image',0),(386,87,'/3/-/3-13.jpg','image',0),(387,87,'/4/-/4-1.jpg','image',0),(388,87,'/5/-/5-1.jpg','image',0),(389,87,'/1/-/1-52.jpg','image',0),(390,87,'/2/-/2-55.jpg','image',0),(391,87,'/1/-/1-53.jpg','image',0),(392,87,'/2/-/2-56.jpg','image',0),(393,87,'/3/-/3-20.jpg','image',0),(394,87,'/4/-/4-8.jpg','image',0),(395,87,'/1/-/1-12.jpg','image',0),(396,87,'/2/-/2-12.jpg','image',0),(397,87,'/3/-/3-12.jpg','image',0),(398,87,'/4/-/4-7_1.jpg','image',0),(399,87,'/1/-/1-44.jpg','image',0),(400,87,'/2/-/2-47.jpg','image',0),(401,87,'/4/_/4.jpg','image',0),(402,87,'/5/_/5.jpg','image',0),(403,87,'/1/-/1-51_1.jpg','image',0),(404,87,'/2/-/2-54_1.jpg','image',0),(405,87,'/4/-/4-7_1_1.jpg','image',0),(406,87,'/1/-/1-45_1.jpg','image',0),(407,87,'/2/-/2-48_1.jpg','image',0),(408,87,'/3/-/3-13_1.jpg','image',0),(409,87,'/5/-/5-1_1.jpg','image',0),(410,87,'/1/-/1-48_1.jpg','image',0),(411,87,'/2/-/2-51_1.jpg','image',0),(412,87,'/4/-/4-4_1.jpg','image',0),(413,87,'/1/-/1-53_1.jpg','image',0),(414,87,'/2/-/2-56_1.jpg','image',0),(415,87,'/3/-/3-20_1.jpg','image',0),(416,87,'/4/-/4-8_1.jpg','image',0),(417,87,'/1/-/1-12_1.jpg','image',0),(418,87,'/2/-/2-12_1.jpg','image',0),(419,87,'/3/-/3-12_1.jpg','image',0),(420,87,'/4/-/4-7_1_2.jpg','image',0),(421,87,'/2/-/2-54_1_1.jpg','image',0),(422,87,'/1/-/1-51_1_1.jpg','image',0),(423,87,'/3/-/3-19_1.jpg','image',0),(424,87,'/1/-/1-46_1.jpg','image',0),(425,87,'/2/-/2-49_1.jpg','image',0),(426,87,'/3/-/3-14_1.jpg','image',0),(427,87,'/1/-/1-47_1.jpg','image',0),(428,87,'/2/-/2-50_1.jpg','image',0),(429,87,'/3/-/3-15_1.jpg','image',0),(430,87,'/1/-/1-48_2.jpg','image',0),(431,87,'/1/-/1-49_1.jpg','image',0),(432,87,'/1/-/1-51_2.jpg','image',0),(433,87,'/1/-/1-45_2.jpg','image',0),(434,87,'/2/-/2-48_2.jpg','image',0),(435,87,'/3/-/3-13_2.jpg','image',0),(436,87,'/4/-/4-1_1.jpg','image',0),(437,87,'/1/_/1_1.jpg','image',0),(438,87,'/2/_/2.jpg','image',0),(439,87,'/3/_/3_1.jpg','image',0),(440,87,'/4/_/4_1.jpg','image',0),(441,87,'/5/_/5_1.jpg','image',0),(442,87,'/6/_/6.jpg','image',0),(443,87,'/7/_/7_1.jpg','image',0),(444,87,'/8/_/8.jpg','image',0),(445,87,'/9/_/9_1.jpg','image',0),(446,87,'/1/0/10.jpg','image',0),(447,87,'/1/1/11_1.jpg','image',0),(448,87,'/1/2/12_1.jpg','image',0),(449,87,'/1/3/13_1.jpg','image',0),(450,87,'/1/4/14_1.jpg','image',0),(451,87,'/1/5/15_1.jpg','image',0),(452,87,'/1/6/16_1_1.jpg','image',0),(453,87,'/1/7/17_1.jpg','image',0),(454,87,'/1/8/18_1.jpg','image',0),(455,87,'/1/9/19_1.jpg','image',0),(456,87,'/2/0/20_1.jpg','image',0),(457,87,'/2/1/21_1.jpg','image',0),(458,87,'/2/2/22_1.jpg','image',0),(459,87,'/2/3/23_3.jpg','image',0),(460,87,'/2/4/24_1.jpg','image',0),(461,87,'/2/5/25_2.jpg','image',0),(462,87,'/2/6/26_1.jpg','image',0),(463,87,'/2/7/27_1_1.jpg','image',0),(464,87,'/2/8/28_1.jpg','image',0),(465,87,'/2/9/29_1.jpg','image',0),(466,87,'/3/0/30.jpg','image',0),(467,87,'/3/2/32_1.jpg','image',0),(468,87,'/3/3/33_1.jpg','image',0),(469,87,'/3/5/35_1.jpg','image',0),(470,87,'/3/6/36_1.jpg','image',0),(471,87,'/3/7/37_1.jpg','image',0),(472,87,'/3/8/38.jpg','image',0),(473,87,'/4/0/40_1.jpg','image',0),(474,87,'/3/9/39_1.jpg','image',0),(475,87,'/4/3/43_1.jpg','image',0),(476,87,'/4/4/44_1.jpg','image',0),(477,87,'/4/6/46_1.jpg','image',0),(478,87,'/4/7/47_1.jpg','image',0),(479,87,'/4/9/49_1.jpg','image',0),(480,87,'/5/0/50_1.jpg','image',0),(481,87,'/5/1/51_1.jpg','image',0),(482,87,'/5/3/53_1.jpg','image',0),(483,87,'/5/4/54_1.jpg','image',0),(484,87,'/5/5/55_1.jpg','image',0),(485,87,'/5/6/56_1.jpg','image',0),(486,87,'/5/7/57_1.jpg','image',0),(487,87,'/5/8/58_1.jpg','image',0),(488,87,'/5/9/59_1.jpg','image',0),(489,87,'/6/0/60_1.jpg','image',0),(490,87,'/6/1/61_1.jpg','image',0),(491,87,'/6/3/63_1_1.jpg','image',0),(492,87,'/6/4/64_3.jpg','image',0),(493,87,'/6/5/65_1.jpg','image',0),(494,87,'/6/6/66_1.jpg','image',0),(495,87,'/6/7/67_1.jpg','image',0),(496,87,'/6/8/68_1.jpg','image',0),(497,87,'/6/9/69_1.jpg','image',0),(498,87,'/7/0/70_1.jpg','image',0),(499,87,'/7/1/71_1_1.jpg','image',0),(500,87,'/7/2/72_1.jpg','image',0),(501,87,'/7/3/73_1.jpg','image',0),(502,87,'/7/4/74_1.jpg','image',0),(503,87,'/7/5/75_1.jpg','image',0),(504,87,'/7/6/76_1.jpg','image',0),(505,87,'/7/7/77_1.jpg','image',0),(506,87,'/7/8/78_1.jpg','image',0),(507,87,'/7/9/79_1.jpg','image',0),(508,87,'/8/0/80.jpg','image',0),(509,87,'/8/1/81_1.jpg','image',0),(510,87,'/8/3/83_1.jpg','image',0),(511,87,'/8/4/84_1.jpg','image',0),(512,87,'/8/5/85.jpg','image',0),(513,87,'/8/6/86_1.jpg','image',0),(514,87,'/8/7/87.jpg','image',0),(515,87,'/8/8/88_1.jpg','image',0),(516,87,'/8/9/89_1.jpg','image',0),(517,87,'/9/0/90_1.jpg','image',0),(518,87,'/9/1/91_1_1.jpg','image',0),(519,87,'/9/2/92_1_1.jpg','image',0),(520,87,'/9/3/93_2.jpg','image',0),(521,87,'/9/4/94_2.jpg','image',0),(522,87,'/9/5/95.jpg','image',0),(523,87,'/9/6/96_1.jpg','image',0),(524,87,'/9/8/98_1.jpg','image',0),(525,87,'/9/9/99_1.jpg','image',0),(526,87,'/1/0/100_1.jpg','image',0),(527,87,'/1/0/101_1.jpg','image',0),(528,87,'/1/0/102_1.jpg','image',0),(529,87,'/1/0/103_1.jpg','image',0),(530,87,'/1/0/104_1.jpg','image',0),(531,87,'/1/0/105_1.jpg','image',0),(532,87,'/1/0/106_1.jpg','image',0),(533,87,'/1/0/107_1.jpg','image',0),(534,87,'/1/0/108_1.jpg','image',0),(535,87,'/1/0/109_1.jpg','image',0),(536,87,'/1/1/110_1.jpg','image',0),(537,87,'/1/3/131_1.jpg','image',0),(538,87,'/1/3/132_1.jpg','image',0),(539,87,'/1/3/133_1.jpg','image',0),(540,87,'/1/3/134_1.jpg','image',0),(541,87,'/1/3/135_1.jpg','image',0),(542,87,'/1/3/136_1.jpg','image',0),(543,87,'/1/3/137_1.jpg','image',0),(544,87,'/1/3/138_1.jpg','image',0),(545,87,'/1/3/139_1.jpg','image',0),(546,87,'/1/4/140_1.jpg','image',0),(547,87,'/1/4/141_1.jpg','image',0),(548,87,'/1/4/142_1.jpg','image',0),(549,87,'/1/4/143_1.jpg','image',0),(550,87,'/1/4/144_1.jpg','image',0),(551,87,'/1/4/145_1.jpg','image',0),(552,87,'/1/4/146_1.jpg','image',0),(553,87,'/1/4/147_1.jpg','image',0),(554,87,'/1/4/148_1.jpg','image',0),(555,87,'/1/4/149_1.jpg','image',0),(556,87,'/1/1/111_1.jpg','image',0),(557,87,'/1/1/112_1.jpg','image',0),(558,87,'/1/1/113_1.jpg','image',0),(559,87,'/1/1/114_1.jpg','image',0),(560,87,'/1/1/115_1.jpg','image',0),(561,87,'/1/1/116_1.jpg','image',0),(562,87,'/1/1/117_1.jpg','image',0),(563,87,'/1/1/118_1.jpg','image',0),(564,87,'/1/1/119_1.jpg','image',0),(565,87,'/1/2/121_1.jpg','image',0),(566,87,'/1/2/122_1.jpg','image',0),(567,87,'/1/2/123_1.jpg','image',0),(568,87,'/1/2/124_1.jpg','image',0),(569,87,'/1/2/125_1.jpg','image',0),(570,87,'/1/2/126_1.jpg','image',0),(571,87,'/1/2/127_1.jpg','image',0),(572,87,'/1/2/128_1.jpg','image',0),(573,87,'/1/2/129_1.jpg','image',0),(574,87,'/1/3/130_1.jpg','image',0),(575,87,'/1/5/150_1.jpg','image',0),(576,87,'/1/5/151_1.jpg','image',0),(577,87,'/1/5/152_1.jpg','image',0),(578,87,'/1/5/153.jpg','image',0),(579,87,'/1/5/154_1.jpg','image',0),(580,87,'/1/5/155_2.jpg','image',0),(581,87,'/1/5/156_1.jpg','image',0),(582,87,'/1/5/157_1.jpg','image',0),(583,87,'/1/5/158_1.jpg','image',0),(584,87,'/3/1/31_1.jpg','image',0),(585,87,'/3/4/34_1_1.jpg','image',0),(586,87,'/4/1/41_1.jpg','image',0);

--
-- Table structure for table `catalog_product_entity_media_gallery_value`
--

CREATE TABLE `catalog_product_entity_media_gallery_value` (
  `value_id` int(10) unsigned NOT NULL DEFAULT '0' COMMENT 'Value ID',
  `store_id` smallint(5) unsigned NOT NULL DEFAULT '0' COMMENT 'Store ID',
  `entity_id` int(10) unsigned NOT NULL DEFAULT '0' COMMENT 'Entity ID',
  `label` varchar(255) DEFAULT NULL COMMENT 'Label',
  `position` int(10) unsigned DEFAULT NULL COMMENT 'Position',
  `disabled` smallint(5) unsigned NOT NULL DEFAULT '0' COMMENT 'Is Disabled',
  `record_id` int(10) unsigned NOT NULL AUTO_INCREMENT COMMENT 'Record ID',
  PRIMARY KEY (`record_id`),
  KEY `CATALOG_PRODUCT_ENTITY_MEDIA_GALLERY_VALUE_STORE_ID` (`store_id`),
  KEY `CATALOG_PRODUCT_ENTITY_MEDIA_GALLERY_VALUE_ENTITY_ID` (`entity_id`),
  KEY `CATALOG_PRODUCT_ENTITY_MEDIA_GALLERY_VALUE_VALUE_ID` (`value_id`),
  KEY `CAT_PRD_ENTT_MDA_GLR_VAL_ENTT_ID_VAL_ID_STORE_ID` (`entity_id`,`value_id`,`store_id`)
) ENGINE=InnoDB AUTO_INCREMENT=1040 DEFAULT CHARSET=utf8 COMMENT='Catalog Product Media Gallery Attribute Value Table';

--
-- Dumping data for table `catalog_product_entity_media_gallery_value`
--

INSERT INTO `catalog_product_entity_media_gallery_value` VALUES (438,0,148,'2.JPG',1,0,889),(439,0,149,'3_1.JPG',1,0,890),(440,0,150,'4_1.JPG',1,0,891),(442,0,152,'6.JPG',1,0,893),(443,0,153,'7_1.JPG',1,0,894),(444,0,154,'8.JPG',1,0,895),(445,0,155,'9_1.JPG',1,0,896),(446,0,156,'10.JPG',1,0,897),(447,0,157,'11_1.JPG',1,0,898),(448,0,158,'12_1.JPG',1,0,899),(449,0,159,'13_1.JPG',1,0,900),(450,0,160,'14_1.JPG',1,0,901),(451,0,161,'15_1.JPG',1,0,902),(452,0,162,'16_1.JPG',1,0,903),(453,0,163,'17_1.JPG',1,0,904),(454,0,164,'18_1.JPG',1,0,905),(455,0,165,'19_1.JPG',1,0,906),(456,0,166,'20_1.JPG',1,0,907),(457,0,167,'21_1.JPG',1,0,908),(458,0,168,'22_1.JPG',1,0,909),(459,0,169,'23_3.JPG',1,0,910),(460,0,170,'24_1.JPG',1,0,911),(461,0,171,'25_2.JPG',1,0,912),(462,0,172,'26_1.JPG',1,0,913),(463,0,173,'27_1.JPG',1,0,914),(464,0,174,'28_1.JPG',1,0,915),(465,0,175,'29_1.JPG',1,0,916),(466,0,176,'30.JPG',1,0,917),(467,0,177,'32_1.JPG',1,0,918),(468,0,178,'33_1.JPG',1,0,919),(469,0,179,'35_1.JPG',1,0,920),(470,0,180,'36_1.JPG',1,0,921),(471,0,181,'37_1.JPG',1,0,922),(472,0,182,'38.JPG',1,0,923),(473,0,183,'40_1.JPG',1,0,924),(474,0,184,'39_1.JPG',1,0,925),(475,0,185,'43_1.JPG',1,0,926),(476,0,186,'44_1.JPG',1,0,927),(477,0,187,'46_1.JPG',1,0,928),(478,0,188,'47_1.JPG',1,0,929),(479,0,189,'49_1.JPG',1,0,930),(480,0,190,'50_1.JPG',1,0,931),(481,0,191,'51_1.JPG',1,0,932),(482,0,192,'53_1.JPG',1,0,933),(483,0,193,'54_1.JPG',1,0,934),(484,0,194,'55_1.JPG',1,0,935),(485,0,195,'56_1.JPG',1,0,936),(486,0,196,'57_1.JPG',1,0,937),(487,0,197,'58_1.JPG',1,0,938),(488,0,198,'59_1.JPG',1,0,939),(489,0,199,'60_1.JPG',1,0,940),(490,0,200,'61_1.JPG',1,0,941),(491,0,201,'63_1.JPG',1,0,942),(492,0,202,'64.JPG',1,0,943),(493,0,203,'65_1.JPG',1,0,944),(494,0,204,'66_1.JPG',1,0,945),(495,0,205,'67_1.JPG',1,0,946),(496,0,206,'68_1.JPG',1,0,947),(497,0,207,'69_1.JPG',1,0,948),(498,0,208,'70_1.JPG',1,0,949),(499,0,209,'71_1.JPG',1,0,950),(500,0,210,'72_1.JPG',1,0,951),(501,0,211,'73_1.JPG',1,0,952),(502,0,212,'74_1.JPG',1,0,953),(503,0,213,'75_1.JPG',1,0,954),(504,0,214,'76_1.JPG',1,0,955),(505,0,215,'77_1.JPG',1,0,956),(506,0,216,'78_1.JPG',1,0,957),(507,0,217,'79_1.JPG',1,0,958),(508,0,218,'80.JPG',1,0,959),(509,0,219,'81_1.JPG',1,0,960),(510,0,220,'83_1.JPG',1,0,961),(511,0,221,'84_1.JPG',1,0,962),(512,0,222,'85.JPG',1,0,963),(513,0,223,'86_1.JPG',1,0,964),(514,0,224,'87.JPG',1,0,965),(515,0,225,'88_1.JPG',1,0,966),(516,0,226,'89_1.JPG',1,0,967),(517,0,227,'90_1.JPG',1,0,968),(518,0,228,'91_1.JPG',1,0,969),(519,0,229,'92_1.JPG',1,0,970),(520,0,230,'93.JPG',1,0,971),(521,0,231,'94.JPG',1,0,972),(522,0,232,'95.JPG',1,0,973),(523,0,233,'96_1.JPG',1,0,974),(524,0,235,'98_1.JPG',1,0,975),(525,0,236,'99_1.JPG',1,0,976),(526,0,237,'100_1.JPG',1,0,977),(527,0,238,'101_1.JPG',1,0,978),(528,0,239,'102_1.JPG',1,0,979),(529,0,240,'103_1.JPG',1,0,980),(530,0,241,'104_1.JPG',1,0,981),(531,0,242,'105_1.JPG',1,0,982),(532,0,243,'106_1.JPG',1,0,983),(533,0,244,'107_1.JPG',1,0,984),(534,0,245,'108_1.JPG',1,0,985),(535,0,246,'109_1.JPG',1,0,986),(536,0,247,'110_1.JPG',1,0,987),(537,0,248,'131_1.JPG',1,0,988),(538,0,249,'132_1.JPG',1,0,989),(539,0,250,'133_1.JPG',1,0,990),(540,0,251,'134_1.JPG',1,0,991),(541,0,252,'135_1.JPG',1,0,992),(542,0,253,'136_1.JPG',1,0,993),(543,0,254,'137_1.JPG',1,0,994),(544,0,255,'138_1.JPG',1,0,995),(545,0,256,'139_1.JPG',1,0,996),(546,0,257,'140_1.JPG',1,0,997),(547,0,258,'141_1.JPG',1,0,998),(548,0,259,'142_1.JPG',1,0,999),(549,0,260,'143_1.JPG',1,0,1000),(550,0,261,'144_1.JPG',1,0,1001),(551,0,262,'145_1.JPG',1,0,1002),(552,0,263,'146_1.JPG',1,0,1003),(553,0,264,'147_1.JPG',1,0,1004),(554,0,265,'148_1.JPG',1,0,1005),(555,0,266,'149_1.JPG',1,0,1006),(556,0,267,'111_1.JPG',1,0,1007),(557,0,268,'112_1.JPG',1,0,1008),(558,0,269,'113_1.JPG',1,0,1009),(559,0,270,'114_1.JPG',1,0,1010),(560,0,271,'115_1.JPG',1,0,1011),(561,0,272,'116_1.JPG',1,0,1012),(562,0,273,'117_1.JPG',1,0,1013),(563,0,274,'118_1.JPG',1,0,1014),(564,0,275,'119_1.JPG',1,0,1015),(565,0,276,'121_1.JPG',1,0,1016),(566,0,277,'122_1.JPG',1,0,1017),(567,0,278,'123_1.JPG',1,0,1018),(568,0,279,'124_1.JPG',1,0,1019),(569,0,280,'125_1.JPG',1,0,1020),(570,0,281,'126_1.JPG',1,0,1021),(571,0,282,'127_1.JPG',1,0,1022),(572,0,283,'128_1.JPG',1,0,1023),(573,0,284,'129_1.JPG',1,0,1024),(574,0,285,'130_1.JPG',1,0,1025),(575,0,286,'150_1.JPG',1,0,1026),(576,0,287,'151_1.JPG',1,0,1027),(577,0,288,'152_1.JPG',1,0,1028),(578,0,289,'153.JPG',1,0,1029),(579,0,290,'154_1.JPG',1,0,1030),(580,0,291,'155_2.JPG',1,0,1031),(581,0,292,'156_1.JPG',1,0,1032),(582,0,293,'157_1.JPG',1,0,1033),(583,0,294,'158_1.JPG',1,0,1034),(584,0,296,'31_1.JPG',1,0,1035),(585,0,297,'34_1.JPG',1,0,1036),(586,0,298,'41_1.JPG',1,0,1037),(437,0,147,'1_1.JPG',1,0,1038),(441,0,151,'5.JPG',1,0,1039);

--
-- Table structure for table `catalog_product_entity_media_gallery_value_to_entity`
--

CREATE TABLE `catalog_product_entity_media_gallery_value_to_entity` (
  `value_id` int(10) unsigned NOT NULL COMMENT 'Value media Entry ID',
  `entity_id` int(10) unsigned NOT NULL COMMENT 'Product Entity ID',
  PRIMARY KEY (`value_id`,`entity_id`),
  UNIQUE KEY `CAT_PRD_ENTT_MDA_GLR_VAL_TO_ENTT_VAL_ID_ENTT_ID` (`value_id`,`entity_id`),
  KEY `CAT_PRD_ENTT_MDA_GLR_VAL_TO_ENTT_ENTT_ID_CAT_PRD_ENTT_ENTT_ID` (`entity_id`)
) ENGINE=InnoDB DEFAULT CHARSET=utf8 COMMENT='Link Media value to Product entity table';

--
-- Dumping data for table `catalog_product_entity_media_gallery_value_to_entity`
--

INSERT INTO `catalog_product_entity_media_gallery_value_to_entity` VALUES (437,147),(438,148),(439,149),(440,150),(441,151),(442,152),(443,153),(444,154),(445,155),(446,156),(447,157),(448,158),(449,159),(450,160),(451,161),(452,162),(453,163),(454,164),(455,165),(456,166),(457,167),(458,168),(459,169),(460,170),(461,171),(462,172),(463,173),(464,174),(465,175),(466,176),(467,177),(468,178),(469,179),(470,180),(471,181),(472,182),(473,183),(474,184),(475,185),(476,186),(477,187),(478,188),(479,189),(480,190),(481,191),(482,192),(483,193),(484,194),(485,195),(486,196),(487,197),(488,198),(489,199),(490,200),(491,201),(492,202),(493,203),(494,204),(495,205),(496,206),(497,207),(498,208),(499,209),(500,210),(501,211),(502,212),(503,213),(504,214),(505,215),(506,216),(507,217),(508,218),(509,219),(510,220),(511,221),(512,222),(513,223),(514,224),(515,225),(516,226),(517,227),(518,228),(519,229),(520,230),(521,231),(522,232),(523,233),(524,235),(525,236),(526,237),(527,238),(528,239),(529,240),(530,241),(531,242),(532,243),(533,244),(534,245),(535,246),(536,247),(537,248),(538,249),(539,250),(540,251),(541,252),(542,253),(543,254),(544,255),(545,256),(546,257),(547,258),(548,259),(549,260),(550,261),(551,262),(552,263),(553,264),(554,265),(555,266),(556,267),(557,268),(558,269),(559,270),(560,271),(561,272),(562,273),(563,274),(564,275),(565,276),(566,277),(567,278),(568,279),(569,280),(570,281),(571,282),(572,283),(573,284),(574,285),(575,286),(576,287),(577,288),(578,289),(579,290),(580,291),(581,292),(582,293),(583,294),(584,296),(585,297),(586,298);

--
-- Table structure for table `catalog_product_entity_media_gallery_value_video`
--

CREATE TABLE `catalog_product_entity_media_gallery_value_video` (
  `value_id` int(10) unsigned NOT NULL COMMENT 'Media Entity ID',
  `store_id` smallint(5) unsigned NOT NULL DEFAULT '0' COMMENT 'Store ID',
  `provider` varchar(32) DEFAULT NULL COMMENT 'Video provider ID',
  `url` text COMMENT 'Video URL',
  `title` varchar(255) DEFAULT NULL COMMENT 'Title',
  `description` text COMMENT 'Page Meta Description',
  `metadata` text COMMENT 'Video meta data',
  PRIMARY KEY (`value_id`,`store_id`),
  UNIQUE KEY `CAT_PRD_ENTT_MDA_GLR_VAL_VIDEO_VAL_ID_STORE_ID` (`value_id`,`store_id`),
  KEY `CAT_PRD_ENTT_MDA_GLR_VAL_VIDEO_STORE_ID_STORE_STORE_ID` (`store_id`)
) ENGINE=InnoDB DEFAULT CHARSET=utf8 COMMENT='Catalog Product Video Table';

--
-- Dumping data for table `catalog_product_entity_media_gallery_value_video`
--

INSERT INTO `catalog_product_entity_media_gallery_value_video` VALUES (205,0,'','https://vimeo.com/18433850','','','');

--
-- Table structure for table `catalog_product_entity_text`
--

CREATE TABLE `catalog_product_entity_text` (
  `value_id` int(11) NOT NULL AUTO_INCREMENT COMMENT 'Value ID',
  `attribute_id` smallint(5) unsigned NOT NULL DEFAULT '0' COMMENT 'Attribute ID',
  `store_id` smallint(5) unsigned NOT NULL DEFAULT '0' COMMENT 'Store ID',
  `entity_id` int(10) unsigned NOT NULL DEFAULT '0' COMMENT 'Entity ID',
  `value` text COMMENT 'Value',
  PRIMARY KEY (`value_id`),
  UNIQUE KEY `CATALOG_PRODUCT_ENTITY_TEXT_ENTITY_ID_ATTRIBUTE_ID_STORE_ID` (`entity_id`,`attribute_id`,`store_id`),
  KEY `CATALOG_PRODUCT_ENTITY_TEXT_ATTRIBUTE_ID` (`attribute_id`),
  KEY `CATALOG_PRODUCT_ENTITY_TEXT_STORE_ID` (`store_id`)
) ENGINE=InnoDB AUTO_INCREMENT=1686 DEFAULT CHARSET=utf8 COMMENT='Catalog Product Text Attribute Backend Table';

--
-- Dumping data for table `catalog_product_entity_text`
--

INSERT INTO `catalog_product_entity_text` VALUES (759,72,0,147,'Dior headband leathered inside'),(760,136,0,147,'22'),(761,137,0,147,'33'),(762,138,0,147,'39'),(763,82,0,147,'Dior headband'),(764,73,0,147,'Dior headband leathered inside'),(765,72,0,148,'Gucci headband'),(766,136,0,148,'22'),(767,137,0,148,'33'),(768,138,0,148,'39'),(769,82,0,148,'Gucci headband'),(770,73,0,148,'Gucci headband'),(771,72,0,149,'Channel leathered headband'),(772,136,0,149,'22'),(773,137,0,149,'33'),(774,138,0,149,'39'),(775,82,0,149,'Channel headband'),(776,73,0,149,'Channel leathered headband'),(777,72,0,150,'Prada headband with logo above'),(778,136,0,150,'22'),(779,137,0,150,'33'),(780,138,0,150,'39'),(781,82,0,150,'Prada headband'),(782,73,0,150,'Prada headband with logo above'),(783,72,0,151,'Fendi headband'),(784,136,0,151,'22'),(785,137,0,151,'33'),(786,138,0,151,'39'),(787,82,0,151,'Fendi headband'),(788,73,0,151,'Fendi headband'),(789,72,0,152,'Dior headband'),(790,136,0,152,'22'),(791,137,0,152,'33'),(792,138,0,152,'39'),(793,82,0,152,'Dior headband'),(794,73,0,152,'Dior headband'),(795,72,0,153,'Balenciaga headband with strass'),(796,136,0,153,'22'),(797,137,0,153,'33'),(798,138,0,153,'39'),(799,82,0,153,'Balenciaga headband'),(800,73,0,153,'Balenciaga headband with strass'),(801,72,0,154,'Balenciaga canvas for beach and summer'),(802,136,0,154,'22'),(803,137,0,154,'33'),(804,138,0,154,'39'),(805,82,0,154,'Balenciaga Canvas'),(806,73,0,154,'Balenciaga canvas for beach and summer'),(807,72,0,155,'Dior Canvas for summer'),(808,136,0,155,'22'),(809,137,0,155,'33'),(810,138,0,155,'39'),(811,82,0,155,'Dior Canvas'),(812,73,0,155,'Dior Canvas for summer'),(813,72,0,156,'Gucci Canvas with red line logo'),(814,136,0,156,'22'),(815,137,0,156,'33'),(816,138,0,156,'39'),(817,82,0,156,'Gucci Canvas'),(818,73,0,156,'Gucci Canvas with red line logo'),(819,72,0,157,'Gucci canvas with brown line for summer'),(820,136,0,157,'22'),(821,137,0,157,'33'),(822,138,0,157,'39'),(823,82,0,157,'Gucci Canvas'),(824,73,0,157,'Gucci canvas with brown line for summer'),(825,72,0,158,'Prada canvas with logo for beach'),(826,136,0,158,'22'),(827,137,0,158,'33'),(828,138,0,158,'39'),(829,82,0,158,'Prada Canvas'),(830,73,0,158,'Prada canvas with logo for beach'),(831,72,0,159,'Dior leather belt with CD logo\nsize : 110 cm'),(832,136,0,159,'22'),(833,137,0,159,'33'),(834,138,0,159,'39'),(835,82,0,159,'Dior belt'),(836,73,0,159,'Dior leather belt with CD logo\nsize : 110 cm'),(837,72,0,160,'YSL leather belt with logo\nSize : 110 cm'),(838,136,0,160,'22'),(839,137,0,160,'33'),(840,138,0,160,'39'),(841,82,0,160,'Saint Laurnet belt'),(842,73,0,160,'YSL leather belt with logo\nSize : 110 cm'),(843,72,0,161,'Gucci belt beige printed GG\nSize : 110 cm'),(844,136,0,161,'22'),(845,137,0,161,'33'),(846,138,0,161,'39'),(847,82,0,161,'Gucci belt'),(848,73,0,161,'Gucci belt beige printed GG\nSize : 110 cm'),(849,72,0,162,'Chanel wide belt with colored stone logo\nsize : 110 cm'),(850,136,0,162,'22'),(851,137,0,162,'33'),(852,138,0,162,'39'),(853,82,0,162,'Channel wide belt'),(854,73,0,162,'Chanel wide belt with colored stone logo\nsize : 110 cm'),(855,72,0,163,'Gucci wide belt with colored stone logo\nSize : 110 cm'),(856,136,0,163,'22'),(857,137,0,163,'33'),(858,138,0,163,'39'),(859,82,0,163,'Channel wide belt'),(860,73,0,163,'Gucci wide belt with colored stone logo\nSize : 110 cm'),(861,72,0,164,'Chanel wide belt black logo\nSize : 110 cm'),(862,136,0,164,'22'),(863,137,0,164,'33'),(864,138,0,164,'39'),(865,82,0,164,'Channel wide belt'),(866,73,0,164,'Chanel wide belt black logo\nSize : 110 cm'),(867,72,0,165,'Chanel wide belt bronze gold logo\nSize : 110 cm'),(868,136,0,165,'22'),(869,137,0,165,'33'),(870,138,0,165,'39'),(871,82,0,165,'Channet belt'),(872,73,0,165,'Chanel wide belt bronze gold logo\nSize : 110 cm'),(873,72,0,166,'Gucci wide belt leather GG logo\nSize : 110 cm'),(874,136,0,166,'22'),(875,137,0,166,'33'),(876,138,0,166,'39'),(877,82,0,166,'Gucci wide belt'),(878,73,0,166,'Gucci wide belt leather GG logo\nSize : 110 cm'),(879,72,0,167,'Chanel belt with pearl logo\nSize : 110 cm'),(880,136,0,167,'22'),(881,137,0,167,'33'),(882,138,0,167,'39'),(883,82,0,167,'Channel belt'),(884,73,0,167,'Chanel belt with pearl logo\nSize : 110 cm'),(885,72,0,168,'Chanel belt with elegant logo\nSize : 110 cm'),(886,136,0,168,'22'),(887,137,0,168,'33'),(888,138,0,168,'39'),(889,82,0,168,'Channel belt'),(890,73,0,168,'Chanel belt with elegant logo\nSize : 110 cm'),(891,72,0,169,'Valentino Wide belt suitable for dresses, blouses with skirt\nsize : 105 cm'),(892,136,0,169,'22'),(893,137,0,169,'33'),(894,138,0,169,'39'),(895,82,0,169,'Valentino wide belt'),(896,73,0,169,'Valentino Wide belt suitable for dresses, blouses with skirt\nsize : 105 cm'),(897,72,0,170,'Valentino belt elegant logo\nSize : 110 cm'),(898,136,0,170,'22'),(899,137,0,170,'33'),(900,138,0,170,'39'),(901,82,0,170,'Valentino belt'),(902,73,0,170,'Valentino belt elegant logo\nSize : 110 cm'),(903,72,0,171,'Gucci belts with crystal logo\nSize : 110 cm'),(904,136,0,171,'22'),(905,137,0,171,'33'),(906,138,0,171,'39'),(907,82,0,171,'Gucci belt'),(908,73,0,171,'Gucci belts with crystal logo\nSize : 110 cm'),(909,72,0,172,'Gucci leather belt GG'),(910,136,0,172,'22'),(911,137,0,172,'33'),(912,138,0,172,'39'),(913,82,0,172,'Gucci belt'),(914,73,0,172,'Gucci leather belt GG'),(915,72,0,173,'Balenciaga stretchable belt'),(916,136,0,173,'22'),(917,137,0,173,'33'),(918,138,0,173,'39'),(919,82,0,173,'Balenciaga wide belt'),(920,73,0,173,'Balenciaga stretchable belt'),(921,72,0,174,'Gucci Pouch bag trendy\nSize : 20*30 cm'),(922,136,0,174,'22'),(923,137,0,174,'33'),(924,138,0,174,'39'),(925,82,0,174,'Gucci Pouch bag'),(926,73,0,174,'Gucci Pouch bag trendy\nSize : 20*30 cm'),(927,72,0,175,'YSL pouch bag high quality leather with golden logo'),(928,136,0,175,'22'),(929,137,0,175,'33'),(930,138,0,175,'39'),(931,82,0,175,'YSL Pouch bag'),(932,73,0,175,'YSL pouch bag high quality leather with golden logo'),(933,72,0,176,'Burberry Pouch bag printed'),(934,136,0,176,'22'),(935,137,0,176,'33'),(936,138,0,176,'39'),(937,82,0,176,'Burberry Pouch bag'),(938,73,0,176,'Burberry Pouch bag printed'),(939,72,0,177,'Goyard mini bag for accessories'),(940,136,0,177,'22'),(941,137,0,177,'33'),(942,138,0,177,'39'),(943,82,0,177,'Goyard accessories bag'),(944,73,0,177,'Goyard mini bag for accessories'),(945,72,0,178,'Gucci Dynaisus pouch bag high quality leather can be used as a bag also it has a long golden chain'),(946,136,0,178,'22'),(947,137,0,178,'33'),(948,138,0,178,'39'),(949,82,0,178,'Gucci Pouch bag'),(950,73,0,178,'Gucci Dynaisus pouch bag high quality leather can be used as a bag also it has a long golden chain'),(951,72,0,179,'Dior long wallet printed Dior'),(952,136,0,179,'22'),(953,137,0,179,'33'),(954,138,0,179,'39'),(955,82,0,179,'Dior wallet'),(956,73,0,179,'Dior long wallet printed Dior'),(957,72,0,180,'Gucci bee wallet printed multi colors with box'),(958,136,0,180,'22'),(959,137,0,180,'33'),(960,138,0,180,'39'),(961,82,0,180,'Gucci wallet'),(962,73,0,180,'Gucci bee wallet printed multi colors with box'),(963,72,0,181,'Christian Dior long wallet flowered print'),(964,136,0,181,'22'),(965,137,0,181,'33'),(966,138,0,181,'39'),(967,82,0,181,'Dior wallet'),(968,73,0,181,'Christian Dior long wallet flowered print'),(969,72,0,182,'Channel long leather wallet'),(970,136,0,182,'22'),(971,137,0,182,'33'),(972,138,0,182,'39'),(973,82,0,182,'Channel wallet'),(974,73,0,182,'Channel long leather wallet'),(975,72,0,183,'Christian Dior slipper high quality printed'),(976,136,0,183,'22'),(977,137,0,183,'33'),(978,138,0,183,'39'),(979,82,0,183,'Christian Doir slipper'),(980,73,0,183,'Christian Dior slipper high quality printed'),(981,72,0,184,'Chlo  slipper high quality cross braided'),(982,136,0,184,'22'),(983,137,0,184,'33'),(984,138,0,184,'39'),(985,82,0,184,'Chloe slipper'),(986,73,0,184,'Chlo  slipper high quality cross braided'),(987,72,0,185,'Dior phone holder bag D letter buttoned'),(988,136,0,185,'22'),(989,137,0,185,'33'),(990,138,0,185,'39'),(991,82,0,185,'Dior phone holder'),(992,73,0,185,'Dior phone holder bag D letter buttoned'),(993,72,0,186,'Chanel handbag knitted visible with cute bundle'),(994,136,0,186,'22'),(995,137,0,186,'33'),(996,138,0,186,'39'),(997,82,0,186,'Channel Knitted bag'),(998,73,0,186,'Chanel handbag knitted visible with cute bundle'),(999,72,0,187,'Gucci cross bag Dionysus snake print'),(1000,136,0,187,'22'),(1001,137,0,187,'33'),(1002,138,0,187,'39'),(1003,82,0,187,'Gucci cross bag'),(1004,73,0,187,'Gucci cross bag Dionysus snake print'),(1005,72,0,188,'Gucci cross bag GG print leather sided with zipper'),(1006,136,0,188,'22'),(1007,137,0,188,'33'),(1008,138,0,188,'39'),(1009,82,0,188,'Gucci cross bag'),(1010,73,0,188,'Gucci cross bag GG print leather sided with zipper'),(1011,72,0,189,'YSL cross bag envelop caviar with long golden chain (with box)'),(1012,136,0,189,'22'),(1013,137,0,189,'33'),(1014,138,0,189,'39'),(1015,82,0,189,'YSL cross bag'),(1016,73,0,189,'YSL cross bag envelop caviar with long golden chain (with box)'),(1017,72,0,190,'Christian Dior saddle bag leather'),(1018,136,0,190,'22'),(1019,137,0,190,'33'),(1020,138,0,190,'39'),(1021,82,0,190,'Dior saddle bag'),(1022,73,0,190,'Christian Dior saddle bag leather'),(1023,72,0,191,'Christian Dior saddle bag letters embossed caramel color'),(1024,136,0,191,'22'),(1025,137,0,191,'33'),(1026,138,0,191,'39'),(1027,82,0,191,'Dior saddle bag'),(1028,73,0,191,'Christian Dior saddle bag letters embossed caramel color'),(1029,72,0,192,'Fendi new bag trendy metal buckle clip bag'),(1030,136,0,192,'22'),(1031,137,0,192,'33'),(1032,138,0,192,'39'),(1033,82,0,192,'Fendi Bag'),(1034,73,0,192,'Fendi new bag trendy metal buckle clip bag'),(1035,72,0,193,'Fendi handbag wooden buckle FF printed'),(1036,136,0,193,'22'),(1037,137,0,193,'33'),(1038,138,0,193,'39'),(1039,82,0,193,'Fendi Bag'),(1040,73,0,193,'Fendi handbag wooden buckle FF printed'),(1041,72,0,194,'YSL phone holder buttoned close for keys, phone, coins, etc...'),(1042,136,0,194,'22'),(1043,137,0,194,'33'),(1044,138,0,194,'39'),(1045,82,0,194,'YSL phone holder'),(1046,73,0,194,'YSL phone holder buttoned close for keys, phone, coins, etc...'),(1047,72,0,195,'Channel cross bag high quality leather'),(1048,136,0,195,'22'),(1049,137,0,195,'33'),(1050,138,0,195,'39'),(1051,82,0,195,'Channel cross bag'),(1052,73,0,195,'Channel cross bag high quality leather'),(1053,72,0,196,'Dior tote bag leather heart'),(1054,136,0,196,'22'),(1055,137,0,196,'33'),(1056,138,0,196,'39'),(1057,82,0,196,'Dior saddle bag'),(1058,73,0,196,'Dior tote bag leather heart'),(1059,72,0,197,'Gucci shopping bag GG print leathered interior brown'),(1060,136,0,197,'22'),(1061,137,0,197,'33'),(1062,138,0,197,'39'),(1063,82,0,197,'Gucci shopping bag'),(1064,73,0,197,'Gucci shopping bag GG print leathered interior brown'),(1065,72,0,198,'Fendi graphy mini hand bag FF printed golden zipper'),(1066,136,0,198,'22'),(1067,137,0,198,'33'),(1068,138,0,198,'39'),(1069,82,0,198,'Fendi Bag'),(1070,73,0,198,'Fendi graphy mini hand bag FF printed golden zipper'),(1071,72,0,199,'Dior hand bag large capacity 32*41 cm'),(1072,136,0,199,'22'),(1073,137,0,199,'33'),(1074,138,0,199,'39'),(1075,82,0,199,'Dior bag'),(1076,73,0,199,'Dior hand bag large capacity 32*41 cm'),(1077,72,0,200,'Chanel caviar quilted cross bag red interior'),(1078,136,0,200,'22'),(1079,137,0,200,'33'),(1080,138,0,200,'39'),(1081,82,0,200,'Channel Caviar bag'),(1082,73,0,200,'Chanel caviar quilted cross bag red interior'),(1083,72,0,201,'YSL cross bag long chain (with box) colors : black & white.'),(1084,136,0,201,'22'),(1085,137,0,201,'33'),(1086,138,0,201,'39'),(1087,82,0,201,'YSL cross bag'),(1088,73,0,201,'YSL cross bag long chain (with box) colors : black & white.'),(1089,72,0,202,'Dior belt CD logo printed'),(1090,136,0,202,'22'),(1091,137,0,202,'33'),(1092,138,0,202,'39'),(1093,82,0,202,'Dior belt'),(1094,73,0,202,'Dior belt CD logo printed'),(1095,72,0,203,'Dior tote bag large volume with CD scarf / size : 28*36 cm'),(1096,136,0,203,'22'),(1097,137,0,203,'33'),(1098,138,0,203,'39'),(1099,82,0,203,'Dior tote bag'),(1100,73,0,203,'Dior tote bag large volume with CD scarf / size : 28*36 cm'),(1101,72,0,204,'Louis Vuitton cross bag long golden chain with large logo in-front'),(1102,136,0,204,'22'),(1103,137,0,204,'33'),(1104,138,0,204,'39'),(1105,82,0,204,'LV bag'),(1106,73,0,204,'Louis Vuitton cross bag long golden chain with large logo in-front'),(1107,72,0,205,'Goyard mini tote bag with very small bag multi color'),(1108,136,0,205,'22'),(1109,137,0,205,'33'),(1110,138,0,205,'39'),(1111,82,0,205,'Goyard mini bag'),(1112,73,0,205,'Goyard mini tote bag with very small bag multi color'),(1113,72,0,206,'Goyard shopping tote bag large capacity with small bag multi colors 35*15*42 cm'),(1114,136,0,206,'22'),(1115,137,0,206,'33'),(1116,138,0,206,'39'),(1117,82,0,206,'Goyard shopping bag'),(1118,73,0,206,'Goyard shopping tote bag large capacity with small bag multi colors 35*15*42 cm'),(1119,72,0,207,'Prada mini shoulder bag with long silver chain'),(1120,136,0,207,'22'),(1121,137,0,207,'33'),(1122,138,0,207,'39'),(1123,82,0,207,'Prada mini bag'),(1124,73,0,207,'Prada mini shoulder bag with long silver chain'),(1125,72,0,208,'Prada baguette bag solid color under arm style'),(1126,136,0,208,'22'),(1127,137,0,208,'33'),(1128,138,0,208,'39'),(1129,82,0,208,'Prada baguette bag'),(1130,73,0,208,'Prada baguette bag solid color under arm style'),(1134,72,0,209,'Dior leather tote bag with small bag for makeup or other pretty things'),(1135,136,0,209,'22'),(1136,137,0,209,'33'),(1137,138,0,209,'39'),(1138,82,0,209,'Dior tote bag'),(1139,73,0,209,'Dior leather tote bag with small bag for makeup or other pretty things'),(1140,72,0,210,'Dior saddle bag printed with black strap cross body'),(1141,136,0,210,'22'),(1142,137,0,210,'33'),(1143,138,0,210,'39'),(1144,82,0,210,'Dior saddle bag'),(1145,73,0,210,'Dior saddle bag printed with black strap cross body'),(1146,72,0,211,'Dior cross bag long strap Christian Dior navy blue with box'),(1147,136,0,211,'22'),(1148,137,0,211,'33'),(1149,138,0,211,'39'),(1150,82,0,211,'Dior cross bag'),(1151,73,0,211,'Dior cross bag long strap Christian Dior navy blue with box'),(1152,72,0,212,'Prada cross bag trendy with wallet on chest long strap'),(1153,136,0,212,'22'),(1154,137,0,212,'33'),(1155,138,0,212,'39'),(1156,82,0,212,'Prada cross bag'),(1157,73,0,212,'Prada cross bag trendy with wallet on chest long strap'),(1158,72,0,213,'Gucci Dionysus mini bag GG printed 12*18 cm'),(1159,136,0,213,'22'),(1160,137,0,213,'33'),(1161,138,0,213,'39'),(1162,82,0,213,'Gucci Mini'),(1163,73,0,213,'Gucci Dionysus mini bag GG printed 12*18 cm'),(1164,72,0,214,'LV hand bag with leather shoulder strap 22*30 cm'),(1165,136,0,214,'22'),(1166,137,0,214,'33'),(1167,138,0,214,'39'),(1168,82,0,214,'LV hand bag'),(1169,73,0,214,'LV hand bag with leather shoulder strap 22*30 cm'),(1170,72,0,215,'YSL handbag short strap with logo in front and on zipper'),(1171,136,0,215,'22'),(1172,137,0,215,'33'),(1173,138,0,215,'39'),(1174,82,0,215,'YSL hand bag'),(1175,73,0,215,'YSL handbag short strap with logo in front and on zipper'),(1176,72,0,216,'YSL bag sore useful for events and festival black color'),(1177,136,0,216,'22'),(1178,137,0,216,'33'),(1179,138,0,216,'39'),(1180,82,0,216,'78YSL Sorebag'),(1181,73,0,216,'YSL bag sorenuseful for events and festival black color'),(1182,72,0,217,'Chanel phone holder and car keys quilted caviar'),(1183,136,0,217,'22'),(1184,137,0,217,'33'),(1185,138,0,217,'39'),(1186,82,0,217,'Channel phone holder'),(1187,73,0,217,'Chanel phone holder and car keys quilted caviar'),(1188,72,0,218,'LV broach golden crystal'),(1189,136,0,218,'22'),(1190,137,0,218,'33'),(1191,138,0,218,'39'),(1192,82,0,218,'LV broach'),(1193,73,0,218,'LV broach golden crystal'),(1194,72,0,219,'YSL Broach useful for meetings, events, classic interviews..'),(1195,136,0,219,'22'),(1196,137,0,219,'33'),(1197,138,0,219,'39'),(1198,82,0,219,'YSL broach'),(1199,73,0,219,'YSL Broach useful for meetings, events, classic interviews..'),(1200,72,0,220,'Chanel Classic broaches with small crystals \"Gold&Silver\"'),(1201,136,0,220,'22'),(1202,137,0,220,'33'),(1203,138,0,220,'39'),(1204,82,0,220,'Channel broach'),(1205,73,0,220,'Chanel Classic broaches with small crystals \"Gold&Silver\"'),(1206,72,0,221,'Long Chanel broach Classical logo suitable for blazers and Jackets'),(1207,136,0,221,'22'),(1208,137,0,221,'33'),(1209,138,0,221,'39'),(1210,82,0,221,'Channel broach'),(1211,73,0,221,'Long Chanel broach Classical logo suitable for blazers and Jackets'),(1212,72,0,222,'Chanel broach with black band'),(1213,136,0,222,'22'),(1214,137,0,222,'33'),(1215,138,0,222,'39'),(1216,82,0,222,'Channel broach'),(1217,73,0,222,'Chanel broach with black band'),(1218,72,0,223,'Chanel broach basic with pearl side & and crystal side'),(1219,136,0,223,'22'),(1220,137,0,223,'33'),(1221,138,0,223,'39'),(1222,82,0,223,'Channel broach'),(1223,73,0,223,'Chanel broach basic with pearl side & and crystal side'),(1224,72,0,224,'Golden Gucci broach'),(1225,136,0,224,'22'),(1226,137,0,224,'33'),(1227,138,0,224,'39'),(1228,82,0,224,'Gucci broach'),(1229,73,0,224,'Golden Gucci broach'),(1230,72,0,225,'Gucci bee broach for collar'),(1231,136,0,225,'22'),(1232,137,0,225,'33'),(1233,138,0,225,'39'),(1234,82,0,225,'Gucci broach'),(1235,73,0,225,'Gucci bee broach for collar'),(1236,72,0,226,'Gucci broaches GG Logo Crystal/Pearl'),(1237,136,0,226,'22'),(1238,137,0,226,'33'),(1239,138,0,226,'39'),(1240,82,0,226,'Gucci broach'),(1241,73,0,226,'Gucci broaches GG Logo Crystal/Pearl'),(1242,72,0,227,'Gucci broach matt with red&black stones'),(1243,136,0,227,'22'),(1244,137,0,227,'33'),(1245,138,0,227,'39'),(1246,82,0,227,'Gucci broach'),(1247,73,0,227,'Gucci broach matt with red&black stones'),(1248,72,0,228,'Bronze Gucci broach GG logo'),(1249,136,0,228,'22'),(1250,137,0,228,'33'),(1251,138,0,228,'39'),(1252,82,0,228,'Gucci broach'),(1253,73,0,228,'Bronze Gucci broach GG logo'),(1254,72,0,229,'Christian Dior broach CD Logo mixed color gold&silver'),(1255,136,0,229,'22'),(1256,137,0,229,'33'),(1257,138,0,229,'39'),(1258,82,0,229,'Dior broach'),(1259,73,0,229,'Christian Dior broach CD Logo mixed color gold&silver'),(1260,72,0,230,'Gucci broach mixed colored stones'),(1261,136,0,230,'22'),(1262,137,0,230,'33'),(1263,138,0,230,'39'),(1264,82,0,230,'Gucci broach'),(1265,73,0,230,'Gucci broach mixed colored stones'),(1266,72,0,231,'Dark gold Gucci broach GG logo'),(1267,136,0,231,'22'),(1268,137,0,231,'33'),(1269,138,0,231,'39'),(1270,82,0,231,'Gucci broach'),(1271,73,0,231,'Dark gold Gucci broach GG logo'),(1272,72,0,232,'Dior broach golden crystal'),(1273,136,0,232,'22'),(1274,137,0,232,'33'),(1275,138,0,232,'39'),(1276,82,0,232,'Dior broach'),(1277,73,0,232,'Dior broach golden crystal'),(1278,72,0,233,'Prada black broach useful for multi places \" all tops, Jackets, bags, shoes,etc..\"'),(1279,136,0,233,'22'),(1280,137,0,233,'33'),(1281,138,0,233,'39'),(1282,82,0,233,'Prada broach'),(1283,73,0,233,'Prada black broach useful for multi places \" all tops, Jackets, bags, shoes,etc..\"'),(1284,72,0,234,'Dior hair fastener pearled'),(1285,136,0,234,'22'),(1286,137,0,234,'33'),(1287,138,0,234,'39'),(1288,82,0,234,'Dior hairfastener'),(1289,73,0,234,'Dior hair fastener pearled'),(1290,72,0,235,'Cartier Love trinity cord black and red'),(1291,136,0,235,'22'),(1292,137,0,235,'33'),(1293,138,0,235,'39'),(1294,82,0,235,'Cartier Love bracelet'),(1295,73,0,235,'Cartier Love trinity cord black and red'),(1296,72,0,236,'Chanel hair fastener pearled'),(1297,136,0,236,'22'),(1298,137,0,236,'33'),(1299,138,0,236,'39'),(1300,82,0,236,'Channel hairfastener'),(1301,73,0,236,'Chanel hair fastener pearled'),(1302,72,0,237,'Basic Chanel hair fastener'),(1303,136,0,237,'22'),(1304,137,0,237,'33'),(1305,138,0,237,'39'),(1306,82,0,237,'Channel hairfastener'),(1307,73,0,237,'Basic Chanel hair fastener'),(1308,72,0,238,'Cartier rings stamped by brand'),(1309,136,0,238,'22'),(1310,137,0,238,'33'),(1311,138,0,238,'39'),(1312,82,0,238,'Cartier ring'),(1313,73,0,238,'Cartier rings stamped by brand'),(1314,72,0,239,'Cartier rings with crystal stamped by brand'),(1315,136,0,239,'22'),(1316,137,0,239,'33'),(1317,138,0,239,'39'),(1318,82,0,239,'Cartier ring'),(1319,73,0,239,'Cartier rings with crystal stamped by brand'),(1320,72,0,240,'Gucci ring crystal logo free size'),(1321,136,0,240,'22'),(1322,137,0,240,'33'),(1323,138,0,240,'39'),(1324,82,0,240,'Gucci ring'),(1325,73,0,240,'Gucci ring crystal logo free size'),(1326,72,0,241,'Gucci ring with logo above'),(1327,136,0,241,'22'),(1328,137,0,241,'33'),(1329,138,0,241,'39'),(1330,82,0,241,'Gucci ring'),(1331,73,0,241,'Gucci ring with logo above'),(1332,72,0,242,'VC rings signature'),(1333,136,0,242,'22'),(1334,137,0,242,'33'),(1335,138,0,242,'39'),(1336,82,0,242,'Van Cleef ring'),(1337,73,0,242,'VC rings signature'),(1338,72,0,243,'Valentino ring crystal free size'),(1339,136,0,243,'22'),(1340,137,0,243,'33'),(1341,138,0,243,'39'),(1342,82,0,243,'Valentino ring'),(1343,73,0,243,'Valentino ring crystal free size'),(1344,72,0,244,'Prada black ring free size (stamped by brand) free size'),(1345,136,0,244,'22'),(1346,137,0,244,'33'),(1347,138,0,244,'39'),(1348,82,0,244,'Prada ring'),(1349,73,0,244,'Prada black ring free size (stamped by brand) free size'),(1350,72,0,245,'Long YSL necklace'),(1351,136,0,245,'22'),(1352,137,0,245,'33'),(1353,138,0,245,'39'),(1354,82,0,245,'YSL Necklace'),(1355,73,0,245,'Long YSL necklace'),(1356,72,0,246,'Long VC silver necklace big logo'),(1357,136,0,246,'22'),(1358,137,0,246,'33'),(1359,138,0,246,'39'),(1360,82,0,246,'Van Cleef Necklace'),(1361,73,0,246,'Long VC silver necklace big logo'),(1362,72,0,247,'Channel long necklace with elastic black band'),(1363,136,0,247,'22'),(1364,137,0,247,'33'),(1365,138,0,247,'39'),(1366,82,0,247,'Channel Necklace'),(1367,73,0,247,'Channel long necklace with elastic black band'),(1368,72,0,248,'Gucci bracelet rose gold chain with crystal'),(1369,136,0,248,'22'),(1370,137,0,248,'33'),(1371,138,0,248,'39'),(1372,82,0,248,'Gucci bracelet'),(1373,73,0,248,'Gucci bracelet rose gold chain with crystal'),(1374,72,0,249,'Cartier Trinity cord multi color (black & red)'),(1375,136,0,249,'22'),(1376,137,0,249,'33'),(1377,138,0,249,'39'),(1378,82,0,249,'Cartier bracelet'),(1379,73,0,249,'Cartier Trinity cord multi color (black & red)'),(1380,72,0,250,'YSL silver earrings with crystal'),(1381,136,0,250,'22'),(1382,137,0,250,'33'),(1383,138,0,250,'39'),(1384,82,0,250,'Saint Laurnet earrings'),(1385,73,0,250,'YSL silver earrings with crystal'),(1386,72,0,251,'Cartier mixed collection Love & Nail bracelet'),(1387,136,0,251,'22'),(1388,137,0,251,'33'),(1389,138,0,251,'39'),(1390,82,0,251,'Cartier bracelet'),(1391,73,0,251,'Cartier mixed collection Love & Nail bracelet'),(1392,72,0,252,'Prada free size'),(1393,136,0,252,'22'),(1394,137,0,252,'33'),(1395,138,0,252,'39'),(1396,82,0,252,'Prada bracelet'),(1397,73,0,252,'Prada free size'),(1398,72,0,253,'Dior Oblique cotton'),(1399,136,0,253,'22'),(1400,137,0,253,'33'),(1401,138,0,253,'39'),(1402,82,0,253,'Dior bracelet'),(1403,73,0,253,'Dior Oblique cotton'),(1404,72,0,254,'Dior crystal circled earrings'),(1405,136,0,254,'22'),(1406,137,0,254,'33'),(1407,138,0,254,'39'),(1408,82,0,254,'Dior earrings'),(1409,73,0,254,'Dior crystal circled earrings'),(1410,72,0,255,'Dior event earrings D logo'),(1411,136,0,255,'22'),(1412,137,0,255,'33'),(1413,138,0,255,'39'),(1414,82,0,255,'Dior earrings'),(1415,73,0,255,'Dior event earrings D logo'),(1416,72,0,256,'Gucci Crystal earrings'),(1417,136,0,256,'22'),(1418,137,0,256,'33'),(1419,138,0,256,'39'),(1420,82,0,256,'Gucci earrings'),(1421,73,0,256,'Gucci Crystal earrings'),(1422,72,0,257,'Gucci earrings matt gold stoned'),(1423,136,0,257,'22'),(1424,137,0,257,'33'),(1425,138,0,257,'39'),(1426,82,0,257,'Gucci earrings'),(1427,73,0,257,'Gucci earrings matt gold stoned'),(1428,72,0,258,'Gucci pearl earrings'),(1429,136,0,258,'22'),(1430,137,0,258,'33'),(1431,138,0,258,'39'),(1432,82,0,258,'Gucci earrings'),(1433,73,0,258,'Gucci pearl earrings'),(1434,72,0,259,'Gucci earring with logo GG'),(1435,136,0,259,'22'),(1436,137,0,259,'33'),(1437,138,0,259,'39'),(1438,82,0,259,'Gucci earrings'),(1439,73,0,259,'Gucci earring with logo GG'),(1440,72,0,260,'Small Gucci bee earrings'),(1441,136,0,260,'22'),(1442,137,0,260,'33'),(1443,138,0,260,'39'),(1444,82,0,260,'Gucci earrings'),(1445,73,0,260,'Small Gucci bee earrings'),(1446,72,0,261,'Channel circle earring'),(1447,136,0,261,'22'),(1448,137,0,261,'33'),(1449,138,0,261,'39'),(1450,82,0,261,'Channel earrings'),(1451,73,0,261,'Channel circle earring'),(1452,72,0,262,'Channel logo earring'),(1453,136,0,262,'22'),(1454,137,0,262,'33'),(1455,138,0,262,'39'),(1456,82,0,262,'Channel earrings'),(1457,73,0,262,'Channel logo earring'),(1458,72,0,263,'Crystal Valentino earrings'),(1459,136,0,263,'22'),(1460,137,0,263,'33'),(1461,138,0,263,'39'),(1462,82,0,263,'Valentino earrings'),(1463,73,0,263,'Crystal Valentino earrings'),(1464,72,0,264,'Cartier Love earrings with crystal'),(1465,136,0,264,'22'),(1466,137,0,264,'33'),(1467,138,0,264,'39'),(1468,82,0,264,'Cartier earrings'),(1469,73,0,264,'Cartier Love earrings with crystal'),(1470,72,0,265,'Prada elegance black earrings'),(1471,136,0,265,'22'),(1472,137,0,265,'33'),(1473,138,0,265,'39'),(1474,82,0,265,'Prada earrings'),(1475,73,0,265,'Prada elegance black earrings'),(1476,72,0,266,'2 pieces set of Dior necklace and earrings rose gold'),(1477,136,0,266,'22'),(1478,137,0,266,'33'),(1479,138,0,266,'39'),(1480,82,0,266,'Dior set'),(1481,73,0,266,'2 pieces set of Dior necklace and earrings rose gold'),(1482,72,0,267,'Channel long necklace circle'),(1483,136,0,267,'22'),(1484,137,0,267,'33'),(1485,138,0,267,'39'),(1486,82,0,267,'Channel Necklace'),(1487,73,0,267,'Channel long necklace circle'),(1488,72,0,268,'Unique Chanel long chain necklace'),(1489,136,0,268,'22'),(1490,137,0,268,'33'),(1491,138,0,268,'39'),(1492,82,0,268,'Channel Necklace'),(1493,73,0,268,'Unique Chanel long chain necklace'),(1494,72,0,269,'Long Chanel Necklace coin'),(1495,136,0,269,'22'),(1496,137,0,269,'33'),(1497,138,0,269,'39'),(1498,82,0,269,'Channel Necklace'),(1499,73,0,269,'Long Chanel Necklace coin'),(1500,72,0,270,'Gucci Necklace Golden chain with crystal'),(1501,136,0,270,'22'),(1502,137,0,270,'33'),(1503,138,0,270,'39'),(1504,82,0,270,'Gucci Neclace'),(1505,73,0,270,'Gucci Necklace Golden chain with crystal'),(1506,72,0,271,'Gucci Necklace Logo'),(1507,136,0,271,'22'),(1508,137,0,271,'33'),(1509,138,0,271,'39'),(1510,82,0,271,'Gucci Neclace'),(1511,73,0,271,'Gucci Necklace Logo'),(1512,72,0,272,'Gucci double long necklace'),(1513,136,0,272,'22'),(1514,137,0,272,'33'),(1515,138,0,272,'39'),(1516,82,0,272,'Gucci Neclace'),(1517,73,0,272,'Gucci double long necklace'),(1518,72,0,273,'Long Dior necklace light weight CD logo'),(1519,136,0,273,'22'),(1520,137,0,273,'33'),(1521,138,0,273,'39'),(1522,82,0,273,'Dior Necklace'),(1523,73,0,273,'Long Dior necklace light weight CD logo'),(1524,72,0,274,'Elegant Gucci long necklace with Jewel above GG'),(1525,136,0,274,'22'),(1526,137,0,274,'33'),(1527,138,0,274,'39'),(1528,82,0,274,'Gucci Neclace'),(1529,73,0,274,'Elegant Gucci long necklace with Jewel above GG'),(1530,72,0,275,'Super elegant Versace Long necklace with Logo'),(1531,136,0,275,'22'),(1532,137,0,275,'33'),(1533,138,0,275,'39'),(1534,82,0,275,'Versace Necklace'),(1535,73,0,275,'Super elegant Versace Long necklace with Logo'),(1536,72,0,276,'Trendy Prada silver chain necklace'),(1537,136,0,276,'22'),(1538,137,0,276,'33'),(1539,138,0,276,'39'),(1540,82,0,276,'Prada Necklace'),(1541,73,0,276,'Trendy Prada silver chain necklace'),(1542,72,0,277,'Prada golden necklace'),(1543,136,0,277,'22'),(1544,137,0,277,'33'),(1545,138,0,277,'39'),(1546,82,0,277,'Prada Necklace'),(1547,73,0,277,'Prada golden necklace'),(1548,72,0,278,'Valentino Necklace multi logo with pearl'),(1549,136,0,278,'22'),(1550,137,0,278,'33'),(1551,138,0,278,'39'),(1552,82,0,278,'Valentino Necklace'),(1553,73,0,278,'Valentino Necklace multi logo with pearl'),(1554,72,0,279,'Sore Valentino necklace golden chain'),(1555,136,0,279,'22'),(1556,137,0,279,'33'),(1557,138,0,279,'39'),(1558,82,0,279,'Valentino Necklace'),(1559,73,0,279,'SoreValentino necklace golden chain'),(1560,72,0,280,'Hermes Pig nose long necklace silver'),(1561,136,0,280,'22'),(1562,137,0,280,'33'),(1563,138,0,280,'39'),(1564,82,0,280,'Hermis Necklace'),(1565,73,0,280,'Hermes Pig nose long necklace silver'),(1566,72,0,281,'Cartier Love collection necklace stamped by brand logo'),(1567,136,0,281,'22'),(1568,137,0,281,'33'),(1569,138,0,281,'39'),(1570,82,0,281,'Cartier Love necklace'),(1571,73,0,281,'Cartier Love collection necklace stamped by brand logo'),(1572,72,0,282,'Cartier Love collection bracelet Non- faded non tarnish titanium 100% stamped by brand logo'),(1573,136,0,282,'22'),(1574,137,0,282,'33'),(1575,138,0,282,'39'),(1576,82,0,282,'Cartier Love bracelet'),(1577,73,0,282,'Cartier Love collection bracelet Non- faded non tarnish titanium 100% stamped by brand logo'),(1578,72,0,283,'VC Signature bracelet Titanium 100% non faded - non tarnish'),(1579,136,0,283,'22'),(1580,137,0,283,'33'),(1581,138,0,283,'39'),(1582,82,0,283,'Van Cleef signature bracelet'),(1583,73,0,283,'VC Signature bracelet Titanium 100% non faded - non tarnish'),(1584,72,0,284,'Chanel bracelet flex with logo above'),(1585,136,0,284,'22'),(1586,137,0,284,'33'),(1587,138,0,284,'39'),(1588,82,0,284,'Channel bracelet'),(1589,73,0,284,'Chanel bracelet flex with logo above'),(1590,72,0,285,'Chanel bracelet free size titanium 100%'),(1591,136,0,285,'22'),(1592,137,0,285,'33'),(1593,138,0,285,'39'),(1594,82,0,285,'Channel bracelet'),(1595,73,0,285,'Chanel bracelet free size titanium 100%'),(1596,72,0,286,'3 pieces set of VC golden bracelet  necklace and earrings'),(1597,136,0,286,'22'),(1598,137,0,286,'33'),(1599,138,0,286,'39'),(1600,82,0,286,'Van Cleef set'),(1601,73,0,286,'3 pieces set of VC golden bracelet  necklace and earrings'),(1602,72,0,287,'4 pieces set of multi-colors VC bracelet  necklace  earrings and ring'),(1603,136,0,287,'22'),(1604,137,0,287,'33'),(1605,138,0,287,'39'),(1606,82,0,287,'Van Cleef set'),(1607,73,0,287,'4 pieces set of multi-colors VC bracelet  necklace  earrings and ring'),(1608,72,0,288,'2 pieces set of Marli golden bracelet and ring'),(1609,136,0,288,'22'),(1610,137,0,288,'33'),(1611,138,0,288,'39'),(1612,82,0,288,'Marli set'),(1613,73,0,288,'2 pieces set of Marli golden bracelet and ring'),(1614,72,0,289,'YSL silver earrings with crystal'),(1615,136,0,289,'22'),(1616,137,0,289,'33'),(1617,138,0,289,'39'),(1618,82,0,289,'Saint Laurnet earring'),(1619,73,0,289,'YSL silver earrings with crystal'),(1620,72,0,290,'Hermes wallet unisex zipped (with box)'),(1621,136,0,290,'22'),(1622,137,0,290,'33'),(1623,138,0,290,'39'),(1624,82,0,290,'Hermis wallet'),(1625,73,0,290,'Hermes wallet unisex zipped (with box)'),(1626,72,0,291,'Tiny YSL double bracelet titanium'),(1627,136,0,291,'22'),(1628,137,0,291,'33'),(1629,138,0,291,'39'),(1630,82,0,291,'Saint Laruent bracelet'),(1631,73,0,291,'Tiny YSL double bracelet titanium'),(1632,72,0,292,'Fendi shopping bag for picnics  shopping and beach with long strap'),(1633,136,0,292,'22'),(1634,137,0,292,'33'),(1635,138,0,292,'39'),(1636,82,0,292,'Fendi Bag'),(1637,73,0,292,'Fendi shopping bag for picnics  shopping and beach with long strap'),(1638,72,0,293,'Fendi Cross bag double use as wallet or as a bag elegant for events (with box)'),(1639,136,0,293,'22'),(1640,137,0,293,'33'),(1641,138,0,293,'39'),(1642,82,0,293,'Fendi Bag'),(1643,73,0,293,'Fendi Cross bag double use as wallet or as a bag elegant for events (with box)'),(1644,72,0,294,'Fendi pink cross bag  (with box)'),(1645,136,0,294,'22'),(1646,137,0,294,'33'),(1647,138,0,294,'39'),(1648,82,0,294,'Fendi Bag'),(1649,73,0,294,'Fendi pink cross bag  (with box)'),(1650,72,0,295,'2 pieces set of Cartier nail stamped with brand logo bracelet and ring'),(1651,136,0,295,'22'),(1652,137,0,295,'33'),(1653,138,0,295,'39'),(1654,82,0,295,'Cartier set'),(1655,73,0,295,'2 pieces set of Cartier nail stamped with brand logo bracelet and ring'),(1656,136,0,296,'22'),(1657,137,0,296,'33'),(1658,138,0,296,'39'),(1659,82,0,296,'Goyard Pouch bag'),(1660,136,0,297,'22'),(1661,137,0,297,'33'),(1662,138,0,297,'39'),(1663,82,0,297,'Carolina Herrera Pouch bag'),(1664,136,0,298,'22'),(1665,137,0,298,'33'),(1666,138,0,298,'39'),(1667,82,0,298,'Dior tote bag'),(1674,72,0,298,'<table width=\"584\">\r\n<tbody>\r\n<tr>\r\n<td width=\"584\">Christian Dior Tote bag fashion trend blue color inside black, Size chart :<br>Large : 32*12*40 cm : الكبيرة<br>Medium: 26*12*36 cm : الوسط<br>Small: 22*12*28 cm : الصغيرة</td>\r\n</tr>\r\n</tbody>\r\n</table>'),(1675,73,0,298,'\"Christian Dior Tote bag fashion trend blue color inside black, Size chart :\r\nLarge : 32*12*40 cm : الكبيرة\r\nMedium: 26*12*36 cm : الوسط\r\nSmall: 22*12*28 cm : الصغيرة\"\r\n'),(1676,72,0,297,'\"CH Pouch bag engraved with the logo and red interior high quality\r\nSize : 20*30 cm\"\r\n'),(1677,73,0,297,'\"CH Pouch bag engraved with the logo and red interior high quality\r\nSize : 20*30 cm\"\r\n'),(1678,72,0,296,'\"Goyard Pouch bag unisex multi colors with yellow interior and logo\r\nSize : 20*30 cm\"\r\n'),(1679,73,0,296,'\"Goyard Pouch bag unisex multi colors with yellow interior and logo\r\nSize : 20*30 cm\"\r\n'),(1680,72,0,299,'2 pieces set of Gucci pearled bracelet and choker\r\n'),(1681,73,0,299,'2 pieces set of Gucci pearled bracelet and choker\r\n'),(1682,82,0,299,'Gucci set'),(1683,136,0,299,'22'),(1684,137,0,299,'33'),(1685,138,0,299,'39');

--
-- Table structure for table `catalog_product_entity_tier_price`
--

CREATE TABLE `catalog_product_entity_tier_price` (
  `value_id` int(11) NOT NULL AUTO_INCREMENT COMMENT 'Value ID',
  `entity_id` int(10) unsigned NOT NULL DEFAULT '0' COMMENT 'Entity ID',
  `all_groups` smallint(5) unsigned NOT NULL DEFAULT '1' COMMENT 'Is Applicable To All Customer Groups',
  `customer_group_id` int(10) unsigned NOT NULL DEFAULT '0' COMMENT 'Customer Group ID',
  `qty` decimal(12,4) NOT NULL DEFAULT '1.0000' COMMENT 'QTY',
  `value` decimal(20,6) NOT NULL DEFAULT '0.000000' COMMENT 'Value',
  `percentage_value` decimal(5,2) DEFAULT NULL COMMENT 'Percentage value',
  `website_id` smallint(5) unsigned NOT NULL COMMENT 'Website ID',
  PRIMARY KEY (`value_id`),
  UNIQUE KEY `UNQ_E8AB433B9ACB00343ABB312AD2FAB087` (`entity_id`,`all_groups`,`customer_group_id`,`qty`,`website_id`),
  KEY `CATALOG_PRODUCT_ENTITY_TIER_PRICE_CUSTOMER_GROUP_ID` (`customer_group_id`),
  KEY `CATALOG_PRODUCT_ENTITY_TIER_PRICE_WEBSITE_ID` (`website_id`)
) ENGINE=InnoDB DEFAULT CHARSET=utf8 COMMENT='Catalog Product Tier Price Attribute Backend Table';

--
-- Dumping data for table `catalog_product_entity_tier_price`
--


--
-- Table structure for table `catalog_product_entity_varchar`
--

CREATE TABLE `catalog_product_entity_varchar` (
  `value_id` int(11) NOT NULL AUTO_INCREMENT COMMENT 'Value ID',
  `attribute_id` smallint(5) unsigned NOT NULL DEFAULT '0' COMMENT 'Attribute ID',
  `store_id` smallint(5) unsigned NOT NULL DEFAULT '0' COMMENT 'Store ID',
  `entity_id` int(10) unsigned NOT NULL DEFAULT '0' COMMENT 'Entity ID',
  `value` varchar(255) DEFAULT NULL COMMENT 'Value',
  PRIMARY KEY (`value_id`),
  UNIQUE KEY `CATALOG_PRODUCT_ENTITY_VARCHAR_ENTITY_ID_ATTRIBUTE_ID_STORE_ID` (`entity_id`,`attribute_id`,`store_id`),
  KEY `CATALOG_PRODUCT_ENTITY_VARCHAR_ATTRIBUTE_ID` (`attribute_id`),
  KEY `CATALOG_PRODUCT_ENTITY_VARCHAR_STORE_ID` (`store_id`)
) ENGINE=InnoDB AUTO_INCREMENT=6735 DEFAULT CHARSET=utf8 COMMENT='Catalog Product Varchar Attribute Backend Table';

--
-- Dumping data for table `catalog_product_entity_varchar`
--

INSERT INTO `catalog_product_entity_varchar` VALUES (3033,106,0,147,'1_1.JPG'),(3034,70,0,147,'Dior headband'),(3035,81,0,147,'Dior headband'),(3036,83,0,147,'Dior headband'),(3037,115,0,147,'1dior-headband'),(3038,118,0,147,'0'),(3039,103,0,147,'container2'),(3040,106,0,148,'2.JPG'),(3041,70,0,148,'Gucci headband'),(3042,81,0,148,'Gucci headband'),(3043,83,0,148,'Gucci headband'),(3044,115,0,148,'2gucci headband'),(3045,118,0,148,'0'),(3046,103,0,148,'container2'),(3047,106,0,149,'3_1.JPG'),(3048,70,0,149,'Channel headband'),(3049,81,0,149,'Channel headband'),(3050,83,0,149,'Channel headband'),(3051,115,0,149,'3channel headband'),(3052,118,0,149,'0'),(3053,103,0,149,'container2'),(3054,106,0,150,'4_1.JPG'),(3055,70,0,150,'Prada headband'),(3056,81,0,150,'Prada headband'),(3057,83,0,150,'Prada headband'),(3058,115,0,150,'4prada headband'),(3059,118,0,150,'0'),(3060,103,0,150,'container2'),(3061,106,0,151,'5.JPG'),(3062,70,0,151,'Fendi headband'),(3063,81,0,151,'Fendi headband'),(3064,83,0,151,'Fendi headband'),(3065,115,0,151,'5fendi-headband'),(3066,118,0,151,'0'),(3067,103,0,151,'container2'),(3068,106,0,152,'6.JPG'),(3069,70,0,152,'Dior headband'),(3070,81,0,152,'Dior headband'),(3071,83,0,152,'Dior headband'),(3072,115,0,152,'6dior headband'),(3073,118,0,152,'0'),(3074,103,0,152,'container2'),(3075,106,0,153,'7_1.JPG'),(3076,70,0,153,'Balenciaga headband'),(3077,81,0,153,'Balenciaga headband'),(3078,83,0,153,'Balenciaga headband'),(3079,115,0,153,'7balenciaga headband'),(3080,118,0,153,'0'),(3081,103,0,153,'container2'),(3082,106,0,154,'8.JPG'),(3083,70,0,154,'Balenciaga Canvas'),(3084,81,0,154,'Balenciaga Canvas'),(3085,83,0,154,'Balenciaga Canvas'),(3086,115,0,154,'8balenciaga canvas'),(3087,118,0,154,'0'),(3088,103,0,154,'container2'),(3089,106,0,155,'9_1.JPG'),(3090,70,0,155,'Dior Canvas'),(3091,81,0,155,'Dior Canvas'),(3092,83,0,155,'Dior Canvas'),(3093,115,0,155,'9dior canvas'),(3094,118,0,155,'0'),(3095,103,0,155,'container2'),(3096,106,0,156,'10.JPG'),(3097,70,0,156,'Gucci Canvas'),(3098,81,0,156,'Gucci Canvas'),(3099,83,0,156,'Gucci Canvas'),(3100,115,0,156,'10gucci canvas'),(3101,118,0,156,'0'),(3102,103,0,156,'container2'),(3103,106,0,157,'11_1.JPG'),(3104,70,0,157,'Gucci Canvas'),(3105,81,0,157,'Gucci Canvas'),(3106,83,0,157,'Gucci Canvas'),(3107,115,0,157,'11gucci canvas'),(3108,118,0,157,'0'),(3109,103,0,157,'container2'),(3110,106,0,158,'12_1.JPG'),(3111,70,0,158,'Prada Canvas'),(3112,81,0,158,'Prada Canvas'),(3113,83,0,158,'Prada Canvas'),(3114,115,0,158,'12prada canvas'),(3115,118,0,158,'0'),(3116,103,0,158,'container2'),(3117,106,0,159,'13_1.JPG'),(3118,70,0,159,'Dior belt'),(3119,81,0,159,'Dior belt'),(3120,83,0,159,'Dior belt'),(3121,115,0,159,'13dior belt'),(3122,118,0,159,'0'),(3123,103,0,159,'container2'),(3124,106,0,160,'14_1.JPG'),(3125,70,0,160,'Saint Laurnet belt'),(3126,81,0,160,'Saint Laurnet belt'),(3127,83,0,160,'Saint Laurnet belt'),(3128,115,0,160,'14saint laurnet belt'),(3129,118,0,160,'0'),(3130,103,0,160,'container2'),(3131,106,0,161,'15_1.JPG'),(3132,70,0,161,'Gucci belt'),(3133,81,0,161,'Gucci belt'),(3134,83,0,161,'Gucci belt'),(3135,115,0,161,'15gucci belt'),(3136,118,0,161,'0'),(3137,103,0,161,'container2'),(3138,106,0,162,'16_1.JPG'),(3139,70,0,162,'Channel wide belt'),(3140,81,0,162,'Channel wide belt'),(3141,83,0,162,'Channel wide belt'),(3142,115,0,162,'16channel wide belt'),(3143,118,0,162,'0'),(3144,103,0,162,'container2'),(3145,106,0,163,'17_1.JPG'),(3146,70,0,163,'Channel wide belt'),(3147,81,0,163,'Channel wide belt'),(3148,83,0,163,'Channel wide belt'),(3149,115,0,163,'17channel wide belt'),(3150,118,0,163,'0'),(3151,103,0,163,'container2'),(3152,106,0,164,'18_1.JPG'),(3153,70,0,164,'Channel wide belt'),(3154,81,0,164,'Channel wide belt'),(3155,83,0,164,'Channel wide belt'),(3156,115,0,164,'18channel wide belt'),(3157,118,0,164,'0'),(3158,103,0,164,'container2'),(3159,106,0,165,'19_1.JPG'),(3160,70,0,165,'Channet belt'),(3161,81,0,165,'Channet belt'),(3162,83,0,165,'Channet belt'),(3163,115,0,165,'19channet belt'),(3164,118,0,165,'0'),(3165,103,0,165,'container2'),(3166,106,0,166,'20_1.JPG'),(3167,70,0,166,'Gucci wide belt'),(3168,81,0,166,'Gucci wide belt'),(3169,83,0,166,'Gucci wide belt'),(3170,115,0,166,'20gucci wide belt'),(3171,118,0,166,'0'),(3172,103,0,166,'container2'),(3173,106,0,167,'21_1.JPG'),(3174,70,0,167,'Channel belt'),(3175,81,0,167,'Channel belt'),(3176,83,0,167,'Channel belt'),(3177,115,0,167,'21channel belt'),(3178,118,0,167,'0'),(3179,103,0,167,'container2'),(3180,106,0,168,'22_1.JPG'),(3181,70,0,168,'Channel belt'),(3182,81,0,168,'Channel belt'),(3183,83,0,168,'Channel belt'),(3184,115,0,168,'22channel belt'),(3185,118,0,168,'0'),(3186,103,0,168,'container2'),(3187,106,0,169,'23_3.JPG'),(3188,70,0,169,'Valentino wide belt'),(3189,81,0,169,'Valentino wide belt'),(3190,83,0,169,'Valentino wide belt'),(3191,115,0,169,'23valentino wide belt'),(3192,118,0,169,'0'),(3193,103,0,169,'container2'),(3194,106,0,170,'24_1.JPG'),(3195,70,0,170,'Valentino belt'),(3196,81,0,170,'Valentino belt'),(3197,83,0,170,'Valentino belt'),(3198,115,0,170,'24valentino belt'),(3199,118,0,170,'0'),(3200,103,0,170,'container2'),(3201,106,0,171,'25_2.JPG'),(3202,70,0,171,'Gucci belt'),(3203,81,0,171,'Gucci belt'),(3204,83,0,171,'Gucci belt'),(3205,115,0,171,'25gucci belt'),(3206,118,0,171,'0'),(3207,103,0,171,'container2'),(3208,106,0,172,'26_1.JPG'),(3209,70,0,172,'Gucci belt'),(3210,81,0,172,'Gucci belt'),(3211,83,0,172,'Gucci belt'),(3212,115,0,172,'26gucci belt'),(3213,118,0,172,'0'),(3214,103,0,172,'container2'),(3215,106,0,173,'27_1.JPG'),(3216,70,0,173,'Balenciaga wide belt'),(3217,81,0,173,'Balenciaga wide belt'),(3218,83,0,173,'Balenciaga wide belt'),(3219,115,0,173,'27balenciaga wide belt'),(3220,118,0,173,'0'),(3221,103,0,173,'container2'),(3222,106,0,174,'28_1.JPG'),(3223,70,0,174,'Gucci Pouch bag'),(3224,81,0,174,'Gucci Pouch bag'),(3225,83,0,174,'Gucci Pouch bag'),(3226,115,0,174,'28gucci pouch bag'),(3227,118,0,174,'0'),(3228,103,0,174,'container2'),(3229,106,0,175,'29_1.JPG'),(3230,70,0,175,'YSL Pouch bag'),(3231,81,0,175,'YSL Pouch bag'),(3232,83,0,175,'YSL Pouch bag'),(3233,115,0,175,'29ysl pouch bag'),(3234,118,0,175,'0'),(3235,103,0,175,'container2'),(3236,106,0,176,'30.JPG'),(3237,70,0,176,'Burberry Pouch bag'),(3238,81,0,176,'Burberry Pouch bag'),(3239,83,0,176,'Burberry Pouch bag'),(3240,115,0,176,'30burberry pouch bag'),(3241,118,0,176,'0'),(3242,103,0,176,'container2'),(3243,106,0,177,'32_1.JPG'),(3244,70,0,177,'Goyard accessories bag'),(3245,81,0,177,'Goyard accessories bag'),(3246,83,0,177,'Goyard accessories bag'),(3247,115,0,177,'32goyard accessories bag'),(3248,118,0,177,'0'),(3249,103,0,177,'container2'),(3250,106,0,178,'33_1.JPG'),(3251,70,0,178,'Gucci Pouch bag'),(3252,81,0,178,'Gucci Pouch bag'),(3253,83,0,178,'Gucci Pouch bag'),(3254,115,0,178,'33gucci pouch bag'),(3255,118,0,178,'0'),(3256,103,0,178,'container2'),(3257,106,0,179,'35_1.JPG'),(3258,70,0,179,'Dior wallet'),(3259,81,0,179,'Dior wallet'),(3260,83,0,179,'Dior wallet'),(3261,115,0,179,'35dior wallet'),(3262,118,0,179,'0'),(3263,103,0,179,'container2'),(3264,106,0,180,'36_1.JPG'),(3265,70,0,180,'Gucci wallet'),(3266,81,0,180,'Gucci wallet'),(3267,83,0,180,'Gucci wallet'),(3268,115,0,180,'36gucci wallet'),(3269,118,0,180,'0'),(3270,103,0,180,'container2'),(3271,106,0,181,'37_1.JPG'),(3272,70,0,181,'Dior wallet'),(3273,81,0,181,'Dior wallet'),(3274,83,0,181,'Dior wallet'),(3275,115,0,181,'37dior wallet'),(3276,118,0,181,'0'),(3277,103,0,181,'container2'),(3278,106,0,182,'38.JPG'),(3279,70,0,182,'Channel wallet'),(3280,81,0,182,'Channel wallet'),(3281,83,0,182,'Channel wallet'),(3282,115,0,182,'38channel wallet'),(3283,118,0,182,'0'),(3284,103,0,182,'container2'),(3285,106,0,183,'40_1.JPG'),(3286,70,0,183,'Christian Doir slipper'),(3287,81,0,183,'Christian Doir slipper'),(3288,83,0,183,'Christian Doir slipper'),(3289,115,0,183,'40christian doir slipper'),(3290,118,0,183,'0'),(3291,103,0,183,'container2'),(3292,106,0,184,'39_1.JPG'),(3293,70,0,184,'Chloe slipper'),(3294,81,0,184,'Chloe slipper'),(3295,83,0,184,'Chloe slipper'),(3296,115,0,184,'39chloe slipper'),(3297,118,0,184,'0'),(3298,103,0,184,'container2'),(3299,106,0,185,'43_1.JPG'),(3300,70,0,185,'Dior phone holder'),(3301,81,0,185,'Dior phone holder'),(3302,83,0,185,'Dior phone holder'),(3303,115,0,185,'43dior phone holder'),(3304,118,0,185,'0'),(3305,103,0,185,'container2'),(3306,106,0,186,'44_1.JPG'),(3307,70,0,186,'Channel Knitted bag'),(3308,81,0,186,'Channel Knitted bag'),(3309,83,0,186,'Channel Knitted bag'),(3310,115,0,186,'44channel knitted bag'),(3311,118,0,186,'0'),(3312,103,0,186,'container2'),(3313,106,0,187,'46_1.JPG'),(3314,70,0,187,'Gucci cross bag'),(3315,81,0,187,'Gucci cross bag'),(3316,83,0,187,'Gucci cross bag'),(3317,115,0,187,'46gucci cross bag'),(3318,118,0,187,'0'),(3319,103,0,187,'container2'),(3320,106,0,188,'47_1.JPG'),(3321,70,0,188,'Gucci cross bag'),(3322,81,0,188,'Gucci cross bag'),(3323,83,0,188,'Gucci cross bag'),(3324,115,0,188,'47gucci cross bag'),(3325,118,0,188,'0'),(3326,103,0,188,'container2'),(3327,106,0,189,'49_1.JPG'),(3328,70,0,189,'YSL cross bag'),(3329,81,0,189,'YSL cross bag'),(3330,83,0,189,'YSL cross bag'),(3331,115,0,189,'49ysl cross bag'),(3332,118,0,189,'0'),(3333,103,0,189,'container2'),(3334,106,0,190,'50_1.JPG'),(3335,70,0,190,'Dior saddle bag'),(3336,81,0,190,'Dior saddle bag'),(3337,83,0,190,'Dior saddle bag'),(3338,115,0,190,'50dior saddle bag'),(3339,118,0,190,'0'),(3340,103,0,190,'container2'),(3341,106,0,191,'51_1.JPG'),(3342,70,0,191,'Dior saddle bag'),(3343,81,0,191,'Dior saddle bag'),(3344,83,0,191,'Dior saddle bag'),(3345,115,0,191,'51dior saddle bag'),(3346,118,0,191,'0'),(3347,103,0,191,'container2'),(3348,106,0,192,'53_1.JPG'),(3349,70,0,192,'Fendi Bag'),(3350,81,0,192,'Fendi Bag'),(3351,83,0,192,'Fendi Bag'),(3352,115,0,192,'53fendi bag'),(3353,118,0,192,'0'),(3354,103,0,192,'container2'),(3355,106,0,193,'54_1.JPG'),(3356,70,0,193,'Fendi Bag'),(3357,81,0,193,'Fendi Bag'),(3358,83,0,193,'Fendi Bag'),(3359,115,0,193,'54fendi bag'),(3360,118,0,193,'0'),(3361,103,0,193,'container2'),(3362,106,0,194,'55_1.JPG'),(3363,70,0,194,'YSL phone holder'),(3364,81,0,194,'YSL phone holder'),(3365,83,0,194,'YSL phone holder'),(3366,115,0,194,'55ysl phone holder'),(3367,118,0,194,'0'),(3368,103,0,194,'container2'),(3369,106,0,195,'56_1.JPG'),(3370,70,0,195,'Channel cross bag'),(3371,81,0,195,'Channel cross bag'),(3372,83,0,195,'Channel cross bag'),(3373,115,0,195,'56channel cross bag'),(3374,118,0,195,'0'),(3375,103,0,195,'container2'),(3376,106,0,196,'57_1.JPG'),(3377,70,0,196,'Dior saddle bag'),(3378,81,0,196,'Dior saddle bag'),(3379,83,0,196,'Dior saddle bag'),(3380,115,0,196,'57dior saddle bag'),(3381,118,0,196,'0'),(3382,103,0,196,'container2'),(3383,106,0,197,'58_1.JPG'),(3384,70,0,197,'Gucci shopping bag'),(3385,81,0,197,'Gucci shopping bag'),(3386,83,0,197,'Gucci shopping bag'),(3387,115,0,197,'58gucci shopping bag'),(3388,118,0,197,'0'),(3389,103,0,197,'container2'),(3390,106,0,198,'59_1.JPG'),(3391,70,0,198,'Fendi Bag'),(3392,81,0,198,'Fendi Bag'),(3393,83,0,198,'Fendi Bag'),(3394,115,0,198,'59fendi bag'),(3395,118,0,198,'0'),(3396,103,0,198,'container2'),(3397,106,0,199,'60_1.JPG'),(3398,70,0,199,'Dior bag'),(3399,81,0,199,'Dior bag'),(3400,83,0,199,'Dior bag'),(3401,115,0,199,'60dior bag'),(3402,118,0,199,'0'),(3403,103,0,199,'container2'),(3404,106,0,200,'61_1.JPG'),(3405,70,0,200,'Channel Caviar bag'),(3406,81,0,200,'Channel Caviar bag'),(3407,83,0,200,'Channel Caviar bag'),(3408,115,0,200,'61channel caviar bag'),(3409,118,0,200,'0'),(3410,103,0,200,'container2'),(3411,106,0,201,'63_1.JPG'),(3412,70,0,201,'YSL cross bag'),(3413,81,0,201,'YSL cross bag'),(3414,83,0,201,'YSL cross bag'),(3415,115,0,201,'63ysl cross bag'),(3416,118,0,201,'0'),(3417,103,0,201,'container2'),(3418,106,0,202,'64.JPG'),(3419,70,0,202,'Dior belt'),(3420,81,0,202,'Dior belt'),(3421,83,0,202,'Dior belt'),(3422,115,0,202,'64dior belt'),(3423,118,0,202,'0'),(3424,103,0,202,'container2'),(3425,106,0,203,'65_1.JPG'),(3426,70,0,203,'Dior tote bag'),(3427,81,0,203,'Dior tote bag'),(3428,83,0,203,'Dior tote bag'),(3429,115,0,203,'65dior tote bag'),(3430,118,0,203,'0'),(3431,103,0,203,'container2'),(3432,106,0,204,'66_1.JPG'),(3433,70,0,204,'LV bag'),(3434,81,0,204,'LV bag'),(3435,83,0,204,'LV bag'),(3436,115,0,204,'66lv bag'),(3437,118,0,204,'0'),(3438,103,0,204,'container2'),(3439,106,0,205,'67_1.JPG'),(3440,70,0,205,'Goyard mini bag'),(3441,81,0,205,'Goyard mini bag'),(3442,83,0,205,'Goyard mini bag'),(3443,115,0,205,'67goyard mini bag'),(3444,118,0,205,'0'),(3445,103,0,205,'container2'),(3446,106,0,206,'68_1.JPG'),(3447,70,0,206,'Goyard shopping bag'),(3448,81,0,206,'Goyard shopping bag'),(3449,83,0,206,'Goyard shopping bag'),(3450,115,0,206,'68goyard shopping bag'),(3451,118,0,206,'0'),(3452,103,0,206,'container2'),(3453,106,0,207,'69_1.JPG'),(3454,70,0,207,'Prada mini bag'),(3455,81,0,207,'Prada mini bag'),(3456,83,0,207,'Prada mini bag'),(3457,115,0,207,'69prada mini bag'),(3458,118,0,207,'0'),(3459,103,0,207,'container2'),(3460,106,0,208,'70_1.JPG'),(3461,70,0,208,'Prada baguette bag'),(3462,81,0,208,'Prada baguette bag'),(3463,83,0,208,'Prada baguette bag'),(3464,115,0,208,'70prada baguette bag'),(3465,118,0,208,'0'),(3466,103,0,208,'container2'),(3472,106,0,209,'71_1.JPG'),(3473,70,0,209,'Dior tote bag'),(3474,81,0,209,'Dior tote bag'),(3475,83,0,209,'Dior tote bag'),(3476,115,0,209,'71dior tote bag'),(3477,118,0,209,'0'),(3478,103,0,209,'container2'),(3479,106,0,210,'72_1.JPG'),(3480,70,0,210,'Dior saddle bag'),(3481,81,0,210,'Dior saddle bag'),(3482,83,0,210,'Dior saddle bag'),(3483,115,0,210,'72dior saddle bag'),(3484,118,0,210,'0'),(3485,103,0,210,'container2'),(3486,106,0,211,'73_1.JPG'),(3487,70,0,211,'Dior cross bag'),(3488,81,0,211,'Dior cross bag'),(3489,83,0,211,'Dior cross bag'),(3490,115,0,211,'73dior cross bag'),(3491,118,0,211,'0'),(3492,103,0,211,'container2'),(3493,106,0,212,'74_1.JPG'),(3494,70,0,212,'Prada cross bag'),(3495,81,0,212,'Prada cross bag'),(3496,83,0,212,'Prada cross bag'),(3497,115,0,212,'74prada cross bag'),(3498,118,0,212,'0'),(3499,103,0,212,'container2'),(3500,106,0,213,'75_1.JPG'),(3501,70,0,213,'Gucci Mini'),(3502,81,0,213,'Gucci Mini'),(3503,83,0,213,'Gucci Mini'),(3504,115,0,213,'75gucci mini'),(3505,118,0,213,'0'),(3506,103,0,213,'container2'),(3507,106,0,214,'76_1.JPG'),(3508,70,0,214,'LV hand bag'),(3509,81,0,214,'LV hand bag'),(3510,83,0,214,'LV hand bag'),(3511,115,0,214,'76lv hand bag'),(3512,118,0,214,'0'),(3513,103,0,214,'container2'),(3514,106,0,215,'77_1.JPG'),(3515,70,0,215,'YSL hand bag'),(3516,81,0,215,'YSL hand bag'),(3517,83,0,215,'YSL hand bag'),(3518,115,0,215,'77ysl hand bag'),(3519,118,0,215,'0'),(3520,103,0,215,'container2'),(3521,106,0,216,'78_1.JPG'),(3522,70,0,216,'YSL Sore bag'),(3523,81,0,216,'78YSL Sorebag'),(3524,83,0,216,'78YSL Sorebag'),(3525,115,0,216,'78ysl sorebag'),(3526,118,0,216,'0'),(3527,103,0,216,'container2'),(3528,106,0,217,'79_1.JPG'),(3529,70,0,217,'Channel phone holder'),(3530,81,0,217,'Channel phone holder'),(3531,83,0,217,'Channel phone holder'),(3532,115,0,217,'79channel phone holder'),(3533,118,0,217,'0'),(3534,103,0,217,'container2'),(3535,106,0,218,'80.JPG'),(3536,70,0,218,'LV broach'),(3537,81,0,218,'LV broach'),(3538,83,0,218,'LV broach'),(3539,115,0,218,'80lv broach'),(3540,118,0,218,'0'),(3541,103,0,218,'container2'),(3542,106,0,219,'81_1.JPG'),(3543,70,0,219,'YSL broach'),(3544,81,0,219,'YSL broach'),(3545,83,0,219,'YSL broach'),(3546,115,0,219,'82ysl broach'),(3547,118,0,219,'0'),(3548,103,0,219,'container2'),(3549,106,0,220,'83_1.JPG'),(3550,70,0,220,'Channel broach'),(3551,81,0,220,'Channel broach'),(3552,83,0,220,'Channel broach'),(3553,115,0,220,'83channel broach'),(3554,118,0,220,'0'),(3555,103,0,220,'container2'),(3556,106,0,221,'84_1.JPG'),(3557,70,0,221,'Channel broach'),(3558,81,0,221,'Channel broach'),(3559,83,0,221,'Channel broach'),(3560,115,0,221,'84channel broach'),(3561,118,0,221,'0'),(3562,103,0,221,'container2'),(3563,106,0,222,'85.JPG'),(3564,70,0,222,'Channel broach'),(3565,81,0,222,'Channel broach'),(3566,83,0,222,'Channel broach'),(3567,115,0,222,'85channel broach'),(3568,118,0,222,'0'),(3569,103,0,222,'container2'),(3570,106,0,223,'86_1.JPG'),(3571,70,0,223,'Channel broach'),(3572,81,0,223,'Channel broach'),(3573,83,0,223,'Channel broach'),(3574,115,0,223,'86channel broach'),(3575,118,0,223,'0'),(3576,103,0,223,'container2'),(3577,106,0,224,'87.JPG'),(3578,70,0,224,'Gucci broach'),(3579,81,0,224,'Gucci broach'),(3580,83,0,224,'Gucci broach'),(3581,115,0,224,'87gucci broach'),(3582,118,0,224,'0'),(3583,103,0,224,'container2'),(3584,106,0,225,'88_1.JPG'),(3585,70,0,225,'Gucci broach'),(3586,81,0,225,'Gucci broach'),(3587,83,0,225,'Gucci broach'),(3588,115,0,225,'88gucci broach'),(3589,118,0,225,'0'),(3590,103,0,225,'container2'),(3591,106,0,226,'89_1.JPG'),(3592,70,0,226,'Gucci broach'),(3593,81,0,226,'Gucci broach'),(3594,83,0,226,'Gucci broach'),(3595,115,0,226,'89gucci broach'),(3596,118,0,226,'0'),(3597,103,0,226,'container2'),(3598,106,0,227,'90_1.JPG'),(3599,70,0,227,'Gucci broach'),(3600,81,0,227,'Gucci broach'),(3601,83,0,227,'Gucci broach'),(3602,115,0,227,'90gucci broach'),(3603,118,0,227,'0'),(3604,103,0,227,'container2'),(3605,106,0,228,'91_1.JPG'),(3606,70,0,228,'Gucci broach'),(3607,81,0,228,'Gucci broach'),(3608,83,0,228,'Gucci broach'),(3609,115,0,228,'91gucci broach'),(3610,118,0,228,'0'),(3611,103,0,228,'container2'),(3612,106,0,229,'92_1.JPG'),(3613,70,0,229,'Dior broach'),(3614,81,0,229,'Dior broach'),(3615,83,0,229,'Dior broach'),(3616,115,0,229,'92dior broach'),(3617,118,0,229,'0'),(3618,103,0,229,'container2'),(3619,106,0,230,'93.JPG'),(3620,70,0,230,'Gucci broach'),(3621,81,0,230,'Gucci broach'),(3622,83,0,230,'Gucci broach'),(3623,115,0,230,'93gucci broach'),(3624,118,0,230,'0'),(3625,103,0,230,'container2'),(3626,106,0,231,'94.JPG'),(3627,70,0,231,'Gucci broach'),(3628,81,0,231,'Gucci broach'),(3629,83,0,231,'Gucci broach'),(3630,115,0,231,'94gucci broach'),(3631,118,0,231,'0'),(3632,103,0,231,'container2'),(3633,106,0,232,'95.JPG'),(3634,70,0,232,'Dior broach'),(3635,81,0,232,'Dior broach'),(3636,83,0,232,'Dior broach'),(3637,115,0,232,'95dior broach'),(3638,118,0,232,'0'),(3639,103,0,232,'container2'),(3640,106,0,233,'96_1.JPG'),(3641,70,0,233,'Prada broach'),(3642,81,0,233,'Prada broach'),(3643,83,0,233,'Prada broach'),(3644,115,0,233,'96prada broach'),(3645,118,0,233,'0'),(3646,103,0,233,'container2'),(3647,106,0,234,'97.JPG'),(3648,70,0,234,'Dior hairfastener'),(3649,81,0,234,'Dior hairfastener'),(3650,83,0,234,'Dior hairfastener'),(3651,115,0,234,'97dior hairfastener'),(3652,118,0,234,'0'),(3653,103,0,234,'container2'),(3654,106,0,235,'98_1.JPG'),(3655,70,0,235,'Cartier Love bracelet'),(3656,81,0,235,'Cartier Love bracelet'),(3657,83,0,235,'Cartier Love bracelet'),(3658,115,0,235,'98cartier love bracelet'),(3659,118,0,235,'0'),(3660,103,0,235,'container2'),(3661,106,0,236,'99_1.JPG'),(3662,70,0,236,'Channel hairfastener'),(3663,81,0,236,'Channel hairfastener'),(3664,83,0,236,'Channel hairfastener'),(3665,115,0,236,'99channel hairfastener'),(3666,118,0,236,'0'),(3667,103,0,236,'container2'),(3668,106,0,237,'100_1.JPG'),(3669,70,0,237,'Channel hairfastener'),(3670,81,0,237,'Channel hairfastener'),(3671,83,0,237,'Channel hairfastener'),(3672,115,0,237,'100channel hairfastener'),(3673,118,0,237,'0'),(3674,103,0,237,'container2'),(3675,106,0,238,'101_1.JPG'),(3676,70,0,238,'Cartier ring'),(3677,81,0,238,'Cartier ring'),(3678,83,0,238,'Cartier ring'),(3679,115,0,238,'101cartier ring'),(3680,118,0,238,'0'),(3681,103,0,238,'container2'),(3682,106,0,239,'102_1.JPG'),(3683,70,0,239,'Cartier ring'),(3684,81,0,239,'Cartier ring'),(3685,83,0,239,'Cartier ring'),(3686,115,0,239,'102cartier ring'),(3687,118,0,239,'0'),(3688,103,0,239,'container2'),(3689,106,0,240,'103_1.JPG'),(3690,70,0,240,'Gucci ring'),(3691,81,0,240,'Gucci ring'),(3692,83,0,240,'Gucci ring'),(3693,115,0,240,'103gucci ring'),(3694,118,0,240,'0'),(3695,103,0,240,'container2'),(3696,106,0,241,'104_1.JPG'),(3697,70,0,241,'Gucci ring'),(3698,81,0,241,'Gucci ring'),(3699,83,0,241,'Gucci ring'),(3700,115,0,241,'104gucci ring'),(3701,118,0,241,'0'),(3702,103,0,241,'container2'),(3703,106,0,242,'105_1.JPG'),(3704,70,0,242,'Van Cleef ring'),(3705,81,0,242,'Van Cleef ring'),(3706,83,0,242,'Van Cleef ring'),(3707,115,0,242,'105van cleef ring'),(3708,118,0,242,'0'),(3709,103,0,242,'container2'),(3710,106,0,243,'106_1.JPG'),(3711,70,0,243,'Valentino ring'),(3712,81,0,243,'Valentino ring'),(3713,83,0,243,'Valentino ring'),(3714,115,0,243,'106valentino ring'),(3715,118,0,243,'0'),(3716,103,0,243,'container2'),(3717,106,0,244,'107_1.JPG'),(3718,70,0,244,'Prada ring'),(3719,81,0,244,'Prada ring'),(3720,83,0,244,'Prada ring'),(3721,115,0,244,'107prada ring'),(3722,118,0,244,'0'),(3723,103,0,244,'container2'),(3724,106,0,245,'108_1.JPG'),(3725,70,0,245,'YSL Necklace'),(3726,81,0,245,'YSL Necklace'),(3727,83,0,245,'YSL Necklace'),(3728,115,0,245,'108ysl necklace'),(3729,118,0,245,'0'),(3730,103,0,245,'container2'),(3731,106,0,246,'109_1.JPG'),(3732,70,0,246,'Van Cleef Necklace'),(3733,81,0,246,'Van Cleef Necklace'),(3734,83,0,246,'Van Cleef Necklace'),(3735,115,0,246,'109van cleef necklace'),(3736,118,0,246,'0'),(3737,103,0,246,'container2'),(3738,106,0,247,'110_1.JPG'),(3739,70,0,247,'Channel Necklace'),(3740,81,0,247,'Channel Necklace'),(3741,83,0,247,'Channel Necklace'),(3742,115,0,247,'110channel necklace'),(3743,118,0,247,'0'),(3744,103,0,247,'container2'),(3745,106,0,248,'131_1.JPG'),(3746,70,0,248,'Gucci bracelet'),(3747,81,0,248,'Gucci bracelet'),(3748,83,0,248,'Gucci bracelet'),(3749,115,0,248,'131gucci bracelet'),(3750,118,0,248,'0'),(3751,103,0,248,'container2'),(3752,106,0,249,'132_1.JPG'),(3753,70,0,249,'Cartier bracelet'),(3754,81,0,249,'Cartier bracelet'),(3755,83,0,249,'Cartier bracelet'),(3756,115,0,249,'132cartier bracelet'),(3757,118,0,249,'0'),(3758,103,0,249,'container2'),(3759,106,0,250,'133_1.JPG'),(3760,70,0,250,'Saint Laurnet earrings'),(3761,81,0,250,'Saint Laurnet earrings'),(3762,83,0,250,'Saint Laurnet earrings'),(3763,115,0,250,'133saint laurnet earrings'),(3764,118,0,250,'0'),(3765,103,0,250,'container2'),(3766,106,0,251,'134_1.JPG'),(3767,70,0,251,'Cartier bracelet'),(3768,81,0,251,'Cartier bracelet'),(3769,83,0,251,'Cartier bracelet'),(3770,115,0,251,'134cartier bracelet'),(3771,118,0,251,'0'),(3772,103,0,251,'container2'),(3773,106,0,252,'135_1.JPG'),(3774,70,0,252,'Prada bracelet'),(3775,81,0,252,'Prada bracelet'),(3776,83,0,252,'Prada bracelet'),(3777,115,0,252,'135prada bracelet'),(3778,118,0,252,'0'),(3779,103,0,252,'container2'),(3780,106,0,253,'136_1.JPG'),(3781,70,0,253,'Dior bracelet'),(3782,81,0,253,'Dior bracelet'),(3783,83,0,253,'Dior bracelet'),(3784,115,0,253,'136dior bracelet'),(3785,118,0,253,'0'),(3786,103,0,253,'container2'),(3787,106,0,254,'137_1.JPG'),(3788,70,0,254,'Dior earrings'),(3789,81,0,254,'Dior earrings'),(3790,83,0,254,'Dior earrings'),(3791,115,0,254,'137dior earrings'),(3792,118,0,254,'0'),(3793,103,0,254,'container2'),(3794,106,0,255,'138_1.JPG'),(3795,70,0,255,'Dior earrings'),(3796,81,0,255,'Dior earrings'),(3797,83,0,255,'Dior earrings'),(3798,115,0,255,'138dior earrings'),(3799,118,0,255,'0'),(3800,103,0,255,'container2'),(3801,106,0,256,'139_1.JPG'),(3802,70,0,256,'Gucci earrings'),(3803,81,0,256,'Gucci earrings'),(3804,83,0,256,'Gucci earrings'),(3805,115,0,256,'139gucci earrings'),(3806,118,0,256,'0'),(3807,103,0,256,'container2'),(3808,106,0,257,'140_1.JPG'),(3809,70,0,257,'Gucci earrings'),(3810,81,0,257,'Gucci earrings'),(3811,83,0,257,'Gucci earrings'),(3812,115,0,257,'140gucci earrings'),(3813,118,0,257,'0'),(3814,103,0,257,'container2'),(3815,106,0,258,'141_1.JPG'),(3816,70,0,258,'Gucci earrings'),(3817,81,0,258,'Gucci earrings'),(3818,83,0,258,'Gucci earrings'),(3819,115,0,258,'141gucci earrings'),(3820,118,0,258,'0'),(3821,103,0,258,'container2'),(3822,106,0,259,'142_1.JPG'),(3823,70,0,259,'Gucci earrings'),(3824,81,0,259,'Gucci earrings'),(3825,83,0,259,'Gucci earrings'),(3826,115,0,259,'142gucci earrings'),(3827,118,0,259,'0'),(3828,103,0,259,'container2'),(3829,106,0,260,'143_1.JPG'),(3830,70,0,260,'Gucci earrings'),(3831,81,0,260,'Gucci earrings'),(3832,83,0,260,'Gucci earrings'),(3833,115,0,260,'143gucci earrings'),(3834,118,0,260,'0'),(3835,103,0,260,'container2'),(3836,106,0,261,'144_1.JPG'),(3837,70,0,261,'Channel earrings'),(3838,81,0,261,'Channel earrings'),(3839,83,0,261,'Channel earrings'),(3840,115,0,261,'144channel earrings'),(3841,118,0,261,'0'),(3842,103,0,261,'container2'),(3843,106,0,262,'145_1.JPG'),(3844,70,0,262,'Channel earrings'),(3845,81,0,262,'Channel earrings'),(3846,83,0,262,'Channel earrings'),(3847,115,0,262,'145channel earrings'),(3848,118,0,262,'0'),(3849,103,0,262,'container2'),(3850,106,0,263,'146_1.JPG'),(3851,70,0,263,'Valentino earrings'),(3852,81,0,263,'Valentino earrings'),(3853,83,0,263,'Valentino earrings'),(3854,115,0,263,'146valentino earrings'),(3855,118,0,263,'0'),(3856,103,0,263,'container2'),(3857,106,0,264,'147_1.JPG'),(3858,70,0,264,'Cartier earrings'),(3859,81,0,264,'Cartier earrings'),(3860,83,0,264,'Cartier earrings'),(3861,115,0,264,'147cartier earrings'),(3862,118,0,264,'0'),(3863,103,0,264,'container2'),(3864,106,0,265,'148_1.JPG'),(3865,70,0,265,'Prada earrings'),(3866,81,0,265,'Prada earrings'),(3867,83,0,265,'Prada earrings'),(3868,115,0,265,'148prada earrings'),(3869,118,0,265,'0'),(3870,103,0,265,'container2'),(3871,106,0,266,'149_1.JPG'),(3872,70,0,266,'Dior set'),(3873,81,0,266,'Dior set'),(3874,83,0,266,'Dior set'),(3875,115,0,266,'149dior set'),(3876,118,0,266,'0'),(3877,103,0,266,'container2'),(3878,106,0,267,'111_1.JPG'),(3879,70,0,267,'Channel Necklace'),(3880,81,0,267,'Channel Necklace'),(3881,83,0,267,'Channel Necklace'),(3882,115,0,267,'111channel necklace'),(3883,118,0,267,'0'),(3884,103,0,267,'container2'),(3885,106,0,268,'112_1.JPG'),(3886,70,0,268,'Channel Necklace'),(3887,81,0,268,'Channel Necklace'),(3888,83,0,268,'Channel Necklace'),(3889,115,0,268,'112channel necklace'),(3890,118,0,268,'0'),(3891,103,0,268,'container2'),(3892,106,0,269,'113_1.JPG'),(3893,70,0,269,'Channel Necklace'),(3894,81,0,269,'Channel Necklace'),(3895,83,0,269,'Channel Necklace'),(3896,115,0,269,'113channel necklace'),(3897,118,0,269,'0'),(3898,103,0,269,'container2'),(3899,106,0,270,'114_1.JPG'),(3900,70,0,270,'Gucci Neclace'),(3901,81,0,270,'Gucci Neclace'),(3902,83,0,270,'Gucci Neclace'),(3903,115,0,270,'114gucci neclace'),(3904,118,0,270,'0'),(3905,103,0,270,'container2'),(3906,106,0,271,'115_1.JPG'),(3907,70,0,271,'Gucci Neclace'),(3908,81,0,271,'Gucci Neclace'),(3909,83,0,271,'Gucci Neclace'),(3910,115,0,271,'115gucci neclace'),(3911,118,0,271,'0'),(3912,103,0,271,'container2'),(3913,106,0,272,'116_1.JPG'),(3914,70,0,272,'Gucci Neclace'),(3915,81,0,272,'Gucci Neclace'),(3916,83,0,272,'Gucci Neclace'),(3917,115,0,272,'116gucci neclace'),(3918,118,0,272,'0'),(3919,103,0,272,'container2'),(3920,106,0,273,'117_1.JPG'),(3921,70,0,273,'Dior Necklace'),(3922,81,0,273,'Dior Necklace'),(3923,83,0,273,'Dior Necklace'),(3924,115,0,273,'117dior necklace'),(3925,118,0,273,'0'),(3926,103,0,273,'container2'),(3927,106,0,274,'118_1.JPG'),(3928,70,0,274,'Gucci Neclace'),(3929,81,0,274,'Gucci Neclace'),(3930,83,0,274,'Gucci Neclace'),(3931,115,0,274,'118gucci neclace'),(3932,118,0,274,'0'),(3933,103,0,274,'container2'),(3934,106,0,275,'119_1.JPG'),(3935,70,0,275,'Versace Necklace'),(3936,81,0,275,'Versace Necklace'),(3937,83,0,275,'Versace Necklace'),(3938,115,0,275,'119versace necklace'),(3939,118,0,275,'0'),(3940,103,0,275,'container2'),(3941,106,0,276,'121_1.JPG'),(3942,70,0,276,'Prada Necklace'),(3943,81,0,276,'Prada Necklace'),(3944,83,0,276,'Prada Necklace'),(3945,115,0,276,'121prada necklace'),(3946,118,0,276,'0'),(3947,103,0,276,'container2'),(3948,106,0,277,'122_1.JPG'),(3949,70,0,277,'Prada Necklace'),(3950,81,0,277,'Prada Necklace'),(3951,83,0,277,'Prada Necklace'),(3952,115,0,277,'122prada necklace'),(3953,118,0,277,'0'),(3954,103,0,277,'container2'),(3955,106,0,278,'123_1.JPG'),(3956,70,0,278,'Valentino Necklace'),(3957,81,0,278,'Valentino Necklace'),(3958,83,0,278,'Valentino Necklace'),(3959,115,0,278,'123valentino necklace'),(3960,118,0,278,'0'),(3961,103,0,278,'container2'),(3962,106,0,279,'124_1.JPG'),(3963,70,0,279,'Valentino Necklace'),(3964,81,0,279,'Valentino Necklace'),(3965,83,0,279,'Valentino Necklace'),(3966,115,0,279,'124valentino necklace'),(3967,118,0,279,'0'),(3968,103,0,279,'container2'),(3969,106,0,280,'125_1.JPG'),(3970,70,0,280,'Hermis Necklace'),(3971,81,0,280,'Hermis Necklace'),(3972,83,0,280,'Hermis Necklace'),(3973,115,0,280,'125hermis necklace'),(3974,118,0,280,'0'),(3975,103,0,280,'container2'),(3976,106,0,281,'126_1.JPG'),(3977,70,0,281,'Cartier Love necklace'),(3978,81,0,281,'Cartier Love necklace'),(3979,83,0,281,'Cartier Love necklace'),(3980,115,0,281,'126cartier love necklace'),(3981,118,0,281,'0'),(3982,103,0,281,'container2'),(3983,106,0,282,'127_1.JPG'),(3984,70,0,282,'Cartier Love bracelet'),(3985,81,0,282,'Cartier Love bracelet'),(3986,83,0,282,'Cartier Love bracelet'),(3987,115,0,282,'127cartier love bracelet'),(3988,118,0,282,'0'),(3989,103,0,282,'container2'),(3990,106,0,283,'128_1.JPG'),(3991,70,0,283,'Van Cleef signature bracelet'),(3992,81,0,283,'Van Cleef signature bracelet'),(3993,83,0,283,'Van Cleef signature bracelet'),(3994,115,0,283,'128van cleef signature bracelet'),(3995,118,0,283,'0'),(3996,103,0,283,'container2'),(3997,106,0,284,'129_1.JPG'),(3998,70,0,284,'Channel bracelet'),(3999,81,0,284,'Channel bracelet'),(4000,83,0,284,'Channel bracelet'),(4001,115,0,284,'129channel bracelet'),(4002,118,0,284,'0'),(4003,103,0,284,'container2'),(4004,106,0,285,'130_1.JPG'),(4005,70,0,285,'Channel bracelet'),(4006,81,0,285,'Channel bracelet'),(4007,83,0,285,'Channel bracelet'),(4008,115,0,285,'130channel bracelet'),(4009,118,0,285,'0'),(4010,103,0,285,'container2'),(4011,106,0,286,'150_1.JPG'),(4012,70,0,286,'Van Cleef set'),(4013,81,0,286,'Van Cleef set'),(4014,83,0,286,'Van Cleef set'),(4015,115,0,286,'150van cleef set'),(4016,118,0,286,'0'),(4017,103,0,286,'container2'),(4018,106,0,287,'151_1.JPG'),(4019,70,0,287,'Van Cleef set'),(4020,81,0,287,'Van Cleef set'),(4021,83,0,287,'Van Cleef set'),(4022,115,0,287,'151van cleef set'),(4023,118,0,287,'0'),(4024,103,0,287,'container2'),(4025,106,0,288,'152_1.JPG'),(4026,70,0,288,'Marli set'),(4027,81,0,288,'Marli set'),(4028,83,0,288,'Marli set'),(4029,115,0,288,'152marli set'),(4030,118,0,288,'0'),(4031,103,0,288,'container2'),(4032,106,0,289,'153.JPG'),(4033,70,0,289,'Saint Laurnet earring'),(4034,81,0,289,'Saint Laurnet earring'),(4035,83,0,289,'Saint Laurnet earring'),(4036,115,0,289,'153saint laurnet earring'),(4037,118,0,289,'0'),(4038,103,0,289,'container2'),(4039,106,0,290,'154_1.JPG'),(4040,70,0,290,'Hermis wallet'),(4041,81,0,290,'Hermis wallet'),(4042,83,0,290,'Hermis wallet'),(4043,115,0,290,'154hermis wallet'),(4044,118,0,290,'0'),(4045,103,0,290,'container2'),(4046,106,0,291,'155_2.JPG'),(4047,70,0,291,'Saint Laruent bracelet'),(4048,81,0,291,'Saint Laruent bracelet'),(4049,83,0,291,'Saint Laruent bracelet'),(4050,115,0,291,'155saint laruent bracelet'),(4051,118,0,291,'0'),(4052,103,0,291,'container2'),(4053,106,0,292,'156_1.JPG'),(4054,70,0,292,'Fendi Bag'),(4055,81,0,292,'Fendi Bag'),(4056,83,0,292,'Fendi Bag'),(4057,115,0,292,'156fendi bag'),(4058,118,0,292,'0'),(4059,103,0,292,'container2'),(4060,106,0,293,'157_1.JPG'),(4061,70,0,293,'Fendi Bag'),(4062,81,0,293,'Fendi Bag'),(4063,83,0,293,'Fendi Bag'),(4064,115,0,293,'157fendi bag'),(4065,118,0,293,'0'),(4066,103,0,293,'container2'),(4067,106,0,294,'158_1.JPG'),(4068,70,0,294,'Fendi Bag'),(4069,81,0,294,'Fendi Bag'),(4070,83,0,294,'Fendi Bag'),(4071,115,0,294,'158fendibag'),(4072,118,0,294,'0'),(4073,103,0,294,'container2'),(4074,106,0,295,'159_1.JPG'),(4075,70,0,295,'Cartier set'),(4076,81,0,295,'Cartier set'),(4077,83,0,295,'Cartier set'),(4078,115,0,295,'223ddd'),(4079,118,0,295,'0'),(4080,103,0,295,'container2'),(4081,106,0,296,'31_1.JPG'),(4082,70,0,296,'Goyard Pouch bag'),(4083,81,0,296,'Goyard Pouch bag'),(4084,83,0,296,'Goyard Pouch bag'),(4085,115,0,296,'31goyard-pouch-bag'),(4086,118,0,296,'0'),(4087,103,0,296,'container2'),(4088,106,0,297,'34_1.JPG'),(4089,70,0,297,'Carolina Herrera Pouch bag'),(4090,81,0,297,'Carolina Herrera Pouch bag'),(4091,83,0,297,'Carolina Herrera Pouch bag'),(4092,115,0,297,'34carolina-herrera-pouch-bag'),(4093,118,0,297,'0'),(4094,103,0,297,'container2'),(4095,106,0,298,'41_1.JPG'),(4096,70,0,298,'Dior tote bag'),(4097,81,0,298,'Dior tote bag'),(4098,83,0,298,'Dior tote bag'),(4099,115,0,298,'41dior-tote-bag'),(4100,118,0,298,'0'),(4101,103,0,298,'container2'),(4112,130,0,298,'0'),(4113,130,0,297,'0'),(4114,130,0,296,'0'),(4115,70,0,299,'Gucci set'),(4116,81,0,299,'Gucci set'),(4117,83,0,299,'Gucci set 2 pieces set of Gucci pearled bracelet and choker\r\n'),(4118,103,0,299,'container2'),(4119,115,0,299,'gucci-set'),(4120,118,0,299,'0'),(4121,130,0,299,'2'),(5196,84,0,147,'/1/_/1_1.jpg'),(5197,85,0,147,'/1/_/1_1.jpg'),(5198,86,0,147,'/1/_/1_1.jpg'),(5199,84,0,148,'/2/_/2.jpg'),(5200,85,0,148,'/2/_/2.jpg'),(5201,86,0,148,'/2/_/2.jpg'),(5202,84,0,149,'/3/_/3_1.jpg'),(5203,85,0,149,'/3/_/3_1.jpg'),(5204,86,0,149,'/3/_/3_1.jpg'),(5205,84,0,150,'/4/_/4_1.jpg'),(5206,85,0,150,'/4/_/4_1.jpg'),(5207,86,0,150,'/4/_/4_1.jpg'),(5208,84,0,151,'/5/_/5_1.jpg'),(5209,85,0,151,'/5/_/5_1.jpg'),(5210,86,0,151,'/5/_/5_1.jpg'),(5211,84,0,152,'/6/_/6.jpg'),(5212,85,0,152,'/6/_/6.jpg'),(5213,86,0,152,'/6/_/6.jpg'),(5214,84,0,153,'/7/_/7_1.jpg'),(5215,85,0,153,'/7/_/7_1.jpg'),(5216,86,0,153,'/7/_/7_1.jpg'),(5217,84,0,154,'/8/_/8.jpg'),(5218,85,0,154,'/8/_/8.jpg'),(5219,86,0,154,'/8/_/8.jpg'),(5220,84,0,155,'/9/_/9_1.jpg'),(5221,85,0,155,'/9/_/9_1.jpg'),(5222,86,0,155,'/9/_/9_1.jpg'),(5223,84,0,156,'/1/0/10.jpg'),(5224,85,0,156,'/1/0/10.jpg'),(5225,86,0,156,'/1/0/10.jpg'),(5226,84,0,157,'/1/1/11_1.jpg'),(5227,85,0,157,'/1/1/11_1.jpg'),(5228,86,0,157,'/1/1/11_1.jpg'),(5229,84,0,158,'/1/2/12_1.jpg'),(5230,85,0,158,'/1/2/12_1.jpg'),(5231,86,0,158,'/1/2/12_1.jpg'),(5232,84,0,159,'/1/3/13_1.jpg'),(5233,85,0,159,'/1/3/13_1.jpg'),(5234,86,0,159,'/1/3/13_1.jpg'),(5235,84,0,160,'/1/4/14_1.jpg'),(5236,85,0,160,'/1/4/14_1.jpg'),(5237,86,0,160,'/1/4/14_1.jpg'),(5238,84,0,161,'/1/5/15_1.jpg'),(5239,85,0,161,'/1/5/15_1.jpg'),(5240,86,0,161,'/1/5/15_1.jpg'),(5241,84,0,162,'/1/6/16_1_1.jpg'),(5242,85,0,162,'/1/6/16_1_1.jpg'),(5243,86,0,162,'/1/6/16_1_1.jpg'),(5244,84,0,163,'/1/7/17_1.jpg'),(5245,85,0,163,'/1/7/17_1.jpg'),(5246,86,0,163,'/1/7/17_1.jpg'),(5247,84,0,164,'/1/8/18_1.jpg'),(5248,85,0,164,'/1/8/18_1.jpg'),(5249,86,0,164,'/1/8/18_1.jpg'),(5250,84,0,165,'/1/9/19_1.jpg'),(5251,85,0,165,'/1/9/19_1.jpg'),(5252,86,0,165,'/1/9/19_1.jpg'),(5253,84,0,166,'/2/0/20_1.jpg'),(5254,85,0,166,'/2/0/20_1.jpg'),(5255,86,0,166,'/2/0/20_1.jpg'),(5256,84,0,167,'/2/1/21_1.jpg'),(5257,85,0,167,'/2/1/21_1.jpg'),(5258,86,0,167,'/2/1/21_1.jpg'),(5259,84,0,168,'/2/2/22_1.jpg'),(5260,85,0,168,'/2/2/22_1.jpg'),(5261,86,0,168,'/2/2/22_1.jpg'),(5262,84,0,169,'/2/3/23_3.jpg'),(5263,85,0,169,'/2/3/23_3.jpg'),(5264,86,0,169,'/2/3/23_3.jpg'),(5265,84,0,170,'/2/4/24_1.jpg'),(5266,85,0,170,'/2/4/24_1.jpg'),(5267,86,0,170,'/2/4/24_1.jpg'),(5268,84,0,171,'/2/5/25_2.jpg'),(5269,85,0,171,'/2/5/25_2.jpg'),(5270,86,0,171,'/2/5/25_2.jpg'),(5271,84,0,172,'/2/6/26_1.jpg'),(5272,85,0,172,'/2/6/26_1.jpg'),(5273,86,0,172,'/2/6/26_1.jpg'),(5274,84,0,173,'/2/7/27_1_1.jpg'),(5275,85,0,173,'/2/7/27_1_1.jpg'),(5276,86,0,173,'/2/7/27_1_1.jpg'),(5277,84,0,174,'/2/8/28_1.jpg'),(5278,85,0,174,'/2/8/28_1.jpg'),(5279,86,0,174,'/2/8/28_1.jpg'),(5280,84,0,175,'/2/9/29_1.jpg'),(5281,85,0,175,'/2/9/29_1.jpg'),(5282,86,0,175,'/2/9/29_1.jpg'),(5283,84,0,176,'/3/0/30.jpg'),(5284,85,0,176,'/3/0/30.jpg'),(5285,86,0,176,'/3/0/30.jpg'),(5286,84,0,177,'/3/2/32_1.jpg'),(5287,85,0,177,'/3/2/32_1.jpg'),(5288,86,0,177,'/3/2/32_1.jpg'),(5289,84,0,178,'/3/3/33_1.jpg'),(5290,85,0,178,'/3/3/33_1.jpg'),(5291,86,0,178,'/3/3/33_1.jpg'),(5292,84,0,179,'/3/5/35_1.jpg'),(5293,85,0,179,'/3/5/35_1.jpg'),(5294,86,0,179,'/3/5/35_1.jpg'),(5295,84,0,180,'/3/6/36_1.jpg'),(5296,85,0,180,'/3/6/36_1.jpg'),(5297,86,0,180,'/3/6/36_1.jpg'),(5298,84,0,181,'/3/7/37_1.jpg'),(5299,85,0,181,'/3/7/37_1.jpg'),(5300,86,0,181,'/3/7/37_1.jpg'),(5301,84,0,182,'/3/8/38.jpg'),(5302,85,0,182,'/3/8/38.jpg'),(5303,86,0,182,'/3/8/38.jpg'),(5304,84,0,183,'/4/0/40_1.jpg'),(5305,85,0,183,'/4/0/40_1.jpg'),(5306,86,0,183,'/4/0/40_1.jpg'),(5307,84,0,184,'/3/9/39_1.jpg'),(5308,85,0,184,'/3/9/39_1.jpg'),(5309,86,0,184,'/3/9/39_1.jpg'),(5310,84,0,185,'/4/3/43_1.jpg'),(5311,85,0,185,'/4/3/43_1.jpg'),(5312,86,0,185,'/4/3/43_1.jpg'),(5313,84,0,186,'/4/4/44_1.jpg'),(5314,85,0,186,'/4/4/44_1.jpg'),(5315,86,0,186,'/4/4/44_1.jpg'),(5316,84,0,187,'/4/6/46_1.jpg'),(5317,85,0,187,'/4/6/46_1.jpg'),(5318,86,0,187,'/4/6/46_1.jpg'),(5319,84,0,188,'/4/7/47_1.jpg'),(5320,85,0,188,'/4/7/47_1.jpg'),(5321,86,0,188,'/4/7/47_1.jpg'),(5322,84,0,189,'/4/9/49_1.jpg'),(5323,85,0,189,'/4/9/49_1.jpg'),(5324,86,0,189,'/4/9/49_1.jpg'),(5325,84,0,190,'/5/0/50_1.jpg'),(5326,85,0,190,'/5/0/50_1.jpg'),(5327,86,0,190,'/5/0/50_1.jpg'),(5328,84,0,191,'/5/1/51_1.jpg'),(5329,85,0,191,'/5/1/51_1.jpg'),(5330,86,0,191,'/5/1/51_1.jpg'),(5331,84,0,192,'/5/3/53_1.jpg'),(5332,85,0,192,'/5/3/53_1.jpg'),(5333,86,0,192,'/5/3/53_1.jpg'),(5334,84,0,193,'/5/4/54_1.jpg'),(5335,85,0,193,'/5/4/54_1.jpg'),(5336,86,0,193,'/5/4/54_1.jpg'),(5337,84,0,194,'/5/5/55_1.jpg'),(5338,85,0,194,'/5/5/55_1.jpg'),(5339,86,0,194,'/5/5/55_1.jpg'),(5340,84,0,195,'/5/6/56_1.jpg'),(5341,85,0,195,'/5/6/56_1.jpg'),(5342,86,0,195,'/5/6/56_1.jpg'),(5343,84,0,196,'/5/7/57_1.jpg'),(5344,85,0,196,'/5/7/57_1.jpg'),(5345,86,0,196,'/5/7/57_1.jpg'),(5346,84,0,197,'/5/8/58_1.jpg'),(5347,85,0,197,'/5/8/58_1.jpg'),(5348,86,0,197,'/5/8/58_1.jpg'),(5349,84,0,198,'/5/9/59_1.jpg'),(5350,85,0,198,'/5/9/59_1.jpg'),(5351,86,0,198,'/5/9/59_1.jpg'),(5352,84,0,199,'/6/0/60_1.jpg'),(5353,85,0,199,'/6/0/60_1.jpg'),(5354,86,0,199,'/6/0/60_1.jpg'),(5355,84,0,200,'/6/1/61_1.jpg'),(5356,85,0,200,'/6/1/61_1.jpg'),(5357,86,0,200,'/6/1/61_1.jpg'),(5358,84,0,201,'/6/3/63_1_1.jpg'),(5359,85,0,201,'/6/3/63_1_1.jpg'),(5360,86,0,201,'/6/3/63_1_1.jpg'),(5361,84,0,202,'/6/4/64_3.jpg'),(5362,85,0,202,'/6/4/64_3.jpg'),(5363,86,0,202,'/6/4/64_3.jpg'),(5364,84,0,203,'/6/5/65_1.jpg'),(5365,85,0,203,'/6/5/65_1.jpg'),(5366,86,0,203,'/6/5/65_1.jpg'),(5367,84,0,204,'/6/6/66_1.jpg'),(5368,85,0,204,'/6/6/66_1.jpg'),(5369,86,0,204,'/6/6/66_1.jpg'),(5370,84,0,205,'/6/7/67_1.jpg'),(5371,85,0,205,'/6/7/67_1.jpg'),(5372,86,0,205,'/6/7/67_1.jpg'),(5373,84,0,206,'/6/8/68_1.jpg'),(5374,85,0,206,'/6/8/68_1.jpg'),(5375,86,0,206,'/6/8/68_1.jpg'),(5376,84,0,207,'/6/9/69_1.jpg'),(5377,85,0,207,'/6/9/69_1.jpg'),(5378,86,0,207,'/6/9/69_1.jpg'),(5379,84,0,208,'/7/0/70_1.jpg'),(5380,85,0,208,'/7/0/70_1.jpg'),(5381,86,0,208,'/7/0/70_1.jpg'),(5382,84,0,209,'/7/1/71_1_1.jpg'),(5383,85,0,209,'/7/1/71_1_1.jpg'),(5384,86,0,209,'/7/1/71_1_1.jpg'),(5385,84,0,210,'/7/2/72_1.jpg'),(5386,85,0,210,'/7/2/72_1.jpg'),(5387,86,0,210,'/7/2/72_1.jpg'),(5388,84,0,211,'/7/3/73_1.jpg'),(5389,85,0,211,'/7/3/73_1.jpg'),(5390,86,0,211,'/7/3/73_1.jpg'),(5391,84,0,212,'/7/4/74_1.jpg'),(5392,85,0,212,'/7/4/74_1.jpg'),(5393,86,0,212,'/7/4/74_1.jpg'),(5394,84,0,213,'/7/5/75_1.jpg'),(5395,85,0,213,'/7/5/75_1.jpg'),(5396,86,0,213,'/7/5/75_1.jpg'),(5397,84,0,214,'/7/6/76_1.jpg'),(5398,85,0,214,'/7/6/76_1.jpg'),(5399,86,0,214,'/7/6/76_1.jpg'),(5400,84,0,215,'/7/7/77_1.jpg'),(5401,85,0,215,'/7/7/77_1.jpg'),(5402,86,0,215,'/7/7/77_1.jpg'),(5403,84,0,216,'/7/8/78_1.jpg'),(5404,85,0,216,'/7/8/78_1.jpg'),(5405,86,0,216,'/7/8/78_1.jpg'),(5406,84,0,217,'/7/9/79_1.jpg'),(5407,85,0,217,'/7/9/79_1.jpg'),(5408,86,0,217,'/7/9/79_1.jpg'),(5409,84,0,218,'/8/0/80.jpg'),(5410,85,0,218,'/8/0/80.jpg'),(5411,86,0,218,'/8/0/80.jpg'),(5412,84,0,219,'/8/1/81_1.jpg'),(5413,85,0,219,'/8/1/81_1.jpg'),(5414,86,0,219,'/8/1/81_1.jpg'),(5415,84,0,220,'/8/3/83_1.jpg'),(5416,85,0,220,'/8/3/83_1.jpg'),(5417,86,0,220,'/8/3/83_1.jpg'),(5418,84,0,221,'/8/4/84_1.jpg'),(5419,85,0,221,'/8/4/84_1.jpg'),(5420,86,0,221,'/8/4/84_1.jpg'),(5421,84,0,222,'/8/5/85.jpg'),(5422,85,0,222,'/8/5/85.jpg'),(5423,86,0,222,'/8/5/85.jpg'),(5424,84,0,223,'/8/6/86_1.jpg'),(5425,85,0,223,'/8/6/86_1.jpg'),(5426,86,0,223,'/8/6/86_1.jpg'),(5427,84,0,224,'/8/7/87.jpg'),(5428,85,0,224,'/8/7/87.jpg'),(5429,86,0,224,'/8/7/87.jpg'),(5430,84,0,225,'/8/8/88_1.jpg'),(5431,85,0,225,'/8/8/88_1.jpg'),(5432,86,0,225,'/8/8/88_1.jpg'),(5433,84,0,226,'/8/9/89_1.jpg'),(5434,85,0,226,'/8/9/89_1.jpg'),(5435,86,0,226,'/8/9/89_1.jpg'),(5436,84,0,227,'/9/0/90_1.jpg'),(5437,85,0,227,'/9/0/90_1.jpg'),(5438,86,0,227,'/9/0/90_1.jpg'),(5439,84,0,228,'/9/1/91_1_1.jpg'),(5440,85,0,228,'/9/1/91_1_1.jpg'),(5441,86,0,228,'/9/1/91_1_1.jpg'),(5442,84,0,229,'/9/2/92_1_1.jpg'),(5443,85,0,229,'/9/2/92_1_1.jpg'),(5444,86,0,229,'/9/2/92_1_1.jpg'),(5445,84,0,230,'/9/3/93_2.jpg'),(5446,85,0,230,'/9/3/93_2.jpg'),(5447,86,0,230,'/9/3/93_2.jpg'),(5448,84,0,231,'/9/4/94_2.jpg'),(5449,85,0,231,'/9/4/94_2.jpg'),(5450,86,0,231,'/9/4/94_2.jpg'),(5451,84,0,232,'/9/5/95.jpg'),(5452,85,0,232,'/9/5/95.jpg'),(5453,86,0,232,'/9/5/95.jpg'),(5454,84,0,233,'/9/6/96_1.jpg'),(5455,85,0,233,'/9/6/96_1.jpg'),(5456,86,0,233,'/9/6/96_1.jpg'),(5457,84,0,235,'/9/8/98_1.jpg'),(5458,85,0,235,'/9/8/98_1.jpg'),(5459,86,0,235,'/9/8/98_1.jpg'),(5460,84,0,236,'/9/9/99_1.jpg'),(5461,85,0,236,'/9/9/99_1.jpg'),(5462,86,0,236,'/9/9/99_1.jpg'),(5463,84,0,237,'/1/0/100_1.jpg'),(5464,85,0,237,'/1/0/100_1.jpg'),(5465,86,0,237,'/1/0/100_1.jpg'),(5466,84,0,238,'/1/0/101_1.jpg'),(5467,85,0,238,'/1/0/101_1.jpg'),(5468,86,0,238,'/1/0/101_1.jpg'),(5469,84,0,239,'/1/0/102_1.jpg'),(5470,85,0,239,'/1/0/102_1.jpg'),(5471,86,0,239,'/1/0/102_1.jpg'),(5472,84,0,240,'/1/0/103_1.jpg'),(5473,85,0,240,'/1/0/103_1.jpg'),(5474,86,0,240,'/1/0/103_1.jpg'),(5475,84,0,241,'/1/0/104_1.jpg'),(5476,85,0,241,'/1/0/104_1.jpg'),(5477,86,0,241,'/1/0/104_1.jpg'),(5478,84,0,242,'/1/0/105_1.jpg'),(5479,85,0,242,'/1/0/105_1.jpg'),(5480,86,0,242,'/1/0/105_1.jpg'),(5481,84,0,243,'/1/0/106_1.jpg'),(5482,85,0,243,'/1/0/106_1.jpg'),(5483,86,0,243,'/1/0/106_1.jpg'),(5484,84,0,244,'/1/0/107_1.jpg'),(5485,85,0,244,'/1/0/107_1.jpg'),(5486,86,0,244,'/1/0/107_1.jpg'),(5487,84,0,245,'/1/0/108_1.jpg'),(5488,85,0,245,'/1/0/108_1.jpg'),(5489,86,0,245,'/1/0/108_1.jpg'),(5490,84,0,246,'/1/0/109_1.jpg'),(5491,85,0,246,'/1/0/109_1.jpg'),(5492,86,0,246,'/1/0/109_1.jpg'),(6193,84,0,247,'/1/1/110_1.jpg'),(6194,85,0,247,'/1/1/110_1.jpg'),(6195,86,0,247,'/1/1/110_1.jpg'),(6196,84,0,248,'/1/3/131_1.jpg'),(6197,85,0,248,'/1/3/131_1.jpg'),(6198,86,0,248,'/1/3/131_1.jpg'),(6199,84,0,249,'/1/3/132_1.jpg'),(6200,85,0,249,'/1/3/132_1.jpg'),(6201,86,0,249,'/1/3/132_1.jpg'),(6202,84,0,250,'/1/3/133_1.jpg'),(6203,85,0,250,'/1/3/133_1.jpg'),(6204,86,0,250,'/1/3/133_1.jpg'),(6205,84,0,251,'/1/3/134_1.jpg'),(6206,85,0,251,'/1/3/134_1.jpg'),(6207,86,0,251,'/1/3/134_1.jpg'),(6208,84,0,252,'/1/3/135_1.jpg'),(6209,85,0,252,'/1/3/135_1.jpg'),(6210,86,0,252,'/1/3/135_1.jpg'),(6211,84,0,253,'/1/3/136_1.jpg'),(6212,85,0,253,'/1/3/136_1.jpg'),(6213,86,0,253,'/1/3/136_1.jpg'),(6214,84,0,254,'/1/3/137_1.jpg'),(6215,85,0,254,'/1/3/137_1.jpg'),(6216,86,0,254,'/1/3/137_1.jpg'),(6217,84,0,255,'/1/3/138_1.jpg'),(6218,85,0,255,'/1/3/138_1.jpg'),(6219,86,0,255,'/1/3/138_1.jpg'),(6220,84,0,256,'/1/3/139_1.jpg'),(6221,85,0,256,'/1/3/139_1.jpg'),(6222,86,0,256,'/1/3/139_1.jpg'),(6223,84,0,257,'/1/4/140_1.jpg'),(6224,85,0,257,'/1/4/140_1.jpg'),(6225,86,0,257,'/1/4/140_1.jpg'),(6226,84,0,258,'/1/4/141_1.jpg'),(6227,85,0,258,'/1/4/141_1.jpg'),(6228,86,0,258,'/1/4/141_1.jpg'),(6229,84,0,259,'/1/4/142_1.jpg'),(6230,85,0,259,'/1/4/142_1.jpg'),(6231,86,0,259,'/1/4/142_1.jpg'),(6232,84,0,260,'/1/4/143_1.jpg'),(6233,85,0,260,'/1/4/143_1.jpg'),(6234,86,0,260,'/1/4/143_1.jpg'),(6235,84,0,261,'/1/4/144_1.jpg'),(6236,85,0,261,'/1/4/144_1.jpg'),(6237,86,0,261,'/1/4/144_1.jpg'),(6238,84,0,262,'/1/4/145_1.jpg'),(6239,85,0,262,'/1/4/145_1.jpg'),(6240,86,0,262,'/1/4/145_1.jpg'),(6241,84,0,263,'/1/4/146_1.jpg'),(6242,85,0,263,'/1/4/146_1.jpg'),(6243,86,0,263,'/1/4/146_1.jpg'),(6244,84,0,264,'/1/4/147_1.jpg'),(6245,85,0,264,'/1/4/147_1.jpg'),(6246,86,0,264,'/1/4/147_1.jpg'),(6247,84,0,265,'/1/4/148_1.jpg'),(6248,85,0,265,'/1/4/148_1.jpg'),(6249,86,0,265,'/1/4/148_1.jpg'),(6250,84,0,266,'/1/4/149_1.jpg'),(6251,85,0,266,'/1/4/149_1.jpg'),(6252,86,0,266,'/1/4/149_1.jpg'),(6253,84,0,267,'/1/1/111_1.jpg'),(6254,85,0,267,'/1/1/111_1.jpg'),(6255,86,0,267,'/1/1/111_1.jpg'),(6256,84,0,268,'/1/1/112_1.jpg'),(6257,85,0,268,'/1/1/112_1.jpg'),(6258,86,0,268,'/1/1/112_1.jpg'),(6259,84,0,269,'/1/1/113_1.jpg'),(6260,85,0,269,'/1/1/113_1.jpg'),(6261,86,0,269,'/1/1/113_1.jpg'),(6262,84,0,270,'/1/1/114_1.jpg'),(6263,85,0,270,'/1/1/114_1.jpg'),(6264,86,0,270,'/1/1/114_1.jpg'),(6265,84,0,271,'/1/1/115_1.jpg'),(6266,85,0,271,'/1/1/115_1.jpg'),(6267,86,0,271,'/1/1/115_1.jpg'),(6268,84,0,272,'/1/1/116_1.jpg'),(6269,85,0,272,'/1/1/116_1.jpg'),(6270,86,0,272,'/1/1/116_1.jpg'),(6271,84,0,273,'/1/1/117_1.jpg'),(6272,85,0,273,'/1/1/117_1.jpg'),(6273,86,0,273,'/1/1/117_1.jpg'),(6274,84,0,274,'/1/1/118_1.jpg'),(6275,85,0,274,'/1/1/118_1.jpg'),(6276,86,0,274,'/1/1/118_1.jpg'),(6277,84,0,275,'/1/1/119_1.jpg'),(6278,85,0,275,'/1/1/119_1.jpg'),(6279,86,0,275,'/1/1/119_1.jpg'),(6280,84,0,276,'/1/2/121_1.jpg'),(6281,85,0,276,'/1/2/121_1.jpg'),(6282,86,0,276,'/1/2/121_1.jpg'),(6283,84,0,277,'/1/2/122_1.jpg'),(6284,85,0,277,'/1/2/122_1.jpg'),(6285,86,0,277,'/1/2/122_1.jpg'),(6286,84,0,278,'/1/2/123_1.jpg'),(6287,85,0,278,'/1/2/123_1.jpg'),(6288,86,0,278,'/1/2/123_1.jpg'),(6289,84,0,279,'/1/2/124_1.jpg'),(6290,85,0,279,'/1/2/124_1.jpg'),(6291,86,0,279,'/1/2/124_1.jpg'),(6292,84,0,280,'/1/2/125_1.jpg'),(6293,85,0,280,'/1/2/125_1.jpg'),(6294,86,0,280,'/1/2/125_1.jpg'),(6295,84,0,281,'/1/2/126_1.jpg'),(6296,85,0,281,'/1/2/126_1.jpg'),(6297,86,0,281,'/1/2/126_1.jpg'),(6298,84,0,282,'/1/2/127_1.jpg'),(6299,85,0,282,'/1/2/127_1.jpg'),(6300,86,0,282,'/1/2/127_1.jpg'),(6301,84,0,283,'/1/2/128_1.jpg'),(6302,85,0,283,'/1/2/128_1.jpg'),(6303,86,0,283,'/1/2/128_1.jpg'),(6304,84,0,284,'/1/2/129_1.jpg'),(6305,85,0,284,'/1/2/129_1.jpg'),(6306,86,0,284,'/1/2/129_1.jpg'),(6307,84,0,285,'/1/3/130_1.jpg'),(6308,85,0,285,'/1/3/130_1.jpg'),(6309,86,0,285,'/1/3/130_1.jpg'),(6310,84,0,286,'/1/5/150_1.jpg'),(6311,85,0,286,'/1/5/150_1.jpg'),(6312,86,0,286,'/1/5/150_1.jpg'),(6313,84,0,287,'/1/5/151_1.jpg'),(6314,85,0,287,'/1/5/151_1.jpg'),(6315,86,0,287,'/1/5/151_1.jpg'),(6316,84,0,288,'/1/5/152_1.jpg'),(6317,85,0,288,'/1/5/152_1.jpg'),(6318,86,0,288,'/1/5/152_1.jpg'),(6319,84,0,289,'/1/5/153.jpg'),(6320,85,0,289,'/1/5/153.jpg'),(6321,86,0,289,'/1/5/153.jpg'),(6322,84,0,290,'/1/5/154_1.jpg'),(6323,85,0,290,'/1/5/154_1.jpg'),(6324,86,0,290,'/1/5/154_1.jpg'),(6325,84,0,291,'/1/5/155_2.jpg'),(6326,85,0,291,'/1/5/155_2.jpg'),(6327,86,0,291,'/1/5/155_2.jpg'),(6328,84,0,292,'/1/5/156_1.jpg'),(6329,85,0,292,'/1/5/156_1.jpg'),(6330,86,0,292,'/1/5/156_1.jpg'),(6331,84,0,293,'/1/5/157_1.jpg'),(6332,85,0,293,'/1/5/157_1.jpg'),(6333,86,0,293,'/1/5/157_1.jpg'),(6334,84,0,294,'/1/5/158_1.jpg'),(6335,85,0,294,'/1/5/158_1.jpg'),(6336,86,0,294,'/1/5/158_1.jpg'),(6337,84,0,296,'/3/1/31_1.jpg'),(6338,85,0,296,'/3/1/31_1.jpg'),(6339,86,0,296,'/3/1/31_1.jpg'),(6340,84,0,297,'/3/4/34_1_1.jpg'),(6341,85,0,297,'/3/4/34_1_1.jpg'),(6342,86,0,297,'/3/4/34_1_1.jpg'),(6343,84,0,298,'/4/1/41_1.jpg'),(6344,85,0,298,'/4/1/41_1.jpg'),(6345,86,0,298,'/4/1/41_1.jpg'),(6346,106,0,299,'160_1.JPG'),(6721,130,0,147,'0'),(6725,107,0,147,'1_1.JPG'),(6727,108,0,147,'1_1.JPG'),(6728,130,0,151,'0'),(6732,107,0,151,'5.JPG'),(6734,108,0,151,'5.JPG');

--
-- Table structure for table `catalog_product_flat_1`
--

CREATE TABLE `catalog_product_flat_1` (
  `entity_id` int(10) unsigned NOT NULL COMMENT 'Entity Id',
  `attribute_set_id` smallint(5) unsigned NOT NULL DEFAULT '0' COMMENT 'Attribute Set ID',
  `type_id` varchar(32) NOT NULL DEFAULT 'simple' COMMENT 'Type Id',
  `climate` varchar(255) DEFAULT NULL COMMENT 'climate column',
  `color` int(11) DEFAULT NULL COMMENT 'color column',
  `color_value` varchar(255) DEFAULT NULL COMMENT 'color column',
  `cost` decimal(12,4) DEFAULT NULL COMMENT 'cost',
  `created_at` timestamp NULL DEFAULT NULL COMMENT 'created_at',
  `description` longtext COMMENT 'description',
  `featured` int(11) DEFAULT NULL COMMENT 'featured',
  `gift_message_available` smallint(6) DEFAULT NULL COMMENT 'gift_message_available column',
  `has_options` smallint(6) NOT NULL DEFAULT '0' COMMENT 'has_options',
  `image` varchar(255) DEFAULT NULL COMMENT 'image',
  `image_label` varchar(255) DEFAULT NULL COMMENT 'image_label',
  `links_exist` int(11) DEFAULT NULL COMMENT 'links_exist',
  `links_purchased_separately` int(11) DEFAULT NULL COMMENT 'links_purchased_separately',
  `links_title` varchar(255) DEFAULT NULL COMMENT 'links_title',
  `manufacturer` int(11) DEFAULT NULL COMMENT 'manufacturer column',
  `manufacturer_value` varchar(255) DEFAULT NULL COMMENT 'manufacturer column',
  `material` varchar(255) DEFAULT NULL COMMENT 'material column',
  `msrp` decimal(12,4) DEFAULT NULL COMMENT 'msrp',
  `msrp_display_actual_price_type` text COMMENT 'msrp_display_actual_price_type',
  `name` varchar(255) DEFAULT NULL COMMENT 'name',
  `news_from_date` datetime DEFAULT NULL COMMENT 'news_from_date',
  `news_to_date` datetime DEFAULT NULL COMMENT 'news_to_date',
  `pattern` varchar(255) DEFAULT NULL COMMENT 'pattern column',
  `price` decimal(12,4) DEFAULT NULL COMMENT 'price',
  `price_type` int(11) DEFAULT NULL COMMENT 'price_type',
  `price_view` int(11) DEFAULT NULL COMMENT 'Bundle Price View price_view column',
  `required_options` smallint(5) unsigned NOT NULL DEFAULT '0' COMMENT 'required_options',
  `short_description` longtext COMMENT 'short_description',
  `size` int(11) DEFAULT NULL COMMENT 'size column',
  `size_value` varchar(255) DEFAULT NULL COMMENT 'size column',
  `sku` varchar(64) DEFAULT NULL COMMENT 'sku',
  `sku_type` int(11) DEFAULT NULL COMMENT 'sku_type',
  `small_image` varchar(255) DEFAULT NULL COMMENT 'small_image',
  `small_image_label` varchar(255) DEFAULT NULL COMMENT 'small_image_label',
  `special_from_date` datetime DEFAULT NULL COMMENT 'special_from_date',
  `special_price` decimal(12,4) DEFAULT NULL COMMENT 'special_price',
  `special_to_date` datetime DEFAULT NULL COMMENT 'special_to_date',
  `swatch_image` varchar(255) DEFAULT NULL COMMENT 'swatch_image',
  `tax_class_id` int(10) unsigned DEFAULT NULL COMMENT 'tax_class_id tax column',
  `thumbnail` varchar(255) DEFAULT NULL COMMENT 'thumbnail',
  `thumbnail_label` varchar(255) DEFAULT NULL COMMENT 'thumbnail_label',
  `updated_at` timestamp NOT NULL DEFAULT '0000-00-00 00:00:00' COMMENT 'updated_at',
  `url_key` varchar(255) DEFAULT NULL COMMENT 'url_key',
  `url_path` varchar(255) DEFAULT NULL COMMENT 'url_path',
  `visibility` smallint(5) unsigned DEFAULT NULL COMMENT 'Catalog Product Visibility visibility column',
  `weight` decimal(12,4) DEFAULT NULL COMMENT 'weight',
  `weight_type` int(11) DEFAULT NULL COMMENT 'weight_type',
  PRIMARY KEY (`entity_id`),
  KEY `CATALOG_PRODUCT_FLAT_1_TMP_INDEXER_TYPE_ID` (`type_id`),
  KEY `CATALOG_PRODUCT_FLAT_1_TMP_INDEXER_ATTRIBUTE_SET_ID` (`attribute_set_id`),
  KEY `CATALOG_PRODUCT_FLAT_1_TMP_INDEXER_NAME` (`name`),
  KEY `CATALOG_PRODUCT_FLAT_1_TMP_INDEXER_PRICE` (`price`)
) ENGINE=InnoDB DEFAULT CHARSET=utf8 COMMENT='Catalog Product Flat (Store 1)';

--
-- Dumping data for table `catalog_product_flat_1`
--

INSERT INTO `catalog_product_flat_1` VALUES (1,4,'simple',NULL,5,'Blue',NULL,'2016-04-05 04:27:29','<p>Quisque sollicitudin nulla felis, vel sollicitudin felis mollis in. Cras mauris ligula, pharetra a consectetur a, interdum sit amet ex. Nunc dui nulla, efficitur a tempor non, euismod id libero. Quisque sapien enim, tempus tristique metus ut, vestibulum tincidunt mauris!</p>\r\n<p>Quisque sollicitudin nulla felis, vel sollicitudin felis mollis in. Cras mauris ligula, pharetra a consectetur a, interdum sit amet ex. Nunc dui nulla, efficitur a tempor non, euismod id libero. Quisque sapien enim, tempus tristique metus ut, vestibulum tincidunt mauris!</p>\r\n<p>Quisque sollicitudin nulla felis, vel sollicitudin felis mollis in. Cras mauris ligula, pharetra a consectetur a, interdum sit amet ex. Nunc dui nulla, efficitur a tempor non, euismod id libero. Quisque sapien enim, tempus tristique metus ut, vestibulum tincidunt mauris!</p>',1,NULL,0,'/m/2/m23.jpg',NULL,NULL,NULL,NULL,12,'Bub',NULL,NULL,NULL,'Primo Court Mid Suede',NULL,NULL,NULL,325.0000,NULL,NULL,0,'<p>Quisque sollicitudin nulla felis, vel sollicitudin felis mollis in. Cras mauris ligula, pharetra a consectetur a, interdum sit amet ex. Nunc dui nulla, efficitur a tempor non, euismod id libero. Quisque sapien enim, tempus tristique metus ut, vestibulum tincidunt mauris!</p>',16,'L','demo_1',NULL,'/m/2/m23.jpg',NULL,NULL,NULL,NULL,'/m/2/m23.jpg',0,'/m/2/m23.jpg',NULL,'2016-04-19 21:33:39','primo-court-mid-suede',NULL,4,1000.0000,NULL),(2,4,'simple','39',7,'Gray',NULL,'2016-04-06 03:45:04','<p>Quisque sollicitudin nulla felis, vel sollicitudin felis mollis in. Cras mauris ligula, pharetra a consectetur a, interdum sit amet ex. Nunc dui nulla, efficitur a tempor non, euismod id libero. Quisque sapien enim, tempus tristique metus ut, vestibulum tincidunt mauris!</p>\r\n<p>Quisque sollicitudin nulla felis, vel sollicitudin felis mollis in. Cras mauris ligula, pharetra a consectetur a, interdum sit amet ex. Nunc dui nulla, efficitur a tempor non, euismod id libero. Quisque sapien enim, tempus tristique metus ut, vestibulum tincidunt mauris!</p>\r\n<p>Quisque sollicitudin nulla felis, vel sollicitudin felis mollis in. Cras mauris ligula, pharetra a consectetur a, interdum sit amet ex. Nunc dui nulla, efficitur a tempor non, euismod id libero. Quisque sapien enim, tempus tristique metus ut, vestibulum tincidunt mauris!</p>',1,0,1,'/0/7/07_1.jpg',NULL,NULL,NULL,NULL,14,'Guc','22',NULL,NULL,'The Net Bag in Navy','2016-04-07 00:00:00','2022-04-07 00:00:00','31',369.0000,NULL,NULL,1,'<p>Quisque sollicitudin nulla felis, vel sollicitudin felis mollis in. Cras mauris ligula, pharetra a consectetur a, interdum sit amet ex. Nunc dui nulla, efficitur a tempor non, euismod id libero. Quisque sapien enim, tempus tristique metus ut, vestibulum tincidunt mauris!</p>',17,'M','demo_2',NULL,'/0/7/07_1.jpg',NULL,'2018-05-01 00:00:00',259.0000,'2022-05-16 00:00:00','/0/7/07_1.jpg',2,'/0/7/07_1.jpg',NULL,'2018-05-03 02:04:09','the-net-bag-in-navy',NULL,4,1000.0000,NULL),(3,4,'simple','39',6,'Brown',NULL,'2016-04-06 03:49:48','<p>Quisque sollicitudin nulla felis, vel sollicitudin felis mollis in. Cras mauris ligula, pharetra a consectetur a, interdum sit amet ex. Nunc dui nulla, efficitur a tempor non, euismod id libero. Quisque sapien enim, tempus tristique metus ut, vestibulum tincidunt mauris!</p>\r\n<p>Quisque sollicitudin nulla felis, vel sollicitudin felis mollis in. Cras mauris ligula, pharetra a consectetur a, interdum sit amet ex. Nunc dui nulla, efficitur a tempor non, euismod id libero. Quisque sapien enim, tempus tristique metus ut, vestibulum tincidunt mauris!</p>\r\n<p>Quisque sollicitudin nulla felis, vel sollicitudin felis mollis in. Cras mauris ligula, pharetra a consectetur a, interdum sit amet ex. Nunc dui nulla, efficitur a tempor non, euismod id libero. Quisque sapien enim, tempus tristique metus ut, vestibulum tincidunt mauris!</p>',1,0,0,'/1/6/16_1.jpg',NULL,NULL,NULL,NULL,13,'Cha','22',NULL,'0','Wave Ripped Straight','2018-05-01 00:00:00','2023-05-23 00:00:00','31',369.0000,NULL,NULL,0,'<p>Cras mauris ligula, pharetra a consectetur a, interdum sit amet ex. Nunc dui nulla, efficitur a tempor non, euismod id libero. Quisque sapien enim, tempus tristique metus ut, vestibulum tincidunt mauris!</p>',18,'S','demo_3',NULL,'/1/6/16_1.jpg',NULL,NULL,NULL,NULL,'/1/6/16_1.jpg',2,'/1/6/16_1.jpg',NULL,'2019-07-24 03:55:36','wave-ripped-straight',NULL,4,1000.0000,NULL),(4,4,'simple',NULL,10,'Red',NULL,'2016-04-06 04:19:41','<p>Quisque sollicitudin nulla felis, vel sollicitudin felis mollis in. Cras mauris ligula, pharetra a consectetur a, interdum sit amet ex. Nunc dui nulla, efficitur a tempor non, euismod id libero. Quisque sapien enim, tempus tristique metus ut, vestibulum tincidunt mauris!</p>\r\n<p>Quisque sollicitudin nulla felis, vel sollicitudin felis mollis in. Cras mauris ligula, pharetra a consectetur a, interdum sit amet ex. Nunc dui nulla, efficitur a tempor non, euismod id libero. Quisque sapien enim, tempus tristique metus ut, vestibulum tincidunt mauris!</p>\r\n<p>Quisque sollicitudin nulla felis, vel sollicitudin felis mollis in. Cras mauris ligula, pharetra a consectetur a, interdum sit amet ex. Nunc dui nulla, efficitur a tempor non, euismod id libero. Quisque sapien enim, tempus tristique metus ut, vestibulum tincidunt mauris!</p>',1,0,0,NULL,NULL,NULL,NULL,NULL,15,'Aso',NULL,NULL,NULL,'High Spray in Pearl Grey',NULL,NULL,NULL,234.0000,NULL,NULL,0,'<p>Cras mauris ligula, pharetra a consectetur a, interdum sit amet ex. Nunc dui nulla, efficitur a tempor non, euismod id libero. Quisque sapien enim, tempus tristique metus ut, vestibulum tincidunt mauris!</p>',20,'XS','demo_5',NULL,'/m/9/m9.jpg',NULL,NULL,NULL,NULL,'/m/9/m9.jpg',0,'/m/9/m9.jpg',NULL,'2019-07-24 03:55:23','high-spray-in-pearl-grey',NULL,4,1000.0000,NULL),(5,4,'configurable','39',NULL,NULL,NULL,'2016-04-06 04:19:43','<p>Quisque sollicitudin nulla felis, vel sollicitudin felis mollis in. Cras mauris ligula, pharetra a consectetur a, interdum sit amet ex. Nunc dui nulla, efficitur a tempor non, euismod id libero. Quisque sapien enim, tempus tristique metus ut, vestibulum tincidunt mauris!</p>\r\n<p>Quisque sollicitudin nulla felis, vel sollicitudin felis mollis in. Cras mauris ligula, pharetra a consectetur a, interdum sit amet ex. Nunc dui nulla, efficitur a tempor non, euismod id libero. Quisque sapien enim, tempus tristique metus ut, vestibulum tincidunt mauris!</p>\r\n<p>Quisque sollicitudin nulla felis, vel sollicitudin felis mollis in. Cras mauris ligula, pharetra a consectetur a, interdum sit amet ex. Nunc dui nulla, efficitur a tempor non, euismod id libero. Quisque sapien enim, tempus tristique metus ut, vestibulum tincidunt mauris!</p>',1,0,1,'/w/j/wj11-black_main_5.jpg',NULL,NULL,NULL,NULL,NULL,NULL,'22',NULL,'0','Configurable Product','2016-04-07 00:00:00','2018-04-07 00:00:00','31',NULL,NULL,NULL,1,'<p>Cras mauris ligula, pharetra a consectetur a, interdum sit amet ex. Nunc dui nulla, efficitur a tempor non, euismod id libero. Quisque sapien enim, tempus tristique metus ut, vestibulum tincidunt mauris!</p>',NULL,NULL,'demo_4',NULL,'/w/j/wj11-black_main_5.jpg',NULL,NULL,NULL,NULL,NULL,0,'/w/j/wj11-black_main_5.jpg',NULL,'2019-07-24 03:53:46','configurable-product',NULL,4,1000.0000,NULL),(6,4,'simple',NULL,9,'Orange',NULL,'2016-04-06 04:36:40','<p>Quisque sollicitudin nulla felis, vel sollicitudin felis mollis in. Cras mauris ligula, pharetra a consectetur a, interdum sit amet ex. Nunc dui nulla, efficitur a tempor non, euismod id libero. Quisque sapien enim, tempus tristique metus ut, vestibulum tincidunt mauris!</p>\r\n<p>Quisque sollicitudin nulla felis, vel sollicitudin felis mollis in. Cras mauris ligula, pharetra a consectetur a, interdum sit amet ex. Nunc dui nulla, efficitur a tempor non, euismod id libero. Quisque sapien enim, tempus tristique metus ut, vestibulum tincidunt mauris!</p>\r\n<p>Quisque sollicitudin nulla felis, vel sollicitudin felis mollis in. Cras mauris ligula, pharetra a consectetur a, interdum sit amet ex. Nunc dui nulla, efficitur a tempor non, euismod id libero. Quisque sapien enim, tempus tristique metus ut, vestibulum tincidunt mauris!</p>',1,NULL,0,'/5/2/52.jpg',NULL,NULL,NULL,NULL,12,'Bub',NULL,NULL,NULL,'Mauris sollicitudin','2016-04-07 00:00:00','2018-04-07 00:00:00',NULL,213.0000,NULL,NULL,0,NULL,21,'XXL','demo_6',NULL,'/5/2/52.jpg',NULL,NULL,NULL,NULL,'/5/2/52.jpg',0,'/5/2/52.jpg',NULL,'2016-04-06 05:12:34','high-spray-in-pearl-grey-1',NULL,4,1000.0000,NULL),(7,4,'simple',NULL,6,'Brown',NULL,'2016-04-06 04:41:45','<p>Quisque sollicitudin nulla felis, vel sollicitudin felis mollis in. Cras mauris ligula, pharetra a consectetur a, interdum sit amet ex. Nunc dui nulla, efficitur a tempor non, euismod id libero. Quisque sapien enim, tempus tristique metus ut, vestibulum tincidunt mauris!</p>\r\n<p>Quisque sollicitudin nulla felis, vel sollicitudin felis mollis in. Cras mauris ligula, pharetra a consectetur a, interdum sit amet ex. Nunc dui nulla, efficitur a tempor non, euismod id libero. Quisque sapien enim, tempus tristique metus ut, vestibulum tincidunt mauris!</p>\r\n<p>Quisque sollicitudin nulla felis, vel sollicitudin felis mollis in. Cras mauris ligula, pharetra a consectetur a, interdum sit amet ex. Nunc dui nulla, efficitur a tempor non, euismod id libero. Quisque sapien enim, tempus tristique metus ut, vestibulum tincidunt mauris!</p>',1,0,0,'/a/4/a4.jpg',NULL,NULL,NULL,NULL,13,'Cha',NULL,NULL,NULL,'Donec sem tellus',NULL,NULL,NULL,134.0000,NULL,NULL,0,'<p>Cras mauris ligula, pharetra a consectetur a, interdum sit amet ex. Nunc dui nulla, efficitur a tempor non, euismod id libero. Quisque sapien enim, tempus tristique metus ut, vestibulum tincidunt mauris!</p>',21,'XXL','demo_7',NULL,'/a/4/a4.jpg',NULL,NULL,NULL,NULL,'/a/4/a4.jpg',0,'/a/4/a4.jpg',NULL,'2019-07-24 03:55:45','donec-sem-tellus',NULL,4,1000.0000,NULL),(8,4,'simple',NULL,6,'Brown',NULL,'2016-04-06 05:31:36','<p>Quisque sollicitudin nulla felis, vel sollicitudin felis mollis in. Cras mauris ligula, pharetra a consectetur a, interdum sit amet ex. Nunc dui nulla, efficitur a tempor non, euismod id libero. Quisque sapien enim, tempus tristique metus ut, vestibulum tincidunt mauris!</p>\r\n<p>Quisque sollicitudin nulla felis, vel sollicitudin felis mollis in. Cras mauris ligula, pharetra a consectetur a, interdum sit amet ex. Nunc dui nulla, efficitur a tempor non, euismod id libero. Quisque sapien enim, tempus tristique metus ut, vestibulum tincidunt mauris!</p>\r\n<p>Quisque sollicitudin nulla felis, vel sollicitudin felis mollis in. Cras mauris ligula, pharetra a consectetur a, interdum sit amet ex. Nunc dui nulla, efficitur a tempor non, euismod id libero. Quisque sapien enim, tempus tristique metus ut, vestibulum tincidunt mauris!</p>',1,NULL,0,NULL,NULL,NULL,NULL,NULL,14,'Guc',NULL,NULL,NULL,'demo_4-Brown- gucci-XXL','2016-04-07 00:00:00','2018-04-07 00:00:00',NULL,134.0000,NULL,NULL,0,NULL,21,'XXL','demo_4-Brown- gucci-XXL',NULL,NULL,NULL,NULL,NULL,NULL,NULL,0,NULL,NULL,'2016-04-06 05:31:36','demo-4-brown-gucci-xxl',NULL,1,1000.0000,NULL),(9,4,'simple','39',9,'Orange',NULL,'2016-04-07 01:30:34','<p>The smooth nylon shell around the Beaumont Summit Kit combats wind, reinforced with a cold-fighting brushed fleece layer. The jacket is reversible, giving you a new look for the return trek. Ample pocket space rounds out this hiker\'s paradise package.</p>\r\n<p>&bull; Yellow full zip rain jacket.<br />&bull; Full-zip front. <br />&bull; Stand-up collar. <br />&bull; Elasticized cuffs. <br />&bull; Machine wash/dry.</p>',1,0,0,'/m/j/mj01-orange_main.jpg',NULL,NULL,NULL,NULL,14,'Guc','22',NULL,'0','MJ01-Orange- gucci-L',NULL,NULL,'31',432.0000,NULL,NULL,0,NULL,16,'L','MJ01-Orange- gucci-L',NULL,'/m/j/mj01-orange_main.jpg',NULL,'2020-04-01 00:00:00',400.0000,'2022-04-01 00:00:00',NULL,2,'/m/j/mj01-orange_main.jpg',NULL,'2020-04-20 06:20:54','mj01-orange-gucci-l',NULL,1,1000.0000,NULL),(10,4,'simple','39',9,'Orange',NULL,'2016-04-07 01:30:40','<p>The smooth nylon shell around the Beaumont Summit Kit combats wind, reinforced with a cold-fighting brushed fleece layer. The jacket is reversible, giving you a new look for the return trek. Ample pocket space rounds out this hiker\'s paradise package.</p>\r\n<p>&bull; Yellow full zip rain jacket.<br />&bull; Full-zip front. <br />&bull; Stand-up collar. <br />&bull; Elasticized cuffs. <br />&bull; Machine wash/dry.</p>',1,0,0,'/m/j/mj01-orange_main_1.jpg',NULL,NULL,NULL,NULL,14,'Guc','22',NULL,NULL,'MJ01-Orange- gucci-XL',NULL,NULL,'31',432.0000,NULL,NULL,0,NULL,19,'XL','MJ01-Orange- gucci-XL',NULL,'/m/j/mj01-orange_main_1.jpg',NULL,NULL,NULL,NULL,NULL,2,'/m/j/mj01-orange_main_1.jpg',NULL,'2020-04-20 06:21:05','mj01-orange-gucci-xl',NULL,1,1000.0000,NULL),(11,4,'simple','39',9,'Orange',NULL,'2016-04-07 01:30:42','<p>The smooth nylon shell around the Beaumont Summit Kit combats wind, reinforced with a cold-fighting brushed fleece layer. The jacket is reversible, giving you a new look for the return trek. Ample pocket space rounds out this hiker\'s paradise package.</p>\r\n<p>&bull; Yellow full zip rain jacket.<br />&bull; Full-zip front. <br />&bull; Stand-up collar. <br />&bull; Elasticized cuffs. <br />&bull; Machine wash/dry.</p>',1,0,0,'/m/j/mj01-orange_main_2.jpg',NULL,NULL,NULL,NULL,14,'Guc','22',NULL,NULL,'MJ01-Orange- gucci-M',NULL,NULL,'31',432.0000,NULL,NULL,0,NULL,17,'M','MJ01-Orange- gucci-M',NULL,'/m/j/mj01-orange_main_2.jpg',NULL,NULL,NULL,NULL,NULL,2,'/m/j/mj01-orange_main_2.jpg',NULL,'2020-04-20 06:21:16','mj01-orange-gucci-m',NULL,1,1000.0000,NULL),(12,4,'simple','39',9,'Orange',NULL,'2016-04-07 01:30:43','<p>The smooth nylon shell around the Beaumont Summit Kit combats wind, reinforced with a cold-fighting brushed fleece layer. The jacket is reversible, giving you a new look for the return trek. Ample pocket space rounds out this hiker\'s paradise package.</p>\r\n<p>&bull; Yellow full zip rain jacket.<br />&bull; Full-zip front. <br />&bull; Stand-up collar. <br />&bull; Elasticized cuffs. <br />&bull; Machine wash/dry.</p>',1,0,0,'/m/j/mj01-orange_main_3.jpg',NULL,NULL,NULL,NULL,15,'Aso','22',NULL,'0','MJ01-Orange- gucci-XS',NULL,NULL,'31',432.0000,NULL,NULL,0,NULL,20,'XS','MJ01-Orange- gucci-XS',NULL,'/m/j/mj01-orange_main_3.jpg',NULL,NULL,NULL,NULL,NULL,2,'/m/j/mj01-orange_main_3.jpg',NULL,'2020-04-20 15:39:01','mj01-orange-gucci-xs',NULL,1,1000.0000,NULL),(13,4,'simple','39',9,'Orange',NULL,'2016-04-07 01:30:44','<p>The smooth nylon shell around the Beaumont Summit Kit combats wind, reinforced with a cold-fighting brushed fleece layer. The jacket is reversible, giving you a new look for the return trek. Ample pocket space rounds out this hiker\'s paradise package.</p>\r\n<p>&bull; Yellow full zip rain jacket.<br />&bull; Full-zip front. <br />&bull; Stand-up collar. <br />&bull; Elasticized cuffs. <br />&bull; Machine wash/dry.</p>',1,0,0,'/m/j/mj01-orange_main_4.jpg',NULL,NULL,NULL,NULL,13,'Cha','22',NULL,'0','MJ01-Orange- gucci-S',NULL,NULL,'31',432.0000,NULL,NULL,0,NULL,18,'S','MJ01-Orange- gucci-S',NULL,'/m/j/mj01-orange_main_4.jpg',NULL,NULL,NULL,NULL,NULL,2,'/m/j/mj01-orange_main_4.jpg',NULL,'2020-04-20 15:39:19','mj01-orange-gucci-s',NULL,1,1000.0000,NULL),(14,4,'simple','39',11,'Yellow',NULL,'2016-04-07 01:30:45','<p>The smooth nylon shell around the Beaumont Summit Kit combats wind, reinforced with a cold-fighting brushed fleece layer. The jacket is reversible, giving you a new look for the return trek. Ample pocket space rounds out this hiker\'s paradise package.</p>\r\n<p>&bull; Yellow full zip rain jacket.<br />&bull; Full-zip front. <br />&bull; Stand-up collar. <br />&bull; Elasticized cuffs. <br />&bull; Machine wash/dry.</p>',1,0,0,'/m/j/mj01-yellow_main_1.jpg',NULL,NULL,NULL,NULL,12,'Bub','22',NULL,'0','MJ01-Yellow- gucci-L',NULL,NULL,'31',432.0000,NULL,NULL,0,NULL,16,'L','MJ01-Yellow- gucci-L',NULL,'/m/j/mj01-yellow_main_1.jpg',NULL,'2020-04-01 00:00:00',390.0000,'2022-04-01 00:00:00',NULL,2,'/m/j/mj01-yellow_main_1.jpg',NULL,'2020-04-20 15:38:42','mj01-yellow-gucci-l',NULL,1,1000.0000,NULL),(15,4,'simple',NULL,11,'Yellow',NULL,'2016-04-07 01:30:47','<p>The smooth nylon shell around the Beaumont Summit Kit combats wind, reinforced with a cold-fighting brushed fleece layer. The jacket is reversible, giving you a new look for the return trek. Ample pocket space rounds out this hiker\'s paradise package.</p>\r\n<p>&bull; Yellow full zip rain jacket.<br />&bull; Full-zip front. <br />&bull; Stand-up collar. <br />&bull; Elasticized cuffs. <br />&bull; Machine wash/dry.</p>',1,NULL,0,'/m/j/mj01-yellow_main_2.jpg',NULL,NULL,NULL,NULL,14,'Guc',NULL,NULL,NULL,'MJ01-Yellow- gucci-XL',NULL,NULL,NULL,432.0000,NULL,NULL,0,NULL,19,'XL','MJ01-Yellow- gucci-XL',NULL,'/m/j/mj01-yellow_main_2.jpg',NULL,NULL,NULL,NULL,NULL,2,'/m/j/mj01-yellow_main_2.jpg',NULL,'2016-04-07 01:30:47','mj01-yellow-gucci-xl',NULL,1,1000.0000,NULL),(16,4,'simple','39',11,'Yellow',NULL,'2016-04-07 01:30:48','<p>The smooth nylon shell around the Beaumont Summit Kit combats wind, reinforced with a cold-fighting brushed fleece layer. The jacket is reversible, giving you a new look for the return trek. Ample pocket space rounds out this hiker\'s paradise package.</p>\r\n<p>&bull; Yellow full zip rain jacket.<br />&bull; Full-zip front. <br />&bull; Stand-up collar. <br />&bull; Elasticized cuffs. <br />&bull; Machine wash/dry.</p>',1,0,0,'/m/j/mj01-yellow_main_3.jpg',NULL,NULL,NULL,NULL,13,'Cha','22',NULL,NULL,'MJ01-Yellow- gucci-M',NULL,NULL,'31',432.0000,NULL,NULL,0,NULL,17,'M','MJ01-Yellow- gucci-M',NULL,'/m/j/mj01-yellow_main_3.jpg',NULL,NULL,NULL,NULL,NULL,2,'/m/j/mj01-yellow_main_3.jpg',NULL,'2020-04-20 15:38:31','mj01-yellow-gucci-m',NULL,1,1000.0000,NULL),(17,4,'simple',NULL,11,'Yellow',NULL,'2016-04-07 01:30:49','<p>The smooth nylon shell around the Beaumont Summit Kit combats wind, reinforced with a cold-fighting brushed fleece layer. The jacket is reversible, giving you a new look for the return trek. Ample pocket space rounds out this hiker\'s paradise package.</p>\r\n<p>&bull; Yellow full zip rain jacket.<br />&bull; Full-zip front. <br />&bull; Stand-up collar. <br />&bull; Elasticized cuffs. <br />&bull; Machine wash/dry.</p>',1,NULL,0,'/m/j/mj01-yellow_main_4.jpg',NULL,NULL,NULL,NULL,14,'Guc',NULL,NULL,NULL,'MJ01-Yellow- gucci-XS',NULL,NULL,NULL,432.0000,NULL,NULL,0,NULL,20,'XS','MJ01-Yellow- gucci-XS',NULL,'/m/j/mj01-yellow_main_4.jpg',NULL,NULL,NULL,NULL,NULL,2,'/m/j/mj01-yellow_main_4.jpg',NULL,'2016-04-07 01:30:49','mj01-yellow-gucci-xs',NULL,1,1000.0000,NULL),(18,4,'simple','39',11,'Yellow',NULL,'2016-04-07 01:30:50','<p>The smooth nylon shell around the Beaumont Summit Kit combats wind, reinforced with a cold-fighting brushed fleece layer. The jacket is reversible, giving you a new look for the return trek. Ample pocket space rounds out this hiker\'s paradise package.</p>\r\n<p>&bull; Yellow full zip rain jacket.<br />&bull; Full-zip front. <br />&bull; Stand-up collar. <br />&bull; Elasticized cuffs. <br />&bull; Machine wash/dry.</p>',1,0,0,'/m/j/mj01-yellow_main_5.jpg',NULL,NULL,NULL,NULL,15,'Aso','22',NULL,NULL,'MJ01-Yellow- gucci-S',NULL,NULL,'31',432.0000,NULL,NULL,0,NULL,18,'S','MJ01-Yellow- gucci-S',NULL,'/m/j/mj01-yellow_main_5.jpg',NULL,NULL,NULL,NULL,NULL,2,'/m/j/mj01-yellow_main_5.jpg',NULL,'2020-04-20 15:38:53','mj01-yellow-gucci-s',NULL,1,1000.0000,NULL),(19,4,'simple','39',10,'Red',NULL,'2016-04-07 01:30:51','<p>The smooth nylon shell around the Beaumont Summit Kit combats wind, reinforced with a cold-fighting brushed fleece layer. The jacket is reversible, giving you a new look for the return trek. Ample pocket space rounds out this hiker\'s paradise package.</p>\r\n<p>&bull; Yellow full zip rain jacket.<br />&bull; Full-zip front. <br />&bull; Stand-up collar. <br />&bull; Elasticized cuffs. <br />&bull; Machine wash/dry.</p>',1,0,0,'/m/j/mj01-red_main.jpg',NULL,NULL,NULL,NULL,15,'Aso','22',NULL,NULL,'MJ01-Red- gucci-L',NULL,NULL,'31',432.0000,NULL,NULL,0,NULL,16,'L','MJ01-Red- gucci-L',NULL,'/m/j/mj01-red_main.jpg',NULL,NULL,NULL,NULL,NULL,2,'/m/j/mj01-red_main.jpg',NULL,'2020-04-20 15:38:23','mj01-red-gucci-l',NULL,1,1000.0000,NULL),(20,4,'simple',NULL,10,'Red',NULL,'2016-04-07 01:30:52','<p>The smooth nylon shell around the Beaumont Summit Kit combats wind, reinforced with a cold-fighting brushed fleece layer. The jacket is reversible, giving you a new look for the return trek. Ample pocket space rounds out this hiker\'s paradise package.</p>\r\n<p>&bull; Yellow full zip rain jacket.<br />&bull; Full-zip front. <br />&bull; Stand-up collar. <br />&bull; Elasticized cuffs. <br />&bull; Machine wash/dry.</p>',1,NULL,0,'/m/j/mj01-red_main_1.jpg',NULL,NULL,NULL,NULL,14,'Guc',NULL,NULL,NULL,'MJ01-Red- gucci-XL',NULL,NULL,NULL,432.0000,NULL,NULL,0,NULL,19,'XL','MJ01-Red- gucci-XL',NULL,'/m/j/mj01-red_main_1.jpg',NULL,NULL,NULL,NULL,NULL,2,'/m/j/mj01-red_main_1.jpg',NULL,'2016-04-07 01:30:52','mj01-red-gucci-xl',NULL,1,1000.0000,NULL),(21,4,'simple',NULL,10,'Red',NULL,'2016-04-07 01:30:53','<p>The smooth nylon shell around the Beaumont Summit Kit combats wind, reinforced with a cold-fighting brushed fleece layer. The jacket is reversible, giving you a new look for the return trek. Ample pocket space rounds out this hiker\'s paradise package.</p>\r\n<p>&bull; Yellow full zip rain jacket.<br />&bull; Full-zip front. <br />&bull; Stand-up collar. <br />&bull; Elasticized cuffs. <br />&bull; Machine wash/dry.</p>',1,NULL,0,'/m/j/mj01-red_main_2.jpg',NULL,NULL,NULL,NULL,14,'Guc',NULL,NULL,NULL,'MJ01-Red- gucci-M',NULL,NULL,NULL,432.0000,NULL,NULL,0,NULL,17,'M','MJ01-Red- gucci-M',NULL,'/m/j/mj01-red_main_2.jpg',NULL,NULL,NULL,NULL,NULL,2,'/m/j/mj01-red_main_2.jpg',NULL,'2016-04-07 01:30:53','mj01-red-gucci-m',NULL,1,1000.0000,NULL),(22,4,'simple',NULL,10,'Red',NULL,'2016-04-07 01:30:54','<p>The smooth nylon shell around the Beaumont Summit Kit combats wind, reinforced with a cold-fighting brushed fleece layer. The jacket is reversible, giving you a new look for the return trek. Ample pocket space rounds out this hiker\'s paradise package.</p>\r\n<p>&bull; Yellow full zip rain jacket.<br />&bull; Full-zip front. <br />&bull; Stand-up collar. <br />&bull; Elasticized cuffs. <br />&bull; Machine wash/dry.</p>',1,NULL,0,'/m/j/mj01-red_main_3.jpg',NULL,NULL,NULL,NULL,14,'Guc',NULL,NULL,NULL,'MJ01-Red- gucci-XS',NULL,NULL,NULL,432.0000,NULL,NULL,0,NULL,20,'XS','MJ01-Red- gucci-XS',NULL,'/m/j/mj01-red_main_3.jpg',NULL,NULL,NULL,NULL,NULL,2,'/m/j/mj01-red_main_3.jpg',NULL,'2016-04-07 01:30:54','mj01-red-gucci-xs',NULL,1,1000.0000,NULL),(23,4,'simple',NULL,10,'Red',NULL,'2016-04-07 01:30:55','<p>The smooth nylon shell around the Beaumont Summit Kit combats wind, reinforced with a cold-fighting brushed fleece layer. The jacket is reversible, giving you a new look for the return trek. Ample pocket space rounds out this hiker\'s paradise package.</p>\r\n<p>&bull; Yellow full zip rain jacket.<br />&bull; Full-zip front. <br />&bull; Stand-up collar. <br />&bull; Elasticized cuffs. <br />&bull; Machine wash/dry.</p>',1,NULL,0,'/m/j/mj01-red_main_4.jpg',NULL,NULL,NULL,NULL,14,'Guc',NULL,NULL,NULL,'MJ01-Red- gucci-S',NULL,NULL,NULL,432.0000,NULL,NULL,0,NULL,18,'S','MJ01-Red- gucci-S',NULL,'/m/j/mj01-red_main_4.jpg',NULL,NULL,NULL,NULL,NULL,2,'/m/j/mj01-red_main_4.jpg',NULL,'2016-04-07 01:30:55','mj01-red-gucci-s',NULL,1,1000.0000,NULL),(24,4,'configurable','39',NULL,NULL,NULL,'2016-04-07 01:30:56','<p>The smooth nylon shell around the Beaumont Summit Kit combats wind, reinforced with a cold-fighting brushed fleece layer. The jacket is reversible, giving you a new look for the return trek. Ample pocket space rounds out this hiker\'s paradise package.</p>\r\n<p>&bull; Yellow full zip rain jacket.<br />&bull; Full-zip front. <br />&bull; Stand-up collar. <br />&bull; Elasticized cuffs. <br />&bull; Machine wash/dry.</p>',1,0,1,'/m/j/mj01-yellow_main.jpg',NULL,NULL,NULL,NULL,NULL,NULL,'22',NULL,'0','Beaumont Summit Kit',NULL,NULL,'31',NULL,NULL,NULL,1,'<p>Cras mauris ligula, pharetra a consectetur a, interdum sit amet ex. Nunc dui nulla, efficitur a tempor non, euismod id libero. Quisque sapien enim, tempus tristique metus ut, vestibulum tincidunt mauris!</p>',NULL,NULL,'MJ01',NULL,'/m/j/mj01-yellow_main.jpg',NULL,NULL,NULL,NULL,NULL,2,'/m/j/mj01-yellow_main.jpg',NULL,'2019-07-24 03:53:36','beaumont-summit-kit',NULL,4,1000.0000,NULL),(25,4,'simple','39',5,'Blue',NULL,'2016-04-07 01:50:47','<p>Quisque sollicitudin nulla felis, vel sollicitudin felis mollis in. Cras mauris ligula, pharetra a consectetur a, interdum sit amet ex. Nunc dui nulla, efficitur a tempor non, euismod id libero. Quisque sapien enim, tempus tristique metus ut, vestibulum tincidunt mauris!</p>\r\n<p>Quisque sollicitudin nulla felis, vel sollicitudin felis mollis in. Cras mauris ligula, pharetra a consectetur a, interdum sit amet ex. Nunc dui nulla, efficitur a tempor non, euismod id libero. Quisque sapien enim, tempus tristique metus ut, vestibulum tincidunt mauris!</p>\r\n<p>Quisque sollicitudin nulla felis, vel sollicitudin felis mollis in. Cras mauris ligula, pharetra a consectetur a, interdum sit amet ex. Nunc dui nulla, efficitur a tempor non, euismod id libero. Quisque sapien enim, tempus tristique metus ut, vestibulum tincidunt mauris!</p>',1,0,0,'/w/j/wj11-blue_main.jpg',NULL,NULL,NULL,NULL,13,'Cha','22',NULL,'0','demo_4-Blue- gucci-XS','2016-04-07 00:00:00','2018-04-07 00:00:00','31',134.0000,NULL,NULL,0,NULL,20,'XS','demo_4-Blue- gucci-XS',NULL,'/w/j/wj11-blue_main.jpg',NULL,NULL,NULL,NULL,NULL,0,'/w/j/wj11-blue_main.jpg',NULL,'2020-04-20 15:35:58','demo-4-blue-gucci-xs',NULL,1,1000.0000,NULL),(26,4,'simple','39',5,'Blue',NULL,'2016-04-07 01:50:49','<p>Quisque sollicitudin nulla felis, vel sollicitudin felis mollis in. Cras mauris ligula, pharetra a consectetur a, interdum sit amet ex. Nunc dui nulla, efficitur a tempor non, euismod id libero. Quisque sapien enim, tempus tristique metus ut, vestibulum tincidunt mauris!</p>\r\n<p>Quisque sollicitudin nulla felis, vel sollicitudin felis mollis in. Cras mauris ligula, pharetra a consectetur a, interdum sit amet ex. Nunc dui nulla, efficitur a tempor non, euismod id libero. Quisque sapien enim, tempus tristique metus ut, vestibulum tincidunt mauris!</p>\r\n<p>Quisque sollicitudin nulla felis, vel sollicitudin felis mollis in. Cras mauris ligula, pharetra a consectetur a, interdum sit amet ex. Nunc dui nulla, efficitur a tempor non, euismod id libero. Quisque sapien enim, tempus tristique metus ut, vestibulum tincidunt mauris!</p>',1,0,0,'/w/j/wj11-blue_main_1.jpg',NULL,NULL,NULL,NULL,12,'Bub','22',NULL,'0','demo_4-Blue- gucci-L','2016-04-07 00:00:00','2018-04-07 00:00:00','31',134.0000,NULL,NULL,0,NULL,16,'L','demo_4-Blue- gucci-L',NULL,'/w/j/wj11-blue_main_1.jpg',NULL,NULL,NULL,NULL,NULL,0,'/w/j/wj11-blue_main_1.jpg',NULL,'2020-04-20 15:37:04','demo-4-blue-gucci-l',NULL,1,1000.0000,NULL),(27,4,'simple','39',5,'Blue',NULL,'2016-04-07 01:50:50','<p>Quisque sollicitudin nulla felis, vel sollicitudin felis mollis in. Cras mauris ligula, pharetra a consectetur a, interdum sit amet ex. Nunc dui nulla, efficitur a tempor non, euismod id libero. Quisque sapien enim, tempus tristique metus ut, vestibulum tincidunt mauris!</p>\r\n<p>Quisque sollicitudin nulla felis, vel sollicitudin felis mollis in. Cras mauris ligula, pharetra a consectetur a, interdum sit amet ex. Nunc dui nulla, efficitur a tempor non, euismod id libero. Quisque sapien enim, tempus tristique metus ut, vestibulum tincidunt mauris!</p>\r\n<p>Quisque sollicitudin nulla felis, vel sollicitudin felis mollis in. Cras mauris ligula, pharetra a consectetur a, interdum sit amet ex. Nunc dui nulla, efficitur a tempor non, euismod id libero. Quisque sapien enim, tempus tristique metus ut, vestibulum tincidunt mauris!</p>',1,0,0,'/w/j/wj11-blue_main_2.jpg',NULL,NULL,NULL,NULL,13,'Cha','22',NULL,'0','demo_4-Blue- gucci-M','2016-04-07 00:00:00','2018-04-07 00:00:00','31',134.0000,NULL,NULL,0,NULL,17,'M','demo_4-Blue- gucci-M',NULL,'/w/j/wj11-blue_main_2.jpg',NULL,NULL,NULL,NULL,NULL,0,'/w/j/wj11-blue_main_2.jpg',NULL,'2020-04-20 15:36:54','demo-4-blue-gucci-m',NULL,1,1000.0000,NULL),(28,4,'simple','39',5,'Blue',NULL,'2016-04-07 01:50:52','<p>Quisque sollicitudin nulla felis, vel sollicitudin felis mollis in. Cras mauris ligula, pharetra a consectetur a, interdum sit amet ex. Nunc dui nulla, efficitur a tempor non, euismod id libero. Quisque sapien enim, tempus tristique metus ut, vestibulum tincidunt mauris!</p>\r\n<p>Quisque sollicitudin nulla felis, vel sollicitudin felis mollis in. Cras mauris ligula, pharetra a consectetur a, interdum sit amet ex. Nunc dui nulla, efficitur a tempor non, euismod id libero. Quisque sapien enim, tempus tristique metus ut, vestibulum tincidunt mauris!</p>\r\n<p>Quisque sollicitudin nulla felis, vel sollicitudin felis mollis in. Cras mauris ligula, pharetra a consectetur a, interdum sit amet ex. Nunc dui nulla, efficitur a tempor non, euismod id libero. Quisque sapien enim, tempus tristique metus ut, vestibulum tincidunt mauris!</p>',1,0,0,'/w/j/wj11-blue_main_3.jpg',NULL,NULL,NULL,NULL,14,'Guc','22',NULL,'0','demo_4-Blue- gucci-S','2016-04-07 00:00:00','2018-04-07 00:00:00','31',134.0000,NULL,NULL,0,NULL,18,'S','demo_4-Blue- gucci-S',NULL,'/w/j/wj11-blue_main_3.jpg',NULL,NULL,NULL,NULL,NULL,0,'/w/j/wj11-blue_main_3.jpg',NULL,'2020-04-20 15:36:20','demo-4-blue-gucci-s',NULL,1,1000.0000,NULL),(29,4,'simple','39',5,'Blue',NULL,'2016-04-07 01:50:53','<p>Quisque sollicitudin nulla felis, vel sollicitudin felis mollis in. Cras mauris ligula, pharetra a consectetur a, interdum sit amet ex. Nunc dui nulla, efficitur a tempor non, euismod id libero. Quisque sapien enim, tempus tristique metus ut, vestibulum tincidunt mauris!</p>\r\n<p>Quisque sollicitudin nulla felis, vel sollicitudin felis mollis in. Cras mauris ligula, pharetra a consectetur a, interdum sit amet ex. Nunc dui nulla, efficitur a tempor non, euismod id libero. Quisque sapien enim, tempus tristique metus ut, vestibulum tincidunt mauris!</p>\r\n<p>Quisque sollicitudin nulla felis, vel sollicitudin felis mollis in. Cras mauris ligula, pharetra a consectetur a, interdum sit amet ex. Nunc dui nulla, efficitur a tempor non, euismod id libero. Quisque sapien enim, tempus tristique metus ut, vestibulum tincidunt mauris!</p>',1,0,0,'/w/j/wj11-blue_main_4.jpg',NULL,NULL,NULL,NULL,12,'Bub','22',NULL,'0','demo_4-Blue- gucci-XL','2016-04-07 00:00:00','2018-04-07 00:00:00','31',134.0000,NULL,NULL,0,NULL,19,'XL','demo_4-Blue- gucci-XL',NULL,'/w/j/wj11-blue_main_4.jpg',NULL,NULL,NULL,NULL,NULL,0,'/w/j/wj11-blue_main_4.jpg',NULL,'2020-04-20 15:36:43','demo-4-blue-gucci-xl',NULL,1,1000.0000,NULL),(30,4,'simple','39',4,'Black',NULL,'2016-04-07 01:50:54','<p>Quisque sollicitudin nulla felis, vel sollicitudin felis mollis in. Cras mauris ligula, pharetra a consectetur a, interdum sit amet ex. Nunc dui nulla, efficitur a tempor non, euismod id libero. Quisque sapien enim, tempus tristique metus ut, vestibulum tincidunt mauris!</p>\r\n<p>Quisque sollicitudin nulla felis, vel sollicitudin felis mollis in. Cras mauris ligula, pharetra a consectetur a, interdum sit amet ex. Nunc dui nulla, efficitur a tempor non, euismod id libero. Quisque sapien enim, tempus tristique metus ut, vestibulum tincidunt mauris!</p>\r\n<p>Quisque sollicitudin nulla felis, vel sollicitudin felis mollis in. Cras mauris ligula, pharetra a consectetur a, interdum sit amet ex. Nunc dui nulla, efficitur a tempor non, euismod id libero. Quisque sapien enim, tempus tristique metus ut, vestibulum tincidunt mauris!</p>',1,0,0,'/w/j/wj11-black_main.jpg',NULL,NULL,NULL,NULL,14,'Guc','22',NULL,'0','demo_4-Black- gucci-XS','2016-04-07 00:00:00','2018-04-07 00:00:00','31',134.0000,NULL,NULL,0,NULL,20,'XS','demo_4-Black- gucci-XS',NULL,'/w/j/wj11-black_main.jpg',NULL,NULL,NULL,NULL,NULL,0,'/w/j/wj11-black_main.jpg',NULL,'2020-04-20 15:36:34','demo-4-black-gucci-xs',NULL,1,1000.0000,NULL),(31,4,'simple','39',4,'Black',NULL,'2016-04-07 01:50:55','<p>Quisque sollicitudin nulla felis, vel sollicitudin felis mollis in. Cras mauris ligula, pharetra a consectetur a, interdum sit amet ex. Nunc dui nulla, efficitur a tempor non, euismod id libero. Quisque sapien enim, tempus tristique metus ut, vestibulum tincidunt mauris!</p>\r\n<p>Quisque sollicitudin nulla felis, vel sollicitudin felis mollis in. Cras mauris ligula, pharetra a consectetur a, interdum sit amet ex. Nunc dui nulla, efficitur a tempor non, euismod id libero. Quisque sapien enim, tempus tristique metus ut, vestibulum tincidunt mauris!</p>\r\n<p>Quisque sollicitudin nulla felis, vel sollicitudin felis mollis in. Cras mauris ligula, pharetra a consectetur a, interdum sit amet ex. Nunc dui nulla, efficitur a tempor non, euismod id libero. Quisque sapien enim, tempus tristique metus ut, vestibulum tincidunt mauris!</p>',1,0,0,'/w/j/wj11-black_main_1.jpg',NULL,NULL,NULL,NULL,13,'Cha','22',NULL,'0','demo_4-Black- gucci-L','2016-04-07 00:00:00','2018-04-07 00:00:00','31',134.0000,NULL,NULL,0,NULL,16,'L','demo_4-Black- gucci-L',NULL,'/w/j/wj11-black_main_1.jpg',NULL,'2020-04-02 00:00:00',100.0000,'2022-04-01 00:00:00',NULL,0,'/w/j/wj11-black_main_1.jpg',NULL,'2020-04-20 15:37:55','demo-4-black-gucci-l',NULL,1,1000.0000,NULL),(32,4,'simple','39',4,'Black',NULL,'2016-04-07 01:50:56','<p>Quisque sollicitudin nulla felis, vel sollicitudin felis mollis in. Cras mauris ligula, pharetra a consectetur a, interdum sit amet ex. Nunc dui nulla, efficitur a tempor non, euismod id libero. Quisque sapien enim, tempus tristique metus ut, vestibulum tincidunt mauris!</p>\r\n<p>Quisque sollicitudin nulla felis, vel sollicitudin felis mollis in. Cras mauris ligula, pharetra a consectetur a, interdum sit amet ex. Nunc dui nulla, efficitur a tempor non, euismod id libero. Quisque sapien enim, tempus tristique metus ut, vestibulum tincidunt mauris!</p>\r\n<p>Quisque sollicitudin nulla felis, vel sollicitudin felis mollis in. Cras mauris ligula, pharetra a consectetur a, interdum sit amet ex. Nunc dui nulla, efficitur a tempor non, euismod id libero. Quisque sapien enim, tempus tristique metus ut, vestibulum tincidunt mauris!</p>',1,0,0,'/w/j/wj11-black_main_2.jpg',NULL,NULL,NULL,NULL,12,'Bub','22',NULL,'0','demo_4-Black- gucci-M','2016-04-07 00:00:00','2018-04-07 00:00:00','31',134.0000,NULL,NULL,0,NULL,17,'M','demo_4-Black- gucci-M',NULL,'/w/j/wj11-black_main_2.jpg',NULL,'2020-04-01 00:00:00',120.0000,'2022-04-01 00:00:00',NULL,0,'/w/j/wj11-black_main_2.jpg',NULL,'2020-04-20 15:38:04','demo-4-black-gucci-m',NULL,1,1000.0000,NULL),(33,4,'simple','39',4,'Black',NULL,'2016-04-07 01:50:57','<p>Quisque sollicitudin nulla felis, vel sollicitudin felis mollis in. Cras mauris ligula, pharetra a consectetur a, interdum sit amet ex. Nunc dui nulla, efficitur a tempor non, euismod id libero. Quisque sapien enim, tempus tristique metus ut, vestibulum tincidunt mauris!</p>\r\n<p>Quisque sollicitudin nulla felis, vel sollicitudin felis mollis in. Cras mauris ligula, pharetra a consectetur a, interdum sit amet ex. Nunc dui nulla, efficitur a tempor non, euismod id libero. Quisque sapien enim, tempus tristique metus ut, vestibulum tincidunt mauris!</p>\r\n<p>Quisque sollicitudin nulla felis, vel sollicitudin felis mollis in. Cras mauris ligula, pharetra a consectetur a, interdum sit amet ex. Nunc dui nulla, efficitur a tempor non, euismod id libero. Quisque sapien enim, tempus tristique metus ut, vestibulum tincidunt mauris!</p>',1,0,0,'/w/j/wj11-black_main_3.jpg',NULL,NULL,NULL,NULL,15,'Aso','22',NULL,'0','demo_4-Black- gucci-S','2016-04-07 00:00:00','2018-04-07 00:00:00','31',134.0000,NULL,NULL,0,NULL,18,'S','demo_4-Black- gucci-S',NULL,'/w/j/wj11-black_main_3.jpg',NULL,NULL,NULL,NULL,NULL,0,'/w/j/wj11-black_main_3.jpg',NULL,'2020-04-20 15:37:43','demo-4-black-gucci-s',NULL,1,1000.0000,NULL),(34,4,'simple','39',4,'Black',NULL,'2016-04-07 01:50:59','<p>Quisque sollicitudin nulla felis, vel sollicitudin felis mollis in. Cras mauris ligula, pharetra a consectetur a, interdum sit amet ex. Nunc dui nulla, efficitur a tempor non, euismod id libero. Quisque sapien enim, tempus tristique metus ut, vestibulum tincidunt mauris!</p>\r\n<p>Quisque sollicitudin nulla felis, vel sollicitudin felis mollis in. Cras mauris ligula, pharetra a consectetur a, interdum sit amet ex. Nunc dui nulla, efficitur a tempor non, euismod id libero. Quisque sapien enim, tempus tristique metus ut, vestibulum tincidunt mauris!</p>\r\n<p>Quisque sollicitudin nulla felis, vel sollicitudin felis mollis in. Cras mauris ligula, pharetra a consectetur a, interdum sit amet ex. Nunc dui nulla, efficitur a tempor non, euismod id libero. Quisque sapien enim, tempus tristique metus ut, vestibulum tincidunt mauris!</p>',1,0,0,'/w/j/wj11-black_main_4.jpg',NULL,NULL,NULL,NULL,12,'Bub','22',NULL,'0','demo_4-Black- gucci-XL','2016-04-07 00:00:00','2018-04-07 00:00:00','31',134.0000,NULL,NULL,0,NULL,19,'XL','demo_4-Black- gucci-XL',NULL,'/w/j/wj11-black_main_4.jpg',NULL,NULL,NULL,NULL,NULL,0,'/w/j/wj11-black_main_4.jpg',NULL,'2020-04-20 15:37:18','demo-4-black-gucci-xl',NULL,1,1000.0000,NULL),(35,4,'simple','39',9,'Orange',NULL,'2016-04-07 01:51:00','<p>Quisque sollicitudin nulla felis, vel sollicitudin felis mollis in. Cras mauris ligula, pharetra a consectetur a, interdum sit amet ex. Nunc dui nulla, efficitur a tempor non, euismod id libero. Quisque sapien enim, tempus tristique metus ut, vestibulum tincidunt mauris!</p>\r\n<p>Quisque sollicitudin nulla felis, vel sollicitudin felis mollis in. Cras mauris ligula, pharetra a consectetur a, interdum sit amet ex. Nunc dui nulla, efficitur a tempor non, euismod id libero. Quisque sapien enim, tempus tristique metus ut, vestibulum tincidunt mauris!</p>\r\n<p>Quisque sollicitudin nulla felis, vel sollicitudin felis mollis in. Cras mauris ligula, pharetra a consectetur a, interdum sit amet ex. Nunc dui nulla, efficitur a tempor non, euismod id libero. Quisque sapien enim, tempus tristique metus ut, vestibulum tincidunt mauris!</p>',1,0,0,'/w/j/wj11-orange_main.jpg',NULL,NULL,NULL,NULL,12,'Bub','22',NULL,'0','demo_4-Orange- gucci-XS','2016-04-07 00:00:00','2018-04-07 00:00:00','31',134.0000,NULL,NULL,0,NULL,20,'XS','demo_4-Orange- gucci-XS',NULL,'/w/j/wj11-orange_main.jpg',NULL,NULL,NULL,NULL,NULL,0,'/w/j/wj11-orange_main.jpg',NULL,'2020-04-20 15:35:14','demo-4-orange-gucci-xs',NULL,1,1000.0000,NULL),(36,4,'simple','39',9,'Orange',NULL,'2016-04-07 01:51:01','<p>Quisque sollicitudin nulla felis, vel sollicitudin felis mollis in. Cras mauris ligula, pharetra a consectetur a, interdum sit amet ex. Nunc dui nulla, efficitur a tempor non, euismod id libero. Quisque sapien enim, tempus tristique metus ut, vestibulum tincidunt mauris!</p>\r\n<p>Quisque sollicitudin nulla felis, vel sollicitudin felis mollis in. Cras mauris ligula, pharetra a consectetur a, interdum sit amet ex. Nunc dui nulla, efficitur a tempor non, euismod id libero. Quisque sapien enim, tempus tristique metus ut, vestibulum tincidunt mauris!</p>\r\n<p>Quisque sollicitudin nulla felis, vel sollicitudin felis mollis in. Cras mauris ligula, pharetra a consectetur a, interdum sit amet ex. Nunc dui nulla, efficitur a tempor non, euismod id libero. Quisque sapien enim, tempus tristique metus ut, vestibulum tincidunt mauris!</p>',1,0,0,'/w/j/wj11-orange_main_1.jpg',NULL,NULL,NULL,NULL,13,'Cha','26',NULL,'0','demo_4-Orange- gucci-L','2016-04-07 00:00:00','2018-04-07 00:00:00','31',134.0000,NULL,NULL,0,NULL,16,'L','demo_4-Orange- gucci-L',NULL,'/w/j/wj11-orange_main_1.jpg',NULL,'2020-04-01 00:00:00',110.0000,'2022-04-01 00:00:00',NULL,0,'/w/j/wj11-orange_main_1.jpg',NULL,'2020-04-20 15:36:10','demo-4-orange-gucci-l',NULL,1,1000.0000,NULL),(37,4,'simple','39',9,'Orange',NULL,'2016-04-07 01:51:02','<p>Quisque sollicitudin nulla felis, vel sollicitudin felis mollis in. Cras mauris ligula, pharetra a consectetur a, interdum sit amet ex. Nunc dui nulla, efficitur a tempor non, euismod id libero. Quisque sapien enim, tempus tristique metus ut, vestibulum tincidunt mauris!</p>\r\n<p>Quisque sollicitudin nulla felis, vel sollicitudin felis mollis in. Cras mauris ligula, pharetra a consectetur a, interdum sit amet ex. Nunc dui nulla, efficitur a tempor non, euismod id libero. Quisque sapien enim, tempus tristique metus ut, vestibulum tincidunt mauris!</p>\r\n<p>Quisque sollicitudin nulla felis, vel sollicitudin felis mollis in. Cras mauris ligula, pharetra a consectetur a, interdum sit amet ex. Nunc dui nulla, efficitur a tempor non, euismod id libero. Quisque sapien enim, tempus tristique metus ut, vestibulum tincidunt mauris!</p>',1,0,0,'/w/j/wj11-orange_main_2.jpg',NULL,NULL,NULL,NULL,15,'Aso','22',NULL,'0','demo_4-Orange- gucci-M','2016-04-07 00:00:00','2018-04-07 00:00:00','31',134.0000,NULL,NULL,0,NULL,17,'M','demo_4-Orange- gucci-M',NULL,'/w/j/wj11-orange_main_2.jpg',NULL,NULL,NULL,NULL,NULL,0,'/w/j/wj11-orange_main_2.jpg',NULL,'2020-04-20 15:35:46','demo-4-orange-gucci-m',NULL,1,1000.0000,NULL),(38,4,'simple','39',9,'Orange',NULL,'2016-04-07 01:51:03','<p>Quisque sollicitudin nulla felis, vel sollicitudin felis mollis in. Cras mauris ligula, pharetra a consectetur a, interdum sit amet ex. Nunc dui nulla, efficitur a tempor non, euismod id libero. Quisque sapien enim, tempus tristique metus ut, vestibulum tincidunt mauris!</p>\r\n<p>Quisque sollicitudin nulla felis, vel sollicitudin felis mollis in. Cras mauris ligula, pharetra a consectetur a, interdum sit amet ex. Nunc dui nulla, efficitur a tempor non, euismod id libero. Quisque sapien enim, tempus tristique metus ut, vestibulum tincidunt mauris!</p>\r\n<p>Quisque sollicitudin nulla felis, vel sollicitudin felis mollis in. Cras mauris ligula, pharetra a consectetur a, interdum sit amet ex. Nunc dui nulla, efficitur a tempor non, euismod id libero. Quisque sapien enim, tempus tristique metus ut, vestibulum tincidunt mauris!</p>',1,0,0,'/w/j/wj11-orange_main_3.jpg',NULL,NULL,NULL,NULL,14,'Guc','22',NULL,'0','demo_4-Orange- gucci-S','2016-04-07 00:00:00','2018-04-07 00:00:00','31',134.0000,NULL,NULL,0,NULL,18,'S','demo_4-Orange- gucci-S',NULL,'/w/j/wj11-orange_main_3.jpg',NULL,NULL,NULL,NULL,NULL,0,'/w/j/wj11-orange_main_3.jpg',NULL,'2020-04-20 15:35:36','demo-4-orange-gucci-s',NULL,1,1000.0000,NULL),(39,4,'simple','39',9,'Orange',NULL,'2016-04-07 01:51:04','<p>Quisque sollicitudin nulla felis, vel sollicitudin felis mollis in. Cras mauris ligula, pharetra a consectetur a, interdum sit amet ex. Nunc dui nulla, efficitur a tempor non, euismod id libero. Quisque sapien enim, tempus tristique metus ut, vestibulum tincidunt mauris!</p>\r\n<p>Quisque sollicitudin nulla felis, vel sollicitudin felis mollis in. Cras mauris ligula, pharetra a consectetur a, interdum sit amet ex. Nunc dui nulla, efficitur a tempor non, euismod id libero. Quisque sapien enim, tempus tristique metus ut, vestibulum tincidunt mauris!</p>\r\n<p>Quisque sollicitudin nulla felis, vel sollicitudin felis mollis in. Cras mauris ligula, pharetra a consectetur a, interdum sit amet ex. Nunc dui nulla, efficitur a tempor non, euismod id libero. Quisque sapien enim, tempus tristique metus ut, vestibulum tincidunt mauris!</p>',1,0,0,'/w/j/wj11-orange_main_4.jpg',NULL,NULL,NULL,NULL,13,'Cha','22',NULL,'0','demo_4-Orange- gucci-XL','2016-04-07 00:00:00','2018-04-07 00:00:00','31',134.0000,NULL,NULL,0,NULL,19,'XL','demo_4-Orange- gucci-XL',NULL,'/w/j/wj11-orange_main_4.jpg',NULL,NULL,NULL,NULL,NULL,0,'/w/j/wj11-orange_main_4.jpg',NULL,'2020-04-20 15:35:25','demo-4-orange-gucci-xl',NULL,1,1000.0000,NULL),(40,4,'virtual','39,40,41,42,43,45,46,47',5,'Blue',NULL,'2016-04-13 21:02:20','<p>For cold-weather training or post-game layering, you need something more than a basic fleece. Our Marco Lightweight Active Hoodie brings both style and performance to the plate, court, or touchline. The smooth-faced, brushed-back fabric blocks wind and traps body heat, while integrated Cocona&reg; fibers pull moisture away.</p>\r\n<p>&bull; Light blue heather full zip hoodie.<br />&bull; Fitted flatlock seams.<br />&bull; Matching lining and drawstring. <br />&bull; Machine wash/dry.</p>',1,NULL,0,'/m/h/mh13-blue_main_1.jpg',NULL,NULL,NULL,NULL,14,'Guc','26,29,30',NULL,NULL,'MH13-Blue-L','2016-04-15 08:02:20',NULL,'35',74.0000,NULL,NULL,0,NULL,16,'L','MH13-Blue-L',NULL,'/m/h/mh13-blue_main_1.jpg',NULL,'2016-04-15 00:00:00',58.0000,'2018-04-15 00:00:00',NULL,2,'/m/h/mh13-blue_main_1.jpg',NULL,'2016-04-13 21:02:20','mh13-blue-l',NULL,1,NULL,NULL),(41,4,'virtual','39,40,41,42,43,45,46,47',5,'Blue',NULL,'2016-04-13 21:02:28','<p>For cold-weather training or post-game layering, you need something more than a basic fleece. Our Marco Lightweight Active Hoodie brings both style and performance to the plate, court, or touchline. The smooth-faced, brushed-back fabric blocks wind and traps body heat, while integrated Cocona&reg; fibers pull moisture away.</p>\r\n<p>&bull; Light blue heather full zip hoodie.<br />&bull; Fitted flatlock seams.<br />&bull; Matching lining and drawstring. <br />&bull; Machine wash/dry.</p>',1,NULL,0,'/m/h/mh13-blue_main_2.jpg',NULL,NULL,NULL,NULL,14,'Guc','26,29,30',NULL,NULL,'MH13-Blue-XL','2016-04-15 08:02:28',NULL,'35',74.0000,NULL,NULL,0,NULL,19,'XL','MH13-Blue-XL',NULL,'/m/h/mh13-blue_main_2.jpg',NULL,'2016-04-15 00:00:00',58.0000,'2018-04-15 00:00:00',NULL,2,'/m/h/mh13-blue_main_2.jpg',NULL,'2016-04-13 21:02:28','mh13-blue-xl',NULL,1,NULL,NULL),(42,4,'virtual','39,40,41,42,43,45,46,47',5,'Blue',NULL,'2016-04-13 21:02:29','<p>For cold-weather training or post-game layering, you need something more than a basic fleece. Our Marco Lightweight Active Hoodie brings both style and performance to the plate, court, or touchline. The smooth-faced, brushed-back fabric blocks wind and traps body heat, while integrated Cocona&reg; fibers pull moisture away.</p>\r\n<p>&bull; Light blue heather full zip hoodie.<br />&bull; Fitted flatlock seams.<br />&bull; Matching lining and drawstring. <br />&bull; Machine wash/dry.</p>',1,NULL,0,'/m/h/mh13-blue_main_3.jpg',NULL,NULL,NULL,NULL,14,'Guc','26,29,30',NULL,NULL,'MH13-Blue-M','2016-04-15 08:02:29',NULL,'35',74.0000,NULL,NULL,0,NULL,17,'M','MH13-Blue-M',NULL,'/m/h/mh13-blue_main_3.jpg',NULL,'2016-04-15 00:00:00',58.0000,'2018-04-15 00:00:00',NULL,2,'/m/h/mh13-blue_main_3.jpg',NULL,'2016-04-13 21:02:29','mh13-blue-m',NULL,1,NULL,NULL),(43,4,'virtual','39,40,41,42,43,45,46,47',5,'Blue',NULL,'2016-04-13 21:02:30','<p>For cold-weather training or post-game layering, you need something more than a basic fleece. Our Marco Lightweight Active Hoodie brings both style and performance to the plate, court, or touchline. The smooth-faced, brushed-back fabric blocks wind and traps body heat, while integrated Cocona&reg; fibers pull moisture away.</p>\r\n<p>&bull; Light blue heather full zip hoodie.<br />&bull; Fitted flatlock seams.<br />&bull; Matching lining and drawstring. <br />&bull; Machine wash/dry.</p>',1,NULL,0,'/m/h/mh13-blue_main_4.jpg',NULL,NULL,NULL,NULL,14,'Guc','26,29,30',NULL,NULL,'MH13-Blue-XS','2016-04-15 08:02:30',NULL,'35',74.0000,NULL,NULL,0,NULL,20,'XS','MH13-Blue-XS',NULL,'/m/h/mh13-blue_main_4.jpg',NULL,'2016-04-15 00:00:00',58.0000,'2018-04-15 00:00:00',NULL,2,'/m/h/mh13-blue_main_4.jpg',NULL,'2016-04-13 21:02:30','mh13-blue-xs',NULL,1,NULL,NULL),(44,4,'virtual','39,40,41,42,43,45,46,47',5,'Blue',NULL,'2016-04-13 21:02:31','<p>For cold-weather training or post-game layering, you need something more than a basic fleece. Our Marco Lightweight Active Hoodie brings both style and performance to the plate, court, or touchline. The smooth-faced, brushed-back fabric blocks wind and traps body heat, while integrated Cocona&reg; fibers pull moisture away.</p>\r\n<p>&bull; Light blue heather full zip hoodie.<br />&bull; Fitted flatlock seams.<br />&bull; Matching lining and drawstring. <br />&bull; Machine wash/dry.</p>',1,NULL,0,'/m/h/mh13-blue_main_5.jpg',NULL,NULL,NULL,NULL,14,'Guc','26,29,30',NULL,NULL,'MH13-Blue-S','2016-04-15 08:02:31',NULL,'35',74.0000,NULL,NULL,0,NULL,18,'S','MH13-Blue-S',NULL,'/m/h/mh13-blue_main_5.jpg',NULL,'2016-04-15 00:00:00',58.0000,'2018-04-15 00:00:00',NULL,2,'/m/h/mh13-blue_main_5.jpg',NULL,'2016-04-13 21:02:31','mh13-blue-s',NULL,1,NULL,NULL),(45,4,'virtual','39,40,41,42,43,45,46,47',8,'Green',NULL,'2016-04-13 21:02:32','<p>For cold-weather training or post-game layering, you need something more than a basic fleece. Our Marco Lightweight Active Hoodie brings both style and performance to the plate, court, or touchline. The smooth-faced, brushed-back fabric blocks wind and traps body heat, while integrated Cocona&reg; fibers pull moisture away.</p>\r\n<p>&bull; Light blue heather full zip hoodie.<br />&bull; Fitted flatlock seams.<br />&bull; Matching lining and drawstring. <br />&bull; Machine wash/dry.</p>',1,NULL,0,'/m/h/mh13-green_main.jpg',NULL,NULL,NULL,NULL,14,'Guc','26,29,30',NULL,NULL,'MH13-Green-L','2016-04-15 08:02:32',NULL,'35',74.0000,NULL,NULL,0,NULL,16,'L','MH13-Green-L',NULL,'/m/h/mh13-green_main.jpg',NULL,'2016-04-15 00:00:00',58.0000,'2018-04-15 00:00:00',NULL,2,'/m/h/mh13-green_main.jpg',NULL,'2016-04-13 21:02:32','mh13-green-l',NULL,1,NULL,NULL),(46,4,'virtual','39,40,41,42,43,45,46,47',8,'Green',NULL,'2016-04-13 21:02:33','<p>For cold-weather training or post-game layering, you need something more than a basic fleece. Our Marco Lightweight Active Hoodie brings both style and performance to the plate, court, or touchline. The smooth-faced, brushed-back fabric blocks wind and traps body heat, while integrated Cocona&reg; fibers pull moisture away.</p>\r\n<p>&bull; Light blue heather full zip hoodie.<br />&bull; Fitted flatlock seams.<br />&bull; Matching lining and drawstring. <br />&bull; Machine wash/dry.</p>',1,NULL,0,'/m/h/mh13-green_main_1.jpg',NULL,NULL,NULL,NULL,14,'Guc','26,29,30',NULL,NULL,'MH13-Green-XL','2016-04-15 08:02:33',NULL,'35',74.0000,NULL,NULL,0,NULL,19,'XL','MH13-Green-XL',NULL,'/m/h/mh13-green_main_1.jpg',NULL,'2016-04-15 00:00:00',58.0000,'2018-04-15 00:00:00',NULL,2,'/m/h/mh13-green_main_1.jpg',NULL,'2016-04-13 21:02:33','mh13-green-xl',NULL,1,NULL,NULL),(47,4,'virtual','39,40,41,42,43,45,46,47',8,'Green',NULL,'2016-04-13 21:02:34','<p>For cold-weather training or post-game layering, you need something more than a basic fleece. Our Marco Lightweight Active Hoodie brings both style and performance to the plate, court, or touchline. The smooth-faced, brushed-back fabric blocks wind and traps body heat, while integrated Cocona&reg; fibers pull moisture away.</p>\r\n<p>&bull; Light blue heather full zip hoodie.<br />&bull; Fitted flatlock seams.<br />&bull; Matching lining and drawstring. <br />&bull; Machine wash/dry.</p>',1,NULL,0,'/m/h/mh13-green_main_2.jpg',NULL,NULL,NULL,NULL,14,'Guc','26,29,30',NULL,NULL,'MH13-Green-M','2016-04-15 08:02:34',NULL,'35',74.0000,NULL,NULL,0,NULL,17,'M','MH13-Green-M',NULL,'/m/h/mh13-green_main_2.jpg',NULL,'2016-04-15 00:00:00',58.0000,'2018-04-15 00:00:00',NULL,2,'/m/h/mh13-green_main_2.jpg',NULL,'2016-04-13 21:02:34','mh13-green-m',NULL,1,NULL,NULL),(48,4,'virtual','39,40,41,42,43,45,46,47',8,'Green',NULL,'2016-04-13 21:02:35','<p>For cold-weather training or post-game layering, you need something more than a basic fleece. Our Marco Lightweight Active Hoodie brings both style and performance to the plate, court, or touchline. The smooth-faced, brushed-back fabric blocks wind and traps body heat, while integrated Cocona&reg; fibers pull moisture away.</p>\r\n<p>&bull; Light blue heather full zip hoodie.<br />&bull; Fitted flatlock seams.<br />&bull; Matching lining and drawstring. <br />&bull; Machine wash/dry.</p>',1,NULL,0,'/m/h/mh13-green_main_3.jpg',NULL,NULL,NULL,NULL,14,'Guc','26,29,30',NULL,NULL,'MH13-Green-XS','2016-04-15 08:02:35',NULL,'35',74.0000,NULL,NULL,0,NULL,20,'XS','MH13-Green-XS',NULL,'/m/h/mh13-green_main_3.jpg',NULL,'2016-04-15 00:00:00',58.0000,'2018-04-15 00:00:00',NULL,2,'/m/h/mh13-green_main_3.jpg',NULL,'2016-04-13 21:02:35','mh13-green-xs',NULL,1,NULL,NULL),(49,4,'virtual','39,40,41,42,43,45,46,47',8,'Green',NULL,'2016-04-13 21:02:36','<p>For cold-weather training or post-game layering, you need something more than a basic fleece. Our Marco Lightweight Active Hoodie brings both style and performance to the plate, court, or touchline. The smooth-faced, brushed-back fabric blocks wind and traps body heat, while integrated Cocona&reg; fibers pull moisture away.</p>\r\n<p>&bull; Light blue heather full zip hoodie.<br />&bull; Fitted flatlock seams.<br />&bull; Matching lining and drawstring. <br />&bull; Machine wash/dry.</p>',1,NULL,0,'/m/h/mh13-green_main_4.jpg',NULL,NULL,NULL,NULL,14,'Guc','26,29,30',NULL,NULL,'MH13-Green-S','2016-04-15 08:02:36',NULL,'35',74.0000,NULL,NULL,0,NULL,18,'S','MH13-Green-S',NULL,'/m/h/mh13-green_main_4.jpg',NULL,'2016-04-15 00:00:00',58.0000,'2018-04-15 00:00:00',NULL,2,'/m/h/mh13-green_main_4.jpg',NULL,'2016-04-13 21:02:36','mh13-green-s',NULL,1,NULL,NULL),(50,4,'virtual','39,40,41,42,43,45,46,47',11,'Yellow',NULL,'2016-04-13 21:02:37','<p>For cold-weather training or post-game layering, you need something more than a basic fleece. Our Marco Lightweight Active Hoodie brings both style and performance to the plate, court, or touchline. The smooth-faced, brushed-back fabric blocks wind and traps body heat, while integrated Cocona&reg; fibers pull moisture away.</p>\r\n<p>&bull; Light blue heather full zip hoodie.<br />&bull; Fitted flatlock seams.<br />&bull; Matching lining and drawstring. <br />&bull; Machine wash/dry.</p>',1,NULL,0,'/m/j/mj01-yellow_main_6.jpg',NULL,NULL,NULL,NULL,14,'Guc','26,29,30',NULL,NULL,'MH13-Yellow-L','2016-04-15 08:02:37',NULL,'35',74.0000,NULL,NULL,0,NULL,16,'L','MH13-Yellow-L',NULL,'/m/j/mj01-yellow_main_6.jpg',NULL,'2016-04-15 00:00:00',58.0000,'2018-04-15 00:00:00',NULL,2,'/m/j/mj01-yellow_main_6.jpg',NULL,'2016-04-13 21:02:37','mh13-yellow-l',NULL,1,NULL,NULL),(51,4,'virtual','39,40,41,42,43,45,46,47',11,'Yellow',NULL,'2016-04-13 21:02:39','<p>For cold-weather training or post-game layering, you need something more than a basic fleece. Our Marco Lightweight Active Hoodie brings both style and performance to the plate, court, or touchline. The smooth-faced, brushed-back fabric blocks wind and traps body heat, while integrated Cocona&reg; fibers pull moisture away.</p>\r\n<p>&bull; Light blue heather full zip hoodie.<br />&bull; Fitted flatlock seams.<br />&bull; Matching lining and drawstring. <br />&bull; Machine wash/dry.</p>',1,NULL,0,'/m/j/mj01-yellow_main_1_1.jpg',NULL,NULL,NULL,NULL,14,'Guc','26,29,30',NULL,NULL,'MH13-Yellow-XL','2016-04-15 08:02:39',NULL,'35',74.0000,NULL,NULL,0,NULL,19,'XL','MH13-Yellow-XL',NULL,'/m/j/mj01-yellow_main_1_1.jpg',NULL,'2016-04-15 00:00:00',58.0000,'2018-04-15 00:00:00',NULL,2,'/m/j/mj01-yellow_main_1_1.jpg',NULL,'2016-04-13 21:02:39','mh13-yellow-xl',NULL,1,NULL,NULL),(52,4,'virtual','39,40,41,42,43,45,46,47',11,'Yellow',NULL,'2016-04-13 21:02:41','<p>For cold-weather training or post-game layering, you need something more than a basic fleece. Our Marco Lightweight Active Hoodie brings both style and performance to the plate, court, or touchline. The smooth-faced, brushed-back fabric blocks wind and traps body heat, while integrated Cocona&reg; fibers pull moisture away.</p>\r\n<p>&bull; Light blue heather full zip hoodie.<br />&bull; Fitted flatlock seams.<br />&bull; Matching lining and drawstring. <br />&bull; Machine wash/dry.</p>',1,NULL,0,'/m/j/mj01-yellow_main_2_1.jpg',NULL,NULL,NULL,NULL,14,'Guc','26,29,30',NULL,NULL,'MH13-Yellow-M','2016-04-15 08:02:41',NULL,'35',74.0000,NULL,NULL,0,NULL,17,'M','MH13-Yellow-M',NULL,'/m/j/mj01-yellow_main_2_1.jpg',NULL,'2016-04-15 00:00:00',58.0000,'2018-04-15 00:00:00',NULL,2,'/m/j/mj01-yellow_main_2_1.jpg',NULL,'2016-04-13 21:02:41','mh13-yellow-m',NULL,1,NULL,NULL),(53,4,'virtual','39,40,41,42,43,45,46,47',11,'Yellow',NULL,'2016-04-13 21:02:42','<p>For cold-weather training or post-game layering, you need something more than a basic fleece. Our Marco Lightweight Active Hoodie brings both style and performance to the plate, court, or touchline. The smooth-faced, brushed-back fabric blocks wind and traps body heat, while integrated Cocona&reg; fibers pull moisture away.</p>\r\n<p>&bull; Light blue heather full zip hoodie.<br />&bull; Fitted flatlock seams.<br />&bull; Matching lining and drawstring. <br />&bull; Machine wash/dry.</p>',1,NULL,0,'/m/j/mj01-yellow_main_3_1.jpg',NULL,NULL,NULL,NULL,14,'Guc','26,29,30',NULL,NULL,'MH13-Yellow-XS','2016-04-15 08:02:42',NULL,'35',74.0000,NULL,NULL,0,NULL,20,'XS','MH13-Yellow-XS',NULL,'/m/j/mj01-yellow_main_3_1.jpg',NULL,'2016-04-15 00:00:00',58.0000,'2018-04-15 00:00:00',NULL,2,'/m/j/mj01-yellow_main_3_1.jpg',NULL,'2016-04-13 21:02:42','mh13-yellow-xs',NULL,1,NULL,NULL),(54,4,'virtual','39,40,41,42,43,45,46,47',11,'Yellow',NULL,'2016-04-13 21:02:43','<p>For cold-weather training or post-game layering, you need something more than a basic fleece. Our Marco Lightweight Active Hoodie brings both style and performance to the plate, court, or touchline. The smooth-faced, brushed-back fabric blocks wind and traps body heat, while integrated Cocona&reg; fibers pull moisture away.</p>\r\n<p>&bull; Light blue heather full zip hoodie.<br />&bull; Fitted flatlock seams.<br />&bull; Matching lining and drawstring. <br />&bull; Machine wash/dry.</p>',1,NULL,0,'/m/j/mj01-yellow_main_4_1.jpg',NULL,NULL,NULL,NULL,14,'Guc','26,29,30',NULL,NULL,'MH13-Yellow-S','2016-04-15 08:02:43',NULL,'35',74.0000,NULL,NULL,0,NULL,18,'S','MH13-Yellow-S',NULL,'/m/j/mj01-yellow_main_4_1.jpg',NULL,'2016-04-15 00:00:00',58.0000,'2018-04-15 00:00:00',NULL,2,'/m/j/mj01-yellow_main_4_1.jpg',NULL,'2016-04-13 21:02:43','mh13-yellow-s',NULL,1,NULL,NULL),(58,4,'simple','39',4,'Black',NULL,'2016-04-13 21:36:44','<p>Quisque sollicitudin nulla felis, vel sollicitudin felis mollis in. Cras mauris ligula, pharetra a consectetur a, interdum sit amet ex. Nunc dui nulla, efficitur a tempor non, euismod id libero. Quisque sapien enim, tempus tristique metus ut, vestibulum tincidunt mauris!</p>\r\n<p>Quisque sollicitudin nulla felis, vel sollicitudin felis mollis in. Cras mauris ligula, pharetra a consectetur a, interdum sit amet ex. Nunc dui nulla, efficitur a tempor non, euismod id libero. Quisque sapien enim, tempus tristique metus ut, vestibulum tincidunt mauris!</p>\r\n<p>Quisque sollicitudin nulla felis, vel sollicitudin felis mollis in. Cras mauris ligula, pharetra a consectetur a, interdum sit amet ex. Nunc dui nulla, efficitur a tempor non, euismod id libero. Quisque sapien enim, tempus tristique metus ut, vestibulum tincidunt mauris!</p>',1,0,0,'/i/m/image1xxl_9__1_1.jpg',NULL,NULL,NULL,NULL,12,'Bub','22',NULL,'0','Mauris sollicitudin','2018-04-25 00:00:00','2024-04-28 00:00:00','31',134.0000,NULL,NULL,0,'<p>Cras mauris ligula, pharetra a consectetur a, interdum sit amet ex. Nunc dui nulla, efficitur a tempor non, euismod id libero. Quisque sapien enim, tempus tristique metus ut, vestibulum tincidunt mauris!</p>',16,'L','MH15',NULL,'/i/m/image1xxl_9__1_1.jpg',NULL,'2018-04-25 00:00:00',112.0000,'2022-04-30 00:00:00','/i/m/image1xxl_9__1_1.jpg',2,'/i/m/image1xxl_9__1_1.jpg',NULL,'2019-07-24 03:55:04','mauris-sollicitudin',NULL,4,NULL,NULL),(59,4,'simple','45,46',9,'Orange',NULL,'2016-04-13 21:36:49','<p>Quisque sollicitudin nulla felis, vel sollicitudin felis mollis in. Cras mauris ligula, pharetra a consectetur a, interdum sit amet ex. Nunc dui nulla, efficitur a tempor non, euismod id libero. Quisque sapien enim, tempus tristique metus ut, vestibulum tincidunt mauris!</p>\r\n<p>Quisque sollicitudin nulla felis, vel sollicitudin felis mollis in. Cras mauris ligula, pharetra a consectetur a, interdum sit amet ex. Nunc dui nulla, efficitur a tempor non, euismod id libero. Quisque sapien enim, tempus tristique metus ut, vestibulum tincidunt mauris!</p>\r\n<p>Quisque sollicitudin nulla felis, vel sollicitudin felis mollis in. Cras mauris ligula, pharetra a consectetur a, interdum sit amet ex. Nunc dui nulla, efficitur a tempor non, euismod id libero. Quisque sapien enim, tempus tristique metus ut, vestibulum tincidunt mauris!</p>',1,NULL,0,'/6/1/61_2.jpg',NULL,NULL,NULL,NULL,12,'Bub','25,26',NULL,NULL,'Cras sem sapien','2016-04-15 00:00:00',NULL,'34,35',99.0000,NULL,NULL,0,NULL,16,'L','MH15-1',NULL,'/6/1/61_2.jpg',NULL,'2016-04-15 00:00:00',79.0000,'2018-04-15 00:00:00','no_selection',2,'/6/1/61_2.jpg',NULL,'2016-04-18 23:20:16','mauris-sollicitudin-1',NULL,4,NULL,NULL),(60,4,'simple','42',10,'Red',NULL,'2016-04-13 22:12:33','<p>Quisque sollicitudin nulla felis, vel sollicitudin felis mollis in. Cras mauris ligula, pharetra a consectetur a, interdum sit amet ex. Nunc dui nulla, efficitur a tempor non, euismod id libero. Quisque sapien enim, tempus tristique metus ut, vestibulum tincidunt mauris!</p>\r\n<p>Quisque sollicitudin nulla felis, vel sollicitudin felis mollis in. Cras mauris ligula, pharetra a consectetur a, interdum sit amet ex. Nunc dui nulla, efficitur a tempor non, euismod id libero. Quisque sapien enim, tempus tristique metus ut, vestibulum tincidunt mauris!</p>\r\n<p>Quisque sollicitudin nulla felis, vel sollicitudin felis mollis in. Cras mauris ligula, pharetra a consectetur a, interdum sit amet ex. Nunc dui nulla, efficitur a tempor non, euismod id libero. Quisque sapien enim, tempus tristique metus ut, vestibulum tincidunt mauris!</p>',1,0,0,'/g/1/g1_1.jpg',NULL,NULL,NULL,NULL,14,'Guc','26',NULL,'0','Quisque neque','2016-04-15 00:00:00',NULL,'34,38',92.0000,NULL,NULL,0,'<p>Cras mauris ligula, pharetra a consectetur a, interdum sit amet ex. Nunc dui nulla, efficitur a tempor non, euismod id libero. Quisque sapien enim, tempus tristique metus ut, vestibulum tincidunt mauris!</p>',16,'L','MH16',NULL,'/g/1/g1_1.jpg',NULL,'2018-04-15 00:00:00',75.0000,'2022-09-15 00:00:00','/g/1/g1_1.jpg',2,'/g/1/g1_1.jpg',NULL,'2019-07-24 03:52:24','quisque-neque',NULL,4,NULL,NULL),(61,4,'simple','46',7,'Gray',NULL,'2016-04-13 22:17:02','<p>Quisque sollicitudin nulla felis, vel sollicitudin felis mollis in. Cras mauris ligula, pharetra a consectetur a, interdum sit amet ex. Nunc dui nulla, efficitur a tempor non, euismod id libero. Quisque sapien enim, tempus tristique metus ut, vestibulum tincidunt mauris!</p>\r\n<p>Quisque sollicitudin nulla felis, vel sollicitudin felis mollis in. Cras mauris ligula, pharetra a consectetur a, interdum sit amet ex. Nunc dui nulla, efficitur a tempor non, euismod id libero. Quisque sapien enim, tempus tristique metus ut, vestibulum tincidunt mauris!</p>\r\n<p>Quisque sollicitudin nulla felis, vel sollicitudin felis mollis in. Cras mauris ligula, pharetra a consectetur a, interdum sit amet ex. Nunc dui nulla, efficitur a tempor non, euismod id libero. Quisque sapien enim, tempus tristique metus ut, vestibulum tincidunt mauris!</p>',1,0,0,'/m/1/m17.jpg',NULL,NULL,NULL,NULL,13,'Cha','29',NULL,NULL,'Fusce nec facilisi','2016-04-15 00:00:00',NULL,'32,35',135.0000,NULL,NULL,0,'<p>Quisque sollicitudin nulla felis, vel sollicitudin felis mollis in. Cras mauris ligula, pharetra a consectetur a, interdum sit amet ex. Nunc dui nulla, efficitur a tempor non, euismod id libero. Quisque sapien enim, tempus tristique metus ut, vestibulum tincidunt mauris!</p>',16,'L','MH16-1',NULL,'/m/1/m17.jpg',NULL,'2018-04-15 00:00:00',105.0000,'2022-07-15 00:00:00','/m/1/m17.jpg',2,'/m/1/m17.jpg',NULL,'2018-04-27 15:57:05','fusce-nec-facilisi',NULL,4,NULL,NULL),(62,4,'grouped','39',4,'Black',NULL,'2016-04-18 19:55:44','<p>Quisque sollicitudin nulla felis, vel sollicitudin felis mollis in. Cras mauris ligula, pharetra a consectetur a, interdum sit amet ex. Nunc dui nulla, efficitur a tempor non, euismod id libero. Quisque sapien enim, tempus tristique metus ut, vestibulum tincidunt mauris!</p>\r\n<p>Quisque sollicitudin nulla felis, vel sollicitudin felis mollis in. Cras mauris ligula, pharetra a consectetur a, interdum sit amet ex. Nunc dui nulla, efficitur a tempor non, euismod id libero. Quisque sapien enim, tempus tristique metus ut, vestibulum tincidunt mauris!</p>\r\n<p>Quisque sollicitudin nulla felis, vel sollicitudin felis mollis in. Cras mauris ligula, pharetra a consectetur a, interdum sit amet ex. Nunc dui nulla, efficitur a tempor non, euismod id libero. Quisque sapien enim, tempus tristique metus ut, vestibulum tincidunt mauris!</p>',NULL,NULL,0,'/4/1/41.jpg',NULL,NULL,NULL,NULL,13,'Cha','22',NULL,NULL,'Grouped Product','2016-04-20 00:00:00','2018-04-20 00:00:00','31',NULL,NULL,NULL,0,NULL,16,'L','grouped-product',NULL,'/4/1/41.jpg',NULL,NULL,NULL,NULL,NULL,NULL,'/4/1/41.jpg',NULL,'2016-04-18 19:55:44','grouped-product',NULL,4,NULL,NULL),(63,4,'simple','42',7,'Gray',NULL,'2016-04-18 20:03:39','<p>Quisque sollicitudin nulla felis, vel sollicitudin felis mollis in. Cras mauris ligula, pharetra a consectetur a, interdum sit amet ex. Nunc dui nulla, efficitur a tempor non, euismod id libero. Quisque sapien enim, tempus tristique metus ut, vestibulum tincidunt mauris!</p>\r\n<p>Quisque sollicitudin nulla felis, vel sollicitudin felis mollis in. Cras mauris ligula, pharetra a consectetur a, interdum sit amet ex. Nunc dui nulla, efficitur a tempor non, euismod id libero. Quisque sapien enim, tempus tristique metus ut, vestibulum tincidunt mauris!</p>\r\n<p>Quisque sollicitudin nulla felis, vel sollicitudin felis mollis in. Cras mauris ligula, pharetra a consectetur a, interdum sit amet ex. Nunc dui nulla, efficitur a tempor non, euismod id libero. Quisque sapien enim, tempus tristique metus ut, vestibulum tincidunt mauris!</p>',1,0,0,'/9/1/91_1.jpg',NULL,NULL,NULL,NULL,15,'Aso','25',NULL,'0','Sed dignissim magna','2016-04-20 00:00:00',NULL,'35,38',89.0000,NULL,NULL,0,'<p>Cras mauris ligula, pharetra a consectetur a, interdum sit amet ex. Nunc dui nulla, efficitur a tempor non, euismod id libero. Quisque sapien enim, tempus tristique metus ut, vestibulum tincidunt mauris!</p>',16,'L','MH18',NULL,'/9/1/91_1.jpg',NULL,'2018-04-20 00:00:00',75.0000,'2022-06-20 00:00:00','/9/1/91_1.jpg',2,'/9/1/91_1.jpg',NULL,'2019-07-24 03:55:13','sed-dignissim-magna',NULL,4,NULL,NULL),(64,4,'simple','39',5,'Blue',NULL,'2016-04-18 20:14:47','<p>Cras mauris ligula, pharetra a consectetur a, interdum sit amet ex. Nunc dui nulla, efficitur a tempor non, euismod id libero. Quisque sapien enim, tempus tristique metus ut, vestibulum tincidunt mauris!</p>\r\n<p>Cras mauris ligula, pharetra a consectetur a, interdum sit amet ex. Nunc dui nulla, efficitur a tempor non, euismod id libero. Quisque sapien enim, tempus tristique metus ut, vestibulum tincidunt mauris!</p>',1,0,0,'/3/3/3334.jpg',NULL,NULL,NULL,NULL,13,'Cha','22',NULL,'0','Tier Pricing Product','2018-05-02 00:00:00','2022-05-05 00:00:00','31',99.0000,NULL,NULL,0,'<p>Cras mauris ligula, pharetra a consectetur a, interdum sit amet ex. Nunc dui nulla, efficitur a tempor non, euismod id libero. Quisque sapien enim, tempus tristique metus ut, vestibulum tincidunt mauris!</p>',18,'S','MH19',NULL,'/3/3/3334.jpg',NULL,'2018-04-26 00:00:00',88.0000,'2022-04-28 00:00:00','/3/3/3334.jpg',2,'/3/3/3334.jpg',NULL,'2019-07-24 03:54:43','tier-pricing-product',NULL,4,NULL,NULL),(65,4,'virtual','39,40,41,42,45',5,'Blue',NULL,'2016-04-18 20:43:32','<p>For cold-weather training or post-game layering, you need something more than a basic fleece. Our Marco Lightweight Active Hoodie brings both style and performance to the plate, court, or touchline. The smooth-faced, brushed-back fabric blocks wind and traps body heat, while integrated Cocona&reg; fibers pull moisture away.</p>\r\n<p>&bull; Light blue heather full zip hoodie.<br />&bull; Fitted flatlock seams.<br />&bull; Matching lining and drawstring. <br />&bull; Machine wash/dry.</p>',1,NULL,0,'/m/h/mh13-blue_main_1_1.jpg',NULL,NULL,NULL,NULL,12,'Bub','26,29,30',NULL,NULL,'MH20-Blue-L',NULL,NULL,'35',89.0000,NULL,NULL,0,NULL,16,'L','MH20-Blue-L',NULL,'/m/h/mh13-blue_main_1_1.jpg',NULL,NULL,NULL,NULL,NULL,2,'/m/h/mh13-blue_main_1_1.jpg',NULL,'2016-04-18 20:43:32','mh20-blue-l',NULL,1,NULL,NULL),(66,4,'virtual','39,40,41,42,45',5,'Blue',NULL,'2016-04-18 20:43:34','<p>For cold-weather training or post-game layering, you need something more than a basic fleece. Our Marco Lightweight Active Hoodie brings both style and performance to the plate, court, or touchline. The smooth-faced, brushed-back fabric blocks wind and traps body heat, while integrated Cocona&reg; fibers pull moisture away.</p>\r\n<p>&bull; Light blue heather full zip hoodie.<br />&bull; Fitted flatlock seams.<br />&bull; Matching lining and drawstring. <br />&bull; Machine wash/dry.</p>',1,NULL,0,'/m/h/mh13-blue_main_2_1.jpg',NULL,NULL,NULL,NULL,12,'Bub','26,29,30',NULL,NULL,'MH20-Blue-M',NULL,NULL,'35',89.0000,NULL,NULL,0,NULL,17,'M','MH20-Blue-M',NULL,'/m/h/mh13-blue_main_2_1.jpg',NULL,NULL,NULL,NULL,NULL,2,'/m/h/mh13-blue_main_2_1.jpg',NULL,'2016-04-18 20:43:34','mh20-blue-m',NULL,1,NULL,NULL),(67,4,'virtual','39,40,41,42,45',5,'Blue',NULL,'2016-04-18 20:43:35','<p>For cold-weather training or post-game layering, you need something more than a basic fleece. Our Marco Lightweight Active Hoodie brings both style and performance to the plate, court, or touchline. The smooth-faced, brushed-back fabric blocks wind and traps body heat, while integrated Cocona&reg; fibers pull moisture away.</p>\r\n<p>&bull; Light blue heather full zip hoodie.<br />&bull; Fitted flatlock seams.<br />&bull; Matching lining and drawstring. <br />&bull; Machine wash/dry.</p>',1,NULL,0,'/m/h/mh13-blue_main_3_1.jpg',NULL,NULL,NULL,NULL,12,'Bub','26,29,30',NULL,NULL,'MH20-Blue-S',NULL,NULL,'35',89.0000,NULL,NULL,0,NULL,18,'S','MH20-Blue-S',NULL,'/m/h/mh13-blue_main_3_1.jpg',NULL,NULL,NULL,NULL,NULL,2,'/m/h/mh13-blue_main_3_1.jpg',NULL,'2016-04-18 20:43:35','mh20-blue-s',NULL,1,NULL,NULL),(68,4,'virtual','39,40,41,42,45',11,'Yellow',NULL,'2016-04-18 20:43:36','<p>For cold-weather training or post-game layering, you need something more than a basic fleece. Our Marco Lightweight Active Hoodie brings both style and performance to the plate, court, or touchline. The smooth-faced, brushed-back fabric blocks wind and traps body heat, while integrated Cocona&reg; fibers pull moisture away.</p>\r\n<p>&bull; Light blue heather full zip hoodie.<br />&bull; Fitted flatlock seams.<br />&bull; Matching lining and drawstring. <br />&bull; Machine wash/dry.</p>',1,NULL,0,'/m/j/mj01-yellow_main_7.jpg',NULL,NULL,NULL,NULL,12,'Bub','26,29,30',NULL,NULL,'MH20-Yellow-L',NULL,NULL,'35',89.0000,NULL,NULL,0,NULL,16,'L','MH20-Yellow-L',NULL,'/m/j/mj01-yellow_main_7.jpg',NULL,NULL,NULL,NULL,NULL,2,'/m/j/mj01-yellow_main_7.jpg',NULL,'2016-04-18 20:43:36','mh20-yellow-l',NULL,1,NULL,NULL),(69,4,'virtual','39,40,41,42,45',11,'Yellow',NULL,'2016-04-18 20:43:37','<p>For cold-weather training or post-game layering, you need something more than a basic fleece. Our Marco Lightweight Active Hoodie brings both style and performance to the plate, court, or touchline. The smooth-faced, brushed-back fabric blocks wind and traps body heat, while integrated Cocona&reg; fibers pull moisture away.</p>\r\n<p>&bull; Light blue heather full zip hoodie.<br />&bull; Fitted flatlock seams.<br />&bull; Matching lining and drawstring. <br />&bull; Machine wash/dry.</p>',1,NULL,0,'/m/j/mj01-yellow_main_1_2.jpg',NULL,NULL,NULL,NULL,12,'Bub','26,29,30',NULL,NULL,'MH20-Yellow-M',NULL,NULL,'35',89.0000,NULL,NULL,0,NULL,17,'M','MH20-Yellow-M',NULL,'/m/j/mj01-yellow_main_1_2.jpg',NULL,NULL,NULL,NULL,NULL,2,'/m/j/mj01-yellow_main_1_2.jpg',NULL,'2016-04-18 20:43:37','mh20-yellow-m',NULL,1,NULL,NULL),(70,4,'virtual','39,40,41,42,45',11,'Yellow',NULL,'2016-04-18 20:43:38','<p>For cold-weather training or post-game layering, you need something more than a basic fleece. Our Marco Lightweight Active Hoodie brings both style and performance to the plate, court, or touchline. The smooth-faced, brushed-back fabric blocks wind and traps body heat, while integrated Cocona&reg; fibers pull moisture away.</p>\r\n<p>&bull; Light blue heather full zip hoodie.<br />&bull; Fitted flatlock seams.<br />&bull; Matching lining and drawstring. <br />&bull; Machine wash/dry.</p>',1,NULL,0,'/m/j/mj01-orange_main_5.jpg',NULL,NULL,NULL,NULL,12,'Bub','26,29,30',NULL,NULL,'MH20-Yellow-S',NULL,NULL,'35',89.0000,NULL,NULL,0,NULL,18,'S','MH20-Yellow-S',NULL,'/m/j/mj01-orange_main_5.jpg',NULL,NULL,NULL,NULL,NULL,2,'/m/j/mj01-orange_main_5.jpg',NULL,'2016-04-18 20:43:38','mh20-yellow-s',NULL,1,NULL,NULL),(71,4,'virtual','39,40,41,42,45',8,'Green',NULL,'2016-04-18 20:43:39','<p>For cold-weather training or post-game layering, you need something more than a basic fleece. Our Marco Lightweight Active Hoodie brings both style and performance to the plate, court, or touchline. The smooth-faced, brushed-back fabric blocks wind and traps body heat, while integrated Cocona&reg; fibers pull moisture away.</p>\r\n<p>&bull; Light blue heather full zip hoodie.<br />&bull; Fitted flatlock seams.<br />&bull; Matching lining and drawstring. <br />&bull; Machine wash/dry.</p>',1,NULL,0,'/m/h/mh13-green_main_5.jpg',NULL,NULL,NULL,NULL,12,'Bub','26,29,30',NULL,NULL,'MH20-Green-L',NULL,NULL,'35',89.0000,NULL,NULL,0,NULL,16,'L','MH20-Green-L',NULL,'/m/h/mh13-green_main_5.jpg',NULL,NULL,NULL,NULL,NULL,2,'/m/h/mh13-green_main_5.jpg',NULL,'2016-04-18 20:43:39','mh20-green-l',NULL,1,NULL,NULL),(72,4,'virtual','39,40,41,42,45',8,'Green',NULL,'2016-04-18 20:43:40','<p>For cold-weather training or post-game layering, you need something more than a basic fleece. Our Marco Lightweight Active Hoodie brings both style and performance to the plate, court, or touchline. The smooth-faced, brushed-back fabric blocks wind and traps body heat, while integrated Cocona&reg; fibers pull moisture away.</p>\r\n<p>&bull; Light blue heather full zip hoodie.<br />&bull; Fitted flatlock seams.<br />&bull; Matching lining and drawstring. <br />&bull; Machine wash/dry.</p>',1,NULL,0,'/m/h/mh13-green_main_1_1.jpg',NULL,NULL,NULL,NULL,12,'Bub','26,29,30',NULL,NULL,'MH20-Green-M',NULL,NULL,'35',89.0000,NULL,NULL,0,NULL,17,'M','MH20-Green-M',NULL,'/m/h/mh13-green_main_1_1.jpg',NULL,NULL,NULL,NULL,NULL,2,'/m/h/mh13-green_main_1_1.jpg',NULL,'2016-04-18 20:43:40','mh20-green-m',NULL,1,NULL,NULL),(73,4,'virtual','39,40,41,42,45',8,'Green',NULL,'2016-04-18 20:43:41','<p>For cold-weather training or post-game layering, you need something more than a basic fleece. Our Marco Lightweight Active Hoodie brings both style and performance to the plate, court, or touchline. The smooth-faced, brushed-back fabric blocks wind and traps body heat, while integrated Cocona&reg; fibers pull moisture away.</p>\r\n<p>&bull; Light blue heather full zip hoodie.<br />&bull; Fitted flatlock seams.<br />&bull; Matching lining and drawstring. <br />&bull; Machine wash/dry.</p>',1,NULL,0,'/m/h/mh13-green_main_2_1.jpg',NULL,NULL,NULL,NULL,12,'Bub','26,29,30',NULL,NULL,'MH20-Green-S',NULL,NULL,'35',89.0000,NULL,NULL,0,NULL,18,'S','MH20-Green-S',NULL,'/m/h/mh13-green_main_2_1.jpg',NULL,NULL,NULL,NULL,NULL,2,'/m/h/mh13-green_main_2_1.jpg',NULL,'2016-04-18 20:43:41','mh20-green-s',NULL,1,NULL,NULL),(74,4,'configurable','39,40,41,42,45',NULL,NULL,NULL,'2016-04-18 20:43:41','<p>For cold-weather training or post-game layering, you need something more than a basic fleece. Our Marco Lightweight Active Hoodie brings both style and performance to the plate, court, or touchline. The smooth-faced, brushed-back fabric blocks wind and traps body heat, while integrated Cocona&reg; fibers pull moisture away.</p>\r\n<p>&bull; Light blue heather full zip hoodie.<br />&bull; Fitted flatlock seams.<br />&bull; Matching lining and drawstring. <br />&bull; Machine wash/dry.</p>',1,0,1,'/m/h/mh13-blue_main_6.jpg',NULL,NULL,NULL,NULL,12,'Bub','26,29,30',NULL,NULL,'Marco Lightweight Active',NULL,NULL,'35',NULL,NULL,NULL,1,'<ul>\r\n<li>Light blue heather full zip hoodie.</li>\r\n<li>Fitted flatlock seams.</li>\r\n<li>Matching lining and drawstring.</li>\r\n<li>Machine wash/dry.</li>\r\n<li>User Manual</li>\r\n</ul>',NULL,NULL,'MH20',NULL,'/m/h/mh13-blue_main_6.jpg',NULL,NULL,NULL,NULL,NULL,2,'/m/h/mh13-blue_main_6.jpg',NULL,'2018-04-25 02:24:06','marco-lightweight-active',NULL,4,NULL,NULL),(75,4,'bundle','39',7,'Gray',NULL,'2016-04-19 14:41:19','<p>A well-rounded yoga workout takes more than a mat. The Sprite Yoga Companion Kit helps stock your studio with the basics you need for a full-range workout. The kit is composed of four best-selling Luma Sprite accessories in one easy bundle: statis ball, foam block, yoga strap, and foam roller. Choose sizes and colors and leave the rest to us. The kit includes:</p>\r\n<ul>\r\n<li>Sprite Statis Ball</li>\r\n<li>Sprite Foam Yoga Brick</li>\r\n<li>Sprite Yoga Strap</li>\r\n<li>Sprite Foam Roller</li>\r\n</ul>',1,NULL,1,'/m/1/m13_2.jpg',NULL,NULL,NULL,NULL,13,'Cha','22',NULL,NULL,'Sprite Yoga Companion Kit',NULL,NULL,'31',NULL,0,0,1,'<p>A well-rounded yoga workout takes more than a mat. The Sprite Yoga Companion Kit helps stock your studio with the basics you need for a full-range workout. The kit is composed of four best-selling Luma Sprite accessories in one easy bundle: statis ball, foam block, yoga strap, and foam roller. Choose sizes and colors and leave the rest to us. The kit includes:</p>',16,'L','24-WG080',0,'/m/1/m13_2.jpg',NULL,NULL,NULL,NULL,NULL,2,'/m/1/m13_2.jpg',NULL,'2016-04-19 23:03:02','sprite-yoga-companion-kit',NULL,4,NULL,0),(76,4,'downloadable','43',4,'Black',NULL,'2016-04-19 14:55:21','<p>Luma presents an innovative power vinyasa yoga class for intermediate and advanced practitioners. The video allows you to pace yourself, but more intense work yields longer rest. This class is great for more advanced students looking to learn proper alignment in their yoga practice.</p>\r\n<ul>\r\n<li>Includes a breakdown of 12 different postures.</li>\r\n<li>Chataranga Dandasana and prayer twist.</li>\r\n<li>Challenging posture (side crow).</li>\r\n<li>55 minutes of movement.</li>\r\n</ul>',0,NULL,1,'/i/m/image122xxl.jpg',NULL,1,0,'Downloads',12,'Bub','25',NULL,NULL,'Downloadable Product',NULL,NULL,'35',22.0000,NULL,NULL,0,'<p>The practices on this downloadable training video are recommended only for experienced to advanced students. Those with the fundamental skills needed won\'t want to miss the insight and advice from world-renowned trainer Erin Renny in these exclusive Luma guided yoga sessions. Complete body, arm balance and leg strength workouts engage, strengthen and increase mobility.</p>',16,'L','240-LV06',NULL,'/i/m/image122xxl.jpg',NULL,NULL,NULL,NULL,NULL,2,'/i/m/image122xxl.jpg',NULL,'2016-04-19 15:14:38','downloadable-product',NULL,4,NULL,NULL),(78,10,'simple',NULL,6,'Brown',NULL,'2019-12-10 04:27:36','Lorem Ipsum has been the industry\'s standard dummy text ever since the 1500s, when an unknown printer took a galley of type and scrambled it to make a type specimen book. It has survived not only five centuries, but also the leap into electronic typesetting, remaining essentially unchanged.',1,2,0,'/w/1/w108176_190920_ns_tt_2.jpg',NULL,NULL,NULL,NULL,NULL,NULL,NULL,NULL,'0','Elongated Scroll Marcasite Accent Ring with Oval Onyx',NULL,NULL,NULL,20.0000,NULL,NULL,0,'Lorem Ipsum has been the industry\'s standard dummy text ever since the 1500s',16,'L','Elongated-Scroll-Marcasite-Accent-Ring-with-Oval-Onyx',NULL,'/w/1/w108176_190920_ns_tt_2.jpg',NULL,NULL,NULL,NULL,'/w/1/w108176_190920_ns_tt_2.jpg',2,'/w/1/w108176_190920_ns_tt_2.jpg',NULL,'2020-01-02 09:23:54','elongated-scroll-marcasite-accent-ring-with-oval-onyx',NULL,4,NULL,NULL),(79,10,'simple',NULL,5,'Blue',NULL,'2019-12-10 04:47:41','Lorem Ipsum has been the industry\'s standard dummy text ever since the 1500s, when an unknown printer took a galley of type and scrambled it to make a type specimen book. It has survived not only five centuries, but also the leap into electronic typesetting, remaining essentially unchanged.',1,2,0,'/w/1/w107099_190920_ns_tt_1.jpg',NULL,NULL,NULL,NULL,NULL,NULL,NULL,NULL,'0','Sweet Pear Lapis Sterling Silver Ring','2020-01-01 00:00:00','2022-01-31 00:00:00',NULL,22.5700,NULL,NULL,0,'Lorem Ipsum has been the industry\'s standard dummy text ever since the 1500s',17,'M','Sweet-Pear-Lapis-Sterling-Silver-Ring',NULL,'/w/1/w107099_190920_ns_tt_1.jpg',NULL,NULL,NULL,NULL,'/w/1/w107099_190920_ns_tt_1.jpg',2,'/w/1/w107099_190920_ns_tt_1.jpg',NULL,'2020-01-02 09:24:08','sweet-pear-lapis-sterling-silver-ring',NULL,4,NULL,NULL),(80,10,'simple',NULL,4,'Black',20.0000,'2019-12-10 05:04:57','Lorem Ipsum has been the industry\'s standard dummy text ever since the 1500s, when an unknown printer took a galley of type and scrambled it to make a type specimen book. It has survived not only five centuries, but also the leap into electronic typesetting, remaining essentially unchanged.',0,2,0,'/w/q/wq08006_1_190823.jpg',NULL,NULL,NULL,NULL,NULL,NULL,NULL,NULL,'0','Cute Squirrel Sterling Silver Marcasite Ring',NULL,NULL,NULL,25.0000,NULL,NULL,0,'Lorem Ipsum has been the industry\'s standard dummy text ever since the 1500s',16,'L','Cute-Squirrel-Sterling-Silver-Marcasite-Ring',NULL,'/w/q/wq08006_1_190823.jpg',NULL,'2020-01-01 00:00:00',25.0000,'2022-01-31 00:00:00','/w/q/wq08006_1_190823.jpg',2,'/w/q/wq08006_1_190823.jpg',NULL,'2020-01-02 09:24:30','cute-squirrel-sterling-silver-marcasite-ring',NULL,4,NULL,NULL),(81,10,'simple',NULL,4,'Black',NULL,'2019-12-10 06:31:32','Lorem Ipsum has been the industry\'s standard dummy text ever since the 1500s, when an unknown printer took a galley of type and scrambled it to make a type specimen book. It has survived not only five centuries, but also the leap into electronic typesetting, remaining essentially unchanged.',0,2,0,'/w/1/w106922_1.jpg',NULL,NULL,NULL,NULL,NULL,NULL,NULL,NULL,'0','Lotus Leaf Marcasite Ring with Square Agate','2020-01-01 00:00:00','2022-01-31 00:00:00',NULL,20.0000,NULL,NULL,0,'Lorem Ipsum has been the industry\'s standard dummy text ever since the 1500s',16,'L','Lotus-Leaf-Marcasite-Ring-with-Square-Agate',NULL,'/w/1/w106922_1.jpg',NULL,NULL,NULL,NULL,'/w/1/w106922_1.jpg',2,'/w/1/w106922_1.jpg',NULL,'2020-01-02 09:24:41','lotus-leaf-marcasite-ring-with-square-agate',NULL,4,NULL,NULL),(82,10,'simple',NULL,8,'Green',15.0000,'2019-12-10 07:03:09','Lorem Ipsum has been the industry\'s standard dummy text ever since the 1500s, when an unknown printer took a galley of type and scrambled it to make a type specimen book. It has survived not only five centuries, but also the leap into electronic typesetting, remaining essentially unchanged.',0,2,0,'/w/q/wqcd090062_190920_ns_tt_1.jpg',NULL,NULL,NULL,NULL,NULL,NULL,NULL,NULL,'0','Marcasite Sea Life Shell Shaped Earring',NULL,NULL,NULL,20.0000,NULL,NULL,0,'Lorem Ipsum has been the industry\'s standard dummy text ever since the 1500s',18,'S','Marcasite-Sea-Life-Shell-Shaped-Earring',NULL,'/w/q/wqcd090062_190920_ns_tt_1.jpg',NULL,'2019-12-01 00:00:00',20.0000,'2021-01-31 00:00:00','/w/q/wqcd090062_190920_ns_tt_1.jpg',2,'/w/q/wqcd090062_190920_ns_tt_1.jpg',NULL,'2019-12-10 07:47:37','marcasite-sea-life-shell-shaped-earring',NULL,4,NULL,NULL),(83,10,'simple',NULL,8,'Green',NULL,'2019-12-10 07:08:49','Lorem Ipsum has been the industry\'s standard dummy text ever since the 1500s, when an unknown printer took a galley of type and scrambled it to make a type specimen book. It has survived not only five centuries, but also the leap into electronic typesetting, remaining essentially unchanged.',1,2,0,'/w/k/wkc100174_191106_ns_tt_1.jpg',NULL,NULL,NULL,NULL,NULL,NULL,NULL,NULL,'0','Marcasite Flower Motif Silver Drop Earring with Round Turquoise',NULL,NULL,NULL,22.5700,NULL,NULL,0,'Lorem Ipsum has been the industry\'s standard dummy text ever since the 1500s',17,'M','Marcasite-Flower-Motif-Silver-Drop-Earring-with-Round-Turquoise',NULL,'/w/k/wkc100174_191106_ns_tt_1.jpg',NULL,NULL,NULL,NULL,'/w/k/wkc100174_191106_ns_tt_1.jpg',2,'/w/k/wkc100174_191106_ns_tt_1.jpg',NULL,'2019-12-10 07:48:13','marcasite-flower-motif-silver-drop-earring-with-round-turquoise',NULL,4,NULL,NULL),(84,10,'simple',NULL,4,'Black',28.0000,'2019-12-10 07:12:41','Lorem Ipsum has been the industry\'s standard dummy text ever since the 1500s, when an unknown printer took a galley of type and scrambled it to make a type specimen book. It has survived not only five centuries, but also the leap into electronic typesetting, remaining essentially unchanged.',0,2,0,'/w/1/w104619_1.jpg',NULL,NULL,NULL,NULL,NULL,NULL,NULL,NULL,'0','Dazzling Shell Marcasite Silver Earring',NULL,NULL,NULL,33.0000,NULL,NULL,0,'Lorem Ipsum has been the industry\'s standard dummy text ever since the 1500s',16,'L','Dazzling-Shell-Marcasite-Silver-Earring',NULL,'/w/1/w104619_1.jpg',NULL,'2020-01-01 00:00:00',33.0000,'2022-01-31 00:00:00','/w/1/w104619_1.jpg',2,'/w/1/w104619_1.jpg',NULL,'2020-01-02 09:25:31','dazzling-shell-marcasite-silver-earring',NULL,4,NULL,NULL),(85,10,'simple',NULL,5,'Blue',28.0000,'2019-12-10 07:18:33','Lorem Ipsum has been the industry\'s standard dummy text ever since the 1500s, when an unknown printer took a galley of type and scrambled it to make a type specimen book. It has survived not only five centuries, but also the leap into electronic typesetting, remaining essentially unchanged.',0,2,0,'/h/5/h5919c2bb2aafc.jpg',NULL,NULL,NULL,NULL,NULL,NULL,NULL,NULL,'0','Marcasite Halo Signet Earring','2020-01-01 00:00:00','2022-01-31 00:00:00',NULL,32.0000,NULL,NULL,0,'Lorem Ipsum has been the industry\'s standard dummy text ever since the 1500s',18,'S','Marcasite-Halo-Signet-Earring',NULL,'/h/5/h5919c2bb2aafc.jpg',NULL,'2019-12-01 00:00:00',32.0000,'2021-12-30 00:00:00','/h/5/h5919c2bb2aafc.jpg',2,'/h/5/h5919c2bb2aafc.jpg',NULL,'2020-01-02 09:25:43','marcasite-halo-signet-earring',NULL,4,NULL,NULL),(86,10,'simple',NULL,6,'Brown',24.0000,'2019-12-10 07:21:54','Lorem Ipsum has been the industry\'s standard dummy text ever since the 1500s, when an unknown printer took a galley of type and scrambled it to make a type specimen book. It has survived not only five centuries, but also the leap into electronic typesetting, remaining essentially unchanged.',0,2,0,'/1/0/1051197_1.jpg',NULL,NULL,NULL,NULL,NULL,NULL,NULL,NULL,'0','Solitaire Oval Agate Bezel Setting Silver Earring',NULL,NULL,NULL,28.0000,NULL,NULL,0,'Lorem Ipsum has been the industry\'s standard dummy text ever since the 1500s',17,'M','Solitaire-Oval-Agate-Bezel-Setting-Silver-Earring',NULL,'/1/0/1051197_1.jpg',NULL,'2020-01-01 00:00:00',28.0000,'2022-01-31 00:00:00','/1/0/1051197_1.jpg',2,'/1/0/1051197_1.jpg',NULL,'2020-01-02 09:25:58','solitaire-oval-agate-bezel-setting-silver-earring',NULL,4,NULL,NULL),(87,10,'virtual',NULL,5,'Blue',NULL,'2019-12-10 07:32:56','Lorem Ipsum has been the industry\'s standard dummy text ever since the 1500s, when an unknown printer took a galley of type and scrambled it to make a type specimen book. It has survived not only five centuries, but also the leap into electronic typesetting, remaining essentially unchanged.',0,0,0,'/w/1/w108176_190920_ns_tt_2_1.jpg',NULL,NULL,NULL,NULL,NULL,NULL,NULL,NULL,NULL,'Owl Face Earring with Blink Garnet Eye-Blue',NULL,NULL,NULL,26.0000,NULL,NULL,0,'Lorem Ipsum has been the industry\'s standard dummy text ever since the 1500s',18,'S','Owl-Face-Earring -with Blink-Garnet-Eye-Blue',NULL,'/w/1/w108176_190920_ns_tt_2_1.jpg',NULL,NULL,NULL,NULL,'/w/1/w108176_190920_ns_tt_2_1.jpg',2,'/w/1/w108176_190920_ns_tt_2_1.jpg',NULL,'2019-12-10 07:32:56','owl-face-earring-with-blink-garnet-eye-blue',NULL,1,NULL,NULL),(88,10,'virtual',NULL,7,'Gray',NULL,'2019-12-10 07:33:02','Lorem Ipsum has been the industry\'s standard dummy text ever since the 1500s, when an unknown printer took a galley of type and scrambled it to make a type specimen book. It has survived not only five centuries, but also the leap into electronic typesetting, remaining essentially unchanged.',0,0,0,'/w/q/wq08006_2_190823_1.jpg',NULL,NULL,NULL,NULL,NULL,NULL,NULL,NULL,'0','Owl Face Earring with Blink Garnet Eye-Gray','2020-01-01 00:00:00','2022-01-31 00:00:00',NULL,26.0000,NULL,NULL,0,'Lorem Ipsum has been the industry\'s standard dummy text ever since the 1500s',18,'S','Owl-Face-Earring -with Blink-Garnet-Eye-Gray',NULL,'/w/q/wq08006_2_190823_1.jpg',NULL,NULL,NULL,NULL,'/w/q/wq08006_2_190823_1.jpg',2,'/w/q/wq08006_2_190823_1.jpg',NULL,'2020-01-02 09:26:30','owl-face-earring-with-blink-garnet-eye-gray',NULL,1,NULL,NULL),(89,10,'virtual',NULL,11,'Yellow',20.0000,'2019-12-10 07:33:06','Lorem Ipsum has been the industry\'s standard dummy text ever since the 1500s, when an unknown printer took a galley of type and scrambled it to make a type specimen book. It has survived not only five centuries, but also the leap into electronic typesetting, remaining essentially unchanged.',0,0,0,'/w/1/w106922_1_1.jpg',NULL,NULL,NULL,NULL,NULL,NULL,NULL,NULL,'0','Owl Face Earring with Blink Garnet Eye-Yellow',NULL,NULL,NULL,26.0000,NULL,NULL,0,'Lorem Ipsum has been the industry\'s standard dummy text ever since the 1500s',18,'S','Owl-Face-Earring -with Blink-Garnet-Eye-Yellow',NULL,'/w/1/w106922_1_1.jpg',NULL,'2020-01-01 00:00:00',26.0000,'2022-01-31 00:00:00','/w/1/w106922_1_1.jpg',2,'/w/1/w106922_1_1.jpg',NULL,'2020-01-02 09:26:20','owl-face-earring-with-blink-garnet-eye-yellow',NULL,1,NULL,NULL),(90,10,'configurable',NULL,9,'Orange',NULL,'2019-12-10 07:33:11','Lorem Ipsum has been the industry\'s standard dummy text ever since the 1500s, when an unknown printer took a galley of type and scrambled it to make a type specimen book. It has survived not only five centuries, but also the leap into electronic typesetting, remaining essentially unchanged.',0,2,1,'/w/1/w107099_190920_ns_tt_2_1.jpg',NULL,NULL,NULL,NULL,14,'Guc',NULL,NULL,'0','Owl Face Earring with Blink Garnet Eye',NULL,NULL,NULL,NULL,NULL,NULL,1,'Lorem Ipsum has been the industry\'s standard dummy text ever since the 1500s',18,'S','Owl-Face-Earring -with Blink-Garnet-Eye',NULL,'/w/1/w107099_190920_ns_tt_2_1.jpg',NULL,NULL,NULL,NULL,NULL,2,'/w/1/w107099_190920_ns_tt_2_1.jpg',NULL,'2019-12-10 07:33:11','owl-face-earring-with-blink-garnet-eye',NULL,4,NULL,NULL),(91,10,'grouped',NULL,5,'Blue',NULL,'2019-12-10 07:36:56','Lorem Ipsum has been the industry\'s standard dummy text ever since the 1500s, when an unknown printer took a galley of type and scrambled it to make a type specimen book. It has survived not only five centuries, but also the leap into electronic typesetting, remaining essentially unchanged.',NULL,2,0,'/w/q/wqcd090062_190920_ns_tt_1_1.jpg',NULL,NULL,NULL,NULL,NULL,NULL,NULL,NULL,NULL,'Flower Bouquet Crossover Dangle Earring',NULL,NULL,NULL,NULL,NULL,NULL,0,'Lorem Ipsum has been the industry\'s standard dummy text ever since the 1500s',17,'M','Flower-Bouquet-Crossover-Dangle-Earring',NULL,'/w/q/wqcd090062_190920_ns_tt_1_1.jpg',NULL,NULL,NULL,NULL,NULL,NULL,'/w/q/wqcd090062_190920_ns_tt_1_1.jpg',NULL,'2019-12-10 07:36:56','flower-bouquet-crossover-dangle-earring',NULL,4,NULL,NULL),(92,10,'bundle',NULL,7,'Gray',NULL,'2019-12-10 07:41:09','Lorem Ipsum has been the industry\'s standard dummy text ever since the 1500s, when an unknown printer took a galley of type and scrambled it to make a type specimen book. It has survived not only five centuries, but also the leap into electronic typesetting, remaining essentially unchanged.',0,2,1,'/w/1/w104619_2_1.jpg',NULL,NULL,NULL,NULL,NULL,NULL,NULL,NULL,'0','Sterling Silver Marcasite Leaf Drop Earring',NULL,NULL,NULL,NULL,0,0,1,'Lorem Ipsum has been the industry\'s standard dummy text ever since the 1500s',17,'M','Sterling-Silver-Marcasite-Leaf-Drop-Earring',0,'/w/1/w104619_2_1.jpg',NULL,NULL,NULL,NULL,NULL,2,'/w/1/w104619_2_1.jpg',NULL,'2019-12-10 07:43:08','sterling-silver-marcasite-leaf-drop-earring',NULL,4,NULL,0),(93,11,'simple',NULL,9,'Orange',NULL,'2019-12-11 10:24:33','Lorem Ipsum has been the industry\'s standard dummy text ever since the 1500s, when an unknown printer took a galley of type and scrambled it to make a type specimen book. It has survived not only five centuries, but also the leap into electronic typesetting, remaining essentially unchanged.',0,2,0,'/1/-/1-8.jpg',NULL,NULL,NULL,NULL,NULL,NULL,NULL,NULL,'0','Orange flowers bouquet for Christmas',NULL,NULL,NULL,47.0000,NULL,NULL,0,'Lorem Ipsum has been the industry\'s standard dummy text ever since the 1500s',17,'M','Orange-flowers-bouquet-for-Christmas',NULL,'/1/-/1-8.jpg',NULL,NULL,NULL,NULL,'/1/-/1-8.jpg',2,'/1/-/1-8.jpg',NULL,'2019-12-11 10:24:33','orange-flowers-bouquet-for-christmas',NULL,4,NULL,NULL),(94,11,'simple',NULL,11,'Yellow',NULL,'2019-12-11 10:27:11','Lorem Ipsum has been the industry\'s standard dummy text ever since the 1500s, when an unknown printer took a galley of type and scrambled it to make a type specimen book. It has survived not only five centuries, but also the leap into electronic typesetting, remaining essentially unchanged.',1,2,0,'/1/-/1-32.jpg',NULL,NULL,NULL,NULL,NULL,NULL,NULL,NULL,'0','Tulips and solidago bouquet',NULL,NULL,NULL,55.0000,NULL,NULL,0,'Lorem Ipsum has been the industry\'s standard dummy text ever since the 1500s',16,'L','Tulips-and-solidago-bouquet',NULL,'/1/-/1-32.jpg',NULL,NULL,NULL,NULL,'/1/-/1-32.jpg',2,'/1/-/1-32.jpg',NULL,'2019-12-12 02:40:27','tulips-and-solidago-bouquet',NULL,4,NULL,NULL),(95,11,'simple',NULL,10,'Red',NULL,'2019-12-11 10:29:00','Lorem Ipsum has been the industry\'s standard dummy text ever since the 1500s, when an unknown printer took a galley of type and scrambled it to make a type specimen book. It has survived not only five centuries, but also the leap into electronic typesetting, remaining essentially unchanged.',0,2,0,'/1/-/1-28.jpg',NULL,NULL,NULL,NULL,NULL,NULL,NULL,NULL,'0','Oana flower bouquet',NULL,NULL,NULL,47.0000,NULL,NULL,0,'Lorem Ipsum has been the industry\'s standard dummy text ever since the 1500s',17,'M','Oana-flower-bouquet',NULL,'/1/-/1-28.jpg',NULL,NULL,NULL,NULL,'/1/-/1-28.jpg',2,'/1/-/1-28.jpg',NULL,'2019-12-11 10:29:00','oana-flower-bouquet',NULL,4,NULL,NULL),(96,11,'simple',NULL,4,'Black',50.0000,'2019-12-11 10:32:06','Lorem Ipsum has been the industry\'s standard dummy text ever since the 1500s, when an unknown printer took a galley of type and scrambled it to make a type specimen book. It has survived not only five centuries, but also the leap into electronic typesetting, remaining essentially unchanged.',0,2,0,'/1/-/1-29.jpg',NULL,NULL,NULL,NULL,NULL,NULL,NULL,NULL,'0','Alexandra Bouquet','2019-12-01 00:00:00','2021-12-31 00:00:00',NULL,58.0000,NULL,NULL,0,'Lorem Ipsum has been the industry\'s standard dummy text ever since the 1500s',16,'L','Alexandra-Bouquet',NULL,'/1/-/1-29.jpg',NULL,'2019-12-01 00:00:00',58.0000,'2021-12-31 00:00:00','/1/-/1-29.jpg',2,'/1/-/1-29.jpg',NULL,'2019-12-12 02:41:34','alexandra-bouquet',NULL,4,NULL,NULL),(97,11,'simple',NULL,11,'Yellow',50.0000,'2019-12-12 01:28:42','Lorem Ipsum has been the industry\'s standard dummy text ever since the 1500s, when an unknown printer took a galley of type and scrambled it to make a type specimen book. It has survived not only five centuries, but also the leap into electronic typesetting, remaining essentially unchanged.',0,2,0,'/1/-/1-27.jpg',NULL,NULL,NULL,NULL,NULL,NULL,NULL,NULL,'0','Stefania flower bouquet','2019-12-01 00:00:00','2021-12-31 00:00:00',NULL,56.0000,NULL,NULL,0,'Lorem Ipsum has been the industry\'s standard dummy text ever since the 1500s',16,'L','Stefania-flower-bouquet',NULL,'/1/-/1-27.jpg',NULL,'2019-12-01 00:00:00',56.0000,'2021-12-31 00:00:00','/1/-/1-27.jpg',2,'/1/-/1-27.jpg',NULL,'2019-12-12 02:41:50','stefania-flower-bouquet',NULL,4,NULL,NULL),(98,11,'simple',NULL,10,'Red',NULL,'2019-12-12 01:31:13','Lorem Ipsum has been the industry\'s standard dummy text ever since the 1500s, when an unknown printer took a galley of type and scrambled it to make a type specimen book. It has survived not only five centuries, but also the leap into electronic typesetting, remaining essentially unchanged.',1,2,0,'/1/-/1-31.jpg',NULL,NULL,NULL,NULL,NULL,NULL,NULL,NULL,'0','Miniature roses bouquet',NULL,NULL,NULL,44.0000,NULL,NULL,0,'Lorem Ipsum has been the industry\'s standard dummy text ever since the 1500s',16,'L','Miniature-roses-bouquet',NULL,'/1/-/1-31.jpg',NULL,NULL,NULL,NULL,'/1/-/1-31.jpg',2,'/1/-/1-31.jpg',NULL,'2019-12-12 01:31:13','miniature-roses-bouquet',NULL,4,NULL,NULL),(99,11,'simple',NULL,9,'Orange',48.0000,'2019-12-12 01:33:32','Lorem Ipsum has been the industry\'s standard dummy text ever since the 1500s, when an unknown printer took a galley of type and scrambled it to make a type specimen book. It has survived not only five centuries, but also the leap into electronic typesetting, remaining essentially unchanged.',0,2,0,'/1/-/1-25_2.jpg',NULL,NULL,NULL,NULL,NULL,NULL,NULL,NULL,'0','Basket filled with delicate flowers',NULL,NULL,NULL,53.0000,NULL,NULL,0,'Lorem Ipsum has been the industry\'s standard dummy text ever since the 1500s',16,'L','Basket-filled-with-delicate-flowers',NULL,'/1/-/1-25_2.jpg',NULL,'2019-12-01 00:00:00',53.0000,'2021-12-31 00:00:00','/1/-/1-25_2.jpg',2,'/1/-/1-25_2.jpg',NULL,'2019-12-12 01:33:32','basket-filled-with-delicate-flowers',NULL,4,NULL,NULL),(100,11,'simple',NULL,10,'Red',NULL,'2019-12-12 01:36:28','Lorem Ipsum has been the industry\'s standard dummy text ever since the 1500s, when an unknown printer took a galley of type and scrambled it to make a type specimen book. It has survived not only five centuries, but also the leap into electronic typesetting, remaining essentially unchanged.',1,2,0,'/1/-/1-30_1.jpg',NULL,NULL,NULL,NULL,NULL,NULL,NULL,NULL,'0','Orchids and freesias bouquet ','2019-12-01 00:00:00','2021-12-31 00:00:00',NULL,59.0000,NULL,NULL,0,'Lorem Ipsum has been the industry\'s standard dummy text ever since the 1500s',16,'L','Orchids-and-freesias-bouquet',NULL,'/1/-/1-30_1.jpg',NULL,NULL,NULL,NULL,'/1/-/1-30_1.jpg',2,'/1/-/1-30_1.jpg',NULL,'2019-12-12 02:42:04','orchids-and-freesias-bouquet',NULL,4,NULL,NULL),(101,11,'simple',NULL,11,'Yellow',NULL,'2019-12-12 01:39:14','Lorem Ipsum has been the industry\'s standard dummy text ever since the 1500s, when an unknown printer took a galley of type and scrambled it to make a type specimen book. It has survived not only five centuries, but also the leap into electronic typesetting, remaining essentially unchanged.',0,2,0,'/1/-/1-32_1.jpg',NULL,NULL,NULL,NULL,NULL,NULL,NULL,NULL,'0','Classy basket with roses and eustoma','2019-12-01 00:00:00','2021-12-31 00:00:00',NULL,47.0000,NULL,NULL,0,'Lorem Ipsum has been the industry\'s standard dummy text ever since the 1500s',16,'L','Classy-basket-with-roses-and-eustoma',NULL,'/1/-/1-32_1.jpg',NULL,NULL,NULL,NULL,'/1/-/1-32_1.jpg',2,'/1/-/1-32_1.jpg',NULL,'2019-12-12 01:39:14','classy-basket-with-roses-and-eustoma',NULL,4,NULL,NULL),(102,11,'simple',NULL,9,'Orange',NULL,'2019-12-12 01:42:02','Lorem Ipsum has been the industry\'s standard dummy text ever since the 1500s, when an unknown printer took a galley of type and scrambled it to make a type specimen book. It has survived not only five centuries, but also the leap into electronic typesetting, remaining essentially unchanged.',1,2,0,'/1/-/1-31_1.jpg',NULL,NULL,NULL,NULL,NULL,NULL,NULL,NULL,'0','Bouquet of white and orange roses',NULL,NULL,NULL,55.0000,NULL,NULL,0,'Lorem Ipsum has been the industry\'s standard dummy text ever since the 1500s',17,'M','Bouquet-of-white-and-orange-roses',NULL,'/1/-/1-31_1.jpg',NULL,NULL,NULL,NULL,'/1/-/1-31_1.jpg',2,'/1/-/1-31_1.jpg',NULL,'2019-12-12 01:42:02','bouquet-of-white-and-orange-roses',NULL,4,NULL,NULL),(103,11,'simple',NULL,4,'Black',58.0000,'2019-12-12 01:44:56','Lorem Ipsum has been the industry\'s standard dummy text ever since the 1500s, when an unknown printer took a galley of type and scrambled it to make a type specimen book. It has survived not only five centuries, but also the leap into electronic typesetting, remaining essentially unchanged.',0,2,0,'/3/-/3-4_1.jpg',NULL,NULL,NULL,NULL,NULL,NULL,NULL,NULL,'0','Mixed flowers bouquet in vivid colours',NULL,NULL,NULL,64.0000,NULL,NULL,0,'Lorem Ipsum has been the industry\'s standard dummy text ever since the 1500s',16,'L','Mixed-flowers-bouquet-in-vivid-colours',NULL,'/3/-/3-4_1.jpg',NULL,'2019-12-01 00:00:00',64.0000,'2021-12-31 00:00:00','/3/-/3-4_1.jpg',2,'/3/-/3-4_1.jpg',NULL,'2019-12-12 01:44:56','mixed-flowers-bouquet-in-vivid-colours',NULL,4,NULL,NULL),(104,11,'virtual',NULL,9,'Orange',NULL,'2019-12-12 01:50:05','Lorem Ipsum has been the industry\'s standard dummy text ever since the 1500s, when an unknown printer took a galley of type and scrambled it to make a type specimen book. It has survived not only five centuries, but also the leap into electronic typesetting, remaining essentially unchanged.',0,0,0,'/2/-/2-29_1_1.jpg',NULL,NULL,NULL,NULL,NULL,NULL,NULL,NULL,NULL,'Chrysanthemums and roses bouquet-Orange',NULL,NULL,NULL,43.0000,NULL,NULL,0,'Lorem Ipsum has been the industry\'s standard dummy text ever since the 1500s',16,'L','Chrysanthemums-and-roses-bouquet-Orange',NULL,'/2/-/2-29_1_1.jpg',NULL,NULL,NULL,NULL,'/2/-/2-29_1_1.jpg',2,'/2/-/2-29_1_1.jpg',NULL,'2019-12-12 01:50:05','chrysanthemums-and-roses-bouquet-orange',NULL,1,NULL,NULL),(105,11,'virtual',NULL,11,'Yellow',NULL,'2019-12-12 01:50:09','Lorem Ipsum has been the industry\'s standard dummy text ever since the 1500s, when an unknown printer took a galley of type and scrambled it to make a type specimen book. It has survived not only five centuries, but also the leap into electronic typesetting, remaining essentially unchanged.',0,0,0,'/1/-/1-30_1_1.jpg',NULL,NULL,NULL,NULL,NULL,NULL,NULL,NULL,NULL,'Chrysanthemums and roses bouquet-Yellow',NULL,NULL,NULL,43.0000,NULL,NULL,0,'Lorem Ipsum has been the industry\'s standard dummy text ever since the 1500s',16,'L','Chrysanthemums-and-roses-bouquet-Yellow',NULL,'/1/-/1-30_1_1.jpg',NULL,NULL,NULL,NULL,'/1/-/1-30_1_1.jpg',2,'/1/-/1-30_1_1.jpg',NULL,'2019-12-12 01:50:09','chrysanthemums-and-roses-bouquet-yellow',NULL,1,NULL,NULL),(106,11,'virtual',NULL,10,'Red',NULL,'2019-12-12 01:50:12','Lorem Ipsum has been the industry\'s standard dummy text ever since the 1500s, when an unknown printer took a galley of type and scrambled it to make a type specimen book. It has survived not only five centuries, but also the leap into electronic typesetting, remaining essentially unchanged.',0,0,0,'/1/-/1-25_1_1.jpg',NULL,NULL,NULL,NULL,NULL,NULL,NULL,NULL,NULL,'Chrysanthemums and roses bouquet-Red',NULL,NULL,NULL,43.0000,NULL,NULL,0,'Lorem Ipsum has been the industry\'s standard dummy text ever since the 1500s',16,'L','Chrysanthemums-and-roses-bouquet-Red',NULL,'/1/-/1-25_1_1.jpg',NULL,NULL,NULL,NULL,'/1/-/1-25_1_1.jpg',2,'/1/-/1-25_1_1.jpg',NULL,'2019-12-12 01:50:12','chrysanthemums-and-roses-bouquet-red',NULL,1,NULL,NULL),(107,11,'configurable',NULL,10,'Red',NULL,'2019-12-12 01:50:15','Lorem Ipsum has been the industry\'s standard dummy text ever since the 1500s, when an unknown printer took a galley of type and scrambled it to make a type specimen book. It has survived not only five centuries, but also the leap into electronic typesetting, remaining essentially unchanged.',0,2,1,'/1/-/1-29_2.jpg',NULL,NULL,NULL,NULL,12,'Bub',NULL,NULL,'0','Chrysanthemums and roses bouquet',NULL,NULL,NULL,NULL,NULL,NULL,1,'Lorem Ipsum has been the industry\'s standard dummy text ever since the 1500s',16,'L','Chrysanthemums-and-roses-bouquet',NULL,'/1/-/1-29_2.jpg',NULL,NULL,NULL,NULL,NULL,2,'/1/-/1-29_2.jpg',NULL,'2019-12-12 01:50:15','chrysanthemums-and-roses-bouquet',NULL,4,NULL,NULL),(108,11,'grouped',NULL,9,'Orange',NULL,'2019-12-12 01:52:31','Lorem Ipsum has been the industry\'s standard dummy text ever since the 1500s, when an unknown printer took a galley of type and scrambled it to make a type specimen book. It has survived not only five centuries, but also the leap into electronic typesetting, remaining essentially unchanged.',NULL,2,0,'/1/-/1-31_2.jpg',NULL,NULL,NULL,NULL,NULL,NULL,NULL,NULL,NULL,'Mix cut flower bouquet',NULL,NULL,NULL,NULL,NULL,NULL,0,'Lorem Ipsum has been the industry\'s standard dummy text ever since the 1500s',17,'M','Mix-cut-flower-bouquet',NULL,'/1/-/1-31_2.jpg',NULL,NULL,NULL,NULL,NULL,NULL,'/1/-/1-31_2.jpg',NULL,'2019-12-12 01:55:51','mix-cut-flower-bouquet',NULL,4,NULL,NULL),(109,11,'bundle',NULL,9,'Orange',NULL,'2019-12-12 01:58:16','Lorem Ipsum has been the industry\'s standard dummy text ever since the 1500s, when an unknown printer took a galley of type and scrambled it to make a type specimen book. It has survived not only five centuries, but also the leap into electronic typesetting, remaining essentially unchanged.',0,2,1,'/1/-/1-28_2.jpg',NULL,NULL,NULL,NULL,NULL,NULL,NULL,NULL,'0','Anthurium and alstroemeria bouquet',NULL,NULL,NULL,NULL,0,0,1,'Lorem Ipsum has been the industry\'s standard dummy text ever since the 1500s',16,'L','Anthurium-and-alstroemeria-bouquet',0,'/1/-/1-28_2.jpg',NULL,NULL,NULL,NULL,NULL,2,'/1/-/1-28_2.jpg',NULL,'2019-12-12 01:58:16','anthurium-and-alstroemeria-bouquet',NULL,4,NULL,0),(110,12,'simple',NULL,4,'Black',NULL,'2019-12-13 01:49:58','Lorem Ipsum has been the industry\'s standard dummy text ever since the 1500s, when an unknown printer took a galley of type and scrambled it to make a type specimen book. It has survived not only five centuries, but also the leap into electronic typesetting, remaining essentially unchanged.',0,2,0,'/1/-/1-19.jpg',NULL,NULL,NULL,NULL,NULL,NULL,NULL,NULL,'0','Grain-Free Dry Dog Food','2019-12-01 00:00:00','2021-12-31 00:00:00',NULL,45.0000,NULL,NULL,0,'Lorem Ipsum has been the industry\'s standard dummy text ever since the 1500s',16,'L','Grain-Free-Dry-Dog-Food',NULL,'/1/-/1-19.jpg',NULL,NULL,NULL,NULL,'/1/-/1-19.jpg',2,'/1/-/1-19.jpg',NULL,'2019-12-13 04:38:41','grain-free-dry-dog-food',NULL,4,NULL,NULL),(111,12,'simple',NULL,6,'Brown',NULL,'2019-12-13 01:53:02','Lorem Ipsum has been the industry\'s standard dummy text ever since the 1500s, when an unknown printer took a galley of type and scrambled it to make a type specimen book. It has survived not only five centuries, but also the leap into electronic typesetting, remaining essentially unchanged.',1,2,0,'/1/-/1-15.jpg',NULL,NULL,NULL,NULL,NULL,NULL,NULL,NULL,'0','Nutrition Boost Bone',NULL,NULL,NULL,57.0000,NULL,NULL,0,'Lorem Ipsum has been the industry\'s standard dummy text ever since the 1500s',16,'L','Nutrition-Boost-Bone',NULL,'/1/-/1-15.jpg',NULL,NULL,NULL,NULL,'/1/-/1-15.jpg',2,'/1/-/1-15.jpg',NULL,'2019-12-13 04:36:52','nutrition-boost-bone',NULL,4,NULL,NULL),(112,12,'simple',NULL,7,'Gray',60.0000,'2019-12-13 01:56:28','Lorem Ipsum has been the industry\'s standard dummy text ever since the 1500s, when an unknown printer took a galley of type and scrambled it to make a type specimen book. It has survived not only five centuries, but also the leap into electronic typesetting, remaining essentially unchanged.',0,2,0,'/1/-/1-16.jpg',NULL,NULL,NULL,NULL,NULL,NULL,NULL,NULL,'0','Stew Grain Free Canned Food',NULL,NULL,NULL,64.0000,NULL,NULL,0,'Lorem Ipsum has been the industry\'s standard dummy text ever since the 1500s',17,'M','Stew-Grain-Free-Canned-Food',NULL,'/1/-/1-16.jpg',NULL,'2019-12-01 00:00:00',64.0000,'2021-12-31 00:00:00','/1/-/1-16.jpg',2,'/1/-/1-16.jpg',NULL,'2019-12-13 04:37:35','stew-grain-free-canned-food',NULL,4,NULL,NULL),(113,12,'simple',NULL,6,'Brown',52.0000,'2019-12-13 02:01:02','Lorem Ipsum has been the industry\'s standard dummy text ever since the 1500s, when an unknown printer took a galley of type and scrambled it to make a type specimen book. It has survived not only five centuries, but also the leap into electronic typesetting, remaining essentially unchanged.',1,2,0,'/1/-/1-22.jpg',NULL,NULL,NULL,NULL,NULL,NULL,NULL,NULL,'0','Alaskan Salmon Oil',NULL,NULL,NULL,58.0000,NULL,NULL,0,'Lorem Ipsum has been the industry\'s standard dummy text ever since the 1500s',17,'M','Alaskan-Salmon-Oil',NULL,'/1/-/1-22.jpg',NULL,'2019-12-01 00:00:00',58.0000,'2021-12-31 00:00:00','/1/-/1-22.jpg',2,'/1/-/1-22.jpg',NULL,'2019-12-13 07:13:31','alaskan-salmon-oil',NULL,4,NULL,NULL),(114,12,'simple',NULL,6,'Brown',50.0000,'2019-12-13 04:09:19','Lorem Ipsum has been the industry\'s standard dummy text ever since the 1500s, when an unknown printer took a galley of type and scrambled it to make a type specimen book. It has survived not only five centuries, but also the leap into electronic typesetting, remaining essentially unchanged.',0,2,0,'/1/-/1-21.jpg',NULL,NULL,NULL,NULL,NULL,NULL,NULL,NULL,'0','Protein High Meat Canned Dog Food ',NULL,NULL,NULL,54.0000,NULL,NULL,0,'Lorem Ipsum has been the industry\'s standard dummy text ever since the 1500s',17,'M','Protein-High-Meat-Canned-Dog-Food',NULL,'/1/-/1-21.jpg',NULL,'2019-12-01 00:00:00',54.0000,'2021-12-31 00:00:00','/1/-/1-21.jpg',2,'/1/-/1-21.jpg',NULL,'2019-12-13 04:40:08','protein-high-meat-canned-dog-food',NULL,4,NULL,NULL),(115,12,'simple',NULL,7,'Gray',NULL,'2019-12-13 04:11:20','Lorem Ipsum has been the industry\'s standard dummy text ever since the 1500s, when an unknown printer took a galley of type and scrambled it to make a type specimen book. It has survived not only five centuries, but also the leap into electronic typesetting, remaining essentially unchanged.',0,2,0,'/1/-/1-20.jpg',NULL,NULL,NULL,NULL,NULL,NULL,NULL,NULL,'0','Reduced Fat Feast Canine PowerFood','2019-12-01 00:00:00','2021-12-31 00:00:00',NULL,58.0000,NULL,NULL,0,'Lorem Ipsum has been the industry\'s standard dummy text ever since the 1500s',17,'M','Reduced-Fat-Feast-Canine-PowerFood',NULL,'/1/-/1-20.jpg',NULL,NULL,NULL,NULL,'/1/-/1-20.jpg',2,'/1/-/1-20.jpg',NULL,'2019-12-13 04:40:36','reduced-fat-feast-canine-powerfood',NULL,4,NULL,NULL),(116,12,'simple',NULL,6,'Brown',NULL,'2019-12-13 04:12:54','Lorem Ipsum has been the industry\'s standard dummy text ever since the 1500s, when an unknown printer took a galley of type and scrambled it to make a type specimen book. It has survived not only five centuries, but also the leap into electronic typesetting, remaining essentially unchanged.',1,2,0,'/1/-/1-18.jpg',NULL,NULL,NULL,NULL,NULL,NULL,NULL,NULL,'0','Superfood Sauce Skin','2019-12-01 00:00:00','2021-12-31 00:00:00',NULL,59.0000,NULL,NULL,0,'Lorem Ipsum has been the industry\'s standard dummy text ever since the 1500s',16,'L','Superfood-Sauce-Skin',NULL,'/1/-/1-18.jpg',NULL,NULL,NULL,NULL,'/1/-/1-18.jpg',2,'/1/-/1-18.jpg',NULL,'2019-12-13 07:13:40','superfood-sauce-skin',NULL,4,NULL,NULL),(117,12,'simple',NULL,4,'Black',NULL,'2019-12-13 04:15:48','Lorem Ipsum has been the industry\'s standard dummy text ever since the 1500s, when an unknown printer took a galley of type and scrambled it to make a type specimen book. It has survived not only five centuries, but also the leap into electronic typesetting, remaining essentially unchanged.',1,2,0,'/1/-/1-24.jpg',NULL,NULL,NULL,NULL,NULL,NULL,NULL,NULL,'0','Nutritious Gravy Food Topper','2019-12-01 00:00:00','2021-12-31 00:00:00',NULL,55.0000,NULL,NULL,0,'Lorem Ipsum has been the industry\'s standard dummy text ever since the 1500s',17,'M','Nutritious-Gravy-Food-Topper',NULL,'/1/-/1-24.jpg',NULL,NULL,NULL,NULL,'/1/-/1-24.jpg',2,'/1/-/1-24.jpg',NULL,'2019-12-13 08:13:40','nutritious-gravy-food-topper',NULL,4,NULL,NULL),(118,12,'simple',NULL,6,'Brown',57.0000,'2019-12-13 04:19:00','Lorem Ipsum has been the industry\'s standard dummy text ever since the 1500s, when an unknown printer took a galley of type and scrambled it to make a type specimen book. It has survived not only five centuries, but also the leap into electronic typesetting, remaining essentially unchanged.',1,2,0,'/1/-/1-23.jpg',NULL,NULL,NULL,NULL,NULL,NULL,NULL,NULL,'0','Freeze Dried Nuggets',NULL,NULL,NULL,62.0000,NULL,NULL,0,'Lorem Ipsum has been the industry\'s standard dummy text ever since the 1500s',17,'M','Freeze-Dried-Nuggets',NULL,'/1/-/1-23.jpg',NULL,'2019-12-01 00:00:00',62.0000,'2021-12-31 00:00:00','/1/-/1-23.jpg',2,'/1/-/1-23.jpg',NULL,'2019-12-13 08:13:32','freeze-dried-nuggets',NULL,4,NULL,NULL),(119,12,'simple',NULL,7,'Gray',60.0000,'2019-12-13 04:21:51',NULL,0,2,0,'/1/-/1-17.jpg',NULL,NULL,NULL,NULL,NULL,NULL,NULL,NULL,'0','Whole Grain Turkey Recipe','2019-12-01 00:00:00','2021-12-31 00:00:00',NULL,66.0000,NULL,NULL,0,NULL,16,'L','Whole-Grain-Turkey-Recipe',NULL,'/1/-/1-17.jpg',NULL,'2019-12-01 00:00:00',66.0000,'2021-12-31 00:00:00','/1/-/1-17.jpg',2,'/1/-/1-17.jpg',NULL,'2019-12-13 08:13:24','whole-grain-turkey-recipe',NULL,4,NULL,NULL),(120,12,'virtual',NULL,4,'Black',NULL,'2019-12-13 04:26:13','Lorem Ipsum has been the industry\'s standard dummy text ever since the 1500s, when an unknown printer took a galley of type and scrambled it to make a type specimen book. It has survived not only five centuries, but also the leap into electronic typesetting, remaining essentially unchanged.',0,0,0,'/1/-/1-17_1.jpg',NULL,NULL,NULL,NULL,NULL,NULL,NULL,NULL,NULL,'Chicken Frick a Zee-Black',NULL,NULL,NULL,55.0000,NULL,NULL,0,'Lorem Ipsum has been the industry\'s standard dummy text ever since the 1500s',17,'M','Chicken-Frick-a-Zee-Black',NULL,'/1/-/1-17_1.jpg',NULL,NULL,NULL,NULL,'/1/-/1-17_1.jpg',2,'/1/-/1-17_1.jpg',NULL,'2019-12-13 04:26:13','chicken-frick-a-zee-black',NULL,1,NULL,NULL),(121,12,'virtual',NULL,6,'Brown',NULL,'2019-12-13 04:26:19','Lorem Ipsum has been the industry\'s standard dummy text ever since the 1500s, when an unknown printer took a galley of type and scrambled it to make a type specimen book. It has survived not only five centuries, but also the leap into electronic typesetting, remaining essentially unchanged.',0,0,0,'/1/-/1-18_1.jpg',NULL,NULL,NULL,NULL,NULL,NULL,NULL,NULL,NULL,'Chicken Frick a Zee-Brown',NULL,NULL,NULL,55.0000,NULL,NULL,0,'Lorem Ipsum has been the industry\'s standard dummy text ever since the 1500s',17,'M','Chicken-Frick-a-Zee-Brown',NULL,'/1/-/1-18_1.jpg',NULL,NULL,NULL,NULL,'/1/-/1-18_1.jpg',2,'/1/-/1-18_1.jpg',NULL,'2019-12-13 04:26:19','chicken-frick-a-zee-brown',NULL,1,NULL,NULL),(122,12,'virtual',NULL,7,'Gray',NULL,'2019-12-13 04:26:24','Lorem Ipsum has been the industry\'s standard dummy text ever since the 1500s, when an unknown printer took a galley of type and scrambled it to make a type specimen book. It has survived not only five centuries, but also the leap into electronic typesetting, remaining essentially unchanged.',0,0,0,'/1/-/1-21_1.jpg',NULL,NULL,NULL,NULL,NULL,NULL,NULL,NULL,NULL,'Chicken Frick a Zee-Gray',NULL,NULL,NULL,55.0000,NULL,NULL,0,'Lorem Ipsum has been the industry\'s standard dummy text ever since the 1500s',17,'M','Chicken-Frick-a-Zee-Gray',NULL,'/1/-/1-21_1.jpg',NULL,NULL,NULL,NULL,'/1/-/1-21_1.jpg',2,'/1/-/1-21_1.jpg',NULL,'2019-12-13 04:26:24','chicken-frick-a-zee-gray',NULL,1,NULL,NULL),(123,12,'configurable',NULL,7,'Gray',NULL,'2019-12-13 04:26:28','Lorem Ipsum has been the industry\'s standard dummy text ever since the 1500s, when an unknown printer took a galley of type and scrambled it to make a type specimen book. It has survived not only five centuries, but also the leap into electronic typesetting, remaining essentially unchanged.',0,2,1,'/2/-/2-26_1.jpg',NULL,NULL,NULL,NULL,12,'Bub',NULL,NULL,'0','Chicken Frick a Zee',NULL,NULL,NULL,NULL,NULL,NULL,1,'Lorem Ipsum has been the industry\'s standard dummy text ever since the 1500s',17,'M','Chicken-Frick-a-Zee',NULL,'/2/-/2-26_1.jpg',NULL,NULL,NULL,NULL,'/2/-/2-26_1.jpg',2,'/2/-/2-26_1.jpg',NULL,'2019-12-13 04:26:28','chicken-frick-a-zee',NULL,4,NULL,NULL),(124,12,'grouped',NULL,6,'Brown',NULL,'2019-12-13 04:28:46','Lorem Ipsum has been the industry\'s standard dummy text ever since the 1500s, when an unknown printer took a galley of type and scrambled it to make a type specimen book. It has survived not only five centuries, but also the leap into electronic typesetting, remaining essentially unchanged.',NULL,2,0,'/2/-/2-18_1.jpg',NULL,NULL,NULL,NULL,NULL,NULL,NULL,NULL,NULL,'Tiki Cat Canned Cat Food',NULL,NULL,NULL,NULL,NULL,NULL,0,'Lorem Ipsum has been the industry\'s standard dummy text ever since the 1500s',16,'L','Tiki-Cat-Canned-Cat-Food',NULL,'/2/-/2-18_1.jpg',NULL,NULL,NULL,NULL,NULL,NULL,'/2/-/2-18_1.jpg',NULL,'2019-12-13 04:28:46','tiki-cat-canned-cat-food',NULL,4,NULL,NULL),(125,12,'bundle',NULL,6,'Brown',NULL,'2019-12-13 04:32:13','Lorem Ipsum has been the industry\'s standard dummy text ever since the 1500s, when an unknown printer took a galley of type and scrambled it to make a type specimen book. It has survived not only five centuries, but also the leap into electronic typesetting, remaining essentially unchanged.',0,2,1,'/2/-/2-25_1_1.jpg',NULL,NULL,NULL,NULL,NULL,NULL,NULL,NULL,'0','Chicken & Ocean Fish Dry',NULL,NULL,NULL,NULL,0,0,1,'Lorem Ipsum has been the industry\'s standard dummy text ever since the 1500s',17,'M','Chicken-&-Ocean-Fish-Dry',0,'/2/-/2-25_1_1.jpg',NULL,NULL,NULL,NULL,NULL,2,'/2/-/2-25_1_1.jpg',NULL,'2019-12-13 04:32:13','chicken-ocean-fish-dry',NULL,4,NULL,0),(126,13,'simple',NULL,4,'Black',NULL,'2019-12-30 01:35:57','In classic soft grey colourway, Bear Face sweatshirt is the perfect layering piece and can be worn back with any of our leggings for monochrome dressing. Made from our premium GOTS certified organic sweatshirt fabric with logo tab to hem.',1,2,0,'/1/-/1-48.jpg',NULL,NULL,NULL,NULL,NULL,NULL,NULL,NULL,'0','Cotton Fleece Basic Sweatshirt',NULL,NULL,NULL,43.0000,NULL,NULL,0,'In classic soft grey colourway, Bear Face sweatshirt is the perfect layering piece ...',18,'S','Cotton-Fleece-Basic-Sweatshirt',NULL,'/1/-/1-48.jpg',NULL,NULL,NULL,NULL,'/1/-/1-48.jpg',2,'/1/-/1-48.jpg',NULL,'2019-12-30 01:41:19','cotton-fleece-basic-sweatshirt',NULL,4,NULL,NULL),(127,13,'simple',NULL,7,'Gray',50.0000,'2019-12-30 01:40:14','In classic soft grey colourway, Bear Face sweatshirt is the perfect layering piece and can be worn back with any of our leggings for monochrome dressing. Made from our premium GOTS certified organic sweatshirt fabric with logo tab to hem.',1,2,0,'/1/-/1-49.jpg',NULL,NULL,NULL,NULL,NULL,NULL,NULL,NULL,'0','Bear Head Sweatshirt',NULL,NULL,NULL,55.0000,NULL,NULL,0,'In classic soft grey colourway, Bear Face sweatshirt is the perfect layering piece ...',17,'M','Bear-Head-Sweatshirt',NULL,'/1/-/1-49.jpg',NULL,'2019-12-01 00:00:00',55.0000,'2021-12-31 00:00:00','/1/-/1-49.jpg',2,'/1/-/1-49.jpg',NULL,'2019-12-30 02:16:35','bear-head-sweatshirt',NULL,4,NULL,NULL),(128,13,'simple',NULL,9,'Orange',NULL,'2019-12-30 01:44:22','In classic soft grey colourway, Bear Face sweatshirt is the perfect layering piece and can be worn back with any of our leggings for monochrome dressing. Made from our premium GOTS certified organic sweatshirt fabric with logo tab to hem.',0,2,0,'/1/-/1-51.jpg',NULL,NULL,NULL,NULL,NULL,NULL,NULL,NULL,'0','Bunny Spice Jersey','2019-12-01 00:00:00','2021-12-31 00:00:00',NULL,47.0000,NULL,NULL,0,'In classic soft grey colourway, Bear Face sweatshirt is the perfect layering piece...',17,'M','Bunny-Spice-Jersey',NULL,'/1/-/1-51.jpg',NULL,NULL,NULL,NULL,'/1/-/1-51.jpg',2,'/1/-/1-51.jpg',NULL,'2019-12-30 02:16:47','bunny-spice-jersey',NULL,4,NULL,NULL),(129,13,'simple',NULL,6,'Brown',NULL,'2019-12-30 01:47:02','In classic soft grey colourway, Bear Face sweatshirt is the perfect layering piece and can be worn back with any of our leggings for monochrome dressing. Made from our premium GOTS certified organic sweatshirt fabric with logo tab to hem.',1,2,0,'/1/-/1-46.jpg',NULL,NULL,NULL,NULL,NULL,NULL,NULL,NULL,'0','Clemence Top Floral Muslin ','2019-12-01 00:00:00','2021-12-31 00:00:00',NULL,52.0000,NULL,NULL,0,'In classic soft grey colourway, Bear Face sweatshirt is the perfect layering piece...',18,'S','Clemence-Top-Floral-Muslin',NULL,'/1/-/1-46.jpg',NULL,NULL,NULL,NULL,'/1/-/1-46.jpg',2,'/1/-/1-46.jpg',NULL,'2019-12-30 02:17:00','clemence-top-floral-muslin',NULL,4,NULL,NULL),(130,13,'simple',NULL,6,'Brown',52.0000,'2019-12-30 01:49:20','In classic soft grey colourway, Bear Face sweatshirt is the perfect layering piece and can be worn back with any of our leggings for monochrome dressing. Made from our premium GOTS certified organic sweatshirt fabric with logo tab to hem.',1,2,0,'/1/-/1-47.jpg',NULL,NULL,NULL,NULL,NULL,NULL,NULL,NULL,'0','Polar Bear Leggings',NULL,NULL,NULL,57.0000,NULL,NULL,0,'In classic soft grey colourway, Bear Face sweatshirt is the perfect layering piece ...',17,'M','Polar-Bear-Leggings',NULL,'/1/-/1-47.jpg',NULL,'2019-12-01 00:00:00',57.0000,'2021-12-31 00:00:00','/1/-/1-47.jpg',2,'/1/-/1-47.jpg',NULL,'2019-12-30 02:17:47','polar-bear-leggings',NULL,4,NULL,NULL),(131,13,'simple',NULL,7,'Gray',NULL,'2019-12-30 01:51:40','In classic soft grey colourway, Bear Face sweatshirt is the perfect layering piece and can be worn back with any of our leggings for monochrome dressing. Made from our premium GOTS certified organic sweatshirt fabric with logo tab to hem.',0,2,0,'/1/-/1-45.jpg',NULL,NULL,NULL,NULL,NULL,NULL,NULL,NULL,'0','Cloud Print Leggings','2019-12-02 00:00:00','2021-12-31 00:00:00',NULL,48.0000,NULL,NULL,0,'In classic soft grey colourway, Bear Face sweatshirt is the perfect layering piece...',18,'S','Cloud-Print-Leggings',NULL,'/1/-/1-45.jpg',NULL,NULL,NULL,NULL,'/1/-/1-45.jpg',2,'/1/-/1-45.jpg',NULL,'2019-12-30 02:18:00','cloud-print-leggings',NULL,4,NULL,NULL),(132,13,'simple',NULL,7,'Gray',50.0000,'2019-12-30 02:01:10','In classic soft grey colourway, Bear Face sweatshirt is the perfect layering piece and can be worn back with any of our leggings for monochrome dressing. Made from our premium GOTS certified organic sweatshirt fabric with logo tab to hem.',1,2,0,'/1/-/1-52.jpg',NULL,NULL,NULL,NULL,NULL,NULL,NULL,NULL,'0','Full Snap Footie',NULL,NULL,NULL,56.0000,NULL,NULL,0,'In classic soft grey colourway, Bear Face sweatshirt is the perfect layering piece...',17,'M','Full-Snap-Footie',NULL,'/1/-/1-52.jpg',NULL,'2019-12-01 00:00:00',56.0000,'2021-12-31 00:00:00','/1/-/1-52.jpg',2,'/1/-/1-52.jpg',NULL,'2019-12-30 02:18:30','full-snap-footie',NULL,4,NULL,NULL),(133,13,'simple',NULL,10,'Red',NULL,'2019-12-30 02:07:13','In classic soft grey colourway, Bear Face sweatshirt is the perfect layering piece and can be worn back with any of our leggings for monochrome dressing. Made from our premium GOTS certified organic sweatshirt fabric with logo tab to hem.',1,2,0,'/1/-/1-53.jpg',NULL,NULL,NULL,NULL,NULL,NULL,NULL,NULL,'0','Sky Train Baby Body',NULL,NULL,NULL,45.0000,NULL,NULL,0,'In classic soft grey colourway, Bear Face sweatshirt is the perfect layering piece...',18,'S','Sky-Train-Baby-Body',NULL,'/1/-/1-53.jpg',NULL,NULL,NULL,NULL,'/1/-/1-53.jpg',2,'/1/-/1-53.jpg',NULL,'2019-12-30 02:18:13','sky-train-baby-body',NULL,4,NULL,NULL),(134,13,'simple',NULL,9,'Orange',NULL,'2019-12-30 02:09:24','In classic soft grey colourway, Bear Face sweatshirt is the perfect layering piece and can be worn back with any of our leggings for monochrome dressing. Made from our premium GOTS certified organic sweatshirt fabric with logo tab to hem.',0,2,0,'/1/-/1-12.jpg',NULL,NULL,NULL,NULL,NULL,NULL,NULL,NULL,'0','Cotton Flower Suit with contrast feet','2019-12-01 00:00:00','2021-12-31 00:00:00',NULL,43.0000,NULL,NULL,0,'In classic soft grey colourway, Bear Face sweatshirt is the perfect layering piece...',17,'M','Cotton-Flower-Suit-with-contrast-feet',NULL,'/1/-/1-12.jpg',NULL,NULL,NULL,NULL,'/1/-/1-12.jpg',2,'/1/-/1-12.jpg',NULL,'2019-12-30 02:09:24','cotton-flower-suit-with-contrast-feet',NULL,4,NULL,NULL),(135,13,'simple',NULL,6,'Brown',NULL,'2019-12-30 02:11:11','In classic soft grey colourway, Bear Face sweatshirt is the perfect layering piece and can be worn back with any of our leggings for monochrome dressing. Made from our premium GOTS certified organic sweatshirt fabric with logo tab to hem.',0,2,0,'/1/-/1-44.jpg',NULL,NULL,NULL,NULL,NULL,NULL,NULL,NULL,'0','Spice Dots Salopettes','2019-12-01 00:00:00','2021-12-31 00:00:00',NULL,46.0000,NULL,NULL,0,'In classic soft grey colourway, Bear Face sweatshirt is the perfect layering piece...',17,'M','Spice-Dots-Salopettes',NULL,'/1/-/1-44.jpg',NULL,NULL,NULL,NULL,'/1/-/1-44.jpg',2,'/1/-/1-44.jpg',NULL,'2019-12-30 02:18:47','spice-dots-salopettes',NULL,4,NULL,NULL),(136,13,'simple',NULL,6,'Brown',58.0000,'2019-12-30 02:22:42','In classic soft grey colourway, Bear Face sweatshirt is the perfect layering piece and can be worn back with any of our leggings for monochrome dressing. Made from our premium GOTS certified organic sweatshirt fabric with logo tab to hem.',1,2,0,'/2/-/2-54_1.jpg',NULL,NULL,NULL,NULL,NULL,NULL,NULL,NULL,'0','Agatha Dress Winter Rose',NULL,NULL,NULL,65.0000,NULL,NULL,0,'In classic soft grey colourway, Bear Face sweatshirt is the perfect layering piece...',16,'L','Agatha-Dress-Winter-Rose',NULL,'/2/-/2-54_1.jpg',NULL,'2019-12-01 00:00:00',65.0000,'2021-12-31 00:00:00','/2/-/2-54_1.jpg',2,'/2/-/2-54_1.jpg',NULL,'2019-12-30 02:22:42','agatha-dress-winter-rose',NULL,4,NULL,NULL),(137,13,'simple',NULL,7,'Gray',NULL,'2019-12-30 02:24:51','In classic soft grey colourway, Bear Face sweatshirt is the perfect layering piece and can be worn back with any of our leggings for monochrome dressing. Made from our premium GOTS certified organic sweatshirt fabric with logo tab to hem.',1,2,0,'/1/-/1-45_1.jpg',NULL,NULL,NULL,NULL,NULL,NULL,NULL,NULL,'0','Grace Dress Pink Floral','2019-12-01 00:00:00','2021-12-31 00:00:00',NULL,54.0000,NULL,NULL,0,'In classic soft grey colourway, Bear Face sweatshirt is the perfect layering piece...',17,'M','Grace-Dress-Pink-Floral',NULL,'/1/-/1-45_1.jpg',NULL,NULL,NULL,NULL,'/1/-/1-45_1.jpg',2,'/1/-/1-45_1.jpg',NULL,'2019-12-30 02:24:51','grace-dress-pink-floral',NULL,4,NULL,NULL),(138,13,'simple',NULL,8,'Green',62.0000,'2019-12-30 02:28:03','In classic soft grey colourway, Bear Face sweatshirt is the perfect layering piece and can be worn back with any of our leggings for monochrome dressing. Made from our premium GOTS certified organic sweatshirt fabric with logo tab to hem.',1,2,0,'/2/-/2-51_1.jpg',NULL,NULL,NULL,NULL,NULL,NULL,NULL,NULL,'0','Monty Sleepsuit Christmas Special',NULL,NULL,NULL,67.0000,NULL,NULL,0,'In classic soft grey colourway, Bear Face sweatshirt is the perfect layering piece...',18,'S','Monty-Sleepsuit-Christmas-Special',NULL,'/2/-/2-51_1.jpg',NULL,'2019-12-01 00:00:00',67.0000,'2021-12-31 00:00:00','/2/-/2-51_1.jpg',2,'/2/-/2-51_1.jpg',NULL,'2019-12-30 02:28:03','monty-sleepsuit-christmas-special',NULL,4,NULL,NULL),(139,13,'simple',NULL,4,'Black',NULL,'2019-12-30 02:30:26','In classic soft grey colourway, Bear Face sweatshirt is the perfect layering piece and can be worn back with any of our leggings for monochrome dressing. Made from our premium GOTS certified organic sweatshirt fabric with logo tab to hem.',1,2,0,'/1/-/1-53_1.jpg',NULL,NULL,NULL,NULL,NULL,NULL,NULL,NULL,'0','Sleeping Bag Adventure Blue','2019-12-01 00:00:00','2021-12-31 00:00:00',NULL,65.0000,NULL,NULL,0,'In classic soft grey colourway, Bear Face sweatshirt is the perfect layering piece...',16,'L','Sleeping-Bag-Adventure-Blue',NULL,'/1/-/1-53_1.jpg',NULL,NULL,NULL,NULL,'/1/-/1-53_1.jpg',2,'/1/-/1-53_1.jpg',NULL,'2019-12-30 02:30:26','sleeping-bag-adventure-blue',NULL,4,NULL,NULL),(140,13,'simple',NULL,7,'Gray',60.0000,'2019-12-30 02:32:42','In classic soft grey colourway, Bear Face sweatshirt is the perfect layering piece and can be worn back with any of our leggings for monochrome dressing. Made from our premium GOTS certified organic sweatshirt fabric with logo tab to hem.',1,2,0,'/1/-/1-12_1.jpg',NULL,NULL,NULL,NULL,NULL,NULL,NULL,NULL,'0','Forest Doe Playsuit',NULL,NULL,NULL,67.0000,NULL,NULL,0,'In classic soft grey colourway, Bear Face sweatshirt is the perfect layering piece...',17,'M','Forest-Doe-Playsuit',NULL,'/1/-/1-12_1.jpg',NULL,'2019-12-01 00:00:00',67.0000,'2021-12-31 00:00:00','/1/-/1-12_1.jpg',2,'/1/-/1-12_1.jpg',NULL,'2019-12-30 02:32:42','forest-doe-playsuit',NULL,4,NULL,NULL),(141,13,'virtual',NULL,7,'Gray',NULL,'2019-12-31 01:59:36','In classic soft grey colourway, Bear Face sweatshirt is the perfect layering piece and can be worn back with any of our leggings for monochrome dressing. Made from our premium GOTS certified organic sweatshirt fabric with logo tab to hem.',1,0,0,'/2/-/2-54_1_1.jpg',NULL,NULL,NULL,NULL,NULL,NULL,NULL,NULL,NULL,'Bobble Hat-Gray',NULL,NULL,NULL,57.0000,NULL,NULL,0,'In classic soft grey colourway, Bear Face sweatshirt is the perfect layering piece...',17,'M','Bobble-Hat-Gray',NULL,'/2/-/2-54_1_1.jpg',NULL,NULL,NULL,NULL,'/2/-/2-54_1_1.jpg',2,'/2/-/2-54_1_1.jpg',NULL,'2019-12-31 01:59:36','bobble-hat-gray',NULL,1,NULL,NULL),(142,13,'virtual',NULL,8,'Green',NULL,'2019-12-31 01:59:44','In classic soft grey colourway, Bear Face sweatshirt is the perfect layering piece and can be worn back with any of our leggings for monochrome dressing. Made from our premium GOTS certified organic sweatshirt fabric with logo tab to hem.',1,0,0,'/1/-/1-46_1.jpg',NULL,NULL,NULL,NULL,NULL,NULL,NULL,NULL,NULL,'Bobble Hat-Green',NULL,NULL,NULL,57.0000,NULL,NULL,0,'In classic soft grey colourway, Bear Face sweatshirt is the perfect layering piece...',17,'M','Bobble-Hat-Green',NULL,'/1/-/1-46_1.jpg',NULL,NULL,NULL,NULL,'/1/-/1-46_1.jpg',2,'/1/-/1-46_1.jpg',NULL,'2019-12-31 01:59:44','bobble-hat-green',NULL,1,NULL,NULL),(143,13,'virtual',NULL,10,'Red',NULL,'2019-12-31 01:59:50','In classic soft grey colourway, Bear Face sweatshirt is the perfect layering piece and can be worn back with any of our leggings for monochrome dressing. Made from our premium GOTS certified organic sweatshirt fabric with logo tab to hem.',1,0,0,'/1/-/1-47_1.jpg',NULL,NULL,NULL,NULL,NULL,NULL,NULL,NULL,NULL,'Bobble Hat-Red',NULL,NULL,NULL,57.0000,NULL,NULL,0,'In classic soft grey colourway, Bear Face sweatshirt is the perfect layering piece...',17,'M','Bobble-Hat-Red',NULL,'/1/-/1-47_1.jpg',NULL,NULL,NULL,NULL,'/1/-/1-47_1.jpg',2,'/1/-/1-47_1.jpg',NULL,'2019-12-31 01:59:50','bobble-hat-red',NULL,1,NULL,NULL),(144,13,'configurable',NULL,7,'Gray',NULL,'2019-12-31 01:59:54','In classic soft grey colourway, Bear Face sweatshirt is the perfect layering piece and can be worn back with any of our leggings for monochrome dressing. Made from our premium GOTS certified organic sweatshirt fabric with logo tab to hem.',1,2,1,'/1/-/1-48_2.jpg',NULL,NULL,NULL,NULL,12,'Bub',NULL,NULL,'0','Bobble Hat',NULL,NULL,NULL,NULL,NULL,NULL,1,'In classic soft grey colourway, Bear Face sweatshirt is the perfect layering piece...',17,'M','Bobble-Hat',NULL,'/1/-/1-48_2.jpg',NULL,NULL,NULL,NULL,NULL,2,'/1/-/1-48_2.jpg',NULL,'2019-12-31 01:59:54','bobble-hat',NULL,4,NULL,NULL),(145,13,'grouped',NULL,6,'Brown',NULL,'2019-12-31 02:04:05','In classic soft grey colourway, Bear Face sweatshirt is the perfect layering piece and can be worn back with any of our leggings for monochrome dressing. Made from our premium GOTS certified organic sweatshirt fabric with logo tab to hem.',NULL,2,0,'/1/-/1-45_2.jpg',NULL,NULL,NULL,NULL,NULL,NULL,NULL,NULL,NULL,'Revealing Wellies',NULL,NULL,NULL,NULL,NULL,NULL,0,'In classic soft grey colourway, Bear Face sweatshirt is the perfect layering piece...',16,'L','Revealing-Wellies',NULL,'/1/-/1-45_2.jpg',NULL,NULL,NULL,NULL,NULL,NULL,'/1/-/1-45_2.jpg',NULL,'2019-12-31 02:04:05','revealing-wellies',NULL,4,NULL,NULL),(146,13,'bundle',NULL,8,'Green',NULL,'2019-12-31 02:06:25','In classic soft grey colourway, Bear Face sweatshirt is the perfect layering piece and can be worn back with any of our leggings for monochrome dressing. Made from our premium GOTS certified organic sweatshirt fabric with logo tab to hem.',0,2,1,NULL,NULL,NULL,NULL,NULL,NULL,NULL,NULL,NULL,'0','Kids Umbrella',NULL,NULL,NULL,NULL,0,0,1,'In classic soft grey colourway, Bear Face sweatshirt is the perfect layering piece...',16,'L','Kids-Umbrella',0,NULL,NULL,NULL,NULL,NULL,NULL,2,NULL,NULL,'2019-12-31 02:06:25','kids-umbrella',NULL,4,NULL,0);

--
