Use config\",\"country_of_manufacture\":null,\"additional_attributes\":\"climate=All-Weather,color=Black,manufacturer=Bub,material=Burlap,pattern=Color-Blocked,size=L\",\"qty\":\"0\",\"out_of_stock_qty\":\"0\",\"use_config_min_qty\":\"1\",\"is_qty_decimal\":\"0\",\"allow_backorders\":\"0\",\"use_config_backorders\":\"1\",\"min_cart_qty\":\"1\",\"use_config_min_sale_qty\":\"1\",\"max_cart_qty\":\"10000\",\"use_config_max_sale_qty\":\"1\",\"is_in_stock\":\"0\",\"notify_on_stock_below\":\"1\",\"use_config_notify_stock_qty\":\"1\",\"manage_stock\":\"1\",\"use_config_manage_stock\":\"1\",\"use_config_qty_increments\":\"1\",\"qty_increments\":\"0\",\"use_config_enable_qty_inc\":\"1\",\"enable_qty_increments\":\"0\",\"is_decimal_divided\":\"0\",\"website_id\":\"0\",\"related_skus\":null,\"related_position\":null,\"crosssell_skus\":null,\"crosssell_position\":null,\"upsell_skus\":null,\"upsell_position\":null,\"additional_images\":null,\"additional_image_labels\":null,\"hide_from_product_page\":null,\"custom_options\":null,\"bundle_price_type\":null,\"bundle_sku_type\":null,\"bundle_price_view\":null,\"bundle_weight_type\":null,\"bundle_values\":null,\"bundle_shipment_type\":null,\"associated_skus\":null,\"downloadable_links\":null,\"downloadable_samples\":null,\"configurable_variations\":null,\"configurable_variation_labels\":null,\"image\":\"118_1.JPG\",\"image_label\":\"118_1.JPG\",\"thumbnail\":\"118_1.JPG\",\"thumbnail_label\":null,\"_media_image\":null,\"_media_image_label\":null,\"_media_is_disabled\":null,\"_store\":null,\"_attribute_set\":\"Default\",\"_product_websites\":\"base\",\"status\":\"1\",\"news_from_date\":null,\"news_to_date\":null,\"options_container\":\"Block after Info Column\",\"minimal_price\":null,\"msrp\":null,\"msrp_enabled\":null,\"special_from_date\":null,\"special_to_date\":null,\"min_qty\":\"0\",\"backorders\":\"0\",\"min_sale_qty\":\"1\",\"max_sale_qty\":\"10000\",\"notify_stock_qty\":\"1\",\"_related_sku\":null,\"_related_position\":null,\"_crosssell_sku\":null,\"_crosssell_position\":null,\"_upsell_sku\":null,\"_upsell_position\":null,\"meta_keyword\":\"Gucci Neclace\",\"price_type\":null,\"shipment_type\":null,\"price_view\":null,\"weight_type\":null,\"sku_type\":null,\"climate\":\"All-Weather\",\"color\":\"Black\",\"manufacturer\":\"Bub\",\"material\":\"Burlap\",\"pattern\":\"Color-Blocked\",\"size\":\"L\"},\"128\":{\"sku\":\"119\",\"store_view_code\":null,\"attribute_set_code\":\"Default\",\"product_type\":\"simple\",\"categories\":\"Default Category\\/Necklace\",\"product_websites\":\"base\",\"name\":\"Versace Necklace\",\"description\":\"Super elegant Versace Long necklace with Logo\",\"short_description\":\"Super elegant Versace Long necklace with Logo\",\"weight\":null,\"product_online\":\"1\",\"tax_class_name\":\"Taxable Goods\",\"visibility\":\"Catalog, Search\",\"price\":\"12\",\"special_price\":null,\"special_price_from_date\":null,\"special_price_to_date\":null,\"url_key\":\"119versace necklace\",\"meta_title\":\"Versace Necklace\",\"meta_keywords\":\"Versace Necklace\",\"meta_description\":\"Versace Necklace\",\"base_image\":\"119_1.JPG\",\"base_image_label\":\"119_1.JPG\",\"small_image\":\"119_1.JPG\",\"small_image_label\":null,\"thumbnail_image\":\"119_1.JPG\",\"thumbnail_image_label\":null,\"swatch_image\":null,\"swatch_image_label\":null,\"created_at\":\"8\\/31\\/22, 7:36 AM\",\"updated_at\":\"8\\/31\\/22, 8:28 AM\",\"new_from_date\":null,\"new_to_date\":null,\"display_product_options_in\":\"Block after Info Column\",\"map_price\":null,\"msrp_price\":null,\"map_enabled\":null,\"gift_message_available\":null,\"custom_design\":null,\"custom_design_from\":null,\"custom_design_to\":null,\"custom_layout_update\":null,\"page_layout\":null,\"product_options_container\":null,\"msrp_display_actual_price_type\":\"Use config\",\"country_of_manufacture\":null,\"additional_attributes\":\"climate=All-Weather,color=Black,manufacturer=Bub,material=Burlap,pattern=Color-Blocked,size=L\",\"qty\":\"0\",\"out_of_stock_qty\":\"0\",\"use_config_min_qty\":\"1\",\"is_qty_decimal\":\"0\",\"allow_backorders\":\"0\",\"use_config_backorders\":\"1\",\"min_cart_qty\":\"1\",\"use_config_min_sale_qty\":\"1\",\"max_cart_qty\":\"10000\",\"use_config_max_sale_qty\":\"1\",\"is_in_stock\":\"0\",\"notify_on_stock_below\":\"1\",\"use_config_notify_stock_qty\":\"1\",\"manage_stock\":\"1\",\"use_config_manage_stock\":\"1\",\"use_config_qty_increments\":\"1\",\"qty_increments\":\"0\",\"use_config_enable_qty_inc\":\"1\",\"enable_qty_increments\":\"0\",\"is_decimal_divided\":\"0\",\"website_id\":\"0\",\"related_skus\":null,\"related_position\":null,\"crosssell_skus\":null,\"crosssell_position\":null,\"upsell_skus\":null,\"upsell_position\":null,\"additional_images\":null,\"additional_image_labels\":null,\"hide_from_product_page\":null,\"custom_options\":null,\"bundle_price_type\":null,\"bundle_sku_type\":null,\"bundle_price_view\":null,\"bundle_weight_type\":null,\"bundle_values\":null,\"bundle_shipment_type\":null,\"associated_skus\":null,\"downloadable_links\":null,\"downloadable_samples\":null,\"configurable_variations\":null,\"configurable_variation_labels\":null,\"image\":\"119_1.JPG\",\"image_label\":\"119_1.JPG\",\"thumbnail\":\"119_1.JPG\",\"thumbnail_label\":null,\"_media_image\":null,\"_media_image_label\":null,\"_media_is_disabled\":null,\"_store\":null,\"_attribute_set\":\"Default\",\"_product_websites\":\"base\",\"status\":\"1\",\"news_from_date\":null,\"news_to_date\":null,\"options_container\":\"Block after Info Column\",\"minimal_price\":null,\"msrp\":null,\"msrp_enabled\":null,\"special_from_date\":null,\"special_to_date\":null,\"min_qty\":\"0\",\"backorders\":\"0\",\"min_sale_qty\":\"1\",\"max_sale_qty\":\"10000\",\"notify_stock_qty\":\"1\",\"_related_sku\":null,\"_related_position\":null,\"_crosssell_sku\":null,\"_crosssell_position\":null,\"_upsell_sku\":null,\"_upsell_position\":null,\"meta_keyword\":\"Versace Necklace\",\"price_type\":null,\"shipment_type\":null,\"price_view\":null,\"weight_type\":null,\"sku_type\":null,\"climate\":\"All-Weather\",\"color\":\"Black\",\"manufacturer\":\"Bub\",\"material\":\"Burlap\",\"pattern\":\"Color-Blocked\",\"size\":\"L\"},\"129\":{\"sku\":\"121\",\"store_view_code\":null,\"attribute_set_code\":\"Default\",\"product_type\":\"simple\",\"categories\":\"Default Category\\/Necklace\",\"product_websites\":\"base\",\"name\":\"Prada Necklace\",\"description\":\"Trendy Prada silver chain necklace\",\"short_description\":\"Trendy Prada silver chain necklace\",\"weight\":null,\"product_online\":\"1\",\"tax_class_name\":\"Taxable Goods\",\"visibility\":\"Catalog, Search\",\"price\":\"12\",\"special_price\":null,\"special_price_from_date\":null,\"special_price_to_date\":null,\"url_key\":\"121prada necklace\",\"meta_title\":\"Prada Necklace\",\"meta_keywords\":\"Prada Necklace\",\"meta_description\":\"Prada Necklace\",\"base_image\":\"121_1.JPG\",\"base_image_label\":\"121_1.JPG\",\"small_image\":\"121_1.JPG\",\"small_image_label\":null,\"thumbnail_image\":\"121_1.JPG\",\"thumbnail_image_label\":null,\"swatch_image\":null,\"swatch_image_label\":null,\"created_at\":\"8\\/31\\/22, 7:47 AM\",\"updated_at\":\"8\\/31\\/22, 8:28 AM\",\"new_from_date\":null,\"new_to_date\":null,\"display_product_options_in\":\"Block after Info Column\",\"map_price\":null,\"msrp_price\":null,\"map_enabled\":null,\"gift_message_available\":null,\"custom_design\":null,\"custom_design_from\":null,\"custom_design_to\":null,\"custom_layout_update\":null,\"page_layout\":null,\"product_options_container\":null,\"msrp_display_actual_price_type\":\"Use config\",\"country_of_manufacture\":null,\"additional_attributes\":\"climate=All-Weather,color=Black,manufacturer=Bub,material=Burlap,pattern=Color-Blocked,size=L\",\"qty\":\"0\",\"out_of_stock_qty\":\"0\",\"use_config_min_qty\":\"1\",\"is_qty_decimal\":\"0\",\"allow_backorders\":\"0\",\"use_config_backorders\":\"1\",\"min_cart_qty\":\"1\",\"use_config_min_sale_qty\":\"1\",\"max_cart_qty\":\"10000\",\"use_config_max_sale_qty\":\"1\",\"is_in_stock\":\"0\",\"notify_on_stock_below\":\"1\",\"use_config_notify_stock_qty\":\"1\",\"manage_stock\":\"1\",\"use_config_manage_stock\":\"1\",\"use_config_qty_increments\":\"1\",\"qty_increments\":\"0\",\"use_config_enable_qty_inc\":\"1\",\"enable_qty_increments\":\"0\",\"is_decimal_divided\":\"0\",\"website_id\":\"0\",\"related_skus\":null,\"related_position\":null,\"crosssell_skus\":null,\"crosssell_position\":null,\"upsell_skus\":null,\"upsell_position\":null,\"additional_images\":null,\"additional_image_labels\":null,\"hide_from_product_page\":null,\"custom_options\":null,\"bundle_price_type\":null,\"bundle_sku_type\":null,\"bundle_price_view\":null,\"bundle_weight_type\":null,\"bundle_values\":null,\"bundle_shipment_type\":null,\"associated_skus\":null,\"downloadable_links\":null,\"downloadable_samples\":null,\"configurable_variations\":null,\"configurable_variation_labels\":null,\"image\":\"121_1.JPG\",\"image_label\":\"121_1.JPG\",\"thumbnail\":\"121_1.JPG\",\"thumbnail_label\":null,\"_media_image\":null,\"_media_image_label\":null,\"_media_is_disabled\":null,\"_store\":null,\"_attribute_set\":\"Default\",\"_product_websites\":\"base\",\"status\":\"1\",\"news_from_date\":null,\"news_to_date\":null,\"options_container\":\"Block after Info Column\",\"minimal_price\":null,\"msrp\":null,\"msrp_enabled\":null,\"special_from_date\":null,\"special_to_date\":null,\"min_qty\":\"0\",\"backorders\":\"0\",\"min_sale_qty\":\"1\",\"max_sale_qty\":\"10000\",\"notify_stock_qty\":\"1\",\"_related_sku\":null,\"_related_position\":null,\"_crosssell_sku\":null,\"_crosssell_position\":null,\"_upsell_sku\":null,\"_upsell_position\":null,\"meta_keyword\":\"Prada Necklace\",\"price_type\":null,\"shipment_type\":null,\"price_view\":null,\"weight_type\":null,\"sku_type\":null,\"climate\":\"All-Weather\",\"color\":\"Black\",\"manufacturer\":\"Bub\",\"material\":\"Burlap\",\"pattern\":\"Color-Blocked\",\"size\":\"L\"},\"130\":{\"sku\":\"122\",\"store_view_code\":null,\"attribute_set_code\":\"Default\",\"product_type\":\"simple\",\"categories\":\"Default Category\\/Necklace\",\"product_websites\":\"base\",\"name\":\"Prada Necklace\",\"description\":\"Prada golden necklace\",\"short_description\":\"Prada golden necklace\",\"weight\":null,\"product_online\":\"1\",\"tax_class_name\":\"Taxable Goods\",\"visibility\":\"Catalog, Search\",\"price\":\"11\",\"special_price\":null,\"special_price_from_date\":null,\"special_price_to_date\":null,\"url_key\":\"122prada necklace\",\"meta_title\":\"Prada Necklace\",\"meta_keywords\":\"Prada Necklace\",\"meta_description\":\"Prada Necklace\",\"base_image\":\"122_1.JPG\",\"base_image_label\":\"122_1.JPG\",\"small_image\":\"122_1.JPG\",\"small_image_label\":null,\"thumbnail_image\":\"122_1.JPG\",\"thumbnail_image_label\":null,\"swatch_image\":null,\"swatch_image_label\":null,\"created_at\":\"8\\/31\\/22, 7:47 AM\",\"updated_at\":\"8\\/31\\/22, 8:28 AM\",\"new_from_date\":null,\"new_to_date\":null,\"display_product_options_in\":\"Block after Info Column\",\"map_price\":null,\"msrp_price\":null,\"map_enabled\":null,\"gift_message_available\":null,\"custom_design\":null,\"custom_design_from\":null,\"custom_design_to\":null,\"custom_layout_update\":null,\"page_layout\":null,\"product_options_container\":null,\"msrp_display_actual_price_type\":\"Use config\",\"country_of_manufacture\":null,\"additional_attributes\":\"climate=All-Weather,color=Black,manufacturer=Bub,material=Burlap,pattern=Color-Blocked,size=L\",\"qty\":\"0\",\"out_of_stock_qty\":\"0\",\"use_config_min_qty\":\"1\",\"is_qty_decimal\":\"0\",\"allow_backorders\":\"0\",\"use_config_backorders\":\"1\",\"min_cart_qty\":\"1\",\"use_config_min_sale_qty\":\"1\",\"max_cart_qty\":\"10000\",\"use_config_max_sale_qty\":\"1\",\"is_in_stock\":\"0\",\"notify_on_stock_below\":\"1\",\"use_config_notify_stock_qty\":\"1\",\"manage_stock\":\"1\",\"use_config_manage_stock\":\"1\",\"use_config_qty_increments\":\"1\",\"qty_increments\":\"0\",\"use_config_enable_qty_inc\":\"1\",\"enable_qty_increments\":\"0\",\"is_decimal_divided\":\"0\",\"website_id\":\"0\",\"related_skus\":null,\"related_position\":null,\"crosssell_skus\":null,\"crosssell_position\":null,\"upsell_skus\":null,\"upsell_position\":null,\"additional_images\":null,\"additional_image_labels\":null,\"hide_from_product_page\":null,\"custom_options\":null,\"bundle_price_type\":null,\"bundle_sku_type\":null,\"bundle_price_view\":null,\"bundle_weight_type\":null,\"bundle_values\":null,\"bundle_shipment_type\":null,\"associated_skus\":null,\"downloadable_links\":null,\"downloadable_samples\":null,\"configurable_variations\":null,\"configurable_variation_labels\":null,\"image\":\"122_1.JPG\",\"image_label\":\"122_1.JPG\",\"thumbnail\":\"122_1.JPG\",\"thumbnail_label\":null,\"_media_image\":null,\"_media_image_label\":null,\"_media_is_disabled\":null,\"_store\":null,\"_attribute_set\":\"Default\",\"_product_websites\":\"base\",\"status\":\"1\",\"news_from_date\":null,\"news_to_date\":null,\"options_container\":\"Block after Info Column\",\"minimal_price\":null,\"msrp\":null,\"msrp_enabled\":null,\"special_from_date\":null,\"special_to_date\":null,\"min_qty\":\"0\",\"backorders\":\"0\",\"min_sale_qty\":\"1\",\"max_sale_qty\":\"10000\",\"notify_stock_qty\":\"1\",\"_related_sku\":null,\"_related_position\":null,\"_crosssell_sku\":null,\"_crosssell_position\":null,\"_upsell_sku\":null,\"_upsell_position\":null,\"meta_keyword\":\"Prada Necklace\",\"price_type\":null,\"shipment_type\":null,\"price_view\":null,\"weight_type\":null,\"sku_type\":null,\"climate\":\"All-Weather\",\"color\":\"Black\",\"manufacturer\":\"Bub\",\"material\":\"Burlap\",\"pattern\":\"Color-Blocked\",\"size\":\"L\"},\"131\":{\"sku\":\"123\",\"store_view_code\":null,\"attribute_set_code\":\"Default\",\"product_type\":\"simple\",\"categories\":\"Default Category\\/Necklace\",\"product_websites\":\"base\",\"name\":\"Valentino Necklace\",\"description\":\"Valentino Necklace multi logo with pearl\",\"short_description\":\"Valentino Necklace multi logo with pearl\",\"weight\":null,\"product_online\":\"1\",\"tax_class_name\":\"Taxable Goods\",\"visibility\":\"Catalog, Search\",\"price\":\"14\",\"special_price\":null,\"special_price_from_date\":null,\"special_price_to_date\":null,\"url_key\":\"123valentino necklace\",\"meta_title\":\"Valentino Necklace\",\"meta_keywords\":\"Valentino Necklace\",\"meta_description\":\"Valentino Necklace\",\"base_image\":\"123_1.JPG\",\"base_image_label\":\"123_1.JPG\",\"small_image\":\"123_1.JPG\",\"small_image_label\":null,\"thumbnail_image\":\"123_1.JPG\",\"thumbnail_image_label\":null,\"swatch_image\":null,\"swatch_image_label\":null,\"created_at\":\"8\\/31\\/22, 7:47 AM\",\"updated_at\":\"8\\/31\\/22, 8:28 AM\",\"new_from_date\":null,\"new_to_date\":null,\"display_product_options_in\":\"Block after Info Column\",\"map_price\":null,\"msrp_price\":null,\"map_enabled\":null,\"gift_message_available\":null,\"custom_design\":null,\"custom_design_from\":null,\"custom_design_to\":null,\"custom_layout_update\":null,\"page_layout\":null,\"product_options_container\":null,\"msrp_display_actual_price_type\":\"Use config\",\"country_of_manufacture\":null,\"additional_attributes\":\"climate=All-Weather,color=Black,manufacturer=Bub,material=Burlap,pattern=Color-Blocked,size=L\",\"qty\":\"0\",\"out_of_stock_qty\":\"0\",\"use_config_min_qty\":\"1\",\"is_qty_decimal\":\"0\",\"allow_backorders\":\"0\",\"use_config_backorders\":\"1\",\"min_cart_qty\":\"1\",\"use_config_min_sale_qty\":\"1\",\"max_cart_qty\":\"10000\",\"use_config_max_sale_qty\":\"1\",\"is_in_stock\":\"0\",\"notify_on_stock_below\":\"1\",\"use_config_notify_stock_qty\":\"1\",\"manage_stock\":\"1\",\"use_config_manage_stock\":\"1\",\"use_config_qty_increments\":\"1\",\"qty_increments\":\"0\",\"use_config_enable_qty_inc\":\"1\",\"enable_qty_increments\":\"0\",\"is_decimal_divided\":\"0\",\"website_id\":\"0\",\"related_skus\":null,\"related_position\":null,\"crosssell_skus\":null,\"crosssell_position\":null,\"upsell_skus\":null,\"upsell_position\":null,\"additional_images\":null,\"additional_image_labels\":null,\"hide_from_product_page\":null,\"custom_options\":null,\"bundle_price_type\":null,\"bundle_sku_type\":null,\"bundle_price_view\":null,\"bundle_weight_type\":null,\"bundle_values\":null,\"bundle_shipment_type\":null,\"associated_skus\":null,\"downloadable_links\":null,\"downloadable_samples\":null,\"configurable_variations\":null,\"configurable_variation_labels\":null,\"image\":\"123_1.JPG\",\"image_label\":\"123_1.JPG\",\"thumbnail\":\"123_1.JPG\",\"thumbnail_label\":null,\"_media_image\":null,\"_media_image_label\":null,\"_media_is_disabled\":null,\"_store\":null,\"_attribute_set\":\"Default\",\"_product_websites\":\"base\",\"status\":\"1\",\"news_from_date\":null,\"news_to_date\":null,\"options_container\":\"Block after Info Column\",\"minimal_price\":null,\"msrp\":null,\"msrp_enabled\":null,\"special_from_date\":null,\"special_to_date\":null,\"min_qty\":\"0\",\"backorders\":\"0\",\"min_sale_qty\":\"1\",\"max_sale_qty\":\"10000\",\"notify_stock_qty\":\"1\",\"_related_sku\":null,\"_related_position\":null,\"_crosssell_sku\":null,\"_crosssell_position\":null,\"_upsell_sku\":null,\"_upsell_position\":null,\"meta_keyword\":\"Valentino Necklace\",\"price_type\":null,\"shipment_type\":null,\"price_view\":null,\"weight_type\":null,\"sku_type\":null,\"climate\":\"All-Weather\",\"color\":\"Black\",\"manufacturer\":\"Bub\",\"material\":\"Burlap\",\"pattern\":\"Color-Blocked\",\"size\":\"L\"},\"132\":{\"sku\":\"124\",\"store_view_code\":null,\"attribute_set_code\":\"Default\",\"product_type\":\"simple\",\"categories\":\"Default Category\\/Necklace\",\"product_websites\":\"base\",\"name\":\"Valentino Necklace\",\"description\":\"Sore Valentino necklace golden chain\",\"short_description\":\"SoreValentino necklace golden chain\",\"weight\":null,\"product_online\":\"1\",\"tax_class_name\":\"Taxable Goods\",\"visibility\":\"Catalog, Search\",\"price\":\"13\",\"special_price\":null,\"special_price_from_date\":null,\"special_price_to_date\":null,\"url_key\":\"124valentino necklace\",\"meta_title\":\"Valentino Necklace\",\"meta_keywords\":\"Valentino Necklace\",\"meta_description\":\"Valentino Necklace\",\"base_image\":\"124_1.JPG\",\"base_image_label\":\"124_1.JPG\",\"small_image\":\"124_1.JPG\",\"small_image_label\":null,\"thumbnail_image\":\"124_1.JPG\",\"thumbnail_image_label\":null,\"swatch_image\":null,\"swatch_image_label\":null,\"created_at\":\"8\\/31\\/22, 7:47 AM\",\"updated_at\":\"8\\/31\\/22, 8:28 AM\",\"new_from_date\":null,\"new_to_date\":null,\"display_product_options_in\":\"Block after Info Column\",\"map_price\":null,\"msrp_price\":null,\"map_enabled\":null,\"gift_message_available\":null,\"custom_design\":null,\"custom_design_from\":null,\"custom_design_to\":null,\"custom_layout_update\":null,\"page_layout\":null,\"product_options_container\":null,\"msrp_display_actual_price_type\":\"Use config\",\"country_of_manufacture\":null,\"additional_attributes\":\"climate=All-Weather,color=Black,manufacturer=Bub,material=Burlap,pattern=Color-Blocked,size=L\",\"qty\":\"0\",\"out_of_stock_qty\":\"0\",\"use_config_min_qty\":\"1\",\"is_qty_decimal\":\"0\",\"allow_backorders\":\"0\",\"use_config_backorders\":\"1\",\"min_cart_qty\":\"1\",\"use_config_min_sale_qty\":\"1\",\"max_cart_qty\":\"10000\",\"use_config_max_sale_qty\":\"1\",\"is_in_stock\":\"0\",\"notify_on_stock_below\":\"1\",\"use_config_notify_stock_qty\":\"1\",\"manage_stock\":\"1\",\"use_config_manage_stock\":\"1\",\"use_config_qty_increments\":\"1\",\"qty_increments\":\"0\",\"use_config_enable_qty_inc\":\"1\",\"enable_qty_increments\":\"0\",\"is_decimal_divided\":\"0\",\"website_id\":\"0\",\"related_skus\":null,\"related_position\":null,\"crosssell_skus\":null,\"crosssell_position\":null,\"upsell_skus\":null,\"upsell_position\":null,\"additional_images\":null,\"additional_image_labels\":null,\"hide_from_product_page\":null,\"custom_options\":null,\"bundle_price_type\":null,\"bundle_sku_type\":null,\"bundle_price_view\":null,\"bundle_weight_type\":null,\"bundle_values\":null,\"bundle_shipment_type\":null,\"associated_skus\":null,\"downloadable_links\":null,\"downloadable_samples\":null,\"configurable_variations\":null,\"configurable_variation_labels\":null,\"image\":\"124_1.JPG\",\"image_label\":\"124_1.JPG\",\"thumbnail\":\"124_1.JPG\",\"thumbnail_label\":null,\"_media_image\":null,\"_media_image_label\":null,\"_media_is_disabled\":null,\"_store\":null,\"_attribute_set\":\"Default\",\"_product_websites\":\"base\",\"status\":\"1\",\"news_from_date\":null,\"news_to_date\":null,\"options_container\":\"Block after Info Column\",\"minimal_price\":null,\"msrp\":null,\"msrp_enabled\":null,\"special_from_date\":null,\"special_to_date\":null,\"min_qty\":\"0\",\"backorders\":\"0\",\"min_sale_qty\":\"1\",\"max_sale_qty\":\"10000\",\"notify_stock_qty\":\"1\",\"_related_sku\":null,\"_related_position\":null,\"_crosssell_sku\":null,\"_crosssell_position\":null,\"_upsell_sku\":null,\"_upsell_position\":null,\"meta_keyword\":\"Valentino Necklace\",\"price_type\":null,\"shipment_type\":null,\"price_view\":null,\"weight_type\":null,\"sku_type\":null,\"climate\":\"All-Weather\",\"color\":\"Black\",\"manufacturer\":\"Bub\",\"material\":\"Burlap\",\"pattern\":\"Color-Blocked\",\"size\":\"L\"},\"133\":{\"sku\":\"125\",\"store_view_code\":null,\"attribute_set_code\":\"Default\",\"product_type\":\"simple\",\"categories\":\"Default Category\\/Necklace\",\"product_websites\":\"base\",\"name\":\"Hermis Necklace\",\"description\":\"Hermes Pig nose long necklace silver\",\"short_description\":\"Hermes Pig nose long necklace silver\",\"weight\":null,\"product_online\":\"1\",\"tax_class_name\":\"Taxable Goods\",\"visibility\":\"Catalog, Search\",\"price\":\"20\",\"special_price\":null,\"special_price_from_date\":null,\"special_price_to_date\":null,\"url_key\":\"125hermis necklace\",\"meta_title\":\"Hermis Necklace\",\"meta_keywords\":\"Hermis Necklace\",\"meta_description\":\"Hermis Necklace\",\"base_image\":\"125_1.JPG\",\"base_image_label\":\"125_1.JPG\",\"small_image\":\"125_1.JPG\",\"small_image_label\":null,\"thumbnail_image\":\"125_1.JPG\",\"thumbnail_image_label\":null,\"swatch_image\":null,\"swatch_image_label\":null,\"created_at\":\"8\\/31\\/22, 7:47 AM\",\"updated_at\":\"8\\/31\\/22, 8:28 AM\",\"new_from_date\":null,\"new_to_date\":null,\"display_product_options_in\":\"Block after Info Column\",\"map_price\":null,\"msrp_price\":null,\"map_enabled\":null,\"gift_message_available\":null,\"custom_design\":null,\"custom_design_from\":null,\"custom_design_to\":null,\"custom_layout_update\":null,\"page_layout\":null,\"product_options_container\":null,\"msrp_display_actual_price_type\":\"Use config\",\"country_of_manufacture\":null,\"additional_attributes\":\"climate=All-Weather,color=Black,manufacturer=Bub,material=Burlap,pattern=Color-Blocked,size=L\",\"qty\":\"0\",\"out_of_stock_qty\":\"0\",\"use_config_min_qty\":\"1\",\"is_qty_decimal\":\"0\",\"allow_backorders\":\"0\",\"use_config_backorders\":\"1\",\"min_cart_qty\":\"1\",\"use_config_min_sale_qty\":\"1\",\"max_cart_qty\":\"10000\",\"use_config_max_sale_qty\":\"1\",\"is_in_stock\":\"0\",\"notify_on_stock_below\":\"1\",\"use_config_notify_stock_qty\":\"1\",\"manage_stock\":\"1\",\"use_config_manage_stock\":\"1\",\"use_config_qty_increments\":\"1\",\"qty_increments\":\"0\",\"use_config_enable_qty_inc\":\"1\",\"enable_qty_increments\":\"0\",\"is_decimal_divided\":\"0\",\"website_id\":\"0\",\"related_skus\":null,\"related_position\":null,\"crosssell_skus\":null,\"crosssell_position\":null,\"upsell_skus\":null,\"upsell_position\":null,\"additional_images\":null,\"additional_image_labels\":null,\"hide_from_product_page\":null,\"custom_options\":null,\"bundle_price_type\":null,\"bundle_sku_type\":null,\"bundle_price_view\":null,\"bundle_weight_type\":null,\"bundle_values\":null,\"bundle_shipment_type\":null,\"associated_skus\":null,\"downloadable_links\":null,\"downloadable_samples\":null,\"configurable_variations\":null,\"configurable_variation_labels\":null,\"image\":\"125_1.JPG\",\"image_label\":\"125_1.JPG\",\"thumbnail\":\"125_1.JPG\",\"thumbnail_label\":null,\"_media_image\":null,\"_media_image_label\":null,\"_media_is_disabled\":null,\"_store\":null,\"_attribute_set\":\"Default\",\"_product_websites\":\"base\",\"status\":\"1\",\"news_from_date\":null,\"news_to_date\":null,\"options_container\":\"Block after Info Column\",\"minimal_price\":null,\"msrp\":null,\"msrp_enabled\":null,\"special_from_date\":null,\"special_to_date\":null,\"min_qty\":\"0\",\"backorders\":\"0\",\"min_sale_qty\":\"1\",\"max_sale_qty\":\"10000\",\"notify_stock_qty\":\"1\",\"_related_sku\":null,\"_related_position\":null,\"_crosssell_sku\":null,\"_crosssell_position\":null,\"_upsell_sku\":null,\"_upsell_position\":null,\"meta_keyword\":\"Hermis Necklace\",\"price_type\":null,\"shipment_type\":null,\"price_view\":null,\"weight_type\":null,\"sku_type\":null,\"climate\":\"All-Weather\",\"color\":\"Black\",\"manufacturer\":\"Bub\",\"material\":\"Burlap\",\"pattern\":\"Color-Blocked\",\"size\":\"L\"},\"134\":{\"sku\":\"126\",\"store_view_code\":null,\"attribute_set_code\":\"Default\",\"product_type\":\"simple\",\"categories\":\"Default Category\\/Bracelet\",\"product_websites\":\"base\",\"name\":\"Cartier Love necklace\",\"description\":\"Cartier Love collection necklace stamped by brand logo\",\"short_description\":\"Cartier Love collection necklace stamped by brand logo\",\"weight\":null,\"product_online\":\"1\",\"tax_class_name\":\"Taxable Goods\",\"visibility\":\"Catalog, Search\",\"price\":\"10\",\"special_price\":null,\"special_price_from_date\":null,\"special_price_to_date\":null,\"url_key\":\"126cartier love necklace\",\"meta_title\":\"Cartier Love necklace\",\"meta_keywords\":\"Cartier Love necklace\",\"meta_description\":\"Cartier Love necklace\",\"base_image\":\"126_1.JPG\",\"base_image_label\":\"126_1.JPG\",\"small_image\":\"126_1.JPG\",\"small_image_label\":null,\"thumbnail_image\":\"126_1.JPG\",\"thumbnail_image_label\":null,\"swatch_image\":null,\"swatch_image_label\":null,\"created_at\":\"8\\/31\\/22, 7:47 AM\",\"updated_at\":\"8\\/31\\/22, 8:28 AM\",\"new_from_date\":null,\"new_to_date\":null,\"display_product_options_in\":\"Block after Info Column\",\"map_price\":null,\"msrp_price\":null,\"map_enabled\":null,\"gift_message_available\":null,\"custom_design\":null,\"custom_design_from\":null,\"custom_design_to\":null,\"custom_layout_update\":null,\"page_layout\":null,\"product_options_container\":null,\"msrp_display_actual_price_type\":\"Use config\",\"country_of_manufacture\":null,\"additional_attributes\":\"climate=All-Weather,color=Black,manufacturer=Bub,material=Burlap,pattern=Color-Blocked,size=L\",\"qty\":\"0\",\"out_of_stock_qty\":\"0\",\"use_config_min_qty\":\"1\",\"is_qty_decimal\":\"0\",\"allow_backorders\":\"0\",\"use_config_backorders\":\"1\",\"min_cart_qty\":\"1\",\"use_config_min_sale_qty\":\"1\",\"max_cart_qty\":\"10000\",\"use_config_max_sale_qty\":\"1\",\"is_in_stock\":\"0\",\"notify_on_stock_below\":\"1\",\"use_config_notify_stock_qty\":\"1\",\"manage_stock\":\"1\",\"use_config_manage_stock\":\"1\",\"use_config_qty_increments\":\"1\",\"qty_increments\":\"0\",\"use_config_enable_qty_inc\":\"1\",\"enable_qty_increments\":\"0\",\"is_decimal_divided\":\"0\",\"website_id\":\"0\",\"related_skus\":null,\"related_position\":null,\"crosssell_skus\":null,\"crosssell_position\":null,\"upsell_skus\":null,\"upsell_position\":null,\"additional_images\":null,\"additional_image_labels\":null,\"hide_from_product_page\":null,\"custom_options\":null,\"bundle_price_type\":null,\"bundle_sku_type\":null,\"bundle_price_view\":null,\"bundle_weight_type\":null,\"bundle_values\":null,\"bundle_shipment_type\":null,\"associated_skus\":null,\"downloadable_links\":null,\"downloadable_samples\":null,\"configurable_variations\":null,\"configurable_variation_labels\":null,\"image\":\"126_1.JPG\",\"image_label\":\"126_1.JPG\",\"thumbnail\":\"126_1.JPG\",\"thumbnail_label\":null,\"_media_image\":null,\"_media_image_label\":null,\"_media_is_disabled\":null,\"_store\":null,\"_attribute_set\":\"Default\",\"_product_websites\":\"base\",\"status\":\"1\",\"news_from_date\":null,\"news_to_date\":null,\"options_container\":\"Block after Info Column\",\"minimal_price\":null,\"msrp\":null,\"msrp_enabled\":null,\"special_from_date\":null,\"special_to_date\":null,\"min_qty\":\"0\",\"backorders\":\"0\",\"min_sale_qty\":\"1\",\"max_sale_qty\":\"10000\",\"notify_stock_qty\":\"1\",\"_related_sku\":null,\"_related_position\":null,\"_crosssell_sku\":null,\"_crosssell_position\":null,\"_upsell_sku\":null,\"_upsell_position\":null,\"meta_keyword\":\"Cartier Love necklace\",\"price_type\":null,\"shipment_type\":null,\"price_view\":null,\"weight_type\":null,\"sku_type\":null,\"climate\":\"All-Weather\",\"color\":\"Black\",\"manufacturer\":\"Bub\",\"material\":\"Burlap\",\"pattern\":\"Color-Blocked\",\"size\":\"L\"},\"135\":{\"sku\":\"127\",\"store_view_code\":null,\"attribute_set_code\":\"Default\",\"product_type\":\"simple\",\"categories\":\"Default Category\\/Bracelet\",\"product_websites\":\"base\",\"name\":\"Cartier Love bracelet\",\"description\":\"Cartier Love collection bracelet Non- faded non tarnish titanium 100% stamped by brand logo\",\"short_description\":\"Cartier Love collection bracelet Non- faded non tarnish titanium 100% stamped by brand logo\",\"weight\":null,\"product_online\":\"1\",\"tax_class_name\":\"Taxable Goods\",\"visibility\":\"Catalog, Search\",\"price\":\"9\",\"special_price\":null,\"special_price_from_date\":null,\"special_price_to_date\":null,\"url_key\":\"127cartier love bracelet\",\"meta_title\":\"Cartier Love bracelet\",\"meta_keywords\":\"Cartier Love bracelet\",\"meta_description\":\"Cartier Love bracelet\",\"base_image\":\"127_1.JPG\",\"base_image_label\":\"127_1.JPG\",\"small_image\":\"127_1.JPG\",\"small_image_label\":null,\"thumbnail_image\":\"127_1.JPG\",\"thumbnail_image_label\":null,\"swatch_image\":null,\"swatch_image_label\":null,\"created_at\":\"8\\/31\\/22, 7:47 AM\",\"updated_at\":\"8\\/31\\/22, 8:28 AM\",\"new_from_date\":null,\"new_to_date\":null,\"display_product_options_in\":\"Block after Info Column\",\"map_price\":null,\"msrp_price\":null,\"map_enabled\":null,\"gift_message_available\":null,\"custom_design\":null,\"custom_design_from\":null,\"custom_design_to\":null,\"custom_layout_update\":null,\"page_layout\":null,\"product_options_container\":null,\"msrp_display_actual_price_type\":\"Use config\",\"country_of_manufacture\":null,\"additional_attributes\":\"climate=All-Weather,color=Black,manufacturer=Bub,material=Burlap,pattern=Color-Blocked,size=L\",\"qty\":\"0\",\"out_of_stock_qty\":\"0\",\"use_config_min_qty\":\"1\",\"is_qty_decimal\":\"0\",\"allow_backorders\":\"0\",\"use_config_backorders\":\"1\",\"min_cart_qty\":\"1\",\"use_config_min_sale_qty\":\"1\",\"max_cart_qty\":\"10000\",\"use_config_max_sale_qty\":\"1\",\"is_in_stock\":\"0\",\"notify_on_stock_below\":\"1\",\"use_config_notify_stock_qty\":\"1\",\"manage_stock\":\"1\",\"use_config_manage_stock\":\"1\",\"use_config_qty_increments\":\"1\",\"qty_increments\":\"0\",\"use_config_enable_qty_inc\":\"1\",\"enable_qty_increments\":\"0\",\"is_decimal_divided\":\"0\",\"website_id\":\"0\",\"related_skus\":null,\"related_position\":null,\"crosssell_skus\":null,\"crosssell_position\":null,\"upsell_skus\":null,\"upsell_position\":null,\"additional_images\":null,\"additional_image_labels\":null,\"hide_from_product_page\":null,\"custom_options\":null,\"bundle_price_type\":null,\"bundle_sku_type\":null,\"bundle_price_view\":null,\"bundle_weight_type\":null,\"bundle_values\":null,\"bundle_shipment_type\":null,\"associated_skus\":null,\"downloadable_links\":null,\"downloadable_samples\":null,\"configurable_variations\":null,\"configurable_variation_labels\":null,\"image\":\"127_1.JPG\",\"image_label\":\"127_1.JPG\",\"thumbnail\":\"127_1.JPG\",\"thumbnail_label\":null,\"_media_image\":null,\"_media_image_label\":null,\"_media_is_disabled\":null,\"_store\":null,\"_attribute_set\":\"Default\",\"_product_websites\":\"base\",\"status\":\"1\",\"news_from_date\":null,\"news_to_date\":null,\"options_container\":\"Block after Info Column\",\"minimal_price\":null,\"msrp\":null,\"msrp_enabled\":null,\"special_from_date\":null,\"special_to_date\":null,\"min_qty\":\"0\",\"backorders\":\"0\",\"min_sale_qty\":\"1\",\"max_sale_qty\":\"10000\",\"notify_stock_qty\":\"1\",\"_related_sku\":null,\"_related_position\":null,\"_crosssell_sku\":null,\"_crosssell_position\":null,\"_upsell_sku\":null,\"_upsell_position\":null,\"meta_keyword\":\"Cartier Love bracelet\",\"price_type\":null,\"shipment_type\":null,\"price_view\":null,\"weight_type\":null,\"sku_type\":null,\"climate\":\"All-Weather\",\"color\":\"Black\",\"manufacturer\":\"Bub\",\"material\":\"Burlap\",\"pattern\":\"Color-Blocked\",\"size\":\"L\"},\"136\":{\"sku\":\"128\",\"store_view_code\":null,\"attribute_set_code\":\"Default\",\"product_type\":\"simple\",\"categories\":\"Default Category\\/Bracelet\",\"product_websites\":\"base\",\"name\":\"Van Cleef signature bracelet\",\"description\":\"VC Signature bracelet Titanium 100% non faded - non tarnish\",\"short_description\":\"VC Signature bracelet Titanium 100% non faded - non tarnish\",\"weight\":null,\"product_online\":\"1\",\"tax_class_name\":\"Taxable Goods\",\"visibility\":\"Catalog, Search\",\"price\":\"12\",\"special_price\":null,\"special_price_from_date\":null,\"special_price_to_date\":null,\"url_key\":\"128van cleef signature bracelet\",\"meta_title\":\"Van Cleef signature bracelet\",\"meta_keywords\":\"Van Cleef signature bracelet\",\"meta_description\":\"Van Cleef signature bracelet\",\"base_image\":\"128_1.JPG\",\"base_image_label\":\"128_1.JPG\",\"small_image\":\"128_1.JPG\",\"small_image_label\":null,\"thumbnail_image\":\"128_1.JPG\",\"thumbnail_image_label\":null,\"swatch_image\":null,\"swatch_image_label\":null,\"created_at\":\"8\\/31\\/22, 7:47 AM\",\"updated_at\":\"8\\/31\\/22, 8:28 AM\",\"new_from_date\":null,\"new_to_date\":null,\"display_product_options_in\":\"Block after Info Column\",\"map_price\":null,\"msrp_price\":null,\"map_enabled\":null,\"gift_message_available\":null,\"custom_design\":null,\"custom_design_from\":null,\"custom_design_to\":null,\"custom_layout_update\":null,\"page_layout\":null,\"product_options_container\":null,\"msrp_display_actual_price_type\":\"Use config\",\"country_of_manufacture\":null,\"additional_attributes\":\"climate=All-Weather,color=Black,manufacturer=Bub,material=Burlap,pattern=Color-Blocked,size=L\",\"qty\":\"0\",\"out_of_stock_qty\":\"0\",\"use_config_min_qty\":\"1\",\"is_qty_decimal\":\"0\",\"allow_backorders\":\"0\",\"use_config_backorders\":\"1\",\"min_cart_qty\":\"1\",\"use_config_min_sale_qty\":\"1\",\"max_cart_qty\":\"10000\",\"use_config_max_sale_qty\":\"1\",\"is_in_stock\":\"0\",\"notify_on_stock_below\":\"1\",\"use_config_notify_stock_qty\":\"1\",\"manage_stock\":\"1\",\"use_config_manage_stock\":\"1\",\"use_config_qty_increments\":\"1\",\"qty_increments\":\"0\",\"use_config_enable_qty_inc\":\"1\",\"enable_qty_increments\":\"0\",\"is_decimal_divided\":\"0\",\"website_id\":\"0\",\"related_skus\":null,\"related_position\":null,\"crosssell_skus\":null,\"crosssell_position\":null,\"upsell_skus\":null,\"upsell_position\":null,\"additional_images\":null,\"additional_image_labels\":null,\"hide_from_product_page\":null,\"custom_options\":null,\"bundle_price_type\":null,\"bundle_sku_type\":null,\"bundle_price_view\":null,\"bundle_weight_type\":null,\"bundle_values\":null,\"bundle_shipment_type\":null,\"associated_skus\":null,\"downloadable_links\":null,\"downloadable_samples\":null,\"configurable_variations\":null,\"configurable_variation_labels\":null,\"image\":\"128_1.JPG\",\"image_label\":\"128_1.JPG\",\"thumbnail\":\"128_1.JPG\",\"thumbnail_label\":null,\"_media_image\":null,\"_media_image_label\":null,\"_media_is_disabled\":null,\"_store\":null,\"_attribute_set\":\"Default\",\"_product_websites\":\"base\",\"status\":\"1\",\"news_from_date\":null,\"news_to_date\":null,\"options_container\":\"Block after Info Column\",\"minimal_price\":null,\"msrp\":null,\"msrp_enabled\":null,\"special_from_date\":null,\"special_to_date\":null,\"min_qty\":\"0\",\"backorders\":\"0\",\"min_sale_qty\":\"1\",\"max_sale_qty\":\"10000\",\"notify_stock_qty\":\"1\",\"_related_sku\":null,\"_related_position\":null,\"_crosssell_sku\":null,\"_crosssell_position\":null,\"_upsell_sku\":null,\"_upsell_position\":null,\"meta_keyword\":\"Van Cleef signature bracelet\",\"price_type\":null,\"shipment_type\":null,\"price_view\":null,\"weight_type\":null,\"sku_type\":null,\"climate\":\"All-Weather\",\"color\":\"Black\",\"manufacturer\":\"Bub\",\"material\":\"Burlap\",\"pattern\":\"Color-Blocked\",\"size\":\"L\"},\"137\":{\"sku\":\"129\",\"store_view_code\":null,\"attribute_set_code\":\"Default\",\"product_type\":\"simple\",\"categories\":\"Default Category\\/Bracelet\",\"product_websites\":\"base\",\"name\":\"Channel bracelet\",\"description\":\"Chanel bracelet flex with logo above\",\"short_description\":\"Chanel bracelet flex with logo above\",\"weight\":null,\"product_online\":\"1\",\"tax_class_name\":\"Taxable Goods\",\"visibility\":\"Catalog, Search\",\"price\":\"8\",\"special_price\":null,\"special_price_from_date\":null,\"special_price_to_date\":null,\"url_key\":\"129channel bracelet\",\"meta_title\":\"Channel bracelet\",\"meta_keywords\":\"Channel bracelet\",\"meta_description\":\"Channel bracelet\",\"base_image\":\"129_1.JPG\",\"base_image_label\":\"129_1.JPG\",\"small_image\":\"129_1.JPG\",\"small_image_label\":null,\"thumbnail_image\":\"129_1.JPG\",\"thumbnail_image_label\":null,\"swatch_image\":null,\"swatch_image_label\":null,\"created_at\":\"8\\/31\\/22, 7:47 AM\",\"updated_at\":\"8\\/31\\/22, 8:28 AM\",\"new_from_date\":null,\"new_to_date\":null,\"display_product_options_in\":\"Block after Info Column\",\"map_price\":null,\"msrp_price\":null,\"map_enabled\":null,\"gift_message_available\":null,\"custom_design\":null,\"custom_design_from\":null,\"custom_design_to\":null,\"custom_layout_update\":null,\"page_layout\":null,\"product_options_container\":null,\"msrp_display_actual_price_type\":\"Use config\",\"country_of_manufacture\":null,\"additional_attributes\":\"climate=All-Weather,color=Black,manufacturer=Bub,material=Burlap,pattern=Color-Blocked,size=L\",\"qty\":\"0\",\"out_of_stock_qty\":\"0\",\"use_config_min_qty\":\"1\",\"is_qty_decimal\":\"0\",\"allow_backorders\":\"0\",\"use_config_backorders\":\"1\",\"min_cart_qty\":\"1\",\"use_config_min_sale_qty\":\"1\",\"max_cart_qty\":\"10000\",\"use_config_max_sale_qty\":\"1\",\"is_in_stock\":\"0\",\"notify_on_stock_below\":\"1\",\"use_config_notify_stock_qty\":\"1\",\"manage_stock\":\"1\",\"use_config_manage_stock\":\"1\",\"use_config_qty_increments\":\"1\",\"qty_increments\":\"0\",\"use_config_enable_qty_inc\":\"1\",\"enable_qty_increments\":\"0\",\"is_decimal_divided\":\"0\",\"website_id\":\"0\",\"related_skus\":null,\"related_position\":null,\"crosssell_skus\":null,\"crosssell_position\":null,\"upsell_skus\":null,\"upsell_position\":null,\"additional_images\":null,\"additional_image_labels\":null,\"hide_from_product_page\":null,\"custom_options\":null,\"bundle_price_type\":null,\"bundle_sku_type\":null,\"bundle_price_view\":null,\"bundle_weight_type\":null,\"bundle_values\":null,\"bundle_shipment_type\":null,\"associated_skus\":null,\"downloadable_links\":null,\"downloadable_samples\":null,\"configurable_variations\":null,\"configurable_variation_labels\":null,\"image\":\"129_1.JPG\",\"image_label\":\"129_1.JPG\",\"thumbnail\":\"129_1.JPG\",\"thumbnail_label\":null,\"_media_image\":null,\"_media_image_label\":null,\"_media_is_disabled\":null,\"_store\":null,\"_attribute_set\":\"Default\",\"_product_websites\":\"base\",\"status\":\"1\",\"news_from_date\":null,\"news_to_date\":null,\"options_container\":\"Block after Info Column\",\"minimal_price\":null,\"msrp\":null,\"msrp_enabled\":null,\"special_from_date\":null,\"special_to_date\":null,\"min_qty\":\"0\",\"backorders\":\"0\",\"min_sale_qty\":\"1\",\"max_sale_qty\":\"10000\",\"notify_stock_qty\":\"1\",\"_related_sku\":null,\"_related_position\":null,\"_crosssell_sku\":null,\"_crosssell_position\":null,\"_upsell_sku\":null,\"_upsell_position\":null,\"meta_keyword\":\"Channel bracelet\",\"price_type\":null,\"shipment_type\":null,\"price_view\":null,\"weight_type\":null,\"sku_type\":null,\"climate\":\"All-Weather\",\"color\":\"Black\",\"manufacturer\":\"Bub\",\"material\":\"Burlap\",\"pattern\":\"Color-Blocked\",\"size\":\"L\"},\"138\":{\"sku\":\"130\",\"store_view_code\":null,\"attribute_set_code\":\"Default\",\"product_type\":\"simple\",\"categories\":\"Default Category\\/Bracelet\",\"product_websites\":\"base\",\"name\":\"Channel bracelet\",\"description\":\"Chanel bracelet free size titanium 100%\",\"short_description\":\"Chanel bracelet free size titanium 100%\",\"weight\":null,\"product_online\":\"1\",\"tax_class_name\":\"Taxable Goods\",\"visibility\":\"Catalog, Search\",\"price\":\"8\",\"special_price\":null,\"special_price_from_date\":null,\"special_price_to_date\":null,\"url_key\":\"130channel bracelet\",\"meta_title\":\"Channel bracelet\",\"meta_keywords\":\"Channel bracelet\",\"meta_description\":\"Channel bracelet\",\"base_image\":\"130_1.JPG\",\"base_image_label\":\"130_1.JPG\",\"small_image\":\"130_1.JPG\",\"small_image_label\":null,\"thumbnail_image\":\"130_1.JPG\",\"thumbnail_image_label\":null,\"swatch_image\":null,\"swatch_image_label\":null,\"created_at\":\"8\\/31\\/22, 7:47 AM\",\"updated_at\":\"8\\/31\\/22, 8:28 AM\",\"new_from_date\":null,\"new_to_date\":null,\"display_product_options_in\":\"Block after Info Column\",\"map_price\":null,\"msrp_price\":null,\"map_enabled\":null,\"gift_message_available\":null,\"custom_design\":null,\"custom_design_from\":null,\"custom_design_to\":null,\"custom_layout_update\":null,\"page_layout\":null,\"product_options_container\":null,\"msrp_display_actual_price_type\":\"Use config\",\"country_of_manufacture\":null,\"additional_attributes\":\"climate=All-Weather,color=Black,manufacturer=Bub,material=Burlap,pattern=Color-Blocked,size=L\",\"qty\":\"0\",\"out_of_stock_qty\":\"0\",\"use_config_min_qty\":\"1\",\"is_qty_decimal\":\"0\",\"allow_backorders\":\"0\",\"use_config_backorders\":\"1\",\"min_cart_qty\":\"1\",\"use_config_min_sale_qty\":\"1\",\"max_cart_qty\":\"10000\",\"use_config_max_sale_qty\":\"1\",\"is_in_stock\":\"0\",\"notify_on_stock_below\":\"1\",\"use_config_notify_stock_qty\":\"1\",\"manage_stock\":\"1\",\"use_config_manage_stock\":\"1\",\"use_config_qty_increments\":\"1\",\"qty_increments\":\"0\",\"use_config_enable_qty_inc\":\"1\",\"enable_qty_increments\":\"0\",\"is_decimal_divided\":\"0\",\"website_id\":\"0\",\"related_skus\":null,\"related_position\":null,\"crosssell_skus\":null,\"crosssell_position\":null,\"upsell_skus\":null,\"upsell_position\":null,\"additional_images\":null,\"additional_image_labels\":null,\"hide_from_product_page\":null,\"custom_options\":null,\"bundle_price_type\":null,\"bundle_sku_type\":null,\"bundle_price_view\":null,\"bundle_weight_type\":null,\"bundle_values\":null,\"bundle_shipment_type\":null,\"associated_skus\":null,\"downloadable_links\":null,\"downloadable_samples\":null,\"configurable_variations\":null,\"configurable_variation_labels\":null,\"image\":\"130_1.JPG\",\"image_label\":\"130_1.JPG\",\"thumbnail\":\"130_1.JPG\",\"thumbnail_label\":null,\"_media_image\":null,\"_media_image_label\":null,\"_media_is_disabled\":null,\"_store\":null,\"_attribute_set\":\"Default\",\"_product_websites\":\"base\",\"status\":\"1\",\"news_from_date\":null,\"news_to_date\":null,\"options_container\":\"Block after Info Column\",\"minimal_price\":null,\"msrp\":null,\"msrp_enabled\":null,\"special_from_date\":null,\"special_to_date\":null,\"min_qty\":\"0\",\"backorders\":\"0\",\"min_sale_qty\":\"1\",\"max_sale_qty\":\"10000\",\"notify_stock_qty\":\"1\",\"_related_sku\":null,\"_related_position\":null,\"_crosssell_sku\":null,\"_crosssell_position\":null,\"_upsell_sku\":null,\"_upsell_position\":null,\"meta_keyword\":\"Channel bracelet\",\"price_type\":null,\"shipment_type\":null,\"price_view\":null,\"weight_type\":null,\"sku_type\":null,\"climate\":\"All-Weather\",\"color\":\"Black\",\"manufacturer\":\"Bub\",\"material\":\"Burlap\",\"pattern\":\"Color-Blocked\",\"size\":\"L\"},\"139\":{\"sku\":\"150\",\"store_view_code\":null,\"attribute_set_code\":\"Default\",\"product_type\":\"simple\",\"categories\":\"Default Category\\/Sets\",\"product_websites\":\"base\",\"name\":\"Van Cleef set\",\"description\":\"3 pieces set of VC golden bracelet  necklace and earrings\",\"short_description\":\"3 pieces set of VC golden bracelet  necklace and earrings\",\"weight\":null,\"product_online\":\"1\",\"tax_class_name\":\"Taxable Goods\",\"visibility\":\"Catalog, Search\",\"price\":\"18\",\"special_price\":null,\"special_price_from_date\":null,\"special_price_to_date\":null,\"url_key\":\"150van cleef set\",\"meta_title\":\"Van Cleef set\",\"meta_keywords\":\"Van Cleef set\",\"meta_description\":\"Van Cleef set\",\"base_image\":\"150_1.JPG\",\"base_image_label\":\"150_1.JPG\",\"small_image\":\"150_1.JPG\",\"small_image_label\":null,\"thumbnail_image\":\"150_1.JPG\",\"thumbnail_image_label\":null,\"swatch_image\":null,\"swatch_image_label\":null,\"created_at\":\"8\\/31\\/22, 7:59 AM\",\"updated_at\":\"8\\/31\\/22, 8:28 AM\",\"new_from_date\":null,\"new_to_date\":null,\"display_product_options_in\":\"Block after Info Column\",\"map_price\":null,\"msrp_price\":null,\"map_enabled\":null,\"gift_message_available\":null,\"custom_design\":null,\"custom_design_from\":null,\"custom_design_to\":null,\"custom_layout_update\":null,\"page_layout\":null,\"product_options_container\":null,\"msrp_display_actual_price_type\":\"Use config\",\"country_of_manufacture\":null,\"additional_attributes\":\"climate=All-Weather,color=Black,manufacturer=Bub,material=Burlap,pattern=Color-Blocked,size=L\",\"qty\":\"0\",\"out_of_stock_qty\":\"0\",\"use_config_min_qty\":\"1\",\"is_qty_decimal\":\"0\",\"allow_backorders\":\"0\",\"use_config_backorders\":\"1\",\"min_cart_qty\":\"1\",\"use_config_min_sale_qty\":\"1\",\"max_cart_qty\":\"10000\",\"use_config_max_sale_qty\":\"1\",\"is_in_stock\":\"0\",\"notify_on_stock_below\":\"1\",\"use_config_notify_stock_qty\":\"1\",\"manage_stock\":\"1\",\"use_config_manage_stock\":\"1\",\"use_config_qty_increments\":\"1\",\"qty_increments\":\"0\",\"use_config_enable_qty_inc\":\"1\",\"enable_qty_increments\":\"0\",\"is_decimal_divided\":\"0\",\"website_id\":\"0\",\"related_skus\":null,\"related_position\":null,\"crosssell_skus\":null,\"crosssell_position\":null,\"upsell_skus\":null,\"upsell_position\":null,\"additional_images\":null,\"additional_image_labels\":null,\"hide_from_product_page\":null,\"custom_options\":null,\"bundle_price_type\":null,\"bundle_sku_type\":null,\"bundle_price_view\":null,\"bundle_weight_type\":null,\"bundle_values\":null,\"bundle_shipment_type\":null,\"associated_skus\":null,\"downloadable_links\":null,\"downloadable_samples\":null,\"configurable_variations\":null,\"configurable_variation_labels\":null,\"image\":\"150_1.JPG\",\"image_label\":\"150_1.JPG\",\"thumbnail\":\"150_1.JPG\",\"thumbnail_label\":null,\"_media_image\":null,\"_media_image_label\":null,\"_media_is_disabled\":null,\"_store\":null,\"_attribute_set\":\"Default\",\"_product_websites\":\"base\",\"status\":\"1\",\"news_from_date\":null,\"news_to_date\":null,\"options_container\":\"Block after Info Column\",\"minimal_price\":null,\"msrp\":null,\"msrp_enabled\":null,\"special_from_date\":null,\"special_to_date\":null,\"min_qty\":\"0\",\"backorders\":\"0\",\"min_sale_qty\":\"1\",\"max_sale_qty\":\"10000\",\"notify_stock_qty\":\"1\",\"_related_sku\":null,\"_related_position\":null,\"_crosssell_sku\":null,\"_crosssell_position\":null,\"_upsell_sku\":null,\"_upsell_position\":null,\"meta_keyword\":\"Van Cleef set\",\"price_type\":null,\"shipment_type\":null,\"price_view\":null,\"weight_type\":null,\"sku_type\":null,\"climate\":\"All-Weather\",\"color\":\"Black\",\"manufacturer\":\"Bub\",\"material\":\"Burlap\",\"pattern\":\"Color-Blocked\",\"size\":\"L\"},\"140\":{\"sku\":\"151\",\"store_view_code\":null,\"attribute_set_code\":\"Default\",\"product_type\":\"simple\",\"categories\":\"Default Category\\/Sets\",\"product_websites\":\"base\",\"name\":\"Van Cleef set\",\"description\":\"4 pieces set of multi-colors VC bracelet  necklace  earrings and ring\",\"short_description\":\"4 pieces set of multi-colors VC bracelet  necklace  earrings and ring\",\"weight\":null,\"product_online\":\"1\",\"tax_class_name\":\"Taxable Goods\",\"visibility\":\"Catalog, Search\",\"price\":\"20\",\"special_price\":null,\"special_price_from_date\":null,\"special_price_to_date\":null,\"url_key\":\"151van cleef set\",\"meta_title\":\"Van Cleef set\",\"meta_keywords\":\"Van Cleef set\",\"meta_description\":\"Van Cleef set\",\"base_image\":\"151_1.JPG\",\"base_image_label\":\"151_1.JPG\",\"small_image\":\"151_1.JPG\",\"small_image_label\":null,\"thumbnail_image\":\"151_1.JPG\",\"thumbnail_image_label\":null,\"swatch_image\":null,\"swatch_image_label\":null,\"created_at\":\"8\\/31\\/22, 7:59 AM\",\"updated_at\":\"8\\/31\\/22, 8:28 AM\",\"new_from_date\":null,\"new_to_date\":null,\"display_product_options_in\":\"Block after Info Column\",\"map_price\":null,\"msrp_price\":null,\"map_enabled\":null,\"gift_message_available\":null,\"custom_design\":null,\"custom_design_from\":null,\"custom_design_to\":null,\"custom_layout_update\":null,\"page_layout\":null,\"product_options_container\":null,\"msrp_display_actual_price_type\":\"Use config\",\"country_of_manufacture\":null,\"additional_attributes\":\"climate=All-Weather,color=Black,manufacturer=Bub,material=Burlap,pattern=Color-Blocked,size=L\",\"qty\":\"0\",\"out_of_stock_qty\":\"0\",\"use_config_min_qty\":\"1\",\"is_qty_decimal\":\"0\",\"allow_backorders\":\"0\",\"use_config_backorders\":\"1\",\"min_cart_qty\":\"1\",\"use_config_min_sale_qty\":\"1\",\"max_cart_qty\":\"10000\",\"use_config_max_sale_qty\":\"1\",\"is_in_stock\":\"0\",\"notify_on_stock_below\":\"1\",\"use_config_notify_stock_qty\":\"1\",\"manage_stock\":\"1\",\"use_config_manage_stock\":\"1\",\"use_config_qty_increments\":\"1\",\"qty_increments\":\"0\",\"use_config_enable_qty_inc\":\"1\",\"enable_qty_increments\":\"0\",\"is_decimal_divided\":\"0\",\"website_id\":\"0\",\"related_skus\":null,\"related_position\":null,\"crosssell_skus\":null,\"crosssell_position\":null,\"upsell_skus\":null,\"upsell_position\":null,\"additional_images\":null,\"additional_image_labels\":null,\"hide_from_product_page\":null,\"custom_options\":null,\"bundle_price_type\":null,\"bundle_sku_type\":null,\"bundle_price_view\":null,\"bundle_weight_type\":null,\"bundle_values\":null,\"bundle_shipment_type\":null,\"associated_skus\":null,\"downloadable_links\":null,\"downloadable_samples\":null,\"configurable_variations\":null,\"configurable_variation_labels\":null,\"image\":\"151_1.JPG\",\"image_label\":\"151_1.JPG\",\"thumbnail\":\"151_1.JPG\",\"thumbnail_label\":null,\"_media_image\":null,\"_media_image_label\":null,\"_media_is_disabled\":null,\"_store\":null,\"_attribute_set\":\"Default\",\"_product_websites\":\"base\",\"status\":\"1\",\"news_from_date\":null,\"news_to_date\":null,\"options_container\":\"Block after Info Column\",\"minimal_price\":null,\"msrp\":null,\"msrp_enabled\":null,\"special_from_date\":null,\"special_to_date\":null,\"min_qty\":\"0\",\"backorders\":\"0\",\"min_sale_qty\":\"1\",\"max_sale_qty\":\"10000\",\"notify_stock_qty\":\"1\",\"_related_sku\":null,\"_related_position\":null,\"_crosssell_sku\":null,\"_crosssell_position\":null,\"_upsell_sku\":null,\"_upsell_position\":null,\"meta_keyword\":\"Van Cleef set\",\"price_type\":null,\"shipment_type\":null,\"price_view\":null,\"weight_type\":null,\"sku_type\":null,\"climate\":\"All-Weather\",\"color\":\"Black\",\"manufacturer\":\"Bub\",\"material\":\"Burlap\",\"pattern\":\"Color-Blocked\",\"size\":\"L\"},\"141\":{\"sku\":\"152\",\"store_view_code\":null,\"attribute_set_code\":\"Default\",\"product_type\":\"simple\",\"categories\":\"Default Category\\/Earrings\",\"product_websites\":\"base\",\"name\":\"Marli set\",\"description\":\"2 pieces set of Marli golden bracelet and ring\",\"short_description\":\"2 pieces set of Marli golden bracelet and ring\",\"weight\":null,\"product_online\":\"1\",\"tax_class_name\":\"Taxable Goods\",\"visibility\":\"Catalog, Search\",\"price\":\"16\",\"special_price\":null,\"special_price_from_date\":null,\"special_price_to_date\":null,\"url_key\":\"152marli set\",\"meta_title\":\"Marli set\",\"meta_keywords\":\"Marli set\",\"meta_description\":\"Marli set\",\"base_image\":\"152_1.JPG\",\"base_image_label\":\"152_1.JPG\",\"small_image\":\"152_1.JPG\",\"small_image_label\":null,\"thumbnail_image\":\"152_1.JPG\",\"thumbnail_image_label\":null,\"swatch_image\":null,\"swatch_image_label\":null,\"created_at\":\"8\\/31\\/22, 7:59 AM\",\"updated_at\":\"8\\/31\\/22, 8:28 AM\",\"new_from_date\":null,\"new_to_date\":null,\"display_product_options_in\":\"Block after Info Column\",\"map_price\":null,\"msrp_price\":null,\"map_enabled\":null,\"gift_message_available\":null,\"custom_design\":null,\"custom_design_from\":null,\"custom_design_to\":null,\"custom_layout_update\":null,\"page_layout\":null,\"product_options_container\":null,\"msrp_display_actual_price_type\":\"Use config\",\"country_of_manufacture\":null,\"additional_attributes\":\"climate=All-Weather,color=Black,manufacturer=Bub,material=Burlap,pattern=Color-Blocked,size=L\",\"qty\":\"0\",\"out_of_stock_qty\":\"0\",\"use_config_min_qty\":\"1\",\"is_qty_decimal\":\"0\",\"allow_backorders\":\"0\",\"use_config_backorders\":\"1\",\"min_cart_qty\":\"1\",\"use_config_min_sale_qty\":\"1\",\"max_cart_qty\":\"10000\",\"use_config_max_sale_qty\":\"1\",\"is_in_stock\":\"0\",\"notify_on_stock_below\":\"1\",\"use_config_notify_stock_qty\":\"1\",\"manage_stock\":\"1\",\"use_config_manage_stock\":\"1\",\"use_config_qty_increments\":\"1\",\"qty_increments\":\"0\",\"use_config_enable_qty_inc\":\"1\",\"enable_qty_increments\":\"0\",\"is_decimal_divided\":\"0\",\"website_id\":\"0\",\"related_skus\":null,\"related_position\":null,\"crosssell_skus\":null,\"crosssell_position\":null,\"upsell_skus\":null,\"upsell_position\":null,\"additional_images\":null,\"additional_image_labels\":null,\"hide_from_product_page\":null,\"custom_options\":null,\"bundle_price_type\":null,\"bundle_sku_type\":null,\"bundle_price_view\":null,\"bundle_weight_type\":null,\"bundle_values\":null,\"bundle_shipment_type\":null,\"associated_skus\":null,\"downloadable_links\":null,\"downloadable_samples\":null,\"configurable_variations\":null,\"configurable_variation_labels\":null,\"image\":\"152_1.JPG\",\"image_label\":\"152_1.JPG\",\"thumbnail\":\"152_1.JPG\",\"thumbnail_label\":null,\"_media_image\":null,\"_media_image_label\":null,\"_media_is_disabled\":null,\"_store\":null,\"_attribute_set\":\"Default\",\"_product_websites\":\"base\",\"status\":\"1\",\"news_from_date\":null,\"news_to_date\":null,\"options_container\":\"Block after Info Column\",\"minimal_price\":null,\"msrp\":null,\"msrp_enabled\":null,\"special_from_date\":null,\"special_to_date\":null,\"min_qty\":\"0\",\"backorders\":\"0\",\"min_sale_qty\":\"1\",\"max_sale_qty\":\"10000\",\"notify_stock_qty\":\"1\",\"_related_sku\":null,\"_related_position\":null,\"_crosssell_sku\":null,\"_crosssell_position\":null,\"_upsell_sku\":null,\"_upsell_position\":null,\"meta_keyword\":\"Marli set\",\"price_type\":null,\"shipment_type\":null,\"price_view\":null,\"weight_type\":null,\"sku_type\":null,\"climate\":\"All-Weather\",\"color\":\"Black\",\"manufacturer\":\"Bub\",\"material\":\"Burlap\",\"pattern\":\"Color-Blocked\",\"size\":\"L\"},\"142\":{\"sku\":\"153\",\"store_view_code\":null,\"attribute_set_code\":\"Default\",\"product_type\":\"simple\",\"categories\":\"Default Category\\/Necklace,Default Category\\/Wallets\",\"product_websites\":\"base\",\"name\":\"Saint Laurnet earring\",\"description\":\"YSL silver earrings with crystal\",\"short_description\":\"YSL silver earrings with crystal\",\"weight\":null,\"product_online\":\"1\",\"tax_class_name\":\"Taxable Goods\",\"visibility\":\"Catalog, Search\",\"price\":\"7\",\"special_price\":null,\"special_price_from_date\":null,\"special_price_to_date\":null,\"url_key\":\"153saint laurnet earring\",\"meta_title\":\"Saint Laurnet earring\",\"meta_keywords\":\"Saint Laurnet earring\",\"meta_description\":\"Saint Laurnet earring\",\"base_image\":\"153.JPG\",\"base_image_label\":\"153.JPG\",\"small_image\":\"153.JPG\",\"small_image_label\":null,\"thumbnail_image\":\"153.JPG\",\"thumbnail_image_label\":null,\"swatch_image\":null,\"swatch_image_label\":null,\"created_at\":\"8\\/31\\/22, 7:59 AM\",\"updated_at\":\"8\\/31\\/22, 8:28 AM\",\"new_from_date\":null,\"new_to_date\":null,\"display_product_options_in\":\"Block after Info Column\",\"map_price\":null,\"msrp_price\":null,\"map_enabled\":null,\"gift_message_available\":null,\"custom_design\":null,\"custom_design_from\":null,\"custom_design_to\":null,\"custom_layout_update\":null,\"page_layout\":null,\"product_options_container\":null,\"msrp_display_actual_price_type\":\"Use config\",\"country_of_manufacture\":null,\"additional_attributes\":\"climate=All-Weather,color=Black,manufacturer=Bub,material=Burlap,pattern=Color-Blocked,size=L\",\"qty\":\"0\",\"out_of_stock_qty\":\"0\",\"use_config_min_qty\":\"1\",\"is_qty_decimal\":\"0\",\"allow_backorders\":\"0\",\"use_config_backorders\":\"1\",\"min_cart_qty\":\"1\",\"use_config_min_sale_qty\":\"1\",\"max_cart_qty\":\"10000\",\"use_config_max_sale_qty\":\"1\",\"is_in_stock\":\"0\",\"notify_on_stock_below\":\"1\",\"use_config_notify_stock_qty\":\"1\",\"manage_stock\":\"1\",\"use_config_manage_stock\":\"1\",\"use_config_qty_increments\":\"1\",\"qty_increments\":\"0\",\"use_config_enable_qty_inc\":\"1\",\"enable_qty_increments\":\"0\",\"is_decimal_divided\":\"0\",\"website_id\":\"0\",\"related_skus\":null,\"related_position\":null,\"crosssell_skus\":null,\"crosssell_position\":null,\"upsell_skus\":null,\"upsell_position\":null,\"additional_images\":null,\"additional_image_labels\":null,\"hide_from_product_page\":null,\"custom_options\":null,\"bundle_price_type\":null,\"bundle_sku_type\":null,\"bundle_price_view\":null,\"bundle_weight_type\":null,\"bundle_values\":null,\"bundle_shipment_type\":null,\"associated_skus\":null,\"downloadable_links\":null,\"downloadable_samples\":null,\"configurable_variations\":null,\"configurable_variation_labels\":null,\"image\":\"153.JPG\",\"image_label\":\"153.JPG\",\"thumbnail\":\"153.JPG\",\"thumbnail_label\":null,\"_media_image\":null,\"_media_image_label\":null,\"_media_is_disabled\":null,\"_store\":null,\"_attribute_set\":\"Default\",\"_product_websites\":\"base\",\"status\":\"1\",\"news_from_date\":null,\"news_to_date\":null,\"options_container\":\"Block after Info Column\",\"minimal_price\":null,\"msrp\":null,\"msrp_enabled\":null,\"special_from_date\":null,\"special_to_date\":null,\"min_qty\":\"0\",\"backorders\":\"0\",\"min_sale_qty\":\"1\",\"max_sale_qty\":\"10000\",\"notify_stock_qty\":\"1\",\"_related_sku\":null,\"_related_position\":null,\"_crosssell_sku\":null,\"_crosssell_position\":null,\"_upsell_sku\":null,\"_upsell_position\":null,\"meta_keyword\":\"Saint Laurnet earring\",\"price_type\":null,\"shipment_type\":null,\"price_view\":null,\"weight_type\":null,\"sku_type\":null,\"climate\":\"All-Weather\",\"color\":\"Black\",\"manufacturer\":\"Bub\",\"material\":\"Burlap\",\"pattern\":\"Color-Blocked\",\"size\":\"L\"},\"143\":{\"sku\":\"154\",\"store_view_code\":null,\"attribute_set_code\":\"Default\",\"product_type\":\"simple\",\"categories\":\"Default Category\\/Bracelet\",\"product_websites\":\"base\",\"name\":\"Hermis wallet\",\"description\":\"Hermes wallet unisex zipped (with box)\",\"short_description\":\"Hermes wallet unisex zipped (with box)\",\"weight\":null,\"product_online\":\"1\",\"tax_class_name\":\"Taxable Goods\",\"visibility\":\"Catalog, Search\",\"price\":\"20\",\"special_price\":null,\"special_price_from_date\":null,\"special_price_to_date\":null,\"url_key\":\"154hermis wallet\",\"meta_title\":\"Hermis wallet\",\"meta_keywords\":\"Hermis wallet\",\"meta_description\":\"Hermis wallet\",\"base_image\":\"154_1.JPG\",\"base_image_label\":\"154_1.JPG\",\"small_image\":\"154_1.JPG\",\"small_image_label\":null,\"thumbnail_image\":\"154_1.JPG\",\"thumbnail_image_label\":null,\"swatch_image\":null,\"swatch_image_label\":null,\"created_at\":\"8\\/31\\/22, 8:01 AM\",\"updated_at\":\"8\\/31\\/22, 8:28 AM\",\"new_from_date\":null,\"new_to_date\":null,\"display_product_options_in\":\"Block after Info Column\",\"map_price\":null,\"msrp_price\":null,\"map_enabled\":null,\"gift_message_available\":null,\"custom_design\":null,\"custom_design_from\":null,\"custom_design_to\":null,\"custom_layout_update\":null,\"page_layout\":null,\"product_options_container\":null,\"msrp_display_actual_price_type\":\"Use config\",\"country_of_manufacture\":null,\"additional_attributes\":\"climate=All-Weather,color=Black,manufacturer=Bub,material=Burlap,pattern=Color-Blocked,size=L\",\"qty\":\"0\",\"out_of_stock_qty\":\"0\",\"use_config_min_qty\":\"1\",\"is_qty_decimal\":\"0\",\"allow_backorders\":\"0\",\"use_config_backorders\":\"1\",\"min_cart_qty\":\"1\",\"use_config_min_sale_qty\":\"1\",\"max_cart_qty\":\"10000\",\"use_config_max_sale_qty\":\"1\",\"is_in_stock\":\"0\",\"notify_on_stock_below\":\"1\",\"use_config_notify_stock_qty\":\"1\",\"manage_stock\":\"1\",\"use_config_manage_stock\":\"1\",\"use_config_qty_increments\":\"1\",\"qty_increments\":\"0\",\"use_config_enable_qty_inc\":\"1\",\"enable_qty_increments\":\"0\",\"is_decimal_divided\":\"0\",\"website_id\":\"0\",\"related_skus\":null,\"related_position\":null,\"crosssell_skus\":null,\"crosssell_position\":null,\"upsell_skus\":null,\"upsell_position\":null,\"additional_images\":null,\"additional_image_labels\":null,\"hide_from_product_page\":null,\"custom_options\":null,\"bundle_price_type\":null,\"bundle_sku_type\":null,\"bundle_price_view\":null,\"bundle_weight_type\":null,\"bundle_values\":null,\"bundle_shipment_type\":null,\"associated_skus\":null,\"downloadable_links\":null,\"downloadable_samples\":null,\"configurable_variations\":null,\"configurable_variation_labels\":null,\"image\":\"154_1.JPG\",\"image_label\":\"154_1.JPG\",\"thumbnail\":\"154_1.JPG\",\"thumbnail_label\":null,\"_media_image\":null,\"_media_image_label\":null,\"_media_is_disabled\":null,\"_store\":null,\"_attribute_set\":\"Default\",\"_product_websites\":\"base\",\"status\":\"1\",\"news_from_date\":null,\"news_to_date\":null,\"options_container\":\"Block after Info Column\",\"minimal_price\":null,\"msrp\":null,\"msrp_enabled\":null,\"special_from_date\":null,\"special_to_date\":null,\"min_qty\":\"0\",\"backorders\":\"0\",\"min_sale_qty\":\"1\",\"max_sale_qty\":\"10000\",\"notify_stock_qty\":\"1\",\"_related_sku\":null,\"_related_position\":null,\"_crosssell_sku\":null,\"_crosssell_position\":null,\"_upsell_sku\":null,\"_upsell_position\":null,\"meta_keyword\":\"Hermis wallet\",\"price_type\":null,\"shipment_type\":null,\"price_view\":null,\"weight_type\":null,\"sku_type\":null,\"climate\":\"All-Weather\",\"color\":\"Black\",\"manufacturer\":\"Bub\",\"material\":\"Burlap\",\"pattern\":\"Color-Blocked\",\"size\":\"L\"},\"144\":{\"sku\":\"155\",\"store_view_code\":null,\"attribute_set_code\":\"Default\",\"product_type\":\"simple\",\"categories\":\"Default Category\\/Bags\",\"product_websites\":\"base\",\"name\":\"Saint Laruent bracelet\",\"description\":\"Tiny YSL double bracelet titanium\",\"short_description\":\"Tiny YSL double bracelet titanium\",\"weight\":null,\"product_online\":\"1\",\"tax_class_name\":\"Taxable Goods\",\"visibility\":\"Catalog, Search\",\"price\":\"15\",\"special_price\":null,\"special_price_from_date\":null,\"special_price_to_date\":null,\"url_key\":\"155saint laruent bracelet\",\"meta_title\":\"Saint Laruent bracelet\",\"meta_keywords\":\"Saint Laruent bracelet\",\"meta_description\":\"Saint Laruent bracelet\",\"base_image\":\"155_2.JPG\",\"base_image_label\":\"155_2.JPG\",\"small_image\":\"155_2.JPG\",\"small_image_label\":null,\"thumbnail_image\":\"155_2.JPG\",\"thumbnail_image_label\":null,\"swatch_image\":null,\"swatch_image_label\":null,\"created_at\":\"8\\/31\\/22, 8:01 AM\",\"updated_at\":\"8\\/31\\/22, 8:28 AM\",\"new_from_date\":null,\"new_to_date\":null,\"display_product_options_in\":\"Block after Info Column\",\"map_price\":null,\"msrp_price\":null,\"map_enabled\":null,\"gift_message_available\":null,\"custom_design\":null,\"custom_design_from\":null,\"custom_design_to\":null,\"custom_layout_update\":null,\"page_layout\":null,\"product_options_container\":null,\"msrp_display_actual_price_type\":\"Use config\",\"country_of_manufacture\":null,\"additional_attributes\":\"climate=All-Weather,color=Black,manufacturer=Bub,material=Burlap,pattern=Color-Blocked,size=L\",\"qty\":\"0\",\"out_of_stock_qty\":\"0\",\"use_config_min_qty\":\"1\",\"is_qty_decimal\":\"0\",\"allow_backorders\":\"0\",\"use_config_backorders\":\"1\",\"min_cart_qty\":\"1\",\"use_config_min_sale_qty\":\"1\",\"max_cart_qty\":\"10000\",\"use_config_max_sale_qty\":\"1\",\"is_in_stock\":\"0\",\"notify_on_stock_below\":\"1\",\"use_config_notify_stock_qty\":\"1\",\"manage_stock\":\"1\",\"use_config_manage_stock\":\"1\",\"use_config_qty_increments\":\"1\",\"qty_increments\":\"0\",\"use_config_enable_qty_inc\":\"1\",\"enable_qty_increments\":\"0\",\"is_decimal_divided\":\"0\",\"website_id\":\"0\",\"related_skus\":null,\"related_position\":null,\"crosssell_skus\":null,\"crosssell_position\":null,\"upsell_skus\":null,\"upsell_position\":null,\"additional_images\":null,\"additional_image_labels\":null,\"hide_from_product_page\":null,\"custom_options\":null,\"bundle_price_type\":null,\"bundle_sku_type\":null,\"bundle_price_view\":null,\"bundle_weight_type\":null,\"bundle_values\":null,\"bundle_shipment_type\":null,\"associated_skus\":null,\"downloadable_links\":null,\"downloadable_samples\":null,\"configurable_variations\":null,\"configurable_variation_labels\":null,\"image\":\"155_2.JPG\",\"image_label\":\"155_2.JPG\",\"thumbnail\":\"155_2.JPG\",\"thumbnail_label\":null,\"_media_image\":null,\"_media_image_label\":null,\"_media_is_disabled\":null,\"_store\":null,\"_attribute_set\":\"Default\",\"_product_websites\":\"base\",\"status\":\"1\",\"news_from_date\":null,\"news_to_date\":null,\"options_container\":\"Block after Info Column\",\"minimal_price\":null,\"msrp\":null,\"msrp_enabled\":null,\"special_from_date\":null,\"special_to_date\":null,\"min_qty\":\"0\",\"backorders\":\"0\",\"min_sale_qty\":\"1\",\"max_sale_qty\":\"10000\",\"notify_stock_qty\":\"1\",\"_related_sku\":null,\"_related_position\":null,\"_crosssell_sku\":null,\"_crosssell_position\":null,\"_upsell_sku\":null,\"_upsell_position\":null,\"meta_keyword\":\"Saint Laruent bracelet\",\"price_type\":null,\"shipment_type\":null,\"price_view\":null,\"weight_type\":null,\"sku_type\":null,\"climate\":\"All-Weather\",\"color\":\"Black\",\"manufacturer\":\"Bub\",\"material\":\"Burlap\",\"pattern\":\"Color-Blocked\",\"size\":\"L\"},\"145\":{\"sku\":\"156\",\"store_view_code\":null,\"attribute_set_code\":\"Default\",\"product_type\":\"simple\",\"categories\":\"Default Category\\/Bags\",\"product_websites\":\"base\",\"name\":\"Fendi Bag\",\"description\":\"Fendi shopping bag for picnics  shopping and beach with long strap\",\"short_description\":\"Fendi shopping bag for picnics  shopping and beach with long strap\",\"weight\":null,\"product_online\":\"1\",\"tax_class_name\":\"Taxable Goods\",\"visibility\":\"Catalog, Search\",\"price\":\"39\",\"special_price\":null,\"special_price_from_date\":null,\"special_price_to_date\":null,\"url_key\":\"156fendi bag\",\"meta_title\":\"Fendi Bag\",\"meta_keywords\":\"Fendi Bag\",\"meta_description\":\"Fendi Bag\",\"base_image\":\"156_1.JPG\",\"base_image_label\":\"156_1.JPG\",\"small_image\":\"156_1.JPG\",\"small_image_label\":null,\"thumbnail_image\":\"156_1.JPG\",\"thumbnail_image_label\":null,\"swatch_image\":null,\"swatch_image_label\":null,\"created_at\":\"8\\/31\\/22, 8:01 AM\",\"updated_at\":\"8\\/31\\/22, 8:28 AM\",\"new_from_date\":null,\"new_to_date\":null,\"display_product_options_in\":\"Block after Info Column\",\"map_price\":null,\"msrp_price\":null,\"map_enabled\":null,\"gift_message_available\":null,\"custom_design\":null,\"custom_design_from\":null,\"custom_design_to\":null,\"custom_layout_update\":null,\"page_layout\":null,\"product_options_container\":null,\"msrp_display_actual_price_type\":\"Use config\",\"country_of_manufacture\":null,\"additional_attributes\":\"climate=All-Weather,color=Black,manufacturer=Bub,material=Burlap,pattern=Color-Blocked,size=L\",\"qty\":\"0\",\"out_of_stock_qty\":\"0\",\"use_config_min_qty\":\"1\",\"is_qty_decimal\":\"0\",\"allow_backorders\":\"0\",\"use_config_backorders\":\"1\",\"min_cart_qty\":\"1\",\"use_config_min_sale_qty\":\"1\",\"max_cart_qty\":\"10000\",\"use_config_max_sale_qty\":\"1\",\"is_in_stock\":\"0\",\"notify_on_stock_below\":\"1\",\"use_config_notify_stock_qty\":\"1\",\"manage_stock\":\"1\",\"use_config_manage_stock\":\"1\",\"use_config_qty_increments\":\"1\",\"qty_increments\":\"0\",\"use_config_enable_qty_inc\":\"1\",\"enable_qty_increments\":\"0\",\"is_decimal_divided\":\"0\",\"website_id\":\"0\",\"related_skus\":null,\"related_position\":null,\"crosssell_skus\":null,\"crosssell_position\":null,\"upsell_skus\":null,\"upsell_position\":null,\"additional_images\":null,\"additional_image_labels\":null,\"hide_from_product_page\":null,\"custom_options\":null,\"bundle_price_type\":null,\"bundle_sku_type\":null,\"bundle_price_view\":null,\"bundle_weight_type\":null,\"bundle_values\":null,\"bundle_shipment_type\":null,\"associated_skus\":null,\"downloadable_links\":null,\"downloadable_samples\":null,\"configurable_variations\":null,\"configurable_variation_labels\":null,\"image\":\"156_1.JPG\",\"image_label\":\"156_1.JPG\",\"thumbnail\":\"156_1.JPG\",\"thumbnail_label\":null,\"_media_image\":null,\"_media_image_label\":null,\"_media_is_disabled\":null,\"_store\":null,\"_attribute_set\":\"Default\",\"_product_websites\":\"base\",\"status\":\"1\",\"news_from_date\":null,\"news_to_date\":null,\"options_container\":\"Block after Info Column\",\"minimal_price\":null,\"msrp\":null,\"msrp_enabled\":null,\"special_from_date\":null,\"special_to_date\":null,\"min_qty\":\"0\",\"backorders\":\"0\",\"min_sale_qty\":\"1\",\"max_sale_qty\":\"10000\",\"notify_stock_qty\":\"1\",\"_related_sku\":null,\"_related_position\":null,\"_crosssell_sku\":null,\"_crosssell_position\":null,\"_upsell_sku\":null,\"_upsell_position\":null,\"meta_keyword\":\"Fendi Bag\",\"price_type\":null,\"shipment_type\":null,\"price_view\":null,\"weight_type\":null,\"sku_type\":null,\"climate\":\"All-Weather\",\"color\":\"Black\",\"manufacturer\":\"Bub\",\"material\":\"Burlap\",\"pattern\":\"Color-Blocked\",\"size\":\"L\"},\"146\":{\"sku\":\"157\",\"store_view_code\":null,\"attribute_set_code\":\"Default\",\"product_type\":\"simple\",\"categories\":\"Default Category\\/Bags\",\"product_websites\":\"base\",\"name\":\"Fendi Bag\",\"description\":\"Fendi Cross bag double use as wallet or as a bag elegant for events (with box)\",\"short_description\":\"Fendi Cross bag double use as wallet or as a bag elegant for events (with box)\",\"weight\":null,\"product_online\":\"1\",\"tax_class_name\":\"Taxable Goods\",\"visibility\":\"Catalog, Search\",\"price\":\"45\",\"special_price\":null,\"special_price_from_date\":null,\"special_price_to_date\":null,\"url_key\":\"157fendi bag\",\"meta_title\":\"Fendi Bag\",\"meta_keywords\":\"Fendi Bag\",\"meta_description\":\"Fendi Bag\",\"base_image\":\"157_1.JPG\",\"base_image_label\":\"157_1.JPG\",\"small_image\":\"157_1.JPG\",\"small_image_label\":null,\"thumbnail_image\":\"157_1.JPG\",\"thumbnail_image_label\":null,\"swatch_image\":null,\"swatch_image_label\":null,\"created_at\":\"8\\/31\\/22, 8:04 AM\",\"updated_at\":\"8\\/31\\/22, 8:28 AM\",\"new_from_date\":null,\"new_to_date\":null,\"display_product_options_in\":\"Block after Info Column\",\"map_price\":null,\"msrp_price\":null,\"map_enabled\":null,\"gift_message_available\":null,\"custom_design\":null,\"custom_design_from\":null,\"custom_design_to\":null,\"custom_layout_update\":null,\"page_layout\":null,\"product_options_container\":null,\"msrp_display_actual_price_type\":\"Use config\",\"country_of_manufacture\":null,\"additional_attributes\":\"climate=All-Weather,color=Black,manufacturer=Bub,material=Burlap,pattern=Color-Blocked,size=L\",\"qty\":\"0\",\"out_of_stock_qty\":\"0\",\"use_config_min_qty\":\"1\",\"is_qty_decimal\":\"0\",\"allow_backorders\":\"0\",\"use_config_backorders\":\"1\",\"min_cart_qty\":\"1\",\"use_config_min_sale_qty\":\"1\",\"max_cart_qty\":\"10000\",\"use_config_max_sale_qty\":\"1\",\"is_in_stock\":\"0\",\"notify_on_stock_below\":\"1\",\"use_config_notify_stock_qty\":\"1\",\"manage_stock\":\"1\",\"use_config_manage_stock\":\"1\",\"use_config_qty_increments\":\"1\",\"qty_increments\":\"0\",\"use_config_enable_qty_inc\":\"1\",\"enable_qty_increments\":\"0\",\"is_decimal_divided\":\"0\",\"website_id\":\"0\",\"related_skus\":null,\"related_position\":null,\"crosssell_skus\":null,\"crosssell_position\":null,\"upsell_skus\":null,\"upsell_position\":null,\"additional_images\":null,\"additional_image_labels\":null,\"hide_from_product_page\":null,\"custom_options\":null,\"bundle_price_type\":null,\"bundle_sku_type\":null,\"bundle_price_view\":null,\"bundle_weight_type\":null,\"bundle_values\":null,\"bundle_shipment_type\":null,\"associated_skus\":null,\"downloadable_links\":null,\"downloadable_samples\":null,\"configurable_variations\":null,\"configurable_variation_labels\":null,\"image\":\"157_1.JPG\",\"image_label\":\"157_1.JPG\",\"thumbnail\":\"157_1.JPG\",\"thumbnail_label\":null,\"_media_image\":null,\"_media_image_label\":null,\"_media_is_disabled\":null,\"_store\":null,\"_attribute_set\":\"Default\",\"_product_websites\":\"base\",\"status\":\"1\",\"news_from_date\":null,\"news_to_date\":null,\"options_container\":\"Block after Info Column\",\"minimal_price\":null,\"msrp\":null,\"msrp_enabled\":null,\"special_from_date\":null,\"special_to_date\":null,\"min_qty\":\"0\",\"backorders\":\"0\",\"min_sale_qty\":\"1\",\"max_sale_qty\":\"10000\",\"notify_stock_qty\":\"1\",\"_related_sku\":null,\"_related_position\":null,\"_crosssell_sku\":null,\"_crosssell_position\":null,\"_upsell_sku\":null,\"_upsell_position\":null,\"meta_keyword\":\"Fendi Bag\",\"price_type\":null,\"shipment_type\":null,\"price_view\":null,\"weight_type\":null,\"sku_type\":null,\"climate\":\"All-Weather\",\"color\":\"Black\",\"manufacturer\":\"Bub\",\"material\":\"Burlap\",\"pattern\":\"Color-Blocked\",\"size\":\"L\"},\"147\":{\"sku\":\"158\",\"store_view_code\":null,\"attribute_set_code\":\"Default\",\"product_type\":\"simple\",\"categories\":\"Default Category\\/Sets\",\"product_websites\":\"base\",\"name\":\"Fendi Bag\",\"description\":\"Fendi pink cross bag  (with box)\",\"short_description\":\"Fendi pink cross bag  (with box)\",\"weight\":null,\"product_online\":\"1\",\"tax_class_name\":\"Taxable Goods\",\"visibility\":\"Catalog, Search\",\"price\":\"31\",\"special_price\":null,\"special_price_from_date\":null,\"special_price_to_date\":null,\"url_key\":\"158fendibag\",\"meta_title\":\"Fendi Bag\",\"meta_keywords\":\"Fendi Bag\",\"meta_description\":\"Fendi Bag\",\"base_image\":\"158_1.JPG\",\"base_image_label\":\"158_1.JPG\",\"small_image\":\"158_1.JPG\",\"small_image_label\":null,\"thumbnail_image\":\"158_1.JPG\",\"thumbnail_image_label\":null,\"swatch_image\":null,\"swatch_image_label\":null,\"created_at\":\"8\\/31\\/22, 8:04 AM\",\"updated_at\":\"8\\/31\\/22, 8:28 AM\",\"new_from_date\":null,\"new_to_date\":null,\"display_product_options_in\":\"Block after Info Column\",\"map_price\":null,\"msrp_price\":null,\"map_enabled\":null,\"gift_message_available\":null,\"custom_design\":null,\"custom_design_from\":null,\"custom_design_to\":null,\"custom_layout_update\":null,\"page_layout\":null,\"product_options_container\":null,\"msrp_display_actual_price_type\":\"Use config\",\"country_of_manufacture\":null,\"additional_attributes\":\"climate=All-Weather,color=Black,manufacturer=Bub,material=Burlap,pattern=Color-Blocked,size=L\",\"qty\":\"0\",\"out_of_stock_qty\":\"0\",\"use_config_min_qty\":\"1\",\"is_qty_decimal\":\"0\",\"allow_backorders\":\"0\",\"use_config_backorders\":\"1\",\"min_cart_qty\":\"1\",\"use_config_min_sale_qty\":\"1\",\"max_cart_qty\":\"10000\",\"use_config_max_sale_qty\":\"1\",\"is_in_stock\":\"0\",\"notify_on_stock_below\":\"1\",\"use_config_notify_stock_qty\":\"1\",\"manage_stock\":\"1\",\"use_config_manage_stock\":\"1\",\"use_config_qty_increments\":\"1\",\"qty_increments\":\"0\",\"use_config_enable_qty_inc\":\"1\",\"enable_qty_increments\":\"0\",\"is_decimal_divided\":\"0\",\"website_id\":\"0\",\"related_skus\":null,\"related_position\":null,\"crosssell_skus\":null,\"crosssell_position\":null,\"upsell_skus\":null,\"upsell_position\":null,\"additional_images\":null,\"additional_image_labels\":null,\"hide_from_product_page\":null,\"custom_options\":null,\"bundle_price_type\":null,\"bundle_sku_type\":null,\"bundle_price_view\":null,\"bundle_weight_type\":null,\"bundle_values\":null,\"bundle_shipment_type\":null,\"associated_skus\":null,\"downloadable_links\":null,\"downloadable_samples\":null,\"configurable_variations\":null,\"configurable_variation_labels\":null,\"image\":\"158_1.JPG\",\"image_label\":\"158_1.JPG\",\"thumbnail\":\"158_1.JPG\",\"thumbnail_label\":null,\"_media_image\":null,\"_media_image_label\":null,\"_media_is_disabled\":null,\"_store\":null,\"_attribute_set\":\"Default\",\"_product_websites\":\"base\",\"status\":\"1\",\"news_from_date\":null,\"news_to_date\":null,\"options_container\":\"Block after Info Column\",\"minimal_price\":null,\"msrp\":null,\"msrp_enabled\":null,\"special_from_date\":null,\"special_to_date\":null,\"min_qty\":\"0\",\"backorders\":\"0\",\"min_sale_qty\":\"1\",\"max_sale_qty\":\"10000\",\"notify_stock_qty\":\"1\",\"_related_sku\":null,\"_related_position\":null,\"_crosssell_sku\":null,\"_crosssell_position\":null,\"_upsell_sku\":null,\"_upsell_position\":null,\"meta_keyword\":\"Fendi Bag\",\"price_type\":null,\"shipment_type\":null,\"price_view\":null,\"weight_type\":null,\"sku_type\":null,\"climate\":\"All-Weather\",\"color\":\"Black\",\"manufacturer\":\"Bub\",\"material\":\"Burlap\",\"pattern\":\"Color-Blocked\",\"size\":\"L\"},\"148\":{\"sku\":\"159\",\"store_view_code\":null,\"attribute_set_code\":\"Default\",\"product_type\":\"simple\",\"categories\":\"Default Category\\/Sets\",\"product_websites\":\"base\",\"name\":\"Cartier set\",\"description\":\"2 pieces set of Cartier nail stamped with brand logo bracelet and ring\",\"short_description\":\"2 pieces set of Cartier nail stamped with brand logo bracelet and ring\",\"weight\":null,\"product_online\":\"1\",\"tax_class_name\":\"Taxable Goods\",\"visibility\":\"Catalog, Search\",\"price\":\"16\",\"special_price\":null,\"special_price_from_date\":null,\"special_price_to_date\":null,\"url_key\":\"223ddd\",\"meta_title\":\"Cartier set\",\"meta_keywords\":\"Cartier set\",\"meta_description\":\"Cartier set\",\"base_image\":\"159_1.JPG\",\"base_image_label\":\"159_1.JPG\",\"small_image\":\"159_1.JPG\",\"small_image_label\":null,\"thumbnail_image\":\"159_1.JPG\",\"thumbnail_image_label\":null,\"swatch_image\":null,\"swatch_image_label\":null,\"created_at\":\"8\\/31\\/22, 8:15 AM\",\"updated_at\":\"8\\/31\\/22, 8:28 AM\",\"new_from_date\":null,\"new_to_date\":null,\"display_product_options_in\":\"Block after Info Column\",\"map_price\":null,\"msrp_price\":null,\"map_enabled\":null,\"gift_message_available\":null,\"custom_design\":null,\"custom_design_from\":null,\"custom_design_to\":null,\"custom_layout_update\":null,\"page_layout\":null,\"product_options_container\":null,\"msrp_display_actual_price_type\":\"Use config\",\"country_of_manufacture\":null,\"additional_attributes\":\"climate=All-Weather,color=Black,manufacturer=Bub,material=Burlap,pattern=Color-Blocked,size=L\",\"qty\":\"0\",\"out_of_stock_qty\":\"0\",\"use_config_min_qty\":\"1\",\"is_qty_decimal\":\"0\",\"allow_backorders\":\"0\",\"use_config_backorders\":\"1\",\"min_cart_qty\":\"1\",\"use_config_min_sale_qty\":\"1\",\"max_cart_qty\":\"10000\",\"use_config_max_sale_qty\":\"1\",\"is_in_stock\":\"0\",\"notify_on_stock_below\":\"1\",\"use_config_notify_stock_qty\":\"1\",\"manage_stock\":\"1\",\"use_config_manage_stock\":\"1\",\"use_config_qty_increments\":\"1\",\"qty_increments\":\"0\",\"use_config_enable_qty_inc\":\"1\",\"enable_qty_increments\":\"0\",\"is_decimal_divided\":\"0\",\"website_id\":\"0\",\"related_skus\":null,\"related_position\":null,\"crosssell_skus\":null,\"crosssell_position\":null,\"upsell_skus\":null,\"upsell_position\":null,\"additional_images\":null,\"additional_image_labels\":null,\"hide_from_product_page\":null,\"custom_options\":null,\"bundle_price_type\":null,\"bundle_sku_type\":null,\"bundle_price_view\":null,\"bundle_weight_type\":null,\"bundle_values\":null,\"bundle_shipment_type\":null,\"associated_skus\":null,\"downloadable_links\":null,\"downloadable_samples\":null,\"configurable_variations\":null,\"configurable_variation_labels\":null,\"image\":\"159_1.JPG\",\"image_label\":\"159_1.JPG\",\"thumbnail\":\"159_1.JPG\",\"thumbnail_label\":null,\"_media_image\":null,\"_media_image_label\":null,\"_media_is_disabled\":null,\"_store\":null,\"_attribute_set\":\"Default\",\"_product_websites\":\"base\",\"status\":\"1\",\"news_from_date\":null,\"news_to_date\":null,\"options_container\":\"Block after Info Column\",\"minimal_price\":null,\"msrp\":null,\"msrp_enabled\":null,\"special_from_date\":null,\"special_to_date\":null,\"min_qty\":\"0\",\"backorders\":\"0\",\"min_sale_qty\":\"1\",\"max_sale_qty\":\"10000\",\"notify_stock_qty\":\"1\",\"_related_sku\":null,\"_related_position\":null,\"_crosssell_sku\":null,\"_crosssell_position\":null,\"_upsell_sku\":null,\"_upsell_position\":null,\"meta_keyword\":\"Cartier set\",\"price_type\":null,\"shipment_type\":null,\"price_view\":null,\"weight_type\":null,\"sku_type\":null,\"climate\":\"All-Weather\",\"color\":\"Black\",\"manufacturer\":\"Bub\",\"material\":\"Burlap\",\"pattern\":\"Color-Blocked\",\"size\":\"L\"},\"149\":{\"sku\":\"31\",\"store_view_code\":null,\"attribute_set_code\":\"Default\",\"product_type\":\"simple\",\"categories\":\"Default Category\\/Bags\",\"product_websites\":\"base\",\"name\":\"Goyard Pouch bag\",\"description\":\"\\\"Goyard Pouch bag unisex multi colors with yellow interior and logo\\r\\nSize : 20*30 cm\\\"\\r\\n\",\"short_description\":\"\\\"Goyard Pouch bag unisex multi colors with yellow interior and logo\\r\\nSize : 20*30 cm\\\"\\r\\n\",\"weight\":null,\"product_online\":\"1\",\"tax_class_name\":\"Taxable Goods\",\"visibility\":\"Catalog, Search\",\"price\":\"22\",\"special_price\":null,\"special_price_from_date\":null,\"special_price_to_date\":null,\"url_key\":\"31goyard-pouch-bag\",\"meta_title\":\"Goyard Pouch bag\",\"meta_keywords\":\"Goyard Pouch bag\",\"meta_description\":\"Goyard Pouch bag\",\"base_image\":\"31_1.JPG\",\"base_image_label\":\"31_1.JPG\",\"small_image\":\"31_1.JPG\",\"small_image_label\":null,\"thumbnail_image\":\"31_1.JPG\",\"thumbnail_image_label\":null,\"swatch_image\":null,\"swatch_image_label\":null,\"created_at\":\"8\\/31\\/22, 8:19 AM\",\"updated_at\":\"8\\/31\\/22, 8:28 AM\",\"new_from_date\":null,\"new_to_date\":null,\"display_product_options_in\":\"Block after Info Column\",\"map_price\":null,\"msrp_price\":null,\"map_enabled\":null,\"gift_message_available\":\"No\",\"custom_design\":null,\"custom_design_from\":null,\"custom_design_to\":null,\"custom_layout_update\":null,\"page_layout\":null,\"product_options_container\":null,\"msrp_display_actual_price_type\":\"Use config\",\"country_of_manufacture\":null,\"additional_attributes\":\"climate=All-Weather,color=Black,featured=0,manufacturer=Bub,material=Burlap,pattern=Color-Blocked,size=L\",\"qty\":\"0\",\"out_of_stock_qty\":\"0\",\"use_config_min_qty\":\"1\",\"is_qty_decimal\":\"0\",\"allow_backorders\":\"0\",\"use_config_backorders\":\"1\",\"min_cart_qty\":\"1\",\"use_config_min_sale_qty\":\"1\",\"max_cart_qty\":\"10000\",\"use_config_max_sale_qty\":\"1\",\"is_in_stock\":\"0\",\"notify_on_stock_below\":\"1\",\"use_config_notify_stock_qty\":\"1\",\"manage_stock\":\"1\",\"use_config_manage_stock\":\"1\",\"use_config_qty_increments\":\"1\",\"qty_increments\":\"1\",\"use_config_enable_qty_inc\":\"1\",\"enable_qty_increments\":\"0\",\"is_decimal_divided\":\"0\",\"website_id\":\"0\",\"related_skus\":null,\"related_position\":null,\"crosssell_skus\":null,\"crosssell_position\":null,\"upsell_skus\":null,\"upsell_position\":null,\"additional_images\":null,\"additional_image_labels\":null,\"hide_from_product_page\":null,\"custom_options\":null,\"bundle_price_type\":null,\"bundle_sku_type\":null,\"bundle_price_view\":null,\"bundle_weight_type\":null,\"bundle_values\":null,\"bundle_shipment_type\":null,\"associated_skus\":null,\"downloadable_links\":null,\"downloadable_samples\":null,\"configurable_variations\":null,\"configurable_variation_labels\":null,\"image\":\"31_1.JPG\",\"image_label\":\"31_1.JPG\",\"thumbnail\":\"31_1.JPG\",\"thumbnail_label\":null,\"_media_image\":null,\"_media_image_label\":null,\"_media_is_disabled\":null,\"_store\":null,\"_attribute_set\":\"Default\",\"_product_websites\":\"base\",\"status\":\"1\",\"news_from_date\":null,\"news_to_date\":null,\"options_container\":\"Block after Info Column\",\"minimal_price\":null,\"msrp\":null,\"msrp_enabled\":null,\"special_from_date\":null,\"special_to_date\":null,\"min_qty\":\"0\",\"backorders\":\"0\",\"min_sale_qty\":\"1\",\"max_sale_qty\":\"10000\",\"notify_stock_qty\":\"1\",\"_related_sku\":null,\"_related_position\":null,\"_crosssell_sku\":null,\"_crosssell_position\":null,\"_upsell_sku\":null,\"_upsell_position\":null,\"meta_keyword\":\"Goyard Pouch bag\",\"price_type\":null,\"shipment_type\":null,\"price_view\":null,\"weight_type\":null,\"sku_type\":null,\"climate\":\"All-Weather\",\"color\":\"Black\",\"featured\":\"0\",\"manufacturer\":\"Bub\",\"material\":\"Burlap\",\"pattern\":\"Color-Blocked\",\"size\":\"L\"},\"150\":{\"sku\":\"34\",\"store_view_code\":null,\"attribute_set_code\":\"Default\",\"product_type\":\"simple\",\"categories\":\"Default Category\\/Wallets\",\"product_websites\":\"base\",\"name\":\"Carolina Herrera Pouch bag\",\"description\":\"\\\"CH Pouch bag engraved with the logo and red interior high quality\\r\\nSize : 20*30 cm\\\"\\r\\n\",\"short_description\":\"\\\"CH Pouch bag engraved with the logo and red interior high quality\\r\\nSize : 20*30 cm\\\"\\r\\n\",\"weight\":null,\"product_online\":\"1\",\"tax_class_name\":\"Taxable Goods\",\"visibility\":\"Catalog, Search\",\"price\":\"32\",\"special_price\":null,\"special_price_from_date\":null,\"special_price_to_date\":null,\"url_key\":\"34carolina-herrera-pouch-bag\",\"meta_title\":\"Carolina Herrera Pouch bag\",\"meta_keywords\":\"Carolina Herrera Pouch bag\",\"meta_description\":\"Carolina Herrera Pouch bag\",\"base_image\":\"34_1.JPG\",\"base_image_label\":\"34_1.JPG\",\"small_image\":\"34_1.JPG\",\"small_image_label\":null,\"thumbnail_image\":\"34_1.JPG\",\"thumbnail_image_label\":null,\"swatch_image\":null,\"swatch_image_label\":null,\"created_at\":\"8\\/31\\/22, 8:19 AM\",\"updated_at\":\"8\\/31\\/22, 8:28 AM\",\"new_from_date\":null,\"new_to_date\":null,\"display_product_options_in\":\"Block after Info Column\",\"map_price\":null,\"msrp_price\":null,\"map_enabled\":null,\"gift_message_available\":\"No\",\"custom_design\":null,\"custom_design_from\":null,\"custom_design_to\":null,\"custom_layout_update\":null,\"page_layout\":null,\"product_options_container\":null,\"msrp_display_actual_price_type\":\"Use config\",\"country_of_manufacture\":null,\"additional_attributes\":\"climate=All-Weather,color=Black,featured=0,manufacturer=Bub,material=Burlap,pattern=Color-Blocked,size=L\",\"qty\":\"0\",\"out_of_stock_qty\":\"0\",\"use_config_min_qty\":\"1\",\"is_qty_decimal\":\"0\",\"allow_backorders\":\"0\",\"use_config_backorders\":\"1\",\"min_cart_qty\":\"1\",\"use_config_min_sale_qty\":\"1\",\"max_cart_qty\":\"10000\",\"use_config_max_sale_qty\":\"1\",\"is_in_stock\":\"0\",\"notify_on_stock_below\":\"1\",\"use_config_notify_stock_qty\":\"1\",\"manage_stock\":\"1\",\"use_config_manage_stock\":\"1\",\"use_config_qty_increments\":\"1\",\"qty_increments\":\"1\",\"use_config_enable_qty_inc\":\"1\",\"enable_qty_increments\":\"0\",\"is_decimal_divided\":\"0\",\"website_id\":\"0\",\"related_skus\":null,\"related_position\":null,\"crosssell_skus\":null,\"crosssell_position\":null,\"upsell_skus\":null,\"upsell_position\":null,\"additional_images\":null,\"additional_image_labels\":null,\"hide_from_product_page\":null,\"custom_options\":null,\"bundle_price_type\":null,\"bundle_sku_type\":null,\"bundle_price_view\":null,\"bundle_weight_type\":null,\"bundle_values\":null,\"bundle_shipment_type\":null,\"associated_skus\":null,\"downloadable_links\":null,\"downloadable_samples\":null,\"configurable_variations\":null,\"configurable_variation_labels\":null,\"image\":\"34_1.JPG\",\"image_label\":\"34_1.JPG\",\"thumbnail\":\"34_1.JPG\",\"thumbnail_label\":null,\"_media_image\":null,\"_media_image_label\":null,\"_media_is_disabled\":null,\"_store\":null,\"_attribute_set\":\"Default\",\"_product_websites\":\"base\",\"status\":\"1\",\"news_from_date\":null,\"news_to_date\":null,\"options_container\":\"Block after Info Column\",\"minimal_price\":null,\"msrp\":null,\"msrp_enabled\":null,\"special_from_date\":null,\"special_to_date\":null,\"min_qty\":\"0\",\"backorders\":\"0\",\"min_sale_qty\":\"1\",\"max_sale_qty\":\"10000\",\"notify_stock_qty\":\"1\",\"_related_sku\":null,\"_related_position\":null,\"_crosssell_sku\":null,\"_crosssell_position\":null,\"_upsell_sku\":null,\"_upsell_position\":null,\"meta_keyword\":\"Carolina Herrera Pouch bag\",\"price_type\":null,\"shipment_type\":null,\"price_view\":null,\"weight_type\":null,\"sku_type\":null,\"climate\":\"All-Weather\",\"color\":\"Black\",\"featured\":\"0\",\"manufacturer\":\"Bub\",\"material\":\"Burlap\",\"pattern\":\"Color-Blocked\",\"size\":\"L\"},\"151\":{\"sku\":\"41\",\"store_view_code\":null,\"attribute_set_code\":\"Default\",\"product_type\":\"simple\",\"categories\":\"Default Category\\/Bags\",\"product_websites\":\"base\",\"name\":\"Dior tote bag\",\"description\":\"<table width=\\\"584\\\">\\r\\n<tbody>\\r\\n<tr>\\r\\n<td width=\\\"584\\\">Christian Dior Tote bag fashion trend blue color inside black, Size chart :<br>Large : 32*12*40 cm : \\u0627\\u0644\\u0643\\u0628\\u064a\\u0631\\u0629<br>Medium: 26*12*36 cm : \\u0627\\u0644\\u0648\\u0633\\u0637<br>Small: 22*12*28 cm : \\u0627\\u0644\\u0635\\u063a\\u064a\\u0631\\u0629<\\/td>\\r\\n<\\/tr>\\r\\n<\\/tbody>\\r\\n<\\/table>\",\"short_description\":\"\\\"Christian Dior Tote bag fashion trend blue color inside black, Size chart :\\r\\nLarge : 32*12*40 cm : \\u0627\\u0644\\u0643\\u0628\\u064a\\u0631\\u0629\\r\\nMedium: 26*12*36 cm : \\u0627\\u0644\\u0648\\u0633\\u0637\\r\\nSmall: 22*12*28 cm : \\u0627\\u0644\\u0635\\u063a\\u064a\\u0631\\u0629\\\"\\r\\n\",\"weight\":null,\"product_online\":\"1\",\"tax_class_name\":\"Taxable Goods\",\"visibility\":\"Catalog, Search\",\"price\":\"22\",\"special_price\":null,\"special_price_from_date\":null,\"special_price_to_date\":null,\"url_key\":\"41dior-tote-bag\",\"meta_title\":\"Dior tote bag\",\"meta_keywords\":\"Dior tote bag\",\"meta_description\":\"Dior tote bag\",\"base_image\":\"41_1.JPG\",\"base_image_label\":\"41_1.JPG\",\"small_image\":\"41_1.JPG\",\"small_image_label\":null,\"thumbnail_image\":\"41_1.JPG\",\"thumbnail_image_label\":null,\"swatch_image\":null,\"swatch_image_label\":null,\"created_at\":\"8\\/31\\/22, 8:19 AM\",\"updated_at\":\"8\\/31\\/22, 8:28 AM\",\"new_from_date\":null,\"new_to_date\":null,\"display_product_options_in\":\"Block after Info Column\",\"map_price\":null,\"msrp_price\":null,\"map_enabled\":null,\"gift_message_available\":\"No\",\"custom_design\":null,\"custom_design_from\":null,\"custom_design_to\":null,\"custom_layout_update\":null,\"page_layout\":null,\"product_options_container\":null,\"msrp_display_actual_price_type\":\"Use config\",\"country_of_manufacture\":null,\"additional_attributes\":\"climate=All-Weather,color=Black,featured=0,manufacturer=Bub,material=Burlap,pattern=Color-Blocked,size=L\",\"qty\":\"0\",\"out_of_stock_qty\":\"0\",\"use_config_min_qty\":\"1\",\"is_qty_decimal\":\"0\",\"allow_backorders\":\"0\",\"use_config_backorders\":\"1\",\"min_cart_qty\":\"1\",\"use_config_min_sale_qty\":\"1\",\"max_cart_qty\":\"10000\",\"use_config_max_sale_qty\":\"1\",\"is_in_stock\":\"0\",\"notify_on_stock_below\":\"1\",\"use_config_notify_stock_qty\":\"1\",\"manage_stock\":\"1\",\"use_config_manage_stock\":\"1\",\"use_config_qty_increments\":\"1\",\"qty_increments\":\"1\",\"use_config_enable_qty_inc\":\"1\",\"enable_qty_increments\":\"0\",\"is_decimal_divided\":\"0\",\"website_id\":\"0\",\"related_skus\":null,\"related_position\":null,\"crosssell_skus\":null,\"crosssell_position\":null,\"upsell_skus\":null,\"upsell_position\":null,\"additional_images\":null,\"additional_image_labels\":null,\"hide_from_product_page\":null,\"custom_options\":null,\"bundle_price_type\":null,\"bundle_sku_type\":null,\"bundle_price_view\":null,\"bundle_weight_type\":null,\"bundle_values\":null,\"bundle_shipment_type\":null,\"associated_skus\":null,\"downloadable_links\":null,\"downloadable_samples\":null,\"configurable_variations\":null,\"configurable_variation_labels\":null,\"image\":\"41_1.JPG\",\"image_label\":\"41_1.JPG\",\"thumbnail\":\"41_1.JPG\",\"thumbnail_label\":null,\"_media_image\":null,\"_media_image_label\":null,\"_media_is_disabled\":null,\"_store\":null,\"_attribute_set\":\"Default\",\"_product_websites\":\"base\",\"status\":\"1\",\"news_from_date\":null,\"news_to_date\":null,\"options_container\":\"Block after Info Column\",\"minimal_price\":null,\"msrp\":null,\"msrp_enabled\":null,\"special_from_date\":null,\"special_to_date\":null,\"min_qty\":\"0\",\"backorders\":\"0\",\"min_sale_qty\":\"1\",\"max_sale_qty\":\"10000\",\"notify_stock_qty\":\"1\",\"_related_sku\":null,\"_related_position\":null,\"_crosssell_sku\":null,\"_crosssell_position\":null,\"_upsell_sku\":null,\"_upsell_position\":null,\"meta_keyword\":\"Dior tote bag\",\"price_type\":null,\"shipment_type\":null,\"price_view\":null,\"weight_type\":null,\"sku_type\":null,\"climate\":\"All-Weather\",\"color\":\"Black\",\"featured\":\"0\",\"manufacturer\":\"Bub\",\"material\":\"Burlap\",\"pattern\":\"Color-Blocked\",\"size\":\"L\"},\"152\":{\"sku\":\"160\",\"store_view_code\":null,\"attribute_set_code\":\"Default\",\"product_type\":\"simple\",\"categories\":\"Default Category\\/Sets\",\"product_websites\":\"base\",\"name\":\"Gucci set\",\"description\":\"2 pieces set of Gucci pearled bracelet and choker\\r\\n\",\"short_description\":\"2 pieces set of Gucci pearled bracelet and choker\\r\\n\",\"weight\":null,\"product_online\":\"1\",\"tax_class_name\":\"Taxable Goods\",\"visibility\":\"Catalog, Search\",\"price\":\"26\",\"special_price\":null,\"special_price_from_date\":null,\"special_price_to_date\":null,\"url_key\":\"gucci-set\",\"meta_title\":\"Gucci set\",\"meta_keywords\":\"Gucci set\",\"meta_description\":\"Gucci set 2 pieces set of Gucci pearled bracelet and choker\\r\\n\",\"base_image\":\"160_1.JPG\",\"base_image_label\":\"160_1.JPG\",\"small_image\":\"160_1.JPG\",\"small_image_label\":null,\"thumbnail_image\":\"160_1.JPG\",\"thumbnail_image_label\":null,\"swatch_image\":null,\"swatch_image_label\":null,\"created_at\":\"8\\/31\\/22, 8:26 AM\",\"updated_at\":\"8\\/31\\/22, 8:28 AM\",\"new_from_date\":null,\"new_to_date\":null,\"display_product_options_in\":\"Block after Info Column\",\"map_price\":null,\"msrp_price\":null,\"map_enabled\":null,\"gift_message_available\":\"Use config\",\"custom_design\":null,\"custom_design_from\":null,\"custom_design_to\":null,\"custom_layout_update\":null,\"page_layout\":null,\"product_options_container\":null,\"msrp_display_actual_price_type\":\"Use config\",\"country_of_manufacture\":null,\"additional_attributes\":\"climate=All-Weather,color=Black,featured=0,manufacturer=Bub,material=Burlap,pattern=Color-Blocked,size=L\",\"qty\":\"0\",\"out_of_stock_qty\":\"0\",\"use_config_min_qty\":\"1\",\"is_qty_decimal\":\"0\",\"allow_backorders\":\"0\",\"use_config_backorders\":\"1\",\"min_cart_qty\":\"1\",\"use_config_min_sale_qty\":\"1\",\"max_cart_qty\":\"10000\",\"use_config_max_sale_qty\":\"1\",\"is_in_stock\":\"0\",\"notify_on_stock_below\":\"1\",\"use_config_notify_stock_qty\":\"1\",\"manage_stock\":\"1\",\"use_config_manage_stock\":\"1\",\"use_config_qty_increments\":\"1\",\"qty_increments\":\"1\",\"use_config_enable_qty_inc\":\"1\",\"enable_qty_increments\":\"0\",\"is_decimal_divided\":\"0\",\"website_id\":\"0\",\"related_skus\":null,\"related_position\":null,\"crosssell_skus\":null,\"crosssell_position\":null,\"upsell_skus\":null,\"upsell_position\":null,\"additional_images\":null,\"additional_image_labels\":null,\"hide_from_product_page\":null,\"custom_options\":null,\"bundle_price_type\":null,\"bundle_sku_type\":null,\"bundle_price_view\":null,\"bundle_weight_type\":null,\"bundle_values\":null,\"bundle_shipment_type\":null,\"associated_skus\":null,\"downloadable_links\":null,\"downloadable_samples\":null,\"configurable_variations\":null,\"configurable_variation_labels\":null,\"image\":\"160_1.JPG\",\"image_label\":\"160_1.JPG\",\"thumbnail\":\"160_1.JPG\",\"thumbnail_label\":null,\"_media_image\":null,\"_media_image_label\":null,\"_media_is_disabled\":null,\"_store\":null,\"_attribute_set\":\"Default\",\"_product_websites\":\"base\",\"status\":\"1\",\"news_from_date\":null,\"news_to_date\":null,\"options_container\":\"Block after Info Column\",\"minimal_price\":null,\"msrp\":null,\"msrp_enabled\":null,\"special_from_date\":null,\"special_to_date\":null,\"min_qty\":\"0\",\"backorders\":\"0\",\"min_sale_qty\":\"1\",\"max_sale_qty\":\"10000\",\"notify_stock_qty\":\"1\",\"_related_sku\":null,\"_related_position\":null,\"_crosssell_sku\":null,\"_crosssell_position\":null,\"_upsell_sku\":null,\"_upsell_position\":null,\"meta_keyword\":\"Gucci set\",\"price_type\":null,\"shipment_type\":null,\"price_view\":null,\"weight_type\":null,\"sku_type\":null,\"climate\":\"All-Weather\",\"color\":\"Black\",\"featured\":\"0\",\"manufacturer\":\"Bub\",\"material\":\"Burlap\",\"pattern\":\"Color-Blocked\",\"size\":\"L\"}}');

--
-- Table structure for table `indexer_state`
--

CREATE TABLE `indexer_state` (
  `state_id` int(10) unsigned NOT NULL AUTO_INCREMENT COMMENT 'Indexer State ID',
  `indexer_id` varchar(255) DEFAULT NULL COMMENT 'Indexer ID',
  `status` varchar(16) DEFAULT 'invalid' COMMENT 'Indexer Status',
  `updated` datetime DEFAULT NULL COMMENT 'Indexer Status',
  `hash_config` varchar(32) NOT NULL COMMENT 'Hash of indexer config',
  PRIMARY KEY (`state_id`),
  KEY `INDEXER_STATE_INDEXER_ID` (`indexer_id`)
) ENGINE=InnoDB AUTO_INCREMENT=18 DEFAULT CHARSET=utf8 COMMENT='Indexer State';

--
-- Dumping data for table `indexer_state`
--

INSERT INTO `indexer_state` VALUES (1,'customer_grid','valid','2022-08-31 14:54:54','7a77c1fc795c8e6cd80b4796ca00f3ce'),(2,'catalog_category_product','invalid','2022-08-31 14:59:30','733405e9c02de6ccf1b5fb50c2722d9f'),(3,'catalog_product_category','valid','2022-08-31 14:55:10','2ddca7f8c101d1b6546e2299ff070aed'),(4,'catalog_product_price','invalid','2022-08-31 14:59:29','60850f329441e24829e6d923df55d8fd'),(5,'catalog_product_attribute','invalid','2022-08-31 14:59:28','3b950a1f6fa8f426007bcbce7112b87f'),(6,'cataloginventory_stock','invalid','2022-08-31 14:59:30','f0fa5daea5c196b761cd734ef430180b'),(7,'catalogrule_rule','invalid','2022-08-31 14:59:30','330ebc7c7efd98f6e522dfccfb4196f0'),(8,'catalogrule_product','invalid','2022-09-03 14:14:08','7c4dbe22487dd742ddc0e0c3d3e4da02'),(9,'catalogsearch_fulltext','invalid','2022-08-31 14:59:30','702cb7e44d94410f833093a612c83073'),(10,'design_config_grid','invalid','2022-09-04 22:20:37','178ae559991e53e084881bed48b2e3a4'),(15,'catalog_category_flat','valid','2021-11-18 10:20:29','e60b67b604c9dd7973792a8fa9749ed8'),(16,'catalog_product_flat','invalid','2022-02-09 07:44:12','ca03c6a21d1914fb3fbb2a9a60ac00a2'),(17,'inventory','invalid','2022-08-31 14:59:30','f1c1c747dde45c288a365095e46284dd');

--
-- Table structure for table `integration`
--

CREATE TABLE `integration` (
  `integration_id` int(10) unsigned NOT NULL AUTO_INCREMENT COMMENT 'Integration ID',
  `name` varchar(255) NOT NULL COMMENT 'Integration name is displayed in the admin interface',
  `email` varchar(255) NOT NULL COMMENT 'Email address of the contact person',
  `endpoint` varchar(255) DEFAULT NULL COMMENT 'Endpoint for posting consumer credentials',
  `status` smallint(5) unsigned NOT NULL COMMENT 'Integration status',
  `consumer_id` int(10) unsigned DEFAULT NULL COMMENT 'Oauth consumer',
  `created_at` timestamp NOT NULL DEFAULT CURRENT_TIMESTAMP COMMENT 'Creation Time',
  `updated_at` timestamp NOT NULL DEFAULT CURRENT_TIMESTAMP ON UPDATE CURRENT_TIMESTAMP COMMENT 'Update Time',
  `setup_type` smallint(5) unsigned NOT NULL DEFAULT '0' COMMENT 'Integration type - manual or config file',
  `identity_link_url` varchar(255) DEFAULT NULL COMMENT 'Identity linking Url',
  PRIMARY KEY (`integration_id`),
  UNIQUE KEY `INTEGRATION_NAME` (`name`),
  UNIQUE KEY `INTEGRATION_CONSUMER_ID` (`consumer_id`)
) ENGINE=InnoDB AUTO_INCREMENT=11 DEFAULT CHARSET=utf8 COMMENT='integration';

--
-- Dumping data for table `integration`
--

INSERT INTO `integration` VALUES (10,'Magento Social','social-support@magento.com','https://fbapp.ezsocialshop.com/facebook/index.php/magento_auth',2,10,'2018-08-02 06:45:48','2018-08-02 06:45:48',1,'https://fbapp.ezsocialshop.com/facebook/index.php/magento2/show_magento_success_popup');

--
-- Table structure for table `inventory_geoname`
--

CREATE TABLE `inventory_geoname` (
  `country_code` varchar(64) NOT NULL,
  `postcode` varchar(64) NOT NULL,
  `city` varchar(180) NOT NULL,
  `region` varchar(100) NOT NULL,
  `province` varchar(64) NOT NULL,
  `latitude` double NOT NULL,
  `longitude` double NOT NULL,
  `entity_id` int(10) unsigned NOT NULL AUTO_INCREMENT COMMENT 'entity id',
  PRIMARY KEY (`entity_id`)
) ENGINE=InnoDB DEFAULT CHARSET=utf8;

--
-- Dumping data for table `inventory_geoname`
--


--
-- Table structure for table `inventory_low_stock_notification_configuration`
--

CREATE TABLE `inventory_low_stock_notification_configuration` (
  `source_code` varchar(255) NOT NULL,
  `sku` varchar(64) NOT NULL,
  `notify_stock_qty` decimal(12,4) DEFAULT NULL,
  PRIMARY KEY (`source_code`,`sku`)
) ENGINE=InnoDB DEFAULT CHARSET=utf8;

--
-- Dumping data for table `inventory_low_stock_notification_configuration`
--

INSERT INTO `inventory_low_stock_notification_configuration` VALUES ('default','1',0.0000),('default','160',NULL),('default','31',NULL),('default','34',NULL),('default','41',NULL),('default','5',0.0000);

--
-- Table structure for table `inventory_order_notification`
--

CREATE TABLE `inventory_order_notification` (
  `order_id` int(10) unsigned NOT NULL AUTO_INCREMENT COMMENT 'Order ID',
  `notification_sent` smallint(6) NOT NULL COMMENT 'Has Notification Been Sent For Order',
  `send_notification` smallint(6) NOT NULL COMMENT 'Should Notification Be Send For Order',
  PRIMARY KEY (`order_id`)
) ENGINE=InnoDB DEFAULT CHARSET=utf8;

--
-- Dumping data for table `inventory_order_notification`
--


--
-- Table structure for table `inventory_pickup_location_order`
--

CREATE TABLE `inventory_pickup_location_order` (
  `order_id` int(10) unsigned NOT NULL AUTO_INCREMENT COMMENT 'Order ID',
  `pickup_location_code` varchar(255) NOT NULL COMMENT 'Pickup Location Code',
  PRIMARY KEY (`order_id`)
) ENGINE=InnoDB DEFAULT CHARSET=utf8;

--
-- Dumping data for table `inventory_pickup_location_order`
--


--
-- Table structure for table `inventory_pickup_location_quote_address`
--

CREATE TABLE `inventory_pickup_location_quote_address` (
  `address_id` int(10) unsigned NOT NULL AUTO_INCREMENT COMMENT 'Quote Address ID',
  `pickup_location_code` varchar(255) NOT NULL COMMENT 'Pickup Location Code',
  PRIMARY KEY (`address_id`)
) ENGINE=InnoDB DEFAULT CHARSET=utf8;

--
-- Dumping data for table `inventory_pickup_location_quote_address`
--


--
-- Table structure for table `inventory_reservation`
--

CREATE TABLE `inventory_reservation` (
  `reservation_id` int(10) unsigned NOT NULL AUTO_INCREMENT,
  `stock_id` int(10) unsigned NOT NULL,
  `sku` varchar(64) NOT NULL,
  `quantity` decimal(10,4) NOT NULL DEFAULT '0.0000',
  `metadata` varchar(255) DEFAULT NULL,
  PRIMARY KEY (`reservation_id`),
  KEY `INVENTORY_RESERVATION_STOCK_ID_SKU_QUANTITY` (`stock_id`,`sku`,`quantity`)
) ENGINE=InnoDB AUTO_INCREMENT=35 DEFAULT CHARSET=utf8;

--
-- Dumping data for table `inventory_reservation`
--

INSERT INTO `inventory_reservation` VALUES (1,1,'MH16',-1.0000,'{\"event_type\":\"order_placed\",\"object_type\":\"order\",\"object_id\":\"\",\"object_increment_id\":\"16000000004\"}'),(2,1,'Sweet-Pear-Lapis-Sterling-Silver-Ring',-1.0000,'{\"event_type\":\"order_placed\",\"object_type\":\"order\",\"object_id\":\"\",\"object_increment_id\":\"000000017\"}'),(3,1,'demo_3',-1.0000,'{\"event_type\":\"order_placed\",\"object_type\":\"order\",\"object_id\":\"\",\"object_increment_id\":\"000000018\"}'),(4,1,'demo_3',-1.0000,'{\"event_type\":\"order_placed\",\"object_type\":\"order\",\"object_id\":\"\",\"object_increment_id\":\"000000019\"}'),(5,1,'Lotus-Leaf-Marcasite-Ring-with-Square-Agate',-1.0000,'{\"event_type\":\"order_placed\",\"object_type\":\"order\",\"object_id\":\"\",\"object_increment_id\":\"12000000001\"}'),(6,1,'demo_1',-1.0000,'{\"event_type\":\"order_placed\",\"object_type\":\"order\",\"object_id\":\"\",\"object_increment_id\":\"30000000001\"}'),(7,1,'Lotus-Leaf-Marcasite-Ring-with-Square-Agate',-1.0000,'{\"event_type\":\"order_placed\",\"object_type\":\"order\",\"object_id\":\"\",\"object_increment_id\":\"10000000004\"}'),(8,1,'Marcasite-Halo-Signet-Earring',-1.0000,'{\"event_type\":\"order_placed\",\"object_type\":\"order\",\"object_id\":\"\",\"object_increment_id\":\"000000020\"}'),(9,1,'Lotus-Leaf-Marcasite-Ring-with-Square-Agate',-1.0000,'{\"event_type\":\"order_placed\",\"object_type\":\"order\",\"object_id\":\"\",\"object_increment_id\":\"000000021\"}'),(10,1,'demo_6',-1.0000,'{\"event_type\":\"order_placed\",\"object_type\":\"order\",\"object_id\":\"\",\"object_increment_id\":\"000000022\"}'),(11,1,'Cloud-Print-Leggings',-1.0000,'{\"event_type\":\"order_placed\",\"object_type\":\"order\",\"object_id\":\"\",\"object_increment_id\":\"000000023\"}'),(12,1,'demo_1',-1.0000,'{\"event_type\":\"order_placed\",\"object_type\":\"order\",\"object_id\":\"\",\"object_increment_id\":\"4000000004\"}'),(13,1,'demo_6',-1.0000,'{\"event_type\":\"order_placed\",\"object_type\":\"order\",\"object_id\":\"\",\"object_increment_id\":\"6000000002\"}'),(14,1,'demo_3',-1.0000,'{\"event_type\":\"order_placed\",\"object_type\":\"order\",\"object_id\":\"\",\"object_increment_id\":\"000000026\"}'),(15,1,'demo_3',-1.0000,'{\"event_type\":\"order_placed\",\"object_type\":\"order\",\"object_id\":\"\",\"object_increment_id\":\"10000000006\"}'),(16,1,'demo_3',-2.0000,'{\"event_type\":\"order_placed\",\"object_type\":\"order\",\"object_id\":\"\",\"object_increment_id\":\"000000027\"}'),(17,1,'MH15',-1.0000,'{\"event_type\":\"order_placed\",\"object_type\":\"order\",\"object_id\":\"\",\"object_increment_id\":\"000000028\"}'),(18,1,'MH15',-1.0000,'{\"event_type\":\"order_placed\",\"object_type\":\"order\",\"object_id\":\"\",\"object_increment_id\":\"000000029\"}'),(19,1,'MH18',-1.0000,'{\"event_type\":\"order_placed\",\"object_type\":\"order\",\"object_id\":\"\",\"object_increment_id\":\"000000030\"}'),(20,1,'MH18',-1.0000,'{\"event_type\":\"order_placed\",\"object_type\":\"order\",\"object_id\":\"\",\"object_increment_id\":\"000000031\"}'),(21,1,'MH15',-1.0000,'{\"event_type\":\"order_placed\",\"object_type\":\"order\",\"object_id\":\"\",\"object_increment_id\":\"000000032\"}'),(22,1,'MH18',-1.0000,'{\"event_type\":\"order_placed\",\"object_type\":\"order\",\"object_id\":\"\",\"object_increment_id\":\"000000033\"}'),(23,1,'MH18',-1.0000,'{\"event_type\":\"order_placed\",\"object_type\":\"order\",\"object_id\":\"\",\"object_increment_id\":\"000000034\"}'),(24,1,'MH18',-1.0000,'{\"event_type\":\"order_placed\",\"object_type\":\"order\",\"object_id\":\"\",\"object_increment_id\":\"000000035\"}'),(25,1,'MH18',-2.0000,'{\"event_type\":\"order_placed\",\"object_type\":\"order\",\"object_id\":\"\",\"object_increment_id\":\"000000036\"}'),(26,1,'MH18',-1.0000,'{\"event_type\":\"order_placed\",\"object_type\":\"order\",\"object_id\":\"\",\"object_increment_id\":\"000000037\"}'),(27,1,'MH16',-2.0000,'{\"event_type\":\"order_placed\",\"object_type\":\"order\",\"object_id\":\"\",\"object_increment_id\":\"000000038\"}'),(28,1,'MH16',-1.0000,'{\"event_type\":\"order_placed\",\"object_type\":\"order\",\"object_id\":\"\",\"object_increment_id\":\"000000039\"}'),(29,1,'MH18',-1.0000,'{\"event_type\":\"order_placed\",\"object_type\":\"order\",\"object_id\":\"\",\"object_increment_id\":\"000000040\"}'),(30,1,'MH16',-1.0000,'{\"event_type\":\"order_placed\",\"object_type\":\"order\",\"object_id\":\"\",\"object_increment_id\":\"000000041\"}'),(31,1,'MH15-1',-1.0000,'{\"event_type\":\"order_placed\",\"object_type\":\"order\",\"object_id\":\"\",\"object_increment_id\":\"000000042\"}'),(32,1,'MH18',-1.0000,'{\"event_type\":\"order_placed\",\"object_type\":\"order\",\"object_id\":\"\",\"object_increment_id\":\"000000043\"}'),(33,1,'MH18',-1.0000,'{\"event_type\":\"order_placed\",\"object_type\":\"order\",\"object_id\":\"\",\"object_increment_id\":\"000000044\"}'),(34,1,'MH15-1',-1.0000,'{\"event_type\":\"order_placed\",\"object_type\":\"order\",\"object_id\":\"\",\"object_increment_id\":\"000000045\"}');

--
-- Table structure for table `inventory_shipment_source`
--

CREATE TABLE `inventory_shipment_source` (
  `shipment_id` int(10) unsigned NOT NULL,
  `source_code` varchar(255) NOT NULL,
  PRIMARY KEY (`shipment_id`)
) ENGINE=InnoDB DEFAULT CHARSET=utf8;

--
-- Dumping data for table `inventory_shipment_source`
--


--
-- Table structure for table `inventory_source`
--

CREATE TABLE `inventory_source` (
  `source_code` varchar(255) NOT NULL,
  `name` varchar(255) NOT NULL,
  `enabled` smallint(5) unsigned NOT NULL DEFAULT '1',
  `description` text,
  `latitude` decimal(8,6) DEFAULT NULL,
  `longitude` decimal(9,6) DEFAULT NULL,
  `country_id` varchar(2) NOT NULL,
  `region_id` int(10) unsigned DEFAULT NULL,
  `region` varchar(255) DEFAULT NULL,
  `city` varchar(255) DEFAULT NULL,
  `street` varchar(255) DEFAULT NULL,
  `postcode` varchar(255) NOT NULL,
  `contact_name` varchar(255) DEFAULT NULL,
  `email` varchar(255) DEFAULT NULL,
  `phone` varchar(255) DEFAULT NULL,
  `fax` varchar(255) DEFAULT NULL,
  `use_default_carrier_config` smallint(5) unsigned NOT NULL DEFAULT '1',
  `is_pickup_location_active` tinyint(1) NOT NULL DEFAULT '0',
  `frontend_name` varchar(255) DEFAULT '',
  `frontend_description` text,
  PRIMARY KEY (`source_code`)
) ENGINE=InnoDB DEFAULT CHARSET=utf8;

--
-- Dumping data for table `inventory_source`
--

INSERT INTO `inventory_source` VALUES ('default','Default Source',1,'Default Source',0.000000,0.000000,'US',NULL,NULL,NULL,NULL,'00000',NULL,NULL,NULL,NULL,1,0,'',NULL);

--
-- Table structure for table `inventory_source_carrier_link`
--

CREATE TABLE `inventory_source_carrier_link` (
  `link_id` int(10) unsigned NOT NULL AUTO_INCREMENT,
  `source_code` varchar(255) NOT NULL,
  `carrier_code` varchar(255) NOT NULL,
  `position` smallint(5) unsigned DEFAULT NULL,
  PRIMARY KEY (`link_id`),
  KEY `INV_SOURCE_CARRIER_LNK_SOURCE_CODE_INV_SOURCE_SOURCE_CODE` (`source_code`)
) ENGINE=InnoDB DEFAULT CHARSET=utf8;

--
-- Dumping data for table `inventory_source_carrier_link`
--


--
-- Table structure for table `inventory_source_item`
--

CREATE TABLE `inventory_source_item` (
  `source_item_id` int(10) unsigned NOT NULL AUTO_INCREMENT,
  `source_code` varchar(255) NOT NULL,
  `sku` varchar(64) NOT NULL,
  `quantity` decimal(12,4) NOT NULL DEFAULT '0.0000',
  `status` smallint(5) unsigned NOT NULL DEFAULT '0',
  PRIMARY KEY (`source_item_id`),
  UNIQUE KEY `INVENTORY_SOURCE_ITEM_SOURCE_CODE_SKU` (`source_code`,`sku`),
  KEY `INVENTORY_SOURCE_ITEM_SKU_SOURCE_CODE_QUANTITY` (`sku`,`source_code`,`quantity`)
) ENGINE=InnoDB AUTO_INCREMENT=305 DEFAULT CHARSET=utf8;

--
-- Dumping data for table `inventory_source_item`
--

INSERT INTO `inventory_source_item` VALUES (1,'default','demo_1',996.0000,1),(2,'default','demo_2',995.0000,1),(3,'default','demo_3',999.0000,1),(4,'default','demo_5',0.0000,1),(5,'default','demo_4',0.0000,1),(6,'default','demo_6',998.0000,1),(7,'default','demo_7',1000.0000,1),(8,'default','demo_4-Brown- gucci-XXL',0.0000,1),(9,'default','MJ01-Orange- gucci-L',100.0000,1),(10,'default','MJ01-Orange- gucci-XL',99.0000,1),(11,'default','MJ01-Orange- gucci-M',89.0000,1),(12,'default','MJ01-Orange- gucci-XS',10.0000,1),(13,'default','MJ01-Orange- gucci-S',15.0000,1),(14,'default','MJ01-Yellow- gucci-L',30.0000,1),(15,'default','MJ01-Yellow- gucci-XL',0.0000,1),(16,'default','MJ01-Yellow- gucci-M',0.0000,1),(17,'default','MJ01-Yellow- gucci-XS',0.0000,1),(18,'default','MJ01-Yellow- gucci-S',0.0000,1),(19,'default','MJ01-Red- gucci-L',0.0000,1),(20,'default','MJ01-Red- gucci-XL',0.0000,1),(21,'default','MJ01-Red- gucci-M',0.0000,1),(22,'default','MJ01-Red- gucci-XS',0.0000,1),(23,'default','MJ01-Red- gucci-S',0.0000,1),(24,'default','MJ01',0.0000,1),(25,'default','demo_4-Blue- gucci-XS',0.0000,1),(26,'default','demo_4-Blue- gucci-L',0.0000,1),(27,'default','demo_4-Blue- gucci-M',0.0000,1),(28,'default','demo_4-Blue- gucci-S',0.0000,1),(29,'default','demo_4-Blue- gucci-XL',0.0000,1),(30,'default','demo_4-Black- gucci-XS',0.0000,1),(31,'default','demo_4-Black- gucci-L',100.0000,1),(32,'default','demo_4-Black- gucci-M',99.0000,1),(33,'default','demo_4-Black- gucci-S',0.0000,1),(34,'default','demo_4-Black- gucci-XL',0.0000,1),(35,'default','demo_4-Orange- gucci-XS',0.0000,1),(36,'default','demo_4-Orange- gucci-L',89.0000,1),(37,'default','demo_4-Orange- gucci-M',0.0000,1),(38,'default','demo_4-Orange- gucci-S',0.0000,1),(39,'default','demo_4-Orange- gucci-XL',0.0000,1),(40,'default','MH13-Blue-L',0.0000,1),(41,'default','MH13-Blue-XL',0.0000,1),(42,'default','MH13-Blue-M',0.0000,1),(43,'default','MH13-Blue-XS',0.0000,1),(44,'default','MH13-Blue-S',0.0000,1),(45,'default','MH13-Green-L',0.0000,1),(46,'default','MH13-Green-XL',0.0000,1),(47,'default','MH13-Green-M',0.0000,1),(48,'default','MH13-Green-XS',0.0000,1),(49,'default','MH13-Green-S',0.0000,1),(50,'default','MH13-Yellow-L',0.0000,1),(51,'default','MH13-Yellow-XL',0.0000,1),(52,'default','MH13-Yellow-M',0.0000,1),(53,'default','MH13-Yellow-XS',0.0000,1),(54,'default','MH13-Yellow-S',0.0000,1),(55,'default','MH15',1000.0000,1),(56,'default','MH15-1',1000.0000,1),(57,'default','MH16',999.0000,1),(58,'default','MH16-1',999.0000,1),(59,'default','grouped-product',0.0000,1),(60,'default','MH18',999.0000,1),(61,'default','MH19',1000.0000,1),(62,'default','MH20-Blue-L',0.0000,1),(63,'default','MH20-Blue-M',0.0000,1),(64,'default','MH20-Blue-S',0.0000,1),(65,'default','MH20-Yellow-L',0.0000,1),(66,'default','MH20-Yellow-M',0.0000,1),(67,'default','MH20-Yellow-S',0.0000,1),(68,'default','MH20-Green-L',0.0000,1),(69,'default','MH20-Green-M',0.0000,1),(70,'default','MH20-Green-S',0.0000,1),(71,'default','MH20',0.0000,1),(72,'default','24-WG080',0.0000,1),(73,'default','240-LV06',0.0000,1),(74,'default','Elongated-Scroll-Marcasite-Accent-Ring-with-Oval-Onyx',495.0000,1),(75,'default','Sweet-Pear-Lapis-Sterling-Silver-Ring',492.0000,1),(76,'default','Cute-Squirrel-Sterling-Silver-Marcasite-Ring',495.0000,1),(77,'default','Lotus-Leaf-Marcasite-Ring-with-Square-Agate',494.0000,1),(78,'default','Marcasite-Sea-Life-Shell-Shaped-Earring',495.0000,1),(79,'default','Marcasite-Flower-Motif-Silver-Drop-Earring-with-Round-Turquoise',495.0000,1),(80,'default','Dazzling-Shell-Marcasite-Silver-Earring',495.0000,1),(81,'default','Marcasite-Halo-Signet-Earring',492.0000,1),(82,'default','Solitaire-Oval-Agate-Bezel-Setting-Silver-Earring',495.0000,1),(83,'default','Owl-Face-Earring -with Blink-Garnet-Eye-Blue',500.0000,1),(84,'default','Owl-Face-Earring -with Blink-Garnet-Eye-Gray',500.0000,1),(85,'default','Owl-Face-Earring -with Blink-Garnet-Eye-Yellow',500.0000,1),(86,'default','Owl-Face-Earring -with Blink-Garnet-Eye',0.0000,1),(87,'default','Flower-Bouquet-Crossover-Dangle-Earring',0.0000,1),(88,'default','Sterling-Silver-Marcasite-Leaf-Drop-Earring',0.0000,1),(89,'default','Orange-flowers-bouquet-for-Christmas',495.0000,1),(90,'default','Tulips-and-solidago-bouquet',495.0000,1),(91,'default','Oana-flower-bouquet',495.0000,1),(92,'default','Alexandra-Bouquet',495.0000,1),(93,'default','Stefania-flower-bouquet',495.0000,1),(94,'default','Miniature-roses-bouquet',495.0000,1),(95,'default','Basket-filled-with-delicate-flowers',495.0000,1),(96,'default','Orchids-and-freesias-bouquet',495.0000,1),(97,'default','Classy-basket-with-roses-and-eustoma',495.0000,1),(98,'default','Bouquet-of-white-and-orange-roses',495.0000,1),(99,'default','Mixed-flowers-bouquet-in-vivid-colours',495.0000,1),(100,'default','Chrysanthemums-and-roses-bouquet-Orange',500.0000,1),(101,'default','Chrysanthemums-and-roses-bouquet-Yellow',500.0000,1),(102,'default','Chrysanthemums-and-roses-bouquet-Red',500.0000,1),(103,'default','Chrysanthemums-and-roses-bouquet',0.0000,1),(104,'default','Mix-cut-flower-bouquet',0.0000,1),(105,'default','Anthurium-and-alstroemeria-bouquet',0.0000,1),(106,'default','Grain-Free-Dry-Dog-Food',495.0000,1),(107,'default','Nutrition-Boost-Bone',495.0000,1),(108,'default','Stew-Grain-Free-Canned-Food',495.0000,1),(109,'default','Alaskan-Salmon-Oil',495.0000,1),(110,'default','Protein-High-Meat-Canned-Dog-Food',495.0000,1),(111,'default','Reduced-Fat-Feast-Canine-PowerFood',495.0000,1),(112,'default','Superfood-Sauce-Skin',493.0000,1),(113,'default','Nutritious-Gravy-Food-Topper',495.0000,1),(114,'default','Freeze-Dried-Nuggets',494.0000,1),(115,'default','Whole-Grain-Turkey-Recipe',495.0000,1),(116,'default','Chicken-Frick-a-Zee-Black',500.0000,1),(117,'default','Chicken-Frick-a-Zee-Brown',500.0000,1),(118,'default','Chicken-Frick-a-Zee-Gray',500.0000,1),(119,'default','Chicken-Frick-a-Zee',0.0000,1),(120,'default','Tiki-Cat-Canned-Cat-Food',0.0000,1),(121,'default','Chicken-&-Ocean-Fish-Dry',0.0000,1),(122,'default','Cotton-Fleece-Basic-Sweatshirt',495.0000,1),(123,'default','Bear-Head-Sweatshirt',494.0000,1),(124,'default','Bunny-Spice-Jersey',495.0000,1),(125,'default','Clemence-Top-Floral-Muslin',495.0000,1),(126,'default','Polar-Bear-Leggings',495.0000,1),(127,'default','Cloud-Print-Leggings',495.0000,1),(128,'default','Full-Snap-Footie',495.0000,1),(129,'default','Sky-Train-Baby-Body',495.0000,1),(130,'default','Cotton-Flower-Suit-with-contrast-feet',495.0000,1),(131,'default','Spice-Dots-Salopettes',495.0000,1),(132,'default','Agatha-Dress-Winter-Rose',495.0000,1),(133,'default','Grace-Dress-Pink-Floral',495.0000,1),(134,'default','Monty-Sleepsuit-Christmas-Special',495.0000,1),(135,'default','Sleeping-Bag-Adventure-Blue',495.0000,1),(136,'default','Forest-Doe-Playsuit',495.0000,1),(137,'default','Bobble-Hat-Gray',500.0000,1),(138,'default','Bobble-Hat-Green',500.0000,1),(139,'default','Bobble-Hat-Red',500.0000,1),(140,'default','Bobble-Hat',0.0000,1),(141,'default','Revealing-Wellies',0.0000,1),(142,'default','Kids-Umbrella',0.0000,1),(143,'default','1',1.0000,1),(144,'default','2',0.0000,0),(145,'default','3',0.0000,0),(146,'default','4',0.0000,0),(147,'default','5',1.0000,1),(148,'default','6',0.0000,0),(149,'default','7',0.0000,0),(150,'default','8',0.0000,0),(151,'default','9',0.0000,0),(152,'default','10',0.0000,0),(153,'default','11',0.0000,0),(154,'default','12',0.0000,0),(155,'default','13',0.0000,0),(156,'default','14',0.0000,0),(157,'default','15',0.0000,0),(158,'default','16',0.0000,0),(159,'default','17',0.0000,0),(160,'default','18',0.0000,0),(161,'default','19',0.0000,0),(162,'default','20',0.0000,0),(163,'default','21',0.0000,0),(164,'default','22',0.0000,0),(165,'default','23',0.0000,0),(166,'default','24',0.0000,0),(167,'default','25',0.0000,0),(168,'default','26',0.0000,0),(169,'default','27',0.0000,0),(170,'default','28',0.0000,0),(171,'default','29',0.0000,0),(172,'default','30',0.0000,0),(173,'default','32',0.0000,0),(174,'default','33',0.0000,0),(175,'default','35',0.0000,0),(176,'default','36',0.0000,0),(177,'default','37',0.0000,0),(178,'default','38',0.0000,0),(179,'default','40',0.0000,0),(180,'default','39',0.0000,0),(181,'default','43',0.0000,0),(182,'default','44',0.0000,0),(183,'default','46',0.0000,0),(184,'default','47',0.0000,0),(185,'default','49',0.0000,0),(186,'default','50',0.0000,0),(187,'default','51',0.0000,0),(188,'default','53',0.0000,0),(189,'default','54',0.0000,0),(190,'default','55',0.0000,0),(191,'default','56',0.0000,0),(192,'default','57',0.0000,0),(193,'default','58',0.0000,0),(194,'default','59',0.0000,0),(195,'default','60',0.0000,0),(196,'default','61',0.0000,0),(197,'default','63',0.0000,0),(198,'default','64',0.0000,0),(199,'default','65',0.0000,0),(200,'default','66',0.0000,0),(201,'default','67',0.0000,0),(202,'default','68',0.0000,0),(203,'default','69',0.0000,0),(204,'default','70',0.0000,0),(206,'default','71',0.0000,0),(207,'default','72',0.0000,0),(208,'default','73',0.0000,0),(209,'default','74',0.0000,0),(210,'default','75',0.0000,0),(211,'default','76',0.0000,0),(212,'default','77',0.0000,0),(213,'default','78',0.0000,0),(214,'default','79',0.0000,0),(215,'default','80',0.0000,0),(216,'default','82',0.0000,0),(217,'default','83',0.0000,0),(218,'default','84',0.0000,0),(219,'default','85',0.0000,0),(220,'default','86',0.0000,0),(221,'default','87',0.0000,0),(222,'default','88',0.0000,0),(223,'default','89',0.0000,0),(224,'default','90',0.0000,0),(225,'default','91',0.0000,0),(226,'default','92',0.0000,0),(227,'default','93',0.0000,0),(228,'default','94',0.0000,0),(229,'default','95',0.0000,0),(230,'default','96',0.0000,0),(231,'default','97',0.0000,0),(232,'default','98',0.0000,0),(233,'default','99',0.0000,0),(234,'default','100',0.0000,0),(235,'default','101',0.0000,0),(236,'default','102',0.0000,0),(237,'default','103',0.0000,0),(238,'default','104',0.0000,0),(239,'default','105',0.0000,0),(240,'default','106',0.0000,0),(241,'default','107',0.0000,0),(242,'default','108',0.0000,0),(243,'default','109',0.0000,0),(244,'default','110',0.0000,0),(245,'default','131',0.0000,0),(246,'default','132',0.0000,0),(247,'default','133',0.0000,0),(248,'default','134',0.0000,0),(249,'default','135',0.0000,0),(250,'default','136',0.0000,0),(251,'default','137',0.0000,0),(252,'default','138',0.0000,0),(253,'default','139',0.0000,0),(254,'default','140',0.0000,0),(255,'default','141',0.0000,0),(256,'default','142',0.0000,0),(257,'default','143',0.0000,0),(258,'default','144',0.0000,0),(259,'default','145',0.0000,0),(260,'default','146',0.0000,0),(261,'default','147',0.0000,0),(262,'default','148',0.0000,0),(263,'default','149',0.0000,0),(264,'default','111',0.0000,0),(265,'default','112',0.0000,0),(266,'default','113',0.0000,0),(267,'default','114',0.0000,0),(268,'default','115',0.0000,0),(269,'default','116',0.0000,0),(270,'default','117',0.0000,0),(271,'default','118',0.0000,0),(272,'default','119',0.0000,0),(273,'default','121',0.0000,0),(274,'default','122',0.0000,0),(275,'default','123',0.0000,0),(276,'default','124',0.0000,0),(277,'default','125',0.0000,0),(278,'default','126',0.0000,0),(279,'default','127',0.0000,0),(280,'default','128',0.0000,0),(281,'default','129',0.0000,0),(282,'default','130',0.0000,0),(283,'default','150',0.0000,0),(284,'default','151',0.0000,0),(285,'default','152',0.0000,0),(286,'default','153',0.0000,0),(287,'default','154',0.0000,0),(288,'default','155',0.0000,0),(289,'default','156',0.0000,0),(290,'default','157',0.0000,0),(291,'default','158',0.0000,0),(292,'default','159',0.0000,0),(293,'default','31',0.0000,0),(294,'default','34',0.0000,0),(295,'default','41',0.0000,0),(304,'default','160',0.0000,0);

--
-- Table structure for table `inventory_source_stock_link`
--

CREATE TABLE `inventory_source_stock_link` (
  `link_id` int(10) unsigned NOT NULL AUTO_INCREMENT,
  `stock_id` int(10) unsigned NOT NULL,
  `source_code` varchar(255) NOT NULL,
  `priority` smallint(5) unsigned NOT NULL,
  PRIMARY KEY (`link_id`),
  UNIQUE KEY `INVENTORY_SOURCE_STOCK_LINK_STOCK_ID_SOURCE_CODE` (`stock_id`,`source_code`),
  KEY `INV_SOURCE_STOCK_LNK_SOURCE_CODE_INV_SOURCE_SOURCE_CODE` (`source_code`),
  KEY `INVENTORY_SOURCE_STOCK_LINK_STOCK_ID_PRIORITY` (`stock_id`,`priority`)
) ENGINE=InnoDB AUTO_INCREMENT=2 DEFAULT CHARSET=utf8;

--
-- Dumping data for table `inventory_source_stock_link`
--

INSERT INTO `inventory_source_stock_link` VALUES (1,1,'default',1);

--
-- Table structure for table `inventory_stock`
--

CREATE TABLE `inventory_stock` (
  `stock_id` int(10) unsigned NOT NULL AUTO_INCREMENT,
  `name` varchar(255) NOT NULL,
  PRIMARY KEY (`stock_id`)
) ENGINE=InnoDB AUTO_INCREMENT=2 DEFAULT CHARSET=utf8;

--
-- Dumping data for table `inventory_stock`
--

INSERT INTO `inventory_stock` VALUES (1,'Default Stock');

--
-- Temporary table structure for view `inventory_stock_1`
--

/*!50001 DROP VIEW IF EXISTS `inventory_stock_1`*/;
/*!50001 CREATE VIEW `inventory_stock_1` AS SELECT 
 1 AS `product_id`,
 1 AS `website_id`,
 1 AS `stock_id`,
 1 AS `quantity`,
 1 AS `is_salable`,
 1 AS `sku`*/;

--
-- Table structure for table `inventory_stock_sales_channel`
--

CREATE TABLE `inventory_stock_sales_channel` (
  `type` varchar(64) NOT NULL,
  `code` varchar(64) NOT NULL,
  `stock_id` int(10) unsigned NOT NULL,
  PRIMARY KEY (`type`,`code`),
  KEY `INVENTORY_STOCK_SALES_CHANNEL_STOCK_ID_INVENTORY_STOCK_STOCK_ID` (`stock_id`)
) ENGINE=InnoDB DEFAULT CHARSET=utf8;

--
-- Dumping data for table `inventory_stock_sales_channel`
--

INSERT INTO `inventory_stock_sales_channel` VALUES ('website','base',1);

--
-- Table structure for table `jwt_auth_revoked`
--

CREATE TABLE `jwt_auth_revoked` (
  `user_type_id` int(10) unsigned NOT NULL COMMENT 'User Type ID',
  `user_id` int(10) unsigned NOT NULL COMMENT 'User ID',
  `revoke_before` bigint(20) unsigned NOT NULL COMMENT 'Not accepting tokens issued before this timestamp',
  PRIMARY KEY (`user_type_id`,`user_id`)
) ENGINE=InnoDB DEFAULT CHARSET=utf8 COMMENT='Holds revoked JWT authentication data';

--
-- Dumping data for table `jwt_auth_revoked`
--


--
-- Table structure for table `klarna_core_order`
--

CREATE TABLE `klarna_core_order` (
  `id` int(10) unsigned NOT NULL AUTO_INCREMENT COMMENT 'Entity Id',
  `klarna_order_id` varchar(255) DEFAULT NULL COMMENT 'Klarna Order Id',
  `session_id` varchar(255) DEFAULT NULL COMMENT 'Session Id',
  `reservation_id` varchar(255) DEFAULT NULL COMMENT 'Reservation Id',
  `order_id` int(10) unsigned NOT NULL COMMENT 'Order Id',
  `is_acknowledged` smallint(6) NOT NULL DEFAULT '0' COMMENT 'Is Acknowledged',
  PRIMARY KEY (`id`),
  KEY `KLARNA_KCO_ORDER_ORDER_ID_SALES_ORDER_ENTITY_ID` (`order_id`),
  KEY `KLARNA_CORE_ORDER_IS_ACKNOWLEDGED` (`is_acknowledged`),
  KEY `KLARNA_CORE_ORDER_ORDER_ID` (`order_id`)
) ENGINE=InnoDB DEFAULT CHARSET=utf8 COMMENT='Klarna Order';

--
-- Dumping data for table `klarna_core_order`
--


--
-- Table structure for table `klarna_logs`
--

CREATE TABLE `klarna_logs` (
  `log_id` smallint(6) NOT NULL AUTO_INCREMENT COMMENT 'Log Id',
  `status` varchar(255) NOT NULL COMMENT 'Status',
  `action` varchar(255) DEFAULT NULL COMMENT 'Action',
  `klarna_id` varchar(255) DEFAULT NULL COMMENT 'Klarna Id',
  `increment_id` varchar(255) DEFAULT NULL COMMENT 'Increment Id',
  `url` varchar(255) NOT NULL COMMENT 'Url',
  `method` varchar(255) NOT NULL COMMENT 'Method',
  `service` varchar(255) NOT NULL COMMENT 'Service',
  `request` text COMMENT 'Request',
  `response` text COMMENT 'Response',
  `created_at` datetime NOT NULL DEFAULT CURRENT_TIMESTAMP COMMENT 'Created at',
  PRIMARY KEY (`log_id`),
  KEY `KLARNA_LOGS_KLARNA_ID` (`klarna_id`),
  FULLTEXT KEY `KLARNA_LOGS_ACTION_KLARNA_ID_INCREMENT_ID_URL` (`action`,`klarna_id`,`increment_id`,`url`)
) ENGINE=InnoDB DEFAULT CHARSET=utf8 COMMENT='Klarna Logs';

--
-- Dumping data for table `klarna_logs`
--


--
-- Table structure for table `klarna_payments_quote`
--

CREATE TABLE `klarna_payments_quote` (
  `payments_quote_id` int(10) unsigned NOT NULL AUTO_INCREMENT COMMENT 'Payments Id',
  `session_id` varchar(255) DEFAULT NULL COMMENT 'Klarna Session Id',
  `client_token` text COMMENT 'Klarna Client Token',
  `authorization_token` varchar(255) DEFAULT NULL COMMENT 'Authorization Token',
  `is_active` smallint(6) NOT NULL DEFAULT '0' COMMENT 'Is Active',
  `quote_id` int(10) unsigned NOT NULL COMMENT 'Quote Id',
  `payment_methods` varchar(255) DEFAULT NULL COMMENT 'Payment Method Categories',
  `payment_method_info` text COMMENT 'Payment Method Category Info',
  PRIMARY KEY (`payments_quote_id`),
  KEY `KLARNA_PAYMENTS_QUOTE_QUOTE_ID` (`quote_id`),
  KEY `KLARNA_PAYMENTS_QUOTE_SESSION_ID` (`session_id`)
) ENGINE=InnoDB DEFAULT CHARSET=utf8 COMMENT='Klarna Payments Quote';

--
-- Dumping data for table `klarna_payments_quote`
--


--
-- Table structure for table `layout_link`
--

CREATE TABLE `layout_link` (
  `layout_link_id` int(10) unsigned NOT NULL AUTO_INCREMENT COMMENT 'Link ID',
  `store_id` smallint(5) unsigned NOT NULL DEFAULT '0' COMMENT 'Store ID',
  `theme_id` int(10) unsigned NOT NULL COMMENT 'Theme ID',
  `layout_update_id` int(10) unsigned NOT NULL DEFAULT '0' COMMENT 'Layout Update ID',
  `is_temporary` tinyint(1) NOT NULL DEFAULT '0' COMMENT 'Defines whether Layout Update is Temporary',
  PRIMARY KEY (`layout_link_id`),
  KEY `LAYOUT_LINK_LAYOUT_UPDATE_ID` (`layout_update_id`),
  KEY `LAYOUT_LINK_STORE_ID_THEME_ID_LAYOUT_UPDATE_ID_IS_TEMPORARY` (`store_id`,`theme_id`,`layout_update_id`,`is_temporary`),
  KEY `LAYOUT_LINK_THEME_ID_THEME_THEME_ID` (`theme_id`)
) ENGINE=InnoDB DEFAULT CHARSET=utf8 COMMENT='Layout Link';

--
-- Dumping data for table `layout_link`
--


--
-- Table structure for table `layout_update`
--

CREATE TABLE `layout_update` (
  `layout_update_id` int(10) unsigned NOT NULL AUTO_INCREMENT COMMENT 'Layout Update ID',
  `handle` varchar(255) DEFAULT NULL COMMENT 'Handle',
  `xml` text COMMENT 'Xml',
  `sort_order` smallint(6) NOT NULL DEFAULT '0' COMMENT 'Sort Order',
  `updated_at` timestamp NULL DEFAULT '0000-00-00 00:00:00' ON UPDATE CURRENT_TIMESTAMP COMMENT 'Last Update Timestamp',
  PRIMARY KEY (`layout_update_id`),
  KEY `LAYOUT_UPDATE_HANDLE` (`handle`)
) ENGINE=InnoDB DEFAULT CHARSET=utf8 COMMENT='Layout Updates';

--
-- Dumping data for table `layout_update`
--


--
-- Table structure for table `login_as_customer`
--

CREATE TABLE `login_as_customer` (
  `secret` varchar(64) NOT NULL COMMENT 'Login Secret',
  `customer_id` int(11) NOT NULL COMMENT 'Customer ID',
  `admin_id` int(11) NOT NULL COMMENT 'Admin ID',
  `created_at` timestamp NULL DEFAULT NULL COMMENT 'Creation Time',
  PRIMARY KEY (`secret`),
  KEY `LOGIN_AS_CUSTOMER_CREATED_AT` (`created_at`)
) ENGINE=InnoDB DEFAULT CHARSET=utf8 COMMENT='Magento Login as Customer Table';

--
-- Dumping data for table `login_as_customer`
--


--
-- Table structure for table `login_as_customer_assistance_allowed`
--

CREATE TABLE `login_as_customer_assistance_allowed` (
  `customer_id` int(10) unsigned NOT NULL COMMENT 'Customer ID',
  PRIMARY KEY (`customer_id`),
  UNIQUE KEY `LOGIN_AS_CUSTOMER_ASSISTANCE_ALLOWED_CUSTOMER_ID` (`customer_id`)
) ENGINE=InnoDB DEFAULT CHARSET=utf8 COMMENT='Magento Login as Customer Assistance Allowed Table';

--
-- Dumping data for table `login_as_customer_assistance_allowed`
--

INSERT INTO `login_as_customer_assistance_allowed` VALUES (406),(497);

--
-- Table structure for table `magefan_blog_category`
--

CREATE TABLE `magefan_blog_category` (
  `category_id` int(11) NOT NULL AUTO_INCREMENT COMMENT 'Category ID',
  `title` varchar(255) DEFAULT NULL COMMENT 'Category Title',
  `meta_title` varchar(255) DEFAULT NULL COMMENT 'Category Meta Title',
  `meta_keywords` text COMMENT 'Category Meta Keywords',
  `meta_description` text COMMENT 'Category Meta Description',
  `identifier` varchar(100) DEFAULT NULL COMMENT 'Category String Identifier',
  `content_heading` varchar(255) DEFAULT NULL COMMENT 'Category Content Heading',
  `content` mediumtext COMMENT 'Category Content',
  `path` varchar(255) DEFAULT NULL COMMENT 'Category Path',
  `position` smallint(6) NOT NULL COMMENT 'Category Position',
  `posts_sort_by` smallint(6) NOT NULL DEFAULT '0' COMMENT 'Post Sort By',
  `include_in_menu` smallint(6) DEFAULT NULL COMMENT 'Category In Menu',
  `is_active` smallint(6) NOT NULL DEFAULT '1' COMMENT 'Is Category Active',
  `display_mode` smallint(6) NOT NULL DEFAULT '0' COMMENT 'Display Mode',
  `page_layout` varchar(255) DEFAULT NULL COMMENT 'Post Layout',
  `layout_update_xml` text COMMENT 'Post Layout Update Content',
  `custom_theme` varchar(100) DEFAULT NULL COMMENT 'Post Custom Theme',
  `custom_layout` varchar(255) DEFAULT NULL COMMENT 'Post Custom Template',
  `custom_layout_update_xml` text COMMENT 'Post Custom Layout Update Content',
  `custom_theme_from` date DEFAULT NULL COMMENT 'Post Custom Theme Active From Date',
  `custom_theme_to` date DEFAULT NULL COMMENT 'Post Custom Theme Active To Date',
  `posts_per_page` int(11) DEFAULT NULL COMMENT 'Posts Per Page',
  `posts_list_template` varchar(100) DEFAULT NULL COMMENT 'Posts List Template',
  PRIMARY KEY (`category_id`),
  KEY `MAGEFAN_BLOG_CATEGORY_IDENTIFIER` (`identifier`),
  KEY `MAGEFAN_BLOG_CATEGORY_INCLUDE_IN_MENU` (`include_in_menu`),
  FULLTEXT KEY `FTI_B76AD11A0A06CC3327BA3A86A016134F` (`title`,`meta_keywords`,`meta_description`,`identifier`,`content`)
) ENGINE=InnoDB AUTO_INCREMENT=15 DEFAULT CHARSET=utf8 COMMENT='Magefan Blog Category Table';

--
-- Dumping data for table `magefan_blog_category`
--

INSERT INTO `magefan_blog_category` VALUES (1,'Fashion',NULL,NULL,NULL,'fashion',NULL,NULL,'0',0,0,NULL,1,0,NULL,NULL,NULL,NULL,NULL,NULL,NULL,NULL,NULL),(2,'Men',NULL,NULL,NULL,'men',NULL,NULL,'0',0,0,NULL,1,0,NULL,NULL,NULL,NULL,NULL,NULL,NULL,NULL,NULL),(3,'Women',NULL,NULL,NULL,'women',NULL,NULL,'0',0,0,NULL,1,0,NULL,NULL,NULL,NULL,NULL,NULL,NULL,NULL,NULL),(4,'Accessories',NULL,NULL,NULL,'accessories',NULL,NULL,'0',0,0,NULL,1,0,NULL,NULL,NULL,NULL,NULL,NULL,NULL,NULL,NULL),(5,'Magento',NULL,NULL,NULL,'magento',NULL,NULL,'1',0,0,NULL,1,0,NULL,NULL,NULL,NULL,NULL,NULL,NULL,NULL,NULL),(6,'Flower',NULL,NULL,NULL,'flower',NULL,NULL,NULL,0,0,NULL,1,0,NULL,NULL,NULL,NULL,NULL,NULL,NULL,NULL,NULL),(7,'Shop',NULL,NULL,NULL,'shop',NULL,NULL,'6',0,0,NULL,1,0,NULL,NULL,NULL,NULL,NULL,NULL,NULL,NULL,NULL),(8,'Occasion',NULL,NULL,NULL,'occasion',NULL,NULL,'6',0,0,NULL,1,0,NULL,NULL,NULL,NULL,NULL,NULL,NULL,NULL,NULL),(9,'Pet',NULL,NULL,NULL,'pet',NULL,NULL,NULL,0,0,NULL,1,0,NULL,NULL,NULL,NULL,NULL,NULL,NULL,NULL,NULL),(10,'Dog',NULL,NULL,NULL,'dog',NULL,NULL,'9',0,0,NULL,1,0,NULL,NULL,NULL,NULL,NULL,NULL,NULL,NULL,NULL),(11,'Cat',NULL,NULL,NULL,'cat',NULL,NULL,'9',0,0,NULL,1,0,NULL,NULL,NULL,NULL,NULL,NULL,NULL,NULL,NULL),(12,'Kid',NULL,NULL,NULL,'kid',NULL,NULL,NULL,0,0,NULL,1,0,NULL,NULL,NULL,NULL,NULL,NULL,NULL,NULL,NULL),(13,'Baby Boy',NULL,NULL,NULL,'baby-boy',NULL,NULL,'12',0,0,NULL,1,0,NULL,NULL,NULL,NULL,NULL,NULL,NULL,NULL,NULL),(14,'Baby Girl',NULL,NULL,NULL,'baby-girl',NULL,NULL,'12',0,0,NULL,1,0,NULL,NULL,NULL,NULL,NULL,NULL,NULL,NULL,NULL);

--
-- Table structure for table `magefan_blog_category_store`
--

CREATE TABLE `magefan_blog_category_store` (
  `category_id` int(11) NOT NULL COMMENT 'Category ID',
  `store_id` smallint(5) unsigned NOT NULL COMMENT 'Store ID',
  PRIMARY KEY (`category_id`,`store_id`),
  KEY `MAGEFAN_BLOG_CATEGORY_STORE_STORE_ID` (`store_id`)
) ENGINE=InnoDB DEFAULT CHARSET=utf8 COMMENT='Magefan Blog Category To Store Linkage Table';

--
-- Dumping data for table `magefan_blog_category_store`
--

INSERT INTO `magefan_blog_category_store` VALUES (1,0),(2,0),(3,0),(4,0),(5,0),(6,0),(7,36),(8,36),(9,37),(10,37),(11,37),(12,38),(13,38),(14,38),(7,39),(8,39),(9,40),(10,40),(11,40),(12,41),(13,41),(14,41);

--
-- Table structure for table `magefan_blog_comment`
--

CREATE TABLE `magefan_blog_comment` (
  `comment_id` int(11) NOT NULL AUTO_INCREMENT COMMENT 'Comment ID',
  `parent_id` int(11) NOT NULL COMMENT 'Parent Comment ID',
  `post_id` int(11) NOT NULL COMMENT 'Post ID',
  `customer_id` int(11) DEFAULT NULL COMMENT 'Customer ID',
  `admin_id` int(11) DEFAULT NULL COMMENT 'Admin User ID',
  `status` smallint(6) NOT NULL COMMENT 'Comment status',
  `author_type` smallint(6) NOT NULL COMMENT 'Author Type',
  `author_nickname` varchar(255) NOT NULL COMMENT 'Comment Author Nickname',
  `author_email` varchar(255) DEFAULT NULL COMMENT 'Comment Author Email',
  `text` mediumtext COMMENT 'Text',
  `creation_time` timestamp NOT NULL DEFAULT CURRENT_TIMESTAMP ON UPDATE CURRENT_TIMESTAMP COMMENT 'Comment Creation Time',
  `update_time` timestamp NOT NULL DEFAULT '0000-00-00 00:00:00' COMMENT 'Comment Update Time',
  PRIMARY KEY (`comment_id`),
  KEY `MAGEFAN_BLOG_COMMENT_PARENT_ID` (`parent_id`),
  KEY `MAGEFAN_BLOG_COMMENT_POST_ID` (`post_id`),
  KEY `MAGEFAN_BLOG_COMMENT_CUSTOMER_ID` (`customer_id`),
  KEY `MAGEFAN_BLOG_COMMENT_ADMIN_ID` (`admin_id`),
  KEY `MAGEFAN_BLOG_COMMENT_STATUS` (`status`)
) ENGINE=InnoDB DEFAULT CHARSET=utf8 COMMENT='magefan_blog_comment';

--
-- Dumping data for table `magefan_blog_comment`
--


--
-- Table structure for table `magefan_blog_post`
--

CREATE TABLE `magefan_blog_post` (
  `post_id` int(11) NOT NULL AUTO_INCREMENT COMMENT 'Post ID',
  `title` varchar(255) DEFAULT NULL COMMENT 'Post Title',
  `meta_title` varchar(255) DEFAULT NULL COMMENT 'Post Meta Title',
  `meta_keywords` text COMMENT 'Post Meta Keywords',
  `meta_description` text COMMENT 'Post Meta Description',
  `identifier` varchar(100) DEFAULT NULL COMMENT 'Post String Identifier',
  `og_title` varchar(255) DEFAULT NULL COMMENT 'Post OG Title',
  `og_description` varchar(255) DEFAULT NULL COMMENT 'Post OG Description',
  `og_img` varchar(255) DEFAULT NULL COMMENT 'Post OG Img',
  `og_type` varchar(255) DEFAULT NULL COMMENT 'Post OG Type',
  `content_heading` varchar(255) DEFAULT NULL COMMENT 'Post Content Heading',
  `content` mediumtext COMMENT 'Post Content',
  `creation_time` timestamp NULL DEFAULT NULL COMMENT 'Post Creation Time',
  `update_time` timestamp NULL DEFAULT NULL COMMENT 'Post Modification Time',
  `publish_time` timestamp NULL DEFAULT NULL COMMENT 'Post Publish Time',
  `is_active` smallint(6) NOT NULL DEFAULT '1' COMMENT 'Is Post Active',
  `include_in_recent` smallint(6) NOT NULL DEFAULT '1' COMMENT 'Include in Recent Posts',
  `position` smallint(6) NOT NULL DEFAULT '0' COMMENT 'Position',
  `featured_img` varchar(255) DEFAULT NULL COMMENT 'Thumbnail Image',
  `featured_img_alt` varchar(255) DEFAULT NULL COMMENT 'Featured Image Alt',
  `author_id` int(11) DEFAULT NULL COMMENT 'Author ID',
  `page_layout` varchar(255) DEFAULT NULL COMMENT 'Post Layout',
  `layout_update_xml` text COMMENT 'Post Layout Update Content',
  `custom_theme` varchar(100) DEFAULT NULL COMMENT 'Post Custom Theme',
  `custom_layout` varchar(255) DEFAULT NULL COMMENT 'Post Custom Template',
  `custom_layout_update_xml` text COMMENT 'Post Custom Layout Update Content',
  `custom_theme_from` date DEFAULT NULL COMMENT 'Post Custom Theme Active From Date',
  `custom_theme_to` date DEFAULT NULL COMMENT 'Post Custom Theme Active To Date',
  `media_gallery` mediumtext COMMENT 'Media Gallery',
  `secret` varchar(32) DEFAULT NULL COMMENT 'Post Secret',
  `views_count` int(11) DEFAULT NULL COMMENT 'Post Views Count',
  `is_recent_posts_skip` smallint(6) DEFAULT NULL COMMENT 'Is Post Skipped From Recent Posts',
  `short_content` mediumtext COMMENT 'Post Short Content',
  `comments_count` int(11) DEFAULT NULL COMMENT 'Post Comment Counts',
  PRIMARY KEY (`post_id`),
  KEY `MAGEFAN_BLOG_POST_IDENTIFIER` (`identifier`),
  KEY `MAGEFAN_BLOG_POST_AUTHOR_ID` (`author_id`),
  KEY `MAGEFAN_BLOG_POST_VIEWS_COUNT` (`views_count`),
  KEY `MAGEFAN_BLOG_POST_IS_RECENT_POSTS_SKIP` (`is_recent_posts_skip`),
  FULLTEXT KEY `FTI_A5DB7871E89B230F74EDFBECEB4659FA` (`title`,`meta_keywords`,`meta_description`,`identifier`,`content`)
) ENGINE=InnoDB AUTO_INCREMENT=14 DEFAULT CHARSET=utf8 COMMENT='Magefan Blog Post Table';

--
-- Dumping data for table `magefan_blog_post`
--

INSERT INTO `magefan_blog_post` VALUES (1,'Hello world!',NULL,'magento 2 blog','Magento 2 blog default post.','hello-world',NULL,NULL,NULL,NULL,'Hello world!','Welcome to <a target=\"_blank\" href=\"http://magefan.com/\" title=\"Magefan - solutions for Magento 2\">Magefan</a> blog extension for Magento&reg; 2. This is your first post. Edit or delete it, then start blogging!','2016-04-20 17:24:33','2016-04-20 18:02:22','2016-04-20 13:00:00',0,1,0,NULL,NULL,NULL,NULL,NULL,NULL,NULL,NULL,NULL,NULL,NULL,NULL,NULL,NULL,NULL,NULL),(2,'New trend style',NULL,NULL,NULL,'new-trend-style',NULL,NULL,NULL,NULL,NULL,'<p>Donec commodo finibus massa, in malesuada arcu tincidunt tristique! In rutrum non nisi id volutpat. Integer rhoncus placerat odio non ultricies. Donec pretium ex venenatis nulla sagittis, non pulvinar velit ultrices. Vivamus convallis imperdiet aliquam! Phasellus vehicula feugiat magna at mattis. Aenean rhoncus pellentesque risus; in blandit massa vulputate non. Fusce eget orci sed nisi pretium faucibus. Curabitur vel turpis est. In a urna rutrum felis pulvinar tincidunt eget a magna. Curabitur mattis ut ligula non varius.</p>','2016-04-20 17:53:46','2019-12-12 09:47:59','2019-12-12 00:00:00',1,1,0,'magefan_blog/b/l/blog4.jpg',NULL,1,NULL,NULL,NULL,NULL,NULL,NULL,NULL,NULL,NULL,0,NULL,NULL,0),(3,'Fashion kids sport',NULL,NULL,NULL,'fashion-kids-sport',NULL,NULL,NULL,NULL,NULL,'<p>Donec commodo finibus massa, in malesuada arcu tincidunt tristique! In rutrum non nisi id volutpat. Integer rhoncus placerat odio non ultricies. Donec pretium ex venenatis nulla sagittis, non pulvinar velit ultrices. Vivamus convallis imperdiet aliquam! Phasellus vehicula feugiat magna at mattis. Aenean rhoncus pellentesque risus; in blandit massa vulputate non. Fusce eget orci sed nisi pretium faucibus. Curabitur vel turpis est. In a urna rutrum felis pulvinar tincidunt eget a magna. Curabitur mattis ut ligula non varius.</p>','2016-04-20 17:57:12','2019-12-12 09:46:17','2019-12-12 00:00:00',1,1,0,'magefan_blog/b/l/blog3.jpg',NULL,1,NULL,NULL,NULL,NULL,NULL,NULL,NULL,NULL,NULL,0,NULL,NULL,0),(4,'Street style new 2016',NULL,NULL,NULL,'street-style-new',NULL,NULL,NULL,NULL,NULL,'<p>Donec commodo finibus massa, in malesuada arcu tincidunt tristique! In rutrum non nisi id volutpat. Integer rhoncus placerat odio non ultricies. Donec pretium ex venenatis nulla sagittis, non pulvinar velit ultrices. Vivamus convallis imperdiet aliquam! Phasellus vehicula feugiat magna at mattis. Aenean rhoncus pellentesque risus; in blandit massa vulputate non. Fusce eget orci sed nisi pretium faucibus. Curabitur vel turpis est. In a urna rutrum felis pulvinar tincidunt eget a magna. Curabitur mattis ut ligula non varius.</p>','2016-04-20 17:58:47','2019-12-12 09:46:46','2019-12-12 00:00:00',1,1,0,'magefan_blog/b/l/blog2.jpg',NULL,1,NULL,NULL,NULL,NULL,NULL,NULL,NULL,NULL,NULL,0,NULL,NULL,0),(5,'vintage for women',NULL,NULL,NULL,'vinatage-for-women',NULL,NULL,NULL,NULL,NULL,'<p>Donec commodo finibus massa, in malesuada arcu tincidunt tristique! In rutrum non nisi id volutpat. Integer rhoncus placerat odio non ultricies. Donec pretium ex venenatis nulla sagittis, non pulvinar velit ultrices. Vivamus convallis imperdiet aliquam! Phasellus vehicula feugiat magna at mattis. Aenean rhoncus pellentesque risus; in blandit massa vulputate non. Fusce eget orci sed nisi pretium faucibus. Curabitur vel turpis est. In a urna rutrum felis pulvinar tincidunt eget a magna. Curabitur mattis ut ligula non varius.</p>','2016-04-20 18:01:39','2019-12-12 09:47:29','2019-12-12 00:00:00',1,1,0,'magefan_blog/b/l/blog1.jpg',NULL,1,NULL,NULL,NULL,NULL,NULL,NULL,NULL,NULL,NULL,0,NULL,NULL,0),(6,'International Specialty Seed Sources',NULL,NULL,NULL,'international-specialty-seed-sources',NULL,NULL,NULL,NULL,NULL,'Since we first started selling specialty cut flower seeds in 2016, we have had the privilege of helping flower lovers all over the world grow the gardens of their dreams. Over the years, we\'ve sent thousands of envelopes full of seeds bearing our signature YAY! stickers to Slovenia, South Africa','2019-12-12 09:52:27','2019-12-12 09:52:27','2019-12-12 09:52:27',1,1,0,'magefan_blog/blog1.png',NULL,1,NULL,NULL,NULL,NULL,NULL,NULL,NULL,NULL,NULL,0,NULL,'Since we first started selling specialty cut flower seeds in 2016, we have had the privilege of helping flower lovers all over the world grow the gardens of their dreams.',0),(7,'6 Unique Features of the Floret Online Workshop',NULL,NULL,NULL,'6-unique-features-of-the-floret-online-workshop',NULL,NULL,NULL,NULL,NULL,'Over the years, I’ve turned to online courses to dig deeper into all sorts of different topics ranging from creative photography to marketing to copywriting. Online courses can be a great way to learn more about a particular topic from the comfort of your own home. ','2019-12-12 09:53:44','2019-12-12 09:53:44','2019-12-12 09:53:44',1,1,0,'magefan_blog/blog2.png',NULL,1,NULL,NULL,NULL,NULL,NULL,NULL,NULL,NULL,NULL,0,NULL,'Over the years, I’ve turned to online courses to dig deeper into all sorts of different topics ranging from creative photography to marketing to copywriting.',0),(8,'Meet the 2020 Floret Scholarship Winners',NULL,NULL,NULL,'meet-the-2020-floret-scholarship-winners',NULL,NULL,NULL,NULL,NULL,'Announcing the Floret Scholarship winners is always one of the highlights of the year for all of us here at Floret.\r\nOver the last week, the team and I have been hustling to ship boxes of bulbs during the day and read the scholarship essays in the evenings. It was both exhausting and exhilarating! ','2019-12-12 09:54:41','2019-12-12 09:54:41','2019-12-12 09:54:41',1,1,0,'magefan_blog/blog3.png',NULL,1,NULL,NULL,NULL,NULL,NULL,NULL,NULL,NULL,NULL,0,NULL,'Announcing the Floret Scholarship winners is always one of the highlights of the year for all of us here at Floret.',0),(9,'Dog-lovers Shopping guide to Coronado							',NULL,NULL,NULL,'dog-lovers-shopping-guide-to-coronado',NULL,NULL,NULL,NULL,NULL,'Not only is Coronado Island a paradise for dogs, it’s also a great place for dog-lovers to shop! Here are 40+ highlights from 8 of our favorite Coronado stores – all of which allow your pups to peruse alongside you!\r\nOf course we have to start with Wag’N Tails – Coronado’s quality pet store. Aside from every doggie goodie you would need, owner Melanie offers special Islander items such as City of Coronado street signs customized with your dog’s name or, if you want to get zip-code specific, there’s the Nado 92118 ribbon collar, pictured here in two colorways…\r\n\r\n','2019-12-12 10:09:07','2019-12-12 10:09:07','2019-12-12 10:09:07',1,1,0,'magefan_blog/blog1.jpg',NULL,1,NULL,NULL,NULL,NULL,NULL,NULL,NULL,NULL,NULL,0,NULL,'Not only is Coronado Island a paradise for dogs, it’s also a great place for dog-lovers to shop',0),(10,'Bodie’s Tests the Furbo Dog Camera & Treat Dispenser',NULL,NULL,NULL,'bodies-tests-the-furbo-dog-camera-and-treat-dispenser',NULL,NULL,NULL,NULL,NULL,'This review is supported by Furbo, who kindly gifted Bodie with this nifty gadget so we could give you the lowdown! All thoughts and experiences are our very own.\r\nI have always felt a combination of guilty and anxious leaving Bodie home alone, even when I’ve taken him out for an exhaustive walk and all he really wants to do is splay out and sleep, I still feel uneasy telling him, ‘You’re going to stay!’ He watches me so expectantly as I get ready and when he hears the word ‘stay’ he sighs and turns away from me, flumping down on his mat, resigned to his fate. Which is better than when he used to throw himself down on the doorstep like a dead weight and refuse to move, acting like he was about to draw his last breath in a dramatic rendition of a Shakespearean play.','2019-12-12 10:10:48','2019-12-12 10:10:48','2019-12-12 10:10:48',1,1,0,'magefan_blog/blog3.jpg',NULL,1,NULL,NULL,NULL,NULL,NULL,NULL,NULL,NULL,NULL,0,NULL,'This review is supported by Furbo, who kindly gifted Bodie with this nifty gadget so we could give you the lowdown! All thoughts and experiences are our very own.',0),(11,'Bodie at the Dog-Friendly Oregon Dunes',NULL,NULL,NULL,'bodie-at-the-dog-friendly-oregon-dunes',NULL,NULL,NULL,NULL,NULL,'It seems unfathomable that this magnificent Lawrence of Arabia experience awaits just off Highway 101. Here’s your paw-by-paw guide to the dog-friendly Oregon Dunes…\r\nWe pulled into the shady carpark and followed the signs guiding us along a wooden walkway, glimpsing lush forest and wildflowers…\r\nSuddenly the scene opened out and revealed this evergreen-trimmed marshland, complete with free-form lily pond.','2019-12-12 10:12:01','2019-12-12 10:12:01','2019-12-12 10:12:01',1,1,0,'magefan_blog/blog2.jpg',NULL,1,NULL,NULL,NULL,NULL,NULL,NULL,NULL,NULL,NULL,0,NULL,'It seems unfathomable that this magnificent Lawrence of Arabia experience awaits just off Highway 101. Here’s your paw-by-paw guide to the dog-friendly Oregon Dunes…',0),(12,'Opal is deaf and blind, but her owners insist she’s no underdog',NULL,NULL,NULL,'opal-is-deaf-and-blind-but-her-owners-insist-shes-no-underdog',NULL,NULL,NULL,NULL,NULL,'It seems unfathomable that this magnificent Lawrence of Arabia experience awaits just off Highway 101. Here’s your paw-by-paw guide to the dog-friendly Oregon Dunes…\r\nWe pulled into the shady carpark and followed the signs guiding us along a wooden walkway, glimpsing lush forest and wildflowers…\r\nSuddenly the scene opened out and revealed this evergreen-trimmed marshland, complete with free-form lily pond.','2019-12-31 04:08:33','2019-12-31 04:09:50','2019-12-31 00:00:00',1,1,0,'magefan_blog/post1.jpg',NULL,1,NULL,NULL,NULL,NULL,NULL,NULL,NULL,NULL,NULL,0,NULL,'It seems unfathomable that this magnificent Lawrence of Arabia experience awaits just off Highway 101. Here’s your paw-by-paw guide to the dog-friendly Oregon Dunes…',0),(13,'A grassroots effort to bring Jamaica\'s coral reefs back from the brink',NULL,NULL,NULL,'a-grassroots-effort-to-bring-jamaicas-coral-reefs-back-from-the-brink',NULL,NULL,NULL,NULL,NULL,'It seems unfathomable that this magnificent Lawrence of Arabia experience awaits just off Highway 101. Here’s your paw-by-paw guide to the dog-friendly Oregon Dunes…\r\nWe pulled into the shady carpark and followed the signs guiding us along a wooden walkway, glimpsing lush forest and wildflowers…\r\nSuddenly the scene opened out and revealed this evergreen-trimmed marshland, complete with free-form lily pond.','2019-12-31 04:09:25','2019-12-31 04:10:05','2019-12-31 00:00:00',1,1,0,'magefan_blog/post2.jpg',NULL,1,NULL,NULL,NULL,NULL,NULL,NULL,NULL,NULL,NULL,0,NULL,'It seems unfathomable that this magnificent Lawrence of Arabia experience awaits just off Highway 101. Here’s your paw-by-paw guide to the dog-friendly Oregon Dunes…',0);

--
-- Table structure for table `magefan_blog_post_category`
--

CREATE TABLE `magefan_blog_post_category` (
  `post_id` int(11) NOT NULL COMMENT 'Post ID',
  `category_id` int(11) NOT NULL COMMENT 'Category ID',
  PRIMARY KEY (`post_id`,`category_id`),
  KEY `MAGEFAN_BLOG_POST_CATEGORY_CATEGORY_ID` (`category_id`)
) ENGINE=InnoDB DEFAULT CHARSET=utf8 COMMENT='Magefan Blog Post To Category Linkage Table';

--
-- Dumping data for table `magefan_blog_post_category`
--

INSERT INTO `magefan_blog_post_category` VALUES (2,1),(3,1),(4,1),(5,1),(2,2),(3,2),(4,2),(5,2),(2,3),(3,3),(4,3),(5,3),(2,4),(3,4),(4,4),(5,4),(2,5),(3,5),(4,5),(5,5),(6,6),(7,6),(8,6),(6,7),(7,7),(6,8),(8,8),(9,9),(10,9),(11,9),(9,10),(10,10),(11,10),(9,11),(11,11),(12,12),(13,12),(12,13),(13,13),(12,14),(13,14);

--
-- Table structure for table `magefan_blog_post_relatedpost`
--

CREATE TABLE `magefan_blog_post_relatedpost` (
  `post_id` int(11) NOT NULL COMMENT 'Post ID',
  `related_id` int(11) NOT NULL COMMENT 'Related Post ID',
  `position` int(11) NOT NULL COMMENT 'Position',
  PRIMARY KEY (`post_id`,`related_id`),
  KEY `MAGEFAN_BLOG_POST_RELATEDPRODUCT_RELATED_ID` (`related_id`)
) ENGINE=InnoDB DEFAULT CHARSET=utf8 COMMENT='Magefan Blog Post To Post Linkage Table';

--
-- Dumping data for table `magefan_blog_post_relatedpost`
--

INSERT INTO `magefan_blog_post_relatedpost` VALUES (4,2,0),(4,3,0),(5,2,1),(5,3,0),(5,4,0);

--
-- Table structure for table `magefan_blog_post_relatedproduct`
--

CREATE TABLE `magefan_blog_post_relatedproduct` (
  `post_id` int(11) NOT NULL COMMENT 'Post ID',
  `related_id` int(10) unsigned NOT NULL COMMENT 'Related Product ID',
  `position` int(11) NOT NULL COMMENT 'Position',
  PRIMARY KEY (`post_id`,`related_id`),
  KEY `MAGEFAN_BLOG_POST_RELATEDPRODUCT_RELATED_ID` (`related_id`)
) ENGINE=InnoDB DEFAULT CHARSET=utf8 COMMENT='Magefan Blog Post To Product Linkage Table';

--
-- Dumping data for table `magefan_blog_post_relatedproduct`
--


--
-- Table structure for table `magefan_blog_post_store`
--

CREATE TABLE `magefan_blog_post_store` (
  `post_id` int(11) NOT NULL COMMENT 'Post ID',
  `store_id` smallint(5) unsigned NOT NULL COMMENT 'Store ID',
  PRIMARY KEY (`post_id`,`store_id`),
  KEY `MAGEFAN_BLOG_POST_STORE_STORE_ID` (`store_id`)
) ENGINE=InnoDB DEFAULT CHARSET=utf8 COMMENT='Magefan Blog Post To Store Linkage Table';

--
-- Dumping data for table `magefan_blog_post_store`
--

INSERT INTO `magefan_blog_post_store` VALUES (1,0),(2,4),(3,4),(4,4),(5,4),(2,5),(3,5),(4,5),(5,5),(2,6),(3,6),(4,6),(5,6),(2,7),(3,7),(4,7),(5,7),(2,8),(3,8),(4,8),(5,8),(2,9),(3,9),(4,9),(5,9),(2,10),(3,10),(4,10),(5,10),(2,11),(3,11),(4,11),(5,11),(2,12),(3,12),(4,12),(5,12),(2,13),(3,13),(4,13),(5,13),(2,14),(3,14),(4,14),(5,14),(2,15),(3,15),(4,15),(5,15),(2,16),(3,16),(4,16),(5,16),(2,17),(3,17),(4,17),(5,17),(2,20),(3,20),(4,20),(5,20),(2,21),(3,21),(4,21),(5,21),(2,22),(3,22),(4,22),(5,22),(2,23),(3,23),(4,23),(5,23),(2,24),(3,24),(4,24),(5,24),(2,25),(3,25),(4,25),(5,25),(2,26),(3,26),(4,26),(5,26),(2,30),(3,30),(4,30),(5,30),(2,31),(3,31),(4,31),(5,31),(2,32),(3,32),(4,32),(5,32),(2,33),(3,33),(4,33),(5,33),(6,36),(7,36),(8,36),(9,37),(10,37),(11,37),(12,38),(13,38),(6,39),(7,39),(8,39),(9,40),(10,40),(11,40),(12,41),(13,41);

--
-- Table structure for table `magefan_blog_post_tag`
--

CREATE TABLE `magefan_blog_post_tag` (
  `post_id` int(11) NOT NULL COMMENT 'Post ID',
  `tag_id` int(11) NOT NULL COMMENT 'Tag ID',
  PRIMARY KEY (`post_id`,`tag_id`),
  KEY `MAGEFAN_BLOG_POST_TAG_TAG_ID` (`tag_id`)
) ENGINE=InnoDB DEFAULT CHARSET=utf8 COMMENT='Magefan Blog Post To Category Linkage Table';

--
-- Dumping data for table `magefan_blog_post_tag`
--


--
-- Table structure for table `magefan_blog_tag`
--

CREATE TABLE `magefan_blog_tag` (
  `tag_id` int(11) NOT NULL AUTO_INCREMENT COMMENT 'Tag ID',
  `title` varchar(255) DEFAULT NULL COMMENT 'Tag Title',
  `meta_robots` varchar(255) DEFAULT NULL COMMENT 'Tag Degault Robots',
  `meta_description` varchar(255) DEFAULT NULL COMMENT 'Tag Meta Description',
  `meta_keywords` varchar(255) DEFAULT NULL COMMENT 'Tag Meta Keywords',
  `meta_title` varchar(255) DEFAULT NULL COMMENT 'Tag Meta Title',
  `identifier` varchar(100) DEFAULT NULL COMMENT 'Tag String Identifier',
  `page_layout` varchar(255) DEFAULT NULL COMMENT 'Tag Layout',
  `is_active` smallint(6) NOT NULL DEFAULT '1' COMMENT 'Is Tag Active',
  `content` mediumtext COMMENT 'Tag Content',
  `layout_update_xml` text COMMENT 'Tag Layout Update Content',
  `custom_theme` varchar(100) DEFAULT NULL COMMENT 'Tag Custom Theme',
  `custom_layout` varchar(255) DEFAULT NULL COMMENT 'Tag Custom Template',
  `custom_layout_update_xml` text COMMENT 'Tag Custom Layout Update Content',
  `custom_theme_from` date DEFAULT NULL COMMENT 'Tag Custom Theme Active From Date',
  `custom_theme_to` date DEFAULT NULL COMMENT 'Tag Custom Theme Active To Date',
  `posts_per_page` int(11) DEFAULT NULL COMMENT 'Posts Per Page',
  `posts_list_template` varchar(100) DEFAULT NULL COMMENT 'Posts List Template',
  PRIMARY KEY (`tag_id`),
  KEY `MAGEFAN_BLOG_TAG_IDENTIFIER` (`identifier`),
  KEY `MAGEFAN_BLOG_TAG_IS_ACTIVE` (`is_active`)
) ENGINE=InnoDB DEFAULT CHARSET=utf8 COMMENT='Magefan Blog Tag Table';

--
-- Dumping data for table `magefan_blog_tag`
--


--
-- Table structure for table `magefan_blog_tag_store`
--

CREATE TABLE `magefan_blog_tag_store` (
  `tag_id` int(11) NOT NULL COMMENT 'Tag ID',
  `store_id` smallint(5) unsigned NOT NULL COMMENT 'Store ID',
  PRIMARY KEY (`tag_id`,`store_id`),
  KEY `MAGEFAN_BLOG_TAG_STORE_STORE_ID` (`store_id`)
) ENGINE=InnoDB DEFAULT CHARSET=utf8 COMMENT='Magefan Blog Tag To Store Linkage Table';

--
-- Dumping data for table `magefan_blog_tag_store`
--


--
-- Table structure for table `magento_acknowledged_bulk`
--

CREATE TABLE `magento_acknowledged_bulk` (
  `id` int(10) unsigned NOT NULL AUTO_INCREMENT COMMENT 'Internal ID',
  `bulk_uuid` varbinary(39) DEFAULT NULL COMMENT 'Related Bulk UUID',
  PRIMARY KEY (`id`),
  UNIQUE KEY `MAGENTO_ACKNOWLEDGED_BULK_BULK_UUID` (`bulk_uuid`)
) ENGINE=InnoDB DEFAULT CHARSET=utf8 COMMENT='Bulk that was viewed by user from notification area';

--
-- Dumping data for table `magento_acknowledged_bulk`
--


--
-- Table structure for table `magento_bulk`
--

CREATE TABLE `magento_bulk` (
  `id` int(10) unsigned NOT NULL AUTO_INCREMENT COMMENT 'Bulk Internal ID (must not be exposed)',
  `uuid` varbinary(39) DEFAULT NULL COMMENT 'Bulk UUID (can be exposed to reference bulk entity)',
  `user_id` int(10) unsigned DEFAULT NULL COMMENT 'ID of the WebAPI user that performed an action',
  `user_type` int(11) DEFAULT NULL COMMENT 'Which type of user',
  `description` varchar(255) DEFAULT NULL COMMENT 'Bulk Description',
  `operation_count` int(10) unsigned NOT NULL COMMENT 'Total number of operations scheduled within this bulk',
  `start_time` timestamp NOT NULL DEFAULT CURRENT_TIMESTAMP COMMENT 'Bulk start time',
  PRIMARY KEY (`id`),
  UNIQUE KEY `MAGENTO_BULK_UUID` (`uuid`),
  KEY `MAGENTO_BULK_USER_ID` (`user_id`),
  KEY `MAGENTO_BULK_START_TIME` (`start_time`)
) ENGINE=InnoDB DEFAULT CHARSET=utf8 COMMENT='Bulk entity that represents set of related asynchronous operations';

--
-- Dumping data for table `magento_bulk`
--


--
-- Table structure for table `magento_login_as_customer_log`
--

CREATE TABLE `magento_login_as_customer_log` (
  `log_id` int(11) NOT NULL AUTO_INCREMENT COMMENT 'Log Id',
  `time` timestamp NULL DEFAULT NULL COMMENT 'Event Date',
  `user_id` int(10) unsigned DEFAULT NULL COMMENT 'User Id',
  `user_name` varchar(40) DEFAULT NULL COMMENT 'User Name',
  `customer_id` int(10) unsigned DEFAULT NULL COMMENT 'Customer Id',
  `customer_email` varchar(40) DEFAULT NULL COMMENT 'Customer email',
  PRIMARY KEY (`log_id`),
  KEY `MAGENTO_LOGIN_AS_CUSTOMER_LOG_USER_ID` (`user_id`)
) ENGINE=InnoDB DEFAULT CHARSET=utf8 COMMENT='Login as Customer Logging';

--
-- Dumping data for table `magento_login_as_customer_log`
--


--
-- Table structure for table `magento_operation`
--

CREATE TABLE `magento_operation` (
  `id` int(10) unsigned NOT NULL AUTO_INCREMENT COMMENT 'Operation ID',
  `bulk_uuid` varbinary(39) DEFAULT NULL COMMENT 'Related Bulk UUID',
  `topic_name` varchar(255) DEFAULT NULL COMMENT 'Name of the related message queue topic',
  `serialized_data` blob COMMENT 'Data (serialized) required to perform an operation',
  `result_serialized_data` blob COMMENT 'Result data (serialized) after perform an operation',
  `status` smallint(6) DEFAULT '0' COMMENT 'Operation status (OPEN | COMPLETE | RETRIABLY_FAILED | NOT_RETRIABLY_FAILED)',
  `error_code` smallint(6) DEFAULT NULL COMMENT 'Code of the error that appeared during operation execution (used to aggregate related failed operations)',
  `result_message` varchar(255) DEFAULT NULL COMMENT 'Operation result message',
  `operation_key` int(10) unsigned NOT NULL COMMENT 'Operation Key',
  `started_at` timestamp NULL DEFAULT NULL COMMENT 'Datetime the operation started processing',
  PRIMARY KEY (`id`),
  KEY `MAGENTO_OPERATION_BULK_UUID_ERROR_CODE` (`bulk_uuid`,`error_code`),
  KEY `MAGENTO_OPERATION_STATUS_STARTED_AT` (`status`,`started_at`)
) ENGINE=InnoDB DEFAULT CHARSET=utf8 COMMENT='Operation entity';

--
-- Dumping data for table `magento_operation`
--


--
-- Table structure for table `magiccart_lookbook`
--

CREATE TABLE `magiccart_lookbook` (
  `lookbook_id` int(11) NOT NULL AUTO_INCREMENT COMMENT 'Lookbook ID',
  `title` varchar(255) DEFAULT NULL COMMENT 'Title',
  `identifier` varchar(255) DEFAULT NULL COMMENT 'Identifier',
  `type_id` smallint(6) NOT NULL DEFAULT '1' COMMENT 'Type',
  `link` varchar(255) DEFAULT NULL COMMENT 'Link',
  `image` varchar(255) DEFAULT NULL COMMENT 'Image',
  `options` text COMMENT 'options',
  `stores` varchar(255) DEFAULT NULL COMMENT 'Stores',
  `order` int(11) NOT NULL DEFAULT '0' COMMENT 'Order',
  `status` smallint(6) NOT NULL DEFAULT '1' COMMENT 'Status',
  `description` varchar(255) DEFAULT NULL COMMENT 'Description',
  `config` mediumtext COMMENT 'Config',
  PRIMARY KEY (`lookbook_id`)
) ENGINE=InnoDB AUTO_INCREMENT=3 DEFAULT CHARSET=utf8 COMMENT='Magiccart Lookbook';

--
-- Dumping data for table `magiccart_lookbook`
--

INSERT INTO `magiccart_lookbook` VALUES (1,'Lookbok','lookbok',1,'#','magiccart/lookbook/s/l/slider1_03.jpg','{\"magic_pin\":{\"0\":{\"content\":\"Cras sem sapien(#59)\",\"undefined\":\"Save pin\",\"product_id\":\"59\",\"coords\":{\"lat\":\"1135.75\",\"long\":\"386.65\"}},\"1\":{\"content\":\"Wave Ripped Straight(#3)\",\"undefined\":\"Save pin\",\"product_id\":\"3\",\"coords\":{\"lat\":\"1206.75\",\"long\":\"675.65\"}},\"2\":{\"content\":\"Primo Court Mid Suede(#1)\",\"undefined\":\"Save pin\",\"product_id\":\"1\",\"coords\":{\"lat\":\"383.5\",\"long\":\"308\"}},\"3\":{\"content\":\"The Net Bag in Navy(#2)\",\"undefined\":\"Save pin\",\"product_id\":\"2\",\"coords\":{\"lat\":\"660.75\",\"long\":\"480.65\"}},\"4\":{\"content\":\"Fusce nec facilisi(#61)\",\"undefined\":\"Save pin\",\"product_id\":\"61\",\"coords\":{\"lat\":\"630.75\",\"long\":\"723.65\"}},\"canvas\":{\"src\":\"https://m2.alothemes.com/milano/pub/media/magiccart/lookbook/s/l/slider1_03.jpg\",\"width\":1720,\"height\":975}}}','0',0,1,NULL,NULL),(2,'Lookbok 2','lookbok2',1,'#','magiccart/lookbook/s/l/slider2_03.jpg','{\"magic_pin\":{\"0\":{\"content\":\"Quisque neque(#60)\",\"undefined\":\"Save pin\",\"product_id\":\"60\",\"coords\":{\"lat\":\"916.75\",\"long\":\"533.65\"}},\"2\":{\"content\":\"Donec sem tellus(#7)\",\"undefined\":\"Save pin\",\"product_id\":\"7\",\"coords\":{\"lat\":\"1163.75\",\"long\":\"695\"}},\"canvas\":{\"src\":\"https:\\/\\/m2.alothemes.com\\/milano\\/pub\\/media\\/magiccart\\/lookbook\\/s\\/l\\/slider2_03.jpg\",\"width\":1720,\"height\":975}}}','0',0,1,NULL,NULL);

--
-- Table structure for table `magiccart_magicmenu`
--

CREATE TABLE `magiccart_magicmenu` (
  `magicmenu_id` int(11) NOT NULL AUTO_INCREMENT COMMENT 'Magicmenu ID',
  `cat_id` varchar(255) DEFAULT NULL COMMENT 'Category Id',
  `cat_col` varchar(255) DEFAULT NULL COMMENT 'Columns category',
  `cat_proportion` int(11) NOT NULL DEFAULT '0' COMMENT 'Proportion category',
  `top` varchar(255) DEFAULT NULL COMMENT 'Category content top',
  `right` varchar(255) DEFAULT NULL COMMENT 'Category content right',
  `right_proportion` int(11) NOT NULL DEFAULT '0' COMMENT 'Proportion category content right',
  `bottom` varchar(255) DEFAULT NULL COMMENT 'Category content bottom',
  `left` varchar(255) DEFAULT NULL COMMENT 'Category content right',
  `left_proportion` int(11) NOT NULL DEFAULT '0' COMMENT 'Proportion category content left',
  `name` varchar(255) DEFAULT NULL COMMENT 'Extra menu name',
  `magic_label` varchar(255) DEFAULT NULL COMMENT 'Extra menu label',
  `link` varchar(255) DEFAULT NULL COMMENT 'Extra menu link',
  `ext_content` text COMMENT 'Extra menu content',
  `extra` smallint(6) NOT NULL DEFAULT '0' COMMENT 'Is Extra',
  `stores` varchar(255) DEFAULT NULL COMMENT 'Stores',
  `order` int(11) NOT NULL DEFAULT '0' COMMENT 'Order',
  `status` smallint(6) NOT NULL DEFAULT '1' COMMENT 'Status',
  PRIMARY KEY (`magicmenu_id`)
) ENGINE=InnoDB AUTO_INCREMENT=4 DEFAULT CHARSET=utf8 COMMENT='Magiccart Magicmenu';

--
-- Dumping data for table `magiccart_magicmenu`
--

INSERT INTO `magiccart_magicmenu` VALUES (1,'38','4',4,NULL,'megamenu_custom_block',1,NULL,NULL,0,NULL,NULL,NULL,NULL,0,'0',0,1),(2,NULL,NULL,0,NULL,NULL,0,NULL,NULL,0,'Contact',NULL,'contact',NULL,1,'1,2,3,34,35,36,39,37,40,6,7',0,1),(3,'60',NULL,0,NULL,'featured-menu',2,NULL,NULL,0,NULL,NULL,NULL,NULL,0,'0',0,1);

--
-- Table structure for table `magiccart_magicproduct`
--

CREATE TABLE `magiccart_magicproduct` (
  `magicproduct_id` int(11) NOT NULL AUTO_INCREMENT COMMENT 'Magicproduct ID',
  `title` varchar(255) NOT NULL COMMENT 'Title',
  `identifier` varchar(255) DEFAULT NULL COMMENT 'Identifier',
  `type_id` smallint(6) NOT NULL DEFAULT '1' COMMENT 'Type',
  `config` mediumtext COMMENT 'Config',
  `status` smallint(6) NOT NULL DEFAULT '1' COMMENT 'Status',
  PRIMARY KEY (`magicproduct_id`),
  KEY `MAGICPRODUCT_IDENTIFIER_IDENTIFIER` (`identifier`)
) ENGINE=InnoDB AUTO_INCREMENT=14 DEFAULT CHARSET=utf8 COMMENT='Magiccart Magicproduct';

--
-- Dumping data for table `magiccart_magicproduct`
--

INSERT INTO `magiccart_magicproduct` VALUES (1,'','main-product-01',1,'a:38:{s:8:\"form_key\";s:16:\"2Zg2mTlj51u4pnpV\";s:15:\"magicproduct_id\";s:1:\"1\";s:9:\"countdown\";s:0:\"\";s:5:\"title\";s:0:\"\";s:8:\"subtitle\";s:0:\"\";s:4:\"ajax\";s:1:\"1\";s:8:\"loadmore\";s:1:\"0\";s:5:\"types\";a:3:{i:0;s:8:\"featured\";i:1;s:3:\"new\";i:2;s:4:\"sale\";}s:9:\"activated\";s:3:\"new\";s:5:\"limit\";s:2:\"12\";s:6:\"status\";s:1:\"1\";s:10:\"parameters\";a:1:{s:10:\"conditions\";a:1:{i:1;a:4:{s:4:\"type\";s:50:\"Magento\\CatalogWidget\\Model\\Rule\\Condition\\Combine\";s:10:\"aggregator\";s:3:\"all\";s:5:\"value\";s:1:\"1\";s:9:\"new_child\";s:0:\"\";}}}s:6:\"mobile\";s:1:\"1\";s:8:\"portrait\";s:1:\"2\";s:9:\"landscape\";s:1:\"2\";s:6:\"tablet\";s:1:\"2\";s:8:\"notebook\";s:1:\"3\";s:6:\"laptop\";s:1:\"4\";s:7:\"desktop\";s:1:\"4\";s:10:\"widescreen\";s:1:\"4\";s:7:\"visible\";s:1:\"4\";s:5:\"timer\";s:1:\"1\";s:5:\"slide\";s:1:\"1\";s:8:\"vertical\";s:5:\"false\";s:8:\"infinite\";s:4:\"true\";s:8:\"autoplay\";s:5:\"false\";s:6:\"arrows\";s:4:\"true\";s:4:\"dots\";s:5:\"false\";s:4:\"fade\";s:5:\"false\";s:11:\"center-Mode\";s:5:\"false\";s:4:\"rows\";s:1:\"1\";s:5:\"speed\";s:3:\"300\";s:14:\"autoplay-Speed\";s:4:\"3000\";s:7:\"padding\";s:2:\"10\";s:4:\"cart\";s:1:\"1\";s:7:\"compare\";s:1:\"1\";s:8:\"wishlist\";s:1:\"1\";s:6:\"review\";s:1:\"1\";}',1),(2,'','main-product-02',1,'a:38:{s:8:\"form_key\";s:16:\"2Zg2mTlj51u4pnpV\";s:15:\"magicproduct_id\";s:1:\"2\";s:9:\"countdown\";s:0:\"\";s:5:\"title\";s:0:\"\";s:8:\"subtitle\";s:0:\"\";s:4:\"ajax\";s:1:\"1\";s:8:\"loadmore\";s:1:\"0\";s:5:\"types\";a:3:{i:0;s:6:\"latest\";i:1;s:6:\"random\";i:2;s:4:\"sale\";}s:9:\"activated\";s:6:\"random\";s:5:\"limit\";s:2:\"12\";s:6:\"status\";s:1:\"1\";s:10:\"parameters\";a:1:{s:10:\"conditions\";a:1:{i:1;a:4:{s:4:\"type\";s:50:\"Magento\\CatalogWidget\\Model\\Rule\\Condition\\Combine\";s:10:\"aggregator\";s:3:\"all\";s:5:\"value\";s:1:\"1\";s:9:\"new_child\";s:0:\"\";}}}s:6:\"mobile\";s:1:\"1\";s:8:\"portrait\";s:1:\"2\";s:9:\"landscape\";s:1:\"2\";s:6:\"tablet\";s:1:\"2\";s:8:\"notebook\";s:1:\"3\";s:6:\"laptop\";s:1:\"4\";s:7:\"desktop\";s:1:\"4\";s:10:\"widescreen\";s:1:\"4\";s:7:\"visible\";s:1:\"4\";s:5:\"timer\";s:1:\"0\";s:5:\"slide\";s:1:\"1\";s:8:\"vertical\";s:5:\"false\";s:8:\"infinite\";s:4:\"true\";s:8:\"autoplay\";s:5:\"false\";s:6:\"arrows\";s:4:\"true\";s:4:\"dots\";s:5:\"false\";s:4:\"fade\";s:5:\"false\";s:11:\"center-Mode\";s:5:\"false\";s:4:\"rows\";s:1:\"1\";s:5:\"speed\";s:3:\"300\";s:14:\"autoplay-Speed\";s:4:\"3000\";s:7:\"padding\";s:2:\"10\";s:4:\"cart\";s:1:\"1\";s:7:\"compare\";s:1:\"1\";s:8:\"wishlist\";s:1:\"1\";s:6:\"review\";s:1:\"1\";}',1),(3,'Custom Product Home Page1','custom-product-1',1,'a:34:{s:8:\"form_key\";s:16:\"HDFMm99RYQDRpy8A\";s:15:\"magicproduct_id\";s:1:\"3\";s:9:\"countdown\";s:0:\"\";s:5:\"title\";s:25:\"Custom Product Home Page1\";s:4:\"ajax\";s:1:\"0\";s:5:\"types\";a:1:{i:0;s:10:\"bestseller\";}s:9:\"activated\";s:10:\"bestseller\";s:5:\"limit\";s:1:\"2\";s:6:\"status\";s:1:\"1\";s:10:\"parameters\";a:1:{s:10:\"conditions\";a:1:{i:1;a:4:{s:4:\"type\";s:50:\"Magento\\CatalogWidget\\Model\\Rule\\Condition\\Combine\";s:10:\"aggregator\";s:3:\"all\";s:5:\"value\";s:1:\"1\";s:9:\"new_child\";s:0:\"\";}}}s:6:\"mobile\";s:1:\"1\";s:8:\"portrait\";s:1:\"1\";s:9:\"landscape\";s:1:\"1\";s:6:\"tablet\";s:1:\"1\";s:8:\"notebook\";s:1:\"1\";s:6:\"laptop\";s:1:\"1\";s:7:\"desktop\";s:1:\"1\";s:10:\"widescreen\";s:1:\"1\";s:7:\"visible\";s:1:\"1\";s:5:\"timer\";s:1:\"0\";s:5:\"slide\";s:1:\"0\";s:8:\"vertical\";s:5:\"false\";s:8:\"infinite\";s:4:\"true\";s:8:\"autoplay\";s:5:\"false\";s:6:\"arrows\";s:5:\"false\";s:4:\"dots\";s:5:\"false\";s:4:\"rows\";s:1:\"2\";s:5:\"speed\";s:3:\"300\";s:14:\"autoplay-Speed\";s:4:\"3000\";s:7:\"padding\";s:2:\"10\";s:4:\"cart\";s:1:\"1\";s:7:\"compare\";s:1:\"0\";s:8:\"wishlist\";s:1:\"0\";s:6:\"review\";s:1:\"1\";}',1),(4,'Custom Product Home Page2','custom-product-2',1,'a:34:{s:8:\"form_key\";s:16:\"HDFMm99RYQDRpy8A\";s:15:\"magicproduct_id\";s:1:\"4\";s:9:\"countdown\";s:0:\"\";s:5:\"title\";s:25:\"Custom Product Home Page2\";s:4:\"ajax\";s:1:\"0\";s:5:\"types\";a:1:{i:0;s:6:\"random\";}s:9:\"activated\";s:6:\"random\";s:5:\"limit\";s:1:\"2\";s:6:\"status\";s:1:\"1\";s:10:\"parameters\";a:1:{s:10:\"conditions\";a:1:{i:1;a:4:{s:4:\"type\";s:50:\"Magento\\CatalogWidget\\Model\\Rule\\Condition\\Combine\";s:10:\"aggregator\";s:3:\"all\";s:5:\"value\";s:1:\"1\";s:9:\"new_child\";s:0:\"\";}}}s:6:\"mobile\";s:1:\"1\";s:8:\"portrait\";s:1:\"1\";s:9:\"landscape\";s:1:\"1\";s:6:\"tablet\";s:1:\"1\";s:8:\"notebook\";s:1:\"1\";s:6:\"laptop\";s:1:\"1\";s:7:\"desktop\";s:1:\"1\";s:10:\"widescreen\";s:1:\"1\";s:7:\"visible\";s:1:\"1\";s:5:\"timer\";s:1:\"0\";s:5:\"slide\";s:1:\"0\";s:8:\"vertical\";s:5:\"false\";s:8:\"infinite\";s:4:\"true\";s:8:\"autoplay\";s:5:\"false\";s:6:\"arrows\";s:5:\"false\";s:4:\"dots\";s:5:\"false\";s:4:\"rows\";s:1:\"2\";s:5:\"speed\";s:3:\"300\";s:14:\"autoplay-Speed\";s:4:\"3000\";s:7:\"padding\";s:2:\"10\";s:4:\"cart\";s:1:\"1\";s:7:\"compare\";s:1:\"0\";s:8:\"wishlist\";s:1:\"0\";s:6:\"review\";s:1:\"1\";}',1),(5,'Custom Product Home Page3','custom-product-3',1,'a:34:{s:8:\"form_key\";s:16:\"HDFMm99RYQDRpy8A\";s:15:\"magicproduct_id\";s:1:\"5\";s:9:\"countdown\";s:0:\"\";s:5:\"title\";s:25:\"Custom Product Home Page3\";s:4:\"ajax\";s:1:\"0\";s:5:\"types\";a:1:{i:0;s:4:\"sale\";}s:9:\"activated\";s:4:\"sale\";s:5:\"limit\";s:1:\"2\";s:6:\"status\";s:1:\"1\";s:10:\"parameters\";a:1:{s:10:\"conditions\";a:1:{i:1;a:4:{s:4:\"type\";s:50:\"Magento\\CatalogWidget\\Model\\Rule\\Condition\\Combine\";s:10:\"aggregator\";s:3:\"all\";s:5:\"value\";s:1:\"1\";s:9:\"new_child\";s:0:\"\";}}}s:6:\"mobile\";s:1:\"1\";s:8:\"portrait\";s:1:\"1\";s:9:\"landscape\";s:1:\"1\";s:6:\"tablet\";s:1:\"1\";s:8:\"notebook\";s:1:\"1\";s:6:\"laptop\";s:1:\"1\";s:7:\"desktop\";s:1:\"1\";s:10:\"widescreen\";s:1:\"1\";s:7:\"visible\";s:1:\"1\";s:5:\"timer\";s:1:\"0\";s:5:\"slide\";s:1:\"0\";s:8:\"vertical\";s:5:\"false\";s:8:\"infinite\";s:5:\"false\";s:8:\"autoplay\";s:5:\"false\";s:6:\"arrows\";s:5:\"false\";s:4:\"dots\";s:5:\"false\";s:4:\"rows\";s:1:\"2\";s:5:\"speed\";s:3:\"300\";s:14:\"autoplay-Speed\";s:4:\"3000\";s:7:\"padding\";s:2:\"10\";s:4:\"cart\";s:1:\"1\";s:7:\"compare\";s:1:\"0\";s:8:\"wishlist\";s:1:\"0\";s:6:\"review\";s:1:\"1\";}',1),(6,'','main-product-03',1,'a:38:{s:8:\"form_key\";s:16:\"2Zg2mTlj51u4pnpV\";s:15:\"magicproduct_id\";s:1:\"6\";s:9:\"countdown\";s:0:\"\";s:5:\"title\";s:0:\"\";s:8:\"subtitle\";s:0:\"\";s:4:\"ajax\";s:1:\"1\";s:8:\"loadmore\";s:1:\"0\";s:5:\"types\";a:3:{i:0;s:8:\"featured\";i:1;s:3:\"new\";i:2;s:4:\"sale\";}s:9:\"activated\";s:3:\"new\";s:5:\"limit\";s:1:\"8\";s:6:\"status\";s:1:\"1\";s:10:\"parameters\";a:1:{s:10:\"conditions\";a:1:{i:1;a:4:{s:4:\"type\";s:50:\"Magento\\CatalogWidget\\Model\\Rule\\Condition\\Combine\";s:10:\"aggregator\";s:3:\"all\";s:5:\"value\";s:1:\"1\";s:9:\"new_child\";s:0:\"\";}}}s:6:\"mobile\";s:1:\"1\";s:8:\"portrait\";s:1:\"2\";s:9:\"landscape\";s:1:\"2\";s:6:\"tablet\";s:1:\"3\";s:8:\"notebook\";s:1:\"4\";s:6:\"laptop\";s:1:\"4\";s:7:\"desktop\";s:1:\"4\";s:10:\"widescreen\";s:1:\"4\";s:7:\"visible\";s:1:\"4\";s:5:\"timer\";s:1:\"0\";s:5:\"slide\";s:1:\"0\";s:8:\"vertical\";s:5:\"false\";s:8:\"infinite\";s:4:\"true\";s:8:\"autoplay\";s:5:\"false\";s:6:\"arrows\";s:4:\"true\";s:4:\"dots\";s:5:\"false\";s:4:\"fade\";s:5:\"false\";s:11:\"center-Mode\";s:5:\"false\";s:4:\"rows\";s:1:\"1\";s:5:\"speed\";s:3:\"300\";s:14:\"autoplay-Speed\";s:4:\"3000\";s:7:\"padding\";s:2:\"10\";s:4:\"cart\";s:1:\"1\";s:7:\"compare\";s:1:\"1\";s:8:\"wishlist\";s:1:\"1\";s:6:\"review\";s:1:\"1\";}',1),(7,'Latest Products Left Demo2','latest-product-demo2',1,'a:34:{s:8:\"form_key\";s:16:\"HDFMm99RYQDRpy8A\";s:15:\"magicproduct_id\";s:1:\"7\";s:9:\"countdown\";s:0:\"\";s:5:\"title\";s:26:\"Latest Products Left Demo2\";s:4:\"ajax\";s:1:\"0\";s:5:\"types\";a:1:{i:0;s:6:\"latest\";}s:9:\"activated\";s:6:\"latest\";s:5:\"limit\";s:1:\"4\";s:6:\"status\";s:1:\"1\";s:10:\"parameters\";a:1:{s:10:\"conditions\";a:1:{i:1;a:4:{s:4:\"type\";s:50:\"Magento\\CatalogWidget\\Model\\Rule\\Condition\\Combine\";s:10:\"aggregator\";s:3:\"all\";s:5:\"value\";s:1:\"1\";s:9:\"new_child\";s:0:\"\";}}}s:6:\"mobile\";s:1:\"1\";s:8:\"portrait\";s:1:\"1\";s:9:\"landscape\";s:1:\"1\";s:6:\"tablet\";s:1:\"1\";s:8:\"notebook\";s:1:\"1\";s:6:\"laptop\";s:1:\"1\";s:7:\"desktop\";s:1:\"1\";s:10:\"widescreen\";s:1:\"1\";s:7:\"visible\";s:1:\"1\";s:5:\"timer\";s:1:\"0\";s:5:\"slide\";s:1:\"0\";s:8:\"vertical\";s:5:\"false\";s:8:\"infinite\";s:4:\"true\";s:8:\"autoplay\";s:5:\"false\";s:6:\"arrows\";s:4:\"true\";s:4:\"dots\";s:5:\"false\";s:4:\"rows\";s:1:\"1\";s:5:\"speed\";s:3:\"300\";s:14:\"autoplay-Speed\";s:4:\"3000\";s:7:\"padding\";s:1:\"0\";s:4:\"cart\";s:1:\"1\";s:7:\"compare\";s:1:\"0\";s:8:\"wishlist\";s:1:\"0\";s:6:\"review\";s:1:\"1\";}',1),(8,'','feature-product-4',1,'a:38:{s:8:\"form_key\";s:16:\"2Zg2mTlj51u4pnpV\";s:15:\"magicproduct_id\";s:1:\"8\";s:9:\"countdown\";s:0:\"\";s:5:\"title\";s:0:\"\";s:8:\"subtitle\";s:0:\"\";s:4:\"ajax\";s:1:\"1\";s:8:\"loadmore\";s:1:\"0\";s:5:\"types\";a:3:{i:0;s:8:\"featured\";i:1;s:3:\"new\";i:2;s:4:\"sale\";}s:9:\"activated\";s:8:\"featured\";s:5:\"limit\";s:1:\"8\";s:6:\"status\";s:1:\"1\";s:10:\"parameters\";a:1:{s:10:\"conditions\";a:1:{i:1;a:4:{s:4:\"type\";s:50:\"Magento\\CatalogWidget\\Model\\Rule\\Condition\\Combine\";s:10:\"aggregator\";s:3:\"all\";s:5:\"value\";s:1:\"1\";s:9:\"new_child\";s:0:\"\";}}}s:6:\"mobile\";s:1:\"1\";s:8:\"portrait\";s:1:\"2\";s:9:\"landscape\";s:1:\"2\";s:6:\"tablet\";s:1:\"3\";s:8:\"notebook\";s:1:\"3\";s:6:\"laptop\";s:1:\"4\";s:7:\"desktop\";s:1:\"4\";s:10:\"widescreen\";s:1:\"4\";s:7:\"visible\";s:1:\"4\";s:5:\"timer\";s:1:\"0\";s:5:\"slide\";s:1:\"1\";s:8:\"vertical\";s:5:\"false\";s:8:\"infinite\";s:4:\"true\";s:8:\"autoplay\";s:5:\"false\";s:6:\"arrows\";s:4:\"true\";s:4:\"dots\";s:5:\"false\";s:4:\"fade\";s:5:\"false\";s:11:\"center-Mode\";s:5:\"false\";s:4:\"rows\";s:1:\"1\";s:5:\"speed\";s:3:\"300\";s:14:\"autoplay-Speed\";s:4:\"3000\";s:7:\"padding\";s:2:\"15\";s:4:\"cart\";s:1:\"1\";s:7:\"compare\";s:1:\"1\";s:8:\"wishlist\";s:1:\"1\";s:6:\"review\";s:1:\"1\";}',1),(9,'hot deal 15','hot-deal-15',1,'a:38:{s:8:\"form_key\";s:16:\"RsglFfInZ89elFsM\";s:15:\"magicproduct_id\";s:1:\"9\";s:9:\"countdown\";s:0:\"\";s:5:\"title\";s:11:\"hot deal 15\";s:8:\"subtitle\";s:0:\"\";s:4:\"ajax\";s:1:\"1\";s:8:\"loadmore\";s:1:\"0\";s:5:\"types\";a:1:{i:0;s:6:\"latest\";}s:9:\"activated\";s:6:\"latest\";s:5:\"limit\";s:1:\"1\";s:6:\"status\";s:1:\"1\";s:10:\"parameters\";a:1:{s:10:\"conditions\";a:2:{i:1;a:4:{s:4:\"type\";s:50:\"Magento\\CatalogWidget\\Model\\Rule\\Condition\\Combine\";s:10:\"aggregator\";s:3:\"all\";s:5:\"value\";s:1:\"1\";s:9:\"new_child\";s:0:\"\";}s:4:\"1--1\";a:4:{s:4:\"type\";s:50:\"Magento\\CatalogWidget\\Model\\Rule\\Condition\\Product\";s:9:\"attribute\";s:16:\"attribute_set_id\";s:8:\"operator\";s:2:\"==\";s:5:\"value\";s:2:\"12\";}}}s:6:\"mobile\";s:1:\"1\";s:8:\"portrait\";s:1:\"1\";s:9:\"landscape\";s:1:\"1\";s:6:\"tablet\";s:1:\"1\";s:8:\"notebook\";s:1:\"1\";s:6:\"laptop\";s:1:\"1\";s:7:\"desktop\";s:1:\"1\";s:10:\"widescreen\";s:1:\"1\";s:7:\"visible\";s:1:\"1\";s:5:\"timer\";s:1:\"0\";s:5:\"slide\";s:1:\"1\";s:8:\"vertical\";s:5:\"false\";s:8:\"infinite\";s:4:\"true\";s:8:\"autoplay\";s:5:\"false\";s:6:\"arrows\";s:5:\"false\";s:4:\"dots\";s:5:\"false\";s:4:\"fade\";s:5:\"false\";s:11:\"center-Mode\";s:5:\"false\";s:4:\"rows\";s:1:\"1\";s:5:\"speed\";s:3:\"300\";s:14:\"autoplay-Speed\";s:4:\"3000\";s:7:\"padding\";s:2:\"10\";s:4:\"cart\";s:1:\"1\";s:7:\"compare\";s:1:\"1\";s:8:\"wishlist\";s:1:\"1\";s:6:\"review\";s:1:\"1\";}',1),(10,'feature-product-16','feature-product-16',1,'a:34:{s:8:\"form_key\";s:16:\"wP6Kvdt2G3DNqYMV\";s:15:\"magicproduct_id\";s:2:\"10\";s:9:\"countdown\";s:0:\"\";s:5:\"title\";s:18:\"feature-product-16\";s:4:\"ajax\";s:1:\"1\";s:5:\"types\";a:3:{i:0;s:8:\"featured\";i:1;s:3:\"new\";i:2;s:4:\"sale\";}s:9:\"activated\";s:8:\"featured\";s:5:\"limit\";s:1:\"8\";s:6:\"status\";s:1:\"1\";s:10:\"parameters\";a:1:{s:10:\"conditions\";a:2:{i:1;a:4:{s:4:\"type\";s:50:\"Magento\\CatalogWidget\\Model\\Rule\\Condition\\Combine\";s:10:\"aggregator\";s:3:\"all\";s:5:\"value\";s:1:\"1\";s:9:\"new_child\";s:0:\"\";}s:4:\"1--1\";a:4:{s:4:\"type\";s:50:\"Magento\\CatalogWidget\\Model\\Rule\\Condition\\Product\";s:9:\"attribute\";s:16:\"attribute_set_id\";s:8:\"operator\";s:2:\"==\";s:5:\"value\";s:2:\"13\";}}}s:6:\"mobile\";s:1:\"1\";s:8:\"portrait\";s:1:\"2\";s:9:\"landscape\";s:1:\"2\";s:6:\"tablet\";s:1:\"3\";s:8:\"notebook\";s:1:\"3\";s:6:\"laptop\";s:1:\"4\";s:7:\"desktop\";s:1:\"4\";s:10:\"widescreen\";s:1:\"4\";s:7:\"visible\";s:1:\"4\";s:5:\"timer\";s:1:\"0\";s:5:\"slide\";s:1:\"1\";s:8:\"vertical\";s:5:\"false\";s:8:\"infinite\";s:4:\"true\";s:8:\"autoplay\";s:4:\"true\";s:6:\"arrows\";s:4:\"true\";s:4:\"dots\";s:5:\"false\";s:4:\"rows\";s:1:\"1\";s:5:\"speed\";s:3:\"300\";s:14:\"autoplay-Speed\";s:4:\"3000\";s:7:\"padding\";s:2:\"15\";s:4:\"cart\";s:1:\"1\";s:7:\"compare\";s:1:\"1\";s:8:\"wishlist\";s:1:\"1\";s:6:\"review\";s:1:\"1\";}',1),(11,'hot deal 16','hot-deal-16',1,'a:38:{s:8:\"form_key\";s:16:\"RsglFfInZ89elFsM\";s:15:\"magicproduct_id\";s:2:\"11\";s:9:\"countdown\";s:0:\"\";s:5:\"title\";s:11:\"hot deal 16\";s:8:\"subtitle\";s:0:\"\";s:4:\"ajax\";s:1:\"1\";s:8:\"loadmore\";s:1:\"0\";s:5:\"types\";a:1:{i:0;s:6:\"random\";}s:9:\"activated\";s:6:\"random\";s:5:\"limit\";s:1:\"1\";s:6:\"status\";s:1:\"1\";s:10:\"parameters\";a:1:{s:10:\"conditions\";a:2:{i:1;a:4:{s:4:\"type\";s:50:\"Magento\\CatalogWidget\\Model\\Rule\\Condition\\Combine\";s:10:\"aggregator\";s:3:\"all\";s:5:\"value\";s:1:\"1\";s:9:\"new_child\";s:0:\"\";}s:4:\"1--1\";a:4:{s:4:\"type\";s:50:\"Magento\\CatalogWidget\\Model\\Rule\\Condition\\Product\";s:9:\"attribute\";s:16:\"attribute_set_id\";s:8:\"operator\";s:2:\"==\";s:5:\"value\";s:2:\"13\";}}}s:6:\"mobile\";s:1:\"1\";s:8:\"portrait\";s:1:\"1\";s:9:\"landscape\";s:1:\"1\";s:6:\"tablet\";s:1:\"1\";s:8:\"notebook\";s:1:\"1\";s:6:\"laptop\";s:1:\"1\";s:7:\"desktop\";s:1:\"1\";s:10:\"widescreen\";s:1:\"1\";s:7:\"visible\";s:1:\"1\";s:5:\"timer\";s:1:\"0\";s:5:\"slide\";s:1:\"1\";s:8:\"vertical\";s:5:\"false\";s:8:\"infinite\";s:4:\"true\";s:8:\"autoplay\";s:5:\"false\";s:6:\"arrows\";s:4:\"true\";s:4:\"dots\";s:5:\"false\";s:4:\"fade\";s:5:\"false\";s:11:\"center-Mode\";s:5:\"false\";s:4:\"rows\";s:1:\"1\";s:5:\"speed\";s:3:\"300\";s:14:\"autoplay-Speed\";s:4:\"3000\";s:7:\"padding\";s:2:\"10\";s:4:\"cart\";s:1:\"1\";s:7:\"compare\";s:1:\"1\";s:8:\"wishlist\";s:1:\"1\";s:6:\"review\";s:1:\"1\";}',1),(12,'feature-product-15','feature-product-15',1,'a:34:{s:8:\"form_key\";s:16:\"wP6Kvdt2G3DNqYMV\";s:15:\"magicproduct_id\";s:2:\"12\";s:9:\"countdown\";s:0:\"\";s:5:\"title\";s:18:\"feature-product-15\";s:4:\"ajax\";s:1:\"1\";s:5:\"types\";a:3:{i:0;s:8:\"featured\";i:1;s:3:\"new\";i:2;s:4:\"sale\";}s:9:\"activated\";s:8:\"featured\";s:5:\"limit\";s:1:\"8\";s:6:\"status\";s:1:\"1\";s:10:\"parameters\";a:1:{s:10:\"conditions\";a:2:{i:1;a:4:{s:4:\"type\";s:50:\"Magento\\CatalogWidget\\Model\\Rule\\Condition\\Combine\";s:10:\"aggregator\";s:3:\"all\";s:5:\"value\";s:1:\"1\";s:9:\"new_child\";s:0:\"\";}s:4:\"1--1\";a:4:{s:4:\"type\";s:50:\"Magento\\CatalogWidget\\Model\\Rule\\Condition\\Product\";s:9:\"attribute\";s:16:\"attribute_set_id\";s:8:\"operator\";s:2:\"==\";s:5:\"value\";s:2:\"12\";}}}s:6:\"mobile\";s:1:\"1\";s:8:\"portrait\";s:1:\"2\";s:9:\"landscape\";s:1:\"2\";s:6:\"tablet\";s:1:\"3\";s:8:\"notebook\";s:1:\"3\";s:6:\"laptop\";s:1:\"4\";s:7:\"desktop\";s:1:\"4\";s:10:\"widescreen\";s:1:\"4\";s:7:\"visible\";s:1:\"4\";s:5:\"timer\";s:1:\"0\";s:5:\"slide\";s:1:\"1\";s:8:\"vertical\";s:5:\"false\";s:8:\"infinite\";s:4:\"true\";s:8:\"autoplay\";s:4:\"true\";s:6:\"arrows\";s:4:\"true\";s:4:\"dots\";s:5:\"false\";s:4:\"rows\";s:1:\"1\";s:5:\"speed\";s:3:\"300\";s:14:\"autoplay-Speed\";s:4:\"3000\";s:7:\"padding\";s:2:\"15\";s:4:\"cart\";s:1:\"1\";s:7:\"compare\";s:1:\"1\";s:8:\"wishlist\";s:1:\"1\";s:6:\"review\";s:1:\"1\";}',1),(13,'feature-product-14','feature-product-14',1,'a:34:{s:8:\"form_key\";s:16:\"wP6Kvdt2G3DNqYMV\";s:9:\"countdown\";s:0:\"\";s:5:\"title\";s:18:\"feature-product-14\";s:10:\"identifier\";s:18:\"feature-product-14\";s:4:\"ajax\";s:1:\"1\";s:5:\"types\";a:3:{i:0;s:8:\"featured\";i:1;s:3:\"new\";i:2;s:4:\"sale\";}s:9:\"activated\";s:8:\"featured\";s:5:\"limit\";s:1:\"8\";s:6:\"status\";s:1:\"1\";s:10:\"parameters\";a:1:{s:10:\"conditions\";a:2:{i:1;a:4:{s:4:\"type\";s:50:\"Magento\\CatalogWidget\\Model\\Rule\\Condition\\Combine\";s:10:\"aggregator\";s:3:\"all\";s:5:\"value\";s:1:\"1\";s:9:\"new_child\";s:0:\"\";}s:4:\"1--1\";a:4:{s:4:\"type\";s:50:\"Magento\\CatalogWidget\\Model\\Rule\\Condition\\Product\";s:9:\"attribute\";s:16:\"attribute_set_id\";s:8:\"operator\";s:2:\"==\";s:5:\"value\";s:2:\"11\";}}}s:6:\"mobile\";s:1:\"1\";s:8:\"portrait\";s:1:\"2\";s:9:\"landscape\";s:1:\"2\";s:6:\"tablet\";s:1:\"3\";s:8:\"notebook\";s:1:\"3\";s:6:\"laptop\";s:1:\"4\";s:7:\"desktop\";s:1:\"4\";s:10:\"widescreen\";s:1:\"4\";s:7:\"visible\";s:1:\"4\";s:5:\"timer\";s:1:\"0\";s:5:\"slide\";s:1:\"1\";s:8:\"vertical\";s:5:\"false\";s:8:\"infinite\";s:4:\"true\";s:8:\"autoplay\";s:4:\"true\";s:6:\"arrows\";s:4:\"true\";s:4:\"dots\";s:5:\"false\";s:4:\"rows\";s:1:\"1\";s:5:\"speed\";s:3:\"300\";s:14:\"autoplay-Speed\";s:4:\"3000\";s:7:\"padding\";s:2:\"15\";s:4:\"cart\";s:1:\"1\";s:7:\"compare\";s:1:\"1\";s:8:\"wishlist\";s:1:\"1\";s:6:\"review\";s:1:\"1\";}',1);

--
-- Table structure for table `magiccart_magicslider`
--

CREATE TABLE `magiccart_magicslider` (
  `magicslider_id` int(11) NOT NULL AUTO_INCREMENT COMMENT 'Magicslider ID',
  `title` varchar(255) NOT NULL COMMENT 'Title',
  `identifier` varchar(255) DEFAULT NULL COMMENT 'Identifier',
  `config` mediumtext COMMENT 'Config',
  `status` smallint(6) NOT NULL DEFAULT '1' COMMENT 'Status',
  `created_time` datetime DEFAULT NULL COMMENT 'Created Time',
  `update_time` datetime DEFAULT NULL COMMENT 'Update Time',
  `stores` varchar(255) NOT NULL DEFAULT '0' COMMENT 'Stores',
  PRIMARY KEY (`magicslider_id`),
  KEY `MAGICSLIDER_ID_MAGICSLIDER_ID` (`magicslider_id`)
) ENGINE=InnoDB AUTO_INCREMENT=11 DEFAULT CHARSET=utf8 COMMENT='Magiccart Magicslider';

--
-- Dumping data for table `magiccart_magicslider`
--

INSERT INTO `magiccart_magicslider` VALUES (1,'Slide Demo 1','slide1','{\"magicslider_id\":\"1\",\"title\":\"Slide Demo 1\",\"exclude_lazyload_visible\":\"1\",\"image-class\":\"\",\"stores\":\"0\",\"status\":\"1\",\"mobile\":\"1\",\"portrait\":\"1\",\"landscape\":\"1\",\"tablet\":\"1\",\"notebook\":\"1\",\"laptop\":\"1\",\"desktop\":\"1\",\"widescreen\":\"1\",\"visible\":\"1\",\"vertical\":\"false\",\"infinite\":\"true\",\"autoplay\":\"false\",\"arrows\":\"false\",\"dots\":\"true\",\"adaptive-height\":\"false\",\"fade\":\"false\",\"rows\":\"1\",\"speed\":\"400\",\"autoplay-Speed\":\"6000\",\"padding\":\"0\",\"media_gallery\":{\"images\":{\"9f03tbq3i4b\":{\"position\":\"5\",\"media_type\":\"image\",\"video_provider\":\"\",\"file\":\"\\/6\\/0\\/607f92771a7a9a46f526889da512ada2.jpg\",\"value_id\":\"\",\"label\":\"\",\"link\":\"\",\"caption\":\"\",\"disabled\":\"0\",\"removed\":\"\",\"video_url\":\"\",\"video_title\":\"\",\"video_description\":\"\",\"video_metadata\":\"\",\"role\":\"\"},\"vpw74wa8vlo\":{\"position\":\"6\",\"media_type\":\"image\",\"video_provider\":\"\",\"file\":\"\\/0\\/1\\/01db5dd63301d006041ab4b4b340fa35.jpg\",\"value_id\":\"\",\"label\":\"\",\"link\":\"\",\"caption\":\"\",\"disabled\":\"0\",\"removed\":\"\",\"video_url\":\"\",\"video_title\":\"\",\"video_description\":\"\",\"video_metadata\":\"\",\"role\":\"\"},\"rubm8let5l7\":{\"position\":\"7\",\"media_type\":\"image\",\"video_provider\":\"\",\"file\":\"\\/7\\/6\\/76c7a6f81461b6edc81f96998a23165f.jpg\",\"value_id\":\"\",\"label\":\"\",\"link\":\"\",\"caption\":\"\",\"disabled\":\"0\",\"removed\":\"\",\"video_url\":\"\",\"video_title\":\"\",\"video_description\":\"\",\"video_metadata\":\"\",\"role\":\"\"},\"p6ham6jd596\":{\"position\":\"8\",\"media_type\":\"image\",\"video_provider\":\"\",\"file\":\"\\/b\\/c\\/bc34887b2d17b094750300994e0c17b9.jpg\",\"value_id\":\"\",\"label\":\"\",\"link\":\"\",\"caption\":\"\",\"disabled\":\"0\",\"removed\":\"\",\"video_url\":\"\",\"video_title\":\"\",\"video_description\":\"\",\"video_metadata\":\"\",\"role\":\"\"}}}}',1,NULL,NULL,'0'),(2,'Slide Demo 2','slide2','{\"magicslider_id\":\"2\",\"title\":\"Slide Demo 2\",\"exclude_lazyload_visible\":\"1\",\"image-class\":\"\",\"stores\":\"0\",\"status\":\"1\",\"mobile\":\"1\",\"portrait\":\"1\",\"landscape\":\"1\",\"tablet\":\"1\",\"notebook\":\"1\",\"laptop\":\"1\",\"desktop\":\"1\",\"widescreen\":\"1\",\"visible\":\"1\",\"vertical\":\"false\",\"infinite\":\"true\",\"autoplay\":\"true\",\"arrows\":\"false\",\"dots\":\"true\",\"adaptive-height\":\"false\",\"fade\":\"false\",\"rows\":\"1\",\"speed\":\"400\",\"autoplay-Speed\":\"6000\",\"padding\":\"0\",\"media_gallery\":{\"images\":{\"m442p7am2gh\":{\"position\":\"1\",\"media_type\":\"image\",\"video_provider\":\"\",\"file\":\"\\/h\\/o\\/homev2_01.jpg\",\"value_id\":\"\",\"label\":\"Alothemes\",\"link\":\"http:\\/\\/alothemes.com\\/\",\"caption\":\"<div class=\\\"container-none figcaption\\\">\\r\\n\\t\\t\\t\\t\\t\\t\\t\\t<div class=\\\"text-slide\\\">\\r\\n\\t\\t\\t\\t\\t\\t\\t\\t\\t<h3 class=\\\"caption1\\\">new<\\/h3>\\r\\n\\t\\t\\t\\t\\t\\t\\t\\t\\t<h3 class=\\\"caption2\\\">fashion<\\/h3>\\r\\n\\t\\t\\t\\t\\t\\t\\t\\t\\t<h3 class=\\\"caption3\\\"><strong>&<\\/strong>style<\\/h3>\\r\\n\\t\\t\\t\\t\\t\\t\\t\\t<\\/div>\\r\\n\\t\\t\\t\\t\\t\\t\\t<\\/div>\",\"disabled\":\"0\",\"removed\":\"\",\"video_url\":\"\",\"video_title\":\"\",\"video_description\":\"\",\"video_metadata\":\"\",\"role\":\"\"},\"qvuiewjn7b9\":{\"position\":\"2\",\"media_type\":\"image\",\"video_provider\":\"\",\"file\":\"\\/h\\/o\\/homev2_02.jpg\",\"value_id\":\"\",\"label\":\"Alothemes\",\"link\":\"http:\\/\\/alothemes.com\\/\",\"caption\":\"<div class=\\\"container-none figcaption\\\">\\r\\n\\t\\t\\t\\t\\t\\t\\t\\t<div class=\\\"text-slide text-slide2\\\">\\r\\n\\t\\t\\t\\t\\t\\t\\t\\t\\t<h3 class=\\\"caption1\\\">Lookbook<\\/h3>\\r\\n\\t\\t\\t\\t\\t\\t\\t\\t\\t<h3 class=\\\"caption2\\\">real man<\\/h3>\\r\\n\\t\\t\\t\\t\\t\\t\\t\\t<\\/div>\\r\\n\\t\\t\\t\\t\\t\\t\\t<\\/div>\",\"disabled\":\"0\",\"removed\":\"\",\"video_url\":\"\",\"video_title\":\"\",\"video_description\":\"\",\"video_metadata\":\"\",\"role\":\"\"}}}}',1,NULL,NULL,'0'),(3,'Slide Demo 3','slide3','{\"magicslider_id\":\"3\",\"title\":\"Slide Demo 3\",\"exclude_lazyload_visible\":\"1\",\"image-class\":\"\",\"stores\":\"0\",\"status\":\"1\",\"mobile\":\"1\",\"portrait\":\"1\",\"landscape\":\"1\",\"tablet\":\"1\",\"notebook\":\"1\",\"laptop\":\"1\",\"desktop\":\"1\",\"widescreen\":\"1\",\"visible\":\"1\",\"vertical\":\"false\",\"infinite\":\"true\",\"autoplay\":\"false\",\"arrows\":\"false\",\"dots\":\"true\",\"adaptive-height\":\"false\",\"fade\":\"false\",\"rows\":\"1\",\"speed\":\"400\",\"autoplay-Speed\":\"6000\",\"padding\":\"0\",\"media_gallery\":{\"images\":{\"bmbd953wkd4\":{\"position\":\"1\",\"media_type\":\"image\",\"video_provider\":\"\",\"file\":\"\\/s\\/l\\/slidev3_01.jpg\",\"value_id\":\"\",\"label\":\"Alothemes\",\"link\":\"http:\\/\\/alothemes.com\\/\",\"caption\":\"<div class=\\\"container figcaption\\\">\\r\\n\\t\\t\\t<div class=\\\"text-slide text-slide2\\\">\\r\\n\\t\\t\\t\\t<h3 class=\\\"caption1\\\">spring<\\/h3>\\r\\n\\t\\t\\t\\t<h3 class=\\\"caption2\\\">collection<\\/h3>\\r\\n\\t\\t\\t<\\/div>\\r\\n\\t\\t<\\/div>\",\"disabled\":\"0\",\"removed\":\"\",\"video_url\":\"\",\"video_title\":\"\",\"video_description\":\"\",\"video_metadata\":\"\",\"role\":\"\"},\"irvlk81prn\":{\"position\":\"2\",\"media_type\":\"image\",\"video_provider\":\"\",\"file\":\"\\/s\\/l\\/slidev3_02.jpg\",\"value_id\":\"\",\"label\":\"Alothemes\",\"link\":\"http:\\/\\/alothemes.com\\/\",\"caption\":\"<div class=\\\"container figcaption\\\">\\r\\n\\t\\t\\t<div class=\\\"text-slide text-slide2\\\">\\r\\n\\t\\t\\t\\t<h3 class=\\\"caption1\\\">Lookbook<\\/h3>\\r\\n\\t\\t\\t\\t<h3 class=\\\"caption2\\\">real man<\\/h3>\\r\\n\\t\\t\\t<\\/div>\\r\\n\\t\\t<\\/div>\",\"disabled\":\"0\",\"removed\":\"\",\"video_url\":\"\",\"video_title\":\"\",\"video_description\":\"\",\"video_metadata\":\"\",\"role\":\"\"},\"i0v2gl0bl4b\":{\"position\":\"3\",\"media_type\":\"image\",\"video_provider\":\"\",\"file\":\"\\/s\\/l\\/slidev3_03.jpg\",\"value_id\":\"\",\"label\":\"Alothemes\",\"link\":\"http:\\/\\/alothemes.com\\/\",\"caption\":\"<div class=\\\"container figcaption\\\">\\r\\n\\t\\t\\t<div class=\\\"text-slide\\\">\\r\\n\\t\\t\\t\\t<h3 class=\\\"caption1\\\">new<\\/h3>\\r\\n\\t\\t\\t\\t<h3 class=\\\"caption2\\\">fashion<\\/h3>\\r\\n\\t\\t\\t\\t<h3 class=\\\"caption3\\\"><strong>&<\\/strong>style<\\/h3>\\r\\n\\t\\t\\t<\\/div>\\r\\n\\t\\t<\\/div>\",\"disabled\":\"0\",\"removed\":\"\",\"video_url\":\"\",\"video_title\":\"\",\"video_description\":\"\",\"video_metadata\":\"\",\"role\":\"\"}}}}',1,NULL,NULL,'0'),(4,'Slide Demo 4','slide4','{\"magicslider_id\":\"4\",\"title\":\"Slide Demo 4\",\"exclude_lazyload_visible\":\"1\",\"image-class\":\"\",\"stores\":\"0\",\"status\":\"1\",\"mobile\":\"1\",\"portrait\":\"1\",\"landscape\":\"1\",\"tablet\":\"1\",\"notebook\":\"1\",\"laptop\":\"1\",\"desktop\":\"1\",\"widescreen\":\"1\",\"visible\":\"1\",\"vertical\":\"false\",\"infinite\":\"true\",\"autoplay\":\"true\",\"arrows\":\"false\",\"dots\":\"true\",\"adaptive-height\":\"false\",\"fade\":\"false\",\"rows\":\"1\",\"speed\":\"400\",\"autoplay-Speed\":\"6000\",\"padding\":\"0\",\"media_gallery\":{\"images\":{\"oq3hsn73fsl\":{\"position\":\"1\",\"media_type\":\"image\",\"video_provider\":\"\",\"file\":\"\\/s\\/l\\/slidev4_01.jpg\",\"value_id\":\"\",\"label\":\"Alothemes\",\"link\":\"http:\\/\\/alothemes.com\\/\",\"caption\":\"<div class=\\\"container figcaption\\\">\\r\\n\\t\\t\\t<div class=\\\"text-slide\\\">\\r\\n\\t\\t\\t    <h3 class=\\\"caption1\\\">new<\\/h3>\\r\\n\\t\\t\\t\\t<h3 class=\\\"caption2\\\">fashion<\\/h3>\\r\\n\\t\\t\\t\\t<h3 class=\\\"caption3\\\"><strong>&<\\/strong>style<\\/h3>\\r\\n\\t\\t\\t<\\/div>\\r\\n\\t\\t<\\/div>\",\"disabled\":\"0\",\"removed\":\"\",\"video_url\":\"\",\"video_title\":\"\",\"video_description\":\"\",\"video_metadata\":\"\",\"role\":\"\"},\"l97wco0vtt\":{\"position\":\"2\",\"media_type\":\"image\",\"video_provider\":\"\",\"file\":\"\\/s\\/l\\/slidev4_02.jpg\",\"value_id\":\"\",\"label\":\"Alothemes\",\"link\":\"http:\\/\\/alothemes.com\\/\",\"caption\":\"<div class=\\\"container figcaption\\\">\\r\\n\\t\\t\\t<div class=\\\"text-slide text-slide2\\\">\\r\\n\\t\\t\\t\\t<h3 class=\\\"caption1\\\">Lookbook<\\/h3>\\r\\n\\t\\t\\t\\t<h3 class=\\\"caption2\\\">real man<\\/h3>\\r\\n\\t\\t\\t<\\/div>\\r\\n\\t\\t<\\/div>\",\"disabled\":\"0\",\"removed\":\"\",\"video_url\":\"\",\"video_title\":\"\",\"video_description\":\"\",\"video_metadata\":\"\",\"role\":\"\"},\"atepmprfn87\":{\"position\":\"3\",\"media_type\":\"image\",\"video_provider\":\"\",\"file\":\"\\/s\\/l\\/slidev4_03.jpg\",\"value_id\":\"\",\"label\":\"Alothemes\",\"link\":\"http:\\/\\/alothemes.com\\/\",\"caption\":\"<div class=\\\"container figcaption\\\">\\r\\n\\t\\t\\t<div class=\\\"text-slide text-slide2\\\">\\r\\n\\t\\t\\t\\t<h3 class=\\\"caption1\\\">spring<\\/h3>\\r\\n\\t\\t\\t\\t<h3 class=\\\"caption2\\\">collection<\\/h3>\\r\\n\\t\\t\\t<\\/div>\\r\\n\\t\\t<\\/div>\",\"disabled\":\"0\",\"removed\":\"\",\"video_url\":\"\",\"video_title\":\"\",\"video_description\":\"\",\"video_metadata\":\"\",\"role\":\"\"}}}}',1,NULL,NULL,'0'),(5,'Slide Demo 6','slide6','{\"magicslider_id\":\"5\",\"title\":\"Slide Demo 6\",\"exclude_lazyload_visible\":\"1\",\"image-class\":\"\",\"stores\":\"0\",\"status\":\"1\",\"mobile\":\"1\",\"portrait\":\"1\",\"landscape\":\"1\",\"tablet\":\"1\",\"notebook\":\"1\",\"laptop\":\"1\",\"desktop\":\"1\",\"widescreen\":\"1\",\"visible\":\"1\",\"vertical\":\"false\",\"infinite\":\"true\",\"autoplay\":\"true\",\"arrows\":\"false\",\"dots\":\"true\",\"adaptive-height\":\"false\",\"fade\":\"false\",\"rows\":\"1\",\"speed\":\"400\",\"autoplay-Speed\":\"6000\",\"padding\":\"0\",\"media_gallery\":{\"images\":{\"uj08dj309p\":{\"position\":\"1\",\"media_type\":\"image\",\"video_provider\":\"\",\"file\":\"\\/h\\/o\\/home-slidev6_01.jpg\",\"value_id\":\"\",\"label\":\"Alothemes\",\"link\":\"http:\\/\\/alothemes.com\\/\",\"caption\":\"<div class=\\\"container figcaption\\\">\\r\\n\\t\\t\\t\\t\\t\\t<div class=\\\"text-slide\\\">\\r\\n\\t\\t\\t\\t\\t\\t\\t<h3 class=\\\"caption1\\\">new<\\/h3>\\r\\n\\t\\t\\t\\t\\t\\t\\t<h3 class=\\\"caption2\\\">fashion<\\/h3>\\r\\n\\t\\t\\t\\t\\t\\t\\t<h3 class=\\\"caption3\\\"><strong>&<\\/strong>style<\\/h3>\\r\\n\\t\\t\\t\\t\\t\\t<\\/div>\\r\\n\\t\\t\\t\\t\\t<\\/div>\",\"disabled\":\"0\",\"removed\":\"\",\"video_url\":\"\",\"video_title\":\"\",\"video_description\":\"\",\"video_metadata\":\"\",\"role\":\"\"},\"n2ke74ruuvr\":{\"position\":\"2\",\"media_type\":\"image\",\"video_provider\":\"\",\"file\":\"\\/h\\/o\\/home-slidev6_02.jpg\",\"value_id\":\"\",\"label\":\"Alothemes\",\"link\":\"http:\\/\\/alothemes.com\\/\",\"caption\":\"<div class=\\\"container figcaption\\\">\\r\\n\\t\\t\\t\\t\\t\\t<div class=\\\"text-slide text-slide2\\\">\\r\\n\\t\\t\\t\\t\\t\\t\\t<h3 class=\\\"caption1\\\">spring<\\/h3>\\r\\n\\t\\t\\t\\t\\t\\t\\t<h3 class=\\\"caption2\\\">collection<\\/h3>\\r\\n\\t\\t\\t\\t\\t\\t<\\/div>\\r\\n\\t\\t\\t\\t\\t<\\/div>\",\"disabled\":\"0\",\"removed\":\"\",\"video_url\":\"\",\"video_title\":\"\",\"video_description\":\"\",\"video_metadata\":\"\",\"role\":\"\"}}}}',1,NULL,NULL,'0'),(6,'Slide Demo 5','slide5','{\"magicslider_id\":\"6\",\"title\":\"Slide Demo 5\",\"exclude_lazyload_visible\":\"1\",\"image-class\":\"\",\"stores\":\"0\",\"status\":\"1\",\"mobile\":\"1\",\"portrait\":\"1\",\"landscape\":\"1\",\"tablet\":\"1\",\"notebook\":\"1\",\"laptop\":\"1\",\"desktop\":\"1\",\"widescreen\":\"1\",\"visible\":\"1\",\"vertical\":\"false\",\"infinite\":\"true\",\"autoplay\":\"true\",\"arrows\":\"false\",\"dots\":\"true\",\"adaptive-height\":\"false\",\"fade\":\"false\",\"rows\":\"1\",\"speed\":\"400\",\"autoplay-Speed\":\"6000\",\"padding\":\"0\",\"media_gallery\":{\"images\":{\"rmt5vqvs98i\":{\"position\":\"1\",\"media_type\":\"image\",\"video_provider\":\"\",\"file\":\"\\/h\\/o\\/home-slidev5_01.jpg\",\"value_id\":\"\",\"label\":\"Alothemes\",\"link\":\"http:\\/\\/alothemes.com\\/\",\"caption\":\"<div class=\\\"container-none figcaption\\\">\\r\\n\\t\\t\\t\\t\\t\\t<div class=\\\"text-slide\\\">\\r\\n\\t\\t\\t\\t\\t\\t\\t<h3 class=\\\"caption1\\\">new<\\/h3>\\r\\n\\t\\t\\t\\t\\t\\t\\t<h3 class=\\\"caption2\\\">fashion<\\/h3>\\r\\n\\t\\t\\t\\t\\t\\t\\t<h3 class=\\\"caption3\\\"><strong>&<\\/strong>style<\\/h3>\\r\\n\\t\\t\\t\\t\\t\\t<\\/div>\\r\\n\\t\\t\\t\\t\\t<\\/div>\",\"disabled\":\"0\",\"removed\":\"\",\"video_url\":\"\",\"video_title\":\"\",\"video_description\":\"\",\"video_metadata\":\"\",\"role\":\"\"},\"1dcvca75apq\":{\"position\":\"2\",\"media_type\":\"image\",\"video_provider\":\"\",\"file\":\"\\/h\\/o\\/home-slidev5_02.jpg\",\"value_id\":\"\",\"label\":\"Alothemes\",\"link\":\"http:\\/\\/alothemes.com\\/\",\"caption\":\"<div class=\\\"container-none figcaption\\\">\\r\\n\\t\\t\\t\\t\\t\\t<div class=\\\"text-slide text-slide2\\\">\\r\\n\\t\\t\\t\\t\\t\\t\\t<h3 class=\\\"caption1\\\">Lookbook<\\/h3>\\r\\n\\t\\t\\t\\t\\t\\t\\t<h3 class=\\\"caption2\\\">real man<\\/h3>\\r\\n\\t\\t\\t\\t\\t\\t<\\/div>\\r\\n\\t\\t\\t\\t\\t<\\/div>\",\"disabled\":\"0\",\"removed\":\"\",\"video_url\":\"\",\"video_title\":\"\",\"video_description\":\"\",\"video_metadata\":\"\",\"role\":\"\"},\"g7rrwooaunw\":{\"position\":\"3\",\"media_type\":\"image\",\"video_provider\":\"\",\"file\":\"\\/h\\/o\\/home-slidev5_03.jpg\",\"value_id\":\"\",\"label\":\"Alothemes\",\"link\":\"http:\\/\\/alothemes.com\\/\",\"caption\":\"<div class=\\\"container-none figcaption\\\">\\r\\n\\t\\t\\t\\t\\t\\t<div class=\\\"text-slide text-slide2\\\">\\r\\n\\t\\t\\t\\t\\t\\t\\t<h3 class=\\\"caption1\\\">spring<\\/h3>\\r\\n\\t\\t\\t\\t\\t\\t\\t<h3 class=\\\"caption2\\\">collection<\\/h3>\\r\\n\\t\\t\\t\\t\\t\\t<\\/div>\\r\\n\\t\\t\\t\\t\\t<\\/div>\",\"disabled\":\"0\",\"removed\":\"\",\"video_url\":\"\",\"video_title\":\"\",\"video_description\":\"\",\"video_metadata\":\"\",\"role\":\"\"}}}}',1,NULL,NULL,'0'),(7,'Slider Demo 12','slider12','{\"magicslider_id\":\"7\",\"title\":\"Slider Demo 12\",\"exclude_lazyload_visible\":\"1\",\"image-class\":\"\",\"stores\":\"0\",\"status\":\"1\",\"mobile\":\"1\",\"portrait\":\"1\",\"landscape\":\"1\",\"tablet\":\"1\",\"notebook\":\"1\",\"laptop\":\"1\",\"desktop\":\"1\",\"widescreen\":\"1\",\"visible\":\"1\",\"vertical\":\"false\",\"infinite\":\"true\",\"autoplay\":\"false\",\"arrows\":\"false\",\"dots\":\"true\",\"adaptive-height\":\"false\",\"fade\":\"false\",\"rows\":\"1\",\"speed\":\"400\",\"autoplay-Speed\":\"6000\",\"padding\":\"0\",\"media_gallery\":{\"images\":{\"3n4q2i9u4ncc\":{\"position\":\"1\",\"media_type\":\"image\",\"video_provider\":\"\",\"file\":\"\\/s\\/l\\/slider1_12.jpg\",\"value_id\":\"\",\"label\":\"Alothemes Milano\",\"link\":\"http:\\/\\/alothemes.com\\/\",\"caption\":\"<div class=\\\"container figcaption\\\">\\r\\n\\t<div class=\\\"text-slide text-slide3\\\">\\r\\n\\t\\t<h3 class=\\\"caption1\\\">new<\\/h3>\\r\\n\\t\\t<h3 class=\\\"caption2\\\">fashion<\\/h3>\\r\\n\\t\\t<h3 class=\\\"caption3\\\"><strong>&<\\/strong>style<\\/h3>\\r\\n\\t<\\/div>\\r\\n<\\/div>\",\"disabled\":\"0\",\"removed\":\"\",\"video_url\":\"\",\"video_title\":\"\",\"video_description\":\"\",\"video_metadata\":\"\",\"role\":\"\"},\"btm27chplit\":{\"position\":\"2\",\"media_type\":\"image\",\"video_provider\":\"\",\"file\":\"\\/s\\/l\\/slider2_12.jpg\",\"value_id\":\"\",\"label\":\"Alothemes Milano\",\"link\":\"http:\\/\\/alothemes.com\\/\",\"caption\":\"<div class=\\\"container figcaption\\\">\\r\\n\\t\\t\\t<div class=\\\"text-slide text-slide2\\\">\\r\\n\\t\\t\\t\\t<h3 class=\\\"caption1\\\">Lookbook<\\/h3>\\r\\n\\t\\t\\t\\t<h3 class=\\\"caption2\\\">real man<\\/h3>\\r\\n\\t\\t\\t<\\/div>\\r\\n\\t\\t<\\/div>\",\"disabled\":\"0\",\"removed\":\"\",\"video_url\":\"\",\"video_title\":\"\",\"video_description\":\"\",\"video_metadata\":\"\",\"role\":\"\"},\"c5grodejjof\":{\"position\":\"3\",\"media_type\":\"image\",\"video_provider\":\"\",\"file\":\"\\/s\\/l\\/slider3_12.jpg\",\"value_id\":\"\",\"label\":\"Alothemes Milano\",\"link\":\"http:\\/\\/alothemes.com\\/\",\"caption\":\"<div class=\\\"container figcaption\\\">\\r\\n\\t\\t\\t<div class=\\\"text-slide text-slide2\\\">\\r\\n\\t\\t\\t\\t<h3 class=\\\"caption1\\\">spring<\\/h3>\\r\\n\\t\\t\\t\\t<h3 class=\\\"caption2\\\">collection<\\/h3>\\r\\n\\t\\t\\t<\\/div>\\r\\n\\t\\t<\\/div>\",\"disabled\":\"0\",\"removed\":\"\",\"video_url\":\"\",\"video_title\":\"\",\"video_description\":\"\",\"video_metadata\":\"\",\"role\":\"\"}}}}',1,NULL,NULL,'0'),(8,'slide13','slide13','{\"magicslider_id\":\"8\",\"title\":\"slide13\",\"exclude_lazyload_visible\":\"1\",\"image-class\":\"\",\"stores\":\"0\",\"status\":\"1\",\"mobile\":\"1\",\"portrait\":\"1\",\"landscape\":\"1\",\"tablet\":\"1\",\"notebook\":\"1\",\"laptop\":\"1\",\"desktop\":\"1\",\"widescreen\":\"1\",\"visible\":\"1\",\"vertical\":\"false\",\"infinite\":\"true\",\"autoplay\":\"false\",\"arrows\":\"false\",\"dots\":\"true\",\"adaptive-height\":\"false\",\"fade\":\"false\",\"rows\":\"1\",\"speed\":\"300\",\"autoplay-Speed\":\"3000\",\"padding\":\"15\",\"media_gallery\":{\"images\":{\"mraq1sc0vwm\":{\"position\":\"0\",\"media_type\":\"image\",\"video_provider\":\"\",\"file\":\"\\/s\\/l\\/slide13-1.jpg\",\"value_id\":\"\",\"label\":\"\",\"link\":\"#\",\"caption\":\"<div class=\\\"container figcaption\\\">\\r\\n    <div class=\\\"text-slide text-slide1\\\">\\r\\n        <h3 class=\\\"caption1\\\">New Fashion 2019<\\/h3>\\r\\n        <h3 class=\\\"caption2\\\">The new of women <br> collection<\\/h3>\\r\\n        <h3 class=\\\"caption3\\\"><a class=\\\"show-now\\\" href=\\\"#\\\">Show now<\\/a><\\/h3>\\r\\n    <\\/div>\\r\\n<\\/div>\",\"disabled\":\"0\",\"removed\":\"\",\"video_url\":\"\",\"video_title\":\"\",\"video_description\":\"\",\"video_metadata\":\"\",\"role\":\"\"},\"djs4w4f9wcq\":{\"position\":\"1\",\"media_type\":\"image\",\"video_provider\":\"\",\"file\":\"\\/s\\/l\\/slide13-2.jpg\",\"value_id\":\"\",\"label\":\"\",\"link\":\"#\",\"caption\":\"<div class=\\\"container figcaption\\\">\\r\\n    <div class=\\\"text-slide text-slide2\\\">      \\r\\n        <h3 class=\\\"caption2\\\">Shopping with us<\\/h3>\\r\\n        <h3 class=\\\"caption1\\\">ENJOY WITH <span>25%<\\/span> OFF<\\/h3>\\r\\n        <h3 class=\\\"caption3\\\"><a class=\\\"show-now\\\" href=\\\"#\\\">Show now<\\/a><\\/h3>\\r\\n    <\\/div>\\r\\n<\\/div>\",\"disabled\":\"0\",\"removed\":\"\",\"video_url\":\"\",\"video_title\":\"\",\"video_description\":\"\",\"video_metadata\":\"\",\"role\":\"\"},\"drd3mahj8q3\":{\"position\":\"2\",\"media_type\":\"image\",\"video_provider\":\"\",\"file\":\"\\/s\\/l\\/sldie13-3.jpg\",\"value_id\":\"\",\"label\":\"\",\"link\":\"#\",\"caption\":\"<div class=\\\"container figcaption\\\">\\r\\n    <div class=\\\"text-slide text-slide3\\\">\\r\\n        <h3 class=\\\"caption1\\\">Welcome to the<\\/h3>\\r\\n        <h3 class=\\\"caption2\\\">allure<span class=\\\"dot\\\"><i class=\\\"fa fa-circle\\\"><\\/i><\\/span> fashion brands<\\/h3>\\r\\n        <h3 class=\\\"caption1\\\">www.alothemes.com\\/<\\/h3>\\r\\n        <h3 class=\\\"caption3\\\"><a class=\\\"show-now\\\" href=\\\"#\\\">Show now<\\/a><\\/h3>\\r\\n    <\\/div>\\r\\n<\\/div>\",\"disabled\":\"0\",\"removed\":\"\",\"video_url\":\"\",\"video_title\":\"\",\"video_description\":\"\",\"video_metadata\":\"\",\"role\":\"\"}}}}',1,NULL,NULL,'0'),(9,'slide15','slide15','{\"magicslider_id\":\"9\",\"title\":\"slide15\",\"exclude_lazyload_visible\":\"1\",\"image-class\":\"\",\"stores\":\"0\",\"status\":\"1\",\"mobile\":\"1\",\"portrait\":\"1\",\"landscape\":\"1\",\"tablet\":\"1\",\"notebook\":\"1\",\"laptop\":\"1\",\"desktop\":\"1\",\"widescreen\":\"1\",\"visible\":\"1\",\"vertical\":\"false\",\"infinite\":\"true\",\"autoplay\":\"false\",\"arrows\":\"false\",\"dots\":\"true\",\"adaptive-height\":\"false\",\"fade\":\"false\",\"rows\":\"1\",\"speed\":\"300\",\"autoplay-Speed\":\"3000\",\"padding\":\"15\",\"media_gallery\":{\"images\":{\"vw1k7em66ae\":{\"position\":\"1\",\"media_type\":\"image\",\"video_provider\":\"\",\"file\":\"\\/s\\/l\\/slider15-1.jpg\",\"value_id\":\"\",\"label\":\"\",\"link\":\"#\",\"caption\":\"<div class=\\\"container figcaption\\\">\\r\\n    <div class=\\\"text-slide text-slide1\\\">\\r\\n        <h3 class=\\\"caption1\\\">New Pet Collection<\\/h3>\\r\\n        <h3 class=\\\"caption2\\\">Enjoy with <span class=\\\"color\\\">25%<\\/span> off<\\/h3>\\r\\n        <h3 class=\\\"caption3\\\"><a class=\\\"show-now\\\" href=\\\"#\\\">Show now<\\/a><\\/h3>\\r\\n    <\\/div>\\r\\n<\\/div>\\r\\n\",\"disabled\":\"0\",\"removed\":\"\",\"video_url\":\"\",\"video_title\":\"\",\"video_description\":\"\",\"video_metadata\":\"\",\"role\":\"\"},\"2j2jg48p7f3\":{\"position\":\"2\",\"media_type\":\"image\",\"video_provider\":\"\",\"file\":\"\\/s\\/l\\/slider15-2.jpg\",\"value_id\":\"\",\"label\":\"\",\"link\":\"#\",\"caption\":\"<div class=\\\"container figcaption\\\">\\r\\n    <div class=\\\"text-slide text-slide2\\\">\\r\\n        <h3 class=\\\"caption1\\\">New Pet Collection<\\/h3>\\r\\n        <h3 class=\\\"caption2\\\">Enjoy with <span class=\\\"color\\\">25%<\\/span> off<\\/h3>\\r\\n        <h3 class=\\\"caption3\\\"><a class=\\\"show-now\\\" href=\\\"#\\\">Show now<\\/a><\\/h3>\\r\\n    <\\/div>\\r\\n<\\/div>\",\"disabled\":\"0\",\"removed\":\"\",\"video_url\":\"\",\"video_title\":\"\",\"video_description\":\"\",\"video_metadata\":\"\",\"role\":\"\"}}}}',1,NULL,NULL,'0'),(10,'slide16','slide16','{\"magicslider_id\":\"10\",\"title\":\"slide16\",\"exclude_lazyload_visible\":\"1\",\"image-class\":\"\",\"stores\":\"0\",\"status\":\"1\",\"mobile\":\"1\",\"portrait\":\"1\",\"landscape\":\"1\",\"tablet\":\"1\",\"notebook\":\"1\",\"laptop\":\"1\",\"desktop\":\"1\",\"widescreen\":\"1\",\"visible\":\"1\",\"vertical\":\"false\",\"infinite\":\"true\",\"autoplay\":\"false\",\"arrows\":\"false\",\"dots\":\"true\",\"adaptive-height\":\"false\",\"fade\":\"false\",\"rows\":\"1\",\"speed\":\"300\",\"autoplay-Speed\":\"3000\",\"padding\":\"0\",\"media_gallery\":{\"images\":{\"2gvl1igshubl\":{\"position\":\"3\",\"media_type\":\"image\",\"video_provider\":\"\",\"file\":\"\\/s\\/l\\/slide16-1.jpg\",\"value_id\":\"\",\"label\":\"\",\"link\":\"#\",\"caption\":\"<div class=\\\"container figcaption\\\">\\r\\n    <div class=\\\"text-slide text-slide1\\\">\\r\\n        <h3 class=\\\"caption1\\\"><span class=\\\"letter first\\\">The<\\/span><span class=\\\"letter second\\\">Spring<\\/span><span class=\\\"letter third\\\">Report<\\/span><\\/h3>\\r\\n        <h3 class=\\\"caption3\\\"><a class=\\\"show-now\\\" href=\\\"#\\\">Show now<\\/a><\\/h3>\\r\\n    <\\/div>\\r\\n<\\/div>\",\"disabled\":\"0\",\"removed\":\"\",\"video_url\":\"\",\"video_title\":\"\",\"video_description\":\"\",\"video_metadata\":\"\",\"role\":\"\"},\"kqi82m0m313\":{\"position\":\"4\",\"media_type\":\"image\",\"video_provider\":\"\",\"file\":\"\\/s\\/l\\/slide16-2.jpg\",\"value_id\":\"\",\"label\":\"\",\"link\":\"#\",\"caption\":\"<div class=\\\"container figcaption\\\">\\r\\n    <div class=\\\"text-slide text-slide2\\\">\\r\\n        <h3 class=\\\"caption1\\\">The Spring Report<\\/h3>\\r\\n        <h3 class=\\\"caption2\\\">Enjoy with <span class=\\\"color\\\">25%<\\/span> off<\\/h3>\\r\\n        <h3 class=\\\"caption3\\\"><a class=\\\"show-now\\\" href=\\\"#\\\">Show now<\\/a><\\/h3>\\r\\n    <\\/div>\\r\\n<\\/div>\",\"disabled\":\"0\",\"removed\":\"\",\"video_url\":\"\",\"video_title\":\"\",\"video_description\":\"\",\"video_metadata\":\"\",\"role\":\"\"}}}}',1,NULL,NULL,'0');

--
-- Table structure for table `magiccart_shopbrand`
--

CREATE TABLE `magiccart_shopbrand` (
  `shopbrand_id` int(11) NOT NULL AUTO_INCREMENT COMMENT 'Brand ID',
  `title` varchar(255) NOT NULL COMMENT 'Title',
  `urlkey` varchar(255) DEFAULT NULL COMMENT 'Urlkey',
  `meta_key` varchar(255) DEFAULT NULL COMMENT 'Meta_key',
  `meta_description` varchar(255) DEFAULT NULL COMMENT 'Meta_description',
  `option_id` varchar(255) DEFAULT NULL COMMENT 'Option_id',
  `image` varchar(255) DEFAULT NULL COMMENT 'Image',
  `product_ids` mediumtext COMMENT 'product_ids',
  `stores` varchar(255) DEFAULT NULL COMMENT 'Stores',
  `description` varchar(255) DEFAULT NULL COMMENT 'Description',
  `order` smallint(6) NOT NULL DEFAULT '0' COMMENT 'Order',
  `status` smallint(6) NOT NULL DEFAULT '1' COMMENT 'Status',
  PRIMARY KEY (`shopbrand_id`),
  KEY `SHOPBRAND_ID_SHOPBRAND_ID` (`shopbrand_id`)
) ENGINE=InnoDB AUTO_INCREMENT=19 DEFAULT CHARSET=utf8 COMMENT='Magiccart Shopbrand';

--
-- Dumping data for table `magiccart_shopbrand`
--

INSERT INTO `magiccart_shopbrand` VALUES (1,'Balenciaga','https://elegancefluent.com/balenciaga.html','The Brand','The Brand','12','magiccart/shopbrand/brand/b/a/balenciaga.jpg',NULL,'0',NULL,0,1),(2,'Gucci','https://elegancefluent.com/gucci.html','The Brand 2','The Brand 2','13','magiccart/shopbrand/brand/g/u/gucci.png',NULL,'0',NULL,0,1),(3,'Chanel','https://elegancefluent.com/chanel.html','The Brand 3','The Brand 3','14','magiccart/shopbrand/brand/c/h/chanel.jpg',NULL,'0',NULL,0,1),(4,'Dior','https://elegancefluent.com/dior.html','The Brand 4','The Brand 4','15','magiccart/shopbrand/brand/d/i/dior.png',NULL,'0',NULL,0,1),(5,'Fendi','https://elegancefluent.com/fendi.html','The Brand 5','The Brand 5','12','magiccart/shopbrand/brand/f/e/fendi.jpg',NULL,'0',NULL,0,1),(6,'Cariter','https://elegancefluent.com/cartier.html','The Brand 6','The Brand 6','13','magiccart/shopbrand/brand/c/a/cartier.png',NULL,'0',NULL,0,1),(7,'Hermes','https://elegancefluent.com/hermes.html','The Brand 7','The Brand 7','14','magiccart/shopbrand/brand/h/e/hermes.png',NULL,'0',NULL,0,1),(8,'YSL','https://elegancefluent.com/ysl.html','The Brand 8','The Brand 8','15','magiccart/shopbrand/brand/y/s/ysl.png',NULL,'0',NULL,0,1),(9,'LV','https://elegancefluent.com/louis-vuitton.html',NULL,NULL,NULL,'magiccart/shopbrand/brand/l/o/louis_vuitton.png',NULL,'0',NULL,0,1),(10,'Prada','https://elegancefluent.com/prada.html',NULL,NULL,NULL,'magiccart/shopbrand/brand/p/r/prada.png',NULL,'0',NULL,0,1),(11,'Versace','https://elegancefluent.com/versace.html',NULL,NULL,NULL,'magiccart/shopbrand/brand/v/e/versace_logo.png',NULL,'0',NULL,0,1),(12,'Van Cleef','https://elegancefluent.com/van-cleef.html',NULL,NULL,NULL,'magiccart/shopbrand/brand/v/c/vca.gif',NULL,'0',NULL,0,1),(13,'Valentino','https://elegancefluent.com/valentino.html',NULL,NULL,NULL,'magiccart/shopbrand/brand/v/a/valentino.png',NULL,'0',NULL,0,1),(14,'Chloé','https://elegancefluent.com/chloe.html',NULL,NULL,NULL,'magiccart/shopbrand/brand/c/h/chloe-logo.png',NULL,'0',NULL,0,1),(15,'Goyard','https://elegancefluent.com/goyard.html',NULL,NULL,NULL,'magiccart/shopbrand/brand/g/o/goyard.png',NULL,'0',NULL,0,1),(16,'Burberry','https://elegancefluent.com/burberry.html',NULL,NULL,NULL,'magiccart/shopbrand/brand/b/u/burberry.jpg',NULL,'0',NULL,0,1),(17,'CH','https://elegancefluent.com/carolina-herrera.html',NULL,NULL,NULL,'magiccart/shopbrand/brand/c/a/carolina-herrera.png',NULL,'0',NULL,0,1),(18,'Marli','https://elegancefluent.com/marli.html',NULL,NULL,NULL,'magiccart/shopbrand/brand/m/a/marli.png',NULL,'0',NULL,0,1);

--
-- Table structure for table `magiccart_testimonial`
--

CREATE TABLE `magiccart_testimonial` (
  `testimonial_id` int(11) NOT NULL AUTO_INCREMENT COMMENT 'Testimonial ID',
  `name` varchar(255) NOT NULL COMMENT 'Name',
  `image` varchar(255) DEFAULT NULL COMMENT 'Image',
  `text` mediumtext COMMENT 'product_ids',
  `company` varchar(255) DEFAULT NULL COMMENT 'Company',
  `job` varchar(255) DEFAULT NULL COMMENT 'Job',
  `email` varchar(255) DEFAULT NULL COMMENT 'Email',
  `website` varchar(255) DEFAULT NULL COMMENT 'Website',
  `rating_summary` smallint(6) NOT NULL DEFAULT '5' COMMENT 'Rating Summary',
  `stores` varchar(255) DEFAULT '0' COMMENT 'Stores',
  `order` smallint(6) NOT NULL DEFAULT '0' COMMENT 'Order',
  `status` smallint(6) NOT NULL DEFAULT '1' COMMENT 'Status',
  `created_time` datetime DEFAULT NULL COMMENT 'Created Time',
  `update_time` datetime DEFAULT NULL COMMENT 'Update Time',
  PRIMARY KEY (`testimonial_id`),
  KEY `TESTIMONIAL_ID_TESTIMONIAL_ID` (`testimonial_id`)
) ENGINE=InnoDB AUTO_INCREMENT=4 DEFAULT CHARSET=utf8 COMMENT='Magiccart Testimonial';

--
-- Dumping data for table `magiccart_testimonial`
--

INSERT INTO `magiccart_testimonial` VALUES (1,'Michael Lee','magiccart/testimonial//v/3/v3_10.jpg','“Vestibulum quis porttitor dui! Quisque viverra nunc mi, a pulvinar purus condimentum a. Aliquam condimentum mattis neque sed pretium”','creative',NULL,'tuyenlq989@gmail.com','alothemes.com',3,'0',0,1,NULL,NULL),(2,'our clients say','magiccart/testimonial//v/1/v1_2.png','“ Quisque faucibus enim non tempus gravida. Morbi non sem sagittis, venenatis neque at, consequat justo. Cras dignissim, nunc sit amet cursus suscipit, neque nisi ultrices enim, tempus rhoncus sapien lectus quis ex ”','our',NULL,'tuyenlq989@gmail.com','our',4,'0',0,1,NULL,NULL),(3,'Creative AloThemes','magiccart/testimonial//v/1/v1_3.png','“ Quisque faucibus enim non tempus gravida. Morbi non sem sagittis, venenatis neque at, consequat justo. Cras dignissim, nunc sit amet cursus suscipit, neque nisi ultrices enim, tempus rhoncus sapien lectus quis ex ”','creative-alo-themes',NULL,'tuyenlq989@gmail.com','alothemes.com',4,'0',0,1,NULL,NULL);

--
-- Table structure for table `media_content_asset`
--

CREATE TABLE `media_content_asset` (
  `asset_id` int(10) unsigned NOT NULL COMMENT 'Entity ID',
  `entity_type` varchar(255) NOT NULL COMMENT 'Content type',
  `entity_id` varchar(255) NOT NULL COMMENT 'Content entity id',
  `field` varchar(255) NOT NULL COMMENT 'Content field',
  PRIMARY KEY (`entity_type`,`entity_id`,`field`,`asset_id`),
  KEY `MEDIA_CONTENT_ASSET_ASSET_ID` (`asset_id`)
) ENGINE=InnoDB DEFAULT CHARSET=utf8 COMMENT='Relation between media content and media asset';

--
-- Dumping data for table `media_content_asset`
--


--
-- Table structure for table `media_gallery_asset`
--

CREATE TABLE `media_gallery_asset` (
  `id` int(10) unsigned NOT NULL AUTO_INCREMENT COMMENT 'Entity ID',
  `path` text COMMENT 'Path',
  `title` varchar(255) DEFAULT NULL COMMENT 'Title',
  `source` varchar(255) DEFAULT NULL COMMENT 'Source',
  `content_type` varchar(255) DEFAULT NULL COMMENT 'Content Type',
  `width` int(10) unsigned NOT NULL DEFAULT '0' COMMENT 'Width',
  `height` int(10) unsigned NOT NULL DEFAULT '0' COMMENT 'Height',
  `created_at` timestamp NOT NULL DEFAULT CURRENT_TIMESTAMP COMMENT 'Created At',
  `updated_at` timestamp NOT NULL DEFAULT CURRENT_TIMESTAMP ON UPDATE CURRENT_TIMESTAMP COMMENT 'Updated At',
  `description` text COMMENT 'Description',
  `hash` varchar(255) DEFAULT NULL COMMENT 'File hash',
  `size` int(10) unsigned NOT NULL COMMENT 'Asset file size in bytes',
  PRIMARY KEY (`id`),
  KEY `MEDIA_GALLERY_ASSET_ID` (`id`),
  FULLTEXT KEY `MEDIA_GALLERY_ASSET_TITLE` (`title`)
) ENGINE=InnoDB DEFAULT CHARSET=utf8 COMMENT='Media Gallery Asset';

--
-- Dumping data for table `media_gallery_asset`
--


--
-- Table structure for table `media_gallery_asset_keyword`
--

CREATE TABLE `media_gallery_asset_keyword` (
  `keyword_id` int(10) unsigned NOT NULL COMMENT 'Keyword Id',
  `asset_id` int(10) unsigned NOT NULL COMMENT 'Asset ID',
  PRIMARY KEY (`keyword_id`,`asset_id`),
  KEY `MEDIA_GALLERY_ASSET_KEYWORD_ASSET_ID` (`asset_id`),
  KEY `MEDIA_GALLERY_ASSET_KEYWORD_KEYWORD_ID` (`keyword_id`)
) ENGINE=InnoDB DEFAULT CHARSET=utf8 COMMENT='Media Gallery Asset Keyword';

--
-- Dumping data for table `media_gallery_asset_keyword`
--


--
-- Table structure for table `media_gallery_keyword`
--

CREATE TABLE `media_gallery_keyword` (
  `id` int(10) unsigned NOT NULL AUTO_INCREMENT COMMENT 'Keyword ID',
  `keyword` varchar(255) NOT NULL COMMENT 'Keyword',
  PRIMARY KEY (`id`),
  UNIQUE KEY `MEDIA_GALLERY_KEYWORD_KEYWORD` (`keyword`),
  KEY `MEDIA_GALLERY_KEYWORD_ID` (`id`)
) ENGINE=InnoDB DEFAULT CHARSET=utf8 COMMENT='Media Gallery Keyword';

--
-- Dumping data for table `media_gallery_keyword`
--


--
-- Table structure for table `msp_tfa_country_codes`
--

CREATE TABLE `msp_tfa_country_codes` (
  `msp_tfa_country_codes_id` int(10) unsigned NOT NULL AUTO_INCREMENT COMMENT 'TFA admin user ID',
  `code` text NOT NULL COMMENT 'Country code',
  `name` text NOT NULL COMMENT 'Country name',
  `dial_code` text NOT NULL COMMENT 'Prefix',
  PRIMARY KEY (`msp_tfa_country_codes_id`),
  KEY `MSP_TFA_COUNTRY_CODES_CODE` (`code`(128))
) ENGINE=InnoDB AUTO_INCREMENT=242 DEFAULT CHARSET=utf8 COMMENT='msp_tfa_country_codes';

--
-- Dumping data for table `msp_tfa_country_codes`
--

INSERT INTO `msp_tfa_country_codes` VALUES (1,'IL','Israel','+972'),(2,'AF','Afghanistan','+93'),(3,'AL','Albania','+355'),(4,'DZ','Algeria','+213'),(5,'AS','AmericanSamoa','+1 684'),(6,'AD','Andorra','+376'),(7,'AO','Angola','+244'),(8,'AI','Anguilla','+1 264'),(9,'AG','Antigua and Barbuda','+1268'),(10,'AR','Argentina','+54'),(11,'AM','Armenia','+374'),(12,'AW','Aruba','+297'),(13,'AU','Australia','+61'),(14,'AT','Austria','+43'),(15,'AZ','Azerbaijan','+994'),(16,'BS','Bahamas','+1 242'),(17,'BH','Bahrain','+973'),(18,'BD','Bangladesh','+880'),(19,'BB','Barbados','+1 246'),(20,'BY','Belarus','+375'),(21,'BE','Belgium','+32'),(22,'BZ','Belize','+501'),(23,'BJ','Benin','+229'),(24,'BM','Bermuda','+1 441'),(25,'BT','Bhutan','+975'),(26,'BA','Bosnia and Herzegovina','+387'),(27,'BW','Botswana','+267'),(28,'BR','Brazil','+55'),(29,'IO','British Indian Ocean Territory','+246'),(30,'BG','Bulgaria','+359'),(31,'BF','Burkina Faso','+226'),(32,'BI','Burundi','+257'),(33,'KH','Cambodia','+855'),(34,'CM','Cameroon','+237'),(35,'CA','Canada','+1'),(36,'CV','Cape Verde','+238'),(37,'KY','Cayman Islands','+ 345'),(38,'CF','Central African Republic','+236'),(39,'TD','Chad','+235'),(40,'CL','Chile','+56'),(41,'CN','China','+86'),(42,'CX','Christmas Island','+61'),(43,'CO','Colombia','+57'),(44,'KM','Comoros','+269'),(45,'CG','Congo','+242'),(46,'CK','Cook Islands','+682'),(47,'CR','Costa Rica','+506'),(48,'HR','Croatia','+385'),(49,'CU','Cuba','+53'),(50,'CY','Cyprus','+537'),(51,'CZ','Czech Republic','+420'),(52,'DK','Denmark','+45'),(53,'DJ','Djibouti','+253'),(54,'DM','Dominica','+1 767'),(55,'DO','Dominican Republic','+1 849'),(56,'EC','Ecuador','+593'),(57,'EG','Egypt','+20'),(58,'SV','El Salvador','+503'),(59,'GQ','Equatorial Guinea','+240'),(60,'ER','Eritrea','+291'),(61,'EE','Estonia','+372'),(62,'ET','Ethiopia','+251'),(63,'FO','Faroe Islands','+298'),(64,'FJ','Fiji','+679'),(65,'FI','Finland','+358'),(66,'FR','France','+33'),(67,'GF','French Guiana','+594'),(68,'PF','French Polynesia','+689'),(69,'GA','Gabon','+241'),(70,'GM','Gambia','+220'),(71,'GE','Georgia','+995'),(72,'DE','Germany','+49'),(73,'GH','Ghana','+233'),(74,'GI','Gibraltar','+350'),(75,'GR','Greece','+30'),(76,'GL','Greenland','+299'),(77,'GD','Grenada','+1 473'),(78,'GP','Guadeloupe','+590'),(79,'GU','Guam','+1 671'),(80,'GT','Guatemala','+502'),(81,'GN','Guinea','+224'),(82,'GW','Guinea-Bissau','+245'),(83,'GY','Guyana','+595'),(84,'HT','Haiti','+509'),(85,'HN','Honduras','+504'),(86,'HU','Hungary','+36'),(87,'IS','Iceland','+354'),(88,'IN','India','+91'),(89,'ID','Indonesia','+62'),(90,'IQ','Iraq','+964'),(91,'IE','Ireland','+353'),(92,'IL','Israel','+972'),(93,'IT','Italy','+39'),(94,'JM','Jamaica','+1 876'),(95,'JP','Japan','+81'),(96,'JO','Jordan','+962'),(97,'KZ','Kazakhstan','+7 7'),(98,'KE','Kenya','+254'),(99,'KI','Kiribati','+686'),(100,'KW','Kuwait','+965'),(101,'KG','Kyrgyzstan','+996'),(102,'LV','Latvia','+371'),(103,'LB','Lebanon','+961'),(104,'LS','Lesotho','+266'),(105,'LR','Liberia','+231'),(106,'LI','Liechtenstein','+423'),(107,'LT','Lithuania','+370'),(108,'LU','Luxembourg','+352'),(109,'MG','Madagascar','+261'),(110,'MW','Malawi','+265'),(111,'MY','Malaysia','+60'),(112,'MV','Maldives','+960'),(113,'ML','Mali','+223'),(114,'MT','Malta','+356'),(115,'MH','Marshall Islands','+692'),(116,'MQ','Martinique','+596'),(117,'MR','Mauritania','+222'),(118,'MU','Mauritius','+230'),(119,'YT','Mayotte','+262'),(120,'MX','Mexico','+52'),(121,'MC','Monaco','+377'),(122,'MN','Mongolia','+976'),(123,'ME','Montenegro','+382'),(124,'MS','Montserrat','+1664'),(125,'MA','Morocco','+212'),(126,'MM','Myanmar','+95'),(127,'NA','Namibia','+264'),(128,'NR','Nauru','+674'),(129,'NP','Nepal','+977'),(130,'NL','Netherlands','+31'),(131,'AN','Netherlands Antilles','+599'),(132,'NC','New Caledonia','+687'),(133,'NZ','New Zealand','+64'),(134,'NI','Nicaragua','+505'),(135,'NE','Niger','+227'),(136,'NG','Nigeria','+234'),(137,'NU','Niue','+683'),(138,'NF','Norfolk Island','+672'),(139,'MP','Northern Mariana Islands','+1 670'),(140,'NO','Norway','+47'),(141,'OM','Oman','+968'),(142,'PK','Pakistan','+92'),(143,'PW','Palau','+680'),(144,'PA','Panama','+507'),(145,'PG','Papua New Guinea','+675'),(146,'PY','Paraguay','+595'),(147,'PE','Peru','+51'),(148,'PH','Philippines','+63'),(149,'PL','Poland','+48'),(150,'PT','Portugal','+351'),(151,'PR','Puerto Rico','+1 939'),(152,'QA','Qatar','+974'),(153,'RO','Romania','+40'),(154,'RW','Rwanda','+250'),(155,'WS','Samoa','+685'),(156,'SM','San Marino','+378'),(157,'SA','Saudi Arabia','+966'),(158,'SN','Senegal','+221'),(159,'RS','Serbia','+381'),(160,'SC','Seychelles','+248'),(161,'SL','Sierra Leone','+232'),(162,'SG','Singapore','+65'),(163,'SK','Slovakia','+421'),(164,'SI','Slovenia','+386'),(165,'SB','Solomon Islands','+677'),(166,'ZA','South Africa','+27'),(167,'GS','South Georgia and the South Sandwich Islands','+500'),(168,'ES','Spain','+34'),(169,'LK','Sri Lanka','+94'),(170,'SD','Sudan','+249'),(171,'SR','Suriname','+597'),(172,'SZ','Swaziland','+268'),(173,'SE','Sweden','+46'),(174,'CH','Switzerland','+41'),(175,'TJ','Tajikistan','+992'),(176,'TH','Thailand','+66'),(177,'TG','Togo','+228'),(178,'TK','Tokelau','+690'),(179,'TO','Tonga','+676'),(180,'TT','Trinidad and Tobago','+1 868'),(181,'TN','Tunisia','+216'),(182,'TR','Turkey','+90'),(183,'TM','Turkmenistan','+993'),(184,'TC','Turks and Caicos Islands','+1 649'),(185,'TV','Tuvalu','+688'),(186,'UG','Uganda','+256'),(187,'UA','Ukraine','+380'),(188,'AE','United Arab Emirates','+971'),(189,'GB','United Kingdom','+44'),(190,'US','United States','+1'),(191,'UY','Uruguay','+598'),(192,'UZ','Uzbekistan','+998'),(193,'VU','Vanuatu','+678'),(194,'WF','Wallis and Futuna','+681'),(195,'YE','Yemen','+967'),(196,'ZM','Zambia','+260'),(197,'ZW','Zimbabwe','+263'),(198,'AX','land Islands',''),(199,'BO','Bolivia, Plurinational State of','+591'),(200,'BN','Brunei Darussalam','+673'),(201,'CC','Cocos (Keeling) Islands','+61'),(202,'CD','Congo, The Democratic Republic of the','+243'),(203,'CI','Cote d\'Ivoire','+225'),(204,'FK','Falkland Islands (Malvinas)','+500'),(205,'GG','Guernsey','+44'),(206,'VA','Holy See (Vatican City State)','+379'),(207,'HK','Hong Kong','+852'),(208,'IR','Iran, Islamic Republic of','+98'),(209,'IM','Isle of Man','+44'),(210,'JE','Jersey','+44'),(211,'KP','Korea, Democratic People\'s Republic of','+850'),(212,'KR','Korea, Republic of','+82'),(213,'LA','Lao People\'s Democratic Republic','+856'),(214,'LY','Libyan Arab Jamahiriya','+218'),(215,'MO','Macao','+853'),(216,'MK','Macedonia, The Former Yugoslav Republic of','+389'),(217,'FM','Micronesia, Federated States of','+691'),(218,'MD','Moldova, Republic of','+373'),(219,'MZ','Mozambique','+258'),(220,'PS','Palestinian Territory, Occupied','+970'),(221,'PN','Pitcairn','+872'),(222,'RE','Réunion','+262'),(223,'RU','Russia','+7'),(224,'BL','Saint Barthélemy','+590'),(225,'SH','Saint Helena, Ascension and Tristan Da Cunha','+290'),(226,'KN','Saint Kitts and Nevis','+1 869'),(227,'LC','Saint Lucia','+1 758'),(228,'MF','Saint Martin','+590'),(229,'PM','Saint Pierre and Miquelon','+508'),(230,'VC','Saint Vincent and the Grenadines','+1 784'),(231,'ST','Sao Tome and Principe','+239'),(232,'SO','Somalia','+252'),(233,'SJ','Svalbard and Jan Mayen','+47'),(234,'SY','Syrian Arab Republic','+963'),(235,'TW','Taiwan, Province of China','+886'),(236,'TZ','Tanzania, United Republic of','+255'),(237,'TL','Timor-Leste','+670'),(238,'VE','Venezuela, Bolivarian Republic of','+58'),(239,'VN','Viet Nam','+84'),(240,'VG','Virgin Islands, British','+1 284'),(241,'VI','Virgin Islands, U.S.','+1 340');

--
-- Table structure for table `mview_state`
--

CREATE TABLE `mview_state` (
  `state_id` int(10) unsigned NOT NULL AUTO_INCREMENT COMMENT 'View State ID',
  `view_id` varchar(255) DEFAULT NULL COMMENT 'View ID',
  `mode` varchar(16) DEFAULT 'disabled' COMMENT 'View Mode',
  `status` varchar(16) DEFAULT 'idle' COMMENT 'View Status',
  `updated` datetime DEFAULT NULL COMMENT 'View updated time',
  `version_id` int(10) unsigned DEFAULT NULL COMMENT 'View Version ID',
  PRIMARY KEY (`state_id`),
  KEY `MVIEW_STATE_VIEW_ID` (`view_id`),
  KEY `MVIEW_STATE_MODE` (`mode`)
) ENGINE=InnoDB DEFAULT CHARSET=utf8 COMMENT='View State';

--
-- Dumping data for table `mview_state`
--


--
-- Table structure for table `newsletter_problem`
--

CREATE TABLE `newsletter_problem` (
  `problem_id` int(10) unsigned NOT NULL AUTO_INCREMENT COMMENT 'Problem ID',
  `subscriber_id` int(10) unsigned DEFAULT NULL COMMENT 'Subscriber ID',
  `queue_id` int(10) unsigned NOT NULL DEFAULT '0' COMMENT 'Queue ID',
  `problem_error_code` int(10) unsigned DEFAULT '0' COMMENT 'Problem Error Code',
  `problem_error_text` varchar(200) DEFAULT NULL COMMENT 'Problem Error Text',
  PRIMARY KEY (`problem_id`),
  KEY `NEWSLETTER_PROBLEM_SUBSCRIBER_ID` (`subscriber_id`),
  KEY `NEWSLETTER_PROBLEM_QUEUE_ID` (`queue_id`)
) ENGINE=InnoDB DEFAULT CHARSET=utf8 COMMENT='Newsletter Problems';

--
-- Dumping data for table `newsletter_problem`
--


--
-- Table structure for table `newsletter_queue`
--

CREATE TABLE `newsletter_queue` (
  `queue_id` int(10) unsigned NOT NULL AUTO_INCREMENT COMMENT 'Queue ID',
  `template_id` int(10) unsigned NOT NULL DEFAULT '0' COMMENT 'Template ID',
  `newsletter_type` int(11) DEFAULT NULL COMMENT 'Newsletter Type',
  `newsletter_text` text COMMENT 'Newsletter Text',
  `newsletter_styles` text COMMENT 'Newsletter Styles',
  `newsletter_subject` varchar(200) DEFAULT NULL COMMENT 'Newsletter Subject',
  `newsletter_sender_name` varchar(200) DEFAULT NULL COMMENT 'Newsletter Sender Name',
  `newsletter_sender_email` varchar(200) DEFAULT NULL COMMENT 'Newsletter Sender Email',
  `queue_status` int(10) unsigned NOT NULL DEFAULT '0' COMMENT 'Queue Status',
  `queue_start_at` timestamp NULL DEFAULT NULL COMMENT 'Queue Start At',
  `queue_finish_at` timestamp NULL DEFAULT NULL COMMENT 'Queue Finish At',
  PRIMARY KEY (`queue_id`),
  KEY `NEWSLETTER_QUEUE_TEMPLATE_ID` (`template_id`)
) ENGINE=InnoDB DEFAULT CHARSET=utf8 COMMENT='Newsletter Queue';

--
-- Dumping data for table `newsletter_queue`
--


--
-- Table structure for table `newsletter_queue_link`
--

CREATE TABLE `newsletter_queue_link` (
  `queue_link_id` int(10) unsigned NOT NULL AUTO_INCREMENT COMMENT 'Queue Link ID',
  `queue_id` int(10) unsigned NOT NULL DEFAULT '0' COMMENT 'Queue ID',
  `subscriber_id` int(10) unsigned NOT NULL DEFAULT '0' COMMENT 'Subscriber ID',
  `letter_sent_at` timestamp NULL DEFAULT NULL COMMENT 'Letter Sent At',
  PRIMARY KEY (`queue_link_id`),
  KEY `NEWSLETTER_QUEUE_LINK_SUBSCRIBER_ID` (`subscriber_id`),
  KEY `NEWSLETTER_QUEUE_LINK_QUEUE_ID_LETTER_SENT_AT` (`queue_id`,`letter_sent_at`)
) ENGINE=InnoDB DEFAULT CHARSET=utf8 COMMENT='Newsletter Queue Link';

--
-- Dumping data for table `newsletter_queue_link`
--


--
-- Table structure for table `newsletter_queue_store_link`
--

CREATE TABLE `newsletter_queue_store_link` (
  `queue_id` int(10) unsigned NOT NULL DEFAULT '0' COMMENT 'Queue ID',
  `store_id` smallint(5) unsigned NOT NULL DEFAULT '0' COMMENT 'Store ID',
  PRIMARY KEY (`queue_id`,`store_id`),
  KEY `NEWSLETTER_QUEUE_STORE_LINK_STORE_ID` (`store_id`)
) ENGINE=InnoDB DEFAULT CHARSET=utf8 COMMENT='Newsletter Queue Store Link';

--
-- Dumping data for table `newsletter_queue_store_link`
--


--
-- Table structure for table `newsletter_subscriber`
--

CREATE TABLE `newsletter_subscriber` (
  `subscriber_id` int(10) unsigned NOT NULL AUTO_INCREMENT COMMENT 'Subscriber ID',
  `store_id` smallint(5) unsigned DEFAULT '0' COMMENT 'Store ID',
  `change_status_at` timestamp NULL DEFAULT NULL COMMENT 'Change Status At',
  `customer_id` int(10) unsigned NOT NULL DEFAULT '0' COMMENT 'Customer ID',
  `subscriber_email` varchar(150) DEFAULT NULL COMMENT 'Subscriber Email',
  `subscriber_status` int(11) NOT NULL DEFAULT '0' COMMENT 'Subscriber Status',
  `subscriber_confirm_code` varchar(32) DEFAULT 'NULL' COMMENT 'Subscriber Confirm Code',
  PRIMARY KEY (`subscriber_id`),
  KEY `NEWSLETTER_SUBSCRIBER_CUSTOMER_ID` (`customer_id`),
  KEY `NEWSLETTER_SUBSCRIBER_STORE_ID` (`store_id`),
  KEY `NEWSLETTER_SUBSCRIBER_SUBSCRIBER_EMAIL` (`subscriber_email`)
) ENGINE=InnoDB AUTO_INCREMENT=24 DEFAULT CHARSET=utf8 COMMENT='Newsletter Subscriber';

--
-- Dumping data for table `newsletter_subscriber`
--

INSERT INTO `newsletter_subscriber` VALUES (1,NULL,NULL,0,'tuyenlq989@gmail.com',1,'hw9sp60qgfrbggnksdmtqdnesqhs7ryi'),(2,NULL,'2020-04-20 06:36:57',140,'test@gmail.com',3,'qu6w1p9ysgwdozd46bd8jtm1vvs80g11'),(4,10,'2020-04-27 00:37:49',0,'info@goldenmila.com',1,'n9b8xgynm83x175jqfim4i7s94zubhcs'),(5,NULL,'2020-06-16 22:31:10',226,'mechirellan@hotmail.com',1,'8w87f04kl9ol9gv5d23g8amfyqiz2lrq'),(6,6,'2020-07-08 05:35:12',0,'berniekyriacou@googlemail.com',1,'5ymnpahxf08jncoaqr1e7ioqyxb78ij5'),(7,NULL,'2020-08-06 09:44:22',230,'mottaste@gmail.com',1,'gwkb3zh69o2q4rqhmtjl9sx58atoxkdh'),(8,8,'2020-08-06 19:29:57',231,'ahovhannisyan85@gmail.com',1,'pmnyvsnalu43ahy76nams1ubi1ar638w'),(9,NULL,'2020-08-06 21:06:48',232,'raffaella.naggi@gmail.com',1,'p4wp472w05og11y9u669qwlq4stqnxzn'),(10,NULL,'2020-08-07 07:33:19',233,'simonetta.notargiacomo@burdaitalia.it',1,'6egk2dq1hydem0d2er0ba8fwoopi20ce'),(11,4,'2020-08-11 14:37:57',0,'biroltopal@gmail.com',1,'uwazzvt27m9rk2uykxg2pm9k8mi75mrm'),(12,10,'2020-08-27 15:19:45',0,'teste@teste.pt',1,'jytnjuy3x5pgbjtku24gv6y9qxfoge5l'),(13,4,'2020-09-04 14:29:32',0,'magento0309@gmail.com',1,'ijggixgg0r82rmvdaq7zv8ysisszxu7v'),(14,4,'2020-09-04 15:14:28',0,'ashwini.reddy@esegna.com',1,'0c9v0yqjcznv278w6fqwejgx9prqvpno'),(15,NULL,'2020-09-05 03:13:36',0,'support@alothemes.com',1,'qezl8m9cuw5fembpulwxfyrgknl4aced'),(16,NULL,'2020-09-28 02:00:33',246,'dongvanbinh.mta@gmail.com',1,'93l12ac3ayy9s1zeugzw0og7n1293mqw'),(17,NULL,'2020-10-18 22:39:39',266,'leonardorpatricio@gmail.com',1,'icjkbx7igpu68nytu9u3stnixfhg9hxe'),(18,4,'2020-11-27 20:53:29',304,'test@test.com',1,'xz6kuubus3jx4m5hok3idz3p96cevlvt'),(19,4,'2020-11-30 21:08:03',0,'info@koyunstore.com',1,'ac83uouj50y7xw5q6xq09d8o7gm4o8dp'),(20,10,'2020-12-16 18:47:42',0,'test@abc.de',1,'fwiv70grfcz3pw61dgruzu3r53nibdgg'),(21,NULL,'2022-04-22 09:07:46',484,'drumbaram@mail.ru',1,'v4hsq3a0klmfgrhx7c4ko75znpscgmz2'),(22,NULL,'2022-05-06 09:33:28',493,'christina.krautgartner@ledacolor.com',1,'sltookfcb9qgtv8i7kbgpwrlzaywewlt'),(23,NULL,'2022-05-10 16:58:37',497,'priyankmakwana@gmail.com',1,'zt774v9e1rfqjrwxzheyus56ity50p3i');

--
-- Table structure for table `newsletter_template`
--

CREATE TABLE `newsletter_template` (
  `template_id` int(10) unsigned NOT NULL AUTO_INCREMENT COMMENT 'Template ID',
  `template_code` varchar(150) DEFAULT NULL COMMENT 'Template Code',
  `template_text` text COMMENT 'Template Text',
  `template_styles` text COMMENT 'Template Styles',
  `template_type` int(10) unsigned DEFAULT NULL COMMENT 'Template Type',
  `template_subject` varchar(200) DEFAULT NULL COMMENT 'Template Subject',
  `template_sender_name` varchar(200) DEFAULT NULL COMMENT 'Template Sender Name',
  `template_sender_email` varchar(200) DEFAULT NULL COMMENT 'Template Sender Email',
  `template_actual` smallint(5) unsigned DEFAULT '1' COMMENT 'Template Actual',
  `added_at` timestamp NULL DEFAULT NULL COMMENT 'Added At',
  `modified_at` timestamp NULL DEFAULT NULL COMMENT 'Modified At',
  `is_legacy` tinyint(1) NOT NULL DEFAULT '0' COMMENT 'Should the template render in legacy mode',
  PRIMARY KEY (`template_id`),
  KEY `NEWSLETTER_TEMPLATE_TEMPLATE_ACTUAL` (`template_actual`),
  KEY `NEWSLETTER_TEMPLATE_ADDED_AT` (`added_at`),
  KEY `NEWSLETTER_TEMPLATE_MODIFIED_AT` (`modified_at`)
) ENGINE=InnoDB DEFAULT CHARSET=utf8 COMMENT='Newsletter Template';

--
-- Dumping data for table `newsletter_template`
--


--
-- Table structure for table `oauth_consumer`
--

CREATE TABLE `oauth_consumer` (
  `entity_id` int(10) unsigned NOT NULL AUTO_INCREMENT COMMENT 'Entity ID',
  `created_at` timestamp NOT NULL DEFAULT CURRENT_TIMESTAMP COMMENT 'Created At',
  `updated_at` timestamp NULL DEFAULT '0000-00-00 00:00:00' ON UPDATE CURRENT_TIMESTAMP COMMENT 'Updated At',
  `name` varchar(255) NOT NULL COMMENT 'Name of consumer',
  `key` varchar(32) NOT NULL COMMENT 'Key code',
  `secret` varchar(32) NOT NULL COMMENT 'Secret code',
  `callback_url` text COMMENT 'Callback URL',
  `rejected_callback_url` text NOT NULL COMMENT 'Rejected callback URL',
  PRIMARY KEY (`entity_id`),
  UNIQUE KEY `OAUTH_CONSUMER_KEY` (`key`),
  UNIQUE KEY `OAUTH_CONSUMER_SECRET` (`secret`),
  KEY `OAUTH_CONSUMER_CREATED_AT` (`created_at`),
  KEY `OAUTH_CONSUMER_UPDATED_AT` (`updated_at`)
) ENGINE=InnoDB AUTO_INCREMENT=11 DEFAULT CHARSET=utf8 COMMENT='OAuth Consumers';

--
-- Dumping data for table `oauth_consumer`
--

INSERT INTO `oauth_consumer` VALUES (1,'2017-10-10 04:01:53','0000-00-00 00:00:00','Integration1','ht9f5iv1dfl9fua8dx7bh6bfuikh8sfu','8g7a391n40tkacoeknab9npoqo3xn439',NULL,''),(2,'2017-12-20 03:51:35','0000-00-00 00:00:00','Integration2','81o3uj0xnpgr6npbrbt9yw101y5hfg3i','astqks70g9flwopinnhvif308itjxrao',NULL,''),(3,'2018-02-22 21:21:30','0000-00-00 00:00:00','Integration3','ljwytsqy9hjtus02wv4aykpi8dllqyox','we3gxi1h3uilkvbp3kkwp93lcnjc8nj0',NULL,''),(4,'2018-04-10 02:50:42','0000-00-00 00:00:00','Integration4','snc2wyaxck3031lym130s8sarntqu078','4ioldd6i47us8fxx997q3p3te4hjs331',NULL,''),(5,'2018-04-10 02:58:24','0000-00-00 00:00:00','Integration5','davongn1nrdeydd4ktox55dq05y1157b','6jjteivck03k8ed797s3k8f4poq693c6',NULL,''),(6,'2018-04-10 03:47:32','0000-00-00 00:00:00','Integration6','mtj1q13w9ejs6799aqacyicgpooj4sp6','oiv8qjk2aqdf862nqmc995o3sshw0spd',NULL,''),(7,'2018-05-02 15:21:03','0000-00-00 00:00:00','Integration7','i536ckoh9i04fvav6v5qvjn3kepi8jj3','fo1mak7k93btfr4t7johptc7wwjr30w0',NULL,''),(8,'2018-05-04 17:22:03','0000-00-00 00:00:00','Integration8','d07g78r1751fbyx3fehswxq852alhss2','70qrp1pjxj1qy8r8scjm10tk8xcnb55a',NULL,''),(9,'2018-05-22 09:52:07','0000-00-00 00:00:00','Integration9','mb1qge7md1enm4trgnuc3s08d6oburmw','pnsf9w3nyxkxtwlbrswmov2qtxph0xb1',NULL,''),(10,'2018-08-02 06:45:48','0000-00-00 00:00:00','Integration10','x8k14xqvrtal6wwelwdi4ciuooge31bs','4ccriahimayligm3wyvw0i67w8b1q6d7',NULL,'');

--
-- Table structure for table `oauth_nonce`
--

CREATE TABLE `oauth_nonce` (
  `nonce` varchar(32) NOT NULL COMMENT 'Nonce String',
  `timestamp` int(10) unsigned NOT NULL COMMENT 'Nonce Timestamp',
  `consumer_id` int(10) unsigned NOT NULL COMMENT 'Consumer ID',
  PRIMARY KEY (`nonce`,`consumer_id`),
  UNIQUE KEY `OAUTH_NONCE_NONCE_CONSUMER_ID` (`nonce`,`consumer_id`),
  KEY `OAUTH_NONCE_CONSUMER_ID_OAUTH_CONSUMER_ENTITY_ID` (`consumer_id`),
  KEY `OAUTH_NONCE_TIMESTAMP` (`timestamp`)
) ENGINE=InnoDB DEFAULT CHARSET=utf8 COMMENT='OAuth Nonce';

--
-- Dumping data for table `oauth_nonce`
--


--
-- Table structure for table `oauth_token`
--

CREATE TABLE `oauth_token` (
  `entity_id` int(10) unsigned NOT NULL AUTO_INCREMENT COMMENT 'Entity ID',
  `consumer_id` int(10) unsigned DEFAULT NULL COMMENT 'Oauth Consumer ID',
  `admin_id` int(10) unsigned DEFAULT NULL COMMENT 'Admin user ID',
  `customer_id` int(10) unsigned DEFAULT NULL COMMENT 'Customer user ID',
  `type` varchar(16) NOT NULL COMMENT 'Token Type',
  `token` varchar(32) NOT NULL COMMENT 'Token',
  `secret` varchar(32) NOT NULL COMMENT 'Token Secret',
  `verifier` varchar(32) DEFAULT NULL COMMENT 'Token Verifier',
  `callback_url` text NOT NULL COMMENT 'Token Callback URL',
  `revoked` smallint(5) unsigned NOT NULL DEFAULT '0' COMMENT 'Is Token revoked',
  `authorized` smallint(5) unsigned NOT NULL DEFAULT '0' COMMENT 'Is Token authorized',
  `user_type` int(11) DEFAULT NULL COMMENT 'User type',
  `created_at` timestamp NOT NULL DEFAULT CURRENT_TIMESTAMP COMMENT 'Token creation timestamp',
  PRIMARY KEY (`entity_id`),
  UNIQUE KEY `OAUTH_TOKEN_TOKEN` (`token`),
  KEY `OAUTH_TOKEN_CONSUMER_ID` (`consumer_id`),
  KEY `OAUTH_TOKEN_ADMIN_ID_ADMIN_USER_USER_ID` (`admin_id`),
  KEY `OAUTH_TOKEN_CUSTOMER_ID_CUSTOMER_ENTITY_ENTITY_ID` (`customer_id`),
  KEY `OAUTH_TOKEN_CREATED_AT` (`created_at`)
) ENGINE=InnoDB DEFAULT CHARSET=utf8 COMMENT='OAuth Tokens';

--
-- Dumping data for table `oauth_token`
--


--
-- Table structure for table `oauth_token_request_log`
--

CREATE TABLE `oauth_token_request_log` (
  `log_id` int(10) unsigned NOT NULL AUTO_INCREMENT COMMENT 'Log ID',
  `user_name` varchar(255) NOT NULL COMMENT 'Customer email or admin login',
  `user_type` smallint(5) unsigned NOT NULL COMMENT 'User type (admin or customer)',
  `failures_count` smallint(5) unsigned DEFAULT '0' COMMENT 'Number of failed authentication attempts in a row',
  `lock_expires_at` timestamp NOT NULL DEFAULT CURRENT_TIMESTAMP ON UPDATE CURRENT_TIMESTAMP COMMENT 'Lock expiration time',
  PRIMARY KEY (`log_id`),
  UNIQUE KEY `OAUTH_TOKEN_REQUEST_LOG_USER_NAME_USER_TYPE` (`user_name`,`user_type`)
) ENGINE=InnoDB DEFAULT CHARSET=utf8 COMMENT='Log of token request authentication failures.';

--
