-- Table structure for table `catalog_category_product_index_store39_replica`
--

CREATE TABLE `catalog_category_product_index_store39_replica` (
  `category_id` int(10) unsigned NOT NULL DEFAULT '0' COMMENT 'Category Id',
  `product_id` int(10) unsigned NOT NULL DEFAULT '0' COMMENT 'Product Id',
  `position` int(11) DEFAULT NULL COMMENT 'Position',
  `is_parent` smallint(5) unsigned NOT NULL DEFAULT '0' COMMENT 'Is Parent',
  `store_id` smallint(5) unsigned NOT NULL DEFAULT '0' COMMENT 'Store Id',
  `visibility` smallint(5) unsigned NOT NULL COMMENT 'Visibility',
  PRIMARY KEY (`category_id`,`product_id`,`store_id`),
  KEY `IDX_18D7CFDC9ED6A45A44A0C09372AD854E` (`product_id`,`store_id`,`category_id`,`visibility`),
  KEY `IDX_EBFC58D32C3DD1B3912091B09630FFC4` (`store_id`,`category_id`,`visibility`,`is_parent`,`position`)
) ENGINE=InnoDB DEFAULT CHARSET=utf8 COMMENT='Catalog Category Product Index Store39';

--
-- Dumping data for table `catalog_category_product_index_store39_replica`
--

INSERT INTO `catalog_category_product_index_store39_replica` VALUES (124,147,0,0,39,4),(124,148,0,0,39,4),(124,149,0,0,39,4),(124,150,0,0,39,4),(124,151,0,0,39,4),(124,152,0,0,39,4),(124,153,0,0,39,4),(124,154,0,0,39,4),(124,155,0,0,39,4),(124,156,0,0,39,4),(124,157,0,0,39,4),(124,158,0,0,39,4),(124,159,0,0,39,4),(124,160,0,0,39,4),(124,161,0,0,39,4),(124,162,0,0,39,4),(124,163,0,0,39,4),(124,164,0,0,39,4),(124,165,0,0,39,4),(124,166,0,0,39,4),(124,167,0,0,39,4),(124,168,0,0,39,4),(124,169,0,0,39,4),(124,170,0,0,39,4),(124,171,0,0,39,4),(124,172,0,0,39,4),(124,173,0,0,39,4),(124,174,0,0,39,4),(124,175,0,0,39,4),(124,176,0,0,39,4),(124,177,0,0,39,4),(124,178,0,0,39,4),(124,179,0,0,39,4),(124,180,0,0,39,4),(124,181,0,0,39,4),(124,182,0,0,39,4),(124,183,0,0,39,4),(124,184,0,0,39,4),(124,185,0,0,39,4),(124,186,0,0,39,4),(124,187,0,0,39,4),(124,188,0,0,39,4),(124,189,0,0,39,4),(124,190,0,0,39,4),(124,191,0,0,39,4),(124,192,0,0,39,4),(124,193,0,0,39,4),(124,194,0,0,39,4),(124,195,0,0,39,4),(124,196,0,0,39,4),(124,197,0,0,39,4),(124,198,0,0,39,4),(124,199,0,0,39,4),(124,200,0,0,39,4),(124,201,0,0,39,4),(124,202,0,0,39,4),(124,203,0,0,39,4),(124,204,0,0,39,4),(124,205,0,0,39,4),(124,206,0,0,39,4),(124,207,0,0,39,4),(124,208,0,0,39,4),(124,209,0,0,39,4),(124,210,0,0,39,4),(124,211,0,0,39,4),(124,212,0,0,39,4),(124,213,0,0,39,4),(124,214,0,0,39,4),(124,215,0,0,39,4),(124,216,0,0,39,4),(124,217,0,0,39,4),(124,218,0,0,39,4),(124,219,0,0,39,4),(124,220,0,0,39,4),(124,221,0,0,39,4),(124,222,0,0,39,4),(124,223,0,0,39,4),(124,224,0,0,39,4),(124,225,0,0,39,4),(124,226,0,0,39,4),(124,227,0,0,39,4),(124,228,0,0,39,4),(124,229,0,0,39,4),(124,230,0,0,39,4),(124,231,0,0,39,4),(124,232,0,0,39,4),(124,233,0,0,39,4),(124,234,0,0,39,4),(124,235,0,0,39,4),(124,236,0,0,39,4),(124,237,0,0,39,4),(124,238,0,0,39,4),(124,239,0,0,39,4),(124,240,0,0,39,4),(124,241,0,0,39,4),(124,242,0,0,39,4),(124,243,0,0,39,4),(124,244,0,0,39,4),(124,245,0,0,39,4),(124,246,0,0,39,4),(124,247,0,0,39,4),(124,248,0,0,39,4),(124,249,0,0,39,4),(124,250,0,0,39,4),(124,251,0,0,39,4),(124,252,0,0,39,4),(124,253,0,0,39,4),(124,254,0,0,39,4),(124,255,0,0,39,4),(124,256,0,0,39,4),(124,257,0,0,39,4),(124,258,0,0,39,4),(124,259,0,0,39,4),(124,260,0,0,39,4),(124,261,0,0,39,4),(124,262,0,0,39,4),(124,263,0,0,39,4),(124,264,0,0,39,4),(124,265,0,0,39,4),(124,266,0,0,39,4),(124,267,0,0,39,4),(124,268,0,0,39,4),(124,269,0,0,39,4),(124,270,0,0,39,4),(124,271,0,0,39,4),(124,272,0,0,39,4),(124,273,0,0,39,4),(124,274,0,0,39,4),(124,275,0,0,39,4),(124,276,0,0,39,4),(124,277,0,0,39,4),(124,278,0,0,39,4),(124,279,0,0,39,4),(124,280,0,0,39,4),(124,281,0,0,39,4),(124,282,0,0,39,4),(124,283,0,0,39,4),(124,284,0,0,39,4),(124,285,0,0,39,4),(124,286,0,0,39,4),(124,287,0,0,39,4),(124,288,0,0,39,4),(124,289,0,0,39,4),(124,290,0,0,39,4),(124,291,0,0,39,4),(124,292,0,0,39,4),(124,293,0,0,39,4),(124,294,0,0,39,4),(124,295,0,0,39,4),(124,296,0,0,39,4),(124,297,0,0,39,4),(124,298,0,0,39,4),(124,299,0,0,39,4);

--
-- Table structure for table `catalog_category_product_index_store3_replica`
--

CREATE TABLE `catalog_category_product_index_store3_replica` (
  `category_id` int(10) unsigned NOT NULL DEFAULT '0' COMMENT 'Category Id',
  `product_id` int(10) unsigned NOT NULL DEFAULT '0' COMMENT 'Product Id',
  `position` int(11) DEFAULT NULL COMMENT 'Position',
  `is_parent` smallint(5) unsigned NOT NULL DEFAULT '0' COMMENT 'Is Parent',
  `store_id` smallint(5) unsigned NOT NULL DEFAULT '0' COMMENT 'Store Id',
  `visibility` smallint(5) unsigned NOT NULL COMMENT 'Visibility',
  PRIMARY KEY (`category_id`,`product_id`,`store_id`),
  KEY `CAT_CTGR_PRD_IDX_STORE3_PRD_ID_STORE_ID_CTGR_ID_VISIBILITY` (`product_id`,`store_id`,`category_id`,`visibility`),
  KEY `IDX_E9342558FA31C65508E1FE75E6242607` (`store_id`,`category_id`,`visibility`,`is_parent`,`position`)
) ENGINE=InnoDB DEFAULT CHARSET=utf8 COMMENT='Catalog Category Product Index Store3 Replica';

--
-- Dumping data for table `catalog_category_product_index_store3_replica`
--

INSERT INTO `catalog_category_product_index_store3_replica` VALUES (2,147,0,0,3,4),(2,148,0,0,3,4),(2,149,0,0,3,4),(2,150,0,0,3,4),(2,151,0,0,3,4),(2,152,0,0,3,4),(2,153,0,0,3,4),(2,154,0,0,3,4),(2,155,0,0,3,4),(2,156,0,0,3,4),(2,157,0,0,3,4),(2,158,0,0,3,4),(2,159,0,0,3,4),(2,160,0,0,3,4),(2,161,0,0,3,4),(2,162,0,0,3,4),(2,163,0,0,3,4),(2,164,0,0,3,4),(2,165,0,0,3,4),(2,166,0,0,3,4),(2,167,0,0,3,4),(2,168,0,0,3,4),(2,169,0,0,3,4),(2,170,0,0,3,4),(2,171,0,0,3,4),(2,172,0,0,3,4),(2,173,0,0,3,4),(2,174,0,0,3,4),(2,175,0,0,3,4),(2,176,0,0,3,4),(2,177,0,0,3,4),(2,178,0,0,3,4),(2,179,0,0,3,4),(2,180,0,0,3,4),(2,181,0,0,3,4),(2,182,0,0,3,4),(2,183,0,0,3,4),(2,184,0,0,3,4),(2,185,0,0,3,4),(2,186,0,0,3,4),(2,187,0,0,3,4),(2,188,0,0,3,4),(2,189,0,0,3,4),(2,190,0,0,3,4),(2,191,0,0,3,4),(2,192,0,0,3,4),(2,193,0,0,3,4),(2,194,0,0,3,4),(2,195,0,0,3,4),(2,196,0,0,3,4),(2,197,0,0,3,4),(2,198,0,0,3,4),(2,199,0,0,3,4),(2,200,0,0,3,4),(2,201,0,0,3,4),(2,202,0,0,3,4),(2,203,0,0,3,4),(2,204,0,0,3,4),(2,205,0,0,3,4),(2,206,0,0,3,4),(2,207,0,0,3,4),(2,208,0,0,3,4),(2,209,0,0,3,4),(2,210,0,0,3,4),(2,211,0,0,3,4),(2,212,0,0,3,4),(2,213,0,0,3,4),(2,214,0,0,3,4),(2,215,0,0,3,4),(2,216,0,0,3,4),(2,217,0,0,3,4),(2,218,0,0,3,4),(2,219,0,0,3,4),(2,220,0,0,3,4),(2,221,0,0,3,4),(2,222,0,0,3,4),(2,223,0,0,3,4),(2,224,0,0,3,4),(2,225,0,0,3,4),(2,226,0,0,3,4),(2,227,0,0,3,4),(2,228,0,0,3,4),(2,229,0,0,3,4),(2,230,0,0,3,4),(2,231,0,0,3,4),(2,232,0,0,3,4),(2,233,0,0,3,4),(2,234,0,0,3,4),(2,235,0,0,3,4),(2,236,0,0,3,4),(2,237,0,0,3,4),(2,238,0,0,3,4),(2,239,0,0,3,4),(2,240,0,0,3,4),(2,241,0,0,3,4),(2,242,0,0,3,4),(2,243,0,0,3,4),(2,244,0,0,3,4),(2,245,0,0,3,4),(2,246,0,0,3,4),(2,247,0,0,3,4),(2,248,0,0,3,4),(2,249,0,0,3,4),(2,250,0,0,3,4),(2,251,0,0,3,4),(2,252,0,0,3,4),(2,253,0,0,3,4),(2,254,0,0,3,4),(2,255,0,0,3,4),(2,256,0,0,3,4),(2,257,0,0,3,4),(2,258,0,0,3,4),(2,259,0,0,3,4),(2,260,0,0,3,4),(2,261,0,0,3,4),(2,262,0,0,3,4),(2,263,0,0,3,4),(2,264,0,0,3,4),(2,265,0,0,3,4),(2,266,0,0,3,4),(2,267,0,0,3,4),(2,268,0,0,3,4),(2,269,0,0,3,4),(2,270,0,0,3,4),(2,271,0,0,3,4),(2,272,0,0,3,4),(2,273,0,0,3,4),(2,274,0,0,3,4),(2,275,0,0,3,4),(2,276,0,0,3,4),(2,277,0,0,3,4),(2,278,0,0,3,4),(2,279,0,0,3,4),(2,280,0,0,3,4),(2,281,0,0,3,4),(2,282,0,0,3,4),(2,283,0,0,3,4),(2,284,0,0,3,4),(2,285,0,0,3,4),(2,286,0,0,3,4),(2,287,0,0,3,4),(2,288,0,0,3,4),(2,289,0,0,3,4),(2,290,0,0,3,4),(2,291,0,0,3,4),(2,292,0,0,3,4),(2,293,0,0,3,4),(2,294,0,0,3,4),(2,295,0,0,3,4),(2,296,0,0,3,4),(2,297,0,0,3,4),(2,298,0,0,3,4),(2,299,0,0,3,4);

--
-- Table structure for table `catalog_category_product_index_store4`
--

CREATE TABLE `catalog_category_product_index_store4` (
  `category_id` int(10) unsigned NOT NULL DEFAULT '0' COMMENT 'Category Id',
  `product_id` int(10) unsigned NOT NULL DEFAULT '0' COMMENT 'Product Id',
  `position` int(11) DEFAULT NULL COMMENT 'Position',
  `is_parent` smallint(5) unsigned NOT NULL DEFAULT '0' COMMENT 'Is Parent',
  `store_id` smallint(5) unsigned NOT NULL DEFAULT '0' COMMENT 'Store Id',
  `visibility` smallint(5) unsigned NOT NULL COMMENT 'Visibility',
  PRIMARY KEY (`category_id`,`product_id`,`store_id`),
  KEY `IDX_966AADF0F2BFAFFC1235C826759845CC` (`product_id`,`store_id`,`category_id`,`visibility`),
  KEY `IDX_F43ABBF162395BE3A1D5B1AE17C24FE2` (`store_id`,`category_id`,`visibility`,`is_parent`,`position`)
) ENGINE=InnoDB DEFAULT CHARSET=utf8 COMMENT='Catalog Category Product Index Store4';

--
-- Dumping data for table `catalog_category_product_index_store4`
--

INSERT INTO `catalog_category_product_index_store4` VALUES (2,147,0,0,4,4),(2,148,0,0,4,4),(2,149,0,0,4,4),(2,150,0,0,4,4),(2,151,0,0,4,4),(2,152,0,0,4,4),(2,153,0,0,4,4),(2,154,0,0,4,4),(2,155,0,0,4,4),(2,156,0,0,4,4),(2,157,0,0,4,4),(2,158,0,0,4,4),(2,159,0,0,4,4),(2,160,0,0,4,4),(2,161,0,0,4,4),(2,162,0,0,4,4),(2,163,0,0,4,4),(2,164,0,0,4,4),(2,165,0,0,4,4),(2,166,0,0,4,4),(2,167,0,0,4,4),(2,168,0,0,4,4),(2,169,0,0,4,4),(2,170,0,0,4,4),(2,171,0,0,4,4),(2,172,0,0,4,4),(2,173,0,0,4,4),(2,174,0,0,4,4),(2,175,0,0,4,4),(2,176,0,0,4,4),(2,177,0,0,4,4),(2,178,0,0,4,4),(2,179,0,0,4,4),(2,180,0,0,4,4),(2,181,0,0,4,4),(2,182,0,0,4,4),(2,183,0,0,4,4),(2,184,0,0,4,4),(2,185,0,0,4,4),(2,186,0,0,4,4),(2,187,0,0,4,4),(2,188,0,0,4,4),(2,189,0,0,4,4),(2,190,0,0,4,4),(2,191,0,0,4,4),(2,192,0,0,4,4),(2,193,0,0,4,4),(2,194,0,0,4,4),(2,195,0,0,4,4),(2,196,0,0,4,4),(2,197,0,0,4,4),(2,198,0,0,4,4),(2,199,0,0,4,4),(2,200,0,0,4,4),(2,201,0,0,4,4),(2,202,0,0,4,4),(2,203,0,0,4,4),(2,204,0,0,4,4),(2,205,0,0,4,4),(2,206,0,0,4,4),(2,207,0,0,4,4),(2,208,0,0,4,4),(2,209,0,0,4,4),(2,210,0,0,4,4),(2,211,0,0,4,4),(2,212,0,0,4,4),(2,213,0,0,4,4),(2,214,0,0,4,4),(2,215,0,0,4,4),(2,216,0,0,4,4),(2,217,0,0,4,4),(2,218,0,0,4,4),(2,219,0,0,4,4),(2,220,0,0,4,4),(2,221,0,0,4,4),(2,222,0,0,4,4),(2,223,0,0,4,4),(2,224,0,0,4,4),(2,225,0,0,4,4),(2,226,0,0,4,4),(2,227,0,0,4,4),(2,228,0,0,4,4),(2,229,0,0,4,4),(2,230,0,0,4,4),(2,231,0,0,4,4),(2,232,0,0,4,4),(2,233,0,0,4,4),(2,234,0,0,4,4),(2,235,0,0,4,4),(2,236,0,0,4,4),(2,237,0,0,4,4),(2,238,0,0,4,4),(2,239,0,0,4,4),(2,240,0,0,4,4),(2,241,0,0,4,4),(2,242,0,0,4,4),(2,243,0,0,4,4),(2,244,0,0,4,4),(2,245,0,0,4,4),(2,246,0,0,4,4),(2,247,0,0,4,4),(2,248,0,0,4,4),(2,249,0,0,4,4),(2,250,0,0,4,4),(2,251,0,0,4,4),(2,252,0,0,4,4),(2,253,0,0,4,4),(2,254,0,0,4,4),(2,255,0,0,4,4),(2,256,0,0,4,4),(2,257,0,0,4,4),(2,258,0,0,4,4),(2,259,0,0,4,4),(2,260,0,0,4,4),(2,261,0,0,4,4),(2,262,0,0,4,4),(2,263,0,0,4,4),(2,264,0,0,4,4),(2,265,0,0,4,4),(2,266,0,0,4,4),(2,267,0,0,4,4),(2,268,0,0,4,4),(2,269,0,0,4,4),(2,270,0,0,4,4),(2,271,0,0,4,4),(2,272,0,0,4,4),(2,273,0,0,4,4),(2,274,0,0,4,4),(2,275,0,0,4,4),(2,276,0,0,4,4),(2,277,0,0,4,4),(2,278,0,0,4,4),(2,279,0,0,4,4),(2,280,0,0,4,4),(2,281,0,0,4,4),(2,282,0,0,4,4),(2,283,0,0,4,4),(2,284,0,0,4,4),(2,285,0,0,4,4),(2,286,0,0,4,4),(2,287,0,0,4,4),(2,288,0,0,4,4),(2,289,0,0,4,4),(2,290,0,0,4,4),(2,291,0,0,4,4),(2,292,0,0,4,4),(2,293,0,0,4,4),(2,294,0,0,4,4),(2,295,0,0,4,4),(2,296,0,0,4,4),(2,297,0,0,4,4),(2,298,0,0,4,4),(2,299,0,0,4,4);

--
-- Table structure for table `catalog_category_product_index_store40`
--

CREATE TABLE `catalog_category_product_index_store40` (
  `category_id` int(10) unsigned NOT NULL DEFAULT '0' COMMENT 'Category Id',
  `product_id` int(10) unsigned NOT NULL DEFAULT '0' COMMENT 'Product Id',
  `position` int(11) DEFAULT NULL COMMENT 'Position',
  `is_parent` smallint(5) unsigned NOT NULL DEFAULT '0' COMMENT 'Is Parent',
  `store_id` smallint(5) unsigned NOT NULL DEFAULT '0' COMMENT 'Store Id',
  `visibility` smallint(5) unsigned NOT NULL COMMENT 'Visibility',
  PRIMARY KEY (`category_id`,`product_id`,`store_id`),
  KEY `CAT_CTGR_PRD_IDX_STORE40_PRD_ID_STORE_ID_CTGR_ID_VISIBILITY` (`product_id`,`store_id`,`category_id`,`visibility`),
  KEY `IDX_875653C4A6FB598200F473DB8B58CCEA` (`store_id`,`category_id`,`visibility`,`is_parent`,`position`)
) ENGINE=InnoDB DEFAULT CHARSET=utf8 COMMENT='Catalog Category Product Index Store40 Replica';

--
-- Dumping data for table `catalog_category_product_index_store40`
--

INSERT INTO `catalog_category_product_index_store40` VALUES (157,147,0,0,40,4),(157,148,0,0,40,4),(157,149,0,0,40,4),(157,150,0,0,40,4),(157,151,0,0,40,4),(157,152,0,0,40,4),(157,153,0,0,40,4),(157,154,0,0,40,4),(157,155,0,0,40,4),(157,156,0,0,40,4),(157,157,0,0,40,4),(157,158,0,0,40,4),(157,159,0,0,40,4),(157,160,0,0,40,4),(157,161,0,0,40,4),(157,162,0,0,40,4),(157,163,0,0,40,4),(157,164,0,0,40,4),(157,165,0,0,40,4),(157,166,0,0,40,4),(157,167,0,0,40,4),(157,168,0,0,40,4),(157,169,0,0,40,4),(157,170,0,0,40,4),(157,171,0,0,40,4),(157,172,0,0,40,4),(157,173,0,0,40,4),(157,174,0,0,40,4),(157,175,0,0,40,4),(157,176,0,0,40,4),(157,177,0,0,40,4),(157,178,0,0,40,4),(157,179,0,0,40,4),(157,180,0,0,40,4),(157,181,0,0,40,4),(157,182,0,0,40,4),(157,183,0,0,40,4),(157,184,0,0,40,4),(157,185,0,0,40,4),(157,186,0,0,40,4),(157,187,0,0,40,4),(157,188,0,0,40,4),(157,189,0,0,40,4),(157,190,0,0,40,4),(157,191,0,0,40,4),(157,192,0,0,40,4),(157,193,0,0,40,4),(157,194,0,0,40,4),(157,195,0,0,40,4),(157,196,0,0,40,4),(157,197,0,0,40,4),(157,198,0,0,40,4),(157,199,0,0,40,4),(157,200,0,0,40,4),(157,201,0,0,40,4),(157,202,0,0,40,4),(157,203,0,0,40,4),(157,204,0,0,40,4),(157,205,0,0,40,4),(157,206,0,0,40,4),(157,207,0,0,40,4),(157,208,0,0,40,4),(157,209,0,0,40,4),(157,210,0,0,40,4),(157,211,0,0,40,4),(157,212,0,0,40,4),(157,213,0,0,40,4),(157,214,0,0,40,4),(157,215,0,0,40,4),(157,216,0,0,40,4),(157,217,0,0,40,4),(157,218,0,0,40,4),(157,219,0,0,40,4),(157,220,0,0,40,4),(157,221,0,0,40,4),(157,222,0,0,40,4),(157,223,0,0,40,4),(157,224,0,0,40,4),(157,225,0,0,40,4),(157,226,0,0,40,4),(157,227,0,0,40,4),(157,228,0,0,40,4),(157,229,0,0,40,4),(157,230,0,0,40,4),(157,231,0,0,40,4),(157,232,0,0,40,4),(157,233,0,0,40,4),(157,234,0,0,40,4),(157,235,0,0,40,4),(157,236,0,0,40,4),(157,237,0,0,40,4),(157,238,0,0,40,4),(157,239,0,0,40,4),(157,240,0,0,40,4),(157,241,0,0,40,4),(157,242,0,0,40,4),(157,243,0,0,40,4),(157,244,0,0,40,4),(157,245,0,0,40,4),(157,246,0,0,40,4),(157,247,0,0,40,4),(157,248,0,0,40,4),(157,249,0,0,40,4),(157,250,0,0,40,4),(157,251,0,0,40,4),(157,252,0,0,40,4),(157,253,0,0,40,4),(157,254,0,0,40,4),(157,255,0,0,40,4),(157,256,0,0,40,4),(157,257,0,0,40,4),(157,258,0,0,40,4),(157,259,0,0,40,4),(157,260,0,0,40,4),(157,261,0,0,40,4),(157,262,0,0,40,4),(157,263,0,0,40,4),(157,264,0,0,40,4),(157,265,0,0,40,4),(157,266,0,0,40,4),(157,267,0,0,40,4),(157,268,0,0,40,4),(157,269,0,0,40,4),(157,270,0,0,40,4),(157,271,0,0,40,4),(157,272,0,0,40,4),(157,273,0,0,40,4),(157,274,0,0,40,4),(157,275,0,0,40,4),(157,276,0,0,40,4),(157,277,0,0,40,4),(157,278,0,0,40,4),(157,279,0,0,40,4),(157,280,0,0,40,4),(157,281,0,0,40,4),(157,282,0,0,40,4),(157,283,0,0,40,4),(157,284,0,0,40,4),(157,285,0,0,40,4),(157,286,0,0,40,4),(157,287,0,0,40,4),(157,288,0,0,40,4),(157,289,0,0,40,4),(157,290,0,0,40,4),(157,291,0,0,40,4),(157,292,0,0,40,4),(157,293,0,0,40,4),(157,294,0,0,40,4),(157,295,0,0,40,4),(157,296,0,0,40,4),(157,297,0,0,40,4),(157,298,0,0,40,4),(157,299,0,0,40,4);

--
-- Table structure for table `catalog_category_product_index_store40_replica`
--

CREATE TABLE `catalog_category_product_index_store40_replica` (
  `category_id` int(10) unsigned NOT NULL DEFAULT '0' COMMENT 'Category Id',
  `product_id` int(10) unsigned NOT NULL DEFAULT '0' COMMENT 'Product Id',
  `position` int(11) DEFAULT NULL COMMENT 'Position',
  `is_parent` smallint(5) unsigned NOT NULL DEFAULT '0' COMMENT 'Is Parent',
  `store_id` smallint(5) unsigned NOT NULL DEFAULT '0' COMMENT 'Store Id',
  `visibility` smallint(5) unsigned NOT NULL COMMENT 'Visibility',
  PRIMARY KEY (`category_id`,`product_id`,`store_id`),
  KEY `IDX_492DB3A7634579E629F661553DF69D55` (`product_id`,`store_id`,`category_id`,`visibility`),
  KEY `IDX_6214B18AC363E4B23E59E6BA3B048BE6` (`store_id`,`category_id`,`visibility`,`is_parent`,`position`)
) ENGINE=InnoDB DEFAULT CHARSET=utf8 COMMENT='Catalog Category Product Index Store40';

--
-- Dumping data for table `catalog_category_product_index_store40_replica`
--

INSERT INTO `catalog_category_product_index_store40_replica` VALUES (157,147,0,0,40,4),(157,148,0,0,40,4),(157,149,0,0,40,4),(157,150,0,0,40,4),(157,151,0,0,40,4),(157,152,0,0,40,4),(157,153,0,0,40,4),(157,154,0,0,40,4),(157,155,0,0,40,4),(157,156,0,0,40,4),(157,157,0,0,40,4),(157,158,0,0,40,4),(157,159,0,0,40,4),(157,160,0,0,40,4),(157,161,0,0,40,4),(157,162,0,0,40,4),(157,163,0,0,40,4),(157,164,0,0,40,4),(157,165,0,0,40,4),(157,166,0,0,40,4),(157,167,0,0,40,4),(157,168,0,0,40,4),(157,169,0,0,40,4),(157,170,0,0,40,4),(157,171,0,0,40,4),(157,172,0,0,40,4),(157,173,0,0,40,4),(157,174,0,0,40,4),(157,175,0,0,40,4),(157,176,0,0,40,4),(157,177,0,0,40,4),(157,178,0,0,40,4),(157,179,0,0,40,4),(157,180,0,0,40,4),(157,181,0,0,40,4),(157,182,0,0,40,4),(157,183,0,0,40,4),(157,184,0,0,40,4),(157,185,0,0,40,4),(157,186,0,0,40,4),(157,187,0,0,40,4),(157,188,0,0,40,4),(157,189,0,0,40,4),(157,190,0,0,40,4),(157,191,0,0,40,4),(157,192,0,0,40,4),(157,193,0,0,40,4),(157,194,0,0,40,4),(157,195,0,0,40,4),(157,196,0,0,40,4),(157,197,0,0,40,4),(157,198,0,0,40,4),(157,199,0,0,40,4),(157,200,0,0,40,4),(157,201,0,0,40,4),(157,202,0,0,40,4),(157,203,0,0,40,4),(157,204,0,0,40,4),(157,205,0,0,40,4),(157,206,0,0,40,4),(157,207,0,0,40,4),(157,208,0,0,40,4),(157,209,0,0,40,4),(157,210,0,0,40,4),(157,211,0,0,40,4),(157,212,0,0,40,4),(157,213,0,0,40,4),(157,214,0,0,40,4),(157,215,0,0,40,4),(157,216,0,0,40,4),(157,217,0,0,40,4),(157,218,0,0,40,4),(157,219,0,0,40,4),(157,220,0,0,40,4),(157,221,0,0,40,4),(157,222,0,0,40,4),(157,223,0,0,40,4),(157,224,0,0,40,4),(157,225,0,0,40,4),(157,226,0,0,40,4),(157,227,0,0,40,4),(157,228,0,0,40,4),(157,229,0,0,40,4),(157,230,0,0,40,4),(157,231,0,0,40,4),(157,232,0,0,40,4),(157,233,0,0,40,4),(157,234,0,0,40,4),(157,235,0,0,40,4),(157,236,0,0,40,4),(157,237,0,0,40,4),(157,238,0,0,40,4),(157,239,0,0,40,4),(157,240,0,0,40,4),(157,241,0,0,40,4),(157,242,0,0,40,4),(157,243,0,0,40,4),(157,244,0,0,40,4),(157,245,0,0,40,4),(157,246,0,0,40,4),(157,247,0,0,40,4),(157,248,0,0,40,4),(157,249,0,0,40,4),(157,250,0,0,40,4),(157,251,0,0,40,4),(157,252,0,0,40,4),(157,253,0,0,40,4),(157,254,0,0,40,4),(157,255,0,0,40,4),(157,256,0,0,40,4),(157,257,0,0,40,4),(157,258,0,0,40,4),(157,259,0,0,40,4),(157,260,0,0,40,4),(157,261,0,0,40,4),(157,262,0,0,40,4),(157,263,0,0,40,4),(157,264,0,0,40,4),(157,265,0,0,40,4),(157,266,0,0,40,4),(157,267,0,0,40,4),(157,268,0,0,40,4),(157,269,0,0,40,4),(157,270,0,0,40,4),(157,271,0,0,40,4),(157,272,0,0,40,4),(157,273,0,0,40,4),(157,274,0,0,40,4),(157,275,0,0,40,4),(157,276,0,0,40,4),(157,277,0,0,40,4),(157,278,0,0,40,4),(157,279,0,0,40,4),(157,280,0,0,40,4),(157,281,0,0,40,4),(157,282,0,0,40,4),(157,283,0,0,40,4),(157,284,0,0,40,4),(157,285,0,0,40,4),(157,286,0,0,40,4),(157,287,0,0,40,4),(157,288,0,0,40,4),(157,289,0,0,40,4),(157,290,0,0,40,4),(157,291,0,0,40,4),(157,292,0,0,40,4),(157,293,0,0,40,4),(157,294,0,0,40,4),(157,295,0,0,40,4),(157,296,0,0,40,4),(157,297,0,0,40,4),(157,298,0,0,40,4),(157,299,0,0,40,4);

--
-- Table structure for table `catalog_category_product_index_store41`
--

CREATE TABLE `catalog_category_product_index_store41` (
  `category_id` int(10) unsigned NOT NULL DEFAULT '0' COMMENT 'Category Id',
  `product_id` int(10) unsigned NOT NULL DEFAULT '0' COMMENT 'Product Id',
  `position` int(11) DEFAULT NULL COMMENT 'Position',
  `is_parent` smallint(5) unsigned NOT NULL DEFAULT '0' COMMENT 'Is Parent',
  `store_id` smallint(5) unsigned NOT NULL DEFAULT '0' COMMENT 'Store Id',
  `visibility` smallint(5) unsigned NOT NULL COMMENT 'Visibility',
  PRIMARY KEY (`category_id`,`product_id`,`store_id`),
  KEY `CAT_CTGR_PRD_IDX_STORE41_PRD_ID_STORE_ID_CTGR_ID_VISIBILITY` (`product_id`,`store_id`,`category_id`,`visibility`),
  KEY `IDX_ADDA986D171D528138B31D94F31E5145` (`store_id`,`category_id`,`visibility`,`is_parent`,`position`)
) ENGINE=InnoDB DEFAULT CHARSET=utf8 COMMENT='Catalog Category Product Index Store41 Replica';

--
-- Dumping data for table `catalog_category_product_index_store41`
--

INSERT INTO `catalog_category_product_index_store41` VALUES (189,147,0,0,41,4),(189,148,0,0,41,4),(189,149,0,0,41,4),(189,150,0,0,41,4),(189,151,0,0,41,4),(189,152,0,0,41,4),(189,153,0,0,41,4),(189,154,0,0,41,4),(189,155,0,0,41,4),(189,156,0,0,41,4),(189,157,0,0,41,4),(189,158,0,0,41,4),(189,159,0,0,41,4),(189,160,0,0,41,4),(189,161,0,0,41,4),(189,162,0,0,41,4),(189,163,0,0,41,4),(189,164,0,0,41,4),(189,165,0,0,41,4),(189,166,0,0,41,4),(189,167,0,0,41,4),(189,168,0,0,41,4),(189,169,0,0,41,4),(189,170,0,0,41,4),(189,171,0,0,41,4),(189,172,0,0,41,4),(189,173,0,0,41,4),(189,174,0,0,41,4),(189,175,0,0,41,4),(189,176,0,0,41,4),(189,177,0,0,41,4),(189,178,0,0,41,4),(189,179,0,0,41,4),(189,180,0,0,41,4),(189,181,0,0,41,4),(189,182,0,0,41,4),(189,183,0,0,41,4),(189,184,0,0,41,4),(189,185,0,0,41,4),(189,186,0,0,41,4),(189,187,0,0,41,4),(189,188,0,0,41,4),(189,189,0,0,41,4),(189,190,0,0,41,4),(189,191,0,0,41,4),(189,192,0,0,41,4),(189,193,0,0,41,4),(189,194,0,0,41,4),(189,195,0,0,41,4),(189,196,0,0,41,4),(189,197,0,0,41,4),(189,198,0,0,41,4),(189,199,0,0,41,4),(189,200,0,0,41,4),(189,201,0,0,41,4),(189,202,0,0,41,4),(189,203,0,0,41,4),(189,204,0,0,41,4),(189,205,0,0,41,4),(189,206,0,0,41,4),(189,207,0,0,41,4),(189,208,0,0,41,4),(189,209,0,0,41,4),(189,210,0,0,41,4),(189,211,0,0,41,4),(189,212,0,0,41,4),(189,213,0,0,41,4),(189,214,0,0,41,4),(189,215,0,0,41,4),(189,216,0,0,41,4),(189,217,0,0,41,4),(189,218,0,0,41,4),(189,219,0,0,41,4),(189,220,0,0,41,4),(189,221,0,0,41,4),(189,222,0,0,41,4),(189,223,0,0,41,4),(189,224,0,0,41,4),(189,225,0,0,41,4),(189,226,0,0,41,4),(189,227,0,0,41,4),(189,228,0,0,41,4),(189,229,0,0,41,4),(189,230,0,0,41,4),(189,231,0,0,41,4),(189,232,0,0,41,4),(189,233,0,0,41,4),(189,234,0,0,41,4),(189,235,0,0,41,4),(189,236,0,0,41,4),(189,237,0,0,41,4),(189,238,0,0,41,4),(189,239,0,0,41,4),(189,240,0,0,41,4),(189,241,0,0,41,4),(189,242,0,0,41,4),(189,243,0,0,41,4),(189,244,0,0,41,4),(189,245,0,0,41,4),(189,246,0,0,41,4),(189,247,0,0,41,4),(189,248,0,0,41,4),(189,249,0,0,41,4),(189,250,0,0,41,4),(189,251,0,0,41,4),(189,252,0,0,41,4),(189,253,0,0,41,4),(189,254,0,0,41,4),(189,255,0,0,41,4),(189,256,0,0,41,4),(189,257,0,0,41,4),(189,258,0,0,41,4),(189,259,0,0,41,4),(189,260,0,0,41,4),(189,261,0,0,41,4),(189,262,0,0,41,4),(189,263,0,0,41,4),(189,264,0,0,41,4),(189,265,0,0,41,4),(189,266,0,0,41,4),(189,267,0,0,41,4),(189,268,0,0,41,4),(189,269,0,0,41,4),(189,270,0,0,41,4),(189,271,0,0,41,4),(189,272,0,0,41,4),(189,273,0,0,41,4),(189,274,0,0,41,4),(189,275,0,0,41,4),(189,276,0,0,41,4),(189,277,0,0,41,4),(189,278,0,0,41,4),(189,279,0,0,41,4),(189,280,0,0,41,4),(189,281,0,0,41,4),(189,282,0,0,41,4),(189,283,0,0,41,4),(189,284,0,0,41,4),(189,285,0,0,41,4),(189,286,0,0,41,4),(189,287,0,0,41,4),(189,288,0,0,41,4),(189,289,0,0,41,4),(189,290,0,0,41,4),(189,291,0,0,41,4),(189,292,0,0,41,4),(189,293,0,0,41,4),(189,294,0,0,41,4),(189,295,0,0,41,4),(189,296,0,0,41,4),(189,297,0,0,41,4),(189,298,0,0,41,4),(189,299,0,0,41,4);

--
-- Table structure for table `catalog_category_product_index_store41_replica`
--

CREATE TABLE `catalog_category_product_index_store41_replica` (
  `category_id` int(10) unsigned NOT NULL DEFAULT '0' COMMENT 'Category Id',
  `product_id` int(10) unsigned NOT NULL DEFAULT '0' COMMENT 'Product Id',
  `position` int(11) DEFAULT NULL COMMENT 'Position',
  `is_parent` smallint(5) unsigned NOT NULL DEFAULT '0' COMMENT 'Is Parent',
  `store_id` smallint(5) unsigned NOT NULL DEFAULT '0' COMMENT 'Store Id',
  `visibility` smallint(5) unsigned NOT NULL COMMENT 'Visibility',
  PRIMARY KEY (`category_id`,`product_id`,`store_id`),
  KEY `IDX_3B5EED6D87A0E0A6B8D4F6C620D0A7DC` (`product_id`,`store_id`,`category_id`,`visibility`),
  KEY `IDX_A5C497BFF9F6F6F7C99E4D8B1945F699` (`store_id`,`category_id`,`visibility`,`is_parent`,`position`)
) ENGINE=InnoDB DEFAULT CHARSET=utf8 COMMENT='Catalog Category Product Index Store41';

--
-- Dumping data for table `catalog_category_product_index_store41_replica`
--

INSERT INTO `catalog_category_product_index_store41_replica` VALUES (189,147,0,0,41,4),(189,148,0,0,41,4),(189,149,0,0,41,4),(189,150,0,0,41,4),(189,151,0,0,41,4),(189,152,0,0,41,4),(189,153,0,0,41,4),(189,154,0,0,41,4),(189,155,0,0,41,4),(189,156,0,0,41,4),(189,157,0,0,41,4),(189,158,0,0,41,4),(189,159,0,0,41,4),(189,160,0,0,41,4),(189,161,0,0,41,4),(189,162,0,0,41,4),(189,163,0,0,41,4),(189,164,0,0,41,4),(189,165,0,0,41,4),(189,166,0,0,41,4),(189,167,0,0,41,4),(189,168,0,0,41,4),(189,169,0,0,41,4),(189,170,0,0,41,4),(189,171,0,0,41,4),(189,172,0,0,41,4),(189,173,0,0,41,4),(189,174,0,0,41,4),(189,175,0,0,41,4),(189,176,0,0,41,4),(189,177,0,0,41,4),(189,178,0,0,41,4),(189,179,0,0,41,4),(189,180,0,0,41,4),(189,181,0,0,41,4),(189,182,0,0,41,4),(189,183,0,0,41,4),(189,184,0,0,41,4),(189,185,0,0,41,4),(189,186,0,0,41,4),(189,187,0,0,41,4),(189,188,0,0,41,4),(189,189,0,0,41,4),(189,190,0,0,41,4),(189,191,0,0,41,4),(189,192,0,0,41,4),(189,193,0,0,41,4),(189,194,0,0,41,4),(189,195,0,0,41,4),(189,196,0,0,41,4),(189,197,0,0,41,4),(189,198,0,0,41,4),(189,199,0,0,41,4),(189,200,0,0,41,4),(189,201,0,0,41,4),(189,202,0,0,41,4),(189,203,0,0,41,4),(189,204,0,0,41,4),(189,205,0,0,41,4),(189,206,0,0,41,4),(189,207,0,0,41,4),(189,208,0,0,41,4),(189,209,0,0,41,4),(189,210,0,0,41,4),(189,211,0,0,41,4),(189,212,0,0,41,4),(189,213,0,0,41,4),(189,214,0,0,41,4),(189,215,0,0,41,4),(189,216,0,0,41,4),(189,217,0,0,41,4),(189,218,0,0,41,4),(189,219,0,0,41,4),(189,220,0,0,41,4),(189,221,0,0,41,4),(189,222,0,0,41,4),(189,223,0,0,41,4),(189,224,0,0,41,4),(189,225,0,0,41,4),(189,226,0,0,41,4),(189,227,0,0,41,4),(189,228,0,0,41,4),(189,229,0,0,41,4),(189,230,0,0,41,4),(189,231,0,0,41,4),(189,232,0,0,41,4),(189,233,0,0,41,4),(189,234,0,0,41,4),(189,235,0,0,41,4),(189,236,0,0,41,4),(189,237,0,0,41,4),(189,238,0,0,41,4),(189,239,0,0,41,4),(189,240,0,0,41,4),(189,241,0,0,41,4),(189,242,0,0,41,4),(189,243,0,0,41,4),(189,244,0,0,41,4),(189,245,0,0,41,4),(189,246,0,0,41,4),(189,247,0,0,41,4),(189,248,0,0,41,4),(189,249,0,0,41,4),(189,250,0,0,41,4),(189,251,0,0,41,4),(189,252,0,0,41,4),(189,253,0,0,41,4),(189,254,0,0,41,4),(189,255,0,0,41,4),(189,256,0,0,41,4),(189,257,0,0,41,4),(189,258,0,0,41,4),(189,259,0,0,41,4),(189,260,0,0,41,4),(189,261,0,0,41,4),(189,262,0,0,41,4),(189,263,0,0,41,4),(189,264,0,0,41,4),(189,265,0,0,41,4),(189,266,0,0,41,4),(189,267,0,0,41,4),(189,268,0,0,41,4),(189,269,0,0,41,4),(189,270,0,0,41,4),(189,271,0,0,41,4),(189,272,0,0,41,4),(189,273,0,0,41,4),(189,274,0,0,41,4),(189,275,0,0,41,4),(189,276,0,0,41,4),(189,277,0,0,41,4),(189,278,0,0,41,4),(189,279,0,0,41,4),(189,280,0,0,41,4),(189,281,0,0,41,4),(189,282,0,0,41,4),(189,283,0,0,41,4),(189,284,0,0,41,4),(189,285,0,0,41,4),(189,286,0,0,41,4),(189,287,0,0,41,4),(189,288,0,0,41,4),(189,289,0,0,41,4),(189,290,0,0,41,4),(189,291,0,0,41,4),(189,292,0,0,41,4),(189,293,0,0,41,4),(189,294,0,0,41,4),(189,295,0,0,41,4),(189,296,0,0,41,4),(189,297,0,0,41,4),(189,298,0,0,41,4),(189,299,0,0,41,4);

--
-- Table structure for table `catalog_category_product_index_store4_replica`
--

CREATE TABLE `catalog_category_product_index_store4_replica` (
  `category_id` int(10) unsigned NOT NULL DEFAULT '0' COMMENT 'Category Id',
  `product_id` int(10) unsigned NOT NULL DEFAULT '0' COMMENT 'Product Id',
  `position` int(11) DEFAULT NULL COMMENT 'Position',
  `is_parent` smallint(5) unsigned NOT NULL DEFAULT '0' COMMENT 'Is Parent',
  `store_id` smallint(5) unsigned NOT NULL DEFAULT '0' COMMENT 'Store Id',
  `visibility` smallint(5) unsigned NOT NULL COMMENT 'Visibility',
  PRIMARY KEY (`category_id`,`product_id`,`store_id`),
  KEY `CAT_CTGR_PRD_IDX_STORE4_PRD_ID_STORE_ID_CTGR_ID_VISIBILITY` (`product_id`,`store_id`,`category_id`,`visibility`),
  KEY `IDX_ABB606D1CB36CD160DB880F39838BC3F` (`store_id`,`category_id`,`visibility`,`is_parent`,`position`)
) ENGINE=InnoDB DEFAULT CHARSET=utf8 COMMENT='Catalog Category Product Index Store4 Replica';

--
-- Dumping data for table `catalog_category_product_index_store4_replica`
--

INSERT INTO `catalog_category_product_index_store4_replica` VALUES (2,147,0,0,4,4),(2,148,0,0,4,4),(2,149,0,0,4,4),(2,150,0,0,4,4),(2,151,0,0,4,4),(2,152,0,0,4,4),(2,153,0,0,4,4),(2,154,0,0,4,4),(2,155,0,0,4,4),(2,156,0,0,4,4),(2,157,0,0,4,4),(2,158,0,0,4,4),(2,159,0,0,4,4),(2,160,0,0,4,4),(2,161,0,0,4,4),(2,162,0,0,4,4),(2,163,0,0,4,4),(2,164,0,0,4,4),(2,165,0,0,4,4),(2,166,0,0,4,4),(2,167,0,0,4,4),(2,168,0,0,4,4),(2,169,0,0,4,4),(2,170,0,0,4,4),(2,171,0,0,4,4),(2,172,0,0,4,4),(2,173,0,0,4,4),(2,174,0,0,4,4),(2,175,0,0,4,4),(2,176,0,0,4,4),(2,177,0,0,4,4),(2,178,0,0,4,4),(2,179,0,0,4,4),(2,180,0,0,4,4),(2,181,0,0,4,4),(2,182,0,0,4,4),(2,183,0,0,4,4),(2,184,0,0,4,4),(2,185,0,0,4,4),(2,186,0,0,4,4),(2,187,0,0,4,4),(2,188,0,0,4,4),(2,189,0,0,4,4),(2,190,0,0,4,4),(2,191,0,0,4,4),(2,192,0,0,4,4),(2,193,0,0,4,4),(2,194,0,0,4,4),(2,195,0,0,4,4),(2,196,0,0,4,4),(2,197,0,0,4,4),(2,198,0,0,4,4),(2,199,0,0,4,4),(2,200,0,0,4,4),(2,201,0,0,4,4),(2,202,0,0,4,4),(2,203,0,0,4,4),(2,204,0,0,4,4),(2,205,0,0,4,4),(2,206,0,0,4,4),(2,207,0,0,4,4),(2,208,0,0,4,4),(2,209,0,0,4,4),(2,210,0,0,4,4),(2,211,0,0,4,4),(2,212,0,0,4,4),(2,213,0,0,4,4),(2,214,0,0,4,4),(2,215,0,0,4,4),(2,216,0,0,4,4),(2,217,0,0,4,4),(2,218,0,0,4,4),(2,219,0,0,4,4),(2,220,0,0,4,4),(2,221,0,0,4,4),(2,222,0,0,4,4),(2,223,0,0,4,4),(2,224,0,0,4,4),(2,225,0,0,4,4),(2,226,0,0,4,4),(2,227,0,0,4,4),(2,228,0,0,4,4),(2,229,0,0,4,4),(2,230,0,0,4,4),(2,231,0,0,4,4),(2,232,0,0,4,4),(2,233,0,0,4,4),(2,234,0,0,4,4),(2,235,0,0,4,4),(2,236,0,0,4,4),(2,237,0,0,4,4),(2,238,0,0,4,4),(2,239,0,0,4,4),(2,240,0,0,4,4),(2,241,0,0,4,4),(2,242,0,0,4,4),(2,243,0,0,4,4),(2,244,0,0,4,4),(2,245,0,0,4,4),(2,246,0,0,4,4),(2,247,0,0,4,4),(2,248,0,0,4,4),(2,249,0,0,4,4),(2,250,0,0,4,4),(2,251,0,0,4,4),(2,252,0,0,4,4),(2,253,0,0,4,4),(2,254,0,0,4,4),(2,255,0,0,4,4),(2,256,0,0,4,4),(2,257,0,0,4,4),(2,258,0,0,4,4),(2,259,0,0,4,4),(2,260,0,0,4,4),(2,261,0,0,4,4),(2,262,0,0,4,4),(2,263,0,0,4,4),(2,264,0,0,4,4),(2,265,0,0,4,4),(2,266,0,0,4,4),(2,267,0,0,4,4),(2,268,0,0,4,4),(2,269,0,0,4,4),(2,270,0,0,4,4),(2,271,0,0,4,4),(2,272,0,0,4,4),(2,273,0,0,4,4),(2,274,0,0,4,4),(2,275,0,0,4,4),(2,276,0,0,4,4),(2,277,0,0,4,4),(2,278,0,0,4,4),(2,279,0,0,4,4),(2,280,0,0,4,4),(2,281,0,0,4,4),(2,282,0,0,4,4),(2,283,0,0,4,4),(2,284,0,0,4,4),(2,285,0,0,4,4),(2,286,0,0,4,4),(2,287,0,0,4,4),(2,288,0,0,4,4),(2,289,0,0,4,4),(2,290,0,0,4,4),(2,291,0,0,4,4),(2,292,0,0,4,4),(2,293,0,0,4,4),(2,294,0,0,4,4),(2,295,0,0,4,4),(2,296,0,0,4,4),(2,297,0,0,4,4),(2,298,0,0,4,4),(2,299,0,0,4,4);

--
-- Table structure for table `catalog_category_product_index_store5`
--

CREATE TABLE `catalog_category_product_index_store5` (
  `category_id` int(10) unsigned NOT NULL DEFAULT '0' COMMENT 'Category Id',
  `product_id` int(10) unsigned NOT NULL DEFAULT '0' COMMENT 'Product Id',
  `position` int(11) DEFAULT NULL COMMENT 'Position',
  `is_parent` smallint(5) unsigned NOT NULL DEFAULT '0' COMMENT 'Is Parent',
  `store_id` smallint(5) unsigned NOT NULL DEFAULT '0' COMMENT 'Store Id',
  `visibility` smallint(5) unsigned NOT NULL COMMENT 'Visibility',
  PRIMARY KEY (`category_id`,`product_id`,`store_id`),
  KEY `IDX_78288F76D618C4C378D1DE1DB362C05F` (`product_id`,`store_id`,`category_id`,`visibility`),
  KEY `IDX_04B1890D19F381013371F9182F62C602` (`store_id`,`category_id`,`visibility`,`is_parent`,`position`)
) ENGINE=InnoDB DEFAULT CHARSET=utf8 COMMENT='Catalog Category Product Index Store5';

--
-- Dumping data for table `catalog_category_product_index_store5`
--

INSERT INTO `catalog_category_product_index_store5` VALUES (2,147,0,0,5,4),(2,148,0,0,5,4),(2,149,0,0,5,4),(2,150,0,0,5,4),(2,151,0,0,5,4),(2,152,0,0,5,4),(2,153,0,0,5,4),(2,154,0,0,5,4),(2,155,0,0,5,4),(2,156,0,0,5,4),(2,157,0,0,5,4),(2,158,0,0,5,4),(2,159,0,0,5,4),(2,160,0,0,5,4),(2,161,0,0,5,4),(2,162,0,0,5,4),(2,163,0,0,5,4),(2,164,0,0,5,4),(2,165,0,0,5,4),(2,166,0,0,5,4),(2,167,0,0,5,4),(2,168,0,0,5,4),(2,169,0,0,5,4),(2,170,0,0,5,4),(2,171,0,0,5,4),(2,172,0,0,5,4),(2,173,0,0,5,4),(2,174,0,0,5,4),(2,175,0,0,5,4),(2,176,0,0,5,4),(2,177,0,0,5,4),(2,178,0,0,5,4),(2,179,0,0,5,4),(2,180,0,0,5,4),(2,181,0,0,5,4),(2,182,0,0,5,4),(2,183,0,0,5,4),(2,184,0,0,5,4),(2,185,0,0,5,4),(2,186,0,0,5,4),(2,187,0,0,5,4),(2,188,0,0,5,4),(2,189,0,0,5,4),(2,190,0,0,5,4),(2,191,0,0,5,4),(2,192,0,0,5,4),(2,193,0,0,5,4),(2,194,0,0,5,4),(2,195,0,0,5,4),(2,196,0,0,5,4),(2,197,0,0,5,4),(2,198,0,0,5,4),(2,199,0,0,5,4),(2,200,0,0,5,4),(2,201,0,0,5,4),(2,202,0,0,5,4),(2,203,0,0,5,4),(2,204,0,0,5,4),(2,205,0,0,5,4),(2,206,0,0,5,4),(2,207,0,0,5,4),(2,208,0,0,5,4),(2,209,0,0,5,4),(2,210,0,0,5,4),(2,211,0,0,5,4),(2,212,0,0,5,4),(2,213,0,0,5,4),(2,214,0,0,5,4),(2,215,0,0,5,4),(2,216,0,0,5,4),(2,217,0,0,5,4),(2,218,0,0,5,4),(2,219,0,0,5,4),(2,220,0,0,5,4),(2,221,0,0,5,4),(2,222,0,0,5,4),(2,223,0,0,5,4),(2,224,0,0,5,4),(2,225,0,0,5,4),(2,226,0,0,5,4),(2,227,0,0,5,4),(2,228,0,0,5,4),(2,229,0,0,5,4),(2,230,0,0,5,4),(2,231,0,0,5,4),(2,232,0,0,5,4),(2,233,0,0,5,4),(2,234,0,0,5,4),(2,235,0,0,5,4),(2,236,0,0,5,4),(2,237,0,0,5,4),(2,238,0,0,5,4),(2,239,0,0,5,4),(2,240,0,0,5,4),(2,241,0,0,5,4),(2,242,0,0,5,4),(2,243,0,0,5,4),(2,244,0,0,5,4),(2,245,0,0,5,4),(2,246,0,0,5,4),(2,247,0,0,5,4),(2,248,0,0,5,4),(2,249,0,0,5,4),(2,250,0,0,5,4),(2,251,0,0,5,4),(2,252,0,0,5,4),(2,253,0,0,5,4),(2,254,0,0,5,4),(2,255,0,0,5,4),(2,256,0,0,5,4),(2,257,0,0,5,4),(2,258,0,0,5,4),(2,259,0,0,5,4),(2,260,0,0,5,4),(2,261,0,0,5,4),(2,262,0,0,5,4),(2,263,0,0,5,4),(2,264,0,0,5,4),(2,265,0,0,5,4),(2,266,0,0,5,4),(2,267,0,0,5,4),(2,268,0,0,5,4),(2,269,0,0,5,4),(2,270,0,0,5,4),(2,271,0,0,5,4),(2,272,0,0,5,4),(2,273,0,0,5,4),(2,274,0,0,5,4),(2,275,0,0,5,4),(2,276,0,0,5,4),(2,277,0,0,5,4),(2,278,0,0,5,4),(2,279,0,0,5,4),(2,280,0,0,5,4),(2,281,0,0,5,4),(2,282,0,0,5,4),(2,283,0,0,5,4),(2,284,0,0,5,4),(2,285,0,0,5,4),(2,286,0,0,5,4),(2,287,0,0,5,4),(2,288,0,0,5,4),(2,289,0,0,5,4),(2,290,0,0,5,4),(2,291,0,0,5,4),(2,292,0,0,5,4),(2,293,0,0,5,4),(2,294,0,0,5,4),(2,295,0,0,5,4),(2,296,0,0,5,4),(2,297,0,0,5,4),(2,298,0,0,5,4),(2,299,0,0,5,4);

--
-- Table structure for table `catalog_category_product_index_store5_replica`
--

CREATE TABLE `catalog_category_product_index_store5_replica` (
  `category_id` int(10) unsigned NOT NULL DEFAULT '0' COMMENT 'Category Id',
  `product_id` int(10) unsigned NOT NULL DEFAULT '0' COMMENT 'Product Id',
  `position` int(11) DEFAULT NULL COMMENT 'Position',
  `is_parent` smallint(5) unsigned NOT NULL DEFAULT '0' COMMENT 'Is Parent',
  `store_id` smallint(5) unsigned NOT NULL DEFAULT '0' COMMENT 'Store Id',
  `visibility` smallint(5) unsigned NOT NULL COMMENT 'Visibility',
  PRIMARY KEY (`category_id`,`product_id`,`store_id`),
  KEY `CAT_CTGR_PRD_IDX_STORE5_PRD_ID_STORE_ID_CTGR_ID_VISIBILITY` (`product_id`,`store_id`,`category_id`,`visibility`),
  KEY `IDX_D66B6557126C2DE627A049511C72BE10` (`store_id`,`category_id`,`visibility`,`is_parent`,`position`)
) ENGINE=InnoDB DEFAULT CHARSET=utf8 COMMENT='Catalog Category Product Index Store5 Replica';

--
-- Dumping data for table `catalog_category_product_index_store5_replica`
--

INSERT INTO `catalog_category_product_index_store5_replica` VALUES (2,147,0,0,5,4),(2,148,0,0,5,4),(2,149,0,0,5,4),(2,150,0,0,5,4),(2,151,0,0,5,4),(2,152,0,0,5,4),(2,153,0,0,5,4),(2,154,0,0,5,4),(2,155,0,0,5,4),(2,156,0,0,5,4),(2,157,0,0,5,4),(2,158,0,0,5,4),(2,159,0,0,5,4),(2,160,0,0,5,4),(2,161,0,0,5,4),(2,162,0,0,5,4),(2,163,0,0,5,4),(2,164,0,0,5,4),(2,165,0,0,5,4),(2,166,0,0,5,4),(2,167,0,0,5,4),(2,168,0,0,5,4),(2,169,0,0,5,4),(2,170,0,0,5,4),(2,171,0,0,5,4),(2,172,0,0,5,4),(2,173,0,0,5,4),(2,174,0,0,5,4),(2,175,0,0,5,4),(2,176,0,0,5,4),(2,177,0,0,5,4),(2,178,0,0,5,4),(2,179,0,0,5,4),(2,180,0,0,5,4),(2,181,0,0,5,4),(2,182,0,0,5,4),(2,183,0,0,5,4),(2,184,0,0,5,4),(2,185,0,0,5,4),(2,186,0,0,5,4),(2,187,0,0,5,4),(2,188,0,0,5,4),(2,189,0,0,5,4),(2,190,0,0,5,4),(2,191,0,0,5,4),(2,192,0,0,5,4),(2,193,0,0,5,4),(2,194,0,0,5,4),(2,195,0,0,5,4),(2,196,0,0,5,4),(2,197,0,0,5,4),(2,198,0,0,5,4),(2,199,0,0,5,4),(2,200,0,0,5,4),(2,201,0,0,5,4),(2,202,0,0,5,4),(2,203,0,0,5,4),(2,204,0,0,5,4),(2,205,0,0,5,4),(2,206,0,0,5,4),(2,207,0,0,5,4),(2,208,0,0,5,4),(2,209,0,0,5,4),(2,210,0,0,5,4),(2,211,0,0,5,4),(2,212,0,0,5,4),(2,213,0,0,5,4),(2,214,0,0,5,4),(2,215,0,0,5,4),(2,216,0,0,5,4),(2,217,0,0,5,4),(2,218,0,0,5,4),(2,219,0,0,5,4),(2,220,0,0,5,4),(2,221,0,0,5,4),(2,222,0,0,5,4),(2,223,0,0,5,4),(2,224,0,0,5,4),(2,225,0,0,5,4),(2,226,0,0,5,4),(2,227,0,0,5,4),(2,228,0,0,5,4),(2,229,0,0,5,4),(2,230,0,0,5,4),(2,231,0,0,5,4),(2,232,0,0,5,4),(2,233,0,0,5,4),(2,234,0,0,5,4),(2,235,0,0,5,4),(2,236,0,0,5,4),(2,237,0,0,5,4),(2,238,0,0,5,4),(2,239,0,0,5,4),(2,240,0,0,5,4),(2,241,0,0,5,4),(2,242,0,0,5,4),(2,243,0,0,5,4),(2,244,0,0,5,4),(2,245,0,0,5,4),(2,246,0,0,5,4),(2,247,0,0,5,4),(2,248,0,0,5,4),(2,249,0,0,5,4),(2,250,0,0,5,4),(2,251,0,0,5,4),(2,252,0,0,5,4),(2,253,0,0,5,4),(2,254,0,0,5,4),(2,255,0,0,5,4),(2,256,0,0,5,4),(2,257,0,0,5,4),(2,258,0,0,5,4),(2,259,0,0,5,4),(2,260,0,0,5,4),(2,261,0,0,5,4),(2,262,0,0,5,4),(2,263,0,0,5,4),(2,264,0,0,5,4),(2,265,0,0,5,4),(2,266,0,0,5,4),(2,267,0,0,5,4),(2,268,0,0,5,4),(2,269,0,0,5,4),(2,270,0,0,5,4),(2,271,0,0,5,4),(2,272,0,0,5,4),(2,273,0,0,5,4),(2,274,0,0,5,4),(2,275,0,0,5,4),(2,276,0,0,5,4),(2,277,0,0,5,4),(2,278,0,0,5,4),(2,279,0,0,5,4),(2,280,0,0,5,4),(2,281,0,0,5,4),(2,282,0,0,5,4),(2,283,0,0,5,4),(2,284,0,0,5,4),(2,285,0,0,5,4),(2,286,0,0,5,4),(2,287,0,0,5,4),(2,288,0,0,5,4),(2,289,0,0,5,4),(2,290,0,0,5,4),(2,291,0,0,5,4),(2,292,0,0,5,4),(2,293,0,0,5,4),(2,294,0,0,5,4),(2,295,0,0,5,4),(2,296,0,0,5,4),(2,297,0,0,5,4),(2,298,0,0,5,4),(2,299,0,0,5,4);

--
-- Table structure for table `catalog_category_product_index_store6`
--

CREATE TABLE `catalog_category_product_index_store6` (
  `category_id` int(10) unsigned NOT NULL DEFAULT '0' COMMENT 'Category Id',
  `product_id` int(10) unsigned NOT NULL DEFAULT '0' COMMENT 'Product Id',
  `position` int(11) DEFAULT NULL COMMENT 'Position',
  `is_parent` smallint(5) unsigned NOT NULL DEFAULT '0' COMMENT 'Is Parent',
  `store_id` smallint(5) unsigned NOT NULL DEFAULT '0' COMMENT 'Store Id',
  `visibility` smallint(5) unsigned NOT NULL COMMENT 'Visibility',
  PRIMARY KEY (`category_id`,`product_id`,`store_id`),
  KEY `IDX_60907034DE58E5F1696F31290F80B9B6` (`product_id`,`store_id`,`category_id`,`visibility`),
  KEY `IDX_65189DCB54C58237E1298BDD7727D150` (`store_id`,`category_id`,`visibility`,`is_parent`,`position`)
) ENGINE=InnoDB DEFAULT CHARSET=utf8 COMMENT='Catalog Category Product Index Store6';

--
-- Dumping data for table `catalog_category_product_index_store6`
--

INSERT INTO `catalog_category_product_index_store6` VALUES (2,147,0,0,6,4),(2,148,0,0,6,4),(2,149,0,0,6,4),(2,150,0,0,6,4),(2,151,0,0,6,4),(2,152,0,0,6,4),(2,153,0,0,6,4),(2,154,0,0,6,4),(2,155,0,0,6,4),(2,156,0,0,6,4),(2,157,0,0,6,4),(2,158,0,0,6,4),(2,159,0,0,6,4),(2,160,0,0,6,4),(2,161,0,0,6,4),(2,162,0,0,6,4),(2,163,0,0,6,4),(2,164,0,0,6,4),(2,165,0,0,6,4),(2,166,0,0,6,4),(2,167,0,0,6,4),(2,168,0,0,6,4),(2,169,0,0,6,4),(2,170,0,0,6,4),(2,171,0,0,6,4),(2,172,0,0,6,4),(2,173,0,0,6,4),(2,174,0,0,6,4),(2,175,0,0,6,4),(2,176,0,0,6,4),(2,177,0,0,6,4),(2,178,0,0,6,4),(2,179,0,0,6,4),(2,180,0,0,6,4),(2,181,0,0,6,4),(2,182,0,0,6,4),(2,183,0,0,6,4),(2,184,0,0,6,4),(2,185,0,0,6,4),(2,186,0,0,6,4),(2,187,0,0,6,4),(2,188,0,0,6,4),(2,189,0,0,6,4),(2,190,0,0,6,4),(2,191,0,0,6,4),(2,192,0,0,6,4),(2,193,0,0,6,4),(2,194,0,0,6,4),(2,195,0,0,6,4),(2,196,0,0,6,4),(2,197,0,0,6,4),(2,198,0,0,6,4),(2,199,0,0,6,4),(2,200,0,0,6,4),(2,201,0,0,6,4),(2,202,0,0,6,4),(2,203,0,0,6,4),(2,204,0,0,6,4),(2,205,0,0,6,4),(2,206,0,0,6,4),(2,207,0,0,6,4),(2,208,0,0,6,4),(2,209,0,0,6,4),(2,210,0,0,6,4),(2,211,0,0,6,4),(2,212,0,0,6,4),(2,213,0,0,6,4),(2,214,0,0,6,4),(2,215,0,0,6,4),(2,216,0,0,6,4),(2,217,0,0,6,4),(2,218,0,0,6,4),(2,219,0,0,6,4),(2,220,0,0,6,4),(2,221,0,0,6,4),(2,222,0,0,6,4),(2,223,0,0,6,4),(2,224,0,0,6,4),(2,225,0,0,6,4),(2,226,0,0,6,4),(2,227,0,0,6,4),(2,228,0,0,6,4),(2,229,0,0,6,4),(2,230,0,0,6,4),(2,231,0,0,6,4),(2,232,0,0,6,4),(2,233,0,0,6,4),(2,234,0,0,6,4),(2,235,0,0,6,4),(2,236,0,0,6,4),(2,237,0,0,6,4),(2,238,0,0,6,4),(2,239,0,0,6,4),(2,240,0,0,6,4),(2,241,0,0,6,4),(2,242,0,0,6,4),(2,243,0,0,6,4),(2,244,0,0,6,4),(2,245,0,0,6,4),(2,246,0,0,6,4),(2,247,0,0,6,4),(2,248,0,0,6,4),(2,249,0,0,6,4),(2,250,0,0,6,4),(2,251,0,0,6,4),(2,252,0,0,6,4),(2,253,0,0,6,4),(2,254,0,0,6,4),(2,255,0,0,6,4),(2,256,0,0,6,4),(2,257,0,0,6,4),(2,258,0,0,6,4),(2,259,0,0,6,4),(2,260,0,0,6,4),(2,261,0,0,6,4),(2,262,0,0,6,4),(2,263,0,0,6,4),(2,264,0,0,6,4),(2,265,0,0,6,4),(2,266,0,0,6,4),(2,267,0,0,6,4),(2,268,0,0,6,4),(2,269,0,0,6,4),(2,270,0,0,6,4),(2,271,0,0,6,4),(2,272,0,0,6,4),(2,273,0,0,6,4),(2,274,0,0,6,4),(2,275,0,0,6,4),(2,276,0,0,6,4),(2,277,0,0,6,4),(2,278,0,0,6,4),(2,279,0,0,6,4),(2,280,0,0,6,4),(2,281,0,0,6,4),(2,282,0,0,6,4),(2,283,0,0,6,4),(2,284,0,0,6,4),(2,285,0,0,6,4),(2,286,0,0,6,4),(2,287,0,0,6,4),(2,288,0,0,6,4),(2,289,0,0,6,4),(2,290,0,0,6,4),(2,291,0,0,6,4),(2,292,0,0,6,4),(2,293,0,0,6,4),(2,294,0,0,6,4),(2,295,0,0,6,4),(2,296,0,0,6,4),(2,297,0,0,6,4),(2,298,0,0,6,4),(2,299,0,0,6,4);

--
-- Table structure for table `catalog_category_product_index_store6_replica`
--

CREATE TABLE `catalog_category_product_index_store6_replica` (
  `category_id` int(10) unsigned NOT NULL DEFAULT '0' COMMENT 'Category Id',
  `product_id` int(10) unsigned NOT NULL DEFAULT '0' COMMENT 'Product Id',
  `position` int(11) DEFAULT NULL COMMENT 'Position',
  `is_parent` smallint(5) unsigned NOT NULL DEFAULT '0' COMMENT 'Is Parent',
  `store_id` smallint(5) unsigned NOT NULL DEFAULT '0' COMMENT 'Store Id',
  `visibility` smallint(5) unsigned NOT NULL COMMENT 'Visibility',
  PRIMARY KEY (`category_id`,`product_id`,`store_id`),
  KEY `CAT_CTGR_PRD_IDX_STORE6_PRD_ID_STORE_ID_CTGR_ID_VISIBILITY` (`product_id`,`store_id`,`category_id`,`visibility`),
  KEY `IDX_715799A609D876BA8BC3889F4D0D2350` (`store_id`,`category_id`,`visibility`,`is_parent`,`position`)
) ENGINE=InnoDB DEFAULT CHARSET=utf8 COMMENT='Catalog Category Product Index Store6 Replica';

--
-- Dumping data for table `catalog_category_product_index_store6_replica`
--

INSERT INTO `catalog_category_product_index_store6_replica` VALUES (2,147,0,0,6,4),(2,148,0,0,6,4),(2,149,0,0,6,4),(2,150,0,0,6,4),(2,151,0,0,6,4),(2,152,0,0,6,4),(2,153,0,0,6,4),(2,154,0,0,6,4),(2,155,0,0,6,4),(2,156,0,0,6,4),(2,157,0,0,6,4),(2,158,0,0,6,4),(2,159,0,0,6,4),(2,160,0,0,6,4),(2,161,0,0,6,4),(2,162,0,0,6,4),(2,163,0,0,6,4),(2,164,0,0,6,4),(2,165,0,0,6,4),(2,166,0,0,6,4),(2,167,0,0,6,4),(2,168,0,0,6,4),(2,169,0,0,6,4),(2,170,0,0,6,4),(2,171,0,0,6,4),(2,172,0,0,6,4),(2,173,0,0,6,4),(2,174,0,0,6,4),(2,175,0,0,6,4),(2,176,0,0,6,4),(2,177,0,0,6,4),(2,178,0,0,6,4),(2,179,0,0,6,4),(2,180,0,0,6,4),(2,181,0,0,6,4),(2,182,0,0,6,4),(2,183,0,0,6,4),(2,184,0,0,6,4),(2,185,0,0,6,4),(2,186,0,0,6,4),(2,187,0,0,6,4),(2,188,0,0,6,4),(2,189,0,0,6,4),(2,190,0,0,6,4),(2,191,0,0,6,4),(2,192,0,0,6,4),(2,193,0,0,6,4),(2,194,0,0,6,4),(2,195,0,0,6,4),(2,196,0,0,6,4),(2,197,0,0,6,4),(2,198,0,0,6,4),(2,199,0,0,6,4),(2,200,0,0,6,4),(2,201,0,0,6,4),(2,202,0,0,6,4),(2,203,0,0,6,4),(2,204,0,0,6,4),(2,205,0,0,6,4),(2,206,0,0,6,4),(2,207,0,0,6,4),(2,208,0,0,6,4),(2,209,0,0,6,4),(2,210,0,0,6,4),(2,211,0,0,6,4),(2,212,0,0,6,4),(2,213,0,0,6,4),(2,214,0,0,6,4),(2,215,0,0,6,4),(2,216,0,0,6,4),(2,217,0,0,6,4),(2,218,0,0,6,4),(2,219,0,0,6,4),(2,220,0,0,6,4),(2,221,0,0,6,4),(2,222,0,0,6,4),(2,223,0,0,6,4),(2,224,0,0,6,4),(2,225,0,0,6,4),(2,226,0,0,6,4),(2,227,0,0,6,4),(2,228,0,0,6,4),(2,229,0,0,6,4),(2,230,0,0,6,4),(2,231,0,0,6,4),(2,232,0,0,6,4),(2,233,0,0,6,4),(2,234,0,0,6,4),(2,235,0,0,6,4),(2,236,0,0,6,4),(2,237,0,0,6,4),(2,238,0,0,6,4),(2,239,0,0,6,4),(2,240,0,0,6,4),(2,241,0,0,6,4),(2,242,0,0,6,4),(2,243,0,0,6,4),(2,244,0,0,6,4),(2,245,0,0,6,4),(2,246,0,0,6,4),(2,247,0,0,6,4),(2,248,0,0,6,4),(2,249,0,0,6,4),(2,250,0,0,6,4),(2,251,0,0,6,4),(2,252,0,0,6,4),(2,253,0,0,6,4),(2,254,0,0,6,4),(2,255,0,0,6,4),(2,256,0,0,6,4),(2,257,0,0,6,4),(2,258,0,0,6,4),(2,259,0,0,6,4),(2,260,0,0,6,4),(2,261,0,0,6,4),(2,262,0,0,6,4),(2,263,0,0,6,4),(2,264,0,0,6,4),(2,265,0,0,6,4),(2,266,0,0,6,4),(2,267,0,0,6,4),(2,268,0,0,6,4),(2,269,0,0,6,4),(2,270,0,0,6,4),(2,271,0,0,6,4),(2,272,0,0,6,4),(2,273,0,0,6,4),(2,274,0,0,6,4),(2,275,0,0,6,4),(2,276,0,0,6,4),(2,277,0,0,6,4),(2,278,0,0,6,4),(2,279,0,0,6,4),(2,280,0,0,6,4),(2,281,0,0,6,4),(2,282,0,0,6,4),(2,283,0,0,6,4),(2,284,0,0,6,4),(2,285,0,0,6,4),(2,286,0,0,6,4),(2,287,0,0,6,4),(2,288,0,0,6,4),(2,289,0,0,6,4),(2,290,0,0,6,4),(2,291,0,0,6,4),(2,292,0,0,6,4),(2,293,0,0,6,4),(2,294,0,0,6,4),(2,295,0,0,6,4),(2,296,0,0,6,4),(2,297,0,0,6,4),(2,298,0,0,6,4),(2,299,0,0,6,4);

--
-- Table structure for table `catalog_category_product_index_store7`
--

CREATE TABLE `catalog_category_product_index_store7` (
  `category_id` int(10) unsigned NOT NULL DEFAULT '0' COMMENT 'Category Id',
  `product_id` int(10) unsigned NOT NULL DEFAULT '0' COMMENT 'Product Id',
  `position` int(11) DEFAULT NULL COMMENT 'Position',
  `is_parent` smallint(5) unsigned NOT NULL DEFAULT '0' COMMENT 'Is Parent',
  `store_id` smallint(5) unsigned NOT NULL DEFAULT '0' COMMENT 'Store Id',
  `visibility` smallint(5) unsigned NOT NULL COMMENT 'Visibility',
  PRIMARY KEY (`category_id`,`product_id`,`store_id`),
  KEY `IDX_E9F919EC2BB507793EE19DA7C71D1C68` (`product_id`,`store_id`,`category_id`,`visibility`),
  KEY `IDX_429013479D97EE179DF15355662AC756` (`store_id`,`category_id`,`visibility`,`is_parent`,`position`)
) ENGINE=InnoDB DEFAULT CHARSET=utf8 COMMENT='Catalog Category Product Index Store7';

--
-- Dumping data for table `catalog_category_product_index_store7`
--

INSERT INTO `catalog_category_product_index_store7` VALUES (2,147,0,0,7,4),(2,148,0,0,7,4),(2,149,0,0,7,4),(2,150,0,0,7,4),(2,151,0,0,7,4),(2,152,0,0,7,4),(2,153,0,0,7,4),(2,154,0,0,7,4),(2,155,0,0,7,4),(2,156,0,0,7,4),(2,157,0,0,7,4),(2,158,0,0,7,4),(2,159,0,0,7,4),(2,160,0,0,7,4),(2,161,0,0,7,4),(2,162,0,0,7,4),(2,163,0,0,7,4),(2,164,0,0,7,4),(2,165,0,0,7,4),(2,166,0,0,7,4),(2,167,0,0,7,4),(2,168,0,0,7,4),(2,169,0,0,7,4),(2,170,0,0,7,4),(2,171,0,0,7,4),(2,172,0,0,7,4),(2,173,0,0,7,4),(2,174,0,0,7,4),(2,175,0,0,7,4),(2,176,0,0,7,4),(2,177,0,0,7,4),(2,178,0,0,7,4),(2,179,0,0,7,4),(2,180,0,0,7,4),(2,181,0,0,7,4),(2,182,0,0,7,4),(2,183,0,0,7,4),(2,184,0,0,7,4),(2,185,0,0,7,4),(2,186,0,0,7,4),(2,187,0,0,7,4),(2,188,0,0,7,4),(2,189,0,0,7,4),(2,190,0,0,7,4),(2,191,0,0,7,4),(2,192,0,0,7,4),(2,193,0,0,7,4),(2,194,0,0,7,4),(2,195,0,0,7,4),(2,196,0,0,7,4),(2,197,0,0,7,4),(2,198,0,0,7,4),(2,199,0,0,7,4),(2,200,0,0,7,4),(2,201,0,0,7,4),(2,202,0,0,7,4),(2,203,0,0,7,4),(2,204,0,0,7,4),(2,205,0,0,7,4),(2,206,0,0,7,4),(2,207,0,0,7,4),(2,208,0,0,7,4),(2,209,0,0,7,4),(2,210,0,0,7,4),(2,211,0,0,7,4),(2,212,0,0,7,4),(2,213,0,0,7,4),(2,214,0,0,7,4),(2,215,0,0,7,4),(2,216,0,0,7,4),(2,217,0,0,7,4),(2,218,0,0,7,4),(2,219,0,0,7,4),(2,220,0,0,7,4),(2,221,0,0,7,4),(2,222,0,0,7,4),(2,223,0,0,7,4),(2,224,0,0,7,4),(2,225,0,0,7,4),(2,226,0,0,7,4),(2,227,0,0,7,4),(2,228,0,0,7,4),(2,229,0,0,7,4),(2,230,0,0,7,4),(2,231,0,0,7,4),(2,232,0,0,7,4),(2,233,0,0,7,4),(2,234,0,0,7,4),(2,235,0,0,7,4),(2,236,0,0,7,4),(2,237,0,0,7,4),(2,238,0,0,7,4),(2,239,0,0,7,4),(2,240,0,0,7,4),(2,241,0,0,7,4),(2,242,0,0,7,4),(2,243,0,0,7,4),(2,244,0,0,7,4),(2,245,0,0,7,4),(2,246,0,0,7,4),(2,247,0,0,7,4),(2,248,0,0,7,4),(2,249,0,0,7,4),(2,250,0,0,7,4),(2,251,0,0,7,4),(2,252,0,0,7,4),(2,253,0,0,7,4),(2,254,0,0,7,4),(2,255,0,0,7,4),(2,256,0,0,7,4),(2,257,0,0,7,4),(2,258,0,0,7,4),(2,259,0,0,7,4),(2,260,0,0,7,4),(2,261,0,0,7,4),(2,262,0,0,7,4),(2,263,0,0,7,4),(2,264,0,0,7,4),(2,265,0,0,7,4),(2,266,0,0,7,4),(2,267,0,0,7,4),(2,268,0,0,7,4),(2,269,0,0,7,4),(2,270,0,0,7,4),(2,271,0,0,7,4),(2,272,0,0,7,4),(2,273,0,0,7,4),(2,274,0,0,7,4),(2,275,0,0,7,4),(2,276,0,0,7,4),(2,277,0,0,7,4),(2,278,0,0,7,4),(2,279,0,0,7,4),(2,280,0,0,7,4),(2,281,0,0,7,4),(2,282,0,0,7,4),(2,283,0,0,7,4),(2,284,0,0,7,4),(2,285,0,0,7,4),(2,286,0,0,7,4),(2,287,0,0,7,4),(2,288,0,0,7,4),(2,289,0,0,7,4),(2,290,0,0,7,4),(2,291,0,0,7,4),(2,292,0,0,7,4),(2,293,0,0,7,4),(2,294,0,0,7,4),(2,295,0,0,7,4),(2,296,0,0,7,4),(2,297,0,0,7,4),(2,298,0,0,7,4),(2,299,0,0,7,4);

--
-- Table structure for table `catalog_category_product_index_store7_replica`
--

CREATE TABLE `catalog_category_product_index_store7_replica` (
  `category_id` int(10) unsigned NOT NULL DEFAULT '0' COMMENT 'Category Id',
  `product_id` int(10) unsigned NOT NULL DEFAULT '0' COMMENT 'Product Id',
  `position` int(11) DEFAULT NULL COMMENT 'Position',
  `is_parent` smallint(5) unsigned NOT NULL DEFAULT '0' COMMENT 'Is Parent',
  `store_id` smallint(5) unsigned NOT NULL DEFAULT '0' COMMENT 'Store Id',
  `visibility` smallint(5) unsigned NOT NULL COMMENT 'Visibility',
  PRIMARY KEY (`category_id`,`product_id`,`store_id`),
  KEY `CAT_CTGR_PRD_IDX_STORE7_PRD_ID_STORE_ID_CTGR_ID_VISIBILITY` (`product_id`,`store_id`,`category_id`,`visibility`),
  KEY `IDX_FC3C465EAA213CB948AAD83C52813CCF` (`store_id`,`category_id`,`visibility`,`is_parent`,`position`)
) ENGINE=InnoDB DEFAULT CHARSET=utf8 COMMENT='Catalog Category Product Index Store7 Replica';

--
-- Dumping data for table `catalog_category_product_index_store7_replica`
--

INSERT INTO `catalog_category_product_index_store7_replica` VALUES (2,147,0,0,7,4),(2,148,0,0,7,4),(2,149,0,0,7,4),(2,150,0,0,7,4),(2,151,0,0,7,4),(2,152,0,0,7,4),(2,153,0,0,7,4),(2,154,0,0,7,4),(2,155,0,0,7,4),(2,156,0,0,7,4),(2,157,0,0,7,4),(2,158,0,0,7,4),(2,159,0,0,7,4),(2,160,0,0,7,4),(2,161,0,0,7,4),(2,162,0,0,7,4),(2,163,0,0,7,4),(2,164,0,0,7,4),(2,165,0,0,7,4),(2,166,0,0,7,4),(2,167,0,0,7,4),(2,168,0,0,7,4),(2,169,0,0,7,4),(2,170,0,0,7,4),(2,171,0,0,7,4),(2,172,0,0,7,4),(2,173,0,0,7,4),(2,174,0,0,7,4),(2,175,0,0,7,4),(2,176,0,0,7,4),(2,177,0,0,7,4),(2,178,0,0,7,4),(2,179,0,0,7,4),(2,180,0,0,7,4),(2,181,0,0,7,4),(2,182,0,0,7,4),(2,183,0,0,7,4),(2,184,0,0,7,4),(2,185,0,0,7,4),(2,186,0,0,7,4),(2,187,0,0,7,4),(2,188,0,0,7,4),(2,189,0,0,7,4),(2,190,0,0,7,4),(2,191,0,0,7,4),(2,192,0,0,7,4),(2,193,0,0,7,4),(2,194,0,0,7,4),(2,195,0,0,7,4),(2,196,0,0,7,4),(2,197,0,0,7,4),(2,198,0,0,7,4),(2,199,0,0,7,4),(2,200,0,0,7,4),(2,201,0,0,7,4),(2,202,0,0,7,4),(2,203,0,0,7,4),(2,204,0,0,7,4),(2,205,0,0,7,4),(2,206,0,0,7,4),(2,207,0,0,7,4),(2,208,0,0,7,4),(2,209,0,0,7,4),(2,210,0,0,7,4),(2,211,0,0,7,4),(2,212,0,0,7,4),(2,213,0,0,7,4),(2,214,0,0,7,4),(2,215,0,0,7,4),(2,216,0,0,7,4),(2,217,0,0,7,4),(2,218,0,0,7,4),(2,219,0,0,7,4),(2,220,0,0,7,4),(2,221,0,0,7,4),(2,222,0,0,7,4),(2,223,0,0,7,4),(2,224,0,0,7,4),(2,225,0,0,7,4),(2,226,0,0,7,4),(2,227,0,0,7,4),(2,228,0,0,7,4),(2,229,0,0,7,4),(2,230,0,0,7,4),(2,231,0,0,7,4),(2,232,0,0,7,4),(2,233,0,0,7,4),(2,234,0,0,7,4),(2,235,0,0,7,4),(2,236,0,0,7,4),(2,237,0,0,7,4),(2,238,0,0,7,4),(2,239,0,0,7,4),(2,240,0,0,7,4),(2,241,0,0,7,4),(2,242,0,0,7,4),(2,243,0,0,7,4),(2,244,0,0,7,4),(2,245,0,0,7,4),(2,246,0,0,7,4),(2,247,0,0,7,4),(2,248,0,0,7,4),(2,249,0,0,7,4),(2,250,0,0,7,4),(2,251,0,0,7,4),(2,252,0,0,7,4),(2,253,0,0,7,4),(2,254,0,0,7,4),(2,255,0,0,7,4),(2,256,0,0,7,4),(2,257,0,0,7,4),(2,258,0,0,7,4),(2,259,0,0,7,4),(2,260,0,0,7,4),(2,261,0,0,7,4),(2,262,0,0,7,4),(2,263,0,0,7,4),(2,264,0,0,7,4),(2,265,0,0,7,4),(2,266,0,0,7,4),(2,267,0,0,7,4),(2,268,0,0,7,4),(2,269,0,0,7,4),(2,270,0,0,7,4),(2,271,0,0,7,4),(2,272,0,0,7,4),(2,273,0,0,7,4),(2,274,0,0,7,4),(2,275,0,0,7,4),(2,276,0,0,7,4),(2,277,0,0,7,4),(2,278,0,0,7,4),(2,279,0,0,7,4),(2,280,0,0,7,4),(2,281,0,0,7,4),(2,282,0,0,7,4),(2,283,0,0,7,4),(2,284,0,0,7,4),(2,285,0,0,7,4),(2,286,0,0,7,4),(2,287,0,0,7,4),(2,288,0,0,7,4),(2,289,0,0,7,4),(2,290,0,0,7,4),(2,291,0,0,7,4),(2,292,0,0,7,4),(2,293,0,0,7,4),(2,294,0,0,7,4),(2,295,0,0,7,4),(2,296,0,0,7,4),(2,297,0,0,7,4),(2,298,0,0,7,4),(2,299,0,0,7,4);

--
-- Table structure for table `catalog_category_product_index_store8`
--

CREATE TABLE `catalog_category_product_index_store8` (
  `category_id` int(10) unsigned NOT NULL DEFAULT '0' COMMENT 'Category Id',
  `product_id` int(10) unsigned NOT NULL DEFAULT '0' COMMENT 'Product Id',
  `position` int(11) DEFAULT NULL COMMENT 'Position',
  `is_parent` smallint(5) unsigned NOT NULL DEFAULT '0' COMMENT 'Is Parent',
  `store_id` smallint(5) unsigned NOT NULL DEFAULT '0' COMMENT 'Store Id',
  `visibility` smallint(5) unsigned NOT NULL COMMENT 'Visibility',
  PRIMARY KEY (`category_id`,`product_id`,`store_id`),
  KEY `IDX_57B5E46D5E5C9F39BB7CE63D46A21EF5` (`product_id`,`store_id`,`category_id`,`visibility`),
  KEY `IDX_72A17E5BDF6BE100A92393EED4942631` (`store_id`,`category_id`,`visibility`,`is_parent`,`position`)
) ENGINE=InnoDB DEFAULT CHARSET=utf8 COMMENT='Catalog Category Product Index Store8';

--
-- Dumping data for table `catalog_category_product_index_store8`
--

INSERT INTO `catalog_category_product_index_store8` VALUES (2,147,0,0,8,4),(2,148,0,0,8,4),(2,149,0,0,8,4),(2,150,0,0,8,4),(2,151,0,0,8,4),(2,152,0,0,8,4),(2,153,0,0,8,4),(2,154,0,0,8,4),(2,155,0,0,8,4),(2,156,0,0,8,4),(2,157,0,0,8,4),(2,158,0,0,8,4),(2,159,0,0,8,4),(2,160,0,0,8,4),(2,161,0,0,8,4),(2,162,0,0,8,4),(2,163,0,0,8,4),(2,164,0,0,8,4),(2,165,0,0,8,4),(2,166,0,0,8,4),(2,167,0,0,8,4),(2,168,0,0,8,4),(2,169,0,0,8,4),(2,170,0,0,8,4),(2,171,0,0,8,4),(2,172,0,0,8,4),(2,173,0,0,8,4),(2,174,0,0,8,4),(2,175,0,0,8,4),(2,176,0,0,8,4),(2,177,0,0,8,4),(2,178,0,0,8,4),(2,179,0,0,8,4),(2,180,0,0,8,4),(2,181,0,0,8,4),(2,182,0,0,8,4),(2,183,0,0,8,4),(2,184,0,0,8,4),(2,185,0,0,8,4),(2,186,0,0,8,4),(2,187,0,0,8,4),(2,188,0,0,8,4),(2,189,0,0,8,4),(2,190,0,0,8,4),(2,191,0,0,8,4),(2,192,0,0,8,4),(2,193,0,0,8,4),(2,194,0,0,8,4),(2,195,0,0,8,4),(2,196,0,0,8,4),(2,197,0,0,8,4),(2,198,0,0,8,4),(2,199,0,0,8,4),(2,200,0,0,8,4),(2,201,0,0,8,4),(2,202,0,0,8,4),(2,203,0,0,8,4),(2,204,0,0,8,4),(2,205,0,0,8,4),(2,206,0,0,8,4),(2,207,0,0,8,4),(2,208,0,0,8,4),(2,209,0,0,8,4),(2,210,0,0,8,4),(2,211,0,0,8,4),(2,212,0,0,8,4),(2,213,0,0,8,4),(2,214,0,0,8,4),(2,215,0,0,8,4),(2,216,0,0,8,4),(2,217,0,0,8,4),(2,218,0,0,8,4),(2,219,0,0,8,4),(2,220,0,0,8,4),(2,221,0,0,8,4),(2,222,0,0,8,4),(2,223,0,0,8,4),(2,224,0,0,8,4),(2,225,0,0,8,4),(2,226,0,0,8,4),(2,227,0,0,8,4),(2,228,0,0,8,4),(2,229,0,0,8,4),(2,230,0,0,8,4),(2,231,0,0,8,4),(2,232,0,0,8,4),(2,233,0,0,8,4),(2,234,0,0,8,4),(2,235,0,0,8,4),(2,236,0,0,8,4),(2,237,0,0,8,4),(2,238,0,0,8,4),(2,239,0,0,8,4),(2,240,0,0,8,4),(2,241,0,0,8,4),(2,242,0,0,8,4),(2,243,0,0,8,4),(2,244,0,0,8,4),(2,245,0,0,8,4),(2,246,0,0,8,4),(2,247,0,0,8,4),(2,248,0,0,8,4),(2,249,0,0,8,4),(2,250,0,0,8,4),(2,251,0,0,8,4),(2,252,0,0,8,4),(2,253,0,0,8,4),(2,254,0,0,8,4),(2,255,0,0,8,4),(2,256,0,0,8,4),(2,257,0,0,8,4),(2,258,0,0,8,4),(2,259,0,0,8,4),(2,260,0,0,8,4),(2,261,0,0,8,4),(2,262,0,0,8,4),(2,263,0,0,8,4),(2,264,0,0,8,4),(2,265,0,0,8,4),(2,266,0,0,8,4),(2,267,0,0,8,4),(2,268,0,0,8,4),(2,269,0,0,8,4),(2,270,0,0,8,4),(2,271,0,0,8,4),(2,272,0,0,8,4),(2,273,0,0,8,4),(2,274,0,0,8,4),(2,275,0,0,8,4),(2,276,0,0,8,4),(2,277,0,0,8,4),(2,278,0,0,8,4),(2,279,0,0,8,4),(2,280,0,0,8,4),(2,281,0,0,8,4),(2,282,0,0,8,4),(2,283,0,0,8,4),(2,284,0,0,8,4),(2,285,0,0,8,4),(2,286,0,0,8,4),(2,287,0,0,8,4),(2,288,0,0,8,4),(2,289,0,0,8,4),(2,290,0,0,8,4),(2,291,0,0,8,4),(2,292,0,0,8,4),(2,293,0,0,8,4),(2,294,0,0,8,4),(2,295,0,0,8,4),(2,296,0,0,8,4),(2,297,0,0,8,4),(2,298,0,0,8,4),(2,299,0,0,8,4);

--
-- Table structure for table `catalog_category_product_index_store8_replica`
--

CREATE TABLE `catalog_category_product_index_store8_replica` (
  `category_id` int(10) unsigned NOT NULL DEFAULT '0' COMMENT 'Category Id',
  `product_id` int(10) unsigned NOT NULL DEFAULT '0' COMMENT 'Product Id',
  `position` int(11) DEFAULT NULL COMMENT 'Position',
  `is_parent` smallint(5) unsigned NOT NULL DEFAULT '0' COMMENT 'Is Parent',
  `store_id` smallint(5) unsigned NOT NULL DEFAULT '0' COMMENT 'Store Id',
  `visibility` smallint(5) unsigned NOT NULL COMMENT 'Visibility',
  PRIMARY KEY (`category_id`,`product_id`,`store_id`),
  KEY `CAT_CTGR_PRD_IDX_STORE8_PRD_ID_STORE_ID_CTGR_ID_VISIBILITY` (`product_id`,`store_id`,`category_id`,`visibility`),
  KEY `IDX_4D42D0D334EFF63D3E99C6D90D3F3E39` (`store_id`,`category_id`,`visibility`,`is_parent`,`position`)
) ENGINE=InnoDB DEFAULT CHARSET=utf8 COMMENT='Catalog Category Product Index Store8 Replica';

--
-- Dumping data for table `catalog_category_product_index_store8_replica`
--

INSERT INTO `catalog_category_product_index_store8_replica` VALUES (2,147,0,0,8,4),(2,148,0,0,8,4),(2,149,0,0,8,4),(2,150,0,0,8,4),(2,151,0,0,8,4),(2,152,0,0,8,4),(2,153,0,0,8,4),(2,154,0,0,8,4),(2,155,0,0,8,4),(2,156,0,0,8,4),(2,157,0,0,8,4),(2,158,0,0,8,4),(2,159,0,0,8,4),(2,160,0,0,8,4),(2,161,0,0,8,4),(2,162,0,0,8,4),(2,163,0,0,8,4),(2,164,0,0,8,4),(2,165,0,0,8,4),(2,166,0,0,8,4),(2,167,0,0,8,4),(2,168,0,0,8,4),(2,169,0,0,8,4),(2,170,0,0,8,4),(2,171,0,0,8,4),(2,172,0,0,8,4),(2,173,0,0,8,4),(2,174,0,0,8,4),(2,175,0,0,8,4),(2,176,0,0,8,4),(2,177,0,0,8,4),(2,178,0,0,8,4),(2,179,0,0,8,4),(2,180,0,0,8,4),(2,181,0,0,8,4),(2,182,0,0,8,4),(2,183,0,0,8,4),(2,184,0,0,8,4),(2,185,0,0,8,4),(2,186,0,0,8,4),(2,187,0,0,8,4),(2,188,0,0,8,4),(2,189,0,0,8,4),(2,190,0,0,8,4),(2,191,0,0,8,4),(2,192,0,0,8,4),(2,193,0,0,8,4),(2,194,0,0,8,4),(2,195,0,0,8,4),(2,196,0,0,8,4),(2,197,0,0,8,4),(2,198,0,0,8,4),(2,199,0,0,8,4),(2,200,0,0,8,4),(2,201,0,0,8,4),(2,202,0,0,8,4),(2,203,0,0,8,4),(2,204,0,0,8,4),(2,205,0,0,8,4),(2,206,0,0,8,4),(2,207,0,0,8,4),(2,208,0,0,8,4),(2,209,0,0,8,4),(2,210,0,0,8,4),(2,211,0,0,8,4),(2,212,0,0,8,4),(2,213,0,0,8,4),(2,214,0,0,8,4),(2,215,0,0,8,4),(2,216,0,0,8,4),(2,217,0,0,8,4),(2,218,0,0,8,4),(2,219,0,0,8,4),(2,220,0,0,8,4),(2,221,0,0,8,4),(2,222,0,0,8,4),(2,223,0,0,8,4),(2,224,0,0,8,4),(2,225,0,0,8,4),(2,226,0,0,8,4),(2,227,0,0,8,4),(2,228,0,0,8,4),(2,229,0,0,8,4),(2,230,0,0,8,4),(2,231,0,0,8,4),(2,232,0,0,8,4),(2,233,0,0,8,4),(2,234,0,0,8,4),(2,235,0,0,8,4),(2,236,0,0,8,4),(2,237,0,0,8,4),(2,238,0,0,8,4),(2,239,0,0,8,4),(2,240,0,0,8,4),(2,241,0,0,8,4),(2,242,0,0,8,4),(2,243,0,0,8,4),(2,244,0,0,8,4),(2,245,0,0,8,4),(2,246,0,0,8,4),(2,247,0,0,8,4),(2,248,0,0,8,4),(2,249,0,0,8,4),(2,250,0,0,8,4),(2,251,0,0,8,4),(2,252,0,0,8,4),(2,253,0,0,8,4),(2,254,0,0,8,4),(2,255,0,0,8,4),(2,256,0,0,8,4),(2,257,0,0,8,4),(2,258,0,0,8,4),(2,259,0,0,8,4),(2,260,0,0,8,4),(2,261,0,0,8,4),(2,262,0,0,8,4),(2,263,0,0,8,4),(2,264,0,0,8,4),(2,265,0,0,8,4),(2,266,0,0,8,4),(2,267,0,0,8,4),(2,268,0,0,8,4),(2,269,0,0,8,4),(2,270,0,0,8,4),(2,271,0,0,8,4),(2,272,0,0,8,4),(2,273,0,0,8,4),(2,274,0,0,8,4),(2,275,0,0,8,4),(2,276,0,0,8,4),(2,277,0,0,8,4),(2,278,0,0,8,4),(2,279,0,0,8,4),(2,280,0,0,8,4),(2,281,0,0,8,4),(2,282,0,0,8,4),(2,283,0,0,8,4),(2,284,0,0,8,4),(2,285,0,0,8,4),(2,286,0,0,8,4),(2,287,0,0,8,4),(2,288,0,0,8,4),(2,289,0,0,8,4),(2,290,0,0,8,4),(2,291,0,0,8,4),(2,292,0,0,8,4),(2,293,0,0,8,4),(2,294,0,0,8,4),(2,295,0,0,8,4),(2,296,0,0,8,4),(2,297,0,0,8,4),(2,298,0,0,8,4),(2,299,0,0,8,4);

--
-- Table structure for table `catalog_category_product_index_store9`
--

CREATE TABLE `catalog_category_product_index_store9` (
  `category_id` int(10) unsigned NOT NULL DEFAULT '0' COMMENT 'Category Id',
  `product_id` int(10) unsigned NOT NULL DEFAULT '0' COMMENT 'Product Id',
  `position` int(11) DEFAULT NULL COMMENT 'Position',
  `is_parent` smallint(5) unsigned NOT NULL DEFAULT '0' COMMENT 'Is Parent',
  `store_id` smallint(5) unsigned NOT NULL DEFAULT '0' COMMENT 'Store Id',
  `visibility` smallint(5) unsigned NOT NULL COMMENT 'Visibility',
  PRIMARY KEY (`category_id`,`product_id`,`store_id`),
  KEY `IDX_ADE8510F1BBEC8E64D9E49D2B86DF6A6` (`product_id`,`store_id`,`category_id`,`visibility`),
  KEY `IDX_CAE8981A33EEF72C92B0DA20D82E8789` (`store_id`,`category_id`,`visibility`,`is_parent`,`position`)
) ENGINE=InnoDB DEFAULT CHARSET=utf8 COMMENT='Catalog Category Product Index Store9';

--
-- Dumping data for table `catalog_category_product_index_store9`
--

INSERT INTO `catalog_category_product_index_store9` VALUES (2,147,0,0,9,4),(2,148,0,0,9,4),(2,149,0,0,9,4),(2,150,0,0,9,4),(2,151,0,0,9,4),(2,152,0,0,9,4),(2,153,0,0,9,4),(2,154,0,0,9,4),(2,155,0,0,9,4),(2,156,0,0,9,4),(2,157,0,0,9,4),(2,158,0,0,9,4),(2,159,0,0,9,4),(2,160,0,0,9,4),(2,161,0,0,9,4),(2,162,0,0,9,4),(2,163,0,0,9,4),(2,164,0,0,9,4),(2,165,0,0,9,4),(2,166,0,0,9,4),(2,167,0,0,9,4),(2,168,0,0,9,4),(2,169,0,0,9,4),(2,170,0,0,9,4),(2,171,0,0,9,4),(2,172,0,0,9,4),(2,173,0,0,9,4),(2,174,0,0,9,4),(2,175,0,0,9,4),(2,176,0,0,9,4),(2,177,0,0,9,4),(2,178,0,0,9,4),(2,179,0,0,9,4),(2,180,0,0,9,4),(2,181,0,0,9,4),(2,182,0,0,9,4),(2,183,0,0,9,4),(2,184,0,0,9,4),(2,185,0,0,9,4),(2,186,0,0,9,4),(2,187,0,0,9,4),(2,188,0,0,9,4),(2,189,0,0,9,4),(2,190,0,0,9,4),(2,191,0,0,9,4),(2,192,0,0,9,4),(2,193,0,0,9,4),(2,194,0,0,9,4),(2,195,0,0,9,4),(2,196,0,0,9,4),(2,197,0,0,9,4),(2,198,0,0,9,4),(2,199,0,0,9,4),(2,200,0,0,9,4),(2,201,0,0,9,4),(2,202,0,0,9,4),(2,203,0,0,9,4),(2,204,0,0,9,4),(2,205,0,0,9,4),(2,206,0,0,9,4),(2,207,0,0,9,4),(2,208,0,0,9,4),(2,209,0,0,9,4),(2,210,0,0,9,4),(2,211,0,0,9,4),(2,212,0,0,9,4),(2,213,0,0,9,4),(2,214,0,0,9,4),(2,215,0,0,9,4),(2,216,0,0,9,4),(2,217,0,0,9,4),(2,218,0,0,9,4),(2,219,0,0,9,4),(2,220,0,0,9,4),(2,221,0,0,9,4),(2,222,0,0,9,4),(2,223,0,0,9,4),(2,224,0,0,9,4),(2,225,0,0,9,4),(2,226,0,0,9,4),(2,227,0,0,9,4),(2,228,0,0,9,4),(2,229,0,0,9,4),(2,230,0,0,9,4),(2,231,0,0,9,4),(2,232,0,0,9,4),(2,233,0,0,9,4),(2,234,0,0,9,4),(2,235,0,0,9,4),(2,236,0,0,9,4),(2,237,0,0,9,4),(2,238,0,0,9,4),(2,239,0,0,9,4),(2,240,0,0,9,4),(2,241,0,0,9,4),(2,242,0,0,9,4),(2,243,0,0,9,4),(2,244,0,0,9,4),(2,245,0,0,9,4),(2,246,0,0,9,4),(2,247,0,0,9,4),(2,248,0,0,9,4),(2,249,0,0,9,4),(2,250,0,0,9,4),(2,251,0,0,9,4),(2,252,0,0,9,4),(2,253,0,0,9,4),(2,254,0,0,9,4),(2,255,0,0,9,4),(2,256,0,0,9,4),(2,257,0,0,9,4),(2,258,0,0,9,4),(2,259,0,0,9,4),(2,260,0,0,9,4),(2,261,0,0,9,4),(2,262,0,0,9,4),(2,263,0,0,9,4),(2,264,0,0,9,4),(2,265,0,0,9,4),(2,266,0,0,9,4),(2,267,0,0,9,4),(2,268,0,0,9,4),(2,269,0,0,9,4),(2,270,0,0,9,4),(2,271,0,0,9,4),(2,272,0,0,9,4),(2,273,0,0,9,4),(2,274,0,0,9,4),(2,275,0,0,9,4),(2,276,0,0,9,4),(2,277,0,0,9,4),(2,278,0,0,9,4),(2,279,0,0,9,4),(2,280,0,0,9,4),(2,281,0,0,9,4),(2,282,0,0,9,4),(2,283,0,0,9,4),(2,284,0,0,9,4),(2,285,0,0,9,4),(2,286,0,0,9,4),(2,287,0,0,9,4),(2,288,0,0,9,4),(2,289,0,0,9,4),(2,290,0,0,9,4),(2,291,0,0,9,4),(2,292,0,0,9,4),(2,293,0,0,9,4),(2,294,0,0,9,4),(2,295,0,0,9,4),(2,296,0,0,9,4),(2,297,0,0,9,4),(2,298,0,0,9,4),(2,299,0,0,9,4);

--
-- Table structure for table `catalog_category_product_index_store9_replica`
--

CREATE TABLE `catalog_category_product_index_store9_replica` (
  `category_id` int(10) unsigned NOT NULL DEFAULT '0' COMMENT 'Category Id',
  `product_id` int(10) unsigned NOT NULL DEFAULT '0' COMMENT 'Product Id',
  `position` int(11) DEFAULT NULL COMMENT 'Position',
  `is_parent` smallint(5) unsigned NOT NULL DEFAULT '0' COMMENT 'Is Parent',
  `store_id` smallint(5) unsigned NOT NULL DEFAULT '0' COMMENT 'Store Id',
  `visibility` smallint(5) unsigned NOT NULL COMMENT 'Visibility',
  PRIMARY KEY (`category_id`,`product_id`,`store_id`),
  KEY `CAT_CTGR_PRD_IDX_STORE9_PRD_ID_STORE_ID_CTGR_ID_VISIBILITY` (`product_id`,`store_id`,`category_id`,`visibility`),
  KEY `IDX_ADAF96EF1972B57CCB3A89BA1A467864` (`store_id`,`category_id`,`visibility`,`is_parent`,`position`)
) ENGINE=InnoDB DEFAULT CHARSET=utf8 COMMENT='Catalog Category Product Index Store9 Replica';

--
-- Dumping data for table `catalog_category_product_index_store9_replica`
--

INSERT INTO `catalog_category_product_index_store9_replica` VALUES (2,147,0,0,9,4),(2,148,0,0,9,4),(2,149,0,0,9,4),(2,150,0,0,9,4),(2,151,0,0,9,4),(2,152,0,0,9,4),(2,153,0,0,9,4),(2,154,0,0,9,4),(2,155,0,0,9,4),(2,156,0,0,9,4),(2,157,0,0,9,4),(2,158,0,0,9,4),(2,159,0,0,9,4),(2,160,0,0,9,4),(2,161,0,0,9,4),(2,162,0,0,9,4),(2,163,0,0,9,4),(2,164,0,0,9,4),(2,165,0,0,9,4),(2,166,0,0,9,4),(2,167,0,0,9,4),(2,168,0,0,9,4),(2,169,0,0,9,4),(2,170,0,0,9,4),(2,171,0,0,9,4),(2,172,0,0,9,4),(2,173,0,0,9,4),(2,174,0,0,9,4),(2,175,0,0,9,4),(2,176,0,0,9,4),(2,177,0,0,9,4),(2,178,0,0,9,4),(2,179,0,0,9,4),(2,180,0,0,9,4),(2,181,0,0,9,4),(2,182,0,0,9,4),(2,183,0,0,9,4),(2,184,0,0,9,4),(2,185,0,0,9,4),(2,186,0,0,9,4),(2,187,0,0,9,4),(2,188,0,0,9,4),(2,189,0,0,9,4),(2,190,0,0,9,4),(2,191,0,0,9,4),(2,192,0,0,9,4),(2,193,0,0,9,4),(2,194,0,0,9,4),(2,195,0,0,9,4),(2,196,0,0,9,4),(2,197,0,0,9,4),(2,198,0,0,9,4),(2,199,0,0,9,4),(2,200,0,0,9,4),(2,201,0,0,9,4),(2,202,0,0,9,4),(2,203,0,0,9,4),(2,204,0,0,9,4),(2,205,0,0,9,4),(2,206,0,0,9,4),(2,207,0,0,9,4),(2,208,0,0,9,4),(2,209,0,0,9,4),(2,210,0,0,9,4),(2,211,0,0,9,4),(2,212,0,0,9,4),(2,213,0,0,9,4),(2,214,0,0,9,4),(2,215,0,0,9,4),(2,216,0,0,9,4),(2,217,0,0,9,4),(2,218,0,0,9,4),(2,219,0,0,9,4),(2,220,0,0,9,4),(2,221,0,0,9,4),(2,222,0,0,9,4),(2,223,0,0,9,4),(2,224,0,0,9,4),(2,225,0,0,9,4),(2,226,0,0,9,4),(2,227,0,0,9,4),(2,228,0,0,9,4),(2,229,0,0,9,4),(2,230,0,0,9,4),(2,231,0,0,9,4),(2,232,0,0,9,4),(2,233,0,0,9,4),(2,234,0,0,9,4),(2,235,0,0,9,4),(2,236,0,0,9,4),(2,237,0,0,9,4),(2,238,0,0,9,4),(2,239,0,0,9,4),(2,240,0,0,9,4),(2,241,0,0,9,4),(2,242,0,0,9,4),(2,243,0,0,9,4),(2,244,0,0,9,4),(2,245,0,0,9,4),(2,246,0,0,9,4),(2,247,0,0,9,4),(2,248,0,0,9,4),(2,249,0,0,9,4),(2,250,0,0,9,4),(2,251,0,0,9,4),(2,252,0,0,9,4),(2,253,0,0,9,4),(2,254,0,0,9,4),(2,255,0,0,9,4),(2,256,0,0,9,4),(2,257,0,0,9,4),(2,258,0,0,9,4),(2,259,0,0,9,4),(2,260,0,0,9,4),(2,261,0,0,9,4),(2,262,0,0,9,4),(2,263,0,0,9,4),(2,264,0,0,9,4),(2,265,0,0,9,4),(2,266,0,0,9,4),(2,267,0,0,9,4),(2,268,0,0,9,4),(2,269,0,0,9,4),(2,270,0,0,9,4),(2,271,0,0,9,4),(2,272,0,0,9,4),(2,273,0,0,9,4),(2,274,0,0,9,4),(2,275,0,0,9,4),(2,276,0,0,9,4),(2,277,0,0,9,4),(2,278,0,0,9,4),(2,279,0,0,9,4),(2,280,0,0,9,4),(2,281,0,0,9,4),(2,282,0,0,9,4),(2,283,0,0,9,4),(2,284,0,0,9,4),(2,285,0,0,9,4),(2,286,0,0,9,4),(2,287,0,0,9,4),(2,288,0,0,9,4),(2,289,0,0,9,4),(2,290,0,0,9,4),(2,291,0,0,9,4),(2,292,0,0,9,4),(2,293,0,0,9,4),(2,294,0,0,9,4),(2,295,0,0,9,4),(2,296,0,0,9,4),(2,297,0,0,9,4),(2,298,0,0,9,4),(2,299,0,0,9,4);

--
-- Table structure for table `catalog_category_product_index_tmp`
--

CREATE TABLE `catalog_category_product_index_tmp` (
  `category_id` int(10) unsigned NOT NULL DEFAULT '0' COMMENT 'Category ID',
  `product_id` int(10) unsigned NOT NULL DEFAULT '0' COMMENT 'Product ID',
  `position` int(11) NOT NULL DEFAULT '0' COMMENT 'Position',
  `is_parent` smallint(5) unsigned NOT NULL DEFAULT '0' COMMENT 'Is Parent',
  `store_id` smallint(5) unsigned NOT NULL DEFAULT '0' COMMENT 'Store ID',
  `visibility` smallint(5) unsigned NOT NULL COMMENT 'Visibility',
  PRIMARY KEY (`category_id`,`product_id`,`store_id`),
  KEY `CAT_CTGR_PRD_IDX_TMP_PRD_ID_CTGR_ID_STORE_ID` (`product_id`,`category_id`,`store_id`)
) ENGINE=InnoDB DEFAULT CHARSET=utf8 COMMENT='Catalog Category Product Indexer temporary table';

--
-- Dumping data for table `catalog_category_product_index_tmp`
--


--
-- Table structure for table `catalog_compare_item`
--

CREATE TABLE `catalog_compare_item` (
  `catalog_compare_item_id` int(10) unsigned NOT NULL AUTO_INCREMENT COMMENT 'Compare Item ID',
  `visitor_id` int(10) unsigned NOT NULL DEFAULT '0' COMMENT 'Visitor ID',
  `customer_id` int(10) unsigned DEFAULT NULL COMMENT 'Customer ID',
  `product_id` int(10) unsigned NOT NULL DEFAULT '0' COMMENT 'Product ID',
  `store_id` smallint(5) unsigned DEFAULT NULL COMMENT 'Store ID',
  `list_id` int(10) unsigned DEFAULT NULL COMMENT 'List ID',
  PRIMARY KEY (`catalog_compare_item_id`),
  KEY `CATALOG_COMPARE_ITEM_PRODUCT_ID` (`product_id`),
  KEY `CATALOG_COMPARE_ITEM_VISITOR_ID_PRODUCT_ID` (`visitor_id`,`product_id`),
  KEY `CATALOG_COMPARE_ITEM_CUSTOMER_ID_PRODUCT_ID` (`customer_id`,`product_id`),
  KEY `CATALOG_COMPARE_ITEM_STORE_ID` (`store_id`),
  KEY `CATALOG_COMPARE_ITEM_LIST_ID_CATALOG_COMPARE_LIST_LIST_ID` (`list_id`),
  CONSTRAINT `CATALOG_COMPARE_ITEM_CUSTOMER_ID_CUSTOMER_ENTITY_ENTITY_ID` FOREIGN KEY (`customer_id`) REFERENCES `customer_entity` (`entity_id`) ON DELETE CASCADE,
  CONSTRAINT `CATALOG_COMPARE_ITEM_LIST_ID_CATALOG_COMPARE_LIST_LIST_ID` FOREIGN KEY (`list_id`) REFERENCES `catalog_compare_list` (`list_id`) ON DELETE CASCADE,
  CONSTRAINT `CATALOG_COMPARE_ITEM_PRODUCT_ID_CATALOG_PRODUCT_ENTITY_ENTITY_ID` FOREIGN KEY (`product_id`) REFERENCES `catalog_product_entity` (`entity_id`) ON DELETE CASCADE,
  CONSTRAINT `CATALOG_COMPARE_ITEM_STORE_ID_STORE_STORE_ID` FOREIGN KEY (`store_id`) REFERENCES `store` (`store_id`) ON DELETE SET NULL
) ENGINE=InnoDB DEFAULT CHARSET=utf8 COMMENT='Catalog Compare Table';

--
-- Dumping data for table `catalog_compare_item`
--


--
-- Table structure for table `catalog_compare_list`
--

CREATE TABLE `catalog_compare_list` (
  `list_id` int(10) unsigned NOT NULL AUTO_INCREMENT COMMENT 'Compare List ID',
  `list_id_mask` varchar(32) DEFAULT NULL COMMENT 'Masked ID',
  `customer_id` int(10) unsigned DEFAULT NULL COMMENT 'Customer ID',
  PRIMARY KEY (`list_id`),
  UNIQUE KEY `CATALOG_COMPARE_LIST_CUSTOMER_ID` (`customer_id`),
  KEY `CATALOG_COMPARE_LIST_LIST_ID_MASK` (`list_id_mask`),
  CONSTRAINT `CATALOG_COMPARE_LIST_CUSTOMER_ID_CUSTOMER_ENTITY_ENTITY_ID` FOREIGN KEY (`customer_id`) REFERENCES `customer_entity` (`entity_id`) ON DELETE CASCADE
) ENGINE=InnoDB DEFAULT CHARSET=utf8 COMMENT='Catalog Compare List with hash Table';

--
-- Dumping data for table `catalog_compare_list`
--


--
-- Table structure for table `catalog_eav_attribute`
--

CREATE TABLE `catalog_eav_attribute` (
  `attribute_id` smallint(5) unsigned NOT NULL COMMENT 'Attribute ID',
  `frontend_input_renderer` varchar(255) DEFAULT NULL COMMENT 'Frontend Input Renderer',
  `is_global` smallint(5) unsigned NOT NULL DEFAULT '1' COMMENT 'Is Global',
  `is_visible` smallint(5) unsigned NOT NULL DEFAULT '1' COMMENT 'Is Visible',
  `is_searchable` smallint(5) unsigned NOT NULL DEFAULT '0' COMMENT 'Is Searchable',
  `is_filterable` smallint(5) unsigned NOT NULL DEFAULT '0' COMMENT 'Is Filterable',
  `is_comparable` smallint(5) unsigned NOT NULL DEFAULT '0' COMMENT 'Is Comparable',
  `is_visible_on_front` smallint(5) unsigned NOT NULL DEFAULT '0' COMMENT 'Is Visible On Front',
  `is_html_allowed_on_front` smallint(5) unsigned NOT NULL DEFAULT '0' COMMENT 'Is HTML Allowed On Front',
  `is_used_for_price_rules` smallint(5) unsigned NOT NULL DEFAULT '0' COMMENT 'Is Used For Price Rules',
  `is_filterable_in_search` smallint(5) unsigned NOT NULL DEFAULT '0' COMMENT 'Is Filterable In Search',
  `used_in_product_listing` smallint(5) unsigned NOT NULL DEFAULT '0' COMMENT 'Is Used In Product Listing',
  `used_for_sort_by` smallint(5) unsigned NOT NULL DEFAULT '0' COMMENT 'Is Used For Sorting',
  `apply_to` varchar(255) DEFAULT NULL COMMENT 'Apply To',
  `is_visible_in_advanced_search` smallint(5) unsigned NOT NULL DEFAULT '0' COMMENT 'Is Visible In Advanced Search',
  `position` int(11) NOT NULL DEFAULT '0' COMMENT 'Position',
  `is_wysiwyg_enabled` smallint(5) unsigned NOT NULL DEFAULT '0' COMMENT 'Is WYSIWYG Enabled',
  `is_used_for_promo_rules` smallint(5) unsigned NOT NULL DEFAULT '0' COMMENT 'Is Used For Promo Rules',
  `is_required_in_admin_store` smallint(5) unsigned NOT NULL DEFAULT '0' COMMENT 'Is Required In Admin Store',
  `is_used_in_grid` smallint(5) unsigned NOT NULL DEFAULT '0' COMMENT 'Is Used in Grid',
  `is_visible_in_grid` smallint(5) unsigned NOT NULL DEFAULT '0' COMMENT 'Is Visible in Grid',
  `is_filterable_in_grid` smallint(5) unsigned NOT NULL DEFAULT '0' COMMENT 'Is Filterable in Grid',
  `search_weight` float NOT NULL DEFAULT '1' COMMENT 'Search Weight',
  `additional_data` text COMMENT 'Additional swatch attributes data',
  `is_pagebuilder_enabled` tinyint(1) NOT NULL DEFAULT '0' COMMENT 'Is PageBuilder Enabled',
  PRIMARY KEY (`attribute_id`),
  KEY `CATALOG_EAV_ATTRIBUTE_USED_FOR_SORT_BY` (`used_for_sort_by`),
  KEY `CATALOG_EAV_ATTRIBUTE_USED_IN_PRODUCT_LISTING` (`used_in_product_listing`),
  CONSTRAINT `CATALOG_EAV_ATTRIBUTE_ATTRIBUTE_ID_EAV_ATTRIBUTE_ATTRIBUTE_ID` FOREIGN KEY (`attribute_id`) REFERENCES `eav_attribute` (`attribute_id`) ON DELETE CASCADE
) ENGINE=InnoDB DEFAULT CHARSET=utf8 COMMENT='Catalog EAV Attribute Table';

--
-- Dumping data for table `catalog_eav_attribute`
--

INSERT INTO `catalog_eav_attribute` VALUES (42,NULL,0,1,0,0,0,0,0,0,0,0,0,NULL,0,0,0,0,0,0,0,0,1,NULL,0),(43,NULL,0,1,0,0,0,0,0,0,0,0,0,NULL,0,0,0,0,0,0,0,0,1,NULL,0),(44,NULL,0,1,0,0,0,0,1,0,0,0,0,NULL,0,0,1,0,0,0,0,0,1,NULL,0),(45,NULL,0,1,0,0,0,0,0,0,0,0,0,NULL,0,0,0,0,0,0,0,0,1,NULL,0),(46,NULL,0,1,0,0,0,0,0,0,0,0,0,NULL,0,0,0,0,0,0,0,0,1,NULL,0),(47,NULL,0,1,0,0,0,0,0,0,0,0,0,NULL,0,0,0,0,0,0,0,0,1,NULL,0),(48,NULL,0,1,0,0,0,0,0,0,0,0,0,NULL,0,0,0,0,0,0,0,0,1,NULL,0),(49,NULL,0,1,0,0,0,0,0,0,0,0,0,NULL,0,0,0,0,0,0,0,0,1,NULL,0),(50,NULL,0,1,0,0,0,0,0,0,0,0,0,NULL,0,0,0,0,0,0,0,0,1,NULL,0),(51,NULL,1,1,0,0,0,0,0,0,0,0,0,NULL,0,0,0,0,0,0,0,0,1,NULL,0),(52,NULL,1,0,0,0,0,0,0,0,0,0,0,NULL,0,0,0,0,0,0,0,0,1,NULL,0),(53,NULL,1,0,0,0,0,0,0,0,0,0,0,NULL,0,0,0,0,0,0,0,0,1,NULL,0),(54,NULL,1,0,0,0,0,0,0,0,0,0,0,NULL,0,0,0,0,0,0,0,0,1,NULL,0),(55,NULL,1,0,0,0,0,0,0,0,0,0,0,NULL,0,0,0,0,0,0,0,0,1,NULL,0),(56,NULL,1,0,0,0,0,0,0,0,0,0,0,NULL,0,0,0,0,0,0,0,0,1,NULL,0),(57,NULL,0,1,0,0,0,0,0,0,0,0,0,NULL,0,0,0,0,0,0,0,0,1,NULL,0),(58,NULL,0,1,0,0,0,0,0,0,0,0,0,NULL,0,0,0,0,0,0,0,0,1,NULL,0),(59,NULL,0,1,0,0,0,0,0,0,0,0,0,NULL,0,0,0,0,0,0,0,0,1,NULL,0),(60,NULL,0,1,0,0,0,0,0,0,0,0,0,NULL,0,0,0,0,0,0,0,0,1,NULL,0),(61,NULL,0,0,0,0,0,0,0,0,0,0,0,NULL,0,0,0,0,0,0,0,0,1,NULL,0),(62,NULL,1,0,0,0,0,0,0,0,0,0,0,NULL,0,0,0,0,0,0,0,0,1,NULL,0),(63,NULL,1,0,0,0,0,0,0,0,0,0,0,NULL,0,0,0,0,0,0,0,0,1,NULL,0),(64,'Magento\\Catalog\\Block\\Adminhtml\\Category\\Helper\\Sortby\\Available',0,1,0,0,0,0,0,0,0,0,0,NULL,0,0,0,0,0,0,0,0,1,NULL,0),(65,'Magento\\Catalog\\Block\\Adminhtml\\Category\\Helper\\Sortby\\DefaultSortby',0,1,0,0,0,0,0,0,0,0,0,NULL,0,0,0,0,0,0,0,0,1,NULL,0),(66,NULL,0,1,0,0,0,0,0,0,0,0,0,NULL,0,0,0,0,0,0,0,0,1,NULL,0),(67,NULL,0,1,0,0,0,0,0,0,0,0,0,NULL,0,0,0,0,0,0,0,0,1,NULL,0),(68,NULL,0,1,0,0,0,0,0,0,0,0,0,NULL,0,0,0,0,0,0,0,0,1,NULL,0),(69,'Magento\\Catalog\\Block\\Adminhtml\\Category\\Helper\\Pricestep',0,1,0,0,0,0,0,0,0,0,0,NULL,0,0,0,0,0,0,0,0,1,NULL,0),(70,NULL,0,1,1,0,0,0,0,0,0,1,1,NULL,1,0,0,0,0,0,0,0,5,NULL,0),(71,NULL,1,1,1,0,1,0,0,0,0,0,0,NULL,1,0,0,0,0,0,0,0,6,NULL,0),(72,NULL,0,1,1,0,1,0,1,0,0,0,0,NULL,1,0,1,0,0,0,0,0,1,NULL,1),(73,NULL,0,1,1,0,1,0,1,0,0,1,0,NULL,1,0,1,0,0,1,0,0,1,NULL,0),(74,NULL,1,1,1,1,0,0,0,0,0,1,1,'simple,virtual,bundle,downloadable,configurable',1,0,0,0,0,0,0,0,1,NULL,0),(75,NULL,1,1,0,0,0,0,0,0,0,1,0,'simple,virtual,bundle,downloadable,configurable',0,0,0,0,0,1,0,1,1,NULL,0),(76,NULL,2,1,0,0,0,0,0,0,0,1,0,'simple,virtual,bundle,downloadable,configurable',0,0,0,0,0,1,0,0,1,NULL,0),(77,NULL,2,1,0,0,0,0,0,0,0,1,0,'simple,virtual,bundle,downloadable,configurable',0,0,0,0,0,1,0,0,1,NULL,0),(78,NULL,1,1,0,0,0,0,0,0,0,0,0,'simple,virtual,downloadable',0,0,0,0,0,1,0,1,1,NULL,0),(79,'Magento\\Catalog\\Block\\Adminhtml\\Product\\Helper\\Form\\Weight',1,1,0,0,0,0,0,0,0,0,0,'simple,virtual,bundle,downloadable,configurable',0,0,0,0,0,1,0,1,1,NULL,0),(80,NULL,1,1,0,1,0,0,0,0,0,0,0,'simple,virtual,bundle,downloadable,configurable',0,0,0,0,0,1,0,0,1,'{\"swatch_input_type\":\"text\",\"update_product_preview_image\":\"1\",\"use_product_image_for_swatch\":0}',0),(81,NULL,0,1,0,0,0,0,0,0,0,0,0,NULL,0,0,0,0,0,1,0,1,1,NULL,0),(82,NULL,0,1,0,0,0,0,0,0,0,0,0,NULL,0,0,0,0,0,1,0,1,1,NULL,0),(83,NULL,0,1,0,0,0,0,0,0,0,0,0,NULL,0,0,0,0,0,1,0,1,1,NULL,0),(84,NULL,0,1,0,0,0,0,0,0,0,1,0,NULL,0,0,0,0,0,0,0,0,1,NULL,0),(85,NULL,0,1,0,0,0,0,0,0,0,1,0,NULL,0,0,0,0,0,0,0,0,1,NULL,0),(86,NULL,0,1,0,0,0,0,0,0,0,1,0,NULL,0,0,0,0,0,0,0,0,1,NULL,0),(87,NULL,1,1,0,0,0,0,0,0,0,0,0,NULL,0,0,0,0,0,0,0,0,1,NULL,0),(88,NULL,1,0,0,0,0,0,0,0,0,0,0,NULL,0,0,0,0,0,0,0,0,1,NULL,0),(89,NULL,2,1,0,0,0,0,0,0,0,0,0,'simple,virtual,bundle,downloadable',0,0,0,0,0,0,0,0,1,NULL,0),(90,NULL,1,1,0,1,0,0,0,0,0,0,0,NULL,0,0,0,0,0,1,0,1,1,'{\"swatch_input_type\":\"visual\",\"update_product_preview_image\":\"1\",\"use_product_image_for_swatch\":\"1\"}',0),(91,NULL,2,1,0,0,0,0,0,0,0,1,0,NULL,0,0,0,0,0,1,0,0,1,NULL,0),(92,NULL,2,1,0,0,0,0,0,0,0,1,0,NULL,0,0,0,0,0,1,0,0,1,NULL,0),(93,NULL,1,1,0,0,0,0,0,0,0,0,0,NULL,0,0,0,0,0,0,0,0,1,NULL,0),(94,'Magento\\Framework\\Data\\Form\\Element\\Hidden',2,1,1,0,0,0,0,0,0,1,0,NULL,0,0,0,0,1,0,0,0,1,NULL,0),(95,NULL,1,0,0,0,0,0,0,0,0,0,0,'simple,virtual,bundle,downloadable,configurable',0,0,0,0,0,0,0,0,1,NULL,0),(96,NULL,0,1,0,0,0,0,0,0,0,0,0,NULL,0,0,0,0,1,0,0,0,1,NULL,0),(97,NULL,0,1,0,0,0,0,0,0,0,0,0,NULL,0,0,0,0,0,1,0,1,1,NULL,0),(98,NULL,0,1,0,0,0,0,0,0,0,0,0,NULL,0,0,0,0,0,1,0,0,1,NULL,0),(99,NULL,0,1,0,0,0,0,0,0,0,0,0,NULL,0,0,0,0,0,1,0,0,1,NULL,0),(100,NULL,0,0,0,0,0,0,0,0,0,0,0,NULL,0,0,0,0,0,0,0,0,1,NULL,0),(101,NULL,0,1,0,0,0,0,0,0,0,0,0,NULL,0,0,0,0,0,1,0,0,1,NULL,0),(102,'Magento\\Catalog\\Block\\Adminhtml\\Product\\Helper\\Form\\Category',1,1,0,0,0,0,0,0,0,0,0,NULL,0,0,0,0,0,0,0,0,1,NULL,0),(103,NULL,0,1,0,0,0,0,0,0,0,0,0,NULL,0,0,0,0,0,0,0,0,1,NULL,0),(104,NULL,1,0,0,0,0,0,0,0,0,1,0,NULL,0,0,0,0,0,0,0,0,1,NULL,0),(105,NULL,1,0,0,0,0,0,0,0,0,0,0,NULL,0,0,0,0,0,0,0,0,1,NULL,0),(106,NULL,0,0,0,0,0,0,0,0,0,1,0,NULL,0,0,0,0,0,0,0,0,1,NULL,0),(107,NULL,0,0,0,0,0,0,0,0,0,1,0,NULL,0,0,0,0,0,0,0,0,1,NULL,0),(108,NULL,0,0,0,0,0,0,0,0,0,1,0,NULL,0,0,0,0,0,0,0,0,1,NULL,0),(109,NULL,1,0,0,0,0,0,0,0,0,0,0,NULL,0,0,0,0,0,0,0,0,1,NULL,0),(110,NULL,1,0,0,0,0,0,0,0,0,0,0,NULL,0,0,0,0,0,0,0,0,1,NULL,0),(111,NULL,2,1,0,0,0,0,0,0,0,0,0,'simple,bundle,grouped,configurable',0,0,0,0,0,1,0,1,1,NULL,0),(112,'Magento\\CatalogInventory\\Block\\Adminhtml\\Form\\Field\\Stock',1,1,0,0,0,0,0,0,0,0,0,NULL,0,0,0,0,0,0,0,0,1,NULL,0),(113,NULL,0,1,1,0,0,0,0,0,0,0,0,NULL,0,0,0,0,0,0,0,0,1,NULL,0),(114,NULL,0,0,0,0,0,0,0,0,0,0,0,NULL,0,0,0,0,0,0,0,0,1,NULL,0),(115,NULL,0,1,1,0,0,0,0,0,0,1,0,NULL,0,0,0,0,0,1,0,1,1,NULL,0),(116,NULL,0,0,0,0,0,0,0,0,0,0,0,NULL,0,0,0,0,0,0,0,0,1,NULL,0),(117,'Magento\\Msrp\\Block\\Adminhtml\\Product\\Helper\\Form\\Type',1,1,0,0,0,0,0,0,0,1,0,'simple,virtual,downloadable,bundle,configurable',0,0,0,0,0,1,0,1,1,NULL,0),(118,'Magento\\Msrp\\Block\\Adminhtml\\Product\\Helper\\Form\\Type\\Price',2,1,0,0,0,0,0,0,0,1,0,'simple,virtual,downloadable,bundle,configurable',0,0,0,0,0,0,0,0,1,NULL,0),(119,NULL,1,1,0,0,0,0,0,0,0,1,0,'bundle',0,0,0,0,0,0,0,0,1,NULL,0),(120,NULL,1,1,0,0,0,0,0,0,0,0,0,'bundle',0,0,0,0,0,0,0,0,1,NULL,0),(121,NULL,1,1,0,0,0,0,0,0,0,1,0,'bundle',0,0,0,0,0,0,0,0,1,NULL,0),(122,NULL,1,1,0,0,0,0,0,0,0,1,0,'bundle',0,0,0,0,0,0,0,0,1,NULL,0),(123,NULL,1,1,0,0,0,0,0,0,0,1,0,'bundle',0,0,0,0,0,0,0,0,1,NULL,0),(124,NULL,1,0,0,0,0,0,0,0,0,1,0,'downloadable',0,0,0,0,0,0,0,0,1,NULL,0),(125,NULL,0,0,0,0,0,0,0,0,0,0,0,'downloadable',0,0,0,0,0,0,0,0,1,NULL,0),(126,NULL,0,0,0,0,0,0,0,0,0,0,0,'downloadable',0,0,0,0,0,0,0,0,1,NULL,0),(127,NULL,1,0,0,0,0,0,0,0,0,1,0,'downloadable',0,0,0,0,0,0,0,0,1,NULL,0),(128,NULL,0,1,0,0,0,0,0,0,0,1,0,NULL,0,0,0,0,0,0,0,0,1,NULL,0),(129,NULL,2,1,1,0,0,0,0,0,0,1,0,'simple,virtual,bundle,downloadable,configurable',0,0,0,0,0,1,0,1,1,NULL,0),(130,'Magento\\GiftMessage\\Block\\Adminhtml\\Product\\Helper\\Form\\Config',1,1,0,0,0,0,0,0,0,0,0,NULL,0,0,0,0,0,1,0,0,1,NULL,0),(131,NULL,0,1,0,0,0,0,0,0,0,0,0,NULL,0,0,0,0,0,0,0,0,1,NULL,0),(132,NULL,0,1,0,0,0,0,0,0,0,0,0,NULL,0,0,0,0,0,0,0,0,1,NULL,0),(133,NULL,0,1,0,0,0,0,0,0,0,0,0,NULL,0,0,0,0,0,0,0,0,1,NULL,0),(134,NULL,0,1,0,0,0,0,0,0,0,1,0,'simple,configurable,virtual,bundle,downloadable',0,0,0,0,0,0,0,0,1,NULL,0),(135,NULL,1,1,0,1,0,1,1,0,0,1,0,NULL,0,0,0,1,0,1,1,1,1,'{\"swatch_input_type\":\"text\",\"update_product_preview_image\":\"1\",\"use_product_image_for_swatch\":0}',0),(136,NULL,0,1,0,1,0,0,0,0,0,0,0,NULL,0,0,0,0,0,1,1,1,1,NULL,0),(137,NULL,1,1,0,1,0,1,1,0,0,0,0,NULL,0,0,0,1,0,1,1,1,1,NULL,0),(138,NULL,1,1,0,1,0,0,0,0,0,0,0,NULL,0,0,0,0,0,0,1,0,1,NULL,0),(142,NULL,0,1,0,0,0,0,0,0,0,0,0,NULL,0,0,0,0,0,1,0,0,1,NULL,0),(151,NULL,0,1,0,0,0,0,0,0,0,0,0,NULL,0,0,0,0,0,0,0,0,1,NULL,0),(152,NULL,0,1,0,0,0,0,0,0,0,0,0,NULL,0,0,0,0,0,0,0,0,1,NULL,0);

--
-- Table structure for table `catalog_product_bundle_option`
--

CREATE TABLE `catalog_product_bundle_option` (
  `option_id` int(10) unsigned NOT NULL AUTO_INCREMENT COMMENT 'Option ID',
  `parent_id` int(10) unsigned NOT NULL COMMENT 'Parent ID',
  `required` smallint(5) unsigned NOT NULL DEFAULT '0' COMMENT 'Required',
  `position` int(10) unsigned NOT NULL DEFAULT '0' COMMENT 'Position',
  `type` varchar(255) DEFAULT NULL COMMENT 'Type',
  PRIMARY KEY (`option_id`),
  KEY `CATALOG_PRODUCT_BUNDLE_OPTION_PARENT_ID` (`parent_id`),
  CONSTRAINT `CAT_PRD_BNDL_OPT_PARENT_ID_CAT_PRD_ENTT_ENTT_ID` FOREIGN KEY (`parent_id`) REFERENCES `catalog_product_entity` (`entity_id`) ON DELETE CASCADE
) ENGINE=InnoDB DEFAULT CHARSET=utf8 COMMENT='Catalog Product Bundle Option';

--
-- Dumping data for table `catalog_product_bundle_option`
--


--
-- Table structure for table `catalog_product_bundle_option_value`
--

CREATE TABLE `catalog_product_bundle_option_value` (
  `value_id` int(10) unsigned NOT NULL AUTO_INCREMENT COMMENT 'Value ID',
  `option_id` int(10) unsigned NOT NULL COMMENT 'Option ID',
  `parent_product_id` int(10) unsigned NOT NULL COMMENT 'Parent Product ID',
  `store_id` smallint(5) unsigned NOT NULL COMMENT 'Store ID',
  `title` varchar(255) DEFAULT NULL COMMENT 'Title',
  PRIMARY KEY (`value_id`),
  UNIQUE KEY `CAT_PRD_BNDL_OPT_VAL_OPT_ID_PARENT_PRD_ID_STORE_ID` (`option_id`,`parent_product_id`,`store_id`),
  CONSTRAINT `CAT_PRD_BNDL_OPT_VAL_OPT_ID_CAT_PRD_BNDL_OPT_OPT_ID` FOREIGN KEY (`option_id`) REFERENCES `catalog_product_bundle_option` (`option_id`) ON DELETE CASCADE
) ENGINE=InnoDB DEFAULT CHARSET=utf8 COMMENT='Catalog Product Bundle Option Value';

--
-- Dumping data for table `catalog_product_bundle_option_value`
--


--
-- Table structure for table `catalog_product_bundle_price_index`
--

CREATE TABLE `catalog_product_bundle_price_index` (
  `entity_id` int(10) unsigned NOT NULL COMMENT 'Entity ID',
  `website_id` smallint(5) unsigned NOT NULL COMMENT 'Website ID',
  `customer_group_id` int(10) unsigned NOT NULL COMMENT 'Customer Group ID',
  `min_price` decimal(20,6) NOT NULL COMMENT 'Min Price',
  `max_price` decimal(20,6) NOT NULL COMMENT 'Max Price',
  PRIMARY KEY (`entity_id`,`website_id`,`customer_group_id`),
  KEY `CATALOG_PRODUCT_BUNDLE_PRICE_INDEX_WEBSITE_ID` (`website_id`),
  KEY `CATALOG_PRODUCT_BUNDLE_PRICE_INDEX_CUSTOMER_GROUP_ID` (`customer_group_id`),
  CONSTRAINT `CAT_PRD_BNDL_PRICE_IDX_CSTR_GROUP_ID_CSTR_GROUP_CSTR_GROUP_ID` FOREIGN KEY (`customer_group_id`) REFERENCES `customer_group` (`customer_group_id`) ON DELETE CASCADE,
  CONSTRAINT `CAT_PRD_BNDL_PRICE_IDX_ENTT_ID_CAT_PRD_ENTT_ENTT_ID` FOREIGN KEY (`entity_id`) REFERENCES `catalog_product_entity` (`entity_id`) ON DELETE CASCADE,
  CONSTRAINT `CAT_PRD_BNDL_PRICE_IDX_WS_ID_STORE_WS_WS_ID` FOREIGN KEY (`website_id`) REFERENCES `store_website` (`website_id`) ON DELETE CASCADE
) ENGINE=InnoDB DEFAULT CHARSET=utf8 COMMENT='Catalog Product Bundle Price Index';

--
-- Dumping data for table `catalog_product_bundle_price_index`
--


--
-- Table structure for table `catalog_product_bundle_selection`
--

CREATE TABLE `catalog_product_bundle_selection` (
  `selection_id` int(10) unsigned NOT NULL AUTO_INCREMENT COMMENT 'Selection ID',
  `option_id` int(10) unsigned NOT NULL COMMENT 'Option ID',
  `parent_product_id` int(10) unsigned NOT NULL COMMENT 'Parent Product ID',
  `product_id` int(10) unsigned NOT NULL COMMENT 'Product ID',
  `position` int(10) unsigned NOT NULL DEFAULT '0' COMMENT 'Position',
  `is_default` smallint(5) unsigned NOT NULL DEFAULT '0' COMMENT 'Is Default',
  `selection_price_type` smallint(5) unsigned NOT NULL DEFAULT '0' COMMENT 'Selection Price Type',
  `selection_price_value` decimal(12,4) NOT NULL DEFAULT '0.0000' COMMENT 'Selection Price Value',
  `selection_qty` decimal(12,4) DEFAULT NULL COMMENT 'Selection Qty',
  `selection_can_change_qty` smallint(6) NOT NULL DEFAULT '0' COMMENT 'Selection Can Change Qty',
  PRIMARY KEY (`selection_id`),
  KEY `CATALOG_PRODUCT_BUNDLE_SELECTION_OPTION_ID` (`option_id`),
  KEY `CATALOG_PRODUCT_BUNDLE_SELECTION_PRODUCT_ID` (`product_id`),
  CONSTRAINT `CAT_PRD_BNDL_SELECTION_OPT_ID_CAT_PRD_BNDL_OPT_OPT_ID` FOREIGN KEY (`option_id`) REFERENCES `catalog_product_bundle_option` (`option_id`) ON DELETE CASCADE,
  CONSTRAINT `CAT_PRD_BNDL_SELECTION_PRD_ID_CAT_PRD_ENTT_ENTT_ID` FOREIGN KEY (`product_id`) REFERENCES `catalog_product_entity` (`entity_id`) ON DELETE CASCADE
) ENGINE=InnoDB DEFAULT CHARSET=utf8 COMMENT='Catalog Product Bundle Selection';

--
-- Dumping data for table `catalog_product_bundle_selection`
--


--
-- Table structure for table `catalog_product_bundle_selection_price`
--

CREATE TABLE `catalog_product_bundle_selection_price` (
  `selection_id` int(10) unsigned NOT NULL COMMENT 'Selection ID',
  `parent_product_id` int(10) unsigned NOT NULL COMMENT 'Parent Product ID',
  `website_id` smallint(5) unsigned NOT NULL COMMENT 'Website ID',
  `selection_price_type` smallint(5) unsigned NOT NULL DEFAULT '0' COMMENT 'Selection Price Type',
  `selection_price_value` decimal(20,6) NOT NULL DEFAULT '0.000000' COMMENT 'Selection Price Value',
  PRIMARY KEY (`selection_id`,`parent_product_id`,`website_id`),
  KEY `CATALOG_PRODUCT_BUNDLE_SELECTION_PRICE_WEBSITE_ID` (`website_id`),
  CONSTRAINT `CAT_PRD_BNDL_SELECTION_PRICE_WS_ID_STORE_WS_WS_ID` FOREIGN KEY (`website_id`) REFERENCES `store_website` (`website_id`) ON DELETE CASCADE,
  CONSTRAINT `FK_DCF37523AA05D770A70AA4ED7C2616E4` FOREIGN KEY (`selection_id`) REFERENCES `catalog_product_bundle_selection` (`selection_id`) ON DELETE CASCADE
) ENGINE=InnoDB DEFAULT CHARSET=utf8 COMMENT='Catalog Product Bundle Selection Price';

--
-- Dumping data for table `catalog_product_bundle_selection_price`
--


--
-- Table structure for table `catalog_product_bundle_stock_index`
--

CREATE TABLE `catalog_product_bundle_stock_index` (
  `entity_id` int(10) unsigned NOT NULL COMMENT 'Entity ID',
  `website_id` smallint(5) unsigned NOT NULL COMMENT 'Website ID',
  `stock_id` smallint(5) unsigned NOT NULL COMMENT 'Stock ID',
  `option_id` int(10) unsigned NOT NULL DEFAULT '0' COMMENT 'Option ID',
  `stock_status` smallint(6) DEFAULT '0' COMMENT 'Stock Status',
  PRIMARY KEY (`entity_id`,`website_id`,`stock_id`,`option_id`)
) ENGINE=InnoDB DEFAULT CHARSET=utf8 COMMENT='Catalog Product Bundle Stock Index';

--
-- Dumping data for table `catalog_product_bundle_stock_index`
--


--
-- Table structure for table `catalog_product_entity`
--

CREATE TABLE `catalog_product_entity` (
  `entity_id` int(10) unsigned NOT NULL AUTO_INCREMENT COMMENT 'Entity ID',
  `attribute_set_id` smallint(5) unsigned NOT NULL DEFAULT '0' COMMENT 'Attribute Set ID',
  `type_id` varchar(32) NOT NULL DEFAULT 'simple' COMMENT 'Type ID',
  `sku` varchar(64) DEFAULT NULL COMMENT 'SKU',
  `has_options` smallint(6) NOT NULL DEFAULT '0' COMMENT 'Has Options',
  `required_options` smallint(5) unsigned NOT NULL DEFAULT '0' COMMENT 'Required Options',
  `created_at` timestamp NOT NULL DEFAULT CURRENT_TIMESTAMP COMMENT 'Creation Time',
  `updated_at` timestamp NOT NULL DEFAULT CURRENT_TIMESTAMP ON UPDATE CURRENT_TIMESTAMP COMMENT 'Update Time',
  PRIMARY KEY (`entity_id`),
  KEY `CATALOG_PRODUCT_ENTITY_ATTRIBUTE_SET_ID` (`attribute_set_id`),
  KEY `CATALOG_PRODUCT_ENTITY_SKU` (`sku`)
) ENGINE=InnoDB AUTO_INCREMENT=317 DEFAULT CHARSET=utf8 COMMENT='Catalog Product Table';

--
-- Dumping data for table `catalog_product_entity`
--

INSERT INTO `catalog_product_entity` VALUES (147,4,'simple','1',0,0,'2022-09-10 00:37:47','2022-09-14 20:05:46'),(148,4,'simple','2',0,0,'2022-09-10 00:37:49','2022-09-14 20:05:46'),(149,4,'simple','3',0,0,'2022-09-10 00:37:49','2022-09-14 20:05:46'),(150,4,'simple','4',0,0,'2022-09-10 00:37:49','2022-09-14 20:05:46'),(151,4,'simple','5',0,0,'2022-09-10 00:37:49','2022-09-14 20:05:46'),(152,4,'simple','6',0,0,'2022-09-10 00:37:49','2022-09-14 20:05:46'),(153,4,'simple','7',0,0,'2022-09-10 00:37:49','2022-09-14 20:05:46'),(154,4,'simple','8',0,0,'2022-09-10 00:37:50','2022-09-14 20:05:46'),(155,4,'simple','9',0,0,'2022-09-10 00:37:50','2022-09-14 20:05:46'),(156,4,'simple','10',0,0,'2022-09-10 00:37:50','2022-09-14 20:05:46'),(157,4,'simple','11',0,0,'2022-09-10 00:37:50','2022-09-14 20:05:46'),(158,4,'simple','12',0,0,'2022-09-10 00:37:50','2022-09-14 20:05:46'),(159,4,'simple','13',0,0,'2022-09-10 00:37:52','2022-09-14 20:05:46'),(160,4,'simple','14',0,0,'2022-09-10 00:37:52','2022-09-14 20:05:46'),(161,4,'simple','15',0,0,'2022-09-10 00:37:52','2022-09-14 20:05:46'),(162,4,'simple','16',0,0,'2022-09-10 00:37:52','2022-09-14 20:05:46'),(163,4,'simple','17',0,0,'2022-09-10 00:37:52','2022-09-14 20:05:46'),(164,4,'simple','18',0,0,'2022-09-10 00:37:52','2022-09-14 20:05:46'),(165,4,'simple','19',0,0,'2022-09-10 00:37:52','2022-09-14 20:05:46'),(166,4,'simple','20',0,0,'2022-09-10 00:37:52','2022-09-14 20:05:46'),(167,4,'simple','21',0,0,'2022-09-10 00:37:52','2022-09-14 20:05:46'),(168,4,'simple','22',0,0,'2022-09-10 00:37:52','2022-09-14 20:05:46'),(169,4,'simple','23',0,0,'2022-09-10 00:37:52','2022-09-14 20:05:46'),(170,4,'simple','24',0,0,'2022-09-10 00:37:52','2022-09-14 20:05:46'),(171,4,'simple','25',0,0,'2022-09-10 00:37:52','2022-09-14 20:05:46'),(172,4,'simple','26',0,0,'2022-09-10 00:37:52','2022-09-14 20:05:46'),(173,4,'simple','27',0,0,'2022-09-10 00:37:52','2022-09-14 20:05:46'),(174,4,'simple','28',0,0,'2022-09-10 00:37:53','2022-09-14 20:05:46'),(175,4,'simple','29',0,0,'2022-09-10 00:37:53','2022-09-14 20:05:46'),(176,4,'simple','30',0,0,'2022-09-10 00:37:53','2022-09-14 20:05:46'),(177,4,'simple','32',0,0,'2022-09-10 00:37:53','2022-09-14 20:05:46'),(178,4,'simple','33',0,0,'2022-09-10 00:37:53','2022-09-14 20:05:46'),(179,4,'simple','35',0,0,'2022-09-10 00:37:53','2022-09-14 20:05:46'),(180,4,'simple','36',0,0,'2022-09-10 00:37:54','2022-09-14 20:05:46'),(181,4,'simple','37',0,0,'2022-09-10 00:37:54','2022-09-14 20:05:46'),(182,4,'simple','38',0,0,'2022-09-10 00:37:54','2022-09-14 20:05:46'),(183,4,'simple','40',0,0,'2022-09-10 00:37:56','2022-09-14 20:05:46'),(184,4,'simple','39',0,0,'2022-09-10 00:37:57','2022-09-14 20:05:46'),(185,4,'simple','43',0,0,'2022-09-10 00:37:57','2022-09-14 20:05:46'),(186,4,'simple','44',0,0,'2022-09-10 00:37:57','2022-09-14 20:05:46'),(187,4,'simple','46',0,0,'2022-09-10 00:37:57','2022-09-14 20:05:46'),(188,4,'simple','47',0,0,'2022-09-10 00:37:57','2022-09-14 20:05:46'),(189,4,'simple','49',0,0,'2022-09-10 00:37:57','2022-09-14 20:05:46'),(190,4,'simple','50',0,0,'2022-09-10 00:37:57','2022-09-14 20:05:46'),(191,4,'simple','51',0,0,'2022-09-10 00:37:57','2022-09-14 20:05:46'),(192,4,'simple','53',0,0,'2022-09-10 00:37:57','2022-09-14 20:05:46'),(193,4,'simple','54',0,0,'2022-09-10 00:37:57','2022-09-14 20:05:46'),(194,4,'simple','55',0,0,'2022-09-10 00:37:57','2022-09-14 20:05:46'),(195,4,'simple','56',0,0,'2022-09-10 00:37:57','2022-09-14 20:05:46'),(196,4,'simple','57',0,0,'2022-09-10 00:37:57','2022-09-14 20:05:46'),(197,4,'simple','58',0,0,'2022-09-10 00:37:57','2022-09-14 20:05:46'),(198,4,'simple','59',0,0,'2022-09-10 00:37:57','2022-09-14 20:05:46'),(199,4,'simple','60',0,0,'2022-09-10 00:37:57','2022-09-14 20:05:46'),(200,4,'simple','61',0,0,'2022-09-10 00:37:57','2022-09-14 20:05:46'),(201,4,'simple','63',0,0,'2022-09-10 00:37:57','2022-09-14 20:05:46'),(202,4,'simple','64',0,0,'2022-09-10 00:37:57','2022-09-14 20:05:46'),(203,4,'simple','65',0,0,'2022-09-10 00:37:57','2022-09-14 20:05:46'),(204,4,'simple','66',0,0,'2022-09-10 00:37:57','2022-09-14 20:05:46'),(205,4,'simple','67',0,0,'2022-09-10 00:37:57','2022-09-14 20:05:46'),(206,4,'simple','68',0,0,'2022-09-10 00:37:57','2022-09-14 20:05:46'),(207,4,'simple','69',0,0,'2022-09-10 00:37:57','2022-09-14 20:05:46'),(208,4,'simple','70',0,0,'2022-09-10 00:37:57','2022-09-14 20:05:46'),(209,4,'simple','71',0,0,'2022-09-10 00:37:57','2022-09-14 20:05:46'),(210,4,'simple','72',0,0,'2022-09-10 00:37:57','2022-09-14 20:05:46'),(211,4,'simple','73',0,0,'2022-09-10 00:37:57','2022-09-14 20:05:46'),(212,4,'simple','74',0,0,'2022-09-10 00:37:57','2022-09-14 20:05:46'),(213,4,'simple','75',0,0,'2022-09-10 00:37:57','2022-09-14 20:05:46'),(214,4,'simple','76',0,0,'2022-09-10 00:37:57','2022-09-14 20:05:46'),(215,4,'simple','77',0,0,'2022-09-10 00:37:57','2022-09-14 20:05:46'),(216,4,'simple','78',0,0,'2022-09-10 00:37:57','2022-09-14 20:05:46'),(217,4,'simple','79',0,0,'2022-09-10 00:37:57','2022-09-14 20:05:46'),(218,4,'simple','80',0,0,'2022-09-10 00:37:58','2022-09-14 20:05:46'),(219,4,'simple','82',0,0,'2022-09-10 00:37:58','2022-09-14 20:05:46'),(220,4,'simple','83',0,0,'2022-09-10 00:37:58','2022-09-14 20:05:46'),(221,4,'simple','84',0,0,'2022-09-10 00:37:58','2022-09-14 20:05:46'),(222,4,'simple','85',0,0,'2022-09-10 00:37:58','2022-09-14 20:05:46'),(223,4,'simple','86',0,0,'2022-09-10 00:37:58','2022-09-14 20:05:46'),(224,4,'simple','87',0,0,'2022-09-10 00:37:58','2022-09-14 20:05:46'),(225,4,'simple','88',0,0,'2022-09-10 00:37:58','2022-09-14 20:05:46'),(226,4,'simple','89',0,0,'2022-09-10 00:37:58','2022-09-14 20:05:46'),(227,4,'simple','90',0,0,'2022-09-10 00:37:58','2022-09-14 20:05:46'),(228,4,'simple','91',0,0,'2022-09-10 00:37:58','2022-09-14 20:05:46'),(229,4,'simple','92',0,0,'2022-09-10 00:37:58','2022-09-14 20:05:46'),(230,4,'simple','93',0,0,'2022-09-10 00:37:58','2022-09-14 20:05:46'),(231,4,'simple','94',0,0,'2022-09-10 00:37:58','2022-09-14 20:05:46'),(232,4,'simple','95',0,0,'2022-09-10 00:37:58','2022-09-14 20:05:46'),(233,4,'simple','96',0,0,'2022-09-10 00:37:58','2022-09-14 20:05:46'),(234,4,'simple','97',0,0,'2022-09-10 00:37:58','2022-09-14 20:05:46'),(235,4,'simple','98',0,0,'2022-09-10 00:38:00','2022-09-14 20:05:46'),(236,4,'simple','99',0,0,'2022-09-10 00:38:00','2022-09-14 20:05:46'),(237,4,'simple','100',0,0,'2022-09-10 00:38:00','2022-09-14 20:05:46'),(238,4,'simple','101',0,0,'2022-09-10 00:38:02','2022-09-14 20:05:46'),(239,4,'simple','102',0,0,'2022-09-10 00:38:02','2022-09-14 20:05:46'),(240,4,'simple','103',0,0,'2022-09-10 00:38:02','2022-09-14 20:05:46'),(241,4,'simple','104',0,0,'2022-09-10 00:38:02','2022-09-14 20:05:46'),(242,4,'simple','105',0,0,'2022-09-10 00:38:02','2022-09-14 20:05:46'),(243,4,'simple','106',0,0,'2022-09-10 00:38:02','2022-09-14 20:05:46'),(244,4,'simple','107',0,0,'2022-09-10 00:38:02','2022-09-14 20:05:46'),(245,4,'simple','108',0,0,'2022-09-10 00:38:03','2022-09-14 20:05:46'),(246,4,'simple','109',0,0,'2022-09-10 00:38:03','2022-09-14 20:05:46'),(247,4,'simple','110',0,0,'2022-09-10 00:38:07','2022-09-14 20:05:52'),(248,4,'simple','131',0,0,'2022-09-10 00:38:07','2022-09-14 20:05:52'),(249,4,'simple','132',0,0,'2022-09-10 00:38:07','2022-09-14 20:05:52'),(250,4,'simple','133',0,0,'2022-09-10 00:38:10','2022-09-14 20:05:52'),(251,4,'simple','134',0,0,'2022-09-10 00:38:10','2022-09-14 20:05:52'),(252,4,'simple','135',0,0,'2022-09-10 00:38:10','2022-09-14 20:05:52'),(253,4,'simple','136',0,0,'2022-09-10 00:38:10','2022-09-14 20:05:52'),(254,4,'simple','137',0,0,'2022-09-10 00:38:10','2022-09-14 20:05:52'),(255,4,'simple','138',0,0,'2022-09-10 00:38:10','2022-09-14 20:05:52'),(256,4,'simple','139',0,0,'2022-09-10 00:38:10','2022-09-14 20:05:52'),(257,4,'simple','140',0,0,'2022-09-10 00:38:10','2022-09-14 20:05:52'),(258,4,'simple','141',0,0,'2022-09-10 00:38:10','2022-09-14 20:05:52'),(259,4,'simple','142',0,0,'2022-09-10 00:38:10','2022-09-14 20:05:52'),(260,4,'simple','143',0,0,'2022-09-10 00:38:10','2022-09-14 20:05:52'),(261,4,'simple','144',0,0,'2022-09-10 00:38:10','2022-09-14 20:05:52'),(262,4,'simple','145',0,0,'2022-09-10 00:38:10','2022-09-14 20:05:52'),(263,4,'simple','146',0,0,'2022-09-10 00:38:10','2022-09-14 20:05:52'),(264,4,'simple','147',0,0,'2022-09-10 00:38:10','2022-09-14 20:05:52'),(265,4,'simple','148',0,0,'2022-09-10 00:38:10','2022-09-14 20:05:52'),(266,4,'simple','149',0,0,'2022-09-10 00:38:12','2022-09-14 20:05:52'),(267,4,'simple','111',0,0,'2022-09-10 00:38:12','2022-09-14 20:05:52'),(268,4,'simple','112',0,0,'2022-09-10 00:38:12','2022-09-14 20:05:52'),(269,4,'simple','113',0,0,'2022-09-10 00:38:12','2022-09-14 20:05:52'),(270,4,'simple','114',0,0,'2022-09-10 00:38:12','2022-09-14 20:05:52'),(271,4,'simple','115',0,0,'2022-09-10 00:38:12','2022-09-14 20:05:52'),(272,4,'simple','116',0,0,'2022-09-10 00:38:12','2022-09-14 20:05:52'),(273,4,'simple','117',0,0,'2022-09-10 00:38:12','2022-09-14 20:05:52'),(274,4,'simple','118',0,0,'2022-09-10 00:38:12','2022-09-14 20:05:52'),(275,4,'simple','119',0,0,'2022-09-10 00:38:12','2022-09-14 20:05:52'),(276,4,'simple','121',0,0,'2022-09-10 00:38:12','2022-09-14 20:05:52'),(277,4,'simple','122',0,0,'2022-09-10 00:38:12','2022-09-14 20:05:52'),(278,4,'simple','123',0,0,'2022-09-10 00:38:12','2022-09-14 20:05:52'),(279,4,'simple','124',0,0,'2022-09-10 00:38:12','2022-09-14 20:05:52'),(280,4,'simple','125',0,0,'2022-09-10 00:38:12','2022-09-14 20:05:52'),(281,4,'simple','126',0,0,'2022-09-10 00:38:12','2022-09-14 20:05:52'),(282,4,'simple','127',0,0,'2022-09-10 00:38:12','2022-09-14 20:05:52'),(283,4,'simple','128',0,0,'2022-09-10 00:38:12','2022-09-14 20:05:52'),(284,4,'simple','129',0,0,'2022-09-10 00:38:12','2022-09-14 20:05:52'),(285,4,'simple','130',0,0,'2022-09-10 00:38:12','2022-09-14 20:05:52'),(286,4,'simple','150',0,0,'2022-09-10 00:38:12','2022-09-14 20:05:52'),(287,4,'simple','151',0,0,'2022-09-10 00:38:12','2022-09-14 20:05:52'),(288,4,'simple','152',0,0,'2022-09-10 00:38:12','2022-09-14 20:05:52'),(289,4,'simple','153',0,0,'2022-09-10 00:38:12','2022-09-14 20:05:52'),(290,4,'simple','154',0,0,'2022-09-10 00:38:12','2022-09-14 20:05:52'),(291,4,'simple','155',0,0,'2022-09-10 00:38:12','2022-09-14 20:05:52'),(292,4,'simple','156',0,0,'2022-09-10 00:38:12','2022-09-14 20:05:52'),(293,4,'simple','157',0,0,'2022-09-10 00:38:12','2022-09-14 20:05:52'),(294,4,'simple','158',0,0,'2022-09-10 00:38:12','2022-09-14 20:05:52'),(295,4,'simple','159',0,0,'2022-09-10 00:38:12','2022-09-14 20:05:52'),(296,4,'simple','31',0,0,'2022-09-10 00:38:12','2022-09-14 20:05:52'),(297,4,'simple','34',0,0,'2022-09-10 00:38:12','2022-09-14 20:05:52'),(298,4,'simple','41',0,0,'2022-09-10 00:38:12','2022-09-14 20:05:52'),(299,4,'simple','160',0,0,'2022-09-10 00:38:12','2022-09-14 20:05:52'),(300,4,'simple','161',0,0,'2022-09-14 20:05:52','2022-09-17 20:31:27'),(301,4,'simple','162',0,0,'2022-09-14 20:05:56','2022-09-17 20:31:27'),(302,4,'simple','163',0,0,'2022-09-14 20:05:58','2022-09-17 20:31:27'),(303,4,'simple','164',0,0,'2022-09-14 20:05:58','2022-09-17 20:31:27'),(304,4,'simple','165',0,0,'2022-09-14 20:06:02','2022-09-17 20:31:27'),(305,4,'simple','166',0,0,'2022-09-14 20:06:02','2022-09-17 20:31:27'),(306,4,'simple','167',0,0,'2022-09-14 20:06:02','2022-09-17 20:31:27'),(307,4,'simple','168',0,0,'2022-09-14 20:06:02','2022-09-17 20:31:27'),(308,4,'simple','169',0,0,'2022-09-14 20:06:02','2022-09-17 20:31:27'),(309,4,'simple','170',0,0,'2022-09-14 20:06:06','2022-09-17 20:31:27'),(310,4,'simple','171',0,0,'2022-09-14 20:06:06','2022-09-17 20:31:27'),(311,4,'simple','172',0,0,'2022-09-14 20:06:09','2022-09-17 20:31:27'),(312,4,'simple','173',0,0,'2022-09-14 20:06:12','2022-09-17 20:31:27'),(313,4,'simple','174',0,0,'2022-09-14 20:06:12','2022-09-17 20:31:27'),(314,4,'simple','175',0,0,'2022-09-14 20:06:15','2022-09-17 20:31:27'),(315,4,'simple','176',0,0,'2022-09-14 20:06:18','2022-09-17 20:31:27'),(316,4,'simple','177',0,0,'2022-09-14 20:06:21','2022-09-17 20:31:27');

--
-- Table structure for table `catalog_product_entity_datetime`
--

CREATE TABLE `catalog_product_entity_datetime` (
  `value_id` int(11) NOT NULL AUTO_INCREMENT COMMENT 'Value ID',
  `attribute_id` smallint(5) unsigned NOT NULL DEFAULT '0' COMMENT 'Attribute ID',
  `store_id` smallint(5) unsigned NOT NULL DEFAULT '0' COMMENT 'Store ID',
  `entity_id` int(10) unsigned NOT NULL DEFAULT '0' COMMENT 'Entity ID',
  `value` datetime DEFAULT NULL COMMENT 'Value',
  PRIMARY KEY (`value_id`),
  UNIQUE KEY `CATALOG_PRODUCT_ENTITY_DATETIME_ENTITY_ID_ATTRIBUTE_ID_STORE_ID` (`entity_id`,`attribute_id`,`store_id`),
  KEY `CATALOG_PRODUCT_ENTITY_DATETIME_ATTRIBUTE_ID` (`attribute_id`),
  KEY `CATALOG_PRODUCT_ENTITY_DATETIME_STORE_ID` (`store_id`),
  CONSTRAINT `CATALOG_PRODUCT_ENTITY_DATETIME_STORE_ID_STORE_STORE_ID` FOREIGN KEY (`store_id`) REFERENCES `store` (`store_id`) ON DELETE CASCADE,
  CONSTRAINT `CAT_PRD_ENTT_DTIME_ATTR_ID_EAV_ATTR_ATTR_ID` FOREIGN KEY (`attribute_id`) REFERENCES `eav_attribute` (`attribute_id`) ON DELETE CASCADE,
  CONSTRAINT `CAT_PRD_ENTT_DTIME_ENTT_ID_CAT_PRD_ENTT_ENTT_ID` FOREIGN KEY (`entity_id`) REFERENCES `catalog_product_entity` (`entity_id`) ON DELETE CASCADE
) ENGINE=InnoDB AUTO_INCREMENT=663 DEFAULT CHARSET=utf8 COMMENT='Catalog Product Datetime Attribute Backend Table';

--
-- Dumping data for table `catalog_product_entity_datetime`
--

INSERT INTO `catalog_product_entity_datetime` VALUES (654,91,0,147,'2009-09-22 00:00:00'),(655,91,0,148,'2009-09-22 00:00:00'),(656,91,0,150,'2009-09-22 00:00:00'),(657,91,0,151,'2009-09-22 00:00:00'),(658,91,0,152,'2009-09-22 00:00:00'),(659,91,0,153,'2009-09-22 00:00:00'),(660,91,0,155,'2009-09-22 00:00:00'),(661,91,0,156,'2009-09-22 00:00:00'),(662,91,0,157,'2009-09-22 00:00:00');

--
-- Table structure for table `catalog_product_entity_decimal`
--

CREATE TABLE `catalog_product_entity_decimal` (
  `value_id` int(11) NOT NULL AUTO_INCREMENT COMMENT 'Value ID',
  `attribute_id` smallint(5) unsigned NOT NULL DEFAULT '0' COMMENT 'Attribute ID',
  `store_id` smallint(5) unsigned NOT NULL DEFAULT '0' COMMENT 'Store ID',
  `entity_id` int(10) unsigned NOT NULL DEFAULT '0' COMMENT 'Entity ID',
  `value` decimal(20,6) DEFAULT NULL COMMENT 'Value',
  PRIMARY KEY (`value_id`),
  UNIQUE KEY `CATALOG_PRODUCT_ENTITY_DECIMAL_ENTITY_ID_ATTRIBUTE_ID_STORE_ID` (`entity_id`,`attribute_id`,`store_id`),
  KEY `CATALOG_PRODUCT_ENTITY_DECIMAL_STORE_ID` (`store_id`),
  KEY `CATALOG_PRODUCT_ENTITY_DECIMAL_ATTRIBUTE_ID` (`attribute_id`),
  CONSTRAINT `CATALOG_PRODUCT_ENTITY_DECIMAL_STORE_ID_STORE_STORE_ID` FOREIGN KEY (`store_id`) REFERENCES `store` (`store_id`) ON DELETE CASCADE,
  CONSTRAINT `CAT_PRD_ENTT_DEC_ATTR_ID_EAV_ATTR_ATTR_ID` FOREIGN KEY (`attribute_id`) REFERENCES `eav_attribute` (`attribute_id`) ON DELETE CASCADE,
  CONSTRAINT `CAT_PRD_ENTT_DEC_ENTT_ID_CAT_PRD_ENTT_ENTT_ID` FOREIGN KEY (`entity_id`) REFERENCES `catalog_product_entity` (`entity_id`) ON DELETE CASCADE
) ENGINE=InnoDB AUTO_INCREMENT=1077 DEFAULT CHARSET=utf8 COMMENT='Catalog Product Decimal Attribute Backend Table';

--
-- Dumping data for table `catalog_product_entity_decimal`
--

INSERT INTO `catalog_product_entity_decimal` VALUES (501,74,0,147,10.000000),(502,74,0,148,9.000000),(503,74,0,149,7.000000),(504,74,0,150,10.000000),(505,74,0,151,9.000000),(506,74,0,152,9.000000),(507,74,0,153,11.000000),(508,74,0,154,16.000000),(509,74,0,155,16.000000),(510,74,0,156,16.000000),(511,74,0,157,16.000000),(512,74,0,158,16.000000),(513,74,0,159,16.000000),(514,74,0,160,16.000000),(515,74,0,161,16.000000),(516,74,0,162,16.000000),(517,74,0,163,16.000000),(518,74,0,164,16.000000),(519,74,0,165,16.000000),(520,74,0,166,16.000000),(521,74,0,167,12.000000),(522,74,0,168,16.000000),(523,74,0,169,16.000000),(524,74,0,170,16.000000),(525,74,0,171,16.000000),(526,74,0,172,16.000000),(527,74,0,173,16.000000),(528,74,0,174,26.000000),(529,74,0,175,26.000000),(530,74,0,176,26.000000),(531,74,0,177,10.000000),(532,74,0,178,33.000000),(533,74,0,179,11.000000),(534,74,0,180,11.000000),(535,74,0,181,16.000000),(536,74,0,182,18.000000),(537,74,0,183,39.000000),(538,74,0,184,49.000000),(539,74,0,185,18.000000),(540,74,0,186,21.000000),(541,74,0,187,27.000000),(542,74,0,188,29.000000),(543,74,0,189,31.000000),(544,74,0,190,32.000000),(545,74,0,191,32.000000),(546,74,0,192,38.000000),(547,74,0,193,32.000000),(548,74,0,194,24.000000),(549,74,0,195,30.000000),(550,74,0,196,26.000000),(551,74,0,197,32.000000),(552,74,0,198,38.000000),(553,74,0,199,42.000000),(554,74,0,200,36.000000),(555,74,0,201,30.000000),(556,74,0,202,16.000000),(557,74,0,203,39.000000),(558,74,0,204,42.000000),(559,74,0,205,30.000000),(560,74,0,206,32.000000),(561,74,0,207,26.000000),(562,74,0,208,29.000000),(563,74,0,209,49.000000),(564,74,0,210,32.000000),(565,74,0,211,42.000000),(566,74,0,212,36.000000),(567,74,0,213,30.000000),(568,74,0,214,33.000000),(569,74,0,215,29.000000),(570,74,0,216,30.000000),(571,74,0,217,21.000000),(572,74,0,218,8.000000),(573,74,0,219,10.000000),(574,74,0,220,8.000000),(575,74,0,221,7.000000),(576,74,0,222,10.000000),(577,74,0,223,8.000000),(578,74,0,224,8.000000),(579,74,0,225,5.000000),(580,74,0,226,9.000000),(581,74,0,227,9.000000),(582,74,0,228,8.000000),(583,74,0,229,9.000000),(584,74,0,230,8.000000),(585,74,0,231,8.000000),(586,74,0,232,8.000000),(587,74,0,233,7.000000),(588,74,0,234,5.000000),(589,74,0,235,7.000000),(590,74,0,236,6.000000),(591,74,0,237,6.000000),(592,74,0,238,5.000000),(593,74,0,239,6.000000),(594,74,0,240,7.000000),(595,74,0,241,6.000000),(596,74,0,242,6.000000),(597,74,0,243,10.000000),(598,74,0,244,10.000000),(599,74,0,245,9.000000),(600,74,0,246,9.000000),(601,74,0,247,13.000000),(602,74,0,248,7.000000),(603,74,0,249,6.000000),(604,74,0,250,7.000000),(605,74,0,251,12.000000),(606,74,0,252,14.000000),(607,74,0,253,11.000000),(608,74,0,254,6.000000),(609,74,0,255,7.000000),(610,74,0,256,9.000000),(611,74,0,257,9.000000),(612,74,0,258,9.000000),(613,74,0,259,6.000000),(614,74,0,260,5.000000),(615,74,0,261,7.000000),(616,74,0,262,9.000000),(617,74,0,263,11.000000),(618,74,0,264,5.000000),(619,74,0,265,9.000000),(620,74,0,266,9.000000),(621,74,0,267,9.000000),(622,74,0,268,10.000000),(623,74,0,269,8.000000),(624,74,0,270,9.000000),(625,74,0,271,8.000000),(626,74,0,272,8.000000),(627,74,0,273,7.000000),(628,74,0,274,10.000000),(629,74,0,275,12.000000),(630,74,0,276,12.000000),(631,74,0,277,11.000000),(632,74,0,278,14.000000),(633,74,0,279,13.000000),(634,74,0,280,20.000000),(635,74,0,281,10.000000),(636,74,0,282,9.000000),(637,74,0,283,12.000000),(638,74,0,284,8.000000),(639,74,0,285,8.000000),(640,74,0,286,18.000000),(641,74,0,287,20.000000),(642,74,0,288,16.000000),(643,74,0,289,7.000000),(644,74,0,290,20.000000),(645,74,0,291,15.000000),(646,74,0,292,39.000000),(647,74,0,293,45.000000),(648,74,0,294,31.000000),(649,74,0,295,16.000000),(650,74,0,296,22.000000),(651,74,0,297,32.000000),(652,74,0,298,22.000000),(653,74,0,299,26.000000),(1060,74,0,300,8.000000),(1061,74,0,301,29.000000),(1062,74,0,302,12.000000),(1063,74,0,303,12.000000),(1064,74,0,304,7.000000),(1065,74,0,305,9.000000),(1066,74,0,306,6.000000),(1067,74,0,307,8.000000),(1068,74,0,308,8.000000),(1069,74,0,309,10.000000),(1070,74,0,310,8.000000),(1071,74,0,311,7.000000),(1072,74,0,312,13.000000),(1073,74,0,313,7.000000),(1074,74,0,314,7.000000),(1075,74,0,315,31.000000),(1076,74,0,316,9.000000);

--
-- Table structure for table `catalog_product_entity_gallery`
--

CREATE TABLE `catalog_product_entity_gallery` (
  `value_id` int(11) NOT NULL AUTO_INCREMENT COMMENT 'Value ID',
  `attribute_id` smallint(5) unsigned NOT NULL DEFAULT '0' COMMENT 'Attribute ID',
  `store_id` smallint(5) unsigned NOT NULL DEFAULT '0' COMMENT 'Store ID',
  `entity_id` int(10) unsigned NOT NULL DEFAULT '0' COMMENT 'Entity ID',
  `position` int(11) NOT NULL DEFAULT '0' COMMENT 'Position',
  `value` varchar(255) DEFAULT NULL COMMENT 'Value',
  PRIMARY KEY (`value_id`),
  UNIQUE KEY `CATALOG_PRODUCT_ENTITY_GALLERY_ENTITY_ID_ATTRIBUTE_ID_STORE_ID` (`entity_id`,`attribute_id`,`store_id`),
  KEY `CATALOG_PRODUCT_ENTITY_GALLERY_ENTITY_ID` (`entity_id`),
  KEY `CATALOG_PRODUCT_ENTITY_GALLERY_ATTRIBUTE_ID` (`attribute_id`),
  KEY `CATALOG_PRODUCT_ENTITY_GALLERY_STORE_ID` (`store_id`),
  CONSTRAINT `CATALOG_PRODUCT_ENTITY_GALLERY_STORE_ID_STORE_STORE_ID` FOREIGN KEY (`store_id`) REFERENCES `store` (`store_id`) ON DELETE CASCADE,
  CONSTRAINT `CAT_PRD_ENTT_GLR_ATTR_ID_EAV_ATTR_ATTR_ID` FOREIGN KEY (`attribute_id`) REFERENCES `eav_attribute` (`attribute_id`) ON DELETE CASCADE,
  CONSTRAINT `CAT_PRD_ENTT_GLR_ENTT_ID_CAT_PRD_ENTT_ENTT_ID` FOREIGN KEY (`entity_id`) REFERENCES `catalog_product_entity` (`entity_id`) ON DELETE CASCADE
) ENGINE=InnoDB DEFAULT CHARSET=utf8 COMMENT='Catalog Product Gallery Attribute Backend Table';

--
-- Dumping data for table `catalog_product_entity_gallery`
--


--
-- Table structure for table `catalog_product_entity_int`
--

CREATE TABLE `catalog_product_entity_int` (
  `value_id` int(11) NOT NULL AUTO_INCREMENT COMMENT 'Value ID',
  `attribute_id` smallint(5) unsigned NOT NULL DEFAULT '0' COMMENT 'Attribute ID',
  `store_id` smallint(5) unsigned NOT NULL DEFAULT '0' COMMENT 'Store ID',
  `entity_id` int(10) unsigned NOT NULL DEFAULT '0' COMMENT 'Entity ID',
  `value` int(11) DEFAULT NULL COMMENT 'Value',
  PRIMARY KEY (`value_id`),
  UNIQUE KEY `CATALOG_PRODUCT_ENTITY_INT_ENTITY_ID_ATTRIBUTE_ID_STORE_ID` (`entity_id`,`attribute_id`,`store_id`),
  KEY `CATALOG_PRODUCT_ENTITY_INT_ATTRIBUTE_ID` (`attribute_id`),
  KEY `CATALOG_PRODUCT_ENTITY_INT_STORE_ID` (`store_id`),
  KEY `CATALOG_PRODUCT_ENTITY_INT_ATTRIBUTE_ID_STORE_ID_VALUE` (`attribute_id`,`store_id`,`value`),
  CONSTRAINT `CATALOG_PRODUCT_ENTITY_INT_STORE_ID_STORE_STORE_ID` FOREIGN KEY (`store_id`) REFERENCES `store` (`store_id`) ON DELETE CASCADE,
  CONSTRAINT `CAT_PRD_ENTT_INT_ATTR_ID_EAV_ATTR_ATTR_ID` FOREIGN KEY (`attribute_id`) REFERENCES `eav_attribute` (`attribute_id`) ON DELETE CASCADE,
  CONSTRAINT `CAT_PRD_ENTT_INT_ENTT_ID_CAT_PRD_ENTT_ENTT_ID` FOREIGN KEY (`entity_id`) REFERENCES `catalog_product_entity` (`entity_id`) ON DELETE CASCADE
) ENGINE=InnoDB AUTO_INCREMENT=4762 DEFAULT CHARSET=utf8 COMMENT='Catalog Product Integer Attribute Backend Table';

--
-- Dumping data for table `catalog_product_entity_int`
--

INSERT INTO `catalog_product_entity_int` VALUES (1102,80,0,147,12),(1103,90,0,147,4),(1104,94,0,147,1),(1105,112,0,147,1),(1106,129,0,147,2),(1107,135,0,147,16),(1108,96,0,147,4),(1109,80,0,148,12),(1110,90,0,148,4),(1111,94,0,148,1),(1112,112,0,148,1),(1113,129,0,148,2),(1114,135,0,148,16),(1115,96,0,148,4),(1116,80,0,149,12),(1117,90,0,149,4),(1118,94,0,149,1),(1119,112,0,149,1),(1120,129,0,149,2),(1121,135,0,149,16),(1122,96,0,149,4),(1123,80,0,150,12),(1124,90,0,150,4),(1125,94,0,150,1),(1126,112,0,150,1),(1127,129,0,150,2),(1128,135,0,150,16),(1129,96,0,150,4),(1130,80,0,151,12),(1131,90,0,151,4),(1132,94,0,151,1),(1133,112,0,151,1),(1134,129,0,151,2),(1135,135,0,151,16),(1136,96,0,151,4),(1137,80,0,152,12),(1138,90,0,152,4),(1139,94,0,152,1),(1140,112,0,152,1),(1141,129,0,152,2),(1142,135,0,152,16),(1143,96,0,152,4),(1144,80,0,153,12),(1145,90,0,153,4),(1146,94,0,153,1),(1147,112,0,153,1),(1148,129,0,153,2),(1149,135,0,153,16),(1150,96,0,153,4),(1151,80,0,154,12),(1152,90,0,154,4),(1153,94,0,154,1),(1154,112,0,154,1),(1155,129,0,154,2),(1156,135,0,154,16),(1157,96,0,154,4),(1158,80,0,155,12),(1159,90,0,155,4),(1160,94,0,155,1),(1161,112,0,155,1),(1162,129,0,155,2),(1163,135,0,155,16),(1164,96,0,155,4),(1165,80,0,156,12),(1166,90,0,156,4),(1167,94,0,156,1),(1168,112,0,156,1),(1169,129,0,156,2),(1170,135,0,156,16),(1171,96,0,156,4),(1172,80,0,157,12),(1173,90,0,157,4),(1174,94,0,157,1),(1175,112,0,157,1),(1176,129,0,157,2),(1177,135,0,157,16),(1178,96,0,157,4),(1179,80,0,158,12),(1180,90,0,158,4),(1181,94,0,158,1),(1182,112,0,158,1),(1183,129,0,158,2),(1184,135,0,158,16),(1185,96,0,158,4),(1186,80,0,159,12),(1187,90,0,159,4),(1188,94,0,159,1),(1189,112,0,159,1),(1190,129,0,159,2),(1191,135,0,159,16),(1192,96,0,159,4),(1193,80,0,160,12),(1194,90,0,160,4),(1195,94,0,160,1),(1196,112,0,160,1),(1197,129,0,160,2),(1198,135,0,160,16),(1199,96,0,160,4),(1200,80,0,161,12),(1201,90,0,161,4),(1202,94,0,161,1),(1203,112,0,161,1),(1204,129,0,161,2),(1205,135,0,161,16),(1206,96,0,161,4),(1207,80,0,162,12),(1208,90,0,162,4),(1209,94,0,162,1),(1210,112,0,162,1),(1211,129,0,162,2),(1212,135,0,162,16),(1213,96,0,162,4),(1214,80,0,163,12),(1215,90,0,163,4),(1216,94,0,163,1),(1217,112,0,163,1),(1218,129,0,163,2),(1219,135,0,163,16),(1220,96,0,163,4),(1221,80,0,164,12),(1222,90,0,164,4),(1223,94,0,164,1),(1224,112,0,164,1),(1225,129,0,164,2),(1226,135,0,164,16),(1227,96,0,164,4),(1228,80,0,165,12),(1229,90,0,165,4),(1230,94,0,165,1),(1231,112,0,165,1),(1232,129,0,165,2),(1233,135,0,165,16),(1234,96,0,165,4),(1235,80,0,166,12),(1236,90,0,166,4),(1237,94,0,166,1),(1238,112,0,166,1),(1239,129,0,166,2),(1240,135,0,166,16),(1241,96,0,166,4),(1242,80,0,167,12),(1243,90,0,167,4),(1244,94,0,167,1),(1245,112,0,167,1),(1246,129,0,167,2),(1247,135,0,167,16),(1248,96,0,167,4),(1249,80,0,168,12),(1250,90,0,168,4),(1251,94,0,168,1),(1252,112,0,168,1),(1253,129,0,168,2),(1254,135,0,168,16),(1255,96,0,168,4),(1256,80,0,169,12),(1257,90,0,169,4),(1258,94,0,169,1),(1259,112,0,169,1),(1260,129,0,169,2),(1261,135,0,169,16),(1262,96,0,169,4),(1263,80,0,170,12),(1264,90,0,170,4),(1265,94,0,170,1),(1266,112,0,170,1),(1267,129,0,170,2),(1268,135,0,170,16),(1269,96,0,170,4),(1270,80,0,171,12),(1271,90,0,171,4),(1272,94,0,171,1),(1273,112,0,171,1),(1274,129,0,171,2),(1275,135,0,171,16),(1276,96,0,171,4),(1277,80,0,172,12),(1278,90,0,172,4),(1279,94,0,172,1),(1280,112,0,172,1),(1281,129,0,172,2),(1282,135,0,172,16),(1283,96,0,172,4),(1284,80,0,173,12),(1285,90,0,173,4),(1286,94,0,173,1),(1287,112,0,173,1),(1288,129,0,173,2),(1289,135,0,173,16),(1290,96,0,173,4),(1291,80,0,174,12),(1292,90,0,174,4),(1293,94,0,174,1),(1294,112,0,174,1),(1295,129,0,174,2),(1296,135,0,174,16),(1297,96,0,174,4),(1298,80,0,175,12),(1299,90,0,175,4),(1300,94,0,175,1),(1301,112,0,175,1),(1302,129,0,175,2),(1303,135,0,175,16),(1304,96,0,175,4),(1305,80,0,176,12),(1306,90,0,176,4),(1307,94,0,176,1),(1308,112,0,176,1),(1309,129,0,176,2),(1310,135,0,176,16),(1311,96,0,176,4),(1312,80,0,177,12),(1313,90,0,177,4),(1314,94,0,177,1),(1315,112,0,177,1),(1316,129,0,177,2),(1317,135,0,177,16),(1318,96,0,177,4),(1319,80,0,178,12),(1320,90,0,178,4),(1321,94,0,178,1),(1322,112,0,178,1),(1323,129,0,178,2),(1324,135,0,178,16),(1325,96,0,178,4),(1326,80,0,179,12),(1327,90,0,179,4),(1328,94,0,179,1),(1329,112,0,179,1),(1330,129,0,179,2),(1331,135,0,179,16),(1332,96,0,179,4),(1333,80,0,180,12),(1334,90,0,180,4),(1335,94,0,180,1),(1336,112,0,180,1),(1337,129,0,180,2),(1338,135,0,180,16),(1339,96,0,180,4),(1340,80,0,181,12),(1341,90,0,181,4),(1342,94,0,181,1),(1343,112,0,181,1),(1344,129,0,181,2),(1345,135,0,181,16),(1346,96,0,181,4),(1347,80,0,182,12),(1348,90,0,182,4),(1349,94,0,182,1),(1350,112,0,182,1),(1351,129,0,182,2),(1352,135,0,182,16),(1353,96,0,182,4),(1354,80,0,183,12),(1355,90,0,183,4),(1356,94,0,183,1),(1357,112,0,183,1),(1358,129,0,183,2),(1359,135,0,183,16),(1360,96,0,183,4),(1361,80,0,184,12),(1362,90,0,184,4),(1363,94,0,184,1),(1364,112,0,184,1),(1365,129,0,184,2),(1366,135,0,184,16),(1367,96,0,184,4),(1368,80,0,185,12),(1369,90,0,185,4),(1370,94,0,185,1),(1371,112,0,185,1),(1372,129,0,185,2),(1373,135,0,185,16),(1374,96,0,185,4),(1375,80,0,186,12),(1376,90,0,186,4),(1377,94,0,186,1),(1378,112,0,186,1),(1379,129,0,186,2),(1380,135,0,186,16),(1381,96,0,186,4),(1382,80,0,187,12),(1383,90,0,187,4),(1384,94,0,187,1),(1385,112,0,187,1),(1386,129,0,187,2),(1387,135,0,187,16),(1388,96,0,187,4),(1389,80,0,188,12),(1390,90,0,188,4),(1391,94,0,188,1),(1392,112,0,188,1),(1393,129,0,188,2),(1394,135,0,188,16),(1395,96,0,188,4),(1396,80,0,189,12),(1397,90,0,189,4),(1398,94,0,189,1),(1399,112,0,189,1),(1400,129,0,189,2),(1401,135,0,189,16),(1402,96,0,189,4),(1403,80,0,190,12),(1404,90,0,190,4),(1405,94,0,190,1),(1406,112,0,190,1),(1407,129,0,190,2),(1408,135,0,190,16),(1409,96,0,190,4),(1410,80,0,191,12),(1411,90,0,191,4),(1412,94,0,191,1),(1413,112,0,191,1),(1414,129,0,191,2),(1415,135,0,191,16),(1416,96,0,191,4),(1417,80,0,192,12),(1418,90,0,192,4),(1419,94,0,192,1),(1420,112,0,192,1),(1421,129,0,192,2),(1422,135,0,192,16),(1423,96,0,192,4),(1424,80,0,193,12),(1425,90,0,193,4),(1426,94,0,193,1),(1427,112,0,193,1),(1428,129,0,193,2),(1429,135,0,193,16),(1430,96,0,193,4),(1431,80,0,194,12),(1432,90,0,194,4),(1433,94,0,194,1),(1434,112,0,194,1),(1435,129,0,194,2),(1436,135,0,194,16),(1437,96,0,194,4),(1438,80,0,195,12),(1439,90,0,195,4),(1440,94,0,195,1),(1441,112,0,195,1),(1442,129,0,195,2),(1443,135,0,195,16),(1444,96,0,195,4),(1445,80,0,196,12),(1446,90,0,196,4),(1447,94,0,196,1),(1448,112,0,196,1),(1449,129,0,196,2),(1450,135,0,196,16),(1451,96,0,196,4),(1452,80,0,197,12),(1453,90,0,197,4),(1454,94,0,197,1),(1455,112,0,197,1),(1456,129,0,197,2),(1457,135,0,197,16),(1458,96,0,197,4),(1459,80,0,198,12),(1460,90,0,198,4),(1461,94,0,198,1),(1462,112,0,198,1),(1463,129,0,198,2),(1464,135,0,198,16),(1465,96,0,198,4),(1466,80,0,199,12),(1467,90,0,199,4),(1468,94,0,199,1),(1469,112,0,199,1),(1470,129,0,199,2),(1471,135,0,199,16),(1472,96,0,199,4),(1473,80,0,200,12),(1474,90,0,200,4),(1475,94,0,200,1),(1476,112,0,200,1),(1477,129,0,200,2),(1478,135,0,200,16),(1479,96,0,200,4),(1480,80,0,201,12),(1481,90,0,201,4),(1482,94,0,201,1),(1483,112,0,201,1),(1484,129,0,201,2),(1485,135,0,201,16),(1486,96,0,201,4),(1487,80,0,202,12),(1488,90,0,202,4),(1489,94,0,202,1),(1490,112,0,202,1),(1491,129,0,202,2),(1492,135,0,202,16),(1493,96,0,202,4),(1494,80,0,203,12),(1495,90,0,203,4),(1496,94,0,203,1),(1497,112,0,203,1),(1498,129,0,203,2),(1499,135,0,203,16),(1500,96,0,203,4),(1501,80,0,204,12),(1502,90,0,204,4),(1503,94,0,204,1),(1504,112,0,204,1),(1505,129,0,204,2),(1506,135,0,204,16),(1507,96,0,204,4),(1508,80,0,205,12),(1509,90,0,205,4),(1510,94,0,205,1),(1511,112,0,205,1),(1512,129,0,205,2),(1513,135,0,205,16),(1514,96,0,205,4),(1515,80,0,206,12),(1516,90,0,206,4),(1517,94,0,206,1),(1518,112,0,206,1),(1519,129,0,206,2),(1520,135,0,206,16),(1521,96,0,206,4),(1522,80,0,207,12),(1523,90,0,207,4),(1524,94,0,207,1),(1525,112,0,207,1),(1526,129,0,207,2),(1527,135,0,207,16),(1528,96,0,207,4),(1529,80,0,208,12),(1530,90,0,208,4),(1531,94,0,208,1),(1532,112,0,208,1),(1533,129,0,208,2),(1534,135,0,208,16),(1535,96,0,208,4),(1536,80,0,209,12),(1537,90,0,209,4),(1538,94,0,209,1),(1539,112,0,209,1),(1540,129,0,209,2),(1541,135,0,209,16),(1542,96,0,209,4),(1543,80,0,210,12),(1544,90,0,210,4),(1545,94,0,210,1),(1546,112,0,210,1),(1547,129,0,210,2),(1548,135,0,210,16),(1549,96,0,210,4),(1550,80,0,211,12),(1551,90,0,211,4),(1552,94,0,211,1),(1553,112,0,211,1),(1554,129,0,211,2),(1555,135,0,211,16),(1556,96,0,211,4),(1557,80,0,212,12),(1558,90,0,212,4),(1559,94,0,212,1),(1560,112,0,212,1),(1561,129,0,212,2),(1562,135,0,212,16),(1563,96,0,212,4),(1564,80,0,213,12),(1565,90,0,213,4),(1566,94,0,213,1),(1567,112,0,213,1),(1568,129,0,213,2),(1569,135,0,213,16),(1570,96,0,213,4),(1571,80,0,214,12),(1572,90,0,214,4),(1573,94,0,214,1),(1574,112,0,214,1),(1575,129,0,214,2),(1576,135,0,214,16),(1577,96,0,214,4),(1578,80,0,215,12),(1579,90,0,215,4),(1580,94,0,215,1),(1581,112,0,215,1),(1582,129,0,215,2),(1583,135,0,215,16),(1584,96,0,215,4),(1585,80,0,216,12),(1586,90,0,216,4),(1587,94,0,216,1),(1588,112,0,216,1),(1589,129,0,216,2),(1590,135,0,216,16),(1591,96,0,216,4),(1592,80,0,217,12),(1593,90,0,217,4),(1594,94,0,217,1),(1595,112,0,217,1),(1596,129,0,217,2),(1597,135,0,217,16),(1598,96,0,217,4),(1599,80,0,218,12),(1600,90,0,218,4),(1601,94,0,218,1),(1602,112,0,218,1),(1603,129,0,218,2),(1604,135,0,218,16),(1605,96,0,218,4),(1606,80,0,219,12),(1607,90,0,219,4),(1608,94,0,219,1),(1609,112,0,219,1),(1610,129,0,219,2),(1611,135,0,219,16),(1612,96,0,219,4),(1613,80,0,220,12),(1614,90,0,220,4),(1615,94,0,220,1),(1616,112,0,220,1),(1617,129,0,220,2),(1618,135,0,220,16),(1619,96,0,220,4),(1620,80,0,221,12),(1621,90,0,221,4),(1622,94,0,221,1),(1623,112,0,221,1),(1624,129,0,221,2),(1625,135,0,221,16),(1626,96,0,221,4),(1627,80,0,222,12),(1628,90,0,222,4),(1629,94,0,222,1),(1630,112,0,222,1),(1631,129,0,222,2),(1632,135,0,222,16),(1633,96,0,222,4),(1634,80,0,223,12),(1635,90,0,223,4),(1636,94,0,223,1),(1637,112,0,223,1),(1638,129,0,223,2),(1639,135,0,223,16),(1640,96,0,223,4),(1641,80,0,224,12),(1642,90,0,224,4),(1643,94,0,224,1),(1644,112,0,224,1),(1645,129,0,224,2),(1646,135,0,224,16),(1647,96,0,224,4),(1648,80,0,225,12),(1649,90,0,225,4),(1650,94,0,225,1),(1651,112,0,225,1),(1652,129,0,225,2),(1653,135,0,225,16),(1654,96,0,225,4),(1655,80,0,226,12),(1656,90,0,226,4),(1657,94,0,226,1),(1658,112,0,226,1),(1659,129,0,226,2),(1660,135,0,226,16),(1661,96,0,226,4),(1662,80,0,227,12),(1663,90,0,227,4),(1664,94,0,227,1),(1665,112,0,227,1),(1666,129,0,227,2),(1667,135,0,227,16),(1668,96,0,227,4),(1669,80,0,228,12),(1670,90,0,228,4),(1671,94,0,228,1),(1672,112,0,228,1),(1673,129,0,228,2),(1674,135,0,228,16),(1675,96,0,228,4),(1676,80,0,229,12),(1677,90,0,229,4),(1678,94,0,229,1),(1679,112,0,229,1),(1680,129,0,229,2),(1681,135,0,229,16),(1682,96,0,229,4),(1683,80,0,230,12),(1684,90,0,230,4),(1685,94,0,230,1),(1686,112,0,230,1),(1687,129,0,230,2),(1688,135,0,230,16),(1689,96,0,230,4),(1690,80,0,231,12),(1691,90,0,231,4),(1692,94,0,231,1),(1693,112,0,231,1),(1694,129,0,231,2),(1695,135,0,231,16),(1696,96,0,231,4),(1697,80,0,232,12),(1698,90,0,232,4),(1699,94,0,232,1),(1700,112,0,232,1),(1701,129,0,232,2),(1702,135,0,232,16),(1703,96,0,232,4),(1704,80,0,233,12),(1705,90,0,233,4),(1706,94,0,233,1),(1707,112,0,233,1),(1708,129,0,233,2),(1709,135,0,233,16),(1710,96,0,233,4),(1711,80,0,234,12),(1712,90,0,234,4),(1713,94,0,234,1),(1714,112,0,234,1),(1715,129,0,234,2),(1716,135,0,234,16),(1717,96,0,234,4),(1718,80,0,235,12),(1719,90,0,235,4),(1720,94,0,235,1),(1721,112,0,235,1),(1722,129,0,235,2),(1723,135,0,235,16),(1724,96,0,235,4),(1725,80,0,236,12),(1726,90,0,236,4),(1727,94,0,236,1),(1728,112,0,236,1),(1729,129,0,236,2),(1730,135,0,236,16),(1731,96,0,236,4),(1732,80,0,237,12),(1733,90,0,237,4),(1734,94,0,237,1),(1735,112,0,237,1),(1736,129,0,237,2),(1737,135,0,237,16),(1738,96,0,237,4),(1739,80,0,238,12),(1740,90,0,238,4),(1741,94,0,238,1),(1742,112,0,238,1),(1743,129,0,238,2),(1744,135,0,238,16),(1745,96,0,238,4),(1746,80,0,239,12),(1747,90,0,239,4),(1748,94,0,239,1),(1749,112,0,239,1),(1750,129,0,239,2),(1751,135,0,239,16),(1752,96,0,239,4),(1753,80,0,240,12),(1754,90,0,240,4),(1755,94,0,240,1),(1756,112,0,240,1),(1757,129,0,240,2),(1758,135,0,240,16),(1759,96,0,240,4),(1760,80,0,241,12),(1761,90,0,241,4),(1762,94,0,241,1),(1763,112,0,241,1),(1764,129,0,241,2),(1765,135,0,241,16),(1766,96,0,241,4),(1767,80,0,242,12),(1768,90,0,242,4),(1769,94,0,242,1),(1770,112,0,242,1),(1771,129,0,242,2),(1772,135,0,242,16),(1773,96,0,242,4),(1774,80,0,243,12),(1775,90,0,243,4),(1776,94,0,243,1),(1777,112,0,243,1),(1778,129,0,243,2),(1779,135,0,243,16),(1780,96,0,243,4),(1781,80,0,244,12),(1782,90,0,244,4),(1783,94,0,244,1),(1784,112,0,244,1),(1785,129,0,244,2),(1786,135,0,244,16),(1787,96,0,244,4),(1788,80,0,245,12),(1789,90,0,245,4),(1790,94,0,245,1),(1791,112,0,245,1),(1792,129,0,245,2),(1793,135,0,245,16),(1794,96,0,245,4),(1795,80,0,246,12),(1796,90,0,246,4),(1797,94,0,246,1),(1798,112,0,246,1),(1799,129,0,246,2),(1800,135,0,246,16),(1801,96,0,246,4),(1802,80,0,247,12),(1803,90,0,247,4),(1804,94,0,247,1),(1805,112,0,247,1),(1806,129,0,247,2),(1807,135,0,247,16),(1808,96,0,247,4),(1809,80,0,248,12),(1810,90,0,248,4),(1811,94,0,248,1),(1812,112,0,248,1),(1813,129,0,248,2),(1814,135,0,248,16),(1815,96,0,248,4),(1816,80,0,249,12),(1817,90,0,249,4),(1818,94,0,249,1),(1819,112,0,249,1),(1820,129,0,249,2),(1821,135,0,249,16),(1822,96,0,249,4),(1823,80,0,250,12),(1824,90,0,250,4),(1825,94,0,250,1),(1826,112,0,250,1),(1827,129,0,250,2),(1828,135,0,250,16),(1829,96,0,250,4),(1830,80,0,251,12),(1831,90,0,251,4),(1832,94,0,251,1),(1833,112,0,251,1),(1834,129,0,251,2),(1835,135,0,251,16),(1836,96,0,251,4),(1837,80,0,252,12),(1838,90,0,252,4),(1839,94,0,252,1),(1840,112,0,252,1),(1841,129,0,252,2),(1842,135,0,252,16),(1843,96,0,252,4),(1844,80,0,253,12),(1845,90,0,253,4),(1846,94,0,253,1),(1847,112,0,253,1),(1848,129,0,253,2),(1849,135,0,253,16),(1850,96,0,253,4),(1851,80,0,254,12),(1852,90,0,254,4),(1853,94,0,254,1),(1854,112,0,254,1),(1855,129,0,254,2),(1856,135,0,254,16),(1857,96,0,254,4),(1858,80,0,255,12),(1859,90,0,255,4),(1860,94,0,255,1),(1861,112,0,255,1),(1862,129,0,255,2),(1863,135,0,255,16),(1864,96,0,255,4),(1865,80,0,256,12),(1866,90,0,256,4),(1867,94,0,256,1),(1868,112,0,256,1),(1869,129,0,256,2),(1870,135,0,256,16),(1871,96,0,256,4),(1872,80,0,257,12),(1873,90,0,257,4),(1874,94,0,257,1),(1875,112,0,257,1),(1876,129,0,257,2),(1877,135,0,257,16),(1878,96,0,257,4),(1879,80,0,258,12),(1880,90,0,258,4),(1881,94,0,258,1),(1882,112,0,258,1),(1883,129,0,258,2),(1884,135,0,258,16),(1885,96,0,258,4),(1886,80,0,259,12),(1887,90,0,259,4),(1888,94,0,259,1),(1889,112,0,259,1),(1890,129,0,259,2),(1891,135,0,259,16),(1892,96,0,259,4),(1893,80,0,260,12),(1894,90,0,260,4),(1895,94,0,260,1),(1896,112,0,260,1),(1897,129,0,260,2),(1898,135,0,260,16),(1899,96,0,260,4),(1900,80,0,261,12),(1901,90,0,261,4),(1902,94,0,261,1),(1903,112,0,261,1),(1904,129,0,261,2),(1905,135,0,261,16),(1906,96,0,261,4),(1907,80,0,262,12),(1908,90,0,262,4),(1909,94,0,262,1),(1910,112,0,262,1),(1911,129,0,262,2),(1912,135,0,262,16),(1913,96,0,262,4),(1914,80,0,263,12),(1915,90,0,263,4),(1916,94,0,263,1),(1917,112,0,263,1),(1918,129,0,263,2),(1919,135,0,263,16),(1920,96,0,263,4),(1921,80,0,264,12),(1922,90,0,264,4),(1923,94,0,264,1),(1924,112,0,264,1),(1925,129,0,264,2),(1926,135,0,264,16),(1927,96,0,264,4),(1928,80,0,265,12),(1929,90,0,265,4),(1930,94,0,265,1),(1931,112,0,265,1),(1932,129,0,265,2),(1933,135,0,265,16),(1934,96,0,265,4),(1935,80,0,266,12),(1936,90,0,266,4),(1937,94,0,266,1),(1938,112,0,266,1),(1939,129,0,266,2),(1940,135,0,266,16),(1941,96,0,266,4),(1942,80,0,267,12),(1943,90,0,267,4),(1944,94,0,267,1),(1945,112,0,267,1),(1946,129,0,267,2),(1947,135,0,267,16),(1948,96,0,267,4),(1949,80,0,268,12),(1950,90,0,268,4),(1951,94,0,268,1),(1952,112,0,268,1),(1953,129,0,268,2),(1954,135,0,268,16),(1955,96,0,268,4),(1956,80,0,269,12),(1957,90,0,269,4),(1958,94,0,269,1),(1959,112,0,269,1),(1960,129,0,269,2),(1961,135,0,269,16),(1962,96,0,269,4),(1963,80,0,270,12),(1964,90,0,270,4),(1965,94,0,270,1),(1966,112,0,270,1),(1967,129,0,270,2),(1968,135,0,270,16),(1969,96,0,270,4),(1970,80,0,271,12),(1971,90,0,271,4),(1972,94,0,271,1),(1973,112,0,271,1),(1974,129,0,271,2),(1975,135,0,271,16),(1976,96,0,271,4),(1977,80,0,272,12),(1978,90,0,272,4),(1979,94,0,272,1),(1980,112,0,272,1),(1981,129,0,272,2),(1982,135,0,272,16),(1983,96,0,272,4),(1984,80,0,273,12),(1985,90,0,273,4),(1986,94,0,273,1),(1987,112,0,273,1),(1988,129,0,273,2),(1989,135,0,273,16),(1990,96,0,273,4),(1991,80,0,274,12),(1992,90,0,274,4),(1993,94,0,274,1),(1994,112,0,274,1),(1995,129,0,274,2),(1996,135,0,274,16),(1997,96,0,274,4),(1998,80,0,275,12),(1999,90,0,275,4),(2000,94,0,275,1),(2001,112,0,275,1),(2002,129,0,275,2),(2003,135,0,275,16),(2004,96,0,275,4),(2005,80,0,276,12),(2006,90,0,276,4),(2007,94,0,276,1),(2008,112,0,276,1),(2009,129,0,276,2),(2010,135,0,276,16),(2011,96,0,276,4),(2012,80,0,277,12),(2013,90,0,277,4),(2014,94,0,277,1),(2015,112,0,277,1),(2016,129,0,277,2),(2017,135,0,277,16),(2018,96,0,277,4),(2019,80,0,278,12),(2020,90,0,278,4),(2021,94,0,278,1),(2022,112,0,278,1),(2023,129,0,278,2),(2024,135,0,278,16),(2025,96,0,278,4),(2026,80,0,279,12),(2027,90,0,279,4),(2028,94,0,279,1),(2029,112,0,279,1),(2030,129,0,279,2),(2031,135,0,279,16),(2032,96,0,279,4),(2033,80,0,280,12),(2034,90,0,280,4),(2035,94,0,280,1),(2036,112,0,280,1),(2037,129,0,280,2),(2038,135,0,280,16),(2039,96,0,280,4),(2040,80,0,281,12),(2041,90,0,281,4),(2042,94,0,281,1),(2043,112,0,281,1),(2044,129,0,281,2),(2045,135,0,281,16),(2046,96,0,281,4),(2047,80,0,282,12),(2048,90,0,282,4),(2049,94,0,282,1),(2050,112,0,282,1),(2051,129,0,282,2),(2052,135,0,282,16),(2053,96,0,282,4),(2054,80,0,283,12),(2055,90,0,283,4),(2056,94,0,283,1),(2057,112,0,283,1),(2058,129,0,283,2),(2059,135,0,283,16),(2060,96,0,283,4),(2061,80,0,284,12),(2062,90,0,284,4),(2063,94,0,284,1),(2064,112,0,284,1),(2065,129,0,284,2),(2066,135,0,284,16),(2067,96,0,284,4),(2068,80,0,285,12),(2069,90,0,285,4),(2070,94,0,285,1),(2071,112,0,285,1),(2072,129,0,285,2),(2073,135,0,285,16),(2074,96,0,285,4),(2075,80,0,286,12),(2076,90,0,286,4),(2077,94,0,286,1),(2078,112,0,286,1),(2079,129,0,286,2),(2080,135,0,286,16),(2081,96,0,286,4),(2082,80,0,287,12),(2083,90,0,287,4),(2084,94,0,287,1),(2085,112,0,287,1),(2086,129,0,287,2),(2087,135,0,287,16),(2088,96,0,287,4),(2089,80,0,288,12),(2090,90,0,288,4),(2091,94,0,288,1),(2092,112,0,288,1),(2093,129,0,288,2),(2094,135,0,288,16),(2095,96,0,288,4),(2096,80,0,289,12),(2097,90,0,289,4),(2098,94,0,289,1),(2099,112,0,289,1),(2100,129,0,289,2),(2101,135,0,289,16),(2102,96,0,289,4),(2103,80,0,290,12),(2104,90,0,290,4),(2105,94,0,290,1),(2106,112,0,290,1),(2107,129,0,290,2),(2108,135,0,290,16),(2109,96,0,290,4),(2110,80,0,291,12),(2111,90,0,291,4),(2112,94,0,291,1),(2113,112,0,291,1),(2114,129,0,291,2),(2115,135,0,291,16),(2116,96,0,291,4),(2117,80,0,292,12),(2118,90,0,292,4),(2119,94,0,292,1),(2120,112,0,292,1),(2121,129,0,292,2),(2122,135,0,292,16),(2123,96,0,292,4),(2124,80,0,293,12),(2125,90,0,293,4),(2126,94,0,293,1),(2127,112,0,293,1),(2128,129,0,293,2),(2129,135,0,293,16),(2130,96,0,293,4),(2131,80,0,294,12),(2132,90,0,294,4),(2133,94,0,294,1),(2134,112,0,294,1),(2135,129,0,294,2),(2136,135,0,294,16),(2137,96,0,294,4),(2138,80,0,295,12),(2139,90,0,295,4),(2140,94,0,295,1),(2141,112,0,295,1),(2142,129,0,295,2),(2143,135,0,295,16),(2144,96,0,295,4),(2145,80,0,296,12),(2146,90,0,296,4),(2147,94,0,296,1),(2148,112,0,296,1),(2149,129,0,296,2),(2150,134,0,296,0),(2151,135,0,296,16),(2152,96,0,296,4),(2153,80,0,297,12),(2154,90,0,297,4),(2155,94,0,297,1),(2156,112,0,297,1),(2157,129,0,297,2),(2158,134,0,297,0),(2159,135,0,297,16),(2160,96,0,297,4),(2161,80,0,298,12),(2162,90,0,298,4),(2163,94,0,298,1),(2164,112,0,298,1),(2165,129,0,298,2),(2166,134,0,298,0),(2167,135,0,298,16),(2168,96,0,298,4),(2169,80,0,299,12),(2170,90,0,299,4),(2171,94,0,299,1),(2172,112,0,299,1),(2173,129,0,299,2),(2174,134,0,299,0),(2175,135,0,299,16),(2176,96,0,299,4),(4021,134,0,147,1),(4022,134,0,148,1),(4023,134,0,149,1),(4024,134,0,150,0),(4025,134,0,151,1),(4026,134,0,152,1),(4027,134,0,153,0),(4028,134,0,154,1),(4029,134,0,155,0),(4030,134,0,156,0),(4031,134,0,157,1),(4643,80,0,300,12),(4644,90,0,300,4),(4645,94,0,300,1),(4646,112,0,300,1),(4647,129,0,300,2),(4648,135,0,300,16),(4649,96,0,300,4),(4650,80,0,301,12),(4651,90,0,301,4),(4652,94,0,301,1),(4653,112,0,301,1),(4654,129,0,301,2),(4655,135,0,301,16),(4656,96,0,301,4),(4657,80,0,302,12),(4658,90,0,302,4),(4659,94,0,302,1),(4660,112,0,302,1),(4661,129,0,302,2),(4662,135,0,302,16),(4663,96,0,302,4),(4664,80,0,303,12),(4665,90,0,303,4),(4666,94,0,303,1),(4667,112,0,303,1),(4668,129,0,303,2),(4669,135,0,303,16),(4670,96,0,303,4),(4671,80,0,304,12),(4672,90,0,304,4),(4673,94,0,304,1),(4674,112,0,304,1),(4675,129,0,304,2),(4676,135,0,304,16),(4677,96,0,304,4),(4678,80,0,305,12),(4679,90,0,305,4),(4680,94,0,305,1),(4681,112,0,305,1),(4682,129,0,305,2),(4683,135,0,305,16),(4684,96,0,305,4),(4685,80,0,306,12),(4686,90,0,306,4),(4687,94,0,306,1),(4688,112,0,306,1),(4689,129,0,306,2),(4690,135,0,306,16),(4691,96,0,306,4),(4692,80,0,307,12),(4693,90,0,307,4),(4694,94,0,307,1),(4695,112,0,307,1),(4696,129,0,307,2),(4697,135,0,307,16),(4698,96,0,307,4),(4699,80,0,308,12),(4700,90,0,308,4),(4701,94,0,308,1),(4702,112,0,308,1),(4703,129,0,308,2),(4704,135,0,308,16),(4705,96,0,308,4),(4706,80,0,309,12),(4707,90,0,309,4),(4708,94,0,309,1),(4709,112,0,309,1),(4710,129,0,309,2),(4711,135,0,309,16),(4712,96,0,309,4),(4713,80,0,310,12),(4714,90,0,310,4),(4715,94,0,310,1),(4716,112,0,310,1),(4717,129,0,310,2),(4718,135,0,310,16),(4719,96,0,310,4),(4720,80,0,311,12),(4721,90,0,311,4),(4722,94,0,311,1),(4723,112,0,311,1),(4724,129,0,311,2),(4725,135,0,311,16),(4726,96,0,311,4),(4727,80,0,312,12),(4728,90,0,312,4),(4729,94,0,312,1),(4730,112,0,312,1),(4731,129,0,312,2),(4732,135,0,312,16),(4733,96,0,312,4),(4734,80,0,313,12),(4735,90,0,313,4),(4736,94,0,313,1),(4737,112,0,313,1),(4738,129,0,313,2),(4739,135,0,313,16),(4740,96,0,313,4),(4741,80,0,314,12),(4742,90,0,314,4),(4743,94,0,314,1),(4744,112,0,314,1),(4745,129,0,314,2),(4746,135,0,314,16),(4747,96,0,314,4),(4748,80,0,315,12),(4749,90,0,315,4),(4750,94,0,315,1),(4751,112,0,315,1),(4752,129,0,315,2),(4753,135,0,315,16),(4754,96,0,315,4),(4755,80,0,316,12),(4756,90,0,316,4),(4757,94,0,316,1),(4758,112,0,316,1),(4759,129,0,316,2),(4760,135,0,316,16),(4761,96,0,316,4);

--
-- Table structure for table `catalog_product_entity_media_gallery`
--

CREATE TABLE `catalog_product_entity_media_gallery` (
  `value_id` int(10) unsigned NOT NULL AUTO_INCREMENT COMMENT 'Value ID',
  `attribute_id` smallint(5) unsigned NOT NULL DEFAULT '0' COMMENT 'Attribute ID',
  `value` varchar(255) DEFAULT NULL COMMENT 'Value',
  `media_type` varchar(32) NOT NULL DEFAULT 'image' COMMENT 'Media entry type',
  `disabled` smallint(5) unsigned NOT NULL DEFAULT '0' COMMENT 'Visibility status',
  PRIMARY KEY (`value_id`),
  KEY `CATALOG_PRODUCT_ENTITY_MEDIA_GALLERY_ATTRIBUTE_ID` (`attribute_id`),
  CONSTRAINT `CAT_PRD_ENTT_MDA_GLR_ATTR_ID_EAV_ATTR_ATTR_ID` FOREIGN KEY (`attribute_id`) REFERENCES `eav_attribute` (`attribute_id`) ON DELETE CASCADE
) ENGINE=InnoDB AUTO_INCREMENT=595 DEFAULT CHARSET=utf8 COMMENT='Catalog Product Media Gallery Attribute Backend Table';

--
-- Dumping data for table `catalog_product_entity_media_gallery`
--

INSERT INTO `catalog_product_entity_media_gallery` VALUES (1,87,'/m/2/m23.jpg','image',0),(2,87,'/m/2/m22.jpg','image',0),(3,87,'/m/2/m23_1.jpg','image',0),(4,87,'/m/2/m24.jpg','image',0),(5,87,'/2/6/26.jpg','image',0),(6,87,'/3/5/35.jpg','image',0),(7,87,'/0/7/07_1.jpg','image',0),(9,87,'/3/4/34_1.jpg','image',0),(15,87,'/1/6/16_1.jpg','image',0),(16,87,'/1/6/16_2.jpg','image',0),(17,87,'/1/6/16_3.jpg','image',0),(18,87,'/1/6/16_4.jpg','image',0),(19,87,'/9/1/91.jpg','image',0),(20,87,'/9/2/92.jpg','image',0),(21,87,'/9/3/93.jpg','image',0),(22,87,'/9/4/94.jpg','image',0),(24,87,'/i/m/image21xxl_1.jpg','image',0),(25,87,'/i/m/image31xxl_1.jpg','image',0),(26,87,'/i/m/image41xxl_1.jpg','image',0),(27,87,'/7/1/71_1.jpg','image',0),(28,87,'/m/9/m9.jpg','image',0),(29,87,'/m/1/m10.jpg','image',0),(30,87,'/m/1/m11.jpg','image',0),(31,87,'/m/1/m12.jpg','image',0),(32,87,'/m/1/m13.jpg','image',0),(33,87,'/m/1/m14.jpg','image',0),(34,87,'/m/1/m15.jpg','image',0),(35,87,'/m/1/m16.jpg','image',0),(36,87,'/m/9/m9_1.jpg','image',0),(38,87,'/m/1/m11_1.jpg','image',0),(39,87,'/m/1/m12_1.jpg','image',0),(40,87,'/m/1/m13_1.jpg','image',0),(41,87,'/m/1/m14_1.jpg','image',0),(42,87,'/m/1/m15_1.jpg','image',0),(43,87,'/m/1/m16_1.jpg','image',0),(52,87,'/5/1/51.jpg','image',0),(53,87,'/5/2/52.jpg','image',0),(54,87,'/5/3/53.jpg','image',0),(55,87,'/5/4/54.jpg','image',0),(56,87,'/6/1/61.jpg','image',0),(57,87,'/6/2/62.jpg','image',0),(58,87,'/6/3/63.jpg','image',0),(59,87,'/6/4/64.jpg','image',0),(60,87,'/a/1/a1.jpg','image',0),(61,87,'/a/2/a2.jpg','image',0),(62,87,'/a/3/a3.jpg','image',0),(63,87,'/a/4/a4.jpg','image',0),(64,87,'/g/_/g_1.jpg','image',0),(65,87,'/g/1/g1.jpg','image',0),(66,87,'/m/j/mj01-orange_main.jpg','image',0),(67,87,'/m/j/mj01-orange_main_1.jpg','image',0),(68,87,'/m/j/mj01-orange_main_2.jpg','image',0),(69,87,'/m/j/mj01-orange_main_3.jpg','image',0),(70,87,'/m/j/mj01-orange_main_4.jpg','image',0),(71,87,'/m/j/mj01-yellow_main_1.jpg','image',0),(72,87,'/m/j/mj01-yellow_main_2.jpg','image',0),(73,87,'/m/j/mj01-yellow_main_3.jpg','image',0),(74,87,'/m/j/mj01-yellow_main_4.jpg','image',0),(75,87,'/m/j/mj01-yellow_main_5.jpg','image',0),(76,87,'/m/j/mj01-red_main.jpg','image',0),(77,87,'/m/j/mj01-red_main_1.jpg','image',0),(78,87,'/m/j/mj01-red_main_2.jpg','image',0),(79,87,'/m/j/mj01-red_main_3.jpg','image',0),(80,87,'/m/j/mj01-red_main_4.jpg','image',0),(81,87,'/m/j/mj01-yellow_main.jpg','image',0),(82,87,'/m/j/mj01-yellow_back.jpg','image',0),(83,87,'/m/j/mj01-yellow_alt1.jpg','image',0),(84,87,'/w/j/wj11-blue_main.jpg','image',0),(85,87,'/w/j/wj11-blue_main_1.jpg','image',0),(86,87,'/w/j/wj11-blue_main_2.jpg','image',0),(87,87,'/w/j/wj11-blue_main_3.jpg','image',0),(88,87,'/w/j/wj11-blue_main_4.jpg','image',0),(89,87,'/w/j/wj11-black_main.jpg','image',0),(90,87,'/w/j/wj11-black_main_1.jpg','image',0),(91,87,'/w/j/wj11-black_main_2.jpg','image',0),(92,87,'/w/j/wj11-black_main_3.jpg','image',0),(93,87,'/w/j/wj11-black_main_4.jpg','image',0),(94,87,'/w/j/wj11-orange_main.jpg','image',0),(95,87,'/w/j/wj11-orange_main_1.jpg','image',0),(96,87,'/w/j/wj11-orange_main_2.jpg','image',0),(97,87,'/w/j/wj11-orange_main_3.jpg','image',0),(98,87,'/w/j/wj11-orange_main_4.jpg','image',0),(99,87,'/w/j/wj11-black_main_5.jpg','image',0),(100,87,'/w/j/wj11-blue_main_5.jpg','image',0),(101,87,'/w/j/wj11-blue_back.jpg','image',0),(102,87,'/w/j/wj11-blue_alt1.jpg','image',0),(103,87,'/m/h/mh13-blue_main_1.jpg','image',0),(104,87,'/m/h/mh13-blue_main_2.jpg','image',0),(105,87,'/m/h/mh13-blue_main_3.jpg','image',0),(106,87,'/m/h/mh13-blue_main_4.jpg','image',0),(107,87,'/m/h/mh13-blue_main_5.jpg','image',0),(108,87,'/m/h/mh13-green_main.jpg','image',0),(109,87,'/m/h/mh13-green_main_1.jpg','image',0),(110,87,'/m/h/mh13-green_main_2.jpg','image',0),(111,87,'/m/h/mh13-green_main_3.jpg','image',0),(112,87,'/m/h/mh13-green_main_4.jpg','image',0),(113,87,'/m/j/mj01-yellow_main_6.jpg','image',0),(114,87,'/m/j/mj01-yellow_main_1_1.jpg','image',0),(115,87,'/m/j/mj01-yellow_main_2_1.jpg','image',0),(116,87,'/m/j/mj01-yellow_main_3_1.jpg','image',0),(117,87,'/m/j/mj01-yellow_main_4_1.jpg','image',0),(118,87,'/m/h/mh13-blue_alt1.jpg','image',0),(119,87,'/m/h/mh13-blue_main.jpg','image',0),(120,87,'/m/h/mh13-blue_back.jpg','image',0),(121,87,'/m/h/mh13-lavender_main.jpg','image',0),(127,87,'/i/m/image1xxl_9__1_1.jpg','image',0),(128,87,'/i/m/image1xxl_10__1.jpg','image',0),(129,87,'/i/m/image2xxl_1_1.jpg','image',0),(130,87,'/i/m/image3xxl_1_1.jpg','image',0),(131,87,'/i/m/image4xxl_1_1.jpg','image',0),(138,87,'/6/2/62_1.jpg','image',0),(139,87,'/6/3/63_1.jpg','image',0),(140,87,'/6/4/64_1.jpg','image',0),(149,87,'/g/_/g_1_1.jpg','image',0),(150,87,'/g/1/g1_1.jpg','image',0),(151,87,'/g/2/g2.jpg','image',0),(152,87,'/g/3/g3.jpg','image',0),(153,87,'/g/4/g4.jpg','image',0),(159,87,'/m/1/m17.jpg','image',0),(160,87,'/m/1/m18.jpg','image',0),(161,87,'/m/1/m19.jpg','image',0),(162,87,'/m/2/m20.jpg','image',0),(163,87,'/4/1/41.jpg','image',0),(164,87,'/4/2/42.jpg','image',0),(165,87,'/4/3/43.jpg','image',0),(166,87,'/4/4/44.jpg','image',0),(167,87,'/9/1/91_1.jpg','image',0),(168,87,'/9/2/92_1.jpg','image',0),(169,87,'/9/3/93_1.jpg','image',0),(170,87,'/9/4/94_1.jpg','image',0),(171,87,'/d/2/d2.jpg','image',0),(172,87,'/3/3/3332.jpg','image',0),(173,87,'/3/3/3333.jpg','image',0),(174,87,'/3/3/3334.jpg','image',0),(175,87,'/m/h/mh13-blue_main_1_1.jpg','image',0),(176,87,'/m/h/mh13-blue_main_2_1.jpg','image',0),(177,87,'/m/h/mh13-blue_main_3_1.jpg','image',0),(178,87,'/m/j/mj01-yellow_main_7.jpg','image',0),(179,87,'/m/j/mj01-yellow_main_1_2.jpg','image',0),(180,87,'/m/j/mj01-orange_main_5.jpg','image',0),(181,87,'/m/h/mh13-green_main_5.jpg','image',0),(182,87,'/m/h/mh13-green_main_1_1.jpg','image',0),(183,87,'/m/h/mh13-green_main_2_1.jpg','image',0),(184,87,'/m/h/mh13-blue_alt1_1.jpg','image',0),(185,87,'/m/h/mh13-blue_back_1.jpg','image',0),(186,87,'/m/h/mh13-blue_main_6.jpg','image',0),(187,87,'/m/h/mh13-lavender_main_1.jpg','image',0),(188,87,'/6/1/61_2.jpg','image',0),(189,87,'/6/2/62_2.jpg','image',0),(190,87,'/6/3/63_2.jpg','image',0),(191,87,'/6/4/64_2.jpg','image',0),(192,87,'/2/7/27_1.jpg','image',0),(194,87,'/0/7/07_1_1.jpg','image',0),(195,87,'/m/1/m13_2.jpg','image',0),(196,87,'/m/1/m14_2.jpg','image',0),(197,87,'/m/1/m15_2.jpg','image',0),(198,87,'/m/1/m16_2.jpg','image',0),(199,87,'/m/1/m17_1.jpg','image',0),(202,87,'/i/m/image122xxl.jpg','image',0),(204,87,'/m/4/m4.jpg','image',0),(205,87,'/1/1/115948552_640.jpg','external-video',0),(206,87,'/w/1/w108176_190920_ns_tt_1.jpg','image',0),(207,87,'/w/1/w108176_190920_ns_tt_2.jpg','image',0),(208,87,'/w/1/w108176_190920_ns_tt_3.jpg','image',0),(209,87,'/w/1/w108176_191001_ns_of_7.jpg','image',0),(210,87,'/w/1/w107099_190920_ns_tt_1.jpg','image',0),(211,87,'/w/1/w107099_190920_ns_tt_2.jpg','image',0),(212,87,'/w/1/w107099_190920_ns_tt_3.jpg','image',0),(213,87,'/w/1/w107099_191001_ns_of_7.jpg','image',0),(214,87,'/w/q/wq08006_1_190823.jpg','image',0),(215,87,'/w/q/wq08006_2_190823.jpg','image',0),(216,87,'/w/q/wq08006_3_190823.jpg','image',0),(217,87,'/w/q/wq08006_4_190823.jpg','image',0),(218,87,'/w/1/w106922_1.jpg','image',0),(219,87,'/w/1/w106922_2.jpg','image',0),(220,87,'/w/1/w106922_3.jpg','image',0),(221,87,'/w/q/wqcd090062_190920_ns_tt_1.jpg','image',0),(222,87,'/w/q/wqcd090062_190920_ns_tt_2.jpg','image',0),(223,87,'/w/q/wqcd090062_190920_ns_tt_3.jpg','image',0),(224,87,'/w/q/wqcd090062_190920_ns_tt_4.jpg','image',0),(225,87,'/w/k/wkc100174_191106_ns_tt_1.jpg','image',0),(226,87,'/w/k/wkc100174_191106_ns_tt_2.jpg','image',0),(227,87,'/w/k/wkc100174_191106_ns_tt_3.jpg','image',0),(228,87,'/w/1/w104619_1.jpg','image',0),(229,87,'/w/1/w104619_2.jpg','image',0),(230,87,'/w/1/w104619_3.jpg','image',0),(231,87,'/h/5/h5919c2bb2aafc.jpg','image',0),(232,87,'/h/5/h5919c2bb2df65.jpg','image',0),(233,87,'/h/5/h5919c2bb28c32.jpg','image',0),(234,87,'/h/5/h5919c2bb301a1.jpg','image',0),(235,87,'/1/0/1051197_1.jpg','image',0),(236,87,'/1/0/1051197_2.jpg','image',0),(237,87,'/1/0/1051197_3.jpg','image',0),(238,87,'/1/0/1051197_4.jpg','image',0),(239,87,'/w/1/w108176_190920_ns_tt_2_1.jpg','image',0),(240,87,'/w/1/w108176_190920_ns_tt_1_1.jpg','image',0),(241,87,'/w/1/w108176_190920_ns_tt_3_1.jpg','image',0),(242,87,'/w/q/wq08006_2_190823_1.jpg','image',0),(243,87,'/w/q/wq08006_3_190823_1.jpg','image',0),(244,87,'/w/q/wq08006_4_190823_1.jpg','image',0),(245,87,'/w/1/w106922_1_1.jpg','image',0),(246,87,'/w/1/w106922_2_1.jpg','image',0),(247,87,'/w/1/w106922_3_1.jpg','image',0),(248,87,'/w/1/w107099_190920_ns_tt_1_1.jpg','image',0),(249,87,'/w/1/w107099_190920_ns_tt_2_1.jpg','image',0),(250,87,'/w/1/w107099_190920_ns_tt_3_1.jpg','image',0),(251,87,'/w/1/w107099_191001_ns_of_7_1.jpg','image',0),(252,87,'/w/q/wqcd090062_190920_ns_tt_1_1.jpg','image',0),(253,87,'/w/q/wqcd090062_190920_ns_tt_2_1.jpg','image',0),(254,87,'/w/q/wqcd090062_190920_ns_tt_3_1.jpg','image',0),(255,87,'/w/q/wqcd090062_190920_ns_tt_4_1.jpg','image',0),(256,87,'/w/1/w104619_1_1.jpg','image',0),(257,87,'/w/1/w104619_2_1.jpg','image',0),(258,87,'/w/1/w104619_3_1.jpg','image',0),(259,87,'/1/-/1-8.jpg','image',0),(260,87,'/2/-/2-6.jpg','image',0),(261,87,'/3/-/3-2.jpg','image',0),(262,87,'/1/-/1-32.jpg','image',0),(263,87,'/2/-/2-35.jpg','image',0),(264,87,'/2/-/2-29.jpg','image',0),(265,87,'/3/-/3-3_1.jpg','image',0),(266,87,'/1/-/1-28.jpg','image',0),(267,87,'/2/-/2-31.jpg','image',0),(268,87,'/1/-/1-30.jpg','image',0),(269,87,'/2/-/2-33.jpg','image',0),(270,87,'/1/-/1-29.jpg','image',0),(271,87,'/2/-/2-32.jpg','image',0),(272,87,'/1/-/1-25.jpg','image',0),(273,87,'/2/-/2-28.jpg','image',0),(274,87,'/1/-/1-27.jpg','image',0),(275,87,'/1/-/1-33.jpg','image',0),(276,87,'/2/-/2-36.jpg','image',0),(277,87,'/3/-/3-4.jpg','image',0),(278,87,'/1/-/1-31.jpg','image',0),(279,87,'/2/-/2-34.jpg','image',0),(280,87,'/1/-/1-25_1.jpg','image',0),(281,87,'/2/-/2-28_1.jpg','image',0),(282,87,'/1/-/1-25_2.jpg','image',0),(283,87,'/2/-/2-28_2.jpg','image',0),(284,87,'/1/-/1-29_1.jpg','image',0),(285,87,'/2/-/2-32_1.jpg','image',0),(286,87,'/1/-/1-30_1.jpg','image',0),(287,87,'/2/-/2-33_1.jpg','image',0),(288,87,'/1/-/1-28_1.jpg','image',0),(289,87,'/2/-/2-31_1.jpg','image',0),(290,87,'/1/-/1-32_1.jpg','image',0),(291,87,'/2/-/2-35_1.jpg','image',0),(292,87,'/2/-/2-29_1.jpg','image',0),(293,87,'/3/-/3-3_1_1.jpg','image',0),(294,87,'/1/-/1-31_1.jpg','image',0),(295,87,'/2/-/2-34_1.jpg','image',0),(296,87,'/1/-/1-25_3.jpg','image',0),(297,87,'/2/-/2-28_3.jpg','image',0),(298,87,'/1/-/1-27_1.jpg','image',0),(299,87,'/1/-/1-33_1.jpg','image',0),(300,87,'/2/-/2-36_1.jpg','image',0),(301,87,'/3/-/3-4_1.jpg','image',0),(302,87,'/2/-/2-29_1_1.jpg','image',0),(303,87,'/3/-/3-3_1_1_1.jpg','image',0),(304,87,'/1/-/1-30_1_1.jpg','image',0),(305,87,'/2/-/2-33_1_1.jpg','image',0),(306,87,'/1/-/1-25_1_1.jpg','image',0),(307,87,'/2/-/2-28_1_1.jpg','image',0),(308,87,'/1/-/1-29_2.jpg','image',0),(309,87,'/2/-/2-32_2.jpg','image',0),(310,87,'/1/-/1-8_1.jpg','image',0),(311,87,'/2/-/2-6_1.jpg','image',0),(312,87,'/3/-/3-2_1.jpg','image',0),(313,87,'/1/-/1-31_2.jpg','image',0),(314,87,'/2/-/2-34_2.jpg','image',0),(315,87,'/1/-/1-30_1_2.jpg','image',0),(316,87,'/2/-/2-33_1_2.jpg','image',0),(317,87,'/1/-/1-28_2.jpg','image',0),(318,87,'/2/-/2-31_2.jpg','image',0),(319,87,'/2/-/2-29_1_2.jpg','image',0),(320,87,'/3/-/3-3_2.jpg','image',0),(321,87,'/1/-/1-19.jpg','image',0),(322,87,'/2/-/2-22.jpg','image',0),(323,87,'/1/-/1-15.jpg','image',0),(324,87,'/2/-/2-18.jpg','image',0),(325,87,'/1/-/1-16.jpg','image',0),(326,87,'/2/-/2-19.jpg','image',0),(327,87,'/1/-/1-22.jpg','image',0),(328,87,'/2/-/2-25.jpg','image',0),(329,87,'/1/-/1-21.jpg','image',0),(330,87,'/2/-/2-24.jpg','image',0),(331,87,'/1/-/1-20.jpg','image',0),(332,87,'/2/-/2-23.jpg','image',0),(333,87,'/1/-/1-18.jpg','image',0),(334,87,'/2/-/2-21.jpg','image',0),(335,87,'/1/-/1-24.jpg','image',0),(336,87,'/2/-/2-27.jpg','image',0),(337,87,'/1/-/1-23.jpg','image',0),(338,87,'/2/-/2-26.jpg','image',0),(339,87,'/1/-/1-17.jpg','image',0),(340,87,'/2/-/2-20.jpg','image',0),(341,87,'/1/-/1-17_1.jpg','image',0),(342,87,'/2/-/2-20_1_1.jpg','image',0),(343,87,'/1/-/1-20_1.jpg','image',0),(344,87,'/2/-/2-23_1.jpg','image',0),(345,87,'/1/-/1-18_1.jpg','image',0),(346,87,'/2/-/2-21_1.jpg','image',0),(347,87,'/1/-/1-24_1.jpg','image',0),(348,87,'/2/-/2-27_1_1.jpg','image',0),(349,87,'/1/-/1-21_1.jpg','image',0),(350,87,'/2/-/2-24_1.jpg','image',0),(351,87,'/1/-/1-22_1.jpg','image',0),(352,87,'/2/-/2-25_1.jpg','image',0),(353,87,'/2/-/2-26_1.jpg','image',0),(354,87,'/2/-/2-20_1.jpg','image',0),(355,87,'/2/-/2-27_1.jpg','image',0),(356,87,'/1/-/1-16_1.jpg','image',0),(357,87,'/2/-/2-19_1.jpg','image',0),(358,87,'/1/-/1-15_1.jpg','image',0),(359,87,'/2/-/2-18_1.jpg','image',0),(360,87,'/1/-/1-22_1_1.jpg','image',0),(361,87,'/2/-/2-25_1_1.jpg','image',0),(362,87,'/1/-/1-21_1_1.jpg','image',0),(363,87,'/2/-/2-24_1_1.jpg','image',0),(364,87,'/1/-/1-48.jpg','image',0),(365,87,'/2/-/2-51.jpg','image',0),(366,87,'/3/-/3-16.jpg','image',0),(367,87,'/4/-/4-4.jpg','image',0),(368,87,'/1/-/1-49.jpg','image',0),(369,87,'/2/-/2-52.jpg','image',0),(370,87,'/3/-/3-17.jpg','image',0),(371,87,'/4/-/4-5.jpg','image',0),(372,87,'/1/-/1-51.jpg','image',0),(373,87,'/2/-/2-54.jpg','image',0),(374,87,'/3/-/3-19.jpg','image',0),(375,87,'/4/-/4-7.jpg','image',0),(376,87,'/1/-/1-46.jpg','image',0),(377,87,'/2/-/2-49.jpg','image',0),(378,87,'/3/-/3-14.jpg','image',0),(379,87,'/4/-/4-2.jpg','image',0),(380,87,'/1/-/1-47.jpg','image',0),(381,87,'/2/-/2-50.jpg','image',0),(382,87,'/3/-/3-15.jpg','image',0),(383,87,'/4/-/4-3.jpg','image',0),(384,87,'/1/-/1-45.jpg','image',0),(385,87,'/2/-/2-48.jpg','image',0),(386,87,'/3/-/3-13.jpg','image',0),(387,87,'/4/-/4-1.jpg','image',0),(388,87,'/5/-/5-1.jpg','image',0),(389,87,'/1/-/1-52.jpg','image',0),(390,87,'/2/-/2-55.jpg','image',0),(391,87,'/1/-/1-53.jpg','image',0),(392,87,'/2/-/2-56.jpg','image',0),(393,87,'/3/-/3-20.jpg','image',0),(394,87,'/4/-/4-8.jpg','image',0),(395,87,'/1/-/1-12.jpg','image',0),(396,87,'/2/-/2-12.jpg','image',0),(397,87,'/3/-/3-12.jpg','image',0),(398,87,'/4/-/4-7_1.jpg','image',0),(399,87,'/1/-/1-44.jpg','image',0),(400,87,'/2/-/2-47.jpg','image',0),(401,87,'/4/_/4.jpg','image',0),(402,87,'/5/_/5.jpg','image',0),(403,87,'/1/-/1-51_1.jpg','image',0),(404,87,'/2/-/2-54_1.jpg','image',0),(405,87,'/4/-/4-7_1_1.jpg','image',0),(406,87,'/1/-/1-45_1.jpg','image',0),(407,87,'/2/-/2-48_1.jpg','image',0),(408,87,'/3/-/3-13_1.jpg','image',0),(409,87,'/5/-/5-1_1.jpg','image',0),(410,87,'/1/-/1-48_1.jpg','image',0),(411,87,'/2/-/2-51_1.jpg','image',0),(412,87,'/4/-/4-4_1.jpg','image',0),(413,87,'/1/-/1-53_1.jpg','image',0),(414,87,'/2/-/2-56_1.jpg','image',0),(415,87,'/3/-/3-20_1.jpg','image',0),(416,87,'/4/-/4-8_1.jpg','image',0),(417,87,'/1/-/1-12_1.jpg','image',0),(418,87,'/2/-/2-12_1.jpg','image',0),(419,87,'/3/-/3-12_1.jpg','image',0),(420,87,'/4/-/4-7_1_2.jpg','image',0),(421,87,'/2/-/2-54_1_1.jpg','image',0),(422,87,'/1/-/1-51_1_1.jpg','image',0),(423,87,'/3/-/3-19_1.jpg','image',0),(424,87,'/1/-/1-46_1.jpg','image',0),(425,87,'/2/-/2-49_1.jpg','image',0),(426,87,'/3/-/3-14_1.jpg','image',0),(427,87,'/1/-/1-47_1.jpg','image',0),(428,87,'/2/-/2-50_1.jpg','image',0),(429,87,'/3/-/3-15_1.jpg','image',0),(430,87,'/1/-/1-48_2.jpg','image',0),(431,87,'/1/-/1-49_1.jpg','image',0),(432,87,'/1/-/1-51_2.jpg','image',0),(433,87,'/1/-/1-45_2.jpg','image',0),(434,87,'/2/-/2-48_2.jpg','image',0),(435,87,'/3/-/3-13_2.jpg','image',0),(436,87,'/4/-/4-1_1.jpg','image',0),(445,87,'/1/_/1_1_1.jpg','image',0),(446,87,'/2/_/2_1.jpg','image',0),(447,87,'/3/_/3_1_1.jpg','image',0),(448,87,'/4/_/4_1_1.jpg','image',0),(449,87,'/5/_/5_2.jpg','image',0),(450,87,'/6/_/6_1.jpg','image',0),(451,87,'/7/_/7_1_1.jpg','image',0),(452,87,'/8/_/8_1.jpg','image',0),(453,87,'/9/_/9_1_1.jpg','image',0),(454,87,'/1/0/10_1.jpg','image',0),(455,87,'/1/1/11_1_1.jpg','image',0),(456,87,'/1/2/12_1_1.jpg','image',0),(457,87,'/1/3/13_1_1.jpg','image',0),(458,87,'/1/4/14_1_1.jpg','image',0),(459,87,'/1/5/15_1_1.jpg','image',0),(460,87,'/1/6/16_1_2.jpg','image',0),(461,87,'/1/7/17_1_1.jpg','image',0),(462,87,'/1/8/18_1_1.jpg','image',0),(463,87,'/1/9/19_1_1.jpg','image',0),(464,87,'/2/0/20_1_1.jpg','image',0),(465,87,'/2/1/21_1_1.jpg','image',0),(466,87,'/2/2/22_1_1.jpg','image',0),(467,87,'/2/3/23_3_1.jpg','image',0),(468,87,'/2/4/24_1_1.jpg','image',0),(469,87,'/2/5/25_2_1.jpg','image',0),(470,87,'/2/6/26_1_1.jpg','image',0),(471,87,'/2/7/27_1_2.jpg','image',0),(472,87,'/2/8/28_1_1.jpg','image',0),(473,87,'/2/9/29_1_1.jpg','image',0),(474,87,'/3/0/30_1.jpg','image',0),(475,87,'/3/2/32_1_1.jpg','image',0),(476,87,'/3/3/33_1_1.jpg','image',0),(477,87,'/3/5/35_1_1.jpg','image',0),(478,87,'/3/6/36_1_1.jpg','image',0),(479,87,'/3/7/37_1_1.jpg','image',0),(480,87,'/3/8/38_1.jpg','image',0),(481,87,'/4/0/40_1_1.jpg','image',0),(482,87,'/3/9/39_1_1.jpg','image',0),(483,87,'/4/3/43_1_1.jpg','image',0),(484,87,'/4/4/44_1_1.jpg','image',0),(485,87,'/4/6/46_1_1.jpg','image',0),(486,87,'/4/7/47_1_1.jpg','image',0),(487,87,'/4/9/49_1_1.jpg','image',0),(488,87,'/5/0/50_1_1.jpg','image',0),(489,87,'/5/1/51_1_1.jpg','image',0),(490,87,'/5/3/53_1_1.jpg','image',0),(491,87,'/5/4/54_1_1.jpg','image',0),(492,87,'/5/5/55_1_1.jpg','image',0),(493,87,'/5/6/56_1_1.jpg','image',0),(494,87,'/5/7/57_1_1.jpg','image',0),(495,87,'/5/8/58_1_1.jpg','image',0),(496,87,'/5/9/59_1_1.jpg','image',0),(497,87,'/6/0/60_1_1.jpg','image',0),(498,87,'/6/1/61_1_1.jpg','image',0),(499,87,'/6/3/63_1_2.jpg','image',0),(500,87,'/6/4/64_4.jpg','image',0),(501,87,'/6/5/65_1_1.jpg','image',0),(502,87,'/6/6/66_1_1.jpg','image',0),(503,87,'/6/7/67_1_1.jpg','image',0),(504,87,'/6/8/68_1_1.jpg','image',0),(505,87,'/6/9/69_1_1.jpg','image',0),(506,87,'/7/0/70_1_1.jpg','image',0),(507,87,'/7/1/71_1_2.jpg','image',0),(508,87,'/7/2/72_1_1.jpg','image',0),(509,87,'/7/3/73_1_1.jpg','image',0),(510,87,'/7/4/74_1_1.jpg','image',0),(511,87,'/7/5/75_1_1.jpg','image',0),(512,87,'/7/6/76_1_1.jpg','image',0),(513,87,'/7/7/77_1_1.jpg','image',0),(514,87,'/7/8/78_1_1.jpg','image',0),(515,87,'/7/9/79_1_1.jpg','image',0),(516,87,'/8/0/80_1.jpg','image',0),(517,87,'/8/1/81_1_1.jpg','image',0),(518,87,'/8/3/83_1_1.jpg','image',0),(519,87,'/8/4/84_1_1.jpg','image',0),(520,87,'/8/5/85_1.jpg','image',0),(521,87,'/8/6/86_1_1.jpg','image',0),(522,87,'/8/7/87_1.jpg','image',0),(523,87,'/8/8/88_1_1.jpg','image',0),(524,87,'/8/9/89_1_1.jpg','image',0),(525,87,'/9/0/90_1_1.jpg','image',0),(526,87,'/9/1/91_1_2.jpg','image',0),(527,87,'/9/2/92_1_2.jpg','image',0),(528,87,'/9/3/93_3.jpg','image',0),(529,87,'/9/4/94_3.jpg','image',0),(530,87,'/9/5/95_1.jpg','image',0),(531,87,'/9/6/96_1_1.jpg','image',0),(532,87,'/9/8/98_1_1.jpg','image',0),(533,87,'/9/9/99_1_1.jpg','image',0),(534,87,'/1/0/100_1_1.jpg','image',0),(535,87,'/1/0/101_1_1.jpg','image',0),(536,87,'/1/0/102_1_1.jpg','image',0),(537,87,'/1/0/103_1_1.jpg','image',0),(538,87,'/1/0/104_1_1.jpg','image',0),(539,87,'/1/0/105_1_1.jpg','image',0),(540,87,'/1/0/106_1_1.jpg','image',0),(541,87,'/1/0/107_1_1.jpg','image',0),(542,87,'/1/0/108_1_1.jpg','image',0),(543,87,'/1/0/109_1_1.jpg','image',0),(544,87,'/1/1/110_1_1.jpg','image',0),(545,87,'/1/3/131_1_1.jpg','image',0),(546,87,'/1/3/132_1_1.jpg','image',0),(547,87,'/1/3/133_1_1.jpg','image',0),(548,87,'/1/3/134_1_1.jpg','image',0),(549,87,'/1/3/135_1_1.jpg','image',0),(550,87,'/1/3/136_1_1.jpg','image',0),(551,87,'/1/3/137_1_1.jpg','image',0),(552,87,'/1/3/138_1_1.jpg','image',0),(553,87,'/1/3/139_1_1.jpg','image',0),(554,87,'/1/4/140_1_1.jpg','image',0),(555,87,'/1/4/141_1_1.jpg','image',0),(556,87,'/1/4/142_1_1.jpg','image',0),(557,87,'/1/4/143_1_1.jpg','image',0),(558,87,'/1/4/144_1_1.jpg','image',0),(559,87,'/1/4/145_1_1.jpg','image',0),(560,87,'/1/4/146_1_1.jpg','image',0),(561,87,'/1/4/147_1_1.jpg','image',0),(562,87,'/1/4/148_1_1.jpg','image',0),(563,87,'/1/4/149_1_1.jpg','image',0),(564,87,'/1/1/111_1_1.jpg','image',0),(565,87,'/1/1/112_1_1.jpg','image',0),(566,87,'/1/1/113_1_1.jpg','image',0),(567,87,'/1/1/114_1_1.jpg','image',0),(568,87,'/1/1/115_1_1.jpg','image',0),(569,87,'/1/1/116_1_1.jpg','image',0),(570,87,'/1/1/117_1_1.jpg','image',0),(571,87,'/1/1/118_1_1.jpg','image',0),(572,87,'/1/1/119_1_1.jpg','image',0),(573,87,'/1/2/121_1_1.jpg','image',0),(574,87,'/1/2/122_1_1.jpg','image',0),(575,87,'/1/2/123_1_1.jpg','image',0),(576,87,'/1/2/124_1_1.jpg','image',0),(577,87,'/1/2/125_1_1.jpg','image',0),(578,87,'/1/2/126_1_1.jpg','image',0),(579,87,'/1/2/127_1_1.jpg','image',0),(580,87,'/1/2/128_1_1.jpg','image',0),(581,87,'/1/2/129_1_1.jpg','image',0),(582,87,'/1/3/130_1_1.jpg','image',0),(583,87,'/1/5/150_1_1.jpg','image',0),(584,87,'/1/5/151_1_1.jpg','image',0),(585,87,'/1/5/152_1_1.jpg','image',0),(586,87,'/1/5/153_1.jpg','image',0),(587,87,'/1/5/154_1_1.jpg','image',0),(588,87,'/1/5/155_2_1.jpg','image',0),(589,87,'/1/5/156_1_1.jpg','image',0),(590,87,'/1/5/157_1_1.jpg','image',0),(591,87,'/1/5/158_1_1.jpg','image',0),(592,87,'/3/1/31_1_1.jpg','image',0),(593,87,'/3/4/34_1_2.jpg','image',0),(594,87,'/4/1/41_1_1.jpg','image',0);

--
-- Table structure for table `catalog_product_entity_media_gallery_value`
--

CREATE TABLE `catalog_product_entity_media_gallery_value` (
  `value_id` int(10) unsigned NOT NULL DEFAULT '0' COMMENT 'Value ID',
  `store_id` smallint(5) unsigned NOT NULL DEFAULT '0' COMMENT 'Store ID',
  `entity_id` int(10) unsigned NOT NULL DEFAULT '0' COMMENT 'Entity ID',
  `label` varchar(255) DEFAULT NULL COMMENT 'Label',
  `position` int(10) unsigned DEFAULT NULL COMMENT 'Position',
  `disabled` smallint(5) unsigned NOT NULL DEFAULT '0' COMMENT 'Is Disabled',
  `record_id` int(10) unsigned NOT NULL AUTO_INCREMENT COMMENT 'Record ID',
  PRIMARY KEY (`record_id`),
  KEY `CATALOG_PRODUCT_ENTITY_MEDIA_GALLERY_VALUE_STORE_ID` (`store_id`),
  KEY `CATALOG_PRODUCT_ENTITY_MEDIA_GALLERY_VALUE_ENTITY_ID` (`entity_id`),
  KEY `CATALOG_PRODUCT_ENTITY_MEDIA_GALLERY_VALUE_VALUE_ID` (`value_id`),
  KEY `CAT_PRD_ENTT_MDA_GLR_VAL_ENTT_ID_VAL_ID_STORE_ID` (`entity_id`,`value_id`,`store_id`),
  CONSTRAINT `CAT_PRD_ENTT_MDA_GLR_VAL_ENTT_ID_CAT_PRD_ENTT_ENTT_ID` FOREIGN KEY (`entity_id`) REFERENCES `catalog_product_entity` (`entity_id`) ON DELETE CASCADE,
  CONSTRAINT `CAT_PRD_ENTT_MDA_GLR_VAL_STORE_ID_STORE_STORE_ID` FOREIGN KEY (`store_id`) REFERENCES `store` (`store_id`) ON DELETE CASCADE,
  CONSTRAINT `CAT_PRD_ENTT_MDA_GLR_VAL_VAL_ID_CAT_PRD_ENTT_MDA_GLR_VAL_ID` FOREIGN KEY (`value_id`) REFERENCES `catalog_product_entity_media_gallery` (`value_id`) ON DELETE CASCADE
) ENGINE=InnoDB AUTO_INCREMENT=1057 DEFAULT CHARSET=utf8 COMMENT='Catalog Product Media Gallery Attribute Value Table';

--
-- Dumping data for table `catalog_product_entity_media_gallery_value`
--

INSERT INTO `catalog_product_entity_media_gallery_value` VALUES (456,0,158,'12_1.JPG',1,0,907),(457,0,159,'13_1.JPG',1,0,908),(458,0,160,'14_1.JPG',1,0,909),(459,0,161,'15_1.JPG',1,0,910),(460,0,162,'16_1.JPG',1,0,911),(461,0,163,'17_1.JPG',1,0,912),(462,0,164,'18_1.JPG',1,0,913),(463,0,165,'19_1.JPG',1,0,914),(464,0,166,'20_1.JPG',1,0,915),(465,0,167,'21_1.JPG',1,0,916),(466,0,168,'22_1.JPG',1,0,917),(467,0,169,'23_3.JPG',1,0,918),(468,0,170,'24_1.JPG',1,0,919),(469,0,171,'25_2.JPG',1,0,920),(470,0,172,'26_1.JPG',1,0,921),(471,0,173,'27_1.JPG',1,0,922),(472,0,174,'28_1.JPG',1,0,923),(473,0,175,'29_1.JPG',1,0,924),(474,0,176,'30.JPG',1,0,925),(475,0,177,'32_1.JPG',1,0,926),(476,0,178,'33_1.JPG',1,0,927),(477,0,179,'35_1.JPG',1,0,928),(478,0,180,'36_1.JPG',1,0,929),(479,0,181,'37_1.JPG',1,0,930),(480,0,182,'38.JPG',1,0,931),(481,0,183,'40_1.JPG',1,0,932),(482,0,184,'39_1.JPG',1,0,933),(483,0,185,'43_1.JPG',1,0,934),(484,0,186,'44_1.JPG',1,0,935),(485,0,187,'46_1.JPG',1,0,936),(486,0,188,'47_1.JPG',1,0,937),(487,0,189,'49_1.JPG',1,0,938),(488,0,190,'50_1.JPG',1,0,939),(489,0,191,'51_1.JPG',1,0,940),(490,0,192,'53_1.JPG',1,0,941),(491,0,193,'54_1.JPG',1,0,942),(492,0,194,'55_1.JPG',1,0,943),(493,0,195,'56_1.JPG',1,0,944),(494,0,196,'57_1.JPG',1,0,945),(495,0,197,'58_1.JPG',1,0,946),(496,0,198,'59_1.JPG',1,0,947),(497,0,199,'60_1.JPG',1,0,948),(498,0,200,'61_1.JPG',1,0,949),(499,0,201,'63_1.JPG',1,0,950),(500,0,202,'64.JPG',1,0,951),(501,0,203,'65_1.JPG',1,0,952),(502,0,204,'66_1.JPG',1,0,953),(503,0,205,'67_1.JPG',1,0,954),(504,0,206,'68_1.JPG',1,0,955),(505,0,207,'69_1.JPG',1,0,956),(506,0,208,'70_1.JPG',1,0,957),(507,0,209,'71_1.JPG',1,0,958),(508,0,210,'72_1.JPG',1,0,959),(509,0,211,'73_1.JPG',1,0,960),(510,0,212,'74_1.JPG',1,0,961),(511,0,213,'75_1.JPG',1,0,962),(512,0,214,'76_1.JPG',1,0,963),(513,0,215,'77_1.JPG',1,0,964),(514,0,216,'78_1.JPG',1,0,965),(515,0,217,'79_1.JPG',1,0,966),(516,0,218,'80.JPG',1,0,967),(517,0,219,'81_1.JPG',1,0,968),(518,0,220,'83_1.JPG',1,0,969),(519,0,221,'84_1.JPG',1,0,970),(520,0,222,'85.JPG',1,0,971),(521,0,223,'86_1.JPG',1,0,972),(522,0,224,'87.JPG',1,0,973),(523,0,225,'88_1.JPG',1,0,974),(524,0,226,'89_1.JPG',1,0,975),(525,0,227,'90_1.JPG',1,0,976),(526,0,228,'91_1.JPG',1,0,977),(527,0,229,'92_1.JPG',1,0,978),(528,0,230,'93.JPG',1,0,979),(529,0,231,'94.JPG',1,0,980),(530,0,232,'95.JPG',1,0,981),(531,0,233,'96_1.JPG',1,0,982),(532,0,235,'98_1.JPG',1,0,983),(533,0,236,'99_1.JPG',1,0,984),(534,0,237,'100_1.JPG',1,0,985),(535,0,238,'101_1.JPG',1,0,986),(536,0,239,'102_1.JPG',1,0,987),(537,0,240,'103_1.JPG',1,0,988),(538,0,241,'104_1.JPG',1,0,989),(539,0,242,'105_1.JPG',1,0,990),(540,0,243,'106_1.JPG',1,0,991),(541,0,244,'107_1.JPG',1,0,992),(542,0,245,'108_1.JPG',1,0,993),(543,0,246,'109_1.JPG',1,0,994),(544,0,247,'110_1.JPG',1,0,995),(545,0,248,'131_1.JPG',1,0,996),(546,0,249,'132_1.JPG',1,0,997),(547,0,250,'133_1.JPG',1,0,998),(548,0,251,'134_1.JPG',1,0,999),(549,0,252,'135_1.JPG',1,0,1000),(550,0,253,'136_1.JPG',1,0,1001),(551,0,254,'137_1.JPG',1,0,1002),(552,0,255,'138_1.JPG',1,0,1003),(553,0,256,'139_1.JPG',1,0,1004),(554,0,257,'140_1.JPG',1,0,1005),(555,0,258,'141_1.JPG',1,0,1006),(556,0,259,'142_1.JPG',1,0,1007),(557,0,260,'143_1.JPG',1,0,1008),(558,0,261,'144_1.JPG',1,0,1009),(559,0,262,'145_1.JPG',1,0,1010),(560,0,263,'146_1.JPG',1,0,1011),(561,0,264,'147_1.JPG',1,0,1012),(562,0,265,'148_1.JPG',1,0,1013),(563,0,266,'149_1.JPG',1,0,1014),(564,0,267,'111_1.JPG',1,0,1015),(565,0,268,'112_1.JPG',1,0,1016),(566,0,269,'113_1.JPG',1,0,1017),(567,0,270,'114_1.JPG',1,0,1018),(568,0,271,'115_1.JPG',1,0,1019),(569,0,272,'116_1.JPG',1,0,1020),(570,0,273,'117_1.JPG',1,0,1021),(571,0,274,'118_1.JPG',1,0,1022),(572,0,275,'119_1.JPG',1,0,1023),(573,0,276,'121_1.JPG',1,0,1024),(574,0,277,'122_1.JPG',1,0,1025),(575,0,278,'123_1.JPG',1,0,1026),(576,0,279,'124_1.JPG',1,0,1027),(577,0,280,'125_1.JPG',1,0,1028),(578,0,281,'126_1.JPG',1,0,1029),(579,0,282,'127_1.JPG',1,0,1030),(580,0,283,'128_1.JPG',1,0,1031),(581,0,284,'129_1.JPG',1,0,1032),(582,0,285,'130_1.JPG',1,0,1033),(583,0,286,'150_1.JPG',1,0,1034),(584,0,287,'151_1.JPG',1,0,1035),(585,0,288,'152_1.JPG',1,0,1036),(586,0,289,'153.JPG',1,0,1037),(587,0,290,'154_1.JPG',1,0,1038),(588,0,291,'155_2.JPG',1,0,1039),(589,0,292,'156_1.JPG',1,0,1040),(590,0,293,'157_1.JPG',1,0,1041),(591,0,294,'158_1.JPG',1,0,1042),(592,0,296,'31_1.JPG',1,0,1043),(593,0,297,'34_1.JPG',1,0,1044),(594,0,298,'41_1.JPG',1,0,1045),(445,0,147,'1_1.JPG',1,0,1046),(446,0,148,'2.JPG',1,0,1047),(447,0,149,'3_1.JPG',1,0,1048),(448,0,150,'4_1.JPG',1,0,1049),(449,0,151,'5.JPG',1,0,1050),(450,0,152,'6.JPG',1,0,1051),(451,0,153,'7_1.JPG',1,0,1052),(452,0,154,'8.JPG',1,0,1053),(453,0,155,'9_1.JPG',1,0,1054),(454,0,156,'10.JPG',1,0,1055),(455,0,157,'11_1.JPG',1,0,1056);

--
-- Table structure for table `catalog_product_entity_media_gallery_value_to_entity`
--

CREATE TABLE `catalog_product_entity_media_gallery_value_to_entity` (
  `value_id` int(10) unsigned NOT NULL COMMENT 'Value media Entry ID',
  `entity_id` int(10) unsigned NOT NULL COMMENT 'Product Entity ID',
  PRIMARY KEY (`value_id`,`entity_id`),
  UNIQUE KEY `CAT_PRD_ENTT_MDA_GLR_VAL_TO_ENTT_VAL_ID_ENTT_ID` (`value_id`,`entity_id`),
  KEY `CAT_PRD_ENTT_MDA_GLR_VAL_TO_ENTT_ENTT_ID_CAT_PRD_ENTT_ENTT_ID` (`entity_id`),
  CONSTRAINT `CAT_PRD_ENTT_MDA_GLR_VAL_TO_ENTT_ENTT_ID_CAT_PRD_ENTT_ENTT_ID` FOREIGN KEY (`entity_id`) REFERENCES `catalog_product_entity` (`entity_id`) ON DELETE CASCADE,
  CONSTRAINT `FK_A6C6C8FAA386736921D3A7C4B50B1185` FOREIGN KEY (`value_id`) REFERENCES `catalog_product_entity_media_gallery` (`value_id`) ON DELETE CASCADE
) ENGINE=InnoDB DEFAULT CHARSET=utf8 COMMENT='Link Media value to Product entity table';

--
-- Dumping data for table `catalog_product_entity_media_gallery_value_to_entity`
--

INSERT INTO `catalog_product_entity_media_gallery_value_to_entity` VALUES (445,147),(446,148),(447,149),(448,150),(449,151),(450,152),(451,153),(452,154),(453,155),(454,156),(455,157),(456,158),(457,159),(458,160),(459,161),(460,162),(461,163),(462,164),(463,165),(464,166),(465,167),(466,168),(467,169),(468,170),(469,171),(470,172),(471,173),(472,174),(473,175),(474,176),(475,177),(476,178),(477,179),(478,180),(479,181),(480,182),(481,183),(482,184),(483,185),(484,186),(485,187),(486,188),(487,189),(488,190),(489,191),(490,192),(491,193),(492,194),(493,195),(494,196),(495,197),(496,198),(497,199),(498,200),(499,201),(500,202),(501,203),(502,204),(503,205),(504,206),(505,207),(506,208),(507,209),(508,210),(509,211),(510,212),(511,213),(512,214),(513,215),(514,216),(515,217),(516,218),(517,219),(518,220),(519,221),(520,222),(521,223),(522,224),(523,225),(524,226),(525,227),(526,228),(527,229),(528,230),(529,231),(530,232),(531,233),(532,235),(533,236),(534,237),(535,238),(536,239),(537,240),(538,241),(539,242),(540,243),(541,244),(542,245),(543,246),(544,247),(545,248),(546,249),(547,250),(548,251),(549,252),(550,253),(551,254),(552,255),(553,256),(554,257),(555,258),(556,259),(557,260),(558,261),(559,262),(560,263),(561,264),(562,265),(563,266),(564,267),(565,268),(566,269),(567,270),(568,271),(569,272),(570,273),(571,274),(572,275),(573,276),(574,277),(575,278),(576,279),(577,280),(578,281),(579,282),(580,283),(581,284),(582,285),(583,286),(584,287),(585,288),(586,289),(587,290),(588,291),(589,292),(590,293),(591,294),(592,296),(593,297),(594,298);

--
-- Table structure for table `catalog_product_entity_media_gallery_value_video`
--

CREATE TABLE `catalog_product_entity_media_gallery_value_video` (
  `value_id` int(10) unsigned NOT NULL COMMENT 'Media Entity ID',
  `store_id` smallint(5) unsigned NOT NULL DEFAULT '0' COMMENT 'Store ID',
  `provider` varchar(32) DEFAULT NULL COMMENT 'Video provider ID',
  `url` text COMMENT 'Video URL',
  `title` varchar(255) DEFAULT NULL COMMENT 'Title',
  `description` text COMMENT 'Page Meta Description',
  `metadata` text COMMENT 'Video meta data',
  PRIMARY KEY (`value_id`,`store_id`),
  UNIQUE KEY `CAT_PRD_ENTT_MDA_GLR_VAL_VIDEO_VAL_ID_STORE_ID` (`value_id`,`store_id`),
  KEY `CAT_PRD_ENTT_MDA_GLR_VAL_VIDEO_STORE_ID_STORE_STORE_ID` (`store_id`),
  CONSTRAINT `CAT_PRD_ENTT_MDA_GLR_VAL_VIDEO_STORE_ID_STORE_STORE_ID` FOREIGN KEY (`store_id`) REFERENCES `store` (`store_id`) ON DELETE CASCADE,
  CONSTRAINT `FK_6FDF205946906B0E653E60AA769899F8` FOREIGN KEY (`value_id`) REFERENCES `catalog_product_entity_media_gallery` (`value_id`) ON DELETE CASCADE
) ENGINE=InnoDB DEFAULT CHARSET=utf8 COMMENT='Catalog Product Video Table';

--
-- Dumping data for table `catalog_product_entity_media_gallery_value_video`
--

INSERT INTO `catalog_product_entity_media_gallery_value_video` VALUES (205,0,'','https://vimeo.com/18433850','','','');

--
-- Table structure for table `catalog_product_entity_text`
--

CREATE TABLE `catalog_product_entity_text` (
  `value_id` int(11) NOT NULL AUTO_INCREMENT COMMENT 'Value ID',
  `attribute_id` smallint(5) unsigned NOT NULL DEFAULT '0' COMMENT 'Attribute ID',
  `store_id` smallint(5) unsigned NOT NULL DEFAULT '0' COMMENT 'Store ID',
  `entity_id` int(10) unsigned NOT NULL DEFAULT '0' COMMENT 'Entity ID',
  `value` text COMMENT 'Value',
  PRIMARY KEY (`value_id`),
  UNIQUE KEY `CATALOG_PRODUCT_ENTITY_TEXT_ENTITY_ID_ATTRIBUTE_ID_STORE_ID` (`entity_id`,`attribute_id`,`store_id`),
  KEY `CATALOG_PRODUCT_ENTITY_TEXT_ATTRIBUTE_ID` (`attribute_id`),
  KEY `CATALOG_PRODUCT_ENTITY_TEXT_STORE_ID` (`store_id`),
  CONSTRAINT `CATALOG_PRODUCT_ENTITY_TEXT_STORE_ID_STORE_STORE_ID` FOREIGN KEY (`store_id`) REFERENCES `store` (`store_id`) ON DELETE CASCADE,
  CONSTRAINT `CAT_PRD_ENTT_TEXT_ATTR_ID_EAV_ATTR_ATTR_ID` FOREIGN KEY (`attribute_id`) REFERENCES `eav_attribute` (`attribute_id`) ON DELETE CASCADE,
  CONSTRAINT `CAT_PRD_ENTT_TEXT_ENTT_ID_CAT_PRD_ENTT_ENTT_ID` FOREIGN KEY (`entity_id`) REFERENCES `catalog_product_entity` (`entity_id`) ON DELETE CASCADE
) ENGINE=InnoDB AUTO_INCREMENT=4198 DEFAULT CHARSET=utf8 COMMENT='Catalog Product Text Attribute Backend Table';

--
-- Dumping data for table `catalog_product_entity_text`
--

INSERT INTO `catalog_product_entity_text` VALUES (759,72,0,147,'Dior headband leathered inside'),(760,136,0,147,'22'),(761,137,0,147,'33'),(762,138,0,147,'39'),(763,82,0,147,'Dior headband'),(764,73,0,147,'Dior headband leathered inside'),(765,72,0,148,'Gucci headband'),(766,136,0,148,'22'),(767,137,0,148,'33'),(768,138,0,148,'39'),(769,82,0,148,'Gucci headband'),(770,73,0,148,'Gucci headband'),(771,72,0,149,'Channel leathered headband'),(772,136,0,149,'22'),(773,137,0,149,'33'),(774,138,0,149,'39'),(775,82,0,149,'Channel headband'),(776,73,0,149,'Channel leathered headband'),(777,72,0,150,'Prada headband with logo above'),(778,136,0,150,'22'),(779,137,0,150,'33'),(780,138,0,150,'39'),(781,82,0,150,'Prada headband'),(782,73,0,150,'Prada headband with logo above'),(783,72,0,151,'Fendi headband'),(784,136,0,151,'22'),(785,137,0,151,'33'),(786,138,0,151,'39'),(787,82,0,151,'Fendi headband'),(788,73,0,151,'Fendi headband'),(789,72,0,152,'Dior headband'),(790,136,0,152,'22'),(791,137,0,152,'33'),(792,138,0,152,'39'),(793,82,0,152,'Dior headband'),(794,73,0,152,'Dior headband'),(795,72,0,153,'Balenciaga headband with strass'),(796,136,0,153,'22'),(797,137,0,153,'33'),(798,138,0,153,'39'),(799,82,0,153,'Balenciaga headband'),(800,73,0,153,'Balenciaga headband with strass'),(801,72,0,154,'Balenciaga canvas for beach and summer'),(802,136,0,154,'22'),(803,137,0,154,'33'),(804,138,0,154,'39'),(805,82,0,154,'Balenciaga Canvas'),(806,73,0,154,'Balenciaga canvas for beach and summer'),(807,72,0,155,'Dior Canvas for summer'),(808,136,0,155,'22'),(809,137,0,155,'33'),(810,138,0,155,'39'),(811,82,0,155,'Dior Canvas'),(812,73,0,155,'Dior Canvas for summer'),(813,72,0,156,'Gucci Canvas with red line logo'),(814,136,0,156,'22'),(815,137,0,156,'33'),(816,138,0,156,'39'),(817,82,0,156,'Gucci Canvas'),(818,73,0,156,'Gucci Canvas with red line logo'),(819,72,0,157,'Gucci canvas with brown line for summer'),(820,136,0,157,'22'),(821,137,0,157,'33'),(822,138,0,157,'39'),(823,82,0,157,'Gucci Canvas'),(824,73,0,157,'Gucci canvas with brown line for summer'),(825,72,0,158,'Prada canvas with logo for beach'),(826,136,0,158,'22'),(827,137,0,158,'33'),(828,138,0,158,'39'),(829,82,0,158,'Prada Canvas'),(830,73,0,158,'Prada canvas with logo for beach'),(831,72,0,159,'Dior leather belt with CD logo\nsize : 110 cm'),(832,136,0,159,'22'),(833,137,0,159,'33'),(834,138,0,159,'39'),(835,82,0,159,'Dior belt'),(836,73,0,159,'Dior leather belt with CD logo\nsize : 110 cm'),(837,72,0,160,'YSL leather belt with logo\nSize : 110 cm'),(838,136,0,160,'22'),(839,137,0,160,'33'),(840,138,0,160,'39'),(841,82,0,160,'Saint Laurnet belt'),(842,73,0,160,'YSL leather belt with logo\nSize : 110 cm'),(843,72,0,161,'Gucci belt beige printed GG\nSize : 110 cm'),(844,136,0,161,'22'),(845,137,0,161,'33'),(846,138,0,161,'39'),(847,82,0,161,'Gucci belt'),(848,73,0,161,'Gucci belt beige printed GG\nSize : 110 cm'),(849,72,0,162,'Chanel wide belt with colored stone logo\nsize : 110 cm'),(850,136,0,162,'22'),(851,137,0,162,'33'),(852,138,0,162,'39'),(853,82,0,162,'Channel wide belt'),(854,73,0,162,'Chanel wide belt with colored stone logo\nsize : 110 cm'),(855,72,0,163,'Gucci wide belt with colored stone logo\nSize : 110 cm'),(856,136,0,163,'22'),(857,137,0,163,'33'),(858,138,0,163,'39'),(859,82,0,163,'Channel wide belt'),(860,73,0,163,'Gucci wide belt with colored stone logo\nSize : 110 cm'),(861,72,0,164,'Chanel wide belt black logo\nSize : 110 cm'),(862,136,0,164,'22'),(863,137,0,164,'33'),(864,138,0,164,'39'),(865,82,0,164,'Channel wide belt'),(866,73,0,164,'Chanel wide belt black logo\nSize : 110 cm'),(867,72,0,165,'Chanel wide belt bronze gold logo\nSize : 110 cm'),(868,136,0,165,'22'),(869,137,0,165,'33'),(870,138,0,165,'39'),(871,82,0,165,'Channet belt'),(872,73,0,165,'Chanel wide belt bronze gold logo\nSize : 110 cm'),(873,72,0,166,'Gucci wide belt leather GG logo\nSize : 110 cm'),(874,136,0,166,'22'),(875,137,0,166,'33'),(876,138,0,166,'39'),(877,82,0,166,'Gucci wide belt'),(878,73,0,166,'Gucci wide belt leather GG logo\nSize : 110 cm'),(879,72,0,167,'Chanel belt with pearl logo\nSize : 110 cm'),(880,136,0,167,'22'),(881,137,0,167,'33'),(882,138,0,167,'39'),(883,82,0,167,'Channel belt'),(884,73,0,167,'Chanel belt with pearl logo\nSize : 110 cm'),(885,72,0,168,'Chanel belt with elegant logo\nSize : 110 cm'),(886,136,0,168,'22'),(887,137,0,168,'33'),(888,138,0,168,'39'),(889,82,0,168,'Channel belt'),(890,73,0,168,'Chanel belt with elegant logo\nSize : 110 cm'),(891,72,0,169,'Valentino Wide belt suitable for dresses, blouses with skirt\nsize : 105 cm'),(892,136,0,169,'22'),(893,137,0,169,'33'),(894,138,0,169,'39'),(895,82,0,169,'Valentino wide belt'),(896,73,0,169,'Valentino Wide belt suitable for dresses, blouses with skirt\nsize : 105 cm'),(897,72,0,170,'Valentino belt elegant logo\nSize : 110 cm'),(898,136,0,170,'22'),(899,137,0,170,'33'),(900,138,0,170,'39'),(901,82,0,170,'Valentino belt'),(902,73,0,170,'Valentino belt elegant logo\nSize : 110 cm'),(903,72,0,171,'Gucci belts with crystal logo\nSize : 110 cm'),(904,136,0,171,'22'),(905,137,0,171,'33'),(906,138,0,171,'39'),(907,82,0,171,'Gucci belt'),(908,73,0,171,'Gucci belts with crystal logo\nSize : 110 cm'),(909,72,0,172,'Gucci leather belt GG'),(910,136,0,172,'22'),(911,137,0,172,'33'),(912,138,0,172,'39'),(913,82,0,172,'Gucci belt'),(914,73,0,172,'Gucci leather belt GG'),(915,72,0,173,'Balenciaga stretchable belt'),(916,136,0,173,'22'),(917,137,0,173,'33'),(918,138,0,173,'39'),(919,82,0,173,'Balenciaga wide belt'),(920,73,0,173,'Balenciaga stretchable belt'),(921,72,0,174,'Gucci Pouch bag trendy\nSize : 20*30 cm'),(922,136,0,174,'22'),(923,137,0,174,'33'),(924,138,0,174,'39'),(925,82,0,174,'Gucci Pouch bag'),(926,73,0,174,'Gucci Pouch bag trendy\nSize : 20*30 cm'),(927,72,0,175,'YSL pouch bag high quality leather with golden logo'),(928,136,0,175,'22'),(929,137,0,175,'33'),(930,138,0,175,'39'),(931,82,0,175,'YSL Pouch bag'),(932,73,0,175,'YSL pouch bag high quality leather with golden logo'),(933,72,0,176,'Burberry Pouch bag printed'),(934,136,0,176,'22'),(935,137,0,176,'33'),(936,138,0,176,'39'),(937,82,0,176,'Burberry Pouch bag'),(938,73,0,176,'Burberry Pouch bag printed'),(939,72,0,177,'Goyard mini bag for accessories'),(940,136,0,177,'22'),(941,137,0,177,'33'),(942,138,0,177,'39'),(943,82,0,177,'Goyard accessories bag'),(944,73,0,177,'Goyard mini bag for accessories'),(945,72,0,178,'Gucci Dynaisus pouch bag high quality leather can be used as a bag also it has a long golden chain'),(946,136,0,178,'22'),(947,137,0,178,'33'),(948,138,0,178,'39'),(949,82,0,178,'Gucci Pouch bag'),(950,73,0,178,'Gucci Dynaisus pouch bag high quality leather can be used as a bag also it has a long golden chain'),(951,72,0,179,'Dior long wallet printed Dior'),(952,136,0,179,'22'),(953,137,0,179,'33'),(954,138,0,179,'39'),(955,82,0,179,'Dior wallet'),(956,73,0,179,'Dior long wallet printed Dior'),(957,72,0,180,'Gucci bee wallet printed multi colors with box'),(958,136,0,180,'22'),(959,137,0,180,'33'),(960,138,0,180,'39'),(961,82,0,180,'Gucci wallet'),(962,73,0,180,'Gucci bee wallet printed multi colors with box'),(963,72,0,181,'Christian Dior long wallet flowered print'),(964,136,0,181,'22'),(965,137,0,181,'33'),(966,138,0,181,'39'),(967,82,0,181,'Dior wallet'),(968,73,0,181,'Christian Dior long wallet flowered print'),(969,72,0,182,'Channel long leather wallet'),(970,136,0,182,'22'),(971,137,0,182,'33'),(972,138,0,182,'39'),(973,82,0,182,'Channel wallet'),(974,73,0,182,'Channel long leather wallet'),(975,72,0,183,'Christian Dior slipper high quality printed'),(976,136,0,183,'22'),(977,137,0,183,'33'),(978,138,0,183,'39'),(979,82,0,183,'Christian Doir slipper'),(980,73,0,183,'Christian Dior slipper high quality printed'),(981,72,0,184,'Chlo  slipper high quality cross braided'),(982,136,0,184,'22'),(983,137,0,184,'33'),(984,138,0,184,'39'),(985,82,0,184,'Chloe slipper'),(986,73,0,184,'Chlo  slipper high quality cross braided'),(987,72,0,185,'Dior phone holder bag D letter buttoned'),(988,136,0,185,'22'),(989,137,0,185,'33'),(990,138,0,185,'39'),(991,82,0,185,'Dior phone holder'),(992,73,0,185,'Dior phone holder bag D letter buttoned'),(993,72,0,186,'Chanel handbag knitted visible with cute bundle'),(994,136,0,186,'22'),(995,137,0,186,'33'),(996,138,0,186,'39'),(997,82,0,186,'Channel Knitted bag'),(998,73,0,186,'Chanel handbag knitted visible with cute bundle'),(999,72,0,187,'Gucci cross bag Dionysus snake print'),(1000,136,0,187,'22'),(1001,137,0,187,'33'),(1002,138,0,187,'39'),(1003,82,0,187,'Gucci cross bag'),(1004,73,0,187,'Gucci cross bag Dionysus snake print'),(1005,72,0,188,'Gucci cross bag GG print leather sided with zipper'),(1006,136,0,188,'22'),(1007,137,0,188,'33'),(1008,138,0,188,'39'),(1009,82,0,188,'Gucci cross bag'),(1010,73,0,188,'Gucci cross bag GG print leather sided with zipper'),(1011,72,0,189,'YSL cross bag envelop caviar with long golden chain (with box)'),(1012,136,0,189,'22'),(1013,137,0,189,'33'),(1014,138,0,189,'39'),(1015,82,0,189,'YSL cross bag'),(1016,73,0,189,'YSL cross bag envelop caviar with long golden chain (with box)'),(1017,72,0,190,'Christian Dior saddle bag leather'),(1018,136,0,190,'22'),(1019,137,0,190,'33'),(1020,138,0,190,'39'),(1021,82,0,190,'Dior saddle bag'),(1022,73,0,190,'Christian Dior saddle bag leather'),(1023,72,0,191,'Christian Dior saddle bag letters embossed caramel color'),(1024,136,0,191,'22'),(1025,137,0,191,'33'),(1026,138,0,191,'39'),(1027,82,0,191,'Dior saddle bag'),(1028,73,0,191,'Christian Dior saddle bag letters embossed caramel color'),(1029,72,0,192,'Fendi new bag trendy metal buckle clip bag'),(1030,136,0,192,'22'),(1031,137,0,192,'33'),(1032,138,0,192,'39'),(1033,82,0,192,'Fendi Bag'),(1034,73,0,192,'Fendi new bag trendy metal buckle clip bag'),(1035,72,0,193,'Fendi handbag wooden buckle FF printed'),(1036,136,0,193,'22'),(1037,137,0,193,'33'),(1038,138,0,193,'39'),(1039,82,0,193,'Fendi Bag'),(1040,73,0,193,'Fendi handbag wooden buckle FF printed'),(1041,72,0,194,'YSL phone holder buttoned close for keys, phone, coins, etc...'),(1042,136,0,194,'22'),(1043,137,0,194,'33'),(1044,138,0,194,'39'),(1045,82,0,194,'YSL phone holder'),(1046,73,0,194,'YSL phone holder buttoned close for keys, phone, coins, etc...'),(1047,72,0,195,'Channel cross bag high quality leather'),(1048,136,0,195,'22'),(1049,137,0,195,'33'),(1050,138,0,195,'39'),(1051,82,0,195,'Channel cross bag'),(1052,73,0,195,'Channel cross bag high quality leather'),(1053,72,0,196,'Dior tote bag leather heart'),(1054,136,0,196,'22'),(1055,137,0,196,'33'),(1056,138,0,196,'39'),(1057,82,0,196,'Dior saddle bag'),(1058,73,0,196,'Dior tote bag leather heart'),(1059,72,0,197,'Gucci shopping bag GG print leathered interior brown'),(1060,136,0,197,'22'),(1061,137,0,197,'33'),(1062,138,0,197,'39'),(1063,82,0,197,'Gucci shopping bag'),(1064,73,0,197,'Gucci shopping bag GG print leathered interior brown'),(1065,72,0,198,'Fendi graphy mini hand bag FF printed golden zipper'),(1066,136,0,198,'22'),(1067,137,0,198,'33'),(1068,138,0,198,'39'),(1069,82,0,198,'Fendi Bag'),(1070,73,0,198,'Fendi graphy mini hand bag FF printed golden zipper'),(1071,72,0,199,'Dior hand bag large capacity 32*41 cm'),(1072,136,0,199,'22'),(1073,137,0,199,'33'),(1074,138,0,199,'39'),(1075,82,0,199,'Dior bag'),(1076,73,0,199,'Dior hand bag large capacity 32*41 cm'),(1077,72,0,200,'Chanel caviar quilted cross bag red interior'),(1078,136,0,200,'22'),(1079,137,0,200,'33'),(1080,138,0,200,'39'),(1081,82,0,200,'Channel Caviar bag'),(1082,73,0,200,'Chanel caviar quilted cross bag red interior'),(1083,72,0,201,'YSL cross bag long chain (with box) colors : black & white.'),(1084,136,0,201,'22'),(1085,137,0,201,'33'),(1086,138,0,201,'39'),(1087,82,0,201,'YSL cross bag'),(1088,73,0,201,'YSL cross bag long chain (with box) colors : black & white.'),(1089,72,0,202,'Dior belt CD logo printed'),(1090,136,0,202,'22'),(1091,137,0,202,'33'),(1092,138,0,202,'39'),(1093,82,0,202,'Dior belt'),(1094,73,0,202,'Dior belt CD logo printed'),(1095,72,0,203,'Dior tote bag large volume with CD scarf / size : 28*36 cm'),(1096,136,0,203,'22'),(1097,137,0,203,'33'),(1098,138,0,203,'39'),(1099,82,0,203,'Dior tote bag'),(1100,73,0,203,'Dior tote bag large volume with CD scarf / size : 28*36 cm'),(1101,72,0,204,'Louis Vuitton cross bag long golden chain with large logo in-front'),(1102,136,0,204,'22'),(1103,137,0,204,'33'),(1104,138,0,204,'39'),(1105,82,0,204,'LV bag'),(1106,73,0,204,'Louis Vuitton cross bag long golden chain with large logo in-front'),(1107,72,0,205,'Goyard mini tote bag with very small bag multi color'),(1108,136,0,205,'22'),(1109,137,0,205,'33'),(1110,138,0,205,'39'),(1111,82,0,205,'Goyard mini bag'),(1112,73,0,205,'Goyard mini tote bag with very small bag multi color'),(1113,72,0,206,'Goyard shopping tote bag large capacity with small bag multi colors 35*15*42 cm'),(1114,136,0,206,'22'),(1115,137,0,206,'33'),(1116,138,0,206,'39'),(1117,82,0,206,'Goyard shopping bag'),(1118,73,0,206,'Goyard shopping tote bag large capacity with small bag multi colors 35*15*42 cm'),(1119,72,0,207,'Prada mini shoulder bag with long silver chain'),(1120,136,0,207,'22'),(1121,137,0,207,'33'),(1122,138,0,207,'39'),(1123,82,0,207,'Prada mini bag'),(1124,73,0,207,'Prada mini shoulder bag with long silver chain'),(1125,72,0,208,'Prada baguette bag solid color under arm style'),(1126,136,0,208,'22'),(1127,137,0,208,'33'),(1128,138,0,208,'39'),(1129,82,0,208,'Prada baguette bag'),(1130,73,0,208,'Prada baguette bag solid color under arm style'),(1131,72,0,209,'Dior leather tote bag with small bag for makeup or other pretty things'),(1132,136,0,209,'22'),(1133,137,0,209,'33'),(1134,138,0,209,'39'),(1135,82,0,209,'Dior tote bag'),(1136,73,0,209,'Dior leather tote bag with small bag for makeup or other pretty things'),(1137,72,0,210,'Dior saddle bag printed with black strap cross body'),(1138,136,0,210,'22'),(1139,137,0,210,'33'),(1140,138,0,210,'39'),(1141,82,0,210,'Dior saddle bag'),(1142,73,0,210,'Dior saddle bag printed with black strap cross body'),(1143,72,0,211,'Dior cross bag long strap Christian Dior navy blue with box'),(1144,136,0,211,'22'),(1145,137,0,211,'33'),(1146,138,0,211,'39'),(1147,82,0,211,'Dior cross bag'),(1148,73,0,211,'Dior cross bag long strap Christian Dior navy blue with box'),(1149,72,0,212,'Prada cross bag trendy with wallet on chest long strap'),(1150,136,0,212,'22'),(1151,137,0,212,'33'),(1152,138,0,212,'39'),(1153,82,0,212,'Prada cross bag'),(1154,73,0,212,'Prada cross bag trendy with wallet on chest long strap'),(1155,72,0,213,'Gucci Dionysus mini bag GG printed 12*18 cm'),(1156,136,0,213,'22'),(1157,137,0,213,'33'),(1158,138,0,213,'39'),(1159,82,0,213,'Gucci Mini'),(1160,73,0,213,'Gucci Dionysus mini bag GG printed 12*18 cm'),(1161,72,0,214,'LV hand bag with leather shoulder strap 22*30 cm'),(1162,136,0,214,'22'),(1163,137,0,214,'33'),(1164,138,0,214,'39'),(1165,82,0,214,'LV hand bag'),(1166,73,0,214,'LV hand bag with leather shoulder strap 22*30 cm'),(1167,72,0,215,'YSL handbag short strap with logo in front and on zipper'),(1168,136,0,215,'22'),(1169,137,0,215,'33'),(1170,138,0,215,'39'),(1171,82,0,215,'YSL hand bag'),(1172,73,0,215,'YSL handbag short strap with logo in front and on zipper'),(1173,72,0,216,'YSL bag sore useful for events and festival black color'),(1174,136,0,216,'22'),(1175,137,0,216,'33'),(1176,138,0,216,'39'),(1177,82,0,216,'78YSL Sorebag'),(1178,73,0,216,'YSL bag sorenuseful for events and festival black color'),(1179,72,0,217,'Chanel phone holder and car keys quilted caviar'),(1180,136,0,217,'22'),(1181,137,0,217,'33'),(1182,138,0,217,'39'),(1183,82,0,217,'Channel phone holder'),(1184,73,0,217,'Chanel phone holder and car keys quilted caviar'),(1185,72,0,218,'LV broach golden crystal'),(1186,136,0,218,'22'),(1187,137,0,218,'33'),(1188,138,0,218,'39'),(1189,82,0,218,'LV broach'),(1190,73,0,218,'LV broach golden crystal'),(1191,72,0,219,'YSL Broach useful for meetings, events, classic interviews..'),(1192,136,0,219,'22'),(1193,137,0,219,'33'),(1194,138,0,219,'39'),(1195,82,0,219,'YSL broach'),(1196,73,0,219,'YSL Broach useful for meetings, events, classic interviews..'),(1197,72,0,220,'Chanel Classic broaches with small crystals \"Gold&Silver\"'),(1198,136,0,220,'22'),(1199,137,0,220,'33'),(1200,138,0,220,'39'),(1201,82,0,220,'Channel broach'),(1202,73,0,220,'Chanel Classic broaches with small crystals \"Gold&Silver\"'),(1203,72,0,221,'Long Chanel broach Classical logo suitable for blazers and Jackets'),(1204,136,0,221,'22'),(1205,137,0,221,'33'),(1206,138,0,221,'39'),(1207,82,0,221,'Channel broach'),(1208,73,0,221,'Long Chanel broach Classical logo suitable for blazers and Jackets'),(1209,72,0,222,'Chanel broach with black band'),(1210,136,0,222,'22'),(1211,137,0,222,'33'),(1212,138,0,222,'39'),(1213,82,0,222,'Channel broach'),(1214,73,0,222,'Chanel broach with black band'),(1215,72,0,223,'Chanel broach basic with pearl side & and crystal side'),(1216,136,0,223,'22'),(1217,137,0,223,'33'),(1218,138,0,223,'39'),(1219,82,0,223,'Channel broach'),(1220,73,0,223,'Chanel broach basic with pearl side & and crystal side'),(1221,72,0,224,'Golden Gucci broach'),(1222,136,0,224,'22'),(1223,137,0,224,'33'),(1224,138,0,224,'39'),(1225,82,0,224,'Gucci broach'),(1226,73,0,224,'Golden Gucci broach'),(1227,72,0,225,'Gucci bee broach for collar'),(1228,136,0,225,'22'),(1229,137,0,225,'33'),(1230,138,0,225,'39'),(1231,82,0,225,'Gucci broach'),(1232,73,0,225,'Gucci bee broach for collar'),(1233,72,0,226,'Gucci broaches GG Logo Crystal/Pearl'),(1234,136,0,226,'22'),(1235,137,0,226,'33'),(1236,138,0,226,'39'),(1237,82,0,226,'Gucci broach'),(1238,73,0,226,'Gucci broaches GG Logo Crystal/Pearl'),(1239,72,0,227,'Gucci broach matt with red&black stones'),(1240,136,0,227,'22'),(1241,137,0,227,'33'),(1242,138,0,227,'39'),(1243,82,0,227,'Gucci broach'),(1244,73,0,227,'Gucci broach matt with red&black stones'),(1245,72,0,228,'Bronze Gucci broach GG logo'),(1246,136,0,228,'22'),(1247,137,0,228,'33'),(1248,138,0,228,'39'),(1249,82,0,228,'Gucci broach'),(1250,73,0,228,'Bronze Gucci broach GG logo'),(1251,72,0,229,'Christian Dior broach CD Logo mixed color gold&silver'),(1252,136,0,229,'22'),(1253,137,0,229,'33'),(1254,138,0,229,'39'),(1255,82,0,229,'Dior broach'),(1256,73,0,229,'Christian Dior broach CD Logo mixed color gold&silver'),(1257,72,0,230,'Gucci broach mixed colored stones'),(1258,136,0,230,'22'),(1259,137,0,230,'33'),(1260,138,0,230,'39'),(1261,82,0,230,'Gucci broach'),(1262,73,0,230,'Gucci broach mixed colored stones'),(1263,72,0,231,'Dark gold Gucci broach GG logo'),(1264,136,0,231,'22'),(1265,137,0,231,'33'),(1266,138,0,231,'39'),(1267,82,0,231,'Gucci broach'),(1268,73,0,231,'Dark gold Gucci broach GG logo'),(1269,72,0,232,'Dior broach golden crystal'),(1270,136,0,232,'22'),(1271,137,0,232,'33'),(1272,138,0,232,'39'),(1273,82,0,232,'Dior broach'),(1274,73,0,232,'Dior broach golden crystal'),(1275,72,0,233,'Prada black broach useful for multi places \" all tops, Jackets, bags, shoes,etc..\"'),(1276,136,0,233,'22'),(1277,137,0,233,'33'),(1278,138,0,233,'39'),(1279,82,0,233,'Prada broach'),(1280,73,0,233,'Prada black broach useful for multi places \" all tops, Jackets, bags, shoes,etc..\"'),(1281,72,0,234,'Dior hair fastener pearled'),(1282,136,0,234,'22'),(1283,137,0,234,'33'),(1284,138,0,234,'39'),(1285,82,0,234,'Dior hairfastener'),(1286,73,0,234,'Dior hair fastener pearled'),(1287,72,0,235,'Cartier Love trinity cord black and red'),(1288,136,0,235,'22'),(1289,137,0,235,'33'),(1290,138,0,235,'39'),(1291,82,0,235,'Cartier Love bracelet'),(1292,73,0,235,'Cartier Love trinity cord black and red'),(1293,72,0,236,'Chanel hair fastener pearled'),(1294,136,0,236,'22'),(1295,137,0,236,'33'),(1296,138,0,236,'39'),(1297,82,0,236,'Channel hairfastener'),(1298,73,0,236,'Chanel hair fastener pearled'),(1299,72,0,237,'Basic Chanel hair fastener'),(1300,136,0,237,'22'),(1301,137,0,237,'33'),(1302,138,0,237,'39'),(1303,82,0,237,'Channel hairfastener'),(1304,73,0,237,'Basic Chanel hair fastener'),(1305,72,0,238,'Cartier rings stamped by brand'),(1306,136,0,238,'22'),(1307,137,0,238,'33'),(1308,138,0,238,'39'),(1309,82,0,238,'Cartier ring'),(1310,73,0,238,'Cartier rings stamped by brand'),(1311,72,0,239,'Cartier rings with crystal stamped by brand'),(1312,136,0,239,'22'),(1313,137,0,239,'33'),(1314,138,0,239,'39'),(1315,82,0,239,'Cartier ring'),(1316,73,0,239,'Cartier rings with crystal stamped by brand'),(1317,72,0,240,'Gucci ring crystal logo free size'),(1318,136,0,240,'22'),(1319,137,0,240,'33'),(1320,138,0,240,'39'),(1321,82,0,240,'Gucci ring'),(1322,73,0,240,'Gucci ring crystal logo free size'),(1323,72,0,241,'Gucci ring with logo above'),(1324,136,0,241,'22'),(1325,137,0,241,'33'),(1326,138,0,241,'39'),(1327,82,0,241,'Gucci ring'),(1328,73,0,241,'Gucci ring with logo above'),(1329,72,0,242,'VC rings signature'),(1330,136,0,242,'22'),(1331,137,0,242,'33'),(1332,138,0,242,'39'),(1333,82,0,242,'Van Cleef ring'),(1334,73,0,242,'VC rings signature'),(1335,72,0,243,'Valentino ring crystal free size'),(1336,136,0,243,'22'),(1337,137,0,243,'33'),(1338,138,0,243,'39'),(1339,82,0,243,'Valentino ring'),(1340,73,0,243,'Valentino ring crystal free size'),(1341,72,0,244,'Prada black ring free size (stamped by brand) free size'),(1342,136,0,244,'22'),(1343,137,0,244,'33'),(1344,138,0,244,'39'),(1345,82,0,244,'Prada ring'),(1346,73,0,244,'Prada black ring free size (stamped by brand) free size'),(1347,72,0,245,'Long YSL necklace'),(1348,136,0,245,'22'),(1349,137,0,245,'33'),(1350,138,0,245,'39'),(1351,82,0,245,'YSL Necklace'),(1352,73,0,245,'Long YSL necklace'),(1353,72,0,246,'Long VC silver necklace big logo'),(1354,136,0,246,'22'),(1355,137,0,246,'33'),(1356,138,0,246,'39'),(1357,82,0,246,'Van Cleef Necklace'),(1358,73,0,246,'Long VC silver necklace big logo'),(1359,72,0,247,'Channel long necklace with elastic black band'),(1360,136,0,247,'22'),(1361,137,0,247,'33'),(1362,138,0,247,'39'),(1363,82,0,247,'Channel Necklace'),(1364,73,0,247,'Channel long necklace with elastic black band'),(1365,72,0,248,'Gucci bracelet rose gold chain with crystal'),(1366,136,0,248,'22'),(1367,137,0,248,'33'),(1368,138,0,248,'39'),(1369,82,0,248,'Gucci bracelet'),(1370,73,0,248,'Gucci bracelet rose gold chain with crystal'),(1371,72,0,249,'Cartier Trinity cord multi color (black & red)'),(1372,136,0,249,'22'),(1373,137,0,249,'33'),(1374,138,0,249,'39'),(1375,82,0,249,'Cartier bracelet'),(1376,73,0,249,'Cartier Trinity cord multi color (black & red)'),(1377,72,0,250,'YSL silver earrings with crystal'),(1378,136,0,250,'22'),(1379,137,0,250,'33'),(1380,138,0,250,'39'),(1381,82,0,250,'Saint Laurnet earrings'),(1382,73,0,250,'YSL silver earrings with crystal'),(1383,72,0,251,'Cartier mixed collection Love & Nail bracelet'),(1384,136,0,251,'22'),(1385,137,0,251,'33'),(1386,138,0,251,'39'),(1387,82,0,251,'Cartier bracelet'),(1388,73,0,251,'Cartier mixed collection Love & Nail bracelet'),(1389,72,0,252,'Prada free size'),(1390,136,0,252,'22'),(1391,137,0,252,'33'),(1392,138,0,252,'39'),(1393,82,0,252,'Prada bracelet'),(1394,73,0,252,'Prada free size'),(1395,72,0,253,'Dior Oblique cotton'),(1396,136,0,253,'22'),(1397,137,0,253,'33'),(1398,138,0,253,'39'),(1399,82,0,253,'Dior bracelet'),(1400,73,0,253,'Dior Oblique cotton'),(1401,72,0,254,'Dior crystal circled earrings'),(1402,136,0,254,'22'),(1403,137,0,254,'33'),(1404,138,0,254,'39'),(1405,82,0,254,'Dior earrings'),(1406,73,0,254,'Dior crystal circled earrings'),(1407,72,0,255,'Dior event earrings D logo'),(1408,136,0,255,'22'),(1409,137,0,255,'33'),(1410,138,0,255,'39'),(1411,82,0,255,'Dior earrings'),(1412,73,0,255,'Dior event earrings D logo'),(1413,72,0,256,'Gucci Crystal earrings'),(1414,136,0,256,'22'),(1415,137,0,256,'33'),(1416,138,0,256,'39'),(1417,82,0,256,'Gucci earrings'),(1418,73,0,256,'Gucci Crystal earrings'),(1419,72,0,257,'Gucci earrings matt gold stoned'),(1420,136,0,257,'22'),(1421,137,0,257,'33'),(1422,138,0,257,'39'),(1423,82,0,257,'Gucci earrings'),(1424,73,0,257,'Gucci earrings matt gold stoned'),(1425,72,0,258,'Gucci pearl earrings'),(1426,136,0,258,'22'),(1427,137,0,258,'33'),(1428,138,0,258,'39'),(1429,82,0,258,'Gucci earrings'),(1430,73,0,258,'Gucci pearl earrings'),(1431,72,0,259,'Gucci earring with logo GG'),(1432,136,0,259,'22'),(1433,137,0,259,'33'),(1434,138,0,259,'39'),(1435,82,0,259,'Gucci earrings'),(1436,73,0,259,'Gucci earring with logo GG'),(1437,72,0,260,'Small Gucci bee earrings'),(1438,136,0,260,'22'),(1439,137,0,260,'33'),(1440,138,0,260,'39'),(1441,82,0,260,'Gucci earrings'),(1442,73,0,260,'Small Gucci bee earrings'),(1443,72,0,261,'Channel circle earring'),(1444,136,0,261,'22'),(1445,137,0,261,'33'),(1446,138,0,261,'39'),(1447,82,0,261,'Channel earrings'),(1448,73,0,261,'Channel circle earring'),(1449,72,0,262,'Channel logo earring'),(1450,136,0,262,'22'),(1451,137,0,262,'33'),(1452,138,0,262,'39'),(1453,82,0,262,'Channel earrings'),(1454,73,0,262,'Channel logo earring'),(1455,72,0,263,'Crystal Valentino earrings'),(1456,136,0,263,'22'),(1457,137,0,263,'33'),(1458,138,0,263,'39'),(1459,82,0,263,'Valentino earrings'),(1460,73,0,263,'Crystal Valentino earrings'),(1461,72,0,264,'Cartier Love earrings with crystal'),(1462,136,0,264,'22'),(1463,137,0,264,'33'),(1464,138,0,264,'39'),(1465,82,0,264,'Cartier earrings'),(1466,73,0,264,'Cartier Love earrings with crystal'),(1467,72,0,265,'Prada elegance black earrings'),(1468,136,0,265,'22'),(1469,137,0,265,'33'),(1470,138,0,265,'39'),(1471,82,0,265,'Prada earrings'),(1472,73,0,265,'Prada elegance black earrings'),(1473,72,0,266,'2 pieces set of Dior necklace and earrings rose gold'),(1474,136,0,266,'22'),(1475,137,0,266,'33'),(1476,138,0,266,'39'),(1477,82,0,266,'Dior set'),(1478,73,0,266,'2 pieces set of Dior necklace and earrings rose gold'),(1479,72,0,267,'Channel long necklace circle'),(1480,136,0,267,'22'),(1481,137,0,267,'33'),(1482,138,0,267,'39'),(1483,82,0,267,'Channel Necklace'),(1484,73,0,267,'Channel long necklace circle'),(1485,72,0,268,'Unique Chanel long chain necklace'),(1486,136,0,268,'22'),(1487,137,0,268,'33'),(1488,138,0,268,'39'),(1489,82,0,268,'Channel Necklace'),(1490,73,0,268,'Unique Chanel long chain necklace'),(1491,72,0,269,'Long Chanel Necklace coin'),(1492,136,0,269,'22'),(1493,137,0,269,'33'),(1494,138,0,269,'39'),(1495,82,0,269,'Channel Necklace'),(1496,73,0,269,'Long Chanel Necklace coin'),(1497,72,0,270,'Gucci Necklace Golden chain with crystal'),(1498,136,0,270,'22'),(1499,137,0,270,'33'),(1500,138,0,270,'39'),(1501,82,0,270,'Gucci Neclace'),(1502,73,0,270,'Gucci Necklace Golden chain with crystal'),(1503,72,0,271,'Gucci Necklace Logo'),(1504,136,0,271,'22'),(1505,137,0,271,'33'),(1506,138,0,271,'39'),(1507,82,0,271,'Gucci Neclace'),(1508,73,0,271,'Gucci Necklace Logo'),(1509,72,0,272,'Gucci double long necklace'),(1510,136,0,272,'22'),(1511,137,0,272,'33'),(1512,138,0,272,'39'),(1513,82,0,272,'Gucci Neclace'),(1514,73,0,272,'Gucci double long necklace'),(1515,72,0,273,'Long Dior necklace light weight CD logo'),(1516,136,0,273,'22'),(1517,137,0,273,'33'),(1518,138,0,273,'39'),(1519,82,0,273,'Dior Necklace'),(1520,73,0,273,'Long Dior necklace light weight CD logo'),(1521,72,0,274,'Elegant Gucci long necklace with Jewel above GG'),(1522,136,0,274,'22'),(1523,137,0,274,'33'),(1524,138,0,274,'39'),(1525,82,0,274,'Gucci Neclace'),(1526,73,0,274,'Elegant Gucci long necklace with Jewel above GG'),(1527,72,0,275,'Super elegant Versace Long necklace with Logo'),(1528,136,0,275,'22'),(1529,137,0,275,'33'),(1530,138,0,275,'39'),(1531,82,0,275,'Versace Necklace'),(1532,73,0,275,'Super elegant Versace Long necklace with Logo'),(1533,72,0,276,'Trendy Prada silver chain necklace'),(1534,136,0,276,'22'),(1535,137,0,276,'33'),(1536,138,0,276,'39'),(1537,82,0,276,'Prada Necklace'),(1538,73,0,276,'Trendy Prada silver chain necklace'),(1539,72,0,277,'Prada golden necklace'),(1540,136,0,277,'22'),(1541,137,0,277,'33'),(1542,138,0,277,'39'),(1543,82,0,277,'Prada Necklace'),(1544,73,0,277,'Prada golden necklace'),(1545,72,0,278,'Valentino Necklace multi logo with pearl'),(1546,136,0,278,'22'),(1547,137,0,278,'33'),(1548,138,0,278,'39'),(1549,82,0,278,'Valentino Necklace'),(1550,73,0,278,'Valentino Necklace multi logo with pearl'),(1551,72,0,279,'Sore Valentino necklace golden chain'),(1552,136,0,279,'22'),(1553,137,0,279,'33'),(1554,138,0,279,'39'),(1555,82,0,279,'Valentino Necklace'),(1556,73,0,279,'SoreValentino necklace golden chain'),(1557,72,0,280,'Hermes Pig nose long necklace silver'),(1558,136,0,280,'22'),(1559,137,0,280,'33'),(1560,138,0,280,'39'),(1561,82,0,280,'Hermis Necklace'),(1562,73,0,280,'Hermes Pig nose long necklace silver'),(1563,72,0,281,'Cartier Love collection necklace stamped by brand logo'),(1564,136,0,281,'22'),(1565,137,0,281,'33'),(1566,138,0,281,'39'),(1567,82,0,281,'Cartier Love necklace'),(1568,73,0,281,'Cartier Love collection necklace stamped by brand logo'),(1569,72,0,282,'Cartier Love collection bracelet Non- faded non tarnish titanium 100% stamped by brand logo'),(1570,136,0,282,'22'),(1571,137,0,282,'33'),(1572,138,0,282,'39'),(1573,82,0,282,'Cartier Love bracelet'),(1574,73,0,282,'Cartier Love collection bracelet Non- faded non tarnish titanium 100% stamped by brand logo'),(1575,72,0,283,'VC Signature bracelet Titanium 100% non faded - non tarnish'),(1576,136,0,283,'22'),(1577,137,0,283,'33'),(1578,138,0,283,'39'),(1579,82,0,283,'Van Cleef signature bracelet'),(1580,73,0,283,'VC Signature bracelet Titanium 100% non faded - non tarnish'),(1581,72,0,284,'Chanel bracelet flex with logo above'),(1582,136,0,284,'22'),(1583,137,0,284,'33'),(1584,138,0,284,'39'),(1585,82,0,284,'Channel bracelet'),(1586,73,0,284,'Chanel bracelet flex with logo above'),(1587,72,0,285,'Chanel bracelet free size titanium 100%'),(1588,136,0,285,'22'),(1589,137,0,285,'33'),(1590,138,0,285,'39'),(1591,82,0,285,'Channel bracelet'),(1592,73,0,285,'Chanel bracelet free size titanium 100%'),(1593,72,0,286,'3 pieces set of VC golden bracelet  necklace and earrings'),(1594,136,0,286,'22'),(1595,137,0,286,'33'),(1596,138,0,286,'39'),(1597,82,0,286,'Van Cleef set'),(1598,73,0,286,'3 pieces set of VC golden bracelet  necklace and earrings'),(1599,72,0,287,'4 pieces set of multi-colors VC bracelet  necklace  earrings and ring'),(1600,136,0,287,'22'),(1601,137,0,287,'33'),(1602,138,0,287,'39'),(1603,82,0,287,'Van Cleef set'),(1604,73,0,287,'4 pieces set of multi-colors VC bracelet  necklace  earrings and ring'),(1605,72,0,288,'2 pieces set of Marli golden bracelet and ring'),(1606,136,0,288,'22'),(1607,137,0,288,'33'),(1608,138,0,288,'39'),(1609,82,0,288,'Marli set'),(1610,73,0,288,'2 pieces set of Marli golden bracelet and ring'),(1611,72,0,289,'YSL silver earrings with crystal'),(1612,136,0,289,'22'),(1613,137,0,289,'33'),(1614,138,0,289,'39'),(1615,82,0,289,'Saint Laurnet earring'),(1616,73,0,289,'YSL silver earrings with crystal'),(1617,72,0,290,'Hermes wallet unisex zipped (with box)'),(1618,136,0,290,'22'),(1619,137,0,290,'33'),(1620,138,0,290,'39'),(1621,82,0,290,'Hermis wallet'),(1622,73,0,290,'Hermes wallet unisex zipped (with box)'),(1623,72,0,291,'Tiny YSL double bracelet titanium'),(1624,136,0,291,'22'),(1625,137,0,291,'33'),(1626,138,0,291,'39'),(1627,82,0,291,'Saint Laruent bracelet'),(1628,73,0,291,'Tiny YSL double bracelet titanium'),(1629,72,0,292,'Fendi shopping bag for picnics  shopping and beach with long strap'),(1630,136,0,292,'22'),(1631,137,0,292,'33'),(1632,138,0,292,'39'),(1633,82,0,292,'Fendi Bag'),(1634,73,0,292,'Fendi shopping bag for picnics  shopping and beach with long strap'),(1635,72,0,293,'Fendi Cross bag double use as wallet or as a bag elegant for events (with box)'),(1636,136,0,293,'22'),(1637,137,0,293,'33'),(1638,138,0,293,'39'),(1639,82,0,293,'Fendi Bag'),(1640,73,0,293,'Fendi Cross bag double use as wallet or as a bag elegant for events (with box)'),(1641,72,0,294,'Fendi pink cross bag  (with box)'),(1642,136,0,294,'22'),(1643,137,0,294,'33'),(1644,138,0,294,'39'),(1645,82,0,294,'Fendi Bag'),(1646,73,0,294,'Fendi pink cross bag  (with box)'),(1647,72,0,295,'2 pieces set of Cartier nail stamped with brand logo bracelet and ring'),(1648,136,0,295,'22'),(1649,137,0,295,'33'),(1650,138,0,295,'39'),(1651,82,0,295,'Cartier set'),(1652,73,0,295,'2 pieces set of Cartier nail stamped with brand logo bracelet and ring'),(1653,72,0,296,'\"Goyard Pouch bag unisex multi colors with yellow interior and logo\r\nSize : 20*30 cm\"\r\n'),(1654,136,0,296,'22'),(1655,137,0,296,'33'),(1656,138,0,296,'39'),(1657,82,0,296,'Goyard Pouch bag'),(1658,73,0,296,'\"Goyard Pouch bag unisex multi colors with yellow interior and logo\r\nSize : 20*30 cm\"\r\n'),(1659,72,0,297,'\"CH Pouch bag engraved with the logo and red interior high quality\r\nSize : 20*30 cm\"\r\n'),(1660,136,0,297,'22'),(1661,137,0,297,'33'),(1662,138,0,297,'39'),(1663,82,0,297,'Carolina Herrera Pouch bag'),(1664,73,0,297,'\"CH Pouch bag engraved with the logo and red interior high quality\r\nSize : 20*30 cm\"\r\n'),(1665,72,0,298,'<table width=\"584\">\r\n<tbody>\r\n<tr>\r\n<td width=\"584\">Christian Dior Tote bag fashion trend blue color inside black, Size chart :<br>Large : 32*12*40 cm : الكبيرة<br>Medium: 26*12*36 cm : الوسط<br>Small: 22*12*28 cm : الصغيرة</td>\r\n</tr>\r\n</tbody>\r\n</table>'),(1666,136,0,298,'22'),(1667,137,0,298,'33'),(1668,138,0,298,'39'),(1669,82,0,298,'Dior tote bag'),(1670,73,0,298,'\"Christian Dior Tote bag fashion trend blue color inside black, Size chart :\r\nLarge : 32*12*40 cm : الكبيرة\r\nMedium: 26*12*36 cm : الوسط\r\nSmall: 22*12*28 cm : الصغيرة\"\r\n'),(1671,72,0,299,'2 pieces set of Gucci pearled bracelet and choker\r\n'),(1672,136,0,299,'22'),(1673,137,0,299,'33'),(1674,138,0,299,'39'),(1675,82,0,299,'Gucci set'),(1676,73,0,299,'2 pieces set of Gucci pearled bracelet and choker\r\n'),(4113,72,0,300,'Basic YSL necklace'),(4114,136,0,300,'22'),(4115,137,0,300,'31'),(4116,138,0,300,'39'),(4117,82,0,300,'Basic YSL necklace'),(4118,72,0,301,'Dior hand bag golden chain D logo'),(4119,136,0,301,'22'),(4120,137,0,301,'31'),(4121,138,0,301,'39'),(4122,82,0,301,'Dior hand bag golden chain D logo'),(4123,72,0,302,'YSL card holder black silver logo'),(4124,136,0,302,'22'),(4125,137,0,302,'31'),(4126,138,0,302,'39'),(4127,82,0,302,'YSL card holder black silver logo'),(4128,72,0,303,'Chanel card holder black quilted gold logo'),(4129,136,0,303,'22'),(4130,137,0,303,'31'),(4131,138,0,303,'39'),(4132,82,0,303,'Chanel card holder black quilted gold logo'),(4133,72,0,304,'Dior tiny bracelet pearl'),(4134,136,0,304,'22'),(4135,137,0,304,'31'),(4136,138,0,304,'39'),(4137,82,0,304,'Dior tiny bracelet pearl'),(4138,72,0,305,'Dior necklace tiny pearl'),(4139,136,0,305,'22'),(4140,137,0,305,'31'),(4141,138,0,305,'39'),(4142,82,0,305,'Dior necklace tiny pearl'),(4143,72,0,306,'Dior cute ring CD pearl'),(4144,136,0,306,'22'),(4145,137,0,306,'31'),(4146,138,0,306,'39'),(4147,82,0,306,'Dior cute ring CD pearl'),(4148,72,0,307,'Dior black headband trendy '),(4149,136,0,307,'22'),(4150,137,0,307,'31'),(4151,138,0,307,'39'),(4152,82,0,307,'Dior black headband trendy '),(4153,72,0,308,'Gucci bracelet GG logo colored stone'),(4154,136,0,308,'22'),(4155,137,0,308,'31'),(4156,138,0,308,'39'),(4157,82,0,308,'Gucci bracelet GG logo colored stone'),(4158,72,0,309,'Gucci necklace GG logo colored stone'),(4159,136,0,309,'22'),(4160,137,0,309,'31'),(4161,138,0,309,'39'),(4162,82,0,309,'Gucci necklace GG logo colored stone'),(4163,72,0,310,'Versace round inlaid logo chain broach'),(4164,136,0,310,'22'),(4165,137,0,310,'31'),(4166,138,0,310,'39'),(4167,82,0,310,'Versace round inlaid logo chain broach'),(4168,72,0,311,'Prada classic alloy broach for hair'),(4169,136,0,311,'22'),(4170,137,0,311,'31'),(4171,138,0,311,'39'),(4172,82,0,311,'Prada classic alloy broach for hair'),(4173,72,0,312,'Prada long necklace double row'),(4174,136,0,312,'22'),(4175,137,0,312,'31'),(4176,138,0,312,'39'),(4177,82,0,312,'Prada long necklace double row'),(4178,72,0,313,'Valentino large V logo earrigns'),(4179,136,0,313,'22'),(4180,137,0,313,'31'),(4181,138,0,313,'39'),(4182,82,0,313,'Valentino large V logo earrigns'),(4183,72,0,314,'Hermes necklace simple logo multi colors golden chain H logo'),(4184,136,0,314,'22'),(4185,137,0,314,'31'),(4186,138,0,314,'39'),(4187,82,0,314,'Hermes necklace simple logo multi colors golden chain H logo'),(4188,72,0,315,'Balenciaga BB logo black leather'),(4189,136,0,315,'22'),(4190,137,0,315,'31'),(4191,138,0,315,'39'),(4192,82,0,315,'Balenciaga BB logo black leather'),(4193,72,0,316,'Prada broach alloy steel stamped'),(4194,136,0,316,'22'),(4195,137,0,316,'31'),(4196,138,0,316,'39'),(4197,82,0,316,'Prada broach alloy steel stamped');

--
-- Table structure for table `catalog_product_entity_tier_price`
--

CREATE TABLE `catalog_product_entity_tier_price` (
  `value_id` int(11) NOT NULL AUTO_INCREMENT COMMENT 'Value ID',
  `entity_id` int(10) unsigned NOT NULL DEFAULT '0' COMMENT 'Entity ID',
  `all_groups` smallint(5) unsigned NOT NULL DEFAULT '1' COMMENT 'Is Applicable To All Customer Groups',
  `customer_group_id` int(10) unsigned NOT NULL DEFAULT '0' COMMENT 'Customer Group ID',
  `qty` decimal(12,4) NOT NULL DEFAULT '1.0000' COMMENT 'QTY',
  `value` decimal(20,6) NOT NULL DEFAULT '0.000000' COMMENT 'Value',
  `percentage_value` decimal(5,2) DEFAULT NULL COMMENT 'Percentage value',
  `website_id` smallint(5) unsigned NOT NULL COMMENT 'Website ID',
  PRIMARY KEY (`value_id`),
  UNIQUE KEY `UNQ_E8AB433B9ACB00343ABB312AD2FAB087` (`entity_id`,`all_groups`,`customer_group_id`,`qty`,`website_id`),
  KEY `CATALOG_PRODUCT_ENTITY_TIER_PRICE_CUSTOMER_GROUP_ID` (`customer_group_id`),
  KEY `CATALOG_PRODUCT_ENTITY_TIER_PRICE_WEBSITE_ID` (`website_id`),
  CONSTRAINT `CAT_PRD_ENTT_TIER_PRICE_CSTR_GROUP_ID_CSTR_GROUP_CSTR_GROUP_ID` FOREIGN KEY (`customer_group_id`) REFERENCES `customer_group` (`customer_group_id`) ON DELETE CASCADE,
  CONSTRAINT `CAT_PRD_ENTT_TIER_PRICE_ENTT_ID_CAT_PRD_ENTT_ENTT_ID` FOREIGN KEY (`entity_id`) REFERENCES `catalog_product_entity` (`entity_id`) ON DELETE CASCADE,
  CONSTRAINT `CAT_PRD_ENTT_TIER_PRICE_WS_ID_STORE_WS_WS_ID` FOREIGN KEY (`website_id`) REFERENCES `store_website` (`website_id`) ON DELETE CASCADE
) ENGINE=InnoDB DEFAULT CHARSET=utf8 COMMENT='Catalog Product Tier Price Attribute Backend Table';

--
-- Dumping data for table `catalog_product_entity_tier_price`
--


--
-- Table structure for table `catalog_product_entity_varchar`
--

CREATE TABLE `catalog_product_entity_varchar` (
  `value_id` int(11) NOT NULL AUTO_INCREMENT COMMENT 'Value ID',
  `attribute_id` smallint(5) unsigned NOT NULL DEFAULT '0' COMMENT 'Attribute ID',
  `store_id` smallint(5) unsigned NOT NULL DEFAULT '0' COMMENT 'Store ID',
  `entity_id` int(10) unsigned NOT NULL DEFAULT '0' COMMENT 'Entity ID',
  `value` varchar(255) DEFAULT NULL COMMENT 'Value',
  PRIMARY KEY (`value_id`),
  UNIQUE KEY `CATALOG_PRODUCT_ENTITY_VARCHAR_ENTITY_ID_ATTRIBUTE_ID_STORE_ID` (`entity_id`,`attribute_id`,`store_id`),
  KEY `CATALOG_PRODUCT_ENTITY_VARCHAR_ATTRIBUTE_ID` (`attribute_id`),
  KEY `CATALOG_PRODUCT_ENTITY_VARCHAR_STORE_ID` (`store_id`),
  CONSTRAINT `CATALOG_PRODUCT_ENTITY_VARCHAR_STORE_ID_STORE_STORE_ID` FOREIGN KEY (`store_id`) REFERENCES `store` (`store_id`) ON DELETE CASCADE,
  CONSTRAINT `CAT_PRD_ENTT_VCHR_ATTR_ID_EAV_ATTR_ATTR_ID` FOREIGN KEY (`attribute_id`) REFERENCES `eav_attribute` (`attribute_id`) ON DELETE CASCADE,
  CONSTRAINT `CAT_PRD_ENTT_VCHR_ENTT_ID_CAT_PRD_ENTT_ENTT_ID` FOREIGN KEY (`entity_id`) REFERENCES `catalog_product_entity` (`entity_id`) ON DELETE CASCADE
) ENGINE=InnoDB AUTO_INCREMENT=7946 DEFAULT CHARSET=utf8 COMMENT='Catalog Product Varchar Attribute Backend Table';

--
-- Dumping data for table `catalog_product_entity_varchar`
--

INSERT INTO `catalog_product_entity_varchar` VALUES (3045,106,0,147,'1_1.JPG'),(3046,70,0,147,'Dior headband'),(3047,81,0,147,'Dior headband'),(3048,83,0,147,'Dior headband'),(3049,115,0,147,'1dior-headband'),(3050,118,0,147,'0'),(3051,103,0,147,'container2'),(3052,106,0,148,'2.JPG'),(3053,70,0,148,'Gucci headband'),(3054,81,0,148,'Gucci headband'),(3055,83,0,148,'Gucci headband'),(3056,115,0,148,'2gucci-headband'),(3057,118,0,148,'0'),(3058,103,0,148,'container2'),(3059,106,0,149,'3_1.JPG'),(3060,70,0,149,'Channel headband'),(3061,81,0,149,'Channel headband'),(3062,83,0,149,'Channel headband'),(3063,115,0,149,'3channel-headband'),(3064,118,0,149,'0'),(3065,103,0,149,'container2'),(3066,106,0,150,'4_1.JPG'),(3067,70,0,150,'Prada headband'),(3068,81,0,150,'Prada headband'),(3069,83,0,150,'Prada headband'),(3070,115,0,150,'4prada-headband'),(3071,118,0,150,'0'),(3072,103,0,150,'container2'),(3073,106,0,151,'5.JPG'),(3074,70,0,151,'Fendi headband'),(3075,81,0,151,'Fendi headband'),(3076,83,0,151,'Fendi headband'),(3077,115,0,151,'5fendi-headband'),(3078,118,0,151,'0'),(3079,103,0,151,'container2'),(3080,106,0,152,'6.JPG'),(3081,70,0,152,'Dior headband'),(3082,81,0,152,'Dior headband'),(3083,83,0,152,'Dior headband'),(3084,115,0,152,'6dior-headband'),(3085,118,0,152,'0'),(3086,103,0,152,'container2'),(3087,106,0,153,'7_1.JPG'),(3088,70,0,153,'Balenciaga headband'),(3089,81,0,153,'Balenciaga headband'),(3090,83,0,153,'Balenciaga headband'),(3091,115,0,153,'7balenciaga-headband'),(3092,118,0,153,'0'),(3093,103,0,153,'container2'),(3094,106,0,154,'8.JPG'),(3095,70,0,154,'Balenciaga Canvas'),(3096,81,0,154,'Balenciaga Canvas'),(3097,83,0,154,'Balenciaga Canvas'),(3098,115,0,154,'8balenciaga-canvas'),(3099,118,0,154,'0'),(3100,103,0,154,'container2'),(3101,106,0,155,'9_1.JPG'),(3102,70,0,155,'Dior Canvas'),(3103,81,0,155,'Dior Canvas'),(3104,83,0,155,'Dior Canvas'),(3105,115,0,155,'9dior-canvas'),(3106,118,0,155,'0'),(3107,103,0,155,'container2'),(3108,106,0,156,'10.JPG'),(3109,70,0,156,'Gucci Canvas'),(3110,81,0,156,'Gucci Canvas'),(3111,83,0,156,'Gucci Canvas'),(3112,115,0,156,'10gucci-canvas'),(3113,118,0,156,'0'),(3114,103,0,156,'container2'),(3115,106,0,157,'11_1.JPG'),(3116,70,0,157,'Gucci Canvas'),(3117,81,0,157,'Gucci Canvas'),(3118,83,0,157,'Gucci Canvas'),(3119,115,0,157,'11gucci-canvas'),(3120,118,0,157,'0'),(3121,103,0,157,'container2'),(3122,106,0,158,'12_1.JPG'),(3123,70,0,158,'Prada Canvas'),(3124,81,0,158,'Prada Canvas'),(3125,83,0,158,'Prada Canvas'),(3126,115,0,158,'12prada canvas'),(3127,118,0,158,'0'),(3128,103,0,158,'container2'),(3129,106,0,159,'13_1.JPG'),(3130,70,0,159,'Dior belt'),(3131,81,0,159,'Dior belt'),(3132,83,0,159,'Dior belt'),(3133,115,0,159,'13dior belt'),(3134,118,0,159,'0'),(3135,103,0,159,'container2'),(3136,106,0,160,'14_1.JPG'),(3137,70,0,160,'Saint Laurnet belt'),(3138,81,0,160,'Saint Laurnet belt'),(3139,83,0,160,'Saint Laurnet belt'),(3140,115,0,160,'14saint laurnet belt'),(3141,118,0,160,'0'),(3142,103,0,160,'container2'),(3143,106,0,161,'15_1.JPG'),(3144,70,0,161,'Gucci belt'),(3145,81,0,161,'Gucci belt'),(3146,83,0,161,'Gucci belt'),(3147,115,0,161,'15gucci belt'),(3148,118,0,161,'0'),(3149,103,0,161,'container2'),(3150,106,0,162,'16_1.JPG'),(3151,70,0,162,'Channel wide belt'),(3152,81,0,162,'Channel wide belt'),(3153,83,0,162,'Channel wide belt'),(3154,115,0,162,'16channel wide belt'),(3155,118,0,162,'0'),(3156,103,0,162,'container2'),(3157,106,0,163,'17_1.JPG'),(3158,70,0,163,'Channel wide belt'),(3159,81,0,163,'Channel wide belt'),(3160,83,0,163,'Channel wide belt'),(3161,115,0,163,'17channel wide belt'),(3162,118,0,163,'0'),(3163,103,0,163,'container2'),(3164,106,0,164,'18_1.JPG'),(3165,70,0,164,'Channel wide belt'),(3166,81,0,164,'Channel wide belt'),(3167,83,0,164,'Channel wide belt'),(3168,115,0,164,'18channel wide belt'),(3169,118,0,164,'0'),(3170,103,0,164,'container2'),(3171,106,0,165,'19_1.JPG'),(3172,70,0,165,'Channet belt'),(3173,81,0,165,'Channet belt'),(3174,83,0,165,'Channet belt'),(3175,115,0,165,'19channet belt'),(3176,118,0,165,'0'),(3177,103,0,165,'container2'),(3178,106,0,166,'20_1.JPG'),(3179,70,0,166,'Gucci wide belt'),(3180,81,0,166,'Gucci wide belt'),(3181,83,0,166,'Gucci wide belt'),(3182,115,0,166,'20gucci wide belt'),(3183,118,0,166,'0'),(3184,103,0,166,'container2'),(3185,106,0,167,'21_1.JPG'),(3186,70,0,167,'Channel belt'),(3187,81,0,167,'Channel belt'),(3188,83,0,167,'Channel belt'),(3189,115,0,167,'21channel belt'),(3190,118,0,167,'0'),(3191,103,0,167,'container2'),(3192,106,0,168,'22_1.JPG'),(3193,70,0,168,'Channel belt'),(3194,81,0,168,'Channel belt'),(3195,83,0,168,'Channel belt'),(3196,115,0,168,'22channel belt'),(3197,118,0,168,'0'),(3198,103,0,168,'container2'),(3199,106,0,169,'23_3.JPG'),(3200,70,0,169,'Valentino wide belt'),(3201,81,0,169,'Valentino wide belt'),(3202,83,0,169,'Valentino wide belt'),(3203,115,0,169,'23valentino wide belt'),(3204,118,0,169,'0'),(3205,103,0,169,'container2'),(3206,106,0,170,'24_1.JPG'),(3207,70,0,170,'Valentino belt'),(3208,81,0,170,'Valentino belt'),(3209,83,0,170,'Valentino belt'),(3210,115,0,170,'24valentino belt'),(3211,118,0,170,'0'),(3212,103,0,170,'container2'),(3213,106,0,171,'25_2.JPG'),(3214,70,0,171,'Gucci belt'),(3215,81,0,171,'Gucci belt'),(3216,83,0,171,'Gucci belt'),(3217,115,0,171,'25gucci belt'),(3218,118,0,171,'0'),(3219,103,0,171,'container2'),(3220,106,0,172,'26_1.JPG'),(3221,70,0,172,'Gucci belt'),(3222,81,0,172,'Gucci belt'),(3223,83,0,172,'Gucci belt'),(3224,115,0,172,'26gucci belt'),(3225,118,0,172,'0'),(3226,103,0,172,'container2'),(3227,106,0,173,'27_1.JPG'),(3228,70,0,173,'Balenciaga wide belt'),(3229,81,0,173,'Balenciaga wide belt'),(3230,83,0,173,'Balenciaga wide belt'),(3231,115,0,173,'27balenciaga wide belt'),(3232,118,0,173,'0'),(3233,103,0,173,'container2'),(3234,106,0,174,'28_1.JPG'),(3235,70,0,174,'Gucci Pouch bag'),(3236,81,0,174,'Gucci Pouch bag'),(3237,83,0,174,'Gucci Pouch bag'),(3238,115,0,174,'28gucci pouch bag'),(3239,118,0,174,'0'),(3240,103,0,174,'container2'),(3241,106,0,175,'29_1.JPG'),(3242,70,0,175,'YSL Pouch bag'),(3243,81,0,175,'YSL Pouch bag'),(3244,83,0,175,'YSL Pouch bag'),(3245,115,0,175,'29ysl pouch bag'),(3246,118,0,175,'0'),(3247,103,0,175,'container2'),(3248,106,0,176,'30.JPG'),(3249,70,0,176,'Burberry Pouch bag'),(3250,81,0,176,'Burberry Pouch bag'),(3251,83,0,176,'Burberry Pouch bag'),(3252,115,0,176,'30burberry pouch bag'),(3253,118,0,176,'0'),(3254,103,0,176,'container2'),(3255,106,0,177,'32_1.JPG'),(3256,70,0,177,'Goyard accessories bag'),(3257,81,0,177,'Goyard accessories bag'),(3258,83,0,177,'Goyard accessories bag'),(3259,115,0,177,'32goyard accessories bag'),(3260,118,0,177,'0'),(3261,103,0,177,'container2'),(3262,106,0,178,'33_1.JPG'),(3263,70,0,178,'Gucci Pouch bag'),(3264,81,0,178,'Gucci Pouch bag'),(3265,83,0,178,'Gucci Pouch bag'),(3266,115,0,178,'33gucci pouch bag'),(3267,118,0,178,'0'),(3268,103,0,178,'container2'),(3269,106,0,179,'35_1.JPG'),(3270,70,0,179,'Dior wallet'),(3271,81,0,179,'Dior wallet'),(3272,83,0,179,'Dior wallet'),(3273,115,0,179,'35dior wallet'),(3274,118,0,179,'0'),(3275,103,0,179,'container2'),(3276,106,0,180,'36_1.JPG'),(3277,70,0,180,'Gucci wallet'),(3278,81,0,180,'Gucci wallet'),(3279,83,0,180,'Gucci wallet'),(3280,115,0,180,'36gucci wallet'),(3281,118,0,180,'0'),(3282,103,0,180,'container2'),(3283,106,0,181,'37_1.JPG'),(3284,70,0,181,'Dior wallet'),(3285,81,0,181,'Dior wallet'),(3286,83,0,181,'Dior wallet'),(3287,115,0,181,'37dior wallet'),(3288,118,0,181,'0'),(3289,103,0,181,'container2'),(3290,106,0,182,'38.JPG'),(3291,70,0,182,'Channel wallet'),(3292,81,0,182,'Channel wallet'),(3293,83,0,182,'Channel wallet'),(3294,115,0,182,'38channel wallet'),(3295,118,0,182,'0'),(3296,103,0,182,'container2'),(3297,106,0,183,'40_1.JPG'),(3298,70,0,183,'Christian Doir slipper'),(3299,81,0,183,'Christian Doir slipper'),(3300,83,0,183,'Christian Doir slipper'),(3301,115,0,183,'40christian doir slipper'),(3302,118,0,183,'0'),(3303,103,0,183,'container2'),(3304,106,0,184,'39_1.JPG'),(3305,70,0,184,'Chloe slipper'),(3306,81,0,184,'Chloe slipper'),(3307,83,0,184,'Chloe slipper'),(3308,115,0,184,'39chloe slipper'),(3309,118,0,184,'0'),(3310,103,0,184,'container2'),(3311,106,0,185,'43_1.JPG'),(3312,70,0,185,'Dior phone holder'),(3313,81,0,185,'Dior phone holder'),(3314,83,0,185,'Dior phone holder'),(3315,115,0,185,'43dior phone holder'),(3316,118,0,185,'0'),(3317,103,0,185,'container2'),(3318,106,0,186,'44_1.JPG'),(3319,70,0,186,'Channel Knitted bag'),(3320,81,0,186,'Channel Knitted bag'),(3321,83,0,186,'Channel Knitted bag'),(3322,115,0,186,'44channel knitted bag'),(3323,118,0,186,'0'),(3324,103,0,186,'container2'),(3325,106,0,187,'46_1.JPG'),(3326,70,0,187,'Gucci cross bag'),(3327,81,0,187,'Gucci cross bag'),(3328,83,0,187,'Gucci cross bag'),(3329,115,0,187,'46gucci cross bag'),(3330,118,0,187,'0'),(3331,103,0,187,'container2'),(3332,106,0,188,'47_1.JPG'),(3333,70,0,188,'Gucci cross bag'),(3334,81,0,188,'Gucci cross bag'),(3335,83,0,188,'Gucci cross bag'),(3336,115,0,188,'47gucci cross bag'),(3337,118,0,188,'0'),(3338,103,0,188,'container2'),(3339,106,0,189,'49_1.JPG'),(3340,70,0,189,'YSL cross bag'),(3341,81,0,189,'YSL cross bag'),(3342,83,0,189,'YSL cross bag'),(3343,115,0,189,'49ysl cross bag'),(3344,118,0,189,'0'),(3345,103,0,189,'container2'),(3346,106,0,190,'50_1.JPG'),(3347,70,0,190,'Dior saddle bag'),(3348,81,0,190,'Dior saddle bag'),(3349,83,0,190,'Dior saddle bag'),(3350,115,0,190,'50dior saddle bag'),(3351,118,0,190,'0'),(3352,103,0,190,'container2'),(3353,106,0,191,'51_1.JPG'),(3354,70,0,191,'Dior saddle bag'),(3355,81,0,191,'Dior saddle bag'),(3356,83,0,191,'Dior saddle bag'),(3357,115,0,191,'51dior saddle bag'),(3358,118,0,191,'0'),(3359,103,0,191,'container2'),(3360,106,0,192,'53_1.JPG'),(3361,70,0,192,'Fendi Bag'),(3362,81,0,192,'Fendi Bag'),(3363,83,0,192,'Fendi Bag'),(3364,115,0,192,'53fendi bag'),(3365,118,0,192,'0'),(3366,103,0,192,'container2'),(3367,106,0,193,'54_1.JPG'),(3368,70,0,193,'Fendi Bag'),(3369,81,0,193,'Fendi Bag'),(3370,83,0,193,'Fendi Bag'),(3371,115,0,193,'54fendi bag'),(3372,118,0,193,'0'),(3373,103,0,193,'container2'),(3374,106,0,194,'55_1.JPG'),(3375,70,0,194,'YSL phone holder'),(3376,81,0,194,'YSL phone holder'),(3377,83,0,194,'YSL phone holder'),(3378,115,0,194,'55ysl phone holder'),(3379,118,0,194,'0'),(3380,103,0,194,'container2'),(3381,106,0,195,'56_1.JPG'),(3382,70,0,195,'Channel cross bag'),(3383,81,0,195,'Channel cross bag'),(3384,83,0,195,'Channel cross bag'),(3385,115,0,195,'56channel cross bag'),(3386,118,0,195,'0'),(3387,103,0,195,'container2'),(3388,106,0,196,'57_1.JPG'),(3389,70,0,196,'Dior saddle bag'),(3390,81,0,196,'Dior saddle bag'),(3391,83,0,196,'Dior saddle bag'),(3392,115,0,196,'57dior saddle bag'),(3393,118,0,196,'0'),(3394,103,0,196,'container2'),(3395,106,0,197,'58_1.JPG'),(3396,70,0,197,'Gucci shopping bag'),(3397,81,0,197,'Gucci shopping bag'),(3398,83,0,197,'Gucci shopping bag'),(3399,115,0,197,'58gucci shopping bag'),(3400,118,0,197,'0'),(3401,103,0,197,'container2'),(3402,106,0,198,'59_1.JPG'),(3403,70,0,198,'Fendi Bag'),(3404,81,0,198,'Fendi Bag'),(3405,83,0,198,'Fendi Bag'),(3406,115,0,198,'59fendi bag'),(3407,118,0,198,'0'),(3408,103,0,198,'container2'),(3409,106,0,199,'60_1.JPG'),(3410,70,0,199,'Dior bag'),(3411,81,0,199,'Dior bag'),(3412,83,0,199,'Dior bag'),(3413,115,0,199,'60dior bag'),(3414,118,0,199,'0'),(3415,103,0,199,'container2'),(3416,106,0,200,'61_1.JPG'),(3417,70,0,200,'Channel Caviar bag'),(3418,81,0,200,'Channel Caviar bag'),(3419,83,0,200,'Channel Caviar bag'),(3420,115,0,200,'61channel caviar bag'),(3421,118,0,200,'0'),(3422,103,0,200,'container2'),(3423,106,0,201,'63_1.JPG'),(3424,70,0,201,'YSL cross bag'),(3425,81,0,201,'YSL cross bag'),(3426,83,0,201,'YSL cross bag'),(3427,115,0,201,'63ysl cross bag'),(3428,118,0,201,'0'),(3429,103,0,201,'container2'),(3430,106,0,202,'64.JPG'),(3431,70,0,202,'Dior belt'),(3432,81,0,202,'Dior belt'),(3433,83,0,202,'Dior belt'),(3434,115,0,202,'64dior belt'),(3435,118,0,202,'0'),(3436,103,0,202,'container2'),(3437,106,0,203,'65_1.JPG'),(3438,70,0,203,'Dior tote bag'),(3439,81,0,203,'Dior tote bag'),(3440,83,0,203,'Dior tote bag'),(3441,115,0,203,'65dior tote bag'),(3442,118,0,203,'0'),(3443,103,0,203,'container2'),(3444,106,0,204,'66_1.JPG'),(3445,70,0,204,'LV bag'),(3446,81,0,204,'LV bag'),(3447,83,0,204,'LV bag'),(3448,115,0,204,'66lv bag'),(3449,118,0,204,'0'),(3450,103,0,204,'container2'),(3451,106,0,205,'67_1.JPG'),(3452,70,0,205,'Goyard mini bag'),(3453,81,0,205,'Goyard mini bag'),(3454,83,0,205,'Goyard mini bag'),(3455,115,0,205,'67goyard mini bag'),(3456,118,0,205,'0'),(3457,103,0,205,'container2'),(3458,106,0,206,'68_1.JPG'),(3459,70,0,206,'Goyard shopping bag'),(3460,81,0,206,'Goyard shopping bag'),(3461,83,0,206,'Goyard shopping bag'),(3462,115,0,206,'68goyard shopping bag'),(3463,118,0,206,'0'),(3464,103,0,206,'container2'),(3465,106,0,207,'69_1.JPG'),(3466,70,0,207,'Prada mini bag'),(3467,81,0,207,'Prada mini bag'),(3468,83,0,207,'Prada mini bag'),(3469,115,0,207,'69prada mini bag'),(3470,118,0,207,'0'),(3471,103,0,207,'container2'),(3472,106,0,208,'70_1.JPG'),(3473,70,0,208,'Prada baguette bag'),(3474,81,0,208,'Prada baguette bag'),(3475,83,0,208,'Prada baguette bag'),(3476,115,0,208,'70prada baguette bag'),(3477,118,0,208,'0'),(3478,103,0,208,'container2'),(3479,106,0,209,'71_1.JPG'),(3480,70,0,209,'Dior tote bag'),(3481,81,0,209,'Dior tote bag'),(3482,83,0,209,'Dior tote bag'),(3483,115,0,209,'71dior tote bag'),(3484,118,0,209,'0'),(3485,103,0,209,'container2'),(3486,106,0,210,'72_1.JPG'),(3487,70,0,210,'Dior saddle bag'),(3488,81,0,210,'Dior saddle bag'),(3489,83,0,210,'Dior saddle bag'),(3490,115,0,210,'72dior saddle bag'),(3491,118,0,210,'0'),(3492,103,0,210,'container2'),(3493,106,0,211,'73_1.JPG'),(3494,70,0,211,'Dior cross bag'),(3495,81,0,211,'Dior cross bag'),(3496,83,0,211,'Dior cross bag'),(3497,115,0,211,'73dior cross bag'),(3498,118,0,211,'0'),(3499,103,0,211,'container2'),(3500,106,0,212,'74_1.JPG'),(3501,70,0,212,'Prada cross bag'),(3502,81,0,212,'Prada cross bag'),(3503,83,0,212,'Prada cross bag'),(3504,115,0,212,'74prada cross bag'),(3505,118,0,212,'0'),(3506,103,0,212,'container2'),(3507,106,0,213,'75_1.JPG'),(3508,70,0,213,'Gucci Mini'),(3509,81,0,213,'Gucci Mini'),(3510,83,0,213,'Gucci Mini'),(3511,115,0,213,'75gucci mini'),(3512,118,0,213,'0'),(3513,103,0,213,'container2'),(3514,106,0,214,'76_1.JPG'),(3515,70,0,214,'LV hand bag'),(3516,81,0,214,'LV hand bag'),(3517,83,0,214,'LV hand bag'),(3518,115,0,214,'76lv hand bag'),(3519,118,0,214,'0'),(3520,103,0,214,'container2'),(3521,106,0,215,'77_1.JPG'),(3522,70,0,215,'YSL hand bag'),(3523,81,0,215,'YSL hand bag'),(3524,83,0,215,'YSL hand bag'),(3525,115,0,215,'77ysl hand bag'),(3526,118,0,215,'0'),(3527,103,0,215,'container2'),(3528,106,0,216,'78_1.JPG'),(3529,70,0,216,'YSL Sore bag'),(3530,81,0,216,'78YSL Sorebag'),(3531,83,0,216,'78YSL Sorebag'),(3532,115,0,216,'78ysl sorebag'),(3533,118,0,216,'0'),(3534,103,0,216,'container2'),(3535,106,0,217,'79_1.JPG'),(3536,70,0,217,'Channel phone holder'),(3537,81,0,217,'Channel phone holder'),(3538,83,0,217,'Channel phone holder'),(3539,115,0,217,'79channel phone holder'),(3540,118,0,217,'0'),(3541,103,0,217,'container2'),(3542,106,0,218,'80.JPG'),(3543,70,0,218,'LV broach'),(3544,81,0,218,'LV broach'),(3545,83,0,218,'LV broach'),(3546,115,0,218,'80lv broach'),(3547,118,0,218,'0'),(3548,103,0,218,'container2'),(3549,106,0,219,'81_1.JPG'),(3550,70,0,219,'YSL broach'),(3551,81,0,219,'YSL broach'),(3552,83,0,219,'YSL broach'),(3553,115,0,219,'82ysl broach'),(3554,118,0,219,'0'),(3555,103,0,219,'container2'),(3556,106,0,220,'83_1.JPG'),(3557,70,0,220,'Channel broach'),(3558,81,0,220,'Channel broach'),(3559,83,0,220,'Channel broach'),(3560,115,0,220,'83channel broach'),(3561,118,0,220,'0'),(3562,103,0,220,'container2'),(3563,106,0,221,'84_1.JPG'),(3564,70,0,221,'Channel broach'),(3565,81,0,221,'Channel broach'),(3566,83,0,221,'Channel broach'),(3567,115,0,221,'84channel broach'),(3568,118,0,221,'0'),(3569,103,0,221,'container2'),(3570,106,0,222,'85.JPG'),(3571,70,0,222,'Channel broach'),(3572,81,0,222,'Channel broach'),(3573,83,0,222,'Channel broach'),(3574,115,0,222,'85channel broach'),(3575,118,0,222,'0'),(3576,103,0,222,'container2'),(3577,106,0,223,'86_1.JPG'),(3578,70,0,223,'Channel broach'),(3579,81,0,223,'Channel broach'),(3580,83,0,223,'Channel broach'),(3581,115,0,223,'86channel broach'),(3582,118,0,223,'0'),(3583,103,0,223,'container2'),(3584,106,0,224,'87.JPG'),(3585,70,0,224,'Gucci broach'),(3586,81,0,224,'Gucci broach'),(3587,83,0,224,'Gucci broach'),(3588,115,0,224,'87gucci broach'),(3589,118,0,224,'0'),(3590,103,0,224,'container2'),(3591,106,0,225,'88_1.JPG'),(3592,70,0,225,'Gucci broach'),(3593,81,0,225,'Gucci broach'),(3594,83,0,225,'Gucci broach'),(3595,115,0,225,'88gucci broach'),(3596,118,0,225,'0'),(3597,103,0,225,'container2'),(3598,106,0,226,'89_1.JPG'),(3599,70,0,226,'Gucci broach'),(3600,81,0,226,'Gucci broach'),(3601,83,0,226,'Gucci broach'),(3602,115,0,226,'89gucci broach'),(3603,118,0,226,'0'),(3604,103,0,226,'container2'),(3605,106,0,227,'90_1.JPG'),(3606,70,0,227,'Gucci broach'),(3607,81,0,227,'Gucci broach'),(3608,83,0,227,'Gucci broach'),(3609,115,0,227,'90gucci broach'),(3610,118,0,227,'0'),(3611,103,0,227,'container2'),(3612,106,0,228,'91_1.JPG'),(3613,70,0,228,'Gucci broach'),(3614,81,0,228,'Gucci broach'),(3615,83,0,228,'Gucci broach'),(3616,115,0,228,'91gucci broach'),(3617,118,0,228,'0'),(3618,103,0,228,'container2'),(3619,106,0,229,'92_1.JPG'),(3620,70,0,229,'Dior broach'),(3621,81,0,229,'Dior broach'),(3622,83,0,229,'Dior broach'),(3623,115,0,229,'92dior broach'),(3624,118,0,229,'0'),(3625,103,0,229,'container2'),(3626,106,0,230,'93.JPG'),(3627,70,0,230,'Gucci broach'),(3628,81,0,230,'Gucci broach'),(3629,83,0,230,'Gucci broach'),(3630,115,0,230,'93gucci broach'),(3631,118,0,230,'0'),(3632,103,0,230,'container2'),(3633,106,0,231,'94.JPG'),(3634,70,0,231,'Gucci broach'),(3635,81,0,231,'Gucci broach'),(3636,83,0,231,'Gucci broach'),(3637,115,0,231,'94gucci broach'),(3638,118,0,231,'0'),(3639,103,0,231,'container2'),(3640,106,0,232,'95.JPG'),(3641,70,0,232,'Dior broach'),(3642,81,0,232,'Dior broach'),(3643,83,0,232,'Dior broach'),(3644,115,0,232,'95dior broach'),(3645,118,0,232,'0'),(3646,103,0,232,'container2'),(3647,106,0,233,'96_1.JPG'),(3648,70,0,233,'Prada broach'),(3649,81,0,233,'Prada broach'),(3650,83,0,233,'Prada broach'),(3651,115,0,233,'96prada broach'),(3652,118,0,233,'0'),(3653,103,0,233,'container2'),(3654,106,0,234,'97.JPG'),(3655,70,0,234,'Dior hairfastener'),(3656,81,0,234,'Dior hairfastener'),(3657,83,0,234,'Dior hairfastener'),(3658,115,0,234,'97dior hairfastener'),(3659,118,0,234,'0'),(3660,103,0,234,'container2'),(3661,106,0,235,'98_1.JPG'),(3662,70,0,235,'Cartier Love bracelet'),(3663,81,0,235,'Cartier Love bracelet'),(3664,83,0,235,'Cartier Love bracelet'),(3665,115,0,235,'98cartier love bracelet'),(3666,118,0,235,'0'),(3667,103,0,235,'container2'),(3668,106,0,236,'99_1.JPG'),(3669,70,0,236,'Channel hairfastener'),(3670,81,0,236,'Channel hairfastener'),(3671,83,0,236,'Channel hairfastener'),(3672,115,0,236,'99channel hairfastener'),(3673,118,0,236,'0'),(3674,103,0,236,'container2'),(3675,106,0,237,'100_1.JPG'),(3676,70,0,237,'Channel hairfastener'),(3677,81,0,237,'Channel hairfastener'),(3678,83,0,237,'Channel hairfastener'),(3679,115,0,237,'100channel hairfastener'),(3680,118,0,237,'0'),(3681,103,0,237,'container2'),(3682,106,0,238,'101_1.JPG'),(3683,70,0,238,'Cartier ring'),(3684,81,0,238,'Cartier ring'),(3685,83,0,238,'Cartier ring'),(3686,115,0,238,'101cartier ring'),(3687,118,0,238,'0'),(3688,103,0,238,'container2'),(3689,106,0,239,'102_1.JPG'),(3690,70,0,239,'Cartier ring'),(3691,81,0,239,'Cartier ring'),(3692,83,0,239,'Cartier ring'),(3693,115,0,239,'102cartier ring'),(3694,118,0,239,'0'),(3695,103,0,239,'container2'),(3696,106,0,240,'103_1.JPG'),(3697,70,0,240,'Gucci ring'),(3698,81,0,240,'Gucci ring'),(3699,83,0,240,'Gucci ring'),(3700,115,0,240,'103gucci ring'),(3701,118,0,240,'0'),(3702,103,0,240,'container2'),(3703,106,0,241,'104_1.JPG'),(3704,70,0,241,'Gucci ring'),(3705,81,0,241,'Gucci ring'),(3706,83,0,241,'Gucci ring'),(3707,115,0,241,'104gucci ring'),(3708,118,0,241,'0'),(3709,103,0,241,'container2'),(3710,106,0,242,'105_1.JPG'),(3711,70,0,242,'Van Cleef ring'),(3712,81,0,242,'Van Cleef ring'),(3713,83,0,242,'Van Cleef ring'),(3714,115,0,242,'105van cleef ring'),(3715,118,0,242,'0'),(3716,103,0,242,'container2'),(3717,106,0,243,'106_1.JPG'),(3718,70,0,243,'Valentino ring'),(3719,81,0,243,'Valentino ring'),(3720,83,0,243,'Valentino ring'),(3721,115,0,243,'106valentino ring'),(3722,118,0,243,'0'),(3723,103,0,243,'container2'),(3724,106,0,244,'107_1.JPG'),(3725,70,0,244,'Prada ring'),(3726,81,0,244,'Prada ring'),(3727,83,0,244,'Prada ring'),(3728,115,0,244,'107prada ring'),(3729,118,0,244,'0'),(3730,103,0,244,'container2'),(3731,106,0,245,'108_1.JPG'),(3732,70,0,245,'YSL Necklace'),(3733,81,0,245,'YSL Necklace'),(3734,83,0,245,'YSL Necklace'),(3735,115,0,245,'108ysl necklace'),(3736,118,0,245,'0'),(3737,103,0,245,'container2'),(3738,106,0,246,'109_1.JPG'),(3739,70,0,246,'Van Cleef Necklace'),(3740,81,0,246,'Van Cleef Necklace'),(3741,83,0,246,'Van Cleef Necklace'),(3742,115,0,246,'109van cleef necklace'),(3743,118,0,246,'0'),(3744,103,0,246,'container2'),(3745,106,0,247,'110_1.JPG'),(3746,70,0,247,'Channel Necklace'),(3747,81,0,247,'Channel Necklace'),(3748,83,0,247,'Channel Necklace'),(3749,115,0,247,'110channel necklace'),(3750,118,0,247,'0'),(3751,103,0,247,'container2'),(3752,106,0,248,'131_1.JPG'),(3753,70,0,248,'Gucci bracelet'),(3754,81,0,248,'Gucci bracelet'),(3755,83,0,248,'Gucci bracelet'),(3756,115,0,248,'131gucci bracelet'),(3757,118,0,248,'0'),(3758,103,0,248,'container2'),(3759,106,0,249,'132_1.JPG'),(3760,70,0,249,'Cartier bracelet'),(3761,81,0,249,'Cartier bracelet'),(3762,83,0,249,'Cartier bracelet'),(3763,115,0,249,'132cartier bracelet'),(3764,118,0,249,'0'),(3765,103,0,249,'container2'),(3766,106,0,250,'133_1.JPG'),(3767,70,0,250,'Saint Laurnet earrings'),(3768,81,0,250,'Saint Laurnet earrings'),(3769,83,0,250,'Saint Laurnet earrings'),(3770,115,0,250,'133saint laurnet earrings'),(3771,118,0,250,'0'),(3772,103,0,250,'container2'),(3773,106,0,251,'134_1.JPG'),(3774,70,0,251,'Cartier bracelet'),(3775,81,0,251,'Cartier bracelet'),(3776,83,0,251,'Cartier bracelet'),(3777,115,0,251,'134cartier bracelet'),(3778,118,0,251,'0'),(3779,103,0,251,'container2'),(3780,106,0,252,'135_1.JPG'),(3781,70,0,252,'Prada bracelet'),(3782,81,0,252,'Prada bracelet'),(3783,83,0,252,'Prada bracelet'),(3784,115,0,252,'135prada bracelet'),(3785,118,0,252,'0'),(3786,103,0,252,'container2'),(3787,106,0,253,'136_1.JPG'),(3788,70,0,253,'Dior bracelet'),(3789,81,0,253,'Dior bracelet'),(3790,83,0,253,'Dior bracelet'),(3791,115,0,253,'136dior bracelet'),(3792,118,0,253,'0'),(3793,103,0,253,'container2'),(3794,106,0,254,'137_1.JPG'),(3795,70,0,254,'Dior earrings'),(3796,81,0,254,'Dior earrings'),(3797,83,0,254,'Dior earrings'),(3798,115,0,254,'137dior earrings'),(3799,118,0,254,'0'),(3800,103,0,254,'container2'),(3801,106,0,255,'138_1.JPG'),(3802,70,0,255,'Dior earrings'),(3803,81,0,255,'Dior earrings'),(3804,83,0,255,'Dior earrings'),(3805,115,0,255,'138dior earrings'),(3806,118,0,255,'0'),(3807,103,0,255,'container2'),(3808,106,0,256,'139_1.JPG'),(3809,70,0,256,'Gucci earrings'),(3810,81,0,256,'Gucci earrings'),(3811,83,0,256,'Gucci earrings'),(3812,115,0,256,'139gucci earrings'),(3813,118,0,256,'0'),(3814,103,0,256,'container2'),(3815,106,0,257,'140_1.JPG'),(3816,70,0,257,'Gucci earrings'),(3817,81,0,257,'Gucci earrings'),(3818,83,0,257,'Gucci earrings'),(3819,115,0,257,'140gucci earrings'),(3820,118,0,257,'0'),(3821,103,0,257,'container2'),(3822,106,0,258,'141_1.JPG'),(3823,70,0,258,'Gucci earrings'),(3824,81,0,258,'Gucci earrings'),(3825,83,0,258,'Gucci earrings'),(3826,115,0,258,'141gucci earrings'),(3827,118,0,258,'0'),(3828,103,0,258,'container2'),(3829,106,0,259,'142_1.JPG'),(3830,70,0,259,'Gucci earrings'),(3831,81,0,259,'Gucci earrings'),(3832,83,0,259,'Gucci earrings'),(3833,115,0,259,'142gucci earrings'),(3834,118,0,259,'0'),(3835,103,0,259,'container2'),(3836,106,0,260,'143_1.JPG'),(3837,70,0,260,'Gucci earrings'),(3838,81,0,260,'Gucci earrings'),(3839,83,0,260,'Gucci earrings'),(3840,115,0,260,'143gucci earrings'),(3841,118,0,260,'0'),(3842,103,0,260,'container2'),(3843,106,0,261,'144_1.JPG'),(3844,70,0,261,'Channel earrings'),(3845,81,0,261,'Channel earrings'),(3846,83,0,261,'Channel earrings'),(3847,115,0,261,'144channel earrings'),(3848,118,0,261,'0'),(3849,103,0,261,'container2'),(3850,106,0,262,'145_1.JPG'),(3851,70,0,262,'Channel earrings'),(3852,81,0,262,'Channel earrings'),(3853,83,0,262,'Channel earrings'),(3854,115,0,262,'145channel earrings'),(3855,118,0,262,'0'),(3856,103,0,262,'container2'),(3857,106,0,263,'146_1.JPG'),(3858,70,0,263,'Valentino earrings'),(3859,81,0,263,'Valentino earrings'),(3860,83,0,263,'Valentino earrings'),(3861,115,0,263,'146valentino earrings'),(3862,118,0,263,'0'),(3863,103,0,263,'container2'),(3864,106,0,264,'147_1.JPG'),(3865,70,0,264,'Cartier earrings'),(3866,81,0,264,'Cartier earrings'),(3867,83,0,264,'Cartier earrings'),(3868,115,0,264,'147cartier earrings'),(3869,118,0,264,'0'),(3870,103,0,264,'container2'),(3871,106,0,265,'148_1.JPG'),(3872,70,0,265,'Prada earrings'),(3873,81,0,265,'Prada earrings'),(3874,83,0,265,'Prada earrings'),(3875,115,0,265,'148prada earrings'),(3876,118,0,265,'0'),(3877,103,0,265,'container2'),(3878,106,0,266,'149_1.JPG'),(3879,70,0,266,'Dior set'),(3880,81,0,266,'Dior set'),(3881,83,0,266,'Dior set'),(3882,115,0,266,'149dior set'),(3883,118,0,266,'0'),(3884,103,0,266,'container2'),(3885,106,0,267,'111_1.JPG'),(3886,70,0,267,'Channel Necklace'),(3887,81,0,267,'Channel Necklace'),(3888,83,0,267,'Channel Necklace'),(3889,115,0,267,'111channel necklace'),(3890,118,0,267,'0'),(3891,103,0,267,'container2'),(3892,106,0,268,'112_1.JPG'),(3893,70,0,268,'Channel Necklace'),(3894,81,0,268,'Channel Necklace'),(3895,83,0,268,'Channel Necklace'),(3896,115,0,268,'112channel necklace'),(3897,118,0,268,'0'),(3898,103,0,268,'container2'),(3899,106,0,269,'113_1.JPG'),(3900,70,0,269,'Channel Necklace'),(3901,81,0,269,'Channel Necklace'),(3902,83,0,269,'Channel Necklace'),(3903,115,0,269,'113channel necklace'),(3904,118,0,269,'0'),(3905,103,0,269,'container2'),(3906,106,0,270,'114_1.JPG'),(3907,70,0,270,'Gucci Neclace'),(3908,81,0,270,'Gucci Neclace'),(3909,83,0,270,'Gucci Neclace'),(3910,115,0,270,'114gucci neclace'),(3911,118,0,270,'0'),(3912,103,0,270,'container2'),(3913,106,0,271,'115_1.JPG'),(3914,70,0,271,'Gucci Neclace'),(3915,81,0,271,'Gucci Neclace'),(3916,83,0,271,'Gucci Neclace'),(3917,115,0,271,'115gucci neclace'),(3918,118,0,271,'0'),(3919,103,0,271,'container2'),(3920,106,0,272,'116_1.JPG'),(3921,70,0,272,'Gucci Neclace'),(3922,81,0,272,'Gucci Neclace'),(3923,83,0,272,'Gucci Neclace'),(3924,115,0,272,'116gucci neclace'),(3925,118,0,272,'0'),(3926,103,0,272,'container2'),(3927,106,0,273,'117_1.JPG'),(3928,70,0,273,'Dior Necklace'),(3929,81,0,273,'Dior Necklace'),(3930,83,0,273,'Dior Necklace'),(3931,115,0,273,'117dior necklace'),(3932,118,0,273,'0'),(3933,103,0,273,'container2'),(3934,106,0,274,'118_1.JPG'),(3935,70,0,274,'Gucci Neclace'),(3936,81,0,274,'Gucci Neclace'),(3937,83,0,274,'Gucci Neclace'),(3938,115,0,274,'118gucci neclace'),(3939,118,0,274,'0'),(3940,103,0,274,'container2'),(3941,106,0,275,'119_1.JPG'),(3942,70,0,275,'Versace Necklace'),(3943,81,0,275,'Versace Necklace'),(3944,83,0,275,'Versace Necklace'),(3945,115,0,275,'119versace necklace'),(3946,118,0,275,'0'),(3947,103,0,275,'container2'),(3948,106,0,276,'121_1.JPG'),(3949,70,0,276,'Prada Necklace'),(3950,81,0,276,'Prada Necklace'),(3951,83,0,276,'Prada Necklace'),(3952,115,0,276,'121prada necklace'),(3953,118,0,276,'0'),(3954,103,0,276,'container2'),(3955,106,0,277,'122_1.JPG'),(3956,70,0,277,'Prada Necklace'),(3957,81,0,277,'Prada Necklace'),(3958,83,0,277,'Prada Necklace'),(3959,115,0,277,'122prada necklace'),(3960,118,0,277,'0'),(3961,103,0,277,'container2'),(3962,106,0,278,'123_1.JPG'),(3963,70,0,278,'Valentino Necklace'),(3964,81,0,278,'Valentino Necklace'),(3965,83,0,278,'Valentino Necklace'),(3966,115,0,278,'123valentino necklace'),(3967,118,0,278,'0'),(3968,103,0,278,'container2'),(3969,106,0,279,'124_1.JPG'),(3970,70,0,279,'Valentino Necklace'),(3971,81,0,279,'Valentino Necklace'),(3972,83,0,279,'Valentino Necklace'),(3973,115,0,279,'124valentino necklace'),(3974,118,0,279,'0'),(3975,103,0,279,'container2'),(3976,106,0,280,'125_1.JPG'),(3977,70,0,280,'Hermis Necklace'),(3978,81,0,280,'Hermis Necklace'),(3979,83,0,280,'Hermis Necklace'),(3980,115,0,280,'125hermis necklace'),(3981,118,0,280,'0'),(3982,103,0,280,'container2'),(3983,106,0,281,'126_1.JPG'),(3984,70,0,281,'Cartier Love necklace'),(3985,81,0,281,'Cartier Love necklace'),(3986,83,0,281,'Cartier Love necklace'),(3987,115,0,281,'126cartier love necklace'),(3988,118,0,281,'0'),(3989,103,0,281,'container2'),(3990,106,0,282,'127_1.JPG'),(3991,70,0,282,'Cartier Love bracelet'),(3992,81,0,282,'Cartier Love bracelet'),(3993,83,0,282,'Cartier Love bracelet'),(3994,115,0,282,'127cartier love bracelet'),(3995,118,0,282,'0'),(3996,103,0,282,'container2'),(3997,106,0,283,'128_1.JPG'),(3998,70,0,283,'Van Cleef signature bracelet'),(3999,81,0,283,'Van Cleef signature bracelet'),(4000,83,0,283,'Van Cleef signature bracelet'),(4001,115,0,283,'128van cleef signature bracelet'),(4002,118,0,283,'0'),(4003,103,0,283,'container2'),(4004,106,0,284,'129_1.JPG'),(4005,70,0,284,'Channel bracelet'),(4006,81,0,284,'Channel bracelet'),(4007,83,0,284,'Channel bracelet'),(4008,115,0,284,'129channel bracelet'),(4009,118,0,284,'0'),(4010,103,0,284,'container2'),(4011,106,0,285,'130_1.JPG'),(4012,70,0,285,'Channel bracelet'),(4013,81,0,285,'Channel bracelet'),(4014,83,0,285,'Channel bracelet'),(4015,115,0,285,'130channel bracelet'),(4016,118,0,285,'0'),(4017,103,0,285,'container2'),(4018,106,0,286,'150_1.JPG'),(4019,70,0,286,'Van Cleef set'),(4020,81,0,286,'Van Cleef set'),(4021,83,0,286,'Van Cleef set'),(4022,115,0,286,'150van cleef set'),(4023,118,0,286,'0'),(4024,103,0,286,'container2'),(4025,106,0,287,'151_1.JPG'),(4026,70,0,287,'Van Cleef set'),(4027,81,0,287,'Van Cleef set'),(4028,83,0,287,'Van Cleef set'),(4029,115,0,287,'151van cleef set'),(4030,118,0,287,'0'),(4031,103,0,287,'container2'),(4032,106,0,288,'152_1.JPG'),(4033,70,0,288,'Marli set'),(4034,81,0,288,'Marli set'),(4035,83,0,288,'Marli set'),(4036,115,0,288,'152marli set'),(4037,118,0,288,'0'),(4038,103,0,288,'container2'),(4039,106,0,289,'153.JPG'),(4040,70,0,289,'Saint Laurnet earring'),(4041,81,0,289,'Saint Laurnet earring'),(4042,83,0,289,'Saint Laurnet earring'),(4043,115,0,289,'153saint laurnet earring'),(4044,118,0,289,'0'),(4045,103,0,289,'container2'),(4046,106,0,290,'154_1.JPG'),(4047,70,0,290,'Hermis wallet'),(4048,81,0,290,'Hermis wallet'),(4049,83,0,290,'Hermis wallet'),(4050,115,0,290,'154hermis wallet'),(4051,118,0,290,'0'),(4052,103,0,290,'container2'),(4053,106,0,291,'155_2.JPG'),(4054,70,0,291,'Saint Laruent bracelet'),(4055,81,0,291,'Saint Laruent bracelet'),(4056,83,0,291,'Saint Laruent bracelet'),(4057,115,0,291,'155saint laruent bracelet'),(4058,118,0,291,'0'),(4059,103,0,291,'container2'),(4060,106,0,292,'156_1.JPG'),(4061,70,0,292,'Fendi Bag'),(4062,81,0,292,'Fendi Bag'),(4063,83,0,292,'Fendi Bag'),(4064,115,0,292,'156fendi bag'),(4065,118,0,292,'0'),(4066,103,0,292,'container2'),(4067,106,0,293,'157_1.JPG'),(4068,70,0,293,'Fendi Bag'),(4069,81,0,293,'Fendi Bag'),(4070,83,0,293,'Fendi Bag'),(4071,115,0,293,'157fendi bag'),(4072,118,0,293,'0'),(4073,103,0,293,'container2'),(4074,106,0,294,'158_1.JPG'),(4075,70,0,294,'Fendi Bag'),(4076,81,0,294,'Fendi Bag'),(4077,83,0,294,'Fendi Bag'),(4078,115,0,294,'158fendibag'),(4079,118,0,294,'0'),(4080,103,0,294,'container2'),(4081,106,0,295,'159_1.JPG'),(4082,70,0,295,'Cartier set'),(4083,81,0,295,'Cartier set'),(4084,83,0,295,'Cartier set'),(4085,115,0,295,'223ddd'),(4086,118,0,295,'0'),(4087,103,0,295,'container2'),(4088,106,0,296,'31_1.JPG'),(4089,70,0,296,'Goyard Pouch bag'),(4090,81,0,296,'Goyard Pouch bag'),(4091,83,0,296,'Goyard Pouch bag'),(4092,115,0,296,'31goyard-pouch-bag'),(4093,118,0,296,'0'),(4094,103,0,296,'container2'),(4095,130,0,296,'0'),(4096,106,0,297,'34_1.JPG'),(4097,70,0,297,'Carolina Herrera Pouch bag'),(4098,81,0,297,'Carolina Herrera Pouch bag'),(4099,83,0,297,'Carolina Herrera Pouch bag'),(4100,115,0,297,'34carolina-herrera-pouch-bag'),(4101,118,0,297,'0'),(4102,103,0,297,'container2'),(4103,130,0,297,'0'),(4104,106,0,298,'41_1.JPG'),(4105,70,0,298,'Dior tote bag'),(4106,81,0,298,'Dior tote bag'),(4107,83,0,298,'Dior tote bag'),(4108,115,0,298,'41dior-tote-bag'),(4109,118,0,298,'0'),(4110,103,0,298,'container2'),(4111,130,0,298,'0'),(4112,106,0,299,'160_1.JPG'),(4113,70,0,299,'Gucci set'),(4114,81,0,299,'Gucci set'),(4115,83,0,299,'Gucci set 2 pieces set of Gucci pearled bracelet and choker\r\n'),(4116,115,0,299,'gucci-set'),(4117,118,0,299,'0'),(4118,103,0,299,'container2'),(4119,130,0,299,'2'),(5195,84,0,147,'/1/_/1_1_1.jpg'),(5196,85,0,147,'/1/_/1_1_1.jpg'),(5197,86,0,147,'/1/_/1_1_1.jpg'),(5198,84,0,148,'/2/_/2_1.jpg'),(5199,85,0,148,'/2/_/2_1.jpg'),(5200,86,0,148,'/2/_/2_1.jpg'),(5201,84,0,149,'/3/_/3_1_1.jpg'),(5202,85,0,149,'/3/_/3_1_1.jpg'),(5203,86,0,149,'/3/_/3_1_1.jpg'),(5204,84,0,150,'/4/_/4_1_1.jpg'),(5205,85,0,150,'/4/_/4_1_1.jpg'),(5206,86,0,150,'/4/_/4_1_1.jpg'),(5207,84,0,151,'/5/_/5_2.jpg'),(5208,85,0,151,'/5/_/5_2.jpg'),(5209,86,0,151,'/5/_/5_2.jpg'),(5210,84,0,152,'/6/_/6_1.jpg'),(5211,85,0,152,'/6/_/6_1.jpg'),(5212,86,0,152,'/6/_/6_1.jpg'),(5213,84,0,153,'/7/_/7_1_1.jpg'),(5214,85,0,153,'/7/_/7_1_1.jpg'),(5215,86,0,153,'/7/_/7_1_1.jpg'),(5216,84,0,154,'/8/_/8_1.jpg'),(5217,85,0,154,'/8/_/8_1.jpg'),(5218,86,0,154,'/8/_/8_1.jpg'),(5219,84,0,155,'/9/_/9_1_1.jpg'),(5220,85,0,155,'/9/_/9_1_1.jpg'),(5221,86,0,155,'/9/_/9_1_1.jpg'),(5222,84,0,156,'/1/0/10_1.jpg'),(5223,85,0,156,'/1/0/10_1.jpg'),(5224,86,0,156,'/1/0/10_1.jpg'),(5225,84,0,157,'/1/1/11_1_1.jpg'),(5226,85,0,157,'/1/1/11_1_1.jpg'),(5227,86,0,157,'/1/1/11_1_1.jpg'),(5228,84,0,158,'/1/2/12_1_1.jpg'),(5229,85,0,158,'/1/2/12_1_1.jpg'),(5230,86,0,158,'/1/2/12_1_1.jpg'),(5231,84,0,159,'/1/3/13_1_1.jpg'),(5232,85,0,159,'/1/3/13_1_1.jpg'),(5233,86,0,159,'/1/3/13_1_1.jpg'),(5234,84,0,160,'/1/4/14_1_1.jpg'),(5235,85,0,160,'/1/4/14_1_1.jpg'),(5236,86,0,160,'/1/4/14_1_1.jpg'),(5237,84,0,161,'/1/5/15_1_1.jpg'),(5238,85,0,161,'/1/5/15_1_1.jpg'),(5239,86,0,161,'/1/5/15_1_1.jpg'),(5240,84,0,162,'/1/6/16_1_2.jpg'),(5241,85,0,162,'/1/6/16_1_2.jpg'),(5242,86,0,162,'/1/6/16_1_2.jpg'),(5243,84,0,163,'/1/7/17_1_1.jpg'),(5244,85,0,163,'/1/7/17_1_1.jpg'),(5245,86,0,163,'/1/7/17_1_1.jpg'),(5246,84,0,164,'/1/8/18_1_1.jpg'),(5247,85,0,164,'/1/8/18_1_1.jpg'),(5248,86,0,164,'/1/8/18_1_1.jpg'),(5249,84,0,165,'/1/9/19_1_1.jpg'),(5250,85,0,165,'/1/9/19_1_1.jpg'),(5251,86,0,165,'/1/9/19_1_1.jpg'),(5252,84,0,166,'/2/0/20_1_1.jpg'),(5253,85,0,166,'/2/0/20_1_1.jpg'),(5254,86,0,166,'/2/0/20_1_1.jpg'),(5255,84,0,167,'/2/1/21_1_1.jpg'),(5256,85,0,167,'/2/1/21_1_1.jpg'),(5257,86,0,167,'/2/1/21_1_1.jpg'),(5258,84,0,168,'/2/2/22_1_1.jpg'),(5259,85,0,168,'/2/2/22_1_1.jpg'),(5260,86,0,168,'/2/2/22_1_1.jpg'),(5261,84,0,169,'/2/3/23_3_1.jpg'),(5262,85,0,169,'/2/3/23_3_1.jpg'),(5263,86,0,169,'/2/3/23_3_1.jpg'),(5264,84,0,170,'/2/4/24_1_1.jpg'),(5265,85,0,170,'/2/4/24_1_1.jpg'),(5266,86,0,170,'/2/4/24_1_1.jpg'),(5267,84,0,171,'/2/5/25_2_1.jpg'),(5268,85,0,171,'/2/5/25_2_1.jpg'),(5269,86,0,171,'/2/5/25_2_1.jpg'),(5270,84,0,172,'/2/6/26_1_1.jpg'),(5271,85,0,172,'/2/6/26_1_1.jpg'),(5272,86,0,172,'/2/6/26_1_1.jpg'),(5273,84,0,173,'/2/7/27_1_2.jpg'),(5274,85,0,173,'/2/7/27_1_2.jpg'),(5275,86,0,173,'/2/7/27_1_2.jpg'),(5276,84,0,174,'/2/8/28_1_1.jpg'),(5277,85,0,174,'/2/8/28_1_1.jpg'),(5278,86,0,174,'/2/8/28_1_1.jpg'),(5279,84,0,175,'/2/9/29_1_1.jpg'),(5280,85,0,175,'/2/9/29_1_1.jpg'),(5281,86,0,175,'/2/9/29_1_1.jpg'),(5282,84,0,176,'/3/0/30_1.jpg'),(5283,85,0,176,'/3/0/30_1.jpg'),(5284,86,0,176,'/3/0/30_1.jpg'),(5285,84,0,177,'/3/2/32_1_1.jpg'),(5286,85,0,177,'/3/2/32_1_1.jpg'),(5287,86,0,177,'/3/2/32_1_1.jpg'),(5288,84,0,178,'/3/3/33_1_1.jpg'),(5289,85,0,178,'/3/3/33_1_1.jpg'),(5290,86,0,178,'/3/3/33_1_1.jpg'),(5291,84,0,179,'/3/5/35_1_1.jpg'),(5292,85,0,179,'/3/5/35_1_1.jpg'),(5293,86,0,179,'/3/5/35_1_1.jpg'),(5294,84,0,180,'/3/6/36_1_1.jpg'),(5295,85,0,180,'/3/6/36_1_1.jpg'),(5296,86,0,180,'/3/6/36_1_1.jpg'),(5297,84,0,181,'/3/7/37_1_1.jpg'),(5298,85,0,181,'/3/7/37_1_1.jpg'),(5299,86,0,181,'/3/7/37_1_1.jpg'),(5300,84,0,182,'/3/8/38_1.jpg'),(5301,85,0,182,'/3/8/38_1.jpg'),(5302,86,0,182,'/3/8/38_1.jpg'),(5303,84,0,183,'/4/0/40_1_1.jpg'),(5304,85,0,183,'/4/0/40_1_1.jpg'),(5305,86,0,183,'/4/0/40_1_1.jpg'),(5306,84,0,184,'/3/9/39_1_1.jpg'),(5307,85,0,184,'/3/9/39_1_1.jpg'),(5308,86,0,184,'/3/9/39_1_1.jpg'),(5309,84,0,185,'/4/3/43_1_1.jpg'),(5310,85,0,185,'/4/3/43_1_1.jpg'),(5311,86,0,185,'/4/3/43_1_1.jpg'),(5312,84,0,186,'/4/4/44_1_1.jpg'),(5313,85,0,186,'/4/4/44_1_1.jpg'),(5314,86,0,186,'/4/4/44_1_1.jpg'),(5315,84,0,187,'/4/6/46_1_1.jpg'),(5316,85,0,187,'/4/6/46_1_1.jpg'),(5317,86,0,187,'/4/6/46_1_1.jpg'),(5318,84,0,188,'/4/7/47_1_1.jpg'),(5319,85,0,188,'/4/7/47_1_1.jpg'),(5320,86,0,188,'/4/7/47_1_1.jpg'),(5321,84,0,189,'/4/9/49_1_1.jpg'),(5322,85,0,189,'/4/9/49_1_1.jpg'),(5323,86,0,189,'/4/9/49_1_1.jpg'),(5324,84,0,190,'/5/0/50_1_1.jpg'),(5325,85,0,190,'/5/0/50_1_1.jpg'),(5326,86,0,190,'/5/0/50_1_1.jpg'),(5327,84,0,191,'/5/1/51_1_1.jpg'),(5328,85,0,191,'/5/1/51_1_1.jpg'),(5329,86,0,191,'/5/1/51_1_1.jpg'),(5330,84,0,192,'/5/3/53_1_1.jpg'),(5331,85,0,192,'/5/3/53_1_1.jpg'),(5332,86,0,192,'/5/3/53_1_1.jpg'),(5333,84,0,193,'/5/4/54_1_1.jpg'),(5334,85,0,193,'/5/4/54_1_1.jpg'),(5335,86,0,193,'/5/4/54_1_1.jpg'),(5336,84,0,194,'/5/5/55_1_1.jpg'),(5337,85,0,194,'/5/5/55_1_1.jpg'),(5338,86,0,194,'/5/5/55_1_1.jpg'),(5339,84,0,195,'/5/6/56_1_1.jpg'),(5340,85,0,195,'/5/6/56_1_1.jpg'),(5341,86,0,195,'/5/6/56_1_1.jpg'),(5342,84,0,196,'/5/7/57_1_1.jpg'),(5343,85,0,196,'/5/7/57_1_1.jpg'),(5344,86,0,196,'/5/7/57_1_1.jpg'),(5345,84,0,197,'/5/8/58_1_1.jpg'),(5346,85,0,197,'/5/8/58_1_1.jpg'),(5347,86,0,197,'/5/8/58_1_1.jpg'),(5348,84,0,198,'/5/9/59_1_1.jpg'),(5349,85,0,198,'/5/9/59_1_1.jpg'),(5350,86,0,198,'/5/9/59_1_1.jpg'),(5351,84,0,199,'/6/0/60_1_1.jpg'),(5352,85,0,199,'/6/0/60_1_1.jpg'),(5353,86,0,199,'/6/0/60_1_1.jpg'),(5354,84,0,200,'/6/1/61_1_1.jpg'),(5355,85,0,200,'/6/1/61_1_1.jpg'),(5356,86,0,200,'/6/1/61_1_1.jpg'),(5357,84,0,201,'/6/3/63_1_2.jpg'),(5358,85,0,201,'/6/3/63_1_2.jpg'),(5359,86,0,201,'/6/3/63_1_2.jpg'),(5360,84,0,202,'/6/4/64_4.jpg'),(5361,85,0,202,'/6/4/64_4.jpg'),(5362,86,0,202,'/6/4/64_4.jpg'),(5363,84,0,203,'/6/5/65_1_1.jpg'),(5364,85,0,203,'/6/5/65_1_1.jpg'),(5365,86,0,203,'/6/5/65_1_1.jpg'),(5366,84,0,204,'/6/6/66_1_1.jpg'),(5367,85,0,204,'/6/6/66_1_1.jpg'),(5368,86,0,204,'/6/6/66_1_1.jpg'),(5369,84,0,205,'/6/7/67_1_1.jpg'),(5370,85,0,205,'/6/7/67_1_1.jpg'),(5371,86,0,205,'/6/7/67_1_1.jpg'),(5372,84,0,206,'/6/8/68_1_1.jpg'),(5373,85,0,206,'/6/8/68_1_1.jpg'),(5374,86,0,206,'/6/8/68_1_1.jpg'),(5375,84,0,207,'/6/9/69_1_1.jpg'),(5376,85,0,207,'/6/9/69_1_1.jpg'),(5377,86,0,207,'/6/9/69_1_1.jpg'),(5378,84,0,208,'/7/0/70_1_1.jpg'),(5379,85,0,208,'/7/0/70_1_1.jpg'),(5380,86,0,208,'/7/0/70_1_1.jpg'),(5381,84,0,209,'/7/1/71_1_2.jpg'),(5382,85,0,209,'/7/1/71_1_2.jpg'),(5383,86,0,209,'/7/1/71_1_2.jpg'),(5384,84,0,210,'/7/2/72_1_1.jpg'),(5385,85,0,210,'/7/2/72_1_1.jpg'),(5386,86,0,210,'/7/2/72_1_1.jpg'),(5387,84,0,211,'/7/3/73_1_1.jpg'),(5388,85,0,211,'/7/3/73_1_1.jpg'),(5389,86,0,211,'/7/3/73_1_1.jpg'),(5390,84,0,212,'/7/4/74_1_1.jpg'),(5391,85,0,212,'/7/4/74_1_1.jpg'),(5392,86,0,212,'/7/4/74_1_1.jpg'),(5393,84,0,213,'/7/5/75_1_1.jpg'),(5394,85,0,213,'/7/5/75_1_1.jpg'),(5395,86,0,213,'/7/5/75_1_1.jpg'),(5396,84,0,214,'/7/6/76_1_1.jpg'),(5397,85,0,214,'/7/6/76_1_1.jpg'),(5398,86,0,214,'/7/6/76_1_1.jpg'),(5399,84,0,215,'/7/7/77_1_1.jpg'),(5400,85,0,215,'/7/7/77_1_1.jpg'),(5401,86,0,215,'/7/7/77_1_1.jpg'),(5402,84,0,216,'/7/8/78_1_1.jpg'),(5403,85,0,216,'/7/8/78_1_1.jpg'),(5404,86,0,216,'/7/8/78_1_1.jpg'),(5405,84,0,217,'/7/9/79_1_1.jpg'),(5406,85,0,217,'/7/9/79_1_1.jpg'),(5407,86,0,217,'/7/9/79_1_1.jpg'),(5408,84,0,218,'/8/0/80_1.jpg'),(5409,85,0,218,'/8/0/80_1.jpg'),(5410,86,0,218,'/8/0/80_1.jpg'),(5411,84,0,219,'/8/1/81_1_1.jpg'),(5412,85,0,219,'/8/1/81_1_1.jpg'),(5413,86,0,219,'/8/1/81_1_1.jpg'),(5414,84,0,220,'/8/3/83_1_1.jpg'),(5415,85,0,220,'/8/3/83_1_1.jpg'),(5416,86,0,220,'/8/3/83_1_1.jpg'),(5417,84,0,221,'/8/4/84_1_1.jpg'),(5418,85,0,221,'/8/4/84_1_1.jpg'),(5419,86,0,221,'/8/4/84_1_1.jpg'),(5420,84,0,222,'/8/5/85_1.jpg'),(5421,85,0,222,'/8/5/85_1.jpg'),(5422,86,0,222,'/8/5/85_1.jpg'),(5423,84,0,223,'/8/6/86_1_1.jpg'),(5424,85,0,223,'/8/6/86_1_1.jpg'),(5425,86,0,223,'/8/6/86_1_1.jpg'),(5426,84,0,224,'/8/7/87_1.jpg'),(5427,85,0,224,'/8/7/87_1.jpg'),(5428,86,0,224,'/8/7/87_1.jpg'),(5429,84,0,225,'/8/8/88_1_1.jpg'),(5430,85,0,225,'/8/8/88_1_1.jpg'),(5431,86,0,225,'/8/8/88_1_1.jpg'),(5432,84,0,226,'/8/9/89_1_1.jpg'),(5433,85,0,226,'/8/9/89_1_1.jpg'),(5434,86,0,226,'/8/9/89_1_1.jpg'),(5435,84,0,227,'/9/0/90_1_1.jpg'),(5436,85,0,227,'/9/0/90_1_1.jpg'),(5437,86,0,227,'/9/0/90_1_1.jpg'),(5438,84,0,228,'/9/1/91_1_2.jpg'),(5439,85,0,228,'/9/1/91_1_2.jpg'),(5440,86,0,228,'/9/1/91_1_2.jpg'),(5441,84,0,229,'/9/2/92_1_2.jpg'),(5442,85,0,229,'/9/2/92_1_2.jpg'),(5443,86,0,229,'/9/2/92_1_2.jpg'),(5444,84,0,230,'/9/3/93_3.jpg'),(5445,85,0,230,'/9/3/93_3.jpg'),(5446,86,0,230,'/9/3/93_3.jpg'),(5447,84,0,231,'/9/4/94_3.jpg'),(5448,85,0,231,'/9/4/94_3.jpg'),(5449,86,0,231,'/9/4/94_3.jpg'),(5450,84,0,232,'/9/5/95_1.jpg'),(5451,85,0,232,'/9/5/95_1.jpg'),(5452,86,0,232,'/9/5/95_1.jpg'),(5453,84,0,233,'/9/6/96_1_1.jpg'),(5454,85,0,233,'/9/6/96_1_1.jpg'),(5455,86,0,233,'/9/6/96_1_1.jpg'),(5456,84,0,235,'/9/8/98_1_1.jpg'),(5457,85,0,235,'/9/8/98_1_1.jpg'),(5458,86,0,235,'/9/8/98_1_1.jpg'),(5459,84,0,236,'/9/9/99_1_1.jpg'),(5460,85,0,236,'/9/9/99_1_1.jpg'),(5461,86,0,236,'/9/9/99_1_1.jpg'),(5462,84,0,237,'/1/0/100_1_1.jpg'),(5463,85,0,237,'/1/0/100_1_1.jpg'),(5464,86,0,237,'/1/0/100_1_1.jpg'),(5465,84,0,238,'/1/0/101_1_1.jpg'),(5466,85,0,238,'/1/0/101_1_1.jpg'),(5467,86,0,238,'/1/0/101_1_1.jpg'),(5468,84,0,239,'/1/0/102_1_1.jpg'),(5469,85,0,239,'/1/0/102_1_1.jpg'),(5470,86,0,239,'/1/0/102_1_1.jpg'),(5471,84,0,240,'/1/0/103_1_1.jpg'),(5472,85,0,240,'/1/0/103_1_1.jpg'),(5473,86,0,240,'/1/0/103_1_1.jpg'),(5474,84,0,241,'/1/0/104_1_1.jpg'),(5475,85,0,241,'/1/0/104_1_1.jpg'),(5476,86,0,241,'/1/0/104_1_1.jpg'),(5477,84,0,242,'/1/0/105_1_1.jpg'),(5478,85,0,242,'/1/0/105_1_1.jpg'),(5479,86,0,242,'/1/0/105_1_1.jpg'),(5480,84,0,243,'/1/0/106_1_1.jpg'),(5481,85,0,243,'/1/0/106_1_1.jpg'),(5482,86,0,243,'/1/0/106_1_1.jpg'),(5483,84,0,244,'/1/0/107_1_1.jpg'),(5484,85,0,244,'/1/0/107_1_1.jpg'),(5485,86,0,244,'/1/0/107_1_1.jpg'),(5486,84,0,245,'/1/0/108_1_1.jpg'),(5487,85,0,245,'/1/0/108_1_1.jpg'),(5488,86,0,245,'/1/0/108_1_1.jpg'),(5489,84,0,246,'/1/0/109_1_1.jpg'),(5490,85,0,246,'/1/0/109_1_1.jpg'),(5491,86,0,246,'/1/0/109_1_1.jpg'),(6192,84,0,247,'/1/1/110_1_1.jpg'),(6193,85,0,247,'/1/1/110_1_1.jpg'),(6194,86,0,247,'/1/1/110_1_1.jpg'),(6195,84,0,248,'/1/3/131_1_1.jpg'),(6196,85,0,248,'/1/3/131_1_1.jpg'),(6197,86,0,248,'/1/3/131_1_1.jpg'),(6198,84,0,249,'/1/3/132_1_1.jpg'),(6199,85,0,249,'/1/3/132_1_1.jpg'),(6200,86,0,249,'/1/3/132_1_1.jpg'),(6201,84,0,250,'/1/3/133_1_1.jpg'),(6202,85,0,250,'/1/3/133_1_1.jpg'),(6203,86,0,250,'/1/3/133_1_1.jpg'),(6204,84,0,251,'/1/3/134_1_1.jpg'),(6205,85,0,251,'/1/3/134_1_1.jpg'),(6206,86,0,251,'/1/3/134_1_1.jpg'),(6207,84,0,252,'/1/3/135_1_1.jpg'),(6208,85,0,252,'/1/3/135_1_1.jpg'),(6209,86,0,252,'/1/3/135_1_1.jpg'),(6210,84,0,253,'/1/3/136_1_1.jpg'),(6211,85,0,253,'/1/3/136_1_1.jpg'),(6212,86,0,253,'/1/3/136_1_1.jpg'),(6213,84,0,254,'/1/3/137_1_1.jpg'),(6214,85,0,254,'/1/3/137_1_1.jpg'),(6215,86,0,254,'/1/3/137_1_1.jpg'),(6216,84,0,255,'/1/3/138_1_1.jpg'),(6217,85,0,255,'/1/3/138_1_1.jpg'),(6218,86,0,255,'/1/3/138_1_1.jpg'),(6219,84,0,256,'/1/3/139_1_1.jpg'),(6220,85,0,256,'/1/3/139_1_1.jpg'),(6221,86,0,256,'/1/3/139_1_1.jpg'),(6222,84,0,257,'/1/4/140_1_1.jpg'),(6223,85,0,257,'/1/4/140_1_1.jpg'),(6224,86,0,257,'/1/4/140_1_1.jpg'),(6225,84,0,258,'/1/4/141_1_1.jpg'),(6226,85,0,258,'/1/4/141_1_1.jpg'),(6227,86,0,258,'/1/4/141_1_1.jpg'),(6228,84,0,259,'/1/4/142_1_1.jpg'),(6229,85,0,259,'/1/4/142_1_1.jpg'),(6230,86,0,259,'/1/4/142_1_1.jpg'),(6231,84,0,260,'/1/4/143_1_1.jpg'),(6232,85,0,260,'/1/4/143_1_1.jpg'),(6233,86,0,260,'/1/4/143_1_1.jpg'),(6234,84,0,261,'/1/4/144_1_1.jpg'),(6235,85,0,261,'/1/4/144_1_1.jpg'),(6236,86,0,261,'/1/4/144_1_1.jpg'),(6237,84,0,262,'/1/4/145_1_1.jpg'),(6238,85,0,262,'/1/4/145_1_1.jpg'),(6239,86,0,262,'/1/4/145_1_1.jpg'),(6240,84,0,263,'/1/4/146_1_1.jpg'),(6241,85,0,263,'/1/4/146_1_1.jpg'),(6242,86,0,263,'/1/4/146_1_1.jpg'),(6243,84,0,264,'/1/4/147_1_1.jpg'),(6244,85,0,264,'/1/4/147_1_1.jpg'),(6245,86,0,264,'/1/4/147_1_1.jpg'),(6246,84,0,265,'/1/4/148_1_1.jpg'),(6247,85,0,265,'/1/4/148_1_1.jpg'),(6248,86,0,265,'/1/4/148_1_1.jpg'),(6249,84,0,266,'/1/4/149_1_1.jpg'),(6250,85,0,266,'/1/4/149_1_1.jpg'),(6251,86,0,266,'/1/4/149_1_1.jpg'),(6252,84,0,267,'/1/1/111_1_1.jpg'),(6253,85,0,267,'/1/1/111_1_1.jpg'),(6254,86,0,267,'/1/1/111_1_1.jpg'),(6255,84,0,268,'/1/1/112_1_1.jpg'),(6256,85,0,268,'/1/1/112_1_1.jpg'),(6257,86,0,268,'/1/1/112_1_1.jpg'),(6258,84,0,269,'/1/1/113_1_1.jpg'),(6259,85,0,269,'/1/1/113_1_1.jpg'),(6260,86,0,269,'/1/1/113_1_1.jpg'),(6261,84,0,270,'/1/1/114_1_1.jpg'),(6262,85,0,270,'/1/1/114_1_1.jpg'),(6263,86,0,270,'/1/1/114_1_1.jpg'),(6264,84,0,271,'/1/1/115_1_1.jpg'),(6265,85,0,271,'/1/1/115_1_1.jpg'),(6266,86,0,271,'/1/1/115_1_1.jpg'),(6267,84,0,272,'/1/1/116_1_1.jpg'),(6268,85,0,272,'/1/1/116_1_1.jpg'),(6269,86,0,272,'/1/1/116_1_1.jpg'),(6270,84,0,273,'/1/1/117_1_1.jpg'),(6271,85,0,273,'/1/1/117_1_1.jpg'),(6272,86,0,273,'/1/1/117_1_1.jpg'),(6273,84,0,274,'/1/1/118_1_1.jpg'),(6274,85,0,274,'/1/1/118_1_1.jpg'),(6275,86,0,274,'/1/1/118_1_1.jpg'),(6276,84,0,275,'/1/1/119_1_1.jpg'),(6277,85,0,275,'/1/1/119_1_1.jpg'),(6278,86,0,275,'/1/1/119_1_1.jpg'),(6279,84,0,276,'/1/2/121_1_1.jpg'),(6280,85,0,276,'/1/2/121_1_1.jpg'),(6281,86,0,276,'/1/2/121_1_1.jpg'),(6282,84,0,277,'/1/2/122_1_1.jpg'),(6283,85,0,277,'/1/2/122_1_1.jpg'),(6284,86,0,277,'/1/2/122_1_1.jpg'),(6285,84,0,278,'/1/2/123_1_1.jpg'),(6286,85,0,278,'/1/2/123_1_1.jpg'),(6287,86,0,278,'/1/2/123_1_1.jpg'),(6288,84,0,279,'/1/2/124_1_1.jpg'),(6289,85,0,279,'/1/2/124_1_1.jpg'),(6290,86,0,279,'/1/2/124_1_1.jpg'),(6291,84,0,280,'/1/2/125_1_1.jpg'),(6292,85,0,280,'/1/2/125_1_1.jpg'),(6293,86,0,280,'/1/2/125_1_1.jpg'),(6294,84,0,281,'/1/2/126_1_1.jpg'),(6295,85,0,281,'/1/2/126_1_1.jpg'),(6296,86,0,281,'/1/2/126_1_1.jpg'),(6297,84,0,282,'/1/2/127_1_1.jpg'),(6298,85,0,282,'/1/2/127_1_1.jpg'),(6299,86,0,282,'/1/2/127_1_1.jpg'),(6300,84,0,283,'/1/2/128_1_1.jpg'),(6301,85,0,283,'/1/2/128_1_1.jpg'),(6302,86,0,283,'/1/2/128_1_1.jpg'),(6303,84,0,284,'/1/2/129_1_1.jpg'),(6304,85,0,284,'/1/2/129_1_1.jpg'),(6305,86,0,284,'/1/2/129_1_1.jpg'),(6306,84,0,285,'/1/3/130_1_1.jpg'),(6307,85,0,285,'/1/3/130_1_1.jpg'),(6308,86,0,285,'/1/3/130_1_1.jpg'),(6309,84,0,286,'/1/5/150_1_1.jpg'),(6310,85,0,286,'/1/5/150_1_1.jpg'),(6311,86,0,286,'/1/5/150_1_1.jpg'),(6312,84,0,287,'/1/5/151_1_1.jpg'),(6313,85,0,287,'/1/5/151_1_1.jpg'),(6314,86,0,287,'/1/5/151_1_1.jpg'),(6315,84,0,288,'/1/5/152_1_1.jpg'),(6316,85,0,288,'/1/5/152_1_1.jpg'),(6317,86,0,288,'/1/5/152_1_1.jpg'),(6318,84,0,289,'/1/5/153_1.jpg'),(6319,85,0,289,'/1/5/153_1.jpg'),(6320,86,0,289,'/1/5/153_1.jpg'),(6321,84,0,290,'/1/5/154_1_1.jpg'),(6322,85,0,290,'/1/5/154_1_1.jpg'),(6323,86,0,290,'/1/5/154_1_1.jpg'),(6324,84,0,291,'/1/5/155_2_1.jpg'),(6325,85,0,291,'/1/5/155_2_1.jpg'),(6326,86,0,291,'/1/5/155_2_1.jpg'),(6327,84,0,292,'/1/5/156_1_1.jpg'),(6328,85,0,292,'/1/5/156_1_1.jpg'),(6329,86,0,292,'/1/5/156_1_1.jpg'),(6330,84,0,293,'/1/5/157_1_1.jpg'),(6331,85,0,293,'/1/5/157_1_1.jpg'),(6332,86,0,293,'/1/5/157_1_1.jpg'),(6333,84,0,294,'/1/5/158_1_1.jpg'),(6334,85,0,294,'/1/5/158_1_1.jpg'),(6335,86,0,294,'/1/5/158_1_1.jpg'),(6336,84,0,296,'/3/1/31_1_1.jpg'),(6337,85,0,296,'/3/1/31_1_1.jpg'),(6338,86,0,296,'/3/1/31_1_1.jpg'),(6339,84,0,297,'/3/4/34_1_2.jpg'),(6340,85,0,297,'/3/4/34_1_2.jpg'),(6341,86,0,297,'/3/4/34_1_2.jpg'),(6342,84,0,298,'/4/1/41_1_1.jpg'),(6343,85,0,298,'/4/1/41_1_1.jpg'),(6344,86,0,298,'/4/1/41_1_1.jpg'),(6720,130,0,147,'0'),(6724,107,0,147,'1_1.JPG'),(6726,108,0,147,'1_1.JPG'),(6727,130,0,148,'0'),(6731,107,0,148,'2.JPG'),(6733,108,0,148,'2.JPG'),(6734,130,0,149,'0'),(6738,107,0,149,'3_1.JPG'),(6740,108,0,149,'3_1.JPG'),(6741,130,0,150,'0'),(6745,107,0,150,'4_1.JPG'),(6747,108,0,150,'4_1.JPG'),(6748,130,0,151,'0'),(6752,107,0,151,'5.JPG'),(6754,108,0,151,'5.JPG'),(6755,130,0,152,'0'),(6759,107,0,152,'6.JPG'),(6761,108,0,152,'6.JPG'),(6762,130,0,153,'0'),(6766,107,0,153,'7_1.JPG'),(6768,108,0,153,'7_1.JPG'),(6769,130,0,154,'0'),(6773,107,0,154,'8.JPG'),(6775,108,0,154,'8.JPG'),(6776,130,0,155,'0'),(6780,107,0,155,'9_1.JPG'),(6782,108,0,155,'9_1.JPG'),(6783,130,0,156,'0'),(6787,107,0,156,'10.JPG'),(6789,108,0,156,'10.JPG'),(6790,130,0,157,'0'),(6794,107,0,157,'11_1.JPG'),(6796,108,0,157,'11_1.JPG'),(7827,106,0,300,'161_1.jpg'),(7828,70,0,300,'YSL Necklace'),(7829,81,0,300,'Basic YSL necklace'),(7830,83,0,300,'Basic YSL necklace'),(7831,115,0,300,'ysl-necklace'),(7832,118,0,300,'0'),(7833,103,0,300,'container2'),(7834,106,0,301,'162_1.jpg'),(7835,70,0,301,'Dior hand bag'),(7836,81,0,301,'Dior hand bag golden chain D logo'),(7837,83,0,301,'Dior hand bag golden chain D logo'),(7838,115,0,301,'dior-hand-bag'),(7839,118,0,301,'0'),(7840,103,0,301,'container2'),(7841,106,0,302,'163.jpg'),(7842,70,0,302,'YSL card holder'),(7843,81,0,302,'YSL card holder black silver logo'),(7844,83,0,302,'YSL card holder black silver logo'),(7845,115,0,302,'ysl-card-holder'),(7846,118,0,302,'0'),(7847,103,0,302,'container2'),(7848,106,0,303,'164.jpg'),(7849,70,0,303,'Chanel card holder'),(7850,81,0,303,'Chanel card holder black quilted gold logo'),(7851,83,0,303,'Chanel card holder black quilted gold logo'),(7852,115,0,303,'chanel-card-holder'),(7853,118,0,303,'0'),(7854,103,0,303,'container2'),(7855,106,0,304,'165_1.jpg'),(7856,70,0,304,'Dior bracelet'),(7857,81,0,304,'Dior tiny bracelet pearl'),(7858,83,0,304,'Dior tiny bracelet pearl'),(7859,115,0,304,'dior-bracelet'),(7860,118,0,304,'0'),(7861,103,0,304,'container2'),(7862,106,0,305,'166_1.jpg'),(7863,70,0,305,'Dior Necklace'),(7864,81,0,305,'Dior necklace tiny pearl'),(7865,83,0,305,'Dior necklace tiny pearl'),(7866,115,0,305,'dior-necklace'),(7867,118,0,305,'0'),(7868,103,0,305,'container2'),(7869,106,0,306,'167_1.jpg'),(7870,70,0,306,'Dior Ring'),(7871,81,0,306,'Dior cute ring CD pearl'),(7872,83,0,306,'Dior cute ring CD pearl'),(7873,115,0,306,'dior-ring'),(7874,118,0,306,'0'),(7875,103,0,306,'container2'),(7876,106,0,307,'168_1.jpg'),(7877,70,0,307,'Dior headband'),(7878,81,0,307,'Dior black headband trendy '),(7879,83,0,307,'Dior black headband trendy '),(7880,115,0,307,'dior-headband'),(7881,118,0,307,'0'),(7882,103,0,307,'container2'),(7883,106,0,308,'169_1.jpg'),(7884,70,0,308,'Gucci bracelet'),(7885,81,0,308,'Gucci bracelet GG logo colored stone'),(7886,83,0,308,'Gucci bracelet GG logo colored stone'),(7887,115,0,308,'gucci-bracelet'),(7888,118,0,308,'0'),(7889,103,0,308,'container2'),(7890,106,0,309,'170_1.jpg'),(7891,70,0,309,'Gucci Necklace'),(7892,81,0,309,'Gucci necklace GG logo colored stone'),(7893,83,0,309,'Gucci necklace GG logo colored stone'),(7894,115,0,309,'gucci-necklace'),(7895,118,0,309,'0'),(7896,103,0,309,'container2'),(7897,106,0,310,'171_1.jpg'),(7898,70,0,310,'Versace broach'),(7899,81,0,310,'Versace round inlaid logo chain broach'),(7900,83,0,310,'Versace round inlaid logo chain broach'),(7901,115,0,310,'versace-broach'),(7902,118,0,310,'0'),(7903,103,0,310,'container2'),(7904,106,0,311,'172_1.jpg'),(7905,70,0,311,'Prada hairfastener'),(7906,81,0,311,'Prada classic alloy broach for hair'),(7907,83,0,311,'Prada classic alloy broach for hair'),(7908,115,0,311,'prada-hairfastener'),(7909,118,0,311,'0'),(7910,103,0,311,'container2'),(7911,106,0,312,'173_1.jpg'),(7912,70,0,312,'Prada necklace'),(7913,81,0,312,'Prada long necklace double row'),(7914,83,0,312,'Prada long necklace double row'),(7915,115,0,312,'prada-necklace'),(7916,118,0,312,'0'),(7917,103,0,312,'container2'),(7918,106,0,313,'174_1.jpg'),(7919,70,0,313,'Valentino earrings'),(7920,81,0,313,'Valentino large V logo earrigns'),(7921,83,0,313,'Valentino large V logo earrigns'),(7922,115,0,313,'valentino-earrings'),(7923,118,0,313,'0'),(7924,103,0,313,'container2'),(7925,106,0,314,'175_1.jpg'),(7926,70,0,314,'Hermes Necklace'),(7927,81,0,314,'Hermes necklace simple logo multi colors golden chain H logo'),(7928,83,0,314,'Hermes necklace simple logo multi colors golden chain H logo'),(7929,115,0,314,'hermes-necklace'),(7930,118,0,314,'0'),(7931,103,0,314,'container2'),(7932,106,0,315,'176.jpg'),(7933,70,0,315,'Balenciaga bag'),(7934,81,0,315,'Balenciaga BB logo black leather'),(7935,83,0,315,'Balenciaga BB logo black leather'),(7936,115,0,315,'balenciaga-bag'),(7937,118,0,315,'0'),(7938,103,0,315,'container2'),(7939,106,0,316,'177_1.jpg'),(7940,70,0,316,'Prada broach'),(7941,81,0,316,'Prada broach alloy steel stamped'),(7942,83,0,316,'Prada broach alloy steel stamped'),(7943,115,0,316,'prada-broach'),(7944,118,0,316,'0'),(7945,103,0,316,'container2');

--
