
--
-- Table structure for table `quote_address_item`
--

CREATE TABLE `quote_address_item` (
  `address_item_id` int(10) unsigned NOT NULL AUTO_INCREMENT COMMENT 'Address Item ID',
  `parent_item_id` int(10) unsigned DEFAULT NULL COMMENT 'Parent Item ID',
  `quote_address_id` int(10) unsigned NOT NULL DEFAULT '0' COMMENT 'Quote Address ID',
  `quote_item_id` int(10) unsigned NOT NULL DEFAULT '0' COMMENT 'Quote Item ID',
  `created_at` timestamp NOT NULL DEFAULT CURRENT_TIMESTAMP COMMENT 'Created At',
  `updated_at` timestamp NOT NULL DEFAULT CURRENT_TIMESTAMP ON UPDATE CURRENT_TIMESTAMP COMMENT 'Updated At',
  `applied_rule_ids` text COMMENT 'Applied Rule Ids',
  `additional_data` text COMMENT 'Additional Data',
  `weight` decimal(12,4) DEFAULT '0.0000' COMMENT 'Weight',
  `qty` decimal(12,4) NOT NULL DEFAULT '0.0000' COMMENT 'Qty',
  `discount_amount` decimal(20,4) DEFAULT '0.0000' COMMENT 'Discount Amount',
  `tax_amount` decimal(20,4) DEFAULT '0.0000' COMMENT 'Tax Amount',
  `row_total` decimal(20,4) NOT NULL DEFAULT '0.0000' COMMENT 'Row Total',
  `base_row_total` decimal(20,4) NOT NULL DEFAULT '0.0000' COMMENT 'Base Row Total',
  `row_total_with_discount` decimal(20,4) DEFAULT '0.0000' COMMENT 'Row Total With Discount',
  `base_discount_amount` decimal(20,4) DEFAULT '0.0000' COMMENT 'Base Discount Amount',
  `base_tax_amount` decimal(20,4) DEFAULT '0.0000' COMMENT 'Base Tax Amount',
  `row_weight` decimal(12,4) DEFAULT '0.0000' COMMENT 'Row Weight',
  `product_id` int(10) unsigned DEFAULT NULL COMMENT 'Product ID',
  `super_product_id` int(10) unsigned DEFAULT NULL COMMENT 'Super Product ID',
  `parent_product_id` int(10) unsigned DEFAULT NULL COMMENT 'Parent Product ID',
  `sku` varchar(255) DEFAULT NULL COMMENT 'Sku',
  `image` varchar(255) DEFAULT NULL COMMENT 'Image',
  `name` varchar(255) DEFAULT NULL COMMENT 'Name',
  `description` text COMMENT 'Description',
  `is_qty_decimal` int(10) unsigned DEFAULT NULL COMMENT 'Is Qty Decimal',
  `price` decimal(12,4) DEFAULT NULL COMMENT 'Price',
  `discount_percent` decimal(12,4) DEFAULT NULL COMMENT 'Discount Percent',
  `no_discount` int(10) unsigned DEFAULT NULL COMMENT 'No Discount',
  `tax_percent` decimal(12,4) DEFAULT NULL COMMENT 'Tax Percent',
  `base_price` decimal(12,4) DEFAULT NULL COMMENT 'Base Price',
  `base_cost` decimal(12,4) DEFAULT NULL COMMENT 'Base Cost',
  `price_incl_tax` decimal(20,4) DEFAULT NULL COMMENT 'Price Incl Tax',
  `base_price_incl_tax` decimal(20,4) DEFAULT NULL COMMENT 'Base Price Incl Tax',
  `row_total_incl_tax` decimal(20,4) DEFAULT NULL COMMENT 'Row Total Incl Tax',
  `base_row_total_incl_tax` decimal(20,4) DEFAULT NULL COMMENT 'Base Row Total Incl Tax',
  `discount_tax_compensation_amount` decimal(20,4) DEFAULT NULL COMMENT 'Discount Tax Compensation Amount',
  `base_discount_tax_compensation_amount` decimal(20,4) DEFAULT NULL COMMENT 'Base Discount Tax Compensation Amount',
  `free_shipping` int(10) unsigned DEFAULT NULL COMMENT 'Free Shipping',
  `gift_message_id` int(11) DEFAULT NULL COMMENT 'Gift Message ID',
  `store_id` smallint(5) unsigned DEFAULT NULL COMMENT 'Store ID',
  PRIMARY KEY (`address_item_id`),
  KEY `QUOTE_ADDRESS_ITEM_QUOTE_ADDRESS_ID` (`quote_address_id`),
  KEY `QUOTE_ADDRESS_ITEM_PARENT_ITEM_ID` (`parent_item_id`),
  KEY `QUOTE_ADDRESS_ITEM_QUOTE_ITEM_ID` (`quote_item_id`),
  KEY `QUOTE_ADDRESS_ITEM_STORE_ID` (`store_id`),
  CONSTRAINT `QUOTE_ADDRESS_ITEM_QUOTE_ADDRESS_ID_QUOTE_ADDRESS_ADDRESS_ID` FOREIGN KEY (`quote_address_id`) REFERENCES `quote_address` (`address_id`) ON DELETE CASCADE,
  CONSTRAINT `QUOTE_ADDRESS_ITEM_QUOTE_ITEM_ID_QUOTE_ITEM_ITEM_ID` FOREIGN KEY (`quote_item_id`) REFERENCES `quote_item` (`item_id`) ON DELETE CASCADE,
  CONSTRAINT `QUOTE_ADDR_ITEM_PARENT_ITEM_ID_QUOTE_ADDR_ITEM_ADDR_ITEM_ID` FOREIGN KEY (`parent_item_id`) REFERENCES `quote_address_item` (`address_item_id`) ON DELETE CASCADE
) ENGINE=InnoDB DEFAULT CHARSET=utf8 COMMENT='Sales Flat Quote Address Item';

--
-- Dumping data for table `quote_address_item`
--


--
-- Table structure for table `quote_id_mask`
--

CREATE TABLE `quote_id_mask` (
  `entity_id` int(10) unsigned NOT NULL AUTO_INCREMENT COMMENT 'Entity ID',
  `quote_id` int(10) unsigned NOT NULL COMMENT 'Quote ID',
  `masked_id` varchar(32) DEFAULT NULL COMMENT 'Masked ID',
  PRIMARY KEY (`entity_id`,`quote_id`),
  KEY `QUOTE_ID_MASK_QUOTE_ID` (`quote_id`),
  KEY `QUOTE_ID_MASK_MASKED_ID` (`masked_id`),
  CONSTRAINT `QUOTE_ID_MASK_QUOTE_ID_QUOTE_ENTITY_ID` FOREIGN KEY (`quote_id`) REFERENCES `quote` (`entity_id`) ON DELETE CASCADE
) ENGINE=InnoDB AUTO_INCREMENT=1099 DEFAULT CHARSET=utf8 COMMENT='Quote ID and masked ID mapping';

--
-- Dumping data for table `quote_id_mask`
--

INSERT INTO `quote_id_mask` VALUES (71,76,'01c299d2c4f15bb5799bbb4825605139'),(10,10,'035bc7124a0c4b1acfc8c442727947bc'),(313,542,'03bdBLtROgXBxh1b5I8QqXt7C2wQ3Dvz'),(76,81,'07ff9c84d8a6804e900774730e65c9da'),(17,17,'096370df9da31d099c83bbb30bc0b09e'),(39,40,'09dc0139ec554e2546f6e571c8069622'),(426,659,'09pMaSgxIpmkx5RTmXfCaGg06uYXaq64'),(798,1174,'0ATaonEiL2eXwgg9BpkQGkVDfYbUPJnS'),(1062,1525,'0bPRlG2iFiOYfklM9JsxPFfdbvaC1I5f'),(1010,1404,'0D1holfboD9csrww9L8egzlBOY3SF5Mm'),(461,696,'0dQNDI9SbtK4KqScL9XUjv0QwKiIWDG6'),(133,239,'0DT7aKbqvVXoV2re6kaSPjFXmuZURV4Q'),(881,1257,'0eaUlt3pJYzXJtvpsJDoTODR8EtzuXKA'),(62,67,'0fb8a6fd5c0adbc4d36628d7387d30e3'),(1016,1419,'0gMU1DgyRV4TVQEOWCCnnoLAgH5vs1l8'),(1050,1487,'0kBZrMACiou8kw5cZuiGlVBci7H3N6AW'),(1015,1414,'0LKVJKAkzjHTiq9r5v7N4nNoccEPNK5n'),(240,465,'0LtYn3ZdRjZuhQXMSR4vanuNlMOxoJkR'),(924,1300,'0mys5adyqMhiQJEo04KHS64wZ7xycvID'),(96,102,'0OEdoaRrfpiBtbMZTofDg8t2NYWvN8Pj'),(703,1079,'0pQTYgw6MwrUOlkQ08MvpMBV0l53s152'),(400,630,'0pViezlCwAeFP2Lx0DCxuj24Q7wuSj0g'),(214,424,'0TIHzWT9TetHY1hOcUp23dwyFgRASrfN'),(339,568,'0VSDvjgjr0R295feGE0RsqdpRuCu7GPJ'),(543,804,'0wiV5JWZIWX8Cf4BsF7P826cYXvQ6fNL'),(38,39,'10a5a2b283d2b9bccaa6adb7810761b4'),(425,658,'10AP991Y3iUHtXACs4ML1qo4iEBswzy7'),(2,2,'114f2cf69ea2d96b689598a3bbcbfc12'),(351,580,'11pqxprEfFa9zegGFclVKTEjFm3lrbb0'),(793,1169,'13kYspJUl9rWpgIFIGqe4xBXErUOY42r'),(901,1277,'13xiUCEC5biUYE7nXbgI3dQ9vCAHA4gw'),(43,44,'15a14a03a8f76b95031b552564f01ab1'),(443,678,'15Lx36msLku6YU4v1HoIUnD6UYyBiHsv'),(1038,1466,'15XdkgKQnIWvgoc3hWpo7kXT2aF1gHY2'),(336,565,'198nIF3OaqLnaJtf04CWfRKaAXb7enfr'),(393,623,'1APMRgLml8BTq4d3q3KZ9YrNDayJzMhY'),(15,15,'1e25dfef61b9bb15be4aa62c6501c49f'),(763,1139,'1HHGJyiFvvZflX8xPsQcvBWRkxhUI8oK'),(273,500,'1HmfosfzH9AvgAlzwSROnYQ5ZIdNaAdP'),(894,1270,'1iH9ooHcAjezizje14vWWV5eJrxezo9b'),(383,613,'1jgCleNeCpIewiqWr7pDSLReTdAc6u0v'),(1011,1407,'1mbEhVKTy6MRIsatT2Z0AyVUD5gBwjEd'),(174,329,'1MyV0NNb6oar2rEu4BCtaldkSo7p8y2d'),(477,716,'1nLzBKVLJhI5A980pIa4KW5jTt3aXiI8'),(1056,1505,'1rH2WyY6wH00nI0HLyiauptzGySdVIKs'),(880,1256,'1TWD7iECHNS51UTfo5Uzi8ZRagbY5T9n'),(90,96,'1tZq8s18H7sLIdumnVBSJ7xywO29PPfs'),(1078,1573,'1uEq8apjjRxjOS2lKOkCe25DPLrVa9qb'),(342,571,'1VpDReDjNT7nIdQCncXCZr5Nsym3tcRr'),(828,1204,'1WAVtaLbCwCxX0AEzdb4HnNHHhBm70EU'),(750,1126,'1wXWqWP1ySV16lf53OckFQbeAYXBCmvW'),(936,1312,'1XrvE8tgahwKk2enKHQCZWUllT3JjTXT'),(93,99,'1yTU8XBYsGH2Tas7C8KANoa5figNGaNV'),(932,1308,'1yY0bs1AzQ7z310L5l298p7NnJ3PxPGo'),(476,713,'1ZAtZF0c07WyGxubMqxHGlp4q82UpSyk'),(26,26,'201e9151866bb93f24423c2ba079c478'),(306,535,'204Uz7BUJo7kYLv16Disfqu4qCEZDJ92'),(27,27,'20984e3fe5080eb4ace1568be9580ddc'),(65,70,'227dbcc4c5667c4e797b7eda331a7b6f'),(419,652,'24Au6fZEoWnZVaMqv87zwpLGl52ItmGZ'),(1051,1492,'24JiSZZtmYt8YpeuxSZyumF93aY9fofj'),(1013,1410,'27NeJX97d2HGECKHiev81xUsWXTmgrbU'),(50,54,'2a64db5b00b5071e95df659ad0d7e8ab'),(332,561,'2ACYGYEbkbcCELQMeSPohDnEuauOJStE'),(401,631,'2aufii23FDnJniTIdQgJovV50eyYOHSx'),(37,38,'2cad84dcd82beb2e977ccf2957ea797e'),(644,985,'2CeAT6GQwnjEPkAncgk7jIZ51qjCqfyY'),(254,479,'2CMprF9B5kjRVuxIcjd5lpz3R55bhm0E'),(59,64,'2eb312bb1a601034f4aea284a68094ab'),(480,721,'2eezJ2WqEoUeqUTFsICBkPJS25GT6xOf'),(24,24,'2fa1f7dfd1dc2172d3150a95af01681a'),(916,1292,'2fSWk0y1vZbtsY72mEMpULQEzqyAzqXR'),(453,688,'2JQTrcGgKQoaqwxC9TX8lZ64rdEumx1b'),(927,1303,'2jYTVpgY6hgforW5NrcF4B1n4R3fUrNT'),(386,616,'2LeS5bdtoVwcrbWjk3zxBg63q6ExCuAq'),(559,836,'2lkyTnmdSd3em4A3XMk6A4tAgoJLKYBN'),(825,1201,'2lWyuESoixb0JI5lcO26j2D3Z8bDK6w0'),(673,1043,'2M60A9CT1e23W3mybvlFne5cdBo1apu2'),(196,386,'2sC8rR4qm8RWtl50mS4xyhiGp4rH0AB5'),(246,471,'2TtYeewE31swsAAjVsyn7ghosjMwIpjp'),(244,469,'2Vl5HmQuFwnHCHQgWuTOqT0Gc87FyODQ'),(64,69,'322620be724c7833b5ea8d2a10906bab'),(75,80,'34d79c7652a16e3e6a884610a6be126e'),(235,460,'35jAgB5Fomozk4RxqSfunZUCUgaQmLhK'),(40,41,'36b48eed63de6a3b4f091c72a950a873'),(895,1271,'36q2gwHPhYVQAGaheftkE1QYIPLxwGJ5'),(454,689,'38k0W4WGJEr0ps9cF8jc7Cz9MQR3k4gu'),(25,25,'396bad049c03a5fe8fddf9b4a13b57f2'),(49,53,'3ad7299970bf0ef70c447cf831c15943'),(512,757,'3aJiqyj4Hj9RkrPXZ3WeweKa4mwie5cm'),(1009,1398,'3DNTkykudWcY307diouR2lRjrRaZSg69'),(337,566,'3gnEZortfK26zMTfuTPGS4JOxXPilqvy'),(89,94,'3hJEKiAflXrVK25NQXMjwsyXvCRU8TFj'),(806,1182,'3lyRWtgDv0q9pZTZeBpkW1hp5sr2VhT1'),(580,872,'3NEnmCpq9Vv3jeiyABT27jh90DnmHwbO'),(97,111,'3OpSwxk60s6jiLOvtF0LxMY4E50Jjhb4'),(410,641,'3Y3iBt8lIt2oZntZWSUWnZZbMPZs5K5v'),(615,934,'3Y6y7Qs5IgTODzpLlFOwJyYAuiKgLNeL'),(1000,1376,'3yslSg9P69HnnkrdWR6gQxyyPYK26C5N'),(101,121,'3Z1pIhNKi8XiLVFVa9vPabWdo8cojIDa'),(813,1189,'3zmdXVrWh9DnpJktb25dnQsqmW3cgjHy'),(678,1053,'40wXPJtelFyglNsNGLSJdhmaGQSJXJd4'),(21,21,'4264aa5f4de67fd4cf9b6f7e6099a1d9'),(12,12,'4315ec08016cc5bd3026be975c69818c'),(633,961,'43AeeWMDDaYWQqO1Y34CqYFXXh7aGV40'),(20,20,'4411663d9cb6837b43f3dd56d4f8c411'),(775,1151,'4Bd5SVBdFGrgcVeiNDZO68hFvWlldjw3'),(22,22,'4c30302f5f683a3e5eb0b350a8259d48'),(55,60,'4d2c21c6dfcfcb4cad6ecaabd145bddf'),(175,330,'4daz2Rg91nVaTAenSbsvDlugi5XzWtjn'),(14,14,'4de161fd4e4d7753e588021080ce38f7'),(8,8,'4f5a9856859feea1fb46ec26f3c17caf'),(986,1362,'4HUnx5PBmvXTSV9JNqwqqTkjy5dpUutR'),(722,1098,'4OG6695bIPnMNKEiZmm5vZkoLiZjrFLJ'),(687,1063,'4rKizfHlxpWvQJC8RU57Z05jgEbisyYz'),(359,588,'4Tu2OWzxigcXbQ0J9Y6qhA3sEiGQ5CVr'),(954,1330,'4xzh17g13m8WGOOEavvKFO7NK2z0ySH6'),(614,933,'4y92Dl3xGiElU4j6UwFo1HavbaIYWzDC'),(328,557,'4Z4Ld5uQXBvHMeYej2mJCXStL2cLhN2g'),(9,9,'51edde53de97cfc3bb8e22e83610e990'),(1077,1568,'51WwfQsoe3JsvYBBJ9fqNuUnWKRzLAU4'),(258,483,'58w6kPrbcUHJOtYJDKhnTpy65znmgazw'),(28,28,'59be642b75d6884e1f9750ea708d7625'),(1054,1498,'5AvrYdincEUlg0zbaJCcgwj0N1MmdP1o'),(51,56,'5b2b7b08450228bdf075c8ad31e2b67a'),(792,1168,'5bosZZsZtaK9tzUgus8CTOms0ZYEkElw'),(799,1175,'5cDsXTuLpuQ1SgBBCKI94Z5GhmHqu2LA'),(579,869,'5CTlOkgT5UoveZKylfubkUrBWHtiLK7F'),(68,73,'5d41bcc066ecad3814a02e1d79a3dd7a'),(136,247,'5dAWjgxkt0Yvq2Nnt4XU40l8aiopcW4f'),(807,1183,'5dky5Dekr6Tb4FAGt3nXxx3WdENmrbkm'),(1068,1550,'5HYrbiUVpOINGIDUlHDUUldSpVBQMpq7'),(898,1274,'5lfWXhRdv2G6RDGXU3Zmdj99DTWRbpRl'),(427,660,'5ndgVDfoelDlPKAXQxtqmkM8BaAnOFYF'),(996,1372,'5ofJD0iBMdUWzJxEiYBeYPloS3lgyRXW'),(616,936,'5skoMgy9xUxNo1p2krgh41Y4DrCdik7m'),(191,369,'5sX045K5zm2KTb1xQlw3ip95YRpf10D8'),(369,599,'5T5AVgmiPJyiItinmyBPINn5JwxuFyg8'),(1086,1583,'60oVvOHqsP3kSzGOV0KPWqwHajSjjEyZ'),(67,72,'616cd8c7dfb65c4a01149e8e396ac513'),(912,1288,'617pEGgGythdTuAPRlTxKRRWOu2KqeaH'),(626,952,'61O59xo6bvPJIz4Lashc1c6FiJI6XhK9'),(874,1250,'62W5AWua4FlPzGwUeLG4HB8k3KFEkOyR'),(398,628,'64tHp9DuuKIkPqVFkekLOG7m2rOZvAmb'),(1073,1560,'68HDCvpdbDShBegtLPX2MmCIFyxzEtCf'),(790,1166,'6AqMigSFXRzJGTG5DTjIxrskFOBeatSL'),(218,432,'6DC3AJWMmO3I4O6F7vijNkYVxqJHjF8Z'),(741,1117,'6I6x2u8354HRkahUt9mCa3mQwZfwxVKc'),(448,683,'6Kq8OoJzecgxriBGPsx9mRHJX0l5jaHG'),(508,752,'6M4b1EHm1zyCKGk1EzCZoDb4zeOuKUuX'),(921,1297,'6rf6ChjwsPdtaWARLSA4rTVeTvMlZqWl'),(884,1260,'6vcJR4Gssf1SDoBo0GNKstYPU2TT06Hx'),(772,1148,'6VVphNmu5i8IIMnIHQY8AfHJDau1gVDJ'),(882,1258,'6xbcngvhdtBaQ8cazlrM6Q1DmLqisPD6'),(639,974,'6zSDubdTKKL8rdnJspWPYPWgl5pfD9kU'),(431,664,'6zZrh66Und9qC3z0AsRk11H6oMwNgVZ6'),(333,562,'70fcmxA0i1GXJSnAYywV4Uovy1RGcRP0'),(72,77,'71e0dfa3a693f3da01f5433c580a06f2'),(752,1128,'71ZBaNwy3adIaEwz4uZH8BHeaU0Ul9Ym'),(4,4,'7329a5e178479454ca3cfc61ad86228b'),(52,57,'7458d980412745fb05815c8fd5f323bf'),(6,6,'768e62b29474a0a4bc38e7a5258ea468'),(372,602,'77p7u48BiNU98EM08CRgD2izhdObGchA'),(501,745,'77PTZfXNDrtvsvenHGx0IBRWfX8UpTR6'),(23,23,'79aa761878485732e837d71bfb1c5bf4'),(54,59,'7db07cbca12c7f4eed136bd6829fe9a5'),(989,1365,'7eA4GAemqdb2X7mp4gfQ0L8e20xsx0H9'),(759,1135,'7eJiOdsUgVSq5vl1yQxGRCPHhdYe9dA9'),(489,732,'7fGhSGmf7eEsvXxaFW3BG96FVXZf3QFV'),(837,1213,'7OHVkTqf6SSAIQqm2R6AGRTyIeXG5Lkw'),(169,314,'7pDnteXdAzhnJcrRBjHd0ucHdWwjIGDf'),(209,412,'7Rfa9WJUS5IDtgQl1AzqwoCuxMvk6QEP'),(285,513,'7RPnK2KuEroApMzZ3GiLkSAH3fh64llC'),(1045,1478,'7ruhh8dkgUdkjkgNzzCT24qm4No6WBJl'),(693,1069,'7V7iHTu1gk0SldVxuS0H6AuAY65ocKj3'),(672,1042,'7zYmNzl9uSgDD5Y05FpK9ZOIxRQCR1uy'),(951,1327,'80Dc1dzgQyJcbgTI5b831zQLQ6rqqwwj'),(5,5,'81eac986ebb54e2ff860c02ffd45a353'),(1066,1544,'81xDja9GfGh8VJhpmaT22ctZF5d0cTrt'),(13,13,'83d12d01994a0a2bb34a2ffe532814e7'),(30,30,'85c0d188accee1061e2b7747a4c6d742'),(126,204,'85szU9ATfR1iGuhUh3GeHUJR1QpedPQE'),(145,271,'89PXE54jncdOgnLEZbhuhjFY19TwSKeO'),(278,505,'8aVr5jgfGvi35KeYX73IEMX2CYjLMx52'),(70,75,'8b2ea816f10fb2d60c8ce63a3a916111'),(63,68,'8c0213bbd045ae5f98f58192f339ede4'),(119,176,'8D2bLQd2nPv3RKokM1nXFiYS6zR3Rp95'),(48,52,'8ea91a99de64936109bc39fc69ef077b'),(1012,1408,'8fFgnrzGhWRhsYjardGGmG1XE7pLZZLd'),(513,760,'8FFPpEZ59M7Xa8d4tJcIuC1jZIeftV2f'),(460,695,'8hbmGJgSHTTOuOR1atYnfsvIVcOtHata'),(739,1115,'8ID3D48W58SXU7jvwmMpPGUM9EmbtEYr'),(516,763,'8JldwpORnlSM2Ho18KlFrL3QDjrjzgtu'),(561,838,'8KFDein7hesNrn0xUrrGBK9bEHYOvJnG'),(510,755,'8lxON9Y8Cy6oEGEOY5gikFGGJcdn2Avo'),(104,130,'8Ng1Yzm5sjXMkm05mYlbvh2txhvjkOc2'),(204,403,'8Vw0c7aDT7ikhbIirfVVjgRGkNH2I7zW'),(456,691,'8WZGNOSP4pxIjmiwL1v4MaDZLhIbAOFr'),(260,487,'90uQDI8LADeDqUcp9EiF7BUmU6ddsdD0'),(45,46,'91e796d665c454e1b28db1068b187688'),(889,1265,'92rryZszsXAqzFPRF38SZEEJFpTc9vMR'),(1014,1412,'95oUm6pBkHNMXA37mM5vjyJNQAi83y2W'),(41,42,'96ef71c1d7b51b4d122b0c605b7fcb69'),(56,61,'98c0385c7733db8c74cff06031909259'),(950,1326,'9AjFgz7XBjvuIUKKggTGSZT2LGUnMq4N'),(220,435,'9BFWld4ar6dN6Dzn8e3rMkMIULfbYdsY'),(867,1243,'9DBq70eU9f8ChyJxEoo4oegWzgGg3Eov'),(100,120,'9dG76GW7Thw4P5sKPYhFpeQQLMHhppyl'),(29,29,'9e107a40a706dc33935d646e99537e8f'),(66,71,'9e27a68c071eeb4391ad99fcfb983c7d'),(77,82,'9f647b0bdd7f85e2e62099d88e7efbfa'),(971,1347,'9HUleTx76qEaN8p3kpaPxD6bBi72qNhu'),(1030,1448,'9mapvKQyHdwy2gg3M2p8XNUSL2Ug3u1e'),(777,1153,'9Mu4t6EFhiZ7Wf10k6e4Ifiqpj7ChyME'),(1018,1424,'9NI5LN7ojBq8PUKhyVdfRky370iv46rY'),(811,1187,'9O3iYu3Qj2dTuV7Czz2OL0oGBJFTM4kP'),(662,1028,'9oNF5hLFqItPWFZen7NnlrZq8HYNTtGc'),(153,293,'9QTg9duy0OxP2TBg7zO538w1UfqmUgBg'),(575,863,'9Qy8ifA1oo5H5XMDBvZo9F6MkdsdVZS8'),(388,618,'9RZioTO3e6gWuMct1QitQIFwqn8ui8fF'),(312,541,'9s8GlOQUuzeI50uebStgyworpvtbLgQb'),(573,860,'9So8H8UDv2kgw7KYjfC5O48gPjkbl87b'),(988,1364,'9V4UiYweCkwWwr8xaTRS0ff7lTm8Vdpq'),(692,1068,'9W7FJGHDeEff45SHydKvQTFWC2m5JG0n'),(148,285,'9WsFgl7rTXqt0mnJJxc16sQXK7hnZQhf'),(1061,1519,'9YDA2m4yfq87GQriLXFziCQPfr99pYlY'),(329,558,'9yrgKDsdyepFjyPIWvJd9gLeJv3yxYoH'),(288,516,'A0CxjNpCd1kUXthlyxeRO5LAAmLyAdTT'),(211,414,'A2IS1u6kD0We656dPDkNAXcKLv6WL7rB'),(902,1278,'a3ebtukQgVOWaOk1YhjwRAlgiYiAi0lv'),(1055,1499,'A5opG9sIOcr7FIBOncXkPeJGyAISYIW5'),(18,18,'a6211e6095f3a314ccdecbd6a1625d2f'),(318,547,'A6cs9W7NrZAAaMWhXRO58GpMj888mMSZ'),(1097,1594,'A8zqBE33mKNL9EvEIUiL7IBvfYSr1z3Q'),(32,33,'a994ee92009b39df778dc47054073c92'),(3,3,'ab8519a091c288dbf7991b2ad7f1159c'),(1036,1464,'ABkHWouieWxWSaQkTm26gcRzpXUGNl3R'),(152,292,'abrYlDTQ7vTve22s18fnDXgA92hDZ6zk'),(34,35,'ac91c72524b84c1edc3066a848c12662'),(478,718,'aCqdo5e59C41F9OVLsdLihe6WxzQqRbG'),(47,51,'ad4100f7dc67bd7aee9378f394479a79'),(810,1186,'adLM1OZJTq3kjfsBffo54iG41PFAmnAx'),(164,305,'aFt6WjwYYSoV6YRYvG3TMgjRiSwOkfjl'),(926,1302,'AIgIDjo2rykcp65R2XBq5IQbe3g09NvO'),(688,1064,'AJfLnRf06y6KwgWK58xBZ7pZn2qllcpw'),(212,418,'AJZkTj6qj0j6Kp9iosZPAH5wnpmu7se3'),(178,340,'akT2f96tNiA2ezA9VXy68Zo5hgNHRSQj'),(159,299,'al1lKiiU4uwYLR8RH3GJLMYUofPf7NBA'),(783,1159,'aLlGciM7p7HwiWpMEMr9pBwDXXsiw580'),(335,564,'aLRRLTZFFC22ARiBsmRbyzwWAkBiC9FR'),(155,295,'AOFum04E6FLGadimUvpPTliwZRsUqjVf'),(708,1084,'AOuyM70MOj3PudLs3ByZAdd08u5dUAAt'),(485,726,'ArCoDKxDKdxbYzzzCml7R8DIZa3NRX5P'),(541,799,'aSTapwxQr1aWXNavaztP1CMSf1ApHmwW'),(1094,1591,'atUlm7FoYB1D3RLh9C2FHKUxEY7QhkDb'),(937,1313,'awILdb8sAWLbfHP38AXHoJaIPxmwbETb'),(701,1077,'Ax6Fxwq9pSvWbsfxwUNzUVwF7NTIoG1f'),(402,632,'azbqdCI9HyqtajjPZmAC7kSQ3farJCTU'),(149,287,'AZENPBPwqOseQpRWTPoxFPAtg7LjKUa7'),(1003,1379,'B29wMSfNKzQ5Di8TdjZXUI65bpYclcDT'),(58,63,'b2a68fad691c15146acdd8ac0dcf0773'),(892,1268,'b2hRDn0fpuMHcdmvpdkRHshFteNCkQdu'),(107,148,'B3g4hKju6cdBq8Xqt4bwbA6NX7Cjs5jW'),(967,1343,'b3M6aj1SosKNVWirusDqf0aLtHxANkh8'),(358,587,'B3OZ9fxVHhatgSOojNe5M2FBOGxjqVgn'),(429,662,'b4LzkKY8bmsZJq1I5WIgrHN7bZ2qPiDB'),(42,43,'b5f20eaf342e2a36acdafbb1ebcbc97e'),(334,563,'b5w5cVcBHHqR4f4E4baBQOgaeng1Mkbf'),(795,1171,'b6m5zzwNkGUx3XRe5gt93r6qc6cgWOY9'),(69,74,'b9bb626da46dc950c7ac78d56348e1ad'),(109,151,'Ba3rUpuD0JFpzFA8awFr04OOKmA3smnB'),(809,1185,'bB8zNfrqJgmU5eHf1G2YZ6SxPYbte9hO'),(1024,1436,'BbeAcWFITs9cOcZiMoUnBKe0M7gsi4sK'),(964,1340,'bBoCtmeay6XE8oPJdRvnft9mZ4BiBpa6'),(205,404,'BdvJVjimJGQdmrjTU7gZN9G76uOmMPpP'),(74,79,'bffaa1bc5eba1ac716fc84b8368cb88f'),(992,1368,'BFUCvQeQFp2gwHgWZ54I6VNmdpHXyxjT'),(599,900,'BfwXdLVY3NsxrUS8UmJksq5hrEvSJHC2'),(252,477,'BFx4suhcdwWmqEO8yyvkwSB4xZ7M9P2c'),(676,1051,'BgO0VfLilwnr8dLv27lZBKkJPATqzLyV'),(181,343,'Bj7a9vUvIqaszA7ZmCPmmg8YSj3ca63L'),(201,396,'BJfOO4z1IWa2Lrj3RlrFJWzb5lbGb6lR'),(247,472,'BkQrQedjqrwz51iVjbPxGBpKQS5Hc2P4'),(406,636,'BL5fB1M7xkRLpx9XKAj6UMIFWYjtlmn7'),(612,929,'bli1MEHlDqNIuoX0xWxMhB4yzDS6tlyO'),(262,489,'bnhFzWlND7kFcVHx39ae2FUZoKMXQiAU'),(125,201,'bnz6xSGhslxoW8zleRq2aEL66IToA9XM'),(680,1055,'BpH0ZpnK3OEblaDLPOK386a7m8bn7F9v'),(344,573,'BpKdJ3u5VQeLi7d0gPtjMNrWCQu6rWTO'),(347,576,'bqeIOsHYWTRYpEXRVHw7DEG6Xbmy4TMV'),(605,914,'bR9Ukxu6hPNlWAumVYCV3RU9mbws2YHZ'),(955,1331,'buCTOi1Ig784u5GxyrpysqCp0xTu53rd'),(934,1310,'BuHEXEELdOWjGyM47c73OYkaF8OS3E2v'),(289,517,'BvPDpqqAO9wu9mAlRUYPrv2bNf5Et36J'),(611,928,'BvRTXAmvJIthw5BtSoUPXKeB8Sku1nLK'),(915,1291,'bVwS3SxLG0EQGbrsx3ZxcWnkP1sbIggx'),(891,1267,'BxaW1BvfWPucGddfYKCi2UvQDcQbW4cx'),(905,1281,'bxeQYQGNcFImngW1MuyNbPAozl3w2ZHZ'),(853,1229,'bXp72mLfCm3pad2eiMnEZsxv7y7ULcU5'),(987,1363,'BY8buYfmRziImnA9dXcw6zqOYxbPW5Oe'),(36,37,'c01e61fc091388a5bc1340f232f5211b'),(31,32,'c21f851148595a1da286e1348c4df8fe'),(1070,1555,'C2PvB2ji4F8g7K04RAoQ75iBFYqRLcLM'),(1053,1494,'c5i5TOZjbODhz5Io4S4TNIh9dHg9SFNu'),(83,88,'c5PDEHV081TZWVD4c2I374X7JDmiFF5C'),(298,527,'c5qfg18UFGlBmJQnbOAJzxEqM0BRqfyM'),(470,707,'C7QTzi76A3eKoGBEweU8N4gwTnajs4P1'),(326,555,'C8c4XG3d2QKPwxIG0jhdvIjP6QlFvugp'),(641,977,'ca9gKjHy3srfJwGWy1dRkYAJwalQ6dMd'),(491,734,'cANd9lvXdSks6aEPjFidSw1x7FOSdcsB'),(844,1220,'CDvglIeS4AfD9qljfY0hF5U849gmvRgK'),(1075,1564,'cDwREM6IyAqPe3JC4DkGPaRnP6IjJemb'),(518,766,'CE8F3DuFQtt5G35VP4VXiBnJf4HokSlm'),(11,11,'cfd65e529a73d77e56071a5335e771ba'),(430,663,'chnvwEX3pYB0S18iYS3XWU4o81vXPfqL'),(917,1293,'chQAXQsxffaPAGDP7iB3179Iot49x5aT'),(360,589,'ciHyF2XWiGka6xxIm0GHP2fvODazYYnS'),(496,739,'cJ9SsyQySdY7uZ654yIsbqPrrrUozY0B'),(534,789,'cjrJufo6Wz7zbLaw2Y1caRjmzzDs2SOR'),(486,727,'CkhwP94aAEcQPtVKWYzz3OI0czYuj4ZD'),(229,454,'ckUtUAUvs727rXb7m8MIbYalgkfFd0FQ'),(1023,1434,'cllgUFrD6ix1hfGyZA2KpovdPuzgSYyu'),(558,833,'CoDQYfIBUzLRaS2OfbGMq7M0GkwRRyUo'),(451,686,'cohFEP9urDD0VnkI6VX8GFma0A1pFYxK'),(522,771,'COJQ308fkgKJhRaOsGl3Vsk8OsvQxomM'),(115,167,'cOwiLrPRbIgMlAkpqz3FWPl0u6xXFHHc'),(755,1131,'CpyCKa5ER7UFjMadU5Ig1yiUFWoF0yXt'),(1067,1549,'cRh1j9SrcHF05zQo7nnuOhAA9z4H5Xck'),(216,426,'CRjbPqDIrl5HbgNEPOn3IibM3hirq52f'),(1005,1381,'csmEIhETbJaZQ6Q45a1Fi9TAJOt1D9BQ'),(638,973,'CTqksNGddltreltL2yY2MhrP7SLxWs6m'),(643,983,'CUswRk8EYr80F8ZlfdSlD8RD2NMTbRgI'),(869,1245,'CuunYPRXbZshVWjnSaXqhWYKKTJRz0RQ'),(1044,1477,'cwM3aD3QKZVBJqcQIwZiz17hLr4KHun6'),(275,502,'Cx9ZTP1K6x7Qudrcf1N6tDVsPvraJxeC'),(566,845,'cYzeNuSjg7GIjn2jRZ2O56nuwPOj2uWc'),(923,1299,'czBaRWQpO9bsbSN9miKA90og2a2HevSx'),(19,19,'d2d10c83367808838d41d4b26feef9ce'),(44,45,'d2dcd50220e550be66c7739b17a46d34'),(859,1235,'D6Ax0O5wcjJauwFyOPvWEs3HfbGK56mi'),(870,1246,'D8QhhQYNg0I2aWLDHsxN6lmXY4Hzix4V'),(170,320,'DB1IM7tcLWk70ZDPU6ASVU3TCCsiDJTE'),(57,62,'db8bf94f20a1610a01bace2710f569a8'),(61,66,'db98212eba91931bbdb6d72be9648e0a'),(331,560,'DbijRDvfe71RHacJriZhd0oPETd4wJ91'),(1039,1468,'DcEpxW90F3BktpDrMWxovYljEPZjMXcx'),(972,1348,'DCIlXVv0g571zrNd0X2dBwRFJTkpQ4Vo'),(78,83,'DDEDhOrQo0yX7kjoS86GmW7vtGxeXjnb'),(73,78,'debf6a3f9f6f9a3f035686cde2637460'),(176,332,'DEhw7q43cZnDcnv8pNIiihbKFDrVksnc'),(469,706,'dEWo29y2A9b2kfaOQTPH9iBj4ZTg9d90'),(1096,1593,'DGoDqRVvPTlAdl3IH4EEwFaBj5Ck5yZz'),(714,1090,'dhDpY2poFXIypoJJtnF3kZOV8qlwGnJk'),(900,1276,'DiC9bihgNWeZrlFmtDU5ZoEOn4QTa5wd'),(256,481,'Diw6b3vQ31E7AAbf9yzRxk77j238Dplw'),(618,942,'dKpexKEC46JyTuqV0e3sn6AZfxIsNtyz'),(363,593,'dmVVebOyvN5CmAPyuGz2k0YhLuf5Vdc1'),(700,1076,'doJsmo0lUDK4MmS2zKubngG3b03vREWj'),(514,761,'DTNrKkW1xY7YjFsPiCNn6kSRbiBd9WSE'),(316,545,'dUJvWlv0N171k1QojlcWgw7WC8IxGyx8'),(957,1333,'dVNz63F23L3hOEPmO4BTqgoG1NdmyQSZ'),(277,504,'DWMc2ueXjqD3b0jCNl4f2KOefzfFHfGB'),(744,1120,'DXJnappemVmPAmZObQhTqwJkuIjSgxWr'),(506,750,'dyUAvEIR1PI4QW5xdq05DwRXounhaa2C'),(441,675,'DyVomEuYjQHMM8w201CPW6U8sbhiDtzd'),(1008,1384,'DZ7NHXMu5qbhddy34TYMSeJUX2Fd7iu2'),(53,58,'e06757c0410b880f9e35b3ebb3ba7388'),(16,16,'e3eada8b2b853c9b068f00d91eb0ca4c'),(414,647,'e7bfQ4yLFroLgLfxjU1CnEmswNB10J6w'),(7,7,'e862c9886cb355e6c04ba873a2af8ce4'),(909,1285,'E8pC3TJlXA6TyT256DgqaecgvgQ2yRc1'),(694,1070,'e9XmkPIBXNmFeW5TcXWw7QXxRWjO3PY0'),(183,351,'EaiVl3RTn6E3bdjsUkS9Cv3raGmnI3SH'),(299,528,'EAL1Ye3MlGKM4Szj0w6jsgMy4Qwv3vW3'),(276,503,'eAVb8He0cXgux6uPvBWdrWCAQOCM0Ug5'),(847,1223,'EDInw6i7Q4IYSSnoG8ptJ84TDgesS73L'),(803,1179,'eDnbJX3IcYShQqJq7YXKgWSHen7fvuKr'),(120,180,'edtRLBzG8BuEDwiwVo83ZI9T8jkw5I5W'),(969,1345,'EF0ZW0XPK23URI50ldKF6ImT6kzY5NGO'),(131,230,'ef5cz487N9EGTpfSQZhm3wg7okg9Ka5d'),(116,170,'Ef6wS26JZbBf5nBB8lRWp9kd1AQKFPXR'),(609,925,'EfnKlRxZArkcR6rvyIiorpcYwkXXP0g1'),(346,575,'eFXTrdeQpLxu9HhOhO6zAFfTHGyPg7RG'),(848,1224,'EGUYUcEfKTFiSoMpJn0vl4DLzHo9UEEq'),(713,1089,'ehTmuQYkFm7Y2pCEefrW7KfNgR70jHwg'),(221,437,'ehzGZvew0qKKPLpMg2y7rdp1UKUDatCc'),(527,777,'EjAl9kr4sG55OOtUYiw6oUJuZFuASsnl'),(1046,1479,'eKEytTCwJXlp2HEwv7lybFYwMWKr6zLA'),(139,258,'enbT4C81zj9moP707NhxxwmWwpTfnYfR'),(462,697,'EnkTSuSlYQlh0P2sq1S8SXa4MMTv8Rao'),(635,963,'EnSwXtmJ7Xj7EXF0zTcXw9k9rF1HL2N4'),(1098,1595,'epRXwKaMyxFZvaobc2MvRbSPSvWz7V88'),(743,1119,'eQqR1brvGj9S3XXHvtqJpSYXQeJk03yu'),(370,600,'eRflFGcSbS7NGv8VuMiOCZ5awzZlDfP7'),(718,1094,'EsWlvObXikJWcagJXdNWVYhATDX8ma97'),(444,679,'etJokYtasEsX8oRvAmtCV24gRmoU6FVf'),(248,473,'EXfiJ6KYWyluyWNdEXL5WoE5S6slnbPg'),(1007,1383,'F1N34m8HTzcFh4Vva9bDr81OtR8N7GO0'),(1,1,'f5aacba5e916dd314037a7b59ea61915'),(428,661,'f5PiTqqPl0rr6O2Q6ROuMrDsIoonaw0m'),(46,48,'f6d85a940ee1d5e8122f3cacba33ad34'),(583,878,'f7J4KUnu6dGYyExwdj5tM2us4ljafxtP'),(60,65,'f8843614581cfa0fa5e3a0b1c9e37505'),(791,1167,'f8InnNKMcJQPaT2XuoO4UOlYBsJzLKUK'),(568,849,'F9bKsfL1UcH73sRxTjn5p90tI9F2FmXo'),(544,807,'fawSFP83uHqVZBRwwSh6mm3OqOrovDzN'),(242,467,'fbAg28NKUpBoXt9ao7ouxlLvGNmF2MDS'),(33,34,'fc3ea1b36814450348987ec7786c97d5'),(960,1336,'FCgIgpJ7fWqG4RxDSeSxykU05qWDgdJa'),(311,540,'FcUaVk8cqpCOm62rrYmxJHXzoJunnXFS'),(523,772,'FdxNnN264CKnxCjtvgEWgP5mmxYBaSDh'),(495,738,'feiW4okkvHAnevKnaG86oILm61B1fZ55'),(588,883,'FFOjquBlGNsP8u1CyQokvqfgx4NZw7nw'),(877,1253,'fg9v32WYJgmk8MrVMyYCk3l8G1LD1hYV'),(770,1146,'Fh2NjiVCoP3s6pM6X4ILBrCTd3Yl3e7D'),(1029,1446,'FIeT3QWHO2vi28g4Ob9yFRfZ3HvZqNQX'),(536,793,'fIpcTUoYNwlgdYgLhkWIH93o4ubL6TLQ'),(173,328,'fIwlWNPc9fnYPRrPYLmaT9gmu8Byohaz'),(327,556,'FJI7gUEOnsho79A6l0VwKazOYHPx3xw8'),(965,1341,'fjkQ0z2IP32bCTWeZjKuYzce62kQiLBq'),(589,884,'FjzvVxeGnC0yfR4MBHiIiYCE8htKaszN'),(151,290,'fK3LepqGqBa48ZxR18U1rhkPN5KKUfj9'),(354,583,'FKh3IYL9z2oy4NIBr1SG5pmzyxgNy97X'),(930,1306,'FlIe64fTJll63K9yyQlZvh437QQdmmCS'),(282,510,'FMBmZ0BrabA2eJELzp0IPH8wYmPg63El'),(490,733,'foFPMtmgYMyPWZHWFWrbgpthcDC5E4Qg'),(788,1164,'foZayqzRvy9JbMvHMXG8bOmGsz06rVwQ'),(297,526,'fpsJziVgUK8Vpdm9zreCjU8sRhPxPb1i'),(904,1280,'fqFy0CaIhGMh0ga50We06WZwcwqzh71l'),(886,1262,'FqLeC9y4AJINFxAPhNcngmhoWU7F4Q4I'),(978,1354,'FQpmewymoCt9BJfGt3z0MKt6277A9gnz'),(650,996,'fsSzJfs1wVWTuF4qz3uS78NRGkxIW8Ad'),(314,543,'ftuM6d5ERwx8A5mAq8nxZkxTB7zXfH3C'),(652,1009,'FuKUsd4SxOxrXnXdC8wIxtLmrdJOrrfU'),(283,511,'fvY58DZI4Mpt72hjOfaCNkEC4xozk3ho'),(757,1133,'FxZDFPvy0UiFtFmz1AfQd6CcCQ2qdUSS'),(422,655,'Fzz81ibEmSUv9gX7n537qjZ07zY7Xor3'),(1028,1445,'FzzLW1mvLHGmpbaNy4xhDE6v5VQXVHFF'),(689,1065,'G3o9Zd3HmbVm0xbepoO5BAOQvGYzzk1p'),(1076,1566,'g494FoJ872bu73XtwIn4UgQcTlEfIodg'),(184,352,'G4QsGWH1e5aE8h1exaghJa9wVWjL7vcE'),(760,1136,'GAeZ4JWbaEJbPj0LCbvg9AlKdBci65Fh'),(537,795,'gaJMesGHJJ9CetytM2rh7d2ikarMLEab'),(234,459,'GCpTzF2b4eLcToJR2nOXSzFPw4nSKYeh'),(625,951,'GDqKJ84AZMNtiAGVLQv41otlBp1hcZE2'),(416,649,'GFKBJvHpnAfi6IfyDnRsuLeHjei9osRD'),(423,656,'GK131VUuXBLa8ZFHko3xXryKZOYELCw2'),(939,1315,'gKSONm5DN8PaJ6Gd917EryQ3im0rknrB'),(554,827,'gleqyx1XRD2T6csjA3fS1q0RJLYYcsA4'),(785,1161,'GlM9D5if2iuRpKLhN1tEsaN5Nvafbbix'),(856,1232,'GlnlWTFvTXeNx4OkkeLfjNB7FbueeH18'),(797,1173,'GO18wE8qKO2zz6SMZtNh9NoEQWsXb1id'),(1035,1456,'GP9UhGtyDuKyFPtGTViEP310p72XUh6K'),(1052,1493,'gqQVMgl8InAXRidUvOIfc3NBqeafh6mk'),(223,440,'gqyfExH3BYTTewfIfAS73e9vPhrri5kB'),(449,684,'grPeHCP7RSJEel53mfQowVo60t0zRn3v'),(656,1018,'gRpWyuHnd4mp3Q4cXZi5sBj7DZknISny'),(270,497,'gsbLfAKHgWHgyJMdvC6lG8VvFwcjwiJN'),(1048,1481,'gSCPMVCmcsunLHznLtRwhU4YAHBvEn8V'),(949,1325,'gtl9pYHfLMlPiQ1iLoNgNcVPkRJG0si6'),(782,1158,'GTWfv62c6Z7ZeQydFVfcawEjbWWgT6e8'),(471,708,'Gu750T4QwoCcr0rrvHCDZeUUu1vezqjx'),(286,514,'GUKiDPq1v8hdhlo2AOAzxlH0fNkr1uES'),(994,1370,'gVSiJXVUvql2BCX4H1WvAPSN6Z2hfLd9'),(415,648,'GxA7VHxSsBeFTIeSbLZq81XRKuto0VZv'),(296,525,'GysqpCtm5znnzagjSGCAZ9iscxwvw4jj'),(815,1191,'GzhDqcP2BMqtivPmQI4iyd1KOqRMeYIA'),(699,1075,'H0gWaF5HnUPqqkhkNc9ABZbSQUdeNr1Q'),(829,1205,'H1Ib3LpSBhqAsgfj0awcui5j9A2TYsQK'),(820,1196,'H1id1FSPZOL0O5dmNpu6NE8rrLGz1rmA'),(593,888,'h2LJ6QH4wsolv2JHCXtXVqWl6VTpW77q'),(193,377,'h4T3z4EY3GDWqqoPQGyozemOfJqBBfid'),(645,988,'h6DLCXrejNoXTGOqZhCHCdvoUmbYTVsP'),(849,1225,'H86ze09z4hKAyhTAMTA6Q0gZumPgYoGG'),(666,1032,'H8kCoqJ8rfB69SxMG34BWi8c6fE6MvNj'),(224,448,'H9jq5lnPJwq53U3cKQeweXpF0eugyN8z'),(521,770,'HAQnzCOqdYyZCLzNxngVr00d87y57req'),(357,586,'hAVMXDjJworI1Bg82PfKqBvZnljcuytK'),(540,798,'HCwhBl6M2QRZ7iwiEiVf4ck8eeYZP0CW'),(86,91,'he1CLNOvY5BEpx0RUKaRQ8qXQJgfd3Tl'),(503,747,'HEjj8ofPGxVtLT9lS7LwrTHUb22qOQlT'),(226,450,'hFu6E2fZvA2t7xcRPdxGOjz8YIp7aUCo'),(640,976,'hfyiycAuVs9Dr1FPeApb4yzBsOdVjmFU'),(720,1096,'Hh8KPgtbkIv9NisyHTrL3dcWalHAHOXf'),(531,786,'HJ8qlFjgGbodtsncVnjE4NzRCwNElDxi'),(102,126,'hJGabk1a7ZlD1cxKWW517pZho08K7ROw'),(118,175,'Hl6WY2r0c4c83SgKTBGyxj8uSEXanIvs'),(361,590,'HLhkPRNck74SRNsb6pr90STp1GxZkCl0'),(230,455,'HMivWnRyKjYiZWqAD20mKd4WZwhNNtq4'),(762,1138,'HN9EWO9ECJcaYAaeJiCIWS2SJjo2Qmkh'),(261,488,'hOSmYqp3yVxPYmFnQNwxYV2sI49WsaAt'),(482,723,'hq7G2tbfla9FyE2WY7jk81kzY4rAppte'),(866,1242,'HsSDfHLl4oCc3JXbJEmRCVOXBIikoIKR'),(163,303,'HtLlt28k5n6sTGqNG1GFuZR3utpyujK3'),(843,1219,'hTMxsYbxXHEyuv23RtfakFy5NSza3NoI'),(551,820,'hXawGRHb7PRyM1os5yFkRL48yHYvvLNI'),(466,702,'hYgUVrsHuRfhVczDDjPsrAhe2zvYXO1M'),(379,609,'hYywurT9SijSvcTGt9YABCWsDCkYDe8B'),(582,874,'i23SzW11wxCpIrvvvh0bsSnPJnGPdH92'),(998,1374,'i5AdMEZEnVovAm7Lb6kPeO2rCAiW3L0f'),(338,567,'I6DjKjGtQZkGWos7hRIiTJRrdix2hHHU'),(373,603,'I8271jheJsGm4LyjL7SK1mNtod0CmXUk'),(517,764,'i9D1SbeBdsvLeVJGE3hGRammom9mLFG1'),(647,991,'IA7gPtw0Jc4O7wojLJkEiyT99QBFAxc5'),(734,1110,'IahrIhh36Utqg2AbeXj32AVzYiAkRoTy'),(833,1209,'ibvAU8VlvUrUXh82fCZwHkUlwZ7hGS3U'),(1059,1513,'IdDsohzb8aIie3oW3F1kNTYV3Ln5WoQi'),(887,1263,'iESkIX8ttEA0aNpRKLLnQ0R8F0Y4QYfD'),(412,644,'IFwE7kroHf3ILPjzWrtnCOwrKn3vjDdw'),(525,775,'ig2yt4EOQIPUt5UEqhjIFq2ojkulkSMk'),(597,892,'IHwdguMTRwm018wFp7yNLDw1vxh33Phz'),(1037,1465,'iijOKzBQA4QK888JK1bBeTWKNTWsyP2o'),(188,365,'iiQmNhc3oGtRPlpZJB8lbolgUVOlpCyb'),(380,610,'IIzSXSOsNbQ4OGQ7BO0JMF6ubaCA6z7U'),(664,1030,'IOTCySkMhAgFMhEAm1AWsfvd8XToL9yT'),(711,1087,'IPfDDkvca5QARryh7OarNET47gGErTuk'),(731,1107,'Irg7i6SNncptD0OyBi7VxpsKmUzF1mMI'),(472,709,'iRUV5nSXwqpa1AMoFAA7XpnOkVf0uuB6'),(1064,1542,'isB9w9BpffJsO2PeNMgf2Hr7VHm2aXXL'),(681,1056,'iUaIK1aps7KiHcLnslXd0Yaxanhoi8Nx'),(636,966,'iULbnndQw2DFIqhxCnBzu9S2HzQpfZG8'),(919,1295,'Iuzr2iXliDJfAKQ2zfohm4jiCaUM2V0m'),(721,1097,'ivcIoIAPfAYLzuqZxHAlNxdLNnK3Rp1y'),(670,1040,'IVHmNOPd9F8RRvRFANRDQW42q2dpOo0U'),(584,879,'IVnC2XEeo6hEjmCJ1HA7Rr2n3H12WxIH'),(160,300,'ivRDeeqVFxg8zu20M6tf1T0bdl6YZYyJ'),(142,261,'IWz98PRVrjKrpg5xmQLsclYQ4TGJ1R4E'),(581,873,'IxiXpANAVCVX4UXaUiTfD179tn3M6GYZ'),(822,1198,'iZDiTgMXIdzxuZ1nOMmVh32U2KoVSL3l'),(352,581,'J0CClb0GLVWgjY71zLuciSXKlQ5bbeaK'),(165,310,'J0lbyjXza2TcQb4q34sWMEPDgUQFpg0l'),(637,972,'J4ezh2L3pIvouvDWAGlEwP162gMJz8VP'),(94,100,'j4hVaw9TSMzZJnVUAfE93jc7eRbf2jsS'),(606,916,'J5LivapfMJQ8tEhOwuZmw1bJchhzzuUQ'),(940,1316,'j5TkBADXAhE4R4bSTvQ1ZwcbeW4wy173'),(265,492,'J5vwjh7WJphstzKPIGjPM6chv2by8Wbe'),(761,1137,'J7Mh8yfikk6qb06dsv7p1mIiHO6xiMI7'),(979,1355,'J9d0G2WGocKMRpTIpWTNXO9cl876yLAT'),(973,1349,'jahj6kXluNw2yJRYC34khbIMvifBvAHX'),(446,681,'JayOPv5nGX4aNOafQD0fdPcNL3lvFwcA'),(197,389,'jBWoN2kCPKM74CDrHYtcEqw9s3QSsCGI'),(481,722,'jcB8VrrSMYyuIa8OypuqxC7hJu46avPR'),(827,1203,'JdolPI2ko4Dae7iD9uGqZdcA4Mm7wJJD'),(217,431,'jEizElOrZFDmg2SkaReAokMV520KP9QL'),(538,796,'Jenh2P3Qf7UJjUuV71d3tb6uEGp8Xgua'),(113,164,'JFmSasq0KmQGgz0oDCxOEmBjtPlZLm6C'),(549,816,'JFwWo6WN824OdLeyQqo8x1nqaDciGFq4'),(266,493,'jGBEy8OO0UOuUxdmABOtrqvfzrT2cogn'),(630,957,'JI5qq1tBVGmqWn30fBG2Hn4eC7IUfkqy'),(98,112,'jjb9RMspYVey2ygQNLfdgMqUYjz6dNze'),(322,551,'jMJ6hWufkHhs1ILn2XJ8g4AMiLBLB6DJ'),(375,605,'jOau4wmNJkym5sERRvrHP3QCQruEufhg'),(1089,1586,'jQDRv0Utd77nps7hUNSK3bJjFLkQ5K7y'),(682,1058,'jraMrS3nax3UhfXOU2q1Qrypl07khxrK'),(595,890,'jrJC02Oi4asmdTld96lchLIduelsIDC8'),(862,1238,'jruKaqLfXmuAXMev3Mm34a3ASesi5XxH'),(818,1194,'Js4Hhfxdtkk0jzFr24mdlHUPSFICQjbB'),(455,690,'jShFxQGOhSmzzsI41K1BTecMfgrnoveu'),(779,1155,'jSYql3CInU8HooG9Hqoj832mU01e1gBs'),(683,1059,'jvHb6A9cDfF260Nq4dzos6f1ScS6du4D'),(1047,1480,'Jw6jUIc89YvQArQZXaVdrBWVBRjh62hj'),(753,1129,'jwsQQJIh5j9PSRCJK4GEUoKWprDgiLbU'),(343,572,'Jykb9FLqMPfNydnu5oA0SB1Sm19S8bZI'),(789,1165,'jYM365H0sS5tc9O6Q6rWYpBrss1MGAOI'),(1022,1431,'JzpMIHZ9Vv70u43dvWPqOSmKyyo90sCE'),(349,578,'K4wqSNj8hAN3NdsITgSrbi3eSP8kYspV'),(408,638,'K5RkY5NiJoA8I4TPV2fgE5w0cOabbe95'),(225,449,'K5yXmqJxCsBoZGVlntv38WvZKJKkM3ck'),(845,1221,'K784yAVD10v1nVrYPnopR9dyjPNZVnVA'),(563,842,'KA7NIcf89vMcYtuv18ntipUIsfmnMgCa'),(367,597,'Ka840EHqYn52Ce0LhNUfiTBu4kkOEw7I'),(1021,1429,'KDaRCG9G0nYQhRwP4ew15y7yXkdwn999'),(646,990,'kEqlKTopKrvrkg0kYSJhpsOdKhht4b3r'),(192,375,'KEwWM4BS0dsFQdBKN3ZQlzdi13sSoLkk'),(465,701,'Kf1BxlcoJuLEY6BGrdg0kxHC2y7V2utA'),(804,1180,'kGKP2IB81IEABQUnDmOZ40B3t5zZFpxt'),(749,1125,'kgUaqBhUsXRT0RuwGzuL3OI1Mj9AXW4c'),(771,1147,'kH2SZFZOLi0yMZRMapiRx3gZYAqsD6bG'),(947,1323,'kHXN1Xjb2tiYpGx9q0exYGfr3hrJpP2t'),(982,1358,'kIBeWiEaGxlLI07yMx3cT6huY6VEd7tt'),(710,1086,'kK2oN7DBQuMyIAx9Wpza2n77KiGAavI0'),(213,421,'kKAkgxyuwB0ddGkBRkM0xhOYFm5xlFyq'),(690,1066,'kkeOfEsaV3bS00S8MoSTvg0OoecNrgn0'),(814,1190,'KKy003KK3HbsqLG4KXhKsceEqgKs2o6O'),(364,594,'KlpGoCFuf6y4GcxzgWfQXKyxU9xrHdZh'),(392,622,'kM6Tpy1gLVvH54Vqkvbo247yiNOn5QjT'),(920,1296,'kMAyyfSbsA2kPzgxNNipnc1B8sij6fda'),(868,1244,'KNcsqgYLjBug64QWJhfwrQnTmkjfMYmH'),(257,482,'knlUQN7WYFUfg8dF19T741hhttPTlSWq'),(500,744,'korCm5o8sWP0Zjg3VKVNwmCzYXjatjbF'),(953,1329,'KR1BArMXrs47ItLQ8oar6R9aOI9UnbN6'),(355,584,'kTI62eaNFFBtMnUwXRn1jH0sSYZh9d8P'),(850,1226,'kVKN9bPDcYPrvDAB8TB0y42mqX2sGkMo'),(493,736,'KWJnyPZUcn613BPNStjyM8JDiWzdJpjX'),(784,1160,'KwMGu6vMrb1xpt07ZrM9OgZNERMtuD86'),(208,410,'kwXLuIeZcaxJmFbXcPm9xda7fxokmgG5'),(944,1320,'kzNBZv3pyApIPN14phxMQVllzkq82P6w'),(948,1324,'l3OxdDdlU9Ds4xyjMpZTQq4me8wAku4y'),(487,729,'l3Qv6S1fZzJGbD886oASodapTNmQQDE3'),(1072,1559,'L5uV8nSf8lE1u4O6fh7pyXxP3DUboFx2'),(365,595,'L6guexRNqjb6wmI8td0sROkvcenPtBqn'),(836,1212,'laDvNgsktUvB10UMOAPNIoFqoIQMoE3z'),(732,1108,'LdHM332NpU9VHXbL29CPPjYLD14TtDxd'),(613,930,'lDij10tcz8GAZRiAOdz9kIkZnklSggCP'),(274,501,'lgxV5TCyu1egCXQYewLJHra3wpCn8qFe'),(655,1015,'liZ313P7cIyoK7LrM5Ky40RQV5GZVleI'),(958,1334,'LLJym020uK3VoTORTcFjqWagaaTMCXUS'),(134,241,'lLP8CXPDW2NrGN3KhC1glz6mrOmkohLM'),(437,670,'lOEHiBgCsI6FXy3I4OKsQRLfCzr7CYJR'),(509,754,'loFytg8WlGSWX3rIvPPRvHbr9W3myTXY'),(552,822,'lOWxRK04rKoT541IO5jiWWhAcnEDP4UP'),(424,657,'LpAbw80xDJOg0zcuFhua03jKgMMhb1dn'),(172,325,'LPoSneILH3LTDfm1tackgJSt1v6nK624'),(966,1342,'Lq9TDbSkHa5nHojsY9Zd5clzIBi5ywiy'),(1041,1473,'LqTSPuvXeDlJBxco4zh3JOq8nAZhdZUk'),(121,186,'lsm0YQoa7HPBl7gJLu898doSODaCL9MX'),(137,254,'lSXLAiG2Q8dW89buJSXmFDBHAD5oyqCp'),(251,476,'ltEZZtkjU4DokSM9xSnFzfj2EOZKecMG'),(851,1227,'lV1qUp1dNiF7TB1l5BEtzBRYfs7LKElU'),(548,815,'LvGOOR1f3tWuHWBRjy1BZmxxxoT5CsyH'),(776,1152,'LWp02Vw3RA4pmWGGbLPIQ4eK5p3shFvy'),(237,462,'lwzn8X5xzWt7hnBmvMKFrFJLN0Y79Bm2'),(291,519,'lxlBJnpR4MRkjpw1d9NOTmHfRVaN8jO8'),(542,801,'m248w8nFXBOmH0oCkSkoKpwWoFo9S3qy'),(194,378,'M3WLWojtMmSHgx2xSwP5uQdRTyLoubLY'),(725,1101,'m7YBV6htz2iDr3t9v3rXYDmTppDJvAzn'),(479,719,'M9EtQLtBIcMLPcYa4xHgq0owbXShAudA'),(1082,1579,'M9H9GeDvoVLuCWKSCGJNR3tnYLahU4Nc'),(259,484,'MCrbW19cvHbf2LFu63moSbtXcMPZNSjl'),(185,354,'mCxj6vwBmWvtmtHckf0wS6Xtii9VL9mW'),(610,927,'mcZeIp1xTcB8OtkdLTXcgQQ2dRdfp4CK'),(227,452,'Me0OqC8xw3ueFnsi3jRuUz0mo6tNCKPw'),(187,360,'ME1UIaPHQ2DDiSsGjkEtWG1sBlM8JC7p'),(808,1184,'Meh0jZwygbqZfOiIcXThTx1NVE7JGQnH'),(504,748,'mggKhLE1qimutvZCeETpPcLRMdZ9WyDX'),(1042,1474,'MhxNnjsKUDAfqLpnrXx9LQLyyZLjp654'),(648,994,'miKvnICBPRZTfOBCNF9SC9G7uVfjGjd0'),(497,740,'miQMdYG3AL11Y8hNUWVOA3eUaF1AEkUW'),(307,536,'Mj4KBjQpwwCOhsdwnvhY9Yi3B4bfx2CP'),(403,633,'mjqlqrhHDggwlzPObapHS8PAwe7fXfKi'),(607,918,'MjvIxV1e6dV65ojBBUAMPI7LHlxdOnZb'),(371,601,'MljT4Mj9P1MKpOt4J7WAHizOnxVrgehW'),(712,1088,'MmYtvqDUnFmEUBxxuvS8Wxm67ycO5WIY'),(404,634,'MonvgHr7BHXMzK1UxBTNObyzEosu1drd'),(132,232,'mPAg6fvKRZPIA6laMD6PdjmKf77fAsqH'),(812,1188,'mPq6Wty7af4XPPieeSa4L9CAdUxqM1X2'),(706,1082,'MROizJIWO3beu1ZaQ6ldLXIRwyBgYJGg'),(450,685,'mSATpq4E2mgxnzTEfYa0Eu0BW1weK0mc'),(831,1207,'MSgM4e9bioq1IBGFgKOjldYweBIEVJFz'),(473,710,'msot2CWHGDSU78IR71hlmtdDk8At9nGW'),(378,608,'MudGNr4YeqOt8w68q0rL0ozRuLQWjKoE'),(590,885,'MuVNmhoHegqcOfN36qYdxYQAYch7DGDM'),(1079,1575,'Muw7JL47bsga5pHZOWvgPsD97GKZtHN4'),(745,1121,'MUzQM52znZonbIZuF1yX6cL535eVENgJ'),(658,1021,'mvo8bV84BJi6DmgdGqtWfWike8UPApsO'),(128,211,'mWddW53FYkRNrbFWz7nIdfo6ACFU03ZT'),(147,284,'MXv0BcA9Plve2MgrCceoelXUbT41yU5C'),(592,887,'mYdTgyvrHZrmoI2l6BAWYJfdtoU88I9A'),(190,368,'myFVNU68XgrCxqigzdeCaYYNcJ330OOq'),(598,898,'N4ngct1RJ4llNvb9ayEcMkOt8M3x2wlD'),(857,1233,'n8HK4c053PQzooeJ7shfWS0cHvubOzhU'),(535,792,'nbzD7xahpAWXj1w7lBZskDNVssa9Zje1'),(1081,1578,'NE5fEAUnJNj185buNayRFxNrqKOzOLZu'),(952,1328,'Nf6agsOZY7jKUJsbLYpCIMpPOc7sQtDU'),(861,1237,'NFKXKNwR1WkpwC6dmaNy7eZu9ZpI2Q3Q'),(1063,1532,'NfuT2EBQRFlkYNz8W2NfoVOnGTM20u3N'),(990,1366,'NGIAYYS7jh5cvsF4eWdJpX3oIDuOztEh'),(321,550,'niH8o9Bd7AJxOWzySglQdgij1rDZKvmd'),(572,859,'NiooqlJG9P2ddUyktakiaRhbL50l3HnB'),(728,1104,'NL3d7FIARfdKU0E1f4VJNlpqsNRl7430'),(871,1247,'nL4u7VKRaKKLO98KqfTQjAKDgtGHeA1O'),(981,1357,'NoECPG2dsezyX6qYhlBiDo9nWWBp4D10'),(447,682,'nPsQipkMp3t2tX0bKWg6AmbEfLVadv0O'),(716,1092,'nqRYgRcaBouISpLOdnXzAoyKFtXPWzRM'),(974,1350,'NrEmRVLTOQNUzEwekD67DnVhvFt4dUUd'),(766,1142,'nS9VeNW1QcMdHwITQdEwKHvx25uxQetp'),(841,1217,'nWjnYUAT52NJMs9VKnviMSXFiZkwjPv2'),(970,1346,'NXMS7dtYpg8rIoaACkBy0KOj9XKmaPwz'),(802,1178,'NZ53sMBPu6Yyg68nh3nMqfrRzPLgCqKU'),(727,1103,'O2sj8lrStzDHq2PQ0sw4NWY2YOtzDdyk'),(864,1240,'o83oEo9Xebp9Kbpf9BIuq0uzuQBFVDyS'),(577,865,'O9bEJnAqv0p1AEcAoeC5p1k3qfDZebPt'),(660,1023,'O9j6nm2ytlKecGVl0v07lPUYPTccJVHM'),(140,259,'ObLGdmobSBrROBnxut8LPEcsgI35WP5Q'),(557,832,'obQhka51r7MQhBCB0fKZ6sP3whvZckM5'),(852,1228,'ObxkY6qurRZigzwvWLgARsAFGX939NoS'),(679,1054,'oD7RgLdXI9T0ytxg4K4d9zRFjEU0rc7a'),(602,905,'OefpRzC9PZr41O93AytjBdhE8rXTUcfb'),(1002,1378,'oiXd6ACEvGaT2KoUkh2tWShSMK3aJgkq'),(838,1214,'OJd8BsnP6WwbSSTXAYgUqCF1CgXm38eq'),(249,474,'OlT0x7rVACJpJQbEzHCi7kSr1GovuLJk'),(432,665,'ONcD0QyzTpHuT3c1kf806CNd2iiIQQdV'),(933,1309,'oNyDNqWJG9xJ17TcZ1OFNQ2npnk5mrol'),(956,1332,'ooq7TndBeBSggpW7uL9qxXRMPZATGOkk'),(341,570,'OPHTwlCM30kxDDTcf8fY6o9qm0WdgeAr'),(653,1013,'Oqsjitnu02Aq8AJnlz1VCW1Lv2yAx8sr'),(399,629,'oRyEPMbtLruKU8CZz9w5CGfiiCJ0OIDy'),(746,1122,'os87R9u48TBz6EZehfoALM7pTjmFoanM'),(135,242,'os8mOhueRbghGOw0vY4KUWlRJbzo5h10'),(387,617,'oseWDV9d8Vt9PQjHUBKacOkthTmBxVFy'),(754,1130,'oShNFFRqWZTGsfnj5OAdp06nvla0wjHk'),(801,1177,'oSohXnRfXrqsKbogGIg9pP2qGvK2IOzO'),(555,830,'OssqLLA92j8AYmk7VmqTuSQcYD1hTjTg'),(458,693,'OVDpmmMvFTk6bZ1tZdAMmaSsadoVofha'),(794,1170,'oVMrqTsDG2sZuBPUwi6y0Vw9hyJz6EsZ'),(232,457,'ownF9fo5QDfKyAOqGtCbXpgrTUmVFIRh'),(300,529,'ox5Olbd5MbKN6z4rEjJcKC3hadiY85wR'),(943,1319,'oXg4SOHCOZCFkIB5DhUgDAL6eIovtnCv'),(310,539,'OXYb7CPEyeakzyQOuXcJApe4ruSRj9QB'),(1019,1425,'oYbWSmDaNtmaSZ79oPEAe6kLQ4oOnTFw'),(627,953,'p0hJyQb0k38xB9E0qPOn7s3lfLPC44U0'),(475,712,'p1M0JzO285PTEjNZ09CEywjPCDfXJAEJ'),(723,1099,'P3BxZ3omM3wgcpT8EHJOirZaxCVAKzZO'),(267,494,'p7cPrLgq3s8gsQxrN2jE37MfprSfd4mk'),(468,704,'p8KHXQTmbjnVgtGJVTzIwY23w1rmvpb2'),(826,1202,'p8uoseGXucJpovemzqj8oJ6Hi24FcdWt'),(309,538,'P9eJXoD7M4661KOKIi608umUCiEpGiIA'),(661,1024,'pCeHhLJesyW0ZhZb3ul2Ec5YzB1sreLm'),(1074,1561,'pcIdrdO03iHG303B1BzcTkFmWw3WUOpW'),(236,461,'PdcW5V2XVKPQmEMauS9HajFaBnxFOMnN'),(695,1071,'perLuYooiSKsGtzwjuIxMUPYBfBriZDM'),(842,1218,'PGaSCGpCT5w0OlM20jlA5myyRtm5rk4y'),(143,267,'PGBnAlicaJdabJ0iSKALwJugJGYAHEUI'),(854,1230,'PhFcFtimQyFVT4gOj5iE3Yh26RtvGi1F'),(569,855,'pHWCMOTf4izgylm9KPbb0NQ8uI4m0IAx'),(241,466,'PI487DTaBc0ubzm3B9ki96TVE4G36ngy'),(991,1367,'PIYnayExEY8XQOVH84ljwPeqosQiK3NJ'),(407,637,'PKI9hcJDNi0PIxQtbsdKHbj2NCOOl8aC'),(1017,1421,'PKPGhH52zzdA8st6fgRotsSEquC7PlpH'),(324,553,'PKXBaC04LPK7PGqLivtJQf6C17uYhNjo'),(908,1284,'pkYKl15v4OBAK8dOw0ylpnvzFziT1gAs'),(376,606,'PL9GsLhHejVqtSJ5EJ7TY7mawyP5wccJ'),(1034,1455,'pLry8OxqAvdvFzuN1qtMomPOyWrme9lq'),(391,621,'plXRCPQThdPWYwUFN2999HWPmOInPWMm'),(786,1162,'PmGt9q5ZzhnCECBizNP3Bb2uB418kgQZ'),(459,694,'PmhrWnLXCePtbF9IeMhm1aehopWbzd3W'),(855,1231,'pNQcwAN2XM5JW2EEs1OOIVaivkeVHHz0'),(436,669,'POnq0xhEQIwXuYpUs0RRTJLrkoTYCJmC'),(961,1337,'POXFc2uEpfS11DN3Rybik4pHKO6p8EZY'),(384,614,'Pp4ZHsne5XRZPdkR3WRN86QowolwplNw'),(348,577,'pRAcqC8WbZbI31bltVEkLh2JwhR0XxRQ'),(560,837,'pS1KsysaOYlgVeqlvH1kgEy5OnELVjw6'),(323,552,'PtZFFvxWUwoVMRIzAPNWsgTq5NiDH8Ut'),(897,1273,'pTzPRgbduslprz7GXLir75NFbsVE5vVA'),(928,1304,'pVoRjpyZlTW5CSL16XnZzKnGsiAz6HMI'),(546,813,'PXdSkJRVyiNvhgZjwZVrC9a3SRvEpQTO'),(1087,1584,'PXx7OhuZIUUt5wujU6jdS7QTXZ3sdvGo'),(395,625,'Py3AtwKJq8SfPCU1dI3ex8bDmO4UMCV3'),(202,399,'PynypHoZJuTEsdaVCPTBQ39W1so7BHr9'),(574,862,'PzBBi9nDFu3qyaUwu2adkYC46bGAZbY1'),(556,831,'pZslX6VYscKrVUvqFxhNDAiR23V6DuPX'),(642,980,'Q0tTVotgmkchhrFTx5i8ZLSKZNLerhpw'),(885,1261,'Q26abcYsrg1YwBZA6wx5duh1Av18IOLc'),(488,730,'q4KJdT4tcfBIoCoV7oQrqt1yIjn4TJVR'),(146,277,'q4Zsp0PZEgJl6Sa46IJYWTf75oGQCzqj'),(719,1095,'q8etIHAmZUwMB5WKIQS5VWeleibTdrUS'),(222,439,'qaklns7S5cnAlKDaWnlrxRH2ZqM6MJZ3'),(675,1050,'qBek72V2i1b25XoSOful0SsiMNwzkC0g'),(765,1141,'QbfCRdSif4WO1rbbwEOunME8ZoNivNoW'),(385,615,'Qc3DsK7YGroAgeNabrn81cf1FNND3IZz'),(547,814,'QeAhydXGGFOGzHLDGO5BLEWnOsC3mSYv'),(918,1294,'QGt5CknyY374c2K2t5vjE0f6l8e9ma4V'),(494,737,'QHgpI1KRmhKSpuxEpxno741Yk3qmm7DD'),(238,463,'qhpuipjklFwR5d8y3R3mY9sX3I2f4jwS'),(272,499,'QIFHAoywMenZXpnUc55DdmU4B4QasGXi'),(110,159,'qIh2IqoaapYmtb3eXAFuErMwHkqwfq46'),(302,531,'QkKWGojeEUV5wlgeDCLCYqDgT7gX6fCc'),(800,1176,'qKUxJXkbA4rsHR2rPHACPbAiSB5g4bNP'),(962,1338,'QMQiymLbu8V7D2MkmFK66DYJRUB57zvo'),(353,582,'qp4k3byJSGNlLMBcJ7WtBBRqenN1kR5P'),(724,1100,'QPnVLFckDtyXma35JOkk5t3owEBb5lkq'),(397,627,'QpyG1KjqhYwLsFili5dUEbdqsftjIGTk'),(980,1356,'QRMcHYLi6kvoIacNYGpOCbVFxSzM36ka'),(863,1239,'Qu057X4pn3gtkadSbvqYatULPLLcZ053'),(377,607,'QuCr36sJ7t1HtbukO2xFVet1kVZnGfVy'),(632,960,'QWQbVlYWthIyske8GnDdbuPwh9tbwVTa'),(774,1150,'Qxe4n13FVrExLcpC8j5PMdkoOMLLAMTx'),(571,858,'QxkOJ0Yp3WhiJahAkDvAvJ93FvXeDP6W'),(539,797,'QxQHnSRUSZOU6rVoJqgo69eD89m6LvWy'),(179,341,'qz24ellMtxQImjOIOWw2I5NHBUszw16o'),(624,950,'qZE9UtLdoxLBqZUdbo90Gr32qz1HjCcF'),(325,554,'R1GPdxv9gLtLIRiLZ8o3rvf9lB384m6f'),(438,671,'R29q1XJM3CWb7qfivEqzJvoGkOa0k7C4'),(667,1036,'r2igNbSzpG15xvVpdkJdN5kKsftUtNWD'),(767,1143,'R59r9O3oHzIdIFjwgoRxInfl1JXmGmxX'),(976,1352,'R5eNnZpKKyRg28rIPqKI2iNz7UvORgK2'),(925,1301,'R5QPUfvUuaxFsXJqnZoMkBjO3bJs64UC'),(85,90,'r6J5DGpbANwQ5tw8rZjQW4gA70RffMNj'),(945,1321,'r9R9Dh3HKsUzIXbpk9tuuuEvkLskgRw8'),(684,1060,'rAvTgSYYouesoQ5TieyaCO4fabusceg4'),(411,642,'RBVSHkKtK0Ejq3pb4X55JMo4bgnPiHrL'),(617,937,'rccrMka3onHVUOR60GIA05nj4DTLWT6I'),(622,947,'rCuYp4aqSxV4XGcZDpuC5SPK5q1gdQYS'),(596,891,'RczBQ2n4MDOUgzaCMAxioPQ9UkB4whNj'),(839,1215,'rdcu7AWU7fp4mQCYuGD8fLbMjEBfrBfX'),(95,101,'RDSdvl2MzFvSxGBBbBIhfAHZ5z0ErKBF'),(758,1134,'RE5lSWeS9xAyHPeV2qPYnQKTsJLB9kzS'),(268,495,'ReMF3sKDtBLU3oeRn9lehFsygwgMuLne'),(702,1078,'RerOKx7MuO14bMlRbq093vD4PtKIQNMh'),(91,97,'RGVGciupMWIVqnogzhiGPrzfExFqeK5o'),(890,1266,'RhhiUnFfkTrJjxPJgnRua8dKaM7vf1sD'),(883,1259,'rhJwcUUt92Po7gQHfN9fiuS7r3DGWvNy'),(1043,1475,'rJKJ0ffDbzxFBxNfhx7Gblrb18DN5jwf'),(474,711,'Rjvl53Wo2sgCSvQQ2RE7U30vFdXAzAX5'),(271,498,'rlPAzsodHysLT2n1aIa9rIyJ6MUFL6De'),(345,574,'RMjsYlcVyILONFtl6OTARQ9tdZHvA5CZ'),(696,1072,'RN2jYX18xBnq3H2nyFyL6b4n13clsgq9'),(315,544,'RNn0NK6bgJwxcIe7zofz584Vc8dY0liI'),(586,881,'romacW352ejIj6rRAzAa2LS4zE8VkJoS'),(910,1286,'RP61uI8H2MW2Tcm4zSvjhSR22YglXw9M'),(832,1208,'rpSUbXovrNp0Y9VJSPmcx8HBoexa0iWY'),(768,1144,'rrhhKe0TWExCPKBLwMIqJtqJxqHSgopM'),(368,598,'rRXZ0W6A1V4eSOHUDjVBF537tFkGbK7r'),(366,596,'RS8HTBtAq0U5lOLiKwDqIrYGui7bKjTo'),(665,1031,'RTFuzud4sOwIhmRh8UlYdwYyHABl01Gn'),(975,1351,'rv2AtStaPSzPYT3DatM21bfNjdR4r42V'),(914,1290,'rVuZP2kE9Fz3NtLkZ7TFZq89bXiqqYR2'),(269,496,'rWBKktLZXQJ3OS0cGwhtpJhJtJ5jXdcp'),(824,1200,'rWtE6LsAT5whWBBBAmUkKrzl5kF9bPU8'),(576,864,'rWYBNf79OxDGSKwkYwooslLI6OUnSpCh'),(195,379,'rX2WdYQ4Bzx5RrGVwFUlQ3YEtETqrtYV'),(899,1275,'rxtOABzswhIuXzXPUsSVMFQZYvH531Lo'),(374,604,'Rxw9BSXtyDs62AXqC3NGlGCybtR7qe20'),(382,612,'RyWxxOmRGKMB3MpmJVAxtqdc9GXfpTdt'),(413,645,'RZMuNEGUZDMfII9ywJSEHfLaofn3CcPd'),(780,1156,'s274XvN2hV17hKQKHjP2OBEpNrm8xdaV'),(747,1123,'S2Zl1aqz338VC4fWATo6BWjVkPSzzSGX'),(984,1360,'S3CjnGCrSdWfLJFrhjbR5jdFBzSjo3BZ'),(805,1181,'s3T5F0feimny4oJujh86BZPxdVzIewiH'),(433,666,'sBJRY1AIoyck8FCqjd2wGBJTd7b0Vg1m'),(846,1222,'sePlOSyGRINuMOFFqaNV0lcDgWjPSCDG'),(92,98,'SFdrIGoIeSV8wzLui2AHwUOCGbRAKwUI'),(167,312,'SGg0JMXfXVQRGTHXr3ecRHp6Frdq9GTd'),(959,1335,'SHApkn5OalaxU0xG3TeAxQoxH1eS2ZkU'),(751,1127,'ShFguGLSBmqCWY8gHE9trbxKZL11oHQ0'),(781,1157,'sigNky9QUEciIQld0Kv7gH1UhU3JeAeF'),(207,407,'sJGu4GgON0F2olp1P1SyadSfVyo5TbbW'),(228,453,'SjK8SgDb9tvI9C7PHcOWYWG6ZzNomXVy'),(709,1085,'SksdpflrjHcAxE4e1VbprUQmcEhbBz69'),(600,901,'skuP63JEZ5qo86rgHk2y6gHKUJlGj6WJ'),(913,1289,'SKxzRpFCLK6xU6vVpCRc64XA6mFVh7Rr'),(263,490,'sm9c0j6vvviYXallEmxvukbvV8zASUef'),(294,522,'snkcrW2J5dNy5YT6ZM7zg60T9MQP3l4u'),(816,1192,'SnTSBbDvyaCYTU6GLtdDrcnckwghdqAl'),(245,470,'sR6f8ITabTUOucu5NX0cVtTEkbCQFywl'),(657,1019,'sRlba8syUqgt3kTKNJFjP5c0s8Pc3Wpm'),(1026,1440,'StarIdAAYgzuuKMlTOe93eSV6oZ8NTt2'),(594,889,'STWRJKq3V6Jaojf6KSMBXWGr2G2H3IQl'),(87,92,'SUmkU78PsgnA6JLWbTbTxqjWKdFCwRaH'),(628,954,'svs9sCKGPYZqOvncBVq9yCDPXBDMjBnU'),(931,1307,'T00eZ3qmllhXc0c5uwvCKy29GhBsP2rM'),(787,1163,'t1aL3xmgy3l06BXh4X0qvVe8qb3Yuh0n'),(634,962,'t1LoB15FKliVSk0TcXavhlwJETw7E6Dy'),(742,1118,'t2CG5MApXaQhyXvX8xW1qwae2dkiQBTp'),(457,692,'T4AQEEitAqDTo3ImrhuXXlNmkzn0FsYi'),(564,843,'T9LGtU4U9fyztcawToNVojT4AdpWDW6q'),(520,769,'Tc4u5h1MFPGrmhYTgfK6HshaUQtrzcKU'),(405,635,'tC6JS2ZsAVUQlOeh4ZzDUhGx4Db1qOii'),(835,1211,'TeW0nclxfK9v5Ah8wPtZuhk6nGpH5rws'),(158,298,'tfFhBlmbLipHIAGrDScA8L0Sxg8JzgSa'),(570,856,'tfy466vhayPvUlumuz4Dkep7YveeqiJx'),(317,546,'TGsim0AOmdNIL4MkCxIjcT2ckhEHaeir'),(698,1074,'ThgBWZk2mZSGYHgwxsjZEZlMahvAvBGl'),(620,944,'tHWGin9KJ7PB7inQIafrUplUwz9rL8dR'),(1004,1380,'TIS3DasD1AR9lLY9OZ5Kj01jp6gTdxsJ'),(968,1344,'TJkGNqv2W5R4fcAPgow19LsKYy7JWRNo'),(452,687,'Tjs2WZErWgwCyFzgFz7loa9XLj0b2hvM'),(199,394,'TK5YgcgNYQ7jF1QlnfhuJPRHZouUO68i'),(219,433,'TkRdAi07cUYu713tISj66kUm8diknQMW'),(532,787,'Tl6bZMwOXvw4eavdaCJwjFL6FFNIuhGi'),(515,762,'tLtERYRvFL0MgXablddQJA1DdLbB9Fhz'),(906,1282,'tM4YL4cByWNYkTWTGoCaYcV154S4l2sL'),(161,301,'tmC0chvbyY0WxdM0ySF3ymwMuvYU8ENY'),(88,93,'tMJ9t2zZa5tTODL0RHIbCbgr19lJsnkq'),(239,464,'tMTzQtAe31KDd60Bv4xP3g7P84h5T6o8'),(171,324,'tNmqg00Ugvg9h4Qv6xjECmgKscEVTVVt'),(168,313,'tNmr34pyHf0CQTe6aDVZyiwk36fq50TR'),(156,296,'TnpvlRW5HXs2OhUfRpHzHsfuDqsgNv4M'),(737,1113,'TQ8Le9yaUoB4A8mohC9tmbQwjpZC9Idj'),(445,680,'TQF6qJV9w1yaWAYEhlmaUgXZ0zjQUJqK'),(483,724,'TQLarxqe3457G1jGKHccvFY7Aw2Fd7O6'),(1031,1450,'TS2hXJqJu6MeGjUEeFLnouL2mwRHDN7I'),(206,405,'TV5bsMsHH9VJtAxqT6WQUtJXdCOCmcNt'),(865,1241,'TVXtfm3VD8DjWCZwokYUiNQCJ8hemlRf'),(604,912,'TyGzjcz6p7OrHzsgKHRXQygelmVvrhDI'),(619,943,'tYsJZTJeg6iv1zcwCXuSTw9fsJmqn1fI'),(587,882,'u0Bgf3rxbsXml9rttmPRt3xmqHwhitTu'),(663,1029,'U1IdiQGATLaSkFvlAFgoKf9Digapd2zy'),(417,650,'U38XLaYIejaGgKSCjwkn2hrKeFmmX9a5'),(669,1039,'U4zLAenuB8tW3vaIKxiPP8CYGhUpcfE7'),(279,507,'u5cgbIaX7f7OT9AwbUWGc2MCcTKtPMbh'),(873,1249,'u5jTw4gGhLzHN5ZrkyvTkVcdl52qOZa7'),(830,1206,'u9WSig2cqzQCBbMzZ0m6Mw1hl3Ehv6uZ'),(817,1193,'UaGLgMC13bvgweKOpZsw3YDg4zcxP865'),(1040,1469,'UcrMcnUV5oJjD2vBSsujha1WO0FqZi0B'),(878,1254,'ucTVgv38CKsQ2PdHce77sk6pmiXgSPxP'),(264,491,'Ud2ty7UF9ssNdgoGBXqQYh6hXVpBNGgJ'),(124,195,'UD3K8DCLrP3GFK7ErSFw7Zj3LkeuA9bY'),(671,1041,'Udepwud01bClVCYboTRqLPs4dlAqT6Xe'),(340,569,'udT2FUxiZV9qT8gOKdZbSf2snldvqEHI'),(631,958,'UdzCkg0AKA02n96C23w2gcFIA8heOsPn'),(578,866,'UDZhHF6c2IVDuvhXijT3cWo9X4OD5eEu'),(896,1272,'uE7qmRjsvchiP5p6CXTOgD9Y5IQF5DRj'),(418,651,'uEGOVyFi6164khFDjV2C5n31GCPfp6z6'),(677,1052,'uFHCncvvi2foxXgXqJ42oZzCOHtjEh7t'),(707,1083,'uFO2BoUfmYV94vyvRRoF2RYTQLWvtrYX'),(1006,1382,'UFoTIynKvo2efxVY4KzN8zmSCRWWy4iA'),(484,725,'UJlLF79XfA24XL7J2eWiVr0S03YXm03C'),(250,475,'UKEhwTRcV2CpVnE2AwRqZoUXmaWcvkWj'),(108,150,'uKmi9kkkDZNroprjMMGUXstHgQ1JLUrP'),(1033,1452,'uKuetKLdRe8hHaN6BQoNg5KNthhth9Wr'),(389,619,'UNJ1uKm8TSuFz8Ac1pWLZuS9Vm5dz8Nh'),(1032,1451,'uRZvGO69XgmDqEisB1Rp7Z7GXdkSJ4lq'),(111,160,'Ut2SBsXR6mnhzmhwoK8I5YlzQ4n8y37v'),(80,85,'uutN7DfLSLRLfx5bd2yA3u6Jm6QSaDav'),(1069,1551,'uUWk3ymbcpAOBPwvADMefi1e5c5FZvGz'),(1058,1512,'UvC087BQTPqweP10DfPAMxLfzIFo81Di'),(736,1112,'uVqqfO1XsmHfaXLMfz1XXMMbqfY60coT'),(409,640,'uvscIviAqwtVZTK4VSrPeJUFrxXASYqc'),(150,289,'uxDiyZBXY70Pft8DVZIaHW8X0VR3uo5e'),(1065,1543,'UXQ9FPE3GAPLXFzGn7ZH5IFM0XocNCpa'),(740,1116,'uXXUYOoVdjqnAngPbEhmXdXwKBhhW72k'),(773,1149,'uyVZxGKhvemg8mR6Oz1y7I9orZdgDmUj'),(319,548,'UztwLiwA32IL7vVhHHZpAaUS4LEHylWh'),(507,751,'v43SlRpxYvDOwlq6PtuaU8p7XtkoUj17'),(350,579,'V4H4CCyrJKSF4aQP7XmfQmwBjKS3cplV'),(691,1067,'V6FPIP2t1f5YuuXccmpklH0JrhgZxzeI'),(290,518,'v9trcaMd56QrEMhlXMarHzuOTLr4EhdM'),(840,1216,'VBO4JqpTpjzDPMbCUlOJEeDuCWGPLfr2'),(112,162,'VC26ClaDKPArOTx428DLzcq0Ssujex62'),(623,948,'vdqjvgwZQFftn3gBgLEvY5ObBnEbp5vG'),(530,784,'vEZ0JxQ97SMj2HMcCLxtCpzzuIIeB0pl'),(1057,1510,'VFAcEyx4821VKiBok5sNMgfU2DeJeRD1'),(303,532,'vGMcU1n5xxLYUUFhPgsnQgZHfRe2B2UA'),(651,997,'VH5XrvAm82VlF4gtl27p6o3kroYx5lMS'),(1090,1587,'vHk6Zt2HJKl5tkcStgIAs5IVBE4wz3SV'),(82,87,'VN6LeqLsoP9PHXgkZUrAh9Ubcmijvd1V'),(553,825,'vnJLM77d4o8T5OzW06buWha7WAw0VR5W'),(292,520,'VNzi22CRMtRt2bkqn4V2BPlZRDnt1A73'),(1093,1590,'vojo7HeeAzn1YeFtGOvCWyGiFnTl919M'),(434,667,'vOoFwMB8vEFnGdAGqrNdQsCVXDsOw6Un'),(911,1287,'Voz5E9wf8oUacxXrGjOhq6XPLXcaAz27'),(528,778,'VqjAQw59QCNAaDmFvnv9hASyzuy7UFnV'),(997,1373,'vqWHfV9iaTVMKWGLmAZu4vP54BhYjYUq'),(999,1375,'vRvOd1gEfdLVHSuojnkna8iswZd8Ka2P'),(893,1269,'VRXcDCWN9F3vtQ6bdSQuET8YmlVXonV6'),(1085,1582,'VSfk9mAKTdJaXrrBrDYF9M08RrvGbzLf'),(442,677,'VTPF2T4vL82IQppk0DsmC0ztkfmbqoxn'),(215,425,'VurqBQqEixLOqdsn39MrYvUQZxSE3isY'),(390,620,'VwbdFtLEglOdWYFhxF27mRwi9wlbBfph'),(621,946,'VWQRrC8mHdQrFJS7TvE5nY5JjU5kJikB'),(129,219,'vxUuqfUgiVCfQCsZJN8Vvzor6zIpP9Kd'),(182,344,'Vy8XrOQe75lAHvEuLUrXaAIpTyhDxqm4'),(189,366,'vz2NkY5lGOx2lvE0iLvwyxb2aMCfT6z4'),(524,773,'w1aDpKYvYup5QzgF8E3GgxuJPOq6VrDZ'),(995,1371,'w2qMfbTrI1juJwUj904GRX3chuzU6oBM'),(127,208,'w80eNprEmDvh4BKAw8q44tV08WvNyWLl'),(186,355,'w8uEpxhrAENw5WRfaT4oeRpVtMu160t5'),(601,902,'W96ZpiyRb0wGBd0EO04AWCCk9xE3lDNZ'),(733,1109,'Wcza8EzN6wknNFrgbVaPrWY2UdMSvE0L'),(735,1111,'WdDTPbbR7gE1RNFIBY3MAlbfOtSBO2cA'),(659,1022,'WDp566nLlTY5R5EUzMny4vzGDz1w9XoH'),(243,468,'wdpOsE88FgIM2g8m3hIj587t5i0caNS9'),(963,1339,'WgC7gDY77zgOpJGmSpnyX0ov25dXvQsg'),(941,1317,'WhC3cCvleDYS0zrpFYyc3iUi07NIASca'),(505,749,'Wim9dEVMqviO7q6DMBwukYbUhTj1QtxP'),(697,1073,'wj6ooJqSO81rKGMhBkclQFSfdYNFHga0'),(420,653,'wJCkkzkdVdtzPqR7AFlCbtRUYYfA9V68'),(502,746,'wJX8qDMyTEWXBBFP3iteOgKL8RUDuFbB'),(668,1038,'WKrlwyjA1HZpaXBfuBu0VhgcrYmlh0UD'),(519,767,'WL6n3cDOM8rHj5fsGlgb7wMjF4ml0zsU'),(162,302,'Wo0eq1AQHJmU4TORCFyVjnmbiqrBbtsb'),(526,776,'WOr4gANPPEnp0Viw1TfSQmHOvsu7s2FM'),(295,523,'wPh25RWN78kB13bepZ46Sz1JBTgVjJlt'),(284,512,'wpSLjN2NwX1BH5chOKbOduAFUKlcSdIW'),(738,1114,'WqshyYYOCWAzko58zF20Oa8KA4hHPv5c'),(778,1154,'WRIT1aZaZzSmQ2EBvaa5JQqB2X1lsBau'),(946,1322,'WtBGAAVP4ckjKeU9jF5B0hKsa776W5bx'),(210,413,'WTfNnIK9NkmA2iv1cDGWP5XJTs1YkV9j'),(938,1314,'wtrvnanop5jQrBUsJVbU5wUd4rukLHQm'),(280,508,'wUA2sviyk5W8IPI38SpDYBot3ThlrEUK'),(463,698,'WuK6VKgla4ciqmxYTFt4QrfmwHepJKxs'),(253,478,'wuvTSWr4gcMKu5PLamz65ewvltOL2hcD'),(231,456,'Ww2XvdA6hMqIOiiYFuLhK2LRS3u2BNIF'),(293,521,'WWHyn3MExLRxX0mQWICA4L7dwuRWeXn1'),(876,1252,'WWN7xla8flrcGgFXydMedE6bGQVSkKC5'),(498,741,'WWZhciVzOeLAsgDIxIso52sREgJaxqQi'),(562,840,'WXpNB9TW7ffo9AKhaLG2aETM2k25bi2M'),(203,402,'WXTJNVpisgUmvEApmGijy3D2tfQdKRls'),(356,585,'wxTUwTrBmG3Ed3DSYi4cK43BhVakfXCN'),(114,165,'X0JdrSTUg495A2w7UTwNMbLHbLNpglnf'),(929,1305,'x4udLGiQ21aMePAU5ApL07lwmFxDtSx5'),(922,1298,'x4xo9SgeEaea9X1PgreAxwHXJZDo9Ztf'),(421,654,'X6HOSbTspXUWXkR1lmSZHbyfgoIAujVI'),(977,1353,'x8SRJ6gGskLuX9CrA4lDz4HjfTp83riZ'),(106,144,'x9MQkkr5JtJxfaakz1ixn1pKXE3NkuUT'),(875,1251,'X9RPvblXKXqgxy6P4lsRzGGfx7w1LooV'),(177,334,'xaiX3pzA7G513exg8PilmwicoAemRjZR'),(903,1279,'XaQXL0CZlaeZk6esr7rDlTeTC1jl36bc'),(362,591,'xB34h4ueUjsa9fcdUwZXN7QIZK8o35Rk'),(533,788,'Xb64ZSeKLyhRGvwshisCphqjm4kp422i'),(394,624,'XBz9wRqwlt7v809LHFAmY4wSmwRchrx5'),(764,1140,'XC8NjPXhZhMP09Np1lceIz1rpV6aF433'),(796,1172,'XcASKYiJj48IhSh7XxtSTu9qINpWUrbh'),(435,668,'XcMU3KvwrEzjJIhwXBOBRFh518bADWFM'),(381,611,'xDkj1Hz37fYXBf0xIW4rLVcqAzypgM7F'),(144,268,'XFCCJOJD0lvjlZFlgEA4Pca10F0ca3AC'),(180,342,'XGeNDmGJETO9ZQ4X2C3ht3qwSd1ja1zK'),(1092,1589,'XGjswK558z6IYXKRPJu71j1ja15sBY4Z'),(907,1283,'XhhtypOKXSjc5IhXgyD7a8PGWV3tZsB4'),(858,1234,'XHmc6G8RI7sFkBcNca1HuHJXhGwsN42A'),(565,844,'XHVKREG2GU5C8CZS2HCpkesmFHXyWmqR'),(872,1248,'xIyOZs7wJqIRZLLeTbVmEt4qtbzHNUjC'),(281,509,'xIZ9Oty7bsgJQ8hndRoeUm2sKeUPDyUT'),(685,1061,'xj0CpTEwMesOqsvZmHVGjgpMM4pALkRE'),(492,735,'Xk8pX7hK749l8TGLcvnDxOWMgFuES3Tj'),(287,515,'xkhCaADF5sHymrTJECEQL22tdYuJBHIY'),(823,1199,'xKjOUgNKT9zH1EruHZNnoKS2UqkxUa2F'),(79,84,'XL1bGOmPrJZL3YPDNpVuLmjd2O8JvCys'),(511,756,'xMd3Pxrkmk6Jr6P0SraqkSYwP4lMMAVt'),(122,187,'xmKOsg5D03Y6HcYneNexbj5PmS2IXgl4'),(467,703,'XNd1pQ9aqPujC82UHK6YLQNxe0TQuBDt'),(440,673,'xPDW3Ua1FbSpEiTyXHWP6ImclXRhxzSd'),(935,1311,'xriU5pa2Lyg6zmTjUPPenxQob5Qh4X0n'),(729,1105,'XrNQXF2kQ5khcn4ySGJGSwukzRiRlLkq'),(141,260,'xSn3ECu2y1sApCCFEfs6yRTD0Z9DmenD'),(1083,1580,'XtXY1E4zwK2PonEBriPYlBsdij0AHL7S'),(550,819,'XvptmcXC8wXGCyti5uXmRJn3ZmSwgK8x'),(649,995,'xySFHtPqW6FP6gCTHos2z7FEVZegWHvp'),(686,1062,'XZodRoAteHtEaFJuRQTWOwN0WKEmaHWX'),(157,297,'y1b0qmtxwI2YPliX8KxaNenSYaC6AS1P'),(105,140,'y3Fy2h8ytS51br1Y3FyY29X2bX0VoLSy'),(769,1145,'Y40N45MHEineslc77osRyA13PHGXgNn0'),(200,395,'Y4FGFLuQcVumcxr8q8vYte7o97Y3tTR6'),(166,311,'y82DZsZ1O83tPgN0a1VDUgu7fJqNiBF9'),(942,1318,'y8jOr39vaCNf0r8bVv0GKmgXjzyRfJZL'),(705,1081,'yaTKpI8hj534TFPW7Is71gDkBzQXeYqR'),(301,530,'YaWXi11UU7AjtG8lpkgyQNu1lOoQw90B'),(1088,1585,'yc65ggvdDcFqN0jNLEthyHsVlVGIbKmL'),(608,919,'YCgF3i3g13qDq7im18vYP1oFz5GSMLp3'),(81,86,'ydSyw8kHiWkyaImVcadlDQR5soYl9gDN'),(567,846,'YHICD24jCZ3W4yI9bvPD6v6w4nUjMaay'),(654,1014,'yHmSucSVxxC8Lm5ZI8f7frqVOOHdtrGT'),(1071,1557,'yiQ8p3iYVsDuqaXB3XymrrnajDoaRyzo'),(983,1359,'yk9HqDAKRasDzlHrIwcKnVN1ylcVx2WK'),(1020,1426,'YKmIim2hQzpHoX4XgEKrApj4PTPq6Rb1'),(255,480,'YnGHzNzQlkExV10SgILNPhkICfR6Pdbb'),(821,1197,'youDTsu1wfUT8byKksgWmLkwUncCapLi'),(84,89,'yp9As9s40NIVlqk88Dym76o2ZRmIJevu'),(1025,1438,'YpXEoUDJQrU3um1qltF4PZvnBOA9Ba7U'),(834,1210,'ysur0ytf2bO3VtkAocqEm32vk7rXdAxc'),(529,783,'YsyQOuDCCwuOr7d1h2EuPb2WWCmQ1gW8'),(888,1264,'YuhNupLnMRdoXQxep3vg8ZawXfHSwf78'),(591,886,'Yuo1lVPsNCn7jJpl6PjIAmArt3VIJ0xD'),(715,1091,'Yva5TNIrj12NtlLf3uyd2ovJSMtyaKy5'),(993,1369,'yWON3WCtiPItydDc69TVsG0KMuweeXvS'),(879,1255,'YWrPT4iemS12tuaNYquZxPvVGhDsWSCL'),(308,537,'YWxLcGRTyIG2abbTUULWPiPc1IQuC7SS'),(726,1102,'Yxnbp23z9xFWb6lqvIPiT90YTW3lzwN4'),(117,173,'YxvZYS19TEHoT73BcQjTC0U7t8WXWLQH'),(756,1132,'YYq9rVsmRvtsvg7RvciFyhRG44JUlB9e'),(330,559,'YyuIZ5QcdwrGp8edVsQWQBZm9IBriEHE'),(1049,1483,'yZjnHAWihv0lmSoWqtXY3NUAIFpQa8GH'),(704,1080,'Z1Ozu5GMDwX3g19Rr1vGaYb9APvTXWvr'),(674,1049,'Z3bbg8dniz4dmJfJjkCmUnSfYn8jVpxR'),(396,626,'Z3xJiWFPrpbBWLTthqLysCBqjVUWqCFh'),(1027,1441,'Z5gVghPTekHO8ouwupzJ0WhbwL3SYIf5'),(99,114,'Z5pWxJQGiZ8G8liPhHxHnHmcoCFzCMz5'),(585,880,'Z8dswF798uuVtOFk8ERWDiOIHjoO9ZSV'),(103,128,'Z8Pt0QoSXw6LXRuuvOtO6XL8GUO2TLGJ'),(439,672,'ZcE5C3TCpp3X9nT4pJuwcNLOHlcL3ivN'),(138,256,'zECbUz4orSZGqJ5CuZVDIJCU381dtjOu'),(603,909,'ZEhxRzwoaRD5tqDnEIrLws47DAJ0SMEa'),(1060,1518,'zfGrt8nYXSKGL52ZAFrzRbKu6EypvEIb'),(629,955,'zFpIqvhChamx3GLmBIwek9cC5tPTQh1h'),(730,1106,'ZfYrPwnubXjJKz3HkvMoJJ0y3GbRseZm'),(1001,1377,'ZGEoHgpTyVIMi3aDVHUqRvw0Ou1A5xKb'),(860,1236,'zH7zTSuP15Y4bn4izz9778KHHXcZqsgd'),(304,533,'ZhaTiVokc5L23Yz9CQReqAW3Upqhq2j9'),(464,700,'Zj4V7a3iJfI3mMBDfnhndbWCKb1pdelS'),(819,1195,'zKo6e6r7Xtcc8tmqbnaoupfUpMLi8XU4'),(1084,1581,'zLendzoRikJ9S9NTvoqCUnsTbvsQSpSc'),(499,743,'zLZJmhK1u8eiOTSzqG6HZJZYpvtf7Xrd'),(305,534,'znbSCHCeEHJbMsv7JLmwYwMQcSAxf8H3'),(717,1093,'zpIzpj1jZrLJPBNhY1n7qZObs0IaJYYh'),(233,458,'zpwVkjZCa5rupp3AVBU4tupOi7KLG2l3'),(985,1361,'zQF6PuygvQ6rnQCIi5Vkfk0Cgv9afygG'),(320,549,'ZRy3DxRBm3QmfJ9HeIKjxqGpAGqZPV7A'),(130,220,'zSNtpE0Uiuo0ooAW0tXiD2BkVn3uw8sj'),(123,194,'zt3VEsgXxKFaWhoYwbrUZAdoQRDvdT4j'),(1080,1577,'ZtXozDRKIfsrElpND09HAYQ3mhbf67uK'),(1091,1588,'ZVAWaPXHkROPhCkE6cBkpvMyF61clA6w'),(1095,1592,'zxzn6u1nolT4WsyZtHyWmycPnXPaLUsB'),(198,393,'zYAvLQ8fkITpt2CFVSwBfgFgRKRocpGN'),(748,1124,'ZYCRzdEtYiqTa9Q29u3DGIudGjIzqhU8');

--
-- Table structure for table `quote_item`
--

CREATE TABLE `quote_item` (
  `item_id` int(10) unsigned NOT NULL AUTO_INCREMENT COMMENT 'Item ID',
  `quote_id` int(10) unsigned NOT NULL DEFAULT '0' COMMENT 'Quote ID',
  `created_at` timestamp NOT NULL DEFAULT CURRENT_TIMESTAMP COMMENT 'Created At',
  `updated_at` timestamp NOT NULL DEFAULT CURRENT_TIMESTAMP ON UPDATE CURRENT_TIMESTAMP COMMENT 'Updated At',
  `product_id` int(10) unsigned DEFAULT NULL COMMENT 'Product ID',
  `store_id` smallint(5) unsigned DEFAULT NULL COMMENT 'Store ID',
  `parent_item_id` int(10) unsigned DEFAULT NULL COMMENT 'Parent Item ID',
  `is_virtual` smallint(5) unsigned DEFAULT NULL COMMENT 'Is Virtual',
  `sku` varchar(255) DEFAULT NULL COMMENT 'Sku',
  `name` varchar(255) DEFAULT NULL COMMENT 'Name',
  `description` text COMMENT 'Description',
  `applied_rule_ids` text COMMENT 'Applied Rule Ids',
  `additional_data` text COMMENT 'Additional Data',
  `is_qty_decimal` smallint(5) unsigned DEFAULT NULL COMMENT 'Is Qty Decimal',
  `no_discount` smallint(5) unsigned DEFAULT '0' COMMENT 'No Discount',
  `weight` decimal(12,4) DEFAULT '0.0000' COMMENT 'Weight',
  `qty` decimal(12,4) NOT NULL DEFAULT '0.0000' COMMENT 'Qty',
  `price` decimal(12,4) NOT NULL DEFAULT '0.0000' COMMENT 'Price',
  `base_price` decimal(12,4) NOT NULL DEFAULT '0.0000' COMMENT 'Base Price',
  `custom_price` decimal(12,4) DEFAULT NULL COMMENT 'Custom Price',
  `discount_percent` decimal(12,4) DEFAULT '0.0000' COMMENT 'Discount Percent',
  `discount_amount` decimal(20,4) DEFAULT '0.0000' COMMENT 'Discount Amount',
  `base_discount_amount` decimal(20,4) DEFAULT '0.0000' COMMENT 'Base Discount Amount',
  `tax_percent` decimal(12,4) DEFAULT '0.0000' COMMENT 'Tax Percent',
  `tax_amount` decimal(20,4) DEFAULT '0.0000' COMMENT 'Tax Amount',
  `base_tax_amount` decimal(20,4) DEFAULT '0.0000' COMMENT 'Base Tax Amount',
  `row_total` decimal(20,4) NOT NULL DEFAULT '0.0000' COMMENT 'Row Total',
  `base_row_total` decimal(20,4) NOT NULL DEFAULT '0.0000' COMMENT 'Base Row Total',
  `row_total_with_discount` decimal(20,4) DEFAULT '0.0000' COMMENT 'Row Total With Discount',
  `row_weight` decimal(12,4) DEFAULT '0.0000' COMMENT 'Row Weight',
  `product_type` varchar(255) DEFAULT NULL COMMENT 'Product Type',
  `base_tax_before_discount` decimal(20,4) DEFAULT NULL COMMENT 'Base Tax Before Discount',
  `tax_before_discount` decimal(20,4) DEFAULT NULL COMMENT 'Tax Before Discount',
  `original_custom_price` decimal(12,4) DEFAULT NULL COMMENT 'Original Custom Price',
  `redirect_url` varchar(255) DEFAULT NULL COMMENT 'Redirect Url',
  `base_cost` decimal(12,4) DEFAULT NULL COMMENT 'Base Cost',
  `price_incl_tax` decimal(20,4) DEFAULT NULL COMMENT 'Price Incl Tax',
  `base_price_incl_tax` decimal(20,4) DEFAULT NULL COMMENT 'Base Price Incl Tax',
  `row_total_incl_tax` decimal(20,4) DEFAULT NULL COMMENT 'Row Total Incl Tax',
  `base_row_total_incl_tax` decimal(20,4) DEFAULT NULL COMMENT 'Base Row Total Incl Tax',
  `discount_tax_compensation_amount` decimal(20,4) DEFAULT NULL COMMENT 'Discount Tax Compensation Amount',
  `base_discount_tax_compensation_amount` decimal(20,4) DEFAULT NULL COMMENT 'Base Discount Tax Compensation Amount',
  `free_shipping` smallint(5) unsigned NOT NULL DEFAULT '0' COMMENT 'Free Shipping',
  `gift_message_id` int(11) DEFAULT NULL COMMENT 'Gift Message ID',
  `weee_tax_applied` text COMMENT 'Weee Tax Applied',
  `weee_tax_applied_amount` decimal(12,4) DEFAULT NULL COMMENT 'Weee Tax Applied Amount',
  `weee_tax_applied_row_amount` decimal(12,4) DEFAULT NULL COMMENT 'Weee Tax Applied Row Amount',
  `weee_tax_disposition` decimal(12,4) DEFAULT NULL COMMENT 'Weee Tax Disposition',
  `weee_tax_row_disposition` decimal(12,4) DEFAULT NULL COMMENT 'Weee Tax Row Disposition',
  `base_weee_tax_applied_amount` decimal(12,4) DEFAULT NULL COMMENT 'Base Weee Tax Applied Amount',
  `base_weee_tax_applied_row_amnt` decimal(12,4) DEFAULT NULL COMMENT 'Base Weee Tax Applied Row Amnt',
  `base_weee_tax_disposition` decimal(12,4) DEFAULT NULL COMMENT 'Base Weee Tax Disposition',
  `base_weee_tax_row_disposition` decimal(12,4) DEFAULT NULL COMMENT 'Base Weee Tax Row Disposition',
  `is_excluded_product` smallint(5) unsigned DEFAULT '0' COMMENT 'Is Excluded Product',
  PRIMARY KEY (`item_id`),
  KEY `QUOTE_ITEM_PARENT_ITEM_ID` (`parent_item_id`),
  KEY `QUOTE_ITEM_PRODUCT_ID` (`product_id`),
  KEY `QUOTE_ITEM_QUOTE_ID` (`quote_id`),
  KEY `QUOTE_ITEM_STORE_ID` (`store_id`),
  CONSTRAINT `QUOTE_ITEM_PARENT_ITEM_ID_QUOTE_ITEM_ITEM_ID` FOREIGN KEY (`parent_item_id`) REFERENCES `quote_item` (`item_id`) ON DELETE CASCADE,
  CONSTRAINT `QUOTE_ITEM_QUOTE_ID_QUOTE_ENTITY_ID` FOREIGN KEY (`quote_id`) REFERENCES `quote` (`entity_id`) ON DELETE CASCADE,
  CONSTRAINT `QUOTE_ITEM_STORE_ID_STORE_STORE_ID` FOREIGN KEY (`store_id`) REFERENCES `store` (`store_id`) ON DELETE SET NULL
) ENGINE=InnoDB AUTO_INCREMENT=1614 DEFAULT CHARSET=utf8 COMMENT='Sales Flat Quote Item';

--
-- Dumping data for table `quote_item`
--

INSERT INTO `quote_item` VALUES (1595,1578,'2022-09-10 19:33:34','2022-09-10 19:33:34',148,1,NULL,0,'2','Gucci headband',NULL,NULL,NULL,0,0,NULL,1.0000,9.0000,9.0000,NULL,0.0000,0.0000,0.0000,0.0000,0.0000,0.0000,9.0000,9.0000,0.0000,0.0000,'simple',NULL,NULL,NULL,NULL,NULL,9.0000,9.0000,9.0000,9.0000,0.0000,0.0000,0,NULL,NULL,NULL,NULL,NULL,NULL,NULL,NULL,NULL,NULL,0),(1596,1579,'2022-09-10 19:48:35','2022-09-10 19:48:35',151,1,NULL,0,'5','Fendi headband',NULL,NULL,NULL,0,0,NULL,1.0000,9.0000,9.0000,NULL,0.0000,0.0000,0.0000,0.0000,0.0000,0.0000,9.0000,9.0000,0.0000,0.0000,'simple',NULL,NULL,NULL,NULL,NULL,9.0000,9.0000,9.0000,9.0000,0.0000,0.0000,0,NULL,NULL,NULL,NULL,NULL,NULL,NULL,NULL,NULL,NULL,0),(1597,1580,'2022-09-10 19:52:41','2022-09-10 19:52:41',147,1,NULL,0,'1','Dior headband',NULL,NULL,NULL,0,0,NULL,1.0000,10.0000,10.0000,NULL,0.0000,0.0000,0.0000,0.0000,0.0000,0.0000,10.0000,10.0000,0.0000,0.0000,'simple',NULL,NULL,NULL,NULL,NULL,10.0000,10.0000,10.0000,10.0000,0.0000,0.0000,0,NULL,NULL,NULL,NULL,NULL,NULL,NULL,NULL,NULL,NULL,0),(1598,1580,'2022-09-10 19:52:54','2022-09-10 19:52:54',156,1,NULL,0,'10','Gucci Canvas',NULL,NULL,NULL,0,0,NULL,1.0000,16.0000,16.0000,NULL,0.0000,0.0000,0.0000,0.0000,0.0000,0.0000,16.0000,16.0000,0.0000,0.0000,'simple',NULL,NULL,NULL,NULL,NULL,16.0000,16.0000,16.0000,16.0000,0.0000,0.0000,0,NULL,NULL,NULL,NULL,NULL,NULL,NULL,NULL,NULL,NULL,0),(1599,1581,'2022-09-10 20:06:44','2022-09-10 20:06:44',153,1,NULL,0,'7','Balenciaga headband',NULL,NULL,NULL,0,0,NULL,1.0000,11.0000,11.0000,NULL,0.0000,0.0000,0.0000,0.0000,0.0000,0.0000,11.0000,11.0000,0.0000,0.0000,'simple',NULL,NULL,NULL,NULL,NULL,11.0000,11.0000,11.0000,11.0000,0.0000,0.0000,0,NULL,NULL,NULL,NULL,NULL,NULL,NULL,NULL,NULL,NULL,0),(1600,1582,'2022-09-10 20:10:25','2022-09-10 20:10:25',147,1,NULL,0,'1','Dior headband',NULL,NULL,NULL,0,0,NULL,1.0000,10.0000,10.0000,NULL,0.0000,0.0000,0.0000,0.0000,0.0000,0.0000,10.0000,10.0000,0.0000,0.0000,'simple',NULL,NULL,NULL,NULL,NULL,10.0000,10.0000,10.0000,10.0000,0.0000,0.0000,0,NULL,NULL,NULL,NULL,NULL,NULL,NULL,NULL,NULL,NULL,0),(1601,1583,'2022-09-10 20:13:38','2022-09-10 20:13:38',156,1,NULL,0,'10','Gucci Canvas',NULL,NULL,NULL,0,0,NULL,1.0000,16.0000,16.0000,NULL,0.0000,0.0000,0.0000,0.0000,0.0000,0.0000,16.0000,16.0000,0.0000,0.0000,'simple',NULL,NULL,NULL,NULL,NULL,16.0000,16.0000,16.0000,16.0000,0.0000,0.0000,0,NULL,NULL,NULL,NULL,NULL,NULL,NULL,NULL,NULL,NULL,0),(1602,1584,'2022-09-10 20:16:08','2022-09-10 20:16:08',156,1,NULL,0,'10','Gucci Canvas',NULL,NULL,NULL,0,0,NULL,1.0000,16.0000,16.0000,NULL,0.0000,0.0000,0.0000,0.0000,0.0000,0.0000,16.0000,16.0000,0.0000,0.0000,'simple',NULL,NULL,NULL,NULL,NULL,16.0000,16.0000,16.0000,16.0000,0.0000,0.0000,0,NULL,NULL,NULL,NULL,NULL,NULL,NULL,NULL,NULL,NULL,0),(1603,1585,'2022-09-10 20:18:29','2022-09-10 20:18:29',153,1,NULL,0,'7','Balenciaga headband',NULL,NULL,NULL,0,0,NULL,1.0000,11.0000,11.0000,NULL,0.0000,0.0000,0.0000,0.0000,0.0000,0.0000,11.0000,11.0000,0.0000,0.0000,'simple',NULL,NULL,NULL,NULL,NULL,11.0000,11.0000,11.0000,11.0000,0.0000,0.0000,0,NULL,NULL,NULL,NULL,NULL,NULL,NULL,NULL,NULL,NULL,0),(1604,1586,'2022-09-10 20:24:31','2022-09-10 20:24:31',156,1,NULL,0,'10','Gucci Canvas',NULL,NULL,NULL,0,0,NULL,1.0000,16.0000,16.0000,NULL,0.0000,0.0000,0.0000,0.0000,0.0000,0.0000,16.0000,16.0000,0.0000,0.0000,'simple',NULL,NULL,NULL,NULL,NULL,16.0000,16.0000,16.0000,16.0000,0.0000,0.0000,0,NULL,NULL,NULL,NULL,NULL,NULL,NULL,NULL,NULL,NULL,0),(1605,1587,'2022-09-10 20:28:49','2022-09-10 20:28:56',156,1,NULL,0,'10','Gucci Canvas',NULL,NULL,NULL,0,0,NULL,2.0000,16.0000,16.0000,NULL,0.0000,0.0000,0.0000,0.0000,0.0000,0.0000,32.0000,32.0000,0.0000,0.0000,'simple',NULL,NULL,NULL,NULL,NULL,16.0000,16.0000,32.0000,32.0000,0.0000,0.0000,0,NULL,NULL,NULL,NULL,NULL,NULL,NULL,NULL,NULL,NULL,0),(1606,1588,'2022-09-10 20:33:54','2022-09-10 20:33:54',156,1,NULL,0,'10','Gucci Canvas',NULL,NULL,NULL,0,0,NULL,1.0000,16.0000,16.0000,NULL,0.0000,0.0000,0.0000,0.0000,0.0000,0.0000,16.0000,16.0000,0.0000,0.0000,'simple',NULL,NULL,NULL,NULL,NULL,16.0000,16.0000,16.0000,16.0000,0.0000,0.0000,0,NULL,NULL,NULL,NULL,NULL,NULL,NULL,NULL,NULL,NULL,0),(1607,1589,'2022-09-10 20:39:21','2022-09-10 20:39:29',153,1,NULL,0,'7','Balenciaga headband',NULL,NULL,NULL,0,0,NULL,2.0000,11.0000,11.0000,NULL,0.0000,0.0000,0.0000,0.0000,0.0000,0.0000,22.0000,22.0000,0.0000,0.0000,'simple',NULL,NULL,NULL,NULL,NULL,11.0000,11.0000,22.0000,22.0000,0.0000,0.0000,0,NULL,NULL,NULL,NULL,NULL,NULL,NULL,NULL,NULL,NULL,0),(1608,1590,'2022-09-10 20:41:38','2022-09-10 20:41:38',147,1,NULL,0,'1','Dior headband',NULL,NULL,NULL,0,0,NULL,1.0000,10.0000,10.0000,NULL,0.0000,0.0000,0.0000,0.0000,0.0000,0.0000,10.0000,10.0000,0.0000,0.0000,'simple',NULL,NULL,NULL,NULL,NULL,10.0000,10.0000,10.0000,10.0000,0.0000,0.0000,0,NULL,NULL,NULL,NULL,NULL,NULL,NULL,NULL,NULL,NULL,0),(1609,1591,'2022-09-11 00:51:57','2022-09-11 00:51:57',155,1,NULL,0,'9','Dior Canvas',NULL,NULL,NULL,0,0,NULL,1.0000,16.0000,16.0000,NULL,0.0000,0.0000,0.0000,0.0000,0.0000,0.0000,16.0000,16.0000,0.0000,0.0000,'simple',NULL,NULL,NULL,NULL,NULL,16.0000,16.0000,16.0000,16.0000,0.0000,0.0000,0,NULL,NULL,NULL,NULL,NULL,NULL,NULL,NULL,NULL,NULL,0),(1610,1592,'2022-09-11 15:40:57','2022-09-11 15:40:57',156,1,NULL,0,'10','Gucci Canvas',NULL,NULL,NULL,0,0,NULL,1.0000,16.0000,16.0000,NULL,0.0000,0.0000,0.0000,0.0000,0.0000,0.0000,16.0000,16.0000,0.0000,0.0000,'simple',NULL,NULL,NULL,NULL,NULL,16.0000,16.0000,16.0000,16.0000,0.0000,0.0000,0,NULL,NULL,NULL,NULL,NULL,NULL,NULL,NULL,NULL,NULL,0),(1611,1593,'2022-09-11 17:05:15','2022-09-11 17:05:15',147,1,NULL,0,'1','Dior headband',NULL,NULL,NULL,0,0,NULL,1.0000,10.0000,10.0000,NULL,0.0000,0.0000,0.0000,0.0000,0.0000,0.0000,10.0000,10.0000,0.0000,0.0000,'simple',NULL,NULL,NULL,NULL,NULL,10.0000,10.0000,10.0000,10.0000,0.0000,0.0000,0,NULL,NULL,NULL,NULL,NULL,NULL,NULL,NULL,NULL,NULL,0),(1612,1594,'2022-09-11 22:20:04','2022-09-11 22:20:04',147,1,NULL,0,'1','Dior headband',NULL,NULL,NULL,0,0,NULL,1.0000,10.0000,10.0000,NULL,0.0000,0.0000,0.0000,0.0000,0.0000,0.0000,10.0000,10.0000,0.0000,0.0000,'simple',NULL,NULL,NULL,NULL,NULL,10.0000,10.0000,10.0000,10.0000,0.0000,0.0000,0,NULL,NULL,NULL,NULL,NULL,NULL,NULL,NULL,NULL,NULL,0),(1613,1595,'2022-09-14 12:15:40','2022-09-14 12:15:40',156,1,NULL,0,'10','Gucci Canvas',NULL,NULL,NULL,0,0,NULL,1.0000,16.0000,16.0000,NULL,0.0000,0.0000,0.0000,0.0000,0.0000,0.0000,16.0000,16.0000,0.0000,0.0000,'simple',NULL,NULL,NULL,NULL,NULL,16.0000,16.0000,16.0000,16.0000,0.0000,0.0000,0,NULL,NULL,NULL,NULL,NULL,NULL,NULL,NULL,NULL,NULL,0);

--
-- Table structure for table `quote_item_option`
--

CREATE TABLE `quote_item_option` (
  `option_id` int(10) unsigned NOT NULL AUTO_INCREMENT COMMENT 'Option ID',
  `item_id` int(10) unsigned NOT NULL COMMENT 'Item ID',
  `product_id` int(10) unsigned NOT NULL COMMENT 'Product ID',
  `code` varchar(255) NOT NULL COMMENT 'Code',
  `value` text COMMENT 'Value',
  PRIMARY KEY (`option_id`),
  KEY `QUOTE_ITEM_OPTION_ITEM_ID` (`item_id`),
  CONSTRAINT `QUOTE_ITEM_OPTION_ITEM_ID_QUOTE_ITEM_ITEM_ID` FOREIGN KEY (`item_id`) REFERENCES `quote_item` (`item_id`) ON DELETE CASCADE
) ENGINE=InnoDB AUTO_INCREMENT=2840 DEFAULT CHARSET=utf8 COMMENT='Sales Flat Quote Item Option';

--
-- Dumping data for table `quote_item_option`
--

INSERT INTO `quote_item_option` VALUES (2821,1595,148,'info_buyRequest','{\"product\":\"148\",\"uenc\":\"aHR0cHM6Ly9lbGVnYW5jZWZsdWVudC5jb20vZGVmYXVsdC9jaGVja291dC9jYXJ0L2FkZC91ZW5jL2FIUjBjSE02THk5bGJHVm5ZVzVqWldac2RXVnVkQzVqYjIwdlpHVm1ZWFZzZEM4JTJDL3Byb2R1Y3QvMTQ4Lw,,\",\"qty\":1}'),(2822,1596,151,'info_buyRequest','{\"product\":\"151\",\"uenc\":\"aHR0cHM6Ly9lbGVnYW5jZWZsdWVudC5jb20vZGVmYXVsdC9jaGVja291dC9jYXJ0L2FkZC91ZW5jL2FIUjBjSE02THk5bGJHVm5ZVzVqWldac2RXVnVkQzVqYjIwdlpHVm1ZWFZzZEM4JTJDL3Byb2R1Y3QvMTUxLw,,\",\"qty\":1}'),(2823,1597,147,'info_buyRequest','{\"uenc\":\"aHR0cHM6Ly9lbGVnYW5jZWZsdWVudC5jb20vZGVmYXVsdC8,\",\"product\":\"147\",\"qty\":1}'),(2824,1598,156,'info_buyRequest','{\"product\":\"156\",\"uenc\":\"aHR0cHM6Ly9lbGVnYW5jZWZsdWVudC5jb20vZGVmYXVsdC9jaGVja291dC9jYXJ0L2FkZC91ZW5jL2FIUjBjSE02THk5bGJHVm5ZVzVqWldac2RXVnVkQzVqYjIwdlpHVm1ZWFZzZEM4JTJDL3Byb2R1Y3QvMTU2Lw,,\",\"qty\":1}'),(2825,1599,153,'info_buyRequest','{\"product\":\"153\",\"uenc\":\"aHR0cHM6Ly9lbGVnYW5jZWZsdWVudC5jb20vZGVmYXVsdC9jaGVja291dC9jYXJ0L2FkZC91ZW5jL2FIUjBjSE02THk5bGJHVm5ZVzVqWldac2RXVnVkQzVqYjIwdlpHVm1ZWFZzZEM4JTJDL3Byb2R1Y3QvMTUzLw,,\",\"qty\":1}'),(2826,1600,147,'info_buyRequest','{\"product\":\"147\",\"uenc\":\"aHR0cHM6Ly9lbGVnYW5jZWZsdWVudC5jb20vZGVmYXVsdC9jaGVja291dC9jYXJ0L2FkZC91ZW5jL2FIUjBjSE02THk5bGJHVm5ZVzVqWldac2RXVnVkQzVqYjIwdlpHVm1ZWFZzZEM4JTJDL3Byb2R1Y3QvMTQ3Lw,,\",\"qty\":1}'),(2827,1601,156,'info_buyRequest','{\"product\":\"156\",\"uenc\":\"aHR0cHM6Ly9lbGVnYW5jZWZsdWVudC5jb20vZGVmYXVsdC9jaGVja291dC9jYXJ0L2FkZC91ZW5jL2FIUjBjSE02THk5bGJHVm5ZVzVqWldac2RXVnVkQzVqYjIwdlpHVm1ZWFZzZEM4JTJDL3Byb2R1Y3QvMTU2Lw,,\",\"qty\":1}'),(2828,1602,156,'info_buyRequest','{\"product\":\"156\",\"uenc\":\"aHR0cHM6Ly9lbGVnYW5jZWZsdWVudC5jb20vZGVmYXVsdC9jaGVja291dC9jYXJ0L2FkZC91ZW5jL2FIUjBjSE02THk5bGJHVm5ZVzVqWldac2RXVnVkQzVqYjIwdlpHVm1ZWFZzZEM4JTJDL3Byb2R1Y3QvMTU2Lw,,\",\"qty\":1}'),(2829,1603,153,'info_buyRequest','{\"product\":\"153\",\"uenc\":\"aHR0cHM6Ly9lbGVnYW5jZWZsdWVudC5jb20vZGVmYXVsdC9jaGVja291dC9jYXJ0L2FkZC91ZW5jL2FIUjBjSE02THk5bGJHVm5ZVzVqWldac2RXVnVkQzVqYjIwdlpHVm1ZWFZzZEM4JTJDL3Byb2R1Y3QvMTUzLw,,\",\"qty\":1}'),(2830,1604,156,'info_buyRequest','{\"product\":\"156\",\"uenc\":\"aHR0cHM6Ly9lbGVnYW5jZWZsdWVudC5jb20vZGVmYXVsdC9jaGVja291dC9jYXJ0L2FkZC91ZW5jL2FIUjBjSE02THk5bGJHVm5ZVzVqWldac2RXVnVkQzVqYjIwdlpHVm1ZWFZzZEM4JTJDL3Byb2R1Y3QvMTU2Lw,,\",\"qty\":1}'),(2831,1605,156,'info_buyRequest','{\"uenc\":\"aHR0cHM6Ly9lbGVnYW5jZWZsdWVudC5jb20vZGVmYXVsdC8,\",\"product\":\"156\",\"qty\":1}'),(2832,1606,156,'info_buyRequest','{\"product\":\"156\",\"uenc\":\"aHR0cHM6Ly9lbGVnYW5jZWZsdWVudC5jb20vZGVmYXVsdC9jaGVja291dC9jYXJ0L2FkZC91ZW5jL2FIUjBjSE02THk5bGJHVm5ZVzVqWldac2RXVnVkQzVqYjIwdlpHVm1ZWFZzZEM4JTJDL3Byb2R1Y3QvMTU2Lw,,\",\"qty\":1}'),(2833,1607,153,'info_buyRequest','{\"uenc\":\"aHR0cHM6Ly9lbGVnYW5jZWZsdWVudC5jb20vZGVmYXVsdC8,\",\"product\":\"153\",\"qty\":1}'),(2834,1608,147,'info_buyRequest','{\"product\":\"147\",\"uenc\":\"aHR0cHM6Ly9lbGVnYW5jZWZsdWVudC5jb20vZGVmYXVsdC9jaGVja291dC9jYXJ0L2FkZC91ZW5jL2FIUjBjSE02THk5bGJHVm5ZVzVqWldac2RXVnVkQzVqYjIwdlpHVm1ZWFZzZEM4JTJDL3Byb2R1Y3QvMTQ3Lw,,\",\"qty\":1}'),(2835,1609,155,'info_buyRequest','{\"product\":\"155\",\"uenc\":\"aHR0cHM6Ly9lbGVnYW5jZWZsdWVudC5jb20vZGVmYXVsdC9jaGVja291dC9jYXJ0L2FkZC91ZW5jL2FIUjBjSE02THk5bGJHVm5ZVzVqWldac2RXVnVkQzVqYjIwdi9wcm9kdWN0LzE1NS8,\",\"qty\":1}'),(2836,1610,156,'info_buyRequest','{\"product\":\"156\",\"uenc\":\"aHR0cHM6Ly9lbGVnYW5jZWZsdWVudC5jb20vZGVmYXVsdC9jaGVja291dC9jYXJ0L2FkZC91ZW5jL2FIUjBjSE02THk5bGJHVm5ZVzVqWldac2RXVnVkQzVqYjIwdi9wcm9kdWN0LzE1Ni8,\",\"qty\":1}'),(2837,1611,147,'info_buyRequest','{\"product\":\"147\",\"uenc\":\"aHR0cHM6Ly9lbGVnYW5jZWZsdWVudC5jb20vZGVmYXVsdC9jaGVja291dC9jYXJ0L2FkZC91ZW5jL2FIUjBjSE02THk5bGJHVm5ZVzVqWldac2RXVnVkQzVqYjIwdi9wcm9kdWN0LzE0Ny8,\",\"qty\":1}'),(2838,1612,147,'info_buyRequest','{\"product\":\"147\",\"uenc\":\"aHR0cHM6Ly9lbGVnYW5jZWZsdWVudC5jb20vZGVmYXVsdC9jaGVja291dC9jYXJ0L2FkZC91ZW5jL2FIUjBjSE02THk5bGJHVm5ZVzVqWldac2RXVnVkQzVqYjIwdi9wcm9kdWN0LzE0Ny8,\",\"qty\":1}'),(2839,1613,156,'info_buyRequest','{\"product\":\"156\",\"uenc\":\"aHR0cHM6Ly9lbGVnYW5jZWZsdWVudC5jb20vZGVmYXVsdC9jaGVja291dC9jYXJ0L2FkZC91ZW5jL2FIUjBjSE02THk5bGJHVm5ZVzVqWldac2RXVnVkQzVqYjIwdi9wcm9kdWN0LzE1Ni8,\",\"qty\":1}');

--
-- Table structure for table `quote_payment`
--

CREATE TABLE `quote_payment` (
  `payment_id` int(10) unsigned NOT NULL AUTO_INCREMENT COMMENT 'Payment ID',
  `quote_id` int(10) unsigned NOT NULL DEFAULT '0' COMMENT 'Quote ID',
  `created_at` timestamp NOT NULL DEFAULT CURRENT_TIMESTAMP COMMENT 'Created At',
  `updated_at` timestamp NOT NULL DEFAULT CURRENT_TIMESTAMP ON UPDATE CURRENT_TIMESTAMP COMMENT 'Updated At',
  `method` varchar(255) DEFAULT NULL COMMENT 'Method',
  `cc_type` varchar(255) DEFAULT NULL COMMENT 'Cc Type',
  `cc_number_enc` varchar(255) DEFAULT NULL COMMENT 'Cc Number Enc',
  `cc_last_4` varchar(255) DEFAULT NULL COMMENT 'Cc Last 4',
  `cc_cid_enc` varchar(255) DEFAULT NULL COMMENT 'Cc Cid Enc',
  `cc_owner` varchar(255) DEFAULT NULL COMMENT 'Cc Owner',
  `cc_exp_month` varchar(255) DEFAULT NULL COMMENT 'Cc Exp Month',
  `cc_exp_year` smallint(5) unsigned DEFAULT '0' COMMENT 'Cc Exp Year',
  `cc_ss_owner` varchar(255) DEFAULT NULL COMMENT 'Cc Ss Owner',
  `cc_ss_start_month` smallint(5) unsigned DEFAULT '0' COMMENT 'Cc Ss Start Month',
  `cc_ss_start_year` smallint(5) unsigned DEFAULT '0' COMMENT 'Cc Ss Start Year',
  `po_number` varchar(255) DEFAULT NULL COMMENT 'Po Number',
  `additional_data` text COMMENT 'Additional Data',
  `cc_ss_issue` varchar(255) DEFAULT NULL COMMENT 'Cc Ss Issue',
  `additional_information` text COMMENT 'Additional Information',
  `paypal_payer_id` varchar(255) DEFAULT NULL COMMENT 'Paypal Payer ID',
  `paypal_payer_status` varchar(255) DEFAULT NULL COMMENT 'Paypal Payer Status',
  `paypal_correlation_id` varchar(255) DEFAULT NULL COMMENT 'Paypal Correlation ID',
  PRIMARY KEY (`payment_id`),
  KEY `QUOTE_PAYMENT_QUOTE_ID` (`quote_id`),
  CONSTRAINT `QUOTE_PAYMENT_QUOTE_ID_QUOTE_ENTITY_ID` FOREIGN KEY (`quote_id`) REFERENCES `quote` (`entity_id`) ON DELETE CASCADE
) ENGINE=InnoDB AUTO_INCREMENT=104 DEFAULT CHARSET=utf8 COMMENT='Sales Flat Quote Payment';

--
-- Dumping data for table `quote_payment`
--

INSERT INTO `quote_payment` VALUES (1,25,'2016-04-17 00:30:05','0000-00-00 00:00:00','checkmo',NULL,NULL,NULL,NULL,NULL,NULL,0,NULL,0,0,NULL,NULL,NULL,NULL,NULL,NULL,NULL),(2,34,'2016-04-25 05:16:56','0000-00-00 00:00:00','checkmo',NULL,NULL,NULL,NULL,NULL,NULL,0,NULL,0,0,NULL,NULL,NULL,NULL,NULL,NULL,NULL),(3,43,'2016-08-23 04:39:26','2017-10-10 04:01:54','checkmo',NULL,NULL,NULL,NULL,NULL,NULL,0,NULL,0,0,NULL,NULL,NULL,'null',NULL,NULL,NULL),(4,49,'2017-02-21 02:36:12','2017-10-10 04:01:54','checkmo',NULL,NULL,NULL,NULL,NULL,NULL,0,NULL,0,0,NULL,NULL,NULL,'null',NULL,NULL,NULL),(5,75,'2017-04-18 02:56:40','2017-10-10 04:01:54','checkmo',NULL,NULL,NULL,NULL,NULL,NULL,0,NULL,0,0,NULL,NULL,NULL,'null',NULL,NULL,NULL),(6,82,'2018-05-23 05:52:58','0000-00-00 00:00:00','checkmo',NULL,NULL,NULL,NULL,NULL,NULL,0,NULL,0,0,NULL,NULL,NULL,'null',NULL,NULL,NULL),(7,92,'2019-05-28 10:07:15','0000-00-00 00:00:00','checkmo',NULL,NULL,NULL,NULL,NULL,NULL,0,NULL,0,0,NULL,NULL,NULL,'null',NULL,NULL,NULL),(8,93,'2019-05-29 00:51:12','0000-00-00 00:00:00','checkmo',NULL,NULL,NULL,NULL,NULL,NULL,0,NULL,0,0,NULL,NULL,NULL,'null',NULL,NULL,NULL),(9,126,'2020-03-21 13:03:47','2020-03-21 13:03:47','checkmo',NULL,NULL,NULL,NULL,NULL,NULL,0,NULL,0,0,NULL,NULL,NULL,'null',NULL,NULL,NULL),(10,247,'2020-04-12 14:10:39','2020-04-12 14:10:39','checkmo',NULL,NULL,NULL,NULL,NULL,NULL,0,NULL,0,0,NULL,NULL,NULL,'null',NULL,NULL,NULL),(11,290,'2020-04-20 06:42:23','2020-04-20 06:42:23','checkmo',NULL,NULL,NULL,NULL,NULL,NULL,0,NULL,0,0,NULL,NULL,NULL,'null',NULL,NULL,NULL),(12,291,'2020-04-20 15:15:08','2020-04-20 15:15:08','checkmo',NULL,NULL,NULL,NULL,NULL,NULL,0,NULL,0,0,NULL,NULL,NULL,'null',NULL,NULL,NULL),(13,324,'2020-04-24 10:48:46','2020-04-24 10:48:46','checkmo',NULL,NULL,NULL,NULL,NULL,NULL,0,NULL,0,0,NULL,NULL,NULL,'null',NULL,NULL,NULL),(14,341,'2020-04-26 22:24:41','2020-04-26 22:24:41','checkmo',NULL,NULL,NULL,NULL,NULL,NULL,0,NULL,0,0,NULL,NULL,NULL,'null',NULL,NULL,NULL),(15,355,'2020-04-27 22:19:13','2020-04-27 22:19:13','checkmo',NULL,NULL,NULL,NULL,NULL,NULL,0,NULL,0,0,NULL,NULL,NULL,'null',NULL,NULL,NULL),(16,369,'2020-04-29 13:27:47','2020-04-29 13:27:47','checkmo',NULL,NULL,NULL,NULL,NULL,NULL,0,NULL,0,0,NULL,NULL,NULL,'null',NULL,NULL,NULL),(17,448,'2020-05-25 15:34:58','2020-05-25 15:34:58','checkmo',NULL,NULL,NULL,NULL,NULL,NULL,0,NULL,0,0,NULL,NULL,NULL,'null',NULL,NULL,NULL),(18,496,'2020-06-22 12:24:54','2020-06-22 12:24:54','checkmo',NULL,NULL,NULL,NULL,NULL,NULL,0,NULL,0,0,NULL,NULL,NULL,'null',NULL,NULL,NULL),(19,497,'2020-06-22 16:16:04','2020-06-22 16:16:04','checkmo',NULL,NULL,NULL,NULL,NULL,NULL,0,NULL,0,0,NULL,NULL,NULL,'null',NULL,NULL,NULL),(20,526,'2020-07-01 10:42:34','2020-07-01 10:42:34','checkmo',NULL,NULL,NULL,NULL,NULL,NULL,0,NULL,0,0,NULL,NULL,NULL,'null',NULL,NULL,NULL),(21,552,'2020-07-04 10:14:44','2020-07-04 10:14:44','checkmo',NULL,NULL,NULL,NULL,NULL,NULL,0,NULL,0,0,NULL,NULL,NULL,'null',NULL,NULL,NULL),(22,579,'2020-07-11 09:14:14','2020-07-11 09:14:14','checkmo',NULL,NULL,NULL,NULL,NULL,NULL,0,NULL,0,0,NULL,NULL,NULL,'null',NULL,NULL,NULL),(23,583,'2020-07-12 11:59:51','2020-07-12 11:59:51','checkmo',NULL,NULL,NULL,NULL,NULL,NULL,0,NULL,0,0,NULL,NULL,NULL,'null',NULL,NULL,NULL),(24,599,'2020-07-17 22:22:33','2020-07-17 22:22:33','checkmo',NULL,NULL,NULL,NULL,NULL,NULL,0,NULL,0,0,NULL,NULL,NULL,'null',NULL,NULL,NULL),(25,607,'2020-07-20 19:17:22','2020-07-20 19:17:22','checkmo',NULL,NULL,NULL,NULL,NULL,NULL,0,NULL,0,0,NULL,NULL,NULL,'null',NULL,NULL,NULL),(26,610,'2020-07-22 06:44:00','2020-07-22 06:44:00','checkmo',NULL,NULL,NULL,NULL,NULL,NULL,0,NULL,0,0,NULL,NULL,NULL,'null',NULL,NULL,NULL),(27,612,'2020-07-23 10:09:55','2020-07-23 10:09:55','checkmo',NULL,NULL,NULL,NULL,NULL,NULL,0,NULL,0,0,NULL,NULL,NULL,'null',NULL,NULL,NULL),(28,641,'2020-08-06 19:30:15','2020-08-06 19:30:15','checkmo',NULL,NULL,NULL,NULL,NULL,NULL,0,NULL,0,0,NULL,NULL,NULL,'null',NULL,NULL,NULL),(29,651,'2020-08-07 17:47:29','2020-08-07 17:47:29','checkmo',NULL,NULL,NULL,NULL,NULL,NULL,0,NULL,0,0,NULL,NULL,NULL,'null',NULL,NULL,NULL),(30,659,'2020-08-12 12:44:15','2020-08-12 12:44:15','checkmo',NULL,NULL,NULL,NULL,NULL,NULL,0,NULL,0,0,NULL,NULL,NULL,'null',NULL,NULL,NULL),(31,730,'2020-09-16 12:01:29','2020-09-16 12:01:29','checkmo',NULL,NULL,NULL,NULL,NULL,NULL,0,NULL,0,0,NULL,NULL,NULL,'null',NULL,NULL,NULL),(32,745,'2020-09-20 22:30:05','2020-09-20 22:30:05','checkmo',NULL,NULL,NULL,NULL,NULL,NULL,0,NULL,0,0,NULL,NULL,NULL,'null',NULL,NULL,NULL),(33,748,'2020-09-21 12:58:09','2020-09-21 12:58:09','checkmo',NULL,NULL,NULL,NULL,NULL,NULL,0,NULL,0,0,NULL,NULL,NULL,'null',NULL,NULL,NULL),(34,749,'2020-09-22 11:30:25','2020-09-22 11:30:25','checkmo',NULL,NULL,NULL,NULL,NULL,NULL,0,NULL,0,0,NULL,NULL,NULL,'null',NULL,NULL,NULL),(35,751,'2020-09-24 05:41:46','2020-09-24 05:41:46','checkmo',NULL,NULL,NULL,NULL,NULL,NULL,0,NULL,0,0,NULL,NULL,NULL,'null',NULL,NULL,NULL),(36,766,'2020-10-01 10:05:44','2020-10-01 10:05:44','checkmo',NULL,NULL,NULL,NULL,NULL,NULL,0,NULL,0,0,NULL,NULL,NULL,'null',NULL,NULL,NULL),(37,767,'2020-10-01 10:11:56','2020-10-01 10:11:56','checkmo',NULL,NULL,NULL,NULL,NULL,NULL,0,NULL,0,0,NULL,NULL,NULL,'null',NULL,NULL,NULL),(38,777,'2020-10-05 07:08:26','2020-10-05 07:08:26','checkmo',NULL,NULL,NULL,NULL,NULL,NULL,0,NULL,0,0,NULL,NULL,NULL,'null',NULL,NULL,NULL),(39,778,'2020-10-05 07:10:13','2020-10-05 07:10:13','checkmo',NULL,NULL,NULL,NULL,NULL,NULL,0,NULL,0,0,NULL,NULL,NULL,'null',NULL,NULL,NULL),(40,797,'2020-10-13 02:05:39','2020-10-13 02:05:39','checkmo',NULL,NULL,NULL,NULL,NULL,NULL,0,NULL,0,0,NULL,NULL,NULL,'null',NULL,NULL,NULL),(41,811,'2020-10-20 06:52:28','2020-10-20 06:52:28','checkmo',NULL,NULL,NULL,NULL,NULL,NULL,0,NULL,0,0,NULL,NULL,NULL,'null',NULL,NULL,NULL),(42,814,'2020-10-20 07:12:06','2020-10-20 07:12:06','checkmo',NULL,NULL,NULL,NULL,NULL,NULL,0,NULL,0,0,NULL,NULL,NULL,'null',NULL,NULL,NULL),(43,879,'2020-11-22 00:09:08','2020-11-22 00:09:08','checkmo',NULL,NULL,NULL,NULL,NULL,NULL,0,NULL,0,0,NULL,NULL,NULL,'null',NULL,NULL,NULL),(44,884,'2020-11-23 14:38:46','2020-11-23 14:38:46','checkmo',NULL,NULL,NULL,NULL,NULL,NULL,0,NULL,0,0,NULL,NULL,NULL,'null',NULL,NULL,NULL),(45,885,'2020-11-23 14:39:16','2020-11-23 14:39:16','checkmo',NULL,NULL,NULL,NULL,NULL,NULL,0,NULL,0,0,NULL,NULL,NULL,'null',NULL,NULL,NULL),(46,886,'2020-11-23 14:51:57','2020-11-23 14:51:57','checkmo',NULL,NULL,NULL,NULL,NULL,NULL,0,NULL,0,0,NULL,NULL,NULL,'null',NULL,NULL,NULL),(47,933,'2020-12-16 18:14:56','2020-12-16 18:14:56','checkmo',NULL,NULL,NULL,NULL,NULL,NULL,0,NULL,0,0,NULL,NULL,NULL,'null',NULL,NULL,NULL),(48,960,'2020-12-26 07:40:46','2020-12-26 07:40:46','checkmo',NULL,NULL,NULL,NULL,NULL,NULL,0,NULL,0,0,NULL,NULL,NULL,'null',NULL,NULL,NULL),(49,1028,'2021-01-24 20:14:18','2021-01-24 20:14:18','checkmo',NULL,NULL,NULL,NULL,NULL,NULL,0,NULL,0,0,NULL,NULL,NULL,'null',NULL,NULL,NULL),(50,1049,'2021-02-02 15:09:47','2021-02-02 15:09:47','checkmo',NULL,NULL,NULL,NULL,NULL,NULL,0,NULL,0,0,NULL,NULL,NULL,'null',NULL,NULL,NULL),(51,1054,'2021-02-13 08:44:46','2021-02-13 08:44:46','checkmo',NULL,NULL,NULL,NULL,NULL,NULL,0,NULL,0,0,NULL,NULL,NULL,'null',NULL,NULL,NULL),(52,1106,'2021-03-18 12:09:42','2021-03-18 12:09:42','checkmo',NULL,NULL,NULL,NULL,NULL,NULL,0,NULL,0,0,NULL,NULL,NULL,'null',NULL,NULL,NULL),(53,1109,'2021-03-18 14:19:13','2021-03-18 14:19:13','checkmo',NULL,NULL,NULL,NULL,NULL,NULL,0,NULL,0,0,NULL,NULL,NULL,'null',NULL,NULL,NULL),(54,1111,'2021-03-18 15:45:15','2021-03-18 15:45:15','checkmo',NULL,NULL,NULL,NULL,NULL,NULL,0,NULL,0,0,NULL,NULL,NULL,'null',NULL,NULL,NULL),(55,1115,'2021-03-18 17:00:07','2021-03-18 17:00:07','checkmo',NULL,NULL,NULL,NULL,NULL,NULL,0,NULL,0,0,NULL,NULL,NULL,'null',NULL,NULL,NULL),(56,1142,'2021-03-26 13:47:44','2021-03-26 13:47:44','checkmo',NULL,NULL,NULL,NULL,NULL,NULL,0,NULL,0,0,NULL,NULL,NULL,'null',NULL,NULL,NULL),(57,1146,'2021-03-30 17:02:15','2021-03-30 17:02:15','checkmo',NULL,NULL,NULL,NULL,NULL,NULL,0,NULL,0,0,NULL,NULL,NULL,'null',NULL,NULL,NULL),(58,1171,'2021-04-26 06:50:06','2021-04-26 06:50:06','checkmo',NULL,NULL,NULL,NULL,NULL,NULL,0,NULL,0,0,NULL,NULL,NULL,'null',NULL,NULL,NULL),(59,1198,'2021-05-31 05:02:59','2021-05-31 05:02:59','checkmo',NULL,NULL,NULL,NULL,NULL,NULL,0,NULL,0,0,NULL,NULL,NULL,'null',NULL,NULL,NULL),(60,1218,'2021-06-27 23:45:07','2021-06-27 23:45:07','checkmo',NULL,NULL,NULL,NULL,NULL,NULL,0,NULL,0,0,NULL,NULL,NULL,'null',NULL,NULL,NULL),(61,1221,'2021-06-30 05:59:22','2021-06-30 05:59:22','checkmo',NULL,NULL,NULL,NULL,NULL,NULL,0,NULL,0,0,NULL,NULL,NULL,'null',NULL,NULL,NULL),(62,1247,'2021-07-24 20:27:57','2021-07-24 20:27:57','checkmo',NULL,NULL,NULL,NULL,NULL,NULL,0,NULL,0,0,NULL,NULL,NULL,'null',NULL,NULL,NULL),(63,1264,'2021-08-11 03:32:16','2021-08-11 03:32:16','checkmo',NULL,NULL,NULL,NULL,NULL,NULL,0,NULL,0,0,NULL,NULL,NULL,'null',NULL,NULL,NULL),(64,1265,'2021-08-11 11:50:50','2021-08-11 11:50:50','checkmo',NULL,NULL,NULL,NULL,NULL,NULL,0,NULL,0,0,NULL,NULL,NULL,'null',NULL,NULL,NULL),(65,1271,'2021-08-14 07:33:22','2021-08-14 07:33:22','checkmo',NULL,NULL,NULL,NULL,NULL,NULL,0,NULL,0,0,NULL,NULL,NULL,'null',NULL,NULL,NULL),(66,1292,'2021-09-15 11:23:14','2021-09-15 11:23:14','checkmo',NULL,NULL,NULL,NULL,NULL,NULL,0,NULL,0,0,NULL,NULL,NULL,'null',NULL,NULL,NULL),(67,1304,'2021-10-04 15:12:02','2021-10-04 15:12:02','checkmo',NULL,NULL,NULL,NULL,NULL,NULL,0,NULL,0,0,NULL,NULL,NULL,'null',NULL,NULL,NULL),(68,1328,'2021-11-16 13:20:25','2021-11-16 13:20:25','checkmo',NULL,NULL,NULL,NULL,NULL,NULL,0,NULL,0,0,NULL,NULL,NULL,'null',NULL,NULL,NULL),(69,1338,'2021-12-01 09:46:19','2021-12-01 09:46:19','checkmo',NULL,NULL,NULL,NULL,NULL,NULL,0,NULL,0,0,NULL,NULL,NULL,'null',NULL,NULL,NULL),(70,1339,'2021-12-01 10:10:22','2021-12-01 10:10:22','checkmo',NULL,NULL,NULL,NULL,NULL,NULL,0,NULL,0,0,NULL,NULL,NULL,'null',NULL,NULL,NULL),(71,1340,'2021-12-01 10:58:25','2021-12-01 10:58:25','checkmo',NULL,NULL,NULL,NULL,NULL,NULL,0,NULL,0,0,NULL,NULL,NULL,'null',NULL,NULL,NULL),(72,1341,'2021-12-02 10:52:21','2021-12-02 10:52:21','checkmo',NULL,NULL,NULL,NULL,NULL,NULL,0,NULL,0,0,NULL,NULL,NULL,'null',NULL,NULL,NULL),(73,1345,'2021-12-05 16:07:08','2021-12-05 16:07:08','checkmo',NULL,NULL,NULL,NULL,NULL,NULL,0,NULL,0,0,NULL,NULL,NULL,'null',NULL,NULL,NULL),(74,1375,'2022-01-03 11:04:23','2022-01-03 11:04:23','checkmo',NULL,NULL,NULL,NULL,NULL,NULL,0,NULL,0,0,NULL,NULL,NULL,'null',NULL,NULL,NULL),(75,1376,'2022-01-03 12:30:06','2022-01-03 12:30:06','checkmo',NULL,NULL,NULL,NULL,NULL,NULL,0,NULL,0,0,NULL,NULL,NULL,'null',NULL,NULL,NULL),(76,1426,'2022-01-28 13:22:24','2022-01-28 13:22:24','checkmo',NULL,NULL,NULL,NULL,NULL,NULL,0,NULL,0,0,NULL,NULL,NULL,'null',NULL,NULL,NULL),(77,1431,'2022-01-31 15:10:42','2022-01-31 15:10:42','checkmo',NULL,NULL,NULL,NULL,NULL,NULL,0,NULL,0,0,NULL,NULL,NULL,'null',NULL,NULL,NULL),(78,1464,'2022-02-16 03:39:15','2022-02-16 03:39:15','checkmo',NULL,NULL,NULL,NULL,NULL,NULL,0,NULL,0,0,NULL,NULL,NULL,'null',NULL,NULL,NULL),(79,1466,'2022-02-17 08:26:04','2022-02-17 08:26:04','checkmo',NULL,NULL,NULL,NULL,NULL,NULL,0,NULL,0,0,NULL,NULL,NULL,'null',NULL,NULL,NULL),(80,1479,'2022-02-24 15:15:46','2022-02-24 15:15:46','checkmo',NULL,NULL,NULL,NULL,NULL,NULL,0,NULL,0,0,NULL,NULL,NULL,'null',NULL,NULL,NULL),(81,1481,'2022-02-25 06:09:30','2022-02-25 06:09:30','checkmo',NULL,NULL,NULL,NULL,NULL,NULL,0,NULL,0,0,NULL,NULL,NULL,'null',NULL,NULL,NULL),(82,1493,'2022-03-06 19:45:44','2022-03-06 19:45:44','checkmo',NULL,NULL,NULL,NULL,NULL,NULL,0,NULL,0,0,NULL,NULL,NULL,'null',NULL,NULL,NULL),(83,1494,'2022-03-07 17:55:31','2022-03-07 17:55:31','checkmo',NULL,NULL,NULL,NULL,NULL,NULL,0,NULL,0,0,NULL,NULL,NULL,'null',NULL,NULL,NULL),(84,1498,'2022-03-11 04:10:25','2022-03-11 04:10:25','checkmo',NULL,NULL,NULL,NULL,NULL,NULL,0,NULL,0,0,NULL,NULL,NULL,'null',NULL,NULL,NULL),(85,1512,'2022-03-22 03:49:23','2022-03-22 03:49:23','checkmo',NULL,NULL,NULL,NULL,NULL,NULL,0,NULL,0,0,NULL,NULL,NULL,'null',NULL,NULL,NULL),(86,1523,'2022-03-29 13:52:17','2022-03-29 13:52:17','checkmo',NULL,NULL,NULL,NULL,NULL,NULL,0,NULL,0,0,NULL,NULL,NULL,'null',NULL,NULL,NULL),(87,1544,'2022-04-22 06:36:45','2022-04-22 06:36:45','checkmo',NULL,NULL,NULL,NULL,NULL,NULL,0,NULL,0,0,NULL,NULL,NULL,'null',NULL,NULL,NULL),(88,1550,'2022-04-27 11:25:24','2022-04-27 11:25:24','checkmo',NULL,NULL,NULL,NULL,NULL,NULL,0,NULL,0,0,NULL,NULL,NULL,'null',NULL,NULL,NULL),(89,1562,'2022-05-06 09:34:07','2022-05-06 09:34:07','checkmo',NULL,NULL,NULL,NULL,NULL,NULL,0,NULL,0,0,NULL,NULL,NULL,'null',NULL,NULL,NULL),(90,1578,'2022-09-10 19:35:17','2022-09-10 19:35:17','hesabe',NULL,NULL,NULL,NULL,NULL,NULL,0,NULL,0,0,NULL,NULL,NULL,'null',NULL,NULL,NULL),(91,1579,'2022-09-10 19:49:49','2022-09-10 19:49:49','hesabe',NULL,NULL,NULL,NULL,NULL,NULL,0,NULL,0,0,NULL,NULL,NULL,'null',NULL,NULL,NULL),(92,1580,'2022-09-10 19:54:00','2022-09-10 19:54:00','mpgs',NULL,NULL,NULL,NULL,NULL,NULL,0,NULL,0,0,NULL,NULL,NULL,'null',NULL,NULL,NULL),(93,1581,'2022-09-10 20:07:39','2022-09-10 20:07:39','hesabe',NULL,NULL,NULL,NULL,NULL,NULL,0,NULL,0,0,NULL,NULL,NULL,'null',NULL,NULL,NULL),(94,1582,'2022-09-10 20:11:21','2022-09-10 20:11:21','hesabe',NULL,NULL,NULL,NULL,NULL,NULL,0,NULL,0,0,NULL,NULL,NULL,'null',NULL,NULL,NULL),(95,1583,'2022-09-10 20:14:32','2022-09-10 20:14:32','hesabe',NULL,NULL,NULL,NULL,NULL,NULL,0,NULL,0,0,NULL,NULL,NULL,'null',NULL,NULL,NULL),(96,1584,'2022-09-10 20:16:53','2022-09-10 20:16:53','hesabe',NULL,NULL,NULL,NULL,NULL,NULL,0,NULL,0,0,NULL,NULL,NULL,'null',NULL,NULL,NULL),(97,1585,'2022-09-10 20:19:12','2022-09-10 20:19:12','hesabe',NULL,NULL,NULL,NULL,NULL,NULL,0,NULL,0,0,NULL,NULL,NULL,'null',NULL,NULL,NULL),(98,1586,'2022-09-10 20:25:24','2022-09-10 20:25:24','hesabe',NULL,NULL,NULL,NULL,NULL,NULL,0,NULL,0,0,NULL,NULL,NULL,'null',NULL,NULL,NULL),(99,1587,'2022-09-10 20:29:50','2022-09-10 20:29:50','hesabe',NULL,NULL,NULL,NULL,NULL,NULL,0,NULL,0,0,NULL,NULL,NULL,'null',NULL,NULL,NULL),(100,1588,'2022-09-10 20:34:50','2022-09-10 20:34:50','hesabe',NULL,NULL,NULL,NULL,NULL,NULL,0,NULL,0,0,NULL,NULL,NULL,'null',NULL,NULL,NULL),(101,1589,'2022-09-10 20:40:26','2022-09-10 20:40:26','hesabe',NULL,NULL,NULL,NULL,NULL,NULL,0,NULL,0,0,NULL,NULL,NULL,'null',NULL,NULL,NULL),(102,1590,'2022-09-10 20:42:15','2022-09-10 20:42:15','hesabe',NULL,NULL,NULL,NULL,NULL,NULL,0,NULL,0,0,NULL,NULL,NULL,'null',NULL,NULL,NULL),(103,1595,'2022-09-14 12:20:35','2022-09-14 12:20:35','hesabe',NULL,NULL,NULL,NULL,NULL,NULL,0,NULL,0,0,NULL,NULL,NULL,'null',NULL,NULL,NULL);

--
-- Table structure for table `quote_shipping_rate`
--

CREATE TABLE `quote_shipping_rate` (
  `rate_id` int(10) unsigned NOT NULL AUTO_INCREMENT COMMENT 'Rate ID',
  `address_id` int(10) unsigned NOT NULL DEFAULT '0' COMMENT 'Address ID',
  `created_at` timestamp NOT NULL DEFAULT CURRENT_TIMESTAMP COMMENT 'Created At',
  `updated_at` timestamp NOT NULL DEFAULT CURRENT_TIMESTAMP ON UPDATE CURRENT_TIMESTAMP COMMENT 'Updated At',
  `carrier` varchar(255) DEFAULT NULL COMMENT 'Carrier',
  `carrier_title` varchar(255) DEFAULT NULL COMMENT 'Carrier Title',
  `code` varchar(255) DEFAULT NULL COMMENT 'Code',
  `method` varchar(255) DEFAULT NULL COMMENT 'Method',
  `method_description` text COMMENT 'Method Description',
  `price` decimal(20,4) NOT NULL DEFAULT '0.0000' COMMENT 'Price',
  `error_message` text COMMENT 'Error Message',
  `method_title` text COMMENT 'Method Title',
  PRIMARY KEY (`rate_id`),
  KEY `QUOTE_SHIPPING_RATE_ADDRESS_ID` (`address_id`),
  CONSTRAINT `QUOTE_SHIPPING_RATE_ADDRESS_ID_QUOTE_ADDRESS_ADDRESS_ID` FOREIGN KEY (`address_id`) REFERENCES `quote_address` (`address_id`) ON DELETE CASCADE
) ENGINE=InnoDB AUTO_INCREMENT=291 DEFAULT CHARSET=utf8 COMMENT='Sales Flat Quote Shipping Rate';

--
-- Dumping data for table `quote_shipping_rate`
--

INSERT INTO `quote_shipping_rate` VALUES (5,36,'2016-04-12 23:04:05','0000-00-00 00:00:00','flatrate','Flat Rate','flatrate_flatrate','flatrate',NULL,15.0000,NULL,'Fixed'),(7,50,'2016-04-17 00:30:05','0000-00-00 00:00:00','flatrate','Flat Rate','flatrate_flatrate','flatrate',NULL,5.0000,NULL,'Fixed'),(10,68,'2016-04-25 05:16:56','0000-00-00 00:00:00','flatrate','Flat Rate','flatrate_flatrate','flatrate',NULL,5.0000,NULL,'Fixed'),(12,88,'2016-08-23 04:39:26','0000-00-00 00:00:00','flatrate','Flat Rate','flatrate_flatrate','flatrate',NULL,15.0000,NULL,'Fixed'),(15,100,'2017-02-21 02:36:12','0000-00-00 00:00:00','flatrate','Flat Rate','flatrate_flatrate','flatrate',NULL,10.0000,NULL,'Fixed'),(18,153,'2017-04-18 02:56:40','0000-00-00 00:00:00','flatrate','Flat Rate','flatrate_flatrate','flatrate',NULL,5.0000,NULL,'Fixed'),(21,168,'2018-05-23 05:52:58','0000-00-00 00:00:00','flatrate','Flat Rate','flatrate_flatrate','flatrate',NULL,5.0000,NULL,'Fixed'),(26,175,'2018-10-11 02:44:29','0000-00-00 00:00:00','flatrate','Flat Rate','flatrate_flatrate','flatrate',NULL,25.0000,NULL,'Fixed'),(28,191,'2019-05-28 10:07:15','0000-00-00 00:00:00','flatrate','Flat Rate','flatrate_flatrate','flatrate',NULL,2800.0000,NULL,'Fixed'),(30,194,'2019-05-29 00:51:12','0000-00-00 00:00:00','flatrate','Flat Rate','flatrate_flatrate','flatrate',NULL,2250.0000,NULL,'Fixed'),(33,265,'2020-03-21 13:03:47','2020-03-21 13:03:47','flatrate','Flat Rate','flatrate_flatrate','flatrate',NULL,10.0000,NULL,'Fixed'),(35,512,'2020-04-12 14:10:39','2020-04-12 14:10:39','flatrate','Flat Rate','flatrate_flatrate','flatrate',NULL,10.0000,NULL,'Fixed'),(37,535,'2020-04-14 09:17:47','2020-04-14 09:17:47','flatrate','Flat Rate','flatrate_flatrate','flatrate',NULL,5.0000,NULL,'Fixed'),(39,599,'2020-04-20 06:42:23','2020-04-20 06:42:23','flatrate','Flat Rate','flatrate_flatrate','flatrate',NULL,450.0000,NULL,'Fixed'),(42,602,'2020-04-20 15:15:08','2020-04-20 15:15:08','flatrate','Flat Rate','flatrate_flatrate','flatrate',NULL,470.0000,NULL,'Fixed'),(44,669,'2020-04-24 10:48:46','2020-04-24 10:48:46','flatrate','Flat Rate','flatrate_flatrate','flatrate',NULL,5.0000,NULL,'Fixed'),(46,704,'2020-04-26 22:24:41','2020-04-26 22:24:41','flatrate','Flat Rate','flatrate_flatrate','flatrate',NULL,10.0000,NULL,'Fixed'),(48,731,'2020-04-27 20:09:37','2020-04-27 20:09:37','flatrate','Flat Rate','flatrate_flatrate','flatrate',NULL,5.0000,NULL,'Fixed'),(50,763,'2020-04-29 13:27:47','2020-04-29 13:27:47','flatrate','Flat Rate','flatrate_flatrate','flatrate',NULL,5.0000,NULL,'Fixed'),(52,924,'2020-05-25 15:34:58','2020-05-25 15:34:58','flatrate','Flat Rate','flatrate_flatrate','flatrate',NULL,10.0000,NULL,'Fixed'),(55,1028,'2020-06-22 12:25:16','2020-06-22 12:25:16','flatrate','Flat Rate','flatrate_flatrate','flatrate',NULL,10.0000,NULL,'Fixed'),(59,1032,'2020-06-22 16:17:10','2020-06-22 16:17:10','flatrate','Flat Rate','flatrate_flatrate','flatrate',NULL,5.0000,NULL,'Fixed'),(61,1095,'2020-07-01 10:42:34','2020-07-01 10:42:34','flatrate','Flat Rate','flatrate_flatrate','flatrate',NULL,5.0000,NULL,'Fixed'),(63,1148,'2020-07-04 10:14:44','2020-07-04 10:14:44','flatrate','Flat Rate','flatrate_flatrate','flatrate',NULL,5.0000,NULL,'Fixed'),(67,1207,'2020-07-11 09:15:14','2020-07-11 09:15:14','flatrate','Flat Rate','flatrate_flatrate','flatrate',NULL,5.0000,NULL,'Fixed'),(72,1217,'2020-07-12 12:01:26','2020-07-12 12:01:26','flatrate','Flat Rate','flatrate_flatrate','flatrate',NULL,5.0000,NULL,'Fixed'),(75,1252,'2020-07-17 22:22:52','2020-07-17 22:22:52','flatrate','Flat Rate','flatrate_flatrate','flatrate',NULL,5.0000,NULL,'Fixed'),(77,1272,'2020-07-20 19:17:22','2020-07-20 19:17:22','flatrate','Flat Rate','flatrate_flatrate','flatrate',NULL,5.0000,NULL,'Fixed'),(80,1279,'2020-07-22 06:50:46','2020-07-22 06:50:46','flatrate','Flat Rate','flatrate_flatrate','flatrate',NULL,15.0000,NULL,'Fixed'),(83,1284,'2020-07-23 10:10:03','2020-07-23 10:10:03','flatrate','Flat Rate','flatrate_flatrate','flatrate',NULL,5.0000,NULL,'Fixed'),(86,1366,'2020-08-07 17:47:49','2020-08-07 17:47:49','flatrate','Flat Rate','flatrate_flatrate','flatrate',NULL,5.0000,NULL,'Fixed'),(89,1384,'2020-08-12 12:44:22','2020-08-12 12:44:22','flatrate','Flat Rate','flatrate_flatrate','flatrate',NULL,5.0000,NULL,'Fixed'),(92,1532,'2020-09-16 12:01:44','2020-09-16 12:01:44','flatrate','Flat Rate','flatrate_flatrate','flatrate',NULL,5.0000,NULL,'Fixed'),(94,1564,'2020-09-20 22:30:05','2020-09-20 22:30:05','flatrate','Flat Rate','flatrate_flatrate','flatrate',NULL,5.0000,NULL,'Fixed'),(97,1571,'2020-09-21 12:58:20','2020-09-21 12:58:20','flatrate','Flat Rate','flatrate_flatrate','flatrate',NULL,5.0000,NULL,'Fixed'),(99,1575,'2020-09-22 11:30:25','2020-09-22 11:30:25','flatrate','Flat Rate','flatrate_flatrate','flatrate',NULL,5.0000,NULL,'Fixed'),(102,1580,'2020-09-24 05:42:00','2020-09-24 05:42:00','flatrate','Flat Rate','flatrate_flatrate','flatrate',NULL,5.0000,NULL,'Fixed'),(105,1612,'2020-10-01 10:05:50','2020-10-01 10:05:50','flatrate','Flat Rate','flatrate_flatrate','flatrate',NULL,10.0000,NULL,'Fixed'),(108,1616,'2020-10-01 10:12:57','2020-10-01 10:12:57','flatrate','Flat Rate','flatrate_flatrate','flatrate',NULL,5.0000,NULL,'Fixed'),(111,1638,'2020-10-05 07:08:48','2020-10-05 07:08:48','flatrate','Flat Rate','flatrate_flatrate','flatrate',NULL,5.0000,NULL,'Fixed'),(114,1642,'2020-10-05 07:10:30','2020-10-05 07:10:30','flatrate','Flat Rate','flatrate_flatrate','flatrate',NULL,5.0000,NULL,'Fixed'),(117,1684,'2020-10-13 02:05:58','2020-10-13 02:05:58','flatrate','Flat Rate','flatrate_flatrate','flatrate',NULL,5.0000,NULL,'Fixed'),(120,1714,'2020-10-20 06:52:31','2020-10-20 06:52:31','flatrate','Flat Rate','flatrate_flatrate','flatrate',NULL,5.0000,NULL,'Fixed'),(122,1722,'2020-10-20 07:12:06','2020-10-20 07:12:06','flatrate','Flat Rate','flatrate_flatrate','flatrate',NULL,5.0000,NULL,'Fixed'),(123,1815,'2020-11-12 08:24:31','2020-11-12 08:24:31','flatrate','Flat Rate','flatrate_flatrate','flatrate',NULL,5.0000,NULL,'Fixed'),(126,1866,'2020-11-23 14:38:54','2020-11-23 14:38:54','flatrate','Flat Rate','flatrate_flatrate','flatrate',NULL,5.0000,NULL,'Fixed'),(129,1869,'2020-11-23 14:39:26','2020-11-23 14:39:26','flatrate','Flat Rate','flatrate_flatrate','flatrate',NULL,5.0000,NULL,'Fixed'),(132,1874,'2020-11-23 14:52:05','2020-11-23 14:52:05','flatrate','Flat Rate','flatrate_flatrate','flatrate',NULL,5.0000,NULL,'Fixed'),(134,1971,'2020-12-16 18:14:56','2020-12-16 18:14:56','flatrate','Flat Rate','flatrate_flatrate','flatrate',NULL,5.0000,NULL,'Fixed'),(137,2028,'2020-12-26 07:40:55','2020-12-26 07:40:55','flatrate','Flat Rate','flatrate_flatrate','flatrate',NULL,5.0000,NULL,'Fixed'),(140,2168,'2021-01-24 20:14:39','2021-01-24 20:14:39','flatrate','Flat Rate','flatrate_flatrate','flatrate',NULL,5.0000,NULL,'Fixed'),(143,2212,'2021-02-02 15:10:05','2021-02-02 15:10:05','flatrate','Flat Rate','flatrate_flatrate','flatrate',NULL,5.0000,NULL,'Fixed'),(146,2224,'2021-02-13 08:45:13','2021-02-13 08:45:13','flatrate','Flat Rate','flatrate_flatrate','flatrate',NULL,5.0000,NULL,'Fixed'),(149,2328,'2021-03-18 12:09:54','2021-03-18 12:09:54','flatrate','Flat Rate','flatrate_flatrate','flatrate',NULL,5.0000,NULL,'Fixed'),(152,2335,'2021-03-18 14:19:25','2021-03-18 14:19:25','flatrate','Flat Rate','flatrate_flatrate','flatrate',NULL,5.0000,NULL,'Fixed'),(154,2342,'2021-03-18 15:45:15','2021-03-18 15:45:15','flatrate','Flat Rate','flatrate_flatrate','flatrate',NULL,5.0000,NULL,'Fixed'),(157,2352,'2021-03-18 17:00:23','2021-03-18 17:00:23','flatrate','Flat Rate','flatrate_flatrate','flatrate',NULL,5.0000,NULL,'Fixed'),(160,2409,'2021-03-26 13:47:54','2021-03-26 13:47:54','flatrate','Flat Rate','flatrate_flatrate','flatrate',NULL,5.0000,NULL,'Fixed'),(163,2418,'2021-03-30 17:02:33','2021-03-30 17:02:33','flatrate','Flat Rate','flatrate_flatrate','flatrate',NULL,5.0000,NULL,'Fixed'),(166,2471,'2021-04-26 06:50:18','2021-04-26 06:50:18','flatrate','Flat Rate','flatrate_flatrate','flatrate',NULL,5.0000,NULL,'Fixed'),(168,2526,'2021-05-31 05:02:59','2021-05-31 05:02:59','flatrate','Flat Rate','flatrate_flatrate','flatrate',NULL,10.0000,NULL,'Fixed'),(170,2566,'2021-06-27 23:45:07','2021-06-27 23:45:07','flatrate','Flat Rate','flatrate_flatrate','flatrate',NULL,5.0000,NULL,'Fixed'),(172,2572,'2021-06-30 05:59:22','2021-06-30 05:59:22','flatrate','Flat Rate','flatrate_flatrate','flatrate',NULL,5.0000,NULL,'Fixed'),(175,2624,'2021-07-24 20:28:11','2021-07-24 20:28:11','flatrate','Flat Rate','flatrate_flatrate','flatrate',NULL,5.0000,NULL,'Fixed'),(178,2659,'2021-08-11 03:32:37','2021-08-11 03:32:37','flatrate','Flat Rate','flatrate_flatrate','flatrate',NULL,5.0000,NULL,'Fixed'),(182,2662,'2021-08-11 11:51:06','2021-08-11 11:51:06','flatrate','Flat Rate','flatrate_flatrate','flatrate',NULL,5.0000,NULL,'Fixed'),(185,2675,'2021-08-14 07:33:38','2021-08-14 07:33:38','flatrate','Flat Rate','flatrate_flatrate','flatrate',NULL,5.0000,NULL,'Fixed'),(188,2718,'2021-09-15 11:23:26','2021-09-15 11:23:26','flatrate','Flat Rate','flatrate_flatrate','flatrate',NULL,5.0000,NULL,'Fixed'),(190,2743,'2021-10-04 15:12:02','2021-10-04 15:12:02','flatrate','Flat Rate','flatrate_flatrate','flatrate',NULL,5.0000,NULL,'Fixed'),(193,2814,'2021-12-01 10:09:03','2021-12-01 10:09:03','flatrate','Flat Rate','flatrate_flatrate','flatrate',NULL,5.0000,NULL,'Fixed'),(197,2817,'2021-12-01 10:13:27','2021-12-01 10:13:27','flatrate','Flat Rate','flatrate_flatrate','flatrate',NULL,5.0000,NULL,'Fixed'),(206,2819,'2021-12-01 11:39:53','2021-12-01 11:39:53','flatrate','Flat Rate','flatrate_flatrate','flatrate',NULL,10.0000,NULL,'Fixed'),(208,2821,'2021-12-02 10:52:21','2021-12-02 10:52:21','flatrate','Flat Rate','flatrate_flatrate','flatrate',NULL,5.0000,NULL,'Fixed'),(211,2831,'2021-12-05 16:07:22','2021-12-05 16:07:22','flatrate','Flat Rate','flatrate_flatrate','flatrate',NULL,5.0000,NULL,'Fixed'),(213,2892,'2022-01-03 11:04:23','2022-01-03 11:04:23','flatrate','Flat Rate','flatrate_flatrate','flatrate',NULL,5.0000,NULL,'Fixed'),(215,2894,'2022-01-03 12:30:06','2022-01-03 12:30:06','flatrate','Flat Rate','flatrate_flatrate','flatrate',NULL,5.0000,NULL,'Fixed'),(217,2996,'2022-01-28 13:22:24','2022-01-28 13:22:24','flatrate','Flat Rate','flatrate_flatrate','flatrate',NULL,5.0000,NULL,'Fixed'),(219,3006,'2022-01-31 15:10:42','2022-01-31 15:10:42','flatrate','Flat Rate','flatrate_flatrate','flatrate',NULL,5.0000,NULL,'Fixed'),(222,3072,'2022-02-16 03:39:19','2022-02-16 03:39:19','flatrate','Flat Rate','flatrate_flatrate','flatrate',NULL,5.0000,NULL,'Fixed'),(225,3077,'2022-02-17 08:28:59','2022-02-17 08:28:59','flatrate','Flat Rate','flatrate_flatrate','flatrate',NULL,10.0000,NULL,'Fixed'),(227,3104,'2022-02-24 15:15:46','2022-02-24 15:15:46','flatrate','Flat Rate','flatrate_flatrate','flatrate',NULL,5.0000,NULL,'Fixed'),(229,3108,'2022-02-25 06:09:30','2022-02-25 06:09:30','flatrate','Flat Rate','flatrate_flatrate','flatrate',NULL,5.0000,NULL,'Fixed'),(231,3137,'2022-03-07 17:55:31','2022-03-07 17:55:31','flatrate','Flat Rate','flatrate_flatrate','flatrate',NULL,5.0000,NULL,'Fixed'),(234,3145,'2022-03-11 04:10:30','2022-03-11 04:10:30','flatrate','Flat Rate','flatrate_flatrate','flatrate',NULL,5.0000,NULL,'Fixed'),(237,3174,'2022-03-22 04:13:39','2022-03-22 04:13:39','flatrate','Flat Rate','flatrate_flatrate','flatrate',NULL,10.0000,NULL,'Fixed'),(240,3196,'2022-03-29 13:52:21','2022-03-29 13:52:21','flatrate','Flat Rate','flatrate_flatrate','flatrate',NULL,5.0000,NULL,'Fixed'),(243,3241,'2022-04-22 07:48:59','2022-04-22 07:48:59','flatrate','Flat Rate','flatrate_flatrate','flatrate',NULL,5.0000,NULL,'Fixed'),(248,3254,'2022-04-27 11:25:50','2022-04-27 11:25:50','flatrate','Flat Rate','flatrate_flatrate','flatrate',NULL,5.0000,NULL,'Fixed'),(251,3318,'2022-09-10 19:35:23','2022-09-10 19:35:23','flatrate','Flat Rate','flatrate_flatrate','flatrate',NULL,5.0000,NULL,'Fixed'),(254,3321,'2022-09-10 19:49:53','2022-09-10 19:49:53','flatrate','Flat Rate','flatrate_flatrate','flatrate',NULL,5.0000,NULL,'Fixed'),(257,3324,'2022-09-10 19:54:02','2022-09-10 19:54:02','flatrate','Flat Rate','flatrate_flatrate','flatrate',NULL,10.0000,NULL,'Fixed'),(260,3327,'2022-09-10 20:07:43','2022-09-10 20:07:43','flatrate','Flat Rate','flatrate_flatrate','flatrate',NULL,5.0000,NULL,'Fixed'),(263,3330,'2022-09-10 20:11:27','2022-09-10 20:11:27','flatrate','Flat Rate','flatrate_flatrate','flatrate',NULL,5.0000,NULL,'Fixed'),(266,3333,'2022-09-10 20:14:41','2022-09-10 20:14:41','flatrate','Flat Rate','flatrate_flatrate','flatrate',NULL,5.0000,NULL,'Fixed'),(269,3336,'2022-09-10 20:16:59','2022-09-10 20:16:59','flatrate','Flat Rate','flatrate_flatrate','flatrate',NULL,5.0000,NULL,'Fixed'),(272,3339,'2022-09-10 20:19:14','2022-09-10 20:19:14','flatrate','Flat Rate','flatrate_flatrate','flatrate',NULL,5.0000,NULL,'Fixed'),(275,3342,'2022-09-10 20:25:29','2022-09-10 20:25:29','flatrate','Flat Rate','flatrate_flatrate','flatrate',NULL,5.0000,NULL,'Fixed'),(278,3345,'2022-09-10 20:29:55','2022-09-10 20:29:55','flatrate','Flat Rate','flatrate_flatrate','flatrate',NULL,10.0000,NULL,'Fixed'),(281,3348,'2022-09-10 20:34:58','2022-09-10 20:34:58','flatrate','Flat Rate','flatrate_flatrate','flatrate',NULL,5.0000,NULL,'Fixed'),(284,3351,'2022-09-10 20:40:31','2022-09-10 20:40:31','flatrate','Flat Rate','flatrate_flatrate','flatrate',NULL,10.0000,NULL,'Fixed'),(287,3354,'2022-09-10 20:42:20','2022-09-10 20:42:20','flatrate','Flat Rate','flatrate_flatrate','flatrate',NULL,5.0000,NULL,'Fixed'),(290,3365,'2022-09-14 12:20:42','2022-09-14 12:20:42','tablerate','Delivery charge','tablerate_bestway','bestway',NULL,4.0000,NULL,'Table Rate');

--
-- Table structure for table `rating`
--

CREATE TABLE `rating` (
  `rating_id` smallint(5) unsigned NOT NULL AUTO_INCREMENT COMMENT 'Rating ID',
  `entity_id` smallint(5) unsigned NOT NULL DEFAULT '0' COMMENT 'Entity ID',
  `rating_code` varchar(64) NOT NULL COMMENT 'Rating Code',
  `position` smallint(5) unsigned NOT NULL DEFAULT '0' COMMENT 'Rating Position On Storefront',
  `is_active` smallint(6) NOT NULL DEFAULT '1' COMMENT 'Rating is active.',
  PRIMARY KEY (`rating_id`),
  UNIQUE KEY `RATING_RATING_CODE` (`rating_code`),
  KEY `RATING_ENTITY_ID` (`entity_id`),
  CONSTRAINT `RATING_ENTITY_ID_RATING_ENTITY_ENTITY_ID` FOREIGN KEY (`entity_id`) REFERENCES `rating_entity` (`entity_id`) ON DELETE CASCADE
) ENGINE=InnoDB AUTO_INCREMENT=4 DEFAULT CHARSET=utf8 COMMENT='Ratings';

--
-- Dumping data for table `rating`
--

INSERT INTO `rating` VALUES (1,1,'Quality',0,1),(2,1,'Value',0,1),(3,1,'Price',0,1);

--
-- Table structure for table `rating_entity`
--

CREATE TABLE `rating_entity` (
  `entity_id` smallint(5) unsigned NOT NULL AUTO_INCREMENT COMMENT 'Entity ID',
  `entity_code` varchar(64) NOT NULL COMMENT 'Entity Code',
  PRIMARY KEY (`entity_id`),
  UNIQUE KEY `RATING_ENTITY_ENTITY_CODE` (`entity_code`)
) ENGINE=InnoDB AUTO_INCREMENT=4 DEFAULT CHARSET=utf8 COMMENT='Rating entities';

--
-- Dumping data for table `rating_entity`
--

INSERT INTO `rating_entity` VALUES (1,'product'),(2,'product_review'),(3,'review');

--
-- Table structure for table `rating_option`
--

CREATE TABLE `rating_option` (
  `option_id` int(10) unsigned NOT NULL AUTO_INCREMENT COMMENT 'Rating Option ID',
  `rating_id` smallint(5) unsigned NOT NULL DEFAULT '0' COMMENT 'Rating ID',
  `code` varchar(32) NOT NULL COMMENT 'Rating Option Code',
  `value` smallint(5) unsigned NOT NULL DEFAULT '0' COMMENT 'Rating Option Value',
  `position` smallint(5) unsigned NOT NULL DEFAULT '0' COMMENT 'Ration option position on Storefront',
  PRIMARY KEY (`option_id`),
  KEY `RATING_OPTION_RATING_ID` (`rating_id`),
  CONSTRAINT `RATING_OPTION_RATING_ID_RATING_RATING_ID` FOREIGN KEY (`rating_id`) REFERENCES `rating` (`rating_id`) ON DELETE CASCADE
) ENGINE=InnoDB AUTO_INCREMENT=16 DEFAULT CHARSET=utf8 COMMENT='Rating options';

--
-- Dumping data for table `rating_option`
--

INSERT INTO `rating_option` VALUES (1,1,'1',1,1),(2,1,'2',2,2),(3,1,'3',3,3),(4,1,'4',4,4),(5,1,'5',5,5),(6,2,'1',1,1),(7,2,'2',2,2),(8,2,'3',3,3),(9,2,'4',4,4),(10,2,'5',5,5),(11,3,'1',1,1),(12,3,'2',2,2),(13,3,'3',3,3),(14,3,'4',4,4),(15,3,'5',5,5);

--
-- Table structure for table `rating_option_vote`
--

CREATE TABLE `rating_option_vote` (
  `vote_id` bigint(20) unsigned NOT NULL AUTO_INCREMENT COMMENT 'Vote ID',
  `option_id` int(10) unsigned NOT NULL DEFAULT '0' COMMENT 'Vote option ID',
  `remote_ip` varchar(16) NOT NULL COMMENT 'Customer IP',
  `remote_ip_long` bigint(20) NOT NULL DEFAULT '0' COMMENT 'Customer IP converted to long integer format',
  `customer_id` int(10) unsigned DEFAULT '0' COMMENT 'Customer ID',
  `entity_pk_value` bigint(20) unsigned NOT NULL DEFAULT '0' COMMENT 'Product ID',
  `rating_id` smallint(5) unsigned NOT NULL DEFAULT '0' COMMENT 'Rating ID',
  `review_id` bigint(20) unsigned DEFAULT NULL COMMENT 'Review ID',
  `percent` smallint(6) NOT NULL DEFAULT '0' COMMENT 'Percent amount',
  `value` smallint(6) NOT NULL DEFAULT '0' COMMENT 'Vote option value',
  PRIMARY KEY (`vote_id`),
  KEY `RATING_OPTION_VOTE_OPTION_ID` (`option_id`),
  KEY `RATING_OPTION_VOTE_REVIEW_ID_REVIEW_REVIEW_ID` (`review_id`),
  CONSTRAINT `RATING_OPTION_VOTE_OPTION_ID_RATING_OPTION_OPTION_ID` FOREIGN KEY (`option_id`) REFERENCES `rating_option` (`option_id`) ON DELETE CASCADE,
  CONSTRAINT `RATING_OPTION_VOTE_REVIEW_ID_REVIEW_REVIEW_ID` FOREIGN KEY (`review_id`) REFERENCES `review` (`review_id`) ON DELETE CASCADE
) ENGINE=InnoDB DEFAULT CHARSET=utf8 COMMENT='Rating option values';

--
-- Dumping data for table `rating_option_vote`
--


--
-- Table structure for table `rating_option_vote_aggregated`
--

CREATE TABLE `rating_option_vote_aggregated` (
  `primary_id` int(11) NOT NULL AUTO_INCREMENT COMMENT 'Vote aggregation ID',
  `rating_id` smallint(5) unsigned NOT NULL DEFAULT '0' COMMENT 'Rating ID',
  `entity_pk_value` bigint(20) unsigned NOT NULL DEFAULT '0' COMMENT 'Product ID',
  `vote_count` int(10) unsigned NOT NULL DEFAULT '0' COMMENT 'Vote dty',
  `vote_value_sum` int(10) unsigned NOT NULL DEFAULT '0' COMMENT 'General vote sum',
  `percent` smallint(6) NOT NULL DEFAULT '0' COMMENT 'Vote percent',
  `percent_approved` smallint(6) DEFAULT '0' COMMENT 'Vote percent approved by admin',
  `store_id` smallint(5) unsigned NOT NULL DEFAULT '0' COMMENT 'Store ID',
  PRIMARY KEY (`primary_id`),
  KEY `RATING_OPTION_VOTE_AGGREGATED_RATING_ID` (`rating_id`),
  KEY `RATING_OPTION_VOTE_AGGREGATED_STORE_ID` (`store_id`),
  CONSTRAINT `RATING_OPTION_VOTE_AGGREGATED_RATING_ID_RATING_RATING_ID` FOREIGN KEY (`rating_id`) REFERENCES `rating` (`rating_id`) ON DELETE CASCADE,
  CONSTRAINT `RATING_OPTION_VOTE_AGGREGATED_STORE_ID_STORE_STORE_ID` FOREIGN KEY (`store_id`) REFERENCES `store` (`store_id`) ON DELETE CASCADE
) ENGINE=InnoDB DEFAULT CHARSET=utf8 COMMENT='Rating vote aggregated';

--
-- Dumping data for table `rating_option_vote_aggregated`
--


--
-- Table structure for table `rating_store`
--

CREATE TABLE `rating_store` (
  `rating_id` smallint(5) unsigned NOT NULL DEFAULT '0' COMMENT 'Rating ID',
  `store_id` smallint(5) unsigned NOT NULL DEFAULT '0' COMMENT 'Store ID',
  PRIMARY KEY (`rating_id`,`store_id`),
  KEY `RATING_STORE_STORE_ID` (`store_id`),
  CONSTRAINT `RATING_STORE_RATING_ID_RATING_RATING_ID` FOREIGN KEY (`rating_id`) REFERENCES `rating` (`rating_id`) ON DELETE CASCADE,
  CONSTRAINT `RATING_STORE_STORE_ID_STORE_STORE_ID` FOREIGN KEY (`store_id`) REFERENCES `store` (`store_id`) ON DELETE CASCADE
) ENGINE=InnoDB DEFAULT CHARSET=utf8 COMMENT='Rating Store';

--
-- Dumping data for table `rating_store`
--

INSERT INTO `rating_store` VALUES (1,0),(2,0),(3,0),(1,1),(2,1),(3,1),(1,2),(2,2),(3,2),(1,3),(2,3),(3,3),(1,4),(2,4),(3,4),(1,5),(2,5),(3,5),(1,6),(2,6),(3,6),(1,7),(2,7),(3,7);

--
-- Table structure for table `rating_title`
--

CREATE TABLE `rating_title` (
  `rating_id` smallint(5) unsigned NOT NULL DEFAULT '0' COMMENT 'Rating ID',
  `store_id` smallint(5) unsigned NOT NULL DEFAULT '0' COMMENT 'Store ID',
  `value` varchar(255) NOT NULL COMMENT 'Rating Label',
  PRIMARY KEY (`rating_id`,`store_id`),
  KEY `RATING_TITLE_STORE_ID` (`store_id`),
  CONSTRAINT `RATING_TITLE_RATING_ID_RATING_RATING_ID` FOREIGN KEY (`rating_id`) REFERENCES `rating` (`rating_id`) ON DELETE CASCADE,
  CONSTRAINT `RATING_TITLE_STORE_ID_STORE_STORE_ID` FOREIGN KEY (`store_id`) REFERENCES `store` (`store_id`) ON DELETE CASCADE
) ENGINE=InnoDB DEFAULT CHARSET=utf8 COMMENT='Rating Title';

--
-- Dumping data for table `rating_title`
--


--
-- Table structure for table `release_notification_viewer_log`
--

CREATE TABLE `release_notification_viewer_log` (
  `id` int(10) unsigned NOT NULL AUTO_INCREMENT COMMENT 'Log ID',
  `viewer_id` int(10) unsigned NOT NULL COMMENT 'Viewer admin user ID',
  `last_view_version` varchar(16) NOT NULL COMMENT 'Viewer last view on product version',
  PRIMARY KEY (`id`),
  UNIQUE KEY `RELEASE_NOTIFICATION_VIEWER_LOG_VIEWER_ID` (`viewer_id`),
  CONSTRAINT `RELEASE_NOTIFICATION_VIEWER_LOG_VIEWER_ID_ADMIN_USER_USER_ID` FOREIGN KEY (`viewer_id`) REFERENCES `admin_user` (`user_id`) ON DELETE CASCADE
) ENGINE=InnoDB AUTO_INCREMENT=2 DEFAULT CHARSET=utf8 COMMENT='Release Notification Viewer Log Table';

--
-- Dumping data for table `release_notification_viewer_log`
--

INSERT INTO `release_notification_viewer_log` VALUES (1,1,'2.2.4');

--
-- Table structure for table `report_compared_product_index`
--

CREATE TABLE `report_compared_product_index` (
  `index_id` bigint(20) unsigned NOT NULL AUTO_INCREMENT COMMENT 'Index ID',
  `visitor_id` int(10) unsigned DEFAULT NULL COMMENT 'Visitor ID',
  `customer_id` int(10) unsigned DEFAULT NULL COMMENT 'Customer ID',
  `product_id` int(10) unsigned NOT NULL COMMENT 'Product ID',
  `store_id` smallint(5) unsigned DEFAULT NULL COMMENT 'Store ID',
  `added_at` timestamp NOT NULL DEFAULT CURRENT_TIMESTAMP COMMENT 'Added At',
  PRIMARY KEY (`index_id`),
  UNIQUE KEY `REPORT_COMPARED_PRODUCT_INDEX_VISITOR_ID_PRODUCT_ID` (`visitor_id`,`product_id`),
  UNIQUE KEY `REPORT_COMPARED_PRODUCT_INDEX_CUSTOMER_ID_PRODUCT_ID` (`customer_id`,`product_id`),
  KEY `REPORT_COMPARED_PRODUCT_INDEX_STORE_ID` (`store_id`),
  KEY `REPORT_COMPARED_PRODUCT_INDEX_ADDED_AT` (`added_at`),
  KEY `REPORT_COMPARED_PRODUCT_INDEX_PRODUCT_ID` (`product_id`),
  CONSTRAINT `REPORT_CMPD_PRD_IDX_CSTR_ID_CSTR_ENTT_ENTT_ID` FOREIGN KEY (`customer_id`) REFERENCES `customer_entity` (`entity_id`) ON DELETE CASCADE,
  CONSTRAINT `REPORT_CMPD_PRD_IDX_PRD_ID_CAT_PRD_ENTT_ENTT_ID` FOREIGN KEY (`product_id`) REFERENCES `catalog_product_entity` (`entity_id`) ON DELETE CASCADE,
  CONSTRAINT `REPORT_COMPARED_PRODUCT_INDEX_STORE_ID_STORE_STORE_ID` FOREIGN KEY (`store_id`) REFERENCES `store` (`store_id`) ON DELETE SET NULL
) ENGINE=InnoDB DEFAULT CHARSET=utf8 COMMENT='Reports Compared Product Index Table';

--
-- Dumping data for table `report_compared_product_index`
--


--
-- Table structure for table `report_event`
--

CREATE TABLE `report_event` (
  `event_id` bigint(20) unsigned NOT NULL AUTO_INCREMENT COMMENT 'Event ID',
  `logged_at` timestamp NOT NULL DEFAULT CURRENT_TIMESTAMP COMMENT 'Logged At',
  `event_type_id` smallint(5) unsigned NOT NULL DEFAULT '0' COMMENT 'Event Type ID',
  `object_id` int(10) unsigned NOT NULL DEFAULT '0' COMMENT 'Object ID',
  `subject_id` int(10) unsigned NOT NULL DEFAULT '0' COMMENT 'Subject ID',
  `subtype` smallint(5) unsigned NOT NULL DEFAULT '0' COMMENT 'Subtype',
  `store_id` smallint(5) unsigned NOT NULL COMMENT 'Store ID',
  PRIMARY KEY (`event_id`),
  KEY `REPORT_EVENT_EVENT_TYPE_ID` (`event_type_id`),
  KEY `REPORT_EVENT_SUBJECT_ID` (`subject_id`),
  KEY `REPORT_EVENT_OBJECT_ID` (`object_id`),
  KEY `REPORT_EVENT_SUBTYPE` (`subtype`),
  KEY `REPORT_EVENT_STORE_ID` (`store_id`),
  CONSTRAINT `REPORT_EVENT_EVENT_TYPE_ID_REPORT_EVENT_TYPES_EVENT_TYPE_ID` FOREIGN KEY (`event_type_id`) REFERENCES `report_event_types` (`event_type_id`) ON DELETE CASCADE,
  CONSTRAINT `REPORT_EVENT_STORE_ID_STORE_STORE_ID` FOREIGN KEY (`store_id`) REFERENCES `store` (`store_id`) ON DELETE CASCADE
) ENGINE=InnoDB DEFAULT CHARSET=utf8 COMMENT='Reports Event Table';

--
-- Dumping data for table `report_event`
--


--
-- Table structure for table `report_event_types`
--

CREATE TABLE `report_event_types` (
  `event_type_id` smallint(5) unsigned NOT NULL AUTO_INCREMENT COMMENT 'Event Type ID',
  `event_name` varchar(64) NOT NULL COMMENT 'Event Name',
  `customer_login` smallint(5) unsigned NOT NULL DEFAULT '0' COMMENT 'Customer Login',
  PRIMARY KEY (`event_type_id`)
) ENGINE=InnoDB AUTO_INCREMENT=7 DEFAULT CHARSET=utf8 COMMENT='Reports Event Type Table';

--
-- Dumping data for table `report_event_types`
--

INSERT INTO `report_event_types` VALUES (1,'catalog_product_view',0),(2,'sendfriend_product',0),(3,'catalog_product_compare_add_product',0),(4,'checkout_cart_add_product',0),(5,'wishlist_add_product',0),(6,'wishlist_share',0);

--
-- Table structure for table `report_viewed_product_aggregated_daily`
--

CREATE TABLE `report_viewed_product_aggregated_daily` (
  `id` int(10) unsigned NOT NULL AUTO_INCREMENT COMMENT 'ID',
  `period` date DEFAULT NULL COMMENT 'Period',
  `store_id` smallint(5) unsigned DEFAULT NULL COMMENT 'Store ID',
  `product_id` int(10) unsigned DEFAULT NULL COMMENT 'Product ID',
  `product_name` varchar(255) DEFAULT NULL COMMENT 'Product Name',
  `product_price` decimal(12,4) NOT NULL DEFAULT '0.0000' COMMENT 'Product Price',
  `views_num` int(11) NOT NULL DEFAULT '0' COMMENT 'Number of Views',
  `rating_pos` smallint(5) unsigned NOT NULL DEFAULT '0' COMMENT 'Rating Pos',
  PRIMARY KEY (`id`),
  UNIQUE KEY `REPORT_VIEWED_PRD_AGGRED_DAILY_PERIOD_STORE_ID_PRD_ID` (`period`,`store_id`,`product_id`),
  KEY `REPORT_VIEWED_PRODUCT_AGGREGATED_DAILY_STORE_ID` (`store_id`),
  KEY `REPORT_VIEWED_PRODUCT_AGGREGATED_DAILY_PRODUCT_ID` (`product_id`),
  CONSTRAINT `REPORT_VIEWED_PRD_AGGRED_DAILY_PRD_ID_CAT_PRD_ENTT_ENTT_ID` FOREIGN KEY (`product_id`) REFERENCES `catalog_product_entity` (`entity_id`) ON DELETE CASCADE,
  CONSTRAINT `REPORT_VIEWED_PRODUCT_AGGREGATED_DAILY_STORE_ID_STORE_STORE_ID` FOREIGN KEY (`store_id`) REFERENCES `store` (`store_id`) ON DELETE CASCADE
) ENGINE=InnoDB DEFAULT CHARSET=utf8 COMMENT='Most Viewed Products Aggregated Daily';

--
-- Dumping data for table `report_viewed_product_aggregated_daily`
--


--
-- Table structure for table `report_viewed_product_aggregated_monthly`
--

CREATE TABLE `report_viewed_product_aggregated_monthly` (
  `id` int(10) unsigned NOT NULL AUTO_INCREMENT COMMENT 'ID',
  `period` date DEFAULT NULL COMMENT 'Period',
  `store_id` smallint(5) unsigned DEFAULT NULL COMMENT 'Store ID',
  `product_id` int(10) unsigned DEFAULT NULL COMMENT 'Product ID',
  `product_name` varchar(255) DEFAULT NULL COMMENT 'Product Name',
  `product_price` decimal(12,4) NOT NULL DEFAULT '0.0000' COMMENT 'Product Price',
  `views_num` int(11) NOT NULL DEFAULT '0' COMMENT 'Number of Views',
  `rating_pos` smallint(5) unsigned NOT NULL DEFAULT '0' COMMENT 'Rating Pos',
  PRIMARY KEY (`id`),
  UNIQUE KEY `REPORT_VIEWED_PRD_AGGRED_MONTHLY_PERIOD_STORE_ID_PRD_ID` (`period`,`store_id`,`product_id`),
  KEY `REPORT_VIEWED_PRODUCT_AGGREGATED_MONTHLY_STORE_ID` (`store_id`),
  KEY `REPORT_VIEWED_PRODUCT_AGGREGATED_MONTHLY_PRODUCT_ID` (`product_id`),
  CONSTRAINT `REPORT_VIEWED_PRD_AGGRED_MONTHLY_PRD_ID_CAT_PRD_ENTT_ENTT_ID` FOREIGN KEY (`product_id`) REFERENCES `catalog_product_entity` (`entity_id`) ON DELETE CASCADE,
  CONSTRAINT `REPORT_VIEWED_PRODUCT_AGGREGATED_MONTHLY_STORE_ID_STORE_STORE_ID` FOREIGN KEY (`store_id`) REFERENCES `store` (`store_id`) ON DELETE CASCADE
) ENGINE=InnoDB DEFAULT CHARSET=utf8 COMMENT='Most Viewed Products Aggregated Monthly';

--
-- Dumping data for table `report_viewed_product_aggregated_monthly`
--


--
-- Table structure for table `report_viewed_product_aggregated_yearly`
--

CREATE TABLE `report_viewed_product_aggregated_yearly` (
  `id` int(10) unsigned NOT NULL AUTO_INCREMENT COMMENT 'ID',
  `period` date DEFAULT NULL COMMENT 'Period',
  `store_id` smallint(5) unsigned DEFAULT NULL COMMENT 'Store ID',
  `product_id` int(10) unsigned DEFAULT NULL COMMENT 'Product ID',
  `product_name` varchar(255) DEFAULT NULL COMMENT 'Product Name',
  `product_price` decimal(12,4) NOT NULL DEFAULT '0.0000' COMMENT 'Product Price',
  `views_num` int(11) NOT NULL DEFAULT '0' COMMENT 'Number of Views',
  `rating_pos` smallint(5) unsigned NOT NULL DEFAULT '0' COMMENT 'Rating Pos',
  PRIMARY KEY (`id`),
  UNIQUE KEY `REPORT_VIEWED_PRD_AGGRED_YEARLY_PERIOD_STORE_ID_PRD_ID` (`period`,`store_id`,`product_id`),
  KEY `REPORT_VIEWED_PRODUCT_AGGREGATED_YEARLY_STORE_ID` (`store_id`),
  KEY `REPORT_VIEWED_PRODUCT_AGGREGATED_YEARLY_PRODUCT_ID` (`product_id`),
  CONSTRAINT `REPORT_VIEWED_PRD_AGGRED_YEARLY_PRD_ID_CAT_PRD_ENTT_ENTT_ID` FOREIGN KEY (`product_id`) REFERENCES `catalog_product_entity` (`entity_id`) ON DELETE CASCADE,
  CONSTRAINT `REPORT_VIEWED_PRODUCT_AGGREGATED_YEARLY_STORE_ID_STORE_STORE_ID` FOREIGN KEY (`store_id`) REFERENCES `store` (`store_id`) ON DELETE CASCADE
) ENGINE=InnoDB DEFAULT CHARSET=utf8 COMMENT='Most Viewed Products Aggregated Yearly';

--
-- Dumping data for table `report_viewed_product_aggregated_yearly`
--


--
-- Table structure for table `report_viewed_product_index`
--

CREATE TABLE `report_viewed_product_index` (
  `index_id` bigint(20) unsigned NOT NULL AUTO_INCREMENT COMMENT 'Index ID',
  `visitor_id` int(10) unsigned DEFAULT NULL COMMENT 'Visitor ID',
  `customer_id` int(10) unsigned DEFAULT NULL COMMENT 'Customer ID',
  `product_id` int(10) unsigned NOT NULL COMMENT 'Product ID',
  `store_id` smallint(5) unsigned DEFAULT NULL COMMENT 'Store ID',
  `added_at` timestamp NOT NULL DEFAULT CURRENT_TIMESTAMP COMMENT 'Added At',
  PRIMARY KEY (`index_id`),
  UNIQUE KEY `REPORT_VIEWED_PRODUCT_INDEX_VISITOR_ID_PRODUCT_ID` (`visitor_id`,`product_id`),
  UNIQUE KEY `REPORT_VIEWED_PRODUCT_INDEX_CUSTOMER_ID_PRODUCT_ID` (`customer_id`,`product_id`),
  KEY `REPORT_VIEWED_PRODUCT_INDEX_STORE_ID` (`store_id`),
  KEY `REPORT_VIEWED_PRODUCT_INDEX_ADDED_AT` (`added_at`),
  KEY `REPORT_VIEWED_PRODUCT_INDEX_PRODUCT_ID` (`product_id`),
  CONSTRAINT `REPORT_VIEWED_PRD_IDX_CSTR_ID_CSTR_ENTT_ENTT_ID` FOREIGN KEY (`customer_id`) REFERENCES `customer_entity` (`entity_id`) ON DELETE CASCADE,
  CONSTRAINT `REPORT_VIEWED_PRD_IDX_PRD_ID_CAT_PRD_ENTT_ENTT_ID` FOREIGN KEY (`product_id`) REFERENCES `catalog_product_entity` (`entity_id`) ON DELETE CASCADE,
  CONSTRAINT `REPORT_VIEWED_PRODUCT_INDEX_STORE_ID_STORE_STORE_ID` FOREIGN KEY (`store_id`) REFERENCES `store` (`store_id`) ON DELETE SET NULL
) ENGINE=InnoDB DEFAULT CHARSET=utf8 COMMENT='Reports Viewed Product Index Table';

--
-- Dumping data for table `report_viewed_product_index`
--


--
-- Table structure for table `reporting_counts`
--

CREATE TABLE `reporting_counts` (
  `entity_id` int(10) unsigned NOT NULL AUTO_INCREMENT COMMENT 'Entity ID',
  `type` varchar(255) DEFAULT NULL COMMENT 'Item Reported',
  `count` int(10) unsigned DEFAULT NULL COMMENT 'Count Value',
  `updated_at` timestamp NOT NULL DEFAULT CURRENT_TIMESTAMP ON UPDATE CURRENT_TIMESTAMP COMMENT 'Updated At',
  PRIMARY KEY (`entity_id`)
) ENGINE=InnoDB DEFAULT CHARSET=utf8 COMMENT='Reporting for all count related events generated via the cron job';

--
-- Dumping data for table `reporting_counts`
--


--
-- Table structure for table `reporting_module_status`
--

CREATE TABLE `reporting_module_status` (
  `entity_id` int(10) unsigned NOT NULL AUTO_INCREMENT COMMENT 'Module ID',
  `name` varchar(255) DEFAULT NULL COMMENT 'Module Name',
  `active` varchar(255) DEFAULT NULL COMMENT 'Module Active Status',
  `setup_version` varchar(255) DEFAULT NULL COMMENT 'Module Version',
  `state` varchar(255) DEFAULT NULL COMMENT 'Module State',
  `updated_at` timestamp NOT NULL DEFAULT CURRENT_TIMESTAMP ON UPDATE CURRENT_TIMESTAMP COMMENT 'Updated At',
  PRIMARY KEY (`entity_id`)
) ENGINE=InnoDB DEFAULT CHARSET=utf8 COMMENT='Module Status Table';

--
-- Dumping data for table `reporting_module_status`
--


--
-- Table structure for table `reporting_orders`
--

CREATE TABLE `reporting_orders` (
  `entity_id` int(10) unsigned NOT NULL AUTO_INCREMENT COMMENT 'Entity ID',
  `customer_id` int(10) unsigned DEFAULT NULL COMMENT 'Customer ID',
  `total` decimal(20,4) unsigned DEFAULT NULL,
  `total_base` decimal(20,4) unsigned DEFAULT NULL,
  `item_count` int(10) unsigned NOT NULL COMMENT 'Line Item Count',
  `updated_at` timestamp NOT NULL DEFAULT CURRENT_TIMESTAMP COMMENT 'Updated At',
  PRIMARY KEY (`entity_id`)
) ENGINE=InnoDB DEFAULT CHARSET=utf8 COMMENT='Reporting for all orders';

--
-- Dumping data for table `reporting_orders`
--


--
-- Table structure for table `reporting_system_updates`
--

CREATE TABLE `reporting_system_updates` (
  `entity_id` int(10) unsigned NOT NULL AUTO_INCREMENT COMMENT 'Entity ID',
  `type` varchar(255) DEFAULT NULL COMMENT 'Update Type',
  `action` varchar(255) DEFAULT NULL COMMENT 'Action Performed',
  `updated_at` timestamp NOT NULL DEFAULT CURRENT_TIMESTAMP COMMENT 'Updated At',
  PRIMARY KEY (`entity_id`)
) ENGINE=InnoDB DEFAULT CHARSET=utf8 COMMENT='Reporting for system updates';

--
-- Dumping data for table `reporting_system_updates`
--


--
-- Table structure for table `reporting_users`
--

CREATE TABLE `reporting_users` (
  `entity_id` int(10) unsigned NOT NULL AUTO_INCREMENT COMMENT 'Entity ID',
  `type` varchar(255) DEFAULT NULL COMMENT 'User Type',
  `action` varchar(255) DEFAULT NULL COMMENT 'Action Performed',
  `updated_at` timestamp NOT NULL DEFAULT CURRENT_TIMESTAMP COMMENT 'Updated At',
  PRIMARY KEY (`entity_id`)
) ENGINE=InnoDB DEFAULT CHARSET=utf8 COMMENT='Reporting for user actions';

--
-- Dumping data for table `reporting_users`
--


--
-- Table structure for table `review`
--

CREATE TABLE `review` (
  `review_id` bigint(20) unsigned NOT NULL AUTO_INCREMENT COMMENT 'Review ID',
  `created_at` timestamp NOT NULL DEFAULT CURRENT_TIMESTAMP COMMENT 'Review create date',
  `entity_id` smallint(5) unsigned NOT NULL DEFAULT '0' COMMENT 'Entity ID',
  `entity_pk_value` int(10) unsigned NOT NULL DEFAULT '0' COMMENT 'Product ID',
  `status_id` smallint(5) unsigned NOT NULL DEFAULT '0' COMMENT 'Status code',
  PRIMARY KEY (`review_id`),
  KEY `REVIEW_ENTITY_ID` (`entity_id`),
  KEY `REVIEW_STATUS_ID` (`status_id`),
  KEY `REVIEW_ENTITY_PK_VALUE` (`entity_pk_value`),
  CONSTRAINT `REVIEW_ENTITY_ID_REVIEW_ENTITY_ENTITY_ID` FOREIGN KEY (`entity_id`) REFERENCES `review_entity` (`entity_id`) ON DELETE CASCADE,
  CONSTRAINT `REVIEW_STATUS_ID_REVIEW_STATUS_STATUS_ID` FOREIGN KEY (`status_id`) REFERENCES `review_status` (`status_id`) ON DELETE NO ACTION
) ENGINE=InnoDB DEFAULT CHARSET=utf8 COMMENT='Review base information';

--
-- Dumping data for table `review`
--


--
-- Table structure for table `review_detail`
--

CREATE TABLE `review_detail` (
  `detail_id` bigint(20) unsigned NOT NULL AUTO_INCREMENT COMMENT 'Review detail ID',
  `review_id` bigint(20) unsigned NOT NULL DEFAULT '0' COMMENT 'Review ID',
  `store_id` smallint(5) unsigned DEFAULT '0' COMMENT 'Store ID',
  `title` varchar(255) NOT NULL COMMENT 'Title',
  `detail` text NOT NULL COMMENT 'Detail description',
  `nickname` varchar(128) NOT NULL COMMENT 'User nickname',
  `customer_id` int(10) unsigned DEFAULT NULL COMMENT 'Customer ID',
  PRIMARY KEY (`detail_id`),
  KEY `REVIEW_DETAIL_REVIEW_ID` (`review_id`),
  KEY `REVIEW_DETAIL_STORE_ID` (`store_id`),
  KEY `REVIEW_DETAIL_CUSTOMER_ID` (`customer_id`),
  CONSTRAINT `REVIEW_DETAIL_CUSTOMER_ID_CUSTOMER_ENTITY_ENTITY_ID` FOREIGN KEY (`customer_id`) REFERENCES `customer_entity` (`entity_id`) ON DELETE SET NULL,
  CONSTRAINT `REVIEW_DETAIL_REVIEW_ID_REVIEW_REVIEW_ID` FOREIGN KEY (`review_id`) REFERENCES `review` (`review_id`) ON DELETE CASCADE,
  CONSTRAINT `REVIEW_DETAIL_STORE_ID_STORE_STORE_ID` FOREIGN KEY (`store_id`) REFERENCES `store` (`store_id`) ON DELETE SET NULL
) ENGINE=InnoDB DEFAULT CHARSET=utf8 COMMENT='Review detail information';

--
-- Dumping data for table `review_detail`
--


--
-- Table structure for table `review_entity`
--

CREATE TABLE `review_entity` (
  `entity_id` smallint(5) unsigned NOT NULL AUTO_INCREMENT COMMENT 'Review entity ID',
  `entity_code` varchar(32) NOT NULL COMMENT 'Review entity code',
  PRIMARY KEY (`entity_id`)
) ENGINE=InnoDB AUTO_INCREMENT=4 DEFAULT CHARSET=utf8 COMMENT='Review entities';

--
-- Dumping data for table `review_entity`
--

INSERT INTO `review_entity` VALUES (1,'product'),(2,'customer'),(3,'category');

--
-- Table structure for table `review_entity_summary`
--

CREATE TABLE `review_entity_summary` (
  `primary_id` bigint(20) NOT NULL AUTO_INCREMENT COMMENT 'Summary review entity ID',
  `entity_pk_value` bigint(20) NOT NULL DEFAULT '0' COMMENT 'Product ID',
  `entity_type` smallint(6) NOT NULL DEFAULT '0' COMMENT 'Entity type ID',
  `reviews_count` smallint(6) NOT NULL DEFAULT '0' COMMENT 'Qty of reviews',
  `rating_summary` smallint(6) NOT NULL DEFAULT '0' COMMENT 'Summarized rating',
  `store_id` smallint(5) unsigned NOT NULL DEFAULT '0' COMMENT 'Store ID',
  PRIMARY KEY (`primary_id`),
  UNIQUE KEY `REVIEW_ENTITY_SUMMARY_ENTITY_PK_VALUE_STORE_ID_ENTITY_TYPE` (`entity_pk_value`,`store_id`,`entity_type`),
  KEY `REVIEW_ENTITY_SUMMARY_STORE_ID` (`store_id`),
  CONSTRAINT `REVIEW_ENTITY_SUMMARY_STORE_ID_STORE_STORE_ID` FOREIGN KEY (`store_id`) REFERENCES `store` (`store_id`) ON DELETE CASCADE
) ENGINE=InnoDB DEFAULT CHARSET=utf8 COMMENT='Review aggregates';

--
-- Dumping data for table `review_entity_summary`
--


--
-- Table structure for table `review_status`
--

CREATE TABLE `review_status` (
  `status_id` smallint(5) unsigned NOT NULL AUTO_INCREMENT COMMENT 'Status ID',
  `status_code` varchar(32) NOT NULL COMMENT 'Status code',
  PRIMARY KEY (`status_id`)
) ENGINE=InnoDB AUTO_INCREMENT=4 DEFAULT CHARSET=utf8 COMMENT='Review statuses';

--
-- Dumping data for table `review_status`
--

INSERT INTO `review_status` VALUES (1,'Approved'),(2,'Pending'),(3,'Not Approved');

--
-- Table structure for table `review_store`
--

CREATE TABLE `review_store` (
  `review_id` bigint(20) unsigned NOT NULL COMMENT 'Review ID',
  `store_id` smallint(5) unsigned NOT NULL COMMENT 'Store ID',
  PRIMARY KEY (`review_id`,`store_id`),
  KEY `REVIEW_STORE_STORE_ID` (`store_id`),
  CONSTRAINT `REVIEW_STORE_REVIEW_ID_REVIEW_REVIEW_ID` FOREIGN KEY (`review_id`) REFERENCES `review` (`review_id`) ON DELETE CASCADE,
  CONSTRAINT `REVIEW_STORE_STORE_ID_STORE_STORE_ID` FOREIGN KEY (`store_id`) REFERENCES `store` (`store_id`) ON DELETE CASCADE
) ENGINE=InnoDB DEFAULT CHARSET=utf8 COMMENT='Review Store';

--
-- Dumping data for table `review_store`
--


--
-- Table structure for table `sales_bestsellers_aggregated_daily`
--

CREATE TABLE `sales_bestsellers_aggregated_daily` (
  `id` int(10) unsigned NOT NULL AUTO_INCREMENT COMMENT 'ID',
  `period` date DEFAULT NULL COMMENT 'Period',
  `store_id` smallint(5) unsigned DEFAULT NULL COMMENT 'Store ID',
  `product_id` int(10) unsigned DEFAULT NULL COMMENT 'Product ID',
  `product_name` varchar(255) DEFAULT NULL COMMENT 'Product Name',
  `product_price` decimal(12,4) NOT NULL DEFAULT '0.0000' COMMENT 'Product Price',
  `qty_ordered` decimal(12,4) NOT NULL DEFAULT '0.0000' COMMENT 'Qty Ordered',
  `rating_pos` smallint(5) unsigned NOT NULL DEFAULT '0' COMMENT 'Rating Pos',
  PRIMARY KEY (`id`),
  UNIQUE KEY `SALES_BESTSELLERS_AGGREGATED_DAILY_PERIOD_STORE_ID_PRODUCT_ID` (`period`,`store_id`,`product_id`),
  KEY `SALES_BESTSELLERS_AGGREGATED_DAILY_STORE_ID` (`store_id`),
  KEY `SALES_BESTSELLERS_AGGREGATED_DAILY_PRODUCT_ID` (`product_id`),
  CONSTRAINT `SALES_BESTSELLERS_AGGREGATED_DAILY_STORE_ID_STORE_STORE_ID` FOREIGN KEY (`store_id`) REFERENCES `store` (`store_id`) ON DELETE CASCADE
) ENGINE=InnoDB AUTO_INCREMENT=7 DEFAULT CHARSET=utf8 COMMENT='Sales Bestsellers Aggregated Daily';

--
-- Dumping data for table `sales_bestsellers_aggregated_daily`
--

INSERT INTO `sales_bestsellers_aggregated_daily` VALUES (1,'2016-08-24',14,2,'The Net Bag in Navy',369.0000,1.0000,1),(2,'2016-08-24',14,6,'Mauris sollicitudin',213.0000,1.0000,2),(3,'2016-08-24',14,61,'Fusce nec facilisi',105.0000,1.0000,3),(4,'2016-08-24',0,2,'The Net Bag in Navy',369.0000,1.0000,1),(5,'2016-08-24',0,6,'Mauris sollicitudin',213.0000,1.0000,2),(6,'2016-08-24',0,61,'Fusce nec facilisi',105.0000,1.0000,3);

--
-- Table structure for table `sales_bestsellers_aggregated_monthly`
--

CREATE TABLE `sales_bestsellers_aggregated_monthly` (
  `id` int(10) unsigned NOT NULL AUTO_INCREMENT COMMENT 'ID',
  `period` date DEFAULT NULL COMMENT 'Period',
  `store_id` smallint(5) unsigned DEFAULT NULL COMMENT 'Store ID',
  `product_id` int(10) unsigned DEFAULT NULL COMMENT 'Product ID',
  `product_name` varchar(255) DEFAULT NULL COMMENT 'Product Name',
  `product_price` decimal(12,4) NOT NULL DEFAULT '0.0000' COMMENT 'Product Price',
  `qty_ordered` decimal(12,4) NOT NULL DEFAULT '0.0000' COMMENT 'Qty Ordered',
  `rating_pos` smallint(5) unsigned NOT NULL DEFAULT '0' COMMENT 'Rating Pos',
  PRIMARY KEY (`id`),
  UNIQUE KEY `SALES_BESTSELLERS_AGGREGATED_MONTHLY_PERIOD_STORE_ID_PRODUCT_ID` (`period`,`store_id`,`product_id`),
  KEY `SALES_BESTSELLERS_AGGREGATED_MONTHLY_STORE_ID` (`store_id`),
  KEY `SALES_BESTSELLERS_AGGREGATED_MONTHLY_PRODUCT_ID` (`product_id`),
  CONSTRAINT `SALES_BESTSELLERS_AGGREGATED_MONTHLY_STORE_ID_STORE_STORE_ID` FOREIGN KEY (`store_id`) REFERENCES `store` (`store_id`) ON DELETE CASCADE
) ENGINE=InnoDB AUTO_INCREMENT=7 DEFAULT CHARSET=utf8 COMMENT='Sales Bestsellers Aggregated Monthly';

--
-- Dumping data for table `sales_bestsellers_aggregated_monthly`
--

INSERT INTO `sales_bestsellers_aggregated_monthly` VALUES (1,'2016-08-01',0,2,'The Net Bag in Navy',369.0000,1.0000,1),(2,'2016-08-01',0,6,'Mauris sollicitudin',213.0000,1.0000,2),(3,'2016-08-01',0,61,'Fusce nec facilisi',105.0000,1.0000,3),(4,'2016-08-01',14,2,'The Net Bag in Navy',369.0000,1.0000,1),(5,'2016-08-01',14,6,'Mauris sollicitudin',213.0000,1.0000,2),(6,'2016-08-01',14,61,'Fusce nec facilisi',105.0000,1.0000,3);

--
-- Table structure for table `sales_bestsellers_aggregated_yearly`
--

CREATE TABLE `sales_bestsellers_aggregated_yearly` (
  `id` int(10) unsigned NOT NULL AUTO_INCREMENT COMMENT 'ID',
  `period` date DEFAULT NULL COMMENT 'Period',
  `store_id` smallint(5) unsigned DEFAULT NULL COMMENT 'Store ID',
  `product_id` int(10) unsigned DEFAULT NULL COMMENT 'Product ID',
  `product_name` varchar(255) DEFAULT NULL COMMENT 'Product Name',
  `product_price` decimal(12,4) NOT NULL DEFAULT '0.0000' COMMENT 'Product Price',
  `qty_ordered` decimal(12,4) NOT NULL DEFAULT '0.0000' COMMENT 'Qty Ordered',
  `rating_pos` smallint(5) unsigned NOT NULL DEFAULT '0' COMMENT 'Rating Pos',
  PRIMARY KEY (`id`),
  UNIQUE KEY `SALES_BESTSELLERS_AGGREGATED_YEARLY_PERIOD_STORE_ID_PRODUCT_ID` (`period`,`store_id`,`product_id`),
  KEY `SALES_BESTSELLERS_AGGREGATED_YEARLY_STORE_ID` (`store_id`),
  KEY `SALES_BESTSELLERS_AGGREGATED_YEARLY_PRODUCT_ID` (`product_id`),
  CONSTRAINT `SALES_BESTSELLERS_AGGREGATED_YEARLY_STORE_ID_STORE_STORE_ID` FOREIGN KEY (`store_id`) REFERENCES `store` (`store_id`) ON DELETE CASCADE
) ENGINE=InnoDB AUTO_INCREMENT=7 DEFAULT CHARSET=utf8 COMMENT='Sales Bestsellers Aggregated Yearly';

--
-- Dumping data for table `sales_bestsellers_aggregated_yearly`
--

INSERT INTO `sales_bestsellers_aggregated_yearly` VALUES (1,'2016-01-01',0,2,'The Net Bag in Navy',369.0000,1.0000,1),(2,'2016-01-01',0,6,'Mauris sollicitudin',213.0000,1.0000,2),(3,'2016-01-01',0,61,'Fusce nec facilisi',105.0000,1.0000,3),(4,'2016-01-01',14,2,'The Net Bag in Navy',369.0000,1.0000,1),(5,'2016-01-01',14,6,'Mauris sollicitudin',213.0000,1.0000,2),(6,'2016-01-01',14,61,'Fusce nec facilisi',105.0000,1.0000,3);

--
-- Table structure for table `sales_creditmemo`
--

CREATE TABLE `sales_creditmemo` (
  `entity_id` int(10) unsigned NOT NULL AUTO_INCREMENT COMMENT 'Entity ID',
  `store_id` smallint(5) unsigned DEFAULT NULL COMMENT 'Store ID',
  `adjustment_positive` decimal(20,4) DEFAULT NULL COMMENT 'Adjustment Positive',
  `base_shipping_tax_amount` decimal(20,4) DEFAULT NULL COMMENT 'Base Shipping Tax Amount',
  `store_to_order_rate` decimal(20,4) DEFAULT NULL COMMENT 'Store To Order Rate',
  `base_discount_amount` decimal(20,4) DEFAULT NULL COMMENT 'Base Discount Amount',
  `base_to_order_rate` decimal(20,4) DEFAULT NULL COMMENT 'Base To Order Rate',
  `grand_total` decimal(20,4) DEFAULT NULL COMMENT 'Grand Total',
  `base_adjustment_negative` decimal(20,4) DEFAULT NULL COMMENT 'Base Adjustment Negative',
  `base_subtotal_incl_tax` decimal(20,4) DEFAULT NULL COMMENT 'Base Subtotal Incl Tax',
  `shipping_amount` decimal(20,4) DEFAULT NULL COMMENT 'Shipping Amount',
  `subtotal_incl_tax` decimal(20,4) DEFAULT NULL COMMENT 'Subtotal Incl Tax',
  `adjustment_negative` decimal(20,4) DEFAULT NULL COMMENT 'Adjustment Negative',
  `base_shipping_amount` decimal(20,4) DEFAULT NULL COMMENT 'Base Shipping Amount',
  `store_to_base_rate` decimal(20,4) DEFAULT NULL COMMENT 'Store To Base Rate',
  `base_to_global_rate` decimal(20,4) DEFAULT NULL COMMENT 'Base To Global Rate',
  `base_adjustment` decimal(20,4) DEFAULT NULL COMMENT 'Base Adjustment',
  `base_subtotal` decimal(20,4) DEFAULT NULL COMMENT 'Base Subtotal',
  `discount_amount` decimal(20,4) DEFAULT NULL COMMENT 'Discount Amount',
  `subtotal` decimal(20,4) DEFAULT NULL COMMENT 'Subtotal',
  `adjustment` decimal(20,4) DEFAULT NULL COMMENT 'Adjustment',
  `base_grand_total` decimal(20,4) DEFAULT NULL COMMENT 'Base Grand Total',
  `base_adjustment_positive` decimal(20,4) DEFAULT NULL COMMENT 'Base Adjustment Positive',
  `base_tax_amount` decimal(20,4) DEFAULT NULL COMMENT 'Base Tax Amount',
  `shipping_tax_amount` decimal(20,4) DEFAULT NULL COMMENT 'Shipping Tax Amount',
  `tax_amount` decimal(20,4) DEFAULT NULL COMMENT 'Tax Amount',
  `order_id` int(10) unsigned NOT NULL COMMENT 'Order ID',
  `email_sent` smallint(5) unsigned DEFAULT NULL COMMENT 'Email Sent',
  `send_email` smallint(5) unsigned DEFAULT NULL COMMENT 'Send Email',
  `creditmemo_status` int(11) DEFAULT NULL COMMENT 'Creditmemo Status',
  `state` int(11) DEFAULT NULL COMMENT 'State',
  `shipping_address_id` int(11) DEFAULT NULL COMMENT 'Shipping Address ID',
  `billing_address_id` int(11) DEFAULT NULL COMMENT 'Billing Address ID',
  `invoice_id` int(11) DEFAULT NULL COMMENT 'Invoice ID',
  `store_currency_code` varchar(3) DEFAULT NULL COMMENT 'Store Currency Code',
  `order_currency_code` varchar(3) DEFAULT NULL COMMENT 'Order Currency Code',
  `base_currency_code` varchar(3) DEFAULT NULL COMMENT 'Base Currency Code',
  `global_currency_code` varchar(3) DEFAULT NULL COMMENT 'Global Currency Code',
  `transaction_id` varchar(255) DEFAULT NULL COMMENT 'Transaction ID',
  `increment_id` varchar(50) DEFAULT NULL COMMENT 'Increment ID',
  `created_at` timestamp NOT NULL DEFAULT CURRENT_TIMESTAMP COMMENT 'Created At',
  `updated_at` timestamp NOT NULL DEFAULT CURRENT_TIMESTAMP ON UPDATE CURRENT_TIMESTAMP COMMENT 'Updated At',
  `discount_tax_compensation_amount` decimal(20,4) DEFAULT NULL COMMENT 'Discount Tax Compensation Amount',
  `base_discount_tax_compensation_amount` decimal(20,4) DEFAULT NULL COMMENT 'Base Discount Tax Compensation Amount',
  `shipping_discount_tax_compensation_amount` decimal(20,4) DEFAULT NULL COMMENT 'Shipping Discount Tax Compensation Amount',
  `base_shipping_discount_tax_compensation_amnt` decimal(20,4) DEFAULT NULL COMMENT 'Base Shipping Discount Tax Compensation Amount',
  `shipping_incl_tax` decimal(20,4) DEFAULT NULL COMMENT 'Shipping Incl Tax',
  `base_shipping_incl_tax` decimal(20,4) DEFAULT NULL COMMENT 'Base Shipping Incl Tax',
  `discount_description` varchar(255) DEFAULT NULL COMMENT 'Discount Description',
  `customer_note` text COMMENT 'Customer Note',
  `customer_note_notify` smallint(5) unsigned DEFAULT NULL COMMENT 'Customer Note Notify',
  PRIMARY KEY (`entity_id`),
  UNIQUE KEY `SALES_CREDITMEMO_INCREMENT_ID_STORE_ID` (`increment_id`,`store_id`),
  KEY `SALES_CREDITMEMO_STORE_ID` (`store_id`),
  KEY `SALES_CREDITMEMO_ORDER_ID` (`order_id`),
  KEY `SALES_CREDITMEMO_CREDITMEMO_STATUS` (`creditmemo_status`),
  KEY `SALES_CREDITMEMO_STATE` (`state`),
  KEY `SALES_CREDITMEMO_CREATED_AT` (`created_at`),
  KEY `SALES_CREDITMEMO_UPDATED_AT` (`updated_at`),
  KEY `SALES_CREDITMEMO_SEND_EMAIL` (`send_email`),
  KEY `SALES_CREDITMEMO_EMAIL_SENT` (`email_sent`),
  CONSTRAINT `SALES_CREDITMEMO_ORDER_ID_SALES_ORDER_ENTITY_ID` FOREIGN KEY (`order_id`) REFERENCES `sales_order` (`entity_id`) ON DELETE CASCADE,
  CONSTRAINT `SALES_CREDITMEMO_STORE_ID_STORE_STORE_ID` FOREIGN KEY (`store_id`) REFERENCES `store` (`store_id`) ON DELETE SET NULL
) ENGINE=InnoDB DEFAULT CHARSET=utf8 COMMENT='Sales Flat Creditmemo';

--
-- Dumping data for table `sales_creditmemo`
--


--
-- Table structure for table `sales_creditmemo_comment`
--

CREATE TABLE `sales_creditmemo_comment` (
  `entity_id` int(10) unsigned NOT NULL AUTO_INCREMENT COMMENT 'Entity ID',
  `parent_id` int(10) unsigned NOT NULL COMMENT 'Parent ID',
  `is_customer_notified` int(11) DEFAULT NULL COMMENT 'Is Customer Notified',
  `is_visible_on_front` smallint(5) unsigned NOT NULL DEFAULT '0' COMMENT 'Is Visible On Front',
  `comment` text COMMENT 'Comment',
  `created_at` timestamp NOT NULL DEFAULT CURRENT_TIMESTAMP COMMENT 'Created At',
  PRIMARY KEY (`entity_id`),
  KEY `SALES_CREDITMEMO_COMMENT_CREATED_AT` (`created_at`),
  KEY `SALES_CREDITMEMO_COMMENT_PARENT_ID` (`parent_id`),
  CONSTRAINT `SALES_CREDITMEMO_COMMENT_PARENT_ID_SALES_CREDITMEMO_ENTITY_ID` FOREIGN KEY (`parent_id`) REFERENCES `sales_creditmemo` (`entity_id`) ON DELETE CASCADE
) ENGINE=InnoDB DEFAULT CHARSET=utf8 COMMENT='Sales Flat Creditmemo Comment';

--
-- Dumping data for table `sales_creditmemo_comment`
--


--
-- Table structure for table `sales_creditmemo_grid`
--

CREATE TABLE `sales_creditmemo_grid` (
  `entity_id` int(10) unsigned NOT NULL COMMENT 'Entity ID',
  `increment_id` varchar(50) DEFAULT NULL COMMENT 'Increment ID',
  `created_at` timestamp NULL DEFAULT NULL COMMENT 'Created At',
  `updated_at` timestamp NULL DEFAULT NULL COMMENT 'Updated At',
  `order_id` int(10) unsigned NOT NULL COMMENT 'Order ID',
  `order_increment_id` varchar(50) DEFAULT NULL COMMENT 'Order Increment ID',
  `order_created_at` timestamp NULL DEFAULT NULL COMMENT 'Order Created At',
  `billing_name` varchar(255) DEFAULT NULL COMMENT 'Billing Name',
  `state` int(11) DEFAULT NULL COMMENT 'Status',
  `base_grand_total` decimal(20,4) DEFAULT NULL COMMENT 'Base Grand Total',
  `order_status` varchar(32) DEFAULT NULL COMMENT 'Order Status',
  `store_id` smallint(5) unsigned DEFAULT NULL COMMENT 'Store ID',
  `billing_address` varchar(255) DEFAULT NULL COMMENT 'Billing Address',
  `shipping_address` varchar(255) DEFAULT NULL COMMENT 'Shipping Address',
  `customer_name` varchar(128) NOT NULL COMMENT 'Customer Name',
  `customer_email` varchar(128) DEFAULT NULL COMMENT 'Customer Email',
  `customer_group_id` smallint(6) DEFAULT NULL COMMENT 'Customer Group ID',
  `payment_method` varchar(32) DEFAULT NULL COMMENT 'Payment Method',
  `shipping_information` varchar(255) DEFAULT NULL COMMENT 'Shipping Method Name',
  `subtotal` decimal(20,4) DEFAULT NULL COMMENT 'Subtotal',
  `shipping_and_handling` decimal(20,4) DEFAULT NULL COMMENT 'Shipping and handling amount',
  `adjustment_positive` decimal(20,4) DEFAULT NULL COMMENT 'Adjustment Positive',
  `adjustment_negative` decimal(20,4) DEFAULT NULL COMMENT 'Adjustment Negative',
  `order_base_grand_total` decimal(20,4) DEFAULT NULL COMMENT 'Order Grand Total',
  PRIMARY KEY (`entity_id`),
  UNIQUE KEY `SALES_CREDITMEMO_GRID_INCREMENT_ID_STORE_ID` (`increment_id`,`store_id`),
  KEY `SALES_CREDITMEMO_GRID_ORDER_INCREMENT_ID` (`order_increment_id`),
  KEY `SALES_CREDITMEMO_GRID_CREATED_AT` (`created_at`),
  KEY `SALES_CREDITMEMO_GRID_UPDATED_AT` (`updated_at`),
  KEY `SALES_CREDITMEMO_GRID_ORDER_CREATED_AT` (`order_created_at`),
  KEY `SALES_CREDITMEMO_GRID_STATE` (`state`),
  KEY `SALES_CREDITMEMO_GRID_BILLING_NAME` (`billing_name`),
  KEY `SALES_CREDITMEMO_GRID_ORDER_STATUS` (`order_status`),
  KEY `SALES_CREDITMEMO_GRID_BASE_GRAND_TOTAL` (`base_grand_total`),
  KEY `SALES_CREDITMEMO_GRID_STORE_ID` (`store_id`),
  KEY `SALES_CREDITMEMO_GRID_ORDER_BASE_GRAND_TOTAL` (`order_base_grand_total`),
  KEY `SALES_CREDITMEMO_GRID_ORDER_ID` (`order_id`),
  FULLTEXT KEY `FTI_32B7BA885941A8254EE84AE650ABDC86` (`increment_id`,`order_increment_id`,`billing_name`,`billing_address`,`shipping_address`,`customer_name`,`customer_email`)
) ENGINE=InnoDB DEFAULT CHARSET=utf8 COMMENT='Sales Flat Creditmemo Grid';

--
-- Dumping data for table `sales_creditmemo_grid`
--


--
-- Table structure for table `sales_creditmemo_item`
--

CREATE TABLE `sales_creditmemo_item` (
  `entity_id` int(10) unsigned NOT NULL AUTO_INCREMENT COMMENT 'Entity ID',
  `parent_id` int(10) unsigned NOT NULL COMMENT 'Parent ID',
  `base_price` decimal(12,4) DEFAULT NULL COMMENT 'Base Price',
  `tax_amount` decimal(12,4) DEFAULT NULL COMMENT 'Tax Amount',
  `base_row_total` decimal(12,4) DEFAULT NULL COMMENT 'Base Row Total',
  `discount_amount` decimal(12,4) DEFAULT NULL COMMENT 'Discount Amount',
  `row_total` decimal(12,4) DEFAULT NULL COMMENT 'Row Total',
  `base_discount_amount` decimal(12,4) DEFAULT NULL COMMENT 'Base Discount Amount',
  `price_incl_tax` decimal(12,4) DEFAULT NULL COMMENT 'Price Incl Tax',
  `base_tax_amount` decimal(12,4) DEFAULT NULL COMMENT 'Base Tax Amount',
  `base_price_incl_tax` decimal(12,4) DEFAULT NULL COMMENT 'Base Price Incl Tax',
  `qty` decimal(12,4) DEFAULT NULL COMMENT 'Qty',
  `base_cost` decimal(12,4) DEFAULT NULL COMMENT 'Base Cost',
  `price` decimal(12,4) DEFAULT NULL COMMENT 'Price',
  `base_row_total_incl_tax` decimal(12,4) DEFAULT NULL COMMENT 'Base Row Total Incl Tax',
  `row_total_incl_tax` decimal(12,4) DEFAULT NULL COMMENT 'Row Total Incl Tax',
  `product_id` int(11) DEFAULT NULL COMMENT 'Product ID',
  `order_item_id` int(11) DEFAULT NULL COMMENT 'Order Item ID',
  `additional_data` text COMMENT 'Additional Data',
  `description` text COMMENT 'Description',
  `sku` varchar(255) DEFAULT NULL COMMENT 'Sku',
  `name` varchar(255) DEFAULT NULL COMMENT 'Name',
  `discount_tax_compensation_amount` decimal(12,4) DEFAULT NULL COMMENT 'Discount Tax Compensation Amount',
  `base_discount_tax_compensation_amount` decimal(12,4) DEFAULT NULL COMMENT 'Base Discount Tax Compensation Amount',
  `tax_ratio` text COMMENT 'Ratio of tax in the creditmemo item over tax of the order item',
  `weee_tax_applied` text COMMENT 'Weee Tax Applied',
  `weee_tax_applied_amount` decimal(12,4) DEFAULT NULL COMMENT 'Weee Tax Applied Amount',
  `weee_tax_applied_row_amount` decimal(12,4) DEFAULT NULL COMMENT 'Weee Tax Applied Row Amount',
  `weee_tax_disposition` decimal(12,4) DEFAULT NULL COMMENT 'Weee Tax Disposition',
  `weee_tax_row_disposition` decimal(12,4) DEFAULT NULL COMMENT 'Weee Tax Row Disposition',
  `base_weee_tax_applied_amount` decimal(12,4) DEFAULT NULL COMMENT 'Base Weee Tax Applied Amount',
  `base_weee_tax_applied_row_amnt` decimal(12,4) DEFAULT NULL COMMENT 'Base Weee Tax Applied Row Amnt',
  `base_weee_tax_disposition` decimal(12,4) DEFAULT NULL COMMENT 'Base Weee Tax Disposition',
  `base_weee_tax_row_disposition` decimal(12,4) DEFAULT NULL COMMENT 'Base Weee Tax Row Disposition',
  PRIMARY KEY (`entity_id`),
  KEY `SALES_CREDITMEMO_ITEM_PARENT_ID` (`parent_id`),
  CONSTRAINT `SALES_CREDITMEMO_ITEM_PARENT_ID_SALES_CREDITMEMO_ENTITY_ID` FOREIGN KEY (`parent_id`) REFERENCES `sales_creditmemo` (`entity_id`) ON DELETE CASCADE
) ENGINE=InnoDB DEFAULT CHARSET=utf8 COMMENT='Sales Flat Creditmemo Item';

--
-- Dumping data for table `sales_creditmemo_item`
--


--
-- Table structure for table `sales_invoice`
--

CREATE TABLE `sales_invoice` (
  `entity_id` int(10) unsigned NOT NULL AUTO_INCREMENT COMMENT 'Entity ID',
  `store_id` smallint(5) unsigned DEFAULT NULL COMMENT 'Store ID',
  `base_grand_total` decimal(20,4) DEFAULT NULL COMMENT 'Base Grand Total',
  `shipping_tax_amount` decimal(20,4) DEFAULT NULL COMMENT 'Shipping Tax Amount',
  `tax_amount` decimal(20,4) DEFAULT NULL COMMENT 'Tax Amount',
  `base_tax_amount` decimal(20,4) DEFAULT NULL COMMENT 'Base Tax Amount',
  `store_to_order_rate` decimal(20,4) DEFAULT NULL COMMENT 'Store To Order Rate',
  `base_shipping_tax_amount` decimal(20,4) DEFAULT NULL COMMENT 'Base Shipping Tax Amount',
  `base_discount_amount` decimal(20,4) DEFAULT NULL COMMENT 'Base Discount Amount',
  `base_to_order_rate` decimal(20,4) DEFAULT NULL COMMENT 'Base To Order Rate',
  `grand_total` decimal(20,4) DEFAULT NULL COMMENT 'Grand Total',
  `shipping_amount` decimal(20,4) DEFAULT NULL COMMENT 'Shipping Amount',
  `subtotal_incl_tax` decimal(20,4) DEFAULT NULL COMMENT 'Subtotal Incl Tax',
  `base_subtotal_incl_tax` decimal(20,4) DEFAULT NULL COMMENT 'Base Subtotal Incl Tax',
  `store_to_base_rate` decimal(20,4) DEFAULT NULL COMMENT 'Store To Base Rate',
  `base_shipping_amount` decimal(20,4) DEFAULT NULL COMMENT 'Base Shipping Amount',
  `total_qty` decimal(12,4) DEFAULT NULL COMMENT 'Total Qty',
  `base_to_global_rate` decimal(20,4) DEFAULT NULL COMMENT 'Base To Global Rate',
  `subtotal` decimal(20,4) DEFAULT NULL COMMENT 'Subtotal',
  `base_subtotal` decimal(20,4) DEFAULT NULL COMMENT 'Base Subtotal',
  `discount_amount` decimal(20,4) DEFAULT NULL COMMENT 'Discount Amount',
  `billing_address_id` int(11) DEFAULT NULL COMMENT 'Billing Address ID',
  `is_used_for_refund` smallint(5) unsigned DEFAULT NULL COMMENT 'Is Used For Refund',
  `order_id` int(10) unsigned NOT NULL COMMENT 'Order ID',
  `email_sent` smallint(5) unsigned DEFAULT NULL COMMENT 'Email Sent',
  `send_email` smallint(5) unsigned DEFAULT NULL COMMENT 'Send Email',
  `can_void_flag` smallint(5) unsigned DEFAULT NULL COMMENT 'Can Void Flag',
  `state` int(11) DEFAULT NULL COMMENT 'State',
  `shipping_address_id` int(11) DEFAULT NULL COMMENT 'Shipping Address ID',
  `store_currency_code` varchar(3) DEFAULT NULL COMMENT 'Store Currency Code',
  `transaction_id` varchar(255) DEFAULT NULL COMMENT 'Transaction ID',
  `order_currency_code` varchar(3) DEFAULT NULL COMMENT 'Order Currency Code',
  `base_currency_code` varchar(3) DEFAULT NULL COMMENT 'Base Currency Code',
  `global_currency_code` varchar(3) DEFAULT NULL COMMENT 'Global Currency Code',
  `increment_id` varchar(50) DEFAULT NULL COMMENT 'Increment ID',
  `created_at` timestamp NOT NULL DEFAULT CURRENT_TIMESTAMP COMMENT 'Created At',
  `updated_at` timestamp NOT NULL DEFAULT CURRENT_TIMESTAMP ON UPDATE CURRENT_TIMESTAMP COMMENT 'Updated At',
  `discount_tax_compensation_amount` decimal(20,4) DEFAULT NULL COMMENT 'Discount Tax Compensation Amount',
  `base_discount_tax_compensation_amount` decimal(20,4) DEFAULT NULL COMMENT 'Base Discount Tax Compensation Amount',
  `shipping_discount_tax_compensation_amount` decimal(20,4) DEFAULT NULL COMMENT 'Shipping Discount Tax Compensation Amount',
  `base_shipping_discount_tax_compensation_amnt` decimal(20,4) DEFAULT NULL COMMENT 'Base Shipping Discount Tax Compensation Amount',
  `shipping_incl_tax` decimal(20,4) DEFAULT NULL COMMENT 'Shipping Incl Tax',
  `base_shipping_incl_tax` decimal(20,4) DEFAULT NULL COMMENT 'Base Shipping Incl Tax',
  `base_total_refunded` decimal(20,4) DEFAULT NULL COMMENT 'Base Total Refunded',
  `discount_description` varchar(255) DEFAULT NULL COMMENT 'Discount Description',
  `customer_note` text COMMENT 'Customer Note',
  `customer_note_notify` smallint(5) unsigned DEFAULT NULL COMMENT 'Customer Note Notify',
  PRIMARY KEY (`entity_id`),
  UNIQUE KEY `SALES_INVOICE_INCREMENT_ID_STORE_ID` (`increment_id`,`store_id`),
  KEY `SALES_INVOICE_STORE_ID` (`store_id`),
  KEY `SALES_INVOICE_GRAND_TOTAL` (`grand_total`),
  KEY `SALES_INVOICE_ORDER_ID` (`order_id`),
  KEY `SALES_INVOICE_STATE` (`state`),
  KEY `SALES_INVOICE_CREATED_AT` (`created_at`),
  KEY `SALES_INVOICE_UPDATED_AT` (`updated_at`),
  KEY `SALES_INVOICE_SEND_EMAIL` (`send_email`),
  KEY `SALES_INVOICE_EMAIL_SENT` (`email_sent`),
  CONSTRAINT `SALES_INVOICE_ORDER_ID_SALES_ORDER_ENTITY_ID` FOREIGN KEY (`order_id`) REFERENCES `sales_order` (`entity_id`) ON DELETE CASCADE,
  CONSTRAINT `SALES_INVOICE_STORE_ID_STORE_STORE_ID` FOREIGN KEY (`store_id`) REFERENCES `store` (`store_id`) ON DELETE SET NULL
) ENGINE=InnoDB DEFAULT CHARSET=utf8 COMMENT='Sales Flat Invoice';

--
-- Dumping data for table `sales_invoice`
--


--
-- Table structure for table `sales_invoice_comment`
--

CREATE TABLE `sales_invoice_comment` (
  `entity_id` int(10) unsigned NOT NULL AUTO_INCREMENT COMMENT 'Entity ID',
  `parent_id` int(10) unsigned NOT NULL COMMENT 'Parent ID',
  `is_customer_notified` smallint(5) unsigned DEFAULT NULL COMMENT 'Is Customer Notified',
  `is_visible_on_front` smallint(5) unsigned NOT NULL DEFAULT '0' COMMENT 'Is Visible On Front',
  `comment` text COMMENT 'Comment',
  `created_at` timestamp NOT NULL DEFAULT CURRENT_TIMESTAMP COMMENT 'Created At',
  PRIMARY KEY (`entity_id`),
  KEY `SALES_INVOICE_COMMENT_CREATED_AT` (`created_at`),
  KEY `SALES_INVOICE_COMMENT_PARENT_ID` (`parent_id`),
  CONSTRAINT `SALES_INVOICE_COMMENT_PARENT_ID_SALES_INVOICE_ENTITY_ID` FOREIGN KEY (`parent_id`) REFERENCES `sales_invoice` (`entity_id`) ON DELETE CASCADE
) ENGINE=InnoDB DEFAULT CHARSET=utf8 COMMENT='Sales Flat Invoice Comment';

--
-- Dumping data for table `sales_invoice_comment`
--


--
-- Table structure for table `sales_invoice_grid`
--

CREATE TABLE `sales_invoice_grid` (
  `entity_id` int(10) unsigned NOT NULL COMMENT 'Entity ID',
  `increment_id` varchar(50) DEFAULT NULL COMMENT 'Increment ID',
  `state` int(11) DEFAULT NULL COMMENT 'State',
  `store_id` smallint(5) unsigned DEFAULT NULL COMMENT 'Store ID',
  `store_name` varchar(255) DEFAULT NULL COMMENT 'Store Name',
  `order_id` int(10) unsigned NOT NULL COMMENT 'Order ID',
  `order_increment_id` varchar(50) DEFAULT NULL COMMENT 'Order Increment ID',
  `order_created_at` timestamp NULL DEFAULT NULL COMMENT 'Order Created At',
  `customer_name` varchar(255) DEFAULT NULL COMMENT 'Customer Name',
  `customer_email` varchar(255) DEFAULT NULL COMMENT 'Customer Email',
  `customer_group_id` int(11) DEFAULT NULL,
  `payment_method` varchar(128) DEFAULT NULL COMMENT 'Payment Method',
  `store_currency_code` varchar(3) DEFAULT NULL COMMENT 'Store Currency Code',
  `order_currency_code` varchar(3) DEFAULT NULL COMMENT 'Order Currency Code',
  `base_currency_code` varchar(3) DEFAULT NULL COMMENT 'Base Currency Code',
  `global_currency_code` varchar(3) DEFAULT NULL COMMENT 'Global Currency Code',
  `billing_name` varchar(255) DEFAULT NULL COMMENT 'Billing Name',
  `billing_address` varchar(255) DEFAULT NULL COMMENT 'Billing Address',
  `shipping_address` varchar(255) DEFAULT NULL COMMENT 'Shipping Address',
  `shipping_information` varchar(255) DEFAULT NULL COMMENT 'Shipping Method Name',
  `subtotal` decimal(20,4) DEFAULT NULL COMMENT 'Subtotal',
  `shipping_and_handling` decimal(20,4) DEFAULT NULL COMMENT 'Shipping and handling amount',
  `grand_total` decimal(20,4) DEFAULT NULL COMMENT 'Grand Total',
  `base_grand_total` decimal(20,4) DEFAULT NULL COMMENT 'Base Grand Total',
  `created_at` timestamp NULL DEFAULT NULL COMMENT 'Created At',
  `updated_at` timestamp NULL DEFAULT NULL COMMENT 'Updated At',
  PRIMARY KEY (`entity_id`),
  UNIQUE KEY `SALES_INVOICE_GRID_INCREMENT_ID_STORE_ID` (`increment_id`,`store_id`),
  KEY `SALES_INVOICE_GRID_STORE_ID` (`store_id`),
  KEY `SALES_INVOICE_GRID_GRAND_TOTAL` (`grand_total`),
  KEY `SALES_INVOICE_GRID_ORDER_ID` (`order_id`),
  KEY `SALES_INVOICE_GRID_STATE` (`state`),
  KEY `SALES_INVOICE_GRID_ORDER_INCREMENT_ID` (`order_increment_id`),
  KEY `SALES_INVOICE_GRID_CREATED_AT` (`created_at`),
  KEY `SALES_INVOICE_GRID_UPDATED_AT` (`updated_at`),
  KEY `SALES_INVOICE_GRID_ORDER_CREATED_AT` (`order_created_at`),
  KEY `SALES_INVOICE_GRID_BILLING_NAME` (`billing_name`),
  KEY `SALES_INVOICE_GRID_BASE_GRAND_TOTAL` (`base_grand_total`),
  FULLTEXT KEY `FTI_95D9C924DD6A8734EB8B5D01D60F90DE` (`increment_id`,`order_increment_id`,`billing_name`,`billing_address`,`shipping_address`,`customer_name`,`customer_email`)
) ENGINE=InnoDB DEFAULT CHARSET=utf8 COMMENT='Sales Flat Invoice Grid';

--
-- Dumping data for table `sales_invoice_grid`
--


--
-- Table structure for table `sales_invoice_item`
--

CREATE TABLE `sales_invoice_item` (
  `entity_id` int(10) unsigned NOT NULL AUTO_INCREMENT COMMENT 'Entity ID',
  `parent_id` int(10) unsigned NOT NULL COMMENT 'Parent ID',
  `base_price` decimal(12,4) DEFAULT NULL COMMENT 'Base Price',
  `tax_amount` decimal(12,4) DEFAULT NULL COMMENT 'Tax Amount',
  `base_row_total` decimal(20,4) DEFAULT NULL COMMENT 'Base Row Total',
  `discount_amount` decimal(12,4) DEFAULT NULL COMMENT 'Discount Amount',
  `row_total` decimal(20,4) DEFAULT NULL COMMENT 'Row Total',
  `base_discount_amount` decimal(12,4) DEFAULT NULL COMMENT 'Base Discount Amount',
  `price_incl_tax` decimal(12,4) DEFAULT NULL COMMENT 'Price Incl Tax',
  `base_tax_amount` decimal(12,4) DEFAULT NULL COMMENT 'Base Tax Amount',
  `base_price_incl_tax` decimal(12,4) DEFAULT NULL COMMENT 'Base Price Incl Tax',
  `qty` decimal(12,4) DEFAULT NULL COMMENT 'Qty',
  `base_cost` decimal(12,4) DEFAULT NULL COMMENT 'Base Cost',
  `price` decimal(12,4) DEFAULT NULL COMMENT 'Price',
  `base_row_total_incl_tax` decimal(12,4) DEFAULT NULL COMMENT 'Base Row Total Incl Tax',
  `row_total_incl_tax` decimal(12,4) DEFAULT NULL COMMENT 'Row Total Incl Tax',
  `product_id` int(11) DEFAULT NULL COMMENT 'Product ID',
  `order_item_id` int(11) DEFAULT NULL COMMENT 'Order Item ID',
  `additional_data` text COMMENT 'Additional Data',
  `description` text COMMENT 'Description',
  `sku` varchar(255) DEFAULT NULL COMMENT 'Sku',
  `name` varchar(255) DEFAULT NULL COMMENT 'Name',
  `discount_tax_compensation_amount` decimal(12,4) DEFAULT NULL COMMENT 'Discount Tax Compensation Amount',
  `base_discount_tax_compensation_amount` decimal(12,4) DEFAULT NULL COMMENT 'Base Discount Tax Compensation Amount',
  `tax_ratio` text COMMENT 'Ratio of tax invoiced over tax of the order item',
  `weee_tax_applied` text COMMENT 'Weee Tax Applied',
  `weee_tax_applied_amount` decimal(12,4) DEFAULT NULL COMMENT 'Weee Tax Applied Amount',
  `weee_tax_applied_row_amount` decimal(12,4) DEFAULT NULL COMMENT 'Weee Tax Applied Row Amount',
  `weee_tax_disposition` decimal(12,4) DEFAULT NULL COMMENT 'Weee Tax Disposition',
  `weee_tax_row_disposition` decimal(12,4) DEFAULT NULL COMMENT 'Weee Tax Row Disposition',
  `base_weee_tax_applied_amount` decimal(12,4) DEFAULT NULL COMMENT 'Base Weee Tax Applied Amount',
  `base_weee_tax_applied_row_amnt` decimal(12,4) DEFAULT NULL COMMENT 'Base Weee Tax Applied Row Amnt',
  `base_weee_tax_disposition` decimal(12,4) DEFAULT NULL COMMENT 'Base Weee Tax Disposition',
  `base_weee_tax_row_disposition` decimal(12,4) DEFAULT NULL COMMENT 'Base Weee Tax Row Disposition',
  PRIMARY KEY (`entity_id`),
  KEY `SALES_INVOICE_ITEM_PARENT_ID` (`parent_id`),
  CONSTRAINT `SALES_INVOICE_ITEM_PARENT_ID_SALES_INVOICE_ENTITY_ID` FOREIGN KEY (`parent_id`) REFERENCES `sales_invoice` (`entity_id`) ON DELETE CASCADE
) ENGINE=InnoDB DEFAULT CHARSET=utf8 COMMENT='Sales Flat Invoice Item';

--
-- Dumping data for table `sales_invoice_item`
--


--
-- Table structure for table `sales_invoiced_aggregated`
--

CREATE TABLE `sales_invoiced_aggregated` (
  `id` int(10) unsigned NOT NULL AUTO_INCREMENT COMMENT 'ID',
  `period` date DEFAULT NULL COMMENT 'Period',
  `store_id` smallint(5) unsigned DEFAULT NULL COMMENT 'Store ID',
  `order_status` varchar(50) DEFAULT NULL COMMENT 'Order Status',
  `orders_count` int(11) NOT NULL DEFAULT '0' COMMENT 'Orders Count',
  `orders_invoiced` decimal(12,4) DEFAULT NULL COMMENT 'Orders Invoiced',
  `invoiced` decimal(12,4) DEFAULT NULL COMMENT 'Invoiced',
  `invoiced_captured` decimal(12,4) DEFAULT NULL COMMENT 'Invoiced Captured',
  `invoiced_not_captured` decimal(12,4) DEFAULT NULL COMMENT 'Invoiced Not Captured',
  PRIMARY KEY (`id`),
  UNIQUE KEY `SALES_INVOICED_AGGREGATED_PERIOD_STORE_ID_ORDER_STATUS` (`period`,`store_id`,`order_status`),
  KEY `SALES_INVOICED_AGGREGATED_STORE_ID` (`store_id`),
  CONSTRAINT `SALES_INVOICED_AGGREGATED_STORE_ID_STORE_STORE_ID` FOREIGN KEY (`store_id`) REFERENCES `store` (`store_id`) ON DELETE SET NULL
) ENGINE=InnoDB DEFAULT CHARSET=utf8 COMMENT='Sales Invoiced Aggregated';

--
-- Dumping data for table `sales_invoiced_aggregated`
--


--
-- Table structure for table `sales_invoiced_aggregated_order`
--

CREATE TABLE `sales_invoiced_aggregated_order` (
  `id` int(10) unsigned NOT NULL AUTO_INCREMENT COMMENT 'ID',
  `period` date DEFAULT NULL COMMENT 'Period',
  `store_id` smallint(5) unsigned DEFAULT NULL COMMENT 'Store ID',
  `order_status` varchar(50) NOT NULL COMMENT 'Order Status',
  `orders_count` int(11) NOT NULL DEFAULT '0' COMMENT 'Orders Count',
  `orders_invoiced` decimal(12,4) DEFAULT NULL COMMENT 'Orders Invoiced',
  `invoiced` decimal(12,4) DEFAULT NULL COMMENT 'Invoiced',
  `invoiced_captured` decimal(12,4) DEFAULT NULL COMMENT 'Invoiced Captured',
  `invoiced_not_captured` decimal(12,4) DEFAULT NULL COMMENT 'Invoiced Not Captured',
  PRIMARY KEY (`id`),
  UNIQUE KEY `SALES_INVOICED_AGGREGATED_ORDER_PERIOD_STORE_ID_ORDER_STATUS` (`period`,`store_id`,`order_status`),
  KEY `SALES_INVOICED_AGGREGATED_ORDER_STORE_ID` (`store_id`),
  CONSTRAINT `SALES_INVOICED_AGGREGATED_ORDER_STORE_ID_STORE_STORE_ID` FOREIGN KEY (`store_id`) REFERENCES `store` (`store_id`) ON DELETE SET NULL
) ENGINE=InnoDB DEFAULT CHARSET=utf8 COMMENT='Sales Invoiced Aggregated Order';

--
-- Dumping data for table `sales_invoiced_aggregated_order`
--


--
-- Table structure for table `sales_order`
--

CREATE TABLE `sales_order` (
  `entity_id` int(10) unsigned NOT NULL AUTO_INCREMENT COMMENT 'Entity ID',
  `state` varchar(32) DEFAULT NULL COMMENT 'State',
  `status` varchar(32) DEFAULT NULL COMMENT 'Status',
  `coupon_code` varchar(255) DEFAULT NULL COMMENT 'Coupon Code',
  `protect_code` varchar(255) DEFAULT NULL COMMENT 'Protect Code',
  `shipping_description` varchar(255) DEFAULT NULL COMMENT 'Shipping Description',
  `is_virtual` smallint(5) unsigned DEFAULT NULL COMMENT 'Is Virtual',
  `store_id` smallint(5) unsigned DEFAULT NULL COMMENT 'Store ID',
  `customer_id` int(10) unsigned DEFAULT NULL COMMENT 'Customer ID',
  `base_discount_amount` decimal(20,4) DEFAULT NULL COMMENT 'Base Discount Amount',
  `base_discount_canceled` decimal(20,4) DEFAULT NULL COMMENT 'Base Discount Canceled',
  `base_discount_invoiced` decimal(20,4) DEFAULT NULL COMMENT 'Base Discount Invoiced',
  `base_discount_refunded` decimal(20,4) DEFAULT NULL COMMENT 'Base Discount Refunded',
  `base_grand_total` decimal(20,4) DEFAULT NULL COMMENT 'Base Grand Total',
  `base_shipping_amount` decimal(20,4) DEFAULT NULL COMMENT 'Base Shipping Amount',
  `base_shipping_canceled` decimal(20,4) DEFAULT NULL COMMENT 'Base Shipping Canceled',
  `base_shipping_invoiced` decimal(20,4) DEFAULT NULL COMMENT 'Base Shipping Invoiced',
  `base_shipping_refunded` decimal(20,4) DEFAULT NULL COMMENT 'Base Shipping Refunded',
  `base_shipping_tax_amount` decimal(20,4) DEFAULT NULL COMMENT 'Base Shipping Tax Amount',
  `base_shipping_tax_refunded` decimal(20,4) DEFAULT NULL COMMENT 'Base Shipping Tax Refunded',
  `base_subtotal` decimal(20,4) DEFAULT NULL COMMENT 'Base Subtotal',
  `base_subtotal_canceled` decimal(20,4) DEFAULT NULL COMMENT 'Base Subtotal Canceled',
  `base_subtotal_invoiced` decimal(20,4) DEFAULT NULL COMMENT 'Base Subtotal Invoiced',
  `base_subtotal_refunded` decimal(20,4) DEFAULT NULL COMMENT 'Base Subtotal Refunded',
  `base_tax_amount` decimal(20,4) DEFAULT NULL COMMENT 'Base Tax Amount',
  `base_tax_canceled` decimal(20,4) DEFAULT NULL COMMENT 'Base Tax Canceled',
  `base_tax_invoiced` decimal(20,4) DEFAULT NULL COMMENT 'Base Tax Invoiced',
  `base_tax_refunded` decimal(20,4) DEFAULT NULL COMMENT 'Base Tax Refunded',
  `base_to_global_rate` decimal(20,4) DEFAULT NULL COMMENT 'Base To Global Rate',
  `base_to_order_rate` decimal(20,4) DEFAULT NULL COMMENT 'Base To Order Rate',
  `base_total_canceled` decimal(20,4) DEFAULT NULL COMMENT 'Base Total Canceled',
  `base_total_invoiced` decimal(20,4) DEFAULT NULL COMMENT 'Base Total Invoiced',
  `base_total_invoiced_cost` decimal(20,4) DEFAULT NULL COMMENT 'Base Total Invoiced Cost',
  `base_total_offline_refunded` decimal(20,4) DEFAULT NULL COMMENT 'Base Total Offline Refunded',
  `base_total_online_refunded` decimal(20,4) DEFAULT NULL COMMENT 'Base Total Online Refunded',
  `base_total_paid` decimal(20,4) DEFAULT NULL COMMENT 'Base Total Paid',
  `base_total_qty_ordered` decimal(12,4) DEFAULT NULL COMMENT 'Base Total Qty Ordered',
  `base_total_refunded` decimal(20,4) DEFAULT NULL COMMENT 'Base Total Refunded',
  `discount_amount` decimal(20,4) DEFAULT NULL COMMENT 'Discount Amount',
  `discount_canceled` decimal(20,4) DEFAULT NULL COMMENT 'Discount Canceled',
  `discount_invoiced` decimal(20,4) DEFAULT NULL COMMENT 'Discount Invoiced',
  `discount_refunded` decimal(20,4) DEFAULT NULL COMMENT 'Discount Refunded',
  `grand_total` decimal(20,4) DEFAULT NULL COMMENT 'Grand Total',
  `shipping_amount` decimal(20,4) DEFAULT NULL COMMENT 'Shipping Amount',
  `shipping_canceled` decimal(20,4) DEFAULT NULL COMMENT 'Shipping Canceled',
  `shipping_invoiced` decimal(20,4) DEFAULT NULL COMMENT 'Shipping Invoiced',
  `shipping_refunded` decimal(20,4) DEFAULT NULL COMMENT 'Shipping Refunded',
  `shipping_tax_amount` decimal(20,4) DEFAULT NULL COMMENT 'Shipping Tax Amount',
  `shipping_tax_refunded` decimal(20,4) DEFAULT NULL COMMENT 'Shipping Tax Refunded',
  `store_to_base_rate` decimal(12,4) DEFAULT NULL COMMENT 'Store To Base Rate',
  `store_to_order_rate` decimal(12,4) DEFAULT NULL COMMENT 'Store To Order Rate',
  `subtotal` decimal(20,4) DEFAULT NULL COMMENT 'Subtotal',
  `subtotal_canceled` decimal(20,4) DEFAULT NULL COMMENT 'Subtotal Canceled',
  `subtotal_invoiced` decimal(20,4) DEFAULT NULL COMMENT 'Subtotal Invoiced',
  `subtotal_refunded` decimal(20,4) DEFAULT NULL COMMENT 'Subtotal Refunded',
  `tax_amount` decimal(20,4) DEFAULT NULL COMMENT 'Tax Amount',
  `tax_canceled` decimal(20,4) DEFAULT NULL COMMENT 'Tax Canceled',
  `tax_invoiced` decimal(20,4) DEFAULT NULL COMMENT 'Tax Invoiced',
  `tax_refunded` decimal(20,4) DEFAULT NULL COMMENT 'Tax Refunded',
  `total_canceled` decimal(20,4) DEFAULT NULL COMMENT 'Total Canceled',
  `total_invoiced` decimal(20,4) DEFAULT NULL COMMENT 'Total Invoiced',
  `total_offline_refunded` decimal(20,4) DEFAULT NULL COMMENT 'Total Offline Refunded',
  `total_online_refunded` decimal(20,4) DEFAULT NULL COMMENT 'Total Online Refunded',
  `total_paid` decimal(20,4) DEFAULT NULL COMMENT 'Total Paid',
  `total_qty_ordered` decimal(12,4) DEFAULT NULL COMMENT 'Total Qty Ordered',
  `total_refunded` decimal(20,4) DEFAULT NULL COMMENT 'Total Refunded',
  `can_ship_partially` smallint(5) unsigned DEFAULT NULL COMMENT 'Can Ship Partially',
  `can_ship_partially_item` smallint(5) unsigned DEFAULT NULL COMMENT 'Can Ship Partially Item',
  `customer_is_guest` smallint(5) unsigned DEFAULT NULL COMMENT 'Customer Is Guest',
  `customer_note_notify` smallint(5) unsigned DEFAULT NULL COMMENT 'Customer Note Notify',
  `billing_address_id` int(11) DEFAULT NULL COMMENT 'Billing Address ID',
  `customer_group_id` int(11) DEFAULT NULL,
  `edit_increment` int(11) DEFAULT NULL COMMENT 'Edit Increment',
  `email_sent` smallint(5) unsigned DEFAULT NULL COMMENT 'Email Sent',
  `send_email` smallint(5) unsigned DEFAULT NULL COMMENT 'Send Email',
  `forced_shipment_with_invoice` smallint(5) unsigned DEFAULT NULL COMMENT 'Forced Do Shipment With Invoice',
  `payment_auth_expiration` int(11) DEFAULT NULL COMMENT 'Payment Authorization Expiration',
  `quote_address_id` int(11) DEFAULT NULL COMMENT 'Quote Address ID',
  `quote_id` int(11) DEFAULT NULL COMMENT 'Quote ID',
  `shipping_address_id` int(11) DEFAULT NULL COMMENT 'Shipping Address ID',
  `adjustment_negative` decimal(20,4) DEFAULT NULL COMMENT 'Adjustment Negative',
  `adjustment_positive` decimal(20,4) DEFAULT NULL COMMENT 'Adjustment Positive',
  `base_adjustment_negative` decimal(20,4) DEFAULT NULL COMMENT 'Base Adjustment Negative',
  `base_adjustment_positive` decimal(20,4) DEFAULT NULL COMMENT 'Base Adjustment Positive',
  `base_shipping_discount_amount` decimal(20,4) DEFAULT NULL COMMENT 'Base Shipping Discount Amount',
  `base_subtotal_incl_tax` decimal(20,4) DEFAULT NULL COMMENT 'Base Subtotal Incl Tax',
  `base_total_due` decimal(20,4) DEFAULT NULL COMMENT 'Base Total Due',
  `payment_authorization_amount` decimal(20,4) DEFAULT NULL COMMENT 'Payment Authorization Amount',
  `shipping_discount_amount` decimal(20,4) DEFAULT NULL COMMENT 'Shipping Discount Amount',
  `subtotal_incl_tax` decimal(20,4) DEFAULT NULL COMMENT 'Subtotal Incl Tax',
  `total_due` decimal(20,4) DEFAULT NULL COMMENT 'Total Due',
  `weight` decimal(12,4) DEFAULT NULL COMMENT 'Weight',
  `customer_dob` datetime DEFAULT NULL COMMENT 'Customer Dob',
  `increment_id` varchar(32) DEFAULT NULL COMMENT 'Increment ID',
  `applied_rule_ids` varchar(128) DEFAULT NULL COMMENT 'Applied Rule Ids',
  `base_currency_code` varchar(3) DEFAULT NULL COMMENT 'Base Currency Code',
  `customer_email` varchar(128) DEFAULT NULL COMMENT 'Customer Email',
  `customer_firstname` varchar(128) DEFAULT NULL COMMENT 'Customer Firstname',
  `customer_lastname` varchar(128) DEFAULT NULL COMMENT 'Customer Lastname',
  `customer_middlename` varchar(128) DEFAULT NULL COMMENT 'Customer Middlename',
  `customer_prefix` varchar(32) DEFAULT NULL COMMENT 'Customer Prefix',
  `customer_suffix` varchar(32) DEFAULT NULL COMMENT 'Customer Suffix',
  `customer_taxvat` varchar(32) DEFAULT NULL COMMENT 'Customer Taxvat',
  `discount_description` varchar(255) DEFAULT NULL COMMENT 'Discount Description',
  `ext_customer_id` varchar(32) DEFAULT NULL COMMENT 'Ext Customer ID',
  `ext_order_id` varchar(32) DEFAULT NULL COMMENT 'Ext Order ID',
  `global_currency_code` varchar(3) DEFAULT NULL COMMENT 'Global Currency Code',
  `hold_before_state` varchar(32) DEFAULT NULL COMMENT 'Hold Before State',
  `hold_before_status` varchar(32) DEFAULT NULL COMMENT 'Hold Before Status',
  `order_currency_code` varchar(3) DEFAULT NULL COMMENT 'Order Currency Code',
  `original_increment_id` varchar(32) DEFAULT NULL COMMENT 'Original Increment ID',
  `relation_child_id` varchar(32) DEFAULT NULL COMMENT 'Relation Child ID',
  `relation_child_real_id` varchar(32) DEFAULT NULL COMMENT 'Relation Child Real ID',
  `relation_parent_id` varchar(32) DEFAULT NULL COMMENT 'Relation Parent ID',
  `relation_parent_real_id` varchar(32) DEFAULT NULL COMMENT 'Relation Parent Real ID',
  `remote_ip` varchar(45) DEFAULT NULL COMMENT 'Remote Ip',
  `shipping_method` varchar(120) DEFAULT NULL,
  `store_currency_code` varchar(3) DEFAULT NULL COMMENT 'Store Currency Code',
  `store_name` varchar(255) DEFAULT NULL COMMENT 'Store Name',
  `x_forwarded_for` varchar(255) DEFAULT NULL COMMENT 'X Forwarded For',
  `customer_note` text COMMENT 'Customer Note',
  `created_at` timestamp NOT NULL DEFAULT CURRENT_TIMESTAMP COMMENT 'Created At',
  `updated_at` timestamp NOT NULL DEFAULT CURRENT_TIMESTAMP ON UPDATE CURRENT_TIMESTAMP COMMENT 'Updated At',
  `total_item_count` smallint(5) unsigned NOT NULL DEFAULT '0' COMMENT 'Total Item Count',
  `customer_gender` int(11) DEFAULT NULL COMMENT 'Customer Gender',
  `discount_tax_compensation_amount` decimal(20,4) DEFAULT NULL COMMENT 'Discount Tax Compensation Amount',
  `base_discount_tax_compensation_amount` decimal(20,4) DEFAULT NULL COMMENT 'Base Discount Tax Compensation Amount',
  `shipping_discount_tax_compensation_amount` decimal(20,4) DEFAULT NULL COMMENT 'Shipping Discount Tax Compensation Amount',
  `base_shipping_discount_tax_compensation_amnt` decimal(20,4) DEFAULT NULL COMMENT 'Base Shipping Discount Tax Compensation Amount',
  `discount_tax_compensation_invoiced` decimal(20,4) DEFAULT NULL COMMENT 'Discount Tax Compensation Invoiced',
  `base_discount_tax_compensation_invoiced` decimal(20,4) DEFAULT NULL COMMENT 'Base Discount Tax Compensation Invoiced',
  `discount_tax_compensation_refunded` decimal(20,4) DEFAULT NULL COMMENT 'Discount Tax Compensation Refunded',
  `base_discount_tax_compensation_refunded` decimal(20,4) DEFAULT NULL COMMENT 'Base Discount Tax Compensation Refunded',
  `shipping_incl_tax` decimal(20,4) DEFAULT NULL COMMENT 'Shipping Incl Tax',
  `base_shipping_incl_tax` decimal(20,4) DEFAULT NULL COMMENT 'Base Shipping Incl Tax',
  `coupon_rule_name` varchar(255) DEFAULT NULL COMMENT 'Coupon Sales Rule Name',
  `paypal_ipn_customer_notified` int(11) DEFAULT '0' COMMENT 'Paypal Ipn Customer Notified',
  `gift_message_id` int(11) DEFAULT NULL COMMENT 'Gift Message ID',
  PRIMARY KEY (`entity_id`),
  UNIQUE KEY `SALES_ORDER_INCREMENT_ID_STORE_ID` (`increment_id`,`store_id`),
  KEY `SALES_ORDER_STATUS` (`status`),
  KEY `SALES_ORDER_STATE` (`state`),
  KEY `SALES_ORDER_STORE_ID` (`store_id`),
  KEY `SALES_ORDER_CREATED_AT` (`created_at`),
  KEY `SALES_ORDER_CUSTOMER_ID` (`customer_id`),
  KEY `SALES_ORDER_EXT_ORDER_ID` (`ext_order_id`),
  KEY `SALES_ORDER_QUOTE_ID` (`quote_id`),
  KEY `SALES_ORDER_UPDATED_AT` (`updated_at`),
  KEY `SALES_ORDER_SEND_EMAIL` (`send_email`),
  KEY `SALES_ORDER_EMAIL_SENT` (`email_sent`),
  CONSTRAINT `SALES_ORDER_CUSTOMER_ID_CUSTOMER_ENTITY_ENTITY_ID` FOREIGN KEY (`customer_id`) REFERENCES `customer_entity` (`entity_id`) ON DELETE SET NULL,
  CONSTRAINT `SALES_ORDER_STORE_ID_STORE_STORE_ID` FOREIGN KEY (`store_id`) REFERENCES `store` (`store_id`) ON DELETE SET NULL
) ENGINE=InnoDB AUTO_INCREMENT=75 DEFAULT CHARSET=utf8 COMMENT='Sales Flat Order';

--
-- Dumping data for table `sales_order`
--

INSERT INTO `sales_order` VALUES (1,'new','pending',NULL,'a98165','Flat Rate - Fixed',0,1,NULL,0.0000,NULL,NULL,NULL,330.0000,5.0000,NULL,NULL,NULL,0.0000,NULL,325.0000,NULL,NULL,NULL,0.0000,NULL,NULL,NULL,1.0000,1.0000,NULL,NULL,NULL,NULL,NULL,NULL,NULL,NULL,0.0000,NULL,NULL,NULL,330.0000,5.0000,NULL,NULL,NULL,0.0000,NULL,0.0000,0.0000,325.0000,NULL,NULL,NULL,0.0000,NULL,NULL,NULL,NULL,NULL,NULL,NULL,NULL,1.0000,NULL,NULL,NULL,1,1,2,0,NULL,1,1,NULL,NULL,NULL,25,1,NULL,NULL,NULL,NULL,0.0000,325.0000,330.0000,NULL,0.0000,325.0000,330.0000,1000.0000,NULL,'000000001',NULL,'USD','tuyenpro@gmail.com',NULL,NULL,NULL,NULL,NULL,NULL,NULL,NULL,NULL,'USD',NULL,NULL,'USD',NULL,NULL,NULL,NULL,NULL,'127.0.0.1','flatrate_flatrate','USD','Main Website\r\nMain Website Store',NULL,NULL,'2016-04-17 00:30:10','2016-04-17 00:30:29',1,NULL,0.0000,0.0000,0.0000,NULL,NULL,NULL,NULL,NULL,5.0000,5.0000,NULL,0,NULL),(2,'new','pending',NULL,'203b7f','Flat Rate - Fixed',0,1,NULL,0.0000,NULL,NULL,NULL,437.0000,5.0000,NULL,NULL,NULL,0.0000,NULL,432.0000,NULL,NULL,NULL,0.0000,NULL,NULL,NULL,1.0000,1.0000,NULL,NULL,NULL,NULL,NULL,NULL,NULL,NULL,0.0000,NULL,NULL,NULL,437.0000,5.0000,NULL,NULL,NULL,0.0000,NULL,0.0000,0.0000,432.0000,NULL,NULL,NULL,0.0000,NULL,NULL,NULL,NULL,NULL,NULL,NULL,NULL,1.0000,NULL,NULL,NULL,1,1,4,0,NULL,1,1,NULL,NULL,NULL,34,3,NULL,NULL,NULL,NULL,0.0000,432.0000,437.0000,NULL,0.0000,432.0000,437.0000,1000.0000,NULL,'000000002',NULL,'USD','test@gmail.com',NULL,NULL,NULL,NULL,NULL,NULL,NULL,NULL,NULL,'USD',NULL,NULL,'USD',NULL,NULL,NULL,NULL,NULL,'127.0.0.1','flatrate_flatrate','USD','Main Website\r\nMain Website Store',NULL,NULL,'2016-04-25 05:17:01','2016-04-25 05:17:15',1,NULL,0.0000,0.0000,0.0000,NULL,NULL,NULL,NULL,NULL,5.0000,5.0000,NULL,0,NULL),(3,'new','pending',NULL,'a3f0d3','Flat Rate - Fixed',0,14,NULL,0.0000,NULL,NULL,NULL,702.0000,15.0000,NULL,NULL,NULL,0.0000,NULL,687.0000,NULL,NULL,NULL,0.0000,NULL,NULL,NULL,1.0000,1.0000,NULL,NULL,NULL,NULL,NULL,NULL,NULL,NULL,0.0000,NULL,NULL,NULL,702.0000,15.0000,NULL,NULL,NULL,0.0000,NULL,0.0000,0.0000,687.0000,NULL,NULL,NULL,0.0000,NULL,NULL,NULL,NULL,NULL,NULL,NULL,NULL,3.0000,NULL,NULL,NULL,0,1,6,1,NULL,1,1,NULL,NULL,NULL,43,5,NULL,NULL,NULL,NULL,0.0000,687.0000,702.0000,NULL,0.0000,687.0000,702.0000,2000.0000,NULL,'14000000001',NULL,'USD','milano@gmail.com','Tuyen','Le Quang',NULL,NULL,NULL,NULL,NULL,NULL,NULL,'USD',NULL,NULL,'USD',NULL,NULL,NULL,NULL,NULL,'127.0.0.1','flatrate_flatrate','USD','Main Website\r\nDemo 5\r\nEnglish',NULL,NULL,'2016-08-23 04:39:32','2016-08-23 04:39:48',3,NULL,0.0000,0.0000,0.0000,NULL,NULL,NULL,NULL,NULL,15.0000,15.0000,NULL,0,NULL),(4,'new','pending',NULL,'269196','Flat Rate - Fixed',0,1,NULL,0.0000,NULL,NULL,NULL,704.0000,10.0000,NULL,NULL,NULL,0.0000,NULL,694.0000,NULL,NULL,NULL,0.0000,NULL,NULL,NULL,1.0000,1.0000,NULL,NULL,NULL,NULL,NULL,NULL,NULL,NULL,0.0000,NULL,NULL,NULL,704.0000,10.0000,NULL,NULL,NULL,0.0000,NULL,0.0000,0.0000,694.0000,NULL,NULL,NULL,0.0000,NULL,NULL,NULL,NULL,NULL,NULL,NULL,NULL,2.0000,NULL,NULL,NULL,0,1,8,1,NULL,1,1,NULL,NULL,NULL,49,7,NULL,NULL,NULL,NULL,0.0000,694.0000,704.0000,NULL,0.0000,694.0000,704.0000,2000.0000,NULL,'000000003',NULL,'USD','milano@gmail.com','Tuyen','Le Quang',NULL,NULL,NULL,NULL,NULL,NULL,NULL,'USD',NULL,NULL,'USD',NULL,NULL,NULL,NULL,NULL,'127.0.0.1','flatrate_flatrate','USD','Main Website\r\nDemo 1\r\nEnglish',NULL,NULL,'2017-02-21 02:36:18','2017-02-21 02:36:25',2,NULL,0.0000,0.0000,0.0000,NULL,NULL,NULL,NULL,NULL,10.0000,10.0000,NULL,0,NULL),(5,'new','pending',NULL,'825957','Flat Rate - Fixed',0,1,NULL,0.0000,NULL,NULL,NULL,743.0000,5.0000,NULL,NULL,NULL,0.0000,NULL,738.0000,NULL,NULL,NULL,0.0000,NULL,NULL,NULL,1.0000,1.0000,NULL,NULL,NULL,NULL,NULL,NULL,NULL,NULL,0.0000,NULL,NULL,NULL,743.0000,5.0000,NULL,NULL,NULL,0.0000,NULL,0.0000,0.0000,738.0000,NULL,NULL,NULL,0.0000,NULL,NULL,NULL,NULL,NULL,NULL,NULL,NULL,1.0000,NULL,NULL,NULL,1,1,10,0,NULL,1,1,NULL,NULL,NULL,75,9,NULL,NULL,NULL,NULL,0.0000,738.0000,743.0000,NULL,0.0000,738.0000,743.0000,1000.0000,NULL,'000000004',NULL,'USD','jutescycle@me.com',NULL,NULL,NULL,NULL,NULL,NULL,NULL,NULL,NULL,'USD',NULL,NULL,'USD',NULL,NULL,NULL,NULL,NULL,'80.227.35.26','flatrate_flatrate','USD','Main Website\nDemo 1\nEnglish',NULL,NULL,'2017-04-18 02:56:41','2017-04-18 02:56:42',1,NULL,0.0000,0.0000,0.0000,NULL,NULL,NULL,NULL,NULL,5.0000,5.0000,NULL,0,NULL),(6,'new','pending',NULL,'aed7a7a970ba048d5a219f7c9df8096f','Flat Rate - Fixed',0,16,NULL,0.0000,NULL,NULL,NULL,330.0000,5.0000,NULL,NULL,NULL,0.0000,NULL,325.0000,NULL,NULL,NULL,0.0000,NULL,NULL,NULL,1.0000,1.0000,NULL,NULL,NULL,NULL,NULL,NULL,NULL,NULL,0.0000,NULL,NULL,NULL,330.0000,5.0000,NULL,NULL,NULL,0.0000,NULL,0.0000,0.0000,325.0000,NULL,NULL,NULL,0.0000,NULL,NULL,NULL,NULL,NULL,NULL,NULL,NULL,1.0000,NULL,NULL,NULL,1,1,12,0,NULL,1,1,NULL,NULL,NULL,82,11,NULL,NULL,NULL,NULL,0.0000,325.0000,330.0000,NULL,0.0000,325.0000,330.0000,1000.0000,NULL,'16000000001',NULL,'USD','singhvarun844@gmail.com',NULL,NULL,NULL,NULL,NULL,NULL,NULL,NULL,NULL,'USD',NULL,NULL,'USD',NULL,NULL,NULL,NULL,NULL,'106.223.81.196','flatrate_flatrate','USD','Main Website\nDemo 2\nEnglish',NULL,NULL,'2018-05-23 05:52:58','2018-05-23 05:52:58',1,NULL,0.0000,0.0000,0.0000,0.0000,NULL,NULL,NULL,NULL,5.0000,5.0000,NULL,0,NULL),(7,'new','pending',NULL,'7a5cf77a67748c353960f25735a3f8d7','Flat Rate - Fixed',0,27,NULL,0.0000,NULL,NULL,NULL,65520.0000,2800.0000,NULL,NULL,NULL,0.0000,NULL,62720.0000,NULL,NULL,NULL,0.0000,NULL,NULL,NULL,1.0000,1.0000,NULL,NULL,NULL,NULL,NULL,NULL,NULL,NULL,0.0000,NULL,NULL,NULL,65520.0000,2800.0000,NULL,NULL,NULL,0.0000,NULL,0.0000,0.0000,62720.0000,NULL,NULL,NULL,0.0000,NULL,NULL,NULL,NULL,NULL,NULL,NULL,NULL,560.0000,NULL,NULL,NULL,1,1,14,0,NULL,1,1,NULL,NULL,NULL,92,13,NULL,NULL,NULL,NULL,0.0000,62720.0000,65520.0000,NULL,0.0000,62720.0000,65520.0000,0.0000,NULL,'27000000001',NULL,'USD','admin@gmail.com',NULL,NULL,NULL,NULL,NULL,NULL,NULL,NULL,NULL,'USD',NULL,NULL,'USD',NULL,NULL,NULL,NULL,NULL,'149.28.132.155','flatrate_flatrate','USD','Main Website\nDemo 10\nEnglish',NULL,NULL,'2019-05-28 10:07:15','2019-05-28 10:07:16',1,NULL,0.0000,0.0000,0.0000,0.0000,NULL,NULL,NULL,NULL,2800.0000,2800.0000,NULL,0,NULL),(8,'new','pending',NULL,'35e56a85ad6c061bbe640c8e81ef5a7f','Flat Rate - Fixed',0,27,NULL,0.0000,NULL,NULL,NULL,459900.0000,2250.0000,NULL,NULL,NULL,0.0000,NULL,457650.0000,NULL,NULL,NULL,0.0000,NULL,NULL,NULL,1.0000,1.0000,NULL,NULL,NULL,NULL,NULL,NULL,NULL,NULL,0.0000,NULL,NULL,NULL,459900.0000,2250.0000,NULL,NULL,NULL,0.0000,NULL,0.0000,0.0000,457650.0000,NULL,NULL,NULL,0.0000,NULL,NULL,NULL,NULL,NULL,NULL,NULL,NULL,450.0000,NULL,NULL,NULL,1,1,16,0,NULL,1,1,NULL,NULL,NULL,93,15,NULL,NULL,NULL,NULL,0.0000,457650.0000,459900.0000,NULL,0.0000,457650.0000,459900.0000,450000.0000,NULL,'27000000002',NULL,'USD','admin@gmail.com',NULL,NULL,NULL,NULL,NULL,NULL,NULL,NULL,NULL,'USD',NULL,NULL,'USD',NULL,NULL,NULL,NULL,NULL,'149.28.132.155','flatrate_flatrate','USD','Main Website\nDemo 10\nEnglish',NULL,NULL,'2019-05-29 00:51:12','2019-05-29 00:51:13',1,NULL,0.0000,0.0000,0.0000,0.0000,NULL,NULL,NULL,NULL,2250.0000,2250.0000,NULL,0,NULL),(9,'new','pending',NULL,'7bc2de7e94834d086c94b041470667f2','Flat Rate - Fixed',0,38,NULL,0.0000,NULL,NULL,NULL,113.0000,10.0000,NULL,NULL,NULL,0.0000,NULL,103.0000,NULL,NULL,NULL,0.0000,NULL,NULL,NULL,1.0000,0.7067,NULL,NULL,NULL,NULL,NULL,NULL,NULL,NULL,0.0000,NULL,NULL,NULL,79.8600,7.0700,NULL,NULL,NULL,0.0000,NULL,0.0000,0.0000,72.7900,NULL,NULL,NULL,0.0000,NULL,NULL,NULL,NULL,NULL,NULL,NULL,NULL,2.0000,NULL,NULL,NULL,1,1,18,0,NULL,1,1,NULL,NULL,NULL,126,17,NULL,NULL,NULL,NULL,0.0000,103.0000,113.0000,NULL,0.0000,72.7900,79.8600,0.0000,NULL,'38000000001',NULL,'USD','postmaster@hemplaza.eu','tet','test',NULL,NULL,NULL,NULL,NULL,NULL,NULL,'USD',NULL,NULL,'EUR',NULL,NULL,NULL,NULL,NULL,'146.0.189.49','flatrate_flatrate','USD','Main Website\nDemo 16\nEnglish','146.0.189.49',NULL,'2020-03-21 13:03:47','2020-03-21 13:03:48',2,NULL,0.0000,0.0000,0.0000,0.0000,NULL,NULL,NULL,NULL,7.0700,10.0000,NULL,0,NULL),(10,'new','pending',NULL,'8a1998957fc27793eaa923694ca1a901','Flat Rate - Fixed',0,27,NULL,0.0000,NULL,NULL,NULL,160.0000,10.0000,NULL,NULL,NULL,0.0000,NULL,150.0000,NULL,NULL,NULL,0.0000,NULL,NULL,NULL,1.0000,1.0000,NULL,NULL,NULL,NULL,NULL,NULL,NULL,NULL,0.0000,NULL,NULL,NULL,160.0000,10.0000,NULL,NULL,NULL,0.0000,NULL,0.0000,0.0000,150.0000,NULL,NULL,NULL,0.0000,NULL,NULL,NULL,NULL,NULL,NULL,NULL,NULL,2.0000,NULL,NULL,NULL,1,1,20,0,NULL,1,1,NULL,NULL,NULL,247,19,NULL,NULL,NULL,NULL,0.0000,150.0000,160.0000,NULL,0.0000,150.0000,160.0000,0.0000,NULL,'27000000003',NULL,'USD','adada@dsf.ig','ffwef','ewfwFE',NULL,NULL,NULL,NULL,NULL,NULL,NULL,'USD',NULL,NULL,'USD',NULL,NULL,NULL,NULL,NULL,'194.39.218.10','flatrate_flatrate','USD','Main Website\nDemo 10\nEnglish','194.39.218.10',NULL,'2020-04-12 14:10:39','2020-04-12 14:10:40',1,NULL,0.0000,0.0000,0.0000,0.0000,NULL,NULL,NULL,NULL,10.0000,10.0000,NULL,0,NULL),(11,'new','pending',NULL,'d1f25ce9aa0b7160a9d3d0d3e700f38e','Flat Rate - Fixed',0,1,140,0.0000,NULL,NULL,NULL,35294.0000,450.0000,NULL,NULL,NULL,0.0000,NULL,34844.0000,NULL,NULL,NULL,0.0000,NULL,NULL,NULL,1.0000,1.0000,NULL,NULL,NULL,NULL,NULL,NULL,NULL,NULL,0.0000,NULL,NULL,NULL,35294.0000,450.0000,NULL,NULL,NULL,0.0000,NULL,0.0000,0.0000,34844.0000,NULL,NULL,NULL,0.0000,NULL,NULL,NULL,NULL,NULL,NULL,NULL,NULL,90.0000,NULL,NULL,NULL,0,1,22,1,NULL,1,1,NULL,NULL,NULL,290,21,NULL,NULL,NULL,NULL,0.0000,34844.0000,35294.0000,NULL,0.0000,34844.0000,35294.0000,90000.0000,NULL,'000000005',NULL,'USD','test@gmail.com','Nguyen','Dong',NULL,NULL,NULL,NULL,NULL,NULL,NULL,'USD',NULL,NULL,'USD',NULL,NULL,NULL,NULL,NULL,'149.28.132.155','flatrate_flatrate','USD','Main Website\nDemo 1\nEnglish','113.20.98.96',NULL,'2020-04-20 06:42:24','2020-04-20 06:42:24',2,NULL,0.0000,0.0000,0.0000,0.0000,NULL,NULL,NULL,NULL,450.0000,450.0000,NULL,0,NULL),(12,'new','pending',NULL,'21732ffd965bb3a62e7a17ee1ac8e44b','Flat Rate - Fixed',0,1,140,0.0000,NULL,NULL,NULL,13759.0000,470.0000,NULL,NULL,NULL,0.0000,NULL,13289.0000,NULL,NULL,NULL,0.0000,NULL,NULL,NULL,1.0000,1.0000,NULL,NULL,NULL,NULL,NULL,NULL,NULL,NULL,0.0000,NULL,NULL,NULL,13759.0000,470.0000,NULL,NULL,NULL,0.0000,NULL,0.0000,0.0000,13289.0000,NULL,NULL,NULL,0.0000,NULL,NULL,NULL,NULL,NULL,NULL,NULL,NULL,94.0000,NULL,NULL,NULL,0,1,24,1,NULL,1,1,NULL,NULL,NULL,291,23,NULL,NULL,NULL,NULL,0.0000,13289.0000,13759.0000,NULL,0.0000,13289.0000,13759.0000,92000.0000,NULL,'000000006',NULL,'USD','test@gmail.com','Nguyen','Dong',NULL,NULL,NULL,NULL,NULL,NULL,NULL,'USD',NULL,NULL,'USD',NULL,NULL,NULL,NULL,NULL,'149.28.132.155','flatrate_flatrate','USD','Main Website\nDemo 1\nEnglish','113.20.98.96',NULL,'2020-04-20 15:15:09','2020-04-20 15:15:09',5,NULL,0.0000,0.0000,0.0000,0.0000,NULL,NULL,NULL,NULL,470.0000,470.0000,NULL,0,NULL),(13,'new','pending',NULL,'605e983f14c1c093cd5cfd932cf72d8f','Flat Rate - Fixed',0,27,NULL,0.0000,NULL,NULL,NULL,80.0000,5.0000,NULL,NULL,NULL,0.0000,NULL,75.0000,NULL,NULL,NULL,0.0000,NULL,NULL,NULL,1.0000,1.0000,NULL,NULL,NULL,NULL,NULL,NULL,NULL,NULL,0.0000,NULL,NULL,NULL,80.0000,5.0000,NULL,NULL,NULL,0.0000,NULL,0.0000,0.0000,75.0000,NULL,NULL,NULL,0.0000,NULL,NULL,NULL,NULL,NULL,NULL,NULL,NULL,1.0000,NULL,NULL,NULL,1,1,26,0,NULL,1,1,NULL,NULL,NULL,324,25,NULL,NULL,NULL,NULL,0.0000,75.0000,80.0000,NULL,0.0000,75.0000,80.0000,0.0000,NULL,'27000000004',NULL,'USD','lauri@ids.ee','dfsgdgfs','dfsgdgfs',NULL,NULL,NULL,NULL,NULL,NULL,NULL,'USD',NULL,NULL,'USD',NULL,NULL,NULL,NULL,NULL,'83.166.39.226','flatrate_flatrate','USD','Main Website\nDemo 10\nEnglish','83.166.39.226',NULL,'2020-04-24 10:48:46','2020-04-24 10:48:47',1,NULL,0.0000,0.0000,0.0000,0.0000,NULL,NULL,NULL,NULL,5.0000,5.0000,NULL,0,NULL),(14,'new','pending',NULL,'1c13184892bc15e57154686425109c75','Flat Rate - Fixed',0,1,NULL,0.0000,NULL,NULL,NULL,50.0000,10.0000,NULL,NULL,NULL,0.0000,NULL,40.0000,NULL,NULL,NULL,0.0000,NULL,NULL,NULL,1.0000,1.0000,NULL,NULL,NULL,NULL,NULL,NULL,NULL,NULL,0.0000,NULL,NULL,NULL,50.0000,10.0000,NULL,NULL,NULL,0.0000,NULL,0.0000,0.0000,40.0000,NULL,NULL,NULL,0.0000,NULL,NULL,NULL,NULL,NULL,NULL,NULL,NULL,2.0000,NULL,NULL,NULL,1,1,28,0,NULL,1,1,NULL,NULL,NULL,341,27,NULL,NULL,NULL,NULL,0.0000,40.0000,50.0000,NULL,0.0000,40.0000,50.0000,0.0000,NULL,'000000007',NULL,'USD','krutoymax@hotmail.com','Max','Popoff',NULL,NULL,NULL,NULL,NULL,NULL,NULL,'USD',NULL,NULL,'USD',NULL,NULL,NULL,NULL,NULL,'152.231.224.54','flatrate_flatrate','USD','Main Website\nDemo 1\nEnglish','152.231.224.54',NULL,'2020-04-26 22:24:41','2020-04-26 22:24:42',1,NULL,0.0000,0.0000,0.0000,0.0000,NULL,NULL,NULL,NULL,10.0000,10.0000,NULL,0,NULL),(15,'new','pending',NULL,'f50c16cdcdd5e8df9b5296824c78d37a',NULL,1,1,NULL,0.0000,NULL,NULL,NULL,89.0000,0.0000,NULL,NULL,NULL,0.0000,NULL,89.0000,NULL,NULL,NULL,0.0000,NULL,NULL,NULL,1.0000,1.0000,NULL,NULL,NULL,NULL,NULL,NULL,NULL,NULL,0.0000,NULL,NULL,NULL,89.0000,0.0000,NULL,NULL,NULL,0.0000,NULL,0.0000,0.0000,89.0000,NULL,NULL,NULL,0.0000,NULL,NULL,NULL,NULL,NULL,NULL,NULL,NULL,1.0000,NULL,NULL,NULL,1,1,29,0,NULL,1,1,NULL,NULL,NULL,355,NULL,NULL,NULL,NULL,NULL,0.0000,89.0000,89.0000,NULL,0.0000,89.0000,89.0000,0.0000,NULL,'000000008',NULL,'USD','maysamtibaa@gmail.com','المطيبع','ميساء',NULL,NULL,NULL,NULL,NULL,NULL,NULL,'USD',NULL,NULL,'USD',NULL,NULL,NULL,NULL,NULL,'197.15.62.7',NULL,'USD','Main Website\nDemo 1\nEnglish','197.15.62.7',NULL,'2020-04-27 22:19:13','2020-04-27 22:19:13',1,NULL,0.0000,0.0000,0.0000,0.0000,NULL,NULL,NULL,NULL,0.0000,0.0000,NULL,0,NULL),(16,'new','pending',NULL,'67b3c62d417ca79572d9fa7dd9cbf71a','Flat Rate - Fixed',0,1,NULL,0.0000,NULL,NULL,NULL,139.0000,5.0000,NULL,NULL,NULL,0.0000,NULL,134.0000,NULL,NULL,NULL,0.0000,NULL,NULL,NULL,1.0000,1.0000,NULL,NULL,NULL,NULL,NULL,NULL,NULL,NULL,0.0000,NULL,NULL,NULL,139.0000,5.0000,NULL,NULL,NULL,0.0000,NULL,0.0000,0.0000,134.0000,NULL,NULL,NULL,0.0000,NULL,NULL,NULL,NULL,NULL,NULL,NULL,NULL,1.0000,NULL,NULL,NULL,1,1,31,0,NULL,1,1,NULL,NULL,NULL,369,30,NULL,NULL,NULL,NULL,0.0000,134.0000,139.0000,NULL,0.0000,134.0000,139.0000,1000.0000,NULL,'000000009',NULL,'USD','paulo@paulo.com','paulo','paulo',NULL,NULL,NULL,NULL,NULL,NULL,NULL,'USD',NULL,NULL,'USD',NULL,NULL,NULL,NULL,NULL,'179.215.180.145','flatrate_flatrate','USD','Main Website\nDemo 1\nEnglish','179.215.180.145',NULL,'2020-04-29 13:27:47','2020-04-29 13:27:48',1,NULL,0.0000,0.0000,0.0000,0.0000,NULL,NULL,NULL,NULL,5.0000,5.0000,NULL,0,NULL),(17,'new','pending',NULL,'3d2bb89a7e81ceb493adc41b6724380a','Flat Rate - Fixed',0,16,NULL,0.0000,NULL,NULL,NULL,810.0000,10.0000,NULL,NULL,NULL,0.0000,NULL,800.0000,NULL,NULL,NULL,0.0000,NULL,NULL,NULL,1.0000,1.0000,NULL,NULL,NULL,NULL,NULL,NULL,NULL,NULL,0.0000,NULL,NULL,NULL,810.0000,10.0000,NULL,NULL,NULL,0.0000,NULL,0.0000,0.0000,800.0000,NULL,NULL,NULL,0.0000,NULL,NULL,NULL,NULL,NULL,NULL,NULL,NULL,2.0000,NULL,NULL,NULL,1,1,33,0,NULL,1,1,NULL,NULL,NULL,496,32,NULL,NULL,NULL,NULL,0.0000,800.0000,810.0000,NULL,0.0000,800.0000,810.0000,2000.0000,NULL,'16000000002',NULL,'USD','selvarajmca.k@gmail.com','Selvaraj','Kuppusamy',NULL,NULL,NULL,NULL,NULL,NULL,NULL,'USD',NULL,NULL,'USD',NULL,NULL,NULL,NULL,NULL,'157.50.101.63','flatrate_flatrate','USD','Main Website\nDemo 2\nEnglish','157.50.101.63',NULL,'2020-06-22 12:25:16','2020-06-22 12:25:17',1,NULL,0.0000,0.0000,0.0000,0.0000,NULL,NULL,NULL,NULL,10.0000,10.0000,NULL,0,NULL),(18,'new','pending',NULL,'18562be96ea6cf4cea0ce5850e740537','Flat Rate - Fixed',0,1,NULL,0.0000,NULL,NULL,NULL,330.0000,5.0000,NULL,NULL,NULL,0.0000,NULL,325.0000,NULL,NULL,NULL,0.0000,NULL,NULL,NULL,1.0000,1.0000,NULL,NULL,NULL,NULL,NULL,NULL,NULL,NULL,0.0000,NULL,NULL,NULL,330.0000,5.0000,NULL,NULL,NULL,0.0000,NULL,0.0000,0.0000,325.0000,NULL,NULL,NULL,0.0000,NULL,NULL,NULL,NULL,NULL,NULL,NULL,NULL,1.0000,NULL,NULL,NULL,1,1,35,0,NULL,1,1,NULL,NULL,NULL,579,34,NULL,NULL,NULL,NULL,0.0000,325.0000,330.0000,NULL,0.0000,325.0000,330.0000,1000.0000,NULL,'000000010',NULL,'USD','online@thechennaisilks.com','Karthikeyan','S',NULL,NULL,NULL,NULL,NULL,NULL,NULL,'USD',NULL,NULL,'USD',NULL,NULL,NULL,NULL,NULL,'103.125.155.2','flatrate_flatrate','USD','Main Website\nDemo 1\nEnglish','103.125.155.2',NULL,'2020-07-11 09:15:15','2020-07-11 09:15:15',1,NULL,0.0000,0.0000,0.0000,0.0000,NULL,NULL,NULL,NULL,5.0000,5.0000,NULL,0,NULL),(19,'new','pending',NULL,'b7906bf7a61ac9630ce75af6057d903d','Flat Rate - Fixed',0,37,NULL,0.0000,NULL,NULL,NULL,64.0000,5.0000,NULL,NULL,NULL,0.0000,NULL,59.0000,NULL,NULL,NULL,0.0000,NULL,NULL,NULL,1.0000,1.0000,NULL,NULL,NULL,NULL,NULL,NULL,NULL,NULL,0.0000,NULL,NULL,NULL,64.0000,5.0000,NULL,NULL,NULL,0.0000,NULL,0.0000,0.0000,59.0000,NULL,NULL,NULL,0.0000,NULL,NULL,NULL,NULL,NULL,NULL,NULL,NULL,1.0000,NULL,NULL,NULL,1,1,37,0,NULL,1,1,NULL,NULL,NULL,583,36,NULL,NULL,NULL,NULL,0.0000,59.0000,64.0000,NULL,0.0000,59.0000,64.0000,0.0000,NULL,'37000000001',NULL,'USD','anujrishi@yahoo.com','Web','Thinkers',NULL,NULL,NULL,NULL,NULL,NULL,NULL,'USD',NULL,NULL,'USD',NULL,NULL,NULL,NULL,NULL,'122.173.111.174','flatrate_flatrate','USD','Main Website\nDemo 15\nEnglish 15','122.173.111.174',NULL,'2020-07-12 12:01:26','2020-07-12 12:01:26',1,NULL,0.0000,0.0000,0.0000,0.0000,NULL,NULL,NULL,NULL,5.0000,5.0000,NULL,0,NULL),(20,'new','pending',NULL,'b8d86b077043ae6b461f00e2242abb83','Flat Rate - Fixed',0,1,NULL,0.0000,NULL,NULL,NULL,405.0000,5.0000,NULL,NULL,NULL,0.0000,NULL,400.0000,NULL,NULL,NULL,0.0000,NULL,NULL,NULL,1.0000,1.0000,NULL,NULL,NULL,NULL,NULL,NULL,NULL,NULL,0.0000,NULL,NULL,NULL,405.0000,5.0000,NULL,NULL,NULL,0.0000,NULL,0.0000,0.0000,400.0000,NULL,NULL,NULL,0.0000,NULL,NULL,NULL,NULL,NULL,NULL,NULL,NULL,1.0000,NULL,NULL,NULL,1,1,39,0,NULL,1,1,NULL,NULL,NULL,599,38,NULL,NULL,NULL,NULL,0.0000,400.0000,405.0000,NULL,0.0000,400.0000,405.0000,1000.0000,NULL,'000000011',NULL,'USD','ourour@hotmail.com','poiuwer','poqiweur',NULL,NULL,NULL,NULL,NULL,NULL,NULL,'USD',NULL,NULL,'USD',NULL,NULL,NULL,NULL,NULL,'82.34.154.27','flatrate_flatrate','USD','Main Website\nDemo 1\nEnglish','82.34.154.27',NULL,'2020-07-17 22:22:53','2020-07-17 22:22:53',1,NULL,0.0000,0.0000,0.0000,0.0000,NULL,NULL,NULL,NULL,5.0000,5.0000,NULL,0,NULL),(21,'new','pending',NULL,'80197f49ad5416c3db3321a65b553564','Flat Rate - Fixed',0,37,NULL,0.0000,NULL,NULL,NULL,64.0000,5.0000,NULL,NULL,NULL,0.0000,NULL,59.0000,NULL,NULL,NULL,0.0000,NULL,NULL,NULL,1.0000,1.0000,NULL,NULL,NULL,NULL,NULL,NULL,NULL,NULL,0.0000,NULL,NULL,NULL,64.0000,5.0000,NULL,NULL,NULL,0.0000,NULL,0.0000,0.0000,59.0000,NULL,NULL,NULL,0.0000,NULL,NULL,NULL,NULL,NULL,NULL,NULL,NULL,1.0000,NULL,NULL,NULL,1,1,41,0,NULL,1,1,NULL,NULL,NULL,612,40,NULL,NULL,NULL,NULL,0.0000,59.0000,64.0000,NULL,0.0000,59.0000,64.0000,0.0000,NULL,'37000000002',NULL,'USD','martkto@yopmail.com','aaa','aaa',NULL,NULL,NULL,NULL,NULL,NULL,NULL,'USD',NULL,NULL,'USD',NULL,NULL,NULL,NULL,NULL,'90.103.156.253','flatrate_flatrate','USD','Main Website\nDemo 15\nEnglish 15','90.103.156.253',NULL,'2020-07-23 10:10:03','2020-07-23 10:10:03',1,NULL,0.0000,0.0000,0.0000,0.0000,NULL,NULL,NULL,NULL,5.0000,5.0000,NULL,0,NULL),(22,'new','pending',NULL,'886ef9653a1b52778d66f6cd860ce00a','Flat Rate - Fixed',0,27,NULL,0.0000,NULL,NULL,NULL,37.0000,5.0000,NULL,NULL,NULL,0.0000,NULL,32.0000,NULL,NULL,NULL,0.0000,NULL,NULL,NULL,1.0000,1.0000,NULL,NULL,NULL,NULL,NULL,NULL,NULL,NULL,0.0000,NULL,NULL,NULL,37.0000,5.0000,NULL,NULL,NULL,0.0000,NULL,0.0000,0.0000,32.0000,NULL,NULL,NULL,0.0000,NULL,NULL,NULL,NULL,NULL,NULL,NULL,NULL,1.0000,NULL,NULL,NULL,1,1,43,0,NULL,1,1,NULL,NULL,NULL,651,42,NULL,NULL,NULL,NULL,0.0000,32.0000,37.0000,NULL,0.0000,32.0000,37.0000,0.0000,NULL,'27000000005',NULL,'USD','psjallah1@gmail.com','parvinder','singh',NULL,NULL,NULL,NULL,NULL,NULL,NULL,'USD',NULL,NULL,'USD',NULL,NULL,NULL,NULL,NULL,'2409:4055:696:ef3f:d976:25b3:8be0:2c17','flatrate_flatrate','USD','Main Website\nDemo 10\nEnglish 10','2409:4055:696:ef3f:d976:25b3:8be',NULL,'2020-08-07 17:47:49','2020-08-07 17:47:49',1,NULL,0.0000,0.0000,0.0000,0.0000,NULL,NULL,NULL,NULL,5.0000,5.0000,NULL,0,NULL),(23,'new','pending',NULL,'b099d6397d2d4c1fce3d823212c7a82f','Flat Rate - Fixed',0,1,NULL,0.0000,NULL,NULL,NULL,139.0000,5.0000,NULL,NULL,NULL,0.0000,NULL,134.0000,NULL,NULL,NULL,0.0000,NULL,NULL,NULL,1.0000,1.0000,NULL,NULL,NULL,NULL,NULL,NULL,NULL,NULL,0.0000,NULL,NULL,NULL,139.0000,5.0000,NULL,NULL,NULL,0.0000,NULL,0.0000,0.0000,134.0000,NULL,NULL,NULL,0.0000,NULL,NULL,NULL,NULL,NULL,NULL,NULL,NULL,1.0000,NULL,NULL,NULL,1,1,45,0,NULL,1,1,NULL,NULL,NULL,659,44,NULL,NULL,NULL,NULL,0.0000,134.0000,139.0000,NULL,0.0000,134.0000,139.0000,1000.0000,NULL,'000000012',NULL,'USD','navdip@gmail.com','Joao','Castro',NULL,NULL,NULL,NULL,NULL,NULL,NULL,'USD',NULL,NULL,'USD',NULL,NULL,NULL,NULL,NULL,'171.60.171.221','flatrate_flatrate','USD','Main Website\nDemo 1\nEnglish','171.60.171.221',NULL,'2020-08-12 12:44:22','2020-08-12 12:44:22',1,NULL,0.0000,0.0000,0.0000,0.0000,NULL,NULL,NULL,NULL,5.0000,5.0000,NULL,0,NULL),(24,'new','pending',NULL,'59ca302cb71a7eb86018fe492702d62c','Flat Rate - Fixed',0,18,NULL,0.0000,NULL,NULL,NULL,27.5700,5.0000,NULL,NULL,NULL,0.0000,NULL,22.5700,NULL,NULL,NULL,0.0000,NULL,NULL,NULL,1.0000,1.0000,NULL,NULL,NULL,NULL,NULL,NULL,NULL,NULL,0.0000,NULL,NULL,NULL,27.5700,5.0000,NULL,NULL,NULL,0.0000,NULL,0.0000,0.0000,22.5700,NULL,NULL,NULL,0.0000,NULL,NULL,NULL,NULL,NULL,NULL,NULL,NULL,1.0000,NULL,NULL,NULL,1,1,47,0,NULL,1,1,NULL,NULL,NULL,730,46,NULL,NULL,NULL,NULL,0.0000,22.5700,27.5700,NULL,0.0000,22.5700,27.5700,0.0000,NULL,'18000000001',NULL,'USD','admin@example.com','ALI','AWAAD',NULL,NULL,NULL,NULL,NULL,NULL,NULL,'USD',NULL,NULL,'USD',NULL,NULL,NULL,NULL,NULL,'45.243.238.177','flatrate_flatrate','USD','Main Website\nDemo 1\nArabic','45.243.238.177',NULL,'2020-09-16 12:01:44','2020-09-16 12:01:45',1,NULL,0.0000,0.0000,0.0000,0.0000,NULL,NULL,NULL,NULL,5.0000,5.0000,NULL,0,NULL),(25,'new','pending',NULL,'64238287386804e768a86d124d96a2b1','Flat Rate - Fixed',0,14,NULL,0.0000,NULL,NULL,NULL,218.0000,5.0000,NULL,NULL,NULL,0.0000,NULL,213.0000,NULL,NULL,NULL,0.0000,NULL,NULL,NULL,1.0000,1.0000,NULL,NULL,NULL,NULL,NULL,NULL,NULL,NULL,0.0000,NULL,NULL,NULL,218.0000,5.0000,NULL,NULL,NULL,0.0000,NULL,0.0000,0.0000,213.0000,NULL,NULL,NULL,0.0000,NULL,NULL,NULL,NULL,NULL,NULL,NULL,NULL,1.0000,NULL,NULL,NULL,1,1,49,0,NULL,1,1,NULL,NULL,NULL,748,48,NULL,NULL,NULL,NULL,0.0000,213.0000,218.0000,NULL,0.0000,213.0000,218.0000,1000.0000,NULL,'14000000002',NULL,'USD','test@test.com','Hhh','Njjj',NULL,NULL,NULL,NULL,NULL,NULL,NULL,'USD',NULL,NULL,'USD',NULL,NULL,NULL,NULL,NULL,'176.240.29.40','flatrate_flatrate','USD','Main Website\nDemo 5\nEnglish 5','176.240.29.40',NULL,'2020-09-21 12:58:20','2020-09-21 12:58:20',1,NULL,0.0000,0.0000,0.0000,0.0000,NULL,NULL,NULL,NULL,5.0000,5.0000,NULL,0,NULL),(26,'new','pending',NULL,'369c65db724bfca5749e72c94c82f62a','Flat Rate - Fixed',0,4,NULL,0.0000,NULL,NULL,NULL,60.0000,5.0000,NULL,NULL,NULL,0.0000,NULL,55.0000,NULL,NULL,NULL,0.0000,NULL,NULL,NULL,1.0000,1.0000,NULL,NULL,NULL,NULL,NULL,NULL,NULL,NULL,0.0000,NULL,NULL,NULL,60.0000,5.0000,NULL,NULL,NULL,0.0000,NULL,0.0000,0.0000,55.0000,NULL,NULL,NULL,0.0000,NULL,NULL,NULL,NULL,NULL,NULL,NULL,NULL,1.0000,NULL,NULL,NULL,1,1,51,0,NULL,1,1,NULL,NULL,NULL,751,50,NULL,NULL,NULL,NULL,0.0000,55.0000,60.0000,NULL,0.0000,55.0000,60.0000,0.0000,NULL,'4000000001',NULL,'USD','sas@dds.com','dsd','dsds',NULL,NULL,NULL,NULL,NULL,NULL,NULL,'USD',NULL,NULL,'USD',NULL,NULL,NULL,NULL,NULL,'123.201.94.239','flatrate_flatrate','USD','Main Website\nDemo 3\nEnglish 3','123.201.94.239',NULL,'2020-09-24 05:42:00','2020-09-24 05:42:01',1,NULL,0.0000,0.0000,0.0000,0.0000,NULL,NULL,NULL,NULL,5.0000,5.0000,NULL,0,NULL),(27,'new','pending',NULL,'8585412bf83a137992bf9a09a3a6e841','Flat Rate - Fixed',0,1,NULL,0.0000,NULL,NULL,NULL,1306.0000,10.0000,NULL,NULL,NULL,0.0000,NULL,1296.0000,NULL,NULL,NULL,0.0000,NULL,NULL,NULL,1.0000,1.0000,NULL,NULL,NULL,NULL,NULL,NULL,NULL,NULL,0.0000,NULL,NULL,NULL,1306.0000,10.0000,NULL,NULL,NULL,0.0000,NULL,0.0000,0.0000,1296.0000,NULL,NULL,NULL,0.0000,NULL,NULL,NULL,NULL,NULL,NULL,NULL,NULL,2.0000,NULL,NULL,NULL,1,1,53,0,NULL,1,1,NULL,NULL,NULL,766,52,NULL,NULL,NULL,NULL,0.0000,1296.0000,1306.0000,NULL,0.0000,1296.0000,1306.0000,2000.0000,NULL,'000000013',NULL,'USD','ashwini.reddy@esegna.com','ashwini','r',NULL,NULL,NULL,NULL,NULL,NULL,NULL,'USD',NULL,NULL,'USD',NULL,NULL,NULL,NULL,NULL,'183.83.146.57','flatrate_flatrate','USD','Main Website\nDemo 1\nEnglish','183.83.146.57',NULL,'2020-10-01 10:05:50','2020-10-01 10:05:50',1,NULL,0.0000,0.0000,0.0000,0.0000,NULL,NULL,NULL,NULL,10.0000,10.0000,NULL,0,NULL),(28,'new','pending',NULL,'dd4cbaaca68de90c39aa174068799a08','Flat Rate - Fixed',0,1,NULL,0.0000,NULL,NULL,NULL,80.0000,5.0000,NULL,NULL,NULL,0.0000,NULL,75.0000,NULL,NULL,NULL,0.0000,NULL,NULL,NULL,1.0000,1.0000,NULL,NULL,NULL,NULL,NULL,NULL,NULL,NULL,0.0000,NULL,NULL,NULL,80.0000,5.0000,NULL,NULL,NULL,0.0000,NULL,0.0000,0.0000,75.0000,NULL,NULL,NULL,0.0000,NULL,NULL,NULL,NULL,NULL,NULL,NULL,NULL,1.0000,NULL,NULL,NULL,1,1,55,0,NULL,1,1,NULL,NULL,NULL,767,54,NULL,NULL,NULL,NULL,0.0000,75.0000,80.0000,NULL,0.0000,75.0000,80.0000,0.0000,NULL,'000000014',NULL,'USD','ashwini.reddy@esegna.com','ashwini','r',NULL,NULL,NULL,NULL,NULL,NULL,NULL,'USD',NULL,NULL,'USD',NULL,NULL,NULL,NULL,NULL,'183.83.146.57','flatrate_flatrate','USD','Main Website\nDemo 1\nEnglish','183.83.146.57',NULL,'2020-10-01 10:12:57','2020-10-01 10:12:57',1,NULL,0.0000,0.0000,0.0000,0.0000,NULL,NULL,NULL,NULL,5.0000,5.0000,NULL,0,NULL),(29,'new','pending',NULL,'cb90d94cd6ffed42f196fffaafe428c9','Flat Rate - Fixed',0,1,NULL,0.0000,NULL,NULL,NULL,25.0000,5.0000,NULL,NULL,NULL,0.0000,NULL,20.0000,NULL,NULL,NULL,0.0000,NULL,NULL,NULL,1.0000,1.0000,NULL,NULL,NULL,NULL,NULL,NULL,NULL,NULL,0.0000,NULL,NULL,NULL,25.0000,5.0000,NULL,NULL,NULL,0.0000,NULL,0.0000,0.0000,20.0000,NULL,NULL,NULL,0.0000,NULL,NULL,NULL,NULL,NULL,NULL,NULL,NULL,1.0000,NULL,NULL,NULL,1,1,57,0,NULL,1,1,NULL,NULL,NULL,777,56,NULL,NULL,NULL,NULL,0.0000,20.0000,25.0000,NULL,0.0000,20.0000,25.0000,0.0000,NULL,'000000015',NULL,'USD','ashwini.reddy@esegna.com','ashwini','r',NULL,NULL,NULL,NULL,NULL,NULL,NULL,'USD',NULL,NULL,'USD',NULL,NULL,NULL,NULL,NULL,'183.83.146.192','flatrate_flatrate','USD','Main Website\nDemo 1\nEnglish','183.83.146.192',NULL,'2020-10-05 07:08:48','2020-10-05 07:08:48',1,NULL,0.0000,0.0000,0.0000,0.0000,NULL,NULL,NULL,NULL,5.0000,5.0000,NULL,0,NULL),(30,'new','pending',NULL,'b26b21aa20309d7c9401616fe7ccdd04','Flat Rate - Fixed',0,1,NULL,0.0000,NULL,NULL,NULL,139.0000,5.0000,NULL,NULL,NULL,0.0000,NULL,134.0000,NULL,NULL,NULL,0.0000,NULL,NULL,NULL,1.0000,1.0000,NULL,NULL,NULL,NULL,NULL,NULL,NULL,NULL,0.0000,NULL,NULL,NULL,139.0000,5.0000,NULL,NULL,NULL,0.0000,NULL,0.0000,0.0000,134.0000,NULL,NULL,NULL,0.0000,NULL,NULL,NULL,NULL,NULL,NULL,NULL,NULL,1.0000,NULL,NULL,NULL,1,1,59,0,NULL,1,1,NULL,NULL,NULL,778,58,NULL,NULL,NULL,NULL,0.0000,134.0000,139.0000,NULL,0.0000,134.0000,139.0000,1000.0000,NULL,'000000016',NULL,'USD','ashwini.reddy@esegna.com','ashwini','r',NULL,NULL,NULL,NULL,NULL,NULL,NULL,'USD',NULL,NULL,'USD',NULL,NULL,NULL,NULL,NULL,'183.83.146.192','flatrate_flatrate','USD','Main Website\nDemo 1\nEnglish','183.83.146.192',NULL,'2020-10-05 07:10:30','2020-10-05 07:10:30',1,NULL,0.0000,0.0000,0.0000,0.0000,NULL,NULL,NULL,NULL,5.0000,5.0000,NULL,0,NULL),(31,'new','pending',NULL,'4f6ecfd74d6f668ad893a5a7f3555ebf','Flat Rate - Fixed',0,4,NULL,0.0000,NULL,NULL,NULL,37.0000,5.0000,NULL,NULL,NULL,0.0000,NULL,32.0000,NULL,NULL,NULL,0.0000,NULL,NULL,NULL,1.0000,1.0000,NULL,NULL,NULL,NULL,NULL,NULL,NULL,NULL,0.0000,NULL,NULL,NULL,37.0000,5.0000,NULL,NULL,NULL,0.0000,NULL,0.0000,0.0000,32.0000,NULL,NULL,NULL,0.0000,NULL,NULL,NULL,NULL,NULL,NULL,NULL,NULL,1.0000,NULL,NULL,NULL,1,1,61,0,NULL,1,1,NULL,NULL,NULL,797,60,NULL,NULL,NULL,NULL,0.0000,32.0000,37.0000,NULL,0.0000,32.0000,37.0000,0.0000,NULL,'4000000002',NULL,'USD','ghgjghfghjh@ksjkshskj.com','sldjkfskfhk','skfksfhskjdh',NULL,NULL,NULL,NULL,NULL,NULL,NULL,'USD',NULL,NULL,'USD',NULL,NULL,NULL,NULL,NULL,'149.28.40.13','flatrate_flatrate','USD','Main Website\nDemo 3\nEnglish 3','2806:104e:1a:22cd:600a:95a8:6168',NULL,'2020-10-13 02:05:58','2020-10-13 02:05:58',1,NULL,0.0000,0.0000,0.0000,0.0000,NULL,NULL,NULL,NULL,5.0000,5.0000,NULL,0,NULL),(32,'new','pending',NULL,'0860dff52c2538cbf20b389d11902298','Flat Rate - Fixed',0,8,271,0.0000,NULL,NULL,NULL,80.0000,5.0000,NULL,NULL,NULL,0.0000,NULL,75.0000,NULL,NULL,NULL,0.0000,NULL,NULL,NULL,1.0000,1.0000,NULL,NULL,NULL,NULL,NULL,NULL,NULL,NULL,0.0000,NULL,NULL,NULL,80.0000,5.0000,NULL,NULL,NULL,0.0000,NULL,0.0000,0.0000,75.0000,NULL,NULL,NULL,0.0000,NULL,NULL,NULL,NULL,NULL,NULL,NULL,NULL,1.0000,NULL,NULL,NULL,0,1,63,1,NULL,1,1,NULL,NULL,NULL,811,62,NULL,NULL,NULL,NULL,0.0000,75.0000,80.0000,NULL,0.0000,75.0000,80.0000,0.0000,NULL,'8000000001',NULL,'USD','oxxygen97@gmail.com','test','test',NULL,NULL,NULL,NULL,NULL,NULL,NULL,'USD',NULL,NULL,'USD',NULL,NULL,NULL,NULL,NULL,'91.222.80.4','flatrate_flatrate','USD','Main Website\nDemo 6\nEnglish 6','91.222.80.4',NULL,'2020-10-20 06:52:32','2020-10-20 06:52:32',1,NULL,0.0000,0.0000,0.0000,0.0000,NULL,NULL,NULL,NULL,5.0000,5.0000,NULL,0,NULL),(33,'new','pending',NULL,'c02aeff94be6a7e10e2b024e62ddd8d2',NULL,1,4,NULL,0.0000,NULL,NULL,NULL,89.0000,0.0000,NULL,NULL,NULL,0.0000,NULL,89.0000,NULL,NULL,NULL,0.0000,NULL,NULL,NULL,1.0000,1.0000,NULL,NULL,NULL,NULL,NULL,NULL,NULL,NULL,0.0000,NULL,NULL,NULL,89.0000,0.0000,NULL,NULL,NULL,0.0000,NULL,0.0000,0.0000,89.0000,NULL,NULL,NULL,0.0000,NULL,NULL,NULL,NULL,NULL,NULL,NULL,NULL,1.0000,NULL,NULL,NULL,1,1,64,0,NULL,1,1,NULL,NULL,NULL,879,NULL,NULL,NULL,NULL,NULL,0.0000,89.0000,89.0000,NULL,0.0000,89.0000,89.0000,0.0000,NULL,'4000000003',NULL,'USD','ourira@hotmail.com','sdfgs','sdfg',NULL,NULL,NULL,NULL,NULL,NULL,NULL,'USD',NULL,NULL,'USD',NULL,NULL,NULL,NULL,NULL,'82.36.100.166',NULL,'USD','Main Website\nDemo 3\nEnglish 3','82.36.100.166',NULL,'2020-11-22 00:09:26','2020-11-22 00:09:27',1,NULL,0.0000,0.0000,0.0000,0.0000,NULL,NULL,NULL,NULL,0.0000,0.0000,NULL,0,NULL),(34,'new','pending',NULL,'83c56b81a85244edc970e6103843868d','Flat Rate - Fixed',0,10,NULL,0.0000,NULL,NULL,NULL,405.0000,5.0000,NULL,NULL,NULL,0.0000,NULL,400.0000,NULL,NULL,NULL,0.0000,NULL,NULL,NULL,1.0000,1.0000,NULL,NULL,NULL,NULL,NULL,NULL,NULL,NULL,0.0000,NULL,NULL,NULL,405.0000,5.0000,NULL,NULL,NULL,0.0000,NULL,0.0000,0.0000,400.0000,NULL,NULL,NULL,0.0000,NULL,NULL,NULL,NULL,NULL,NULL,NULL,NULL,1.0000,NULL,NULL,NULL,1,1,66,0,NULL,NULL,1,NULL,NULL,NULL,884,65,NULL,NULL,NULL,NULL,0.0000,400.0000,405.0000,NULL,0.0000,400.0000,405.0000,1000.0000,NULL,'10000000001',NULL,'USD','oqiwure@hotmailj.com','a;sldjf ',';alskdfj ',NULL,NULL,NULL,NULL,NULL,NULL,NULL,'USD',NULL,NULL,'USD',NULL,NULL,NULL,NULL,NULL,'82.36.100.166','flatrate_flatrate','USD','Main Website\nDemo 7\nEnglish 7','82.36.100.166',NULL,'2020-11-23 14:38:55','2020-11-23 14:38:57',1,NULL,0.0000,0.0000,0.0000,0.0000,NULL,NULL,NULL,NULL,5.0000,5.0000,NULL,0,NULL),(35,'new','pending',NULL,'943e4eacc33803a2966eb7fac879f122','Flat Rate - Fixed',0,10,NULL,0.0000,NULL,NULL,NULL,27.5700,5.0000,NULL,NULL,NULL,0.0000,NULL,22.5700,NULL,NULL,NULL,0.0000,NULL,NULL,NULL,1.0000,1.0000,NULL,NULL,NULL,NULL,NULL,NULL,NULL,NULL,0.0000,NULL,NULL,NULL,27.5700,5.0000,NULL,NULL,NULL,0.0000,NULL,0.0000,0.0000,22.5700,NULL,NULL,NULL,0.0000,NULL,NULL,NULL,NULL,NULL,NULL,NULL,NULL,1.0000,NULL,NULL,NULL,1,1,68,0,NULL,1,1,NULL,NULL,NULL,885,67,NULL,NULL,NULL,NULL,0.0000,22.5700,27.5700,NULL,0.0000,22.5700,27.5700,0.0000,NULL,'10000000002',NULL,'USD','marinapetrova07@gmail.com','Marina','Petrova',NULL,NULL,NULL,NULL,NULL,NULL,NULL,'USD',NULL,NULL,'USD',NULL,NULL,NULL,NULL,NULL,'149.28.40.13','flatrate_flatrate','USD','Main Website\nDemo 7\nEnglish 7','147.147.218.84, 149.28.40.13',NULL,'2020-11-23 14:39:26','2020-11-23 14:39:27',1,NULL,0.0000,0.0000,0.0000,0.0000,NULL,NULL,NULL,NULL,5.0000,5.0000,NULL,0,NULL),(36,'new','pending',NULL,'6d6a07163349becb13a989552afde0a0','Flat Rate - Fixed',0,10,NULL,0.0000,NULL,NULL,NULL,374.0000,5.0000,NULL,NULL,NULL,0.0000,NULL,369.0000,NULL,NULL,NULL,0.0000,NULL,NULL,NULL,1.0000,1.0000,NULL,NULL,NULL,NULL,NULL,NULL,NULL,NULL,0.0000,NULL,NULL,NULL,374.0000,5.0000,NULL,NULL,NULL,0.0000,NULL,0.0000,0.0000,369.0000,NULL,NULL,NULL,0.0000,NULL,NULL,NULL,NULL,NULL,NULL,NULL,NULL,1.0000,NULL,NULL,NULL,1,1,70,0,NULL,1,1,NULL,NULL,NULL,886,69,NULL,NULL,NULL,NULL,0.0000,369.0000,374.0000,NULL,0.0000,369.0000,374.0000,1000.0000,NULL,'10000000003',NULL,'USD','ksjfdghf@hotmail.com','Irina','Price',NULL,NULL,NULL,NULL,NULL,NULL,NULL,'USD',NULL,NULL,'USD',NULL,NULL,NULL,NULL,NULL,'82.36.100.166','flatrate_flatrate','USD','Main Website\nDemo 7\nEnglish 7','82.36.100.166',NULL,'2020-11-23 14:52:05','2020-11-23 14:52:06',1,NULL,0.0000,0.0000,0.0000,0.0000,NULL,NULL,NULL,NULL,5.0000,5.0000,NULL,0,NULL),(37,'new','pending',NULL,'7c971ff0a7bddadd402d3388fc622967','Flat Rate - Fixed',0,6,NULL,0.0000,NULL,NULL,NULL,37.0000,5.0000,NULL,NULL,NULL,0.0000,NULL,32.0000,NULL,NULL,NULL,0.0000,NULL,NULL,NULL,1.0000,1.0000,NULL,NULL,NULL,NULL,NULL,NULL,NULL,NULL,0.0000,NULL,NULL,NULL,37.0000,5.0000,NULL,NULL,NULL,0.0000,NULL,0.0000,0.0000,32.0000,NULL,NULL,NULL,0.0000,NULL,NULL,NULL,NULL,NULL,NULL,NULL,NULL,1.0000,NULL,NULL,NULL,1,1,72,0,NULL,1,1,NULL,NULL,NULL,960,71,NULL,NULL,NULL,NULL,0.0000,32.0000,37.0000,NULL,0.0000,32.0000,37.0000,0.0000,NULL,'6000000001',NULL,'USD','billko@visibleone.com','Bill','Ko',NULL,NULL,NULL,NULL,NULL,NULL,NULL,'USD',NULL,NULL,'USD',NULL,NULL,NULL,NULL,NULL,'149.28.40.13','flatrate_flatrate','USD','Main Website\nDemo 4\nEnglish 4','27.110.181.166, 149.28.40.13',NULL,'2020-12-26 07:40:55','2020-12-26 07:40:56',1,NULL,0.0000,0.0000,0.0000,0.0000,NULL,NULL,NULL,NULL,5.0000,5.0000,NULL,0,NULL),(38,'new','pending',NULL,'263026195a9a8cbbac1d4d211809711a','Flat Rate - Fixed',0,37,NULL,0.0000,NULL,NULL,NULL,67.0000,5.0000,NULL,NULL,NULL,0.0000,NULL,62.0000,NULL,NULL,NULL,0.0000,NULL,NULL,NULL,1.0000,1.0000,NULL,NULL,NULL,NULL,NULL,NULL,NULL,NULL,0.0000,NULL,NULL,NULL,67.0000,5.0000,NULL,NULL,NULL,0.0000,NULL,0.0000,0.0000,62.0000,NULL,NULL,NULL,0.0000,NULL,NULL,NULL,NULL,NULL,NULL,NULL,NULL,1.0000,NULL,NULL,NULL,1,1,74,0,NULL,1,1,NULL,NULL,NULL,1028,73,NULL,NULL,NULL,NULL,0.0000,62.0000,67.0000,NULL,0.0000,62.0000,67.0000,0.0000,NULL,'37000000003',NULL,'USD','test@gmail.com','test','test1',NULL,NULL,NULL,NULL,NULL,NULL,NULL,'USD',NULL,NULL,'USD',NULL,NULL,NULL,NULL,NULL,'149.28.40.13','flatrate_flatrate','USD','Main Website\nDemo 15\nEnglish 15','86.9.115.39, 149.28.40.13',NULL,'2021-01-24 20:14:39','2021-01-24 20:14:39',1,NULL,0.0000,0.0000,0.0000,0.0000,NULL,NULL,NULL,NULL,5.0000,5.0000,NULL,0,NULL),(39,'new','pending',NULL,'2ae24549fe626fe67515909d1c300ae2','Flat Rate - Fixed',0,16,NULL,0.0000,NULL,NULL,NULL,27.5700,5.0000,NULL,NULL,NULL,0.0000,NULL,22.5700,NULL,NULL,NULL,0.0000,NULL,NULL,NULL,1.0000,1.0000,NULL,NULL,NULL,NULL,NULL,NULL,NULL,NULL,0.0000,NULL,NULL,NULL,27.5700,5.0000,NULL,NULL,NULL,0.0000,NULL,0.0000,0.0000,22.5700,NULL,NULL,NULL,0.0000,NULL,NULL,NULL,NULL,NULL,NULL,NULL,NULL,1.0000,NULL,NULL,NULL,1,1,76,0,NULL,1,1,NULL,NULL,NULL,1049,75,NULL,NULL,NULL,NULL,0.0000,22.5700,27.5700,NULL,0.0000,22.5700,27.5700,0.0000,NULL,'16000000003',NULL,'USD','shadneycleofas@gmail.com','shadney','cleofas',NULL,NULL,NULL,NULL,NULL,NULL,NULL,'USD',NULL,NULL,'USD',NULL,NULL,NULL,NULL,NULL,'149.28.40.13','flatrate_flatrate','USD','Main Website\nDemo 2\nEnglish 2','103.77.233.73, 149.28.40.13',NULL,'2021-02-02 15:10:05','2021-02-02 15:10:05',1,NULL,0.0000,0.0000,0.0000,0.0000,NULL,NULL,NULL,NULL,5.0000,5.0000,NULL,0,NULL),(40,'new','pending',NULL,'564f3227eea745009d41bf7ea7e23863','Flat Rate - Fixed',0,16,NULL,0.0000,NULL,NULL,NULL,80.0000,5.0000,NULL,NULL,NULL,0.0000,NULL,75.0000,NULL,NULL,NULL,0.0000,NULL,NULL,NULL,1.0000,1.0000,NULL,NULL,NULL,NULL,NULL,NULL,NULL,NULL,0.0000,NULL,NULL,NULL,80.0000,5.0000,NULL,NULL,NULL,0.0000,NULL,0.0000,0.0000,75.0000,NULL,NULL,NULL,0.0000,NULL,NULL,NULL,NULL,NULL,NULL,NULL,NULL,1.0000,NULL,NULL,NULL,1,1,78,0,NULL,1,1,NULL,NULL,NULL,1106,77,NULL,NULL,NULL,NULL,0.0000,75.0000,80.0000,NULL,0.0000,75.0000,80.0000,0.0000,NULL,'16000000004',NULL,'USD','mwesigwa@dmarkmobile.com','mwesigwa','David',NULL,NULL,NULL,NULL,NULL,NULL,NULL,'USD',NULL,NULL,'USD',NULL,NULL,NULL,NULL,NULL,'149.28.40.13','flatrate_flatrate','USD','Main Website\nDemo 2\nEnglish 2','89.187.170.167, 149.28.40.13',NULL,'2021-03-18 12:09:55','2021-03-18 12:09:58',1,NULL,0.0000,0.0000,0.0000,0.0000,NULL,NULL,NULL,NULL,5.0000,5.0000,NULL,0,NULL),(41,'new','pending',NULL,'712e78bde5692d2145d01a2ea4d306b8','Flat Rate - Fixed',0,1,NULL,0.0000,NULL,NULL,NULL,27.5700,5.0000,NULL,NULL,NULL,0.0000,NULL,22.5700,NULL,NULL,NULL,0.0000,NULL,NULL,NULL,1.0000,1.0000,NULL,NULL,NULL,NULL,NULL,NULL,NULL,NULL,0.0000,NULL,NULL,NULL,27.5700,5.0000,NULL,NULL,NULL,0.0000,NULL,0.0000,0.0000,22.5700,NULL,NULL,NULL,0.0000,NULL,NULL,NULL,NULL,NULL,NULL,NULL,NULL,1.0000,NULL,NULL,NULL,1,1,80,0,NULL,1,1,NULL,NULL,NULL,1109,79,NULL,NULL,NULL,NULL,0.0000,22.5700,27.5700,NULL,0.0000,22.5700,27.5700,0.0000,NULL,'000000017',NULL,'USD','paulmax951@gmail.com','PAUL','VEGA',NULL,NULL,NULL,NULL,NULL,NULL,NULL,'USD',NULL,NULL,'USD',NULL,NULL,NULL,NULL,NULL,'181.65.104.211','flatrate_flatrate','USD','Main Website\nDemo 1\nEnglish','181.65.104.211',NULL,'2021-03-18 14:19:25','2021-03-18 14:19:28',1,NULL,0.0000,0.0000,0.0000,0.0000,NULL,NULL,NULL,NULL,5.0000,5.0000,NULL,0,NULL),(42,'new','pending',NULL,'f9a79e60227d1414b3f16d55c6c48ee8','Flat Rate - Fixed',0,1,NULL,0.0000,NULL,NULL,NULL,374.0000,5.0000,NULL,NULL,NULL,0.0000,NULL,369.0000,NULL,NULL,NULL,0.0000,NULL,NULL,NULL,1.0000,1.0000,NULL,NULL,NULL,NULL,NULL,NULL,NULL,NULL,0.0000,NULL,NULL,NULL,374.0000,5.0000,NULL,NULL,NULL,0.0000,NULL,0.0000,0.0000,369.0000,NULL,NULL,NULL,0.0000,NULL,NULL,NULL,NULL,NULL,NULL,NULL,NULL,1.0000,NULL,NULL,NULL,1,1,82,0,NULL,1,1,NULL,NULL,NULL,1115,81,NULL,NULL,NULL,NULL,0.0000,369.0000,374.0000,NULL,0.0000,369.0000,374.0000,1000.0000,NULL,'000000018',NULL,'USD','info@solutiontutorials.com','Hoang','Le',NULL,NULL,NULL,NULL,NULL,NULL,NULL,'USD',NULL,NULL,'USD',NULL,NULL,NULL,NULL,NULL,'1.55.92.138','flatrate_flatrate','USD','Main Website\nDemo 1\nEnglish','1.55.92.138',NULL,'2021-03-18 17:00:23','2021-03-18 17:00:29',1,NULL,0.0000,0.0000,0.0000,0.0000,NULL,NULL,NULL,NULL,5.0000,5.0000,NULL,0,NULL),(43,'new','pending',NULL,'1618f788fff456cda9452cea5826767f','Flat Rate - Fixed',0,1,NULL,0.0000,NULL,NULL,NULL,374.0000,5.0000,NULL,NULL,NULL,0.0000,NULL,369.0000,NULL,NULL,NULL,0.0000,NULL,NULL,NULL,1.0000,1.0000,NULL,NULL,NULL,NULL,NULL,NULL,NULL,NULL,0.0000,NULL,NULL,NULL,374.0000,5.0000,NULL,NULL,NULL,0.0000,NULL,0.0000,0.0000,369.0000,NULL,NULL,NULL,0.0000,NULL,NULL,NULL,NULL,NULL,NULL,NULL,NULL,1.0000,NULL,NULL,NULL,1,1,84,0,NULL,1,1,NULL,NULL,NULL,1142,83,NULL,NULL,NULL,NULL,0.0000,369.0000,374.0000,NULL,0.0000,369.0000,374.0000,1000.0000,NULL,'000000019',NULL,'USD','calicchia.filomena@gmail.com','Maria','Calicchia',NULL,NULL,NULL,NULL,NULL,NULL,NULL,'USD',NULL,NULL,'USD',NULL,NULL,NULL,NULL,NULL,'149.28.40.13','flatrate_flatrate','USD','Main Website\nDemo 1\nEnglish','139.138.6.29, 149.28.40.13',NULL,'2021-03-26 13:47:54','2021-03-26 13:48:00',1,NULL,0.0000,0.0000,0.0000,0.0000,NULL,NULL,NULL,NULL,5.0000,5.0000,NULL,0,NULL),(44,'new','pending',NULL,'6660f880e6d66db74918a98c77dc604c','Flat Rate - Fixed',0,12,NULL,0.0000,NULL,NULL,NULL,25.0000,5.0000,NULL,NULL,NULL,0.0000,NULL,20.0000,NULL,NULL,NULL,0.0000,NULL,NULL,NULL,1.0000,1.0000,NULL,NULL,NULL,NULL,NULL,NULL,NULL,NULL,0.0000,NULL,NULL,NULL,25.0000,5.0000,NULL,NULL,NULL,0.0000,NULL,0.0000,0.0000,20.0000,NULL,NULL,NULL,0.0000,NULL,NULL,NULL,NULL,NULL,NULL,NULL,NULL,1.0000,NULL,NULL,NULL,1,1,86,0,NULL,1,1,NULL,NULL,NULL,1146,85,NULL,NULL,NULL,NULL,0.0000,20.0000,25.0000,NULL,0.0000,20.0000,25.0000,0.0000,NULL,'12000000001',NULL,'USD','wqrqwr@sss.lv','szf','faef',NULL,NULL,NULL,NULL,NULL,NULL,NULL,'USD',NULL,NULL,'USD',NULL,NULL,NULL,NULL,NULL,'149.28.40.13','flatrate_flatrate','USD','Main Website\nDemo 8\nEnglish 8','89.201.33.255, 149.28.40.13',NULL,'2021-03-30 17:02:33','2021-03-30 17:02:37',1,NULL,0.0000,0.0000,0.0000,0.0000,NULL,NULL,NULL,NULL,5.0000,5.0000,NULL,0,NULL),(45,'new','pending',NULL,'fdbcb7e8ab1d3a793c3be462fee8c055','Flat Rate - Fixed',0,30,NULL,0.0000,NULL,NULL,NULL,330.0000,5.0000,NULL,NULL,NULL,0.0000,NULL,325.0000,NULL,NULL,NULL,0.0000,NULL,NULL,NULL,1.0000,1.0000,NULL,NULL,NULL,NULL,NULL,NULL,NULL,NULL,0.0000,NULL,NULL,NULL,330.0000,5.0000,NULL,NULL,NULL,0.0000,NULL,0.0000,0.0000,325.0000,NULL,NULL,NULL,0.0000,NULL,NULL,NULL,NULL,NULL,NULL,NULL,NULL,1.0000,NULL,NULL,NULL,1,1,88,0,NULL,1,1,NULL,NULL,NULL,1171,87,NULL,NULL,NULL,NULL,0.0000,325.0000,330.0000,NULL,0.0000,325.0000,330.0000,1000.0000,NULL,'30000000001',NULL,'USD','kushalgrg904@gmail.com','kushal','ghimire',NULL,NULL,NULL,NULL,NULL,NULL,NULL,'USD',NULL,NULL,'USD',NULL,NULL,NULL,NULL,NULL,'149.28.40.13','flatrate_flatrate','USD','Main Website\nDemo 11\nEnglish 11','27.34.18.59, 149.28.40.13',NULL,'2021-04-26 06:50:18','2021-04-26 06:50:23',1,NULL,0.0000,0.0000,0.0000,0.0000,NULL,NULL,NULL,NULL,5.0000,5.0000,NULL,0,NULL),(46,'new','pending',NULL,'db1c14f5d7e517a9e69c24a47d1bc295','Flat Rate - Fixed',0,30,NULL,0.0000,NULL,NULL,NULL,437.0000,5.0000,NULL,NULL,NULL,0.0000,NULL,432.0000,NULL,NULL,NULL,0.0000,NULL,NULL,NULL,1.0000,1.0000,NULL,NULL,NULL,NULL,NULL,NULL,NULL,NULL,0.0000,NULL,NULL,NULL,437.0000,5.0000,NULL,NULL,NULL,0.0000,NULL,0.0000,0.0000,432.0000,NULL,NULL,NULL,0.0000,NULL,NULL,NULL,NULL,NULL,NULL,NULL,NULL,1.0000,NULL,NULL,NULL,1,1,90,0,NULL,1,1,NULL,NULL,NULL,1247,89,NULL,NULL,NULL,NULL,0.0000,432.0000,437.0000,NULL,0.0000,432.0000,437.0000,1000.0000,NULL,'30000000002',NULL,'USD','eeee@aol.com','eee','mmmm',NULL,NULL,NULL,NULL,NULL,NULL,NULL,'USD',NULL,NULL,'USD',NULL,NULL,NULL,NULL,NULL,'209.250.228.11','flatrate_flatrate','USD','Main Website\nDemo 11\nEnglish 11','99.41.201.62, 209.250.228.11',NULL,'2021-07-24 20:28:11','2021-07-24 20:28:13',1,NULL,0.0000,0.0000,0.0000,0.0000,NULL,NULL,NULL,NULL,5.0000,5.0000,NULL,0,NULL),(47,'new','pending',NULL,'ee183e97214d5322efc39016d88ca7d4','Flat Rate - Fixed',0,10,NULL,0.0000,NULL,NULL,NULL,25.0000,5.0000,NULL,NULL,NULL,0.0000,NULL,20.0000,NULL,NULL,NULL,0.0000,NULL,NULL,NULL,1.0000,1.0000,NULL,NULL,NULL,NULL,NULL,NULL,NULL,NULL,0.0000,NULL,NULL,NULL,25.0000,5.0000,NULL,NULL,NULL,0.0000,NULL,0.0000,0.0000,20.0000,NULL,NULL,NULL,0.0000,NULL,NULL,NULL,NULL,NULL,NULL,NULL,NULL,1.0000,NULL,NULL,NULL,1,1,92,0,NULL,1,1,NULL,NULL,NULL,1264,91,NULL,NULL,NULL,NULL,0.0000,20.0000,25.0000,NULL,0.0000,20.0000,25.0000,0.0000,NULL,'10000000004',NULL,'USD','tuliosouza@hotmail.com','tulio','souza',NULL,NULL,NULL,NULL,NULL,NULL,NULL,'USD',NULL,NULL,'USD',NULL,NULL,NULL,NULL,NULL,'209.250.228.11','flatrate_flatrate','USD','Main Website\nDemo 7\nEnglish 7','187.3.216.218, 209.250.228.11',NULL,'2021-08-11 03:32:37','2021-08-11 03:32:39',1,NULL,0.0000,0.0000,0.0000,0.0000,NULL,NULL,NULL,NULL,5.0000,5.0000,NULL,0,NULL),(48,'new','pending',NULL,'447a1027f142891d40d7c0d2cf5a2614','Flat Rate - Fixed',0,1,NULL,0.0000,NULL,NULL,NULL,37.0000,5.0000,NULL,NULL,NULL,0.0000,NULL,32.0000,NULL,NULL,NULL,0.0000,NULL,NULL,NULL,1.0000,1.0000,NULL,NULL,NULL,NULL,NULL,NULL,NULL,NULL,0.0000,NULL,NULL,NULL,37.0000,5.0000,NULL,NULL,NULL,0.0000,NULL,0.0000,0.0000,32.0000,NULL,NULL,NULL,0.0000,NULL,NULL,NULL,NULL,NULL,NULL,NULL,NULL,1.0000,NULL,NULL,NULL,1,1,94,0,NULL,1,1,NULL,NULL,NULL,1265,93,NULL,NULL,NULL,NULL,0.0000,32.0000,37.0000,NULL,0.0000,32.0000,37.0000,0.0000,NULL,'000000020',NULL,'USD','nafsinvk@gmail.com','Nafsin','vattakandy',NULL,NULL,NULL,NULL,NULL,NULL,NULL,'USD',NULL,NULL,'USD',NULL,NULL,NULL,NULL,NULL,'37.131.28.82','flatrate_flatrate','USD','Main Website\nDemo 1\nEnglish','37.131.28.82',NULL,'2021-08-11 11:51:06','2021-08-11 11:51:09',1,NULL,0.0000,0.0000,0.0000,0.0000,NULL,NULL,NULL,NULL,5.0000,5.0000,NULL,0,NULL),(49,'new','pending',NULL,'51a5296c6db456852db2e002fdd887b0','Flat Rate - Fixed',0,1,NULL,0.0000,NULL,NULL,NULL,25.0000,5.0000,NULL,NULL,NULL,0.0000,NULL,20.0000,NULL,NULL,NULL,0.0000,NULL,NULL,NULL,1.0000,1.0000,NULL,NULL,NULL,NULL,NULL,NULL,NULL,NULL,0.0000,NULL,NULL,NULL,25.0000,5.0000,NULL,NULL,NULL,0.0000,NULL,0.0000,0.0000,20.0000,NULL,NULL,NULL,0.0000,NULL,NULL,NULL,NULL,NULL,NULL,NULL,NULL,1.0000,NULL,NULL,NULL,1,1,96,0,NULL,1,1,NULL,NULL,NULL,1271,95,NULL,NULL,NULL,NULL,0.0000,20.0000,25.0000,NULL,0.0000,20.0000,25.0000,0.0000,NULL,'000000021',NULL,'USD','cb8022@gmail.com','CHANDRA','BHUSHAN',NULL,NULL,NULL,NULL,NULL,NULL,NULL,'USD',NULL,NULL,'USD',NULL,NULL,NULL,NULL,NULL,'209.250.228.11','flatrate_flatrate','USD','Main Website\nDemo 1\nEnglish','27.6.210.1, 209.250.228.11',NULL,'2021-08-14 07:33:39','2021-08-14 07:33:41',1,NULL,0.0000,0.0000,0.0000,0.0000,NULL,NULL,NULL,NULL,5.0000,5.0000,NULL,0,NULL),(50,'new','pending',NULL,'4bc329f9e9169c5d570c8781d0a9eb6a','Flat Rate - Fixed',0,1,NULL,0.0000,NULL,NULL,NULL,218.0000,5.0000,NULL,NULL,NULL,0.0000,NULL,213.0000,NULL,NULL,NULL,0.0000,NULL,NULL,NULL,1.0000,1.0000,NULL,NULL,NULL,NULL,NULL,NULL,NULL,NULL,0.0000,NULL,NULL,NULL,218.0000,5.0000,NULL,NULL,NULL,0.0000,NULL,0.0000,0.0000,213.0000,NULL,NULL,NULL,0.0000,NULL,NULL,NULL,NULL,NULL,NULL,NULL,NULL,1.0000,NULL,NULL,NULL,1,1,98,0,NULL,1,1,NULL,NULL,NULL,1292,97,NULL,NULL,NULL,NULL,0.0000,213.0000,218.0000,NULL,0.0000,213.0000,218.0000,1000.0000,NULL,'000000022',NULL,'USD','qwert@wert.com','eee','eee',NULL,NULL,NULL,NULL,NULL,NULL,NULL,'USD',NULL,NULL,'USD',NULL,NULL,NULL,NULL,NULL,'79.134.136.164','flatrate_flatrate','USD','Main Website\nDemo 1\nEnglish','79.134.136.164',NULL,'2021-09-15 11:23:26','2021-09-15 11:23:30',1,NULL,0.0000,0.0000,0.0000,0.0000,NULL,NULL,NULL,NULL,5.0000,5.0000,NULL,0,NULL),(51,'new','pending',NULL,'76d56775a3d1aebc6f53dbd383f051ff','Flat Rate - Fixed',0,1,NULL,0.0000,NULL,NULL,NULL,53.0000,5.0000,NULL,NULL,NULL,0.0000,NULL,48.0000,NULL,NULL,NULL,0.0000,NULL,NULL,NULL,1.0000,1.0000,NULL,NULL,NULL,NULL,NULL,NULL,NULL,NULL,0.0000,NULL,NULL,NULL,53.0000,5.0000,NULL,NULL,NULL,0.0000,NULL,0.0000,0.0000,48.0000,NULL,NULL,NULL,0.0000,NULL,NULL,NULL,NULL,NULL,NULL,NULL,NULL,1.0000,NULL,NULL,NULL,1,1,100,0,NULL,1,1,NULL,NULL,NULL,1338,99,NULL,NULL,NULL,NULL,0.0000,48.0000,53.0000,NULL,0.0000,48.0000,53.0000,0.0000,NULL,'000000023',NULL,'USD','kunwar@ehues.com','birra','59',NULL,NULL,NULL,NULL,NULL,NULL,NULL,'USD',NULL,NULL,'USD',NULL,NULL,NULL,NULL,NULL,'209.250.228.11','flatrate_flatrate','USD','Main Website\nDemo 1\nEnglish','203.134.200.87, 209.250.228.11',NULL,'2021-12-01 10:09:04','2021-12-01 10:09:06',1,NULL,0.0000,0.0000,0.0000,0.0000,NULL,NULL,NULL,NULL,5.0000,5.0000,NULL,0,NULL),(52,'new','pending',NULL,'f3d7558375935d87969f48047e575a50','Flat Rate - Fixed',0,1,NULL,0.0000,NULL,NULL,NULL,194.0000,5.0000,NULL,NULL,NULL,0.0000,NULL,189.0000,NULL,NULL,NULL,0.0000,NULL,NULL,NULL,1.0000,1.0000,NULL,NULL,NULL,NULL,NULL,NULL,NULL,NULL,0.0000,NULL,NULL,NULL,194.0000,5.0000,NULL,NULL,NULL,0.0000,NULL,0.0000,0.0000,189.0000,NULL,NULL,NULL,0.0000,NULL,NULL,NULL,NULL,NULL,NULL,NULL,NULL,2.0000,NULL,NULL,NULL,1,1,102,0,NULL,1,1,NULL,NULL,NULL,1345,101,NULL,NULL,NULL,NULL,0.0000,189.0000,194.0000,NULL,0.0000,189.0000,194.0000,1000.0000,NULL,'000000024',NULL,'USD','info@procavallo.de','Tina','Muster',NULL,NULL,NULL,NULL,NULL,NULL,NULL,'USD',NULL,NULL,'USD',NULL,NULL,NULL,NULL,NULL,'209.250.228.11','flatrate_flatrate','USD','Main Website\nDemo 1\nEnglish','94.114.156.181, 209.250.228.11',NULL,'2021-12-05 16:07:22','2021-12-05 16:07:25',2,NULL,0.0000,0.0000,0.0000,0.0000,NULL,NULL,NULL,NULL,5.0000,5.0000,NULL,0,NULL),(53,'new','pending',NULL,'6ebf0aac6a1fcd0171af9c6cdd249fa8','Flat Rate - Fixed',0,4,NULL,0.0000,NULL,NULL,NULL,330.0000,5.0000,NULL,NULL,NULL,0.0000,NULL,325.0000,NULL,NULL,NULL,0.0000,NULL,NULL,NULL,1.0000,1.0000,NULL,NULL,NULL,NULL,NULL,NULL,NULL,NULL,0.0000,NULL,NULL,NULL,330.0000,5.0000,NULL,NULL,NULL,0.0000,NULL,0.0000,0.0000,325.0000,NULL,NULL,NULL,0.0000,NULL,NULL,NULL,NULL,NULL,NULL,NULL,NULL,1.0000,NULL,NULL,NULL,1,1,104,0,NULL,1,1,NULL,NULL,NULL,1464,103,NULL,NULL,NULL,NULL,0.0000,325.0000,330.0000,NULL,0.0000,325.0000,330.0000,1000.0000,NULL,'4000000004',NULL,'USD','pete@example.com','Pete','test',NULL,NULL,NULL,NULL,NULL,NULL,NULL,'USD',NULL,NULL,'USD',NULL,NULL,NULL,NULL,NULL,'209.250.228.11','flatrate_flatrate','USD','Main Website\nDemo 3\nEnglish 3','1.144.108.169, 209.250.228.11',NULL,'2022-02-16 03:39:19','2022-02-16 03:39:23',1,NULL,0.0000,0.0000,0.0000,0.0000,NULL,NULL,NULL,NULL,5.0000,5.0000,NULL,0,NULL),(54,'new','pending',NULL,'91b195be530ed7598418693c10c52466','Flat Rate - Fixed',0,1,NULL,0.0000,NULL,NULL,NULL,278.0000,10.0000,NULL,NULL,NULL,0.0000,NULL,268.0000,NULL,NULL,NULL,0.0000,NULL,NULL,NULL,1.0000,1.0000,NULL,NULL,NULL,NULL,NULL,NULL,NULL,NULL,0.0000,NULL,NULL,NULL,278.0000,10.0000,NULL,NULL,NULL,0.0000,NULL,0.0000,0.0000,268.0000,NULL,NULL,NULL,0.0000,NULL,NULL,NULL,NULL,NULL,NULL,NULL,NULL,2.0000,NULL,NULL,NULL,1,1,106,0,NULL,1,1,NULL,NULL,NULL,1466,105,NULL,NULL,NULL,NULL,0.0000,268.0000,278.0000,NULL,0.0000,268.0000,278.0000,2000.0000,NULL,'000000025',NULL,'USD','praveen.dohe@6thstreet.com','PRaveen','Dohe',NULL,NULL,NULL,NULL,NULL,NULL,NULL,'USD',NULL,NULL,'USD',NULL,NULL,NULL,NULL,NULL,'209.250.228.11','flatrate_flatrate','USD','Main Website\nDemo 1\nEnglish','122.173.178.115, 209.250.228.11',NULL,'2022-02-17 08:28:59','2022-02-17 08:29:03',1,NULL,0.0000,0.0000,0.0000,0.0000,NULL,NULL,NULL,NULL,10.0000,10.0000,NULL,0,NULL),(55,'new','pending',NULL,'b43bf52d358b3a42390f6b3d06ee0df5',NULL,1,10,NULL,0.0000,NULL,NULL,NULL,534.0000,0.0000,NULL,NULL,NULL,0.0000,NULL,534.0000,NULL,NULL,NULL,0.0000,NULL,NULL,NULL,1.0000,1.0000,NULL,NULL,NULL,NULL,NULL,NULL,NULL,NULL,0.0000,NULL,NULL,NULL,534.0000,0.0000,NULL,NULL,NULL,0.0000,NULL,0.0000,0.0000,534.0000,NULL,NULL,NULL,0.0000,NULL,NULL,NULL,NULL,NULL,NULL,NULL,NULL,6.0000,NULL,NULL,NULL,1,1,107,0,NULL,1,1,NULL,NULL,NULL,1493,NULL,NULL,NULL,NULL,NULL,0.0000,534.0000,534.0000,NULL,0.0000,534.0000,534.0000,0.0000,NULL,'10000000005',NULL,'USD','ammadamjad60@gmail.com','Ammad','Amjad',NULL,NULL,NULL,NULL,NULL,NULL,NULL,'USD',NULL,NULL,'USD',NULL,NULL,NULL,NULL,NULL,'209.250.228.11',NULL,'USD','Main Website\nDemo 7\nEnglish 7','182.185.201.141, 209.250.228.11',NULL,'2022-03-06 19:45:54','2022-03-06 19:45:57',1,NULL,0.0000,0.0000,0.0000,0.0000,NULL,NULL,NULL,NULL,0.0000,0.0000,NULL,0,NULL),(56,'new','pending',NULL,'9be60e2bc50fc13623e3419706e95a6c','Flat Rate - Fixed',0,6,NULL,0.0000,NULL,NULL,NULL,218.0000,5.0000,NULL,NULL,NULL,0.0000,NULL,213.0000,NULL,NULL,NULL,0.0000,NULL,NULL,NULL,1.0000,1.0000,NULL,NULL,NULL,NULL,NULL,NULL,NULL,NULL,0.0000,NULL,NULL,NULL,218.0000,5.0000,NULL,NULL,NULL,0.0000,NULL,0.0000,0.0000,213.0000,NULL,NULL,NULL,0.0000,NULL,NULL,NULL,NULL,NULL,NULL,NULL,NULL,1.0000,NULL,NULL,NULL,1,1,109,0,NULL,1,1,NULL,NULL,NULL,1498,108,NULL,NULL,NULL,NULL,0.0000,213.0000,218.0000,NULL,0.0000,213.0000,218.0000,1000.0000,NULL,'6000000002',NULL,'USD','myvillagebasket@aol.com','fghghfgh','hffdh',NULL,NULL,NULL,NULL,NULL,NULL,NULL,'USD',NULL,NULL,'USD',NULL,NULL,NULL,NULL,NULL,'106.51.243.225','flatrate_flatrate','USD','Main Website\nDemo 4\nEnglish 4','106.51.243.225',NULL,'2022-03-11 04:10:30','2022-03-11 04:10:33',1,NULL,0.0000,0.0000,0.0000,0.0000,NULL,NULL,NULL,NULL,5.0000,5.0000,NULL,0,NULL),(57,'new','pending',NULL,'e623dce9ffbb79747671412ce641f0a9','Flat Rate - Fixed',0,16,467,0.0000,NULL,NULL,NULL,437.0000,5.0000,NULL,NULL,NULL,0.0000,NULL,432.0000,NULL,NULL,NULL,0.0000,NULL,NULL,NULL,1.0000,1.0000,NULL,NULL,NULL,NULL,NULL,NULL,NULL,NULL,0.0000,NULL,NULL,NULL,437.0000,5.0000,NULL,NULL,NULL,0.0000,NULL,0.0000,0.0000,432.0000,NULL,NULL,NULL,0.0000,NULL,NULL,NULL,NULL,NULL,NULL,NULL,NULL,1.0000,NULL,NULL,NULL,0,1,111,1,NULL,1,1,NULL,NULL,NULL,1523,110,NULL,NULL,NULL,NULL,0.0000,432.0000,437.0000,NULL,0.0000,432.0000,437.0000,1000.0000,NULL,'16000000005',NULL,'USD','fsolans@semic.es','Semic','Test',NULL,NULL,NULL,NULL,NULL,NULL,NULL,'USD',NULL,NULL,'USD',NULL,NULL,NULL,NULL,NULL,'79.116.16.26','flatrate_flatrate','USD','Main Website\nDemo 2\nEnglish 2','79.116.16.26',NULL,'2022-03-29 13:52:21','2022-03-29 13:52:23',1,NULL,0.0000,0.0000,0.0000,0.0000,NULL,NULL,NULL,NULL,5.0000,5.0000,NULL,0,NULL),(58,'new','pending',NULL,'ce58aa813231c31c1974f500bb84d06e','Flat Rate - Fixed',0,1,NULL,0.0000,NULL,NULL,NULL,374.0000,5.0000,NULL,NULL,NULL,0.0000,NULL,369.0000,NULL,NULL,NULL,0.0000,NULL,NULL,NULL,1.0000,1.0000,NULL,NULL,NULL,NULL,NULL,NULL,NULL,NULL,0.0000,NULL,NULL,NULL,374.0000,5.0000,NULL,NULL,NULL,0.0000,NULL,0.0000,0.0000,369.0000,NULL,NULL,NULL,0.0000,NULL,NULL,NULL,NULL,NULL,NULL,NULL,NULL,1.0000,NULL,NULL,NULL,1,1,113,0,NULL,1,1,NULL,NULL,NULL,1544,112,NULL,NULL,NULL,NULL,0.0000,369.0000,374.0000,NULL,0.0000,369.0000,374.0000,1000.0000,NULL,'000000026',NULL,'USD','drumbaram@mail.ru','Nik','Gul',NULL,NULL,NULL,NULL,NULL,NULL,NULL,'USD',NULL,NULL,'USD',NULL,NULL,NULL,NULL,NULL,'46.166.204.149','flatrate_flatrate','USD','Main Website\nDemo 1\nEnglish','46.166.204.149',NULL,'2022-04-22 07:49:00','2022-04-22 07:49:07',1,NULL,0.0000,0.0000,0.0000,0.0000,NULL,NULL,NULL,NULL,5.0000,5.0000,NULL,0,NULL),(59,'new','pending',NULL,'7a49dcdb249e1cc44481729aa399ac4a','Flat Rate - Fixed',0,10,NULL,0.0000,NULL,NULL,NULL,374.0000,5.0000,NULL,NULL,NULL,0.0000,NULL,369.0000,NULL,NULL,NULL,0.0000,NULL,NULL,NULL,1.0000,1.0000,NULL,NULL,NULL,NULL,NULL,NULL,NULL,NULL,0.0000,NULL,NULL,NULL,374.0000,5.0000,NULL,NULL,NULL,0.0000,NULL,0.0000,0.0000,369.0000,NULL,NULL,NULL,0.0000,NULL,NULL,NULL,NULL,NULL,NULL,NULL,NULL,1.0000,NULL,NULL,NULL,1,1,115,0,NULL,1,1,NULL,NULL,NULL,1550,114,NULL,NULL,NULL,NULL,0.0000,369.0000,374.0000,NULL,0.0000,369.0000,374.0000,1000.0000,NULL,'10000000006',NULL,'USD','sandip.baviskar@gmail.com','Rahul','Patel',NULL,NULL,NULL,NULL,NULL,NULL,NULL,'USD',NULL,NULL,'USD',NULL,NULL,NULL,NULL,NULL,'115.247.116.146','flatrate_flatrate','USD','Main Website\nDemo 7\nEnglish 7','115.247.116.146',NULL,'2022-04-27 11:25:50','2022-04-27 11:25:57',1,NULL,0.0000,0.0000,0.0000,0.0000,NULL,NULL,NULL,NULL,5.0000,5.0000,NULL,0,NULL),(60,'new','pending',NULL,'334616f7ecaf1ed640e8fe4fc5efdbb9',NULL,1,27,493,0.0000,NULL,NULL,NULL,89.0000,0.0000,NULL,NULL,NULL,0.0000,NULL,89.0000,NULL,NULL,NULL,0.0000,NULL,NULL,NULL,1.0000,1.0000,NULL,NULL,NULL,NULL,NULL,NULL,NULL,NULL,0.0000,NULL,NULL,NULL,89.0000,0.0000,NULL,NULL,NULL,0.0000,NULL,0.0000,0.0000,89.0000,NULL,NULL,NULL,0.0000,NULL,NULL,NULL,NULL,NULL,NULL,NULL,NULL,1.0000,NULL,NULL,NULL,0,1,116,1,NULL,1,1,NULL,NULL,NULL,1562,NULL,NULL,NULL,NULL,NULL,0.0000,89.0000,89.0000,NULL,0.0000,89.0000,89.0000,0.0000,NULL,'27000000006',NULL,'USD','christina.krautgartner@ledacolor.com','Ledacolor','GmbH',NULL,NULL,NULL,NULL,NULL,NULL,NULL,'USD',NULL,NULL,'USD',NULL,NULL,NULL,NULL,NULL,'195.222.121.30',NULL,'USD','Main Website\nDemo 10\nEnglish 10','195.222.121.30',NULL,'2022-05-06 09:34:25','2022-05-06 09:34:29',1,NULL,0.0000,0.0000,0.0000,0.0000,NULL,NULL,NULL,NULL,0.0000,0.0000,NULL,0,NULL),(61,'new','pending',NULL,'ad85d9b912595d3c8c00628940648654','Flat Rate - Fixed',0,1,NULL,0.0000,NULL,NULL,NULL,14.0000,5.0000,NULL,NULL,NULL,0.0000,NULL,9.0000,NULL,NULL,NULL,0.0000,NULL,NULL,NULL,1.0000,1.0000,NULL,NULL,NULL,NULL,NULL,NULL,NULL,NULL,0.0000,NULL,NULL,NULL,14.0000,5.0000,NULL,NULL,NULL,0.0000,NULL,0.0000,0.0000,9.0000,NULL,NULL,NULL,0.0000,NULL,NULL,NULL,NULL,NULL,NULL,NULL,NULL,1.0000,NULL,NULL,NULL,1,1,118,0,NULL,NULL,NULL,NULL,NULL,NULL,1578,117,NULL,NULL,NULL,NULL,0.0000,9.0000,14.0000,NULL,0.0000,9.0000,14.0000,0.0000,NULL,'000000027',NULL,'KWD','moh@gmail.com','mohamed','sahaban',NULL,NULL,NULL,NULL,NULL,NULL,NULL,'KWD',NULL,NULL,'KWD',NULL,NULL,NULL,NULL,NULL,'41.40.15.80','flatrate_flatrate','KWD','Main Website\nDemo 1\nEnglish',NULL,NULL,'2022-09-10 19:35:23','2022-09-10 19:35:23',1,NULL,0.0000,0.0000,0.0000,0.0000,NULL,NULL,NULL,NULL,5.0000,5.0000,NULL,0,NULL),(62,'new','pending',NULL,'3129bacd55d661d991ed1b9f811bd1d4','Flat Rate - Fixed',0,1,NULL,0.0000,NULL,NULL,NULL,14.0000,5.0000,NULL,NULL,NULL,0.0000,NULL,9.0000,NULL,NULL,NULL,0.0000,NULL,NULL,NULL,1.0000,1.0000,NULL,NULL,NULL,NULL,NULL,NULL,NULL,NULL,0.0000,NULL,NULL,NULL,14.0000,5.0000,NULL,NULL,NULL,0.0000,NULL,0.0000,0.0000,9.0000,NULL,NULL,NULL,0.0000,NULL,NULL,NULL,NULL,NULL,NULL,NULL,NULL,1.0000,NULL,NULL,NULL,1,1,120,0,NULL,NULL,NULL,NULL,NULL,NULL,1579,119,NULL,NULL,NULL,NULL,0.0000,9.0000,14.0000,NULL,0.0000,9.0000,14.0000,0.0000,NULL,'000000028',NULL,'KWD','moh@gmail.com','mohamed','sha',NULL,NULL,NULL,NULL,NULL,NULL,NULL,'KWD',NULL,NULL,'KWD',NULL,NULL,NULL,NULL,NULL,'41.40.15.80','flatrate_flatrate','KWD','Main Website\nDemo 1\nEnglish',NULL,NULL,'2022-09-10 19:49:54','2022-09-10 19:49:54',1,NULL,0.0000,0.0000,0.0000,0.0000,NULL,NULL,NULL,NULL,5.0000,5.0000,NULL,0,NULL),(63,'new','pending',NULL,'4e296830c7e20df35337d896d061a8d9','Flat Rate - Fixed',0,1,NULL,0.0000,NULL,NULL,NULL,36.0000,10.0000,NULL,NULL,NULL,0.0000,NULL,26.0000,NULL,NULL,NULL,0.0000,NULL,NULL,NULL,1.0000,1.0000,NULL,NULL,NULL,NULL,NULL,NULL,NULL,NULL,0.0000,NULL,NULL,NULL,36.0000,10.0000,NULL,NULL,NULL,0.0000,NULL,0.0000,0.0000,26.0000,NULL,NULL,NULL,0.0000,NULL,NULL,NULL,NULL,NULL,NULL,NULL,NULL,2.0000,NULL,NULL,NULL,1,1,122,0,NULL,NULL,NULL,NULL,NULL,NULL,1580,121,NULL,NULL,NULL,NULL,0.0000,26.0000,36.0000,NULL,0.0000,26.0000,36.0000,0.0000,NULL,'000000029',NULL,'KWD','moh@gmail.com','mohamed','shaba',NULL,NULL,NULL,NULL,NULL,NULL,NULL,'KWD',NULL,NULL,'KWD',NULL,NULL,NULL,NULL,NULL,'41.40.15.80','flatrate_flatrate','KWD','Main Website\nDemo 1\nEnglish',NULL,NULL,'2022-09-10 19:54:02','2022-09-10 19:54:02',2,NULL,0.0000,0.0000,0.0000,0.0000,NULL,NULL,NULL,NULL,10.0000,10.0000,NULL,0,NULL),(64,'new','pending',NULL,'e23954029135cfdd72ee49f1c489664a','Flat Rate - Fixed',0,1,NULL,0.0000,NULL,NULL,NULL,16.0000,5.0000,NULL,NULL,NULL,0.0000,NULL,11.0000,NULL,NULL,NULL,0.0000,NULL,NULL,NULL,1.0000,1.0000,NULL,NULL,NULL,NULL,NULL,NULL,NULL,NULL,0.0000,NULL,NULL,NULL,16.0000,5.0000,NULL,NULL,NULL,0.0000,NULL,0.0000,0.0000,11.0000,NULL,NULL,NULL,0.0000,NULL,NULL,NULL,NULL,NULL,NULL,NULL,NULL,1.0000,NULL,NULL,NULL,1,1,124,0,NULL,NULL,NULL,NULL,NULL,NULL,1581,123,NULL,NULL,NULL,NULL,0.0000,11.0000,16.0000,NULL,0.0000,11.0000,16.0000,0.0000,NULL,'000000030',NULL,'KWD','moh@gmail.com','mohame','shab',NULL,NULL,NULL,NULL,NULL,NULL,NULL,'KWD',NULL,NULL,'KWD',NULL,NULL,NULL,NULL,NULL,'41.40.15.80','flatrate_flatrate','KWD','Main Website\nDemo 1\nEnglish',NULL,NULL,'2022-09-10 20:07:43','2022-09-10 20:07:43',1,NULL,0.0000,0.0000,0.0000,0.0000,NULL,NULL,NULL,NULL,5.0000,5.0000,NULL,0,NULL),(65,'new','pending',NULL,'4141aee1bd14e697729070fcd8df6d3d','Flat Rate - Fixed',0,1,NULL,0.0000,NULL,NULL,NULL,15.0000,5.0000,NULL,NULL,NULL,0.0000,NULL,10.0000,NULL,NULL,NULL,0.0000,NULL,NULL,NULL,1.0000,1.0000,NULL,NULL,NULL,NULL,NULL,NULL,NULL,NULL,0.0000,NULL,NULL,NULL,15.0000,5.0000,NULL,NULL,NULL,0.0000,NULL,0.0000,0.0000,10.0000,NULL,NULL,NULL,0.0000,NULL,NULL,NULL,NULL,NULL,NULL,NULL,NULL,1.0000,NULL,NULL,NULL,1,1,126,0,NULL,NULL,NULL,NULL,NULL,NULL,1582,125,NULL,NULL,NULL,NULL,0.0000,10.0000,15.0000,NULL,0.0000,10.0000,15.0000,0.0000,NULL,'000000031',NULL,'KWD','moh@gmail.com','mohamed','sha',NULL,NULL,NULL,NULL,NULL,NULL,NULL,'KWD',NULL,NULL,'KWD',NULL,NULL,NULL,NULL,NULL,'41.40.15.80','flatrate_flatrate','KWD','Main Website\nDemo 1\nEnglish',NULL,NULL,'2022-09-10 20:11:28','2022-09-10 20:11:28',1,NULL,0.0000,0.0000,0.0000,0.0000,NULL,NULL,NULL,NULL,5.0000,5.0000,NULL,0,NULL),(66,'new','pending',NULL,'c4d2596512ef442e565371bb6d6acf59','Flat Rate - Fixed',0,1,NULL,0.0000,NULL,NULL,NULL,21.0000,5.0000,NULL,NULL,NULL,0.0000,NULL,16.0000,NULL,NULL,NULL,0.0000,NULL,NULL,NULL,1.0000,1.0000,NULL,NULL,NULL,NULL,NULL,NULL,NULL,NULL,0.0000,NULL,NULL,NULL,21.0000,5.0000,NULL,NULL,NULL,0.0000,NULL,0.0000,0.0000,16.0000,NULL,NULL,NULL,0.0000,NULL,NULL,NULL,NULL,NULL,NULL,NULL,NULL,1.0000,NULL,NULL,NULL,1,1,128,0,NULL,NULL,NULL,NULL,NULL,NULL,1583,127,NULL,NULL,NULL,NULL,0.0000,16.0000,21.0000,NULL,0.0000,16.0000,21.0000,0.0000,NULL,'000000032',NULL,'KWD','moh@gmail.com','moo','momo',NULL,NULL,NULL,NULL,NULL,NULL,NULL,'KWD',NULL,NULL,'KWD',NULL,NULL,NULL,NULL,NULL,'41.40.15.80','flatrate_flatrate','KWD','Main Website\nDemo 1\nEnglish',NULL,NULL,'2022-09-10 20:14:41','2022-09-10 20:14:41',1,NULL,0.0000,0.0000,0.0000,0.0000,NULL,NULL,NULL,NULL,5.0000,5.0000,NULL,0,NULL),(67,'new','pending',NULL,'74a757adee47fa6518ce4a963c7a19ac','Flat Rate - Fixed',0,1,NULL,0.0000,NULL,NULL,NULL,21.0000,5.0000,NULL,NULL,NULL,0.0000,NULL,16.0000,NULL,NULL,NULL,0.0000,NULL,NULL,NULL,1.0000,1.0000,NULL,NULL,NULL,NULL,NULL,NULL,NULL,NULL,0.0000,NULL,NULL,NULL,21.0000,5.0000,NULL,NULL,NULL,0.0000,NULL,0.0000,0.0000,16.0000,NULL,NULL,NULL,0.0000,NULL,NULL,NULL,NULL,NULL,NULL,NULL,NULL,1.0000,NULL,NULL,NULL,1,1,130,0,NULL,NULL,NULL,NULL,NULL,NULL,1584,129,NULL,NULL,NULL,NULL,0.0000,16.0000,21.0000,NULL,0.0000,16.0000,21.0000,0.0000,NULL,'000000033',NULL,'KWD','moh@gmail.com','imii','iijijji',NULL,NULL,NULL,NULL,NULL,NULL,NULL,'KWD',NULL,NULL,'KWD',NULL,NULL,NULL,NULL,NULL,'41.40.15.80','flatrate_flatrate','KWD','Main Website\nDemo 1\nEnglish',NULL,NULL,'2022-09-10 20:16:59','2022-09-10 20:16:59',1,NULL,0.0000,0.0000,0.0000,0.0000,NULL,NULL,NULL,NULL,5.0000,5.0000,NULL,0,NULL),(68,'new','pending',NULL,'c47f0b7c3c8f4d7c84e11d6b3fc98a2e','Flat Rate - Fixed',0,1,NULL,0.0000,NULL,NULL,NULL,16.0000,5.0000,NULL,NULL,NULL,0.0000,NULL,11.0000,NULL,NULL,NULL,0.0000,NULL,NULL,NULL,1.0000,1.0000,NULL,NULL,NULL,NULL,NULL,NULL,NULL,NULL,0.0000,NULL,NULL,NULL,16.0000,5.0000,NULL,NULL,NULL,0.0000,NULL,0.0000,0.0000,11.0000,NULL,NULL,NULL,0.0000,NULL,NULL,NULL,NULL,NULL,NULL,NULL,NULL,1.0000,NULL,NULL,NULL,1,1,132,0,NULL,NULL,NULL,NULL,NULL,NULL,1585,131,NULL,NULL,NULL,NULL,0.0000,11.0000,16.0000,NULL,0.0000,11.0000,16.0000,0.0000,NULL,'000000034',NULL,'KWD','moh@gmail.com','jiojoj','oijoioij',NULL,NULL,NULL,NULL,NULL,NULL,NULL,'KWD',NULL,NULL,'KWD',NULL,NULL,NULL,NULL,NULL,'41.40.15.80','flatrate_flatrate','KWD','Main Website\nDemo 1\nEnglish',NULL,NULL,'2022-09-10 20:19:14','2022-09-10 20:19:14',1,NULL,0.0000,0.0000,0.0000,0.0000,NULL,NULL,NULL,NULL,5.0000,5.0000,NULL,0,NULL),(69,'new','pending',NULL,'7835e5d2f2e8b636105cc5ef3ec574c9','Flat Rate - Fixed',0,1,NULL,0.0000,NULL,NULL,NULL,21.0000,5.0000,NULL,NULL,NULL,0.0000,NULL,16.0000,NULL,NULL,NULL,0.0000,NULL,NULL,NULL,1.0000,1.0000,NULL,NULL,NULL,NULL,NULL,NULL,NULL,NULL,0.0000,NULL,NULL,NULL,21.0000,5.0000,NULL,NULL,NULL,0.0000,NULL,0.0000,0.0000,16.0000,NULL,NULL,NULL,0.0000,NULL,NULL,NULL,NULL,NULL,NULL,NULL,NULL,1.0000,NULL,NULL,NULL,1,1,134,0,NULL,NULL,NULL,NULL,NULL,NULL,1586,133,NULL,NULL,NULL,NULL,0.0000,16.0000,21.0000,NULL,0.0000,16.0000,21.0000,0.0000,NULL,'000000035',NULL,'KWD','moh@gmail.com','mooo','mooo',NULL,NULL,NULL,NULL,NULL,NULL,NULL,'KWD',NULL,NULL,'KWD',NULL,NULL,NULL,NULL,NULL,'41.40.15.80','flatrate_flatrate','KWD','Main Website\nDemo 1\nEnglish',NULL,NULL,'2022-09-10 20:25:29','2022-09-10 20:25:29',1,NULL,0.0000,0.0000,0.0000,0.0000,NULL,NULL,NULL,NULL,5.0000,5.0000,NULL,0,NULL),(70,'new','pending',NULL,'f64ab6dbc5bdb1d23309a96723cb45cb','Flat Rate - Fixed',0,1,NULL,0.0000,NULL,NULL,NULL,42.0000,10.0000,NULL,NULL,NULL,0.0000,NULL,32.0000,NULL,NULL,NULL,0.0000,NULL,NULL,NULL,1.0000,1.0000,NULL,NULL,NULL,NULL,NULL,NULL,NULL,NULL,0.0000,NULL,NULL,NULL,42.0000,10.0000,NULL,NULL,NULL,0.0000,NULL,0.0000,0.0000,32.0000,NULL,NULL,NULL,0.0000,NULL,NULL,NULL,NULL,NULL,NULL,NULL,NULL,2.0000,NULL,NULL,NULL,1,1,136,0,NULL,NULL,NULL,NULL,NULL,NULL,1587,135,NULL,NULL,NULL,NULL,0.0000,32.0000,42.0000,NULL,0.0000,32.0000,42.0000,0.0000,NULL,'000000036',NULL,'KWD','moh@gail.com','iji','jijijj',NULL,NULL,NULL,NULL,NULL,NULL,NULL,'KWD',NULL,NULL,'KWD',NULL,NULL,NULL,NULL,NULL,'41.40.15.80','flatrate_flatrate','KWD','Main Website\nDemo 1\nEnglish',NULL,NULL,'2022-09-10 20:29:55','2022-09-10 20:29:55',1,NULL,0.0000,0.0000,0.0000,0.0000,NULL,NULL,NULL,NULL,10.0000,10.0000,NULL,0,NULL),(71,'new','pending',NULL,'2ef536bc4c03e20b18dac5a7ba5c2a45','Flat Rate - Fixed',0,1,NULL,0.0000,NULL,NULL,NULL,21.0000,5.0000,NULL,NULL,NULL,0.0000,NULL,16.0000,NULL,NULL,NULL,0.0000,NULL,NULL,NULL,1.0000,1.0000,NULL,NULL,NULL,NULL,NULL,NULL,NULL,NULL,0.0000,NULL,NULL,NULL,21.0000,5.0000,NULL,NULL,NULL,0.0000,NULL,0.0000,0.0000,16.0000,NULL,NULL,NULL,0.0000,NULL,NULL,NULL,NULL,NULL,NULL,NULL,NULL,1.0000,NULL,NULL,NULL,1,1,138,0,NULL,NULL,NULL,NULL,NULL,NULL,1588,137,NULL,NULL,NULL,NULL,0.0000,16.0000,21.0000,NULL,0.0000,16.0000,21.0000,0.0000,NULL,'000000037',NULL,'KWD','moh@gma.com','mimim','iijij',NULL,NULL,NULL,NULL,NULL,NULL,NULL,'KWD',NULL,NULL,'KWD',NULL,NULL,NULL,NULL,NULL,'41.40.15.80','flatrate_flatrate','KWD','Main Website\nDemo 1\nEnglish',NULL,NULL,'2022-09-10 20:34:58','2022-09-10 20:34:58',1,NULL,0.0000,0.0000,0.0000,0.0000,NULL,NULL,NULL,NULL,5.0000,5.0000,NULL,0,NULL),(72,'new','pending',NULL,'4a8dee45704dc2d97becbdcd560ccaa5','Flat Rate - Fixed',0,1,NULL,0.0000,NULL,NULL,NULL,32.0000,10.0000,NULL,NULL,NULL,0.0000,NULL,22.0000,NULL,NULL,NULL,0.0000,NULL,NULL,NULL,1.0000,1.0000,NULL,NULL,NULL,NULL,NULL,NULL,NULL,NULL,0.0000,NULL,NULL,NULL,32.0000,10.0000,NULL,NULL,NULL,0.0000,NULL,0.0000,0.0000,22.0000,NULL,NULL,NULL,0.0000,NULL,NULL,NULL,NULL,NULL,NULL,NULL,NULL,2.0000,NULL,NULL,NULL,1,1,140,0,NULL,NULL,NULL,NULL,NULL,NULL,1589,139,NULL,NULL,NULL,NULL,0.0000,22.0000,32.0000,NULL,0.0000,22.0000,32.0000,0.0000,NULL,'000000038',NULL,'KWD','mh@gm.com','mim','iimim',NULL,NULL,NULL,NULL,NULL,NULL,NULL,'KWD',NULL,NULL,'KWD',NULL,NULL,NULL,NULL,NULL,'41.40.15.80','flatrate_flatrate','KWD','Main Website\nDemo 1\nEnglish',NULL,NULL,'2022-09-10 20:40:31','2022-09-10 20:40:31',1,NULL,0.0000,0.0000,0.0000,0.0000,NULL,NULL,NULL,NULL,10.0000,10.0000,NULL,0,NULL),(73,'new','pending',NULL,'fe8e29ed4a8cdfd8efd63ff57e6920f8','Flat Rate - Fixed',0,1,NULL,0.0000,NULL,NULL,NULL,15.0000,5.0000,NULL,NULL,NULL,0.0000,NULL,10.0000,NULL,NULL,NULL,0.0000,NULL,NULL,NULL,1.0000,1.0000,NULL,NULL,NULL,NULL,NULL,NULL,NULL,NULL,0.0000,NULL,NULL,NULL,15.0000,5.0000,NULL,NULL,NULL,0.0000,NULL,0.0000,0.0000,10.0000,NULL,NULL,NULL,0.0000,NULL,NULL,NULL,NULL,NULL,NULL,NULL,NULL,1.0000,NULL,NULL,NULL,1,1,142,0,NULL,NULL,NULL,NULL,NULL,NULL,1590,141,NULL,NULL,NULL,NULL,0.0000,10.0000,15.0000,NULL,0.0000,10.0000,15.0000,0.0000,NULL,'000000039',NULL,'KWD','moh@gm.com','moh','ss',NULL,NULL,NULL,NULL,NULL,NULL,NULL,'KWD',NULL,NULL,'KWD',NULL,NULL,NULL,NULL,NULL,'41.40.15.80','flatrate_flatrate','KWD','Main Website\nDemo 1\nEnglish',NULL,NULL,'2022-09-10 20:42:20','2022-09-10 20:42:20',1,NULL,0.0000,0.0000,0.0000,0.0000,NULL,NULL,NULL,NULL,5.0000,5.0000,NULL,0,NULL),(74,'new','pending',NULL,'b3375dee289b9d035f67c979f7ff8016','Delivery charge - Table Rate',0,1,NULL,0.0000,NULL,NULL,NULL,20.0000,4.0000,NULL,NULL,NULL,0.0000,NULL,16.0000,NULL,NULL,NULL,0.0000,NULL,NULL,NULL,1.0000,1.0000,NULL,NULL,NULL,NULL,NULL,NULL,NULL,NULL,0.0000,NULL,NULL,NULL,20.0000,4.0000,NULL,NULL,NULL,0.0000,NULL,0.0000,0.0000,16.0000,NULL,NULL,NULL,0.0000,NULL,NULL,NULL,NULL,NULL,NULL,NULL,NULL,1.0000,NULL,NULL,NULL,1,1,144,0,NULL,NULL,NULL,NULL,NULL,NULL,1595,143,NULL,NULL,NULL,NULL,0.0000,16.0000,20.0000,NULL,0.0000,16.0000,20.0000,0.0000,NULL,'000000040',NULL,'KWD','admin123@gm.com','moh','sha',NULL,NULL,NULL,NULL,NULL,NULL,NULL,'KWD',NULL,NULL,'KWD',NULL,NULL,NULL,NULL,NULL,'41.40.25.229','tablerate_bestway','KWD','Main Website\nDemo 1\nEnglish',NULL,NULL,'2022-09-14 12:20:43','2022-09-14 12:20:43',1,NULL,0.0000,0.0000,0.0000,0.0000,NULL,NULL,NULL,NULL,4.0000,4.0000,NULL,0,NULL);

--
-- Table structure for table `sales_order_address`
--

CREATE TABLE `sales_order_address` (
  `entity_id` int(10) unsigned NOT NULL AUTO_INCREMENT COMMENT 'Entity ID',
  `parent_id` int(10) unsigned DEFAULT NULL COMMENT 'Parent ID',
  `customer_address_id` int(11) DEFAULT NULL COMMENT 'Customer Address ID',
  `quote_address_id` int(11) DEFAULT NULL COMMENT 'Quote Address ID',
  `region_id` int(11) DEFAULT NULL COMMENT 'Region ID',
  `customer_id` int(11) DEFAULT NULL COMMENT 'Customer ID',
  `fax` varchar(255) DEFAULT NULL COMMENT 'Fax',
  `region` varchar(255) DEFAULT NULL COMMENT 'Region',
  `postcode` varchar(255) DEFAULT NULL COMMENT 'Postcode',
  `lastname` varchar(255) DEFAULT NULL COMMENT 'Lastname',
  `street` varchar(255) DEFAULT NULL COMMENT 'Street',
  `city` varchar(255) DEFAULT NULL COMMENT 'City',
  `email` varchar(255) DEFAULT NULL COMMENT 'Email',
  `telephone` varchar(255) DEFAULT NULL COMMENT 'Phone Number',
  `country_id` varchar(2) DEFAULT NULL COMMENT 'Country ID',
  `firstname` varchar(255) DEFAULT NULL COMMENT 'Firstname',
  `address_type` varchar(255) DEFAULT NULL COMMENT 'Address Type',
  `prefix` varchar(255) DEFAULT NULL COMMENT 'Prefix',
  `middlename` varchar(255) DEFAULT NULL COMMENT 'Middlename',
  `suffix` varchar(255) DEFAULT NULL COMMENT 'Suffix',
  `company` varchar(255) DEFAULT NULL COMMENT 'Company',
  `vat_id` text COMMENT 'Vat ID',
  `vat_is_valid` smallint(6) DEFAULT NULL COMMENT 'Vat Is Valid',
  `vat_request_id` text COMMENT 'Vat Request ID',
  `vat_request_date` text COMMENT 'Vat Request Date',
  `vat_request_success` smallint(6) DEFAULT NULL COMMENT 'Vat Request Success',
  `vertex_vat_country_code` varchar(255) DEFAULT NULL COMMENT 'Vertex Customer Vat Country',
  PRIMARY KEY (`entity_id`),
  KEY `SALES_ORDER_ADDRESS_PARENT_ID` (`parent_id`),
  CONSTRAINT `SALES_ORDER_ADDRESS_PARENT_ID_SALES_ORDER_ENTITY_ID` FOREIGN KEY (`parent_id`) REFERENCES `sales_order` (`entity_id`) ON DELETE CASCADE
) ENGINE=InnoDB AUTO_INCREMENT=145 DEFAULT CHARSET=utf8 COMMENT='Sales Flat Order Address';

--
-- Dumping data for table `sales_order_address`
--

INSERT INTO `sales_order_address` VALUES (1,1,NULL,50,NULL,NULL,NULL,NULL,'123456','themes','asasa\r\nsasa','asasa','tuyenpro@gmail.com','121212121212','TR','alo','shipping',NULL,NULL,NULL,'creative-alo-themes',NULL,NULL,NULL,NULL,NULL,NULL),(2,1,NULL,49,NULL,NULL,NULL,NULL,'123456','themes','asasa\r\nsasa','asasa','tuyenpro@gmail.com','121212121212','TR','alo','billing',NULL,NULL,NULL,'creative-alo-themes',NULL,NULL,NULL,NULL,NULL,NULL),(3,2,NULL,68,NULL,NULL,NULL,NULL,'12345','asas','sasa\r\nsasa','asasa','test@gmail.com','12121212121','VI','asas','shipping',NULL,NULL,NULL,'asasa',NULL,NULL,NULL,NULL,NULL,NULL),(4,2,NULL,67,NULL,NULL,NULL,NULL,'12345','asas','sasa\r\nsasa','asasa','test@gmail.com','12121212121','VI','asas','billing',NULL,NULL,NULL,'asasa',NULL,NULL,NULL,NULL,NULL,NULL),(5,3,NULL,88,NULL,NULL,NULL,NULL,'32323232','Le Quang','assa\r\nsasas','asa','milano@gmail.com','32323232','UG','Tuyen','shipping',NULL,NULL,NULL,'asasa',NULL,NULL,NULL,NULL,NULL,NULL),(6,3,NULL,87,NULL,NULL,NULL,NULL,'32323232','Le Quang','assa\r\nsasas','asa','milano@gmail.com','32323232','UG','Tuyen','billing',NULL,NULL,NULL,'asasa',NULL,NULL,NULL,NULL,NULL,NULL),(7,4,NULL,100,NULL,NULL,NULL,NULL,'32323232','Le Quang','assa\r\nsasas','asa','milano@gmail.com','32323232','UG','Tuyen','shipping',NULL,NULL,NULL,'asasa',NULL,NULL,NULL,NULL,NULL,NULL),(8,4,NULL,101,NULL,NULL,NULL,NULL,'32323232','Le Quang','assa\r\nsasas','asa','milano@gmail.com','32323232','UG','Tuyen','billing',NULL,NULL,NULL,'asasa',NULL,NULL,NULL,NULL,NULL,NULL),(9,5,NULL,153,1,NULL,NULL,'Alabama','07624','Trinidad','28220 Harrington Avenue','Closter','jutescycle@me.com','7138599627','US','Brian','shipping',NULL,NULL,NULL,NULL,NULL,NULL,NULL,NULL,NULL,NULL),(10,5,NULL,154,1,NULL,NULL,'Alabama','07624','Trinidad','28220 Harrington Avenue','Closter','jutescycle@me.com','7138599627','US','Brian','billing',NULL,NULL,NULL,NULL,NULL,NULL,NULL,NULL,NULL,NULL),(11,6,NULL,168,542,NULL,NULL,'Delhi','110020','a','a\na\na','New Delhi','singhvarun844@gmail.com','9999999999','IN','a','shipping',NULL,NULL,NULL,'PC Solutions Pvt Ltd',NULL,NULL,NULL,NULL,NULL,NULL),(12,6,NULL,169,542,NULL,NULL,'Delhi','110020','a','a\na\na','New Delhi','singhvarun844@gmail.com','9999999999','IN','a','billing',NULL,NULL,NULL,'PC Solutions Pvt Ltd',NULL,NULL,NULL,NULL,NULL,NULL),(13,7,NULL,191,NULL,NULL,NULL,NULL,'121212','admin','asa\nasasa\nasas','sasa','admin@gmail.com','1212121','AE','admin','shipping',NULL,NULL,NULL,'admin',NULL,NULL,NULL,NULL,NULL,NULL),(14,7,NULL,192,NULL,NULL,NULL,NULL,'121212','admin','asa\nasasa\nasas','sasa','admin@gmail.com','1212121','AE','admin','billing',NULL,NULL,NULL,'admin',NULL,NULL,NULL,NULL,NULL,NULL),(15,8,NULL,194,NULL,NULL,NULL,NULL,'212121','admin','asasa\nasas\nasasa','asasa','admin@gmail.com','1212121','TZ','admin','shipping',NULL,NULL,NULL,'ddsds',NULL,NULL,NULL,NULL,NULL,NULL),(16,8,NULL,195,NULL,NULL,NULL,NULL,'212121','admin','asasa\nasas\nasasa','asasa','admin@gmail.com','1212121','TZ','admin','billing',NULL,NULL,NULL,'ddsds',NULL,NULL,NULL,NULL,NULL,NULL),(17,9,NULL,265,NULL,NULL,NULL,NULL,'test','test','test','test','postmaster@hemplaza.eu','testset','TZ','tet','shipping',NULL,NULL,NULL,NULL,NULL,NULL,NULL,NULL,NULL,NULL),(18,9,NULL,266,NULL,NULL,NULL,NULL,'test','test','test','test','postmaster@hemplaza.eu','testset','TZ','tet','billing',NULL,NULL,NULL,NULL,NULL,NULL,NULL,NULL,NULL,NULL),(19,10,NULL,512,NULL,NULL,NULL,NULL,'12-123','ewfwFE','gergaeg','aregaerg','adada@dsf.ig','+48123123123','PL','ffwef','shipping',NULL,NULL,NULL,'WEFw',NULL,NULL,NULL,NULL,NULL,NULL),(20,10,NULL,513,NULL,NULL,NULL,NULL,'12-123','ewfwFE','gergaeg','aregaerg','adada@dsf.ig','+48123123123','PL','ffwef','billing',NULL,NULL,NULL,'WEFw',NULL,NULL,NULL,NULL,NULL,NULL),(21,11,2,599,NULL,NULL,NULL,'BG','100000','Dong','Ha Noi','Ha Noi','test@gmail.com','0987654321','VN','Nguyen','shipping',NULL,NULL,NULL,'SP',NULL,NULL,NULL,NULL,NULL,NULL),(22,11,NULL,600,NULL,NULL,NULL,'BG','100000','Dong','Ha Noi','Ha Noi','test@gmail.com','0987654321','VN','Nguyen','billing',NULL,NULL,NULL,'SP',NULL,NULL,NULL,NULL,NULL,NULL),(23,12,2,602,NULL,NULL,NULL,'BG','100000','Dong','Ha Noi','Ha Noi','test@gmail.com','0987654321','VN','Nguyen','shipping',NULL,NULL,NULL,'SP',NULL,NULL,NULL,NULL,NULL,NULL),(24,12,2,609,NULL,NULL,NULL,'BG','100000','Dong','Ha Noi','Ha Noi','test@gmail.com','0987654321','VN','Nguyen','billing',NULL,NULL,NULL,'SP',NULL,NULL,NULL,NULL,NULL,NULL),(25,13,NULL,669,340,NULL,NULL,'Harjumaa','12345','dfsgdgfs','gfhghf','gfdhghf','lauri@ids.ee','+37212345','EE','dfsgdgfs','shipping',NULL,NULL,NULL,'dfsgdgfs',NULL,NULL,NULL,NULL,NULL,NULL),(26,13,NULL,670,340,NULL,NULL,'Harjumaa','12345','dfsgdgfs','gfhghf','gfdhghf','lauri@ids.ee','+37212345','EE','dfsgdgfs','billing',NULL,NULL,NULL,'dfsgdgfs',NULL,NULL,NULL,NULL,NULL,NULL),(27,14,NULL,704,18,NULL,NULL,'Florida','33108','Popoff','Ave ce','Miami ','krutoymax@hotmail.com','70664323','US','Max','shipping',NULL,NULL,NULL,NULL,NULL,NULL,NULL,NULL,NULL,NULL),(28,14,NULL,705,18,NULL,NULL,'Florida','33108','Popoff','Ave ce','Miami ','krutoymax@hotmail.com','70664323','US','Max','billing',NULL,NULL,NULL,NULL,NULL,NULL,NULL,NULL,NULL,NULL),(29,15,NULL,735,NULL,NULL,NULL,NULL,'3093','ميساء','طريق الأفران كلم 6.5','صفاقس','maysamtibaa@gmail.com','53931621','TN','المطيبع','billing',NULL,NULL,NULL,NULL,NULL,NULL,NULL,NULL,NULL,NULL),(30,16,NULL,763,14,NULL,NULL,'Connecticut','103458','paulo','paulo','soapaulo','paulo@paulo.com','1123456789','US','paulo','shipping',NULL,NULL,NULL,'paulo',NULL,NULL,NULL,NULL,NULL,NULL),(31,16,NULL,764,14,NULL,NULL,'Connecticut','103458','paulo','paulo','soapaulo','paulo@paulo.com','1123456789','US','paulo','billing',NULL,NULL,NULL,'paulo',NULL,NULL,NULL,NULL,NULL,NULL),(32,17,NULL,1028,563,NULL,NULL,'Tamil Nadu','636004','Kuppusamy','Near IMA Hall','Salem','selvarajmca.k@gmail.com','07667208474','IN','Selvaraj','shipping',NULL,NULL,NULL,'Software',NULL,NULL,NULL,NULL,NULL,NULL),(33,17,NULL,1030,563,NULL,NULL,'Tamil Nadu','636004','Kuppusamy','Near IMA Hall','Salem','selvarajmca.k@gmail.com','07667208474','IN','Selvaraj','billing',NULL,NULL,NULL,'Software',NULL,NULL,NULL,NULL,NULL,NULL),(34,18,NULL,1207,563,NULL,NULL,'Tamil Nadu','641604','S','123','Tiruppur','online@thechennaisilks.com','80566634999','IN','Karthikeyan','shipping',NULL,NULL,NULL,'TCS',NULL,NULL,NULL,NULL,NULL,NULL),(35,18,NULL,1209,563,NULL,NULL,'Tamil Nadu','641604','S','123','Tiruppur','online@thechennaisilks.com','80566634999','IN','Karthikeyan','billing',NULL,NULL,NULL,'TCS',NULL,NULL,NULL,NULL,NULL,NULL),(36,19,NULL,1217,542,NULL,NULL,'Delhi','110001','Thinkers','1234\n1234','delhi','anujrishi@yahoo.com','1234567890','IN','Web','shipping',NULL,NULL,NULL,'Webthinkers',NULL,NULL,NULL,NULL,NULL,NULL),(37,19,NULL,1220,542,NULL,NULL,'Delhi','110001','Thinkers','1234\n1234','delhi','anujrishi@yahoo.com','1234567890','IN','Web','billing',NULL,NULL,NULL,'Webthinkers',NULL,NULL,NULL,NULL,NULL,NULL),(38,20,NULL,1252,52,NULL,NULL,'Puerto Rico','12345','poqiweur','12','london','ourour@hotmail.com','123412562','US','poiuwer','shipping',NULL,NULL,NULL,NULL,NULL,NULL,NULL,NULL,NULL,NULL),(39,20,NULL,1254,52,NULL,NULL,'Puerto Rico','12345','poqiweur','12','london','ourour@hotmail.com','123412562','US','poiuwer','billing',NULL,NULL,NULL,NULL,NULL,NULL,NULL,NULL,NULL,NULL),(40,21,NULL,1284,NULL,NULL,NULL,NULL,'59000','aaa','aaaa','aa','martkto@yopmail.com','0000000000','FR','aaa','shipping',NULL,NULL,NULL,'aaa',NULL,NULL,NULL,NULL,NULL,NULL),(41,21,NULL,1286,NULL,NULL,NULL,NULL,'59000','aaa','aaaa','aa','martkto@yopmail.com','0000000000','FR','aaa','billing',NULL,NULL,NULL,'aaa',NULL,NULL,NULL,NULL,NULL,NULL),(42,22,NULL,1366,25,NULL,NULL,'Iowa','12345-6789','singh','khanna\nkhanna\nkhanna','lowa','psjallah1@gmail.com','9781412936','US','parvinder','shipping',NULL,NULL,NULL,NULL,NULL,NULL,NULL,NULL,NULL,NULL),(43,22,NULL,1368,25,NULL,NULL,'Iowa','12345-6789','singh','khanna\nkhanna\nkhanna','lowa','psjallah1@gmail.com','9781412936','US','parvinder','billing',NULL,NULL,NULL,NULL,NULL,NULL,NULL,NULL,NULL,NULL),(44,23,NULL,1384,NULL,NULL,NULL,NULL,'4600','Castro','Tv. de Cramarinhos, 186\nTv. de Cramarinhos, 186','Porto','navdip@gmail.com','11156516516516','PT','Joao','shipping',NULL,NULL,NULL,NULL,NULL,NULL,NULL,NULL,NULL,NULL),(45,23,NULL,1386,NULL,NULL,NULL,NULL,'4600','Castro','Tv. de Cramarinhos, 186\nTv. de Cramarinhos, 186','Porto','navdip@gmail.com','11156516516516','PT','Joao','billing',NULL,NULL,NULL,NULL,NULL,NULL,NULL,NULL,NULL,NULL),(46,24,NULL,1532,NULL,NULL,NULL,NULL,'12345','AWAAD','98st sad zaghlol saqyt meki giza egypt\n98st sad zaghlol saqyt meki giza egypt','cairo','admin@example.com','01017523301','EG','ALI','shipping',NULL,NULL,NULL,NULL,NULL,NULL,NULL,NULL,NULL,NULL),(47,24,NULL,1534,NULL,NULL,NULL,NULL,'12345','AWAAD','98st sad zaghlol saqyt meki giza egypt\n98st sad zaghlol saqyt meki giza egypt','cairo','admin@example.com','01017523301','EG','ALI','billing',NULL,NULL,NULL,NULL,NULL,NULL,NULL,NULL,NULL,NULL),(48,25,NULL,1571,5,NULL,NULL,'Arkansas','55555','Njjj','Nnjjjj','Jjjjgf','test@test.com','0906544654334','US','Hhh','shipping',NULL,NULL,NULL,NULL,NULL,NULL,NULL,NULL,NULL,NULL),(49,25,NULL,1573,5,NULL,NULL,'Arkansas','55555','Njjj','Nnjjjj','Jjjjgf','test@test.com','0906544654334','US','Hhh','billing',NULL,NULL,NULL,NULL,NULL,NULL,NULL,NULL,NULL,NULL),(50,26,NULL,1580,4,NULL,NULL,'Arizona','23233','dsds','dsd\ndsds','dsds','sas@dds.com','8108989891','US','dsd','shipping',NULL,NULL,NULL,'dsdsd',NULL,NULL,NULL,NULL,NULL,NULL),(51,26,NULL,1582,4,NULL,NULL,'Arizona','23233','dsds','dsd\ndsds','dsds','sas@dds.com','8108989891','US','dsd','billing',NULL,NULL,NULL,'dsdsd',NULL,NULL,NULL,NULL,NULL,NULL),(52,27,NULL,1612,58,NULL,NULL,'Utah','84078','r','511 W Main St. Vernal, UT 84078','Vernal','ashwini.reddy@esegna.com','0987654321','US','ashwini','shipping',NULL,NULL,NULL,NULL,NULL,NULL,NULL,NULL,NULL,NULL),(53,27,NULL,1614,58,NULL,NULL,'Utah','84078','r','511 W Main St. Vernal, UT 84078','Vernal','ashwini.reddy@esegna.com','0987654321','US','ashwini','billing',NULL,NULL,NULL,NULL,NULL,NULL,NULL,NULL,NULL,NULL),(54,28,NULL,1616,58,NULL,NULL,'Utah','84078','r','511 W Main St. Vernal, UT 84078','Vernal','ashwini.reddy@esegna.com','0987654321','US','ashwini','shipping',NULL,NULL,NULL,NULL,NULL,NULL,NULL,NULL,NULL,NULL),(55,28,NULL,1618,58,NULL,NULL,'Utah','84078','r','511 W Main St. Vernal, UT 84078','Vernal','ashwini.reddy@esegna.com','0987654321','US','ashwini','billing',NULL,NULL,NULL,NULL,NULL,NULL,NULL,NULL,NULL,NULL),(56,29,NULL,1638,58,NULL,NULL,'Utah','84078','r','511 W Main St. Vernal, UT 84078','Vernal','ashwini.reddy@esegna.com','0987654321','US','ashwini','shipping',NULL,NULL,NULL,NULL,NULL,NULL,NULL,NULL,NULL,NULL),(57,29,NULL,1640,58,NULL,NULL,'Utah','84078','r','511 W Main St. Vernal, UT 84078','Vernal','ashwini.reddy@esegna.com','0987654321','US','ashwini','billing',NULL,NULL,NULL,NULL,NULL,NULL,NULL,NULL,NULL,NULL),(58,30,NULL,1642,58,NULL,NULL,'Utah','84078','r','511 W Main St. Vernal, UT 84078','Vernal','ashwini.reddy@esegna.com','0987654321','US','ashwini','shipping',NULL,NULL,NULL,NULL,NULL,NULL,NULL,NULL,NULL,NULL),(59,30,NULL,1644,58,NULL,NULL,'Utah','84078','r','511 W Main St. Vernal, UT 84078','Vernal','ashwini.reddy@esegna.com','0987654321','US','ashwini','billing',NULL,NULL,NULL,NULL,NULL,NULL,NULL,NULL,NULL,NULL),(60,31,NULL,1684,76,NULL,NULL,'Quebec','56562','skfksfhskjdh','dfgdffd','sfdsdf','ghgjghfghjh@ksjkshskj.com','56565484654','CA','sldjkfskfhk','shipping',NULL,NULL,NULL,'lksslkfhsk',NULL,NULL,NULL,NULL,NULL,NULL),(61,31,NULL,1686,76,NULL,NULL,'Quebec','56562','skfksfhskjdh','dfgdffd','sfdsdf','ghgjghfghjh@ksjkshskj.com','56565484654','CA','sldjkfskfhk','billing',NULL,NULL,NULL,'lksslkfhsk',NULL,NULL,NULL,NULL,NULL,NULL),(62,32,3,1714,3,NULL,NULL,'American Samoa','12345','test','234\n1231\n234','12345','oxxygen97@gmail.com','123','US','test','shipping',NULL,NULL,NULL,NULL,NULL,NULL,NULL,NULL,NULL,NULL),(63,32,NULL,1718,3,NULL,NULL,'American Samoa','12345','test','234\n1231\n234','12345','oxxygen97@gmail.com','123','US','test','billing',NULL,NULL,NULL,NULL,NULL,NULL,NULL,NULL,NULL,NULL),(64,33,NULL,1856,1,NULL,NULL,'Alabama','91103','sdfg','sdgf\nsdgf\nsdfg','sgdf','ourira@hotmail.com','0754000000','US','sdfgs','billing',NULL,NULL,NULL,'sfg',NULL,NULL,NULL,NULL,NULL,NULL),(65,34,NULL,1866,2,NULL,NULL,'Alaska','12036',';alskdfj ','a;lsdkfj','a;ksdfn ','oqiwure@hotmailj.com','074300002000002','US','a;sldjf ','shipping',NULL,NULL,NULL,NULL,NULL,NULL,NULL,NULL,NULL,NULL),(66,34,NULL,1870,2,NULL,NULL,'Alaska','12036',';alskdfj ','a;lsdkfj','a;ksdfn ','oqiwure@hotmailj.com','074300002000002','US','a;sldjf ','billing',NULL,NULL,NULL,NULL,NULL,NULL,NULL,NULL,NULL,NULL),(67,35,NULL,1869,2,NULL,NULL,'Alaska','N12 9UE','Petrova','Flat 2\nHenley House','London','marinapetrova07@gmail.com','07506568172','US','Marina','shipping',NULL,NULL,NULL,NULL,NULL,NULL,NULL,NULL,NULL,NULL),(68,35,NULL,1872,2,NULL,NULL,'Alaska','N12 9UE','Petrova','Flat 2\nHenley House','London','marinapetrova07@gmail.com','07506568172','US','Marina','billing',NULL,NULL,NULL,NULL,NULL,NULL,NULL,NULL,NULL,NULL),(69,36,NULL,1874,NULL,NULL,NULL,NULL,'N10 1LP','Price','Top Floor\n12 Greenham Road','London','ksjfdghf@hotmail.com','07540374395','GB','Irina','shipping',NULL,NULL,NULL,NULL,NULL,NULL,NULL,NULL,NULL,NULL),(70,36,NULL,1876,NULL,NULL,NULL,NULL,'N10 1LP','Price','Top Floor\n12 Greenham Road','London','ksjfdghf@hotmail.com','07540374395','GB','Irina','billing',NULL,NULL,NULL,NULL,NULL,NULL,NULL,NULL,NULL,NULL),(71,37,NULL,2028,NULL,NULL,NULL,'New Territories','00000','Ko','test','Kwai Chung','billko@visibleone.com','+85292291057','HK','Bill','shipping',NULL,NULL,NULL,NULL,NULL,NULL,NULL,NULL,NULL,NULL),(72,37,NULL,2030,NULL,NULL,NULL,'New Territories','00000','Ko','test','Kwai Chung','billko@visibleone.com','+85292291057','HK','Bill','billing',NULL,NULL,NULL,NULL,NULL,NULL,NULL,NULL,NULL,NULL),(73,38,NULL,2168,NULL,NULL,NULL,NULL,NULL,'test1','test 77\n102','trust','test@gmail.com','5408778344','GB','test','shipping',NULL,NULL,NULL,NULL,NULL,NULL,NULL,NULL,NULL,NULL),(74,38,NULL,2170,NULL,NULL,NULL,NULL,NULL,'test1','test 77\n102','trust','test@gmail.com','5408778344','GB','test','billing',NULL,NULL,NULL,NULL,NULL,NULL,NULL,NULL,NULL,NULL),(75,39,NULL,2212,43,NULL,NULL,'New York','10080','cleofas','new york\nss','new new','shadneycleofas@gmail.com','9724866021','US','shadney','shipping',NULL,NULL,NULL,'wemsap',NULL,NULL,NULL,NULL,NULL,NULL),(76,39,NULL,2214,43,NULL,NULL,'New York','10080','cleofas','new york\nss','new new','shadneycleofas@gmail.com','9724866021','US','shadney','billing',NULL,NULL,NULL,'wemsap',NULL,NULL,NULL,NULL,NULL,NULL),(77,40,NULL,2328,NULL,NULL,NULL,NULL,'256','David','Kampala Uganda','Kampala','mwesigwa@dmarkmobile.com','2567887387ee3e398','UG','mwesigwa','shipping',NULL,NULL,NULL,'dmark',NULL,NULL,NULL,NULL,NULL,NULL),(78,40,NULL,2329,NULL,NULL,NULL,NULL,'256','David','Kampala Uganda','Kampala','mwesigwa@dmarkmobile.com','2567887387ee3e398','UG','mwesigwa','billing',NULL,NULL,NULL,'dmark',NULL,NULL,NULL,NULL,NULL,NULL),(79,41,NULL,2335,NULL,NULL,NULL,'callao','07006','VEGA','jr loreto 107','callao','paulmax951@gmail.com','921883986','PE','PAUL','shipping',NULL,NULL,NULL,'None',NULL,NULL,NULL,NULL,NULL,NULL),(80,41,NULL,2336,NULL,NULL,NULL,'callao','07006','VEGA','jr loreto 107','callao','paulmax951@gmail.com','921883986','PE','PAUL','billing',NULL,NULL,NULL,'None',NULL,NULL,NULL,NULL,NULL,NULL),(81,42,NULL,2352,NULL,NULL,NULL,NULL,'70000','Le','An Duong vuong, district 5\nAn Duong vuong, district 5','Ho Chi Minh','info@solutiontutorials.com','+841269866591','VN','Hoang','shipping',NULL,NULL,NULL,'Hoang',NULL,NULL,NULL,NULL,NULL,NULL),(82,42,NULL,2353,NULL,NULL,NULL,NULL,'70000','Le','An Duong vuong, district 5\nAn Duong vuong, district 5','Ho Chi Minh','info@solutiontutorials.com','+841269866591','VN','Hoang','billing',NULL,NULL,NULL,'Hoang',NULL,NULL,NULL,NULL,NULL,NULL),(83,43,NULL,2409,18,NULL,NULL,'Florida','33326','Calicchia','1319 St Tropez Circle APT 1206\nAPT 1206','WESTON','calicchia.filomena@gmail.com','9549400306','US','Maria','shipping',NULL,NULL,NULL,'ADVERWEB CONSULTING GROUP INC',NULL,NULL,NULL,NULL,NULL,NULL),(84,43,NULL,2410,18,NULL,NULL,'Florida','33326','Calicchia','1319 St Tropez Circle APT 1206\nAPT 1206','WESTON','calicchia.filomena@gmail.com','9549400306','US','Maria','billing',NULL,NULL,NULL,'ADVERWEB CONSULTING GROUP INC',NULL,NULL,NULL,NULL,NULL,NULL),(85,44,NULL,2418,5,NULL,NULL,'Arkansas','32323','faef','fzfsz','zfzs','wqrqwr@sss.lv','1231231','US','szf','shipping',NULL,NULL,NULL,NULL,NULL,NULL,NULL,NULL,NULL,NULL),(86,44,NULL,2419,5,NULL,NULL,'Arkansas','32323','faef','fzfsz','zfzs','wqrqwr@sss.lv','1231231','US','szf','billing',NULL,NULL,NULL,NULL,NULL,NULL,NULL,NULL,NULL,NULL),(87,45,NULL,2471,11,NULL,NULL,'Armed Forces Pacific','45678','ghimire','kalanki\nnaikap\nnewdiamond','xatra','kushalgrg904@gmail.com','9876548353','US','kushal','shipping',NULL,NULL,NULL,'fashion',NULL,NULL,NULL,NULL,NULL,NULL),(88,45,NULL,2472,11,NULL,NULL,'Armed Forces Pacific','45678','ghimire','kalanki\nnaikap\nnewdiamond','xatra','kushalgrg904@gmail.com','9876548353','US','kushal','billing',NULL,NULL,NULL,'fashion',NULL,NULL,NULL,NULL,NULL,NULL),(89,46,NULL,2624,13,NULL,NULL,'Colorado','80113','mmmm','1905 paaaa dr','englewood','eeee@aol.com','0000000000','US','eee','shipping',NULL,NULL,NULL,NULL,NULL,NULL,NULL,NULL,NULL,NULL),(90,46,NULL,2625,13,NULL,NULL,'Colorado','80113','mmmm','1905 paaaa dr','englewood','eeee@aol.com','0000000000','US','eee','billing',NULL,NULL,NULL,NULL,NULL,NULL,NULL,NULL,NULL,NULL),(91,47,NULL,2659,508,NULL,NULL,'São Paulo','09290-410','souza','Rua Guaxinduva\n509','Santo André','tuliosouza@hotmail.com','11954960721','BR','tulio','shipping',NULL,NULL,NULL,NULL,NULL,NULL,NULL,NULL,NULL,NULL),(92,47,NULL,2660,508,NULL,NULL,'São Paulo','09290-410','souza','Rua Guaxinduva\n509','Santo André','tuliosouza@hotmail.com','11954960721','BR','tulio','billing',NULL,NULL,NULL,NULL,NULL,NULL,NULL,NULL,NULL,NULL),(93,48,NULL,2662,NULL,NULL,NULL,NULL,'POBox 119','vattakandy','Ebrahim K Kanoo BSC c','Manam,a','nafsinvk@gmail.com','34050752','BH','Nafsin','shipping',NULL,NULL,NULL,NULL,NULL,NULL,NULL,NULL,NULL,NULL),(94,48,NULL,2663,NULL,NULL,NULL,NULL,'POBox 119','vattakandy','Ebrahim K Kanoo BSC c','Manam,a','nafsinvk@gmail.com','34050752','BH','Nafsin','billing',NULL,NULL,NULL,NULL,NULL,NULL,NULL,NULL,NULL,NULL),(95,49,NULL,2675,537,NULL,NULL,'Bihar','201301','BHUSHAN','W-141, FIRST FLOOR, SECTOR-12','NOIDA','cb8022@gmail.com','09717288664','IN','CHANDRA','shipping',NULL,NULL,NULL,'fertrwe',NULL,NULL,NULL,NULL,NULL,NULL),(96,49,NULL,2676,537,NULL,NULL,'Bihar','201301','BHUSHAN','W-141, FIRST FLOOR, SECTOR-12','NOIDA','cb8022@gmail.com','09717288664','IN','CHANDRA','billing',NULL,NULL,NULL,'fertrwe',NULL,NULL,NULL,NULL,NULL,NULL),(97,50,NULL,2718,12,NULL,NULL,'California','33343','eee','eeee','eee','qwert@wert.com','1234567890','US','eee','shipping',NULL,NULL,NULL,NULL,NULL,NULL,NULL,NULL,NULL,NULL),(98,50,NULL,2719,12,NULL,NULL,'California','33343','eee','eeee','eee','qwert@wert.com','1234567890','US','eee','billing',NULL,NULL,NULL,NULL,NULL,NULL,NULL,NULL,NULL,NULL),(99,51,NULL,2814,NULL,NULL,NULL,'bdfggfsdg','bg','59','cdsvdf\nfgdb','gfdbgdfb','kunwar@ehues.com','580016','UA','birra','shipping',NULL,NULL,NULL,'ehues-',NULL,NULL,NULL,NULL,NULL,NULL),(100,51,NULL,2815,NULL,NULL,NULL,'bdfggfsdg','bg','59','cdsvdf\nfgdb','gfdbgdfb','kunwar@ehues.com','580016','UA','birra','billing',NULL,NULL,NULL,'ehues-',NULL,NULL,NULL,NULL,NULL,NULL),(101,52,NULL,2831,2,NULL,NULL,'Alaska','6789','Muster','Maxgasse','oregon','info@procavallo.de','3646234','US','Tina','shipping',NULL,NULL,NULL,NULL,NULL,NULL,NULL,NULL,NULL,NULL),(102,52,NULL,2832,2,NULL,NULL,'Alaska','6789','Muster','Maxgasse','oregon','info@procavallo.de','3646234','US','Tina','billing',NULL,NULL,NULL,NULL,NULL,NULL,NULL,NULL,NULL,NULL),(103,53,NULL,3072,570,NULL,NULL,'New South Wales','2000','test','123\nhome st','Sydnay','pete@example.com','0488654987','AU','Pete','shipping',NULL,NULL,NULL,NULL,NULL,NULL,NULL,NULL,NULL,NULL),(104,53,NULL,3073,570,NULL,NULL,'New South Wales','2000','test','123\nhome st','Sydnay','pete@example.com','0488654987','AU','Pete','billing',NULL,NULL,NULL,NULL,NULL,NULL,NULL,NULL,NULL,NULL),(105,54,NULL,3077,549,NULL,NULL,'Karnataka','560080','Dohe','1111\n11','Bangalore','praveen.dohe@6thstreet.com','123456788','IN','PRaveen','shipping',NULL,NULL,NULL,'BHPC',NULL,NULL,NULL,NULL,NULL,NULL),(106,54,NULL,3078,549,NULL,NULL,'Karnataka','560080','Dohe','1111\n11','Bangalore','praveen.dohe@6thstreet.com','123456788','IN','PRaveen','billing',NULL,NULL,NULL,'BHPC',NULL,NULL,NULL,NULL,NULL,NULL),(107,55,NULL,3135,1,NULL,NULL,'Alabama','54950','Amjad','ST 8 RASOOL PARK SHAHDRA LAHORE PAKISTAN','Punjab','ammadamjad60@gmail.com','3214371030','US','Ammad','billing',NULL,NULL,NULL,'Zetaecommerce',NULL,NULL,NULL,NULL,NULL,NULL),(108,56,NULL,3145,549,NULL,NULL,'Karnataka','560085','hffdh','ghgh','hghgh','myvillagebasket@aol.com','3333333333','IN','fghghfgh','shipping',NULL,NULL,NULL,NULL,NULL,NULL,NULL,NULL,NULL,NULL),(109,56,NULL,3146,549,NULL,NULL,'Karnataka','560085','hffdh','ghgh','hghgh','myvillagebasket@aol.com','3333333333','IN','fghghfgh','billing',NULL,NULL,NULL,NULL,NULL,NULL,NULL,NULL,NULL,NULL),(110,57,4,3196,131,NULL,NULL,'Alava','12345','Test','test','test','fsolans@semic.es','12345','ES','Semic','shipping',NULL,NULL,NULL,NULL,NULL,NULL,NULL,NULL,NULL,NULL),(111,57,NULL,3197,131,NULL,NULL,'Alava','12345','Test','test','test','fsolans@semic.es','12345','ES','Semic','billing',NULL,NULL,NULL,NULL,NULL,NULL,NULL,NULL,NULL,NULL),(112,58,NULL,3241,NULL,NULL,NULL,NULL,'2141515','Gul','hjhkh\nij;oj','kkl','drumbaram@mail.ru','897658887655','AE','Nik','shipping',NULL,NULL,NULL,NULL,NULL,NULL,NULL,NULL,NULL,NULL),(113,58,NULL,3242,NULL,NULL,NULL,NULL,'2141515','Gul','hjhkh\nij;oj','kkl','drumbaram@mail.ru','897658887655','AE','Nik','billing',NULL,NULL,NULL,NULL,NULL,NULL,NULL,NULL,NULL,NULL),(114,59,NULL,3254,17,NULL,NULL,'Federated States Of Micronesia','23232','Patel','99','test','sandip.baviskar@gmail.com','1234567890','US','Rahul','shipping',NULL,NULL,NULL,NULL,NULL,NULL,NULL,NULL,NULL,NULL),(115,59,NULL,3255,17,NULL,NULL,'Federated States Of Micronesia','23232','Patel','99','test','sandip.baviskar@gmail.com','1234567890','US','Rahul','billing',NULL,NULL,NULL,NULL,NULL,NULL,NULL,NULL,NULL,NULL),(116,60,5,3284,100,NULL,NULL,'Steiermark','8630','GmbH','Grazer Straße 21','Mariazell','christina.krautgartner@ledacolor.com','06764324553','AT','Ledacolor','billing',NULL,NULL,NULL,'Ledacolor GmbH',NULL,NULL,NULL,NULL,NULL,NULL),(117,61,NULL,3318,NULL,NULL,NULL,'Shat','13500','sahaban','1231','sharq','moh@gmail.com','90025529','KW','mohamed','shipping',NULL,NULL,NULL,'123123',NULL,NULL,NULL,NULL,NULL,NULL),(118,61,NULL,3319,NULL,NULL,NULL,'Shat','13500','sahaban','1231','sharq','moh@gmail.com','90025529','KW','mohamed','billing',NULL,NULL,NULL,'123123',NULL,NULL,NULL,NULL,NULL,NULL),(119,62,NULL,3321,NULL,NULL,NULL,'sharq','15300','sha','123123','sharq','moh@gmail.com','90025529','KW','mohamed','shipping',NULL,NULL,NULL,'sharq',NULL,NULL,NULL,NULL,NULL,NULL),(120,62,NULL,3322,NULL,NULL,NULL,'sharq','15300','sha','123123','sharq','moh@gmail.com','90025529','KW','mohamed','billing',NULL,NULL,NULL,'sharq',NULL,NULL,NULL,NULL,NULL,NULL),(121,63,NULL,3324,NULL,NULL,NULL,'wfdwre','15300','shaba','sdfs','sdfs','moh@gmail.com','90025529','KW','mohamed','shipping',NULL,NULL,NULL,'shsh',NULL,NULL,NULL,NULL,NULL,NULL),(122,63,NULL,3325,NULL,NULL,NULL,'wfdwre','15300','shaba','sdfs','sdfs','moh@gmail.com','90025529','KW','mohamed','billing',NULL,NULL,NULL,'shsh',NULL,NULL,NULL,NULL,NULL,NULL),(123,64,NULL,3327,NULL,NULL,NULL,'sshhh','15300','shab','iuiuihiu','hhh','moh@gmail.com','90025529','KW','mohame','shipping',NULL,NULL,NULL,'hiuh',NULL,NULL,NULL,NULL,NULL,NULL),(124,64,NULL,3328,NULL,NULL,NULL,'sshhh','15300','shab','iuiuihiu','hhh','moh@gmail.com','90025529','KW','mohame','billing',NULL,NULL,NULL,'hiuh',NULL,NULL,NULL,NULL,NULL,NULL),(125,65,NULL,3330,NULL,NULL,NULL,'sharq','15300','sha','iojio','sjagg','moh@gmail.com','90025529','KW','mohamed','shipping',NULL,NULL,NULL,'jjojoi',NULL,NULL,NULL,NULL,NULL,NULL),(126,65,NULL,3331,NULL,NULL,NULL,'sharq','15300','sha','iojio','sjagg','moh@gmail.com','90025529','KW','mohamed','billing',NULL,NULL,NULL,'jjojoi',NULL,NULL,NULL,NULL,NULL,NULL),(127,66,NULL,3333,NULL,NULL,NULL,'qweqe','15300','momo','123213','ojiojjo','moh@gmail.com','90025529','KW','moo','shipping',NULL,NULL,NULL,'moo',NULL,NULL,NULL,NULL,NULL,NULL),(128,66,NULL,3334,NULL,NULL,NULL,'qweqe','15300','momo','123213','ojiojjo','moh@gmail.com','90025529','KW','moo','billing',NULL,NULL,NULL,'moo',NULL,NULL,NULL,NULL,NULL,NULL),(129,67,NULL,3336,NULL,NULL,NULL,'sdfsf','15300','iijijji','okokok','sdfsf','moh@gmail.com','90025529','KW','imii','shipping',NULL,NULL,NULL,'ijjiij',NULL,NULL,NULL,NULL,NULL,NULL),(130,67,NULL,3337,NULL,NULL,NULL,'sdfsf','15300','iijijji','okokok','sdfsf','moh@gmail.com','90025529','KW','imii','billing',NULL,NULL,NULL,'ijjiij',NULL,NULL,NULL,NULL,NULL,NULL),(131,68,NULL,3339,NULL,NULL,NULL,'joioijjoi','15300','oijoioij','oioijiojoi','oiioj','moh@gmail.com','90025529','KW','jiojoj','shipping',NULL,NULL,NULL,'ojijoi',NULL,NULL,NULL,NULL,NULL,NULL),(132,68,NULL,3340,NULL,NULL,NULL,'joioijjoi','15300','oijoioij','oioijiojoi','oiioj','moh@gmail.com','90025529','KW','jiojoj','billing',NULL,NULL,NULL,'ojijoi',NULL,NULL,NULL,NULL,NULL,NULL),(133,69,NULL,3342,NULL,NULL,NULL,'sodifsfjo','15300','mooo','asdasd','ojiijioj','moh@gmail.com','90025529','KW','mooo','shipping',NULL,NULL,NULL,'mmk',NULL,NULL,NULL,NULL,NULL,NULL),(134,69,NULL,3343,NULL,NULL,NULL,'sodifsfjo','15300','mooo','asdasd','ojiijioj','moh@gmail.com','90025529','KW','mooo','billing',NULL,NULL,NULL,'mmk',NULL,NULL,NULL,NULL,NULL,NULL),(135,70,NULL,3345,NULL,NULL,NULL,'iihih','15300','jijijj','ojjiojoi','iuui','moh@gail.com','900252299','KW','iji','shipping',NULL,NULL,NULL,'jijijijo',NULL,NULL,NULL,NULL,NULL,NULL),(136,70,NULL,3346,NULL,NULL,NULL,'iihih','15300','jijijj','ojjiojoi','iuui','moh@gail.com','900252299','KW','iji','billing',NULL,NULL,NULL,'jijijijo',NULL,NULL,NULL,NULL,NULL,NULL),(137,71,NULL,3348,NULL,NULL,NULL,'sdfsf','5300','iijij','sdfs','sdfsf','moh@gma.com','90025529','KW','mimim','shipping',NULL,NULL,NULL,'sdfds',NULL,NULL,NULL,NULL,NULL,NULL),(138,71,NULL,3349,NULL,NULL,NULL,'sdfsf','5300','iijij','sdfs','sdfsf','moh@gma.com','90025529','KW','mimim','billing',NULL,NULL,NULL,'sdfds',NULL,NULL,NULL,NULL,NULL,NULL),(139,72,NULL,3351,NULL,NULL,NULL,'sdfsf','15300','iimim','iimmi','sdfsdf','mh@gm.com','90025529','KW','mim','shipping',NULL,NULL,NULL,'mmmiim',NULL,NULL,NULL,NULL,NULL,NULL),(140,72,NULL,3352,NULL,NULL,NULL,'sdfsf','15300','iimim','iimmi','sdfsdf','mh@gm.com','90025529','KW','mim','billing',NULL,NULL,NULL,'mmmiim',NULL,NULL,NULL,NULL,NULL,NULL),(141,73,NULL,3354,NULL,NULL,NULL,'sdfsf','15300','ss','fsdf','sdfsdf','moh@gm.com','90025529','KW','moh','shipping',NULL,NULL,NULL,'sdfsf',NULL,NULL,NULL,NULL,NULL,NULL),(142,73,NULL,3355,NULL,NULL,NULL,'sdfsf','15300','ss','fsdf','sdfsdf','moh@gm.com','90025529','KW','moh','billing',NULL,NULL,NULL,'sdfsf',NULL,NULL,NULL,NULL,NULL,NULL),(143,74,NULL,3365,1116,NULL,NULL,'Doha','12312','sha','fsfsd','dffs','admin123@gm.com','90025529','KW','moh','shipping',NULL,NULL,NULL,'fsfds',NULL,NULL,NULL,NULL,NULL,NULL),(144,74,NULL,3366,1116,NULL,NULL,'Doha','12312','sha','fsfsd','dffs','admin123@gm.com','90025529','KW','moh','billing',NULL,NULL,NULL,'fsfds',NULL,NULL,NULL,NULL,NULL,NULL);

--
