-- Dumping data for table `customer_group`
--

INSERT INTO `customer_group` VALUES (0,'NOT LOGGED IN',3),(1,'General',3),(2,'Wholesale',3),(3,'Retailer',3);

--
-- Table structure for table `customer_group_excluded_website`
--

CREATE TABLE `customer_group_excluded_website` (
  `entity_id` int(10) unsigned NOT NULL AUTO_INCREMENT,
  `customer_group_id` int(10) unsigned NOT NULL COMMENT 'Customer Group ID',
  `website_id` smallint(5) unsigned NOT NULL COMMENT 'Excluded Website ID from Customer Group',
  PRIMARY KEY (`entity_id`),
  KEY `CUSTOMER_GROUP_EXCLUDED_WEBSITE_CUSTOMER_GROUP_ID_WEBSITE_ID` (`customer_group_id`,`website_id`)
) ENGINE=InnoDB DEFAULT CHARSET=utf8 COMMENT='Excluded Websites From Customer Group';

--
-- Dumping data for table `customer_group_excluded_website`
--


--
-- Table structure for table `customer_log`
--

CREATE TABLE `customer_log` (
  `log_id` int(11) NOT NULL AUTO_INCREMENT COMMENT 'Log ID',
  `customer_id` int(11) NOT NULL COMMENT 'Customer ID',
  `last_login_at` timestamp NULL DEFAULT NULL COMMENT 'Last Login Time',
  `last_logout_at` timestamp NULL DEFAULT NULL COMMENT 'Last Logout Time',
  PRIMARY KEY (`log_id`),
  UNIQUE KEY `CUSTOMER_LOG_CUSTOMER_ID` (`customer_id`)
) ENGINE=InnoDB DEFAULT CHARSET=utf8 COMMENT='Customer Log Table';

--
-- Dumping data for table `customer_log`
--


--
-- Table structure for table `customer_visitor`
--

CREATE TABLE `customer_visitor` (
  `visitor_id` bigint(20) unsigned NOT NULL AUTO_INCREMENT COMMENT 'Visitor ID',
  `customer_id` int(11) DEFAULT NULL COMMENT 'Customer ID',
  `session_id` varchar(64) DEFAULT NULL COMMENT 'Session ID',
  `last_visit_at` timestamp NOT NULL DEFAULT CURRENT_TIMESTAMP ON UPDATE CURRENT_TIMESTAMP COMMENT 'Last Visit Time',
  `created_at` timestamp NOT NULL DEFAULT CURRENT_TIMESTAMP COMMENT 'Created At',
  PRIMARY KEY (`visitor_id`),
  KEY `CUSTOMER_VISITOR_CUSTOMER_ID` (`customer_id`),
  KEY `CUSTOMER_VISITOR_LAST_VISIT_AT` (`last_visit_at`)
) ENGINE=InnoDB AUTO_INCREMENT=12 DEFAULT CHARSET=utf8 COMMENT='Visitor Table';

--
-- Dumping data for table `customer_visitor`
--

INSERT INTO `customer_visitor` VALUES (1,NULL,'1o589k4dn38jfuhq2qs05dvsjh','2022-09-08 05:32:12','2022-09-08 05:32:12'),(2,NULL,'irorhlnvib66qala5qlmriml09','2022-09-10 01:13:31','2022-09-10 01:13:31'),(3,NULL,'4ke73rnk7qgbjf4nk7nblbqilp','2022-09-10 20:41:38','2022-09-10 19:32:54'),(4,NULL,'skrs4m45nsn0g7qllkeap4eul6','2022-09-11 00:51:57','2022-09-11 00:51:26'),(5,NULL,'fq6dgjk3449g3i9589jlo4j9b3','2022-09-11 15:40:57','2022-09-11 15:40:57'),(6,NULL,'hsfjfgp8pobm8cdrf16sp4bc7e','2022-09-11 17:05:14','2022-09-11 17:05:14'),(7,NULL,'8jegq22m0dahr5ooq680qgfudf','2022-09-11 21:16:47','2022-09-11 21:15:50'),(8,NULL,'aqfq6323vb9gj1833gicjn9sci','2022-09-11 22:20:03','2022-09-11 22:20:03'),(9,NULL,'mu4n1777km8t6dqvc7lrm2rhbt','2022-09-13 02:26:32','2022-09-13 02:26:30'),(10,NULL,'t0hff9a90d3e9inc3pk38r5kil','2022-09-14 12:15:39','2022-09-14 12:15:39'),(11,NULL,'27fn1m6fbmu3580bf8s7eugugo','2022-09-15 01:36:36','2022-09-15 01:36:36');

--
-- Table structure for table `design_change`
--

CREATE TABLE `design_change` (
  `design_change_id` int(11) NOT NULL AUTO_INCREMENT COMMENT 'Design Change ID',
  `store_id` smallint(5) unsigned NOT NULL DEFAULT '0' COMMENT 'Store ID',
  `design` varchar(255) DEFAULT NULL COMMENT 'Design',
  `date_from` date DEFAULT NULL COMMENT 'First Date of Design Activity',
  `date_to` date DEFAULT NULL COMMENT 'Last Date of Design Activity',
  PRIMARY KEY (`design_change_id`),
  KEY `DESIGN_CHANGE_STORE_ID` (`store_id`),
  CONSTRAINT `DESIGN_CHANGE_STORE_ID_STORE_STORE_ID` FOREIGN KEY (`store_id`) REFERENCES `store` (`store_id`) ON DELETE CASCADE
) ENGINE=InnoDB DEFAULT CHARSET=utf8 COMMENT='Design Changes';

--
-- Dumping data for table `design_change`
--


--
-- Table structure for table `design_config_grid_flat`
--

CREATE TABLE `design_config_grid_flat` (
  `entity_id` int(10) unsigned NOT NULL COMMENT 'Entity ID',
  `store_website_id` int(11) DEFAULT NULL COMMENT 'Store_website_id',
  `store_group_id` int(11) DEFAULT NULL COMMENT 'Store_group_id',
  `store_id` int(11) DEFAULT NULL COMMENT 'Store_id',
  `theme_theme_id` varchar(255) DEFAULT NULL COMMENT 'Theme_theme_id',
  PRIMARY KEY (`entity_id`),
  KEY `DESIGN_CONFIG_GRID_FLAT_STORE_WEBSITE_ID` (`store_website_id`),
  KEY `DESIGN_CONFIG_GRID_FLAT_STORE_GROUP_ID` (`store_group_id`),
  KEY `DESIGN_CONFIG_GRID_FLAT_STORE_ID` (`store_id`),
  FULLTEXT KEY `DESIGN_CONFIG_GRID_FLAT_THEME_THEME_ID` (`theme_theme_id`)
) ENGINE=InnoDB DEFAULT CHARSET=utf8 COMMENT='design_config_grid_flat';

--
-- Dumping data for table `design_config_grid_flat`
--

INSERT INTO `design_config_grid_flat` VALUES (0,NULL,NULL,NULL,'4'),(1,1,NULL,NULL,'4'),(2,1,1,1,'4'),(3,1,1,2,'4'),(4,1,1,3,'4'),(5,1,1,18,'4'),(6,1,2,4,'5'),(7,1,2,5,'5'),(8,1,2,21,'5'),(9,1,3,6,'6'),(10,1,3,7,'6'),(11,1,3,22,'6'),(12,1,4,8,'7'),(13,1,4,9,'7'),(14,1,4,24,'7'),(15,1,5,10,'8'),(16,1,5,11,'8'),(17,1,5,25,'8'),(18,1,6,12,'9'),(19,1,6,13,'9'),(20,1,6,26,'9'),(21,1,7,14,'10'),(22,1,7,15,'10'),(23,1,7,23,'10'),(24,1,8,16,'11'),(25,1,8,17,'11'),(26,1,8,20,'11'),(27,1,9,27,'4'),(28,1,9,28,'4'),(29,1,9,29,'4'),(30,1,10,30,'13'),(31,1,10,31,'13'),(32,1,11,32,'14'),(33,1,11,33,'14'),(34,1,12,34,'15'),(35,1,12,35,'15'),(36,1,13,36,'17'),(37,1,13,39,'17'),(38,1,14,37,'18'),(39,1,14,40,'18'),(40,1,15,38,'16'),(41,1,15,41,'16');

--
-- Table structure for table `directory_country`
--

CREATE TABLE `directory_country` (
  `country_id` varchar(2) NOT NULL COMMENT 'Country ID in ISO-2',
  `iso2_code` varchar(2) DEFAULT NULL COMMENT 'Country ISO-2 format',
  `iso3_code` varchar(3) DEFAULT NULL COMMENT 'Country ISO-3',
  PRIMARY KEY (`country_id`)
) ENGINE=InnoDB DEFAULT CHARSET=utf8 COMMENT='Directory Country';

--
-- Dumping data for table `directory_country`
--

INSERT INTO `directory_country` VALUES ('AD','AD','AND'),('AE','AE','ARE'),('AF','AF','AFG'),('AG','AG','ATG'),('AI','AI','AIA'),('AL','AL','ALB'),('AM','AM','ARM'),('AN','AN','ANT'),('AO','AO','AGO'),('AQ','AQ','ATA'),('AR','AR','ARG'),('AS','AS','ASM'),('AT','AT','AUT'),('AU','AU','AUS'),('AW','AW','ABW'),('AX','AX','ALA'),('AZ','AZ','AZE'),('BA','BA','BIH'),('BB','BB','BRB'),('BD','BD','BGD'),('BE','BE','BEL'),('BF','BF','BFA'),('BG','BG','BGR'),('BH','BH','BHR'),('BI','BI','BDI'),('BJ','BJ','BEN'),('BL','BL','BLM'),('BM','BM','BMU'),('BN','BN','BRN'),('BO','BO','BOL'),('BQ','BQ','BES'),('BR','BR','BRA'),('BS','BS','BHS'),('BT','BT','BTN'),('BV','BV','BVT'),('BW','BW','BWA'),('BY','BY','BLR'),('BZ','BZ','BLZ'),('CA','CA','CAN'),('CC','CC','CCK'),('CD','CD','COD'),('CF','CF','CAF'),('CG','CG','COG'),('CH','CH','CHE'),('CI','CI','CIV'),('CK','CK','COK'),('CL','CL','CHL'),('CM','CM','CMR'),('CN','CN','CHN'),('CO','CO','COL'),('CR','CR','CRI'),('CU','CU','CUB'),('CV','CV','CPV'),('CW','CW','CUW'),('CX','CX','CXR'),('CY','CY','CYP'),('CZ','CZ','CZE'),('DE','DE','DEU'),('DJ','DJ','DJI'),('DK','DK','DNK'),('DM','DM','DMA'),('DO','DO','DOM'),('DZ','DZ','DZA'),('EC','EC','ECU'),('EE','EE','EST'),('EG','EG','EGY'),('EH','EH','ESH'),('ER','ER','ERI'),('ES','ES','ESP'),('ET','ET','ETH'),('FI','FI','FIN'),('FJ','FJ','FJI'),('FK','FK','FLK'),('FM','FM','FSM'),('FO','FO','FRO'),('FR','FR','FRA'),('GA','GA','GAB'),('GB','GB','GBR'),('GD','GD','GRD'),('GE','GE','GEO'),('GF','GF','GUF'),('GG','GG','GGY'),('GH','GH','GHA'),('GI','GI','GIB'),('GL','GL','GRL'),('GM','GM','GMB'),('GN','GN','GIN'),('GP','GP','GLP'),('GQ','GQ','GNQ'),('GR','GR','GRC'),('GS','GS','SGS'),('GT','GT','GTM'),('GU','GU','GUM'),('GW','GW','GNB'),('GY','GY','GUY'),('HK','HK','HKG'),('HM','HM','HMD'),('HN','HN','HND'),('HR','HR','HRV'),('HT','HT','HTI'),('HU','HU','HUN'),('ID','ID','IDN'),('IE','IE','IRL'),('IL','IL','ISR'),('IM','IM','IMN'),('IN','IN','IND'),('IO','IO','IOT'),('IQ','IQ','IRQ'),('IR','IR','IRN'),('IS','IS','ISL'),('IT','IT','ITA'),('JE','JE','JEY'),('JM','JM','JAM'),('JO','JO','JOR'),('JP','JP','JPN'),('KE','KE','KEN'),('KG','KG','KGZ'),('KH','KH','KHM'),('KI','KI','KIR'),('KM','KM','COM'),('KN','KN','KNA'),('KP','KP','PRK'),('KR','KR','KOR'),('KW','KW','KWT'),('KY','KY','CYM'),('KZ','KZ','KAZ'),('LA','LA','LAO'),('LB','LB','LBN'),('LC','LC','LCA'),('LI','LI','LIE'),('LK','LK','LKA'),('LR','LR','LBR'),('LS','LS','LSO'),('LT','LT','LTU'),('LU','LU','LUX'),('LV','LV','LVA'),('LY','LY','LBY'),('MA','MA','MAR'),('MC','MC','MCO'),('MD','MD','MDA'),('ME','ME','MNE'),('MF','MF','MAF'),('MG','MG','MDG'),('MH','MH','MHL'),('MK','MK','MKD'),('ML','ML','MLI'),('MM','MM','MMR'),('MN','MN','MNG'),('MO','MO','MAC'),('MP','MP','MNP'),('MQ','MQ','MTQ'),('MR','MR','MRT'),('MS','MS','MSR'),('MT','MT','MLT'),('MU','MU','MUS'),('MV','MV','MDV'),('MW','MW','MWI'),('MX','MX','MEX'),('MY','MY','MYS'),('MZ','MZ','MOZ'),('NA','NA','NAM'),('NC','NC','NCL'),('NE','NE','NER'),('NF','NF','NFK'),('NG','NG','NGA'),('NI','NI','NIC'),('NL','NL','NLD'),('NO','NO','NOR'),('NP','NP','NPL'),('NR','NR','NRU'),('NU','NU','NIU'),('NZ','NZ','NZL'),('OM','OM','OMN'),('PA','PA','PAN'),('PE','PE','PER'),('PF','PF','PYF'),('PG','PG','PNG'),('PH','PH','PHL'),('PK','PK','PAK'),('PL','PL','POL'),('PM','PM','SPM'),('PN','PN','PCN'),('PS','PS','PSE'),('PT','PT','PRT'),('PW','PW','PLW'),('PY','PY','PRY'),('QA','QA','QAT'),('RE','RE','REU'),('RO','RO','ROU'),('RS','RS','SRB'),('RU','RU','RUS'),('RW','RW','RWA'),('SA','SA','SAU'),('SB','SB','SLB'),('SC','SC','SYC'),('SD','SD','SDN'),('SE','SE','SWE'),('SG','SG','SGP'),('SH','SH','SHN'),('SI','SI','SVN'),('SJ','SJ','SJM'),('SK','SK','SVK'),('SL','SL','SLE'),('SM','SM','SMR'),('SN','SN','SEN'),('SO','SO','SOM'),('SR','SR','SUR'),('ST','ST','STP'),('SV','SV','SLV'),('SX','SX','SXM'),('SY','SY','SYR'),('SZ','SZ','SWZ'),('TC','TC','TCA'),('TD','TD','TCD'),('TF','TF','ATF'),('TG','TG','TGO'),('TH','TH','THA'),('TJ','TJ','TJK'),('TK','TK','TKL'),('TL','TL','TLS'),('TM','TM','TKM'),('TN','TN','TUN'),('TO','TO','TON'),('TR','TR','TUR'),('TT','TT','TTO'),('TV','TV','TUV'),('TW','TW','TWN'),('TZ','TZ','TZA'),('UA','UA','UKR'),('UG','UG','UGA'),('UM','UM','UMI'),('US','US','USA'),('UY','UY','URY'),('UZ','UZ','UZB'),('VA','VA','VAT'),('VC','VC','VCT'),('VE','VE','VEN'),('VG','VG','VGB'),('VI','VI','VIR'),('VN','VN','VNM'),('VU','VU','VUT'),('WF','WF','WLF'),('WS','WS','WSM'),('XK','XK','XKX'),('YE','YE','YEM'),('YT','YT','MYT'),('ZA','ZA','ZAF'),('ZM','ZM','ZMB'),('ZW','ZW','ZWE');

--
-- Table structure for table `directory_country_format`
--

CREATE TABLE `directory_country_format` (
  `country_format_id` int(10) unsigned NOT NULL AUTO_INCREMENT COMMENT 'Country Format ID',
  `country_id` varchar(2) DEFAULT NULL COMMENT 'Country ID in ISO-2',
  `type` varchar(30) DEFAULT NULL COMMENT 'Country Format Type',
  `format` text NOT NULL COMMENT 'Country Format',
  PRIMARY KEY (`country_format_id`),
  UNIQUE KEY `DIRECTORY_COUNTRY_FORMAT_COUNTRY_ID_TYPE` (`country_id`,`type`)
) ENGINE=InnoDB DEFAULT CHARSET=utf8 COMMENT='Directory Country Format';

--
-- Dumping data for table `directory_country_format`
--


--
-- Table structure for table `directory_country_region`
--

CREATE TABLE `directory_country_region` (
  `region_id` int(10) unsigned NOT NULL AUTO_INCREMENT COMMENT 'Region ID',
  `country_id` varchar(4) NOT NULL DEFAULT '0' COMMENT 'Country ID in ISO-2',
  `code` varchar(32) DEFAULT NULL COMMENT 'Region code',
  `default_name` varchar(255) DEFAULT NULL COMMENT 'Region Name',
  PRIMARY KEY (`region_id`),
  KEY `DIRECTORY_COUNTRY_REGION_COUNTRY_ID` (`country_id`),
  FULLTEXT KEY `DIRECTORY_COUNTRY_REGION_DEFAULT_NAME` (`default_name`)
) ENGINE=InnoDB AUTO_INCREMENT=1117 DEFAULT CHARSET=utf8 COMMENT='Directory Country Region';

--
-- Dumping data for table `directory_country_region`
--

INSERT INTO `directory_country_region` VALUES (1,'US','AL','Alabama'),(2,'US','AK','Alaska'),(3,'US','AS','American Samoa'),(4,'US','AZ','Arizona'),(5,'US','AR','Arkansas'),(6,'US','AE','Armed Forces Africa'),(7,'US','AA','Armed Forces Americas'),(8,'US','AE','Armed Forces Canada'),(9,'US','AE','Armed Forces Europe'),(10,'US','AE','Armed Forces Middle East'),(11,'US','AP','Armed Forces Pacific'),(12,'US','CA','California'),(13,'US','CO','Colorado'),(14,'US','CT','Connecticut'),(15,'US','DE','Delaware'),(16,'US','DC','District of Columbia'),(17,'US','FM','Federated States Of Micronesia'),(18,'US','FL','Florida'),(19,'US','GA','Georgia'),(20,'US','GU','Guam'),(21,'US','HI','Hawaii'),(22,'US','ID','Idaho'),(23,'US','IL','Illinois'),(24,'US','IN','Indiana'),(25,'US','IA','Iowa'),(26,'US','KS','Kansas'),(27,'US','KY','Kentucky'),(28,'US','LA','Louisiana'),(29,'US','ME','Maine'),(30,'US','MH','Marshall Islands'),(31,'US','MD','Maryland'),(32,'US','MA','Massachusetts'),(33,'US','MI','Michigan'),(34,'US','MN','Minnesota'),(35,'US','MS','Mississippi'),(36,'US','MO','Missouri'),(37,'US','MT','Montana'),(38,'US','NE','Nebraska'),(39,'US','NV','Nevada'),(40,'US','NH','New Hampshire'),(41,'US','NJ','New Jersey'),(42,'US','NM','New Mexico'),(43,'US','NY','New York'),(44,'US','NC','North Carolina'),(45,'US','ND','North Dakota'),(46,'US','MP','Northern Mariana Islands'),(47,'US','OH','Ohio'),(48,'US','OK','Oklahoma'),(49,'US','OR','Oregon'),(50,'US','PW','Palau'),(51,'US','PA','Pennsylvania'),(52,'US','PR','Puerto Rico'),(53,'US','RI','Rhode Island'),(54,'US','SC','South Carolina'),(55,'US','SD','South Dakota'),(56,'US','TN','Tennessee'),(57,'US','TX','Texas'),(58,'US','UT','Utah'),(59,'US','VT','Vermont'),(60,'US','VI','Virgin Islands'),(61,'US','VA','Virginia'),(62,'US','WA','Washington'),(63,'US','WV','West Virginia'),(64,'US','WI','Wisconsin'),(65,'US','WY','Wyoming'),(66,'CA','AB','Alberta'),(67,'CA','BC','British Columbia'),(68,'CA','MB','Manitoba'),(69,'CA','NL','Newfoundland and Labrador'),(70,'CA','NB','New Brunswick'),(71,'CA','NS','Nova Scotia'),(72,'CA','NT','Northwest Territories'),(73,'CA','NU','Nunavut'),(74,'CA','ON','Ontario'),(75,'CA','PE','Prince Edward Island'),(76,'CA','QC','Quebec'),(77,'CA','SK','Saskatchewan'),(78,'CA','YT','Yukon Territory'),(79,'DE','NDS','Niedersachsen'),(80,'DE','BAW','Baden-Württemberg'),(81,'DE','BAY','Bayern'),(82,'DE','BER','Berlin'),(83,'DE','BRG','Brandenburg'),(84,'DE','BRE','Bremen'),(85,'DE','HAM','Hamburg'),(86,'DE','HES','Hessen'),(87,'DE','MEC','Mecklenburg-Vorpommern'),(88,'DE','NRW','Nordrhein-Westfalen'),(89,'DE','RHE','Rheinland-Pfalz'),(90,'DE','SAR','Saarland'),(91,'DE','SAS','Sachsen'),(92,'DE','SAC','Sachsen-Anhalt'),(93,'DE','SCN','Schleswig-Holstein'),(94,'DE','THE','Thüringen'),(95,'AT','WI','Wien'),(96,'AT','NO','Niederösterreich'),(97,'AT','OO','Oberösterreich'),(98,'AT','SB','Salzburg'),(99,'AT','KN','Kärnten'),(100,'AT','ST','Steiermark'),(101,'AT','TI','Tirol'),(102,'AT','BL','Burgenland'),(103,'AT','VB','Vorarlberg'),(104,'CH','AG','Aargau'),(105,'CH','AI','Appenzell Innerrhoden'),(106,'CH','AR','Appenzell Ausserrhoden'),(107,'CH','BE','Bern'),(108,'CH','BL','Basel-Landschaft'),(109,'CH','BS','Basel-Stadt'),(110,'CH','FR','Friburg'),(111,'CH','GE','Geneva'),(112,'CH','GL','Glarus'),(113,'CH','GR','Graubünden'),(114,'CH','JU','Jura'),(115,'CH','LU','Lucerne'),(116,'CH','NE','Neuchâtel'),(117,'CH','NW','Nidwalden'),(118,'CH','OW','Obwalden'),(119,'CH','SG','St. Gallen'),(120,'CH','SH','Schaffhausen'),(121,'CH','SO','Solothurn'),(122,'CH','SZ','Schwyz'),(123,'CH','TG','Thurgau'),(124,'CH','TI','Ticino'),(125,'CH','UR','Uri'),(126,'CH','VD','Vaud'),(127,'CH','VS','Wallis'),(128,'CH','ZG','Zug'),(129,'CH','ZH','Zürich'),(130,'ES','A Coruсa','A Coruña'),(131,'ES','Alava','Alava'),(132,'ES','Albacete','Albacete'),(133,'ES','Alicante','Alicante'),(134,'ES','Almeria','Almeria'),(135,'ES','Asturias','Asturias'),(136,'ES','Avila','Avila'),(137,'ES','Badajoz','Badajoz'),(138,'ES','Baleares','Baleares'),(139,'ES','Barcelona','Barcelona'),(140,'ES','Burgos','Burgos'),(141,'ES','Caceres','Caceres'),(142,'ES','Cadiz','Cadiz'),(143,'ES','Cantabria','Cantabria'),(144,'ES','Castellon','Castellon'),(145,'ES','Ceuta','Ceuta'),(146,'ES','Ciudad Real','Ciudad Real'),(147,'ES','Cordoba','Cordoba'),(148,'ES','Cuenca','Cuenca'),(149,'ES','Girona','Girona'),(150,'ES','Granada','Granada'),(151,'ES','Guadalajara','Guadalajara'),(152,'ES','Guipuzcoa','Guipuzcoa'),(153,'ES','Huelva','Huelva'),(154,'ES','Huesca','Huesca'),(155,'ES','Jaen','Jaen'),(156,'ES','La Rioja','La Rioja'),(157,'ES','Las Palmas','Las Palmas'),(158,'ES','Leon','Leon'),(159,'ES','Lleida','Lleida'),(160,'ES','Lugo','Lugo'),(161,'ES','Madrid','Madrid'),(162,'ES','Malaga','Malaga'),(163,'ES','Melilla','Melilla'),(164,'ES','Murcia','Murcia'),(165,'ES','Navarra','Navarra'),(166,'ES','Ourense','Ourense'),(167,'ES','Palencia','Palencia'),(168,'ES','Pontevedra','Pontevedra'),(169,'ES','Salamanca','Salamanca'),(170,'ES','Santa Cruz de Tenerife','Santa Cruz de Tenerife'),(171,'ES','Segovia','Segovia'),(172,'ES','Sevilla','Sevilla'),(173,'ES','Soria','Soria'),(174,'ES','Tarragona','Tarragona'),(175,'ES','Teruel','Teruel'),(176,'ES','Toledo','Toledo'),(177,'ES','Valencia','Valencia'),(178,'ES','Valladolid','Valladolid'),(179,'ES','Vizcaya','Vizcaya'),(180,'ES','Zamora','Zamora'),(181,'ES','Zaragoza','Zaragoza'),(182,'FR','1','Ain'),(183,'FR','2','Aisne'),(184,'FR','3','Allier'),(185,'FR','4','Alpes-de-Haute-Provence'),(186,'FR','5','Hautes-Alpes'),(187,'FR','6','Alpes-Maritimes'),(188,'FR','7','Ardèche'),(189,'FR','8','Ardennes'),(190,'FR','9','Ariège'),(191,'FR','10','Aube'),(192,'FR','11','Aude'),(193,'FR','12','Aveyron'),(194,'FR','13','Bouches-du-Rhône'),(195,'FR','14','Calvados'),(196,'FR','15','Cantal'),(197,'FR','16','Charente'),(198,'FR','17','Charente-Maritime'),(199,'FR','18','Cher'),(200,'FR','19','Corrèze'),(201,'FR','2A','Corse-du-Sud'),(202,'FR','2B','Haute-Corse'),(203,'FR','21','Côte-d\'Or'),(204,'FR','22','Côtes-d\'Armor'),(205,'FR','23','Creuse'),(206,'FR','24','Dordogne'),(207,'FR','25','Doubs'),(208,'FR','26','Drôme'),(209,'FR','27','Eure'),(210,'FR','28','Eure-et-Loir'),(211,'FR','29','Finistère'),(212,'FR','30','Gard'),(213,'FR','31','Haute-Garonne'),(214,'FR','32','Gers'),(215,'FR','33','Gironde'),(216,'FR','34','Hérault'),(217,'FR','35','Ille-et-Vilaine'),(218,'FR','36','Indre'),(219,'FR','37','Indre-et-Loire'),(220,'FR','38','Isère'),(221,'FR','39','Jura'),(222,'FR','40','Landes'),(223,'FR','41','Loir-et-Cher'),(224,'FR','42','Loire'),(225,'FR','43','Haute-Loire'),(226,'FR','44','Loire-Atlantique'),(227,'FR','45','Loiret'),(228,'FR','46','Lot'),(229,'FR','47','Lot-et-Garonne'),(230,'FR','48','Lozère'),(231,'FR','49','Maine-et-Loire'),(232,'FR','50','Manche'),(233,'FR','51','Marne'),(234,'FR','52','Haute-Marne'),(235,'FR','53','Mayenne'),(236,'FR','54','Meurthe-et-Moselle'),(237,'FR','55','Meuse'),(238,'FR','56','Morbihan'),(239,'FR','57','Moselle'),(240,'FR','58','Nièvre'),(241,'FR','59','Nord'),(242,'FR','60','Oise'),(243,'FR','61','Orne'),(244,'FR','62','Pas-de-Calais'),(245,'FR','63','Puy-de-Dôme'),(246,'FR','64','Pyrénées-Atlantiques'),(247,'FR','65','Hautes-Pyrénées'),(248,'FR','66','Pyrénées-Orientales'),(249,'FR','67','Bas-Rhin'),(250,'FR','68','Haut-Rhin'),(251,'FR','69','Rhône'),(252,'FR','70','Haute-Saône'),(253,'FR','71','Saône-et-Loire'),(254,'FR','72','Sarthe'),(255,'FR','73','Savoie'),(256,'FR','74','Haute-Savoie'),(257,'FR','75','Paris'),(258,'FR','76','Seine-Maritime'),(259,'FR','77','Seine-et-Marne'),(260,'FR','78','Yvelines'),(261,'FR','79','Deux-Sèvres'),(262,'FR','80','Somme'),(263,'FR','81','Tarn'),(264,'FR','82','Tarn-et-Garonne'),(265,'FR','83','Var'),(266,'FR','84','Vaucluse'),(267,'FR','85','Vendée'),(268,'FR','86','Vienne'),(269,'FR','87','Haute-Vienne'),(270,'FR','88','Vosges'),(271,'FR','89','Yonne'),(272,'FR','90','Territoire-de-Belfort'),(273,'FR','91','Essonne'),(274,'FR','92','Hauts-de-Seine'),(275,'FR','93','Seine-Saint-Denis'),(276,'FR','94','Val-de-Marne'),(277,'FR','95','Val-d\'Oise'),(278,'RO','AB','Alba'),(279,'RO','AR','Arad'),(280,'RO','AG','Argeş'),(281,'RO','BC','Bacău'),(282,'RO','BH','Bihor'),(283,'RO','BN','Bistriţa-Năsăud'),(284,'RO','BT','Botoşani'),(285,'RO','BV','Braşov'),(286,'RO','BR','Brăila'),(287,'RO','B','Bucureşti'),(288,'RO','BZ','Buzău'),(289,'RO','CS','Caraş-Severin'),(290,'RO','CL','Călăraşi'),(291,'RO','CJ','Cluj'),(292,'RO','CT','Constanţa'),(293,'RO','CV','Covasna'),(294,'RO','DB','Dâmboviţa'),(295,'RO','DJ','Dolj'),(296,'RO','GL','Galaţi'),(297,'RO','GR','Giurgiu'),(298,'RO','GJ','Gorj'),(299,'RO','HR','Harghita'),(300,'RO','HD','Hunedoara'),(301,'RO','IL','Ialomiţa'),(302,'RO','IS','Iaşi'),(303,'RO','IF','Ilfov'),(304,'RO','MM','Maramureş'),(305,'RO','MH','Mehedinţi'),(306,'RO','MS','Mureş'),(307,'RO','NT','Neamţ'),(308,'RO','OT','Olt'),(309,'RO','PH','Prahova'),(310,'RO','SM','Satu-Mare'),(311,'RO','SJ','Sălaj'),(312,'RO','SB','Sibiu'),(313,'RO','SV','Suceava'),(314,'RO','TR','Teleorman'),(315,'RO','TM','Timiş'),(316,'RO','TL','Tulcea'),(317,'RO','VS','Vaslui'),(318,'RO','VL','Vâlcea'),(319,'RO','VN','Vrancea'),(320,'FI','Lappi','Lappi'),(321,'FI','Pohjois-Pohjanmaa','Pohjois-Pohjanmaa'),(322,'FI','Kainuu','Kainuu'),(323,'FI','Pohjois-Karjala','Pohjois-Karjala'),(324,'FI','Pohjois-Savo','Pohjois-Savo'),(325,'FI','Etelä-Savo','Etelä-Savo'),(326,'FI','Etelä-Pohjanmaa','Etelä-Pohjanmaa'),(327,'FI','Pohjanmaa','Pohjanmaa'),(328,'FI','Pirkanmaa','Pirkanmaa'),(329,'FI','Satakunta','Satakunta'),(330,'FI','Keski-Pohjanmaa','Keski-Pohjanmaa'),(331,'FI','Keski-Suomi','Keski-Suomi'),(332,'FI','Varsinais-Suomi','Varsinais-Suomi'),(333,'FI','Etelä-Karjala','Etelä-Karjala'),(334,'FI','Päijät-Häme','Päijät-Häme'),(335,'FI','Kanta-Häme','Kanta-Häme'),(336,'FI','Uusimaa','Uusimaa'),(337,'FI','Itä-Uusimaa','Itä-Uusimaa'),(338,'FI','Kymenlaakso','Kymenlaakso'),(339,'FI','Ahvenanmaa','Ahvenanmaa'),(340,'EE','EE-37','Harjumaa'),(341,'EE','EE-39','Hiiumaa'),(342,'EE','EE-44','Ida-Virumaa'),(343,'EE','EE-49','Jõgevamaa'),(344,'EE','EE-51','Järvamaa'),(345,'EE','EE-57','Läänemaa'),(346,'EE','EE-59','Lääne-Virumaa'),(347,'EE','EE-65','Põlvamaa'),(348,'EE','EE-67','Pärnumaa'),(349,'EE','EE-70','Raplamaa'),(350,'EE','EE-74','Saaremaa'),(351,'EE','EE-78','Tartumaa'),(352,'EE','EE-82','Valgamaa'),(353,'EE','EE-84','Viljandimaa'),(354,'EE','EE-86','Võrumaa'),(355,'LV','LV-DGV','Daugavpils'),(356,'LV','LV-JEL','Jelgava'),(357,'LV','Jēkabpils','Jēkabpils'),(358,'LV','LV-JUR','Jūrmala'),(359,'LV','LV-LPX','Liepāja'),(360,'LV','LV-LE','Liepājas novads'),(361,'LV','LV-REZ','Rēzekne'),(362,'LV','LV-RIX','Rīga'),(363,'LV','LV-RI','Rīgas novads'),(364,'LV','Valmiera','Valmiera'),(365,'LV','LV-VEN','Ventspils'),(366,'LV','Aglonas novads','Aglonas novads'),(367,'LV','LV-AI','Aizkraukles novads'),(368,'LV','Aizputes novads','Aizputes novads'),(369,'LV','Aknīstes novads','Aknīstes novads'),(370,'LV','Alojas novads','Alojas novads'),(371,'LV','Alsungas novads','Alsungas novads'),(372,'LV','LV-AL','Alūksnes novads'),(373,'LV','Amatas novads','Amatas novads'),(374,'LV','Apes novads','Apes novads'),(375,'LV','Auces novads','Auces novads'),(376,'LV','Babītes novads','Babītes novads'),(377,'LV','Baldones novads','Baldones novads'),(378,'LV','Baltinavas novads','Baltinavas novads'),(379,'LV','LV-BL','Balvu novads'),(380,'LV','LV-BU','Bauskas novads'),(381,'LV','Beverīnas novads','Beverīnas novads'),(382,'LV','Brocēnu novads','Brocēnu novads'),(383,'LV','Burtnieku novads','Burtnieku novads'),(384,'LV','Carnikavas novads','Carnikavas novads'),(385,'LV','Cesvaines novads','Cesvaines novads'),(386,'LV','Ciblas novads','Ciblas novads'),(387,'LV','LV-CE','Cēsu novads'),(388,'LV','Dagdas novads','Dagdas novads'),(389,'LV','LV-DA','Daugavpils novads'),(390,'LV','LV-DO','Dobeles novads'),(391,'LV','Dundagas novads','Dundagas novads'),(392,'LV','Durbes novads','Durbes novads'),(393,'LV','Engures novads','Engures novads'),(394,'LV','Garkalnes novads','Garkalnes novads'),(395,'LV','Grobiņas novads','Grobiņas novads'),(396,'LV','LV-GU','Gulbenes novads'),(397,'LV','Iecavas novads','Iecavas novads'),(398,'LV','Ikšķiles novads','Ikšķiles novads'),(399,'LV','Ilūkstes novads','Ilūkstes novads'),(400,'LV','Inčukalna novads','Inčukalna novads'),(401,'LV','Jaunjelgavas novads','Jaunjelgavas novads'),(402,'LV','Jaunpiebalgas novads','Jaunpiebalgas novads'),(403,'LV','Jaunpils novads','Jaunpils novads'),(404,'LV','LV-JL','Jelgavas novads'),(405,'LV','LV-JK','Jēkabpils novads'),(406,'LV','Kandavas novads','Kandavas novads'),(407,'LV','Kokneses novads','Kokneses novads'),(408,'LV','Krimuldas novads','Krimuldas novads'),(409,'LV','Krustpils novads','Krustpils novads'),(410,'LV','LV-KR','Krāslavas novads'),(411,'LV','LV-KU','Kuldīgas novads'),(412,'LV','Kārsavas novads','Kārsavas novads'),(413,'LV','Lielvārdes novads','Lielvārdes novads'),(414,'LV','LV-LM','Limbažu novads'),(415,'LV','Lubānas novads','Lubānas novads'),(416,'LV','LV-LU','Ludzas novads'),(417,'LV','Līgatnes novads','Līgatnes novads'),(418,'LV','Līvānu novads','Līvānu novads'),(419,'LV','LV-MA','Madonas novads'),(420,'LV','Mazsalacas novads','Mazsalacas novads'),(421,'LV','Mālpils novads','Mālpils novads'),(422,'LV','Mārupes novads','Mārupes novads'),(423,'LV','Naukšēnu novads','Naukšēnu novads'),(424,'LV','Neretas novads','Neretas novads'),(425,'LV','Nīcas novads','Nīcas novads'),(426,'LV','LV-OG','Ogres novads'),(427,'LV','Olaines novads','Olaines novads'),(428,'LV','Ozolnieku novads','Ozolnieku novads'),(429,'LV','LV-PR','Preiļu novads'),(430,'LV','Priekules novads','Priekules novads'),(431,'LV','Priekuļu novads','Priekuļu novads'),(432,'LV','Pārgaujas novads','Pārgaujas novads'),(433,'LV','Pāvilostas novads','Pāvilostas novads'),(434,'LV','Pļaviņu novads','Pļaviņu novads'),(435,'LV','Raunas novads','Raunas novads'),(436,'LV','Riebiņu novads','Riebiņu novads'),(437,'LV','Rojas novads','Rojas novads'),(438,'LV','Ropažu novads','Ropažu novads'),(439,'LV','Rucavas novads','Rucavas novads'),(440,'LV','Rugāju novads','Rugāju novads'),(441,'LV','Rundāles novads','Rundāles novads'),(442,'LV','LV-RE','Rēzeknes novads'),(443,'LV','Rūjienas novads','Rūjienas novads'),(444,'LV','Salacgrīvas novads','Salacgrīvas novads'),(445,'LV','Salas novads','Salas novads'),(446,'LV','Salaspils novads','Salaspils novads'),(447,'LV','LV-SA','Saldus novads'),(448,'LV','Saulkrastu novads','Saulkrastu novads'),(449,'LV','Siguldas novads','Siguldas novads'),(450,'LV','Skrundas novads','Skrundas novads'),(451,'LV','Skrīveru novads','Skrīveru novads'),(452,'LV','Smiltenes novads','Smiltenes novads'),(453,'LV','Stopiņu novads','Stopiņu novads'),(454,'LV','Strenču novads','Strenču novads'),(455,'LV','Sējas novads','Sējas novads'),(456,'LV','LV-TA','Talsu novads'),(457,'LV','LV-TU','Tukuma novads'),(458,'LV','Tērvetes novads','Tērvetes novads'),(459,'LV','Vaiņodes novads','Vaiņodes novads'),(460,'LV','LV-VK','Valkas novads'),(461,'LV','LV-VM','Valmieras novads'),(462,'LV','Varakļānu novads','Varakļānu novads'),(463,'LV','Vecpiebalgas novads','Vecpiebalgas novads'),(464,'LV','Vecumnieku novads','Vecumnieku novads'),(465,'LV','LV-VE','Ventspils novads'),(466,'LV','Viesītes novads','Viesītes novads'),(467,'LV','Viļakas novads','Viļakas novads'),(468,'LV','Viļānu novads','Viļānu novads'),(469,'LV','Vārkavas novads','Vārkavas novads'),(470,'LV','Zilupes novads','Zilupes novads'),(471,'LV','Ādažu novads','Ādažu novads'),(472,'LV','Ērgļu novads','Ērgļu novads'),(473,'LV','Ķeguma novads','Ķeguma novads'),(474,'LV','Ķekavas novads','Ķekavas novads'),(475,'LT','LT-AL','Alytaus Apskritis'),(476,'LT','LT-KU','Kauno Apskritis'),(477,'LT','LT-KL','Klaipėdos Apskritis'),(478,'LT','LT-MR','Marijampolės Apskritis'),(479,'LT','LT-PN','Panevėžio Apskritis'),(480,'LT','LT-SA','Šiaulių Apskritis'),(481,'LT','LT-TA','Tauragės Apskritis'),(482,'LT','LT-TE','Telšių Apskritis'),(483,'LT','LT-UT','Utenos Apskritis'),(484,'LT','LT-VL','Vilniaus Apskritis'),(485,'BR','AC','Acre'),(486,'BR','AL','Alagoas'),(487,'BR','AP','Amapá'),(488,'BR','AM','Amazonas'),(489,'BR','BA','Bahia'),(490,'BR','CE','Ceará'),(491,'BR','ES','Espírito Santo'),(492,'BR','GO','Goiás'),(493,'BR','MA','Maranhão'),(494,'BR','MT','Mato Grosso'),(495,'BR','MS','Mato Grosso do Sul'),(496,'BR','MG','Minas Gerais'),(497,'BR','PA','Pará'),(498,'BR','PB','Paraíba'),(499,'BR','PR','Paraná'),(500,'BR','PE','Pernambuco'),(501,'BR','PI','Piauí'),(502,'BR','RJ','Rio de Janeiro'),(503,'BR','RN','Rio Grande do Norte'),(504,'BR','RS','Rio Grande do Sul'),(505,'BR','RO','Rondônia'),(506,'BR','RR','Roraima'),(507,'BR','SC','Santa Catarina'),(508,'BR','SP','São Paulo'),(509,'BR','SE','Sergipe'),(510,'BR','TO','Tocantins'),(511,'BR','DF','Distrito Federal'),(512,'HR','HR-01','Zagrebačka županija'),(513,'HR','HR-02','Krapinsko-zagorska županija'),(514,'HR','HR-03','Sisačko-moslavačka županija'),(515,'HR','HR-04','Karlovačka županija'),(516,'HR','HR-05','Varaždinska županija'),(517,'HR','HR-06','Koprivničko-križevačka županija'),(518,'HR','HR-07','Bjelovarsko-bilogorska županija'),(519,'HR','HR-08','Primorsko-goranska županija'),(520,'HR','HR-09','Ličko-senjska županija'),(521,'HR','HR-10','Virovitičko-podravska županija'),(522,'HR','HR-11','Požeško-slavonska županija'),(523,'HR','HR-12','Brodsko-posavska županija'),(524,'HR','HR-13','Zadarska županija'),(525,'HR','HR-14','Osječko-baranjska županija'),(526,'HR','HR-15','Šibensko-kninska županija'),(527,'HR','HR-16','Vukovarsko-srijemska županija'),(528,'HR','HR-17','Splitsko-dalmatinska županija'),(529,'HR','HR-18','Istarska županija'),(530,'HR','HR-19','Dubrovačko-neretvanska županija'),(531,'HR','HR-20','Međimurska županija'),(532,'HR','HR-21','Grad Zagreb'),(533,'IN','AN','Andaman and Nicobar Islands'),(534,'IN','AP','Andhra Pradesh'),(535,'IN','AR','Arunachal Pradesh'),(536,'IN','AS','Assam'),(537,'IN','BR','Bihar'),(538,'IN','CH','Chandigarh'),(539,'IN','CT','Chhattisgarh'),(540,'IN','DN','Dadra and Nagar Haveli'),(541,'IN','DD','Daman and Diu'),(542,'IN','DL','Delhi'),(543,'IN','GA','Goa'),(544,'IN','GJ','Gujarat'),(545,'IN','HR','Haryana'),(546,'IN','HP','Himachal Pradesh'),(547,'IN','JK','Jammu and Kashmir'),(548,'IN','JH','Jharkhand'),(549,'IN','KA','Karnataka'),(550,'IN','KL','Kerala'),(551,'IN','LD','Lakshadweep'),(552,'IN','MP','Madhya Pradesh'),(553,'IN','MH','Maharashtra'),(554,'IN','MN','Manipur'),(555,'IN','ML','Meghalaya'),(556,'IN','MZ','Mizoram'),(557,'IN','NL','Nagaland'),(558,'IN','OR','Odisha'),(559,'IN','PY','Puducherry'),(560,'IN','PB','Punjab'),(561,'IN','RJ','Rajasthan'),(562,'IN','SK','Sikkim'),(563,'IN','TN','Tamil Nadu'),(564,'IN','TG','Telangana'),(565,'IN','TR','Tripura'),(566,'IN','UP','Uttar Pradesh'),(567,'IN','UT','Uttarakhand'),(568,'IN','WB','West Bengal'),(569,'AU','ACT','Australian Capital Territory'),(570,'AU','NSW','New South Wales'),(571,'AU','VIC','Victoria'),(572,'AU','QLD','Queensland'),(573,'AU','SA','South Australia'),(574,'AU','TAS','Tasmania'),(575,'AU','WA','Western Australia'),(576,'AU','NT','Northern Territory'),(577,'MX','AGU','Aguascalientes'),(578,'MX','BCN','Baja California'),(579,'MX','BCS','Baja California Sur'),(580,'MX','CAM','Campeche'),(581,'MX','CHP','Chiapas'),(582,'MX','CHH','Chihuahua'),(583,'MX','CMX','Ciudad de México'),(584,'MX','COA','Coahuila'),(585,'MX','COL','Colima'),(586,'MX','DUR','Durango'),(587,'MX','MEX','Estado de México'),(588,'MX','GUA','Guanajuato'),(589,'MX','GRO','Guerrero'),(590,'MX','HID','Hidalgo'),(591,'MX','JAL','Jalisco'),(592,'MX','MIC','Michoacán'),(593,'MX','MOR','Morelos'),(594,'MX','NAY','Nayarit'),(595,'MX','NLE','Nuevo León'),(596,'MX','OAX','Oaxaca'),(597,'MX','PUE','Puebla'),(598,'MX','QUE','Querétaro'),(599,'MX','ROO','Quintana Roo'),(600,'MX','SLP','San Luis Potosí'),(601,'MX','SIN','Sinaloa'),(602,'MX','SON','Sonora'),(603,'MX','TAB','Tabasco'),(604,'MX','TAM','Tamaulipas'),(605,'MX','TLA','Tlaxcala'),(606,'MX','VER','Veracruz'),(607,'MX','YUC','Yucatán'),(608,'MX','ZAC','Zacatecas'),(609,'BE','VAN','Antwerpen'),(610,'BE','WBR','Brabant wallon'),(611,'BE','BRU','Brussels-Capital Region'),(612,'BE','WHT','Hainaut'),(613,'BE','VLI','Limburg'),(614,'BE','WLG','Liège'),(615,'BE','WLX','Luxembourg'),(616,'BE','WNA','Namur'),(617,'BE','VOV','Oost-Vlaanderen'),(618,'BE','VBR','Vlaams-Brabant'),(619,'BE','VWV','West-Vlaanderen'),(620,'CN','CN-AH','Anhui Sheng'),(621,'CN','CN-BJ','Beijing Shi'),(622,'CN','CN-CQ','Chongqing Shi'),(623,'CN','CN-FJ','Fujian Sheng'),(624,'CN','CN-GS','Gansu Sheng'),(625,'CN','CN-GD','Guangdong Sheng'),(626,'CN','CN-GX','Guangxi Zhuangzu Zizhiqu'),(627,'CN','CN-GZ','Guizhou Sheng'),(628,'CN','CN-HI','Hainan Sheng'),(629,'CN','CN-HE','Hebei Sheng'),(630,'CN','CN-HL','Heilongjiang Sheng'),(631,'CN','CN-HA','Henan Sheng'),(632,'CN','CN-HK','Hong Kong SAR'),(633,'CN','CN-HB','Hubei Sheng'),(634,'CN','CN-HN','Hunan Sheng'),(635,'CN','CN-JS','Jiangsu Sheng'),(636,'CN','CN-JX','Jiangxi Sheng'),(637,'CN','CN-JL','Jilin Sheng'),(638,'CN','CN-LN','Liaoning Sheng'),(639,'CN','CN-MO','Macao SAR'),(640,'CN','CN-NM','Nei Mongol Zizhiqu'),(641,'CN','CN-NX','Ningxia Huizi Zizhiqu'),(642,'CN','CN-QH','Qinghai Sheng'),(643,'CN','CN-SN','Shaanxi Sheng'),(644,'CN','CN-SD','Shandong Sheng'),(645,'CN','CN-SH','Shanghai Shi'),(646,'CN','CN-SX','Shanxi Sheng'),(647,'CN','CN-SC','Sichuan Sheng'),(648,'CN','CN-TW','Taiwan Sheng'),(649,'CN','CN-TJ','Tianjin Shi'),(650,'CN','CN-XJ','Xinjiang Uygur Zizhiqu'),(651,'CN','CN-XZ','Xizang Zizhiqu'),(652,'CN','CN-YN','Yunnan Sheng'),(653,'CN','CN-ZJ','Zhejiang Sheng'),(654,'CO','CO-AMA','Amazonas'),(655,'CO','CO-ANT','Antioquia'),(656,'CO','CO-ARA','Arauca'),(657,'CO','CO-ATL','Atlántico'),(658,'CO','CO-BOL','Bolívar'),(659,'CO','CO-BOY','Boyacá'),(660,'CO','CO-CAL','Caldas'),(661,'CO','CO-CAQ','Caquetá'),(662,'CO','CO-CAS','Casanare'),(663,'CO','CO-CAU','Cauca'),(664,'CO','CO-CES','Cesar'),(665,'CO','CO-CHO','Chocó'),(666,'CO','CO-COR','Córdoba'),(667,'CO','CO-CUN','Cundinamarca'),(668,'CO','CO-GUA','Guainía'),(669,'CO','CO-GUV','Guaviare'),(670,'CO','CO-HUL','Huila'),(671,'CO','CO-LAG','La Guajira'),(672,'CO','CO-MAG','Magdalena'),(673,'CO','CO-MET','Meta'),(674,'CO','CO-NAR','Nariño'),(675,'CO','CO-NSA','Norte de Santander'),(676,'CO','CO-PUT','Putumayo'),(677,'CO','CO-QUI','Quindío'),(678,'CO','CO-RIS','Risaralda'),(679,'CO','CO-SAP','San Andrés y Providencia'),(680,'CO','CO-SAN','Santander'),(681,'CO','CO-SUC','Sucre'),(682,'CO','CO-TOL','Tolima'),(683,'CO','CO-VAC','Valle del Cauca'),(684,'CO','CO-VAU','Vaupés'),(685,'CO','CO-VID','Vichada'),(686,'PL','PL-02','dolnośląskie'),(687,'PL','PL-04','kujawsko-pomorskie'),(688,'PL','PL-06','lubelskie'),(689,'PL','PL-08','lubuskie'),(690,'PL','PL-10','łódzkie'),(691,'PL','PL-12','małopolskie'),(692,'PL','PL-14','mazowieckie'),(693,'PL','PL-16','opolskie'),(694,'PL','PL-18','podkarpackie'),(695,'PL','PL-20','podlaskie'),(696,'PL','PL-22','pomorskie'),(697,'PL','PL-24','śląskie'),(698,'PL','PL-26','świętokrzyskie'),(699,'PL','PL-28','warmińsko-mazurskie'),(700,'PL','PL-30','wielkopolskie'),(701,'PL','PL-32','zachodniopomorskie'),(702,'BG','BG-01','Blagoevgrad'),(703,'BG','BG-02','Burgas'),(704,'BG','BG-03','Varna'),(705,'BG','BG-04','Veliko Tarnovo'),(706,'BG','BG-05','Vidin'),(707,'BG','BG-06','Vratsa'),(708,'BG','BG-07','Gabrovo'),(709,'BG','BG-08','Dobrich'),(710,'BG','BG-09','Kardzhali'),(711,'BG','BG-10','Kyustendil'),(712,'BG','BG-11','Lovech'),(713,'BG','BG-12','Montana'),(714,'BG','BG-13','Pazardzhik'),(715,'BG','BG-14','Pernik'),(716,'BG','BG-15','Pleven'),(717,'BG','BG-16','Plovdiv'),(718,'BG','BG-17','Razgrad'),(719,'BG','BG-18','Ruse'),(720,'BG','BG-19','Silistra'),(721,'BG','BG-20','Sliven'),(722,'BG','BG-21','Smolyan'),(723,'BG','BG-22','Sofia City'),(724,'BG','BG-23','Sofia Province'),(725,'BG','BG-24','Stara Zagora'),(726,'BG','BG-25','Targovishte'),(727,'BG','BG-26','Haskovo'),(728,'BG','BG-27','Shumen'),(729,'BG','BG-28','Yambol'),(730,'IT','AG','Agrigento'),(731,'IT','AL','Alessandria'),(732,'IT','AN','Ancona'),(733,'IT','AO','Aosta'),(734,'IT','AQ','L\'Aquila'),(735,'IT','AR','Arezzo'),(736,'IT','AP','Ascoli-Piceno'),(737,'IT','AT','Asti'),(738,'IT','AV','Avellino'),(739,'IT','BA','Bari'),(740,'IT','BT','Barletta-Andria-Trani'),(741,'IT','BL','Belluno'),(742,'IT','BN','Benevento'),(743,'IT','BG','Bergamo'),(744,'IT','BI','Biella'),(745,'IT','BO','Bologna'),(746,'IT','BZ','Bolzano'),(747,'IT','BS','Brescia'),(748,'IT','BR','Brindisi'),(749,'IT','CA','Cagliari'),(750,'IT','CL','Caltanissetta'),(751,'IT','CB','Campobasso'),(752,'IT','CI','Carbonia Iglesias'),(753,'IT','CE','Caserta'),(754,'IT','CT','Catania'),(755,'IT','CZ','Catanzaro'),(756,'IT','CH','Chieti'),(757,'IT','CO','Como'),(758,'IT','CS','Cosenza'),(759,'IT','CR','Cremona'),(760,'IT','KR','Crotone'),(761,'IT','CN','Cuneo'),(762,'IT','EN','Enna'),(763,'IT','FM','Fermo'),(764,'IT','FE','Ferrara'),(765,'IT','FI','Firenze'),(766,'IT','FG','Foggia'),(767,'IT','FC','Forli-Cesena'),(768,'IT','FR','Frosinone'),(769,'IT','GE','Genova'),(770,'IT','GO','Gorizia'),(771,'IT','GR','Grosseto'),(772,'IT','IM','Imperia'),(773,'IT','IS','Isernia'),(774,'IT','SP','La-Spezia'),(775,'IT','LT','Latina'),(776,'IT','LE','Lecce'),(777,'IT','LC','Lecco'),(778,'IT','LI','Livorno'),(779,'IT','LO','Lodi'),(780,'IT','LU','Lucca'),(781,'IT','MC','Macerata'),(782,'IT','MN','Mantova'),(783,'IT','MS','Massa-Carrara'),(784,'IT','MT','Matera'),(785,'IT','VS','Medio Campidano'),(786,'IT','ME','Messina'),(787,'IT','MI','Milano'),(788,'IT','MO','Modena'),(789,'IT','MB','Monza-Brianza'),(790,'IT','NA','Napoli'),(791,'IT','NO','Novara'),(792,'IT','NU','Nuoro'),(793,'IT','OG','Ogliastra'),(794,'IT','OT','Olbia Tempio'),(795,'IT','OR','Oristano'),(796,'IT','PD','Padova'),(797,'IT','PA','Palermo'),(798,'IT','PR','Parma'),(799,'IT','PV','Pavia'),(800,'IT','PG','Perugia'),(801,'IT','PU','Pesaro-Urbino'),(802,'IT','PE','Pescara'),(803,'IT','PC','Piacenza'),(804,'IT','PI','Pisa'),(805,'IT','PT','Pistoia'),(806,'IT','PN','Pordenone'),(807,'IT','PZ','Potenza'),(808,'IT','PO','Prato'),(809,'IT','RG','Ragusa'),(810,'IT','RA','Ravenna'),(811,'IT','RC','Reggio-Calabria'),(812,'IT','RE','Reggio-Emilia'),(813,'IT','RI','Rieti'),(814,'IT','RN','Rimini'),(815,'IT','RM','Roma'),(816,'IT','RO','Rovigo'),(817,'IT','SA','Salerno'),(818,'IT','SS','Sassari'),(819,'IT','SV','Savona'),(820,'IT','SI','Siena'),(821,'IT','SR','Siracusa'),(822,'IT','SO','Sondrio'),(823,'IT','TA','Taranto'),(824,'IT','TE','Teramo'),(825,'IT','TR','Terni'),(826,'IT','TO','Torino'),(827,'IT','TP','Trapani'),(828,'IT','TN','Trento'),(829,'IT','TV','Treviso'),(830,'IT','TS','Trieste'),(831,'IT','UD','Udine'),(832,'IT','VA','Varese'),(833,'IT','VE','Venezia'),(834,'IT','VB','Verbania'),(835,'IT','VC','Vercelli'),(836,'IT','VR','Verona'),(837,'IT','VV','Vibo-Valentia'),(838,'IT','VI','Vicenza'),(839,'IT','VT','Viterbo'),(840,'AL','AL-01','Berat'),(841,'AL','AL-09','Dibër'),(842,'AL','AL-02','Durrës'),(843,'AL','AL-03','Elbasan'),(844,'AL','AL-04','Fier'),(845,'AL','AL-05','Gjirokastër'),(846,'AL','AL-06','Korçë'),(847,'AL','AL-07','Kukës'),(848,'AL','AL-08','Lezhë'),(849,'AL','AL-10','Shkodër'),(850,'AL','AL-11','Tiranë'),(851,'AL','AL-12','Vlorë'),(852,'AR','AR-C','Ciudad Autónoma de Buenos Aires'),(853,'AR','AR-B','Buenos Aires'),(854,'AR','AR-K','Catamarca'),(855,'AR','AR-H','Chaco'),(856,'AR','AR-U','Chubut'),(857,'AR','AR-X','Córdoba'),(858,'AR','AR-W','Corrientes'),(859,'AR','AR-E','Entre Ríos'),(860,'AR','AR-P','Formosa'),(861,'AR','AR-Y','Jujuy'),(862,'AR','AR-L','La Pampa'),(863,'AR','AR-F','La Rioja'),(864,'AR','AR-M','Mendoza'),(865,'AR','AR-N','Misiones'),(866,'AR','AR-Q','Neuquén'),(867,'AR','AR-R','Río Negro'),(868,'AR','AR-A','Salta'),(869,'AR','AR-J','San Juan'),(870,'AR','AR-D','San Luis'),(871,'AR','AR-Z','Santa Cruz'),(872,'AR','AR-S','Santa Fe'),(873,'AR','AR-G','Santiago del Estero'),(874,'AR','AR-V','Tierra del Fuego'),(875,'AR','AR-T','Tucumán'),(876,'BO','BO-C','Cochabamba'),(877,'BO','BO-H','Chuquisaca'),(878,'BO','BO-B','El Beni'),(879,'BO','BO-L','La Paz'),(880,'BO','BO-O','Oruro'),(881,'BO','BO-N','Pando'),(882,'BO','BO-P','Potosí'),(883,'BO','BO-S','Santa Cruz'),(884,'BO','BO-T','Tarija'),(885,'CL','CL-AI','Aisén del General Carlos Ibañez del Campo'),(886,'CL','CL-AN','Antofagasta'),(887,'CL','CL-AP','Arica y Parinacota'),(888,'CL','CL-AR','La Araucanía'),(889,'CL','CL-AT','Atacama'),(890,'CL','CL-BI','Biobío'),(891,'CL','CL-CO','Coquimbo'),(892,'CL','CL-LI','Libertador General Bernardo O\'Higgins'),(893,'CL','CL-LL','Los Lagos'),(894,'CL','CL-LR','Los Ríos'),(895,'CL','CL-MA','Magallanes'),(896,'CL','CL-ML','Maule'),(897,'CL','CL-NB','Ñuble'),(898,'CL','CL-RM','Región Metropolitana de Santiago'),(899,'CL','CL-TA','Tarapacá'),(900,'CL','CL-VS','Valparaíso'),(901,'DK','DK-84','Hovedstaden'),(902,'DK','DK-82','Midtjylland'),(903,'DK','DK-81','Nordjylland'),(904,'DK','DK-85','Sjælland'),(905,'DK','DK-83','Syddanmark'),(906,'EC','EC-A','Azuay'),(907,'EC','EC-B','Bolívar'),(908,'EC','EC-F','Cañar'),(909,'EC','EC-C','Carchi'),(910,'EC','EC-H','Chimborazo'),(911,'EC','EC-X','Cotopaxi'),(912,'EC','EC-O','El Oro'),(913,'EC','EC-E','Esmeraldas'),(914,'EC','EC-W','Galápagos'),(915,'EC','EC-G','Guayas'),(916,'EC','EC-I','Imbabura'),(917,'EC','EC-L','Loja'),(918,'EC','EC-R','Los Ríos'),(919,'EC','EC-M','Manabí'),(920,'EC','EC-S','Morona Santiago'),(921,'EC','EC-N','Napo'),(922,'EC','EC-D','Orellana'),(923,'EC','EC-Y','Pastaza'),(924,'EC','EC-P','Pichincha'),(925,'EC','EC-SE','Santa Elena'),(926,'EC','EC-SD','Santo Domingo de los Tsáchilas'),(927,'EC','EC-U','Sucumbíos'),(928,'EC','EC-T','Tungurahua'),(929,'EC','EC-Z','Zamora Chinchipe'),(930,'GR','GR-A','Anatolikí Makedonía kai Thráki'),(931,'GR','GR-I','Attikí'),(932,'GR','GR-G','Dytikí Elláda'),(933,'GR','GR-C','Dytikí Makedonía'),(934,'GR','GR-F','Ionía Nísia'),(935,'GR','GR-D','Ípeiros'),(936,'GR','GR-B','Kentrikí Makedonía'),(937,'GR','GR-M','Kríti'),(938,'GR','GR-L','Nótio Aigaío'),(939,'GR','GR-J','Pelopónnisos'),(940,'GR','GR-H','Stereá Elláda'),(941,'GR','GR-E','Thessalía'),(942,'GR','GR-K','Vóreio Aigaío'),(943,'GR','GR-69','Ágion Óros'),(944,'GY','GY-BA','Barima-Waini'),(945,'GY','GY-CU','Cuyuni-Mazaruni'),(946,'GY','GY-DE','Demerara-Mahaica'),(947,'GY','GY-EB','East Berbice-Corentyne'),(948,'GY','GY-ES','Essequibo Islands-West Demerara'),(949,'GY','GY-MA','Mahaica-Berbice'),(950,'GY','GY-PM','Pomeroon-Supenaam'),(951,'GY','GY-PT','Potaro-Siparuni'),(952,'GY','GY-UD','Upper Demerara-Berbice'),(953,'GY','GY-UT','Upper Takutu-Upper Essequibo'),(954,'IS','IS-01','Höfuðborgarsvæði'),(955,'IS','IS-02','Suðurnes'),(956,'IS','IS-03','Vesturland'),(957,'IS','IS-04','Vestfirðir'),(958,'IS','IS-05','Norðurland vestra'),(959,'IS','IS-06','Norðurland eystra'),(960,'IS','IS-07','Austurland'),(961,'IS','IS-08','Suðurland'),(962,'PY','PY-ASU','Asunción'),(963,'PY','PY-16','Alto Paraguay'),(964,'PY','PY-10','Alto Paraná'),(965,'PY','PY-13','Amambay'),(966,'PY','PY-19','Boquerón'),(967,'PY','PY-5','Caaguazú'),(968,'PY','PY-6','Caazapá'),(969,'PY','PY-14','Canindeyú'),(970,'PY','PY-11','Central'),(971,'PY','PY-1','Concepción'),(972,'PY','PY-3','Cordillera'),(973,'PY','PY-4','Guairá'),(974,'PY','PY-7','Itapúa'),(975,'PY','PY-8','Misiones'),(976,'PY','PY-12','Ñeembucú'),(977,'PY','PY-9','Paraguarí'),(978,'PY','PY-15','Presidente Hayes'),(979,'PY','PY-2','San Pedro'),(980,'PE','PE-LMA','Municipalidad Metropolitana de Lima'),(981,'PE','PE-AMA','Amazonas'),(982,'PE','PE-ANC','Ancash'),(983,'PE','PE-APU','Apurímac'),(984,'PE','PE-ARE','Arequipa'),(985,'PE','PE-AYA','Ayacucho'),(986,'PE','PE-CAJ','Cajamarca'),(987,'PE','PE-CUS','Cusco'),(988,'PE','PE-CAL','El Callao'),(989,'PE','PE-HUV','Huancavelica'),(990,'PE','PE-HUC','Huánuco'),(991,'PE','PE-ICA','Ica'),(992,'PE','PE-JUN','Junín'),(993,'PE','PE-LAL','La Libertad'),(994,'PE','PE-LAM','Lambayeque'),(995,'PE','PE-LIM','Lima'),(996,'PE','PE-LOR','Loreto'),(997,'PE','PE-MDD','Madre de Dios'),(998,'PE','PE-MOQ','Moquegua'),(999,'PE','PE-PAS','Pasco'),(1000,'PE','PE-PIU','Piura'),(1001,'PE','PE-PUN','Puno'),(1002,'PE','PE-SAM','San Martín'),(1003,'PE','PE-TAC','Tacna'),(1004,'PE','PE-TUM','Tumbes'),(1005,'PE','PE-UCA','Ucayali'),(1006,'PT','PT-01','Aveiro'),(1007,'PT','PT-02','Beja'),(1008,'PT','PT-03','Braga'),(1009,'PT','PT-04','Bragança'),(1010,'PT','PT-05','Castelo Branco'),(1011,'PT','PT-06','Coimbra'),(1012,'PT','PT-07','Évora'),(1013,'PT','PT-08','Faro'),(1014,'PT','PT-09','Guarda'),(1015,'PT','PT-10','Leiria'),(1016,'PT','PT-11','Lisboa'),(1017,'PT','PT-12','Portalegre'),(1018,'PT','PT-13','Porto'),(1019,'PT','PT-14','Santarém'),(1020,'PT','PT-15','Setúbal'),(1021,'PT','PT-16','Viana do Castelo'),(1022,'PT','PT-17','Vila Real'),(1023,'PT','PT-18','Viseu'),(1024,'PT','PT-20','Região Autónoma dos Açores'),(1025,'PT','PT-30','Região Autónoma da Madeira'),(1026,'SR','SR-BR','Brokopondo'),(1027,'SR','SR-CM','Commewijne'),(1028,'SR','SR-CR','Coronie'),(1029,'SR','SR-MA','Marowijne'),(1030,'SR','SR-NI','Nickerie'),(1031,'SR','SR-PR','Para'),(1032,'SR','SR-PM','Paramaribo'),(1033,'SR','SR-SA','Saramacca'),(1034,'SR','SR-SI','Sipaliwini'),(1035,'SR','SR-WA','Wanica'),(1036,'SE','SE-K','Blekinge län'),(1037,'SE','SE-W','Dalarnas län'),(1038,'SE','SE-I','Gotlands län'),(1039,'SE','SE-X','Gävleborgs län'),(1040,'SE','SE-N','Hallands län'),(1041,'SE','SE-Z','Jämtlands län'),(1042,'SE','SE-F','Jönköpings län'),(1043,'SE','SE-H','Kalmar län'),(1044,'SE','SE-G','Kronobergs län'),(1045,'SE','SE-BD','Norrbottens län'),(1046,'SE','SE-M','Skåne län'),(1047,'SE','SE-AB','Stockholms län'),(1048,'SE','SE-D','Södermanlands län'),(1049,'SE','SE-C','Uppsala län'),(1050,'SE','SE-S','Värmlands län'),(1051,'SE','SE-AC','Västerbottens län'),(1052,'SE','SE-Y','Västernorrlands län'),(1053,'SE','SE-U','Västmanlands län'),(1054,'SE','SE-O','Västra Götalands län'),(1055,'SE','SE-T','Örebro län'),(1056,'SE','SE-E','Östergötlands län'),(1057,'UY','UY-AR','Artigas'),(1058,'UY','UY-CA','Canelones'),(1059,'UY','UY-CL','Cerro Largo'),(1060,'UY','UY-CO','Colonia'),(1061,'UY','UY-DU','Durazno'),(1062,'UY','UY-FS','Flores'),(1063,'UY','UY-FD','Florida'),(1064,'UY','UY-LA','Lavalleja'),(1065,'UY','UY-MA','Maldonado'),(1066,'UY','UY-MO','Montevideo'),(1067,'UY','UY-PA','Paysandu'),(1068,'UY','UY-RN','Río Negro'),(1069,'UY','UY-RV','Rivera'),(1070,'UY','UY-RO','Rocha'),(1071,'UY','UY-SA','Salto'),(1072,'UY','UY-SJ','San José'),(1073,'UY','UY-SO','Soriano'),(1074,'UY','UY-TA','Tacuarembó'),(1075,'UY','UY-TT','Treinta y Tres'),(1076,'VE','VE-W','Dependencias Federales'),(1077,'VE','VE-A','Distrito Capital'),(1078,'VE','VE-Z','Amazonas'),(1079,'VE','VE-B','Anzoátegui'),(1080,'VE','VE-C','Apure'),(1081,'VE','VE-D','Aragua'),(1082,'VE','VE-E','Barinas'),(1083,'VE','VE-F','Bolívar'),(1084,'VE','VE-G','Carabobo'),(1085,'VE','VE-H','Cojedes'),(1086,'VE','VE-Y','Delta Amacuro'),(1087,'VE','VE-I','Falcón'),(1088,'VE','VE-J','Guárico'),(1089,'VE','VE-K','Lara'),(1090,'VE','VE-L','Mérida'),(1091,'VE','VE-M','Miranda'),(1092,'VE','VE-N','Monagas'),(1093,'VE','VE-O','Nueva Esparta'),(1094,'VE','VE-P','Portuguesa'),(1095,'VE','VE-R','Sucre'),(1096,'VE','VE-S','Táchira'),(1097,'VE','VE-T','Trujillo'),(1098,'VE','VE-X','Vargas'),(1099,'VE','VE-U','Yaracuy'),(1100,'VE','VE-V','Zulia'),(1101,'BY','BY-BR','Bresckaja voblasć'),(1102,'BY','BY-HO','Homieĺskaja voblasć'),(1103,'BY','BY-HM','Horad Minsk'),(1104,'BY','BY-HR','Hrodzienskaja voblasć'),(1105,'BY','BY-MA','Mahilioŭskaja voblasć'),(1106,'BY','BY-MI','Minskaja voblasć'),(1107,'BY','BY-VI','Viciebskaja voblasć'),(1108,'KW','Capital','Capital'),(1109,'KW','Hawalli','Hawalli'),(1110,'KW','Farwaniya','Farwaniya'),(1112,'KW','AlAhmadi','AlAhmadi'),(1113,'KW','AlJahra','AlJahra'),(1114,'KW','Sabah alahmad','Sabah alahmad'),(1115,'KW','Wafra','Wafra\r\n'),(1116,'KW','Doha','Doha');

--
-- Table structure for table `directory_country_region_name`
--

CREATE TABLE `directory_country_region_name` (
  `locale` varchar(16) NOT NULL COMMENT 'Locale',
  `region_id` int(10) unsigned NOT NULL DEFAULT '0' COMMENT 'Region ID',
  `name` varchar(255) DEFAULT NULL COMMENT 'Region Name',
  PRIMARY KEY (`locale`,`region_id`),
  KEY `DIRECTORY_COUNTRY_REGION_NAME_REGION_ID` (`region_id`),
  CONSTRAINT `DIR_COUNTRY_REGION_NAME_REGION_ID_DIR_COUNTRY_REGION_REGION_ID` FOREIGN KEY (`region_id`) REFERENCES `directory_country_region` (`region_id`) ON DELETE CASCADE
) ENGINE=InnoDB DEFAULT CHARSET=utf8 COMMENT='Directory Country Region Name';

--
-- Dumping data for table `directory_country_region_name`
--

INSERT INTO `directory_country_region_name` VALUES ('en_US',1,'Alabama'),('en_US',2,'Alaska'),('en_US',3,'American Samoa'),('en_US',4,'Arizona'),('en_US',5,'Arkansas'),('en_US',6,'Armed Forces Africa'),('en_US',7,'Armed Forces Americas'),('en_US',8,'Armed Forces Canada'),('en_US',9,'Armed Forces Europe'),('en_US',10,'Armed Forces Middle East'),('en_US',11,'Armed Forces Pacific'),('en_US',12,'California'),('en_US',13,'Colorado'),('en_US',14,'Connecticut'),('en_US',15,'Delaware'),('en_US',16,'District of Columbia'),('en_US',17,'Federated States Of Micronesia'),('en_US',18,'Florida'),('en_US',19,'Georgia'),('en_US',20,'Guam'),('en_US',21,'Hawaii'),('en_US',22,'Idaho'),('en_US',23,'Illinois'),('en_US',24,'Indiana'),('en_US',25,'Iowa'),('en_US',26,'Kansas'),('en_US',27,'Kentucky'),('en_US',28,'Louisiana'),('en_US',29,'Maine'),('en_US',30,'Marshall Islands'),('en_US',31,'Maryland'),('en_US',32,'Massachusetts'),('en_US',33,'Michigan'),('en_US',34,'Minnesota'),('en_US',35,'Mississippi'),('en_US',36,'Missouri'),('en_US',37,'Montana'),('en_US',38,'Nebraska'),('en_US',39,'Nevada'),('en_US',40,'New Hampshire'),('en_US',41,'New Jersey'),('en_US',42,'New Mexico'),('en_US',43,'New York'),('en_US',44,'North Carolina'),('en_US',45,'North Dakota'),('en_US',46,'Northern Mariana Islands'),('en_US',47,'Ohio'),('en_US',48,'Oklahoma'),('en_US',49,'Oregon'),('en_US',50,'Palau'),('en_US',51,'Pennsylvania'),('en_US',52,'Puerto Rico'),('en_US',53,'Rhode Island'),('en_US',54,'South Carolina'),('en_US',55,'South Dakota'),('en_US',56,'Tennessee'),('en_US',57,'Texas'),('en_US',58,'Utah'),('en_US',59,'Vermont'),('en_US',60,'Virgin Islands'),('en_US',61,'Virginia'),('en_US',62,'Washington'),('en_US',63,'West Virginia'),('en_US',64,'Wisconsin'),('en_US',65,'Wyoming'),('en_US',66,'Alberta'),('en_US',67,'British Columbia'),('en_US',68,'Manitoba'),('en_US',69,'Newfoundland and Labrador'),('en_US',70,'New Brunswick'),('en_US',71,'Nova Scotia'),('en_US',72,'Northwest Territories'),('en_US',73,'Nunavut'),('en_US',74,'Ontario'),('en_US',75,'Prince Edward Island'),('en_US',76,'Quebec'),('en_US',77,'Saskatchewan'),('en_US',78,'Yukon Territory'),('en_US',79,'Niedersachsen'),('en_US',80,'Baden-Württemberg'),('en_US',81,'Bayern'),('en_US',82,'Berlin'),('en_US',83,'Brandenburg'),('en_US',84,'Bremen'),('en_US',85,'Hamburg'),('en_US',86,'Hessen'),('en_US',87,'Mecklenburg-Vorpommern'),('en_US',88,'Nordrhein-Westfalen'),('en_US',89,'Rheinland-Pfalz'),('en_US',90,'Saarland'),('en_US',91,'Sachsen'),('en_US',92,'Sachsen-Anhalt'),('en_US',93,'Schleswig-Holstein'),('en_US',94,'Thüringen'),('en_US',95,'Wien'),('en_US',96,'Niederösterreich'),('en_US',97,'Oberösterreich'),('en_US',98,'Salzburg'),('en_US',99,'Kärnten'),('en_US',100,'Steiermark'),('en_US',101,'Tirol'),('en_US',102,'Burgenland'),('en_US',103,'Vorarlberg'),('en_US',104,'Aargau'),('en_US',105,'Appenzell Innerrhoden'),('en_US',106,'Appenzell Ausserrhoden'),('en_US',107,'Bern'),('en_US',108,'Basel-Landschaft'),('en_US',109,'Basel-Stadt'),('en_US',110,'Friburg'),('en_US',111,'Geneva'),('en_US',112,'Glarus'),('en_US',113,'Graubünden'),('en_US',114,'Jura'),('en_US',115,'Lucerne'),('en_US',116,'Neuchâtel'),('en_US',117,'Nidwalden'),('en_US',118,'Obwalden'),('en_US',119,'St. Gallen'),('en_US',120,'Schaffhausen'),('en_US',121,'Solothurn'),('en_US',122,'Schwyz'),('en_US',123,'Thurgau'),('en_US',124,'Ticino'),('en_US',125,'Uri'),('en_US',126,'Vaud'),('en_US',127,'Wallis'),('en_US',128,'Zug'),('en_US',129,'Zürich'),('en_US',130,'A Coruña'),('en_US',131,'Alava'),('en_US',132,'Albacete'),('en_US',133,'Alicante'),('en_US',134,'Almeria'),('en_US',135,'Asturias'),('en_US',136,'Avila'),('en_US',137,'Badajoz'),('en_US',138,'Baleares'),('en_US',139,'Barcelona'),('en_US',140,'Burgos'),('en_US',141,'Caceres'),('en_US',142,'Cadiz'),('en_US',143,'Cantabria'),('en_US',144,'Castellon'),('en_US',145,'Ceuta'),('en_US',146,'Ciudad Real'),('en_US',147,'Cordoba'),('en_US',148,'Cuenca'),('en_US',149,'Girona'),('en_US',150,'Granada'),('en_US',151,'Guadalajara'),('en_US',152,'Guipuzcoa'),('en_US',153,'Huelva'),('en_US',154,'Huesca'),('en_US',155,'Jaen'),('en_US',156,'La Rioja'),('en_US',157,'Las Palmas'),('en_US',158,'Leon'),('en_US',159,'Lleida'),('en_US',160,'Lugo'),('en_US',161,'Madrid'),('en_US',162,'Malaga'),('en_US',163,'Melilla'),('en_US',164,'Murcia'),('en_US',165,'Navarra'),('en_US',166,'Ourense'),('en_US',167,'Palencia'),('en_US',168,'Pontevedra'),('en_US',169,'Salamanca'),('en_US',170,'Santa Cruz de Tenerife'),('en_US',171,'Segovia'),('en_US',172,'Sevilla'),('en_US',173,'Soria'),('en_US',174,'Tarragona'),('en_US',175,'Teruel'),('en_US',176,'Toledo'),('en_US',177,'Valencia'),('en_US',178,'Valladolid'),('en_US',179,'Vizcaya'),('en_US',180,'Zamora'),('en_US',181,'Zaragoza'),('en_US',182,'Ain'),('en_US',183,'Aisne'),('en_US',184,'Allier'),('en_US',185,'Alpes-de-Haute-Provence'),('en_US',186,'Hautes-Alpes'),('en_US',187,'Alpes-Maritimes'),('en_US',188,'Ardèche'),('en_US',189,'Ardennes'),('en_US',190,'Ariège'),('en_US',191,'Aube'),('en_US',192,'Aude'),('en_US',193,'Aveyron'),('en_US',194,'Bouches-du-Rhône'),('en_US',195,'Calvados'),('en_US',196,'Cantal'),('en_US',197,'Charente'),('en_US',198,'Charente-Maritime'),('en_US',199,'Cher'),('en_US',200,'Corrèze'),('en_US',201,'Corse-du-Sud'),('en_US',202,'Haute-Corse'),('en_US',203,'Côte-d\'Or'),('en_US',204,'Côtes-d\'Armor'),('en_US',205,'Creuse'),('en_US',206,'Dordogne'),('en_US',207,'Doubs'),('en_US',208,'Drôme'),('en_US',209,'Eure'),('en_US',210,'Eure-et-Loir'),('en_US',211,'Finistère'),('en_US',212,'Gard'),('en_US',213,'Haute-Garonne'),('en_US',214,'Gers'),('en_US',215,'Gironde'),('en_US',216,'Hérault'),('en_US',217,'Ille-et-Vilaine'),('en_US',218,'Indre'),('en_US',219,'Indre-et-Loire'),('en_US',220,'Isère'),('en_US',221,'Jura'),('en_US',222,'Landes'),('en_US',223,'Loir-et-Cher'),('en_US',224,'Loire'),('en_US',225,'Haute-Loire'),('en_US',226,'Loire-Atlantique'),('en_US',227,'Loiret'),('en_US',228,'Lot'),('en_US',229,'Lot-et-Garonne'),('en_US',230,'Lozère'),('en_US',231,'Maine-et-Loire'),('en_US',232,'Manche'),('en_US',233,'Marne'),('en_US',234,'Haute-Marne'),('en_US',235,'Mayenne'),('en_US',236,'Meurthe-et-Moselle'),('en_US',237,'Meuse'),('en_US',238,'Morbihan'),('en_US',239,'Moselle'),('en_US',240,'Nièvre'),('en_US',241,'Nord'),('en_US',242,'Oise'),('en_US',243,'Orne'),('en_US',244,'Pas-de-Calais'),('en_US',245,'Puy-de-Dôme'),('en_US',246,'Pyrénées-Atlantiques'),('en_US',247,'Hautes-Pyrénées'),('en_US',248,'Pyrénées-Orientales'),('en_US',249,'Bas-Rhin'),('en_US',250,'Haut-Rhin'),('en_US',251,'Rhône'),('en_US',252,'Haute-Saône'),('en_US',253,'Saône-et-Loire'),('en_US',254,'Sarthe'),('en_US',255,'Savoie'),('en_US',256,'Haute-Savoie'),('en_US',257,'Paris'),('en_US',258,'Seine-Maritime'),('en_US',259,'Seine-et-Marne'),('en_US',260,'Yvelines'),('en_US',261,'Deux-Sèvres'),('en_US',262,'Somme'),('en_US',263,'Tarn'),('en_US',264,'Tarn-et-Garonne'),('en_US',265,'Var'),('en_US',266,'Vaucluse'),('en_US',267,'Vendée'),('en_US',268,'Vienne'),('en_US',269,'Haute-Vienne'),('en_US',270,'Vosges'),('en_US',271,'Yonne'),('en_US',272,'Territoire-de-Belfort'),('en_US',273,'Essonne'),('en_US',274,'Hauts-de-Seine'),('en_US',275,'Seine-Saint-Denis'),('en_US',276,'Val-de-Marne'),('en_US',277,'Val-d\'Oise'),('en_US',278,'Alba'),('en_US',279,'Arad'),('en_US',280,'Argeş'),('en_US',281,'Bacău'),('en_US',282,'Bihor'),('en_US',283,'Bistriţa-Năsăud'),('en_US',284,'Botoşani'),('en_US',285,'Braşov'),('en_US',286,'Brăila'),('en_US',287,'Bucureşti'),('en_US',288,'Buzău'),('en_US',289,'Caraş-Severin'),('en_US',290,'Călăraşi'),('en_US',291,'Cluj'),('en_US',292,'Constanţa'),('en_US',293,'Covasna'),('en_US',294,'Dâmboviţa'),('en_US',295,'Dolj'),('en_US',296,'Galaţi'),('en_US',297,'Giurgiu'),('en_US',298,'Gorj'),('en_US',299,'Harghita'),('en_US',300,'Hunedoara'),('en_US',301,'Ialomiţa'),('en_US',302,'Iaşi'),('en_US',303,'Ilfov'),('en_US',304,'Maramureş'),('en_US',305,'Mehedinţi'),('en_US',306,'Mureş'),('en_US',307,'Neamţ'),('en_US',308,'Olt'),('en_US',309,'Prahova'),('en_US',310,'Satu-Mare'),('en_US',311,'Sălaj'),('en_US',312,'Sibiu'),('en_US',313,'Suceava'),('en_US',314,'Teleorman'),('en_US',315,'Timiş'),('en_US',316,'Tulcea'),('en_US',317,'Vaslui'),('en_US',318,'Vâlcea'),('en_US',319,'Vrancea'),('en_US',320,'Lappi'),('en_US',321,'Pohjois-Pohjanmaa'),('en_US',322,'Kainuu'),('en_US',323,'Pohjois-Karjala'),('en_US',324,'Pohjois-Savo'),('en_US',325,'Etelä-Savo'),('en_US',326,'Etelä-Pohjanmaa'),('en_US',327,'Pohjanmaa'),('en_US',328,'Pirkanmaa'),('en_US',329,'Satakunta'),('en_US',330,'Keski-Pohjanmaa'),('en_US',331,'Keski-Suomi'),('en_US',332,'Varsinais-Suomi'),('en_US',333,'Etelä-Karjala'),('en_US',334,'Päijät-Häme'),('en_US',335,'Kanta-Häme'),('en_US',336,'Uusimaa'),('en_US',337,'Itä-Uusimaa'),('en_US',338,'Kymenlaakso'),('en_US',339,'Ahvenanmaa'),('en_US',340,'Harjumaa'),('en_US',341,'Hiiumaa'),('en_US',342,'Ida-Virumaa'),('en_US',343,'Jõgevamaa'),('en_US',344,'Järvamaa'),('en_US',345,'Läänemaa'),('en_US',346,'Lääne-Virumaa'),('en_US',347,'Põlvamaa'),('en_US',348,'Pärnumaa'),('en_US',349,'Raplamaa'),('en_US',350,'Saaremaa'),('en_US',351,'Tartumaa'),('en_US',352,'Valgamaa'),('en_US',353,'Viljandimaa'),('en_US',354,'Võrumaa'),('en_US',355,'Daugavpils'),('en_US',356,'Jelgava'),('en_US',357,'Jēkabpils'),('en_US',358,'Jūrmala'),('en_US',359,'Liepāja'),('en_US',360,'Liepājas novads'),('en_US',361,'Rēzekne'),('en_US',362,'Rīga'),('en_US',363,'Rīgas novads'),('en_US',364,'Valmiera'),('en_US',365,'Ventspils'),('en_US',366,'Aglonas novads'),('en_US',367,'Aizkraukles novads'),('en_US',368,'Aizputes novads'),('en_US',369,'Aknīstes novads'),('en_US',370,'Alojas novads'),('en_US',371,'Alsungas novads'),('en_US',372,'Alūksnes novads'),('en_US',373,'Amatas novads'),('en_US',374,'Apes novads'),('en_US',375,'Auces novads'),('en_US',376,'Babītes novads'),('en_US',377,'Baldones novads'),('en_US',378,'Baltinavas novads'),('en_US',379,'Balvu novads'),('en_US',380,'Bauskas novads'),('en_US',381,'Beverīnas novads'),('en_US',382,'Brocēnu novads'),('en_US',383,'Burtnieku novads'),('en_US',384,'Carnikavas novads'),('en_US',385,'Cesvaines novads'),('en_US',386,'Ciblas novads'),('en_US',387,'Cēsu novads'),('en_US',388,'Dagdas novads'),('en_US',389,'Daugavpils novads'),('en_US',390,'Dobeles novads'),('en_US',391,'Dundagas novads'),('en_US',392,'Durbes novads'),('en_US',393,'Engures novads'),('en_US',394,'Garkalnes novads'),('en_US',395,'Grobiņas novads'),('en_US',396,'Gulbenes novads'),('en_US',397,'Iecavas novads'),('en_US',398,'Ikšķiles novads'),('en_US',399,'Ilūkstes novads'),('en_US',400,'Inčukalna novads'),('en_US',401,'Jaunjelgavas novads'),('en_US',402,'Jaunpiebalgas novads'),('en_US',403,'Jaunpils novads'),('en_US',404,'Jelgavas novads'),('en_US',405,'Jēkabpils novads'),('en_US',406,'Kandavas novads'),('en_US',407,'Kokneses novads'),('en_US',408,'Krimuldas novads'),('en_US',409,'Krustpils novads'),('en_US',410,'Krāslavas novads'),('en_US',411,'Kuldīgas novads'),('en_US',412,'Kārsavas novads'),('en_US',413,'Lielvārdes novads'),('en_US',414,'Limbažu novads'),('en_US',415,'Lubānas novads'),('en_US',416,'Ludzas novads'),('en_US',417,'Līgatnes novads'),('en_US',418,'Līvānu novads'),('en_US',419,'Madonas novads'),('en_US',420,'Mazsalacas novads'),('en_US',421,'Mālpils novads'),('en_US',422,'Mārupes novads'),('en_US',423,'Naukšēnu novads'),('en_US',424,'Neretas novads'),('en_US',425,'Nīcas novads'),('en_US',426,'Ogres novads'),('en_US',427,'Olaines novads'),('en_US',428,'Ozolnieku novads'),('en_US',429,'Preiļu novads'),('en_US',430,'Priekules novads'),('en_US',431,'Priekuļu novads'),('en_US',432,'Pārgaujas novads'),('en_US',433,'Pāvilostas novads'),('en_US',434,'Pļaviņu novads'),('en_US',435,'Raunas novads'),('en_US',436,'Riebiņu novads'),('en_US',437,'Rojas novads'),('en_US',438,'Ropažu novads'),('en_US',439,'Rucavas novads'),('en_US',440,'Rugāju novads'),('en_US',441,'Rundāles novads'),('en_US',442,'Rēzeknes novads'),('en_US',443,'Rūjienas novads'),('en_US',444,'Salacgrīvas novads'),('en_US',445,'Salas novads'),('en_US',446,'Salaspils novads'),('en_US',447,'Saldus novads'),('en_US',448,'Saulkrastu novads'),('en_US',449,'Siguldas novads'),('en_US',450,'Skrundas novads'),('en_US',451,'Skrīveru novads'),('en_US',452,'Smiltenes novads'),('en_US',453,'Stopiņu novads'),('en_US',454,'Strenču novads'),('en_US',455,'Sējas novads'),('en_US',456,'Talsu novads'),('en_US',457,'Tukuma novads'),('en_US',458,'Tērvetes novads'),('en_US',459,'Vaiņodes novads'),('en_US',460,'Valkas novads'),('en_US',461,'Valmieras novads'),('en_US',462,'Varakļānu novads'),('en_US',463,'Vecpiebalgas novads'),('en_US',464,'Vecumnieku novads'),('en_US',465,'Ventspils novads'),('en_US',466,'Viesītes novads'),('en_US',467,'Viļakas novads'),('en_US',468,'Viļānu novads'),('en_US',469,'Vārkavas novads'),('en_US',470,'Zilupes novads'),('en_US',471,'Ādažu novads'),('en_US',472,'Ērgļu novads'),('en_US',473,'Ķeguma novads'),('en_US',474,'Ķekavas novads'),('en_US',475,'Alytaus Apskritis'),('en_US',476,'Kauno Apskritis'),('en_US',477,'Klaipėdos Apskritis'),('en_US',478,'Marijampolės Apskritis'),('en_US',479,'Panevėžio Apskritis'),('en_US',480,'Šiaulių Apskritis'),('en_US',481,'Tauragės Apskritis'),('en_US',482,'Telšių Apskritis'),('en_US',483,'Utenos Apskritis'),('en_US',484,'Vilniaus Apskritis'),('en_US',485,'Acre'),('en_US',486,'Alagoas'),('en_US',487,'Amapá'),('en_US',488,'Amazonas'),('en_US',489,'Bahia'),('en_US',490,'Ceará'),('en_US',491,'Espírito Santo'),('en_US',492,'Goiás'),('en_US',493,'Maranhão'),('en_US',494,'Mato Grosso'),('en_US',495,'Mato Grosso do Sul'),('en_US',496,'Minas Gerais'),('en_US',497,'Pará'),('en_US',498,'Paraíba'),('en_US',499,'Paraná'),('en_US',500,'Pernambuco'),('en_US',501,'Piauí'),('en_US',502,'Rio de Janeiro'),('en_US',503,'Rio Grande do Norte'),('en_US',504,'Rio Grande do Sul'),('en_US',505,'Rondônia'),('en_US',506,'Roraima'),('en_US',507,'Santa Catarina'),('en_US',508,'São Paulo'),('en_US',509,'Sergipe'),('en_US',510,'Tocantins'),('en_US',511,'Distrito Federal'),('en_US',512,'Zagrebačka županija'),('en_US',513,'Krapinsko-zagorska županija'),('en_US',514,'Sisačko-moslavačka županija'),('en_US',515,'Karlovačka županija'),('en_US',516,'Varaždinska županija'),('en_US',517,'Koprivničko-križevačka županija'),('en_US',518,'Bjelovarsko-bilogorska županija'),('en_US',519,'Primorsko-goranska županija'),('en_US',520,'Ličko-senjska županija'),('en_US',521,'Virovitičko-podravska županija'),('en_US',522,'Požeško-slavonska županija'),('en_US',523,'Brodsko-posavska županija'),('en_US',524,'Zadarska županija'),('en_US',525,'Osječko-baranjska županija'),('en_US',526,'Šibensko-kninska županija'),('en_US',527,'Vukovarsko-srijemska županija'),('en_US',528,'Splitsko-dalmatinska županija'),('en_US',529,'Istarska županija'),('en_US',530,'Dubrovačko-neretvanska županija'),('en_US',531,'Međimurska županija'),('en_US',532,'Grad Zagreb'),('en_US',533,'Andaman and Nicobar Islands'),('en_US',534,'Andhra Pradesh'),('en_US',535,'Arunachal Pradesh'),('en_US',536,'Assam'),('en_US',537,'Bihar'),('en_US',538,'Chandigarh'),('en_US',539,'Chhattisgarh'),('en_US',540,'Dadra and Nagar Haveli'),('en_US',541,'Daman and Diu'),('en_US',542,'Delhi'),('en_US',543,'Goa'),('en_US',544,'Gujarat'),('en_US',545,'Haryana'),('en_US',546,'Himachal Pradesh'),('en_US',547,'Jammu and Kashmir'),('en_US',548,'Jharkhand'),('en_US',549,'Karnataka'),('en_US',550,'Kerala'),('en_US',551,'Lakshadweep'),('en_US',552,'Madhya Pradesh'),('en_US',553,'Maharashtra'),('en_US',554,'Manipur'),('en_US',555,'Meghalaya'),('en_US',556,'Mizoram'),('en_US',557,'Nagaland'),('en_US',558,'Odisha'),('en_US',559,'Puducherry'),('en_US',560,'Punjab'),('en_US',561,'Rajasthan'),('en_US',562,'Sikkim'),('en_US',563,'Tamil Nadu'),('en_US',564,'Telangana'),('en_US',565,'Tripura'),('en_US',566,'Uttar Pradesh'),('en_US',567,'Uttarakhand'),('en_US',568,'West Bengal'),('en_US',569,'Australian Capital Territory'),('en_US',570,'New South Wales'),('en_US',571,'Victoria'),('en_US',572,'Queensland'),('en_US',573,'South Australia'),('en_US',574,'Tasmania'),('en_US',575,'Western Australia'),('en_US',576,'Northern Territory'),('en_US',577,'Aguascalientes'),('en_US',578,'Baja California'),('en_US',579,'Baja California Sur'),('en_US',580,'Campeche'),('en_US',581,'Chiapas'),('en_US',582,'Chihuahua'),('en_US',583,'Ciudad de México'),('en_US',584,'Coahuila'),('en_US',585,'Colima'),('en_US',586,'Durango'),('en_US',587,'Estado de México'),('en_US',588,'Guanajuato'),('en_US',589,'Guerrero'),('en_US',590,'Hidalgo'),('en_US',591,'Jalisco'),('en_US',592,'Michoacán'),('en_US',593,'Morelos'),('en_US',594,'Nayarit'),('en_US',595,'Nuevo León'),('en_US',596,'Oaxaca'),('en_US',597,'Puebla'),('en_US',598,'Querétaro'),('en_US',599,'Quintana Roo'),('en_US',600,'San Luis Potosí'),('en_US',601,'Sinaloa'),('en_US',602,'Sonora'),('en_US',603,'Tabasco'),('en_US',604,'Tamaulipas'),('en_US',605,'Tlaxcala'),('en_US',606,'Veracruz'),('en_US',607,'Yucatán'),('en_US',608,'Zacatecas'),('en_US',609,'Antwerpen'),('en_US',610,'Brabant wallon'),('en_US',611,'Brussels-Capital Region'),('en_US',612,'Hainaut'),('en_US',613,'Limburg'),('en_US',614,'Liège'),('en_US',615,'Luxembourg'),('en_US',616,'Namur'),('en_US',617,'Oost-Vlaanderen'),('en_US',618,'Vlaams-Brabant'),('en_US',619,'West-Vlaanderen'),('en_US',620,'Anhui Sheng'),('en_US',621,'Beijing Shi'),('en_US',622,'Chongqing Shi'),('en_US',623,'Fujian Sheng'),('en_US',624,'Gansu Sheng'),('en_US',625,'Guangdong Sheng'),('en_US',626,'Guangxi Zhuangzu Zizhiqu'),('en_US',627,'Guizhou Sheng'),('en_US',628,'Hainan Sheng'),('en_US',629,'Hebei Sheng'),('en_US',630,'Heilongjiang Sheng'),('en_US',631,'Henan Sheng'),('en_US',632,'Hong Kong SAR'),('en_US',633,'Hubei Sheng'),('en_US',634,'Hunan Sheng'),('en_US',635,'Jiangsu Sheng'),('en_US',636,'Jiangxi Sheng'),('en_US',637,'Jilin Sheng'),('en_US',638,'Liaoning Sheng'),('en_US',639,'Macao SAR'),('en_US',640,'Nei Mongol Zizhiqu'),('en_US',641,'Ningxia Huizi Zizhiqu'),('en_US',642,'Qinghai Sheng'),('en_US',643,'Shaanxi Sheng'),('en_US',644,'Shandong Sheng'),('en_US',645,'Shanghai Shi'),('en_US',646,'Shanxi Sheng'),('en_US',647,'Sichuan Sheng'),('en_US',648,'Taiwan Sheng'),('en_US',649,'Tianjin Shi'),('en_US',650,'Xinjiang Uygur Zizhiqu'),('en_US',651,'Xizang Zizhiqu'),('en_US',652,'Yunnan Sheng'),('en_US',653,'Zhejiang Sheng'),('en_US',654,'Amazonas'),('en_US',655,'Antioquia'),('en_US',656,'Arauca'),('en_US',657,'Atlántico'),('en_US',658,'Bolívar'),('en_US',659,'Boyacá'),('en_US',660,'Caldas'),('en_US',661,'Caquetá'),('en_US',662,'Casanare'),('en_US',663,'Cauca'),('en_US',664,'Cesar'),('en_US',665,'Chocó'),('en_US',666,'Córdoba'),('en_US',667,'Cundinamarca'),('en_US',668,'Guainía'),('en_US',669,'Guaviare'),('en_US',670,'Huila'),('en_US',671,'La Guajira'),('en_US',672,'Magdalena'),('en_US',673,'Meta'),('en_US',674,'Nariño'),('en_US',675,'Norte de Santander'),('en_US',676,'Putumayo'),('en_US',677,'Quindío'),('en_US',678,'Risaralda'),('en_US',679,'San Andrés y Providencia'),('en_US',680,'Santander'),('en_US',681,'Sucre'),('en_US',682,'Tolima'),('en_US',683,'Valle del Cauca'),('en_US',684,'Vaupés'),('en_US',685,'Vichada'),('en_US',686,'dolnośląskie'),('en_US',687,'kujawsko-pomorskie'),('en_US',688,'lubelskie'),('en_US',689,'lubuskie'),('en_US',690,'łódzkie'),('en_US',691,'małopolskie'),('en_US',692,'mazowieckie'),('en_US',693,'opolskie'),('en_US',694,'podkarpackie'),('en_US',695,'podlaskie'),('en_US',696,'pomorskie'),('en_US',697,'śląskie'),('en_US',698,'świętokrzyskie'),('en_US',699,'warmińsko-mazurskie'),('en_US',700,'wielkopolskie'),('en_US',701,'zachodniopomorskie'),('en_US',702,'Blagoevgrad'),('en_US',703,'Burgas'),('en_US',704,'Varna'),('en_US',705,'Veliko Tarnovo'),('en_US',706,'Vidin'),('en_US',707,'Vratsa'),('en_US',708,'Gabrovo'),('en_US',709,'Dobrich'),('en_US',710,'Kardzhali'),('en_US',711,'Kyustendil'),('en_US',712,'Lovech'),('en_US',713,'Montana'),('en_US',714,'Pazardzhik'),('en_US',715,'Pernik'),('en_US',716,'Pleven'),('en_US',717,'Plovdiv'),('en_US',718,'Razgrad'),('en_US',719,'Ruse'),('en_US',720,'Silistra'),('en_US',721,'Sliven'),('en_US',722,'Smolyan'),('en_US',723,'Sofia City'),('en_US',724,'Sofia Province'),('en_US',725,'Stara Zagora'),('en_US',726,'Targovishte'),('en_US',727,'Haskovo'),('en_US',728,'Shumen'),('en_US',729,'Yambol'),('en_US',730,'Agrigento'),('en_US',731,'Alessandria'),('en_US',732,'Ancona'),('en_US',733,'Aosta'),('en_US',734,'L\'Aquila'),('en_US',735,'Arezzo'),('en_US',736,'Ascoli-Piceno'),('en_US',737,'Asti'),('en_US',738,'Avellino'),('en_US',739,'Bari'),('en_US',740,'Barletta-Andria-Trani'),('en_US',741,'Belluno'),('en_US',742,'Benevento'),('en_US',743,'Bergamo'),('en_US',744,'Biella'),('en_US',745,'Bologna'),('en_US',746,'Bolzano'),('en_US',747,'Brescia'),('en_US',748,'Brindisi'),('en_US',749,'Cagliari'),('en_US',750,'Caltanissetta'),('en_US',751,'Campobasso'),('en_US',752,'Carbonia Iglesias'),('en_US',753,'Caserta'),('en_US',754,'Catania'),('en_US',755,'Catanzaro'),('en_US',756,'Chieti'),('en_US',757,'Como'),('en_US',758,'Cosenza'),('en_US',759,'Cremona'),('en_US',760,'Crotone'),('en_US',761,'Cuneo'),('en_US',762,'Enna'),('en_US',763,'Fermo'),('en_US',764,'Ferrara'),('en_US',765,'Firenze'),('en_US',766,'Foggia'),('en_US',767,'Forli-Cesena'),('en_US',768,'Frosinone'),('en_US',769,'Genova'),('en_US',770,'Gorizia'),('en_US',771,'Grosseto'),('en_US',772,'Imperia'),('en_US',773,'Isernia'),('en_US',774,'La-Spezia'),('en_US',775,'Latina'),('en_US',776,'Lecce'),('en_US',777,'Lecco'),('en_US',778,'Livorno'),('en_US',779,'Lodi'),('en_US',780,'Lucca'),('en_US',781,'Macerata'),('en_US',782,'Mantova'),('en_US',783,'Massa-Carrara'),('en_US',784,'Matera'),('en_US',785,'Medio Campidano'),('en_US',786,'Messina'),('en_US',787,'Milano'),('en_US',788,'Modena'),('en_US',789,'Monza-Brianza'),('en_US',790,'Napoli'),('en_US',791,'Novara'),('en_US',792,'Nuoro'),('en_US',793,'Ogliastra'),('en_US',794,'Olbia Tempio'),('en_US',795,'Oristano'),('en_US',796,'Padova'),('en_US',797,'Palermo'),('en_US',798,'Parma'),('en_US',799,'Pavia'),('en_US',800,'Perugia'),('en_US',801,'Pesaro-Urbino'),('en_US',802,'Pescara'),('en_US',803,'Piacenza'),('en_US',804,'Pisa'),('en_US',805,'Pistoia'),('en_US',806,'Pordenone'),('en_US',807,'Potenza'),('en_US',808,'Prato'),('en_US',809,'Ragusa'),('en_US',810,'Ravenna'),('en_US',811,'Reggio-Calabria'),('en_US',812,'Reggio-Emilia'),('en_US',813,'Rieti'),('en_US',814,'Rimini'),('en_US',815,'Roma'),('en_US',816,'Rovigo'),('en_US',817,'Salerno'),('en_US',818,'Sassari'),('en_US',819,'Savona'),('en_US',820,'Siena'),('en_US',821,'Siracusa'),('en_US',822,'Sondrio'),('en_US',823,'Taranto'),('en_US',824,'Teramo'),('en_US',825,'Terni'),('en_US',826,'Torino'),('en_US',827,'Trapani'),('en_US',828,'Trento'),('en_US',829,'Treviso'),('en_US',830,'Trieste'),('en_US',831,'Udine'),('en_US',832,'Varese'),('en_US',833,'Venezia'),('en_US',834,'Verbania'),('en_US',835,'Vercelli'),('en_US',836,'Verona'),('en_US',837,'Vibo-Valentia'),('en_US',838,'Vicenza'),('en_US',839,'Viterbo'),('en_US',840,'Berat'),('en_US',841,'Dibër'),('en_US',842,'Durrës'),('en_US',843,'Elbasan'),('en_US',844,'Fier'),('en_US',845,'Gjirokastër'),('en_US',846,'Korçë'),('en_US',847,'Kukës'),('en_US',848,'Lezhë'),('en_US',849,'Shkodër'),('en_US',850,'Tiranë'),('en_US',851,'Vlorë'),('en_US',852,'Ciudad Autónoma de Buenos Aires'),('en_US',853,'Buenos Aires'),('en_US',854,'Catamarca'),('en_US',855,'Chaco'),('en_US',856,'Chubut'),('en_US',857,'Córdoba'),('en_US',858,'Corrientes'),('en_US',859,'Entre Ríos'),('en_US',860,'Formosa'),('en_US',861,'Jujuy'),('en_US',862,'La Pampa'),('en_US',863,'La Rioja'),('en_US',864,'Mendoza'),('en_US',865,'Misiones'),('en_US',866,'Neuquén'),('en_US',867,'Río Negro'),('en_US',868,'Salta'),('en_US',869,'San Juan'),('en_US',870,'San Luis'),('en_US',871,'Santa Cruz'),('en_US',872,'Santa Fe'),('en_US',873,'Santiago del Estero'),('en_US',874,'Tierra del Fuego'),('en_US',875,'Tucumán'),('en_US',876,'Cochabamba'),('en_US',877,'Chuquisaca'),('en_US',878,'El Beni'),('en_US',879,'La Paz'),('en_US',880,'Oruro'),('en_US',881,'Pando'),('en_US',882,'Potosí'),('en_US',883,'Santa Cruz'),('en_US',884,'Tarija'),('en_US',885,'Aisén del General Carlos Ibañez del Campo'),('en_US',886,'Antofagasta'),('en_US',887,'Arica y Parinacota'),('en_US',888,'La Araucanía'),('en_US',889,'Atacama'),('en_US',890,'Biobío'),('en_US',891,'Coquimbo'),('en_US',892,'Libertador General Bernardo O\'Higgins'),('en_US',893,'Los Lagos'),('en_US',894,'Los Ríos'),('en_US',895,'Magallanes'),('en_US',896,'Maule'),('en_US',897,'Ñuble'),('en_US',898,'Región Metropolitana de Santiago'),('en_US',899,'Tarapacá'),('en_US',900,'Valparaíso'),('en_US',901,'Hovedstaden'),('en_US',902,'Midtjylland'),('en_US',903,'Nordjylland'),('en_US',904,'Sjælland'),('en_US',905,'Syddanmark'),('en_US',906,'Azuay'),('en_US',907,'Bolívar'),('en_US',908,'Cañar'),('en_US',909,'Carchi'),('en_US',910,'Chimborazo'),('en_US',911,'Cotopaxi'),('en_US',912,'El Oro'),('en_US',913,'Esmeraldas'),('en_US',914,'Galápagos'),('en_US',915,'Guayas'),('en_US',916,'Imbabura'),('en_US',917,'Loja'),('en_US',918,'Los Ríos'),('en_US',919,'Manabí'),('en_US',920,'Morona Santiago'),('en_US',921,'Napo'),('en_US',922,'Orellana'),('en_US',923,'Pastaza'),('en_US',924,'Pichincha'),('en_US',925,'Santa Elena'),('en_US',926,'Santo Domingo de los Tsáchilas'),('en_US',927,'Sucumbíos'),('en_US',928,'Tungurahua'),('en_US',929,'Zamora Chinchipe'),('en_US',930,'Anatolikí Makedonía kai Thráki'),('en_US',931,'Attikí'),('en_US',932,'Dytikí Elláda'),('en_US',933,'Dytikí Makedonía'),('en_US',934,'Ionía Nísia'),('en_US',935,'Ípeiros'),('en_US',936,'Kentrikí Makedonía'),('en_US',937,'Kríti'),('en_US',938,'Nótio Aigaío'),('en_US',939,'Pelopónnisos'),('en_US',940,'Stereá Elláda'),('en_US',941,'Thessalía'),('en_US',942,'Vóreio Aigaío'),('en_US',943,'Ágion Óros'),('en_US',944,'Barima-Waini'),('en_US',945,'Cuyuni-Mazaruni'),('en_US',946,'Demerara-Mahaica'),('en_US',947,'East Berbice-Corentyne'),('en_US',948,'Essequibo Islands-West Demerara'),('en_US',949,'Mahaica-Berbice'),('en_US',950,'Pomeroon-Supenaam'),('en_US',951,'Potaro-Siparuni'),('en_US',952,'Upper Demerara-Berbice'),('en_US',953,'Upper Takutu-Upper Essequibo'),('en_US',954,'Höfuðborgarsvæði'),('en_US',955,'Suðurnes'),('en_US',956,'Vesturland'),('en_US',957,'Vestfirðir'),('en_US',958,'Norðurland vestra'),('en_US',959,'Norðurland eystra'),('en_US',960,'Austurland'),('en_US',961,'Suðurland'),('en_US',962,'Asunción'),('en_US',963,'Alto Paraguay'),('en_US',964,'Alto Paraná'),('en_US',965,'Amambay'),('en_US',966,'Boquerón'),('en_US',967,'Caaguazú'),('en_US',968,'Caazapá'),('en_US',969,'Canindeyú'),('en_US',970,'Central'),('en_US',971,'Concepción'),('en_US',972,'Cordillera'),('en_US',973,'Guairá'),('en_US',974,'Itapúa'),('en_US',975,'Misiones'),('en_US',976,'Ñeembucú'),('en_US',977,'Paraguarí'),('en_US',978,'Presidente Hayes'),('en_US',979,'San Pedro'),('en_US',980,'Municipalidad Metropolitana de Lima'),('en_US',981,'Amazonas'),('en_US',982,'Ancash'),('en_US',983,'Apurímac'),('en_US',984,'Arequipa'),('en_US',985,'Ayacucho'),('en_US',986,'Cajamarca'),('en_US',987,'Cusco'),('en_US',988,'El Callao'),('en_US',989,'Huancavelica'),('en_US',990,'Huánuco'),('en_US',991,'Ica'),('en_US',992,'Junín'),('en_US',993,'La Libertad'),('en_US',994,'Lambayeque'),('en_US',995,'Lima'),('en_US',996,'Loreto'),('en_US',997,'Madre de Dios'),('en_US',998,'Moquegua'),('en_US',999,'Pasco'),('en_US',1000,'Piura'),('en_US',1001,'Puno'),('en_US',1002,'San Martín'),('en_US',1003,'Tacna'),('en_US',1004,'Tumbes'),('en_US',1005,'Ucayali'),('en_US',1006,'Aveiro'),('en_US',1007,'Beja'),('en_US',1008,'Braga'),('en_US',1009,'Bragança'),('en_US',1010,'Castelo Branco'),('en_US',1011,'Coimbra'),('en_US',1012,'Évora'),('en_US',1013,'Faro'),('en_US',1014,'Guarda'),('en_US',1015,'Leiria'),('en_US',1016,'Lisboa'),('en_US',1017,'Portalegre'),('en_US',1018,'Porto'),('en_US',1019,'Santarém'),('en_US',1020,'Setúbal'),('en_US',1021,'Viana do Castelo'),('en_US',1022,'Vila Real'),('en_US',1023,'Viseu'),('en_US',1024,'Região Autónoma dos Açores'),('en_US',1025,'Região Autónoma da Madeira'),('en_US',1026,'Brokopondo'),('en_US',1027,'Commewijne'),('en_US',1028,'Coronie'),('en_US',1029,'Marowijne'),('en_US',1030,'Nickerie'),('en_US',1031,'Para'),('en_US',1032,'Paramaribo'),('en_US',1033,'Saramacca'),('en_US',1034,'Sipaliwini'),('en_US',1035,'Wanica'),('en_US',1036,'Blekinge län'),('en_US',1037,'Dalarnas län'),('en_US',1038,'Gotlands län'),('en_US',1039,'Gävleborgs län'),('en_US',1040,'Hallands län'),('en_US',1041,'Jämtlands län'),('en_US',1042,'Jönköpings län'),('en_US',1043,'Kalmar län'),('en_US',1044,'Kronobergs län'),('en_US',1045,'Norrbottens län'),('en_US',1046,'Skåne län'),('en_US',1047,'Stockholms län'),('en_US',1048,'Södermanlands län'),('en_US',1049,'Uppsala län'),('en_US',1050,'Värmlands län'),('en_US',1051,'Västerbottens län'),('en_US',1052,'Västernorrlands län'),('en_US',1053,'Västmanlands län'),('en_US',1054,'Västra Götalands län'),('en_US',1055,'Örebro län'),('en_US',1056,'Östergötlands län'),('en_US',1057,'Artigas'),('en_US',1058,'Canelones'),('en_US',1059,'Cerro Largo'),('en_US',1060,'Colonia'),('en_US',1061,'Durazno'),('en_US',1062,'Flores'),('en_US',1063,'Florida'),('en_US',1064,'Lavalleja'),('en_US',1065,'Maldonado'),('en_US',1066,'Montevideo'),('en_US',1067,'Paysandu'),('en_US',1068,'Río Negro'),('en_US',1069,'Rivera'),('en_US',1070,'Rocha'),('en_US',1071,'Salto'),('en_US',1072,'San José'),('en_US',1073,'Soriano'),('en_US',1074,'Tacuarembó'),('en_US',1075,'Treinta y Tres'),('en_US',1076,'Dependencias Federales'),('en_US',1077,'Distrito Capital'),('en_US',1078,'Amazonas'),('en_US',1079,'Anzoátegui'),('en_US',1080,'Apure'),('en_US',1081,'Aragua'),('en_US',1082,'Barinas'),('en_US',1083,'Bolívar'),('en_US',1084,'Carabobo'),('en_US',1085,'Cojedes'),('en_US',1086,'Delta Amacuro'),('en_US',1087,'Falcón'),('en_US',1088,'Guárico'),('en_US',1089,'Lara'),('en_US',1090,'Mérida'),('en_US',1091,'Miranda'),('en_US',1092,'Monagas'),('en_US',1093,'Nueva Esparta'),('en_US',1094,'Portuguesa'),('en_US',1095,'Sucre'),('en_US',1096,'Táchira'),('en_US',1097,'Trujillo'),('en_US',1098,'Vargas'),('en_US',1099,'Yaracuy'),('en_US',1100,'Zulia'),('en_US',1101,'Bresckaja voblasć'),('en_US',1102,'Homieĺskaja voblasć'),('en_US',1103,'Horad Minsk'),('en_US',1104,'Hrodzienskaja voblasć'),('en_US',1105,'Mahilioŭskaja voblasć'),('en_US',1106,'Minskaja voblasć'),('en_US',1107,'Viciebskaja voblasć');

--
-- Table structure for table `directory_currency_rate`
--

CREATE TABLE `directory_currency_rate` (
  `currency_from` varchar(3) NOT NULL COMMENT 'Currency Code Convert From',
  `currency_to` varchar(3) NOT NULL COMMENT 'Currency Code Convert To',
  `rate` decimal(24,12) NOT NULL DEFAULT '0.000000000000' COMMENT 'Currency Conversion Rate',
  PRIMARY KEY (`currency_from`,`currency_to`),
  KEY `DIRECTORY_CURRENCY_RATE_CURRENCY_TO` (`currency_to`)
) ENGINE=InnoDB DEFAULT CHARSET=utf8 COMMENT='Directory Currency Rate';

--
-- Dumping data for table `directory_currency_rate`
--

INSERT INTO `directory_currency_rate` VALUES ('EUR','EUR',1.000000000000),('EUR','USD',1.415000000000),('USD','EUR',0.706700000000),('USD','USD',1.000000000000);

--
-- Table structure for table `downloadable_link`
--

CREATE TABLE `downloadable_link` (
  `link_id` int(10) unsigned NOT NULL AUTO_INCREMENT COMMENT 'Link ID',
  `product_id` int(10) unsigned NOT NULL DEFAULT '0' COMMENT 'Product ID',
  `sort_order` int(10) unsigned NOT NULL DEFAULT '0' COMMENT 'Sort order',
  `number_of_downloads` int(11) DEFAULT NULL COMMENT 'Number of downloads',
  `is_shareable` smallint(5) unsigned NOT NULL DEFAULT '0' COMMENT 'Shareable flag',
  `link_url` varchar(255) DEFAULT NULL COMMENT 'Link Url',
  `link_file` varchar(255) DEFAULT NULL COMMENT 'Link File',
  `link_type` varchar(20) DEFAULT NULL COMMENT 'Link Type',
  `sample_url` varchar(255) DEFAULT NULL COMMENT 'Sample Url',
  `sample_file` varchar(255) DEFAULT NULL COMMENT 'Sample File',
  `sample_type` varchar(20) DEFAULT NULL COMMENT 'Sample Type',
  PRIMARY KEY (`link_id`),
  KEY `DOWNLOADABLE_LINK_PRODUCT_ID_SORT_ORDER` (`product_id`,`sort_order`),
  CONSTRAINT `DOWNLOADABLE_LINK_PRODUCT_ID_CATALOG_PRODUCT_ENTITY_ENTITY_ID` FOREIGN KEY (`product_id`) REFERENCES `catalog_product_entity` (`entity_id`) ON DELETE CASCADE
) ENGINE=InnoDB DEFAULT CHARSET=utf8 COMMENT='Downloadable Link Table';

--
-- Dumping data for table `downloadable_link`
--


--
-- Table structure for table `downloadable_link_price`
--

CREATE TABLE `downloadable_link_price` (
  `price_id` int(10) unsigned NOT NULL AUTO_INCREMENT COMMENT 'Price ID',
  `link_id` int(10) unsigned NOT NULL DEFAULT '0' COMMENT 'Link ID',
  `website_id` smallint(5) unsigned NOT NULL DEFAULT '0' COMMENT 'Website ID',
  `price` decimal(20,6) NOT NULL DEFAULT '0.000000' COMMENT 'Price',
  PRIMARY KEY (`price_id`),
  KEY `DOWNLOADABLE_LINK_PRICE_LINK_ID` (`link_id`),
  KEY `DOWNLOADABLE_LINK_PRICE_WEBSITE_ID` (`website_id`),
  CONSTRAINT `DOWNLOADABLE_LINK_PRICE_LINK_ID_DOWNLOADABLE_LINK_LINK_ID` FOREIGN KEY (`link_id`) REFERENCES `downloadable_link` (`link_id`) ON DELETE CASCADE,
  CONSTRAINT `DOWNLOADABLE_LINK_PRICE_WEBSITE_ID_STORE_WEBSITE_WEBSITE_ID` FOREIGN KEY (`website_id`) REFERENCES `store_website` (`website_id`) ON DELETE CASCADE
) ENGINE=InnoDB DEFAULT CHARSET=utf8 COMMENT='Downloadable Link Price Table';

--
-- Dumping data for table `downloadable_link_price`
--


--
-- Table structure for table `downloadable_link_purchased`
--

CREATE TABLE `downloadable_link_purchased` (
  `purchased_id` int(10) unsigned NOT NULL AUTO_INCREMENT COMMENT 'Purchased ID',
  `order_id` int(10) unsigned DEFAULT '0' COMMENT 'Order ID',
  `order_increment_id` varchar(50) DEFAULT NULL COMMENT 'Order Increment ID',
  `order_item_id` int(10) unsigned NOT NULL DEFAULT '0' COMMENT 'Order Item ID',
  `created_at` timestamp NOT NULL DEFAULT CURRENT_TIMESTAMP COMMENT 'Date of creation',
  `updated_at` timestamp NOT NULL DEFAULT CURRENT_TIMESTAMP ON UPDATE CURRENT_TIMESTAMP COMMENT 'Date of modification',
  `customer_id` int(10) unsigned DEFAULT '0' COMMENT 'Customer ID',
  `product_name` varchar(255) DEFAULT NULL COMMENT 'Product name',
  `product_sku` varchar(255) DEFAULT NULL COMMENT 'Product sku',
  `link_section_title` varchar(255) DEFAULT NULL COMMENT 'Link_section_title',
  PRIMARY KEY (`purchased_id`),
  KEY `DOWNLOADABLE_LINK_PURCHASED_ORDER_ID` (`order_id`),
  KEY `DOWNLOADABLE_LINK_PURCHASED_ORDER_ITEM_ID` (`order_item_id`),
  KEY `DOWNLOADABLE_LINK_PURCHASED_CUSTOMER_ID` (`customer_id`),
  CONSTRAINT `DL_LNK_PURCHASED_CSTR_ID_CSTR_ENTT_ENTT_ID` FOREIGN KEY (`customer_id`) REFERENCES `customer_entity` (`entity_id`) ON DELETE SET NULL,
  CONSTRAINT `DOWNLOADABLE_LINK_PURCHASED_ORDER_ID_SALES_ORDER_ENTITY_ID` FOREIGN KEY (`order_id`) REFERENCES `sales_order` (`entity_id`) ON DELETE SET NULL
) ENGINE=InnoDB DEFAULT CHARSET=utf8 COMMENT='Downloadable Link Purchased Table';

--
-- Dumping data for table `downloadable_link_purchased`
--


--
-- Table structure for table `downloadable_link_purchased_item`
--

CREATE TABLE `downloadable_link_purchased_item` (
  `item_id` int(10) unsigned NOT NULL AUTO_INCREMENT COMMENT 'Item ID',
  `purchased_id` int(10) unsigned NOT NULL DEFAULT '0' COMMENT 'Purchased ID',
  `order_item_id` int(10) unsigned DEFAULT '0' COMMENT 'Order Item ID',
  `product_id` int(10) unsigned DEFAULT '0' COMMENT 'Product ID',
  `link_hash` varchar(255) DEFAULT NULL COMMENT 'Link hash',
  `number_of_downloads_bought` int(10) unsigned NOT NULL DEFAULT '0' COMMENT 'Number of downloads bought',
  `number_of_downloads_used` int(10) unsigned NOT NULL DEFAULT '0' COMMENT 'Number of downloads used',
  `link_id` int(10) unsigned NOT NULL DEFAULT '0' COMMENT 'Link ID',
  `link_title` varchar(255) DEFAULT NULL COMMENT 'Link Title',
  `is_shareable` smallint(5) unsigned NOT NULL DEFAULT '0' COMMENT 'Shareable Flag',
  `link_url` varchar(255) DEFAULT NULL COMMENT 'Link Url',
  `link_file` varchar(255) DEFAULT NULL COMMENT 'Link File',
  `link_type` varchar(255) DEFAULT NULL COMMENT 'Link Type',
  `status` varchar(50) DEFAULT NULL COMMENT 'Status',
  `created_at` timestamp NOT NULL DEFAULT CURRENT_TIMESTAMP COMMENT 'Creation Time',
  `updated_at` timestamp NOT NULL DEFAULT CURRENT_TIMESTAMP ON UPDATE CURRENT_TIMESTAMP COMMENT 'Update Time',
  PRIMARY KEY (`item_id`),
  KEY `DOWNLOADABLE_LINK_PURCHASED_ITEM_LINK_HASH` (`link_hash`),
  KEY `DOWNLOADABLE_LINK_PURCHASED_ITEM_ORDER_ITEM_ID` (`order_item_id`),
  KEY `DOWNLOADABLE_LINK_PURCHASED_ITEM_PURCHASED_ID` (`purchased_id`),
  CONSTRAINT `DL_LNK_PURCHASED_ITEM_ORDER_ITEM_ID_SALES_ORDER_ITEM_ITEM_ID` FOREIGN KEY (`order_item_id`) REFERENCES `sales_order_item` (`item_id`) ON DELETE SET NULL,
  CONSTRAINT `DL_LNK_PURCHASED_ITEM_PURCHASED_ID_DL_LNK_PURCHASED_PURCHASED_ID` FOREIGN KEY (`purchased_id`) REFERENCES `downloadable_link_purchased` (`purchased_id`) ON DELETE CASCADE
) ENGINE=InnoDB DEFAULT CHARSET=utf8 COMMENT='Downloadable Link Purchased Item Table';

--
-- Dumping data for table `downloadable_link_purchased_item`
--


--
-- Table structure for table `downloadable_link_title`
--

CREATE TABLE `downloadable_link_title` (
  `title_id` int(10) unsigned NOT NULL AUTO_INCREMENT COMMENT 'Title ID',
  `link_id` int(10) unsigned NOT NULL DEFAULT '0' COMMENT 'Link ID',
  `store_id` smallint(5) unsigned NOT NULL DEFAULT '0' COMMENT 'Store ID',
  `title` varchar(255) DEFAULT NULL COMMENT 'Title',
  PRIMARY KEY (`title_id`),
  UNIQUE KEY `DOWNLOADABLE_LINK_TITLE_LINK_ID_STORE_ID` (`link_id`,`store_id`),
  KEY `DOWNLOADABLE_LINK_TITLE_STORE_ID` (`store_id`),
  CONSTRAINT `DOWNLOADABLE_LINK_TITLE_LINK_ID_DOWNLOADABLE_LINK_LINK_ID` FOREIGN KEY (`link_id`) REFERENCES `downloadable_link` (`link_id`) ON DELETE CASCADE,
  CONSTRAINT `DOWNLOADABLE_LINK_TITLE_STORE_ID_STORE_STORE_ID` FOREIGN KEY (`store_id`) REFERENCES `store` (`store_id`) ON DELETE CASCADE
) ENGINE=InnoDB DEFAULT CHARSET=utf8 COMMENT='Link Title Table';

--
-- Dumping data for table `downloadable_link_title`
--


--
-- Table structure for table `downloadable_sample`
--

CREATE TABLE `downloadable_sample` (
  `sample_id` int(10) unsigned NOT NULL AUTO_INCREMENT COMMENT 'Sample ID',
  `product_id` int(10) unsigned NOT NULL DEFAULT '0' COMMENT 'Product ID',
  `sample_url` varchar(255) DEFAULT NULL COMMENT 'Sample URL',
  `sample_file` varchar(255) DEFAULT NULL COMMENT 'Sample file',
  `sample_type` varchar(20) DEFAULT NULL COMMENT 'Sample Type',
  `sort_order` int(10) unsigned NOT NULL DEFAULT '0' COMMENT 'Sort Order',
  PRIMARY KEY (`sample_id`),
  KEY `DOWNLOADABLE_SAMPLE_PRODUCT_ID` (`product_id`),
  CONSTRAINT `DOWNLOADABLE_SAMPLE_PRODUCT_ID_CATALOG_PRODUCT_ENTITY_ENTITY_ID` FOREIGN KEY (`product_id`) REFERENCES `catalog_product_entity` (`entity_id`) ON DELETE CASCADE
) ENGINE=InnoDB DEFAULT CHARSET=utf8 COMMENT='Downloadable Sample Table';

--
-- Dumping data for table `downloadable_sample`
--


--
-- Table structure for table `downloadable_sample_title`
--

CREATE TABLE `downloadable_sample_title` (
  `title_id` int(10) unsigned NOT NULL AUTO_INCREMENT COMMENT 'Title ID',
  `sample_id` int(10) unsigned NOT NULL DEFAULT '0' COMMENT 'Sample ID',
  `store_id` smallint(5) unsigned NOT NULL DEFAULT '0' COMMENT 'Store ID',
  `title` varchar(255) DEFAULT NULL COMMENT 'Title',
  PRIMARY KEY (`title_id`),
  UNIQUE KEY `DOWNLOADABLE_SAMPLE_TITLE_SAMPLE_ID_STORE_ID` (`sample_id`,`store_id`),
  KEY `DOWNLOADABLE_SAMPLE_TITLE_STORE_ID` (`store_id`),
  CONSTRAINT `DL_SAMPLE_TTL_SAMPLE_ID_DL_SAMPLE_SAMPLE_ID` FOREIGN KEY (`sample_id`) REFERENCES `downloadable_sample` (`sample_id`) ON DELETE CASCADE,
  CONSTRAINT `DOWNLOADABLE_SAMPLE_TITLE_STORE_ID_STORE_STORE_ID` FOREIGN KEY (`store_id`) REFERENCES `store` (`store_id`) ON DELETE CASCADE
) ENGINE=InnoDB DEFAULT CHARSET=utf8 COMMENT='Downloadable Sample Title Table';

--
-- Dumping data for table `downloadable_sample_title`
--


--
-- Table structure for table `eav_attribute`
--

CREATE TABLE `eav_attribute` (
  `attribute_id` smallint(5) unsigned NOT NULL AUTO_INCREMENT COMMENT 'Attribute ID',
  `entity_type_id` smallint(5) unsigned NOT NULL DEFAULT '0' COMMENT 'Entity Type ID',
  `attribute_code` varchar(255) NOT NULL COMMENT 'Attribute Code',
  `attribute_model` varchar(255) DEFAULT NULL COMMENT 'Attribute Model',
  `backend_model` varchar(255) DEFAULT NULL COMMENT 'Backend Model',
  `backend_type` varchar(8) NOT NULL DEFAULT 'static' COMMENT 'Backend Type',
  `backend_table` varchar(255) DEFAULT NULL COMMENT 'Backend Table',
  `frontend_model` varchar(255) DEFAULT NULL COMMENT 'Frontend Model',
  `frontend_input` varchar(50) DEFAULT NULL COMMENT 'Frontend Input',
  `frontend_label` varchar(255) DEFAULT NULL COMMENT 'Frontend Label',
  `frontend_class` varchar(255) DEFAULT NULL COMMENT 'Frontend Class',
  `source_model` varchar(255) DEFAULT NULL COMMENT 'Source Model',
  `is_required` smallint(5) unsigned NOT NULL DEFAULT '0' COMMENT 'Defines Is Required',
  `is_user_defined` smallint(5) unsigned NOT NULL DEFAULT '0' COMMENT 'Defines Is User Defined',
  `default_value` text COMMENT 'Default Value',
  `is_unique` smallint(5) unsigned NOT NULL DEFAULT '0' COMMENT 'Defines Is Unique',
  `note` varchar(255) DEFAULT NULL COMMENT 'Note',
  PRIMARY KEY (`attribute_id`),
  UNIQUE KEY `EAV_ATTRIBUTE_ENTITY_TYPE_ID_ATTRIBUTE_CODE` (`entity_type_id`,`attribute_code`),
  KEY `EAV_ATTRIBUTE_FRONTEND_INPUT_ENTITY_TYPE_ID_IS_USER_DEFINED` (`frontend_input`,`entity_type_id`,`is_user_defined`),
  CONSTRAINT `EAV_ATTRIBUTE_ENTITY_TYPE_ID_EAV_ENTITY_TYPE_ENTITY_TYPE_ID` FOREIGN KEY (`entity_type_id`) REFERENCES `eav_entity_type` (`entity_type_id`) ON DELETE CASCADE
) ENGINE=InnoDB AUTO_INCREMENT=153 DEFAULT CHARSET=utf8 COMMENT='Eav Attribute';

--
-- Dumping data for table `eav_attribute`
--

INSERT INTO `eav_attribute` VALUES (1,1,'website_id',NULL,'Magento\\Customer\\Model\\Customer\\Attribute\\Backend\\Website','static',NULL,NULL,'select','Associate to Website',NULL,'Magento\\Customer\\Model\\Customer\\Attribute\\Source\\Website',1,0,NULL,0,NULL),(2,1,'store_id',NULL,'Magento\\Customer\\Model\\Customer\\Attribute\\Backend\\Store','static',NULL,NULL,'select','Create In',NULL,'Magento\\Customer\\Model\\Customer\\Attribute\\Source\\Store',1,0,NULL,0,NULL),(3,1,'created_in',NULL,NULL,'static',NULL,NULL,'text','Created From',NULL,NULL,0,0,NULL,0,NULL),(4,1,'prefix',NULL,NULL,'static',NULL,NULL,'text','Prefix',NULL,NULL,0,0,NULL,0,NULL),(5,1,'firstname',NULL,NULL,'static',NULL,NULL,'text','First Name',NULL,NULL,1,0,NULL,0,NULL),(6,1,'middlename',NULL,NULL,'static',NULL,NULL,'text','Middle Name/Initial',NULL,NULL,0,0,NULL,0,NULL),(7,1,'lastname',NULL,NULL,'static',NULL,NULL,'text','Last Name',NULL,NULL,1,0,NULL,0,NULL),(8,1,'suffix',NULL,NULL,'static',NULL,NULL,'text','Suffix',NULL,NULL,0,0,NULL,0,NULL),(9,1,'email',NULL,NULL,'static',NULL,NULL,'text','Email',NULL,NULL,1,0,NULL,0,NULL),(10,1,'group_id',NULL,NULL,'static',NULL,NULL,'select','Group',NULL,'Magento\\Customer\\Model\\Customer\\Attribute\\Source\\Group',1,0,NULL,0,NULL),(11,1,'dob',NULL,'Magento\\Eav\\Model\\Entity\\Attribute\\Backend\\Datetime','static',NULL,'Magento\\Eav\\Model\\Entity\\Attribute\\Frontend\\Datetime','date','Date Of Birth',NULL,NULL,0,0,NULL,0,NULL),(12,1,'password_hash',NULL,'Magento\\Customer\\Model\\Customer\\Attribute\\Backend\\Password','static',NULL,NULL,'hidden',NULL,NULL,NULL,0,0,NULL,0,NULL),(13,1,'rp_token',NULL,NULL,'static',NULL,NULL,'hidden',NULL,NULL,NULL,0,0,NULL,0,NULL),(14,1,'rp_token_created_at',NULL,NULL,'static',NULL,NULL,'date',NULL,NULL,NULL,0,0,NULL,0,NULL),(15,1,'default_billing',NULL,'Magento\\Customer\\Model\\Customer\\Attribute\\Backend\\Billing','static',NULL,NULL,'text','Default Billing Address',NULL,NULL,0,0,NULL,0,NULL),(16,1,'default_shipping',NULL,'Magento\\Customer\\Model\\Customer\\Attribute\\Backend\\Shipping','static',NULL,NULL,'text','Default Shipping Address',NULL,NULL,0,0,NULL,0,NULL),(17,1,'taxvat',NULL,NULL,'static',NULL,NULL,'text','Tax/VAT Number',NULL,NULL,0,0,NULL,0,NULL),(18,1,'confirmation',NULL,NULL,'static',NULL,NULL,'text','Is Confirmed',NULL,NULL,0,0,NULL,0,NULL),(19,1,'created_at',NULL,NULL,'static',NULL,NULL,'date','Created At',NULL,NULL,0,0,NULL,0,NULL),(20,1,'gender',NULL,NULL,'static',NULL,NULL,'select','Gender',NULL,'Magento\\Eav\\Model\\Entity\\Attribute\\Source\\Table',0,0,NULL,0,NULL),(21,1,'disable_auto_group_change',NULL,'Magento\\Customer\\Model\\Attribute\\Backend\\Data\\Boolean','static',NULL,NULL,'boolean','Disable Automatic Group Change Based on VAT ID',NULL,NULL,0,0,NULL,0,NULL),(22,2,'prefix',NULL,NULL,'static',NULL,NULL,'text','Prefix',NULL,NULL,0,0,NULL,0,NULL),(23,2,'firstname',NULL,NULL,'static',NULL,NULL,'text','First Name',NULL,NULL,1,0,NULL,0,NULL),(24,2,'middlename',NULL,NULL,'static',NULL,NULL,'text','Middle Name/Initial',NULL,NULL,0,0,NULL,0,NULL),(25,2,'lastname',NULL,NULL,'static',NULL,NULL,'text','Last Name',NULL,NULL,1,0,NULL,0,NULL),(26,2,'suffix',NULL,NULL,'static',NULL,NULL,'text','Suffix',NULL,NULL,0,0,NULL,0,NULL),(27,2,'company',NULL,NULL,'static',NULL,NULL,'text','Company',NULL,NULL,0,0,NULL,0,NULL),(28,2,'street',NULL,'Magento\\Eav\\Model\\Entity\\Attribute\\Backend\\DefaultBackend','static',NULL,NULL,'multiline','Street Address',NULL,NULL,1,0,NULL,0,NULL),(29,2,'city',NULL,NULL,'static',NULL,NULL,'text','City',NULL,NULL,1,0,NULL,0,NULL),(30,2,'country_id','Magento\\Customer\\Model\\Attribute',NULL,'static',NULL,NULL,'select','Country',NULL,'Magento\\Customer\\Model\\ResourceModel\\Address\\Attribute\\Source\\Country',1,0,NULL,0,NULL),(31,2,'region',NULL,'Magento\\Customer\\Model\\ResourceModel\\Address\\Attribute\\Backend\\Region','static',NULL,NULL,'text','State/Province',NULL,NULL,0,0,NULL,0,NULL),(32,2,'region_id',NULL,NULL,'static',NULL,NULL,'hidden','State/Province',NULL,'Magento\\Customer\\Model\\ResourceModel\\Address\\Attribute\\Source\\Region',0,0,NULL,0,NULL),(33,2,'postcode',NULL,NULL,'static',NULL,NULL,'text','Zip/Postal Code',NULL,NULL,0,0,NULL,0,NULL),(34,2,'telephone',NULL,NULL,'static',NULL,NULL,'text','Phone Number',NULL,NULL,1,0,NULL,0,NULL),(35,2,'fax',NULL,NULL,'static',NULL,NULL,'text','Fax',NULL,NULL,0,0,NULL,0,NULL),(36,2,'vat_id',NULL,NULL,'static',NULL,NULL,'text','VAT Number',NULL,NULL,0,0,NULL,0,NULL),(37,2,'vat_is_valid',NULL,NULL,'static',NULL,NULL,'text','VAT number validity',NULL,NULL,0,0,NULL,0,NULL),(38,2,'vat_request_id',NULL,NULL,'static',NULL,NULL,'text','VAT number validation request ID',NULL,NULL,0,0,NULL,0,NULL),(39,2,'vat_request_date',NULL,NULL,'static',NULL,NULL,'text','VAT number validation request date',NULL,NULL,0,0,NULL,0,NULL),(40,2,'vat_request_success',NULL,NULL,'static',NULL,NULL,'text','VAT number validation request success',NULL,NULL,0,0,NULL,0,NULL),(41,1,'updated_at',NULL,NULL,'static',NULL,NULL,'date','Updated At',NULL,NULL,0,0,NULL,0,NULL),(42,3,'name',NULL,NULL,'varchar',NULL,NULL,'text','Name',NULL,NULL,1,0,NULL,0,NULL),(43,3,'is_active',NULL,NULL,'int',NULL,NULL,'select','Is Active',NULL,'Magento\\Eav\\Model\\Entity\\Attribute\\Source\\Boolean',1,0,NULL,0,NULL),(44,3,'description',NULL,NULL,'text',NULL,NULL,'textarea','Description',NULL,NULL,0,0,NULL,0,NULL),(45,3,'image',NULL,'Magento\\Catalog\\Model\\Category\\Attribute\\Backend\\Image','varchar',NULL,NULL,'image','Image',NULL,NULL,0,0,NULL,0,NULL),(46,3,'meta_title',NULL,NULL,'varchar',NULL,NULL,'text','Page Title',NULL,NULL,0,0,NULL,0,NULL),(47,3,'meta_keywords',NULL,NULL,'text',NULL,NULL,'textarea','Meta Keywords',NULL,NULL,0,0,NULL,0,NULL),(48,3,'meta_description',NULL,NULL,'text',NULL,NULL,'textarea','Meta Description',NULL,NULL,0,0,NULL,0,NULL),(49,3,'display_mode',NULL,NULL,'varchar',NULL,NULL,'select','Display Mode',NULL,'Magento\\Catalog\\Model\\Category\\Attribute\\Source\\Mode',0,0,NULL,0,NULL),(50,3,'landing_page',NULL,NULL,'int',NULL,NULL,'select','CMS Block',NULL,'Magento\\Catalog\\Model\\Category\\Attribute\\Source\\Page',0,0,NULL,0,NULL),(51,3,'is_anchor',NULL,NULL,'int',NULL,NULL,'select','Is Anchor',NULL,'Magento\\Eav\\Model\\Entity\\Attribute\\Source\\Boolean',0,0,'1',0,NULL),(52,3,'path',NULL,NULL,'static',NULL,NULL,'text','Path',NULL,NULL,0,0,NULL,0,NULL),(53,3,'position',NULL,NULL,'static',NULL,NULL,'text','Position',NULL,NULL,0,0,NULL,0,NULL),(54,3,'all_children',NULL,NULL,'text',NULL,NULL,'text',NULL,NULL,NULL,0,0,NULL,0,NULL),(55,3,'path_in_store',NULL,NULL,'text',NULL,NULL,'text',NULL,NULL,NULL,0,0,NULL,0,NULL),(56,3,'children',NULL,NULL,'text',NULL,NULL,'text',NULL,NULL,NULL,0,0,NULL,0,NULL),(57,3,'custom_design',NULL,NULL,'varchar',NULL,NULL,'select','Custom Design',NULL,'Magento\\Theme\\Model\\Theme\\Source\\Theme',0,0,NULL,0,NULL),(58,3,'custom_design_from','Magento\\Catalog\\Model\\ResourceModel\\Eav\\Attribute','Magento\\Catalog\\Model\\Attribute\\Backend\\Startdate','datetime',NULL,'Magento\\Eav\\Model\\Entity\\Attribute\\Frontend\\Datetime','date','Active From',NULL,NULL,0,0,NULL,0,NULL),(59,3,'custom_design_to',NULL,'Magento\\Eav\\Model\\Entity\\Attribute\\Backend\\Datetime','datetime',NULL,NULL,'date','Active To',NULL,NULL,0,0,NULL,0,NULL),(60,3,'page_layout',NULL,NULL,'varchar',NULL,NULL,'select','Page Layout',NULL,'Magento\\Catalog\\Model\\Category\\Attribute\\Source\\Layout',0,0,NULL,0,NULL),(61,3,'custom_layout_update',NULL,'Magento\\Catalog\\Model\\Attribute\\Backend\\Customlayoutupdate','text',NULL,NULL,'textarea','Custom Layout Update',NULL,NULL,0,0,NULL,0,NULL),(62,3,'level',NULL,NULL,'static',NULL,NULL,'text','Level',NULL,NULL,0,0,NULL,0,NULL),(63,3,'children_count',NULL,NULL,'static',NULL,NULL,'text','Children Count',NULL,NULL,0,0,NULL,0,NULL),(64,3,'available_sort_by',NULL,'Magento\\Catalog\\Model\\Category\\Attribute\\Backend\\Sortby','text',NULL,NULL,'multiselect','Available Product Listing Sort By',NULL,'Magento\\Catalog\\Model\\Category\\Attribute\\Source\\Sortby',1,0,NULL,0,NULL),(65,3,'default_sort_by',NULL,'Magento\\Catalog\\Model\\Category\\Attribute\\Backend\\Sortby','varchar',NULL,NULL,'select','Default Product Listing Sort By',NULL,'Magento\\Catalog\\Model\\Category\\Attribute\\Source\\Sortby',1,0,NULL,0,NULL),(66,3,'include_in_menu',NULL,NULL,'int',NULL,NULL,'select','Include in Navigation Menu',NULL,'Magento\\Eav\\Model\\Entity\\Attribute\\Source\\Boolean',1,0,'1',0,NULL),(67,3,'custom_use_parent_settings',NULL,NULL,'int',NULL,NULL,'select','Use Parent Category Settings',NULL,'Magento\\Eav\\Model\\Entity\\Attribute\\Source\\Boolean',0,0,NULL,0,NULL),(68,3,'custom_apply_to_products',NULL,NULL,'int',NULL,NULL,'select','Apply To Products',NULL,'Magento\\Eav\\Model\\Entity\\Attribute\\Source\\Boolean',0,0,NULL,0,NULL),(69,3,'filter_price_range',NULL,NULL,'decimal',NULL,NULL,'text','Layered Navigation Price Step',NULL,NULL,0,0,NULL,0,NULL),(70,4,'name',NULL,NULL,'varchar',NULL,NULL,'text','Product Name','validate-length maximum-length-255',NULL,1,0,NULL,0,NULL),(71,4,'sku',NULL,'Magento\\Catalog\\Model\\Product\\Attribute\\Backend\\Sku','static',NULL,NULL,'text','SKU','validate-length maximum-length-64',NULL,1,0,NULL,1,NULL),(72,4,'description',NULL,NULL,'text',NULL,NULL,'textarea','Description',NULL,NULL,0,0,NULL,0,NULL),(73,4,'short_description',NULL,NULL,'text',NULL,NULL,'textarea','Short Description',NULL,NULL,0,0,NULL,0,NULL),(74,4,'price','Magento\\Catalog\\Model\\ResourceModel\\Eav\\Attribute','Magento\\Catalog\\Model\\Product\\Attribute\\Backend\\Price','decimal',NULL,NULL,'price','Price',NULL,NULL,1,0,NULL,0,NULL),(75,4,'special_price','Magento\\Catalog\\Model\\ResourceModel\\Eav\\Attribute','Magento\\Catalog\\Model\\Product\\Attribute\\Backend\\Price','decimal',NULL,NULL,'price','Special Price',NULL,NULL,0,0,NULL,0,NULL),(76,4,'special_from_date',NULL,'Magento\\Catalog\\Model\\Attribute\\Backend\\Startdate','datetime',NULL,NULL,'date','Special Price From Date',NULL,NULL,0,0,NULL,0,NULL),(77,4,'special_to_date',NULL,'Magento\\Eav\\Model\\Entity\\Attribute\\Backend\\Datetime','datetime',NULL,NULL,'date','Special Price To Date',NULL,NULL,0,0,NULL,0,NULL),(78,4,'cost',NULL,'Magento\\Catalog\\Model\\Product\\Attribute\\Backend\\Price','decimal',NULL,NULL,'price','Cost',NULL,NULL,0,1,NULL,0,NULL),(79,4,'weight',NULL,'Magento\\Catalog\\Model\\Product\\Attribute\\Backend\\Weight','decimal',NULL,NULL,'weight','Weight',NULL,NULL,0,0,NULL,0,NULL),(80,4,'manufacturer',NULL,NULL,'int',NULL,NULL,'select','Manufacturer',NULL,NULL,0,1,'12',0,NULL),(81,4,'meta_title',NULL,NULL,'varchar',NULL,NULL,'text','Meta Title',NULL,NULL,0,0,NULL,0,NULL),(82,4,'meta_keyword',NULL,NULL,'text',NULL,NULL,'textarea','Meta Keywords',NULL,NULL,0,0,NULL,0,NULL),(83,4,'meta_description',NULL,NULL,'varchar',NULL,NULL,'textarea','Meta Description',NULL,NULL,0,0,NULL,0,'Maximum 255 chars. Meta Description should optimally be between 150-160 characters'),(84,4,'image',NULL,NULL,'varchar',NULL,'Magento\\Catalog\\Model\\Product\\Attribute\\Frontend\\Image','media_image','Base',NULL,NULL,0,0,NULL,0,NULL),(85,4,'small_image',NULL,NULL,'varchar',NULL,'Magento\\Catalog\\Model\\Product\\Attribute\\Frontend\\Image','media_image','Small',NULL,NULL,0,0,NULL,0,NULL),(86,4,'thumbnail',NULL,NULL,'varchar',NULL,'Magento\\Catalog\\Model\\Product\\Attribute\\Frontend\\Image','media_image','Thumbnail',NULL,NULL,0,0,NULL,0,NULL),(87,4,'media_gallery',NULL,NULL,'static',NULL,NULL,'gallery','Media Gallery',NULL,NULL,0,0,NULL,0,NULL),(88,4,'old_id',NULL,NULL,'int',NULL,NULL,'text',NULL,NULL,NULL,0,0,NULL,0,NULL),(89,4,'tier_price',NULL,'Magento\\Catalog\\Model\\Product\\Attribute\\Backend\\Tierprice','decimal',NULL,NULL,'text','Tier Price',NULL,NULL,0,0,NULL,0,NULL),(90,4,'color',NULL,NULL,'int',NULL,NULL,'select','Color',NULL,NULL,0,1,'4',0,NULL),(91,4,'news_from_date',NULL,'Magento\\Catalog\\Model\\Attribute\\Backend\\Startdate','datetime',NULL,NULL,'date','Set Product as New from Date',NULL,NULL,0,0,NULL,0,NULL),(92,4,'news_to_date',NULL,'Magento\\Eav\\Model\\Entity\\Attribute\\Backend\\Datetime','datetime',NULL,NULL,'date','Set Product as New to Date',NULL,NULL,0,0,NULL,0,NULL),(93,4,'gallery',NULL,NULL,'varchar',NULL,NULL,'gallery','Image Gallery',NULL,NULL,0,0,NULL,0,NULL),(94,4,'status',NULL,NULL,'int',NULL,NULL,'select','Enable Product',NULL,'Magento\\Catalog\\Model\\Product\\Attribute\\Source\\Status',0,0,'1',0,NULL),(95,4,'minimal_price','Magento\\Catalog\\Model\\ResourceModel\\Eav\\Attribute','Magento\\Catalog\\Model\\Product\\Attribute\\Backend\\Price','decimal',NULL,NULL,'price','Minimal Price',NULL,NULL,0,0,NULL,0,NULL),(96,4,'visibility',NULL,NULL,'int',NULL,NULL,'select','Visibility',NULL,'Magento\\Catalog\\Model\\Product\\Visibility',0,0,'4',0,NULL),(97,4,'custom_design',NULL,NULL,'varchar',NULL,NULL,'select','New Theme',NULL,'Magento\\Theme\\Model\\Theme\\Source\\Theme',0,0,NULL,0,NULL),(98,4,'custom_design_from',NULL,'Magento\\Catalog\\Model\\Attribute\\Backend\\Startdate','datetime',NULL,NULL,'date','Active From',NULL,NULL,0,0,NULL,0,NULL),(99,4,'custom_design_to',NULL,'Magento\\Eav\\Model\\Entity\\Attribute\\Backend\\Datetime','datetime',NULL,NULL,'date','Active To',NULL,NULL,0,0,NULL,0,NULL),(100,4,'custom_layout_update',NULL,'Magento\\Catalog\\Model\\Attribute\\Backend\\Customlayoutupdate','text',NULL,NULL,'textarea','Layout Update XML',NULL,NULL,0,0,NULL,0,NULL),(101,4,'page_layout',NULL,NULL,'varchar',NULL,NULL,'select','Layout',NULL,'Magento\\Catalog\\Model\\Product\\Attribute\\Source\\Layout',0,0,NULL,0,NULL),(102,4,'category_ids',NULL,'Magento\\Catalog\\Model\\Product\\Attribute\\Backend\\Category','static',NULL,NULL,'text','Categories',NULL,NULL,0,0,NULL,0,NULL),(103,4,'options_container',NULL,NULL,'varchar',NULL,NULL,'select','Display Product Options In',NULL,'Magento\\Catalog\\Model\\Entity\\Product\\Attribute\\Design\\Options\\Container',0,0,'container2',0,NULL),(104,4,'required_options',NULL,NULL,'static',NULL,NULL,'text',NULL,NULL,NULL,0,0,NULL,0,NULL),(105,4,'has_options',NULL,NULL,'static',NULL,NULL,'text',NULL,NULL,NULL,0,0,NULL,0,NULL),(106,4,'image_label',NULL,NULL,'varchar',NULL,NULL,'text','Image Label',NULL,NULL,0,0,NULL,0,NULL),(107,4,'small_image_label',NULL,NULL,'varchar',NULL,NULL,'text','Small Image Label',NULL,NULL,0,0,NULL,0,NULL),(108,4,'thumbnail_label',NULL,NULL,'varchar',NULL,NULL,'text','Thumbnail Label',NULL,NULL,0,0,NULL,0,NULL),(109,4,'created_at',NULL,NULL,'static',NULL,NULL,'date',NULL,NULL,NULL,1,0,NULL,0,NULL),(110,4,'updated_at',NULL,NULL,'static',NULL,NULL,'date',NULL,NULL,NULL,1,0,NULL,0,NULL),(111,4,'country_of_manufacture',NULL,NULL,'varchar',NULL,NULL,'select','Country of Manufacture',NULL,'Magento\\Catalog\\Model\\Product\\Attribute\\Source\\Countryofmanufacture',0,0,NULL,0,NULL),(112,4,'quantity_and_stock_status',NULL,'Magento\\Catalog\\Model\\Product\\Attribute\\Backend\\Stock','int',NULL,NULL,'select','Quantity',NULL,'Magento\\CatalogInventory\\Model\\Source\\Stock',0,0,'1',0,NULL),(113,3,'url_key',NULL,NULL,'varchar',NULL,NULL,'text','URL Key',NULL,NULL,0,0,NULL,0,NULL),(114,3,'url_path',NULL,NULL,'varchar',NULL,NULL,'text',NULL,NULL,NULL,0,0,NULL,0,NULL),(115,4,'url_key',NULL,NULL,'varchar',NULL,NULL,'text','URL Key',NULL,NULL,0,0,NULL,0,NULL),(116,4,'url_path',NULL,NULL,'varchar',NULL,NULL,'text',NULL,NULL,NULL,0,0,NULL,0,NULL),(117,4,'msrp','Magento\\Catalog\\Model\\ResourceModel\\Eav\\Attribute','Magento\\Catalog\\Model\\Product\\Attribute\\Backend\\Price','decimal',NULL,NULL,'price','Minimum Advertised Price',NULL,NULL,0,0,NULL,0,NULL),(118,4,'msrp_display_actual_price_type',NULL,'Magento\\Catalog\\Model\\Product\\Attribute\\Backend\\Boolean','varchar',NULL,NULL,'select','Display Actual Price',NULL,'Magento\\Msrp\\Model\\Product\\Attribute\\Source\\Type\\Price',0,0,'0',0,NULL),(119,4,'price_type',NULL,NULL,'int',NULL,NULL,'boolean','Dynamic Price',NULL,NULL,1,0,'0',0,NULL),(120,4,'sku_type',NULL,NULL,'int',NULL,NULL,'boolean','Dynamic SKU',NULL,NULL,1,0,'0',0,NULL),(121,4,'weight_type',NULL,NULL,'int',NULL,NULL,'boolean','Dynamic Weight',NULL,NULL,1,0,'0',0,NULL),(122,4,'price_view',NULL,NULL,'int',NULL,NULL,'select','Price View',NULL,'Magento\\Bundle\\Model\\Product\\Attribute\\Source\\Price\\View',1,0,NULL,0,NULL),(123,4,'shipment_type',NULL,NULL,'int',NULL,NULL,'select','Ship Bundle Items',NULL,'Magento\\Bundle\\Model\\Product\\Attribute\\Source\\Shipment\\Type',1,0,'0',0,NULL),(124,4,'links_purchased_separately',NULL,NULL,'int',NULL,NULL,NULL,'Links can be purchased separately',NULL,NULL,1,0,NULL,0,NULL),(125,4,'samples_title',NULL,NULL,'varchar',NULL,NULL,NULL,'Samples title',NULL,NULL,1,0,NULL,0,NULL),(126,4,'links_title',NULL,NULL,'varchar',NULL,NULL,NULL,'Links title',NULL,NULL,1,0,NULL,0,NULL),(127,4,'links_exist',NULL,NULL,'int',NULL,NULL,NULL,NULL,NULL,NULL,0,0,NULL,0,NULL),(128,4,'swatch_image',NULL,NULL,'varchar',NULL,'Magento\\Catalog\\Model\\Product\\Attribute\\Frontend\\Image','media_image','Swatch Image',NULL,NULL,0,0,NULL,0,NULL),(129,4,'tax_class_id',NULL,NULL,'int',NULL,NULL,'select','Tax Class',NULL,'Magento\\Tax\\Model\\TaxClass\\Source\\Product',0,0,'2',0,NULL),(130,4,'gift_message_available',NULL,'Magento\\Catalog\\Model\\Product\\Attribute\\Backend\\Boolean','varchar',NULL,NULL,'select','Allow Gift Message',NULL,'Magento\\Catalog\\Model\\Product\\Attribute\\Source\\Boolean',0,0,NULL,0,NULL),(131,3,'magic_label',NULL,NULL,'varchar',NULL,NULL,'text','Label','validate-length maximum-length-255',NULL,0,0,NULL,0,'Example: New,Hot,... Maximum 255 chars'),(132,3,'magic_thumbnail',NULL,'Magento\\Catalog\\Model\\Category\\Attribute\\Backend\\Image','varchar',NULL,NULL,'image','Thumbnail',NULL,NULL,0,0,NULL,0,NULL),(133,3,'magic_image',NULL,'Magento\\Catalog\\Model\\Category\\Attribute\\Backend\\Image','varchar',NULL,NULL,'image','Image',NULL,NULL,0,0,NULL,0,NULL),(134,4,'featured',NULL,NULL,'int',NULL,NULL,'boolean','Featured Product',NULL,NULL,0,1,NULL,0,NULL),(135,4,'size',NULL,NULL,'int',NULL,NULL,'select','Size',NULL,'Magento\\Eav\\Model\\Entity\\Attribute\\Source\\Table',0,1,'16',0,NULL),(136,4,'material',NULL,'Magento\\Eav\\Model\\Entity\\Attribute\\Backend\\ArrayBackend','text',NULL,NULL,'multiselect','Material',NULL,NULL,0,1,'22',0,NULL),(137,4,'pattern',NULL,'Magento\\Eav\\Model\\Entity\\Attribute\\Backend\\ArrayBackend','text',NULL,NULL,'multiselect','Pattern',NULL,NULL,0,1,'31',0,NULL),(138,4,'climate',NULL,'Magento\\Eav\\Model\\Entity\\Attribute\\Backend\\ArrayBackend','text',NULL,NULL,'multiselect','Climate',NULL,NULL,0,1,'39',0,NULL),(139,1,'failures_num',NULL,NULL,'static',NULL,NULL,'hidden','Failures Number',NULL,NULL,0,0,NULL,0,NULL),(140,1,'first_failure',NULL,NULL,'static',NULL,NULL,'date','First Failure Date',NULL,NULL,0,0,NULL,0,NULL),(141,1,'lock_expires',NULL,NULL,'static',NULL,NULL,'date','Failures Number',NULL,NULL,0,0,NULL,0,NULL),(142,4,'custom_layout',NULL,NULL,'varchar',NULL,NULL,'select','New Layout',NULL,'Magento\\Catalog\\Model\\Product\\Attribute\\Source\\Layout',0,0,NULL,0,NULL),(151,4,'custom_layout_update_file',NULL,'Magento\\Catalog\\Model\\Product\\Attribute\\Backend\\LayoutUpdate','varchar',NULL,NULL,'select','Custom Layout Update',NULL,'Magento\\Catalog\\Model\\Product\\Attribute\\Source\\LayoutUpdate',0,0,NULL,0,NULL),(152,3,'custom_layout_update_file',NULL,'Magento\\Catalog\\Model\\Category\\Attribute\\Backend\\LayoutUpdate','varchar',NULL,NULL,'select','Custom Layout Update',NULL,'Magento\\Catalog\\Model\\Category\\Attribute\\Source\\LayoutUpdate',0,0,NULL,0,NULL);

--
-- Table structure for table `eav_attribute_group`
--

CREATE TABLE `eav_attribute_group` (
  `attribute_group_id` smallint(5) unsigned NOT NULL AUTO_INCREMENT COMMENT 'Attribute Group ID',
  `attribute_set_id` smallint(5) unsigned NOT NULL DEFAULT '0' COMMENT 'Attribute Set ID',
  `attribute_group_name` varchar(255) DEFAULT NULL COMMENT 'Attribute Group Name',
  `sort_order` smallint(6) NOT NULL DEFAULT '0' COMMENT 'Sort Order',
  `default_id` smallint(5) unsigned DEFAULT '0' COMMENT 'Default ID',
  `attribute_group_code` varchar(255) NOT NULL COMMENT 'Attribute Group Code',
  `tab_group_code` varchar(255) DEFAULT NULL COMMENT 'Tab Group Code',
  PRIMARY KEY (`attribute_group_id`),
  UNIQUE KEY `EAV_ATTRIBUTE_GROUP_ATTRIBUTE_SET_ID_ATTRIBUTE_GROUP_CODE` (`attribute_set_id`,`attribute_group_code`),
  UNIQUE KEY `EAV_ATTRIBUTE_GROUP_ATTRIBUTE_SET_ID_ATTRIBUTE_GROUP_NAME` (`attribute_set_id`,`attribute_group_name`),
  KEY `EAV_ATTRIBUTE_GROUP_ATTRIBUTE_SET_ID_SORT_ORDER` (`attribute_set_id`,`sort_order`),
  CONSTRAINT `EAV_ATTR_GROUP_ATTR_SET_ID_EAV_ATTR_SET_ATTR_SET_ID` FOREIGN KEY (`attribute_set_id`) REFERENCES `eav_attribute_set` (`attribute_set_id`) ON DELETE CASCADE
) ENGINE=InnoDB AUTO_INCREMENT=73 DEFAULT CHARSET=utf8 COMMENT='Eav Attribute Group';

--
-- Dumping data for table `eav_attribute_group`
--

INSERT INTO `eav_attribute_group` VALUES (1,1,'General',1,1,'general',NULL),(2,2,'General',1,1,'general',NULL),(3,3,'General',10,1,'general',NULL),(4,3,'General Information',2,0,'general-information',NULL),(5,3,'Display Settings',20,0,'display-settings',NULL),(6,3,'Custom Design',30,0,'custom-design',NULL),(7,4,'General',1,1,'product-details','basic'),(8,4,'Advanced Pricing',4,0,'advanced-pricing','advanced'),(9,4,'Search Engine Optimization',3,0,'search-engine-optimization','basic'),(10,4,'Images',2,0,'image-management','basic'),(11,4,'Design',5,0,'design','advanced'),(12,4,'Autosettings',6,0,'autosettings','advanced'),(13,5,'General',1,1,'general',NULL),(14,6,'General',1,1,'general',NULL),(15,7,'General',1,1,'general',NULL),(16,8,'General',1,1,'general',NULL),(18,3,'Magiccart',31,0,'magiccart',NULL),(19,4,'Content',15,0,'content','basic'),(20,4,'Schedule Design Update',55,0,'schedule-design-update','advanced'),(21,4,'Bundle Items',16,0,'bundle-items',NULL),(22,4,'Gift Options',60,0,'gift-options',NULL),(33,10,'Gift Options',10,0,'gift-options',NULL),(34,10,'Schedule Design Update',9,0,'schedule-design-update','advanced'),(35,10,'Bundle Items',8,0,'bundle-items',NULL),(36,10,'Content',7,0,'content','basic'),(37,10,'Autosettings',6,0,'autosettings','advanced'),(38,10,'Design',5,0,'design','advanced'),(39,10,'Advanced Pricing',4,0,'advanced-pricing','advanced'),(40,10,'Search Engine Optimization',3,0,'search-engine-optimization','basic'),(41,10,'Images',2,0,'image-management','basic'),(42,10,'General',1,1,'product-details','basic'),(43,11,'Gift Options',10,0,'gift-options',NULL),(44,11,'Schedule Design Update',9,0,'schedule-design-update','advanced'),(45,11,'Bundle Items',8,0,'bundle-items',NULL),(46,11,'Content',7,0,'content','basic'),(47,11,'Autosettings',6,0,'autosettings','advanced'),(48,11,'Design',5,0,'design','advanced'),(49,11,'Advanced Pricing',4,0,'advanced-pricing','advanced'),(50,11,'Search Engine Optimization',3,0,'search-engine-optimization','basic'),(51,11,'Images',2,0,'image-management','basic'),(52,11,'General',1,1,'product-details','basic'),(53,12,'Gift Options',10,0,'gift-options',NULL),(54,12,'Schedule Design Update',9,0,'schedule-design-update','advanced'),(55,12,'Bundle Items',8,0,'bundle-items',NULL),(56,12,'Content',7,0,'content','basic'),(57,12,'Autosettings',6,0,'autosettings','advanced'),(58,12,'Design',5,0,'design','advanced'),(59,12,'Advanced Pricing',4,0,'advanced-pricing','advanced'),(60,12,'Search Engine Optimization',3,0,'search-engine-optimization','basic'),(61,12,'Images',2,0,'image-management','basic'),(62,12,'General',1,1,'product-details','basic'),(63,13,'Gift Options',10,0,'gift-options',NULL),(64,13,'Schedule Design Update',9,0,'schedule-design-update','advanced'),(65,13,'Bundle Items',8,0,'bundle-items',NULL),(66,13,'Content',7,0,'content','basic'),(67,13,'Autosettings',6,0,'autosettings','advanced'),(68,13,'Design',5,0,'design','advanced'),(69,13,'Advanced Pricing',4,0,'advanced-pricing','advanced'),(70,13,'Search Engine Optimization',3,0,'search-engine-optimization','basic'),(71,13,'Images',2,0,'image-management','basic'),(72,13,'General',1,1,'product-details','basic');

--
-- Table structure for table `eav_attribute_label`
--

CREATE TABLE `eav_attribute_label` (
  `attribute_label_id` int(10) unsigned NOT NULL AUTO_INCREMENT COMMENT 'Attribute Label ID',
  `attribute_id` smallint(5) unsigned NOT NULL DEFAULT '0' COMMENT 'Attribute ID',
  `store_id` smallint(5) unsigned NOT NULL DEFAULT '0' COMMENT 'Store ID',
  `value` varchar(255) DEFAULT NULL COMMENT 'Value',
  PRIMARY KEY (`attribute_label_id`),
  KEY `EAV_ATTRIBUTE_LABEL_STORE_ID` (`store_id`),
  KEY `EAV_ATTRIBUTE_LABEL_ATTRIBUTE_ID_STORE_ID` (`attribute_id`,`store_id`),
  CONSTRAINT `EAV_ATTRIBUTE_LABEL_ATTRIBUTE_ID_EAV_ATTRIBUTE_ATTRIBUTE_ID` FOREIGN KEY (`attribute_id`) REFERENCES `eav_attribute` (`attribute_id`) ON DELETE CASCADE,
  CONSTRAINT `EAV_ATTRIBUTE_LABEL_STORE_ID_STORE_STORE_ID` FOREIGN KEY (`store_id`) REFERENCES `store` (`store_id`) ON DELETE CASCADE
) ENGINE=InnoDB AUTO_INCREMENT=6 DEFAULT CHARSET=utf8 COMMENT='Eav Attribute Label';

--
-- Dumping data for table `eav_attribute_label`
--

INSERT INTO `eav_attribute_label` VALUES (5,135,1,'Size');

--
-- Table structure for table `eav_attribute_option`
--

CREATE TABLE `eav_attribute_option` (
  `option_id` int(10) unsigned NOT NULL AUTO_INCREMENT COMMENT 'Option ID',
  `attribute_id` smallint(5) unsigned NOT NULL DEFAULT '0' COMMENT 'Attribute ID',
  `sort_order` smallint(5) unsigned NOT NULL DEFAULT '0' COMMENT 'Sort Order',
  PRIMARY KEY (`option_id`),
  KEY `EAV_ATTRIBUTE_OPTION_ATTRIBUTE_ID` (`attribute_id`),
  CONSTRAINT `EAV_ATTRIBUTE_OPTION_ATTRIBUTE_ID_EAV_ATTRIBUTE_ATTRIBUTE_ID` FOREIGN KEY (`attribute_id`) REFERENCES `eav_attribute` (`attribute_id`) ON DELETE CASCADE
) ENGINE=InnoDB AUTO_INCREMENT=48 DEFAULT CHARSET=utf8 COMMENT='Eav Attribute Option';

--
-- Dumping data for table `eav_attribute_option`
--

INSERT INTO `eav_attribute_option` VALUES (1,20,0),(2,20,1),(3,20,3),(4,90,1),(5,90,2),(6,90,3),(7,90,4),(8,90,5),(9,90,6),(10,90,7),(11,90,8),(12,80,1),(13,80,2),(14,80,3),(15,80,4),(16,135,1),(17,135,2),(18,135,3),(19,135,4),(20,135,5),(21,135,6),(22,136,1),(23,136,2),(24,136,3),(25,136,4),(26,136,5),(27,136,6),(28,136,7),(29,136,8),(30,136,9),(31,137,1),(32,137,2),(33,137,3),(34,137,4),(35,137,5),(36,137,6),(37,137,7),(38,137,8),(39,138,1),(40,138,2),(41,138,3),(42,138,4),(43,138,5),(44,138,6),(45,138,7),(46,138,8),(47,138,9);

--
-- Table structure for table `eav_attribute_option_swatch`
--

CREATE TABLE `eav_attribute_option_swatch` (
  `swatch_id` int(10) unsigned NOT NULL AUTO_INCREMENT COMMENT 'Swatch ID',
  `option_id` int(10) unsigned NOT NULL COMMENT 'Option ID',
  `store_id` smallint(5) unsigned NOT NULL COMMENT 'Store ID',
  `type` smallint(5) unsigned NOT NULL COMMENT 'Swatch type: 0 - text, 1 - visual color, 2 - visual image',
  `value` varchar(255) DEFAULT NULL COMMENT 'Swatch Value',
  PRIMARY KEY (`swatch_id`),
  UNIQUE KEY `EAV_ATTRIBUTE_OPTION_SWATCH_STORE_ID_OPTION_ID` (`store_id`,`option_id`),
  KEY `EAV_ATTRIBUTE_OPTION_SWATCH_SWATCH_ID` (`swatch_id`),
  KEY `EAV_ATTR_OPT_SWATCH_OPT_ID_EAV_ATTR_OPT_OPT_ID` (`option_id`),
  CONSTRAINT `EAV_ATTRIBUTE_OPTION_SWATCH_STORE_ID_STORE_STORE_ID` FOREIGN KEY (`store_id`) REFERENCES `store` (`store_id`) ON DELETE CASCADE,
  CONSTRAINT `EAV_ATTR_OPT_SWATCH_OPT_ID_EAV_ATTR_OPT_OPT_ID` FOREIGN KEY (`option_id`) REFERENCES `eav_attribute_option` (`option_id`) ON DELETE CASCADE
) ENGINE=InnoDB AUTO_INCREMENT=197 DEFAULT CHARSET=utf8 COMMENT='Magento Swatches table';

--
-- Dumping data for table `eav_attribute_option_swatch`
--

INSERT INTO `eav_attribute_option_swatch` VALUES (1,16,0,0,'L'),(2,16,1,0,NULL),(3,16,2,0,NULL),(4,16,3,0,NULL),(5,17,0,0,'M'),(6,17,1,0,NULL),(7,17,2,0,NULL),(8,17,3,0,NULL),(9,18,0,0,'S'),(10,18,1,0,NULL),(11,18,2,0,NULL),(12,18,3,0,NULL),(13,19,0,0,'XL'),(14,19,1,0,NULL),(15,19,2,0,NULL),(16,19,3,0,NULL),(17,20,0,0,'XS'),(18,20,1,0,NULL),(19,20,2,0,NULL),(20,20,3,0,NULL),(21,21,0,0,'XXL'),(22,21,1,0,NULL),(23,21,2,0,NULL),(24,21,3,0,NULL),(25,4,0,1,'#000000'),(26,5,0,1,'#1857f7'),(27,6,0,1,'#945454'),(28,7,0,1,'#8f8f8f'),(29,8,0,1,'#53a828'),(30,9,0,1,'#eb6703'),(31,10,0,1,'#ff0000'),(32,11,0,1,'#ffd500'),(33,12,0,0,'Bub'),(34,12,1,0,'Bub'),(35,12,2,0,'Bub'),(36,12,3,0,'Bub'),(37,13,0,0,'Cha'),(38,13,1,0,'Cha'),(39,13,2,0,'Chan'),(40,13,3,0,'Chan'),(41,14,0,0,'Guc'),(42,14,1,0,'Guc'),(43,14,2,0,'Gucci'),(44,14,3,0,'Gucci'),(45,15,0,0,'Aso'),(46,15,1,0,'Aso'),(47,15,2,0,'Asoc'),(48,15,3,0,'Asoc'),(49,12,4,0,'Bub'),(50,12,5,0,'Bub'),(51,12,6,0,'Bub'),(52,12,7,0,'Bub'),(53,12,8,0,'Bub'),(54,12,9,0,'Bub'),(55,12,10,0,'Bub'),(56,12,11,0,'Bub'),(57,12,12,0,'Bub'),(58,12,13,0,'Bub'),(59,12,14,0,'Bub'),(60,12,15,0,'Bub'),(61,12,16,0,'Bub'),(62,12,17,0,'Bub'),(63,12,18,0,'Bub'),(64,12,20,0,'Bub'),(65,12,21,0,'Bub'),(66,12,22,0,'Bub'),(67,12,23,0,'Bub'),(68,12,24,0,'Bub'),(69,12,25,0,'Bub'),(70,12,26,0,'Bub'),(71,12,27,0,'Bub'),(72,12,28,0,'Bub'),(73,12,29,0,'Bub'),(74,12,30,0,'Bub'),(75,12,31,0,'Bub'),(76,12,32,0,'Bub'),(77,12,33,0,'Bub'),(78,12,34,0,'Bub'),(79,12,35,0,'Bub'),(80,12,36,0,'Bub'),(81,12,37,0,'Bub'),(82,12,38,0,'Bub'),(83,12,39,0,'Bub'),(84,12,40,0,'Bub'),(85,12,41,0,'Bub'),(86,13,4,0,'Chan'),(87,13,5,0,'Chan'),(88,13,6,0,'Chan'),(89,13,7,0,'Chan'),(90,13,8,0,'Chan'),(91,13,9,0,'Chan'),(92,13,10,0,'Chan'),(93,13,11,0,'Chan'),(94,13,12,0,'Chan'),(95,13,13,0,'Chan'),(96,13,14,0,'Chan'),(97,13,15,0,'Chan'),(98,13,16,0,'Chan'),(99,13,17,0,'Chan'),(100,13,18,0,'Chan'),(101,13,20,0,'Chan'),(102,13,21,0,'Chan'),(103,13,22,0,'Chan'),(104,13,23,0,'Chan'),(105,13,24,0,'Chan'),(106,13,25,0,'Chan'),(107,13,26,0,'Chan'),(108,13,27,0,'Chan'),(109,13,28,0,'Chan'),(110,13,29,0,'Chan'),(111,13,30,0,'Chan'),(112,13,31,0,'Chan'),(113,13,32,0,'Chan'),(114,13,33,0,'Chan'),(115,13,34,0,'Chan'),(116,13,35,0,'Chan'),(117,13,36,0,'Chan'),(118,13,37,0,'Chan'),(119,13,38,0,'Chan'),(120,13,39,0,'Chan'),(121,13,40,0,'Chan'),(122,13,41,0,'Chan'),(123,14,4,0,'Gucci'),(124,14,5,0,'Gucci'),(125,14,6,0,'Gucci'),(126,14,7,0,'Gucci'),(127,14,8,0,'Gucci'),(128,14,9,0,'Gucci'),(129,14,10,0,'Gucci'),(130,14,11,0,'Gucci'),(131,14,12,0,'Gucci'),(132,14,13,0,'Gucci'),(133,14,14,0,'Gucci'),(134,14,15,0,'Gucci'),(135,14,16,0,'Gucci'),(136,14,17,0,'Gucci'),(137,14,18,0,'Gucci'),(138,14,20,0,'Gucci'),(139,14,21,0,'Gucci'),(140,14,22,0,'Gucci'),(141,14,23,0,'Gucci'),(142,14,24,0,'Gucci'),(143,14,25,0,'Gucci'),(144,14,26,0,'Gucci'),(145,14,27,0,'Gucci'),(146,14,28,0,'Gucci'),(147,14,29,0,'Gucci'),(148,14,30,0,'Gucci'),(149,14,31,0,'Gucci'),(150,14,32,0,'Gucci'),(151,14,33,0,'Gucci'),(152,14,34,0,'Gucci'),(153,14,35,0,'Gucci'),(154,14,36,0,'Gucci'),(155,14,37,0,'Gucci'),(156,14,38,0,'Gucci'),(157,14,39,0,'Gucci'),(158,14,40,0,'Gucci'),(159,14,41,0,'Gucci'),(160,15,4,0,'Asoc'),(161,15,5,0,'Asoc'),(162,15,6,0,'Asoc'),(163,15,7,0,'Asoc'),(164,15,8,0,'Asoc'),(165,15,9,0,'Asoc'),(166,15,10,0,'Asoc'),(167,15,11,0,'Asoc'),(168,15,12,0,'Asoc'),(169,15,13,0,'Asoc'),(170,15,14,0,'Asoc'),(171,15,15,0,'Asoc'),(172,15,16,0,'Asoc'),(173,15,17,0,'Asoc'),(174,15,18,0,'Asoc'),(175,15,20,0,'Asoc'),(176,15,21,0,'Asoc'),(177,15,22,0,'Asoc'),(178,15,23,0,'Asoc'),(179,15,24,0,'Asoc'),(180,15,25,0,'Asoc'),(181,15,26,0,'Asoc'),(182,15,27,0,'Asoc'),(183,15,28,0,'Asoc'),(184,15,29,0,'Asoc'),(185,15,30,0,'Asoc'),(186,15,31,0,'Asoc'),(187,15,32,0,'Asoc'),(188,15,33,0,'Asoc'),(189,15,34,0,'Asoc'),(190,15,35,0,'Asoc'),(191,15,36,0,'Asoc'),(192,15,37,0,'Asoc'),(193,15,38,0,'Asoc'),(194,15,39,0,'Asoc'),(195,15,40,0,'Asoc'),(196,15,41,0,'Asoc');

--
-- Table structure for table `eav_attribute_option_value`
--

CREATE TABLE `eav_attribute_option_value` (
  `value_id` int(10) unsigned NOT NULL AUTO_INCREMENT COMMENT 'Value ID',
  `option_id` int(10) unsigned NOT NULL DEFAULT '0' COMMENT 'Option ID',
  `store_id` smallint(5) unsigned NOT NULL DEFAULT '0' COMMENT 'Store ID',
  `value` varchar(255) DEFAULT NULL COMMENT 'Value',
  PRIMARY KEY (`value_id`),
  KEY `EAV_ATTRIBUTE_OPTION_VALUE_OPTION_ID` (`option_id`),
  KEY `EAV_ATTRIBUTE_OPTION_VALUE_STORE_ID` (`store_id`),
  CONSTRAINT `EAV_ATTRIBUTE_OPTION_VALUE_STORE_ID_STORE_STORE_ID` FOREIGN KEY (`store_id`) REFERENCES `store` (`store_id`) ON DELETE CASCADE,
  CONSTRAINT `EAV_ATTR_OPT_VAL_OPT_ID_EAV_ATTR_OPT_OPT_ID` FOREIGN KEY (`option_id`) REFERENCES `eav_attribute_option` (`option_id`) ON DELETE CASCADE
) ENGINE=InnoDB AUTO_INCREMENT=5549 DEFAULT CHARSET=utf8 COMMENT='Eav Attribute Option Value';

--
-- Dumping data for table `eav_attribute_option_value`
--

INSERT INTO `eav_attribute_option_value` VALUES (1,1,0,'Male'),(2,2,0,'Female'),(3,3,0,'Not Specified'),(16,16,0,'L'),(17,17,0,'M'),(18,18,0,'S'),(19,19,0,'XL'),(20,20,0,'XS'),(21,21,0,'XXL'),(43,31,0,'Color-Blocked'),(44,32,0,'Checked'),(45,33,0,'Color-Blocked'),(46,34,0,'Graphic Print'),(47,35,0,'Solid'),(48,36,0,'Solid-Highlight'),(49,37,0,'Striped'),(50,38,0,'Camo'),(5519,12,0,'Bub'),(5520,13,0,'Cha'),(5521,14,0,'Guc'),(5522,15,0,'Aso'),(5523,4,0,'Black'),(5524,5,0,'Blue'),(5525,6,0,'Brown'),(5526,7,0,'Gray'),(5527,8,0,'Green'),(5528,9,0,'Orange'),(5529,10,0,'Red'),(5530,11,0,'Yellow'),(5531,22,0,'Burlap'),(5532,23,0,'Canvas'),(5533,24,0,'Wool'),(5534,25,0,'Cotton'),(5535,26,0,'Fleece'),(5536,27,0,'Faux Leather'),(5537,28,0,'Hemp'),(5538,29,0,'Jersey'),(5539,30,0,'Leather'),(5540,39,0,'All-Weather'),(5541,40,0,'Cold'),(5542,41,0,'Cool'),(5543,42,0,'Indoor'),(5544,43,0,'Mild'),(5545,44,0,'Rainy'),(5546,45,0,'Spring'),(5547,46,0,'Warm'),(5548,47,0,'Windy');

--
-- Table structure for table `eav_attribute_set`
--

CREATE TABLE `eav_attribute_set` (
  `attribute_set_id` smallint(5) unsigned NOT NULL AUTO_INCREMENT COMMENT 'Attribute Set ID',
  `entity_type_id` smallint(5) unsigned NOT NULL DEFAULT '0' COMMENT 'Entity Type ID',
  `attribute_set_name` varchar(255) DEFAULT NULL COMMENT 'Attribute Set Name',
  `sort_order` smallint(6) NOT NULL DEFAULT '0' COMMENT 'Sort Order',
  PRIMARY KEY (`attribute_set_id`),
  UNIQUE KEY `EAV_ATTRIBUTE_SET_ENTITY_TYPE_ID_ATTRIBUTE_SET_NAME` (`entity_type_id`,`attribute_set_name`),
  KEY `EAV_ATTRIBUTE_SET_ENTITY_TYPE_ID_SORT_ORDER` (`entity_type_id`,`sort_order`),
  CONSTRAINT `EAV_ATTRIBUTE_SET_ENTITY_TYPE_ID_EAV_ENTITY_TYPE_ENTITY_TYPE_ID` FOREIGN KEY (`entity_type_id`) REFERENCES `eav_entity_type` (`entity_type_id`) ON DELETE CASCADE
) ENGINE=InnoDB AUTO_INCREMENT=14 DEFAULT CHARSET=utf8 COMMENT='Eav Attribute Set';

--
-- Dumping data for table `eav_attribute_set`
--

INSERT INTO `eav_attribute_set` VALUES (1,1,'Default',2),(2,2,'Default',2),(3,3,'Default',1),(4,4,'Default',1),(5,5,'Default',1),(6,6,'Default',1),(7,7,'Default',1),(8,8,'Default',1),(10,4,'Jewlery',0),(11,4,'Flower',0),(12,4,'Pet',0),(13,4,'Kid',0);

--
-- Table structure for table `eav_entity`
--

CREATE TABLE `eav_entity` (
  `entity_id` int(10) unsigned NOT NULL AUTO_INCREMENT COMMENT 'Entity ID',
  `entity_type_id` smallint(5) unsigned NOT NULL DEFAULT '0' COMMENT 'Entity Type ID',
  `attribute_set_id` smallint(5) unsigned NOT NULL DEFAULT '0' COMMENT 'Attribute Set ID',
  `increment_id` varchar(50) DEFAULT NULL COMMENT 'Increment ID',
  `parent_id` int(10) unsigned NOT NULL DEFAULT '0' COMMENT 'Parent ID',
  `store_id` smallint(5) unsigned NOT NULL DEFAULT '0' COMMENT 'Store ID',
  `created_at` timestamp NOT NULL DEFAULT CURRENT_TIMESTAMP COMMENT 'Created At',
  `updated_at` timestamp NOT NULL DEFAULT CURRENT_TIMESTAMP ON UPDATE CURRENT_TIMESTAMP COMMENT 'Updated At',
  `is_active` smallint(5) unsigned NOT NULL DEFAULT '1' COMMENT 'Defines Is Entity Active',
  PRIMARY KEY (`entity_id`),
  KEY `EAV_ENTITY_ENTITY_TYPE_ID` (`entity_type_id`),
  KEY `EAV_ENTITY_STORE_ID` (`store_id`),
  CONSTRAINT `EAV_ENTITY_ENTITY_TYPE_ID_EAV_ENTITY_TYPE_ENTITY_TYPE_ID` FOREIGN KEY (`entity_type_id`) REFERENCES `eav_entity_type` (`entity_type_id`) ON DELETE CASCADE,
  CONSTRAINT `EAV_ENTITY_STORE_ID_STORE_STORE_ID` FOREIGN KEY (`store_id`) REFERENCES `store` (`store_id`) ON DELETE CASCADE
) ENGINE=InnoDB DEFAULT CHARSET=utf8 COMMENT='Eav Entity';

--
-- Dumping data for table `eav_entity`
--


--
-- Table structure for table `eav_entity_attribute`
--

CREATE TABLE `eav_entity_attribute` (
  `entity_attribute_id` int(10) unsigned NOT NULL AUTO_INCREMENT COMMENT 'Entity Attribute ID',
  `entity_type_id` smallint(5) unsigned NOT NULL DEFAULT '0' COMMENT 'Entity Type ID',
  `attribute_set_id` smallint(5) unsigned NOT NULL DEFAULT '0' COMMENT 'Attribute Set ID',
  `attribute_group_id` smallint(5) unsigned NOT NULL DEFAULT '0' COMMENT 'Attribute Group ID',
  `attribute_id` smallint(5) unsigned NOT NULL DEFAULT '0' COMMENT 'Attribute ID',
  `sort_order` smallint(6) NOT NULL DEFAULT '0' COMMENT 'Sort Order',
  PRIMARY KEY (`entity_attribute_id`),
  UNIQUE KEY `EAV_ENTITY_ATTRIBUTE_ATTRIBUTE_SET_ID_ATTRIBUTE_ID` (`attribute_set_id`,`attribute_id`),
  UNIQUE KEY `EAV_ENTITY_ATTRIBUTE_ATTRIBUTE_GROUP_ID_ATTRIBUTE_ID` (`attribute_group_id`,`attribute_id`),
  KEY `EAV_ENTITY_ATTRIBUTE_ATTRIBUTE_SET_ID_SORT_ORDER` (`attribute_set_id`,`sort_order`),
  KEY `EAV_ENTITY_ATTRIBUTE_ATTRIBUTE_ID` (`attribute_id`),
  CONSTRAINT `EAV_ENTITY_ATTRIBUTE_ATTRIBUTE_ID_EAV_ATTRIBUTE_ATTRIBUTE_ID` FOREIGN KEY (`attribute_id`) REFERENCES `eav_attribute` (`attribute_id`) ON DELETE CASCADE,
  CONSTRAINT `EAV_ENTT_ATTR_ATTR_GROUP_ID_EAV_ATTR_GROUP_ATTR_GROUP_ID` FOREIGN KEY (`attribute_group_id`) REFERENCES `eav_attribute_group` (`attribute_group_id`) ON DELETE CASCADE
) ENGINE=InnoDB AUTO_INCREMENT=1168 DEFAULT CHARSET=utf8 COMMENT='Eav Entity Attributes';

--
-- Dumping data for table `eav_entity_attribute`
--

INSERT INTO `eav_entity_attribute` VALUES (1,1,1,1,1,10),(2,1,1,1,2,20),(3,1,1,1,3,20),(4,1,1,1,4,30),(5,1,1,1,5,40),(6,1,1,1,6,50),(7,1,1,1,7,60),(8,1,1,1,8,70),(9,1,1,1,9,80),(10,1,1,1,10,25),(11,1,1,1,11,90),(12,1,1,1,12,81),(13,1,1,1,13,115),(14,1,1,1,14,120),(15,1,1,1,15,82),(16,1,1,1,16,83),(17,1,1,1,17,100),(18,1,1,1,18,85),(19,1,1,1,19,86),(20,1,1,1,20,110),(21,1,1,1,21,121),(22,2,2,2,22,10),(23,2,2,2,23,20),(24,2,2,2,24,30),(25,2,2,2,25,40),(26,2,2,2,26,50),(27,2,2,2,27,60),(28,2,2,2,28,70),(29,2,2,2,29,100),(30,2,2,2,30,80),(31,2,2,2,31,90),(32,2,2,2,32,90),(33,2,2,2,33,110),(34,2,2,2,34,120),(35,2,2,2,35,130),(36,2,2,2,36,131),(37,2,2,2,37,132),(38,2,2,2,38,133),(39,2,2,2,39,134),(40,2,2,2,40,135),(41,1,1,1,41,87),(42,3,3,4,42,1),(43,3,3,4,43,2),(44,3,3,4,44,4),(45,3,3,4,45,5),(46,3,3,4,46,6),(47,3,3,4,47,7),(48,3,3,4,48,8),(49,3,3,5,49,10),(50,3,3,5,50,20),(51,3,3,5,51,30),(52,3,3,4,52,12),(53,3,3,4,53,13),(54,3,3,4,54,14),(55,3,3,4,55,15),(56,3,3,4,56,16),(57,3,3,6,57,10),(58,3,3,6,58,30),(59,3,3,6,59,40),(60,3,3,6,60,50),(61,3,3,6,61,60),(62,3,3,4,62,24),(63,3,3,4,63,25),(64,3,3,5,64,40),(65,3,3,5,65,50),(66,3,3,4,66,10),(67,3,3,6,67,5),(68,3,3,6,68,6),(69,3,3,5,69,51),(87,4,4,7,88,6),(93,4,4,8,95,8),(102,4,4,7,104,14),(103,4,4,7,105,15),(104,4,4,7,106,16),(105,4,4,7,107,17),(106,4,4,7,108,18),(107,4,4,7,109,19),(108,4,4,7,110,20),(111,3,3,4,113,3),(112,3,3,4,114,17),(114,4,4,7,116,11),(118,4,4,7,120,21),(119,4,4,7,121,71),(121,4,4,21,123,1),(122,4,4,7,124,105),(123,4,4,7,125,106),(124,4,4,7,126,107),(125,4,4,7,127,108),(129,3,3,18,131,1),(130,3,3,18,132,2),(131,3,3,18,133,3),(412,4,4,7,70,2),(414,4,4,7,71,3),(416,4,4,19,72,110),(418,4,4,7,74,4),(420,4,4,7,79,8),(422,4,4,7,80,15),(424,4,4,10,84,1),(426,4,4,7,90,14),(428,4,4,7,94,5),(430,4,4,7,102,9),(432,4,4,7,112,7),(434,4,4,7,119,31),(436,4,4,10,128,1),(438,4,4,7,129,5),(440,4,4,7,134,13),(442,4,4,7,135,18),(444,4,4,7,136,17),(446,4,4,7,137,20),(448,4,4,7,138,19),(452,4,4,10,85,1),(454,4,4,10,86,2),(456,4,4,10,87,3),(458,4,4,10,93,4),(460,4,4,9,81,2),(462,4,4,9,82,3),(464,4,4,9,83,4),(466,4,4,9,115,1),(468,4,4,8,75,1),(470,4,4,8,76,2),(472,4,4,8,77,3),(474,4,4,8,78,4),(476,4,4,8,89,5),(478,4,4,8,117,6),(480,4,4,8,118,7),(482,4,4,8,122,8),(484,4,4,20,97,40),(486,4,4,20,98,20),(488,4,4,20,99,30),(490,4,4,11,100,10),(492,4,4,11,101,5),(494,4,4,11,103,6),(496,4,4,19,73,100),(498,4,4,7,91,90),(500,4,4,7,92,100),(502,4,4,7,96,80),(504,4,4,7,111,110),(506,4,4,22,130,10),(507,1,1,1,139,100),(508,1,1,1,140,110),(509,1,1,1,141,120),(510,4,4,20,142,50),(668,4,10,39,95,8),(685,4,10,42,88,6),(689,4,10,42,116,11),(691,4,10,42,104,14),(694,4,10,42,105,15),(695,4,10,42,106,16),(696,4,10,42,107,17),(698,4,10,42,108,18),(701,4,10,42,109,19),(703,4,10,42,110,20),(717,4,10,42,124,105),(718,4,10,42,125,106),(719,4,10,42,126,107),(720,4,10,42,127,108),(723,4,10,42,70,1),(724,4,10,42,71,2),(725,4,10,42,74,3),(726,4,10,42,79,7),(727,4,10,42,80,11),(728,4,10,42,90,10),(729,4,10,42,91,22),(730,4,10,42,92,23),(731,4,10,42,94,4),(732,4,10,42,96,21),(733,4,10,42,102,8),(734,4,10,42,111,26),(735,4,10,42,112,6),(736,4,10,42,119,14),(737,4,10,42,120,13),(738,4,10,42,121,19),(739,4,10,42,129,5),(740,4,10,42,134,9),(741,4,10,42,135,12),(749,4,10,41,84,1),(750,4,10,41,85,2),(751,4,10,41,86,4),(752,4,10,41,87,5),(753,4,10,41,93,6),(754,4,10,41,128,3),(755,4,10,40,81,2),(756,4,10,40,82,3),(757,4,10,40,83,4),(758,4,10,40,115,1),(759,4,10,39,75,1),(760,4,10,39,76,2),(761,4,10,39,77,3),(762,4,10,39,78,4),(763,4,10,39,89,5),(764,4,10,39,117,6),(765,4,10,39,118,7),(766,4,10,39,122,8),(767,4,10,38,100,3),(768,4,10,38,101,1),(769,4,10,38,103,2),(770,4,10,36,72,110),(771,4,10,36,73,100),(772,4,10,35,123,1),(773,4,10,34,97,3),(774,4,10,34,98,1),(775,4,10,34,99,2),(776,4,10,34,142,4),(777,4,10,33,130,1),(796,4,11,49,95,8),(813,4,11,52,88,6),(817,4,11,52,116,11),(819,4,11,52,104,14),(822,4,11,52,105,15),(823,4,11,52,106,16),(824,4,11,52,107,17),(826,4,11,52,108,18),(829,4,11,52,109,19),(831,4,11,52,110,20),(845,4,11,52,124,105),(846,4,11,52,125,106),(847,4,11,52,126,107),(848,4,11,52,127,108),(851,4,11,52,70,1),(852,4,11,52,71,2),(853,4,11,52,74,3),(854,4,11,52,79,7),(855,4,11,52,80,11),(856,4,11,52,90,10),(857,4,11,52,91,22),(858,4,11,52,92,23),(859,4,11,52,94,4),(860,4,11,52,96,21),(861,4,11,52,102,8),(862,4,11,52,111,26),(863,4,11,52,112,6),(864,4,11,52,119,14),(865,4,11,52,120,13),(866,4,11,52,121,19),(867,4,11,52,129,5),(868,4,11,52,134,9),(869,4,11,52,135,12),(877,4,11,51,84,1),(878,4,11,51,85,2),(879,4,11,51,86,4),(880,4,11,51,87,5),(881,4,11,51,93,6),(882,4,11,51,128,3),(883,4,11,50,81,2),(884,4,11,50,82,3),(885,4,11,50,83,4),(886,4,11,50,115,1),(887,4,11,49,75,1),(888,4,11,49,76,2),(889,4,11,49,77,3),(890,4,11,49,78,4),(891,4,11,49,89,5),(892,4,11,49,117,6),(893,4,11,49,118,7),(894,4,11,49,122,8),(895,4,11,48,100,3),(896,4,11,48,101,1),(897,4,11,48,103,2),(898,4,11,46,72,110),(899,4,11,46,73,100),(900,4,11,45,123,1),(901,4,11,44,97,3),(902,4,11,44,98,1),(903,4,11,44,99,2),(904,4,11,44,142,4),(905,4,11,43,130,1),(924,4,12,59,95,8),(941,4,12,62,88,6),(945,4,12,62,116,11),(947,4,12,62,104,14),(950,4,12,62,105,15),(951,4,12,62,106,16),(952,4,12,62,107,17),(954,4,12,62,108,18),(957,4,12,62,109,19),(959,4,12,62,110,20),(973,4,12,62,124,105),(974,4,12,62,125,106),(975,4,12,62,126,107),(976,4,12,62,127,108),(979,4,12,62,70,1),(980,4,12,62,71,2),(981,4,12,62,74,3),(982,4,12,62,79,7),(983,4,12,62,80,11),(984,4,12,62,90,10),(985,4,12,62,91,22),(986,4,12,62,92,23),(987,4,12,62,94,4),(988,4,12,62,96,21),(989,4,12,62,102,8),(990,4,12,62,111,26),(991,4,12,62,112,6),(992,4,12,62,119,14),(993,4,12,62,120,13),(994,4,12,62,121,19),(995,4,12,62,129,5),(996,4,12,62,134,9),(997,4,12,62,135,12),(1005,4,12,61,84,1),(1006,4,12,61,85,2),(1007,4,12,61,86,4),(1008,4,12,61,87,5),(1009,4,12,61,93,6),(1010,4,12,61,128,3),(1011,4,12,60,81,2),(1012,4,12,60,82,3),(1013,4,12,60,83,4),(1014,4,12,60,115,1),(1015,4,12,59,75,1),(1016,4,12,59,76,2),(1017,4,12,59,77,3),(1018,4,12,59,78,4),(1019,4,12,59,89,5),(1020,4,12,59,117,6),(1021,4,12,59,118,7),(1022,4,12,59,122,8),(1023,4,12,58,100,3),(1024,4,12,58,101,1),(1025,4,12,58,103,2),(1026,4,12,56,72,110),(1027,4,12,56,73,100),(1028,4,12,55,123,1),(1029,4,12,54,97,3),(1030,4,12,54,98,1),(1031,4,12,54,99,2),(1032,4,12,54,142,4),(1033,4,12,53,130,1),(1052,4,13,69,95,8),(1069,4,13,72,88,6),(1073,4,13,72,116,11),(1075,4,13,72,104,14),(1078,4,13,72,105,15),(1079,4,13,72,106,16),(1080,4,13,72,107,17),(1082,4,13,72,108,18),(1085,4,13,72,109,19),(1087,4,13,72,110,20),(1101,4,13,72,124,105),(1102,4,13,72,125,106),(1103,4,13,72,126,107),(1104,4,13,72,127,108),(1107,4,13,72,70,1),(1108,4,13,72,71,2),(1109,4,13,72,74,3),(1110,4,13,72,79,7),(1111,4,13,72,80,11),(1112,4,13,72,90,10),(1113,4,13,72,91,22),(1114,4,13,72,92,23),(1115,4,13,72,94,4),(1116,4,13,72,96,21),(1117,4,13,72,102,8),(1118,4,13,72,111,26),(1119,4,13,72,112,6),(1120,4,13,72,119,14),(1121,4,13,72,120,13),(1122,4,13,72,121,19),(1123,4,13,72,129,5),(1124,4,13,72,134,9),(1125,4,13,72,135,12),(1133,4,13,71,84,1),(1134,4,13,71,85,2),(1135,4,13,71,86,4),(1136,4,13,71,87,5),(1137,4,13,71,93,6),(1138,4,13,71,128,3),(1139,4,13,70,81,2),(1140,4,13,70,82,3),(1141,4,13,70,83,4),(1142,4,13,70,115,1),(1143,4,13,69,75,1),(1144,4,13,69,76,2),(1145,4,13,69,77,3),(1146,4,13,69,78,4),(1147,4,13,69,89,5),(1148,4,13,69,117,6),(1149,4,13,69,118,7),(1150,4,13,69,122,8),(1151,4,13,68,100,3),(1152,4,13,68,101,1),(1153,4,13,68,103,2),(1154,4,13,66,72,110),(1155,4,13,66,73,100),(1156,4,13,65,123,1),(1157,4,13,64,97,3),(1158,4,13,64,98,1),(1159,4,13,64,99,2),(1160,4,13,64,142,4),(1161,4,13,63,130,1),(1162,4,4,11,151,51),(1163,4,10,38,151,51),(1164,4,11,48,151,51),(1165,4,12,58,151,51),(1166,4,13,68,151,51),(1167,3,3,6,152,51);

--
-- Table structure for table `eav_entity_datetime`
--

CREATE TABLE `eav_entity_datetime` (
  `value_id` int(11) NOT NULL AUTO_INCREMENT COMMENT 'Value ID',
  `entity_type_id` smallint(5) unsigned NOT NULL DEFAULT '0' COMMENT 'Entity Type ID',
  `attribute_id` smallint(5) unsigned NOT NULL DEFAULT '0' COMMENT 'Attribute ID',
  `store_id` smallint(5) unsigned NOT NULL DEFAULT '0' COMMENT 'Store ID',
  `entity_id` int(10) unsigned NOT NULL DEFAULT '0' COMMENT 'Entity ID',
  `value` datetime DEFAULT NULL COMMENT 'Attribute Value',
  PRIMARY KEY (`value_id`),
  UNIQUE KEY `EAV_ENTITY_DATETIME_ENTITY_ID_ATTRIBUTE_ID_STORE_ID` (`entity_id`,`attribute_id`,`store_id`),
  KEY `EAV_ENTITY_DATETIME_STORE_ID` (`store_id`),
  KEY `EAV_ENTITY_DATETIME_ATTRIBUTE_ID_VALUE` (`attribute_id`,`value`),
  KEY `EAV_ENTITY_DATETIME_ENTITY_TYPE_ID_VALUE` (`entity_type_id`,`value`),
  CONSTRAINT `EAV_ENTITY_DATETIME_ENTITY_ID_EAV_ENTITY_ENTITY_ID` FOREIGN KEY (`entity_id`) REFERENCES `eav_entity` (`entity_id`) ON DELETE CASCADE,
  CONSTRAINT `EAV_ENTITY_DATETIME_STORE_ID_STORE_STORE_ID` FOREIGN KEY (`store_id`) REFERENCES `store` (`store_id`) ON DELETE CASCADE,
  CONSTRAINT `EAV_ENTT_DTIME_ENTT_TYPE_ID_EAV_ENTT_TYPE_ENTT_TYPE_ID` FOREIGN KEY (`entity_type_id`) REFERENCES `eav_entity_type` (`entity_type_id`) ON DELETE CASCADE
) ENGINE=InnoDB DEFAULT CHARSET=utf8 COMMENT='Eav Entity Value Prefix';

--
-- Dumping data for table `eav_entity_datetime`
--


--
-- Table structure for table `eav_entity_decimal`
--

CREATE TABLE `eav_entity_decimal` (
  `value_id` int(11) NOT NULL AUTO_INCREMENT COMMENT 'Value ID',
  `entity_type_id` smallint(5) unsigned NOT NULL DEFAULT '0' COMMENT 'Entity Type ID',
  `attribute_id` smallint(5) unsigned NOT NULL DEFAULT '0' COMMENT 'Attribute ID',
  `store_id` smallint(5) unsigned NOT NULL DEFAULT '0' COMMENT 'Store ID',
  `entity_id` int(10) unsigned NOT NULL DEFAULT '0' COMMENT 'Entity ID',
  `value` decimal(12,4) NOT NULL DEFAULT '0.0000' COMMENT 'Attribute Value',
  PRIMARY KEY (`value_id`),
  UNIQUE KEY `EAV_ENTITY_DECIMAL_ENTITY_ID_ATTRIBUTE_ID_STORE_ID` (`entity_id`,`attribute_id`,`store_id`),
  KEY `EAV_ENTITY_DECIMAL_STORE_ID` (`store_id`),
  KEY `EAV_ENTITY_DECIMAL_ATTRIBUTE_ID_VALUE` (`attribute_id`,`value`),
  KEY `EAV_ENTITY_DECIMAL_ENTITY_TYPE_ID_VALUE` (`entity_type_id`,`value`),
  CONSTRAINT `EAV_ENTITY_DECIMAL_ENTITY_ID_EAV_ENTITY_ENTITY_ID` FOREIGN KEY (`entity_id`) REFERENCES `eav_entity` (`entity_id`) ON DELETE CASCADE,
  CONSTRAINT `EAV_ENTITY_DECIMAL_ENTITY_TYPE_ID_EAV_ENTITY_TYPE_ENTITY_TYPE_ID` FOREIGN KEY (`entity_type_id`) REFERENCES `eav_entity_type` (`entity_type_id`) ON DELETE CASCADE,
  CONSTRAINT `EAV_ENTITY_DECIMAL_STORE_ID_STORE_STORE_ID` FOREIGN KEY (`store_id`) REFERENCES `store` (`store_id`) ON DELETE CASCADE
) ENGINE=InnoDB DEFAULT CHARSET=utf8 COMMENT='Eav Entity Value Prefix';

--
-- Dumping data for table `eav_entity_decimal`
--


--
-- Table structure for table `eav_entity_int`
--

CREATE TABLE `eav_entity_int` (
  `value_id` int(11) NOT NULL AUTO_INCREMENT COMMENT 'Value ID',
  `entity_type_id` smallint(5) unsigned NOT NULL DEFAULT '0' COMMENT 'Entity Type ID',
  `attribute_id` smallint(5) unsigned NOT NULL DEFAULT '0' COMMENT 'Attribute ID',
  `store_id` smallint(5) unsigned NOT NULL DEFAULT '0' COMMENT 'Store ID',
  `entity_id` int(10) unsigned NOT NULL DEFAULT '0' COMMENT 'Entity ID',
  `value` int(11) NOT NULL DEFAULT '0' COMMENT 'Attribute Value',
  PRIMARY KEY (`value_id`),
  UNIQUE KEY `EAV_ENTITY_INT_ENTITY_ID_ATTRIBUTE_ID_STORE_ID` (`entity_id`,`attribute_id`,`store_id`),
  KEY `EAV_ENTITY_INT_STORE_ID` (`store_id`),
  KEY `EAV_ENTITY_INT_ATTRIBUTE_ID_VALUE` (`attribute_id`,`value`),
  KEY `EAV_ENTITY_INT_ENTITY_TYPE_ID_VALUE` (`entity_type_id`,`value`),
  CONSTRAINT `EAV_ENTITY_INT_ENTITY_ID_EAV_ENTITY_ENTITY_ID` FOREIGN KEY (`entity_id`) REFERENCES `eav_entity` (`entity_id`) ON DELETE CASCADE,
  CONSTRAINT `EAV_ENTITY_INT_ENTITY_TYPE_ID_EAV_ENTITY_TYPE_ENTITY_TYPE_ID` FOREIGN KEY (`entity_type_id`) REFERENCES `eav_entity_type` (`entity_type_id`) ON DELETE CASCADE,
  CONSTRAINT `EAV_ENTITY_INT_STORE_ID_STORE_STORE_ID` FOREIGN KEY (`store_id`) REFERENCES `store` (`store_id`) ON DELETE CASCADE
) ENGINE=InnoDB DEFAULT CHARSET=utf8 COMMENT='Eav Entity Value Prefix';

--
-- Dumping data for table `eav_entity_int`
--


--
-- Table structure for table `eav_entity_store`
--

CREATE TABLE `eav_entity_store` (
  `entity_store_id` int(10) unsigned NOT NULL AUTO_INCREMENT COMMENT 'Entity Store ID',
  `entity_type_id` smallint(5) unsigned NOT NULL DEFAULT '0' COMMENT 'Entity Type ID',
  `store_id` smallint(5) unsigned NOT NULL DEFAULT '0' COMMENT 'Store ID',
  `increment_prefix` varchar(20) DEFAULT NULL COMMENT 'Increment Prefix',
  `increment_last_id` varchar(50) DEFAULT NULL COMMENT 'Last Incremented ID',
  PRIMARY KEY (`entity_store_id`),
  KEY `EAV_ENTITY_STORE_ENTITY_TYPE_ID` (`entity_type_id`),
  KEY `EAV_ENTITY_STORE_STORE_ID` (`store_id`),
  CONSTRAINT `EAV_ENTITY_STORE_ENTITY_TYPE_ID_EAV_ENTITY_TYPE_ENTITY_TYPE_ID` FOREIGN KEY (`entity_type_id`) REFERENCES `eav_entity_type` (`entity_type_id`) ON DELETE CASCADE,
  CONSTRAINT `EAV_ENTITY_STORE_STORE_ID_STORE_STORE_ID` FOREIGN KEY (`store_id`) REFERENCES `store` (`store_id`) ON DELETE CASCADE
) ENGINE=InnoDB DEFAULT CHARSET=utf8 COMMENT='Eav Entity Store';

--
-- Dumping data for table `eav_entity_store`
--


--
-- Table structure for table `eav_entity_text`
--

CREATE TABLE `eav_entity_text` (
  `value_id` int(11) NOT NULL AUTO_INCREMENT COMMENT 'Value ID',
  `entity_type_id` smallint(5) unsigned NOT NULL DEFAULT '0' COMMENT 'Entity Type ID',
  `attribute_id` smallint(5) unsigned NOT NULL DEFAULT '0' COMMENT 'Attribute ID',
  `store_id` smallint(5) unsigned NOT NULL DEFAULT '0' COMMENT 'Store ID',
  `entity_id` int(10) unsigned NOT NULL DEFAULT '0' COMMENT 'Entity ID',
  `value` text NOT NULL COMMENT 'Attribute Value',
  PRIMARY KEY (`value_id`),
  UNIQUE KEY `EAV_ENTITY_TEXT_ENTITY_ID_ATTRIBUTE_ID_STORE_ID` (`entity_id`,`attribute_id`,`store_id`),
  KEY `EAV_ENTITY_TEXT_ENTITY_TYPE_ID` (`entity_type_id`),
  KEY `EAV_ENTITY_TEXT_ATTRIBUTE_ID` (`attribute_id`),
  KEY `EAV_ENTITY_TEXT_STORE_ID` (`store_id`),
  CONSTRAINT `EAV_ENTITY_TEXT_ENTITY_ID_EAV_ENTITY_ENTITY_ID` FOREIGN KEY (`entity_id`) REFERENCES `eav_entity` (`entity_id`) ON DELETE CASCADE,
  CONSTRAINT `EAV_ENTITY_TEXT_ENTITY_TYPE_ID_EAV_ENTITY_TYPE_ENTITY_TYPE_ID` FOREIGN KEY (`entity_type_id`) REFERENCES `eav_entity_type` (`entity_type_id`) ON DELETE CASCADE,
  CONSTRAINT `EAV_ENTITY_TEXT_STORE_ID_STORE_STORE_ID` FOREIGN KEY (`store_id`) REFERENCES `store` (`store_id`) ON DELETE CASCADE
) ENGINE=InnoDB DEFAULT CHARSET=utf8 COMMENT='Eav Entity Value Prefix';

--
-- Dumping data for table `eav_entity_text`
--


--
-- Table structure for table `eav_entity_type`
--

CREATE TABLE `eav_entity_type` (
  `entity_type_id` smallint(5) unsigned NOT NULL AUTO_INCREMENT COMMENT 'Entity Type ID',
  `entity_type_code` varchar(50) NOT NULL COMMENT 'Entity Type Code',
  `entity_model` varchar(255) NOT NULL COMMENT 'Entity Model',
  `attribute_model` varchar(255) DEFAULT NULL COMMENT 'Attribute Model',
  `entity_table` varchar(255) DEFAULT NULL COMMENT 'Entity Table',
  `value_table_prefix` varchar(255) DEFAULT NULL COMMENT 'Value Table Prefix',
  `entity_id_field` varchar(255) DEFAULT NULL COMMENT 'Entity ID Field',
  `is_data_sharing` smallint(5) unsigned NOT NULL DEFAULT '1' COMMENT 'Defines Is Data Sharing',
  `data_sharing_key` varchar(100) DEFAULT 'default' COMMENT 'Data Sharing Key',
  `default_attribute_set_id` smallint(5) unsigned NOT NULL DEFAULT '0' COMMENT 'Default Attribute Set ID',
  `increment_model` varchar(255) DEFAULT NULL COMMENT 'Increment Model',
  `increment_per_store` smallint(5) unsigned NOT NULL DEFAULT '0' COMMENT 'Increment Per Store',
  `increment_pad_length` smallint(5) unsigned NOT NULL DEFAULT '8' COMMENT 'Increment Pad Length',
  `increment_pad_char` varchar(1) NOT NULL DEFAULT '0' COMMENT 'Increment Pad Char',
  `additional_attribute_table` varchar(255) DEFAULT NULL COMMENT 'Additional Attribute Table',
  `entity_attribute_collection` varchar(255) DEFAULT NULL COMMENT 'Entity Attribute Collection',
  PRIMARY KEY (`entity_type_id`),
  KEY `EAV_ENTITY_TYPE_ENTITY_TYPE_CODE` (`entity_type_code`)
) ENGINE=InnoDB AUTO_INCREMENT=9 DEFAULT CHARSET=utf8 COMMENT='Eav Entity Type';

--
-- Dumping data for table `eav_entity_type`
--

INSERT INTO `eav_entity_type` VALUES (1,'customer','Magento\\Customer\\Model\\ResourceModel\\Customer','Magento\\Customer\\Model\\Attribute','customer_entity',NULL,NULL,1,'default',1,'Magento\\Eav\\Model\\Entity\\Increment\\NumericValue',0,8,'0','customer_eav_attribute','Magento\\Customer\\Model\\ResourceModel\\Attribute\\Collection'),(2,'customer_address','Magento\\Customer\\Model\\ResourceModel\\Address','Magento\\Customer\\Model\\Attribute','customer_address_entity',NULL,NULL,1,'default',2,NULL,0,8,'0','customer_eav_attribute','Magento\\Customer\\Model\\ResourceModel\\Address\\Attribute\\Collection'),(3,'catalog_category','Magento\\Catalog\\Model\\ResourceModel\\Category','Magento\\Catalog\\Model\\ResourceModel\\Eav\\Attribute','catalog_category_entity',NULL,NULL,1,'default',3,NULL,0,8,'0','catalog_eav_attribute','Magento\\Catalog\\Model\\ResourceModel\\Category\\Attribute\\Collection'),(4,'catalog_product','Magento\\Catalog\\Model\\ResourceModel\\Product','Magento\\Catalog\\Model\\ResourceModel\\Eav\\Attribute','catalog_product_entity',NULL,NULL,1,'default',4,NULL,0,8,'0','catalog_eav_attribute','Magento\\Catalog\\Model\\ResourceModel\\Product\\Attribute\\Collection'),(5,'order','Magento\\Sales\\Model\\ResourceModel\\Order',NULL,'sales_order',NULL,NULL,1,'default',5,'Magento\\Eav\\Model\\Entity\\Increment\\NumericValue',1,8,'0',NULL,NULL),(6,'invoice','Magento\\Sales\\Model\\ResourceModel\\Order\\Invoice',NULL,'sales_invoice',NULL,NULL,1,'default',6,'Magento\\Eav\\Model\\Entity\\Increment\\NumericValue',1,8,'0',NULL,NULL),(7,'creditmemo','Magento\\Sales\\Model\\ResourceModel\\Order\\Creditmemo',NULL,'sales_creditmemo',NULL,NULL,1,'default',7,'Magento\\Eav\\Model\\Entity\\Increment\\NumericValue',1,8,'0',NULL,NULL),(8,'shipment','Magento\\Sales\\Model\\ResourceModel\\Order\\Shipment',NULL,'sales_shipment',NULL,NULL,1,'default',8,'Magento\\Eav\\Model\\Entity\\Increment\\NumericValue',1,8,'0',NULL,NULL);

--
-- Table structure for table `eav_entity_varchar`
--

CREATE TABLE `eav_entity_varchar` (
  `value_id` int(11) NOT NULL AUTO_INCREMENT COMMENT 'Value ID',
  `entity_type_id` smallint(5) unsigned NOT NULL DEFAULT '0' COMMENT 'Entity Type ID',
  `attribute_id` smallint(5) unsigned NOT NULL DEFAULT '0' COMMENT 'Attribute ID',
  `store_id` smallint(5) unsigned NOT NULL DEFAULT '0' COMMENT 'Store ID',
  `entity_id` int(10) unsigned NOT NULL DEFAULT '0' COMMENT 'Entity ID',
  `value` varchar(255) DEFAULT NULL COMMENT 'Attribute Value',
  PRIMARY KEY (`value_id`),
  UNIQUE KEY `EAV_ENTITY_VARCHAR_ENTITY_ID_ATTRIBUTE_ID_STORE_ID` (`entity_id`,`attribute_id`,`store_id`),
  KEY `EAV_ENTITY_VARCHAR_STORE_ID` (`store_id`),
  KEY `EAV_ENTITY_VARCHAR_ATTRIBUTE_ID_VALUE` (`attribute_id`,`value`),
  KEY `EAV_ENTITY_VARCHAR_ENTITY_TYPE_ID_VALUE` (`entity_type_id`,`value`),
  CONSTRAINT `EAV_ENTITY_VARCHAR_ENTITY_ID_EAV_ENTITY_ENTITY_ID` FOREIGN KEY (`entity_id`) REFERENCES `eav_entity` (`entity_id`) ON DELETE CASCADE,
  CONSTRAINT `EAV_ENTITY_VARCHAR_ENTITY_TYPE_ID_EAV_ENTITY_TYPE_ENTITY_TYPE_ID` FOREIGN KEY (`entity_type_id`) REFERENCES `eav_entity_type` (`entity_type_id`) ON DELETE CASCADE,
  CONSTRAINT `EAV_ENTITY_VARCHAR_STORE_ID_STORE_STORE_ID` FOREIGN KEY (`store_id`) REFERENCES `store` (`store_id`) ON DELETE CASCADE
) ENGINE=InnoDB DEFAULT CHARSET=utf8 COMMENT='Eav Entity Value Prefix';

--
-- Dumping data for table `eav_entity_varchar`
--


--
-- Table structure for table `eav_form_element`
--

CREATE TABLE `eav_form_element` (
  `element_id` int(10) unsigned NOT NULL AUTO_INCREMENT COMMENT 'Element ID',
  `type_id` smallint(5) unsigned NOT NULL COMMENT 'Type ID',
  `fieldset_id` smallint(5) unsigned DEFAULT NULL COMMENT 'Fieldset ID',
  `attribute_id` smallint(5) unsigned NOT NULL COMMENT 'Attribute ID',
  `sort_order` int(11) NOT NULL DEFAULT '0' COMMENT 'Sort Order',
  PRIMARY KEY (`element_id`),
  UNIQUE KEY `EAV_FORM_ELEMENT_TYPE_ID_ATTRIBUTE_ID` (`type_id`,`attribute_id`),
  KEY `EAV_FORM_ELEMENT_FIELDSET_ID` (`fieldset_id`),
  KEY `EAV_FORM_ELEMENT_ATTRIBUTE_ID` (`attribute_id`),
  CONSTRAINT `EAV_FORM_ELEMENT_ATTRIBUTE_ID_EAV_ATTRIBUTE_ATTRIBUTE_ID` FOREIGN KEY (`attribute_id`) REFERENCES `eav_attribute` (`attribute_id`) ON DELETE CASCADE,
  CONSTRAINT `EAV_FORM_ELEMENT_FIELDSET_ID_EAV_FORM_FIELDSET_FIELDSET_ID` FOREIGN KEY (`fieldset_id`) REFERENCES `eav_form_fieldset` (`fieldset_id`) ON DELETE SET NULL,
  CONSTRAINT `EAV_FORM_ELEMENT_TYPE_ID_EAV_FORM_TYPE_TYPE_ID` FOREIGN KEY (`type_id`) REFERENCES `eav_form_type` (`type_id`) ON DELETE CASCADE
) ENGINE=InnoDB AUTO_INCREMENT=43 DEFAULT CHARSET=utf8 COMMENT='Eav Form Element';

--
-- Dumping data for table `eav_form_element`
--

INSERT INTO `eav_form_element` VALUES (1,1,NULL,23,0),(2,1,NULL,25,1),(3,1,NULL,27,2),(4,1,NULL,9,3),(5,1,NULL,28,4),(6,1,NULL,29,5),(7,1,NULL,31,6),(8,1,NULL,33,7),(9,1,NULL,30,8),(10,1,NULL,34,9),(11,1,NULL,35,10),(12,2,NULL,23,0),(13,2,NULL,25,1),(14,2,NULL,27,2),(15,2,NULL,9,3),(16,2,NULL,28,4),(17,2,NULL,29,5),(18,2,NULL,31,6),(19,2,NULL,33,7),(20,2,NULL,30,8),(21,2,NULL,34,9),(22,2,NULL,35,10),(23,3,NULL,23,0),(24,3,NULL,25,1),(25,3,NULL,27,2),(26,3,NULL,28,3),(27,3,NULL,29,4),(28,3,NULL,31,5),(29,3,NULL,33,6),(30,3,NULL,30,7),(31,3,NULL,34,8),(32,3,NULL,35,9),(33,4,NULL,23,0),(34,4,NULL,25,1),(35,4,NULL,27,2),(36,4,NULL,28,3),(37,4,NULL,29,4),(38,4,NULL,31,5),(39,4,NULL,33,6),(40,4,NULL,30,7),(41,4,NULL,34,8),(42,4,NULL,35,9);

--
-- Table structure for table `eav_form_fieldset`
--

CREATE TABLE `eav_form_fieldset` (
  `fieldset_id` smallint(5) unsigned NOT NULL AUTO_INCREMENT COMMENT 'Fieldset ID',
  `type_id` smallint(5) unsigned NOT NULL COMMENT 'Type ID',
  `code` varchar(64) NOT NULL COMMENT 'Code',
  `sort_order` int(11) NOT NULL DEFAULT '0' COMMENT 'Sort Order',
  PRIMARY KEY (`fieldset_id`),
  UNIQUE KEY `EAV_FORM_FIELDSET_TYPE_ID_CODE` (`type_id`,`code`),
  CONSTRAINT `EAV_FORM_FIELDSET_TYPE_ID_EAV_FORM_TYPE_TYPE_ID` FOREIGN KEY (`type_id`) REFERENCES `eav_form_type` (`type_id`) ON DELETE CASCADE
) ENGINE=InnoDB DEFAULT CHARSET=utf8 COMMENT='Eav Form Fieldset';

--
-- Dumping data for table `eav_form_fieldset`
--


--
-- Table structure for table `eav_form_fieldset_label`
--

CREATE TABLE `eav_form_fieldset_label` (
  `fieldset_id` smallint(5) unsigned NOT NULL COMMENT 'Fieldset ID',
  `store_id` smallint(5) unsigned NOT NULL COMMENT 'Store ID',
  `label` varchar(255) NOT NULL COMMENT 'Label',
  PRIMARY KEY (`fieldset_id`,`store_id`),
  KEY `EAV_FORM_FIELDSET_LABEL_STORE_ID` (`store_id`),
  CONSTRAINT `EAV_FORM_FIELDSET_LABEL_STORE_ID_STORE_STORE_ID` FOREIGN KEY (`store_id`) REFERENCES `store` (`store_id`) ON DELETE CASCADE,
  CONSTRAINT `EAV_FORM_FSET_LBL_FSET_ID_EAV_FORM_FSET_FSET_ID` FOREIGN KEY (`fieldset_id`) REFERENCES `eav_form_fieldset` (`fieldset_id`) ON DELETE CASCADE
) ENGINE=InnoDB DEFAULT CHARSET=utf8 COMMENT='Eav Form Fieldset Label';

--
-- Dumping data for table `eav_form_fieldset_label`
--


--
-- Table structure for table `eav_form_type`
--

CREATE TABLE `eav_form_type` (
  `type_id` smallint(5) unsigned NOT NULL AUTO_INCREMENT COMMENT 'Type ID',
  `code` varchar(64) NOT NULL COMMENT 'Code',
  `label` varchar(255) NOT NULL COMMENT 'Label',
  `is_system` smallint(5) unsigned NOT NULL DEFAULT '0' COMMENT 'Is System',
  `theme` varchar(64) DEFAULT NULL COMMENT 'Theme',
  `store_id` smallint(5) unsigned NOT NULL COMMENT 'Store ID',
  PRIMARY KEY (`type_id`),
  UNIQUE KEY `EAV_FORM_TYPE_CODE_THEME_STORE_ID` (`code`,`theme`,`store_id`),
  KEY `EAV_FORM_TYPE_STORE_ID` (`store_id`),
  CONSTRAINT `EAV_FORM_TYPE_STORE_ID_STORE_STORE_ID` FOREIGN KEY (`store_id`) REFERENCES `store` (`store_id`) ON DELETE CASCADE
) ENGINE=InnoDB AUTO_INCREMENT=5 DEFAULT CHARSET=utf8 COMMENT='Eav Form Type';

--
-- Dumping data for table `eav_form_type`
--

INSERT INTO `eav_form_type` VALUES (1,'checkout_onepage_register','checkout_onepage_register',1,'',0),(2,'checkout_onepage_register_guest','checkout_onepage_register_guest',1,'',0),(3,'checkout_onepage_billing_address','checkout_onepage_billing_address',1,'',0),(4,'checkout_onepage_shipping_address','checkout_onepage_shipping_address',1,'',0);

--
-- Table structure for table `eav_form_type_entity`
--

CREATE TABLE `eav_form_type_entity` (
  `type_id` smallint(5) unsigned NOT NULL COMMENT 'Type ID',
  `entity_type_id` smallint(5) unsigned NOT NULL COMMENT 'Entity Type ID',
  PRIMARY KEY (`type_id`,`entity_type_id`),
  KEY `EAV_FORM_TYPE_ENTITY_ENTITY_TYPE_ID` (`entity_type_id`),
  CONSTRAINT `EAV_FORM_TYPE_ENTITY_TYPE_ID_EAV_FORM_TYPE_TYPE_ID` FOREIGN KEY (`type_id`) REFERENCES `eav_form_type` (`type_id`) ON DELETE CASCADE,
  CONSTRAINT `EAV_FORM_TYPE_ENTT_ENTT_TYPE_ID_EAV_ENTT_TYPE_ENTT_TYPE_ID` FOREIGN KEY (`entity_type_id`) REFERENCES `eav_entity_type` (`entity_type_id`) ON DELETE CASCADE
) ENGINE=InnoDB DEFAULT CHARSET=utf8 COMMENT='Eav Form Type Entity';

--
-- Dumping data for table `eav_form_type_entity`
--

INSERT INTO `eav_form_type_entity` VALUES (1,1),(2,1),(1,2),(2,2),(3,2),(4,2);

--
-- Table structure for table `email_abandoned_cart`
--

CREATE TABLE `email_abandoned_cart` (
  `id` int(10) unsigned NOT NULL AUTO_INCREMENT COMMENT 'Primary Key',
  `quote_id` int(10) unsigned DEFAULT NULL COMMENT 'Quote Id',
  `store_id` smallint(5) unsigned DEFAULT NULL COMMENT 'Store Id',
  `customer_id` int(10) unsigned DEFAULT NULL COMMENT 'Customer ID',
  `email` varchar(255) NOT NULL DEFAULT '' COMMENT 'Email',
  `is_active` smallint(5) unsigned NOT NULL DEFAULT '1' COMMENT 'Quote Active',
  `quote_updated_at` timestamp NULL DEFAULT NULL COMMENT 'Quote updated at',
  `abandoned_cart_number` smallint(5) unsigned NOT NULL DEFAULT '0' COMMENT 'Abandoned Cart number',
  `items_count` smallint(5) unsigned DEFAULT '0' COMMENT 'Quote items count',
  `items_ids` varchar(255) DEFAULT NULL COMMENT 'Quote item ids',
  `created_at` timestamp NULL DEFAULT NULL COMMENT 'Created At',
  `updated_at` timestamp NULL DEFAULT NULL COMMENT 'Updated at',
  `status` text NOT NULL COMMENT 'Contact Status',
  PRIMARY KEY (`id`),
  KEY `EMAIL_ABANDONED_CART_QUOTE_ID` (`quote_id`),
  KEY `EMAIL_ABANDONED_CART_STORE_ID` (`store_id`),
  KEY `EMAIL_ABANDONED_CART_CUSTOMER_ID` (`customer_id`),
  KEY `EMAIL_ABANDONED_CART_EMAIL` (`email`)
) ENGINE=InnoDB DEFAULT CHARSET=utf8 COMMENT='Abandoned Carts Table';

--
-- Dumping data for table `email_abandoned_cart`
--


--
-- Table structure for table `email_automation`
--

CREATE TABLE `email_automation` (
  `id` int(10) unsigned NOT NULL AUTO_INCREMENT COMMENT 'Primary Key',
  `automation_type` varchar(255) DEFAULT NULL COMMENT 'Automation Type',
  `store_name` varchar(255) DEFAULT NULL COMMENT 'Automation Type',
  `enrolment_status` varchar(255) NOT NULL COMMENT 'Entrolment Status',
  `email` varchar(255) DEFAULT NULL COMMENT 'Email',
  `type_id` varchar(255) DEFAULT NULL COMMENT 'Type ID',
  `program_id` varchar(255) DEFAULT NULL COMMENT 'Program ID',
  `website_id` smallint(5) unsigned NOT NULL COMMENT 'Website Id',
  `message` varchar(255) NOT NULL COMMENT 'Message',
  `created_at` timestamp NULL DEFAULT NULL COMMENT 'Creation Time',
  `updated_at` timestamp NULL DEFAULT NULL COMMENT 'Update Time',
  PRIMARY KEY (`id`),
  KEY `EMAIL_AUTOMATION_AUTOMATION_TYPE` (`automation_type`),
  KEY `EMAIL_AUTOMATION_ENROLMENT_STATUS` (`enrolment_status`),
  KEY `EMAIL_AUTOMATION_TYPE_ID` (`type_id`),
  KEY `EMAIL_AUTOMATION_EMAIL` (`email`),
  KEY `EMAIL_AUTOMATION_PROGRAM_ID` (`program_id`),
  KEY `EMAIL_AUTOMATION_CREATED_AT` (`created_at`),
  KEY `EMAIL_AUTOMATION_UPDATED_AT` (`updated_at`),
  KEY `EMAIL_AUTOMATION_WEBSITE_ID` (`website_id`)
) ENGINE=InnoDB DEFAULT CHARSET=utf8 COMMENT='Automation Status';

--
-- Dumping data for table `email_automation`
--


--
-- Table structure for table `email_campaign`
--

CREATE TABLE `email_campaign` (
  `id` int(10) unsigned NOT NULL AUTO_INCREMENT COMMENT 'Primary Key',
  `campaign_id` int(10) unsigned NOT NULL COMMENT 'Campaign ID',
  `email` varchar(255) NOT NULL DEFAULT '' COMMENT 'Contact Email',
  `customer_id` int(10) unsigned NOT NULL COMMENT 'Customer ID',
  `sent_at` timestamp NULL DEFAULT NULL COMMENT 'Send Date',
  `order_increment_id` varchar(50) NOT NULL COMMENT 'Order Increment ID',
  `quote_id` int(10) unsigned NOT NULL COMMENT 'Sales Quote ID',
  `message` varchar(255) NOT NULL DEFAULT '' COMMENT 'Error Message',
  `checkout_method` varchar(255) NOT NULL DEFAULT '' COMMENT 'Checkout Method Used',
  `store_id` smallint(5) unsigned NOT NULL DEFAULT '0' COMMENT 'Store ID',
  `event_name` varchar(255) NOT NULL DEFAULT '' COMMENT 'Event Name',
  `send_id` varchar(255) NOT NULL DEFAULT '' COMMENT 'Send Id',
  `send_status` smallint(6) NOT NULL DEFAULT '0' COMMENT 'Campaign send status',
  `created_at` timestamp NULL DEFAULT NULL COMMENT 'Creation Time',
  `updated_at` timestamp NULL DEFAULT NULL COMMENT 'Update Time',
  PRIMARY KEY (`id`),
  KEY `EMAIL_CAMPAIGN_STORE_ID` (`store_id`),
  KEY `EMAIL_CAMPAIGN_CAMPAIGN_ID` (`campaign_id`),
  KEY `EMAIL_CAMPAIGN_EMAIL` (`email`),
  KEY `EMAIL_CAMPAIGN_SEND_ID` (`send_id`),
  KEY `EMAIL_CAMPAIGN_SEND_STATUS` (`send_status`),
  KEY `EMAIL_CAMPAIGN_CREATED_AT` (`created_at`),
  KEY `EMAIL_CAMPAIGN_UPDATED_AT` (`updated_at`),
  KEY `EMAIL_CAMPAIGN_SENT_AT` (`sent_at`),
  KEY `EMAIL_CAMPAIGN_EVENT_NAME` (`event_name`),
  KEY `EMAIL_CAMPAIGN_MESSAGE` (`message`),
  KEY `EMAIL_CAMPAIGN_QUOTE_ID` (`quote_id`),
  KEY `EMAIL_CAMPAIGN_CUSTOMER_ID` (`customer_id`),
  CONSTRAINT `EMAIL_CAMPAIGN_STORE_ID_CORE/STORE_STORE_ID` FOREIGN KEY (`store_id`) REFERENCES `store` (`store_id`) ON DELETE CASCADE
) ENGINE=InnoDB DEFAULT CHARSET=utf8 COMMENT='Connector Campaigns';

--
-- Dumping data for table `email_campaign`
--


--
-- Table structure for table `email_catalog`
--

CREATE TABLE `email_catalog` (
  `id` int(10) unsigned NOT NULL AUTO_INCREMENT COMMENT 'Primary Key',
  `product_id` int(10) unsigned NOT NULL COMMENT 'Product Id',
  `created_at` timestamp NULL DEFAULT NULL COMMENT 'Creation Time',
  `updated_at` timestamp NULL DEFAULT NULL COMMENT 'Update Time',
  `processed` smallint(5) unsigned NOT NULL COMMENT 'Product processed',
  `last_imported_at` timestamp NULL DEFAULT NULL COMMENT 'Last imported date',
  PRIMARY KEY (`id`),
  KEY `EMAIL_CATALOG_PRODUCT_ID` (`product_id`),
  KEY `EMAIL_CATALOG_CREATED_AT` (`created_at`),
  KEY `EMAIL_CATALOG_UPDATED_AT` (`updated_at`),
  KEY `EMAIL_CATALOG_PROCESSED` (`processed`),
  KEY `EMAIL_CATALOG_LAST_IMPORTED_AT` (`last_imported_at`),
  CONSTRAINT `EMAIL_CATALOG_PRODUCT_ID_CATALOG_PRODUCT_ENTITY_ENTITY_ID` FOREIGN KEY (`product_id`) REFERENCES `catalog_product_entity` (`entity_id`) ON DELETE CASCADE
) ENGINE=InnoDB AUTO_INCREMENT=315 DEFAULT CHARSET=utf8 COMMENT='Connector Catalog';

--
-- Dumping data for table `email_catalog`
--

INSERT INTO `email_catalog` VALUES (145,147,'2022-09-10 00:38:07','2022-09-14 20:05:52',0,NULL),(146,148,'2022-09-10 00:38:07','2022-09-14 20:05:52',0,NULL),(147,149,'2022-09-10 00:38:07','2022-09-14 20:05:52',0,NULL),(148,150,'2022-09-10 00:38:07','2022-09-14 20:05:52',0,NULL),(149,151,'2022-09-10 00:38:07','2022-09-14 20:05:52',0,NULL),(150,152,'2022-09-10 00:38:07','2022-09-14 20:05:52',0,NULL),(151,153,'2022-09-10 00:38:07','2022-09-14 20:05:52',0,NULL),(152,154,'2022-09-10 00:38:07','2022-09-14 20:05:52',0,NULL),(153,155,'2022-09-10 00:38:07','2022-09-14 20:05:52',0,NULL),(154,156,'2022-09-10 00:38:07','2022-09-14 20:05:52',0,NULL),(155,157,'2022-09-10 00:38:07','2022-09-14 20:05:52',0,NULL),(156,158,'2022-09-10 00:38:07','2022-09-14 20:05:52',0,NULL),(157,159,'2022-09-10 00:38:07','2022-09-14 20:05:52',0,NULL),(158,160,'2022-09-10 00:38:07','2022-09-14 20:05:52',0,NULL),(159,161,'2022-09-10 00:38:07','2022-09-14 20:05:52',0,NULL),(160,162,'2022-09-10 00:38:07','2022-09-14 20:05:52',0,NULL),(161,163,'2022-09-10 00:38:07','2022-09-14 20:05:52',0,NULL),(162,164,'2022-09-10 00:38:07','2022-09-14 20:05:52',0,NULL),(163,165,'2022-09-10 00:38:07','2022-09-14 20:05:52',0,NULL),(164,166,'2022-09-10 00:38:07','2022-09-14 20:05:52',0,NULL),(165,167,'2022-09-10 00:38:07','2022-09-14 20:05:52',0,NULL),(166,168,'2022-09-10 00:38:07','2022-09-14 20:05:52',0,NULL),(167,169,'2022-09-10 00:38:07','2022-09-14 20:05:52',0,NULL),(168,170,'2022-09-10 00:38:07','2022-09-14 20:05:52',0,NULL),(169,171,'2022-09-10 00:38:07','2022-09-14 20:05:52',0,NULL),(170,172,'2022-09-10 00:38:07','2022-09-14 20:05:52',0,NULL),(171,173,'2022-09-10 00:38:07','2022-09-14 20:05:52',0,NULL),(172,174,'2022-09-10 00:38:07','2022-09-14 20:05:52',0,NULL),(173,175,'2022-09-10 00:38:07','2022-09-14 20:05:52',0,NULL),(174,176,'2022-09-10 00:38:07','2022-09-14 20:05:52',0,NULL),(175,177,'2022-09-10 00:38:07','2022-09-14 20:05:52',0,NULL),(176,178,'2022-09-10 00:38:07','2022-09-14 20:05:52',0,NULL),(177,179,'2022-09-10 00:38:07','2022-09-14 20:05:52',0,NULL),(178,180,'2022-09-10 00:38:07','2022-09-14 20:05:52',0,NULL),(179,181,'2022-09-10 00:38:07','2022-09-14 20:05:52',0,NULL),(180,182,'2022-09-10 00:38:07','2022-09-14 20:05:52',0,NULL),(181,183,'2022-09-10 00:38:07','2022-09-14 20:05:52',0,NULL),(182,184,'2022-09-10 00:38:07','2022-09-14 20:05:52',0,NULL),(183,185,'2022-09-10 00:38:07','2022-09-14 20:05:52',0,NULL),(184,186,'2022-09-10 00:38:07','2022-09-14 20:05:52',0,NULL),(185,187,'2022-09-10 00:38:07','2022-09-14 20:05:52',0,NULL),(186,188,'2022-09-10 00:38:07','2022-09-14 20:05:52',0,NULL),(187,189,'2022-09-10 00:38:07','2022-09-14 20:05:52',0,NULL),(188,190,'2022-09-10 00:38:07','2022-09-14 20:05:52',0,NULL),(189,191,'2022-09-10 00:38:07','2022-09-14 20:05:52',0,NULL),(190,192,'2022-09-10 00:38:07','2022-09-14 20:05:52',0,NULL),(191,193,'2022-09-10 00:38:07','2022-09-14 20:05:52',0,NULL),(192,194,'2022-09-10 00:38:07','2022-09-14 20:05:52',0,NULL),(193,195,'2022-09-10 00:38:07','2022-09-14 20:05:52',0,NULL),(194,196,'2022-09-10 00:38:07','2022-09-14 20:05:52',0,NULL),(195,197,'2022-09-10 00:38:07','2022-09-14 20:05:52',0,NULL),(196,198,'2022-09-10 00:38:07','2022-09-14 20:05:52',0,NULL),(197,199,'2022-09-10 00:38:07','2022-09-14 20:05:52',0,NULL),(198,200,'2022-09-10 00:38:07','2022-09-14 20:05:52',0,NULL),(199,201,'2022-09-10 00:38:07','2022-09-14 20:05:52',0,NULL),(200,202,'2022-09-10 00:38:07','2022-09-14 20:05:52',0,NULL),(201,203,'2022-09-10 00:38:07','2022-09-14 20:05:52',0,NULL),(202,204,'2022-09-10 00:38:07','2022-09-14 20:05:52',0,NULL),(203,205,'2022-09-10 00:38:07','2022-09-14 20:05:52',0,NULL),(204,206,'2022-09-10 00:38:07','2022-09-14 20:05:52',0,NULL),(205,207,'2022-09-10 00:38:07','2022-09-14 20:05:52',0,NULL),(206,208,'2022-09-10 00:38:07','2022-09-14 20:05:52',0,NULL),(207,209,'2022-09-10 00:38:07','2022-09-14 20:05:52',0,NULL),(208,210,'2022-09-10 00:38:07','2022-09-14 20:05:52',0,NULL),(209,211,'2022-09-10 00:38:07','2022-09-14 20:05:52',0,NULL),(210,212,'2022-09-10 00:38:07','2022-09-14 20:05:52',0,NULL),(211,213,'2022-09-10 00:38:07','2022-09-14 20:05:52',0,NULL),(212,214,'2022-09-10 00:38:07','2022-09-14 20:05:52',0,NULL),(213,215,'2022-09-10 00:38:07','2022-09-14 20:05:52',0,NULL),(214,216,'2022-09-10 00:38:07','2022-09-14 20:05:52',0,NULL),(215,217,'2022-09-10 00:38:07','2022-09-14 20:05:52',0,NULL),(216,218,'2022-09-10 00:38:07','2022-09-14 20:05:52',0,NULL),(217,219,'2022-09-10 00:38:07','2022-09-14 20:05:52',0,NULL),(218,220,'2022-09-10 00:38:07','2022-09-14 20:05:52',0,NULL),(219,221,'2022-09-10 00:38:07','2022-09-14 20:05:52',0,NULL),(220,222,'2022-09-10 00:38:07','2022-09-14 20:05:52',0,NULL),(221,223,'2022-09-10 00:38:07','2022-09-14 20:05:52',0,NULL),(222,224,'2022-09-10 00:38:07','2022-09-14 20:05:52',0,NULL),(223,225,'2022-09-10 00:38:07','2022-09-14 20:05:52',0,NULL),(224,226,'2022-09-10 00:38:07','2022-09-14 20:05:52',0,NULL),(225,227,'2022-09-10 00:38:07','2022-09-14 20:05:52',0,NULL),(226,228,'2022-09-10 00:38:07','2022-09-14 20:05:52',0,NULL),(227,229,'2022-09-10 00:38:07','2022-09-14 20:05:52',0,NULL),(228,230,'2022-09-10 00:38:07','2022-09-14 20:05:52',0,NULL),(229,231,'2022-09-10 00:38:07','2022-09-14 20:05:52',0,NULL),(230,232,'2022-09-10 00:38:07','2022-09-14 20:05:52',0,NULL),(231,233,'2022-09-10 00:38:07','2022-09-14 20:05:52',0,NULL),(232,234,'2022-09-10 00:38:07','2022-09-14 20:05:52',0,NULL),(233,235,'2022-09-10 00:38:07','2022-09-14 20:05:52',0,NULL),(234,236,'2022-09-10 00:38:07','2022-09-14 20:05:52',0,NULL),(235,237,'2022-09-10 00:38:07','2022-09-14 20:05:52',0,NULL),(236,238,'2022-09-10 00:38:07','2022-09-14 20:05:52',0,NULL),(237,239,'2022-09-10 00:38:07','2022-09-14 20:05:52',0,NULL),(238,240,'2022-09-10 00:38:07','2022-09-14 20:05:52',0,NULL),(239,241,'2022-09-10 00:38:07','2022-09-14 20:05:52',0,NULL),(240,242,'2022-09-10 00:38:07','2022-09-14 20:05:52',0,NULL),(241,243,'2022-09-10 00:38:07','2022-09-14 20:05:52',0,NULL),(242,244,'2022-09-10 00:38:07','2022-09-14 20:05:52',0,NULL),(243,245,'2022-09-10 00:38:07','2022-09-14 20:05:52',0,NULL),(244,246,'2022-09-10 00:38:07','2022-09-14 20:05:52',0,NULL),(245,247,'2022-09-10 00:38:14','2022-09-14 20:06:24',0,NULL),(246,248,'2022-09-10 00:38:14','2022-09-14 20:06:24',0,NULL),(247,249,'2022-09-10 00:38:14','2022-09-14 20:06:24',0,NULL),(248,250,'2022-09-10 00:38:14','2022-09-14 20:06:24',0,NULL),(249,251,'2022-09-10 00:38:14','2022-09-14 20:06:24',0,NULL),(250,252,'2022-09-10 00:38:14','2022-09-14 20:06:24',0,NULL),(251,253,'2022-09-10 00:38:14','2022-09-14 20:06:24',0,NULL),(252,254,'2022-09-10 00:38:14','2022-09-14 20:06:24',0,NULL),(253,255,'2022-09-10 00:38:14','2022-09-14 20:06:24',0,NULL),(254,256,'2022-09-10 00:38:14','2022-09-14 20:06:24',0,NULL),(255,257,'2022-09-10 00:38:14','2022-09-14 20:06:24',0,NULL),(256,258,'2022-09-10 00:38:14','2022-09-14 20:06:24',0,NULL),(257,259,'2022-09-10 00:38:14','2022-09-14 20:06:24',0,NULL),(258,260,'2022-09-10 00:38:14','2022-09-14 20:06:24',0,NULL),(259,261,'2022-09-10 00:38:14','2022-09-14 20:06:24',0,NULL),(260,262,'2022-09-10 00:38:14','2022-09-14 20:06:24',0,NULL),(261,263,'2022-09-10 00:38:14','2022-09-14 20:06:24',0,NULL),(262,264,'2022-09-10 00:38:14','2022-09-14 20:06:24',0,NULL),(263,265,'2022-09-10 00:38:14','2022-09-14 20:06:24',0,NULL),(264,266,'2022-09-10 00:38:14','2022-09-14 20:06:24',0,NULL),(265,267,'2022-09-10 00:38:14','2022-09-14 20:06:24',0,NULL),(266,268,'2022-09-10 00:38:14','2022-09-14 20:06:24',0,NULL),(267,269,'2022-09-10 00:38:14','2022-09-14 20:06:24',0,NULL),(268,270,'2022-09-10 00:38:14','2022-09-14 20:06:24',0,NULL),(269,271,'2022-09-10 00:38:14','2022-09-14 20:06:24',0,NULL),(270,272,'2022-09-10 00:38:14','2022-09-14 20:06:24',0,NULL),(271,273,'2022-09-10 00:38:14','2022-09-14 20:06:24',0,NULL),(272,274,'2022-09-10 00:38:14','2022-09-14 20:06:24',0,NULL),(273,275,'2022-09-10 00:38:14','2022-09-14 20:06:24',0,NULL),(274,276,'2022-09-10 00:38:14','2022-09-14 20:06:24',0,NULL),(275,277,'2022-09-10 00:38:14','2022-09-14 20:06:24',0,NULL),(276,278,'2022-09-10 00:38:14','2022-09-14 20:06:24',0,NULL),(277,279,'2022-09-10 00:38:14','2022-09-14 20:06:24',0,NULL),(278,280,'2022-09-10 00:38:14','2022-09-14 20:06:24',0,NULL),(279,281,'2022-09-10 00:38:14','2022-09-14 20:06:24',0,NULL),(280,282,'2022-09-10 00:38:14','2022-09-14 20:06:24',0,NULL),(281,283,'2022-09-10 00:38:14','2022-09-14 20:06:24',0,NULL),(282,284,'2022-09-10 00:38:14','2022-09-14 20:06:24',0,NULL),(283,285,'2022-09-10 00:38:14','2022-09-14 20:06:24',0,NULL),(284,286,'2022-09-10 00:38:14','2022-09-14 20:06:24',0,NULL),(285,287,'2022-09-10 00:38:14','2022-09-14 20:06:24',0,NULL),(286,288,'2022-09-10 00:38:14','2022-09-14 20:06:24',0,NULL),(287,289,'2022-09-10 00:38:14','2022-09-14 20:06:24',0,NULL),(288,290,'2022-09-10 00:38:14','2022-09-14 20:06:24',0,NULL),(289,291,'2022-09-10 00:38:14','2022-09-14 20:06:24',0,NULL),(290,292,'2022-09-10 00:38:14','2022-09-14 20:06:24',0,NULL),(291,293,'2022-09-10 00:38:14','2022-09-14 20:06:24',0,NULL),(292,294,'2022-09-10 00:38:14','2022-09-14 20:06:24',0,NULL),(293,295,'2022-09-10 00:38:14','2022-09-14 20:06:24',0,NULL),(294,296,'2022-09-10 00:38:14','2022-09-14 20:06:24',0,NULL),(295,297,'2022-09-10 00:38:14','2022-09-14 20:06:24',0,NULL),(296,298,'2022-09-10 00:38:14','2022-09-14 20:06:24',0,NULL),(297,299,'2022-09-10 00:38:14','2022-09-14 20:06:24',0,NULL),(298,300,'2022-09-14 20:06:24',NULL,0,NULL),(299,301,'2022-09-14 20:06:24',NULL,0,NULL),(300,302,'2022-09-14 20:06:24',NULL,0,NULL),(301,303,'2022-09-14 20:06:24',NULL,0,NULL),(302,304,'2022-09-14 20:06:24',NULL,0,NULL),(303,305,'2022-09-14 20:06:24',NULL,0,NULL),(304,306,'2022-09-14 20:06:24',NULL,0,NULL),(305,307,'2022-09-14 20:06:24',NULL,0,NULL),(306,308,'2022-09-14 20:06:24',NULL,0,NULL),(307,309,'2022-09-14 20:06:24',NULL,0,NULL),(308,310,'2022-09-14 20:06:24',NULL,0,NULL),(309,311,'2022-09-14 20:06:24',NULL,0,NULL),(310,312,'2022-09-14 20:06:24',NULL,0,NULL),(311,313,'2022-09-14 20:06:24',NULL,0,NULL),(312,314,'2022-09-14 20:06:24',NULL,0,NULL),(313,315,'2022-09-14 20:06:24',NULL,0,NULL),(314,316,'2022-09-14 20:06:24',NULL,0,NULL);

--
-- Table structure for table `email_contact`
--

CREATE TABLE `email_contact` (
  `email_contact_id` int(10) unsigned NOT NULL AUTO_INCREMENT COMMENT 'Primary Key',
  `is_guest` smallint(5) unsigned DEFAULT NULL COMMENT 'Is Guest',
  `contact_id` varchar(15) DEFAULT NULL COMMENT 'Connector Contact ID',
  `customer_id` int(10) unsigned NOT NULL COMMENT 'Customer ID',
  `website_id` smallint(5) unsigned NOT NULL DEFAULT '0' COMMENT 'Website ID',
  `store_id` smallint(5) unsigned NOT NULL DEFAULT '0' COMMENT 'Store ID',
  `email` varchar(255) NOT NULL DEFAULT '' COMMENT 'Customer Email',
  `is_subscriber` smallint(5) unsigned DEFAULT NULL COMMENT 'Is Subscriber',
  `subscriber_status` smallint(5) unsigned DEFAULT NULL COMMENT 'Subscriber status',
  `email_imported` smallint(5) unsigned NOT NULL DEFAULT '0' COMMENT 'Is Imported',
  `subscriber_imported` smallint(5) unsigned NOT NULL DEFAULT '0' COMMENT 'Is Subscriber Imported',
  `suppressed` smallint(5) unsigned DEFAULT NULL COMMENT 'Is Suppressed',
  `last_subscribed_at` timestamp NULL DEFAULT NULL COMMENT 'Last subscribed date',
  PRIMARY KEY (`email_contact_id`),
  KEY `EMAIL_CONTACT_EMAIL_CONTACT_ID` (`email_contact_id`),
  KEY `EMAIL_CONTACT_IS_GUEST` (`is_guest`),
  KEY `EMAIL_CONTACT_CUSTOMER_ID` (`customer_id`),
  KEY `EMAIL_CONTACT_WEBSITE_ID` (`website_id`),
  KEY `EMAIL_CONTACT_IS_SUBSCRIBER` (`is_subscriber`),
  KEY `EMAIL_CONTACT_SUBSCRIBER_STATUS` (`subscriber_status`),
  KEY `EMAIL_CONTACT_EMAIL_IMPORTED` (`email_imported`),
  KEY `EMAIL_CONTACT_SUBSCRIBER_IMPORTED` (`subscriber_imported`),
  KEY `EMAIL_CONTACT_SUPPRESSED` (`suppressed`),
  KEY `EMAIL_CONTACT_EMAIL` (`email`),
  KEY `EMAIL_CONTACT_CONTACT_ID` (`contact_id`),
  CONSTRAINT `EMAIL_CONTACT_WEBSITE_ID_STORE_WEBSITE_WEBSITE_ID` FOREIGN KEY (`website_id`) REFERENCES `store_website` (`website_id`) ON DELETE CASCADE
) ENGINE=InnoDB AUTO_INCREMENT=10 DEFAULT CHARSET=utf8 COMMENT='Connector Contacts';

--
-- Dumping data for table `email_contact`
--

INSERT INTO `email_contact` VALUES (1,NULL,NULL,1,1,1,'tuyenpro@gmail.com',NULL,NULL,0,0,NULL,NULL),(2,NULL,NULL,2,1,14,'milano@gmail.com',NULL,NULL,0,0,NULL,NULL),(3,NULL,NULL,3,1,1,'test.mage@yahoo.com',1,1,0,0,NULL,NULL),(4,NULL,NULL,4,1,8,'bozoyusasi@evyush.com',NULL,NULL,0,0,NULL,NULL),(8,NULL,NULL,0,0,1,'tuyenlq989@gmail.com',1,1,0,0,NULL,NULL),(9,NULL,NULL,0,0,1,'test@gmail.com',1,1,0,0,NULL,NULL);

--
-- Table structure for table `email_contact_consent`
--

CREATE TABLE `email_contact_consent` (
  `id` int(10) unsigned NOT NULL AUTO_INCREMENT COMMENT 'Primary Key',
  `email_contact_id` int(10) unsigned DEFAULT NULL COMMENT 'Email Contact Id',
  `consent_url` varchar(255) DEFAULT NULL COMMENT 'Contact consent url',
  `consent_datetime` datetime DEFAULT NULL COMMENT 'Contact consent datetime',
  `consent_ip` varchar(255) DEFAULT NULL COMMENT 'Contact consent ip',
  `consent_user_agent` varchar(255) DEFAULT NULL COMMENT 'Contact consent user agent',
  PRIMARY KEY (`id`),
  KEY `EMAIL_CONTACT_CONSENT_EMAIL_CONTACT_ID` (`email_contact_id`),
  CONSTRAINT `FK_17E9EA0C469163E550BC6B732AC49FDB` FOREIGN KEY (`email_contact_id`) REFERENCES `email_contact` (`email_contact_id`) ON DELETE CASCADE
) ENGINE=InnoDB DEFAULT CHARSET=utf8 COMMENT='Email contact consent table.';

--
-- Dumping data for table `email_contact_consent`
--


--
-- Table structure for table `email_coupon_attribute`
--

CREATE TABLE `email_coupon_attribute` (
  `id` int(10) unsigned NOT NULL AUTO_INCREMENT COMMENT 'Primary Key',
  `salesrule_coupon_id` int(10) unsigned NOT NULL COMMENT 'Coupon ID',
  `email` varchar(255) DEFAULT NULL COMMENT 'Email',
  `expires_at` timestamp NULL DEFAULT NULL COMMENT 'Coupon expiration date',
  PRIMARY KEY (`id`),
  KEY `EMAIL_COUPON_ATTRIBUTE_COUPON_ID` (`salesrule_coupon_id`),
  KEY `EMAIL_COUPON_ATTRIBUTE_EMAIL` (`email`),
  CONSTRAINT `EMAIL_COUPON_ATTRIBUTE_COUPON_ID_SALESRULE_COUPON_COUPON_ID` FOREIGN KEY (`salesrule_coupon_id`) REFERENCES `salesrule_coupon` (`coupon_id`) ON DELETE CASCADE
) ENGINE=InnoDB DEFAULT CHARSET=utf8 COMMENT='Dotdigital coupon attributes table';

--
-- Dumping data for table `email_coupon_attribute`
--


--
-- Table structure for table `email_failed_auth`
--

CREATE TABLE `email_failed_auth` (
  `id` int(10) unsigned NOT NULL AUTO_INCREMENT COMMENT 'Primary Key',
  `failures_num` int(10) unsigned DEFAULT NULL COMMENT 'Number of fails',
  `first_attempt_date` datetime DEFAULT NULL COMMENT 'First attempt date',
  `last_attempt_date` datetime DEFAULT NULL COMMENT 'Last attempt date',
  `url` varchar(255) DEFAULT NULL COMMENT 'URL',
  `store_id` int(10) unsigned DEFAULT NULL COMMENT 'Store Id',
  PRIMARY KEY (`id`),
  KEY `EMAIL_AUTH_EDC_STORE_ID` (`store_id`)
) ENGINE=InnoDB DEFAULT CHARSET=utf8 COMMENT='Email Failed Auth Table.';

--
-- Dumping data for table `email_failed_auth`
--


--
-- Table structure for table `email_importer`
--

CREATE TABLE `email_importer` (
  `id` int(10) unsigned NOT NULL AUTO_INCREMENT COMMENT 'Primary Key',
  `import_type` varchar(255) NOT NULL DEFAULT '' COMMENT 'Import Type',
  `website_id` smallint(6) NOT NULL DEFAULT '0' COMMENT 'Website Id',
  `import_status` smallint(6) NOT NULL DEFAULT '0' COMMENT 'Import Status',
  `import_id` varchar(255) NOT NULL DEFAULT '' COMMENT 'Import Id',
  `import_data` mediumblob NOT NULL COMMENT 'Import Data',
  `import_mode` varchar(255) NOT NULL DEFAULT '' COMMENT 'Import Mode',
  `import_file` text NOT NULL COMMENT 'Import File',
  `message` varchar(255) NOT NULL DEFAULT '' COMMENT 'Error Message',
  `created_at` timestamp NULL DEFAULT NULL COMMENT 'Creation Time',
  `updated_at` timestamp NULL DEFAULT NULL COMMENT 'Update Time',
  `import_started` timestamp NULL DEFAULT NULL COMMENT 'Import Started',
  `import_finished` timestamp NULL DEFAULT NULL COMMENT 'Import Finished',
  PRIMARY KEY (`id`),
  KEY `EMAIL_IMPORTER_IMPORT_TYPE` (`import_type`),
  KEY `EMAIL_IMPORTER_WEBSITE_ID` (`website_id`),
  KEY `EMAIL_IMPORTER_IMPORT_STATUS` (`import_status`),
  KEY `EMAIL_IMPORTER_IMPORT_MODE` (`import_mode`),
  KEY `EMAIL_IMPORTER_CREATED_AT` (`created_at`),
  KEY `EMAIL_IMPORTER_UPDATED_AT` (`updated_at`),
  KEY `EMAIL_IMPORTER_IMPORT_ID` (`import_id`),
  KEY `EMAIL_IMPORTER_IMPORT_STARTED` (`import_started`),
  KEY `EMAIL_IMPORTER_IMPORT_FINISHED` (`import_finished`)
) ENGINE=InnoDB DEFAULT CHARSET=utf8 COMMENT='Email Importer';

--
-- Dumping data for table `email_importer`
--


--
-- Table structure for table `email_order`
--

CREATE TABLE `email_order` (
  `email_order_id` int(10) unsigned NOT NULL AUTO_INCREMENT COMMENT 'Primary Key',
  `order_id` int(10) unsigned NOT NULL COMMENT 'Order ID',
  `order_status` varchar(255) NOT NULL COMMENT 'Order Status',
  `quote_id` int(10) unsigned NOT NULL COMMENT 'Sales Quote ID',
  `store_id` smallint(5) unsigned NOT NULL DEFAULT '0' COMMENT 'Store ID',
  `email_imported` smallint(5) unsigned NOT NULL DEFAULT '0' COMMENT 'Is Order Imported',
  `modified` smallint(5) unsigned DEFAULT NULL COMMENT 'Is Order Modified',
  `created_at` timestamp NULL DEFAULT NULL COMMENT 'Creation Time',
  `updated_at` timestamp NULL DEFAULT NULL COMMENT 'Update Time',
  PRIMARY KEY (`email_order_id`),
  KEY `EMAIL_ORDER_STORE_ID` (`store_id`),
  KEY `EMAIL_ORDER_QUOTE_ID` (`quote_id`),
  KEY `EMAIL_ORDER_EMAIL_IMPORTED` (`email_imported`),
  KEY `EMAIL_ORDER_ORDER_STATUS` (`order_status`),
  KEY `EMAIL_ORDER_MODIFIED` (`modified`),
  KEY `EMAIL_ORDER_UPDATED_AT` (`updated_at`),
  KEY `EMAIL_ORDER_CREATED_AT` (`created_at`),
  KEY `EMAIL_ORDER_ORDER_ID_SALES_ORDER_ENTITY_ID` (`order_id`),
  CONSTRAINT `EMAIL_ORDER_ORDER_ID_SALES_ORDER_ENTITY_ID` FOREIGN KEY (`order_id`) REFERENCES `sales_order` (`entity_id`) ON DELETE CASCADE,
  CONSTRAINT `EMAIL_ORDER_STORE_ID_STORE_STORE_ID` FOREIGN KEY (`store_id`) REFERENCES `store` (`store_id`) ON DELETE CASCADE
) ENGINE=InnoDB AUTO_INCREMENT=6 DEFAULT CHARSET=utf8 COMMENT='Transactional Order Data';

--
-- Dumping data for table `email_order`
--

INSERT INTO `email_order` VALUES (1,1,'pending',25,1,0,NULL,'2016-04-17 00:30:10','2016-04-17 00:30:29'),(2,2,'pending',34,1,0,NULL,'2016-04-25 05:17:01','2016-04-25 05:17:15'),(3,3,'pending',43,14,0,NULL,'2016-08-23 04:39:32','2016-08-23 04:39:48'),(4,4,'pending',49,1,0,NULL,'2017-02-21 02:36:18','2017-02-21 02:36:25'),(5,5,'pending',75,1,0,NULL,'2017-04-18 02:56:41','2017-04-18 02:56:42');

--
-- Table structure for table `email_review`
--

CREATE TABLE `email_review` (
  `id` int(10) unsigned NOT NULL AUTO_INCREMENT COMMENT 'Primary Key',
  `review_id` int(10) unsigned NOT NULL COMMENT 'Review Id',
  `customer_id` int(10) unsigned NOT NULL COMMENT 'Customer ID',
  `store_id` smallint(5) unsigned NOT NULL COMMENT 'Store Id',
  `review_imported` smallint(5) unsigned NOT NULL DEFAULT '0' COMMENT 'Review Imported',
  `created_at` timestamp NULL DEFAULT NULL COMMENT 'Creation Time',
  `updated_at` timestamp NULL DEFAULT NULL COMMENT 'Update Time',
  PRIMARY KEY (`id`),
  KEY `EMAIL_REVIEW_REVIEW_ID` (`review_id`),
  KEY `EMAIL_REVIEW_CUSTOMER_ID` (`customer_id`),
  KEY `EMAIL_REVIEW_STORE_ID` (`store_id`),
  KEY `EMAIL_REVIEW_REVIEW_IMPORTED` (`review_imported`),
  KEY `EMAIL_REVIEW_CREATED_AT` (`created_at`),
  KEY `EMAIL_REVIEW_UPDATED_AT` (`updated_at`)
) ENGINE=InnoDB DEFAULT CHARSET=utf8 COMMENT='Connector Reviews';

--
-- Dumping data for table `email_review`
--


--
-- Table structure for table `email_rules`
--

CREATE TABLE `email_rules` (
  `id` int(10) unsigned NOT NULL AUTO_INCREMENT COMMENT 'Primary Key',
  `name` varchar(255) NOT NULL DEFAULT '' COMMENT 'Rule Name',
  `website_ids` varchar(255) NOT NULL DEFAULT '0' COMMENT 'Website Id',
  `type` smallint(6) NOT NULL DEFAULT '0' COMMENT 'Rule Type',
  `status` smallint(6) NOT NULL DEFAULT '0' COMMENT 'Status',
  `combination` smallint(6) NOT NULL DEFAULT '1' COMMENT 'Rule Condition',
  `conditions` blob NOT NULL COMMENT 'Rule Conditions',
  `created_at` timestamp NULL DEFAULT NULL COMMENT 'Creation Time',
  `updated_at` timestamp NULL DEFAULT NULL COMMENT 'Update Time',
  PRIMARY KEY (`id`)
) ENGINE=InnoDB DEFAULT CHARSET=utf8 COMMENT='Connector Rules';

--
-- Dumping data for table `email_rules`
--


--
-- Table structure for table `email_sms_order_queue`
--

CREATE TABLE `email_sms_order_queue` (
  `id` int(10) unsigned NOT NULL AUTO_INCREMENT COMMENT 'Primary key',
  `website_id` smallint(5) unsigned NOT NULL DEFAULT '0' COMMENT 'Website ID',
  `store_id` smallint(5) unsigned NOT NULL DEFAULT '0' COMMENT 'Store ID',
  `type_id` smallint(5) unsigned NOT NULL DEFAULT '0' COMMENT 'Type ID',
  `order_id` smallint(5) unsigned NOT NULL COMMENT 'Order ID',
  `phone_number` varchar(255) DEFAULT NULL COMMENT 'Phone number',
  `email` varchar(255) DEFAULT NULL COMMENT 'Customer email',
  `additional_data` text COMMENT 'Additional data',
  `status` smallint(6) DEFAULT NULL COMMENT 'Status',
  `content` text COMMENT 'Message content',
  `message_id` varchar(255) DEFAULT NULL COMMENT 'Message ID',
  `message` text COMMENT 'Delivery message',
  `sent_at` timestamp NULL DEFAULT NULL COMMENT 'Sent at date',
  `created_at` timestamp NOT NULL DEFAULT CURRENT_TIMESTAMP COMMENT 'Creation time',
  `updated_at` timestamp NULL DEFAULT NULL COMMENT 'Update time',
  PRIMARY KEY (`id`),
  KEY `EMAIL_SMS_ORDER_QUEUE_WEBSITE_ID` (`website_id`),
  KEY `EMAIL_SMS_ORDER_QUEUE_STORE_ID` (`store_id`),
  CONSTRAINT `EMAIL_SMS_ORDER_QUEUE_STORE_ID_STORE_STORE_ID` FOREIGN KEY (`store_id`) REFERENCES `store` (`store_id`) ON DELETE CASCADE,
  CONSTRAINT `EMAIL_SMS_ORDER_QUEUE_WEBSITE_ID_STORE_WEBSITE_WEBSITE_ID` FOREIGN KEY (`website_id`) REFERENCES `store_website` (`website_id`) ON DELETE CASCADE
) ENGINE=InnoDB DEFAULT CHARSET=utf8 COMMENT='Dotdigital SMS order queue table';

--
-- Dumping data for table `email_sms_order_queue`
--


--
-- Table structure for table `email_template`
--

CREATE TABLE `email_template` (
  `template_id` int(10) unsigned NOT NULL AUTO_INCREMENT COMMENT 'Template ID',
  `template_code` varchar(150) NOT NULL COMMENT 'Template Name',
  `template_text` text NOT NULL COMMENT 'Template Content',
  `template_styles` text COMMENT 'Templste Styles',
  `template_type` int(10) unsigned DEFAULT NULL COMMENT 'Template Type',
  `template_subject` varchar(200) NOT NULL COMMENT 'Template Subject',
  `template_sender_name` varchar(200) DEFAULT NULL COMMENT 'Template Sender Name',
  `template_sender_email` varchar(200) DEFAULT NULL COMMENT 'Template Sender Email',
  `added_at` timestamp NOT NULL DEFAULT CURRENT_TIMESTAMP COMMENT 'Date of Template Creation',
  `modified_at` timestamp NOT NULL DEFAULT CURRENT_TIMESTAMP ON UPDATE CURRENT_TIMESTAMP COMMENT 'Date of Template Modification',
  `orig_template_code` varchar(200) DEFAULT NULL COMMENT 'Original Template Code',
  `orig_template_variables` text COMMENT 'Original Template Variables',
  `is_legacy` tinyint(1) NOT NULL DEFAULT '0' COMMENT 'Should the template render in legacy mode',
  PRIMARY KEY (`template_id`),
  UNIQUE KEY `EMAIL_TEMPLATE_TEMPLATE_CODE` (`template_code`),
  KEY `EMAIL_TEMPLATE_ADDED_AT` (`added_at`),
  KEY `EMAIL_TEMPLATE_MODIFIED_AT` (`modified_at`)
) ENGINE=InnoDB AUTO_INCREMENT=3 DEFAULT CHARSET=utf8 COMMENT='Email Templates';

--
-- Dumping data for table `email_template`
--

INSERT INTO `email_template` VALUES (1,'New Pickup Order','<!--@subject {{trans \"Your %store_name order confirmation\" store_name=$store.getFrontendName()}} @-->\n<!--@vars {\n\"var order.getCustomerName()\":\"Customer Name\",\n\"var store.getFrontendName()\":\"Customer Name\",\n\"var is_pickup_order\":\"Check if order is a pickup order\",\n\"var $this.getUrl($store,\'customer/account/\',[_nosid:1]) |raw\":\"Gets the link to the Customer Account\",\n\"var store_email |raw\":\"Defined Email Address for this type of mails\",\n\"var store_phone |raw\":\"Defined Phone Number in the Store Information\",\n\"var store_hours |raw\":\"Defined Opening Hours Phone Number in the Store Information\",\n\"var order.increment_id |raw\":\"Order Id\",\n\"var order.getCreatedAtFormatted(2) |raw\":\"Get the date of order creation\",\n\"var order.getEmailCustomerNote()\":\"Email Order Note\",\n\"var formattedBillingAddress|raw\":\"Billing Address\",\n\"var order.getIsNotVirtual()\":\"Check if shipment exists\",\n\"var pickupAddress|raw\":\"Pickup Location Address\",\n\"var formattedShippingAddress|raw\":\"Customer Shipping Address\",\n\"var payment_html|raw\":\"Payment Details\",\n\"var order.getShippingDescription()\":\"Shipping Description\",\n\"var shipping_msg\":\"Shipping message\",\n\"layout handle=\\\"sales_email_order_items\\\" order=$order area=\\\"frontend\\\"\":\"Order Items Grid\"\n} @-->\n\n{{template config_path=\"design/email/header_template\"}}\n\n<table>\n    <tr class=\"email-intro\">\n        <td>\n            <p class=\"greeting\">{{trans \"%customer_name,\" customer_name=$order.getCustomerName()}}</p>\n            <p>\n                {{trans \"Thank you for your order from %store_name.\" store_name=$store.getFrontendName()}}\n                {{if is_pickup_order}}\n                    {{trans \"We will send you a notification once your items are ready for pickup.\"}}\n                {{else}}\n                    {{trans \"Once your package ships we will send you a tracking number.\"}}\n                {{/if}}\n                {{trans \'You can check the status of your order by <a href=\"%account_url\">logging into your account</a>.\' account_url=$this.getUrl($store,\'customer/account/\',[_nosid:1]) |raw}}\n            </p>\n            <p>\n                {{trans \'If you have questions about your order, you can email us at <a href=\"mailto:%store_email\">%store_email</a>\' store_email=$store_email |raw}}{{depend store_phone}} {{trans \' or call us at <a href=\"tel:%store_phone\">%store_phone</a>\' store_phone=$store_phone |raw}}{{/depend}}.\n                {{depend store_hours}}\n                {{trans \'Our hours are <span class=\"no-link\">%store_hours</span>.\' store_hours=$store_hours |raw}}\n                {{/depend}}\n            </p>\n        </td>\n    </tr>\n    <tr class=\"email-summary\">\n        <td>\n            <h1>{{trans \'Your Order <span class=\"no-link\">#%increment_id</span>\' increment_id=$order.increment_id |raw}}</h1>\n            <p>{{trans \'Placed on <span class=\"no-link\">%created_at</span>\' created_at=$order.getCreatedAtFormatted(2) |raw}}</p>\n        </td>\n    </tr>\n    <tr class=\"email-information\">\n        <td>\n            {{depend order.getEmailCustomerNote()}}\n            <table class=\"message-info\">\n                <tr>\n                    <td>\n                        {{var order.getEmailCustomerNote()|escape|nl2br}}\n                    </td>\n                </tr>\n            </table>\n            {{/depend}}\n            <table class=\"order-details\">\n                <tr>\n                    <td class=\"address-details\">\n                        <h3>{{trans \"Billing Info\"}}</h3>\n                        <p>{{var formattedBillingAddress|raw}}</p>\n                    </td>\n                    {{depend order.getIsNotVirtual()}}\n                    <td class=\"address-details\">\n                        <h3>{{trans \"Shipping Info\"}}</h3>\n                        {{if is_pickup_order}}\n                            <h4>{{trans \"Pickup Location\"}}</h4>\n                            <p>{{var pickupAddress|raw}}</p>\n                            <h4>{{trans \"Recipient Address\"}}</h4>\n                        {{/if}}\n                        <p>{{var formattedShippingAddress|raw}}</p>\n                    </td>\n                    {{/depend}}\n                </tr>\n                <tr>\n                    <td class=\"method-info\">\n                        <h3>{{trans \"Payment Method\"}}</h3>\n                        {{var payment_html|raw}}\n                    </td>\n                    {{depend order.getIsNotVirtual()}}\n                    <td class=\"method-info\">\n                        <h3>{{trans \"Shipping Method\"}}</h3>\n                        <p>{{var order.getShippingDescription()}}</p>\n                        {{if shipping_msg}}\n                        <p>{{var shipping_msg}}</p>\n                        {{/if}}\n                    </td>\n                    {{/depend}}\n                </tr>\n            </table>\n            {{layout handle=\"sales_email_order_items\" order=$order area=\"frontend\"}}\n        </td>\n    </tr>\n</table>\n\n{{template config_path=\"design/email/footer_template\"}}\n',NULL,2,'{{trans \"Your %store_name order confirmation\" store_name=$store.getFrontendName()}}',NULL,NULL,'2019-01-06 11:12:13','2020-03-16 07:28:06','sales_email_order_template','{\"var formattedBillingAddress|raw\":\"Billing Address\",\"var order.getEmailCustomerNote()\":\"Email Order Note\",\"var order.increment_id\":\"Order Id\",\"layout handle=\\\"sales_email_order_items\\\" order=$order area=\\\"frontend\\\"\":\"Order Items Grid\",\"var payment_html|raw\":\"Payment Details\",\"var formattedShippingAddress|raw\":\"Shipping Address\",\"var order.getShippingDescription()\":\"Shipping Description\",\"var shipping_msg\":\"Shipping message\"}',1),(2,'New Pickup Order For Guest','<!--@subject {{trans \"Your %store_name order confirmation\" store_name=$store.getFrontendName()}} @-->\n<!--@vars {\n\"var order.getBillingAddress().getName()\":\"Guest Customer Name\",\n\"var store.getFrontendName()\":\"Customer Name\",\n\"var is_pickup_order\":\"Check if order is a pickup order\",\n\"var store_email |raw\":\"Defined Email Address for this type of mails\",\n\"var store_phone |raw\":\"Defined Phone Number in the Store Information\",\n\"var store_hours |raw\":\"Defined Opening Hours Phone Number in the Store Information\",\n\"var order.increment_id |raw\":\"Order Id\",\n\"var order.getCreatedAtFormatted(2) |raw\":\"Get the date of order creation\",\n\"var order.getEmailCustomerNote()\":\"Email Order Note\",\n\"var formattedBillingAddress|raw\":\"Billing Address\",\n\"var order.getIsNotVirtual()\":\"Check if shipment exists\",\n\"var pickupAddress|raw\":\"Pickup Location Address\",\n\"var formattedShippingAddress|raw\":\"Customer Shipping Address\",\n\"var payment_html|raw\":\"Payment Details\",\n\"var order.getShippingDescription()\":\"Shipping Description\",\n\"var shipping_msg\":\"Shipping message\",\n\"layout handle=\\\"sales_email_order_items\\\" order=$order area=\\\"frontend\\\"\":\"Order Items Grid\"\n} @-->\n\n{{template config_path=\"design/email/header_template\"}}\n\n<table>\n    <tr class=\"email-intro\">\n        <td>\n            <p class=\"greeting\">{{trans \"%name,\" name=$order.getBillingAddress().getName()}}</p>\n            <p>\n                {{trans \"Thank you for your order from %store_name.\" store_name=$store.getFrontendName()}}\n                {{if is_pickup_order}}\n                    {{trans \"We will send you a notification once your items are ready for pickup.\"}}\n                {{else}}\n                    {{trans \"Once your package ships we will send an email with a link to track your order.\"}}\n                {{/if}}\n                {{trans \'If you have questions about your order, you can email us at <a href=\"mailto:%store_email\">%store_email</a>\' store_email=$store_email |raw}}{{depend store_phone}} {{trans \' or call us at <a href=\"tel:%store_phone\">%store_phone</a>\' store_phone=$store_phone |raw}}{{/depend}}.\n                {{depend store_hours}}\n                    {{trans \'Our hours are <span class=\"no-link\">%store_hours</span>.\' store_hours=$store_hours |raw}}\n                {{/depend}}\n            </p>\n        </td>\n    </tr>\n    <tr class=\"email-summary\">\n        <td>\n            <h1>{{trans \'Your Order <span class=\"no-link\">#%increment_id</span>\' increment_id=$order.increment_id |raw}}</h1>\n            <p>{{trans \'Placed on <span class=\"no-link\">%created_at</span>\' created_at=$order.getCreatedAtFormatted(2) |raw}}</p>\n        </td>\n    </tr>\n    <tr class=\"email-information\">\n        <td>\n            {{depend order.getEmailCustomerNote()}}\n            <table class=\"message-info\">\n                <tr>\n                    <td>\n                        {{var order.getEmailCustomerNote()|escape|nl2br}}\n                    </td>\n                </tr>\n            </table>\n            {{/depend}}\n            <table class=\"order-details\">\n                <tr>\n                    <td class=\"address-details\">\n                        <h3>{{trans \"Billing Info\"}}</h3>\n                        <p>{{var formattedBillingAddress|raw}}</p>\n                    </td>\n                    {{depend order.getIsNotVirtual()}}\n                    <td class=\"address-details\">\n                        <h3>{{trans \"Shipping Info\"}}</h3>\n                        {{if is_pickup_order}}\n                            <h4>{{trans \"Pickup Location\"}}</h4>\n                            <p>{{var pickupAddress|raw}}</p>\n                            <h4>{{trans \"Recipient Address\"}}</h4>\n                        {{/if}}\n                        <p>{{var formattedShippingAddress|raw}}</p>\n                    </td>\n                    {{/depend}}\n                </tr>\n                <tr>\n                    <td class=\"method-info\">\n                        <h3>{{trans \"Payment Method\"}}</h3>\n                        {{var payment_html|raw}}\n                    </td>\n                    {{depend order.getIsNotVirtual()}}\n                    <td class=\"method-info\">\n                        <h3>{{trans \"Shipping Method\"}}</h3>\n                        <p>{{var order.getShippingDescription()}}</p>\n                        {{if shipping_msg}}\n                        <p>{{var shipping_msg}}</p>\n                        {{/if}}\n                    </td>\n                    {{/depend}}\n                </tr>\n            </table>\n            {{layout handle=\"sales_email_order_items\" order=$order}}\n        </td>\n    </tr>\n</table>\n\n{{template config_path=\"design/email/footer_template\"}}\n',NULL,2,'{{trans \"Your %store_name order confirmation\" store_name=$store.getFrontendName()}}',NULL,NULL,'2019-01-06 11:12:13','2020-03-16 07:28:06','sales_email_order_guest_template','{\"var formattedBillingAddress|raw\":\"Billing Address\",\"var order.getEmailCustomerNote()\":\"Email Order Note\",\"var order.getBillingAddress().getName()\":\"Guest Customer Name\",\"var order.getCreatedAtFormatted(2)\":\"Order Created At (datetime)\",\"var order.increment_id\":\"Order Id\",\"layout handle=\\\"sales_email_order_items\\\" order=$order\":\"Order Items Grid\",\"var payment_html|raw\":\"Payment Details\",\"var formattedShippingAddress|raw\":\"Shipping Address\",\"var order.getShippingDescription()\":\"Shipping Description\",\"var shipping_msg\":\"Shipping message\"}',1);

--
-- Table structure for table `email_wishlist`
--

CREATE TABLE `email_wishlist` (
  `id` int(10) unsigned NOT NULL AUTO_INCREMENT COMMENT 'Primary Key',
  `wishlist_id` int(10) unsigned NOT NULL COMMENT 'Wishlist Id',
  `item_count` int(10) unsigned NOT NULL COMMENT 'Item Count',
  `customer_id` int(10) unsigned DEFAULT NULL COMMENT 'Customer ID',
  `store_id` smallint(5) unsigned NOT NULL COMMENT 'Store Id',
  `wishlist_imported` smallint(5) unsigned NOT NULL DEFAULT '0' COMMENT 'Wishlist Imported',
  `wishlist_modified` smallint(5) unsigned DEFAULT NULL COMMENT 'Wishlist Modified [deprecated]',
  `created_at` timestamp NULL DEFAULT NULL COMMENT 'Creation Time',
  `updated_at` timestamp NULL DEFAULT NULL COMMENT 'Update Time',
  PRIMARY KEY (`id`),
  KEY `EMAIL_WISHLIST_WISHLIST_ID` (`wishlist_id`),
  KEY `EMAIL_WISHLIST_ITEM_COUNT` (`item_count`),
  KEY `EMAIL_WISHLIST_CUSTOMER_ID` (`customer_id`),
  KEY `EMAIL_WISHLIST_WISHLIST_MODIFIED` (`wishlist_modified`),
  KEY `EMAIL_WISHLIST_WISHLIST_IMPORTED` (`wishlist_imported`),
  KEY `EMAIL_WISHLIST_CREATED_AT` (`created_at`),
  KEY `EMAIL_WISHLIST_UPDATED_AT` (`updated_at`),
  KEY `EMAIL_WISHLIST_STORE_ID` (`store_id`),
  CONSTRAINT `EMAIL_WISHLIST_CUSTOMER_ID_CUSTOMER_ENTITY_ENTITY_ID` FOREIGN KEY (`customer_id`) REFERENCES `customer_entity` (`entity_id`) ON DELETE CASCADE,
  CONSTRAINT `EMAIL_WISHLIST_WISHLIST_ID_WISHLIST_WISHLIST_ID` FOREIGN KEY (`wishlist_id`) REFERENCES `wishlist` (`wishlist_id`) ON DELETE CASCADE
) ENGINE=InnoDB DEFAULT CHARSET=utf8 COMMENT='Connector Wishlist';

--
-- Dumping data for table `email_wishlist`
--


--
-- Table structure for table `flag`
--

CREATE TABLE `flag` (
  `flag_id` int(10) unsigned NOT NULL AUTO_INCREMENT COMMENT 'Flag Id',
  `flag_code` varchar(255) NOT NULL COMMENT 'Flag Code',
  `state` smallint(5) unsigned NOT NULL DEFAULT '0' COMMENT 'Flag State',
  `flag_data` mediumtext,
  `last_update` timestamp NOT NULL DEFAULT CURRENT_TIMESTAMP ON UPDATE CURRENT_TIMESTAMP COMMENT 'Date of Last Flag Update',
  PRIMARY KEY (`flag_id`),
  KEY `FLAG_LAST_UPDATE` (`last_update`)
) ENGINE=InnoDB AUTO_INCREMENT=12 DEFAULT CHARSET=utf8 COMMENT='Flag';

--
-- Dumping data for table `flag`
--

INSERT INTO `flag` VALUES (1,'report_order_aggregated',0,NULL,'2016-08-23 04:56:06'),(2,'report_tax_aggregated',0,NULL,'2016-08-23 04:56:06'),(3,'report_shipping_aggregated',0,NULL,'2016-08-23 04:56:07'),(4,'report_invoiced_aggregated',0,NULL,'2016-08-23 04:56:07'),(5,'report_refunded_aggregated',0,NULL,'2016-08-23 04:56:07'),(6,'report_coupons_aggregated',0,NULL,'2016-08-23 04:56:07'),(7,'report_bestsellers_aggregated',0,NULL,'2016-08-23 04:56:09'),(8,'report_product_viewed_aggregated',0,NULL,'2016-08-23 04:56:16'),(9,'analytics_link_attempts_reverse_counter',0,'24','2017-12-20 03:51:36'),(10,'catalog_website_attribute_is_sync_required',0,'2','2018-04-10 04:40:39'),(11,'config_hash',0,'{\"system\":\"2be88ca4242c76e8253ac62474851065032d6833\"}','2019-04-11 13:37:54');

--
-- Table structure for table `gift_message`
--

CREATE TABLE `gift_message` (
  `gift_message_id` int(10) unsigned NOT NULL AUTO_INCREMENT COMMENT 'GiftMessage ID',
  `customer_id` int(10) unsigned NOT NULL DEFAULT '0' COMMENT 'Customer ID',
  `sender` varchar(255) DEFAULT NULL COMMENT 'Sender',
  `recipient` varchar(255) DEFAULT NULL COMMENT 'Registrant',
  `message` text COMMENT 'Message',
  PRIMARY KEY (`gift_message_id`)
) ENGINE=InnoDB DEFAULT CHARSET=utf8 COMMENT='Gift Message';

--
-- Dumping data for table `gift_message`
--


--
-- Table structure for table `googleoptimizer_code`
--

CREATE TABLE `googleoptimizer_code` (
  `code_id` int(10) unsigned NOT NULL AUTO_INCREMENT COMMENT 'Google experiment code ID',
  `entity_id` int(10) unsigned NOT NULL COMMENT 'Optimized entity ID product ID or catalog ID',
  `entity_type` varchar(50) DEFAULT NULL COMMENT 'Optimized entity type',
  `store_id` smallint(5) unsigned NOT NULL COMMENT 'Store ID',
  `experiment_script` text COMMENT 'Google experiment script',
  PRIMARY KEY (`code_id`),
  UNIQUE KEY `GOOGLEOPTIMIZER_CODE_STORE_ID_ENTITY_ID_ENTITY_TYPE` (`store_id`,`entity_id`,`entity_type`),
  CONSTRAINT `GOOGLEOPTIMIZER_CODE_STORE_ID_STORE_STORE_ID` FOREIGN KEY (`store_id`) REFERENCES `store` (`store_id`) ON DELETE CASCADE
) ENGINE=InnoDB DEFAULT CHARSET=utf8 COMMENT='Google Experiment code';

--
-- Dumping data for table `googleoptimizer_code`
--


--
-- Table structure for table `import_history`
--

CREATE TABLE `import_history` (
  `history_id` int(10) unsigned NOT NULL AUTO_INCREMENT COMMENT 'History record ID',
  `started_at` timestamp NOT NULL DEFAULT CURRENT_TIMESTAMP COMMENT 'Started at',
  `user_id` int(10) unsigned NOT NULL DEFAULT '0' COMMENT 'User ID',
  `imported_file` varchar(255) DEFAULT NULL COMMENT 'Imported file',
  `execution_time` varchar(255) DEFAULT NULL COMMENT 'Execution time',
  `summary` varchar(255) DEFAULT NULL COMMENT 'Summary',
  `error_file` varchar(255) NOT NULL COMMENT 'Imported file with errors',
  PRIMARY KEY (`history_id`)
) ENGINE=InnoDB AUTO_INCREMENT=8 DEFAULT CHARSET=utf8 COMMENT='Import history table';

--
-- Dumping data for table `import_history`
--

INSERT INTO `import_history` VALUES (1,'2022-09-10 00:37:33',3,'1662770253_export_catalog_product_20220831_13435222.csv','00:01:02','Created: 153, Updated: 0, Deleted: 0','1662770253_export_catalog_product_20220831_13435222_error_report.csv'),(2,'2022-09-10 00:41:03',3,'1662770463_export_catalog_product_20220831_13435222.csv','00:00:57','Created: 0, Updated: 153, Deleted: 0','1662770463_export_catalog_product_20220831_13435222_error_report.csv'),(3,'2022-09-10 00:44:46',3,'1662770686_export_catalog_product_20220831_13435222.csv','Validation',NULL,''),(4,'2022-09-10 00:44:58',3,'1662770698_export_catalog_product_20220831_13435222.csv','Validation',NULL,''),(5,'2022-09-10 00:45:27',3,'1662770727_export_catalog_product_20220831_13435222.csv','00:00:41','Created: 0, Updated: 153, Deleted: 0','1662770727_export_catalog_product_20220831_13435222_error_report.csv'),(6,'2022-09-14 13:27:58',3,'1663162078_export_catalog_product_20220914_131000.csv','Validation',NULL,''),(7,'2022-09-14 20:05:34',3,'1663185934_export_catalog_product_20220914_131000.csv','00:01:20','Created: 17, Updated: 153, Deleted: 0','');

--
-- Table structure for table `importexport_importdata`
--

CREATE TABLE `importexport_importdata` (
  `id` int(10) unsigned NOT NULL AUTO_INCREMENT COMMENT 'ID',
  `entity` varchar(50) NOT NULL COMMENT 'Entity',
  `behavior` varchar(10) NOT NULL DEFAULT 'append' COMMENT 'Behavior',
  `data` longtext COMMENT 'Data',
  PRIMARY KEY (`id`)
) ENGINE=InnoDB AUTO_INCREMENT=15 DEFAULT CHARSET=utf8 COMMENT='Import Data Table';

--
-- Dumping data for table `importexport_importdata`
--

INSERT INTO `importexport_importdata` VALUES (13,'catalog_product','append','[{\"sku\":\"1\",\"store_view_code\":null,\"attribute_set_code\":\"Default\",\"product_type\":\"simple\",\"categories\":\"Default Category\\/Headband\",\"product_websites\":\"base\",\"name\":\"Dior headband\",\"description\":\"Dior headband leathered inside\",\"short_description\":\"Dior headband leathered inside\",\"weight\":null,\"product_online\":\"1\",\"tax_class_name\":\"Taxable Goods\",\"visibility\":\"Catalog, Search\",\"price\":\"10\",\"special_price\":null,\"special_price_from_date\":null,\"special_price_to_date\":null,\"url_key\":\"1dior-headband\",\"meta_title\":\"Dior headband\",\"meta_keywords\":\"Dior headband\",\"meta_description\":\"Dior headband\",\"base_image\":\"\\/1\\/_\\/1_1_1.jpg\",\"base_image_label\":\"1_1.JPG\",\"small_image\":\"\\/1\\/_\\/1_1_1.jpg\",\"small_image_label\":\"1_1.JPG\",\"thumbnail_image\":\"\\/1\\/_\\/1_1_1.jpg\",\"thumbnail_image_label\":\"1_1.JPG\",\"swatch_image\":null,\"swatch_image_label\":null,\"created_at\":\"9\\/9\\/22, 7:37 PM\",\"updated_at\":\"9\\/9\\/22, 8:09 PM\",\"new_from_date\":\"2009-09-22\",\"new_to_date\":null,\"display_product_options_in\":\"Block after Info Column\",\"map_price\":null,\"msrp_price\":null,\"map_enabled\":null,\"gift_message_available\":\"No\",\"custom_design\":null,\"custom_design_from\":null,\"custom_design_to\":null,\"custom_layout_update\":null,\"page_layout\":null,\"product_options_container\":null,\"msrp_display_actual_price_type\":\"Use config\",\"country_of_manufacture\":null,\"additional_attributes\":\"climate=All-Weather,color=Black,featured=1,manufacturer=Bub,material=Burlap,pattern=Color-Blocked,size=L\",\"qty\":\"100\",\"out_of_stock_qty\":\"0\",\"use_config_min_qty\":\"0\",\"is_qty_decimal\":\"0\",\"allow_backorders\":\"0\",\"use_config_backorders\":\"0\",\"min_cart_qty\":\"1\",\"use_config_min_sale_qty\":\"1\",\"max_cart_qty\":\"10000\",\"use_config_max_sale_qty\":\"1\",\"is_in_stock\":\"1\",\"notify_on_stock_below\":\"0\",\"use_config_notify_stock_qty\":\"0\",\"manage_stock\":\"0\",\"use_config_manage_stock\":\"0\",\"use_config_qty_increments\":\"0\",\"qty_increments\":\"0\",\"use_config_enable_qty_inc\":\"0\",\"enable_qty_increments\":\"0\",\"is_decimal_divided\":\"0\",\"website_id\":\"0\",\"related_skus\":null,\"related_position\":null,\"crosssell_skus\":null,\"crosssell_position\":null,\"upsell_skus\":null,\"upsell_position\":null,\"additional_images\":\"\\/1\\/_\\/1_1_1.jpg\",\"additional_image_labels\":\"1_1.JPG\",\"hide_from_product_page\":null,\"custom_options\":null,\"bundle_price_type\":null,\"bundle_sku_type\":null,\"bundle_price_view\":null,\"bundle_weight_type\":null,\"bundle_values\":null,\"bundle_shipment_type\":null,\"associated_skus\":null,\"downloadable_links\":null,\"downloadable_samples\":null,\"configurable_variations\":null,\"configurable_variation_labels\":null,\"image\":\"\\/1\\/_\\/1_1_1.jpg\",\"image_label\":\"1_1.JPG\",\"thumbnail\":\"\\/1\\/_\\/1_1_1.jpg\",\"thumbnail_label\":\"1_1.JPG\",\"_media_image\":\"\\/1\\/_\\/1_1_1.jpg\",\"_media_image_label\":\"1_1.JPG\",\"_media_is_disabled\":null,\"_store\":null,\"_attribute_set\":\"Default\",\"_product_websites\":\"base\",\"status\":\"1\",\"news_from_date\":\"2009-09-22\",\"news_to_date\":null,\"options_container\":\"Block after Info Column\",\"minimal_price\":null,\"msrp\":null,\"msrp_enabled\":null,\"special_from_date\":null,\"special_to_date\":null,\"min_qty\":\"0\",\"backorders\":\"0\",\"min_sale_qty\":\"1\",\"max_sale_qty\":\"10000\",\"notify_stock_qty\":\"0\",\"_related_sku\":null,\"_related_position\":null,\"_crosssell_sku\":null,\"_crosssell_position\":null,\"_upsell_sku\":null,\"_upsell_position\":null,\"meta_keyword\":\"Dior headband\",\"price_type\":null,\"shipment_type\":null,\"price_view\":null,\"weight_type\":null,\"sku_type\":null,\"climate\":\"All-Weather\",\"color\":\"Black\",\"featured\":\"1\",\"manufacturer\":\"Bub\",\"material\":\"Burlap\",\"pattern\":\"Color-Blocked\",\"size\":\"L\"},{\"sku\":\"2\",\"store_view_code\":null,\"attribute_set_code\":\"Default\",\"product_type\":\"simple\",\"categories\":\"Default Category\\/Headband\",\"product_websites\":\"base\",\"name\":\"Gucci headband\",\"description\":\"Gucci headband\",\"short_description\":\"Gucci headband\",\"weight\":null,\"product_online\":\"1\",\"tax_class_name\":\"Taxable Goods\",\"visibility\":\"Catalog, Search\",\"price\":\"9\",\"special_price\":null,\"special_price_from_date\":null,\"special_price_to_date\":null,\"url_key\":\"2gucci-headband\",\"meta_title\":\"Gucci headband\",\"meta_keywords\":\"Gucci headband\",\"meta_description\":\"Gucci headband\",\"base_image\":\"\\/2\\/_\\/2_1.jpg\",\"base_image_label\":\"2.JPG\",\"small_image\":\"\\/2\\/_\\/2_1.jpg\",\"small_image_label\":\"2.JPG\",\"thumbnail_image\":\"\\/2\\/_\\/2_1.jpg\",\"thumbnail_image_label\":\"2.JPG\",\"swatch_image\":null,\"swatch_image_label\":null,\"created_at\":\"9\\/9\\/22, 7:37 PM\",\"updated_at\":\"9\\/9\\/22, 8:10 PM\",\"new_from_date\":\"2009-09-22\",\"new_to_date\":null,\"display_product_options_in\":\"Block after Info Column\",\"map_price\":null,\"msrp_price\":null,\"map_enabled\":null,\"gift_message_available\":\"No\",\"custom_design\":null,\"custom_design_from\":null,\"custom_design_to\":null,\"custom_layout_update\":null,\"page_layout\":null,\"product_options_container\":null,\"msrp_display_actual_price_type\":\"Use config\",\"country_of_manufacture\":null,\"additional_attributes\":\"climate=All-Weather,color=Black,featured=1,manufacturer=Bub,material=Burlap,pattern=Color-Blocked,size=L\",\"qty\":\"100\",\"out_of_stock_qty\":\"0\",\"use_config_min_qty\":\"0\",\"is_qty_decimal\":\"0\",\"allow_backorders\":\"0\",\"use_config_backorders\":\"0\",\"min_cart_qty\":\"1\",\"use_config_min_sale_qty\":\"1\",\"max_cart_qty\":\"10000\",\"use_config_max_sale_qty\":\"1\",\"is_in_stock\":\"1\",\"notify_on_stock_below\":\"0\",\"use_config_notify_stock_qty\":\"0\",\"manage_stock\":\"0\",\"use_config_manage_stock\":\"0\",\"use_config_qty_increments\":\"0\",\"qty_increments\":\"0\",\"use_config_enable_qty_inc\":\"1\",\"enable_qty_increments\":\"0\",\"is_decimal_divided\":\"0\",\"website_id\":\"0\",\"related_skus\":null,\"related_position\":null,\"crosssell_skus\":null,\"crosssell_position\":null,\"upsell_skus\":null,\"upsell_position\":null,\"additional_images\":\"\\/2\\/_\\/2_1.jpg\",\"additional_image_labels\":\"2.JPG\",\"hide_from_product_page\":null,\"custom_options\":null,\"bundle_price_type\":null,\"bundle_sku_type\":null,\"bundle_price_view\":null,\"bundle_weight_type\":null,\"bundle_values\":null,\"bundle_shipment_type\":null,\"associated_skus\":null,\"downloadable_links\":null,\"downloadable_samples\":null,\"configurable_variations\":null,\"configurable_variation_labels\":null,\"image\":\"\\/2\\/_\\/2_1.jpg\",\"image_label\":\"2.JPG\",\"thumbnail\":\"\\/2\\/_\\/2_1.jpg\",\"thumbnail_label\":\"2.JPG\",\"_media_image\":\"\\/2\\/_\\/2_1.jpg\",\"_media_image_label\":\"2.JPG\",\"_media_is_disabled\":null,\"_store\":null,\"_attribute_set\":\"Default\",\"_product_websites\":\"base\",\"status\":\"1\",\"news_from_date\":\"2009-09-22\",\"news_to_date\":null,\"options_container\":\"Block after Info Column\",\"minimal_price\":null,\"msrp\":null,\"msrp_enabled\":null,\"special_from_date\":null,\"special_to_date\":null,\"min_qty\":\"0\",\"backorders\":\"0\",\"min_sale_qty\":\"1\",\"max_sale_qty\":\"10000\",\"notify_stock_qty\":\"0\",\"_related_sku\":null,\"_related_position\":null,\"_crosssell_sku\":null,\"_crosssell_position\":null,\"_upsell_sku\":null,\"_upsell_position\":null,\"meta_keyword\":\"Gucci headband\",\"price_type\":null,\"shipment_type\":null,\"price_view\":null,\"weight_type\":null,\"sku_type\":null,\"climate\":\"All-Weather\",\"color\":\"Black\",\"featured\":\"1\",\"manufacturer\":\"Bub\",\"material\":\"Burlap\",\"pattern\":\"Color-Blocked\",\"size\":\"L\"},{\"sku\":\"3\",\"store_view_code\":null,\"attribute_set_code\":\"Default\",\"product_type\":\"simple\",\"categories\":\"Default Category\\/Headband\",\"product_websites\":\"base\",\"name\":\"Channel headband\",\"description\":\"Channel leathered headband\",\"short_description\":\"Channel leathered headband\",\"weight\":null,\"product_online\":\"1\",\"tax_class_name\":\"Taxable Goods\",\"visibility\":\"Catalog, Search\",\"price\":\"7\",\"special_price\":null,\"special_price_from_date\":null,\"special_price_to_date\":null,\"url_key\":\"3channel-headband\",\"meta_title\":\"Channel headband\",\"meta_keywords\":\"Channel headband\",\"meta_description\":\"Channel headband\",\"base_image\":\"\\/3\\/_\\/3_1_1.jpg\",\"base_image_label\":\"3_1.JPG\",\"small_image\":\"\\/3\\/_\\/3_1_1.jpg\",\"small_image_label\":\"3_1.JPG\",\"thumbnail_image\":\"\\/3\\/_\\/3_1_1.jpg\",\"thumbnail_image_label\":\"3_1.JPG\",\"swatch_image\":null,\"swatch_image_label\":null,\"created_at\":\"9\\/9\\/22, 7:37 PM\",\"updated_at\":\"9\\/9\\/22, 8:10 PM\",\"new_from_date\":null,\"new_to_date\":null,\"display_product_options_in\":\"Block after Info Column\",\"map_price\":null,\"msrp_price\":null,\"map_enabled\":null,\"gift_message_available\":\"No\",\"custom_design\":null,\"custom_design_from\":null,\"custom_design_to\":null,\"custom_layout_update\":null,\"page_layout\":null,\"product_options_container\":null,\"msrp_display_actual_price_type\":\"Use config\",\"country_of_manufacture\":null,\"additional_attributes\":\"climate=All-Weather,color=Black,featured=1,manufacturer=Bub,material=Burlap,pattern=Color-Blocked,size=L\",\"qty\":\"100\",\"out_of_stock_qty\":\"0\",\"use_config_min_qty\":\"0\",\"is_qty_decimal\":\"0\",\"allow_backorders\":\"0\",\"use_config_backorders\":\"0\",\"min_cart_qty\":\"1\",\"use_config_min_sale_qty\":\"1\",\"max_cart_qty\":\"10000\",\"use_config_max_sale_qty\":\"1\",\"is_in_stock\":\"1\",\"notify_on_stock_below\":\"0\",\"use_config_notify_stock_qty\":\"0\",\"manage_stock\":\"0\",\"use_config_manage_stock\":\"0\",\"use_config_qty_increments\":\"0\",\"qty_increments\":\"0\",\"use_config_enable_qty_inc\":\"0\",\"enable_qty_increments\":\"0\",\"is_decimal_divided\":\"0\",\"website_id\":\"0\",\"related_skus\":null,\"related_position\":null,\"crosssell_skus\":null,\"crosssell_position\":null,\"upsell_skus\":null,\"upsell_position\":null,\"additional_images\":\"\\/3\\/_\\/3_1_1.jpg\",\"additional_image_labels\":\"3_1.JPG\",\"hide_from_product_page\":null,\"custom_options\":null,\"bundle_price_type\":null,\"bundle_sku_type\":null,\"bundle_price_view\":null,\"bundle_weight_type\":null,\"bundle_values\":null,\"bundle_shipment_type\":null,\"associated_skus\":null,\"downloadable_links\":null,\"downloadable_samples\":null,\"configurable_variations\":null,\"configurable_variation_labels\":null,\"image\":\"\\/3\\/_\\/3_1_1.jpg\",\"image_label\":\"3_1.JPG\",\"thumbnail\":\"\\/3\\/_\\/3_1_1.jpg\",\"thumbnail_label\":\"3_1.JPG\",\"_media_image\":\"\\/3\\/_\\/3_1_1.jpg\",\"_media_image_label\":\"3_1.JPG\",\"_media_is_disabled\":null,\"_store\":null,\"_attribute_set\":\"Default\",\"_product_websites\":\"base\",\"status\":\"1\",\"news_from_date\":null,\"news_to_date\":null,\"options_container\":\"Block after Info Column\",\"minimal_price\":null,\"msrp\":null,\"msrp_enabled\":null,\"special_from_date\":null,\"special_to_date\":null,\"min_qty\":\"0\",\"backorders\":\"0\",\"min_sale_qty\":\"1\",\"max_sale_qty\":\"10000\",\"notify_stock_qty\":\"0\",\"_related_sku\":null,\"_related_position\":null,\"_crosssell_sku\":null,\"_crosssell_position\":null,\"_upsell_sku\":null,\"_upsell_position\":null,\"meta_keyword\":\"Channel headband\",\"price_type\":null,\"shipment_type\":null,\"price_view\":null,\"weight_type\":null,\"sku_type\":null,\"climate\":\"All-Weather\",\"color\":\"Black\",\"featured\":\"1\",\"manufacturer\":\"Bub\",\"material\":\"Burlap\",\"pattern\":\"Color-Blocked\",\"size\":\"L\"},{\"sku\":\"4\",\"store_view_code\":null,\"attribute_set_code\":\"Default\",\"product_type\":\"simple\",\"categories\":\"Default Category\\/Headband\",\"product_websites\":\"base\",\"name\":\"Prada headband\",\"description\":\"Prada headband with logo above\",\"short_description\":\"Prada headband with logo above\",\"weight\":null,\"product_online\":\"1\",\"tax_class_name\":\"Taxable Goods\",\"visibility\":\"Catalog, Search\",\"price\":\"10\",\"special_price\":null,\"special_price_from_date\":null,\"special_price_to_date\":null,\"url_key\":\"4prada-headband\",\"meta_title\":\"Prada headband\",\"meta_keywords\":\"Prada headband\",\"meta_description\":\"Prada headband\",\"base_image\":\"\\/4\\/_\\/4_1_1.jpg\",\"base_image_label\":\"4_1.JPG\",\"small_image\":\"\\/4\\/_\\/4_1_1.jpg\",\"small_image_label\":\"4_1.JPG\",\"thumbnail_image\":\"\\/4\\/_\\/4_1_1.jpg\",\"thumbnail_image_label\":\"4_1.JPG\",\"swatch_image\":null,\"swatch_image_label\":null,\"created_at\":\"9\\/9\\/22, 7:37 PM\",\"updated_at\":\"9\\/9\\/22, 8:10 PM\",\"new_from_date\":\"2009-09-22\",\"new_to_date\":null,\"display_product_options_in\":\"Block after Info Column\",\"map_price\":null,\"msrp_price\":null,\"map_enabled\":null,\"gift_message_available\":\"No\",\"custom_design\":null,\"custom_design_from\":null,\"custom_design_to\":null,\"custom_layout_update\":null,\"page_layout\":null,\"product_options_container\":null,\"msrp_display_actual_price_type\":\"Use config\",\"country_of_manufacture\":null,\"additional_attributes\":\"climate=All-Weather,color=Black,featured=0,manufacturer=Bub,material=Burlap,pattern=Color-Blocked,size=L\",\"qty\":\"100\",\"out_of_stock_qty\":\"0\",\"use_config_min_qty\":\"0\",\"is_qty_decimal\":\"0\",\"allow_backorders\":\"0\",\"use_config_backorders\":\"0\",\"min_cart_qty\":\"1\",\"use_config_min_sale_qty\":\"1\",\"max_cart_qty\":\"10000\",\"use_config_max_sale_qty\":\"1\",\"is_in_stock\":\"1\",\"notify_on_stock_below\":\"0\",\"use_config_notify_stock_qty\":\"0\",\"manage_stock\":\"0\",\"use_config_manage_stock\":\"0\",\"use_config_qty_increments\":\"0\",\"qty_increments\":\"0\",\"use_config_enable_qty_inc\":\"0\",\"enable_qty_increments\":\"0\",\"is_decimal_divided\":\"0\",\"website_id\":\"0\",\"related_skus\":null,\"related_position\":null,\"crosssell_skus\":null,\"crosssell_position\":null,\"upsell_skus\":null,\"upsell_position\":null,\"additional_images\":\"\\/4\\/_\\/4_1_1.jpg\",\"additional_image_labels\":\"4_1.JPG\",\"hide_from_product_page\":null,\"custom_options\":null,\"bundle_price_type\":null,\"bundle_sku_type\":null,\"bundle_price_view\":null,\"bundle_weight_type\":null,\"bundle_values\":null,\"bundle_shipment_type\":null,\"associated_skus\":null,\"downloadable_links\":null,\"downloadable_samples\":null,\"configurable_variations\":null,\"configurable_variation_labels\":null,\"image\":\"\\/4\\/_\\/4_1_1.jpg\",\"image_label\":\"4_1.JPG\",\"thumbnail\":\"\\/4\\/_\\/4_1_1.jpg\",\"thumbnail_label\":\"4_1.JPG\",\"_media_image\":\"\\/4\\/_\\/4_1_1.jpg\",\"_media_image_label\":\"4_1.JPG\",\"_media_is_disabled\":null,\"_store\":null,\"_attribute_set\":\"Default\",\"_product_websites\":\"base\",\"status\":\"1\",\"news_from_date\":\"2009-09-22\",\"news_to_date\":null,\"options_container\":\"Block after Info Column\",\"minimal_price\":null,\"msrp\":null,\"msrp_enabled\":null,\"special_from_date\":null,\"special_to_date\":null,\"min_qty\":\"0\",\"backorders\":\"0\",\"min_sale_qty\":\"1\",\"max_sale_qty\":\"10000\",\"notify_stock_qty\":\"0\",\"_related_sku\":null,\"_related_position\":null,\"_crosssell_sku\":null,\"_crosssell_position\":null,\"_upsell_sku\":null,\"_upsell_position\":null,\"meta_keyword\":\"Prada headband\",\"price_type\":null,\"shipment_type\":null,\"price_view\":null,\"weight_type\":null,\"sku_type\":null,\"climate\":\"All-Weather\",\"color\":\"Black\",\"featured\":\"0\",\"manufacturer\":\"Bub\",\"material\":\"Burlap\",\"pattern\":\"Color-Blocked\",\"size\":\"L\"},{\"sku\":\"5\",\"store_view_code\":null,\"attribute_set_code\":\"Default\",\"product_type\":\"simple\",\"categories\":\"Default Category\\/Headband\",\"product_websites\":\"base\",\"name\":\"Fendi headband\",\"description\":\"Fendi headband\",\"short_description\":\"Fendi headband\",\"weight\":null,\"product_online\":\"1\",\"tax_class_name\":\"Taxable Goods\",\"visibility\":\"Catalog, Search\",\"price\":\"9\",\"special_price\":null,\"special_price_from_date\":null,\"special_price_to_date\":null,\"url_key\":\"5fendi-headband\",\"meta_title\":\"Fendi headband\",\"meta_keywords\":\"Fendi headband\",\"meta_description\":\"Fendi headband\",\"base_image\":\"\\/5\\/_\\/5_2.jpg\",\"base_image_label\":\"5.JPG\",\"small_image\":\"\\/5\\/_\\/5_2.jpg\",\"small_image_label\":\"5.JPG\",\"thumbnail_image\":\"\\/5\\/_\\/5_2.jpg\",\"thumbnail_image_label\":\"5.JPG\",\"swatch_image\":null,\"swatch_image_label\":null,\"created_at\":\"9\\/9\\/22, 7:37 PM\",\"updated_at\":\"9\\/9\\/22, 8:10 PM\",\"new_from_date\":\"2009-09-22\",\"new_to_date\":null,\"display_product_options_in\":\"Block after Info Column\",\"map_price\":null,\"msrp_price\":null,\"map_enabled\":null,\"gift_message_available\":\"No\",\"custom_design\":null,\"custom_design_from\":null,\"custom_design_to\":null,\"custom_layout_update\":null,\"page_layout\":null,\"product_options_container\":null,\"msrp_display_actual_price_type\":\"Use config\",\"country_of_manufacture\":null,\"additional_attributes\":\"climate=All-Weather,color=Black,featured=1,manufacturer=Bub,material=Burlap,pattern=Color-Blocked,size=L\",\"qty\":\"100\",\"out_of_stock_qty\":\"0\",\"use_config_min_qty\":\"0\",\"is_qty_decimal\":\"0\",\"allow_backorders\":\"0\",\"use_config_backorders\":\"0\",\"min_cart_qty\":\"1\",\"use_config_min_sale_qty\":\"1\",\"max_cart_qty\":\"10000\",\"use_config_max_sale_qty\":\"1\",\"is_in_stock\":\"1\",\"notify_on_stock_below\":\"0\",\"use_config_notify_stock_qty\":\"0\",\"manage_stock\":\"0\",\"use_config_manage_stock\":\"0\",\"use_config_qty_increments\":\"0\",\"qty_increments\":\"0\",\"use_config_enable_qty_inc\":\"0\",\"enable_qty_increments\":\"0\",\"is_decimal_divided\":\"0\",\"website_id\":\"0\",\"related_skus\":null,\"related_position\":null,\"crosssell_skus\":null,\"crosssell_position\":null,\"upsell_skus\":null,\"upsell_position\":null,\"additional_images\":\"\\/5\\/_\\/5_2.jpg\",\"additional_image_labels\":\"5.JPG\",\"hide_from_product_page\":null,\"custom_options\":null,\"bundle_price_type\":null,\"bundle_sku_type\":null,\"bundle_price_view\":null,\"bundle_weight_type\":null,\"bundle_values\":null,\"bundle_shipment_type\":null,\"associated_skus\":null,\"downloadable_links\":null,\"downloadable_samples\":null,\"configurable_variations\":null,\"configurable_variation_labels\":null,\"image\":\"\\/5\\/_\\/5_2.jpg\",\"image_label\":\"5.JPG\",\"thumbnail\":\"\\/5\\/_\\/5_2.jpg\",\"thumbnail_label\":\"5.JPG\",\"_media_image\":\"\\/5\\/_\\/5_2.jpg\",\"_media_image_label\":\"5.JPG\",\"_media_is_disabled\":null,\"_store\":null,\"_attribute_set\":\"Default\",\"_product_websites\":\"base\",\"status\":\"1\",\"news_from_date\":\"2009-09-22\",\"news_to_date\":null,\"options_container\":\"Block after Info Column\",\"minimal_price\":null,\"msrp\":null,\"msrp_enabled\":null,\"special_from_date\":null,\"special_to_date\":null,\"min_qty\":\"0\",\"backorders\":\"0\",\"min_sale_qty\":\"1\",\"max_sale_qty\":\"10000\",\"notify_stock_qty\":\"0\",\"_related_sku\":null,\"_related_position\":null,\"_crosssell_sku\":null,\"_crosssell_position\":null,\"_upsell_sku\":null,\"_upsell_position\":null,\"meta_keyword\":\"Fendi headband\",\"price_type\":null,\"shipment_type\":null,\"price_view\":null,\"weight_type\":null,\"sku_type\":null,\"climate\":\"All-Weather\",\"color\":\"Black\",\"featured\":\"1\",\"manufacturer\":\"Bub\",\"material\":\"Burlap\",\"pattern\":\"Color-Blocked\",\"size\":\"L\"},{\"sku\":\"6\",\"store_view_code\":null,\"attribute_set_code\":\"Default\",\"product_type\":\"simple\",\"categories\":\"Default Category\\/Headband\",\"product_websites\":\"base\",\"name\":\"Dior headband\",\"description\":\"Dior headband\",\"short_description\":\"Dior headband\",\"weight\":null,\"product_online\":\"1\",\"tax_class_name\":\"Taxable Goods\",\"visibility\":\"Catalog, Search\",\"price\":\"9\",\"special_price\":null,\"special_price_from_date\":null,\"special_price_to_date\":null,\"url_key\":\"6dior-headband\",\"meta_title\":\"Dior headband\",\"meta_keywords\":\"Dior headband\",\"meta_description\":\"Dior headband\",\"base_image\":\"\\/6\\/_\\/6_1.jpg\",\"base_image_label\":\"6.JPG\",\"small_image\":\"\\/6\\/_\\/6_1.jpg\",\"small_image_label\":\"6.JPG\",\"thumbnail_image\":\"\\/6\\/_\\/6_1.jpg\",\"thumbnail_image_label\":\"6.JPG\",\"swatch_image\":null,\"swatch_image_label\":null,\"created_at\":\"9\\/9\\/22, 7:37 PM\",\"updated_at\":\"9\\/9\\/22, 8:11 PM\",\"new_from_date\":\"2009-09-22\",\"new_to_date\":null,\"display_product_options_in\":\"Block after Info Column\",\"map_price\":null,\"msrp_price\":null,\"map_enabled\":null,\"gift_message_available\":\"No\",\"custom_design\":null,\"custom_design_from\":null,\"custom_design_to\":null,\"custom_layout_update\":null,\"page_layout\":null,\"product_options_container\":null,\"msrp_display_actual_price_type\":\"Use config\",\"country_of_manufacture\":null,\"additional_attributes\":\"climate=All-Weather,color=Black,featured=1,manufacturer=Bub,material=Burlap,pattern=Color-Blocked,size=L\",\"qty\":\"100\",\"out_of_stock_qty\":\"0\",\"use_config_min_qty\":\"0\",\"is_qty_decimal\":\"0\",\"allow_backorders\":\"0\",\"use_config_backorders\":\"0\",\"min_cart_qty\":\"1\",\"use_config_min_sale_qty\":\"1\",\"max_cart_qty\":\"10000\",\"use_config_max_sale_qty\":\"1\",\"is_in_stock\":\"1\",\"notify_on_stock_below\":\"0\",\"use_config_notify_stock_qty\":\"0\",\"manage_stock\":\"0\",\"use_config_manage_stock\":\"0\",\"use_config_qty_increments\":\"0\",\"qty_increments\":\"0\",\"use_config_enable_qty_inc\":\"0\",\"enable_qty_increments\":\"0\",\"is_decimal_divided\":\"0\",\"website_id\":\"0\",\"related_skus\":null,\"related_position\":null,\"crosssell_skus\":null,\"crosssell_position\":null,\"upsell_skus\":null,\"upsell_position\":null,\"additional_images\":\"\\/6\\/_\\/6_1.jpg\",\"additional_image_labels\":\"6.JPG\",\"hide_from_product_page\":null,\"custom_options\":null,\"bundle_price_type\":null,\"bundle_sku_type\":null,\"bundle_price_view\":null,\"bundle_weight_type\":null,\"bundle_values\":null,\"bundle_shipment_type\":null,\"associated_skus\":null,\"downloadable_links\":null,\"downloadable_samples\":null,\"configurable_variations\":null,\"configurable_variation_labels\":null,\"image\":\"\\/6\\/_\\/6_1.jpg\",\"image_label\":\"6.JPG\",\"thumbnail\":\"\\/6\\/_\\/6_1.jpg\",\"thumbnail_label\":\"6.JPG\",\"_media_image\":\"\\/6\\/_\\/6_1.jpg\",\"_media_image_label\":\"6.JPG\",\"_media_is_disabled\":null,\"_store\":null,\"_attribute_set\":\"Default\",\"_product_websites\":\"base\",\"status\":\"1\",\"news_from_date\":\"2009-09-22\",\"news_to_date\":null,\"options_container\":\"Block after Info Column\",\"minimal_price\":null,\"msrp\":null,\"msrp_enabled\":null,\"special_from_date\":null,\"special_to_date\":null,\"min_qty\":\"0\",\"backorders\":\"0\",\"min_sale_qty\":\"1\",\"max_sale_qty\":\"10000\",\"notify_stock_qty\":\"0\",\"_related_sku\":null,\"_related_position\":null,\"_crosssell_sku\":null,\"_crosssell_position\":null,\"_upsell_sku\":null,\"_upsell_position\":null,\"meta_keyword\":\"Dior headband\",\"price_type\":null,\"shipment_type\":null,\"price_view\":null,\"weight_type\":null,\"sku_type\":null,\"climate\":\"All-Weather\",\"color\":\"Black\",\"featured\":\"1\",\"manufacturer\":\"Bub\",\"material\":\"Burlap\",\"pattern\":\"Color-Blocked\",\"size\":\"L\"},{\"sku\":\"7\",\"store_view_code\":null,\"attribute_set_code\":\"Default\",\"product_type\":\"simple\",\"categories\":\"Default Category\\/Hats\",\"product_websites\":\"base\",\"name\":\"Balenciaga headband\",\"description\":\"Balenciaga headband with strass\",\"short_description\":\"Balenciaga headband with strass\",\"weight\":null,\"product_online\":\"1\",\"tax_class_name\":\"Taxable Goods\",\"visibility\":\"Catalog, Search\",\"price\":\"11\",\"special_price\":null,\"special_price_from_date\":null,\"special_price_to_date\":null,\"url_key\":\"7balenciaga-headband\",\"meta_title\":\"Balenciaga headband\",\"meta_keywords\":\"Balenciaga headband\",\"meta_description\":\"Balenciaga headband\",\"base_image\":\"\\/7\\/_\\/7_1_1.jpg\",\"base_image_label\":\"7_1.JPG\",\"small_image\":\"\\/7\\/_\\/7_1_1.jpg\",\"small_image_label\":\"7_1.JPG\",\"thumbnail_image\":\"\\/7\\/_\\/7_1_1.jpg\",\"thumbnail_image_label\":\"7_1.JPG\",\"swatch_image\":null,\"swatch_image_label\":null,\"created_at\":\"9\\/9\\/22, 7:37 PM\",\"updated_at\":\"9\\/9\\/22, 8:11 PM\",\"new_from_date\":\"2009-09-22\",\"new_to_date\":null,\"display_product_options_in\":\"Block after Info Column\",\"map_price\":null,\"msrp_price\":null,\"map_enabled\":null,\"gift_message_available\":\"No\",\"custom_design\":null,\"custom_design_from\":null,\"custom_design_to\":null,\"custom_layout_update\":null,\"page_layout\":null,\"product_options_container\":null,\"msrp_display_actual_price_type\":\"Use config\",\"country_of_manufacture\":null,\"additional_attributes\":\"climate=All-Weather,color=Black,featured=0,manufacturer=Bub,material=Burlap,pattern=Color-Blocked,size=L\",\"qty\":\"100\",\"out_of_stock_qty\":\"0\",\"use_config_min_qty\":\"0\",\"is_qty_decimal\":\"0\",\"allow_backorders\":\"0\",\"use_config_backorders\":\"0\",\"min_cart_qty\":\"1\",\"use_config_min_sale_qty\":\"1\",\"max_cart_qty\":\"10000\",\"use_config_max_sale_qty\":\"1\",\"is_in_stock\":\"1\",\"notify_on_stock_below\":\"0\",\"use_config_notify_stock_qty\":\"0\",\"manage_stock\":\"0\",\"use_config_manage_stock\":\"0\",\"use_config_qty_increments\":\"0\",\"qty_increments\":\"0\",\"use_config_enable_qty_inc\":\"0\",\"enable_qty_increments\":\"0\",\"is_decimal_divided\":\"0\",\"website_id\":\"0\",\"related_skus\":null,\"related_position\":null,\"crosssell_skus\":null,\"crosssell_position\":null,\"upsell_skus\":null,\"upsell_position\":null,\"additional_images\":\"\\/7\\/_\\/7_1_1.jpg\",\"additional_image_labels\":\"7_1.JPG\",\"hide_from_product_page\":null,\"custom_options\":null,\"bundle_price_type\":null,\"bundle_sku_type\":null,\"bundle_price_view\":null,\"bundle_weight_type\":null,\"bundle_values\":null,\"bundle_shipment_type\":null,\"associated_skus\":null,\"downloadable_links\":null,\"downloadable_samples\":null,\"configurable_variations\":null,\"configurable_variation_labels\":null,\"image\":\"\\/7\\/_\\/7_1_1.jpg\",\"image_label\":\"7_1.JPG\",\"thumbnail\":\"\\/7\\/_\\/7_1_1.jpg\",\"thumbnail_label\":\"7_1.JPG\",\"_media_image\":\"\\/7\\/_\\/7_1_1.jpg\",\"_media_image_label\":\"7_1.JPG\",\"_media_is_disabled\":null,\"_store\":null,\"_attribute_set\":\"Default\",\"_product_websites\":\"base\",\"status\":\"1\",\"news_from_date\":\"2009-09-22\",\"news_to_date\":null,\"options_container\":\"Block after Info Column\",\"minimal_price\":null,\"msrp\":null,\"msrp_enabled\":null,\"special_from_date\":null,\"special_to_date\":null,\"min_qty\":\"0\",\"backorders\":\"0\",\"min_sale_qty\":\"1\",\"max_sale_qty\":\"10000\",\"notify_stock_qty\":\"0\",\"_related_sku\":null,\"_related_position\":null,\"_crosssell_sku\":null,\"_crosssell_position\":null,\"_upsell_sku\":null,\"_upsell_position\":null,\"meta_keyword\":\"Balenciaga headband\",\"price_type\":null,\"shipment_type\":null,\"price_view\":null,\"weight_type\":null,\"sku_type\":null,\"climate\":\"All-Weather\",\"color\":\"Black\",\"featured\":\"0\",\"manufacturer\":\"Bub\",\"material\":\"Burlap\",\"pattern\":\"Color-Blocked\",\"size\":\"L\"},{\"sku\":\"8\",\"store_view_code\":null,\"attribute_set_code\":\"Default\",\"product_type\":\"simple\",\"categories\":\"Default Category\\/Hats\",\"product_websites\":\"base\",\"name\":\"Balenciaga Canvas\",\"description\":\"Balenciaga canvas for beach and summer\",\"short_description\":\"Balenciaga canvas for beach and summer\",\"weight\":null,\"product_online\":\"1\",\"tax_class_name\":\"Taxable Goods\",\"visibility\":\"Catalog, Search\",\"price\":\"16\",\"special_price\":null,\"special_price_from_date\":null,\"special_price_to_date\":null,\"url_key\":\"8balenciaga-canvas\",\"meta_title\":\"Balenciaga Canvas\",\"meta_keywords\":\"Balenciaga Canvas\",\"meta_description\":\"Balenciaga Canvas\",\"base_image\":\"\\/8\\/_\\/8_1.jpg\",\"base_image_label\":\"8.JPG\",\"small_image\":\"\\/8\\/_\\/8_1.jpg\",\"small_image_label\":\"8.JPG\",\"thumbnail_image\":\"\\/8\\/_\\/8_1.jpg\",\"thumbnail_image_label\":\"8.JPG\",\"swatch_image\":null,\"swatch_image_label\":null,\"created_at\":\"9\\/9\\/22, 7:37 PM\",\"updated_at\":\"9\\/9\\/22, 8:11 PM\",\"new_from_date\":null,\"new_to_date\":null,\"display_product_options_in\":\"Block after Info Column\",\"map_price\":null,\"msrp_price\":null,\"map_enabled\":null,\"gift_message_available\":\"No\",\"custom_design\":null,\"custom_design_from\":null,\"custom_design_to\":null,\"custom_layout_update\":null,\"page_layout\":null,\"product_options_container\":null,\"msrp_display_actual_price_type\":\"Use config\",\"country_of_manufacture\":null,\"additional_attributes\":\"climate=All-Weather,color=Black,featured=1,manufacturer=Bub,material=Burlap,pattern=Color-Blocked,size=L\",\"qty\":\"100\",\"out_of_stock_qty\":\"0\",\"use_config_min_qty\":\"0\",\"is_qty_decimal\":\"0\",\"allow_backorders\":\"0\",\"use_config_backorders\":\"0\",\"min_cart_qty\":\"1\",\"use_config_min_sale_qty\":\"1\",\"max_cart_qty\":\"10000\",\"use_config_max_sale_qty\":\"1\",\"is_in_stock\":\"1\",\"notify_on_stock_below\":\"0\",\"use_config_notify_stock_qty\":\"0\",\"manage_stock\":\"0\",\"use_config_manage_stock\":\"0\",\"use_config_qty_increments\":\"0\",\"qty_increments\":\"0\",\"use_config_enable_qty_inc\":\"0\",\"enable_qty_increments\":\"0\",\"is_decimal_divided\":\"0\",\"website_id\":\"0\",\"related_skus\":null,\"related_position\":null,\"crosssell_skus\":null,\"crosssell_position\":null,\"upsell_skus\":null,\"upsell_position\":null,\"additional_images\":\"\\/8\\/_\\/8_1.jpg\",\"additional_image_labels\":\"8.JPG\",\"hide_from_product_page\":null,\"custom_options\":null,\"bundle_price_type\":null,\"bundle_sku_type\":null,\"bundle_price_view\":null,\"bundle_weight_type\":null,\"bundle_values\":null,\"bundle_shipment_type\":null,\"associated_skus\":null,\"downloadable_links\":null,\"downloadable_samples\":null,\"configurable_variations\":null,\"configurable_variation_labels\":null,\"image\":\"\\/8\\/_\\/8_1.jpg\",\"image_label\":\"8.JPG\",\"thumbnail\":\"\\/8\\/_\\/8_1.jpg\",\"thumbnail_label\":\"8.JPG\",\"_media_image\":\"\\/8\\/_\\/8_1.jpg\",\"_media_image_label\":\"8.JPG\",\"_media_is_disabled\":null,\"_store\":null,\"_attribute_set\":\"Default\",\"_product_websites\":\"base\",\"status\":\"1\",\"news_from_date\":null,\"news_to_date\":null,\"options_container\":\"Block after Info Column\",\"minimal_price\":null,\"msrp\":null,\"msrp_enabled\":null,\"special_from_date\":null,\"special_to_date\":null,\"min_qty\":\"0\",\"backorders\":\"0\",\"min_sale_qty\":\"1\",\"max_sale_qty\":\"10000\",\"notify_stock_qty\":\"0\",\"_related_sku\":null,\"_related_position\":null,\"_crosssell_sku\":null,\"_crosssell_position\":null,\"_upsell_sku\":null,\"_upsell_position\":null,\"meta_keyword\":\"Balenciaga Canvas\",\"price_type\":null,\"shipment_type\":null,\"price_view\":null,\"weight_type\":null,\"sku_type\":null,\"climate\":\"All-Weather\",\"color\":\"Black\",\"featured\":\"1\",\"manufacturer\":\"Bub\",\"material\":\"Burlap\",\"pattern\":\"Color-Blocked\",\"size\":\"L\"},{\"sku\":\"9\",\"store_view_code\":null,\"attribute_set_code\":\"Default\",\"product_type\":\"simple\",\"categories\":\"Default Category\\/Hats\",\"product_websites\":\"base\",\"name\":\"Dior Canvas\",\"description\":\"Dior Canvas for summer\",\"short_description\":\"Dior Canvas for summer\",\"weight\":null,\"product_online\":\"1\",\"tax_class_name\":\"Taxable Goods\",\"visibility\":\"Catalog, Search\",\"price\":\"16\",\"special_price\":null,\"special_price_from_date\":null,\"special_price_to_date\":null,\"url_key\":\"9dior-canvas\",\"meta_title\":\"Dior Canvas\",\"meta_keywords\":\"Dior Canvas\",\"meta_description\":\"Dior Canvas\",\"base_image\":\"\\/9\\/_\\/9_1_1.jpg\",\"base_image_label\":\"9_1.JPG\",\"small_image\":\"\\/9\\/_\\/9_1_1.jpg\",\"small_image_label\":\"9_1.JPG\",\"thumbnail_image\":\"\\/9\\/_\\/9_1_1.jpg\",\"thumbnail_image_label\":\"9_1.JPG\",\"swatch_image\":null,\"swatch_image_label\":null,\"created_at\":\"9\\/9\\/22, 7:37 PM\",\"updated_at\":\"9\\/9\\/22, 8:12 PM\",\"new_from_date\":\"2009-09-22\",\"new_to_date\":null,\"display_product_options_in\":\"Block after Info Column\",\"map_price\":null,\"msrp_price\":null,\"map_enabled\":null,\"gift_message_available\":\"No\",\"custom_design\":null,\"custom_design_from\":null,\"custom_design_to\":null,\"custom_layout_update\":null,\"page_layout\":null,\"product_options_container\":null,\"msrp_display_actual_price_type\":\"Use config\",\"country_of_manufacture\":null,\"additional_attributes\":\"climate=All-Weather,color=Black,featured=0,manufacturer=Bub,material=Burlap,pattern=Color-Blocked,size=L\",\"qty\":\"100\",\"out_of_stock_qty\":\"0\",\"use_config_min_qty\":\"0\",\"is_qty_decimal\":\"0\",\"allow_backorders\":\"0\",\"use_config_backorders\":\"0\",\"min_cart_qty\":\"1\",\"use_config_min_sale_qty\":\"1\",\"max_cart_qty\":\"10000\",\"use_config_max_sale_qty\":\"1\",\"is_in_stock\":\"1\",\"notify_on_stock_below\":\"0\",\"use_config_notify_stock_qty\":\"0\",\"manage_stock\":\"0\",\"use_config_manage_stock\":\"0\",\"use_config_qty_increments\":\"0\",\"qty_increments\":\"0\",\"use_config_enable_qty_inc\":\"0\",\"enable_qty_increments\":\"0\",\"is_decimal_divided\":\"0\",\"website_id\":\"0\",\"related_skus\":null,\"related_position\":null,\"crosssell_skus\":null,\"crosssell_position\":null,\"upsell_skus\":null,\"upsell_position\":null,\"additional_images\":\"\\/9\\/_\\/9_1_1.jpg\",\"additional_image_labels\":\"9_1.JPG\",\"hide_from_product_page\":null,\"custom_options\":null,\"bundle_price_type\":null,\"bundle_sku_type\":null,\"bundle_price_view\":null,\"bundle_weight_type\":null,\"bundle_values\":null,\"bundle_shipment_type\":null,\"associated_skus\":null,\"downloadable_links\":null,\"downloadable_samples\":null,\"configurable_variations\":null,\"configurable_variation_labels\":null,\"image\":\"\\/9\\/_\\/9_1_1.jpg\",\"image_label\":\"9_1.JPG\",\"thumbnail\":\"\\/9\\/_\\/9_1_1.jpg\",\"thumbnail_label\":\"9_1.JPG\",\"_media_image\":\"\\/9\\/_\\/9_1_1.jpg\",\"_media_image_label\":\"9_1.JPG\",\"_media_is_disabled\":null,\"_store\":null,\"_attribute_set\":\"Default\",\"_product_websites\":\"base\",\"status\":\"1\",\"news_from_date\":\"2009-09-22\",\"news_to_date\":null,\"options_container\":\"Block after Info Column\",\"minimal_price\":null,\"msrp\":null,\"msrp_enabled\":null,\"special_from_date\":null,\"special_to_date\":null,\"min_qty\":\"0\",\"backorders\":\"0\",\"min_sale_qty\":\"1\",\"max_sale_qty\":\"10000\",\"notify_stock_qty\":\"0\",\"_related_sku\":null,\"_related_position\":null,\"_crosssell_sku\":null,\"_crosssell_position\":null,\"_upsell_sku\":null,\"_upsell_position\":null,\"meta_keyword\":\"Dior Canvas\",\"price_type\":null,\"shipment_type\":null,\"price_view\":null,\"weight_type\":null,\"sku_type\":null,\"climate\":\"All-Weather\",\"color\":\"Black\",\"featured\":\"0\",\"manufacturer\":\"Bub\",\"material\":\"Burlap\",\"pattern\":\"Color-Blocked\",\"size\":\"L\"},{\"sku\":\"10\",\"store_view_code\":null,\"attribute_set_code\":\"Default\",\"product_type\":\"simple\",\"categories\":\"Default Category\\/Hats\",\"product_websites\":\"base\",\"name\":\"Gucci Canvas\",\"description\":\"Gucci Canvas with red line logo\",\"short_description\":\"Gucci Canvas with red line logo\",\"weight\":null,\"product_online\":\"1\",\"tax_class_name\":\"Taxable Goods\",\"visibility\":\"Catalog, Search\",\"price\":\"16\",\"special_price\":null,\"special_price_from_date\":null,\"special_price_to_date\":null,\"url_key\":\"10gucci-canvas\",\"meta_title\":\"Gucci Canvas\",\"meta_keywords\":\"Gucci Canvas\",\"meta_description\":\"Gucci Canvas\",\"base_image\":\"\\/1\\/0\\/10_1.jpg\",\"base_image_label\":\"10.JPG\",\"small_image\":\"\\/1\\/0\\/10_1.jpg\",\"small_image_label\":\"10.JPG\",\"thumbnail_image\":\"\\/1\\/0\\/10_1.jpg\",\"thumbnail_image_label\":\"10.JPG\",\"swatch_image\":null,\"swatch_image_label\":null,\"created_at\":\"9\\/9\\/22, 7:37 PM\",\"updated_at\":\"9\\/9\\/22, 8:12 PM\",\"new_from_date\":\"2009-09-22\",\"new_to_date\":null,\"display_product_options_in\":\"Block after Info Column\",\"map_price\":null,\"msrp_price\":null,\"map_enabled\":null,\"gift_message_available\":\"No\",\"custom_design\":null,\"custom_design_from\":null,\"custom_design_to\":null,\"custom_layout_update\":null,\"page_layout\":null,\"product_options_container\":null,\"msrp_display_actual_price_type\":\"Use config\",\"country_of_manufacture\":null,\"additional_attributes\":\"climate=All-Weather,color=Black,featured=0,manufacturer=Bub,material=Burlap,pattern=Color-Blocked,size=L\",\"qty\":\"100\",\"out_of_stock_qty\":\"0\",\"use_config_min_qty\":\"0\",\"is_qty_decimal\":\"0\",\"allow_backorders\":\"0\",\"use_config_backorders\":\"0\",\"min_cart_qty\":\"1\",\"use_config_min_sale_qty\":\"1\",\"max_cart_qty\":\"10000\",\"use_config_max_sale_qty\":\"1\",\"is_in_stock\":\"1\",\"notify_on_stock_below\":\"0\",\"use_config_notify_stock_qty\":\"0\",\"manage_stock\":\"0\",\"use_config_manage_stock\":\"0\",\"use_config_qty_increments\":\"0\",\"qty_increments\":\"0\",\"use_config_enable_qty_inc\":\"0\",\"enable_qty_increments\":\"0\",\"is_decimal_divided\":\"0\",\"website_id\":\"0\",\"related_skus\":null,\"related_position\":null,\"crosssell_skus\":null,\"crosssell_position\":null,\"upsell_skus\":null,\"upsell_position\":null,\"additional_images\":\"\\/1\\/0\\/10_1.jpg\",\"additional_image_labels\":\"10.JPG\",\"hide_from_product_page\":null,\"custom_options\":null,\"bundle_price_type\":null,\"bundle_sku_type\":null,\"bundle_price_view\":null,\"bundle_weight_type\":null,\"bundle_values\":null,\"bundle_shipment_type\":null,\"associated_skus\":null,\"downloadable_links\":null,\"downloadable_samples\":null,\"configurable_variations\":null,\"configurable_variation_labels\":null,\"image\":\"\\/1\\/0\\/10_1.jpg\",\"image_label\":\"10.JPG\",\"thumbnail\":\"\\/1\\/0\\/10_1.jpg\",\"thumbnail_label\":\"10.JPG\",\"_media_image\":\"\\/1\\/0\\/10_1.jpg\",\"_media_image_label\":\"10.JPG\",\"_media_is_disabled\":null,\"_store\":null,\"_attribute_set\":\"Default\",\"_product_websites\":\"base\",\"status\":\"1\",\"news_from_date\":\"2009-09-22\",\"news_to_date\":null,\"options_container\":\"Block after Info Column\",\"minimal_price\":null,\"msrp\":null,\"msrp_enabled\":null,\"special_from_date\":null,\"special_to_date\":null,\"min_qty\":\"0\",\"backorders\":\"0\",\"min_sale_qty\":\"1\",\"max_sale_qty\":\"10000\",\"notify_stock_qty\":\"0\",\"_related_sku\":null,\"_related_position\":null,\"_crosssell_sku\":null,\"_crosssell_position\":null,\"_upsell_sku\":null,\"_upsell_position\":null,\"meta_keyword\":\"Gucci Canvas\",\"price_type\":null,\"shipment_type\":null,\"price_view\":null,\"weight_type\":null,\"sku_type\":null,\"climate\":\"All-Weather\",\"color\":\"Black\",\"featured\":\"0\",\"manufacturer\":\"Bub\",\"material\":\"Burlap\",\"pattern\":\"Color-Blocked\",\"size\":\"L\"},{\"sku\":\"11\",\"store_view_code\":null,\"attribute_set_code\":\"Default\",\"product_type\":\"simple\",\"categories\":\"Default Category\\/Hats\",\"product_websites\":\"base\",\"name\":\"Gucci Canvas\",\"description\":\"Gucci canvas with brown line for summer\",\"short_description\":\"Gucci canvas with brown line for summer\",\"weight\":null,\"product_online\":\"1\",\"tax_class_name\":\"Taxable Goods\",\"visibility\":\"Catalog, Search\",\"price\":\"16\",\"special_price\":null,\"special_price_from_date\":null,\"special_price_to_date\":null,\"url_key\":\"11gucci-canvas\",\"meta_title\":\"Gucci Canvas\",\"meta_keywords\":\"Gucci Canvas\",\"meta_description\":\"Gucci Canvas\",\"base_image\":\"\\/1\\/1\\/11_1_1.jpg\",\"base_image_label\":\"11_1.JPG\",\"small_image\":\"\\/1\\/1\\/11_1_1.jpg\",\"small_image_label\":\"11_1.JPG\",\"thumbnail_image\":\"\\/1\\/1\\/11_1_1.jpg\",\"thumbnail_image_label\":\"11_1.JPG\",\"swatch_image\":null,\"swatch_image_label\":null,\"created_at\":\"9\\/9\\/22, 7:37 PM\",\"updated_at\":\"9\\/9\\/22, 8:12 PM\",\"new_from_date\":\"2009-09-22\",\"new_to_date\":null,\"display_product_options_in\":\"Block after Info Column\",\"map_price\":null,\"msrp_price\":null,\"map_enabled\":null,\"gift_message_available\":\"No\",\"custom_design\":null,\"custom_design_from\":null,\"custom_design_to\":null,\"custom_layout_update\":null,\"page_layout\":null,\"product_options_container\":null,\"msrp_display_actual_price_type\":\"Use config\",\"country_of_manufacture\":null,\"additional_attributes\":\"climate=All-Weather,color=Black,featured=1,manufacturer=Bub,material=Burlap,pattern=Color-Blocked,size=L\",\"qty\":\"100\",\"out_of_stock_qty\":\"0\",\"use_config_min_qty\":\"0\",\"is_qty_decimal\":\"0\",\"allow_backorders\":\"0\",\"use_config_backorders\":\"0\",\"min_cart_qty\":\"1\",\"use_config_min_sale_qty\":\"1\",\"max_cart_qty\":\"10000\",\"use_config_max_sale_qty\":\"1\",\"is_in_stock\":\"1\",\"notify_on_stock_below\":\"0\",\"use_config_notify_stock_qty\":\"0\",\"manage_stock\":\"0\",\"use_config_manage_stock\":\"0\",\"use_config_qty_increments\":\"0\",\"qty_increments\":\"0\",\"use_config_enable_qty_inc\":\"0\",\"enable_qty_increments\":\"0\",\"is_decimal_divided\":\"0\",\"website_id\":\"0\",\"related_skus\":null,\"related_position\":null,\"crosssell_skus\":null,\"crosssell_position\":null,\"upsell_skus\":null,\"upsell_position\":null,\"additional_images\":\"\\/1\\/1\\/11_1_1.jpg\",\"additional_image_labels\":\"11_1.JPG\",\"hide_from_product_page\":null,\"custom_options\":null,\"bundle_price_type\":null,\"bundle_sku_type\":null,\"bundle_price_view\":null,\"bundle_weight_type\":null,\"bundle_values\":null,\"bundle_shipment_type\":null,\"associated_skus\":null,\"downloadable_links\":null,\"downloadable_samples\":null,\"configurable_variations\":null,\"configurable_variation_labels\":null,\"image\":\"\\/1\\/1\\/11_1_1.jpg\",\"image_label\":\"11_1.JPG\",\"thumbnail\":\"\\/1\\/1\\/11_1_1.jpg\",\"thumbnail_label\":\"11_1.JPG\",\"_media_image\":\"\\/1\\/1\\/11_1_1.jpg\",\"_media_image_label\":\"11_1.JPG\",\"_media_is_disabled\":null,\"_store\":null,\"_attribute_set\":\"Default\",\"_product_websites\":\"base\",\"status\":\"1\",\"news_from_date\":\"2009-09-22\",\"news_to_date\":null,\"options_container\":\"Block after Info Column\",\"minimal_price\":null,\"msrp\":null,\"msrp_enabled\":null,\"special_from_date\":null,\"special_to_date\":null,\"min_qty\":\"0\",\"backorders\":\"0\",\"min_sale_qty\":\"1\",\"max_sale_qty\":\"10000\",\"notify_stock_qty\":\"0\",\"_related_sku\":null,\"_related_position\":null,\"_crosssell_sku\":null,\"_crosssell_position\":null,\"_upsell_sku\":null,\"_upsell_position\":null,\"meta_keyword\":\"Gucci Canvas\",\"price_type\":null,\"shipment_type\":null,\"price_view\":null,\"weight_type\":null,\"sku_type\":null,\"climate\":\"All-Weather\",\"color\":\"Black\",\"featured\":\"1\",\"manufacturer\":\"Bub\",\"material\":\"Burlap\",\"pattern\":\"Color-Blocked\",\"size\":\"L\"},{\"sku\":\"12\",\"store_view_code\":null,\"attribute_set_code\":\"Default\",\"product_type\":\"simple\",\"categories\":\"Default Category\\/Belts\",\"product_websites\":\"base\",\"name\":\"Prada Canvas\",\"description\":\"Prada canvas with logo for beach\",\"short_description\":\"Prada canvas with logo for beach\",\"weight\":null,\"product_online\":\"1\",\"tax_class_name\":\"Taxable Goods\",\"visibility\":\"Catalog, Search\",\"price\":\"16\",\"special_price\":null,\"special_price_from_date\":null,\"special_price_to_date\":null,\"url_key\":\"12prada canvas\",\"meta_title\":\"Prada Canvas\",\"meta_keywords\":\"Prada Canvas\",\"meta_description\":\"Prada Canvas\",\"base_image\":\"\\/1\\/2\\/12_1_1.jpg\",\"base_image_label\":\"12_1.JPG\",\"small_image\":\"\\/1\\/2\\/12_1_1.jpg\",\"small_image_label\":null,\"thumbnail_image\":\"\\/1\\/2\\/12_1_1.jpg\",\"thumbnail_image_label\":null,\"swatch_image\":null,\"swatch_image_label\":null,\"created_at\":\"9\\/9\\/22, 7:37 PM\",\"updated_at\":\"9\\/9\\/22, 7:45 PM\",\"new_from_date\":null,\"new_to_date\":null,\"display_product_options_in\":\"Block after Info Column\",\"map_price\":null,\"msrp_price\":null,\"map_enabled\":null,\"gift_message_available\":null,\"custom_design\":null,\"custom_design_from\":null,\"custom_design_to\":null,\"custom_layout_update\":null,\"page_layout\":null,\"product_options_container\":null,\"msrp_display_actual_price_type\":\"Use config\",\"country_of_manufacture\":null,\"additional_attributes\":\"climate=All-Weather,color=Black,manufacturer=Bub,material=Burlap,pattern=Color-Blocked,size=L\",\"qty\":\"100\",\"out_of_stock_qty\":\"0\",\"use_config_min_qty\":\"0\",\"is_qty_decimal\":\"0\",\"allow_backorders\":\"0\",\"use_config_backorders\":\"0\",\"min_cart_qty\":\"0\",\"use_config_min_sale_qty\":\"1\",\"max_cart_qty\":\"0\",\"use_config_max_sale_qty\":\"0\",\"is_in_stock\":\"0\",\"notify_on_stock_below\":null,\"use_config_notify_stock_qty\":\"0\",\"manage_stock\":\"0\",\"use_config_manage_stock\":\"0\",\"use_config_qty_increments\":\"0\",\"qty_increments\":\"0\",\"use_config_enable_qty_inc\":\"0\",\"enable_qty_increments\":\"0\",\"is_decimal_divided\":\"0\",\"website_id\":\"0\",\"related_skus\":null,\"related_position\":null,\"crosssell_skus\":null,\"crosssell_position\":null,\"upsell_skus\":null,\"upsell_position\":null,\"additional_images\":\"\\/1\\/2\\/12_1_1.jpg\",\"additional_image_labels\":\"12_1.JPG\",\"hide_from_product_page\":null,\"custom_options\":null,\"bundle_price_type\":null,\"bundle_sku_type\":null,\"bundle_price_view\":null,\"bundle_weight_type\":null,\"bundle_values\":null,\"bundle_shipment_type\":null,\"associated_skus\":null,\"downloadable_links\":null,\"downloadable_samples\":null,\"configurable_variations\":null,\"configurable_variation_labels\":null,\"image\":\"\\/1\\/2\\/12_1_1.jpg\",\"image_label\":\"12_1.JPG\",\"thumbnail\":\"\\/1\\/2\\/12_1_1.jpg\",\"thumbnail_label\":null,\"_media_image\":\"\\/1\\/2\\/12_1_1.jpg\",\"_media_image_label\":\"12_1.JPG\",\"_media_is_disabled\":null,\"_store\":null,\"_attribute_set\":\"Default\",\"_product_websites\":\"base\",\"status\":\"1\",\"news_from_date\":null,\"news_to_date\":null,\"options_container\":\"Block after Info Column\",\"minimal_price\":null,\"msrp\":null,\"msrp_enabled\":null,\"special_from_date\":null,\"special_to_date\":null,\"min_qty\":\"0\",\"backorders\":\"0\",\"min_sale_qty\":\"0\",\"max_sale_qty\":\"0\",\"notify_stock_qty\":null,\"_related_sku\":null,\"_related_position\":null,\"_crosssell_sku\":null,\"_crosssell_position\":null,\"_upsell_sku\":null,\"_upsell_position\":null,\"meta_keyword\":\"Prada Canvas\",\"price_type\":null,\"shipment_type\":null,\"price_view\":null,\"weight_type\":null,\"sku_type\":null,\"climate\":\"All-Weather\",\"color\":\"Black\",\"manufacturer\":\"Bub\",\"material\":\"Burlap\",\"pattern\":\"Color-Blocked\",\"size\":\"L\"},{\"sku\":\"13\",\"store_view_code\":null,\"attribute_set_code\":\"Default\",\"product_type\":\"simple\",\"categories\":\"Default Category\\/Belts\",\"product_websites\":\"base\",\"name\":\"Dior belt\",\"description\":\"Dior leather belt with CD logo\\nsize : 110 cm\",\"short_description\":\"Dior leather belt with CD logo\\nsize : 110 cm\",\"weight\":null,\"product_online\":\"1\",\"tax_class_name\":\"Taxable Goods\",\"visibility\":\"Catalog, Search\",\"price\":\"16\",\"special_price\":null,\"special_price_from_date\":null,\"special_price_to_date\":null,\"url_key\":\"13dior belt\",\"meta_title\":\"Dior belt\",\"meta_keywords\":\"Dior belt\",\"meta_description\":\"Dior belt\",\"base_image\":\"\\/1\\/3\\/13_1_1.jpg\",\"base_image_label\":\"13_1.JPG\",\"small_image\":\"\\/1\\/3\\/13_1_1.jpg\",\"small_image_label\":null,\"thumbnail_image\":\"\\/1\\/3\\/13_1_1.jpg\",\"thumbnail_image_label\":null,\"swatch_image\":null,\"swatch_image_label\":null,\"created_at\":\"9\\/9\\/22, 7:37 PM\",\"updated_at\":\"9\\/9\\/22, 7:45 PM\",\"new_from_date\":null,\"new_to_date\":null,\"display_product_options_in\":\"Block after Info Column\",\"map_price\":null,\"msrp_price\":null,\"map_enabled\":null,\"gift_message_available\":null,\"custom_design\":null,\"custom_design_from\":null,\"custom_design_to\":null,\"custom_layout_update\":null,\"page_layout\":null,\"product_options_container\":null,\"msrp_display_actual_price_type\":\"Use config\",\"country_of_manufacture\":null,\"additional_attributes\":\"climate=All-Weather,color=Black,manufacturer=Bub,material=Burlap,pattern=Color-Blocked,size=L\",\"qty\":\"100\",\"out_of_stock_qty\":\"0\",\"use_config_min_qty\":\"0\",\"is_qty_decimal\":\"0\",\"allow_backorders\":\"0\",\"use_config_backorders\":\"0\",\"min_cart_qty\":\"0\",\"use_config_min_sale_qty\":\"1\",\"max_cart_qty\":\"0\",\"use_config_max_sale_qty\":\"0\",\"is_in_stock\":\"0\",\"notify_on_stock_below\":null,\"use_config_notify_stock_qty\":\"0\",\"manage_stock\":\"0\",\"use_config_manage_stock\":\"0\",\"use_config_qty_increments\":\"0\",\"qty_increments\":\"0\",\"use_config_enable_qty_inc\":\"0\",\"enable_qty_increments\":\"0\",\"is_decimal_divided\":\"0\",\"website_id\":\"0\",\"related_skus\":null,\"related_position\":null,\"crosssell_skus\":null,\"crosssell_position\":null,\"upsell_skus\":null,\"upsell_position\":null,\"additional_images\":\"\\/1\\/3\\/13_1_1.jpg\",\"additional_image_labels\":\"13_1.JPG\",\"hide_from_product_page\":null,\"custom_options\":null,\"bundle_price_type\":null,\"bundle_sku_type\":null,\"bundle_price_view\":null,\"bundle_weight_type\":null,\"bundle_values\":null,\"bundle_shipment_type\":null,\"associated_skus\":null,\"downloadable_links\":null,\"downloadable_samples\":null,\"configurable_variations\":null,\"configurable_variation_labels\":null,\"image\":\"\\/1\\/3\\/13_1_1.jpg\",\"image_label\":\"13_1.JPG\",\"thumbnail\":\"\\/1\\/3\\/13_1_1.jpg\",\"thumbnail_label\":null,\"_media_image\":\"\\/1\\/3\\/13_1_1.jpg\",\"_media_image_label\":\"13_1.JPG\",\"_media_is_disabled\":null,\"_store\":null,\"_attribute_set\":\"Default\",\"_product_websites\":\"base\",\"status\":\"1\",\"news_from_date\":null,\"news_to_date\":null,\"options_container\":\"Block after Info Column\",\"minimal_price\":null,\"msrp\":null,\"msrp_enabled\":null,\"special_from_date\":null,\"special_to_date\":null,\"min_qty\":\"0\",\"backorders\":\"0\",\"min_sale_qty\":\"0\",\"max_sale_qty\":\"0\",\"notify_stock_qty\":null,\"_related_sku\":null,\"_related_position\":null,\"_crosssell_sku\":null,\"_crosssell_position\":null,\"_upsell_sku\":null,\"_upsell_position\":null,\"meta_keyword\":\"Dior belt\",\"price_type\":null,\"shipment_type\":null,\"price_view\":null,\"weight_type\":null,\"sku_type\":null,\"climate\":\"All-Weather\",\"color\":\"Black\",\"manufacturer\":\"Bub\",\"material\":\"Burlap\",\"pattern\":\"Color-Blocked\",\"size\":\"L\"},{\"sku\":\"14\",\"store_view_code\":null,\"attribute_set_code\":\"Default\",\"product_type\":\"simple\",\"categories\":\"Default Category\\/Belts\",\"product_websites\":\"base\",\"name\":\"Saint Laurnet belt\",\"description\":\"YSL leather belt with logo\\nSize : 110 cm\",\"short_description\":\"YSL leather belt with logo\\nSize : 110 cm\",\"weight\":null,\"product_online\":\"1\",\"tax_class_name\":\"Taxable Goods\",\"visibility\":\"Catalog, Search\",\"price\":\"16\",\"special_price\":null,\"special_price_from_date\":null,\"special_price_to_date\":null,\"url_key\":\"14saint laurnet belt\",\"meta_title\":\"Saint Laurnet belt\",\"meta_keywords\":\"Saint Laurnet belt\",\"meta_description\":\"Saint Laurnet belt\",\"base_image\":\"\\/1\\/4\\/14_1_1.jpg\",\"base_image_label\":\"14_1.JPG\",\"small_image\":\"\\/1\\/4\\/14_1_1.jpg\",\"small_image_label\":null,\"thumbnail_image\":\"\\/1\\/4\\/14_1_1.jpg\",\"thumbnail_image_label\":null,\"swatch_image\":null,\"swatch_image_label\":null,\"created_at\":\"9\\/9\\/22, 7:37 PM\",\"updated_at\":\"9\\/9\\/22, 7:45 PM\",\"new_from_date\":null,\"new_to_date\":null,\"display_product_options_in\":\"Block after Info Column\",\"map_price\":null,\"msrp_price\":null,\"map_enabled\":null,\"gift_message_available\":null,\"custom_design\":null,\"custom_design_from\":null,\"custom_design_to\":null,\"custom_layout_update\":null,\"page_layout\":null,\"product_options_container\":null,\"msrp_display_actual_price_type\":\"Use config\",\"country_of_manufacture\":null,\"additional_attributes\":\"climate=All-Weather,color=Black,manufacturer=Bub,material=Burlap,pattern=Color-Blocked,size=L\",\"qty\":\"100\",\"out_of_stock_qty\":\"0\",\"use_config_min_qty\":\"0\",\"is_qty_decimal\":\"0\",\"allow_backorders\":\"0\",\"use_config_backorders\":\"0\",\"min_cart_qty\":\"0\",\"use_config_min_sale_qty\":\"1\",\"max_cart_qty\":\"0\",\"use_config_max_sale_qty\":\"0\",\"is_in_stock\":\"0\",\"notify_on_stock_below\":null,\"use_config_notify_stock_qty\":\"0\",\"manage_stock\":\"0\",\"use_config_manage_stock\":\"0\",\"use_config_qty_increments\":\"0\",\"qty_increments\":\"0\",\"use_config_enable_qty_inc\":\"0\",\"enable_qty_increments\":\"0\",\"is_decimal_divided\":\"0\",\"website_id\":\"0\",\"related_skus\":null,\"related_position\":null,\"crosssell_skus\":null,\"crosssell_position\":null,\"upsell_skus\":null,\"upsell_position\":null,\"additional_images\":\"\\/1\\/4\\/14_1_1.jpg\",\"additional_image_labels\":\"14_1.JPG\",\"hide_from_product_page\":null,\"custom_options\":null,\"bundle_price_type\":null,\"bundle_sku_type\":null,\"bundle_price_view\":null,\"bundle_weight_type\":null,\"bundle_values\":null,\"bundle_shipment_type\":null,\"associated_skus\":null,\"downloadable_links\":null,\"downloadable_samples\":null,\"configurable_variations\":null,\"configurable_variation_labels\":null,\"image\":\"\\/1\\/4\\/14_1_1.jpg\",\"image_label\":\"14_1.JPG\",\"thumbnail\":\"\\/1\\/4\\/14_1_1.jpg\",\"thumbnail_label\":null,\"_media_image\":\"\\/1\\/4\\/14_1_1.jpg\",\"_media_image_label\":\"14_1.JPG\",\"_media_is_disabled\":null,\"_store\":null,\"_attribute_set\":\"Default\",\"_product_websites\":\"base\",\"status\":\"1\",\"news_from_date\":null,\"news_to_date\":null,\"options_container\":\"Block after Info Column\",\"minimal_price\":null,\"msrp\":null,\"msrp_enabled\":null,\"special_from_date\":null,\"special_to_date\":null,\"min_qty\":\"0\",\"backorders\":\"0\",\"min_sale_qty\":\"0\",\"max_sale_qty\":\"0\",\"notify_stock_qty\":null,\"_related_sku\":null,\"_related_position\":null,\"_crosssell_sku\":null,\"_crosssell_position\":null,\"_upsell_sku\":null,\"_upsell_position\":null,\"meta_keyword\":\"Saint Laurnet belt\",\"price_type\":null,\"shipment_type\":null,\"price_view\":null,\"weight_type\":null,\"sku_type\":null,\"climate\":\"All-Weather\",\"color\":\"Black\",\"manufacturer\":\"Bub\",\"material\":\"Burlap\",\"pattern\":\"Color-Blocked\",\"size\":\"L\"},{\"sku\":\"15\",\"store_view_code\":null,\"attribute_set_code\":\"Default\",\"product_type\":\"simple\",\"categories\":\"Default Category\\/Belts\",\"product_websites\":\"base\",\"name\":\"Gucci belt\",\"description\":\"Gucci belt beige printed GG\\nSize : 110 cm\",\"short_description\":\"Gucci belt beige printed GG\\nSize : 110 cm\",\"weight\":null,\"product_online\":\"1\",\"tax_class_name\":\"Taxable Goods\",\"visibility\":\"Catalog, Search\",\"price\":\"16\",\"special_price\":null,\"special_price_from_date\":null,\"special_price_to_date\":null,\"url_key\":\"15gucci belt\",\"meta_title\":\"Gucci belt\",\"meta_keywords\":\"Gucci belt\",\"meta_description\":\"Gucci belt\",\"base_image\":\"\\/1\\/5\\/15_1_1.jpg\",\"base_image_label\":\"15_1.JPG\",\"small_image\":\"\\/1\\/5\\/15_1_1.jpg\",\"small_image_label\":null,\"thumbnail_image\":\"\\/1\\/5\\/15_1_1.jpg\",\"thumbnail_image_label\":null,\"swatch_image\":null,\"swatch_image_label\":null,\"created_at\":\"9\\/9\\/22, 7:37 PM\",\"updated_at\":\"9\\/9\\/22, 7:45 PM\",\"new_from_date\":null,\"new_to_date\":null,\"display_product_options_in\":\"Block after Info Column\",\"map_price\":null,\"msrp_price\":null,\"map_enabled\":null,\"gift_message_available\":null,\"custom_design\":null,\"custom_design_from\":null,\"custom_design_to\":null,\"custom_layout_update\":null,\"page_layout\":null,\"product_options_container\":null,\"msrp_display_actual_price_type\":\"Use config\",\"country_of_manufacture\":null,\"additional_attributes\":\"climate=All-Weather,color=Black,manufacturer=Bub,material=Burlap,pattern=Color-Blocked,size=L\",\"qty\":\"100\",\"out_of_stock_qty\":\"0\",\"use_config_min_qty\":\"0\",\"is_qty_decimal\":\"0\",\"allow_backorders\":\"0\",\"use_config_backorders\":\"0\",\"min_cart_qty\":\"0\",\"use_config_min_sale_qty\":\"1\",\"max_cart_qty\":\"0\",\"use_config_max_sale_qty\":\"0\",\"is_in_stock\":\"0\",\"notify_on_stock_below\":null,\"use_config_notify_stock_qty\":\"0\",\"manage_stock\":\"0\",\"use_config_manage_stock\":\"0\",\"use_config_qty_increments\":\"0\",\"qty_increments\":\"0\",\"use_config_enable_qty_inc\":\"0\",\"enable_qty_increments\":\"0\",\"is_decimal_divided\":\"0\",\"website_id\":\"0\",\"related_skus\":null,\"related_position\":null,\"crosssell_skus\":null,\"crosssell_position\":null,\"upsell_skus\":null,\"upsell_position\":null,\"additional_images\":\"\\/1\\/5\\/15_1_1.jpg\",\"additional_image_labels\":\"15_1.JPG\",\"hide_from_product_page\":null,\"custom_options\":null,\"bundle_price_type\":null,\"bundle_sku_type\":null,\"bundle_price_view\":null,\"bundle_weight_type\":null,\"bundle_values\":null,\"bundle_shipment_type\":null,\"associated_skus\":null,\"downloadable_links\":null,\"downloadable_samples\":null,\"configurable_variations\":null,\"configurable_variation_labels\":null,\"image\":\"\\/1\\/5\\/15_1_1.jpg\",\"image_label\":\"15_1.JPG\",\"thumbnail\":\"\\/1\\/5\\/15_1_1.jpg\",\"thumbnail_label\":null,\"_media_image\":\"\\/1\\/5\\/15_1_1.jpg\",\"_media_image_label\":\"15_1.JPG\",\"_media_is_disabled\":null,\"_store\":null,\"_attribute_set\":\"Default\",\"_product_websites\":\"base\",\"status\":\"1\",\"news_from_date\":null,\"news_to_date\":null,\"options_container\":\"Block after Info Column\",\"minimal_price\":null,\"msrp\":null,\"msrp_enabled\":null,\"special_from_date\":null,\"special_to_date\":null,\"min_qty\":\"0\",\"backorders\":\"0\",\"min_sale_qty\":\"0\",\"max_sale_qty\":\"0\",\"notify_stock_qty\":null,\"_related_sku\":null,\"_related_position\":null,\"_crosssell_sku\":null,\"_crosssell_position\":null,\"_upsell_sku\":null,\"_upsell_position\":null,\"meta_keyword\":\"Gucci belt\",\"price_type\":null,\"shipment_type\":null,\"price_view\":null,\"weight_type\":null,\"sku_type\":null,\"climate\":\"All-Weather\",\"color\":\"Black\",\"manufacturer\":\"Bub\",\"material\":\"Burlap\",\"pattern\":\"Color-Blocked\",\"size\":\"L\"},{\"sku\":\"16\",\"store_view_code\":null,\"attribute_set_code\":\"Default\",\"product_type\":\"simple\",\"categories\":\"Default Category\\/Belts\",\"product_websites\":\"base\",\"name\":\"Channel wide belt\",\"description\":\"Chanel wide belt with colored stone logo\\nsize : 110 cm\",\"short_description\":\"Chanel wide belt with colored stone logo\\nsize : 110 cm\",\"weight\":null,\"product_online\":\"1\",\"tax_class_name\":\"Taxable Goods\",\"visibility\":\"Catalog, Search\",\"price\":\"16\",\"special_price\":null,\"special_price_from_date\":null,\"special_price_to_date\":null,\"url_key\":\"16channel wide belt\",\"meta_title\":\"Channel wide belt\",\"meta_keywords\":\"Channel wide belt\",\"meta_description\":\"Channel wide belt\",\"base_image\":\"\\/1\\/6\\/16_1_2.jpg\",\"base_image_label\":\"16_1.JPG\",\"small_image\":\"\\/1\\/6\\/16_1_2.jpg\",\"small_image_label\":null,\"thumbnail_image\":\"\\/1\\/6\\/16_1_2.jpg\",\"thumbnail_image_label\":null,\"swatch_image\":null,\"swatch_image_label\":null,\"created_at\":\"9\\/9\\/22, 7:37 PM\",\"updated_at\":\"9\\/9\\/22, 7:45 PM\",\"new_from_date\":null,\"new_to_date\":null,\"display_product_options_in\":\"Block after Info Column\",\"map_price\":null,\"msrp_price\":null,\"map_enabled\":null,\"gift_message_available\":null,\"custom_design\":null,\"custom_design_from\":null,\"custom_design_to\":null,\"custom_layout_update\":null,\"page_layout\":null,\"product_options_container\":null,\"msrp_display_actual_price_type\":\"Use config\",\"country_of_manufacture\":null,\"additional_attributes\":\"climate=All-Weather,color=Black,manufacturer=Bub,material=Burlap,pattern=Color-Blocked,size=L\",\"qty\":\"100\",\"out_of_stock_qty\":\"0\",\"use_config_min_qty\":\"0\",\"is_qty_decimal\":\"0\",\"allow_backorders\":\"0\",\"use_config_backorders\":\"0\",\"min_cart_qty\":\"0\",\"use_config_min_sale_qty\":\"1\",\"max_cart_qty\":\"0\",\"use_config_max_sale_qty\":\"0\",\"is_in_stock\":\"0\",\"notify_on_stock_below\":null,\"use_config_notify_stock_qty\":\"0\",\"manage_stock\":\"0\",\"use_config_manage_stock\":\"0\",\"use_config_qty_increments\":\"0\",\"qty_increments\":\"0\",\"use_config_enable_qty_inc\":\"0\",\"enable_qty_increments\":\"0\",\"is_decimal_divided\":\"0\",\"website_id\":\"0\",\"related_skus\":null,\"related_position\":null,\"crosssell_skus\":null,\"crosssell_position\":null,\"upsell_skus\":null,\"upsell_position\":null,\"additional_images\":\"\\/1\\/6\\/16_1_2.jpg\",\"additional_image_labels\":\"16_1.JPG\",\"hide_from_product_page\":null,\"custom_options\":null,\"bundle_price_type\":null,\"bundle_sku_type\":null,\"bundle_price_view\":null,\"bundle_weight_type\":null,\"bundle_values\":null,\"bundle_shipment_type\":null,\"associated_skus\":null,\"downloadable_links\":null,\"downloadable_samples\":null,\"configurable_variations\":null,\"configurable_variation_labels\":null,\"image\":\"\\/1\\/6\\/16_1_2.jpg\",\"image_label\":\"16_1.JPG\",\"thumbnail\":\"\\/1\\/6\\/16_1_2.jpg\",\"thumbnail_label\":null,\"_media_image\":\"\\/1\\/6\\/16_1_2.jpg\",\"_media_image_label\":\"16_1.JPG\",\"_media_is_disabled\":null,\"_store\":null,\"_attribute_set\":\"Default\",\"_product_websites\":\"base\",\"status\":\"1\",\"news_from_date\":null,\"news_to_date\":null,\"options_container\":\"Block after Info Column\",\"minimal_price\":null,\"msrp\":null,\"msrp_enabled\":null,\"special_from_date\":null,\"special_to_date\":null,\"min_qty\":\"0\",\"backorders\":\"0\",\"min_sale_qty\":\"0\",\"max_sale_qty\":\"0\",\"notify_stock_qty\":null,\"_related_sku\":null,\"_related_position\":null,\"_crosssell_sku\":null,\"_crosssell_position\":null,\"_upsell_sku\":null,\"_upsell_position\":null,\"meta_keyword\":\"Channel wide belt\",\"price_type\":null,\"shipment_type\":null,\"price_view\":null,\"weight_type\":null,\"sku_type\":null,\"climate\":\"All-Weather\",\"color\":\"Black\",\"manufacturer\":\"Bub\",\"material\":\"Burlap\",\"pattern\":\"Color-Blocked\",\"size\":\"L\"},{\"sku\":\"17\",\"store_view_code\":null,\"attribute_set_code\":\"Default\",\"product_type\":\"simple\",\"categories\":\"Default Category\\/Belts\",\"product_websites\":\"base\",\"name\":\"Channel wide belt\",\"description\":\"Gucci wide belt with colored stone logo\\nSize : 110 cm\",\"short_description\":\"Gucci wide belt with colored stone logo\\nSize : 110 cm\",\"weight\":null,\"product_online\":\"1\",\"tax_class_name\":\"Taxable Goods\",\"visibility\":\"Catalog, Search\",\"price\":\"16\",\"special_price\":null,\"special_price_from_date\":null,\"special_price_to_date\":null,\"url_key\":\"17channel wide belt\",\"meta_title\":\"Channel wide belt\",\"meta_keywords\":\"Channel wide belt\",\"meta_description\":\"Channel wide belt\",\"base_image\":\"\\/1\\/7\\/17_1_1.jpg\",\"base_image_label\":\"17_1.JPG\",\"small_image\":\"\\/1\\/7\\/17_1_1.jpg\",\"small_image_label\":null,\"thumbnail_image\":\"\\/1\\/7\\/17_1_1.jpg\",\"thumbnail_image_label\":null,\"swatch_image\":null,\"swatch_image_label\":null,\"created_at\":\"9\\/9\\/22, 7:37 PM\",\"updated_at\":\"9\\/9\\/22, 7:45 PM\",\"new_from_date\":null,\"new_to_date\":null,\"display_product_options_in\":\"Block after Info Column\",\"map_price\":null,\"msrp_price\":null,\"map_enabled\":null,\"gift_message_available\":null,\"custom_design\":null,\"custom_design_from\":null,\"custom_design_to\":null,\"custom_layout_update\":null,\"page_layout\":null,\"product_options_container\":null,\"msrp_display_actual_price_type\":\"Use config\",\"country_of_manufacture\":null,\"additional_attributes\":\"climate=All-Weather,color=Black,manufacturer=Bub,material=Burlap,pattern=Color-Blocked,size=L\",\"qty\":\"100\",\"out_of_stock_qty\":\"0\",\"use_config_min_qty\":\"0\",\"is_qty_decimal\":\"0\",\"allow_backorders\":\"0\",\"use_config_backorders\":\"0\",\"min_cart_qty\":\"0\",\"use_config_min_sale_qty\":\"1\",\"max_cart_qty\":\"0\",\"use_config_max_sale_qty\":\"0\",\"is_in_stock\":\"0\",\"notify_on_stock_below\":null,\"use_config_notify_stock_qty\":\"0\",\"manage_stock\":\"0\",\"use_config_manage_stock\":\"0\",\"use_config_qty_increments\":\"0\",\"qty_increments\":\"0\",\"use_config_enable_qty_inc\":\"0\",\"enable_qty_increments\":\"0\",\"is_decimal_divided\":\"0\",\"website_id\":\"0\",\"related_skus\":null,\"related_position\":null,\"crosssell_skus\":null,\"crosssell_position\":null,\"upsell_skus\":null,\"upsell_position\":null,\"additional_images\":\"\\/1\\/7\\/17_1_1.jpg\",\"additional_image_labels\":\"17_1.JPG\",\"hide_from_product_page\":null,\"custom_options\":null,\"bundle_price_type\":null,\"bundle_sku_type\":null,\"bundle_price_view\":null,\"bundle_weight_type\":null,\"bundle_values\":null,\"bundle_shipment_type\":null,\"associated_skus\":null,\"downloadable_links\":null,\"downloadable_samples\":null,\"configurable_variations\":null,\"configurable_variation_labels\":null,\"image\":\"\\/1\\/7\\/17_1_1.jpg\",\"image_label\":\"17_1.JPG\",\"thumbnail\":\"\\/1\\/7\\/17_1_1.jpg\",\"thumbnail_label\":null,\"_media_image\":\"\\/1\\/7\\/17_1_1.jpg\",\"_media_image_label\":\"17_1.JPG\",\"_media_is_disabled\":null,\"_store\":null,\"_attribute_set\":\"Default\",\"_product_websites\":\"base\",\"status\":\"1\",\"news_from_date\":null,\"news_to_date\":null,\"options_container\":\"Block after Info Column\",\"minimal_price\":null,\"msrp\":null,\"msrp_enabled\":null,\"special_from_date\":null,\"special_to_date\":null,\"min_qty\":\"0\",\"backorders\":\"0\",\"min_sale_qty\":\"0\",\"max_sale_qty\":\"0\",\"notify_stock_qty\":null,\"_related_sku\":null,\"_related_position\":null,\"_crosssell_sku\":null,\"_crosssell_position\":null,\"_upsell_sku\":null,\"_upsell_position\":null,\"meta_keyword\":\"Channel wide belt\",\"price_type\":null,\"shipment_type\":null,\"price_view\":null,\"weight_type\":null,\"sku_type\":null,\"climate\":\"All-Weather\",\"color\":\"Black\",\"manufacturer\":\"Bub\",\"material\":\"Burlap\",\"pattern\":\"Color-Blocked\",\"size\":\"L\"},{\"sku\":\"18\",\"store_view_code\":null,\"attribute_set_code\":\"Default\",\"product_type\":\"simple\",\"categories\":\"Default Category\\/Belts\",\"product_websites\":\"base\",\"name\":\"Channel wide belt\",\"description\":\"Chanel wide belt black logo\\nSize : 110 cm\",\"short_description\":\"Chanel wide belt black logo\\nSize : 110 cm\",\"weight\":null,\"product_online\":\"1\",\"tax_class_name\":\"Taxable Goods\",\"visibility\":\"Catalog, Search\",\"price\":\"16\",\"special_price\":null,\"special_price_from_date\":null,\"special_price_to_date\":null,\"url_key\":\"18channel wide belt\",\"meta_title\":\"Channel wide belt\",\"meta_keywords\":\"Channel wide belt\",\"meta_description\":\"Channel wide belt\",\"base_image\":\"\\/1\\/8\\/18_1_1.jpg\",\"base_image_label\":\"18_1.JPG\",\"small_image\":\"\\/1\\/8\\/18_1_1.jpg\",\"small_image_label\":null,\"thumbnail_image\":\"\\/1\\/8\\/18_1_1.jpg\",\"thumbnail_image_label\":null,\"swatch_image\":null,\"swatch_image_label\":null,\"created_at\":\"9\\/9\\/22, 7:37 PM\",\"updated_at\":\"9\\/9\\/22, 7:45 PM\",\"new_from_date\":null,\"new_to_date\":null,\"display_product_options_in\":\"Block after Info Column\",\"map_price\":null,\"msrp_price\":null,\"map_enabled\":null,\"gift_message_available\":null,\"custom_design\":null,\"custom_design_from\":null,\"custom_design_to\":null,\"custom_layout_update\":null,\"page_layout\":null,\"product_options_container\":null,\"msrp_display_actual_price_type\":\"Use config\",\"country_of_manufacture\":null,\"additional_attributes\":\"climate=All-Weather,color=Black,manufacturer=Bub,material=Burlap,pattern=Color-Blocked,size=L\",\"qty\":\"100\",\"out_of_stock_qty\":\"0\",\"use_config_min_qty\":\"0\",\"is_qty_decimal\":\"0\",\"allow_backorders\":\"0\",\"use_config_backorders\":\"0\",\"min_cart_qty\":\"0\",\"use_config_min_sale_qty\":\"1\",\"max_cart_qty\":\"0\",\"use_config_max_sale_qty\":\"0\",\"is_in_stock\":\"0\",\"notify_on_stock_below\":null,\"use_config_notify_stock_qty\":\"0\",\"manage_stock\":\"0\",\"use_config_manage_stock\":\"0\",\"use_config_qty_increments\":\"0\",\"qty_increments\":\"0\",\"use_config_enable_qty_inc\":\"0\",\"enable_qty_increments\":\"0\",\"is_decimal_divided\":\"0\",\"website_id\":\"0\",\"related_skus\":null,\"related_position\":null,\"crosssell_skus\":null,\"crosssell_position\":null,\"upsell_skus\":null,\"upsell_position\":null,\"additional_images\":\"\\/1\\/8\\/18_1_1.jpg\",\"additional_image_labels\":\"18_1.JPG\",\"hide_from_product_page\":null,\"custom_options\":null,\"bundle_price_type\":null,\"bundle_sku_type\":null,\"bundle_price_view\":null,\"bundle_weight_type\":null,\"bundle_values\":null,\"bundle_shipment_type\":null,\"associated_skus\":null,\"downloadable_links\":null,\"downloadable_samples\":null,\"configurable_variations\":null,\"configurable_variation_labels\":null,\"image\":\"\\/1\\/8\\/18_1_1.jpg\",\"image_label\":\"18_1.JPG\",\"thumbnail\":\"\\/1\\/8\\/18_1_1.jpg\",\"thumbnail_label\":null,\"_media_image\":\"\\/1\\/8\\/18_1_1.jpg\",\"_media_image_label\":\"18_1.JPG\",\"_media_is_disabled\":null,\"_store\":null,\"_attribute_set\":\"Default\",\"_product_websites\":\"base\",\"status\":\"1\",\"news_from_date\":null,\"news_to_date\":null,\"options_container\":\"Block after Info Column\",\"minimal_price\":null,\"msrp\":null,\"msrp_enabled\":null,\"special_from_date\":null,\"special_to_date\":null,\"min_qty\":\"0\",\"backorders\":\"0\",\"min_sale_qty\":\"0\",\"max_sale_qty\":\"0\",\"notify_stock_qty\":null,\"_related_sku\":null,\"_related_position\":null,\"_crosssell_sku\":null,\"_crosssell_position\":null,\"_upsell_sku\":null,\"_upsell_position\":null,\"meta_keyword\":\"Channel wide belt\",\"price_type\":null,\"shipment_type\":null,\"price_view\":null,\"weight_type\":null,\"sku_type\":null,\"climate\":\"All-Weather\",\"color\":\"Black\",\"manufacturer\":\"Bub\",\"material\":\"Burlap\",\"pattern\":\"Color-Blocked\",\"size\":\"L\"},{\"sku\":\"19\",\"store_view_code\":null,\"attribute_set_code\":\"Default\",\"product_type\":\"simple\",\"categories\":\"Default Category\\/Belts\",\"product_websites\":\"base\",\"name\":\"Channet belt\",\"description\":\"Chanel wide belt bronze gold logo\\nSize : 110 cm\",\"short_description\":\"Chanel wide belt bronze gold logo\\nSize : 110 cm\",\"weight\":null,\"product_online\":\"1\",\"tax_class_name\":\"Taxable Goods\",\"visibility\":\"Catalog, Search\",\"price\":\"16\",\"special_price\":null,\"special_price_from_date\":null,\"special_price_to_date\":null,\"url_key\":\"19channet belt\",\"meta_title\":\"Channet belt\",\"meta_keywords\":\"Channet belt\",\"meta_description\":\"Channet belt\",\"base_image\":\"\\/1\\/9\\/19_1_1.jpg\",\"base_image_label\":\"19_1.JPG\",\"small_image\":\"\\/1\\/9\\/19_1_1.jpg\",\"small_image_label\":null,\"thumbnail_image\":\"\\/1\\/9\\/19_1_1.jpg\",\"thumbnail_image_label\":null,\"swatch_image\":null,\"swatch_image_label\":null,\"created_at\":\"9\\/9\\/22, 7:37 PM\",\"updated_at\":\"9\\/9\\/22, 7:45 PM\",\"new_from_date\":null,\"new_to_date\":null,\"display_product_options_in\":\"Block after Info Column\",\"map_price\":null,\"msrp_price\":null,\"map_enabled\":null,\"gift_message_available\":null,\"custom_design\":null,\"custom_design_from\":null,\"custom_design_to\":null,\"custom_layout_update\":null,\"page_layout\":null,\"product_options_container\":null,\"msrp_display_actual_price_type\":\"Use config\",\"country_of_manufacture\":null,\"additional_attributes\":\"climate=All-Weather,color=Black,manufacturer=Bub,material=Burlap,pattern=Color-Blocked,size=L\",\"qty\":\"100\",\"out_of_stock_qty\":\"0\",\"use_config_min_qty\":\"0\",\"is_qty_decimal\":\"0\",\"allow_backorders\":\"0\",\"use_config_backorders\":\"0\",\"min_cart_qty\":\"0\",\"use_config_min_sale_qty\":\"1\",\"max_cart_qty\":\"0\",\"use_config_max_sale_qty\":\"0\",\"is_in_stock\":\"0\",\"notify_on_stock_below\":null,\"use_config_notify_stock_qty\":\"0\",\"manage_stock\":\"0\",\"use_config_manage_stock\":\"0\",\"use_config_qty_increments\":\"0\",\"qty_increments\":\"0\",\"use_config_enable_qty_inc\":\"0\",\"enable_qty_increments\":\"0\",\"is_decimal_divided\":\"0\",\"website_id\":\"0\",\"related_skus\":null,\"related_position\":null,\"crosssell_skus\":null,\"crosssell_position\":null,\"upsell_skus\":null,\"upsell_position\":null,\"additional_images\":\"\\/1\\/9\\/19_1_1.jpg\",\"additional_image_labels\":\"19_1.JPG\",\"hide_from_product_page\":null,\"custom_options\":null,\"bundle_price_type\":null,\"bundle_sku_type\":null,\"bundle_price_view\":null,\"bundle_weight_type\":null,\"bundle_values\":null,\"bundle_shipment_type\":null,\"associated_skus\":null,\"downloadable_links\":null,\"downloadable_samples\":null,\"configurable_variations\":null,\"configurable_variation_labels\":null,\"image\":\"\\/1\\/9\\/19_1_1.jpg\",\"image_label\":\"19_1.JPG\",\"thumbnail\":\"\\/1\\/9\\/19_1_1.jpg\",\"thumbnail_label\":null,\"_media_image\":\"\\/1\\/9\\/19_1_1.jpg\",\"_media_image_label\":\"19_1.JPG\",\"_media_is_disabled\":null,\"_store\":null,\"_attribute_set\":\"Default\",\"_product_websites\":\"base\",\"status\":\"1\",\"news_from_date\":null,\"news_to_date\":null,\"options_container\":\"Block after Info Column\",\"minimal_price\":null,\"msrp\":null,\"msrp_enabled\":null,\"special_from_date\":null,\"special_to_date\":null,\"min_qty\":\"0\",\"backorders\":\"0\",\"min_sale_qty\":\"0\",\"max_sale_qty\":\"0\",\"notify_stock_qty\":null,\"_related_sku\":null,\"_related_position\":null,\"_crosssell_sku\":null,\"_crosssell_position\":null,\"_upsell_sku\":null,\"_upsell_position\":null,\"meta_keyword\":\"Channet belt\",\"price_type\":null,\"shipment_type\":null,\"price_view\":null,\"weight_type\":null,\"sku_type\":null,\"climate\":\"All-Weather\",\"color\":\"Black\",\"manufacturer\":\"Bub\",\"material\":\"Burlap\",\"pattern\":\"Color-Blocked\",\"size\":\"L\"},{\"sku\":\"20\",\"store_view_code\":null,\"attribute_set_code\":\"Default\",\"product_type\":\"simple\",\"categories\":\"Default Category\\/Belts\",\"product_websites\":\"base\",\"name\":\"Gucci wide belt\",\"description\":\"Gucci wide belt leather GG logo\\nSize : 110 cm\",\"short_description\":\"Gucci wide belt leather GG logo\\nSize : 110 cm\",\"weight\":null,\"product_online\":\"1\",\"tax_class_name\":\"Taxable Goods\",\"visibility\":\"Catalog, Search\",\"price\":\"16\",\"special_price\":null,\"special_price_from_date\":null,\"special_price_to_date\":null,\"url_key\":\"20gucci wide belt\",\"meta_title\":\"Gucci wide belt\",\"meta_keywords\":\"Gucci wide belt\",\"meta_description\":\"Gucci wide belt\",\"base_image\":\"\\/2\\/0\\/20_1_1.jpg\",\"base_image_label\":\"20_1.JPG\",\"small_image\":\"\\/2\\/0\\/20_1_1.jpg\",\"small_image_label\":null,\"thumbnail_image\":\"\\/2\\/0\\/20_1_1.jpg\",\"thumbnail_image_label\":null,\"swatch_image\":null,\"swatch_image_label\":null,\"created_at\":\"9\\/9\\/22, 7:37 PM\",\"updated_at\":\"9\\/9\\/22, 7:45 PM\",\"new_from_date\":null,\"new_to_date\":null,\"display_product_options_in\":\"Block after Info Column\",\"map_price\":null,\"msrp_price\":null,\"map_enabled\":null,\"gift_message_available\":null,\"custom_design\":null,\"custom_design_from\":null,\"custom_design_to\":null,\"custom_layout_update\":null,\"page_layout\":null,\"product_options_container\":null,\"msrp_display_actual_price_type\":\"Use config\",\"country_of_manufacture\":null,\"additional_attributes\":\"climate=All-Weather,color=Black,manufacturer=Bub,material=Burlap,pattern=Color-Blocked,size=L\",\"qty\":\"100\",\"out_of_stock_qty\":\"0\",\"use_config_min_qty\":\"0\",\"is_qty_decimal\":\"0\",\"allow_backorders\":\"0\",\"use_config_backorders\":\"0\",\"min_cart_qty\":\"0\",\"use_config_min_sale_qty\":\"1\",\"max_cart_qty\":\"0\",\"use_config_max_sale_qty\":\"0\",\"is_in_stock\":\"0\",\"notify_on_stock_below\":null,\"use_config_notify_stock_qty\":\"0\",\"manage_stock\":\"0\",\"use_config_manage_stock\":\"0\",\"use_config_qty_increments\":\"0\",\"qty_increments\":\"0\",\"use_config_enable_qty_inc\":\"0\",\"enable_qty_increments\":\"0\",\"is_decimal_divided\":\"0\",\"website_id\":\"0\",\"related_skus\":null,\"related_position\":null,\"crosssell_skus\":null,\"crosssell_position\":null,\"upsell_skus\":null,\"upsell_position\":null,\"additional_images\":\"\\/2\\/0\\/20_1_1.jpg\",\"additional_image_labels\":\"20_1.JPG\",\"hide_from_product_page\":null,\"custom_options\":null,\"bundle_price_type\":null,\"bundle_sku_type\":null,\"bundle_price_view\":null,\"bundle_weight_type\":null,\"bundle_values\":null,\"bundle_shipment_type\":null,\"associated_skus\":null,\"downloadable_links\":null,\"downloadable_samples\":null,\"configurable_variations\":null,\"configurable_variation_labels\":null,\"image\":\"\\/2\\/0\\/20_1_1.jpg\",\"image_label\":\"20_1.JPG\",\"thumbnail\":\"\\/2\\/0\\/20_1_1.jpg\",\"thumbnail_label\":null,\"_media_image\":\"\\/2\\/0\\/20_1_1.jpg\",\"_media_image_label\":\"20_1.JPG\",\"_media_is_disabled\":null,\"_store\":null,\"_attribute_set\":\"Default\",\"_product_websites\":\"base\",\"status\":\"1\",\"news_from_date\":null,\"news_to_date\":null,\"options_container\":\"Block after Info Column\",\"minimal_price\":null,\"msrp\":null,\"msrp_enabled\":null,\"special_from_date\":null,\"special_to_date\":null,\"min_qty\":\"0\",\"backorders\":\"0\",\"min_sale_qty\":\"0\",\"max_sale_qty\":\"0\",\"notify_stock_qty\":null,\"_related_sku\":null,\"_related_position\":null,\"_crosssell_sku\":null,\"_crosssell_position\":null,\"_upsell_sku\":null,\"_upsell_position\":null,\"meta_keyword\":\"Gucci wide belt\",\"price_type\":null,\"shipment_type\":null,\"price_view\":null,\"weight_type\":null,\"sku_type\":null,\"climate\":\"All-Weather\",\"color\":\"Black\",\"manufacturer\":\"Bub\",\"material\":\"Burlap\",\"pattern\":\"Color-Blocked\",\"size\":\"L\"},{\"sku\":\"21\",\"store_view_code\":null,\"attribute_set_code\":\"Default\",\"product_type\":\"simple\",\"categories\":\"Default Category\\/Belts\",\"product_websites\":\"base\",\"name\":\"Channel belt\",\"description\":\"Chanel belt with pearl logo\\nSize : 110 cm\",\"short_description\":\"Chanel belt with pearl logo\\nSize : 110 cm\",\"weight\":null,\"product_online\":\"1\",\"tax_class_name\":\"Taxable Goods\",\"visibility\":\"Catalog, Search\",\"price\":\"12\",\"special_price\":null,\"special_price_from_date\":null,\"special_price_to_date\":null,\"url_key\":\"21channel belt\",\"meta_title\":\"Channel belt\",\"meta_keywords\":\"Channel belt\",\"meta_description\":\"Channel belt\",\"base_image\":\"\\/2\\/1\\/21_1_1.jpg\",\"base_image_label\":\"21_1.JPG\",\"small_image\":\"\\/2\\/1\\/21_1_1.jpg\",\"small_image_label\":null,\"thumbnail_image\":\"\\/2\\/1\\/21_1_1.jpg\",\"thumbnail_image_label\":null,\"swatch_image\":null,\"swatch_image_label\":null,\"created_at\":\"9\\/9\\/22, 7:37 PM\",\"updated_at\":\"9\\/9\\/22, 7:45 PM\",\"new_from_date\":null,\"new_to_date\":null,\"display_product_options_in\":\"Block after Info Column\",\"map_price\":null,\"msrp_price\":null,\"map_enabled\":null,\"gift_message_available\":null,\"custom_design\":null,\"custom_design_from\":null,\"custom_design_to\":null,\"custom_layout_update\":null,\"page_layout\":null,\"product_options_container\":null,\"msrp_display_actual_price_type\":\"Use config\",\"country_of_manufacture\":null,\"additional_attributes\":\"climate=All-Weather,color=Black,manufacturer=Bub,material=Burlap,pattern=Color-Blocked,size=L\",\"qty\":\"100\",\"out_of_stock_qty\":\"0\",\"use_config_min_qty\":\"0\",\"is_qty_decimal\":\"0\",\"allow_backorders\":\"0\",\"use_config_backorders\":\"0\",\"min_cart_qty\":\"0\",\"use_config_min_sale_qty\":\"1\",\"max_cart_qty\":\"0\",\"use_config_max_sale_qty\":\"0\",\"is_in_stock\":\"0\",\"notify_on_stock_below\":null,\"use_config_notify_stock_qty\":\"0\",\"manage_stock\":\"0\",\"use_config_manage_stock\":\"0\",\"use_config_qty_increments\":\"0\",\"qty_increments\":\"0\",\"use_config_enable_qty_inc\":\"0\",\"enable_qty_increments\":\"0\",\"is_decimal_divided\":\"0\",\"website_id\":\"0\",\"related_skus\":null,\"related_position\":null,\"crosssell_skus\":null,\"crosssell_position\":null,\"upsell_skus\":null,\"upsell_position\":null,\"additional_images\":\"\\/2\\/1\\/21_1_1.jpg\",\"additional_image_labels\":\"21_1.JPG\",\"hide_from_product_page\":null,\"custom_options\":null,\"bundle_price_type\":null,\"bundle_sku_type\":null,\"bundle_price_view\":null,\"bundle_weight_type\":null,\"bundle_values\":null,\"bundle_shipment_type\":null,\"associated_skus\":null,\"downloadable_links\":null,\"downloadable_samples\":null,\"configurable_variations\":null,\"configurable_variation_labels\":null,\"image\":\"\\/2\\/1\\/21_1_1.jpg\",\"image_label\":\"21_1.JPG\",\"thumbnail\":\"\\/2\\/1\\/21_1_1.jpg\",\"thumbnail_label\":null,\"_media_image\":\"\\/2\\/1\\/21_1_1.jpg\",\"_media_image_label\":\"21_1.JPG\",\"_media_is_disabled\":null,\"_store\":null,\"_attribute_set\":\"Default\",\"_product_websites\":\"base\",\"status\":\"1\",\"news_from_date\":null,\"news_to_date\":null,\"options_container\":\"Block after Info Column\",\"minimal_price\":null,\"msrp\":null,\"msrp_enabled\":null,\"special_from_date\":null,\"special_to_date\":null,\"min_qty\":\"0\",\"backorders\":\"0\",\"min_sale_qty\":\"0\",\"max_sale_qty\":\"0\",\"notify_stock_qty\":null,\"_related_sku\":null,\"_related_position\":null,\"_crosssell_sku\":null,\"_crosssell_position\":null,\"_upsell_sku\":null,\"_upsell_position\":null,\"meta_keyword\":\"Channel belt\",\"price_type\":null,\"shipment_type\":null,\"price_view\":null,\"weight_type\":null,\"sku_type\":null,\"climate\":\"All-Weather\",\"color\":\"Black\",\"manufacturer\":\"Bub\",\"material\":\"Burlap\",\"pattern\":\"Color-Blocked\",\"size\":\"L\"},{\"sku\":\"22\",\"store_view_code\":null,\"attribute_set_code\":\"Default\",\"product_type\":\"simple\",\"categories\":\"Default Category\\/Belts\",\"product_websites\":\"base\",\"name\":\"Channel belt\",\"description\":\"Chanel belt with elegant logo\\nSize : 110 cm\",\"short_description\":\"Chanel belt with elegant logo\\nSize : 110 cm\",\"weight\":null,\"product_online\":\"1\",\"tax_class_name\":\"Taxable Goods\",\"visibility\":\"Catalog, Search\",\"price\":\"16\",\"special_price\":null,\"special_price_from_date\":null,\"special_price_to_date\":null,\"url_key\":\"22channel belt\",\"meta_title\":\"Channel belt\",\"meta_keywords\":\"Channel belt\",\"meta_description\":\"Channel belt\",\"base_image\":\"\\/2\\/2\\/22_1_1.jpg\",\"base_image_label\":\"22_1.JPG\",\"small_image\":\"\\/2\\/2\\/22_1_1.jpg\",\"small_image_label\":null,\"thumbnail_image\":\"\\/2\\/2\\/22_1_1.jpg\",\"thumbnail_image_label\":null,\"swatch_image\":null,\"swatch_image_label\":null,\"created_at\":\"9\\/9\\/22, 7:37 PM\",\"updated_at\":\"9\\/9\\/22, 7:45 PM\",\"new_from_date\":null,\"new_to_date\":null,\"display_product_options_in\":\"Block after Info Column\",\"map_price\":null,\"msrp_price\":null,\"map_enabled\":null,\"gift_message_available\":null,\"custom_design\":null,\"custom_design_from\":null,\"custom_design_to\":null,\"custom_layout_update\":null,\"page_layout\":null,\"product_options_container\":null,\"msrp_display_actual_price_type\":\"Use config\",\"country_of_manufacture\":null,\"additional_attributes\":\"climate=All-Weather,color=Black,manufacturer=Bub,material=Burlap,pattern=Color-Blocked,size=L\",\"qty\":\"100\",\"out_of_stock_qty\":\"0\",\"use_config_min_qty\":\"0\",\"is_qty_decimal\":\"0\",\"allow_backorders\":\"0\",\"use_config_backorders\":\"0\",\"min_cart_qty\":\"0\",\"use_config_min_sale_qty\":\"1\",\"max_cart_qty\":\"0\",\"use_config_max_sale_qty\":\"0\",\"is_in_stock\":\"0\",\"notify_on_stock_below\":null,\"use_config_notify_stock_qty\":\"0\",\"manage_stock\":\"0\",\"use_config_manage_stock\":\"0\",\"use_config_qty_increments\":\"0\",\"qty_increments\":\"0\",\"use_config_enable_qty_inc\":\"0\",\"enable_qty_increments\":\"0\",\"is_decimal_divided\":\"0\",\"website_id\":\"0\",\"related_skus\":null,\"related_position\":null,\"crosssell_skus\":null,\"crosssell_position\":null,\"upsell_skus\":null,\"upsell_position\":null,\"additional_images\":\"\\/2\\/2\\/22_1_1.jpg\",\"additional_image_labels\":\"22_1.JPG\",\"hide_from_product_page\":null,\"custom_options\":null,\"bundle_price_type\":null,\"bundle_sku_type\":null,\"bundle_price_view\":null,\"bundle_weight_type\":null,\"bundle_values\":null,\"bundle_shipment_type\":null,\"associated_skus\":null,\"downloadable_links\":null,\"downloadable_samples\":null,\"configurable_variations\":null,\"configurable_variation_labels\":null,\"image\":\"\\/2\\/2\\/22_1_1.jpg\",\"image_label\":\"22_1.JPG\",\"thumbnail\":\"\\/2\\/2\\/22_1_1.jpg\",\"thumbnail_label\":null,\"_media_image\":\"\\/2\\/2\\/22_1_1.jpg\",\"_media_image_label\":\"22_1.JPG\",\"_media_is_disabled\":null,\"_store\":null,\"_attribute_set\":\"Default\",\"_product_websites\":\"base\",\"status\":\"1\",\"news_from_date\":null,\"news_to_date\":null,\"options_container\":\"Block after Info Column\",\"minimal_price\":null,\"msrp\":null,\"msrp_enabled\":null,\"special_from_date\":null,\"special_to_date\":null,\"min_qty\":\"0\",\"backorders\":\"0\",\"min_sale_qty\":\"0\",\"max_sale_qty\":\"0\",\"notify_stock_qty\":null,\"_related_sku\":null,\"_related_position\":null,\"_crosssell_sku\":null,\"_crosssell_position\":null,\"_upsell_sku\":null,\"_upsell_position\":null,\"meta_keyword\":\"Channel belt\",\"price_type\":null,\"shipment_type\":null,\"price_view\":null,\"weight_type\":null,\"sku_type\":null,\"climate\":\"All-Weather\",\"color\":\"Black\",\"manufacturer\":\"Bub\",\"material\":\"Burlap\",\"pattern\":\"Color-Blocked\",\"size\":\"L\"},{\"sku\":\"23\",\"store_view_code\":null,\"attribute_set_code\":\"Default\",\"product_type\":\"simple\",\"categories\":\"Default Category\\/Belts\",\"product_websites\":\"base\",\"name\":\"Valentino wide belt\",\"description\":\"Valentino Wide belt suitable for dresses, blouses with skirt\\nsize : 105 cm\",\"short_description\":\"Valentino Wide belt suitable for dresses, blouses with skirt\\nsize : 105 cm\",\"weight\":null,\"product_online\":\"1\",\"tax_class_name\":\"Taxable Goods\",\"visibility\":\"Catalog, Search\",\"price\":\"16\",\"special_price\":null,\"special_price_from_date\":null,\"special_price_to_date\":null,\"url_key\":\"23valentino wide belt\",\"meta_title\":\"Valentino wide belt\",\"meta_keywords\":\"Valentino wide belt\",\"meta_description\":\"Valentino wide belt\",\"base_image\":\"\\/2\\/3\\/23_3_1.jpg\",\"base_image_label\":\"23_3.JPG\",\"small_image\":\"\\/2\\/3\\/23_3_1.jpg\",\"small_image_label\":null,\"thumbnail_image\":\"\\/2\\/3\\/23_3_1.jpg\",\"thumbnail_image_label\":null,\"swatch_image\":null,\"swatch_image_label\":null,\"created_at\":\"9\\/9\\/22, 7:37 PM\",\"updated_at\":\"9\\/9\\/22, 7:45 PM\",\"new_from_date\":null,\"new_to_date\":null,\"display_product_options_in\":\"Block after Info Column\",\"map_price\":null,\"msrp_price\":null,\"map_enabled\":null,\"gift_message_available\":null,\"custom_design\":null,\"custom_design_from\":null,\"custom_design_to\":null,\"custom_layout_update\":null,\"page_layout\":null,\"product_options_container\":null,\"msrp_display_actual_price_type\":\"Use config\",\"country_of_manufacture\":null,\"additional_attributes\":\"climate=All-Weather,color=Black,manufacturer=Bub,material=Burlap,pattern=Color-Blocked,size=L\",\"qty\":\"100\",\"out_of_stock_qty\":\"0\",\"use_config_min_qty\":\"0\",\"is_qty_decimal\":\"0\",\"allow_backorders\":\"0\",\"use_config_backorders\":\"0\",\"min_cart_qty\":\"0\",\"use_config_min_sale_qty\":\"1\",\"max_cart_qty\":\"0\",\"use_config_max_sale_qty\":\"0\",\"is_in_stock\":\"0\",\"notify_on_stock_below\":null,\"use_config_notify_stock_qty\":\"0\",\"manage_stock\":\"0\",\"use_config_manage_stock\":\"0\",\"use_config_qty_increments\":\"0\",\"qty_increments\":\"0\",\"use_config_enable_qty_inc\":\"0\",\"enable_qty_increments\":\"0\",\"is_decimal_divided\":\"0\",\"website_id\":\"0\",\"related_skus\":null,\"related_position\":null,\"crosssell_skus\":null,\"crosssell_position\":null,\"upsell_skus\":null,\"upsell_position\":null,\"additional_images\":\"\\/2\\/3\\/23_3_1.jpg\",\"additional_image_labels\":\"23_3.JPG\",\"hide_from_product_page\":null,\"custom_options\":null,\"bundle_price_type\":null,\"bundle_sku_type\":null,\"bundle_price_view\":null,\"bundle_weight_type\":null,\"bundle_values\":null,\"bundle_shipment_type\":null,\"associated_skus\":null,\"downloadable_links\":null,\"downloadable_samples\":null,\"configurable_variations\":null,\"configurable_variation_labels\":null,\"image\":\"\\/2\\/3\\/23_3_1.jpg\",\"image_label\":\"23_3.JPG\",\"thumbnail\":\"\\/2\\/3\\/23_3_1.jpg\",\"thumbnail_label\":null,\"_media_image\":\"\\/2\\/3\\/23_3_1.jpg\",\"_media_image_label\":\"23_3.JPG\",\"_media_is_disabled\":null,\"_store\":null,\"_attribute_set\":\"Default\",\"_product_websites\":\"base\",\"status\":\"1\",\"news_from_date\":null,\"news_to_date\":null,\"options_container\":\"Block after Info Column\",\"minimal_price\":null,\"msrp\":null,\"msrp_enabled\":null,\"special_from_date\":null,\"special_to_date\":null,\"min_qty\":\"0\",\"backorders\":\"0\",\"min_sale_qty\":\"0\",\"max_sale_qty\":\"0\",\"notify_stock_qty\":null,\"_related_sku\":null,\"_related_position\":null,\"_crosssell_sku\":null,\"_crosssell_position\":null,\"_upsell_sku\":null,\"_upsell_position\":null,\"meta_keyword\":\"Valentino wide belt\",\"price_type\":null,\"shipment_type\":null,\"price_view\":null,\"weight_type\":null,\"sku_type\":null,\"climate\":\"All-Weather\",\"color\":\"Black\",\"manufacturer\":\"Bub\",\"material\":\"Burlap\",\"pattern\":\"Color-Blocked\",\"size\":\"L\"},{\"sku\":\"24\",\"store_view_code\":null,\"attribute_set_code\":\"Default\",\"product_type\":\"simple\",\"categories\":\"Default Category\\/Belts\",\"product_websites\":\"base\",\"name\":\"Valentino belt\",\"description\":\"Valentino belt elegant logo\\nSize : 110 cm\",\"short_description\":\"Valentino belt elegant logo\\nSize : 110 cm\",\"weight\":null,\"product_online\":\"1\",\"tax_class_name\":\"Taxable Goods\",\"visibility\":\"Catalog, Search\",\"price\":\"16\",\"special_price\":null,\"special_price_from_date\":null,\"special_price_to_date\":null,\"url_key\":\"24valentino belt\",\"meta_title\":\"Valentino belt\",\"meta_keywords\":\"Valentino belt\",\"meta_description\":\"Valentino belt\",\"base_image\":\"\\/2\\/4\\/24_1_1.jpg\",\"base_image_label\":\"24_1.JPG\",\"small_image\":\"\\/2\\/4\\/24_1_1.jpg\",\"small_image_label\":null,\"thumbnail_image\":\"\\/2\\/4\\/24_1_1.jpg\",\"thumbnail_image_label\":null,\"swatch_image\":null,\"swatch_image_label\":null,\"created_at\":\"9\\/9\\/22, 7:37 PM\",\"updated_at\":\"9\\/9\\/22, 7:45 PM\",\"new_from_date\":null,\"new_to_date\":null,\"display_product_options_in\":\"Block after Info Column\",\"map_price\":null,\"msrp_price\":null,\"map_enabled\":null,\"gift_message_available\":null,\"custom_design\":null,\"custom_design_from\":null,\"custom_design_to\":null,\"custom_layout_update\":null,\"page_layout\":null,\"product_options_container\":null,\"msrp_display_actual_price_type\":\"Use config\",\"country_of_manufacture\":null,\"additional_attributes\":\"climate=All-Weather,color=Black,manufacturer=Bub,material=Burlap,pattern=Color-Blocked,size=L\",\"qty\":\"100\",\"out_of_stock_qty\":\"0\",\"use_config_min_qty\":\"0\",\"is_qty_decimal\":\"0\",\"allow_backorders\":\"0\",\"use_config_backorders\":\"0\",\"min_cart_qty\":\"0\",\"use_config_min_sale_qty\":\"1\",\"max_cart_qty\":\"0\",\"use_config_max_sale_qty\":\"0\",\"is_in_stock\":\"0\",\"notify_on_stock_below\":null,\"use_config_notify_stock_qty\":\"0\",\"manage_stock\":\"0\",\"use_config_manage_stock\":\"0\",\"use_config_qty_increments\":\"0\",\"qty_increments\":\"0\",\"use_config_enable_qty_inc\":\"0\",\"enable_qty_increments\":\"0\",\"is_decimal_divided\":\"0\",\"website_id\":\"0\",\"related_skus\":null,\"related_position\":null,\"crosssell_skus\":null,\"crosssell_position\":null,\"upsell_skus\":null,\"upsell_position\":null,\"additional_images\":\"\\/2\\/4\\/24_1_1.jpg\",\"additional_image_labels\":\"24_1.JPG\",\"hide_from_product_page\":null,\"custom_options\":null,\"bundle_price_type\":null,\"bundle_sku_type\":null,\"bundle_price_view\":null,\"bundle_weight_type\":null,\"bundle_values\":null,\"bundle_shipment_type\":null,\"associated_skus\":null,\"downloadable_links\":null,\"downloadable_samples\":null,\"configurable_variations\":null,\"configurable_variation_labels\":null,\"image\":\"\\/2\\/4\\/24_1_1.jpg\",\"image_label\":\"24_1.JPG\",\"thumbnail\":\"\\/2\\/4\\/24_1_1.jpg\",\"thumbnail_label\":null,\"_media_image\":\"\\/2\\/4\\/24_1_1.jpg\",\"_media_image_label\":\"24_1.JPG\",\"_media_is_disabled\":null,\"_store\":null,\"_attribute_set\":\"Default\",\"_product_websites\":\"base\",\"status\":\"1\",\"news_from_date\":null,\"news_to_date\":null,\"options_container\":\"Block after Info Column\",\"minimal_price\":null,\"msrp\":null,\"msrp_enabled\":null,\"special_from_date\":null,\"special_to_date\":null,\"min_qty\":\"0\",\"backorders\":\"0\",\"min_sale_qty\":\"0\",\"max_sale_qty\":\"0\",\"notify_stock_qty\":null,\"_related_sku\":null,\"_related_position\":null,\"_crosssell_sku\":null,\"_crosssell_position\":null,\"_upsell_sku\":null,\"_upsell_position\":null,\"meta_keyword\":\"Valentino belt\",\"price_type\":null,\"shipment_type\":null,\"price_view\":null,\"weight_type\":null,\"sku_type\":null,\"climate\":\"All-Weather\",\"color\":\"Black\",\"manufacturer\":\"Bub\",\"material\":\"Burlap\",\"pattern\":\"Color-Blocked\",\"size\":\"L\"},{\"sku\":\"25\",\"store_view_code\":null,\"attribute_set_code\":\"Default\",\"product_type\":\"simple\",\"categories\":\"Default Category\\/Belts\",\"product_websites\":\"base\",\"name\":\"Gucci belt\",\"description\":\"Gucci belts with crystal logo\\nSize : 110 cm\",\"short_description\":\"Gucci belts with crystal logo\\nSize : 110 cm\",\"weight\":null,\"product_online\":\"1\",\"tax_class_name\":\"Taxable Goods\",\"visibility\":\"Catalog, Search\",\"price\":\"16\",\"special_price\":null,\"special_price_from_date\":null,\"special_price_to_date\":null,\"url_key\":\"25gucci belt\",\"meta_title\":\"Gucci belt\",\"meta_keywords\":\"Gucci belt\",\"meta_description\":\"Gucci belt\",\"base_image\":\"\\/2\\/5\\/25_2_1.jpg\",\"base_image_label\":\"25_2.JPG\",\"small_image\":\"\\/2\\/5\\/25_2_1.jpg\",\"small_image_label\":null,\"thumbnail_image\":\"\\/2\\/5\\/25_2_1.jpg\",\"thumbnail_image_label\":null,\"swatch_image\":null,\"swatch_image_label\":null,\"created_at\":\"9\\/9\\/22, 7:37 PM\",\"updated_at\":\"9\\/9\\/22, 7:45 PM\",\"new_from_date\":null,\"new_to_date\":null,\"display_product_options_in\":\"Block after Info Column\",\"map_price\":null,\"msrp_price\":null,\"map_enabled\":null,\"gift_message_available\":null,\"custom_design\":null,\"custom_design_from\":null,\"custom_design_to\":null,\"custom_layout_update\":null,\"page_layout\":null,\"product_options_container\":null,\"msrp_display_actual_price_type\":\"Use config\",\"country_of_manufacture\":null,\"additional_attributes\":\"climate=All-Weather,color=Black,manufacturer=Bub,material=Burlap,pattern=Color-Blocked,size=L\",\"qty\":\"100\",\"out_of_stock_qty\":\"0\",\"use_config_min_qty\":\"0\",\"is_qty_decimal\":\"0\",\"allow_backorders\":\"0\",\"use_config_backorders\":\"0\",\"min_cart_qty\":\"0\",\"use_config_min_sale_qty\":\"1\",\"max_cart_qty\":\"0\",\"use_config_max_sale_qty\":\"0\",\"is_in_stock\":\"0\",\"notify_on_stock_below\":null,\"use_config_notify_stock_qty\":\"0\",\"manage_stock\":\"0\",\"use_config_manage_stock\":\"0\",\"use_config_qty_increments\":\"0\",\"qty_increments\":\"0\",\"use_config_enable_qty_inc\":\"0\",\"enable_qty_increments\":\"0\",\"is_decimal_divided\":\"0\",\"website_id\":\"0\",\"related_skus\":null,\"related_position\":null,\"crosssell_skus\":null,\"crosssell_position\":null,\"upsell_skus\":null,\"upsell_position\":null,\"additional_images\":\"\\/2\\/5\\/25_2_1.jpg\",\"additional_image_labels\":\"25_2.JPG\",\"hide_from_product_page\":null,\"custom_options\":null,\"bundle_price_type\":null,\"bundle_sku_type\":null,\"bundle_price_view\":null,\"bundle_weight_type\":null,\"bundle_values\":null,\"bundle_shipment_type\":null,\"associated_skus\":null,\"downloadable_links\":null,\"downloadable_samples\":null,\"configurable_variations\":null,\"configurable_variation_labels\":null,\"image\":\"\\/2\\/5\\/25_2_1.jpg\",\"image_label\":\"25_2.JPG\",\"thumbnail\":\"\\/2\\/5\\/25_2_1.jpg\",\"thumbnail_label\":null,\"_media_image\":\"\\/2\\/5\\/25_2_1.jpg\",\"_media_image_label\":\"25_2.JPG\",\"_media_is_disabled\":null,\"_store\":null,\"_attribute_set\":\"Default\",\"_product_websites\":\"base\",\"status\":\"1\",\"news_from_date\":null,\"news_to_date\":null,\"options_container\":\"Block after Info Column\",\"minimal_price\":null,\"msrp\":null,\"msrp_enabled\":null,\"special_from_date\":null,\"special_to_date\":null,\"min_qty\":\"0\",\"backorders\":\"0\",\"min_sale_qty\":\"0\",\"max_sale_qty\":\"0\",\"notify_stock_qty\":null,\"_related_sku\":null,\"_related_position\":null,\"_crosssell_sku\":null,\"_crosssell_position\":null,\"_upsell_sku\":null,\"_upsell_position\":null,\"meta_keyword\":\"Gucci belt\",\"price_type\":null,\"shipment_type\":null,\"price_view\":null,\"weight_type\":null,\"sku_type\":null,\"climate\":\"All-Weather\",\"color\":\"Black\",\"manufacturer\":\"Bub\",\"material\":\"Burlap\",\"pattern\":\"Color-Blocked\",\"size\":\"L\"},{\"sku\":\"26\",\"store_view_code\":null,\"attribute_set_code\":\"Default\",\"product_type\":\"simple\",\"categories\":\"Default Category\\/Belts\",\"product_websites\":\"base\",\"name\":\"Gucci belt\",\"description\":\"Gucci leather belt GG\",\"short_description\":\"Gucci leather belt GG\",\"weight\":null,\"product_online\":\"1\",\"tax_class_name\":\"Taxable Goods\",\"visibility\":\"Catalog, Search\",\"price\":\"16\",\"special_price\":null,\"special_price_from_date\":null,\"special_price_to_date\":null,\"url_key\":\"26gucci belt\",\"meta_title\":\"Gucci belt\",\"meta_keywords\":\"Gucci belt\",\"meta_description\":\"Gucci belt\",\"base_image\":\"\\/2\\/6\\/26_1_1.jpg\",\"base_image_label\":\"26_1.JPG\",\"small_image\":\"\\/2\\/6\\/26_1_1.jpg\",\"small_image_label\":null,\"thumbnail_image\":\"\\/2\\/6\\/26_1_1.jpg\",\"thumbnail_image_label\":null,\"swatch_image\":null,\"swatch_image_label\":null,\"created_at\":\"9\\/9\\/22, 7:37 PM\",\"updated_at\":\"9\\/9\\/22, 7:45 PM\",\"new_from_date\":null,\"new_to_date\":null,\"display_product_options_in\":\"Block after Info Column\",\"map_price\":null,\"msrp_price\":null,\"map_enabled\":null,\"gift_message_available\":null,\"custom_design\":null,\"custom_design_from\":null,\"custom_design_to\":null,\"custom_layout_update\":null,\"page_layout\":null,\"product_options_container\":null,\"msrp_display_actual_price_type\":\"Use config\",\"country_of_manufacture\":null,\"additional_attributes\":\"climate=All-Weather,color=Black,manufacturer=Bub,material=Burlap,pattern=Color-Blocked,size=L\",\"qty\":\"100\",\"out_of_stock_qty\":\"0\",\"use_config_min_qty\":\"0\",\"is_qty_decimal\":\"0\",\"allow_backorders\":\"0\",\"use_config_backorders\":\"0\",\"min_cart_qty\":\"0\",\"use_config_min_sale_qty\":\"1\",\"max_cart_qty\":\"0\",\"use_config_max_sale_qty\":\"0\",\"is_in_stock\":\"0\",\"notify_on_stock_below\":null,\"use_config_notify_stock_qty\":\"0\",\"manage_stock\":\"0\",\"use_config_manage_stock\":\"0\",\"use_config_qty_increments\":\"0\",\"qty_increments\":\"0\",\"use_config_enable_qty_inc\":\"0\",\"enable_qty_increments\":\"0\",\"is_decimal_divided\":\"0\",\"website_id\":\"0\",\"related_skus\":null,\"related_position\":null,\"crosssell_skus\":null,\"crosssell_position\":null,\"upsell_skus\":null,\"upsell_position\":null,\"additional_images\":\"\\/2\\/6\\/26_1_1.jpg\",\"additional_image_labels\":\"26_1.JPG\",\"hide_from_product_page\":null,\"custom_options\":null,\"bundle_price_type\":null,\"bundle_sku_type\":null,\"bundle_price_view\":null,\"bundle_weight_type\":null,\"bundle_values\":null,\"bundle_shipment_type\":null,\"associated_skus\":null,\"downloadable_links\":null,\"downloadable_samples\":null,\"configurable_variations\":null,\"configurable_variation_labels\":null,\"image\":\"\\/2\\/6\\/26_1_1.jpg\",\"image_label\":\"26_1.JPG\",\"thumbnail\":\"\\/2\\/6\\/26_1_1.jpg\",\"thumbnail_label\":null,\"_media_image\":\"\\/2\\/6\\/26_1_1.jpg\",\"_media_image_label\":\"26_1.JPG\",\"_media_is_disabled\":null,\"_store\":null,\"_attribute_set\":\"Default\",\"_product_websites\":\"base\",\"status\":\"1\",\"news_from_date\":null,\"news_to_date\":null,\"options_container\":\"Block after Info Column\",\"minimal_price\":null,\"msrp\":null,\"msrp_enabled\":null,\"special_from_date\":null,\"special_to_date\":null,\"min_qty\":\"0\",\"backorders\":\"0\",\"min_sale_qty\":\"0\",\"max_sale_qty\":\"0\",\"notify_stock_qty\":null,\"_related_sku\":null,\"_related_position\":null,\"_crosssell_sku\":null,\"_crosssell_position\":null,\"_upsell_sku\":null,\"_upsell_position\":null,\"meta_keyword\":\"Gucci belt\",\"price_type\":null,\"shipment_type\":null,\"price_view\":null,\"weight_type\":null,\"sku_type\":null,\"climate\":\"All-Weather\",\"color\":\"Black\",\"manufacturer\":\"Bub\",\"material\":\"Burlap\",\"pattern\":\"Color-Blocked\",\"size\":\"L\"},{\"sku\":\"27\",\"store_view_code\":null,\"attribute_set_code\":\"Default\",\"product_type\":\"simple\",\"categories\":\"Default Category\\/Pouch bags\",\"product_websites\":\"base\",\"name\":\"Balenciaga wide belt\",\"description\":\"Balenciaga stretchable belt\",\"short_description\":\"Balenciaga stretchable belt\",\"weight\":null,\"product_online\":\"1\",\"tax_class_name\":\"Taxable Goods\",\"visibility\":\"Catalog, Search\",\"price\":\"16\",\"special_price\":null,\"special_price_from_date\":null,\"special_price_to_date\":null,\"url_key\":\"27balenciaga wide belt\",\"meta_title\":\"Balenciaga wide belt\",\"meta_keywords\":\"Balenciaga wide belt\",\"meta_description\":\"Balenciaga wide belt\",\"base_image\":\"\\/2\\/7\\/27_1_2.jpg\",\"base_image_label\":\"27_1.JPG\",\"small_image\":\"\\/2\\/7\\/27_1_2.jpg\",\"small_image_label\":null,\"thumbnail_image\":\"\\/2\\/7\\/27_1_2.jpg\",\"thumbnail_image_label\":null,\"swatch_image\":null,\"swatch_image_label\":null,\"created_at\":\"9\\/9\\/22, 7:37 PM\",\"updated_at\":\"9\\/9\\/22, 7:45 PM\",\"new_from_date\":null,\"new_to_date\":null,\"display_product_options_in\":\"Block after Info Column\",\"map_price\":null,\"msrp_price\":null,\"map_enabled\":null,\"gift_message_available\":null,\"custom_design\":null,\"custom_design_from\":null,\"custom_design_to\":null,\"custom_layout_update\":null,\"page_layout\":null,\"product_options_container\":null,\"msrp_display_actual_price_type\":\"Use config\",\"country_of_manufacture\":null,\"additional_attributes\":\"climate=All-Weather,color=Black,manufacturer=Bub,material=Burlap,pattern=Color-Blocked,size=L\",\"qty\":\"100\",\"out_of_stock_qty\":\"0\",\"use_config_min_qty\":\"0\",\"is_qty_decimal\":\"0\",\"allow_backorders\":\"0\",\"use_config_backorders\":\"0\",\"min_cart_qty\":\"0\",\"use_config_min_sale_qty\":\"1\",\"max_cart_qty\":\"0\",\"use_config_max_sale_qty\":\"0\",\"is_in_stock\":\"0\",\"notify_on_stock_below\":null,\"use_config_notify_stock_qty\":\"0\",\"manage_stock\":\"0\",\"use_config_manage_stock\":\"0\",\"use_config_qty_increments\":\"0\",\"qty_increments\":\"0\",\"use_config_enable_qty_inc\":\"0\",\"enable_qty_increments\":\"0\",\"is_decimal_divided\":\"0\",\"website_id\":\"0\",\"related_skus\":null,\"related_position\":null,\"crosssell_skus\":null,\"crosssell_position\":null,\"upsell_skus\":null,\"upsell_position\":null,\"additional_images\":\"\\/2\\/7\\/27_1_2.jpg\",\"additional_image_labels\":\"27_1.JPG\",\"hide_from_product_page\":null,\"custom_options\":null,\"bundle_price_type\":null,\"bundle_sku_type\":null,\"bundle_price_view\":null,\"bundle_weight_type\":null,\"bundle_values\":null,\"bundle_shipment_type\":null,\"associated_skus\":null,\"downloadable_links\":null,\"downloadable_samples\":null,\"configurable_variations\":null,\"configurable_variation_labels\":null,\"image\":\"\\/2\\/7\\/27_1_2.jpg\",\"image_label\":\"27_1.JPG\",\"thumbnail\":\"\\/2\\/7\\/27_1_2.jpg\",\"thumbnail_label\":null,\"_media_image\":\"\\/2\\/7\\/27_1_2.jpg\",\"_media_image_label\":\"27_1.JPG\",\"_media_is_disabled\":null,\"_store\":null,\"_attribute_set\":\"Default\",\"_product_websites\":\"base\",\"status\":\"1\",\"news_from_date\":null,\"news_to_date\":null,\"options_container\":\"Block after Info Column\",\"minimal_price\":null,\"msrp\":null,\"msrp_enabled\":null,\"special_from_date\":null,\"special_to_date\":null,\"min_qty\":\"0\",\"backorders\":\"0\",\"min_sale_qty\":\"0\",\"max_sale_qty\":\"0\",\"notify_stock_qty\":null,\"_related_sku\":null,\"_related_position\":null,\"_crosssell_sku\":null,\"_crosssell_position\":null,\"_upsell_sku\":null,\"_upsell_position\":null,\"meta_keyword\":\"Balenciaga wide belt\",\"price_type\":null,\"shipment_type\":null,\"price_view\":null,\"weight_type\":null,\"sku_type\":null,\"climate\":\"All-Weather\",\"color\":\"Black\",\"manufacturer\":\"Bub\",\"material\":\"Burlap\",\"pattern\":\"Color-Blocked\",\"size\":\"L\"},{\"sku\":\"28\",\"store_view_code\":null,\"attribute_set_code\":\"Default\",\"product_type\":\"simple\",\"categories\":\"Default Category\\/Pouch bags\",\"product_websites\":\"base\",\"name\":\"Gucci Pouch bag\",\"description\":\"Gucci Pouch bag trendy\\nSize : 20*30 cm\",\"short_description\":\"Gucci Pouch bag trendy\\nSize : 20*30 cm\",\"weight\":null,\"product_online\":\"1\",\"tax_class_name\":\"Taxable Goods\",\"visibility\":\"Catalog, Search\",\"price\":\"26\",\"special_price\":null,\"special_price_from_date\":null,\"special_price_to_date\":null,\"url_key\":\"28gucci pouch bag\",\"meta_title\":\"Gucci Pouch bag\",\"meta_keywords\":\"Gucci Pouch bag\",\"meta_description\":\"Gucci Pouch bag\",\"base_image\":\"\\/2\\/8\\/28_1_1.jpg\",\"base_image_label\":\"28_1.JPG\",\"small_image\":\"\\/2\\/8\\/28_1_1.jpg\",\"small_image_label\":null,\"thumbnail_image\":\"\\/2\\/8\\/28_1_1.jpg\",\"thumbnail_image_label\":null,\"swatch_image\":null,\"swatch_image_label\":null,\"created_at\":\"9\\/9\\/22, 7:37 PM\",\"updated_at\":\"9\\/9\\/22, 7:45 PM\",\"new_from_date\":null,\"new_to_date\":null,\"display_product_options_in\":\"Block after Info Column\",\"map_price\":null,\"msrp_price\":null,\"map_enabled\":null,\"gift_message_available\":null,\"custom_design\":null,\"custom_design_from\":null,\"custom_design_to\":null,\"custom_layout_update\":null,\"page_layout\":null,\"product_options_container\":null,\"msrp_display_actual_price_type\":\"Use config\",\"country_of_manufacture\":null,\"additional_attributes\":\"climate=All-Weather,color=Black,manufacturer=Bub,material=Burlap,pattern=Color-Blocked,size=L\",\"qty\":\"100\",\"out_of_stock_qty\":\"0\",\"use_config_min_qty\":\"0\",\"is_qty_decimal\":\"0\",\"allow_backorders\":\"0\",\"use_config_backorders\":\"0\",\"min_cart_qty\":\"0\",\"use_config_min_sale_qty\":\"1\",\"max_cart_qty\":\"0\",\"use_config_max_sale_qty\":\"0\",\"is_in_stock\":\"0\",\"notify_on_stock_below\":null,\"use_config_notify_stock_qty\":\"0\",\"manage_stock\":\"0\",\"use_config_manage_stock\":\"0\",\"use_config_qty_increments\":\"0\",\"qty_increments\":\"0\",\"use_config_enable_qty_inc\":\"0\",\"enable_qty_increments\":\"0\",\"is_decimal_divided\":\"0\",\"website_id\":\"0\",\"related_skus\":null,\"related_position\":null,\"crosssell_skus\":null,\"crosssell_position\":null,\"upsell_skus\":null,\"upsell_position\":null,\"additional_images\":\"\\/2\\/8\\/28_1_1.jpg\",\"additional_image_labels\":\"28_1.JPG\",\"hide_from_product_page\":null,\"custom_options\":null,\"bundle_price_type\":null,\"bundle_sku_type\":null,\"bundle_price_view\":null,\"bundle_weight_type\":null,\"bundle_values\":null,\"bundle_shipment_type\":null,\"associated_skus\":null,\"downloadable_links\":null,\"downloadable_samples\":null,\"configurable_variations\":null,\"configurable_variation_labels\":null,\"image\":\"\\/2\\/8\\/28_1_1.jpg\",\"image_label\":\"28_1.JPG\",\"thumbnail\":\"\\/2\\/8\\/28_1_1.jpg\",\"thumbnail_label\":null,\"_media_image\":\"\\/2\\/8\\/28_1_1.jpg\",\"_media_image_label\":\"28_1.JPG\",\"_media_is_disabled\":null,\"_store\":null,\"_attribute_set\":\"Default\",\"_product_websites\":\"base\",\"status\":\"1\",\"news_from_date\":null,\"news_to_date\":null,\"options_container\":\"Block after Info Column\",\"minimal_price\":null,\"msrp\":null,\"msrp_enabled\":null,\"special_from_date\":null,\"special_to_date\":null,\"min_qty\":\"0\",\"backorders\":\"0\",\"min_sale_qty\":\"0\",\"max_sale_qty\":\"0\",\"notify_stock_qty\":null,\"_related_sku\":null,\"_related_position\":null,\"_crosssell_sku\":null,\"_crosssell_position\":null,\"_upsell_sku\":null,\"_upsell_position\":null,\"meta_keyword\":\"Gucci Pouch bag\",\"price_type\":null,\"shipment_type\":null,\"price_view\":null,\"weight_type\":null,\"sku_type\":null,\"climate\":\"All-Weather\",\"color\":\"Black\",\"manufacturer\":\"Bub\",\"material\":\"Burlap\",\"pattern\":\"Color-Blocked\",\"size\":\"L\"},{\"sku\":\"29\",\"store_view_code\":null,\"attribute_set_code\":\"Default\",\"product_type\":\"simple\",\"categories\":\"Default Category\\/Pouch bags\",\"product_websites\":\"base\",\"name\":\"YSL Pouch bag\",\"description\":\"YSL pouch bag high quality leather with golden logo\",\"short_description\":\"YSL pouch bag high quality leather with golden logo\",\"weight\":null,\"product_online\":\"1\",\"tax_class_name\":\"Taxable Goods\",\"visibility\":\"Catalog, Search\",\"price\":\"26\",\"special_price\":null,\"special_price_from_date\":null,\"special_price_to_date\":null,\"url_key\":\"29ysl pouch bag\",\"meta_title\":\"YSL Pouch bag\",\"meta_keywords\":\"YSL Pouch bag\",\"meta_description\":\"YSL Pouch bag\",\"base_image\":\"\\/2\\/9\\/29_1_1.jpg\",\"base_image_label\":\"29_1.JPG\",\"small_image\":\"\\/2\\/9\\/29_1_1.jpg\",\"small_image_label\":null,\"thumbnail_image\":\"\\/2\\/9\\/29_1_1.jpg\",\"thumbnail_image_label\":null,\"swatch_image\":null,\"swatch_image_label\":null,\"created_at\":\"9\\/9\\/22, 7:37 PM\",\"updated_at\":\"9\\/9\\/22, 7:45 PM\",\"new_from_date\":null,\"new_to_date\":null,\"display_product_options_in\":\"Block after Info Column\",\"map_price\":null,\"msrp_price\":null,\"map_enabled\":null,\"gift_message_available\":null,\"custom_design\":null,\"custom_design_from\":null,\"custom_design_to\":null,\"custom_layout_update\":null,\"page_layout\":null,\"product_options_container\":null,\"msrp_display_actual_price_type\":\"Use config\",\"country_of_manufacture\":null,\"additional_attributes\":\"climate=All-Weather,color=Black,manufacturer=Bub,material=Burlap,pattern=Color-Blocked,size=L\",\"qty\":\"100\",\"out_of_stock_qty\":\"0\",\"use_config_min_qty\":\"0\",\"is_qty_decimal\":\"0\",\"allow_backorders\":\"0\",\"use_config_backorders\":\"0\",\"min_cart_qty\":\"0\",\"use_config_min_sale_qty\":\"1\",\"max_cart_qty\":\"0\",\"use_config_max_sale_qty\":\"0\",\"is_in_stock\":\"0\",\"notify_on_stock_below\":null,\"use_config_notify_stock_qty\":\"0\",\"manage_stock\":\"0\",\"use_config_manage_stock\":\"0\",\"use_config_qty_increments\":\"0\",\"qty_increments\":\"0\",\"use_config_enable_qty_inc\":\"0\",\"enable_qty_increments\":\"0\",\"is_decimal_divided\":\"0\",\"website_id\":\"0\",\"related_skus\":null,\"related_position\":null,\"crosssell_skus\":null,\"crosssell_position\":null,\"upsell_skus\":null,\"upsell_position\":null,\"additional_images\":\"\\/2\\/9\\/29_1_1.jpg\",\"additional_image_labels\":\"29_1.JPG\",\"hide_from_product_page\":null,\"custom_options\":null,\"bundle_price_type\":null,\"bundle_sku_type\":null,\"bundle_price_view\":null,\"bundle_weight_type\":null,\"bundle_values\":null,\"bundle_shipment_type\":null,\"associated_skus\":null,\"downloadable_links\":null,\"downloadable_samples\":null,\"configurable_variations\":null,\"configurable_variation_labels\":null,\"image\":\"\\/2\\/9\\/29_1_1.jpg\",\"image_label\":\"29_1.JPG\",\"thumbnail\":\"\\/2\\/9\\/29_1_1.jpg\",\"thumbnail_label\":null,\"_media_image\":\"\\/2\\/9\\/29_1_1.jpg\",\"_media_image_label\":\"29_1.JPG\",\"_media_is_disabled\":null,\"_store\":null,\"_attribute_set\":\"Default\",\"_product_websites\":\"base\",\"status\":\"1\",\"news_from_date\":null,\"news_to_date\":null,\"options_container\":\"Block after Info Column\",\"minimal_price\":null,\"msrp\":null,\"msrp_enabled\":null,\"special_from_date\":null,\"special_to_date\":null,\"min_qty\":\"0\",\"backorders\":\"0\",\"min_sale_qty\":\"0\",\"max_sale_qty\":\"0\",\"notify_stock_qty\":null,\"_related_sku\":null,\"_related_position\":null,\"_crosssell_sku\":null,\"_crosssell_position\":null,\"_upsell_sku\":null,\"_upsell_position\":null,\"meta_keyword\":\"YSL Pouch bag\",\"price_type\":null,\"shipment_type\":null,\"price_view\":null,\"weight_type\":null,\"sku_type\":null,\"climate\":\"All-Weather\",\"color\":\"Black\",\"manufacturer\":\"Bub\",\"material\":\"Burlap\",\"pattern\":\"Color-Blocked\",\"size\":\"L\"},{\"sku\":\"30\",\"store_view_code\":null,\"attribute_set_code\":\"Default\",\"product_type\":\"simple\",\"categories\":\"Default Category\\/Pouch bags\",\"product_websites\":\"base\",\"name\":\"Burberry Pouch bag\",\"description\":\"Burberry Pouch bag printed\",\"short_description\":\"Burberry Pouch bag printed\",\"weight\":null,\"product_online\":\"1\",\"tax_class_name\":\"Taxable Goods\",\"visibility\":\"Catalog, Search\",\"price\":\"26\",\"special_price\":null,\"special_price_from_date\":null,\"special_price_to_date\":null,\"url_key\":\"30burberry pouch bag\",\"meta_title\":\"Burberry Pouch bag\",\"meta_keywords\":\"Burberry Pouch bag\",\"meta_description\":\"Burberry Pouch bag\",\"base_image\":\"\\/3\\/0\\/30_1.jpg\",\"base_image_label\":\"30.JPG\",\"small_image\":\"\\/3\\/0\\/30_1.jpg\",\"small_image_label\":null,\"thumbnail_image\":\"\\/3\\/0\\/30_1.jpg\",\"thumbnail_image_label\":null,\"swatch_image\":null,\"swatch_image_label\":null,\"created_at\":\"9\\/9\\/22, 7:37 PM\",\"updated_at\":\"9\\/9\\/22, 7:45 PM\",\"new_from_date\":null,\"new_to_date\":null,\"display_product_options_in\":\"Block after Info Column\",\"map_price\":null,\"msrp_price\":null,\"map_enabled\":null,\"gift_message_available\":null,\"custom_design\":null,\"custom_design_from\":null,\"custom_design_to\":null,\"custom_layout_update\":null,\"page_layout\":null,\"product_options_container\":null,\"msrp_display_actual_price_type\":\"Use config\",\"country_of_manufacture\":null,\"additional_attributes\":\"climate=All-Weather,color=Black,manufacturer=Bub,material=Burlap,pattern=Color-Blocked,size=L\",\"qty\":\"100\",\"out_of_stock_qty\":\"0\",\"use_config_min_qty\":\"1\",\"is_qty_decimal\":\"0\",\"allow_backorders\":\"0\",\"use_config_backorders\":\"1\",\"min_cart_qty\":\"1\",\"use_config_min_sale_qty\":\"1\",\"max_cart_qty\":\"10000\",\"use_config_max_sale_qty\":\"1\",\"is_in_stock\":\"0\",\"notify_on_stock_below\":\"1\",\"use_config_notify_stock_qty\":\"1\",\"manage_stock\":\"1\",\"use_config_manage_stock\":\"1\",\"use_config_qty_increments\":\"1\",\"qty_increments\":\"0\",\"use_config_enable_qty_inc\":\"1\",\"enable_qty_increments\":\"0\",\"is_decimal_divided\":\"0\",\"website_id\":\"0\",\"related_skus\":null,\"related_position\":null,\"crosssell_skus\":null,\"crosssell_position\":null,\"upsell_skus\":null,\"upsell_position\":null,\"additional_images\":\"\\/3\\/0\\/30_1.jpg\",\"additional_image_labels\":\"30.JPG\",\"hide_from_product_page\":null,\"custom_options\":null,\"bundle_price_type\":null,\"bundle_sku_type\":null,\"bundle_price_view\":null,\"bundle_weight_type\":null,\"bundle_values\":null,\"bundle_shipment_type\":null,\"associated_skus\":null,\"downloadable_links\":null,\"downloadable_samples\":null,\"configurable_variations\":null,\"configurable_variation_labels\":null,\"image\":\"\\/3\\/0\\/30_1.jpg\",\"image_label\":\"30.JPG\",\"thumbnail\":\"\\/3\\/0\\/30_1.jpg\",\"thumbnail_label\":null,\"_media_image\":\"\\/3\\/0\\/30_1.jpg\",\"_media_image_label\":\"30.JPG\",\"_media_is_disabled\":null,\"_store\":null,\"_attribute_set\":\"Default\",\"_product_websites\":\"base\",\"status\":\"1\",\"news_from_date\":null,\"news_to_date\":null,\"options_container\":\"Block after Info Column\",\"minimal_price\":null,\"msrp\":null,\"msrp_enabled\":null,\"special_from_date\":null,\"special_to_date\":null,\"min_qty\":\"0\",\"backorders\":\"0\",\"min_sale_qty\":\"1\",\"max_sale_qty\":\"10000\",\"notify_stock_qty\":\"1\",\"_related_sku\":null,\"_related_position\":null,\"_crosssell_sku\":null,\"_crosssell_position\":null,\"_upsell_sku\":null,\"_upsell_position\":null,\"meta_keyword\":\"Burberry Pouch bag\",\"price_type\":null,\"shipment_type\":null,\"price_view\":null,\"weight_type\":null,\"sku_type\":null,\"climate\":\"All-Weather\",\"color\":\"Black\",\"manufacturer\":\"Bub\",\"material\":\"Burlap\",\"pattern\":\"Color-Blocked\",\"size\":\"L\"},{\"sku\":\"32\",\"store_view_code\":null,\"attribute_set_code\":\"Default\",\"product_type\":\"simple\",\"categories\":\"Default Category\\/Pouch bags\",\"product_websites\":\"base\",\"name\":\"Goyard accessories bag\",\"description\":\"Goyard mini bag for accessories\",\"short_description\":\"Goyard mini bag for accessories\",\"weight\":null,\"product_online\":\"1\",\"tax_class_name\":\"Taxable Goods\",\"visibility\":\"Catalog, Search\",\"price\":\"10\",\"special_price\":null,\"special_price_from_date\":null,\"special_price_to_date\":null,\"url_key\":\"32goyard accessories bag\",\"meta_title\":\"Goyard accessories bag\",\"meta_keywords\":\"Goyard accessories bag\",\"meta_description\":\"Goyard accessories bag\",\"base_image\":\"\\/3\\/2\\/32_1_1.jpg\",\"base_image_label\":\"32_1.JPG\",\"small_image\":\"\\/3\\/2\\/32_1_1.jpg\",\"small_image_label\":null,\"thumbnail_image\":\"\\/3\\/2\\/32_1_1.jpg\",\"thumbnail_image_label\":null,\"swatch_image\":null,\"swatch_image_label\":null,\"created_at\":\"9\\/9\\/22, 7:37 PM\",\"updated_at\":\"9\\/9\\/22, 7:45 PM\",\"new_from_date\":null,\"new_to_date\":null,\"display_product_options_in\":\"Block after Info Column\",\"map_price\":null,\"msrp_price\":null,\"map_enabled\":null,\"gift_message_available\":null,\"custom_design\":null,\"custom_design_from\":null,\"custom_design_to\":null,\"custom_layout_update\":null,\"page_layout\":null,\"product_options_container\":null,\"msrp_display_actual_price_type\":\"Use config\",\"country_of_manufacture\":null,\"additional_attributes\":\"climate=All-Weather,color=Black,manufacturer=Bub,material=Burlap,pattern=Color-Blocked,size=L\",\"qty\":\"100\",\"out_of_stock_qty\":\"0\",\"use_config_min_qty\":\"1\",\"is_qty_decimal\":\"0\",\"allow_backorders\":\"0\",\"use_config_backorders\":\"1\",\"min_cart_qty\":\"1\",\"use_config_min_sale_qty\":\"1\",\"max_cart_qty\":\"10000\",\"use_config_max_sale_qty\":\"1\",\"is_in_stock\":\"0\",\"notify_on_stock_below\":\"1\",\"use_config_notify_stock_qty\":\"1\",\"manage_stock\":\"1\",\"use_config_manage_stock\":\"1\",\"use_config_qty_increments\":\"1\",\"qty_increments\":\"0\",\"use_config_enable_qty_inc\":\"1\",\"enable_qty_increments\":\"0\",\"is_decimal_divided\":\"0\",\"website_id\":\"0\",\"related_skus\":null,\"related_position\":null,\"crosssell_skus\":null,\"crosssell_position\":null,\"upsell_skus\":null,\"upsell_position\":null,\"additional_images\":\"\\/3\\/2\\/32_1_1.jpg\",\"additional_image_labels\":\"32_1.JPG\",\"hide_from_product_page\":null,\"custom_options\":null,\"bundle_price_type\":null,\"bundle_sku_type\":null,\"bundle_price_view\":null,\"bundle_weight_type\":null,\"bundle_values\":null,\"bundle_shipment_type\":null,\"associated_skus\":null,\"downloadable_links\":null,\"downloadable_samples\":null,\"configurable_variations\":null,\"configurable_variation_labels\":null,\"image\":\"\\/3\\/2\\/32_1_1.jpg\",\"image_label\":\"32_1.JPG\",\"thumbnail\":\"\\/3\\/2\\/32_1_1.jpg\",\"thumbnail_label\":null,\"_media_image\":\"\\/3\\/2\\/32_1_1.jpg\",\"_media_image_label\":\"32_1.JPG\",\"_media_is_disabled\":null,\"_store\":null,\"_attribute_set\":\"Default\",\"_product_websites\":\"base\",\"status\":\"1\",\"news_from_date\":null,\"news_to_date\":null,\"options_container\":\"Block after Info Column\",\"minimal_price\":null,\"msrp\":null,\"msrp_enabled\":null,\"special_from_date\":null,\"special_to_date\":null,\"min_qty\":\"0\",\"backorders\":\"0\",\"min_sale_qty\":\"1\",\"max_sale_qty\":\"10000\",\"notify_stock_qty\":\"1\",\"_related_sku\":null,\"_related_position\":null,\"_crosssell_sku\":null,\"_crosssell_position\":null,\"_upsell_sku\":null,\"_upsell_position\":null,\"meta_keyword\":\"Goyard accessories bag\",\"price_type\":null,\"shipment_type\":null,\"price_view\":null,\"weight_type\":null,\"sku_type\":null,\"climate\":\"All-Weather\",\"color\":\"Black\",\"manufacturer\":\"Bub\",\"material\":\"Burlap\",\"pattern\":\"Color-Blocked\",\"size\":\"L\"},{\"sku\":\"33\",\"store_view_code\":null,\"attribute_set_code\":\"Default\",\"product_type\":\"simple\",\"categories\":\"Default Category\\/Pouch bags\",\"product_websites\":\"base\",\"name\":\"Gucci Pouch bag\",\"description\":\"Gucci Dynaisus pouch bag high quality leather can be used as a bag also it has a long golden chain\",\"short_description\":\"Gucci Dynaisus pouch bag high quality leather can be used as a bag also it has a long golden chain\",\"weight\":null,\"product_online\":\"1\",\"tax_class_name\":\"Taxable Goods\",\"visibility\":\"Catalog, Search\",\"price\":\"33\",\"special_price\":null,\"special_price_from_date\":null,\"special_price_to_date\":null,\"url_key\":\"33gucci pouch bag\",\"meta_title\":\"Gucci Pouch bag\",\"meta_keywords\":\"Gucci Pouch bag\",\"meta_description\":\"Gucci Pouch bag\",\"base_image\":\"\\/3\\/3\\/33_1_1.jpg\",\"base_image_label\":\"33_1.JPG\",\"small_image\":\"\\/3\\/3\\/33_1_1.jpg\",\"small_image_label\":null,\"thumbnail_image\":\"\\/3\\/3\\/33_1_1.jpg\",\"thumbnail_image_label\":null,\"swatch_image\":null,\"swatch_image_label\":null,\"created_at\":\"9\\/9\\/22, 7:37 PM\",\"updated_at\":\"9\\/9\\/22, 7:45 PM\",\"new_from_date\":null,\"new_to_date\":null,\"display_product_options_in\":\"Block after Info Column\",\"map_price\":null,\"msrp_price\":null,\"map_enabled\":null,\"gift_message_available\":null,\"custom_design\":null,\"custom_design_from\":null,\"custom_design_to\":null,\"custom_layout_update\":null,\"page_layout\":null,\"product_options_container\":null,\"msrp_display_actual_price_type\":\"Use config\",\"country_of_manufacture\":null,\"additional_attributes\":\"climate=All-Weather,color=Black,manufacturer=Bub,material=Burlap,pattern=Color-Blocked,size=L\",\"qty\":\"100\",\"out_of_stock_qty\":\"0\",\"use_config_min_qty\":\"1\",\"is_qty_decimal\":\"0\",\"allow_backorders\":\"0\",\"use_config_backorders\":\"1\",\"min_cart_qty\":\"1\",\"use_config_min_sale_qty\":\"1\",\"max_cart_qty\":\"10000\",\"use_config_max_sale_qty\":\"1\",\"is_in_stock\":\"0\",\"notify_on_stock_below\":\"1\",\"use_config_notify_stock_qty\":\"1\",\"manage_stock\":\"1\",\"use_config_manage_stock\":\"1\",\"use_config_qty_increments\":\"1\",\"qty_increments\":\"0\",\"use_config_enable_qty_inc\":\"1\",\"enable_qty_increments\":\"0\",\"is_decimal_divided\":\"0\",\"website_id\":\"0\",\"related_skus\":null,\"related_position\":null,\"crosssell_skus\":null,\"crosssell_position\":null,\"upsell_skus\":null,\"upsell_position\":null,\"additional_images\":\"\\/3\\/3\\/33_1_1.jpg\",\"additional_image_labels\":\"33_1.JPG\",\"hide_from_product_page\":null,\"custom_options\":null,\"bundle_price_type\":null,\"bundle_sku_type\":null,\"bundle_price_view\":null,\"bundle_weight_type\":null,\"bundle_values\":null,\"bundle_shipment_type\":null,\"associated_skus\":null,\"downloadable_links\":null,\"downloadable_samples\":null,\"configurable_variations\":null,\"configurable_variation_labels\":null,\"image\":\"\\/3\\/3\\/33_1_1.jpg\",\"image_label\":\"33_1.JPG\",\"thumbnail\":\"\\/3\\/3\\/33_1_1.jpg\",\"thumbnail_label\":null,\"_media_image\":\"\\/3\\/3\\/33_1_1.jpg\",\"_media_image_label\":\"33_1.JPG\",\"_media_is_disabled\":null,\"_store\":null,\"_attribute_set\":\"Default\",\"_product_websites\":\"base\",\"status\":\"1\",\"news_from_date\":null,\"news_to_date\":null,\"options_container\":\"Block after Info Column\",\"minimal_price\":null,\"msrp\":null,\"msrp_enabled\":null,\"special_from_date\":null,\"special_to_date\":null,\"min_qty\":\"0\",\"backorders\":\"0\",\"min_sale_qty\":\"1\",\"max_sale_qty\":\"10000\",\"notify_stock_qty\":\"1\",\"_related_sku\":null,\"_related_position\":null,\"_crosssell_sku\":null,\"_crosssell_position\":null,\"_upsell_sku\":null,\"_upsell_position\":null,\"meta_keyword\":\"Gucci Pouch bag\",\"price_type\":null,\"shipment_type\":null,\"price_view\":null,\"weight_type\":null,\"sku_type\":null,\"climate\":\"All-Weather\",\"color\":\"Black\",\"manufacturer\":\"Bub\",\"material\":\"Burlap\",\"pattern\":\"Color-Blocked\",\"size\":\"L\"},{\"sku\":\"35\",\"store_view_code\":null,\"attribute_set_code\":\"Default\",\"product_type\":\"simple\",\"categories\":\"Default Category\\/Wallets\",\"product_websites\":\"base\",\"name\":\"Dior wallet\",\"description\":\"Dior long wallet printed Dior\",\"short_description\":\"Dior long wallet printed Dior\",\"weight\":null,\"product_online\":\"1\",\"tax_class_name\":\"Taxable Goods\",\"visibility\":\"Catalog, Search\",\"price\":\"11\",\"special_price\":null,\"special_price_from_date\":null,\"special_price_to_date\":null,\"url_key\":\"35dior wallet\",\"meta_title\":\"Dior wallet\",\"meta_keywords\":\"Dior wallet\",\"meta_description\":\"Dior wallet\",\"base_image\":\"\\/3\\/5\\/35_1_1.jpg\",\"base_image_label\":\"35_1.JPG\",\"small_image\":\"\\/3\\/5\\/35_1_1.jpg\",\"small_image_label\":null,\"thumbnail_image\":\"\\/3\\/5\\/35_1_1.jpg\",\"thumbnail_image_label\":null,\"swatch_image\":null,\"swatch_image_label\":null,\"created_at\":\"9\\/9\\/22, 7:37 PM\",\"updated_at\":\"9\\/9\\/22, 7:45 PM\",\"new_from_date\":null,\"new_to_date\":null,\"display_product_options_in\":\"Block after Info Column\",\"map_price\":null,\"msrp_price\":null,\"map_enabled\":null,\"gift_message_available\":null,\"custom_design\":null,\"custom_design_from\":null,\"custom_design_to\":null,\"custom_layout_update\":null,\"page_layout\":null,\"product_options_container\":null,\"msrp_display_actual_price_type\":\"Use config\",\"country_of_manufacture\":null,\"additional_attributes\":\"climate=All-Weather,color=Black,manufacturer=Bub,material=Burlap,pattern=Color-Blocked,size=L\",\"qty\":\"100\",\"out_of_stock_qty\":\"0\",\"use_config_min_qty\":\"1\",\"is_qty_decimal\":\"0\",\"allow_backorders\":\"0\",\"use_config_backorders\":\"1\",\"min_cart_qty\":\"1\",\"use_config_min_sale_qty\":\"1\",\"max_cart_qty\":\"10000\",\"use_config_max_sale_qty\":\"1\",\"is_in_stock\":\"0\",\"notify_on_stock_below\":\"1\",\"use_config_notify_stock_qty\":\"1\",\"manage_stock\":\"1\",\"use_config_manage_stock\":\"1\",\"use_config_qty_increments\":\"1\",\"qty_increments\":\"0\",\"use_config_enable_qty_inc\":\"1\",\"enable_qty_increments\":\"0\",\"is_decimal_divided\":\"0\",\"website_id\":\"0\",\"related_skus\":null,\"related_position\":null,\"crosssell_skus\":null,\"crosssell_position\":null,\"upsell_skus\":null,\"upsell_position\":null,\"additional_images\":\"\\/3\\/5\\/35_1_1.jpg\",\"additional_image_labels\":\"35_1.JPG\",\"hide_from_product_page\":null,\"custom_options\":null,\"bundle_price_type\":null,\"bundle_sku_type\":null,\"bundle_price_view\":null,\"bundle_weight_type\":null,\"bundle_values\":null,\"bundle_shipment_type\":null,\"associated_skus\":null,\"downloadable_links\":null,\"downloadable_samples\":null,\"configurable_variations\":null,\"configurable_variation_labels\":null,\"image\":\"\\/3\\/5\\/35_1_1.jpg\",\"image_label\":\"35_1.JPG\",\"thumbnail\":\"\\/3\\/5\\/35_1_1.jpg\",\"thumbnail_label\":null,\"_media_image\":\"\\/3\\/5\\/35_1_1.jpg\",\"_media_image_label\":\"35_1.JPG\",\"_media_is_disabled\":null,\"_store\":null,\"_attribute_set\":\"Default\",\"_product_websites\":\"base\",\"status\":\"1\",\"news_from_date\":null,\"news_to_date\":null,\"options_container\":\"Block after Info Column\",\"minimal_price\":null,\"msrp\":null,\"msrp_enabled\":null,\"special_from_date\":null,\"special_to_date\":null,\"min_qty\":\"0\",\"backorders\":\"0\",\"min_sale_qty\":\"1\",\"max_sale_qty\":\"10000\",\"notify_stock_qty\":\"1\",\"_related_sku\":null,\"_related_position\":null,\"_crosssell_sku\":null,\"_crosssell_position\":null,\"_upsell_sku\":null,\"_upsell_position\":null,\"meta_keyword\":\"Dior wallet\",\"price_type\":null,\"shipment_type\":null,\"price_view\":null,\"weight_type\":null,\"sku_type\":null,\"climate\":\"All-Weather\",\"color\":\"Black\",\"manufacturer\":\"Bub\",\"material\":\"Burlap\",\"pattern\":\"Color-Blocked\",\"size\":\"L\"},{\"sku\":\"36\",\"store_view_code\":null,\"attribute_set_code\":\"Default\",\"product_type\":\"simple\",\"categories\":\"Default Category\\/Wallets\",\"product_websites\":\"base\",\"name\":\"Gucci wallet\",\"description\":\"Gucci bee wallet printed multi colors with box\",\"short_description\":\"Gucci bee wallet printed multi colors with box\",\"weight\":null,\"product_online\":\"1\",\"tax_class_name\":\"Taxable Goods\",\"visibility\":\"Catalog, Search\",\"price\":\"11\",\"special_price\":null,\"special_price_from_date\":null,\"special_price_to_date\":null,\"url_key\":\"36gucci wallet\",\"meta_title\":\"Gucci wallet\",\"meta_keywords\":\"Gucci wallet\",\"meta_description\":\"Gucci wallet\",\"base_image\":\"\\/3\\/6\\/36_1_1.jpg\",\"base_image_label\":\"36_1.JPG\",\"small_image\":\"\\/3\\/6\\/36_1_1.jpg\",\"small_image_label\":null,\"thumbnail_image\":\"\\/3\\/6\\/36_1_1.jpg\",\"thumbnail_image_label\":null,\"swatch_image\":null,\"swatch_image_label\":null,\"created_at\":\"9\\/9\\/22, 7:37 PM\",\"updated_at\":\"9\\/9\\/22, 7:45 PM\",\"new_from_date\":null,\"new_to_date\":null,\"display_product_options_in\":\"Block after Info Column\",\"map_price\":null,\"msrp_price\":null,\"map_enabled\":null,\"gift_message_available\":null,\"custom_design\":null,\"custom_design_from\":null,\"custom_design_to\":null,\"custom_layout_update\":null,\"page_layout\":null,\"product_options_container\":null,\"msrp_display_actual_price_type\":\"Use config\",\"country_of_manufacture\":null,\"additional_attributes\":\"climate=All-Weather,color=Black,manufacturer=Bub,material=Burlap,pattern=Color-Blocked,size=L\",\"qty\":\"100\",\"out_of_stock_qty\":\"0\",\"use_config_min_qty\":\"1\",\"is_qty_decimal\":\"0\",\"allow_backorders\":\"0\",\"use_config_backorders\":\"1\",\"min_cart_qty\":\"1\",\"use_config_min_sale_qty\":\"1\",\"max_cart_qty\":\"10000\",\"use_config_max_sale_qty\":\"1\",\"is_in_stock\":\"0\",\"notify_on_stock_below\":\"1\",\"use_config_notify_stock_qty\":\"1\",\"manage_stock\":\"1\",\"use_config_manage_stock\":\"1\",\"use_config_qty_increments\":\"1\",\"qty_increments\":\"0\",\"use_config_enable_qty_inc\":\"1\",\"enable_qty_increments\":\"0\",\"is_decimal_divided\":\"0\",\"website_id\":\"0\",\"related_skus\":null,\"related_position\":null,\"crosssell_skus\":null,\"crosssell_position\":null,\"upsell_skus\":null,\"upsell_position\":null,\"additional_images\":\"\\/3\\/6\\/36_1_1.jpg\",\"additional_image_labels\":\"36_1.JPG\",\"hide_from_product_page\":null,\"custom_options\":null,\"bundle_price_type\":null,\"bundle_sku_type\":null,\"bundle_price_view\":null,\"bundle_weight_type\":null,\"bundle_values\":null,\"bundle_shipment_type\":null,\"associated_skus\":null,\"downloadable_links\":null,\"downloadable_samples\":null,\"configurable_variations\":null,\"configurable_variation_labels\":null,\"image\":\"\\/3\\/6\\/36_1_1.jpg\",\"image_label\":\"36_1.JPG\",\"thumbnail\":\"\\/3\\/6\\/36_1_1.jpg\",\"thumbnail_label\":null,\"_media_image\":\"\\/3\\/6\\/36_1_1.jpg\",\"_media_image_label\":\"36_1.JPG\",\"_media_is_disabled\":null,\"_store\":null,\"_attribute_set\":\"Default\",\"_product_websites\":\"base\",\"status\":\"1\",\"news_from_date\":null,\"news_to_date\":null,\"options_container\":\"Block after Info Column\",\"minimal_price\":null,\"msrp\":null,\"msrp_enabled\":null,\"special_from_date\":null,\"special_to_date\":null,\"min_qty\":\"0\",\"backorders\":\"0\",\"min_sale_qty\":\"1\",\"max_sale_qty\":\"10000\",\"notify_stock_qty\":\"1\",\"_related_sku\":null,\"_related_position\":null,\"_crosssell_sku\":null,\"_crosssell_position\":null,\"_upsell_sku\":null,\"_upsell_position\":null,\"meta_keyword\":\"Gucci wallet\",\"price_type\":null,\"shipment_type\":null,\"price_view\":null,\"weight_type\":null,\"sku_type\":null,\"climate\":\"All-Weather\",\"color\":\"Black\",\"manufacturer\":\"Bub\",\"material\":\"Burlap\",\"pattern\":\"Color-Blocked\",\"size\":\"L\"},{\"sku\":\"37\",\"store_view_code\":null,\"attribute_set_code\":\"Default\",\"product_type\":\"simple\",\"categories\":\"Default Category\\/Wallets\",\"product_websites\":\"base\",\"name\":\"Dior wallet\",\"description\":\"Christian Dior long wallet flowered print\",\"short_description\":\"Christian Dior long wallet flowered print\",\"weight\":null,\"product_online\":\"1\",\"tax_class_name\":\"Taxable Goods\",\"visibility\":\"Catalog, Search\",\"price\":\"16\",\"special_price\":null,\"special_price_from_date\":null,\"special_price_to_date\":null,\"url_key\":\"37dior wallet\",\"meta_title\":\"Dior wallet\",\"meta_keywords\":\"Dior wallet\",\"meta_description\":\"Dior wallet\",\"base_image\":\"\\/3\\/7\\/37_1_1.jpg\",\"base_image_label\":\"37_1.JPG\",\"small_image\":\"\\/3\\/7\\/37_1_1.jpg\",\"small_image_label\":null,\"thumbnail_image\":\"\\/3\\/7\\/37_1_1.jpg\",\"thumbnail_image_label\":null,\"swatch_image\":null,\"swatch_image_label\":null,\"created_at\":\"9\\/9\\/22, 7:37 PM\",\"updated_at\":\"9\\/9\\/22, 7:45 PM\",\"new_from_date\":null,\"new_to_date\":null,\"display_product_options_in\":\"Block after Info Column\",\"map_price\":null,\"msrp_price\":null,\"map_enabled\":null,\"gift_message_available\":null,\"custom_design\":null,\"custom_design_from\":null,\"custom_design_to\":null,\"custom_layout_update\":null,\"page_layout\":null,\"product_options_container\":null,\"msrp_display_actual_price_type\":\"Use config\",\"country_of_manufacture\":null,\"additional_attributes\":\"climate=All-Weather,color=Black,manufacturer=Bub,material=Burlap,pattern=Color-Blocked,size=L\",\"qty\":\"100\",\"out_of_stock_qty\":\"0\",\"use_config_min_qty\":\"1\",\"is_qty_decimal\":\"0\",\"allow_backorders\":\"0\",\"use_config_backorders\":\"1\",\"min_cart_qty\":\"1\",\"use_config_min_sale_qty\":\"1\",\"max_cart_qty\":\"10000\",\"use_config_max_sale_qty\":\"1\",\"is_in_stock\":\"0\",\"notify_on_stock_below\":\"1\",\"use_config_notify_stock_qty\":\"1\",\"manage_stock\":\"1\",\"use_config_manage_stock\":\"1\",\"use_config_qty_increments\":\"1\",\"qty_increments\":\"0\",\"use_config_enable_qty_inc\":\"1\",\"enable_qty_increments\":\"0\",\"is_decimal_divided\":\"0\",\"website_id\":\"0\",\"related_skus\":null,\"related_position\":null,\"crosssell_skus\":null,\"crosssell_position\":null,\"upsell_skus\":null,\"upsell_position\":null,\"additional_images\":\"\\/3\\/7\\/37_1_1.jpg\",\"additional_image_labels\":\"37_1.JPG\",\"hide_from_product_page\":null,\"custom_options\":null,\"bundle_price_type\":null,\"bundle_sku_type\":null,\"bundle_price_view\":null,\"bundle_weight_type\":null,\"bundle_values\":null,\"bundle_shipment_type\":null,\"associated_skus\":null,\"downloadable_links\":null,\"downloadable_samples\":null,\"configurable_variations\":null,\"configurable_variation_labels\":null,\"image\":\"\\/3\\/7\\/37_1_1.jpg\",\"image_label\":\"37_1.JPG\",\"thumbnail\":\"\\/3\\/7\\/37_1_1.jpg\",\"thumbnail_label\":null,\"_media_image\":\"\\/3\\/7\\/37_1_1.jpg\",\"_media_image_label\":\"37_1.JPG\",\"_media_is_disabled\":null,\"_store\":null,\"_attribute_set\":\"Default\",\"_product_websites\":\"base\",\"status\":\"1\",\"news_from_date\":null,\"news_to_date\":null,\"options_container\":\"Block after Info Column\",\"minimal_price\":null,\"msrp\":null,\"msrp_enabled\":null,\"special_from_date\":null,\"special_to_date\":null,\"min_qty\":\"0\",\"backorders\":\"0\",\"min_sale_qty\":\"1\",\"max_sale_qty\":\"10000\",\"notify_stock_qty\":\"1\",\"_related_sku\":null,\"_related_position\":null,\"_crosssell_sku\":null,\"_crosssell_position\":null,\"_upsell_sku\":null,\"_upsell_position\":null,\"meta_keyword\":\"Dior wallet\",\"price_type\":null,\"shipment_type\":null,\"price_view\":null,\"weight_type\":null,\"sku_type\":null,\"climate\":\"All-Weather\",\"color\":\"Black\",\"manufacturer\":\"Bub\",\"material\":\"Burlap\",\"pattern\":\"Color-Blocked\",\"size\":\"L\"},{\"sku\":\"38\",\"store_view_code\":null,\"attribute_set_code\":\"Default\",\"product_type\":\"simple\",\"categories\":\"Default Category\\/Slippers\",\"product_websites\":\"base\",\"name\":\"Channel wallet\",\"description\":\"Channel long leather wallet\",\"short_description\":\"Channel long leather wallet\",\"weight\":null,\"product_online\":\"1\",\"tax_class_name\":\"Taxable Goods\",\"visibility\":\"Catalog, Search\",\"price\":\"18\",\"special_price\":null,\"special_price_from_date\":null,\"special_price_to_date\":null,\"url_key\":\"38channel wallet\",\"meta_title\":\"Channel wallet\",\"meta_keywords\":\"Channel wallet\",\"meta_description\":\"Channel wallet\",\"base_image\":\"\\/3\\/8\\/38_1.jpg\",\"base_image_label\":\"38.JPG\",\"small_image\":\"\\/3\\/8\\/38_1.jpg\",\"small_image_label\":null,\"thumbnail_image\":\"\\/3\\/8\\/38_1.jpg\",\"thumbnail_image_label\":null,\"swatch_image\":null,\"swatch_image_label\":null,\"created_at\":\"9\\/9\\/22, 7:37 PM\",\"updated_at\":\"9\\/9\\/22, 7:45 PM\",\"new_from_date\":null,\"new_to_date\":null,\"display_product_options_in\":\"Block after Info Column\",\"map_price\":null,\"msrp_price\":null,\"map_enabled\":null,\"gift_message_available\":null,\"custom_design\":null,\"custom_design_from\":null,\"custom_design_to\":null,\"custom_layout_update\":null,\"page_layout\":null,\"product_options_container\":null,\"msrp_display_actual_price_type\":\"Use config\",\"country_of_manufacture\":null,\"additional_attributes\":\"climate=All-Weather,color=Black,manufacturer=Bub,material=Burlap,pattern=Color-Blocked,size=L\",\"qty\":\"100\",\"out_of_stock_qty\":\"0\",\"use_config_min_qty\":\"1\",\"is_qty_decimal\":\"0\",\"allow_backorders\":\"0\",\"use_config_backorders\":\"1\",\"min_cart_qty\":\"1\",\"use_config_min_sale_qty\":\"1\",\"max_cart_qty\":\"10000\",\"use_config_max_sale_qty\":\"1\",\"is_in_stock\":\"0\",\"notify_on_stock_below\":\"1\",\"use_config_notify_stock_qty\":\"1\",\"manage_stock\":\"1\",\"use_config_manage_stock\":\"1\",\"use_config_qty_increments\":\"1\",\"qty_increments\":\"0\",\"use_config_enable_qty_inc\":\"1\",\"enable_qty_increments\":\"0\",\"is_decimal_divided\":\"0\",\"website_id\":\"0\",\"related_skus\":null,\"related_position\":null,\"crosssell_skus\":null,\"crosssell_position\":null,\"upsell_skus\":null,\"upsell_position\":null,\"additional_images\":\"\\/3\\/8\\/38_1.jpg\",\"additional_image_labels\":\"38.JPG\",\"hide_from_product_page\":null,\"custom_options\":null,\"bundle_price_type\":null,\"bundle_sku_type\":null,\"bundle_price_view\":null,\"bundle_weight_type\":null,\"bundle_values\":null,\"bundle_shipment_type\":null,\"associated_skus\":null,\"downloadable_links\":null,\"downloadable_samples\":null,\"configurable_variations\":null,\"configurable_variation_labels\":null,\"image\":\"\\/3\\/8\\/38_1.jpg\",\"image_label\":\"38.JPG\",\"thumbnail\":\"\\/3\\/8\\/38_1.jpg\",\"thumbnail_label\":null,\"_media_image\":\"\\/3\\/8\\/38_1.jpg\",\"_media_image_label\":\"38.JPG\",\"_media_is_disabled\":null,\"_store\":null,\"_attribute_set\":\"Default\",\"_product_websites\":\"base\",\"status\":\"1\",\"news_from_date\":null,\"news_to_date\":null,\"options_container\":\"Block after Info Column\",\"minimal_price\":null,\"msrp\":null,\"msrp_enabled\":null,\"special_from_date\":null,\"special_to_date\":null,\"min_qty\":\"0\",\"backorders\":\"0\",\"min_sale_qty\":\"1\",\"max_sale_qty\":\"10000\",\"notify_stock_qty\":\"1\",\"_related_sku\":null,\"_related_position\":null,\"_crosssell_sku\":null,\"_crosssell_position\":null,\"_upsell_sku\":null,\"_upsell_position\":null,\"meta_keyword\":\"Channel wallet\",\"price_type\":null,\"shipment_type\":null,\"price_view\":null,\"weight_type\":null,\"sku_type\":null,\"climate\":\"All-Weather\",\"color\":\"Black\",\"manufacturer\":\"Bub\",\"material\":\"Burlap\",\"pattern\":\"Color-Blocked\",\"size\":\"L\"},{\"sku\":\"40\",\"store_view_code\":null,\"attribute_set_code\":\"Default\",\"product_type\":\"simple\",\"categories\":\"Default Category\\/Bags\",\"product_websites\":\"base\",\"name\":\"Christian Doir slipper\",\"description\":\"Christian Dior slipper high quality printed\",\"short_description\":\"Christian Dior slipper high quality printed\",\"weight\":null,\"product_online\":\"1\",\"tax_class_name\":\"Taxable Goods\",\"visibility\":\"Catalog, Search\",\"price\":\"39\",\"special_price\":null,\"special_price_from_date\":null,\"special_price_to_date\":null,\"url_key\":\"40christian doir slipper\",\"meta_title\":\"Christian Doir slipper\",\"meta_keywords\":\"Christian Doir slipper\",\"meta_description\":\"Christian Doir slipper\",\"base_image\":\"\\/4\\/0\\/40_1_1.jpg\",\"base_image_label\":\"40_1.JPG\",\"small_image\":\"\\/4\\/0\\/40_1_1.jpg\",\"small_image_label\":null,\"thumbnail_image\":\"\\/4\\/0\\/40_1_1.jpg\",\"thumbnail_image_label\":null,\"swatch_image\":null,\"swatch_image_label\":null,\"created_at\":\"9\\/9\\/22, 7:37 PM\",\"updated_at\":\"9\\/9\\/22, 7:45 PM\",\"new_from_date\":null,\"new_to_date\":null,\"display_product_options_in\":\"Block after Info Column\",\"map_price\":null,\"msrp_price\":null,\"map_enabled\":null,\"gift_message_available\":null,\"custom_design\":null,\"custom_design_from\":null,\"custom_design_to\":null,\"custom_layout_update\":null,\"page_layout\":null,\"product_options_container\":null,\"msrp_display_actual_price_type\":\"Use config\",\"country_of_manufacture\":null,\"additional_attributes\":\"climate=All-Weather,color=Black,manufacturer=Bub,material=Burlap,pattern=Color-Blocked,size=L\",\"qty\":\"100\",\"out_of_stock_qty\":\"0\",\"use_config_min_qty\":\"1\",\"is_qty_decimal\":\"0\",\"allow_backorders\":\"0\",\"use_config_backorders\":\"1\",\"min_cart_qty\":\"1\",\"use_config_min_sale_qty\":\"1\",\"max_cart_qty\":\"10000\",\"use_config_max_sale_qty\":\"1\",\"is_in_stock\":\"0\",\"notify_on_stock_below\":\"1\",\"use_config_notify_stock_qty\":\"1\",\"manage_stock\":\"1\",\"use_config_manage_stock\":\"1\",\"use_config_qty_increments\":\"1\",\"qty_increments\":\"0\",\"use_config_enable_qty_inc\":\"1\",\"enable_qty_increments\":\"0\",\"is_decimal_divided\":\"0\",\"website_id\":\"0\",\"related_skus\":null,\"related_position\":null,\"crosssell_skus\":null,\"crosssell_position\":null,\"upsell_skus\":null,\"upsell_position\":null,\"additional_images\":\"\\/4\\/0\\/40_1_1.jpg\",\"additional_image_labels\":\"40_1.JPG\",\"hide_from_product_page\":null,\"custom_options\":null,\"bundle_price_type\":null,\"bundle_sku_type\":null,\"bundle_price_view\":null,\"bundle_weight_type\":null,\"bundle_values\":null,\"bundle_shipment_type\":null,\"associated_skus\":null,\"downloadable_links\":null,\"downloadable_samples\":null,\"configurable_variations\":null,\"configurable_variation_labels\":null,\"image\":\"\\/4\\/0\\/40_1_1.jpg\",\"image_label\":\"40_1.JPG\",\"thumbnail\":\"\\/4\\/0\\/40_1_1.jpg\",\"thumbnail_label\":null,\"_media_image\":\"\\/4\\/0\\/40_1_1.jpg\",\"_media_image_label\":\"40_1.JPG\",\"_media_is_disabled\":null,\"_store\":null,\"_attribute_set\":\"Default\",\"_product_websites\":\"base\",\"status\":\"1\",\"news_from_date\":null,\"news_to_date\":null,\"options_container\":\"Block after Info Column\",\"minimal_price\":null,\"msrp\":null,\"msrp_enabled\":null,\"special_from_date\":null,\"special_to_date\":null,\"min_qty\":\"0\",\"backorders\":\"0\",\"min_sale_qty\":\"1\",\"max_sale_qty\":\"10000\",\"notify_stock_qty\":\"1\",\"_related_sku\":null,\"_related_position\":null,\"_crosssell_sku\":null,\"_crosssell_position\":null,\"_upsell_sku\":null,\"_upsell_position\":null,\"meta_keyword\":\"Christian Doir slipper\",\"price_type\":null,\"shipment_type\":null,\"price_view\":null,\"weight_type\":null,\"sku_type\":null,\"climate\":\"All-Weather\",\"color\":\"Black\",\"manufacturer\":\"Bub\",\"material\":\"Burlap\",\"pattern\":\"Color-Blocked\",\"size\":\"L\"},{\"sku\":\"39\",\"store_view_code\":null,\"attribute_set_code\":\"Default\",\"product_type\":\"simple\",\"categories\":\"Default Category\\/Slippers\",\"product_websites\":\"base\",\"name\":\"Chloe slipper\",\"description\":\"Chlo  slipper high quality cross braided\",\"short_description\":\"Chlo  slipper high quality cross braided\",\"weight\":null,\"product_online\":\"1\",\"tax_class_name\":\"Taxable Goods\",\"visibility\":\"Catalog, Search\",\"price\":\"49\",\"special_price\":null,\"special_price_from_date\":null,\"special_price_to_date\":null,\"url_key\":\"39chloe slipper\",\"meta_title\":\"Chloe slipper\",\"meta_keywords\":\"Chloe slipper\",\"meta_description\":\"Chloe slipper\",\"base_image\":\"\\/3\\/9\\/39_1_1.jpg\",\"base_image_label\":\"39_1.JPG\",\"small_image\":\"\\/3\\/9\\/39_1_1.jpg\",\"small_image_label\":null,\"thumbnail_image\":\"\\/3\\/9\\/39_1_1.jpg\",\"thumbnail_image_label\":null,\"swatch_image\":null,\"swatch_image_label\":null,\"created_at\":\"9\\/9\\/22, 7:37 PM\",\"updated_at\":\"9\\/9\\/22, 7:45 PM\",\"new_from_date\":null,\"new_to_date\":null,\"display_product_options_in\":\"Block after Info Column\",\"map_price\":null,\"msrp_price\":null,\"map_enabled\":null,\"gift_message_available\":null,\"custom_design\":null,\"custom_design_from\":null,\"custom_design_to\":null,\"custom_layout_update\":null,\"page_layout\":null,\"product_options_container\":null,\"msrp_display_actual_price_type\":\"Use config\",\"country_of_manufacture\":null,\"additional_attributes\":\"climate=All-Weather,color=Black,manufacturer=Bub,material=Burlap,pattern=Color-Blocked,size=L\",\"qty\":\"100\",\"out_of_stock_qty\":\"0\",\"use_config_min_qty\":\"1\",\"is_qty_decimal\":\"0\",\"allow_backorders\":\"0\",\"use_config_backorders\":\"1\",\"min_cart_qty\":\"1\",\"use_config_min_sale_qty\":\"1\",\"max_cart_qty\":\"10000\",\"use_config_max_sale_qty\":\"1\",\"is_in_stock\":\"0\",\"notify_on_stock_below\":\"1\",\"use_config_notify_stock_qty\":\"1\",\"manage_stock\":\"1\",\"use_config_manage_stock\":\"1\",\"use_config_qty_increments\":\"1\",\"qty_increments\":\"0\",\"use_config_enable_qty_inc\":\"1\",\"enable_qty_increments\":\"0\",\"is_decimal_divided\":\"0\",\"website_id\":\"0\",\"related_skus\":null,\"related_position\":null,\"crosssell_skus\":null,\"crosssell_position\":null,\"upsell_skus\":null,\"upsell_position\":null,\"additional_images\":\"\\/3\\/9\\/39_1_1.jpg\",\"additional_image_labels\":\"39_1.JPG\",\"hide_from_product_page\":null,\"custom_options\":null,\"bundle_price_type\":null,\"bundle_sku_type\":null,\"bundle_price_view\":null,\"bundle_weight_type\":null,\"bundle_values\":null,\"bundle_shipment_type\":null,\"associated_skus\":null,\"downloadable_links\":null,\"downloadable_samples\":null,\"configurable_variations\":null,\"configurable_variation_labels\":null,\"image\":\"\\/3\\/9\\/39_1_1.jpg\",\"image_label\":\"39_1.JPG\",\"thumbnail\":\"\\/3\\/9\\/39_1_1.jpg\",\"thumbnail_label\":null,\"_media_image\":\"\\/3\\/9\\/39_1_1.jpg\",\"_media_image_label\":\"39_1.JPG\",\"_media_is_disabled\":null,\"_store\":null,\"_attribute_set\":\"Default\",\"_product_websites\":\"base\",\"status\":\"1\",\"news_from_date\":null,\"news_to_date\":null,\"options_container\":\"Block after Info Column\",\"minimal_price\":null,\"msrp\":null,\"msrp_enabled\":null,\"special_from_date\":null,\"special_to_date\":null,\"min_qty\":\"0\",\"backorders\":\"0\",\"min_sale_qty\":\"1\",\"max_sale_qty\":\"10000\",\"notify_stock_qty\":\"1\",\"_related_sku\":null,\"_related_position\":null,\"_crosssell_sku\":null,\"_crosssell_position\":null,\"_upsell_sku\":null,\"_upsell_position\":null,\"meta_keyword\":\"Chloe slipper\",\"price_type\":null,\"shipment_type\":null,\"price_view\":null,\"weight_type\":null,\"sku_type\":null,\"climate\":\"All-Weather\",\"color\":\"Black\",\"manufacturer\":\"Bub\",\"material\":\"Burlap\",\"pattern\":\"Color-Blocked\",\"size\":\"L\"},{\"sku\":\"43\",\"store_view_code\":null,\"attribute_set_code\":\"Default\",\"product_type\":\"simple\",\"categories\":\"Default Category\\/Bags\",\"product_websites\":\"base\",\"name\":\"Dior phone holder\",\"description\":\"Dior phone holder bag D letter buttoned\",\"short_description\":\"Dior phone holder bag D letter buttoned\",\"weight\":null,\"product_online\":\"1\",\"tax_class_name\":\"Taxable Goods\",\"visibility\":\"Catalog, Search\",\"price\":\"18\",\"special_price\":null,\"special_price_from_date\":null,\"special_price_to_date\":null,\"url_key\":\"43dior phone holder\",\"meta_title\":\"Dior phone holder\",\"meta_keywords\":\"Dior phone holder\",\"meta_description\":\"Dior phone holder\",\"base_image\":\"\\/4\\/3\\/43_1_1.jpg\",\"base_image_label\":\"43_1.JPG\",\"small_image\":\"\\/4\\/3\\/43_1_1.jpg\",\"small_image_label\":null,\"thumbnail_image\":\"\\/4\\/3\\/43_1_1.jpg\",\"thumbnail_image_label\":null,\"swatch_image\":null,\"swatch_image_label\":null,\"created_at\":\"9\\/9\\/22, 7:37 PM\",\"updated_at\":\"9\\/9\\/22, 7:45 PM\",\"new_from_date\":null,\"new_to_date\":null,\"display_product_options_in\":\"Block after Info Column\",\"map_price\":null,\"msrp_price\":null,\"map_enabled\":null,\"gift_message_available\":null,\"custom_design\":null,\"custom_design_from\":null,\"custom_design_to\":null,\"custom_layout_update\":null,\"page_layout\":null,\"product_options_container\":null,\"msrp_display_actual_price_type\":\"Use config\",\"country_of_manufacture\":null,\"additional_attributes\":\"climate=All-Weather,color=Black,manufacturer=Bub,material=Burlap,pattern=Color-Blocked,size=L\",\"qty\":\"100\",\"out_of_stock_qty\":\"0\",\"use_config_min_qty\":\"1\",\"is_qty_decimal\":\"0\",\"allow_backorders\":\"0\",\"use_config_backorders\":\"1\",\"min_cart_qty\":\"1\",\"use_config_min_sale_qty\":\"1\",\"max_cart_qty\":\"10000\",\"use_config_max_sale_qty\":\"1\",\"is_in_stock\":\"0\",\"notify_on_stock_below\":\"1\",\"use_config_notify_stock_qty\":\"1\",\"manage_stock\":\"1\",\"use_config_manage_stock\":\"1\",\"use_config_qty_increments\":\"1\",\"qty_increments\":\"0\",\"use_config_enable_qty_inc\":\"1\",\"enable_qty_increments\":\"0\",\"is_decimal_divided\":\"0\",\"website_id\":\"0\",\"related_skus\":null,\"related_position\":null,\"crosssell_skus\":null,\"crosssell_position\":null,\"upsell_skus\":null,\"upsell_position\":null,\"additional_images\":\"\\/4\\/3\\/43_1_1.jpg\",\"additional_image_labels\":\"43_1.JPG\",\"hide_from_product_page\":null,\"custom_options\":null,\"bundle_price_type\":null,\"bundle_sku_type\":null,\"bundle_price_view\":null,\"bundle_weight_type\":null,\"bundle_values\":null,\"bundle_shipment_type\":null,\"associated_skus\":null,\"downloadable_links\":null,\"downloadable_samples\":null,\"configurable_variations\":null,\"configurable_variation_labels\":null,\"image\":\"\\/4\\/3\\/43_1_1.jpg\",\"image_label\":\"43_1.JPG\",\"thumbnail\":\"\\/4\\/3\\/43_1_1.jpg\",\"thumbnail_label\":null,\"_media_image\":\"\\/4\\/3\\/43_1_1.jpg\",\"_media_image_label\":\"43_1.JPG\",\"_media_is_disabled\":null,\"_store\":null,\"_attribute_set\":\"Default\",\"_product_websites\":\"base\",\"status\":\"1\",\"news_from_date\":null,\"news_to_date\":null,\"options_container\":\"Block after Info Column\",\"minimal_price\":null,\"msrp\":null,\"msrp_enabled\":null,\"special_from_date\":null,\"special_to_date\":null,\"min_qty\":\"0\",\"backorders\":\"0\",\"min_sale_qty\":\"1\",\"max_sale_qty\":\"10000\",\"notify_stock_qty\":\"1\",\"_related_sku\":null,\"_related_position\":null,\"_crosssell_sku\":null,\"_crosssell_position\":null,\"_upsell_sku\":null,\"_upsell_position\":null,\"meta_keyword\":\"Dior phone holder\",\"price_type\":null,\"shipment_type\":null,\"price_view\":null,\"weight_type\":null,\"sku_type\":null,\"climate\":\"All-Weather\",\"color\":\"Black\",\"manufacturer\":\"Bub\",\"material\":\"Burlap\",\"pattern\":\"Color-Blocked\",\"size\":\"L\"},{\"sku\":\"44\",\"store_view_code\":null,\"attribute_set_code\":\"Default\",\"product_type\":\"simple\",\"categories\":\"Default Category\\/Bags\",\"product_websites\":\"base\",\"name\":\"Channel Knitted bag\",\"description\":\"Chanel handbag knitted visible with cute bundle\",\"short_description\":\"Chanel handbag knitted visible with cute bundle\",\"weight\":null,\"product_online\":\"1\",\"tax_class_name\":\"Taxable Goods\",\"visibility\":\"Catalog, Search\",\"price\":\"21\",\"special_price\":null,\"special_price_from_date\":null,\"special_price_to_date\":null,\"url_key\":\"44channel knitted bag\",\"meta_title\":\"Channel Knitted bag\",\"meta_keywords\":\"Channel Knitted bag\",\"meta_description\":\"Channel Knitted bag\",\"base_image\":\"\\/4\\/4\\/44_1_1.jpg\",\"base_image_label\":\"44_1.JPG\",\"small_image\":\"\\/4\\/4\\/44_1_1.jpg\",\"small_image_label\":null,\"thumbnail_image\":\"\\/4\\/4\\/44_1_1.jpg\",\"thumbnail_image_label\":null,\"swatch_image\":null,\"swatch_image_label\":null,\"created_at\":\"9\\/9\\/22, 7:37 PM\",\"updated_at\":\"9\\/9\\/22, 7:45 PM\",\"new_from_date\":null,\"new_to_date\":null,\"display_product_options_in\":\"Block after Info Column\",\"map_price\":null,\"msrp_price\":null,\"map_enabled\":null,\"gift_message_available\":null,\"custom_design\":null,\"custom_design_from\":null,\"custom_design_to\":null,\"custom_layout_update\":null,\"page_layout\":null,\"product_options_container\":null,\"msrp_display_actual_price_type\":\"Use config\",\"country_of_manufacture\":null,\"additional_attributes\":\"climate=All-Weather,color=Black,manufacturer=Bub,material=Burlap,pattern=Color-Blocked,size=L\",\"qty\":\"100\",\"out_of_stock_qty\":\"0\",\"use_config_min_qty\":\"1\",\"is_qty_decimal\":\"0\",\"allow_backorders\":\"0\",\"use_config_backorders\":\"1\",\"min_cart_qty\":\"1\",\"use_config_min_sale_qty\":\"1\",\"max_cart_qty\":\"10000\",\"use_config_max_sale_qty\":\"1\",\"is_in_stock\":\"0\",\"notify_on_stock_below\":\"1\",\"use_config_notify_stock_qty\":\"1\",\"manage_stock\":\"1\",\"use_config_manage_stock\":\"1\",\"use_config_qty_increments\":\"1\",\"qty_increments\":\"0\",\"use_config_enable_qty_inc\":\"1\",\"enable_qty_increments\":\"0\",\"is_decimal_divided\":\"0\",\"website_id\":\"0\",\"related_skus\":null,\"related_position\":null,\"crosssell_skus\":null,\"crosssell_position\":null,\"upsell_skus\":null,\"upsell_position\":null,\"additional_images\":\"\\/4\\/4\\/44_1_1.jpg\",\"additional_image_labels\":\"44_1.JPG\",\"hide_from_product_page\":null,\"custom_options\":null,\"bundle_price_type\":null,\"bundle_sku_type\":null,\"bundle_price_view\":null,\"bundle_weight_type\":null,\"bundle_values\":null,\"bundle_shipment_type\":null,\"associated_skus\":null,\"downloadable_links\":null,\"downloadable_samples\":null,\"configurable_variations\":null,\"configurable_variation_labels\":null,\"image\":\"\\/4\\/4\\/44_1_1.jpg\",\"image_label\":\"44_1.JPG\",\"thumbnail\":\"\\/4\\/4\\/44_1_1.jpg\",\"thumbnail_label\":null,\"_media_image\":\"\\/4\\/4\\/44_1_1.jpg\",\"_media_image_label\":\"44_1.JPG\",\"_media_is_disabled\":null,\"_store\":null,\"_attribute_set\":\"Default\",\"_product_websites\":\"base\",\"status\":\"1\",\"news_from_date\":null,\"news_to_date\":null,\"options_container\":\"Block after Info Column\",\"minimal_price\":null,\"msrp\":null,\"msrp_enabled\":null,\"special_from_date\":null,\"special_to_date\":null,\"min_qty\":\"0\",\"backorders\":\"0\",\"min_sale_qty\":\"1\",\"max_sale_qty\":\"10000\",\"notify_stock_qty\":\"1\",\"_related_sku\":null,\"_related_position\":null,\"_crosssell_sku\":null,\"_crosssell_position\":null,\"_upsell_sku\":null,\"_upsell_position\":null,\"meta_keyword\":\"Channel Knitted bag\",\"price_type\":null,\"shipment_type\":null,\"price_view\":null,\"weight_type\":null,\"sku_type\":null,\"climate\":\"All-Weather\",\"color\":\"Black\",\"manufacturer\":\"Bub\",\"material\":\"Burlap\",\"pattern\":\"Color-Blocked\",\"size\":\"L\"},{\"sku\":\"46\",\"store_view_code\":null,\"attribute_set_code\":\"Default\",\"product_type\":\"simple\",\"categories\":\"Default Category\\/Bags\",\"product_websites\":\"base\",\"name\":\"Gucci cross bag\",\"description\":\"Gucci cross bag Dionysus snake print\",\"short_description\":\"Gucci cross bag Dionysus snake print\",\"weight\":null,\"product_online\":\"1\",\"tax_class_name\":\"Taxable Goods\",\"visibility\":\"Catalog, Search\",\"price\":\"27\",\"special_price\":null,\"special_price_from_date\":null,\"special_price_to_date\":null,\"url_key\":\"46gucci cross bag\",\"meta_title\":\"Gucci cross bag\",\"meta_keywords\":\"Gucci cross bag\",\"meta_description\":\"Gucci cross bag\",\"base_image\":\"\\/4\\/6\\/46_1_1.jpg\",\"base_image_label\":\"46_1.JPG\",\"small_image\":\"\\/4\\/6\\/46_1_1.jpg\",\"small_image_label\":null,\"thumbnail_image\":\"\\/4\\/6\\/46_1_1.jpg\",\"thumbnail_image_label\":null,\"swatch_image\":null,\"swatch_image_label\":null,\"created_at\":\"9\\/9\\/22, 7:37 PM\",\"updated_at\":\"9\\/9\\/22, 7:45 PM\",\"new_from_date\":null,\"new_to_date\":null,\"display_product_options_in\":\"Block after Info Column\",\"map_price\":null,\"msrp_price\":null,\"map_enabled\":null,\"gift_message_available\":null,\"custom_design\":null,\"custom_design_from\":null,\"custom_design_to\":null,\"custom_layout_update\":null,\"page_layout\":null,\"product_options_container\":null,\"msrp_display_actual_price_type\":\"Use config\",\"country_of_manufacture\":null,\"additional_attributes\":\"climate=All-Weather,color=Black,manufacturer=Bub,material=Burlap,pattern=Color-Blocked,size=L\",\"qty\":\"100\",\"out_of_stock_qty\":\"0\",\"use_config_min_qty\":\"1\",\"is_qty_decimal\":\"0\",\"allow_backorders\":\"0\",\"use_config_backorders\":\"1\",\"min_cart_qty\":\"1\",\"use_config_min_sale_qty\":\"1\",\"max_cart_qty\":\"10000\",\"use_config_max_sale_qty\":\"1\",\"is_in_stock\":\"0\",\"notify_on_stock_below\":\"1\",\"use_config_notify_stock_qty\":\"1\",\"manage_stock\":\"1\",\"use_config_manage_stock\":\"1\",\"use_config_qty_increments\":\"1\",\"qty_increments\":\"0\",\"use_config_enable_qty_inc\":\"1\",\"enable_qty_increments\":\"0\",\"is_decimal_divided\":\"0\",\"website_id\":\"0\",\"related_skus\":null,\"related_position\":null,\"crosssell_skus\":null,\"crosssell_position\":null,\"upsell_skus\":null,\"upsell_position\":null,\"additional_images\":\"\\/4\\/6\\/46_1_1.jpg\",\"additional_image_labels\":\"46_1.JPG\",\"hide_from_product_page\":null,\"custom_options\":null,\"bundle_price_type\":null,\"bundle_sku_type\":null,\"bundle_price_view\":null,\"bundle_weight_type\":null,\"bundle_values\":null,\"bundle_shipment_type\":null,\"associated_skus\":null,\"downloadable_links\":null,\"downloadable_samples\":null,\"configurable_variations\":null,\"configurable_variation_labels\":null,\"image\":\"\\/4\\/6\\/46_1_1.jpg\",\"image_label\":\"46_1.JPG\",\"thumbnail\":\"\\/4\\/6\\/46_1_1.jpg\",\"thumbnail_label\":null,\"_media_image\":\"\\/4\\/6\\/46_1_1.jpg\",\"_media_image_label\":\"46_1.JPG\",\"_media_is_disabled\":null,\"_store\":null,\"_attribute_set\":\"Default\",\"_product_websites\":\"base\",\"status\":\"1\",\"news_from_date\":null,\"news_to_date\":null,\"options_container\":\"Block after Info Column\",\"minimal_price\":null,\"msrp\":null,\"msrp_enabled\":null,\"special_from_date\":null,\"special_to_date\":null,\"min_qty\":\"0\",\"backorders\":\"0\",\"min_sale_qty\":\"1\",\"max_sale_qty\":\"10000\",\"notify_stock_qty\":\"1\",\"_related_sku\":null,\"_related_position\":null,\"_crosssell_sku\":null,\"_crosssell_position\":null,\"_upsell_sku\":null,\"_upsell_position\":null,\"meta_keyword\":\"Gucci cross bag\",\"price_type\":null,\"shipment_type\":null,\"price_view\":null,\"weight_type\":null,\"sku_type\":null,\"climate\":\"All-Weather\",\"color\":\"Black\",\"manufacturer\":\"Bub\",\"material\":\"Burlap\",\"pattern\":\"Color-Blocked\",\"size\":\"L\"},{\"sku\":\"47\",\"store_view_code\":null,\"attribute_set_code\":\"Default\",\"product_type\":\"simple\",\"categories\":\"Default Category\\/Bags\",\"product_websites\":\"base\",\"name\":\"Gucci cross bag\",\"description\":\"Gucci cross bag GG print leather sided with zipper\",\"short_description\":\"Gucci cross bag GG print leather sided with zipper\",\"weight\":null,\"product_online\":\"1\",\"tax_class_name\":\"Taxable Goods\",\"visibility\":\"Catalog, Search\",\"price\":\"29\",\"special_price\":null,\"special_price_from_date\":null,\"special_price_to_date\":null,\"url_key\":\"47gucci cross bag\",\"meta_title\":\"Gucci cross bag\",\"meta_keywords\":\"Gucci cross bag\",\"meta_description\":\"Gucci cross bag\",\"base_image\":\"\\/4\\/7\\/47_1_1.jpg\",\"base_image_label\":\"47_1.JPG\",\"small_image\":\"\\/4\\/7\\/47_1_1.jpg\",\"small_image_label\":null,\"thumbnail_image\":\"\\/4\\/7\\/47_1_1.jpg\",\"thumbnail_image_label\":null,\"swatch_image\":null,\"swatch_image_label\":null,\"created_at\":\"9\\/9\\/22, 7:37 PM\",\"updated_at\":\"9\\/9\\/22, 7:45 PM\",\"new_from_date\":null,\"new_to_date\":null,\"display_product_options_in\":\"Block after Info Column\",\"map_price\":null,\"msrp_price\":null,\"map_enabled\":null,\"gift_message_available\":null,\"custom_design\":null,\"custom_design_from\":null,\"custom_design_to\":null,\"custom_layout_update\":null,\"page_layout\":null,\"product_options_container\":null,\"msrp_display_actual_price_type\":\"Use config\",\"country_of_manufacture\":null,\"additional_attributes\":\"climate=All-Weather,color=Black,manufacturer=Bub,material=Burlap,pattern=Color-Blocked,size=L\",\"qty\":\"100\",\"out_of_stock_qty\":\"0\",\"use_config_min_qty\":\"1\",\"is_qty_decimal\":\"0\",\"allow_backorders\":\"0\",\"use_config_backorders\":\"1\",\"min_cart_qty\":\"1\",\"use_config_min_sale_qty\":\"1\",\"max_cart_qty\":\"10000\",\"use_config_max_sale_qty\":\"1\",\"is_in_stock\":\"0\",\"notify_on_stock_below\":\"1\",\"use_config_notify_stock_qty\":\"1\",\"manage_stock\":\"1\",\"use_config_manage_stock\":\"1\",\"use_config_qty_increments\":\"1\",\"qty_increments\":\"0\",\"use_config_enable_qty_inc\":\"1\",\"enable_qty_increments\":\"0\",\"is_decimal_divided\":\"0\",\"website_id\":\"0\",\"related_skus\":null,\"related_position\":null,\"crosssell_skus\":null,\"crosssell_position\":null,\"upsell_skus\":null,\"upsell_position\":null,\"additional_images\":\"\\/4\\/7\\/47_1_1.jpg\",\"additional_image_labels\":\"47_1.JPG\",\"hide_from_product_page\":null,\"custom_options\":null,\"bundle_price_type\":null,\"bundle_sku_type\":null,\"bundle_price_view\":null,\"bundle_weight_type\":null,\"bundle_values\":null,\"bundle_shipment_type\":null,\"associated_skus\":null,\"downloadable_links\":null,\"downloadable_samples\":null,\"configurable_variations\":null,\"configurable_variation_labels\":null,\"image\":\"\\/4\\/7\\/47_1_1.jpg\",\"image_label\":\"47_1.JPG\",\"thumbnail\":\"\\/4\\/7\\/47_1_1.jpg\",\"thumbnail_label\":null,\"_media_image\":\"\\/4\\/7\\/47_1_1.jpg\",\"_media_image_label\":\"47_1.JPG\",\"_media_is_disabled\":null,\"_store\":null,\"_attribute_set\":\"Default\",\"_product_websites\":\"base\",\"status\":\"1\",\"news_from_date\":null,\"news_to_date\":null,\"options_container\":\"Block after Info Column\",\"minimal_price\":null,\"msrp\":null,\"msrp_enabled\":null,\"special_from_date\":null,\"special_to_date\":null,\"min_qty\":\"0\",\"backorders\":\"0\",\"min_sale_qty\":\"1\",\"max_sale_qty\":\"10000\",\"notify_stock_qty\":\"1\",\"_related_sku\":null,\"_related_position\":null,\"_crosssell_sku\":null,\"_crosssell_position\":null,\"_upsell_sku\":null,\"_upsell_position\":null,\"meta_keyword\":\"Gucci cross bag\",\"price_type\":null,\"shipment_type\":null,\"price_view\":null,\"weight_type\":null,\"sku_type\":null,\"climate\":\"All-Weather\",\"color\":\"Black\",\"manufacturer\":\"Bub\",\"material\":\"Burlap\",\"pattern\":\"Color-Blocked\",\"size\":\"L\"},{\"sku\":\"49\",\"store_view_code\":null,\"attribute_set_code\":\"Default\",\"product_type\":\"simple\",\"categories\":\"Default Category\\/Bags\",\"product_websites\":\"base\",\"name\":\"YSL cross bag\",\"description\":\"YSL cross bag envelop caviar with long golden chain (with box)\",\"short_description\":\"YSL cross bag envelop caviar with long golden chain (with box)\",\"weight\":null,\"product_online\":\"1\",\"tax_class_name\":\"Taxable Goods\",\"visibility\":\"Catalog, Search\",\"price\":\"31\",\"special_price\":null,\"special_price_from_date\":null,\"special_price_to_date\":null,\"url_key\":\"49ysl cross bag\",\"meta_title\":\"YSL cross bag\",\"meta_keywords\":\"YSL cross bag\",\"meta_description\":\"YSL cross bag\",\"base_image\":\"\\/4\\/9\\/49_1_1.jpg\",\"base_image_label\":\"49_1.JPG\",\"small_image\":\"\\/4\\/9\\/49_1_1.jpg\",\"small_image_label\":null,\"thumbnail_image\":\"\\/4\\/9\\/49_1_1.jpg\",\"thumbnail_image_label\":null,\"swatch_image\":null,\"swatch_image_label\":null,\"created_at\":\"9\\/9\\/22, 7:37 PM\",\"updated_at\":\"9\\/9\\/22, 7:45 PM\",\"new_from_date\":null,\"new_to_date\":null,\"display_product_options_in\":\"Block after Info Column\",\"map_price\":null,\"msrp_price\":null,\"map_enabled\":null,\"gift_message_available\":null,\"custom_design\":null,\"custom_design_from\":null,\"custom_design_to\":null,\"custom_layout_update\":null,\"page_layout\":null,\"product_options_container\":null,\"msrp_display_actual_price_type\":\"Use config\",\"country_of_manufacture\":null,\"additional_attributes\":\"climate=All-Weather,color=Black,manufacturer=Bub,material=Burlap,pattern=Color-Blocked,size=L\",\"qty\":\"100\",\"out_of_stock_qty\":\"0\",\"use_config_min_qty\":\"1\",\"is_qty_decimal\":\"0\",\"allow_backorders\":\"0\",\"use_config_backorders\":\"1\",\"min_cart_qty\":\"1\",\"use_config_min_sale_qty\":\"1\",\"max_cart_qty\":\"10000\",\"use_config_max_sale_qty\":\"1\",\"is_in_stock\":\"0\",\"notify_on_stock_below\":\"1\",\"use_config_notify_stock_qty\":\"1\",\"manage_stock\":\"1\",\"use_config_manage_stock\":\"1\",\"use_config_qty_increments\":\"1\",\"qty_increments\":\"0\",\"use_config_enable_qty_inc\":\"1\",\"enable_qty_increments\":\"0\",\"is_decimal_divided\":\"0\",\"website_id\":\"0\",\"related_skus\":null,\"related_position\":null,\"crosssell_skus\":null,\"crosssell_position\":null,\"upsell_skus\":null,\"upsell_position\":null,\"additional_images\":\"\\/4\\/9\\/49_1_1.jpg\",\"additional_image_labels\":\"49_1.JPG\",\"hide_from_product_page\":null,\"custom_options\":null,\"bundle_price_type\":null,\"bundle_sku_type\":null,\"bundle_price_view\":null,\"bundle_weight_type\":null,\"bundle_values\":null,\"bundle_shipment_type\":null,\"associated_skus\":null,\"downloadable_links\":null,\"downloadable_samples\":null,\"configurable_variations\":null,\"configurable_variation_labels\":null,\"image\":\"\\/4\\/9\\/49_1_1.jpg\",\"image_label\":\"49_1.JPG\",\"thumbnail\":\"\\/4\\/9\\/49_1_1.jpg\",\"thumbnail_label\":null,\"_media_image\":\"\\/4\\/9\\/49_1_1.jpg\",\"_media_image_label\":\"49_1.JPG\",\"_media_is_disabled\":null,\"_store\":null,\"_attribute_set\":\"Default\",\"_product_websites\":\"base\",\"status\":\"1\",\"news_from_date\":null,\"news_to_date\":null,\"options_container\":\"Block after Info Column\",\"minimal_price\":null,\"msrp\":null,\"msrp_enabled\":null,\"special_from_date\":null,\"special_to_date\":null,\"min_qty\":\"0\",\"backorders\":\"0\",\"min_sale_qty\":\"1\",\"max_sale_qty\":\"10000\",\"notify_stock_qty\":\"1\",\"_related_sku\":null,\"_related_position\":null,\"_crosssell_sku\":null,\"_crosssell_position\":null,\"_upsell_sku\":null,\"_upsell_position\":null,\"meta_keyword\":\"YSL cross bag\",\"price_type\":null,\"shipment_type\":null,\"price_view\":null,\"weight_type\":null,\"sku_type\":null,\"climate\":\"All-Weather\",\"color\":\"Black\",\"manufacturer\":\"Bub\",\"material\":\"Burlap\",\"pattern\":\"Color-Blocked\",\"size\":\"L\"},{\"sku\":\"50\",\"store_view_code\":null,\"attribute_set_code\":\"Default\",\"product_type\":\"simple\",\"categories\":\"Default Category\\/Bags\",\"product_websites\":\"base\",\"name\":\"Dior saddle bag\",\"description\":\"Christian Dior saddle bag leather\",\"short_description\":\"Christian Dior saddle bag leather\",\"weight\":null,\"product_online\":\"1\",\"tax_class_name\":\"Taxable Goods\",\"visibility\":\"Catalog, Search\",\"price\":\"32\",\"special_price\":null,\"special_price_from_date\":null,\"special_price_to_date\":null,\"url_key\":\"50dior saddle bag\",\"meta_title\":\"Dior saddle bag\",\"meta_keywords\":\"Dior saddle bag\",\"meta_description\":\"Dior saddle bag\",\"base_image\":\"\\/5\\/0\\/50_1_1.jpg\",\"base_image_label\":\"50_1.JPG\",\"small_image\":\"\\/5\\/0\\/50_1_1.jpg\",\"small_image_label\":null,\"thumbnail_image\":\"\\/5\\/0\\/50_1_1.jpg\",\"thumbnail_image_label\":null,\"swatch_image\":null,\"swatch_image_label\":null,\"created_at\":\"9\\/9\\/22, 7:37 PM\",\"updated_at\":\"9\\/9\\/22, 7:45 PM\",\"new_from_date\":null,\"new_to_date\":null,\"display_product_options_in\":\"Block after Info Column\",\"map_price\":null,\"msrp_price\":null,\"map_enabled\":null,\"gift_message_available\":null,\"custom_design\":null,\"custom_design_from\":null,\"custom_design_to\":null,\"custom_layout_update\":null,\"page_layout\":null,\"product_options_container\":null,\"msrp_display_actual_price_type\":\"Use config\",\"country_of_manufacture\":null,\"additional_attributes\":\"climate=All-Weather,color=Black,manufacturer=Bub,material=Burlap,pattern=Color-Blocked,size=L\",\"qty\":\"100\",\"out_of_stock_qty\":\"0\",\"use_config_min_qty\":\"1\",\"is_qty_decimal\":\"0\",\"allow_backorders\":\"0\",\"use_config_backorders\":\"1\",\"min_cart_qty\":\"1\",\"use_config_min_sale_qty\":\"1\",\"max_cart_qty\":\"10000\",\"use_config_max_sale_qty\":\"1\",\"is_in_stock\":\"0\",\"notify_on_stock_below\":\"1\",\"use_config_notify_stock_qty\":\"1\",\"manage_stock\":\"1\",\"use_config_manage_stock\":\"1\",\"use_config_qty_increments\":\"1\",\"qty_increments\":\"0\",\"use_config_enable_qty_inc\":\"1\",\"enable_qty_increments\":\"0\",\"is_decimal_divided\":\"0\",\"website_id\":\"0\",\"related_skus\":null,\"related_position\":null,\"crosssell_skus\":null,\"crosssell_position\":null,\"upsell_skus\":null,\"upsell_position\":null,\"additional_images\":\"\\/5\\/0\\/50_1_1.jpg\",\"additional_image_labels\":\"50_1.JPG\",\"hide_from_product_page\":null,\"custom_options\":null,\"bundle_price_type\":null,\"bundle_sku_type\":null,\"bundle_price_view\":null,\"bundle_weight_type\":null,\"bundle_values\":null,\"bundle_shipment_type\":null,\"associated_skus\":null,\"downloadable_links\":null,\"downloadable_samples\":null,\"configurable_variations\":null,\"configurable_variation_labels\":null,\"image\":\"\\/5\\/0\\/50_1_1.jpg\",\"image_label\":\"50_1.JPG\",\"thumbnail\":\"\\/5\\/0\\/50_1_1.jpg\",\"thumbnail_label\":null,\"_media_image\":\"\\/5\\/0\\/50_1_1.jpg\",\"_media_image_label\":\"50_1.JPG\",\"_media_is_disabled\":null,\"_store\":null,\"_attribute_set\":\"Default\",\"_product_websites\":\"base\",\"status\":\"1\",\"news_from_date\":null,\"news_to_date\":null,\"options_container\":\"Block after Info Column\",\"minimal_price\":null,\"msrp\":null,\"msrp_enabled\":null,\"special_from_date\":null,\"special_to_date\":null,\"min_qty\":\"0\",\"backorders\":\"0\",\"min_sale_qty\":\"1\",\"max_sale_qty\":\"10000\",\"notify_stock_qty\":\"1\",\"_related_sku\":null,\"_related_position\":null,\"_crosssell_sku\":null,\"_crosssell_position\":null,\"_upsell_sku\":null,\"_upsell_position\":null,\"meta_keyword\":\"Dior saddle bag\",\"price_type\":null,\"shipment_type\":null,\"price_view\":null,\"weight_type\":null,\"sku_type\":null,\"climate\":\"All-Weather\",\"color\":\"Black\",\"manufacturer\":\"Bub\",\"material\":\"Burlap\",\"pattern\":\"Color-Blocked\",\"size\":\"L\"},{\"sku\":\"51\",\"store_view_code\":null,\"attribute_set_code\":\"Default\",\"product_type\":\"simple\",\"categories\":\"Default Category\\/Bags\",\"product_websites\":\"base\",\"name\":\"Dior saddle bag\",\"description\":\"Christian Dior saddle bag letters embossed caramel color\",\"short_description\":\"Christian Dior saddle bag letters embossed caramel color\",\"weight\":null,\"product_online\":\"1\",\"tax_class_name\":\"Taxable Goods\",\"visibility\":\"Catalog, Search\",\"price\":\"32\",\"special_price\":null,\"special_price_from_date\":null,\"special_price_to_date\":null,\"url_key\":\"51dior saddle bag\",\"meta_title\":\"Dior saddle bag\",\"meta_keywords\":\"Dior saddle bag\",\"meta_description\":\"Dior saddle bag\",\"base_image\":\"\\/5\\/1\\/51_1_1.jpg\",\"base_image_label\":\"51_1.JPG\",\"small_image\":\"\\/5\\/1\\/51_1_1.jpg\",\"small_image_label\":null,\"thumbnail_image\":\"\\/5\\/1\\/51_1_1.jpg\",\"thumbnail_image_label\":null,\"swatch_image\":null,\"swatch_image_label\":null,\"created_at\":\"9\\/9\\/22, 7:37 PM\",\"updated_at\":\"9\\/9\\/22, 7:45 PM\",\"new_from_date\":null,\"new_to_date\":null,\"display_product_options_in\":\"Block after Info Column\",\"map_price\":null,\"msrp_price\":null,\"map_enabled\":null,\"gift_message_available\":null,\"custom_design\":null,\"custom_design_from\":null,\"custom_design_to\":null,\"custom_layout_update\":null,\"page_layout\":null,\"product_options_container\":null,\"msrp_display_actual_price_type\":\"Use config\",\"country_of_manufacture\":null,\"additional_attributes\":\"climate=All-Weather,color=Black,manufacturer=Bub,material=Burlap,pattern=Color-Blocked,size=L\",\"qty\":\"100\",\"out_of_stock_qty\":\"0\",\"use_config_min_qty\":\"1\",\"is_qty_decimal\":\"0\",\"allow_backorders\":\"0\",\"use_config_backorders\":\"1\",\"min_cart_qty\":\"1\",\"use_config_min_sale_qty\":\"1\",\"max_cart_qty\":\"10000\",\"use_config_max_sale_qty\":\"1\",\"is_in_stock\":\"0\",\"notify_on_stock_below\":\"1\",\"use_config_notify_stock_qty\":\"1\",\"manage_stock\":\"1\",\"use_config_manage_stock\":\"1\",\"use_config_qty_increments\":\"1\",\"qty_increments\":\"0\",\"use_config_enable_qty_inc\":\"1\",\"enable_qty_increments\":\"0\",\"is_decimal_divided\":\"0\",\"website_id\":\"0\",\"related_skus\":null,\"related_position\":null,\"crosssell_skus\":null,\"crosssell_position\":null,\"upsell_skus\":null,\"upsell_position\":null,\"additional_images\":\"\\/5\\/1\\/51_1_1.jpg\",\"additional_image_labels\":\"51_1.JPG\",\"hide_from_product_page\":null,\"custom_options\":null,\"bundle_price_type\":null,\"bundle_sku_type\":null,\"bundle_price_view\":null,\"bundle_weight_type\":null,\"bundle_values\":null,\"bundle_shipment_type\":null,\"associated_skus\":null,\"downloadable_links\":null,\"downloadable_samples\":null,\"configurable_variations\":null,\"configurable_variation_labels\":null,\"image\":\"\\/5\\/1\\/51_1_1.jpg\",\"image_label\":\"51_1.JPG\",\"thumbnail\":\"\\/5\\/1\\/51_1_1.jpg\",\"thumbnail_label\":null,\"_media_image\":\"\\/5\\/1\\/51_1_1.jpg\",\"_media_image_label\":\"51_1.JPG\",\"_media_is_disabled\":null,\"_store\":null,\"_attribute_set\":\"Default\",\"_product_websites\":\"base\",\"status\":\"1\",\"news_from_date\":null,\"news_to_date\":null,\"options_container\":\"Block after Info Column\",\"minimal_price\":null,\"msrp\":null,\"msrp_enabled\":null,\"special_from_date\":null,\"special_to_date\":null,\"min_qty\":\"0\",\"backorders\":\"0\",\"min_sale_qty\":\"1\",\"max_sale_qty\":\"10000\",\"notify_stock_qty\":\"1\",\"_related_sku\":null,\"_related_position\":null,\"_crosssell_sku\":null,\"_crosssell_position\":null,\"_upsell_sku\":null,\"_upsell_position\":null,\"meta_keyword\":\"Dior saddle bag\",\"price_type\":null,\"shipment_type\":null,\"price_view\":null,\"weight_type\":null,\"sku_type\":null,\"climate\":\"All-Weather\",\"color\":\"Black\",\"manufacturer\":\"Bub\",\"material\":\"Burlap\",\"pattern\":\"Color-Blocked\",\"size\":\"L\"},{\"sku\":\"53\",\"store_view_code\":null,\"attribute_set_code\":\"Default\",\"product_type\":\"simple\",\"categories\":\"Default Category\\/Bags\",\"product_websites\":\"base\",\"name\":\"Fendi Bag\",\"description\":\"Fendi new bag trendy metal buckle clip bag\",\"short_description\":\"Fendi new bag trendy metal buckle clip bag\",\"weight\":null,\"product_online\":\"1\",\"tax_class_name\":\"Taxable Goods\",\"visibility\":\"Catalog, Search\",\"price\":\"38\",\"special_price\":null,\"special_price_from_date\":null,\"special_price_to_date\":null,\"url_key\":\"53fendi bag\",\"meta_title\":\"Fendi Bag\",\"meta_keywords\":\"Fendi Bag\",\"meta_description\":\"Fendi Bag\",\"base_image\":\"\\/5\\/3\\/53_1_1.jpg\",\"base_image_label\":\"53_1.JPG\",\"small_image\":\"\\/5\\/3\\/53_1_1.jpg\",\"small_image_label\":null,\"thumbnail_image\":\"\\/5\\/3\\/53_1_1.jpg\",\"thumbnail_image_label\":null,\"swatch_image\":null,\"swatch_image_label\":null,\"created_at\":\"9\\/9\\/22, 7:37 PM\",\"updated_at\":\"9\\/9\\/22, 7:45 PM\",\"new_from_date\":null,\"new_to_date\":null,\"display_product_options_in\":\"Block after Info Column\",\"map_price\":null,\"msrp_price\":null,\"map_enabled\":null,\"gift_message_available\":null,\"custom_design\":null,\"custom_design_from\":null,\"custom_design_to\":null,\"custom_layout_update\":null,\"page_layout\":null,\"product_options_container\":null,\"msrp_display_actual_price_type\":\"Use config\",\"country_of_manufacture\":null,\"additional_attributes\":\"climate=All-Weather,color=Black,manufacturer=Bub,material=Burlap,pattern=Color-Blocked,size=L\",\"qty\":\"100\",\"out_of_stock_qty\":\"0\",\"use_config_min_qty\":\"1\",\"is_qty_decimal\":\"0\",\"allow_backorders\":\"0\",\"use_config_backorders\":\"1\",\"min_cart_qty\":\"1\",\"use_config_min_sale_qty\":\"1\",\"max_cart_qty\":\"10000\",\"use_config_max_sale_qty\":\"1\",\"is_in_stock\":\"0\",\"notify_on_stock_below\":\"1\",\"use_config_notify_stock_qty\":\"1\",\"manage_stock\":\"1\",\"use_config_manage_stock\":\"1\",\"use_config_qty_increments\":\"1\",\"qty_increments\":\"0\",\"use_config_enable_qty_inc\":\"1\",\"enable_qty_increments\":\"0\",\"is_decimal_divided\":\"0\",\"website_id\":\"0\",\"related_skus\":null,\"related_position\":null,\"crosssell_skus\":null,\"crosssell_position\":null,\"upsell_skus\":null,\"upsell_position\":null,\"additional_images\":\"\\/5\\/3\\/53_1_1.jpg\",\"additional_image_labels\":\"53_1.JPG\",\"hide_from_product_page\":null,\"custom_options\":null,\"bundle_price_type\":null,\"bundle_sku_type\":null,\"bundle_price_view\":null,\"bundle_weight_type\":null,\"bundle_values\":null,\"bundle_shipment_type\":null,\"associated_skus\":null,\"downloadable_links\":null,\"downloadable_samples\":null,\"configurable_variations\":null,\"configurable_variation_labels\":null,\"image\":\"\\/5\\/3\\/53_1_1.jpg\",\"image_label\":\"53_1.JPG\",\"thumbnail\":\"\\/5\\/3\\/53_1_1.jpg\",\"thumbnail_label\":null,\"_media_image\":\"\\/5\\/3\\/53_1_1.jpg\",\"_media_image_label\":\"53_1.JPG\",\"_media_is_disabled\":null,\"_store\":null,\"_attribute_set\":\"Default\",\"_product_websites\":\"base\",\"status\":\"1\",\"news_from_date\":null,\"news_to_date\":null,\"options_container\":\"Block after Info Column\",\"minimal_price\":null,\"msrp\":null,\"msrp_enabled\":null,\"special_from_date\":null,\"special_to_date\":null,\"min_qty\":\"0\",\"backorders\":\"0\",\"min_sale_qty\":\"1\",\"max_sale_qty\":\"10000\",\"notify_stock_qty\":\"1\",\"_related_sku\":null,\"_related_position\":null,\"_crosssell_sku\":null,\"_crosssell_position\":null,\"_upsell_sku\":null,\"_upsell_position\":null,\"meta_keyword\":\"Fendi Bag\",\"price_type\":null,\"shipment_type\":null,\"price_view\":null,\"weight_type\":null,\"sku_type\":null,\"climate\":\"All-Weather\",\"color\":\"Black\",\"manufacturer\":\"Bub\",\"material\":\"Burlap\",\"pattern\":\"Color-Blocked\",\"size\":\"L\"},{\"sku\":\"54\",\"store_view_code\":null,\"attribute_set_code\":\"Default\",\"product_type\":\"simple\",\"categories\":\"Default Category\\/Bags\",\"product_websites\":\"base\",\"name\":\"Fendi Bag\",\"description\":\"Fendi handbag wooden buckle FF printed\",\"short_description\":\"Fendi handbag wooden buckle FF printed\",\"weight\":null,\"product_online\":\"1\",\"tax_class_name\":\"Taxable Goods\",\"visibility\":\"Catalog, Search\",\"price\":\"32\",\"special_price\":null,\"special_price_from_date\":null,\"special_price_to_date\":null,\"url_key\":\"54fendi bag\",\"meta_title\":\"Fendi Bag\",\"meta_keywords\":\"Fendi Bag\",\"meta_description\":\"Fendi Bag\",\"base_image\":\"\\/5\\/4\\/54_1_1.jpg\",\"base_image_label\":\"54_1.JPG\",\"small_image\":\"\\/5\\/4\\/54_1_1.jpg\",\"small_image_label\":null,\"thumbnail_image\":\"\\/5\\/4\\/54_1_1.jpg\",\"thumbnail_image_label\":null,\"swatch_image\":null,\"swatch_image_label\":null,\"created_at\":\"9\\/9\\/22, 7:37 PM\",\"updated_at\":\"9\\/9\\/22, 7:45 PM\",\"new_from_date\":null,\"new_to_date\":null,\"display_product_options_in\":\"Block after Info Column\",\"map_price\":null,\"msrp_price\":null,\"map_enabled\":null,\"gift_message_available\":null,\"custom_design\":null,\"custom_design_from\":null,\"custom_design_to\":null,\"custom_layout_update\":null,\"page_layout\":null,\"product_options_container\":null,\"msrp_display_actual_price_type\":\"Use config\",\"country_of_manufacture\":null,\"additional_attributes\":\"climate=All-Weather,color=Black,manufacturer=Bub,material=Burlap,pattern=Color-Blocked,size=L\",\"qty\":\"100\",\"out_of_stock_qty\":\"0\",\"use_config_min_qty\":\"1\",\"is_qty_decimal\":\"0\",\"allow_backorders\":\"0\",\"use_config_backorders\":\"1\",\"min_cart_qty\":\"1\",\"use_config_min_sale_qty\":\"1\",\"max_cart_qty\":\"10000\",\"use_config_max_sale_qty\":\"1\",\"is_in_stock\":\"0\",\"notify_on_stock_below\":\"1\",\"use_config_notify_stock_qty\":\"1\",\"manage_stock\":\"1\",\"use_config_manage_stock\":\"1\",\"use_config_qty_increments\":\"1\",\"qty_increments\":\"0\",\"use_config_enable_qty_inc\":\"1\",\"enable_qty_increments\":\"0\",\"is_decimal_divided\":\"0\",\"website_id\":\"0\",\"related_skus\":null,\"related_position\":null,\"crosssell_skus\":null,\"crosssell_position\":null,\"upsell_skus\":null,\"upsell_position\":null,\"additional_images\":\"\\/5\\/4\\/54_1_1.jpg\",\"additional_image_labels\":\"54_1.JPG\",\"hide_from_product_page\":null,\"custom_options\":null,\"bundle_price_type\":null,\"bundle_sku_type\":null,\"bundle_price_view\":null,\"bundle_weight_type\":null,\"bundle_values\":null,\"bundle_shipment_type\":null,\"associated_skus\":null,\"downloadable_links\":null,\"downloadable_samples\":null,\"configurable_variations\":null,\"configurable_variation_labels\":null,\"image\":\"\\/5\\/4\\/54_1_1.jpg\",\"image_label\":\"54_1.JPG\",\"thumbnail\":\"\\/5\\/4\\/54_1_1.jpg\",\"thumbnail_label\":null,\"_media_image\":\"\\/5\\/4\\/54_1_1.jpg\",\"_media_image_label\":\"54_1.JPG\",\"_media_is_disabled\":null,\"_store\":null,\"_attribute_set\":\"Default\",\"_product_websites\":\"base\",\"status\":\"1\",\"news_from_date\":null,\"news_to_date\":null,\"options_container\":\"Block after Info Column\",\"minimal_price\":null,\"msrp\":null,\"msrp_enabled\":null,\"special_from_date\":null,\"special_to_date\":null,\"min_qty\":\"0\",\"backorders\":\"0\",\"min_sale_qty\":\"1\",\"max_sale_qty\":\"10000\",\"notify_stock_qty\":\"1\",\"_related_sku\":null,\"_related_position\":null,\"_crosssell_sku\":null,\"_crosssell_position\":null,\"_upsell_sku\":null,\"_upsell_position\":null,\"meta_keyword\":\"Fendi Bag\",\"price_type\":null,\"shipment_type\":null,\"price_view\":null,\"weight_type\":null,\"sku_type\":null,\"climate\":\"All-Weather\",\"color\":\"Black\",\"manufacturer\":\"Bub\",\"material\":\"Burlap\",\"pattern\":\"Color-Blocked\",\"size\":\"L\"},{\"sku\":\"55\",\"store_view_code\":null,\"attribute_set_code\":\"Default\",\"product_type\":\"simple\",\"categories\":\"Default Category\\/Bags\",\"product_websites\":\"base\",\"name\":\"YSL phone holder\",\"description\":\"YSL phone holder buttoned close for keys, phone, coins, etc...\",\"short_description\":\"YSL phone holder buttoned close for keys, phone, coins, etc...\",\"weight\":null,\"product_online\":\"1\",\"tax_class_name\":\"Taxable Goods\",\"visibility\":\"Catalog, Search\",\"price\":\"24\",\"special_price\":null,\"special_price_from_date\":null,\"special_price_to_date\":null,\"url_key\":\"55ysl phone holder\",\"meta_title\":\"YSL phone holder\",\"meta_keywords\":\"YSL phone holder\",\"meta_description\":\"YSL phone holder\",\"base_image\":\"\\/5\\/5\\/55_1_1.jpg\",\"base_image_label\":\"55_1.JPG\",\"small_image\":\"\\/5\\/5\\/55_1_1.jpg\",\"small_image_label\":null,\"thumbnail_image\":\"\\/5\\/5\\/55_1_1.jpg\",\"thumbnail_image_label\":null,\"swatch_image\":null,\"swatch_image_label\":null,\"created_at\":\"9\\/9\\/22, 7:37 PM\",\"updated_at\":\"9\\/9\\/22, 7:45 PM\",\"new_from_date\":null,\"new_to_date\":null,\"display_product_options_in\":\"Block after Info Column\",\"map_price\":null,\"msrp_price\":null,\"map_enabled\":null,\"gift_message_available\":null,\"custom_design\":null,\"custom_design_from\":null,\"custom_design_to\":null,\"custom_layout_update\":null,\"page_layout\":null,\"product_options_container\":null,\"msrp_display_actual_price_type\":\"Use config\",\"country_of_manufacture\":null,\"additional_attributes\":\"climate=All-Weather,color=Black,manufacturer=Bub,material=Burlap,pattern=Color-Blocked,size=L\",\"qty\":\"100\",\"out_of_stock_qty\":\"0\",\"use_config_min_qty\":\"1\",\"is_qty_decimal\":\"0\",\"allow_backorders\":\"0\",\"use_config_backorders\":\"1\",\"min_cart_qty\":\"1\",\"use_config_min_sale_qty\":\"1\",\"max_cart_qty\":\"10000\",\"use_config_max_sale_qty\":\"1\",\"is_in_stock\":\"0\",\"notify_on_stock_below\":\"1\",\"use_config_notify_stock_qty\":\"1\",\"manage_stock\":\"1\",\"use_config_manage_stock\":\"1\",\"use_config_qty_increments\":\"1\",\"qty_increments\":\"0\",\"use_config_enable_qty_inc\":\"1\",\"enable_qty_increments\":\"0\",\"is_decimal_divided\":\"0\",\"website_id\":\"0\",\"related_skus\":null,\"related_position\":null,\"crosssell_skus\":null,\"crosssell_position\":null,\"upsell_skus\":null,\"upsell_position\":null,\"additional_images\":\"\\/5\\/5\\/55_1_1.jpg\",\"additional_image_labels\":\"55_1.JPG\",\"hide_from_product_page\":null,\"custom_options\":null,\"bundle_price_type\":null,\"bundle_sku_type\":null,\"bundle_price_view\":null,\"bundle_weight_type\":null,\"bundle_values\":null,\"bundle_shipment_type\":null,\"associated_skus\":null,\"downloadable_links\":null,\"downloadable_samples\":null,\"configurable_variations\":null,\"configurable_variation_labels\":null,\"image\":\"\\/5\\/5\\/55_1_1.jpg\",\"image_label\":\"55_1.JPG\",\"thumbnail\":\"\\/5\\/5\\/55_1_1.jpg\",\"thumbnail_label\":null,\"_media_image\":\"\\/5\\/5\\/55_1_1.jpg\",\"_media_image_label\":\"55_1.JPG\",\"_media_is_disabled\":null,\"_store\":null,\"_attribute_set\":\"Default\",\"_product_websites\":\"base\",\"status\":\"1\",\"news_from_date\":null,\"news_to_date\":null,\"options_container\":\"Block after Info Column\",\"minimal_price\":null,\"msrp\":null,\"msrp_enabled\":null,\"special_from_date\":null,\"special_to_date\":null,\"min_qty\":\"0\",\"backorders\":\"0\",\"min_sale_qty\":\"1\",\"max_sale_qty\":\"10000\",\"notify_stock_qty\":\"1\",\"_related_sku\":null,\"_related_position\":null,\"_crosssell_sku\":null,\"_crosssell_position\":null,\"_upsell_sku\":null,\"_upsell_position\":null,\"meta_keyword\":\"YSL phone holder\",\"price_type\":null,\"shipment_type\":null,\"price_view\":null,\"weight_type\":null,\"sku_type\":null,\"climate\":\"All-Weather\",\"color\":\"Black\",\"manufacturer\":\"Bub\",\"material\":\"Burlap\",\"pattern\":\"Color-Blocked\",\"size\":\"L\"},{\"sku\":\"56\",\"store_view_code\":null,\"attribute_set_code\":\"Default\",\"product_type\":\"simple\",\"categories\":\"Default Category\\/Bags\",\"product_websites\":\"base\",\"name\":\"Channel cross bag\",\"description\":\"Channel cross bag high quality leather\",\"short_description\":\"Channel cross bag high quality leather\",\"weight\":null,\"product_online\":\"1\",\"tax_class_name\":\"Taxable Goods\",\"visibility\":\"Catalog, Search\",\"price\":\"30\",\"special_price\":null,\"special_price_from_date\":null,\"special_price_to_date\":null,\"url_key\":\"56channel cross bag\",\"meta_title\":\"Channel cross bag\",\"meta_keywords\":\"Channel cross bag\",\"meta_description\":\"Channel cross bag\",\"base_image\":\"\\/5\\/6\\/56_1_1.jpg\",\"base_image_label\":\"56_1.JPG\",\"small_image\":\"\\/5\\/6\\/56_1_1.jpg\",\"small_image_label\":null,\"thumbnail_image\":\"\\/5\\/6\\/56_1_1.jpg\",\"thumbnail_image_label\":null,\"swatch_image\":null,\"swatch_image_label\":null,\"created_at\":\"9\\/9\\/22, 7:37 PM\",\"updated_at\":\"9\\/9\\/22, 7:45 PM\",\"new_from_date\":null,\"new_to_date\":null,\"display_product_options_in\":\"Block after Info Column\",\"map_price\":null,\"msrp_price\":null,\"map_enabled\":null,\"gift_message_available\":null,\"custom_design\":null,\"custom_design_from\":null,\"custom_design_to\":null,\"custom_layout_update\":null,\"page_layout\":null,\"product_options_container\":null,\"msrp_display_actual_price_type\":\"Use config\",\"country_of_manufacture\":null,\"additional_attributes\":\"climate=All-Weather,color=Black,manufacturer=Bub,material=Burlap,pattern=Color-Blocked,size=L\",\"qty\":\"100\",\"out_of_stock_qty\":\"0\",\"use_config_min_qty\":\"1\",\"is_qty_decimal\":\"0\",\"allow_backorders\":\"0\",\"use_config_backorders\":\"1\",\"min_cart_qty\":\"1\",\"use_config_min_sale_qty\":\"1\",\"max_cart_qty\":\"10000\",\"use_config_max_sale_qty\":\"1\",\"is_in_stock\":\"0\",\"notify_on_stock_below\":\"1\",\"use_config_notify_stock_qty\":\"1\",\"manage_stock\":\"1\",\"use_config_manage_stock\":\"1\",\"use_config_qty_increments\":\"1\",\"qty_increments\":\"0\",\"use_config_enable_qty_inc\":\"1\",\"enable_qty_increments\":\"0\",\"is_decimal_divided\":\"0\",\"website_id\":\"0\",\"related_skus\":null,\"related_position\":null,\"crosssell_skus\":null,\"crosssell_position\":null,\"upsell_skus\":null,\"upsell_position\":null,\"additional_images\":\"\\/5\\/6\\/56_1_1.jpg\",\"additional_image_labels\":\"56_1.JPG\",\"hide_from_product_page\":null,\"custom_options\":null,\"bundle_price_type\":null,\"bundle_sku_type\":null,\"bundle_price_view\":null,\"bundle_weight_type\":null,\"bundle_values\":null,\"bundle_shipment_type\":null,\"associated_skus\":null,\"downloadable_links\":null,\"downloadable_samples\":null,\"configurable_variations\":null,\"configurable_variation_labels\":null,\"image\":\"\\/5\\/6\\/56_1_1.jpg\",\"image_label\":\"56_1.JPG\",\"thumbnail\":\"\\/5\\/6\\/56_1_1.jpg\",\"thumbnail_label\":null,\"_media_image\":\"\\/5\\/6\\/56_1_1.jpg\",\"_media_image_label\":\"56_1.JPG\",\"_media_is_disabled\":null,\"_store\":null,\"_attribute_set\":\"Default\",\"_product_websites\":\"base\",\"status\":\"1\",\"news_from_date\":null,\"news_to_date\":null,\"options_container\":\"Block after Info Column\",\"minimal_price\":null,\"msrp\":null,\"msrp_enabled\":null,\"special_from_date\":null,\"special_to_date\":null,\"min_qty\":\"0\",\"backorders\":\"0\",\"min_sale_qty\":\"1\",\"max_sale_qty\":\"10000\",\"notify_stock_qty\":\"1\",\"_related_sku\":null,\"_related_position\":null,\"_crosssell_sku\":null,\"_crosssell_position\":null,\"_upsell_sku\":null,\"_upsell_position\":null,\"meta_keyword\":\"Channel cross bag\",\"price_type\":null,\"shipment_type\":null,\"price_view\":null,\"weight_type\":null,\"sku_type\":null,\"climate\":\"All-Weather\",\"color\":\"Black\",\"manufacturer\":\"Bub\",\"material\":\"Burlap\",\"pattern\":\"Color-Blocked\",\"size\":\"L\"},{\"sku\":\"57\",\"store_view_code\":null,\"attribute_set_code\":\"Default\",\"product_type\":\"simple\",\"categories\":\"Default Category\\/Bags\",\"product_websites\":\"base\",\"name\":\"Dior saddle bag\",\"description\":\"Dior tote bag leather heart\",\"short_description\":\"Dior tote bag leather heart\",\"weight\":null,\"product_online\":\"1\",\"tax_class_name\":\"Taxable Goods\",\"visibility\":\"Catalog, Search\",\"price\":\"26\",\"special_price\":null,\"special_price_from_date\":null,\"special_price_to_date\":null,\"url_key\":\"57dior saddle bag\",\"meta_title\":\"Dior saddle bag\",\"meta_keywords\":\"Dior saddle bag\",\"meta_description\":\"Dior saddle bag\",\"base_image\":\"\\/5\\/7\\/57_1_1.jpg\",\"base_image_label\":\"57_1.JPG\",\"small_image\":\"\\/5\\/7\\/57_1_1.jpg\",\"small_image_label\":null,\"thumbnail_image\":\"\\/5\\/7\\/57_1_1.jpg\",\"thumbnail_image_label\":null,\"swatch_image\":null,\"swatch_image_label\":null,\"created_at\":\"9\\/9\\/22, 7:37 PM\",\"updated_at\":\"9\\/9\\/22, 7:45 PM\",\"new_from_date\":null,\"new_to_date\":null,\"display_product_options_in\":\"Block after Info Column\",\"map_price\":null,\"msrp_price\":null,\"map_enabled\":null,\"gift_message_available\":null,\"custom_design\":null,\"custom_design_from\":null,\"custom_design_to\":null,\"custom_layout_update\":null,\"page_layout\":null,\"product_options_container\":null,\"msrp_display_actual_price_type\":\"Use config\",\"country_of_manufacture\":null,\"additional_attributes\":\"climate=All-Weather,color=Black,manufacturer=Bub,material=Burlap,pattern=Color-Blocked,size=L\",\"qty\":\"100\",\"out_of_stock_qty\":\"0\",\"use_config_min_qty\":\"1\",\"is_qty_decimal\":\"0\",\"allow_backorders\":\"0\",\"use_config_backorders\":\"1\",\"min_cart_qty\":\"1\",\"use_config_min_sale_qty\":\"1\",\"max_cart_qty\":\"10000\",\"use_config_max_sale_qty\":\"1\",\"is_in_stock\":\"0\",\"notify_on_stock_below\":\"1\",\"use_config_notify_stock_qty\":\"1\",\"manage_stock\":\"1\",\"use_config_manage_stock\":\"1\",\"use_config_qty_increments\":\"1\",\"qty_increments\":\"0\",\"use_config_enable_qty_inc\":\"1\",\"enable_qty_increments\":\"0\",\"is_decimal_divided\":\"0\",\"website_id\":\"0\",\"related_skus\":null,\"related_position\":null,\"crosssell_skus\":null,\"crosssell_position\":null,\"upsell_skus\":null,\"upsell_position\":null,\"additional_images\":\"\\/5\\/7\\/57_1_1.jpg\",\"additional_image_labels\":\"57_1.JPG\",\"hide_from_product_page\":null,\"custom_options\":null,\"bundle_price_type\":null,\"bundle_sku_type\":null,\"bundle_price_view\":null,\"bundle_weight_type\":null,\"bundle_values\":null,\"bundle_shipment_type\":null,\"associated_skus\":null,\"downloadable_links\":null,\"downloadable_samples\":null,\"configurable_variations\":null,\"configurable_variation_labels\":null,\"image\":\"\\/5\\/7\\/57_1_1.jpg\",\"image_label\":\"57_1.JPG\",\"thumbnail\":\"\\/5\\/7\\/57_1_1.jpg\",\"thumbnail_label\":null,\"_media_image\":\"\\/5\\/7\\/57_1_1.jpg\",\"_media_image_label\":\"57_1.JPG\",\"_media_is_disabled\":null,\"_store\":null,\"_attribute_set\":\"Default\",\"_product_websites\":\"base\",\"status\":\"1\",\"news_from_date\":null,\"news_to_date\":null,\"options_container\":\"Block after Info Column\",\"minimal_price\":null,\"msrp\":null,\"msrp_enabled\":null,\"special_from_date\":null,\"special_to_date\":null,\"min_qty\":\"0\",\"backorders\":\"0\",\"min_sale_qty\":\"1\",\"max_sale_qty\":\"10000\",\"notify_stock_qty\":\"1\",\"_related_sku\":null,\"_related_position\":null,\"_crosssell_sku\":null,\"_crosssell_position\":null,\"_upsell_sku\":null,\"_upsell_position\":null,\"meta_keyword\":\"Dior saddle bag\",\"price_type\":null,\"shipment_type\":null,\"price_view\":null,\"weight_type\":null,\"sku_type\":null,\"climate\":\"All-Weather\",\"color\":\"Black\",\"manufacturer\":\"Bub\",\"material\":\"Burlap\",\"pattern\":\"Color-Blocked\",\"size\":\"L\"},{\"sku\":\"58\",\"store_view_code\":null,\"attribute_set_code\":\"Default\",\"product_type\":\"simple\",\"categories\":\"Default Category\\/Bags\",\"product_websites\":\"base\",\"name\":\"Gucci shopping bag\",\"description\":\"Gucci shopping bag GG print leathered interior brown\",\"short_description\":\"Gucci shopping bag GG print leathered interior brown\",\"weight\":null,\"product_online\":\"1\",\"tax_class_name\":\"Taxable Goods\",\"visibility\":\"Catalog, Search\",\"price\":\"32\",\"special_price\":null,\"special_price_from_date\":null,\"special_price_to_date\":null,\"url_key\":\"58gucci shopping bag\",\"meta_title\":\"Gucci shopping bag\",\"meta_keywords\":\"Gucci shopping bag\",\"meta_description\":\"Gucci shopping bag\",\"base_image\":\"\\/5\\/8\\/58_1_1.jpg\",\"base_image_label\":\"58_1.JPG\",\"small_image\":\"\\/5\\/8\\/58_1_1.jpg\",\"small_image_label\":null,\"thumbnail_image\":\"\\/5\\/8\\/58_1_1.jpg\",\"thumbnail_image_label\":null,\"swatch_image\":null,\"swatch_image_label\":null,\"created_at\":\"9\\/9\\/22, 7:37 PM\",\"updated_at\":\"9\\/9\\/22, 7:45 PM\",\"new_from_date\":null,\"new_to_date\":null,\"display_product_options_in\":\"Block after Info Column\",\"map_price\":null,\"msrp_price\":null,\"map_enabled\":null,\"gift_message_available\":null,\"custom_design\":null,\"custom_design_from\":null,\"custom_design_to\":null,\"custom_layout_update\":null,\"page_layout\":null,\"product_options_container\":null,\"msrp_display_actual_price_type\":\"Use config\",\"country_of_manufacture\":null,\"additional_attributes\":\"climate=All-Weather,color=Black,manufacturer=Bub,material=Burlap,pattern=Color-Blocked,size=L\",\"qty\":\"100\",\"out_of_stock_qty\":\"0\",\"use_config_min_qty\":\"1\",\"is_qty_decimal\":\"0\",\"allow_backorders\":\"0\",\"use_config_backorders\":\"1\",\"min_cart_qty\":\"1\",\"use_config_min_sale_qty\":\"1\",\"max_cart_qty\":\"10000\",\"use_config_max_sale_qty\":\"1\",\"is_in_stock\":\"0\",\"notify_on_stock_below\":\"1\",\"use_config_notify_stock_qty\":\"1\",\"manage_stock\":\"1\",\"use_config_manage_stock\":\"1\",\"use_config_qty_increments\":\"1\",\"qty_increments\":\"0\",\"use_config_enable_qty_inc\":\"1\",\"enable_qty_increments\":\"0\",\"is_decimal_divided\":\"0\",\"website_id\":\"0\",\"related_skus\":null,\"related_position\":null,\"crosssell_skus\":null,\"crosssell_position\":null,\"upsell_skus\":null,\"upsell_position\":null,\"additional_images\":\"\\/5\\/8\\/58_1_1.jpg\",\"additional_image_labels\":\"58_1.JPG\",\"hide_from_product_page\":null,\"custom_options\":null,\"bundle_price_type\":null,\"bundle_sku_type\":null,\"bundle_price_view\":null,\"bundle_weight_type\":null,\"bundle_values\":null,\"bundle_shipment_type\":null,\"associated_skus\":null,\"downloadable_links\":null,\"downloadable_samples\":null,\"configurable_variations\":null,\"configurable_variation_labels\":null,\"image\":\"\\/5\\/8\\/58_1_1.jpg\",\"image_label\":\"58_1.JPG\",\"thumbnail\":\"\\/5\\/8\\/58_1_1.jpg\",\"thumbnail_label\":null,\"_media_image\":\"\\/5\\/8\\/58_1_1.jpg\",\"_media_image_label\":\"58_1.JPG\",\"_media_is_disabled\":null,\"_store\":null,\"_attribute_set\":\"Default\",\"_product_websites\":\"base\",\"status\":\"1\",\"news_from_date\":null,\"news_to_date\":null,\"options_container\":\"Block after Info Column\",\"minimal_price\":null,\"msrp\":null,\"msrp_enabled\":null,\"special_from_date\":null,\"special_to_date\":null,\"min_qty\":\"0\",\"backorders\":\"0\",\"min_sale_qty\":\"1\",\"max_sale_qty\":\"10000\",\"notify_stock_qty\":\"1\",\"_related_sku\":null,\"_related_position\":null,\"_crosssell_sku\":null,\"_crosssell_position\":null,\"_upsell_sku\":null,\"_upsell_position\":null,\"meta_keyword\":\"Gucci shopping bag\",\"price_type\":null,\"shipment_type\":null,\"price_view\":null,\"weight_type\":null,\"sku_type\":null,\"climate\":\"All-Weather\",\"color\":\"Black\",\"manufacturer\":\"Bub\",\"material\":\"Burlap\",\"pattern\":\"Color-Blocked\",\"size\":\"L\"},{\"sku\":\"59\",\"store_view_code\":null,\"attribute_set_code\":\"Default\",\"product_type\":\"simple\",\"categories\":\"Default Category\\/Bags\",\"product_websites\":\"base\",\"name\":\"Fendi Bag\",\"description\":\"Fendi graphy mini hand bag FF printed golden zipper\",\"short_description\":\"Fendi graphy mini hand bag FF printed golden zipper\",\"weight\":null,\"product_online\":\"1\",\"tax_class_name\":\"Taxable Goods\",\"visibility\":\"Catalog, Search\",\"price\":\"38\",\"special_price\":null,\"special_price_from_date\":null,\"special_price_to_date\":null,\"url_key\":\"59fendi bag\",\"meta_title\":\"Fendi Bag\",\"meta_keywords\":\"Fendi Bag\",\"meta_description\":\"Fendi Bag\",\"base_image\":\"\\/5\\/9\\/59_1_1.jpg\",\"base_image_label\":\"59_1.JPG\",\"small_image\":\"\\/5\\/9\\/59_1_1.jpg\",\"small_image_label\":null,\"thumbnail_image\":\"\\/5\\/9\\/59_1_1.jpg\",\"thumbnail_image_label\":null,\"swatch_image\":null,\"swatch_image_label\":null,\"created_at\":\"9\\/9\\/22, 7:37 PM\",\"updated_at\":\"9\\/9\\/22, 7:45 PM\",\"new_from_date\":null,\"new_to_date\":null,\"display_product_options_in\":\"Block after Info Column\",\"map_price\":null,\"msrp_price\":null,\"map_enabled\":null,\"gift_message_available\":null,\"custom_design\":null,\"custom_design_from\":null,\"custom_design_to\":null,\"custom_layout_update\":null,\"page_layout\":null,\"product_options_container\":null,\"msrp_display_actual_price_type\":\"Use config\",\"country_of_manufacture\":null,\"additional_attributes\":\"climate=All-Weather,color=Black,manufacturer=Bub,material=Burlap,pattern=Color-Blocked,size=L\",\"qty\":\"100\",\"out_of_stock_qty\":\"0\",\"use_config_min_qty\":\"1\",\"is_qty_decimal\":\"0\",\"allow_backorders\":\"0\",\"use_config_backorders\":\"1\",\"min_cart_qty\":\"1\",\"use_config_min_sale_qty\":\"1\",\"max_cart_qty\":\"10000\",\"use_config_max_sale_qty\":\"1\",\"is_in_stock\":\"0\",\"notify_on_stock_below\":\"1\",\"use_config_notify_stock_qty\":\"1\",\"manage_stock\":\"1\",\"use_config_manage_stock\":\"1\",\"use_config_qty_increments\":\"1\",\"qty_increments\":\"0\",\"use_config_enable_qty_inc\":\"1\",\"enable_qty_increments\":\"0\",\"is_decimal_divided\":\"0\",\"website_id\":\"0\",\"related_skus\":null,\"related_position\":null,\"crosssell_skus\":null,\"crosssell_position\":null,\"upsell_skus\":null,\"upsell_position\":null,\"additional_images\":\"\\/5\\/9\\/59_1_1.jpg\",\"additional_image_labels\":\"59_1.JPG\",\"hide_from_product_page\":null,\"custom_options\":null,\"bundle_price_type\":null,\"bundle_sku_type\":null,\"bundle_price_view\":null,\"bundle_weight_type\":null,\"bundle_values\":null,\"bundle_shipment_type\":null,\"associated_skus\":null,\"downloadable_links\":null,\"downloadable_samples\":null,\"configurable_variations\":null,\"configurable_variation_labels\":null,\"image\":\"\\/5\\/9\\/59_1_1.jpg\",\"image_label\":\"59_1.JPG\",\"thumbnail\":\"\\/5\\/9\\/59_1_1.jpg\",\"thumbnail_label\":null,\"_media_image\":\"\\/5\\/9\\/59_1_1.jpg\",\"_media_image_label\":\"59_1.JPG\",\"_media_is_disabled\":null,\"_store\":null,\"_attribute_set\":\"Default\",\"_product_websites\":\"base\",\"status\":\"1\",\"news_from_date\":null,\"news_to_date\":null,\"options_container\":\"Block after Info Column\",\"minimal_price\":null,\"msrp\":null,\"msrp_enabled\":null,\"special_from_date\":null,\"special_to_date\":null,\"min_qty\":\"0\",\"backorders\":\"0\",\"min_sale_qty\":\"1\",\"max_sale_qty\":\"10000\",\"notify_stock_qty\":\"1\",\"_related_sku\":null,\"_related_position\":null,\"_crosssell_sku\":null,\"_crosssell_position\":null,\"_upsell_sku\":null,\"_upsell_position\":null,\"meta_keyword\":\"Fendi Bag\",\"price_type\":null,\"shipment_type\":null,\"price_view\":null,\"weight_type\":null,\"sku_type\":null,\"climate\":\"All-Weather\",\"color\":\"Black\",\"manufacturer\":\"Bub\",\"material\":\"Burlap\",\"pattern\":\"Color-Blocked\",\"size\":\"L\"},{\"sku\":\"60\",\"store_view_code\":null,\"attribute_set_code\":\"Default\",\"product_type\":\"simple\",\"categories\":\"Default Category\\/Bags\",\"product_websites\":\"base\",\"name\":\"Dior bag\",\"description\":\"Dior hand bag large capacity 32*41 cm\",\"short_description\":\"Dior hand bag large capacity 32*41 cm\",\"weight\":null,\"product_online\":\"1\",\"tax_class_name\":\"Taxable Goods\",\"visibility\":\"Catalog, Search\",\"price\":\"42\",\"special_price\":null,\"special_price_from_date\":null,\"special_price_to_date\":null,\"url_key\":\"60dior bag\",\"meta_title\":\"Dior bag\",\"meta_keywords\":\"Dior bag\",\"meta_description\":\"Dior bag\",\"base_image\":\"\\/6\\/0\\/60_1_1.jpg\",\"base_image_label\":\"60_1.JPG\",\"small_image\":\"\\/6\\/0\\/60_1_1.jpg\",\"small_image_label\":null,\"thumbnail_image\":\"\\/6\\/0\\/60_1_1.jpg\",\"thumbnail_image_label\":null,\"swatch_image\":null,\"swatch_image_label\":null,\"created_at\":\"9\\/9\\/22, 7:37 PM\",\"updated_at\":\"9\\/9\\/22, 7:45 PM\",\"new_from_date\":null,\"new_to_date\":null,\"display_product_options_in\":\"Block after Info Column\",\"map_price\":null,\"msrp_price\":null,\"map_enabled\":null,\"gift_message_available\":null,\"custom_design\":null,\"custom_design_from\":null,\"custom_design_to\":null,\"custom_layout_update\":null,\"page_layout\":null,\"product_options_container\":null,\"msrp_display_actual_price_type\":\"Use config\",\"country_of_manufacture\":null,\"additional_attributes\":\"climate=All-Weather,color=Black,manufacturer=Bub,material=Burlap,pattern=Color-Blocked,size=L\",\"qty\":\"100\",\"out_of_stock_qty\":\"0\",\"use_config_min_qty\":\"1\",\"is_qty_decimal\":\"0\",\"allow_backorders\":\"0\",\"use_config_backorders\":\"1\",\"min_cart_qty\":\"1\",\"use_config_min_sale_qty\":\"1\",\"max_cart_qty\":\"10000\",\"use_config_max_sale_qty\":\"1\",\"is_in_stock\":\"0\",\"notify_on_stock_below\":\"1\",\"use_config_notify_stock_qty\":\"1\",\"manage_stock\":\"1\",\"use_config_manage_stock\":\"1\",\"use_config_qty_increments\":\"1\",\"qty_increments\":\"0\",\"use_config_enable_qty_inc\":\"1\",\"enable_qty_increments\":\"0\",\"is_decimal_divided\":\"0\",\"website_id\":\"0\",\"related_skus\":null,\"related_position\":null,\"crosssell_skus\":null,\"crosssell_position\":null,\"upsell_skus\":null,\"upsell_position\":null,\"additional_images\":\"\\/6\\/0\\/60_1_1.jpg\",\"additional_image_labels\":\"60_1.JPG\",\"hide_from_product_page\":null,\"custom_options\":null,\"bundle_price_type\":null,\"bundle_sku_type\":null,\"bundle_price_view\":null,\"bundle_weight_type\":null,\"bundle_values\":null,\"bundle_shipment_type\":null,\"associated_skus\":null,\"downloadable_links\":null,\"downloadable_samples\":null,\"configurable_variations\":null,\"configurable_variation_labels\":null,\"image\":\"\\/6\\/0\\/60_1_1.jpg\",\"image_label\":\"60_1.JPG\",\"thumbnail\":\"\\/6\\/0\\/60_1_1.jpg\",\"thumbnail_label\":null,\"_media_image\":\"\\/6\\/0\\/60_1_1.jpg\",\"_media_image_label\":\"60_1.JPG\",\"_media_is_disabled\":null,\"_store\":null,\"_attribute_set\":\"Default\",\"_product_websites\":\"base\",\"status\":\"1\",\"news_from_date\":null,\"news_to_date\":null,\"options_container\":\"Block after Info Column\",\"minimal_price\":null,\"msrp\":null,\"msrp_enabled\":null,\"special_from_date\":null,\"special_to_date\":null,\"min_qty\":\"0\",\"backorders\":\"0\",\"min_sale_qty\":\"1\",\"max_sale_qty\":\"10000\",\"notify_stock_qty\":\"1\",\"_related_sku\":null,\"_related_position\":null,\"_crosssell_sku\":null,\"_crosssell_position\":null,\"_upsell_sku\":null,\"_upsell_position\":null,\"meta_keyword\":\"Dior bag\",\"price_type\":null,\"shipment_type\":null,\"price_view\":null,\"weight_type\":null,\"sku_type\":null,\"climate\":\"All-Weather\",\"color\":\"Black\",\"manufacturer\":\"Bub\",\"material\":\"Burlap\",\"pattern\":\"Color-Blocked\",\"size\":\"L\"},{\"sku\":\"61\",\"store_view_code\":null,\"attribute_set_code\":\"Default\",\"product_type\":\"simple\",\"categories\":\"Default Category\\/Bags\",\"product_websites\":\"base\",\"name\":\"Channel Caviar bag\",\"description\":\"Chanel caviar quilted cross bag red interior\",\"short_description\":\"Chanel caviar quilted cross bag red interior\",\"weight\":null,\"product_online\":\"1\",\"tax_class_name\":\"Taxable Goods\",\"visibility\":\"Catalog, Search\",\"price\":\"36\",\"special_price\":null,\"special_price_from_date\":null,\"special_price_to_date\":null,\"url_key\":\"61channel caviar bag\",\"meta_title\":\"Channel Caviar bag\",\"meta_keywords\":\"Channel Caviar bag\",\"meta_description\":\"Channel Caviar bag\",\"base_image\":\"\\/6\\/1\\/61_1_1.jpg\",\"base_image_label\":\"61_1.JPG\",\"small_image\":\"\\/6\\/1\\/61_1_1.jpg\",\"small_image_label\":null,\"thumbnail_image\":\"\\/6\\/1\\/61_1_1.jpg\",\"thumbnail_image_label\":null,\"swatch_image\":null,\"swatch_image_label\":null,\"created_at\":\"9\\/9\\/22, 7:37 PM\",\"updated_at\":\"9\\/9\\/22, 7:45 PM\",\"new_from_date\":null,\"new_to_date\":null,\"display_product_options_in\":\"Block after Info Column\",\"map_price\":null,\"msrp_price\":null,\"map_enabled\":null,\"gift_message_available\":null,\"custom_design\":null,\"custom_design_from\":null,\"custom_design_to\":null,\"custom_layout_update\":null,\"page_layout\":null,\"product_options_container\":null,\"msrp_display_actual_price_type\":\"Use config\",\"country_of_manufacture\":null,\"additional_attributes\":\"climate=All-Weather,color=Black,manufacturer=Bub,material=Burlap,pattern=Color-Blocked,size=L\",\"qty\":\"100\",\"out_of_stock_qty\":\"0\",\"use_config_min_qty\":\"1\",\"is_qty_decimal\":\"0\",\"allow_backorders\":\"0\",\"use_config_backorders\":\"1\",\"min_cart_qty\":\"1\",\"use_config_min_sale_qty\":\"1\",\"max_cart_qty\":\"10000\",\"use_config_max_sale_qty\":\"1\",\"is_in_stock\":\"0\",\"notify_on_stock_below\":\"1\",\"use_config_notify_stock_qty\":\"1\",\"manage_stock\":\"1\",\"use_config_manage_stock\":\"1\",\"use_config_qty_increments\":\"1\",\"qty_increments\":\"0\",\"use_config_enable_qty_inc\":\"1\",\"enable_qty_increments\":\"0\",\"is_decimal_divided\":\"0\",\"website_id\":\"0\",\"related_skus\":null,\"related_position\":null,\"crosssell_skus\":null,\"crosssell_position\":null,\"upsell_skus\":null,\"upsell_position\":null,\"additional_images\":\"\\/6\\/1\\/61_1_1.jpg\",\"additional_image_labels\":\"61_1.JPG\",\"hide_from_product_page\":null,\"custom_options\":null,\"bundle_price_type\":null,\"bundle_sku_type\":null,\"bundle_price_view\":null,\"bundle_weight_type\":null,\"bundle_values\":null,\"bundle_shipment_type\":null,\"associated_skus\":null,\"downloadable_links\":null,\"downloadable_samples\":null,\"configurable_variations\":null,\"configurable_variation_labels\":null,\"image\":\"\\/6\\/1\\/61_1_1.jpg\",\"image_label\":\"61_1.JPG\",\"thumbnail\":\"\\/6\\/1\\/61_1_1.jpg\",\"thumbnail_label\":null,\"_media_image\":\"\\/6\\/1\\/61_1_1.jpg\",\"_media_image_label\":\"61_1.JPG\",\"_media_is_disabled\":null,\"_store\":null,\"_attribute_set\":\"Default\",\"_product_websites\":\"base\",\"status\":\"1\",\"news_from_date\":null,\"news_to_date\":null,\"options_container\":\"Block after Info Column\",\"minimal_price\":null,\"msrp\":null,\"msrp_enabled\":null,\"special_from_date\":null,\"special_to_date\":null,\"min_qty\":\"0\",\"backorders\":\"0\",\"min_sale_qty\":\"1\",\"max_sale_qty\":\"10000\",\"notify_stock_qty\":\"1\",\"_related_sku\":null,\"_related_position\":null,\"_crosssell_sku\":null,\"_crosssell_position\":null,\"_upsell_sku\":null,\"_upsell_position\":null,\"meta_keyword\":\"Channel Caviar bag\",\"price_type\":null,\"shipment_type\":null,\"price_view\":null,\"weight_type\":null,\"sku_type\":null,\"climate\":\"All-Weather\",\"color\":\"Black\",\"manufacturer\":\"Bub\",\"material\":\"Burlap\",\"pattern\":\"Color-Blocked\",\"size\":\"L\"},{\"sku\":\"63\",\"store_view_code\":null,\"attribute_set_code\":\"Default\",\"product_type\":\"simple\",\"categories\":\"Default Category\\/Belts\",\"product_websites\":\"base\",\"name\":\"YSL cross bag\",\"description\":\"YSL cross bag long chain (with box) colors : black & white.\",\"short_description\":\"YSL cross bag long chain (with box) colors : black & white.\",\"weight\":null,\"product_online\":\"1\",\"tax_class_name\":\"Taxable Goods\",\"visibility\":\"Catalog, Search\",\"price\":\"30\",\"special_price\":null,\"special_price_from_date\":null,\"special_price_to_date\":null,\"url_key\":\"63ysl cross bag\",\"meta_title\":\"YSL cross bag\",\"meta_keywords\":\"YSL cross bag\",\"meta_description\":\"YSL cross bag\",\"base_image\":\"\\/6\\/3\\/63_1_2.jpg\",\"base_image_label\":\"63_1.JPG\",\"small_image\":\"\\/6\\/3\\/63_1_2.jpg\",\"small_image_label\":null,\"thumbnail_image\":\"\\/6\\/3\\/63_1_2.jpg\",\"thumbnail_image_label\":null,\"swatch_image\":null,\"swatch_image_label\":null,\"created_at\":\"9\\/9\\/22, 7:37 PM\",\"updated_at\":\"9\\/9\\/22, 7:45 PM\",\"new_from_date\":null,\"new_to_date\":null,\"display_product_options_in\":\"Block after Info Column\",\"map_price\":null,\"msrp_price\":null,\"map_enabled\":null,\"gift_message_available\":null,\"custom_design\":null,\"custom_design_from\":null,\"custom_design_to\":null,\"custom_layout_update\":null,\"page_layout\":null,\"product_options_container\":null,\"msrp_display_actual_price_type\":\"Use config\",\"country_of_manufacture\":null,\"additional_attributes\":\"climate=All-Weather,color=Black,manufacturer=Bub,material=Burlap,pattern=Color-Blocked,size=L\",\"qty\":\"100\",\"out_of_stock_qty\":\"0\",\"use_config_min_qty\":\"1\",\"is_qty_decimal\":\"0\",\"allow_backorders\":\"0\",\"use_config_backorders\":\"1\",\"min_cart_qty\":\"1\",\"use_config_min_sale_qty\":\"1\",\"max_cart_qty\":\"10000\",\"use_config_max_sale_qty\":\"1\",\"is_in_stock\":\"0\",\"notify_on_stock_below\":\"1\",\"use_config_notify_stock_qty\":\"1\",\"manage_stock\":\"1\",\"use_config_manage_stock\":\"1\",\"use_config_qty_increments\":\"1\",\"qty_increments\":\"0\",\"use_config_enable_qty_inc\":\"1\",\"enable_qty_increments\":\"0\",\"is_decimal_divided\":\"0\",\"website_id\":\"0\",\"related_skus\":null,\"related_position\":null,\"crosssell_skus\":null,\"crosssell_position\":null,\"upsell_skus\":null,\"upsell_position\":null,\"additional_images\":\"\\/6\\/3\\/63_1_2.jpg\",\"additional_image_labels\":\"63_1.JPG\",\"hide_from_product_page\":null,\"custom_options\":null,\"bundle_price_type\":null,\"bundle_sku_type\":null,\"bundle_price_view\":null,\"bundle_weight_type\":null,\"bundle_values\":null,\"bundle_shipment_type\":null,\"associated_skus\":null,\"downloadable_links\":null,\"downloadable_samples\":null,\"configurable_variations\":null,\"configurable_variation_labels\":null,\"image\":\"\\/6\\/3\\/63_1_2.jpg\",\"image_label\":\"63_1.JPG\",\"thumbnail\":\"\\/6\\/3\\/63_1_2.jpg\",\"thumbnail_label\":null,\"_media_image\":\"\\/6\\/3\\/63_1_2.jpg\",\"_media_image_label\":\"63_1.JPG\",\"_media_is_disabled\":null,\"_store\":null,\"_attribute_set\":\"Default\",\"_product_websites\":\"base\",\"status\":\"1\",\"news_from_date\":null,\"news_to_date\":null,\"options_container\":\"Block after Info Column\",\"minimal_price\":null,\"msrp\":null,\"msrp_enabled\":null,\"special_from_date\":null,\"special_to_date\":null,\"min_qty\":\"0\",\"backorders\":\"0\",\"min_sale_qty\":\"1\",\"max_sale_qty\":\"10000\",\"notify_stock_qty\":\"1\",\"_related_sku\":null,\"_related_position\":null,\"_crosssell_sku\":null,\"_crosssell_position\":null,\"_upsell_sku\":null,\"_upsell_position\":null,\"meta_keyword\":\"YSL cross bag\",\"price_type\":null,\"shipment_type\":null,\"price_view\":null,\"weight_type\":null,\"sku_type\":null,\"climate\":\"All-Weather\",\"color\":\"Black\",\"manufacturer\":\"Bub\",\"material\":\"Burlap\",\"pattern\":\"Color-Blocked\",\"size\":\"L\"},{\"sku\":\"64\",\"store_view_code\":null,\"attribute_set_code\":\"Default\",\"product_type\":\"simple\",\"categories\":\"Default Category\\/Wallets,Default Category\\/Bags\",\"product_websites\":\"base\",\"name\":\"Dior belt\",\"description\":\"Dior belt CD logo printed\",\"short_description\":\"Dior belt CD logo printed\",\"weight\":null,\"product_online\":\"1\",\"tax_class_name\":\"Taxable Goods\",\"visibility\":\"Catalog, Search\",\"price\":\"16\",\"special_price\":null,\"special_price_from_date\":null,\"special_price_to_date\":null,\"url_key\":\"64dior belt\",\"meta_title\":\"Dior belt\",\"meta_keywords\":\"Dior belt\",\"meta_description\":\"Dior belt\",\"base_image\":\"\\/6\\/4\\/64_4.jpg\",\"base_image_label\":\"64.JPG\",\"small_image\":\"\\/6\\/4\\/64_4.jpg\",\"small_image_label\":null,\"thumbnail_image\":\"\\/6\\/4\\/64_4.jpg\",\"thumbnail_image_label\":null,\"swatch_image\":null,\"swatch_image_label\":null,\"created_at\":\"9\\/9\\/22, 7:37 PM\",\"updated_at\":\"9\\/9\\/22, 7:45 PM\",\"new_from_date\":null,\"new_to_date\":null,\"display_product_options_in\":\"Block after Info Column\",\"map_price\":null,\"msrp_price\":null,\"map_enabled\":null,\"gift_message_available\":null,\"custom_design\":null,\"custom_design_from\":null,\"custom_design_to\":null,\"custom_layout_update\":null,\"page_layout\":null,\"product_options_container\":null,\"msrp_display_actual_price_type\":\"Use config\",\"country_of_manufacture\":null,\"additional_attributes\":\"climate=All-Weather,color=Black,manufacturer=Bub,material=Burlap,pattern=Color-Blocked,size=L\",\"qty\":\"100\",\"out_of_stock_qty\":\"0\",\"use_config_min_qty\":\"1\",\"is_qty_decimal\":\"0\",\"allow_backorders\":\"0\",\"use_config_backorders\":\"1\",\"min_cart_qty\":\"1\",\"use_config_min_sale_qty\":\"1\",\"max_cart_qty\":\"10000\",\"use_config_max_sale_qty\":\"1\",\"is_in_stock\":\"0\",\"notify_on_stock_below\":\"1\",\"use_config_notify_stock_qty\":\"1\",\"manage_stock\":\"1\",\"use_config_manage_stock\":\"1\",\"use_config_qty_increments\":\"1\",\"qty_increments\":\"0\",\"use_config_enable_qty_inc\":\"1\",\"enable_qty_increments\":\"0\",\"is_decimal_divided\":\"0\",\"website_id\":\"0\",\"related_skus\":null,\"related_position\":null,\"crosssell_skus\":null,\"crosssell_position\":null,\"upsell_skus\":null,\"upsell_position\":null,\"additional_images\":\"\\/6\\/4\\/64_4.jpg\",\"additional_image_labels\":\"64.JPG\",\"hide_from_product_page\":null,\"custom_options\":null,\"bundle_price_type\":null,\"bundle_sku_type\":null,\"bundle_price_view\":null,\"bundle_weight_type\":null,\"bundle_values\":null,\"bundle_shipment_type\":null,\"associated_skus\":null,\"downloadable_links\":null,\"downloadable_samples\":null,\"configurable_variations\":null,\"configurable_variation_labels\":null,\"image\":\"\\/6\\/4\\/64_4.jpg\",\"image_label\":\"64.JPG\",\"thumbnail\":\"\\/6\\/4\\/64_4.jpg\",\"thumbnail_label\":null,\"_media_image\":\"\\/6\\/4\\/64_4.jpg\",\"_media_image_label\":\"64.JPG\",\"_media_is_disabled\":null,\"_store\":null,\"_attribute_set\":\"Default\",\"_product_websites\":\"base\",\"status\":\"1\",\"news_from_date\":null,\"news_to_date\":null,\"options_container\":\"Block after Info Column\",\"minimal_price\":null,\"msrp\":null,\"msrp_enabled\":null,\"special_from_date\":null,\"special_to_date\":null,\"min_qty\":\"0\",\"backorders\":\"0\",\"min_sale_qty\":\"1\",\"max_sale_qty\":\"10000\",\"notify_stock_qty\":\"1\",\"_related_sku\":null,\"_related_position\":null,\"_crosssell_sku\":null,\"_crosssell_position\":null,\"_upsell_sku\":null,\"_upsell_position\":null,\"meta_keyword\":\"Dior belt\",\"price_type\":null,\"shipment_type\":null,\"price_view\":null,\"weight_type\":null,\"sku_type\":null,\"climate\":\"All-Weather\",\"color\":\"Black\",\"manufacturer\":\"Bub\",\"material\":\"Burlap\",\"pattern\":\"Color-Blocked\",\"size\":\"L\"},{\"sku\":\"65\",\"store_view_code\":null,\"attribute_set_code\":\"Default\",\"product_type\":\"simple\",\"categories\":\"Default Category\\/Bags\",\"product_websites\":\"base\",\"name\":\"Dior tote bag\",\"description\":\"Dior tote bag large volume with CD scarf \\/ size : 28*36 cm\",\"short_description\":\"Dior tote bag large volume with CD scarf \\/ size : 28*36 cm\",\"weight\":null,\"product_online\":\"1\",\"tax_class_name\":\"Taxable Goods\",\"visibility\":\"Catalog, Search\",\"price\":\"39\",\"special_price\":null,\"special_price_from_date\":null,\"special_price_to_date\":null,\"url_key\":\"65dior tote bag\",\"meta_title\":\"Dior tote bag\",\"meta_keywords\":\"Dior tote bag\",\"meta_description\":\"Dior tote bag\",\"base_image\":\"\\/6\\/5\\/65_1_1.jpg\",\"base_image_label\":\"65_1.JPG\",\"small_image\":\"\\/6\\/5\\/65_1_1.jpg\",\"small_image_label\":null,\"thumbnail_image\":\"\\/6\\/5\\/65_1_1.jpg\",\"thumbnail_image_label\":null,\"swatch_image\":null,\"swatch_image_label\":null,\"created_at\":\"9\\/9\\/22, 7:37 PM\",\"updated_at\":\"9\\/9\\/22, 7:45 PM\",\"new_from_date\":null,\"new_to_date\":null,\"display_product_options_in\":\"Block after Info Column\",\"map_price\":null,\"msrp_price\":null,\"map_enabled\":null,\"gift_message_available\":null,\"custom_design\":null,\"custom_design_from\":null,\"custom_design_to\":null,\"custom_layout_update\":null,\"page_layout\":null,\"product_options_container\":null,\"msrp_display_actual_price_type\":\"Use config\",\"country_of_manufacture\":null,\"additional_attributes\":\"climate=All-Weather,color=Black,manufacturer=Bub,material=Burlap,pattern=Color-Blocked,size=L\",\"qty\":\"100\",\"out_of_stock_qty\":\"0\",\"use_config_min_qty\":\"1\",\"is_qty_decimal\":\"0\",\"allow_backorders\":\"0\",\"use_config_backorders\":\"1\",\"min_cart_qty\":\"1\",\"use_config_min_sale_qty\":\"1\",\"max_cart_qty\":\"10000\",\"use_config_max_sale_qty\":\"1\",\"is_in_stock\":\"0\",\"notify_on_stock_below\":\"1\",\"use_config_notify_stock_qty\":\"1\",\"manage_stock\":\"1\",\"use_config_manage_stock\":\"1\",\"use_config_qty_increments\":\"1\",\"qty_increments\":\"0\",\"use_config_enable_qty_inc\":\"1\",\"enable_qty_increments\":\"0\",\"is_decimal_divided\":\"0\",\"website_id\":\"0\",\"related_skus\":null,\"related_position\":null,\"crosssell_skus\":null,\"crosssell_position\":null,\"upsell_skus\":null,\"upsell_position\":null,\"additional_images\":\"\\/6\\/5\\/65_1_1.jpg\",\"additional_image_labels\":\"65_1.JPG\",\"hide_from_product_page\":null,\"custom_options\":null,\"bundle_price_type\":null,\"bundle_sku_type\":null,\"bundle_price_view\":null,\"bundle_weight_type\":null,\"bundle_values\":null,\"bundle_shipment_type\":null,\"associated_skus\":null,\"downloadable_links\":null,\"downloadable_samples\":null,\"configurable_variations\":null,\"configurable_variation_labels\":null,\"image\":\"\\/6\\/5\\/65_1_1.jpg\",\"image_label\":\"65_1.JPG\",\"thumbnail\":\"\\/6\\/5\\/65_1_1.jpg\",\"thumbnail_label\":null,\"_media_image\":\"\\/6\\/5\\/65_1_1.jpg\",\"_media_image_label\":\"65_1.JPG\",\"_media_is_disabled\":null,\"_store\":null,\"_attribute_set\":\"Default\",\"_product_websites\":\"base\",\"status\":\"1\",\"news_from_date\":null,\"news_to_date\":null,\"options_container\":\"Block after Info Column\",\"minimal_price\":null,\"msrp\":null,\"msrp_enabled\":null,\"special_from_date\":null,\"special_to_date\":null,\"min_qty\":\"0\",\"backorders\":\"0\",\"min_sale_qty\":\"1\",\"max_sale_qty\":\"10000\",\"notify_stock_qty\":\"1\",\"_related_sku\":null,\"_related_position\":null,\"_crosssell_sku\":null,\"_crosssell_position\":null,\"_upsell_sku\":null,\"_upsell_position\":null,\"meta_keyword\":\"Dior tote bag\",\"price_type\":null,\"shipment_type\":null,\"price_view\":null,\"weight_type\":null,\"sku_type\":null,\"climate\":\"All-Weather\",\"color\":\"Black\",\"manufacturer\":\"Bub\",\"material\":\"Burlap\",\"pattern\":\"Color-Blocked\",\"size\":\"L\"},{\"sku\":\"66\",\"store_view_code\":null,\"attribute_set_code\":\"Default\",\"product_type\":\"simple\",\"categories\":\"Default Category\\/Bags\",\"product_websites\":\"base\",\"name\":\"LV bag\",\"description\":\"Louis Vuitton cross bag long golden chain with large logo in-front\",\"short_description\":\"Louis Vuitton cross bag long golden chain with large logo in-front\",\"weight\":null,\"product_online\":\"1\",\"tax_class_name\":\"Taxable Goods\",\"visibility\":\"Catalog, Search\",\"price\":\"42\",\"special_price\":null,\"special_price_from_date\":null,\"special_price_to_date\":null,\"url_key\":\"66lv bag\",\"meta_title\":\"LV bag\",\"meta_keywords\":\"LV bag\",\"meta_description\":\"LV bag\",\"base_image\":\"\\/6\\/6\\/66_1_1.jpg\",\"base_image_label\":\"66_1.JPG\",\"small_image\":\"\\/6\\/6\\/66_1_1.jpg\",\"small_image_label\":null,\"thumbnail_image\":\"\\/6\\/6\\/66_1_1.jpg\",\"thumbnail_image_label\":null,\"swatch_image\":null,\"swatch_image_label\":null,\"created_at\":\"9\\/9\\/22, 7:37 PM\",\"updated_at\":\"9\\/9\\/22, 7:45 PM\",\"new_from_date\":null,\"new_to_date\":null,\"display_product_options_in\":\"Block after Info Column\",\"map_price\":null,\"msrp_price\":null,\"map_enabled\":null,\"gift_message_available\":null,\"custom_design\":null,\"custom_design_from\":null,\"custom_design_to\":null,\"custom_layout_update\":null,\"page_layout\":null,\"product_options_container\":null,\"msrp_display_actual_price_type\":\"Use config\",\"country_of_manufacture\":null,\"additional_attributes\":\"climate=All-Weather,color=Black,manufacturer=Bub,material=Burlap,pattern=Color-Blocked,size=L\",\"qty\":\"100\",\"out_of_stock_qty\":\"0\",\"use_config_min_qty\":\"1\",\"is_qty_decimal\":\"0\",\"allow_backorders\":\"0\",\"use_config_backorders\":\"1\",\"min_cart_qty\":\"1\",\"use_config_min_sale_qty\":\"1\",\"max_cart_qty\":\"10000\",\"use_config_max_sale_qty\":\"1\",\"is_in_stock\":\"0\",\"notify_on_stock_below\":\"1\",\"use_config_notify_stock_qty\":\"1\",\"manage_stock\":\"1\",\"use_config_manage_stock\":\"1\",\"use_config_qty_increments\":\"1\",\"qty_increments\":\"0\",\"use_config_enable_qty_inc\":\"1\",\"enable_qty_increments\":\"0\",\"is_decimal_divided\":\"0\",\"website_id\":\"0\",\"related_skus\":null,\"related_position\":null,\"crosssell_skus\":null,\"crosssell_position\":null,\"upsell_skus\":null,\"upsell_position\":null,\"additional_images\":\"\\/6\\/6\\/66_1_1.jpg\",\"additional_image_labels\":\"66_1.JPG\",\"hide_from_product_page\":null,\"custom_options\":null,\"bundle_price_type\":null,\"bundle_sku_type\":null,\"bundle_price_view\":null,\"bundle_weight_type\":null,\"bundle_values\":null,\"bundle_shipment_type\":null,\"associated_skus\":null,\"downloadable_links\":null,\"downloadable_samples\":null,\"configurable_variations\":null,\"configurable_variation_labels\":null,\"image\":\"\\/6\\/6\\/66_1_1.jpg\",\"image_label\":\"66_1.JPG\",\"thumbnail\":\"\\/6\\/6\\/66_1_1.jpg\",\"thumbnail_label\":null,\"_media_image\":\"\\/6\\/6\\/66_1_1.jpg\",\"_media_image_label\":\"66_1.JPG\",\"_media_is_disabled\":null,\"_store\":null,\"_attribute_set\":\"Default\",\"_product_websites\":\"base\",\"status\":\"1\",\"news_from_date\":null,\"news_to_date\":null,\"options_container\":\"Block after Info Column\",\"minimal_price\":null,\"msrp\":null,\"msrp_enabled\":null,\"special_from_date\":null,\"special_to_date\":null,\"min_qty\":\"0\",\"backorders\":\"0\",\"min_sale_qty\":\"1\",\"max_sale_qty\":\"10000\",\"notify_stock_qty\":\"1\",\"_related_sku\":null,\"_related_position\":null,\"_crosssell_sku\":null,\"_crosssell_position\":null,\"_upsell_sku\":null,\"_upsell_position\":null,\"meta_keyword\":\"LV bag\",\"price_type\":null,\"shipment_type\":null,\"price_view\":null,\"weight_type\":null,\"sku_type\":null,\"climate\":\"All-Weather\",\"color\":\"Black\",\"manufacturer\":\"Bub\",\"material\":\"Burlap\",\"pattern\":\"Color-Blocked\",\"size\":\"L\"},{\"sku\":\"67\",\"store_view_code\":null,\"attribute_set_code\":\"Default\",\"product_type\":\"simple\",\"categories\":\"Default Category\\/Bags\",\"product_websites\":\"base\",\"name\":\"Goyard mini bag\",\"description\":\"Goyard mini tote bag with very small bag multi color\",\"short_description\":\"Goyard mini tote bag with very small bag multi color\",\"weight\":null,\"product_online\":\"1\",\"tax_class_name\":\"Taxable Goods\",\"visibility\":\"Catalog, Search\",\"price\":\"30\",\"special_price\":null,\"special_price_from_date\":null,\"special_price_to_date\":null,\"url_key\":\"67goyard mini bag\",\"meta_title\":\"Goyard mini bag\",\"meta_keywords\":\"Goyard mini bag\",\"meta_description\":\"Goyard mini bag\",\"base_image\":\"\\/6\\/7\\/67_1_1.jpg\",\"base_image_label\":\"67_1.JPG\",\"small_image\":\"\\/6\\/7\\/67_1_1.jpg\",\"small_image_label\":null,\"thumbnail_image\":\"\\/6\\/7\\/67_1_1.jpg\",\"thumbnail_image_label\":null,\"swatch_image\":null,\"swatch_image_label\":null,\"created_at\":\"9\\/9\\/22, 7:37 PM\",\"updated_at\":\"9\\/9\\/22, 7:45 PM\",\"new_from_date\":null,\"new_to_date\":null,\"display_product_options_in\":\"Block after Info Column\",\"map_price\":null,\"msrp_price\":null,\"map_enabled\":null,\"gift_message_available\":null,\"custom_design\":null,\"custom_design_from\":null,\"custom_design_to\":null,\"custom_layout_update\":null,\"page_layout\":null,\"product_options_container\":null,\"msrp_display_actual_price_type\":\"Use config\",\"country_of_manufacture\":null,\"additional_attributes\":\"climate=All-Weather,color=Black,manufacturer=Bub,material=Burlap,pattern=Color-Blocked,size=L\",\"qty\":\"100\",\"out_of_stock_qty\":\"0\",\"use_config_min_qty\":\"1\",\"is_qty_decimal\":\"0\",\"allow_backorders\":\"0\",\"use_config_backorders\":\"1\",\"min_cart_qty\":\"1\",\"use_config_min_sale_qty\":\"1\",\"max_cart_qty\":\"10000\",\"use_config_max_sale_qty\":\"1\",\"is_in_stock\":\"0\",\"notify_on_stock_below\":\"1\",\"use_config_notify_stock_qty\":\"1\",\"manage_stock\":\"1\",\"use_config_manage_stock\":\"1\",\"use_config_qty_increments\":\"1\",\"qty_increments\":\"0\",\"use_config_enable_qty_inc\":\"1\",\"enable_qty_increments\":\"0\",\"is_decimal_divided\":\"0\",\"website_id\":\"0\",\"related_skus\":null,\"related_position\":null,\"crosssell_skus\":null,\"crosssell_position\":null,\"upsell_skus\":null,\"upsell_position\":null,\"additional_images\":\"\\/6\\/7\\/67_1_1.jpg\",\"additional_image_labels\":\"67_1.JPG\",\"hide_from_product_page\":null,\"custom_options\":null,\"bundle_price_type\":null,\"bundle_sku_type\":null,\"bundle_price_view\":null,\"bundle_weight_type\":null,\"bundle_values\":null,\"bundle_shipment_type\":null,\"associated_skus\":null,\"downloadable_links\":null,\"downloadable_samples\":null,\"configurable_variations\":null,\"configurable_variation_labels\":null,\"image\":\"\\/6\\/7\\/67_1_1.jpg\",\"image_label\":\"67_1.JPG\",\"thumbnail\":\"\\/6\\/7\\/67_1_1.jpg\",\"thumbnail_label\":null,\"_media_image\":\"\\/6\\/7\\/67_1_1.jpg\",\"_media_image_label\":\"67_1.JPG\",\"_media_is_disabled\":null,\"_store\":null,\"_attribute_set\":\"Default\",\"_product_websites\":\"base\",\"status\":\"1\",\"news_from_date\":null,\"news_to_date\":null,\"options_container\":\"Block after Info Column\",\"minimal_price\":null,\"msrp\":null,\"msrp_enabled\":null,\"special_from_date\":null,\"special_to_date\":null,\"min_qty\":\"0\",\"backorders\":\"0\",\"min_sale_qty\":\"1\",\"max_sale_qty\":\"10000\",\"notify_stock_qty\":\"1\",\"_related_sku\":null,\"_related_position\":null,\"_crosssell_sku\":null,\"_crosssell_position\":null,\"_upsell_sku\":null,\"_upsell_position\":null,\"meta_keyword\":\"Goyard mini bag\",\"price_type\":null,\"shipment_type\":null,\"price_view\":null,\"weight_type\":null,\"sku_type\":null,\"climate\":\"All-Weather\",\"color\":\"Black\",\"manufacturer\":\"Bub\",\"material\":\"Burlap\",\"pattern\":\"Color-Blocked\",\"size\":\"L\"},{\"sku\":\"68\",\"store_view_code\":null,\"attribute_set_code\":\"Default\",\"product_type\":\"simple\",\"categories\":\"Default Category\\/Bags\",\"product_websites\":\"base\",\"name\":\"Goyard shopping bag\",\"description\":\"Goyard shopping tote bag large capacity with small bag multi colors 35*15*42 cm\",\"short_description\":\"Goyard shopping tote bag large capacity with small bag multi colors 35*15*42 cm\",\"weight\":null,\"product_online\":\"1\",\"tax_class_name\":\"Taxable Goods\",\"visibility\":\"Catalog, Search\",\"price\":\"32\",\"special_price\":null,\"special_price_from_date\":null,\"special_price_to_date\":null,\"url_key\":\"68goyard shopping bag\",\"meta_title\":\"Goyard shopping bag\",\"meta_keywords\":\"Goyard shopping bag\",\"meta_description\":\"Goyard shopping bag\",\"base_image\":\"\\/6\\/8\\/68_1_1.jpg\",\"base_image_label\":\"68_1.JPG\",\"small_image\":\"\\/6\\/8\\/68_1_1.jpg\",\"small_image_label\":null,\"thumbnail_image\":\"\\/6\\/8\\/68_1_1.jpg\",\"thumbnail_image_label\":null,\"swatch_image\":null,\"swatch_image_label\":null,\"created_at\":\"9\\/9\\/22, 7:37 PM\",\"updated_at\":\"9\\/9\\/22, 7:45 PM\",\"new_from_date\":null,\"new_to_date\":null,\"display_product_options_in\":\"Block after Info Column\",\"map_price\":null,\"msrp_price\":null,\"map_enabled\":null,\"gift_message_available\":null,\"custom_design\":null,\"custom_design_from\":null,\"custom_design_to\":null,\"custom_layout_update\":null,\"page_layout\":null,\"product_options_container\":null,\"msrp_display_actual_price_type\":\"Use config\",\"country_of_manufacture\":null,\"additional_attributes\":\"climate=All-Weather,color=Black,manufacturer=Bub,material=Burlap,pattern=Color-Blocked,size=L\",\"qty\":\"100\",\"out_of_stock_qty\":\"0\",\"use_config_min_qty\":\"1\",\"is_qty_decimal\":\"0\",\"allow_backorders\":\"0\",\"use_config_backorders\":\"1\",\"min_cart_qty\":\"1\",\"use_config_min_sale_qty\":\"1\",\"max_cart_qty\":\"10000\",\"use_config_max_sale_qty\":\"1\",\"is_in_stock\":\"0\",\"notify_on_stock_below\":\"1\",\"use_config_notify_stock_qty\":\"1\",\"manage_stock\":\"1\",\"use_config_manage_stock\":\"1\",\"use_config_qty_increments\":\"1\",\"qty_increments\":\"0\",\"use_config_enable_qty_inc\":\"1\",\"enable_qty_increments\":\"0\",\"is_decimal_divided\":\"0\",\"website_id\":\"0\",\"related_skus\":null,\"related_position\":null,\"crosssell_skus\":null,\"crosssell_position\":null,\"upsell_skus\":null,\"upsell_position\":null,\"additional_images\":\"\\/6\\/8\\/68_1_1.jpg\",\"additional_image_labels\":\"68_1.JPG\",\"hide_from_product_page\":null,\"custom_options\":null,\"bundle_price_type\":null,\"bundle_sku_type\":null,\"bundle_price_view\":null,\"bundle_weight_type\":null,\"bundle_values\":null,\"bundle_shipment_type\":null,\"associated_skus\":null,\"downloadable_links\":null,\"downloadable_samples\":null,\"configurable_variations\":null,\"configurable_variation_labels\":null,\"image\":\"\\/6\\/8\\/68_1_1.jpg\",\"image_label\":\"68_1.JPG\",\"thumbnail\":\"\\/6\\/8\\/68_1_1.jpg\",\"thumbnail_label\":null,\"_media_image\":\"\\/6\\/8\\/68_1_1.jpg\",\"_media_image_label\":\"68_1.JPG\",\"_media_is_disabled\":null,\"_store\":null,\"_attribute_set\":\"Default\",\"_product_websites\":\"base\",\"status\":\"1\",\"news_from_date\":null,\"news_to_date\":null,\"options_container\":\"Block after Info Column\",\"minimal_price\":null,\"msrp\":null,\"msrp_enabled\":null,\"special_from_date\":null,\"special_to_date\":null,\"min_qty\":\"0\",\"backorders\":\"0\",\"min_sale_qty\":\"1\",\"max_sale_qty\":\"10000\",\"notify_stock_qty\":\"1\",\"_related_sku\":null,\"_related_position\":null,\"_crosssell_sku\":null,\"_crosssell_position\":null,\"_upsell_sku\":null,\"_upsell_position\":null,\"meta_keyword\":\"Goyard shopping bag\",\"price_type\":null,\"shipment_type\":null,\"price_view\":null,\"weight_type\":null,\"sku_type\":null,\"climate\":\"All-Weather\",\"color\":\"Black\",\"manufacturer\":\"Bub\",\"material\":\"Burlap\",\"pattern\":\"Color-Blocked\",\"size\":\"L\"},{\"sku\":\"69\",\"store_view_code\":null,\"attribute_set_code\":\"Default\",\"product_type\":\"simple\",\"categories\":\"Default Category\\/Bags\",\"product_websites\":\"base\",\"name\":\"Prada mini bag\",\"description\":\"Prada mini shoulder bag with long silver chain\",\"short_description\":\"Prada mini shoulder bag with long silver chain\",\"weight\":null,\"product_online\":\"1\",\"tax_class_name\":\"Taxable Goods\",\"visibility\":\"Catalog, Search\",\"price\":\"26\",\"special_price\":null,\"special_price_from_date\":null,\"special_price_to_date\":null,\"url_key\":\"69prada mini bag\",\"meta_title\":\"Prada mini bag\",\"meta_keywords\":\"Prada mini bag\",\"meta_description\":\"Prada mini bag\",\"base_image\":\"\\/6\\/9\\/69_1_1.jpg\",\"base_image_label\":\"69_1.JPG\",\"small_image\":\"\\/6\\/9\\/69_1_1.jpg\",\"small_image_label\":null,\"thumbnail_image\":\"\\/6\\/9\\/69_1_1.jpg\",\"thumbnail_image_label\":null,\"swatch_image\":null,\"swatch_image_label\":null,\"created_at\":\"9\\/9\\/22, 7:37 PM\",\"updated_at\":\"9\\/9\\/22, 7:45 PM\",\"new_from_date\":null,\"new_to_date\":null,\"display_product_options_in\":\"Block after Info Column\",\"map_price\":null,\"msrp_price\":null,\"map_enabled\":null,\"gift_message_available\":null,\"custom_design\":null,\"custom_design_from\":null,\"custom_design_to\":null,\"custom_layout_update\":null,\"page_layout\":null,\"product_options_container\":null,\"msrp_display_actual_price_type\":\"Use config\",\"country_of_manufacture\":null,\"additional_attributes\":\"climate=All-Weather,color=Black,manufacturer=Bub,material=Burlap,pattern=Color-Blocked,size=L\",\"qty\":\"100\",\"out_of_stock_qty\":\"0\",\"use_config_min_qty\":\"1\",\"is_qty_decimal\":\"0\",\"allow_backorders\":\"0\",\"use_config_backorders\":\"1\",\"min_cart_qty\":\"1\",\"use_config_min_sale_qty\":\"1\",\"max_cart_qty\":\"10000\",\"use_config_max_sale_qty\":\"1\",\"is_in_stock\":\"0\",\"notify_on_stock_below\":\"1\",\"use_config_notify_stock_qty\":\"1\",\"manage_stock\":\"1\",\"use_config_manage_stock\":\"1\",\"use_config_qty_increments\":\"1\",\"qty_increments\":\"0\",\"use_config_enable_qty_inc\":\"1\",\"enable_qty_increments\":\"0\",\"is_decimal_divided\":\"0\",\"website_id\":\"0\",\"related_skus\":null,\"related_position\":null,\"crosssell_skus\":null,\"crosssell_position\":null,\"upsell_skus\":null,\"upsell_position\":null,\"additional_images\":\"\\/6\\/9\\/69_1_1.jpg\",\"additional_image_labels\":\"69_1.JPG\",\"hide_from_product_page\":null,\"custom_options\":null,\"bundle_price_type\":null,\"bundle_sku_type\":null,\"bundle_price_view\":null,\"bundle_weight_type\":null,\"bundle_values\":null,\"bundle_shipment_type\":null,\"associated_skus\":null,\"downloadable_links\":null,\"downloadable_samples\":null,\"configurable_variations\":null,\"configurable_variation_labels\":null,\"image\":\"\\/6\\/9\\/69_1_1.jpg\",\"image_label\":\"69_1.JPG\",\"thumbnail\":\"\\/6\\/9\\/69_1_1.jpg\",\"thumbnail_label\":null,\"_media_image\":\"\\/6\\/9\\/69_1_1.jpg\",\"_media_image_label\":\"69_1.JPG\",\"_media_is_disabled\":null,\"_store\":null,\"_attribute_set\":\"Default\",\"_product_websites\":\"base\",\"status\":\"1\",\"news_from_date\":null,\"news_to_date\":null,\"options_container\":\"Block after Info Column\",\"minimal_price\":null,\"msrp\":null,\"msrp_enabled\":null,\"special_from_date\":null,\"special_to_date\":null,\"min_qty\":\"0\",\"backorders\":\"0\",\"min_sale_qty\":\"1\",\"max_sale_qty\":\"10000\",\"notify_stock_qty\":\"1\",\"_related_sku\":null,\"_related_position\":null,\"_crosssell_sku\":null,\"_crosssell_position\":null,\"_upsell_sku\":null,\"_upsell_position\":null,\"meta_keyword\":\"Prada mini bag\",\"price_type\":null,\"shipment_type\":null,\"price_view\":null,\"weight_type\":null,\"sku_type\":null,\"climate\":\"All-Weather\",\"color\":\"Black\",\"manufacturer\":\"Bub\",\"material\":\"Burlap\",\"pattern\":\"Color-Blocked\",\"size\":\"L\"},{\"sku\":\"70\",\"store_view_code\":null,\"attribute_set_code\":\"Default\",\"product_type\":\"simple\",\"categories\":\"Default Category\\/Bags\",\"product_websites\":\"base\",\"name\":\"Prada baguette bag\",\"description\":\"Prada baguette bag solid color under arm style\",\"short_description\":\"Prada baguette bag solid color under arm style\",\"weight\":null,\"product_online\":\"1\",\"tax_class_name\":\"Taxable Goods\",\"visibility\":\"Catalog, Search\",\"price\":\"29\",\"special_price\":null,\"special_price_from_date\":null,\"special_price_to_date\":null,\"url_key\":\"70prada baguette bag\",\"meta_title\":\"Prada baguette bag\",\"meta_keywords\":\"Prada baguette bag\",\"meta_description\":\"Prada baguette bag\",\"base_image\":\"\\/7\\/0\\/70_1_1.jpg\",\"base_image_label\":\"70_1.JPG\",\"small_image\":\"\\/7\\/0\\/70_1_1.jpg\",\"small_image_label\":null,\"thumbnail_image\":\"\\/7\\/0\\/70_1_1.jpg\",\"thumbnail_image_label\":null,\"swatch_image\":null,\"swatch_image_label\":null,\"created_at\":\"9\\/9\\/22, 7:37 PM\",\"updated_at\":\"9\\/9\\/22, 7:45 PM\",\"new_from_date\":null,\"new_to_date\":null,\"display_product_options_in\":\"Block after Info Column\",\"map_price\":null,\"msrp_price\":null,\"map_enabled\":null,\"gift_message_available\":null,\"custom_design\":null,\"custom_design_from\":null,\"custom_design_to\":null,\"custom_layout_update\":null,\"page_layout\":null,\"product_options_container\":null,\"msrp_display_actual_price_type\":\"Use config\",\"country_of_manufacture\":null,\"additional_attributes\":\"climate=All-Weather,color=Black,manufacturer=Bub,material=Burlap,pattern=Color-Blocked,size=L\",\"qty\":\"100\",\"out_of_stock_qty\":\"0\",\"use_config_min_qty\":\"1\",\"is_qty_decimal\":\"0\",\"allow_backorders\":\"0\",\"use_config_backorders\":\"1\",\"min_cart_qty\":\"1\",\"use_config_min_sale_qty\":\"1\",\"max_cart_qty\":\"10000\",\"use_config_max_sale_qty\":\"1\",\"is_in_stock\":\"0\",\"notify_on_stock_below\":\"1\",\"use_config_notify_stock_qty\":\"1\",\"manage_stock\":\"1\",\"use_config_manage_stock\":\"1\",\"use_config_qty_increments\":\"1\",\"qty_increments\":\"0\",\"use_config_enable_qty_inc\":\"1\",\"enable_qty_increments\":\"0\",\"is_decimal_divided\":\"0\",\"website_id\":\"0\",\"related_skus\":null,\"related_position\":null,\"crosssell_skus\":null,\"crosssell_position\":null,\"upsell_skus\":null,\"upsell_position\":null,\"additional_images\":\"\\/7\\/0\\/70_1_1.jpg\",\"additional_image_labels\":\"70_1.JPG\",\"hide_from_product_page\":null,\"custom_options\":null,\"bundle_price_type\":null,\"bundle_sku_type\":null,\"bundle_price_view\":null,\"bundle_weight_type\":null,\"bundle_values\":null,\"bundle_shipment_type\":null,\"associated_skus\":null,\"downloadable_links\":null,\"downloadable_samples\":null,\"configurable_variations\":null,\"configurable_variation_labels\":null,\"image\":\"\\/7\\/0\\/70_1_1.jpg\",\"image_label\":\"70_1.JPG\",\"thumbnail\":\"\\/7\\/0\\/70_1_1.jpg\",\"thumbnail_label\":null,\"_media_image\":\"\\/7\\/0\\/70_1_1.jpg\",\"_media_image_label\":\"70_1.JPG\",\"_media_is_disabled\":null,\"_store\":null,\"_attribute_set\":\"Default\",\"_product_websites\":\"base\",\"status\":\"1\",\"news_from_date\":null,\"news_to_date\":null,\"options_container\":\"Block after Info Column\",\"minimal_price\":null,\"msrp\":null,\"msrp_enabled\":null,\"special_from_date\":null,\"special_to_date\":null,\"min_qty\":\"0\",\"backorders\":\"0\",\"min_sale_qty\":\"1\",\"max_sale_qty\":\"10000\",\"notify_stock_qty\":\"1\",\"_related_sku\":null,\"_related_position\":null,\"_crosssell_sku\":null,\"_crosssell_position\":null,\"_upsell_sku\":null,\"_upsell_position\":null,\"meta_keyword\":\"Prada baguette bag\",\"price_type\":null,\"shipment_type\":null,\"price_view\":null,\"weight_type\":null,\"sku_type\":null,\"climate\":\"All-Weather\",\"color\":\"Black\",\"manufacturer\":\"Bub\",\"material\":\"Burlap\",\"pattern\":\"Color-Blocked\",\"size\":\"L\"},{\"sku\":\"71\",\"store_view_code\":null,\"attribute_set_code\":\"Default\",\"product_type\":\"simple\",\"categories\":\"Default Category\\/Bags\",\"product_websites\":\"base\",\"name\":\"Dior tote bag\",\"description\":\"Dior leather tote bag with small bag for makeup or other pretty things\",\"short_description\":\"Dior leather tote bag with small bag for makeup or other pretty things\",\"weight\":null,\"product_online\":\"1\",\"tax_class_name\":\"Taxable Goods\",\"visibility\":\"Catalog, Search\",\"price\":\"49\",\"special_price\":null,\"special_price_from_date\":null,\"special_price_to_date\":null,\"url_key\":\"71dior tote bag\",\"meta_title\":\"Dior tote bag\",\"meta_keywords\":\"Dior tote bag\",\"meta_description\":\"Dior tote bag\",\"base_image\":\"\\/7\\/1\\/71_1_2.jpg\",\"base_image_label\":\"71_1.JPG\",\"small_image\":\"\\/7\\/1\\/71_1_2.jpg\",\"small_image_label\":null,\"thumbnail_image\":\"\\/7\\/1\\/71_1_2.jpg\",\"thumbnail_image_label\":null,\"swatch_image\":null,\"swatch_image_label\":null,\"created_at\":\"9\\/9\\/22, 7:37 PM\",\"updated_at\":\"9\\/9\\/22, 7:45 PM\",\"new_from_date\":null,\"new_to_date\":null,\"display_product_options_in\":\"Block after Info Column\",\"map_price\":null,\"msrp_price\":null,\"map_enabled\":null,\"gift_message_available\":null,\"custom_design\":null,\"custom_design_from\":null,\"custom_design_to\":null,\"custom_layout_update\":null,\"page_layout\":null,\"product_options_container\":null,\"msrp_display_actual_price_type\":\"Use config\",\"country_of_manufacture\":null,\"additional_attributes\":\"climate=All-Weather,color=Black,manufacturer=Bub,material=Burlap,pattern=Color-Blocked,size=L\",\"qty\":\"100\",\"out_of_stock_qty\":\"0\",\"use_config_min_qty\":\"1\",\"is_qty_decimal\":\"0\",\"allow_backorders\":\"0\",\"use_config_backorders\":\"1\",\"min_cart_qty\":\"1\",\"use_config_min_sale_qty\":\"1\",\"max_cart_qty\":\"10000\",\"use_config_max_sale_qty\":\"1\",\"is_in_stock\":\"0\",\"notify_on_stock_below\":\"1\",\"use_config_notify_stock_qty\":\"1\",\"manage_stock\":\"1\",\"use_config_manage_stock\":\"1\",\"use_config_qty_increments\":\"1\",\"qty_increments\":\"0\",\"use_config_enable_qty_inc\":\"1\",\"enable_qty_increments\":\"0\",\"is_decimal_divided\":\"0\",\"website_id\":\"0\",\"related_skus\":null,\"related_position\":null,\"crosssell_skus\":null,\"crosssell_position\":null,\"upsell_skus\":null,\"upsell_position\":null,\"additional_images\":\"\\/7\\/1\\/71_1_2.jpg\",\"additional_image_labels\":\"71_1.JPG\",\"hide_from_product_page\":null,\"custom_options\":null,\"bundle_price_type\":null,\"bundle_sku_type\":null,\"bundle_price_view\":null,\"bundle_weight_type\":null,\"bundle_values\":null,\"bundle_shipment_type\":null,\"associated_skus\":null,\"downloadable_links\":null,\"downloadable_samples\":null,\"configurable_variations\":null,\"configurable_variation_labels\":null,\"image\":\"\\/7\\/1\\/71_1_2.jpg\",\"image_label\":\"71_1.JPG\",\"thumbnail\":\"\\/7\\/1\\/71_1_2.jpg\",\"thumbnail_label\":null,\"_media_image\":\"\\/7\\/1\\/71_1_2.jpg\",\"_media_image_label\":\"71_1.JPG\",\"_media_is_disabled\":null,\"_store\":null,\"_attribute_set\":\"Default\",\"_product_websites\":\"base\",\"status\":\"1\",\"news_from_date\":null,\"news_to_date\":null,\"options_container\":\"Block after Info Column\",\"minimal_price\":null,\"msrp\":null,\"msrp_enabled\":null,\"special_from_date\":null,\"special_to_date\":null,\"min_qty\":\"0\",\"backorders\":\"0\",\"min_sale_qty\":\"1\",\"max_sale_qty\":\"10000\",\"notify_stock_qty\":\"1\",\"_related_sku\":null,\"_related_position\":null,\"_crosssell_sku\":null,\"_crosssell_position\":null,\"_upsell_sku\":null,\"_upsell_position\":null,\"meta_keyword\":\"Dior tote bag\",\"price_type\":null,\"shipment_type\":null,\"price_view\":null,\"weight_type\":null,\"sku_type\":null,\"climate\":\"All-Weather\",\"color\":\"Black\",\"manufacturer\":\"Bub\",\"material\":\"Burlap\",\"pattern\":\"Color-Blocked\",\"size\":\"L\"},{\"sku\":\"72\",\"store_view_code\":null,\"attribute_set_code\":\"Default\",\"product_type\":\"simple\",\"categories\":\"Default Category\\/Bags\",\"product_websites\":\"base\",\"name\":\"Dior saddle bag\",\"description\":\"Dior saddle bag printed with black strap cross body\",\"short_description\":\"Dior saddle bag printed with black strap cross body\",\"weight\":null,\"product_online\":\"1\",\"tax_class_name\":\"Taxable Goods\",\"visibility\":\"Catalog, Search\",\"price\":\"32\",\"special_price\":null,\"special_price_from_date\":null,\"special_price_to_date\":null,\"url_key\":\"72dior saddle bag\",\"meta_title\":\"Dior saddle bag\",\"meta_keywords\":\"Dior saddle bag\",\"meta_description\":\"Dior saddle bag\",\"base_image\":\"\\/7\\/2\\/72_1_1.jpg\",\"base_image_label\":\"72_1.JPG\",\"small_image\":\"\\/7\\/2\\/72_1_1.jpg\",\"small_image_label\":null,\"thumbnail_image\":\"\\/7\\/2\\/72_1_1.jpg\",\"thumbnail_image_label\":null,\"swatch_image\":null,\"swatch_image_label\":null,\"created_at\":\"9\\/9\\/22, 7:37 PM\",\"updated_at\":\"9\\/9\\/22, 7:45 PM\",\"new_from_date\":null,\"new_to_date\":null,\"display_product_options_in\":\"Block after Info Column\",\"map_price\":null,\"msrp_price\":null,\"map_enabled\":null,\"gift_message_available\":null,\"custom_design\":null,\"custom_design_from\":null,\"custom_design_to\":null,\"custom_layout_update\":null,\"page_layout\":null,\"product_options_container\":null,\"msrp_display_actual_price_type\":\"Use config\",\"country_of_manufacture\":null,\"additional_attributes\":\"climate=All-Weather,color=Black,manufacturer=Bub,material=Burlap,pattern=Color-Blocked,size=L\",\"qty\":\"100\",\"out_of_stock_qty\":\"0\",\"use_config_min_qty\":\"1\",\"is_qty_decimal\":\"0\",\"allow_backorders\":\"0\",\"use_config_backorders\":\"1\",\"min_cart_qty\":\"1\",\"use_config_min_sale_qty\":\"1\",\"max_cart_qty\":\"10000\",\"use_config_max_sale_qty\":\"1\",\"is_in_stock\":\"0\",\"notify_on_stock_below\":\"1\",\"use_config_notify_stock_qty\":\"1\",\"manage_stock\":\"1\",\"use_config_manage_stock\":\"1\",\"use_config_qty_increments\":\"1\",\"qty_increments\":\"0\",\"use_config_enable_qty_inc\":\"1\",\"enable_qty_increments\":\"0\",\"is_decimal_divided\":\"0\",\"website_id\":\"0\",\"related_skus\":null,\"related_position\":null,\"crosssell_skus\":null,\"crosssell_position\":null,\"upsell_skus\":null,\"upsell_position\":null,\"additional_images\":\"\\/7\\/2\\/72_1_1.jpg\",\"additional_image_labels\":\"72_1.JPG\",\"hide_from_product_page\":null,\"custom_options\":null,\"bundle_price_type\":null,\"bundle_sku_type\":null,\"bundle_price_view\":null,\"bundle_weight_type\":null,\"bundle_values\":null,\"bundle_shipment_type\":null,\"associated_skus\":null,\"downloadable_links\":null,\"downloadable_samples\":null,\"configurable_variations\":null,\"configurable_variation_labels\":null,\"image\":\"\\/7\\/2\\/72_1_1.jpg\",\"image_label\":\"72_1.JPG\",\"thumbnail\":\"\\/7\\/2\\/72_1_1.jpg\",\"thumbnail_label\":null,\"_media_image\":\"\\/7\\/2\\/72_1_1.jpg\",\"_media_image_label\":\"72_1.JPG\",\"_media_is_disabled\":null,\"_store\":null,\"_attribute_set\":\"Default\",\"_product_websites\":\"base\",\"status\":\"1\",\"news_from_date\":null,\"news_to_date\":null,\"options_container\":\"Block after Info Column\",\"minimal_price\":null,\"msrp\":null,\"msrp_enabled\":null,\"special_from_date\":null,\"special_to_date\":null,\"min_qty\":\"0\",\"backorders\":\"0\",\"min_sale_qty\":\"1\",\"max_sale_qty\":\"10000\",\"notify_stock_qty\":\"1\",\"_related_sku\":null,\"_related_position\":null,\"_crosssell_sku\":null,\"_crosssell_position\":null,\"_upsell_sku\":null,\"_upsell_position\":null,\"meta_keyword\":\"Dior saddle bag\",\"price_type\":null,\"shipment_type\":null,\"price_view\":null,\"weight_type\":null,\"sku_type\":null,\"climate\":\"All-Weather\",\"color\":\"Black\",\"manufacturer\":\"Bub\",\"material\":\"Burlap\",\"pattern\":\"Color-Blocked\",\"size\":\"L\"},{\"sku\":\"73\",\"store_view_code\":null,\"attribute_set_code\":\"Default\",\"product_type\":\"simple\",\"categories\":\"Default Category\\/Bags\",\"product_websites\":\"base\",\"name\":\"Dior cross bag\",\"description\":\"Dior cross bag long strap Christian Dior navy blue with box\",\"short_description\":\"Dior cross bag long strap Christian Dior navy blue with box\",\"weight\":null,\"product_online\":\"1\",\"tax_class_name\":\"Taxable Goods\",\"visibility\":\"Catalog, Search\",\"price\":\"42\",\"special_price\":null,\"special_price_from_date\":null,\"special_price_to_date\":null,\"url_key\":\"73dior cross bag\",\"meta_title\":\"Dior cross bag\",\"meta_keywords\":\"Dior cross bag\",\"meta_description\":\"Dior cross bag\",\"base_image\":\"\\/7\\/3\\/73_1_1.jpg\",\"base_image_label\":\"73_1.JPG\",\"small_image\":\"\\/7\\/3\\/73_1_1.jpg\",\"small_image_label\":null,\"thumbnail_image\":\"\\/7\\/3\\/73_1_1.jpg\",\"thumbnail_image_label\":null,\"swatch_image\":null,\"swatch_image_label\":null,\"created_at\":\"9\\/9\\/22, 7:37 PM\",\"updated_at\":\"9\\/9\\/22, 7:45 PM\",\"new_from_date\":null,\"new_to_date\":null,\"display_product_options_in\":\"Block after Info Column\",\"map_price\":null,\"msrp_price\":null,\"map_enabled\":null,\"gift_message_available\":null,\"custom_design\":null,\"custom_design_from\":null,\"custom_design_to\":null,\"custom_layout_update\":null,\"page_layout\":null,\"product_options_container\":null,\"msrp_display_actual_price_type\":\"Use config\",\"country_of_manufacture\":null,\"additional_attributes\":\"climate=All-Weather,color=Black,manufacturer=Bub,material=Burlap,pattern=Color-Blocked,size=L\",\"qty\":\"100\",\"out_of_stock_qty\":\"0\",\"use_config_min_qty\":\"1\",\"is_qty_decimal\":\"0\",\"allow_backorders\":\"0\",\"use_config_backorders\":\"1\",\"min_cart_qty\":\"1\",\"use_config_min_sale_qty\":\"1\",\"max_cart_qty\":\"10000\",\"use_config_max_sale_qty\":\"1\",\"is_in_stock\":\"0\",\"notify_on_stock_below\":\"1\",\"use_config_notify_stock_qty\":\"1\",\"manage_stock\":\"1\",\"use_config_manage_stock\":\"1\",\"use_config_qty_increments\":\"1\",\"qty_increments\":\"0\",\"use_config_enable_qty_inc\":\"1\",\"enable_qty_increments\":\"0\",\"is_decimal_divided\":\"0\",\"website_id\":\"0\",\"related_skus\":null,\"related_position\":null,\"crosssell_skus\":null,\"crosssell_position\":null,\"upsell_skus\":null,\"upsell_position\":null,\"additional_images\":\"\\/7\\/3\\/73_1_1.jpg\",\"additional_image_labels\":\"73_1.JPG\",\"hide_from_product_page\":null,\"custom_options\":null,\"bundle_price_type\":null,\"bundle_sku_type\":null,\"bundle_price_view\":null,\"bundle_weight_type\":null,\"bundle_values\":null,\"bundle_shipment_type\":null,\"associated_skus\":null,\"downloadable_links\":null,\"downloadable_samples\":null,\"configurable_variations\":null,\"configurable_variation_labels\":null,\"image\":\"\\/7\\/3\\/73_1_1.jpg\",\"image_label\":\"73_1.JPG\",\"thumbnail\":\"\\/7\\/3\\/73_1_1.jpg\",\"thumbnail_label\":null,\"_media_image\":\"\\/7\\/3\\/73_1_1.jpg\",\"_media_image_label\":\"73_1.JPG\",\"_media_is_disabled\":null,\"_store\":null,\"_attribute_set\":\"Default\",\"_product_websites\":\"base\",\"status\":\"1\",\"news_from_date\":null,\"news_to_date\":null,\"options_container\":\"Block after Info Column\",\"minimal_price\":null,\"msrp\":null,\"msrp_enabled\":null,\"special_from_date\":null,\"special_to_date\":null,\"min_qty\":\"0\",\"backorders\":\"0\",\"min_sale_qty\":\"1\",\"max_sale_qty\":\"10000\",\"notify_stock_qty\":\"1\",\"_related_sku\":null,\"_related_position\":null,\"_crosssell_sku\":null,\"_crosssell_position\":null,\"_upsell_sku\":null,\"_upsell_position\":null,\"meta_keyword\":\"Dior cross bag\",\"price_type\":null,\"shipment_type\":null,\"price_view\":null,\"weight_type\":null,\"sku_type\":null,\"climate\":\"All-Weather\",\"color\":\"Black\",\"manufacturer\":\"Bub\",\"material\":\"Burlap\",\"pattern\":\"Color-Blocked\",\"size\":\"L\"},{\"sku\":\"74\",\"store_view_code\":null,\"attribute_set_code\":\"Default\",\"product_type\":\"simple\",\"categories\":\"Default Category\\/Bags\",\"product_websites\":\"base\",\"name\":\"Prada cross bag\",\"description\":\"Prada cross bag trendy with wallet on chest long strap\",\"short_description\":\"Prada cross bag trendy with wallet on chest long strap\",\"weight\":null,\"product_online\":\"1\",\"tax_class_name\":\"Taxable Goods\",\"visibility\":\"Catalog, Search\",\"price\":\"36\",\"special_price\":null,\"special_price_from_date\":null,\"special_price_to_date\":null,\"url_key\":\"74prada cross bag\",\"meta_title\":\"Prada cross bag\",\"meta_keywords\":\"Prada cross bag\",\"meta_description\":\"Prada cross bag\",\"base_image\":\"\\/7\\/4\\/74_1_1.jpg\",\"base_image_label\":\"74_1.JPG\",\"small_image\":\"\\/7\\/4\\/74_1_1.jpg\",\"small_image_label\":null,\"thumbnail_image\":\"\\/7\\/4\\/74_1_1.jpg\",\"thumbnail_image_label\":null,\"swatch_image\":null,\"swatch_image_label\":null,\"created_at\":\"9\\/9\\/22, 7:37 PM\",\"updated_at\":\"9\\/9\\/22, 7:45 PM\",\"new_from_date\":null,\"new_to_date\":null,\"display_product_options_in\":\"Block after Info Column\",\"map_price\":null,\"msrp_price\":null,\"map_enabled\":null,\"gift_message_available\":null,\"custom_design\":null,\"custom_design_from\":null,\"custom_design_to\":null,\"custom_layout_update\":null,\"page_layout\":null,\"product_options_container\":null,\"msrp_display_actual_price_type\":\"Use config\",\"country_of_manufacture\":null,\"additional_attributes\":\"climate=All-Weather,color=Black,manufacturer=Bub,material=Burlap,pattern=Color-Blocked,size=L\",\"qty\":\"100\",\"out_of_stock_qty\":\"0\",\"use_config_min_qty\":\"1\",\"is_qty_decimal\":\"0\",\"allow_backorders\":\"0\",\"use_config_backorders\":\"1\",\"min_cart_qty\":\"1\",\"use_config_min_sale_qty\":\"1\",\"max_cart_qty\":\"10000\",\"use_config_max_sale_qty\":\"1\",\"is_in_stock\":\"0\",\"notify_on_stock_below\":\"1\",\"use_config_notify_stock_qty\":\"1\",\"manage_stock\":\"1\",\"use_config_manage_stock\":\"1\",\"use_config_qty_increments\":\"1\",\"qty_increments\":\"0\",\"use_config_enable_qty_inc\":\"1\",\"enable_qty_increments\":\"0\",\"is_decimal_divided\":\"0\",\"website_id\":\"0\",\"related_skus\":null,\"related_position\":null,\"crosssell_skus\":null,\"crosssell_position\":null,\"upsell_skus\":null,\"upsell_position\":null,\"additional_images\":\"\\/7\\/4\\/74_1_1.jpg\",\"additional_image_labels\":\"74_1.JPG\",\"hide_from_product_page\":null,\"custom_options\":null,\"bundle_price_type\":null,\"bundle_sku_type\":null,\"bundle_price_view\":null,\"bundle_weight_type\":null,\"bundle_values\":null,\"bundle_shipment_type\":null,\"associated_skus\":null,\"downloadable_links\":null,\"downloadable_samples\":null,\"configurable_variations\":null,\"configurable_variation_labels\":null,\"image\":\"\\/7\\/4\\/74_1_1.jpg\",\"image_label\":\"74_1.JPG\",\"thumbnail\":\"\\/7\\/4\\/74_1_1.jpg\",\"thumbnail_label\":null,\"_media_image\":\"\\/7\\/4\\/74_1_1.jpg\",\"_media_image_label\":\"74_1.JPG\",\"_media_is_disabled\":null,\"_store\":null,\"_attribute_set\":\"Default\",\"_product_websites\":\"base\",\"status\":\"1\",\"news_from_date\":null,\"news_to_date\":null,\"options_container\":\"Block after Info Column\",\"minimal_price\":null,\"msrp\":null,\"msrp_enabled\":null,\"special_from_date\":null,\"special_to_date\":null,\"min_qty\":\"0\",\"backorders\":\"0\",\"min_sale_qty\":\"1\",\"max_sale_qty\":\"10000\",\"notify_stock_qty\":\"1\",\"_related_sku\":null,\"_related_position\":null,\"_crosssell_sku\":null,\"_crosssell_position\":null,\"_upsell_sku\":null,\"_upsell_position\":null,\"meta_keyword\":\"Prada cross bag\",\"price_type\":null,\"shipment_type\":null,\"price_view\":null,\"weight_type\":null,\"sku_type\":null,\"climate\":\"All-Weather\",\"color\":\"Black\",\"manufacturer\":\"Bub\",\"material\":\"Burlap\",\"pattern\":\"Color-Blocked\",\"size\":\"L\"},{\"sku\":\"75\",\"store_view_code\":null,\"attribute_set_code\":\"Default\",\"product_type\":\"simple\",\"categories\":\"Default Category\\/Bags\",\"product_websites\":\"base\",\"name\":\"Gucci Mini\",\"description\":\"Gucci Dionysus mini bag GG printed 12*18 cm\",\"short_description\":\"Gucci Dionysus mini bag GG printed 12*18 cm\",\"weight\":null,\"product_online\":\"1\",\"tax_class_name\":\"Taxable Goods\",\"visibility\":\"Catalog, Search\",\"price\":\"30\",\"special_price\":null,\"special_price_from_date\":null,\"special_price_to_date\":null,\"url_key\":\"75gucci mini\",\"meta_title\":\"Gucci Mini\",\"meta_keywords\":\"Gucci Mini\",\"meta_description\":\"Gucci Mini\",\"base_image\":\"\\/7\\/5\\/75_1_1.jpg\",\"base_image_label\":\"75_1.JPG\",\"small_image\":\"\\/7\\/5\\/75_1_1.jpg\",\"small_image_label\":null,\"thumbnail_image\":\"\\/7\\/5\\/75_1_1.jpg\",\"thumbnail_image_label\":null,\"swatch_image\":null,\"swatch_image_label\":null,\"created_at\":\"9\\/9\\/22, 7:37 PM\",\"updated_at\":\"9\\/9\\/22, 7:45 PM\",\"new_from_date\":null,\"new_to_date\":null,\"display_product_options_in\":\"Block after Info Column\",\"map_price\":null,\"msrp_price\":null,\"map_enabled\":null,\"gift_message_available\":null,\"custom_design\":null,\"custom_design_from\":null,\"custom_design_to\":null,\"custom_layout_update\":null,\"page_layout\":null,\"product_options_container\":null,\"msrp_display_actual_price_type\":\"Use config\",\"country_of_manufacture\":null,\"additional_attributes\":\"climate=All-Weather,color=Black,manufacturer=Bub,material=Burlap,pattern=Color-Blocked,size=L\",\"qty\":\"100\",\"out_of_stock_qty\":\"0\",\"use_config_min_qty\":\"1\",\"is_qty_decimal\":\"0\",\"allow_backorders\":\"0\",\"use_config_backorders\":\"1\",\"min_cart_qty\":\"1\",\"use_config_min_sale_qty\":\"1\",\"max_cart_qty\":\"10000\",\"use_config_max_sale_qty\":\"1\",\"is_in_stock\":\"0\",\"notify_on_stock_below\":\"1\",\"use_config_notify_stock_qty\":\"1\",\"manage_stock\":\"1\",\"use_config_manage_stock\":\"1\",\"use_config_qty_increments\":\"1\",\"qty_increments\":\"0\",\"use_config_enable_qty_inc\":\"1\",\"enable_qty_increments\":\"0\",\"is_decimal_divided\":\"0\",\"website_id\":\"0\",\"related_skus\":null,\"related_position\":null,\"crosssell_skus\":null,\"crosssell_position\":null,\"upsell_skus\":null,\"upsell_position\":null,\"additional_images\":\"\\/7\\/5\\/75_1_1.jpg\",\"additional_image_labels\":\"75_1.JPG\",\"hide_from_product_page\":null,\"custom_options\":null,\"bundle_price_type\":null,\"bundle_sku_type\":null,\"bundle_price_view\":null,\"bundle_weight_type\":null,\"bundle_values\":null,\"bundle_shipment_type\":null,\"associated_skus\":null,\"downloadable_links\":null,\"downloadable_samples\":null,\"configurable_variations\":null,\"configurable_variation_labels\":null,\"image\":\"\\/7\\/5\\/75_1_1.jpg\",\"image_label\":\"75_1.JPG\",\"thumbnail\":\"\\/7\\/5\\/75_1_1.jpg\",\"thumbnail_label\":null,\"_media_image\":\"\\/7\\/5\\/75_1_1.jpg\",\"_media_image_label\":\"75_1.JPG\",\"_media_is_disabled\":null,\"_store\":null,\"_attribute_set\":\"Default\",\"_product_websites\":\"base\",\"status\":\"1\",\"news_from_date\":null,\"news_to_date\":null,\"options_container\":\"Block after Info Column\",\"minimal_price\":null,\"msrp\":null,\"msrp_enabled\":null,\"special_from_date\":null,\"special_to_date\":null,\"min_qty\":\"0\",\"backorders\":\"0\",\"min_sale_qty\":\"1\",\"max_sale_qty\":\"10000\",\"notify_stock_qty\":\"1\",\"_related_sku\":null,\"_related_position\":null,\"_crosssell_sku\":null,\"_crosssell_position\":null,\"_upsell_sku\":null,\"_upsell_position\":null,\"meta_keyword\":\"Gucci Mini\",\"price_type\":null,\"shipment_type\":null,\"price_view\":null,\"weight_type\":null,\"sku_type\":null,\"climate\":\"All-Weather\",\"color\":\"Black\",\"manufacturer\":\"Bub\",\"material\":\"Burlap\",\"pattern\":\"Color-Blocked\",\"size\":\"L\"},{\"sku\":\"76\",\"store_view_code\":null,\"attribute_set_code\":\"Default\",\"product_type\":\"simple\",\"categories\":\"Default Category\\/Bags\",\"product_websites\":\"base\",\"name\":\"LV hand bag\",\"description\":\"LV hand bag with leather shoulder strap 22*30 cm\",\"short_description\":\"LV hand bag with leather shoulder strap 22*30 cm\",\"weight\":null,\"product_online\":\"1\",\"tax_class_name\":\"Taxable Goods\",\"visibility\":\"Catalog, Search\",\"price\":\"33\",\"special_price\":null,\"special_price_from_date\":null,\"special_price_to_date\":null,\"url_key\":\"76lv hand bag\",\"meta_title\":\"LV hand bag\",\"meta_keywords\":\"LV hand bag\",\"meta_description\":\"LV hand bag\",\"base_image\":\"\\/7\\/6\\/76_1_1.jpg\",\"base_image_label\":\"76_1.JPG\",\"small_image\":\"\\/7\\/6\\/76_1_1.jpg\",\"small_image_label\":null,\"thumbnail_image\":\"\\/7\\/6\\/76_1_1.jpg\",\"thumbnail_image_label\":null,\"swatch_image\":null,\"swatch_image_label\":null,\"created_at\":\"9\\/9\\/22, 7:37 PM\",\"updated_at\":\"9\\/9\\/22, 7:45 PM\",\"new_from_date\":null,\"new_to_date\":null,\"display_product_options_in\":\"Block after Info Column\",\"map_price\":null,\"msrp_price\":null,\"map_enabled\":null,\"gift_message_available\":null,\"custom_design\":null,\"custom_design_from\":null,\"custom_design_to\":null,\"custom_layout_update\":null,\"page_layout\":null,\"product_options_container\":null,\"msrp_display_actual_price_type\":\"Use config\",\"country_of_manufacture\":null,\"additional_attributes\":\"climate=All-Weather,color=Black,manufacturer=Bub,material=Burlap,pattern=Color-Blocked,size=L\",\"qty\":\"100\",\"out_of_stock_qty\":\"0\",\"use_config_min_qty\":\"1\",\"is_qty_decimal\":\"0\",\"allow_backorders\":\"0\",\"use_config_backorders\":\"1\",\"min_cart_qty\":\"1\",\"use_config_min_sale_qty\":\"1\",\"max_cart_qty\":\"10000\",\"use_config_max_sale_qty\":\"1\",\"is_in_stock\":\"0\",\"notify_on_stock_below\":\"1\",\"use_config_notify_stock_qty\":\"1\",\"manage_stock\":\"1\",\"use_config_manage_stock\":\"1\",\"use_config_qty_increments\":\"1\",\"qty_increments\":\"0\",\"use_config_enable_qty_inc\":\"1\",\"enable_qty_increments\":\"0\",\"is_decimal_divided\":\"0\",\"website_id\":\"0\",\"related_skus\":null,\"related_position\":null,\"crosssell_skus\":null,\"crosssell_position\":null,\"upsell_skus\":null,\"upsell_position\":null,\"additional_images\":\"\\/7\\/6\\/76_1_1.jpg\",\"additional_image_labels\":\"76_1.JPG\",\"hide_from_product_page\":null,\"custom_options\":null,\"bundle_price_type\":null,\"bundle_sku_type\":null,\"bundle_price_view\":null,\"bundle_weight_type\":null,\"bundle_values\":null,\"bundle_shipment_type\":null,\"associated_skus\":null,\"downloadable_links\":null,\"downloadable_samples\":null,\"configurable_variations\":null,\"configurable_variation_labels\":null,\"image\":\"\\/7\\/6\\/76_1_1.jpg\",\"image_label\":\"76_1.JPG\",\"thumbnail\":\"\\/7\\/6\\/76_1_1.jpg\",\"thumbnail_label\":null,\"_media_image\":\"\\/7\\/6\\/76_1_1.jpg\",\"_media_image_label\":\"76_1.JPG\",\"_media_is_disabled\":null,\"_store\":null,\"_attribute_set\":\"Default\",\"_product_websites\":\"base\",\"status\":\"1\",\"news_from_date\":null,\"news_to_date\":null,\"options_container\":\"Block after Info Column\",\"minimal_price\":null,\"msrp\":null,\"msrp_enabled\":null,\"special_from_date\":null,\"special_to_date\":null,\"min_qty\":\"0\",\"backorders\":\"0\",\"min_sale_qty\":\"1\",\"max_sale_qty\":\"10000\",\"notify_stock_qty\":\"1\",\"_related_sku\":null,\"_related_position\":null,\"_crosssell_sku\":null,\"_crosssell_position\":null,\"_upsell_sku\":null,\"_upsell_position\":null,\"meta_keyword\":\"LV hand bag\",\"price_type\":null,\"shipment_type\":null,\"price_view\":null,\"weight_type\":null,\"sku_type\":null,\"climate\":\"All-Weather\",\"color\":\"Black\",\"manufacturer\":\"Bub\",\"material\":\"Burlap\",\"pattern\":\"Color-Blocked\",\"size\":\"L\"},{\"sku\":\"77\",\"store_view_code\":null,\"attribute_set_code\":\"Default\",\"product_type\":\"simple\",\"categories\":\"Default Category\\/Bags\",\"product_websites\":\"base\",\"name\":\"YSL hand bag\",\"description\":\"YSL handbag short strap with logo in front and on zipper\",\"short_description\":\"YSL handbag short strap with logo in front and on zipper\",\"weight\":null,\"product_online\":\"1\",\"tax_class_name\":\"Taxable Goods\",\"visibility\":\"Catalog, Search\",\"price\":\"29\",\"special_price\":null,\"special_price_from_date\":null,\"special_price_to_date\":null,\"url_key\":\"77ysl hand bag\",\"meta_title\":\"YSL hand bag\",\"meta_keywords\":\"YSL hand bag\",\"meta_description\":\"YSL hand bag\",\"base_image\":\"\\/7\\/7\\/77_1_1.jpg\",\"base_image_label\":\"77_1.JPG\",\"small_image\":\"\\/7\\/7\\/77_1_1.jpg\",\"small_image_label\":null,\"thumbnail_image\":\"\\/7\\/7\\/77_1_1.jpg\",\"thumbnail_image_label\":null,\"swatch_image\":null,\"swatch_image_label\":null,\"created_at\":\"9\\/9\\/22, 7:37 PM\",\"updated_at\":\"9\\/9\\/22, 7:45 PM\",\"new_from_date\":null,\"new_to_date\":null,\"display_product_options_in\":\"Block after Info Column\",\"map_price\":null,\"msrp_price\":null,\"map_enabled\":null,\"gift_message_available\":null,\"custom_design\":null,\"custom_design_from\":null,\"custom_design_to\":null,\"custom_layout_update\":null,\"page_layout\":null,\"product_options_container\":null,\"msrp_display_actual_price_type\":\"Use config\",\"country_of_manufacture\":null,\"additional_attributes\":\"climate=All-Weather,color=Black,manufacturer=Bub,material=Burlap,pattern=Color-Blocked,size=L\",\"qty\":\"100\",\"out_of_stock_qty\":\"0\",\"use_config_min_qty\":\"1\",\"is_qty_decimal\":\"0\",\"allow_backorders\":\"0\",\"use_config_backorders\":\"1\",\"min_cart_qty\":\"1\",\"use_config_min_sale_qty\":\"1\",\"max_cart_qty\":\"10000\",\"use_config_max_sale_qty\":\"1\",\"is_in_stock\":\"0\",\"notify_on_stock_below\":\"1\",\"use_config_notify_stock_qty\":\"1\",\"manage_stock\":\"1\",\"use_config_manage_stock\":\"1\",\"use_config_qty_increments\":\"1\",\"qty_increments\":\"0\",\"use_config_enable_qty_inc\":\"1\",\"enable_qty_increments\":\"0\",\"is_decimal_divided\":\"0\",\"website_id\":\"0\",\"related_skus\":null,\"related_position\":null,\"crosssell_skus\":null,\"crosssell_position\":null,\"upsell_skus\":null,\"upsell_position\":null,\"additional_images\":\"\\/7\\/7\\/77_1_1.jpg\",\"additional_image_labels\":\"77_1.JPG\",\"hide_from_product_page\":null,\"custom_options\":null,\"bundle_price_type\":null,\"bundle_sku_type\":null,\"bundle_price_view\":null,\"bundle_weight_type\":null,\"bundle_values\":null,\"bundle_shipment_type\":null,\"associated_skus\":null,\"downloadable_links\":null,\"downloadable_samples\":null,\"configurable_variations\":null,\"configurable_variation_labels\":null,\"image\":\"\\/7\\/7\\/77_1_1.jpg\",\"image_label\":\"77_1.JPG\",\"thumbnail\":\"\\/7\\/7\\/77_1_1.jpg\",\"thumbnail_label\":null,\"_media_image\":\"\\/7\\/7\\/77_1_1.jpg\",\"_media_image_label\":\"77_1.JPG\",\"_media_is_disabled\":null,\"_store\":null,\"_attribute_set\":\"Default\",\"_product_websites\":\"base\",\"status\":\"1\",\"news_from_date\":null,\"news_to_date\":null,\"options_container\":\"Block after Info Column\",\"minimal_price\":null,\"msrp\":null,\"msrp_enabled\":null,\"special_from_date\":null,\"special_to_date\":null,\"min_qty\":\"0\",\"backorders\":\"0\",\"min_sale_qty\":\"1\",\"max_sale_qty\":\"10000\",\"notify_stock_qty\":\"1\",\"_related_sku\":null,\"_related_position\":null,\"_crosssell_sku\":null,\"_crosssell_position\":null,\"_upsell_sku\":null,\"_upsell_position\":null,\"meta_keyword\":\"YSL hand bag\",\"price_type\":null,\"shipment_type\":null,\"price_view\":null,\"weight_type\":null,\"sku_type\":null,\"climate\":\"All-Weather\",\"color\":\"Black\",\"manufacturer\":\"Bub\",\"material\":\"Burlap\",\"pattern\":\"Color-Blocked\",\"size\":\"L\"},{\"sku\":\"78\",\"store_view_code\":null,\"attribute_set_code\":\"Default\",\"product_type\":\"simple\",\"categories\":\"Default Category\\/Bags\",\"product_websites\":\"base\",\"name\":\"YSL Sore bag\",\"description\":\"YSL bag sore useful for events and festival black color\",\"short_description\":\"YSL bag sorenuseful for events and festival black color\",\"weight\":null,\"product_online\":\"1\",\"tax_class_name\":\"Taxable Goods\",\"visibility\":\"Catalog, Search\",\"price\":\"30\",\"special_price\":null,\"special_price_from_date\":null,\"special_price_to_date\":null,\"url_key\":\"78ysl sorebag\",\"meta_title\":\"78YSL Sorebag\",\"meta_keywords\":\"78YSL Sorebag\",\"meta_description\":\"78YSL Sorebag\",\"base_image\":\"\\/7\\/8\\/78_1_1.jpg\",\"base_image_label\":\"78_1.JPG\",\"small_image\":\"\\/7\\/8\\/78_1_1.jpg\",\"small_image_label\":null,\"thumbnail_image\":\"\\/7\\/8\\/78_1_1.jpg\",\"thumbnail_image_label\":null,\"swatch_image\":null,\"swatch_image_label\":null,\"created_at\":\"9\\/9\\/22, 7:37 PM\",\"updated_at\":\"9\\/9\\/22, 7:45 PM\",\"new_from_date\":null,\"new_to_date\":null,\"display_product_options_in\":\"Block after Info Column\",\"map_price\":null,\"msrp_price\":null,\"map_enabled\":null,\"gift_message_available\":null,\"custom_design\":null,\"custom_design_from\":null,\"custom_design_to\":null,\"custom_layout_update\":null,\"page_layout\":null,\"product_options_container\":null,\"msrp_display_actual_price_type\":\"Use config\",\"country_of_manufacture\":null,\"additional_attributes\":\"climate=All-Weather,color=Black,manufacturer=Bub,material=Burlap,pattern=Color-Blocked,size=L\",\"qty\":\"100\",\"out_of_stock_qty\":\"0\",\"use_config_min_qty\":\"1\",\"is_qty_decimal\":\"0\",\"allow_backorders\":\"0\",\"use_config_backorders\":\"1\",\"min_cart_qty\":\"1\",\"use_config_min_sale_qty\":\"1\",\"max_cart_qty\":\"10000\",\"use_config_max_sale_qty\":\"1\",\"is_in_stock\":\"0\",\"notify_on_stock_below\":\"1\",\"use_config_notify_stock_qty\":\"1\",\"manage_stock\":\"1\",\"use_config_manage_stock\":\"1\",\"use_config_qty_increments\":\"1\",\"qty_increments\":\"0\",\"use_config_enable_qty_inc\":\"1\",\"enable_qty_increments\":\"0\",\"is_decimal_divided\":\"0\",\"website_id\":\"0\",\"related_skus\":null,\"related_position\":null,\"crosssell_skus\":null,\"crosssell_position\":null,\"upsell_skus\":null,\"upsell_position\":null,\"additional_images\":\"\\/7\\/8\\/78_1_1.jpg\",\"additional_image_labels\":\"78_1.JPG\",\"hide_from_product_page\":null,\"custom_options\":null,\"bundle_price_type\":null,\"bundle_sku_type\":null,\"bundle_price_view\":null,\"bundle_weight_type\":null,\"bundle_values\":null,\"bundle_shipment_type\":null,\"associated_skus\":null,\"downloadable_links\":null,\"downloadable_samples\":null,\"configurable_variations\":null,\"configurable_variation_labels\":null,\"image\":\"\\/7\\/8\\/78_1_1.jpg\",\"image_label\":\"78_1.JPG\",\"thumbnail\":\"\\/7\\/8\\/78_1_1.jpg\",\"thumbnail_label\":null,\"_media_image\":\"\\/7\\/8\\/78_1_1.jpg\",\"_media_image_label\":\"78_1.JPG\",\"_media_is_disabled\":null,\"_store\":null,\"_attribute_set\":\"Default\",\"_product_websites\":\"base\",\"status\":\"1\",\"news_from_date\":null,\"news_to_date\":null,\"options_container\":\"Block after Info Column\",\"minimal_price\":null,\"msrp\":null,\"msrp_enabled\":null,\"special_from_date\":null,\"special_to_date\":null,\"min_qty\":\"0\",\"backorders\":\"0\",\"min_sale_qty\":\"1\",\"max_sale_qty\":\"10000\",\"notify_stock_qty\":\"1\",\"_related_sku\":null,\"_related_position\":null,\"_crosssell_sku\":null,\"_crosssell_position\":null,\"_upsell_sku\":null,\"_upsell_position\":null,\"meta_keyword\":\"78YSL Sorebag\",\"price_type\":null,\"shipment_type\":null,\"price_view\":null,\"weight_type\":null,\"sku_type\":null,\"climate\":\"All-Weather\",\"color\":\"Black\",\"manufacturer\":\"Bub\",\"material\":\"Burlap\",\"pattern\":\"Color-Blocked\",\"size\":\"L\"},{\"sku\":\"79\",\"store_view_code\":null,\"attribute_set_code\":\"Default\",\"product_type\":\"simple\",\"categories\":\"Default Category\\/Broach\",\"product_websites\":\"base\",\"name\":\"Channel phone holder\",\"description\":\"Chanel phone holder and car keys quilted caviar\",\"short_description\":\"Chanel phone holder and car keys quilted caviar\",\"weight\":null,\"product_online\":\"1\",\"tax_class_name\":\"Taxable Goods\",\"visibility\":\"Catalog, Search\",\"price\":\"21\",\"special_price\":null,\"special_price_from_date\":null,\"special_price_to_date\":null,\"url_key\":\"79channel phone holder\",\"meta_title\":\"Channel phone holder\",\"meta_keywords\":\"Channel phone holder\",\"meta_description\":\"Channel phone holder\",\"base_image\":\"\\/7\\/9\\/79_1_1.jpg\",\"base_image_label\":\"79_1.JPG\",\"small_image\":\"\\/7\\/9\\/79_1_1.jpg\",\"small_image_label\":null,\"thumbnail_image\":\"\\/7\\/9\\/79_1_1.jpg\",\"thumbnail_image_label\":null,\"swatch_image\":null,\"swatch_image_label\":null,\"created_at\":\"9\\/9\\/22, 7:37 PM\",\"updated_at\":\"9\\/9\\/22, 7:45 PM\",\"new_from_date\":null,\"new_to_date\":null,\"display_product_options_in\":\"Block after Info Column\",\"map_price\":null,\"msrp_price\":null,\"map_enabled\":null,\"gift_message_available\":null,\"custom_design\":null,\"custom_design_from\":null,\"custom_design_to\":null,\"custom_layout_update\":null,\"page_layout\":null,\"product_options_container\":null,\"msrp_display_actual_price_type\":\"Use config\",\"country_of_manufacture\":null,\"additional_attributes\":\"climate=All-Weather,color=Black,manufacturer=Bub,material=Burlap,pattern=Color-Blocked,size=L\",\"qty\":\"100\",\"out_of_stock_qty\":\"0\",\"use_config_min_qty\":\"1\",\"is_qty_decimal\":\"0\",\"allow_backorders\":\"0\",\"use_config_backorders\":\"1\",\"min_cart_qty\":\"1\",\"use_config_min_sale_qty\":\"1\",\"max_cart_qty\":\"10000\",\"use_config_max_sale_qty\":\"1\",\"is_in_stock\":\"0\",\"notify_on_stock_below\":\"1\",\"use_config_notify_stock_qty\":\"1\",\"manage_stock\":\"1\",\"use_config_manage_stock\":\"1\",\"use_config_qty_increments\":\"1\",\"qty_increments\":\"0\",\"use_config_enable_qty_inc\":\"1\",\"enable_qty_increments\":\"0\",\"is_decimal_divided\":\"0\",\"website_id\":\"0\",\"related_skus\":null,\"related_position\":null,\"crosssell_skus\":null,\"crosssell_position\":null,\"upsell_skus\":null,\"upsell_position\":null,\"additional_images\":\"\\/7\\/9\\/79_1_1.jpg\",\"additional_image_labels\":\"79_1.JPG\",\"hide_from_product_page\":null,\"custom_options\":null,\"bundle_price_type\":null,\"bundle_sku_type\":null,\"bundle_price_view\":null,\"bundle_weight_type\":null,\"bundle_values\":null,\"bundle_shipment_type\":null,\"associated_skus\":null,\"downloadable_links\":null,\"downloadable_samples\":null,\"configurable_variations\":null,\"configurable_variation_labels\":null,\"image\":\"\\/7\\/9\\/79_1_1.jpg\",\"image_label\":\"79_1.JPG\",\"thumbnail\":\"\\/7\\/9\\/79_1_1.jpg\",\"thumbnail_label\":null,\"_media_image\":\"\\/7\\/9\\/79_1_1.jpg\",\"_media_image_label\":\"79_1.JPG\",\"_media_is_disabled\":null,\"_store\":null,\"_attribute_set\":\"Default\",\"_product_websites\":\"base\",\"status\":\"1\",\"news_from_date\":null,\"news_to_date\":null,\"options_container\":\"Block after Info Column\",\"minimal_price\":null,\"msrp\":null,\"msrp_enabled\":null,\"special_from_date\":null,\"special_to_date\":null,\"min_qty\":\"0\",\"backorders\":\"0\",\"min_sale_qty\":\"1\",\"max_sale_qty\":\"10000\",\"notify_stock_qty\":\"1\",\"_related_sku\":null,\"_related_position\":null,\"_crosssell_sku\":null,\"_crosssell_position\":null,\"_upsell_sku\":null,\"_upsell_position\":null,\"meta_keyword\":\"Channel phone holder\",\"price_type\":null,\"shipment_type\":null,\"price_view\":null,\"weight_type\":null,\"sku_type\":null,\"climate\":\"All-Weather\",\"color\":\"Black\",\"manufacturer\":\"Bub\",\"material\":\"Burlap\",\"pattern\":\"Color-Blocked\",\"size\":\"L\"},{\"sku\":\"80\",\"store_view_code\":null,\"attribute_set_code\":\"Default\",\"product_type\":\"simple\",\"categories\":\"Default Category\\/Broach\",\"product_websites\":\"base\",\"name\":\"LV broach\",\"description\":\"LV broach golden crystal\",\"short_description\":\"LV broach golden crystal\",\"weight\":null,\"product_online\":\"1\",\"tax_class_name\":\"Taxable Goods\",\"visibility\":\"Catalog, Search\",\"price\":\"8\",\"special_price\":null,\"special_price_from_date\":null,\"special_price_to_date\":null,\"url_key\":\"80lv broach\",\"meta_title\":\"LV broach\",\"meta_keywords\":\"LV broach\",\"meta_description\":\"LV broach\",\"base_image\":\"\\/8\\/0\\/80_1.jpg\",\"base_image_label\":\"80.JPG\",\"small_image\":\"\\/8\\/0\\/80_1.jpg\",\"small_image_label\":null,\"thumbnail_image\":\"\\/8\\/0\\/80_1.jpg\",\"thumbnail_image_label\":null,\"swatch_image\":null,\"swatch_image_label\":null,\"created_at\":\"9\\/9\\/22, 7:37 PM\",\"updated_at\":\"9\\/9\\/22, 7:45 PM\",\"new_from_date\":null,\"new_to_date\":null,\"display_product_options_in\":\"Block after Info Column\",\"map_price\":null,\"msrp_price\":null,\"map_enabled\":null,\"gift_message_available\":null,\"custom_design\":null,\"custom_design_from\":null,\"custom_design_to\":null,\"custom_layout_update\":null,\"page_layout\":null,\"product_options_container\":null,\"msrp_display_actual_price_type\":\"Use config\",\"country_of_manufacture\":null,\"additional_attributes\":\"climate=All-Weather,color=Black,manufacturer=Bub,material=Burlap,pattern=Color-Blocked,size=L\",\"qty\":\"100\",\"out_of_stock_qty\":\"0\",\"use_config_min_qty\":\"1\",\"is_qty_decimal\":\"0\",\"allow_backorders\":\"0\",\"use_config_backorders\":\"1\",\"min_cart_qty\":\"1\",\"use_config_min_sale_qty\":\"1\",\"max_cart_qty\":\"10000\",\"use_config_max_sale_qty\":\"1\",\"is_in_stock\":\"0\",\"notify_on_stock_below\":\"1\",\"use_config_notify_stock_qty\":\"1\",\"manage_stock\":\"1\",\"use_config_manage_stock\":\"1\",\"use_config_qty_increments\":\"1\",\"qty_increments\":\"0\",\"use_config_enable_qty_inc\":\"1\",\"enable_qty_increments\":\"0\",\"is_decimal_divided\":\"0\",\"website_id\":\"0\",\"related_skus\":null,\"related_position\":null,\"crosssell_skus\":null,\"crosssell_position\":null,\"upsell_skus\":null,\"upsell_position\":null,\"additional_images\":\"\\/8\\/0\\/80_1.jpg\",\"additional_image_labels\":\"80.JPG\",\"hide_from_product_page\":null,\"custom_options\":null,\"bundle_price_type\":null,\"bundle_sku_type\":null,\"bundle_price_view\":null,\"bundle_weight_type\":null,\"bundle_values\":null,\"bundle_shipment_type\":null,\"associated_skus\":null,\"downloadable_links\":null,\"downloadable_samples\":null,\"configurable_variations\":null,\"configurable_variation_labels\":null,\"image\":\"\\/8\\/0\\/80_1.jpg\",\"image_label\":\"80.JPG\",\"thumbnail\":\"\\/8\\/0\\/80_1.jpg\",\"thumbnail_label\":null,\"_media_image\":\"\\/8\\/0\\/80_1.jpg\",\"_media_image_label\":\"80.JPG\",\"_media_is_disabled\":null,\"_store\":null,\"_attribute_set\":\"Default\",\"_product_websites\":\"base\",\"status\":\"1\",\"news_from_date\":null,\"news_to_date\":null,\"options_container\":\"Block after Info Column\",\"minimal_price\":null,\"msrp\":null,\"msrp_enabled\":null,\"special_from_date\":null,\"special_to_date\":null,\"min_qty\":\"0\",\"backorders\":\"0\",\"min_sale_qty\":\"1\",\"max_sale_qty\":\"10000\",\"notify_stock_qty\":\"1\",\"_related_sku\":null,\"_related_position\":null,\"_crosssell_sku\":null,\"_crosssell_position\":null,\"_upsell_sku\":null,\"_upsell_position\":null,\"meta_keyword\":\"LV broach\",\"price_type\":null,\"shipment_type\":null,\"price_view\":null,\"weight_type\":null,\"sku_type\":null,\"climate\":\"All-Weather\",\"color\":\"Black\",\"manufacturer\":\"Bub\",\"material\":\"Burlap\",\"pattern\":\"Color-Blocked\",\"size\":\"L\"},{\"sku\":\"82\",\"store_view_code\":null,\"attribute_set_code\":\"Default\",\"product_type\":\"simple\",\"categories\":\"Default Category\\/Broach\",\"product_websites\":\"base\",\"name\":\"YSL broach\",\"description\":\"YSL Broach useful for meetings, events, classic interviews..\",\"short_description\":\"YSL Broach useful for meetings, events, classic interviews..\",\"weight\":null,\"product_online\":\"1\",\"tax_class_name\":\"Taxable Goods\",\"visibility\":\"Catalog, Search\",\"price\":\"10\",\"special_price\":null,\"special_price_from_date\":null,\"special_price_to_date\":null,\"url_key\":\"82ysl broach\",\"meta_title\":\"YSL broach\",\"meta_keywords\":\"YSL broach\",\"meta_description\":\"YSL broach\",\"base_image\":\"\\/8\\/1\\/81_1_1.jpg\",\"base_image_label\":\"81_1.JPG\",\"small_image\":\"\\/8\\/1\\/81_1_1.jpg\",\"small_image_label\":null,\"thumbnail_image\":\"\\/8\\/1\\/81_1_1.jpg\",\"thumbnail_image_label\":null,\"swatch_image\":null,\"swatch_image_label\":null,\"created_at\":\"9\\/9\\/22, 7:37 PM\",\"updated_at\":\"9\\/9\\/22, 7:45 PM\",\"new_from_date\":null,\"new_to_date\":null,\"display_product_options_in\":\"Block after Info Column\",\"map_price\":null,\"msrp_price\":null,\"map_enabled\":null,\"gift_message_available\":null,\"custom_design\":null,\"custom_design_from\":null,\"custom_design_to\":null,\"custom_layout_update\":null,\"page_layout\":null,\"product_options_container\":null,\"msrp_display_actual_price_type\":\"Use config\",\"country_of_manufacture\":null,\"additional_attributes\":\"climate=All-Weather,color=Black,manufacturer=Bub,material=Burlap,pattern=Color-Blocked,size=L\",\"qty\":\"100\",\"out_of_stock_qty\":\"0\",\"use_config_min_qty\":\"1\",\"is_qty_decimal\":\"0\",\"allow_backorders\":\"0\",\"use_config_backorders\":\"1\",\"min_cart_qty\":\"1\",\"use_config_min_sale_qty\":\"1\",\"max_cart_qty\":\"10000\",\"use_config_max_sale_qty\":\"1\",\"is_in_stock\":\"0\",\"notify_on_stock_below\":\"1\",\"use_config_notify_stock_qty\":\"1\",\"manage_stock\":\"1\",\"use_config_manage_stock\":\"1\",\"use_config_qty_increments\":\"1\",\"qty_increments\":\"0\",\"use_config_enable_qty_inc\":\"1\",\"enable_qty_increments\":\"0\",\"is_decimal_divided\":\"0\",\"website_id\":\"0\",\"related_skus\":null,\"related_position\":null,\"crosssell_skus\":null,\"crosssell_position\":null,\"upsell_skus\":null,\"upsell_position\":null,\"additional_images\":\"\\/8\\/1\\/81_1_1.jpg\",\"additional_image_labels\":\"81_1.JPG\",\"hide_from_product_page\":null,\"custom_options\":null,\"bundle_price_type\":null,\"bundle_sku_type\":null,\"bundle_price_view\":null,\"bundle_weight_type\":null,\"bundle_values\":null,\"bundle_shipment_type\":null,\"associated_skus\":null,\"downloadable_links\":null,\"downloadable_samples\":null,\"configurable_variations\":null,\"configurable_variation_labels\":null,\"image\":\"\\/8\\/1\\/81_1_1.jpg\",\"image_label\":\"81_1.JPG\",\"thumbnail\":\"\\/8\\/1\\/81_1_1.jpg\",\"thumbnail_label\":null,\"_media_image\":\"\\/8\\/1\\/81_1_1.jpg\",\"_media_image_label\":\"81_1.JPG\",\"_media_is_disabled\":null,\"_store\":null,\"_attribute_set\":\"Default\",\"_product_websites\":\"base\",\"status\":\"1\",\"news_from_date\":null,\"news_to_date\":null,\"options_container\":\"Block after Info Column\",\"minimal_price\":null,\"msrp\":null,\"msrp_enabled\":null,\"special_from_date\":null,\"special_to_date\":null,\"min_qty\":\"0\",\"backorders\":\"0\",\"min_sale_qty\":\"1\",\"max_sale_qty\":\"10000\",\"notify_stock_qty\":\"1\",\"_related_sku\":null,\"_related_position\":null,\"_crosssell_sku\":null,\"_crosssell_position\":null,\"_upsell_sku\":null,\"_upsell_position\":null,\"meta_keyword\":\"YSL broach\",\"price_type\":null,\"shipment_type\":null,\"price_view\":null,\"weight_type\":null,\"sku_type\":null,\"climate\":\"All-Weather\",\"color\":\"Black\",\"manufacturer\":\"Bub\",\"material\":\"Burlap\",\"pattern\":\"Color-Blocked\",\"size\":\"L\"},{\"sku\":\"83\",\"store_view_code\":null,\"attribute_set_code\":\"Default\",\"product_type\":\"simple\",\"categories\":\"Default Category\\/Broach\",\"product_websites\":\"base\",\"name\":\"Channel broach\",\"description\":\"Chanel Classic broaches with small crystals \\\"Gold&Silver\\\"\",\"short_description\":\"Chanel Classic broaches with small crystals \\\"Gold&Silver\\\"\",\"weight\":null,\"product_online\":\"1\",\"tax_class_name\":\"Taxable Goods\",\"visibility\":\"Catalog, Search\",\"price\":\"8\",\"special_price\":null,\"special_price_from_date\":null,\"special_price_to_date\":null,\"url_key\":\"83channel broach\",\"meta_title\":\"Channel broach\",\"meta_keywords\":\"Channel broach\",\"meta_description\":\"Channel broach\",\"base_image\":\"\\/8\\/3\\/83_1_1.jpg\",\"base_image_label\":\"83_1.JPG\",\"small_image\":\"\\/8\\/3\\/83_1_1.jpg\",\"small_image_label\":null,\"thumbnail_image\":\"\\/8\\/3\\/83_1_1.jpg\",\"thumbnail_image_label\":null,\"swatch_image\":null,\"swatch_image_label\":null,\"created_at\":\"9\\/9\\/22, 7:37 PM\",\"updated_at\":\"9\\/9\\/22, 7:45 PM\",\"new_from_date\":null,\"new_to_date\":null,\"display_product_options_in\":\"Block after Info Column\",\"map_price\":null,\"msrp_price\":null,\"map_enabled\":null,\"gift_message_available\":null,\"custom_design\":null,\"custom_design_from\":null,\"custom_design_to\":null,\"custom_layout_update\":null,\"page_layout\":null,\"product_options_container\":null,\"msrp_display_actual_price_type\":\"Use config\",\"country_of_manufacture\":null,\"additional_attributes\":\"climate=All-Weather,color=Black,manufacturer=Bub,material=Burlap,pattern=Color-Blocked,size=L\",\"qty\":\"100\",\"out_of_stock_qty\":\"0\",\"use_config_min_qty\":\"1\",\"is_qty_decimal\":\"0\",\"allow_backorders\":\"0\",\"use_config_backorders\":\"1\",\"min_cart_qty\":\"1\",\"use_config_min_sale_qty\":\"1\",\"max_cart_qty\":\"10000\",\"use_config_max_sale_qty\":\"1\",\"is_in_stock\":\"0\",\"notify_on_stock_below\":\"1\",\"use_config_notify_stock_qty\":\"1\",\"manage_stock\":\"1\",\"use_config_manage_stock\":\"1\",\"use_config_qty_increments\":\"1\",\"qty_increments\":\"0\",\"use_config_enable_qty_inc\":\"1\",\"enable_qty_increments\":\"0\",\"is_decimal_divided\":\"0\",\"website_id\":\"0\",\"related_skus\":null,\"related_position\":null,\"crosssell_skus\":null,\"crosssell_position\":null,\"upsell_skus\":null,\"upsell_position\":null,\"additional_images\":\"\\/8\\/3\\/83_1_1.jpg\",\"additional_image_labels\":\"83_1.JPG\",\"hide_from_product_page\":null,\"custom_options\":null,\"bundle_price_type\":null,\"bundle_sku_type\":null,\"bundle_price_view\":null,\"bundle_weight_type\":null,\"bundle_values\":null,\"bundle_shipment_type\":null,\"associated_skus\":null,\"downloadable_links\":null,\"downloadable_samples\":null,\"configurable_variations\":null,\"configurable_variation_labels\":null,\"image\":\"\\/8\\/3\\/83_1_1.jpg\",\"image_label\":\"83_1.JPG\",\"thumbnail\":\"\\/8\\/3\\/83_1_1.jpg\",\"thumbnail_label\":null,\"_media_image\":\"\\/8\\/3\\/83_1_1.jpg\",\"_media_image_label\":\"83_1.JPG\",\"_media_is_disabled\":null,\"_store\":null,\"_attribute_set\":\"Default\",\"_product_websites\":\"base\",\"status\":\"1\",\"news_from_date\":null,\"news_to_date\":null,\"options_container\":\"Block after Info Column\",\"minimal_price\":null,\"msrp\":null,\"msrp_enabled\":null,\"special_from_date\":null,\"special_to_date\":null,\"min_qty\":\"0\",\"backorders\":\"0\",\"min_sale_qty\":\"1\",\"max_sale_qty\":\"10000\",\"notify_stock_qty\":\"1\",\"_related_sku\":null,\"_related_position\":null,\"_crosssell_sku\":null,\"_crosssell_position\":null,\"_upsell_sku\":null,\"_upsell_position\":null,\"meta_keyword\":\"Channel broach\",\"price_type\":null,\"shipment_type\":null,\"price_view\":null,\"weight_type\":null,\"sku_type\":null,\"climate\":\"All-Weather\",\"color\":\"Black\",\"manufacturer\":\"Bub\",\"material\":\"Burlap\",\"pattern\":\"Color-Blocked\",\"size\":\"L\"},{\"sku\":\"84\",\"store_view_code\":null,\"attribute_set_code\":\"Default\",\"product_type\":\"simple\",\"categories\":\"Default Category\\/Broach\",\"product_websites\":\"base\",\"name\":\"Channel broach\",\"description\":\"Long Chanel broach Classical logo suitable for blazers and Jackets\",\"short_description\":\"Long Chanel broach Classical logo suitable for blazers and Jackets\",\"weight\":null,\"product_online\":\"1\",\"tax_class_name\":\"Taxable Goods\",\"visibility\":\"Catalog, Search\",\"price\":\"7\",\"special_price\":null,\"special_price_from_date\":null,\"special_price_to_date\":null,\"url_key\":\"84channel broach\",\"meta_title\":\"Channel broach\",\"meta_keywords\":\"Channel broach\",\"meta_description\":\"Channel broach\",\"base_image\":\"\\/8\\/4\\/84_1_1.jpg\",\"base_image_label\":\"84_1.JPG\",\"small_image\":\"\\/8\\/4\\/84_1_1.jpg\",\"small_image_label\":null,\"thumbnail_image\":\"\\/8\\/4\\/84_1_1.jpg\",\"thumbnail_image_label\":null,\"swatch_image\":null,\"swatch_image_label\":null,\"created_at\":\"9\\/9\\/22, 7:37 PM\",\"updated_at\":\"9\\/9\\/22, 7:45 PM\",\"new_from_date\":null,\"new_to_date\":null,\"display_product_options_in\":\"Block after Info Column\",\"map_price\":null,\"msrp_price\":null,\"map_enabled\":null,\"gift_message_available\":null,\"custom_design\":null,\"custom_design_from\":null,\"custom_design_to\":null,\"custom_layout_update\":null,\"page_layout\":null,\"product_options_container\":null,\"msrp_display_actual_price_type\":\"Use config\",\"country_of_manufacture\":null,\"additional_attributes\":\"climate=All-Weather,color=Black,manufacturer=Bub,material=Burlap,pattern=Color-Blocked,size=L\",\"qty\":\"100\",\"out_of_stock_qty\":\"0\",\"use_config_min_qty\":\"1\",\"is_qty_decimal\":\"0\",\"allow_backorders\":\"0\",\"use_config_backorders\":\"1\",\"min_cart_qty\":\"1\",\"use_config_min_sale_qty\":\"1\",\"max_cart_qty\":\"10000\",\"use_config_max_sale_qty\":\"1\",\"is_in_stock\":\"0\",\"notify_on_stock_below\":\"1\",\"use_config_notify_stock_qty\":\"1\",\"manage_stock\":\"1\",\"use_config_manage_stock\":\"1\",\"use_config_qty_increments\":\"1\",\"qty_increments\":\"0\",\"use_config_enable_qty_inc\":\"1\",\"enable_qty_increments\":\"0\",\"is_decimal_divided\":\"0\",\"website_id\":\"0\",\"related_skus\":null,\"related_position\":null,\"crosssell_skus\":null,\"crosssell_position\":null,\"upsell_skus\":null,\"upsell_position\":null,\"additional_images\":\"\\/8\\/4\\/84_1_1.jpg\",\"additional_image_labels\":\"84_1.JPG\",\"hide_from_product_page\":null,\"custom_options\":null,\"bundle_price_type\":null,\"bundle_sku_type\":null,\"bundle_price_view\":null,\"bundle_weight_type\":null,\"bundle_values\":null,\"bundle_shipment_type\":null,\"associated_skus\":null,\"downloadable_links\":null,\"downloadable_samples\":null,\"configurable_variations\":null,\"configurable_variation_labels\":null,\"image\":\"\\/8\\/4\\/84_1_1.jpg\",\"image_label\":\"84_1.JPG\",\"thumbnail\":\"\\/8\\/4\\/84_1_1.jpg\",\"thumbnail_label\":null,\"_media_image\":\"\\/8\\/4\\/84_1_1.jpg\",\"_media_image_label\":\"84_1.JPG\",\"_media_is_disabled\":null,\"_store\":null,\"_attribute_set\":\"Default\",\"_product_websites\":\"base\",\"status\":\"1\",\"news_from_date\":null,\"news_to_date\":null,\"options_container\":\"Block after Info Column\",\"minimal_price\":null,\"msrp\":null,\"msrp_enabled\":null,\"special_from_date\":null,\"special_to_date\":null,\"min_qty\":\"0\",\"backorders\":\"0\",\"min_sale_qty\":\"1\",\"max_sale_qty\":\"10000\",\"notify_stock_qty\":\"1\",\"_related_sku\":null,\"_related_position\":null,\"_crosssell_sku\":null,\"_crosssell_position\":null,\"_upsell_sku\":null,\"_upsell_position\":null,\"meta_keyword\":\"Channel broach\",\"price_type\":null,\"shipment_type\":null,\"price_view\":null,\"weight_type\":null,\"sku_type\":null,\"climate\":\"All-Weather\",\"color\":\"Black\",\"manufacturer\":\"Bub\",\"material\":\"Burlap\",\"pattern\":\"Color-Blocked\",\"size\":\"L\"},{\"sku\":\"85\",\"store_view_code\":null,\"attribute_set_code\":\"Default\",\"product_type\":\"simple\",\"categories\":\"Default Category\\/Broach\",\"product_websites\":\"base\",\"name\":\"Channel broach\",\"description\":\"Chanel broach with black band\",\"short_description\":\"Chanel broach with black band\",\"weight\":null,\"product_online\":\"1\",\"tax_class_name\":\"Taxable Goods\",\"visibility\":\"Catalog, Search\",\"price\":\"10\",\"special_price\":null,\"special_price_from_date\":null,\"special_price_to_date\":null,\"url_key\":\"85channel broach\",\"meta_title\":\"Channel broach\",\"meta_keywords\":\"Channel broach\",\"meta_description\":\"Channel broach\",\"base_image\":\"\\/8\\/5\\/85_1.jpg\",\"base_image_label\":\"85.JPG\",\"small_image\":\"\\/8\\/5\\/85_1.jpg\",\"small_image_label\":null,\"thumbnail_image\":\"\\/8\\/5\\/85_1.jpg\",\"thumbnail_image_label\":null,\"swatch_image\":null,\"swatch_image_label\":null,\"created_at\":\"9\\/9\\/22, 7:37 PM\",\"updated_at\":\"9\\/9\\/22, 7:45 PM\",\"new_from_date\":null,\"new_to_date\":null,\"display_product_options_in\":\"Block after Info Column\",\"map_price\":null,\"msrp_price\":null,\"map_enabled\":null,\"gift_message_available\":null,\"custom_design\":null,\"custom_design_from\":null,\"custom_design_to\":null,\"custom_layout_update\":null,\"page_layout\":null,\"product_options_container\":null,\"msrp_display_actual_price_type\":\"Use config\",\"country_of_manufacture\":null,\"additional_attributes\":\"climate=All-Weather,color=Black,manufacturer=Bub,material=Burlap,pattern=Color-Blocked,size=L\",\"qty\":\"100\",\"out_of_stock_qty\":\"0\",\"use_config_min_qty\":\"1\",\"is_qty_decimal\":\"0\",\"allow_backorders\":\"0\",\"use_config_backorders\":\"1\",\"min_cart_qty\":\"1\",\"use_config_min_sale_qty\":\"1\",\"max_cart_qty\":\"10000\",\"use_config_max_sale_qty\":\"1\",\"is_in_stock\":\"0\",\"notify_on_stock_below\":\"1\",\"use_config_notify_stock_qty\":\"1\",\"manage_stock\":\"1\",\"use_config_manage_stock\":\"1\",\"use_config_qty_increments\":\"1\",\"qty_increments\":\"0\",\"use_config_enable_qty_inc\":\"1\",\"enable_qty_increments\":\"0\",\"is_decimal_divided\":\"0\",\"website_id\":\"0\",\"related_skus\":null,\"related_position\":null,\"crosssell_skus\":null,\"crosssell_position\":null,\"upsell_skus\":null,\"upsell_position\":null,\"additional_images\":\"\\/8\\/5\\/85_1.jpg\",\"additional_image_labels\":\"85.JPG\",\"hide_from_product_page\":null,\"custom_options\":null,\"bundle_price_type\":null,\"bundle_sku_type\":null,\"bundle_price_view\":null,\"bundle_weight_type\":null,\"bundle_values\":null,\"bundle_shipment_type\":null,\"associated_skus\":null,\"downloadable_links\":null,\"downloadable_samples\":null,\"configurable_variations\":null,\"configurable_variation_labels\":null,\"image\":\"\\/8\\/5\\/85_1.jpg\",\"image_label\":\"85.JPG\",\"thumbnail\":\"\\/8\\/5\\/85_1.jpg\",\"thumbnail_label\":null,\"_media_image\":\"\\/8\\/5\\/85_1.jpg\",\"_media_image_label\":\"85.JPG\",\"_media_is_disabled\":null,\"_store\":null,\"_attribute_set\":\"Default\",\"_product_websites\":\"base\",\"status\":\"1\",\"news_from_date\":null,\"news_to_date\":null,\"options_container\":\"Block after Info Column\",\"minimal_price\":null,\"msrp\":null,\"msrp_enabled\":null,\"special_from_date\":null,\"special_to_date\":null,\"min_qty\":\"0\",\"backorders\":\"0\",\"min_sale_qty\":\"1\",\"max_sale_qty\":\"10000\",\"notify_stock_qty\":\"1\",\"_related_sku\":null,\"_related_position\":null,\"_crosssell_sku\":null,\"_crosssell_position\":null,\"_upsell_sku\":null,\"_upsell_position\":null,\"meta_keyword\":\"Channel broach\",\"price_type\":null,\"shipment_type\":null,\"price_view\":null,\"weight_type\":null,\"sku_type\":null,\"climate\":\"All-Weather\",\"color\":\"Black\",\"manufacturer\":\"Bub\",\"material\":\"Burlap\",\"pattern\":\"Color-Blocked\",\"size\":\"L\"},{\"sku\":\"86\",\"store_view_code\":null,\"attribute_set_code\":\"Default\",\"product_type\":\"simple\",\"categories\":\"Default Category\\/Broach\",\"product_websites\":\"base\",\"name\":\"Channel broach\",\"description\":\"Chanel broach basic with pearl side & and crystal side\",\"short_description\":\"Chanel broach basic with pearl side & and crystal side\",\"weight\":null,\"product_online\":\"1\",\"tax_class_name\":\"Taxable Goods\",\"visibility\":\"Catalog, Search\",\"price\":\"8\",\"special_price\":null,\"special_price_from_date\":null,\"special_price_to_date\":null,\"url_key\":\"86channel broach\",\"meta_title\":\"Channel broach\",\"meta_keywords\":\"Channel broach\",\"meta_description\":\"Channel broach\",\"base_image\":\"\\/8\\/6\\/86_1_1.jpg\",\"base_image_label\":\"86_1.JPG\",\"small_image\":\"\\/8\\/6\\/86_1_1.jpg\",\"small_image_label\":null,\"thumbnail_image\":\"\\/8\\/6\\/86_1_1.jpg\",\"thumbnail_image_label\":null,\"swatch_image\":null,\"swatch_image_label\":null,\"created_at\":\"9\\/9\\/22, 7:37 PM\",\"updated_at\":\"9\\/9\\/22, 7:45 PM\",\"new_from_date\":null,\"new_to_date\":null,\"display_product_options_in\":\"Block after Info Column\",\"map_price\":null,\"msrp_price\":null,\"map_enabled\":null,\"gift_message_available\":null,\"custom_design\":null,\"custom_design_from\":null,\"custom_design_to\":null,\"custom_layout_update\":null,\"page_layout\":null,\"product_options_container\":null,\"msrp_display_actual_price_type\":\"Use config\",\"country_of_manufacture\":null,\"additional_attributes\":\"climate=All-Weather,color=Black,manufacturer=Bub,material=Burlap,pattern=Color-Blocked,size=L\",\"qty\":\"100\",\"out_of_stock_qty\":\"0\",\"use_config_min_qty\":\"1\",\"is_qty_decimal\":\"0\",\"allow_backorders\":\"0\",\"use_config_backorders\":\"1\",\"min_cart_qty\":\"1\",\"use_config_min_sale_qty\":\"1\",\"max_cart_qty\":\"10000\",\"use_config_max_sale_qty\":\"1\",\"is_in_stock\":\"0\",\"notify_on_stock_below\":\"1\",\"use_config_notify_stock_qty\":\"1\",\"manage_stock\":\"1\",\"use_config_manage_stock\":\"1\",\"use_config_qty_increments\":\"1\",\"qty_increments\":\"0\",\"use_config_enable_qty_inc\":\"1\",\"enable_qty_increments\":\"0\",\"is_decimal_divided\":\"0\",\"website_id\":\"0\",\"related_skus\":null,\"related_position\":null,\"crosssell_skus\":null,\"crosssell_position\":null,\"upsell_skus\":null,\"upsell_position\":null,\"additional_images\":\"\\/8\\/6\\/86_1_1.jpg\",\"additional_image_labels\":\"86_1.JPG\",\"hide_from_product_page\":null,\"custom_options\":null,\"bundle_price_type\":null,\"bundle_sku_type\":null,\"bundle_price_view\":null,\"bundle_weight_type\":null,\"bundle_values\":null,\"bundle_shipment_type\":null,\"associated_skus\":null,\"downloadable_links\":null,\"downloadable_samples\":null,\"configurable_variations\":null,\"configurable_variation_labels\":null,\"image\":\"\\/8\\/6\\/86_1_1.jpg\",\"image_label\":\"86_1.JPG\",\"thumbnail\":\"\\/8\\/6\\/86_1_1.jpg\",\"thumbnail_label\":null,\"_media_image\":\"\\/8\\/6\\/86_1_1.jpg\",\"_media_image_label\":\"86_1.JPG\",\"_media_is_disabled\":null,\"_store\":null,\"_attribute_set\":\"Default\",\"_product_websites\":\"base\",\"status\":\"1\",\"news_from_date\":null,\"news_to_date\":null,\"options_container\":\"Block after Info Column\",\"minimal_price\":null,\"msrp\":null,\"msrp_enabled\":null,\"special_from_date\":null,\"special_to_date\":null,\"min_qty\":\"0\",\"backorders\":\"0\",\"min_sale_qty\":\"1\",\"max_sale_qty\":\"10000\",\"notify_stock_qty\":\"1\",\"_related_sku\":null,\"_related_position\":null,\"_crosssell_sku\":null,\"_crosssell_position\":null,\"_upsell_sku\":null,\"_upsell_position\":null,\"meta_keyword\":\"Channel broach\",\"price_type\":null,\"shipment_type\":null,\"price_view\":null,\"weight_type\":null,\"sku_type\":null,\"climate\":\"All-Weather\",\"color\":\"Black\",\"manufacturer\":\"Bub\",\"material\":\"Burlap\",\"pattern\":\"Color-Blocked\",\"size\":\"L\"},{\"sku\":\"87\",\"store_view_code\":null,\"attribute_set_code\":\"Default\",\"product_type\":\"simple\",\"categories\":\"Default Category\\/Broach\",\"product_websites\":\"base\",\"name\":\"Gucci broach\",\"description\":\"Golden Gucci broach\",\"short_description\":\"Golden Gucci broach\",\"weight\":null,\"product_online\":\"1\",\"tax_class_name\":\"Taxable Goods\",\"visibility\":\"Catalog, Search\",\"price\":\"8\",\"special_price\":null,\"special_pric