(1114,'stores',37,'alodesign/content/color','{\"_1461730970276_276\":{\"title\":\"Icon wishlist,compare\",\"selector\":\".item .actions-no .add-to-links a,.products-list .item .product-item-inner .add-to-links .action,.product-view .product-shop .product-social-links a, .product-add-form .product-social-links a\",\"color\":\"#666666\",\"background\":\"#ffffff\",\"border\":\"#aaaaaa\"},\"_1461731118212_212\":{\"title\":\"Icon(hover) wishlist,compare\",\"selector\":\".item .actions-no .add-to-links a:hover,.products-list .item .product-item-inner .add-to-links .action:hover,.product-view .product-shop .product-social-links a:hover, .product-add-form .product-social-links a:hover\",\"color\":\"#ffffff\",\"background\":\"#5cace2\",\"border\":\"#5cace2\"},\"_1461732155993_993\":{\"title\":\"Title product name\",\"selector\":\".product-item-name .product-item-link\",\"color\":\"#333333\",\"background\":\"\",\"border\":\"\"},\"_1461732172241_241\":{\"title\":\"Title product name hover\",\"selector\":\".product-item-name .product-item-link:hover\",\"color\":\"#5cace2\",\"background\":\"\",\"border\":\"\"},\"_1461732471049_49\":{\"title\":\"Toolbar modes mode\",\"selector\":\".toolbar .modes-mode\",\"color\":\"#aaaaaa\",\"background\":\"\",\"border\":\"#aaaaaa\"},\"_1461732472360_360\":{\"title\":\"Toolbar modes mode active,hover\",\"selector\":\".toolbar .modes-mode.active, .toolbar .modes-mode:hover\",\"color\":\"#5cace2\",\"background\":\"\",\"border\":\"#aaaaaa\"},\"_1461744389557_557\":{\"title\":\"Policy box\",\"selector\":\".support-footer-inner .row-normal\",\"color\":\"\",\"background\":\"\",\"border\":\"#dddddd\"},\"_1461744449922_922\":{\"title\":\"Policy box 2\",\"selector\":\".support-footer-inner .row-normal::before\",\"color\":\"\",\"background\":\"\",\"border\":\"#dddddd\"},\"_1461744469700_700\":{\"title\":\"Policy icon\",\"selector\":\".support-footer-inner .support-icon .icons, .support-footer-inner .support-icon .fa\",\"color\":\"#5cace2\",\"background\":\"\",\"border\":\"\"},\"_1461744513613_613\":{\"title\":\"Policy title\",\"selector\":\".support-footer-inner .support-info .info-title\",\"color\":\"#2a2a2a\",\"background\":\"\",\"border\":\"\"},\"_1488248050490_490\":{\"title\":\"Popup Newsletter Title\",\"selector\":\"#popup-newsletter .form-subscribe-header label\",\"color\":\"#333333\",\"background\":\"\",\"border\":\"\"},\"_1488248051390_390\":{\"title\":\"Popup Newsletter promotions\",\"selector\":\"#popup-newsletter .block-content span\",\"color\":\"#333333\",\"background\":\"\",\"border\":\"\"},\"_1488248051583_583\":{\"title\":\"Popup Newsletter promotions sale\",\"selector\":\"#popup-newsletter .block-content span.saleoff\",\"color\":\"#5cace2\",\"background\":\"\",\"border\":\"\"},\"_1488248051776_776\":{\"title\":\"Popup Newsletter Box input\",\"selector\":\"#popup-newsletter .block-content input.input-text\",\"color\":\"#666666\",\"background\":\"#ebebeb\",\"border\":\"#e3e3e3\"},\"_1488248145476_476\":{\"title\":\"Popup Newsletter button\",\"selector\":\"#popup-newsletter .block-content button.button\",\"color\":\"\",\"background\":\"#5cace2\",\"border\":\"\"},\"_1488248182735_735\":{\"title\":\"Popup Newsletter button\",\"selector\":\"#popup-newsletter .block-content button.button span\",\"color\":\"#ffffff\",\"background\":\"\",\"border\":\"\"},\"_1488248216941_941\":{\"title\":\"Popup Newsletter button hover\",\"selector\":\"#popup-newsletter .block-content button.button:hover\",\"color\":\"\",\"background\":\"#333333\",\"border\":\"\"},\"_1488247199593_593\":{\"title\":\"Price color\",\"selector\":\".price-box .price,.special-price .price\",\"color\":\"#5cace2\",\"background\":\"\",\"border\":\"\"},\"_1488250596665_665\":{\"title\":\"Price color\",\"selector\":\".old-price .price\",\"color\":\"#cccccc\",\"background\":\"\",\"border\":\"\"},\"_1488247201304_304\":{\"title\":\"Breadcrumbs\",\"selector\":\".breadcrumbs li strong\",\"color\":\"#5cace2\",\"background\":\"\",\"border\":\"\"},\"_1488247202241_241\":{\"title\":\"Button Cart product page\",\"selector\":\".product-view .add-to-cart button.button\",\"color\":\"\",\"background\":\"#5cace2\",\"border\":\"\"},\"_1488247204424_424\":{\"title\":\"Button Cart product page\",\"selector\":\".product-view .add-to-cart button.button span\",\"color\":\"#ffffff\",\"background\":\"\",\"border\":\"\"},\"_1488250396496_496\":{\"title\":\"Button Cart product page hover\",\"selector\":\".product-view .add-to-cart button.button:hover\",\"color\":\"\",\"background\":\"#5cace2\",\"border\":\"\"},\"_1488250397318_318\":{\"title\":\"Button Cart product page hover span\",\"selector\":\".product-view .add-to-cart button.button:hover span\",\"color\":\"#ffffff\",\"background\":\"\",\"border\":\"\"}}','2019-12-13 05:00:46'),(1115,'stores',37,'alodesign/footer/color','{\"_1460975745240_240\":{\"title\":\"Link\",\"selector\":\".footer .block-content-statick li a\",\"color\":\"#444444\",\"background\":\"\",\"border\":\"\"},\"_1460975746527_527\":{\"title\":\"Link-hover\",\"selector\":\".footer .block-content-statick li a:hover\",\"color\":\"#5cace2\",\"background\":\"\",\"border\":\"\"},\"_1460975747568_568\":{\"title\":\"Background Top\",\"selector\":\".page-footer .block-footer-top\",\"color\":\"\",\"background\":\"#f8f8f8\",\"border\":\"#f1f1f1\"},\"_1460975750427_427\":{\"title\":\"Background Bottom\",\"selector\":\".page-footer .block-footer-bottom\",\"color\":\"\",\"background\":\"#f8f8f8\",\"border\":\"#f1f1f1\"},\"_1460975754351_351\":{\"title\":\"Background Copyright\",\"selector\":\".footer-color .block-footer-copyright\",\"color\":\"\",\"background\":\"#ffffff\",\"border\":\"\"},\"_1460975759167_167\":{\"title\":\"Text\",\"selector\":\".footer .collapsible p\",\"color\":\"#444444\",\"background\":\"\",\"border\":\"\"},\"_1460975760848_848\":{\"title\":\"Social\",\"selector\":\".footer .social-link\",\"color\":\"#ffffff\",\"background\":\"#aaaaaa\",\"border\":\"\"},\"_1460975762839_839\":{\"title\":\"Social Hover\",\"selector\":\".footer .social-link:hover\",\"color\":\"#ffffff\",\"background\":\"#5cace2\",\"border\":\"\"},\"_1460975764064_64\":{\"title\":\"Subscribe Text\",\"selector\":\".footer .collapsible .form-subscribe-header p\",\"color\":\"#333333\",\"background\":\"\",\"border\":\"\"},\"_1460975765095_95\":{\"title\":\"Subscribe input\",\"selector\":\".block-subscribe input.input-text\",\"color\":\"#333333\",\"background\":\"#ffffff\",\"border\":\"#dddddd\"},\"_1460975766584_584\":{\"title\":\"Subscribe Button\",\"selector\":\".block-subscribe .actions button.button\",\"color\":\"#333333\",\"background\":\"#ffffff\",\"border\":\"#888888\"},\"_1460975767584_584\":{\"title\":\"Subscribe Button Hover\",\"selector\":\".block-subscribe .actions button.button:hover\",\"color\":\"#ffffff\",\"background\":\"#5cace2\",\"border\":\"#5cace2\"},\"_1460976334176_176\":{\"title\":\"Add\",\"selector\":\".footer .block1.block-content-statick li p span\",\"color\":\"#5cace2\",\"background\":\"\",\"border\":\"\"},\"_1461743869638_638\":{\"title\":\"company  link footer\",\"selector\":\".footer-links-company .footer .links a\",\"color\":\"#666666\",\"background\":\"\",\"border\":\"\"},\"_1461743868518_518\":{\"title\":\"company  link footer hover\",\"selector\":\".footer-links-company .footer .links a:hover\",\"color\":\"#5cace2\",\"background\":\"\",\"border\":\"\"},\"_1460976338029_29\":{\"title\":\"Address Text\",\"selector\":\".footer .copyright span\",\"color\":\"#ffffff\",\"background\":\"\",\"border\":\"\"},\"_1460976339045_45\":{\"title\":\"Address Links active\",\"selector\":\".footer a.active\",\"color\":\"#5cace2\",\"background\":\"\",\"border\":\"\"},\"_1460976413138_138\":{\"title\":\"Copyright  Links Hover\",\"selector\":\".block-footer-copyright .footer .links a:hover\",\"color\":\"#5cace2\",\"background\":\"\",\"border\":\"\"},\"_1461745578874_874\":{\"title\":\"Backtotop\",\"selector\":\"#backtotop\",\"color\":\"#ffffff\",\"background\":\"#5cace2\",\"border\":\"\"},\"_1461745619738_738\":{\"title\":\"Backtotop hover\",\"selector\":\"#backtotop:hover\",\"color\":\"#ffffff\",\"background\":\"#444444\",\"border\":\"\"}}','2020-01-02 07:27:03'),(1116,'stores',37,'alothemes/font/google','Lato','2019-12-13 07:24:16'),(1117,'stores',40,'alothemes/font/google','Lato','2019-12-13 09:16:13'),(1118,'stores',40,'alodesign/base/color','{\"_1460970308665_665\":{\"title\":\"Text body\",\"selector\":\"body, h1, h2, h3, h4, h5, h6, .h1, .h2, .h3, .h4, .h5, .h6\",\"color\":\"#333333\",\"background\":\"\",\"border\":\"\"},\"_1460973866805_805\":{\"title\":\"Link body\",\"selector\":\"body.page-layout-1column a,body.page-layout-2columns-left a,body.page-layout-2columns-right a,.block-collapsible-nav .item a\",\"color\":\"#333333\",\"background\":\"\",\"border\":\"\"},\"_1460970355783_783\":{\"title\":\"Link body hover\",\"selector\":\"body a:hover,body a:focus\",\"color\":\"#5cace2\",\"background\":\"\",\"border\":\"\"},\"_1460973917197_197\":{\"title\":\"Background body\",\"selector\":\"body\",\"color\":\"\",\"background\":\"#ffffff\",\"border\":\"\"},\"_1460973918132_132\":{\"title\":\"Label New\",\"selector\":\".labelnew\",\"color\":\"#ffffff\",\"background\":\"#7ac1f7\",\"border\":\"\"},\"_1460973919478_478\":{\"title\":\"Label Sale\",\"selector\":\".labelsale\",\"color\":\"#ffffff\",\"background\":\"#b8b8b8\",\"border\":\"\"},\"_1460973920300_300\":{\"title\":\"Button\",\"selector\":\"button.button, button, .cart .continue, .actions-toolbar .primary a.action,button:focus,.block-wishlist .product-item .product-item-actions .actions-primary .action.tocart\",\"color\":\"#666666\",\"background\":\"#ffffff\",\"border\":\"#aaaaaa\"},\"_1460973921109_109\":{\"title\":\"Button hover\",\"selector\":\"button.button:hover, button:hover, .cart .continue:hover, .actions-toolbar .primary a.action:hover,.block-wishlist .product-item .product-item-actions .actions-primary .action.tocart:hover\",\"color\":\"#ffffff\",\"background\":\"#5cace2\",\"border\":\"#5cace2\"},\"_1460974143044_44\":{\"title\":\"Button checkout\",\"selector\":\".cart-container .checkout-methods-items .action.primary\",\"color\":\"#ffffff\",\"background\":\"#5cace2\",\"border\":\"#5cace2\"},\"_1460974161636_636\":{\"title\":\"Button checkout hover\",\"selector\":\".cart-container .checkout-methods-items .action.primary:hover\",\"color\":\"#242628\",\"background\":\"#ffffff\",\"border\":\"\"},\"_1487749465584_584\":{\"title\":\"opc-progress-bar\",\"selector\":\".opc-progress-bar-item:before\",\"color\":\"\",\"background\":\"#e4e4e4\",\"border\":\"\"},\"_1487749465391_391\":{\"title\":\"opc-progress-bar after\",\"selector\":\".opc-progress-bar-item > span:after\",\"color\":\"#333333\",\"background\":\"#ffffff\",\"border\":\"\"},\"_1487749464737_737\":{\"title\":\"opc-progress-bar before after\",\"selector\":\".opc-progress-bar-item > span:before\",\"color\":\"\",\"background\":\"#e4e4e4\",\"border\":\"\"},\"_1487749538580_580\":{\"title\":\"opc-progress-bar active\",\"selector\":\".opc-progress-bar-item._active:before\",\"color\":\"\",\"background\":\"#5cace2\",\"border\":\"\"},\"_1487749537959_959\":{\"title\":\"opc-progress-bar active before\",\"selector\":\".opc-progress-bar-item._active > span:before\",\"color\":\"\",\"background\":\"#5cace2\",\"border\":\"\"},\"_1487750604787_787\":{\"title\":\"shipping-address active\",\"selector\":\".opc-wrapper .shipping-address-item.selected-item\",\"color\":\"\",\"background\":\"\",\"border\":\"#5cace2\"},\"_1487750605425_425\":{\"title\":\"shipping-address active after\",\"selector\":\".opc-wrapper .shipping-address-item.selected-item:after\",\"color\":\"#ffffff\",\"background\":\"#5cace2\",\"border\":\"\"},\"_1462359190350_350\":{\"title\":\"Slide caption1\",\"selector\":\".home-slider .slick-slide.slick-active .figcaption .caption1\",\"color\":\"#000000\",\"background\":\"\",\"border\":\"\"},\"_1462359194278_278\":{\"title\":\"Slide caption2\",\"selector\":\".home-slider .slick-slide.slick-active .figcaption .caption2\",\"color\":\"#aaaaaa\",\"background\":\"\",\"border\":\"\"},\"_1462359195592_592\":{\"title\":\"Slide caption3\",\"selector\":\".home-slider .slick-slide.slick-active .figcaption .caption3,.caption3 strong\",\"color\":\"#ffffff\",\"background\":\"\",\"border\":\"\"},\"_1462359677068_68\":{\"title\":\"Slide2 caption1\",\"selector\":\".home-slider .slick-slide.slick-active .figcaption .text-slide2 .caption1\",\"color\":\"#000000\",\"background\":\"\",\"border\":\"\"},\"_1576222402859_859\":{\"title\":\"read more hover\",\"selector\":\".post-info .post-read-more:hover\",\"color\":\"#5cace2\",\"background\":\"\",\"border\":\"\"},\"_1577950038950_950\":{\"title\":\"filter\",\"selector\":\"#layerednav_price_slider .ui-slider-handle\",\"color\":\"\",\"background\":\"#5cace2\",\"border\":\"\"},\"_1577950039161_161\":{\"title\":\"pages hover, active\",\"selector\":\".pages li.current, .pages li:hover, .pages li a:hover\",\"color\":\"#ffffff\",\"background\":\"#5cace2\",\"border\":\"#5cace2\"},\"_1577955365696_696\":{\"title\":\"cart popup button \",\"selector\":\".modals-ajaxcart .modal-content .actions .action\",\"color\":\"#fff\",\"background\":\"#5cace2\",\"border\":\"#5cace2\"},\"_1577955366211_211\":{\"title\":\"cart popup button hover\",\"selector\":\".modals-ajaxcart .modal-content .actions .action:hover\",\"color\":\"#333\",\"background\":\"rgba(0,0,0,0)\",\"border\":\"#5cace2\"}}','2020-01-02 08:56:31'),(1119,'stores',40,'alodesign/header/color','{\"_1460974842988_988\":{\"title\":\"Link\",\"selector\":\".page-header a\",\"color\":\"#333333\",\"background\":\"\",\"border\":\"\"},\"_1460974844035_35\":{\"title\":\"Link hover\",\"selector\":\".page-header a:hover\",\"color\":\"#5cace2\",\"background\":\"\",\"border\":\"\"},\"_1461745654953_953\":{\"title\":\"Sign In or Register\",\"selector\":\".header .top-links li a\",\"color\":\"#5cace2\",\"background\":\"\",\"border\":\"\"},\"_1460974844914_914\":{\"title\":\"Language,Currency\",\"selector\":\".header .header-top .label-title, .text-setting, .text-setting:after, .header .header-top .label-title:after, .icon-search, .header .header-top-link li, .header .currency_top li\",\"color\":\"#333333\",\"background\":\"\",\"border\":\"\"},\"_1460974846347_347\":{\"title\":\"Language,Currency(hover)\",\"selector\":\".header .header-top .label-title:hover, .text-setting:hover, .text-setting:hover:after, .header .header-top .label-title:hover:after, .icon-search:hover, .header .header-top-link li:hover, .header .currency_top li:hover\",\"color\":\"#5cace2\",\"background\":\"\",\"border\":\"\"},\"_1460974849970_970\":{\"title\":\"Background Top Color\",\"selector\":\".header-top\",\"color\":\"\",\"background\":\"#ffffff\",\"border\":\"#efefef\"},\"_1460974850895_895\":{\"title\":\"Background Content Color\",\"selector\":\".header-content\",\"color\":\"\",\"background\":\"#ffffff\",\"border\":\"\"},\"_1460974851962_962\":{\"title\":\"Background Bottom Color\",\"selector\":\".header-bottom\",\"color\":\"\",\"background\":\"#ffffff\",\"border\":\"\"},\"_1461746040974_974\":{\"title\":\"Minicart qty\",\"selector\":\".minicart-wrapper .action.showcart .counter.qty\",\"color\":\"#333333\",\"background\":\"rgba(0, 0, 0, 0)\",\"border\":\"\"},\"_1461747058784_784\":{\"title\":\"Minicart box dropdown\",\"selector\":\".minicart-wrapper .block-minicart\",\"color\":\"\",\"background\":\"#ffffff\",\"border\":\"#f0f0f0\"},\"_1461746040733_733\":{\"title\":\"Minicart checkout\",\"selector\":\".block-minicart .block-content .actions .primary .action.primary.checkout\",\"color\":\"#ffffff\",\"background\":\"#5cace2\",\"border\":\"#5cace2\"},\"_1461746040514_514\":{\"title\":\"Minicart viewcart\",\"selector\":\".block-minicart .block-content .actions .secondary .viewcart\",\"color\":\"#666666\",\"background\":\"\",\"border\":\"#aaaaaa\"},\"_1461746040213_213\":{\"title\":\"Minicart viewcart hover\",\"selector\":\".block-minicart .block-content .actions .secondary .viewcart:hover\",\"color\":\"#ffffff\",\"background\":\"#5cace2\",\"border\":\"#5cace2\"},\"_1460974852706_706\":{\"title\":\"Background Drop-down-menu\",\"selector\":\".magicmenu .nav-desktop .level0 .level-top-mega,.magicmenu .nav-desktop .level0.dropdown .hasChild ul, .magicmenu .nav-desktop .level0.dropdown .hasChild ul,.magicmenu .nav-desktop .level0.dropdown .level0\",\"color\":\"\",\"background\":\"#ffffff\",\"border\":\"#f0f0f0\"},\"_1460974853562_562\":{\"title\":\"Item-menu\",\"selector\":\".magicmenu .nav-desktop .level0 .level-top\",\"color\":\"#333333\",\"background\":\"\",\"border\":\"\"},\"_1460975123617_617\":{\"title\":\"Item-menu(hover,active)\",\"selector\":\".magicmenu .nav-desktop .level0.over a,.magicmenu .nav-desktop .level0.active a, .magicmenu .nav-desktop .level0.active a span.icon-text, .magicmenu .nav-desktop .level0 a:hover, .magicmenu .nav-desktop .level0 a.icon-text:hover\",\"color\":\"#5cace2\",\"background\":\"rgba(0, 0, 0, 0)\",\"border\":\"\"},\"_1460975135746_746\":{\"title\":\"Drop-down-menu-link-leve2\",\"selector\":\".magicmenu .nav-desktop .level0 .level-top-mega .children.level1 &gt; a\",\"color\":\"#333333\",\"background\":\"\",\"border\":\"\"},\"_1460975137282_282\":{\"title\":\"Drop-down-menu-link-leve3\",\"selector\":\".magicmenu .nav-desktop .level0 .level-top-mega .children a, .magicmenu .nav-desktop p,.magicmenu .level0.home .level-top-mega a .demo-home,.magicmenu .nav-desktop .level0.dropdown ul li a, .vmagicmenu .vmagicmenu-narrow .level0.dropdown ul li a\",\"color\":\"#666666\",\"background\":\"\",\"border\":\"\"},\"_1460975138353_353\":{\"title\":\"Drop-down-menu-link-hover\",\"selector\":\".magicmenu .nav-desktop .level0 .level-top-mega .children a:hover,.magicmenu .nav-desktop .level0.dropdown ul li a:hover, .vmagicmenu .vmagicmenu-narrow .level0.dropdown ul li a:hover\",\"color\":\"#5cace2\",\"background\":\"\",\"border\":\"\"},\"_1471964487129_129\":{\"title\":\"Background Vmenu\",\"selector\":\".vmagicmenu .block-title\",\"color\":\"\",\"background\":\"#5cace2\",\"border\":\"\"},\"_1471964488405_405\":{\"title\":\"Vmenu Title\",\"selector\":\".vmagicmenu .block-title span\",\"color\":\"#ffffff\",\"background\":\"\",\"border\":\"\"},\"_1471964489567_567\":{\"title\":\"Background Vmenu Content\",\"selector\":\".vmagicmenu .level0 .level-top-mega, .vmagicmenu .vmagicmenu-narrow .level0.dropdown ul\",\"color\":\"\",\"background\":\"#ffffff\",\"border\":\"#ececec\"}}','2019-12-13 09:16:13'),(1120,'stores',40,'alodesign/left/color','{\"_1461733216439_439\":{\"title\":\"Title filter\",\"selector\":\".filter-options .filter-options-title\",\"color\":\"#5cace2\",\"background\":\"\",\"border\":\"\"}}','2019-12-13 09:16:13'),(1121,'stores',40,'alodesign/right/color','{\"_1461733250879_879\":{\"title\":\"Title filter\",\"selector\":\".filter-options .filter-options-title\",\"color\":\"#5cace2\",\"background\":\"\",\"border\":\"\"}}','2019-12-13 09:16:13'),(1122,'stores',40,'alodesign/content/color','{\"_1461730970276_276\":{\"title\":\"Icon wishlist,compare\",\"selector\":\".item .actions-no .add-to-links a,.products-list .item .product-item-inner .add-to-links .action,.product-view .product-shop .product-social-links a, .product-add-form .product-social-links a\",\"color\":\"#666666\",\"background\":\"#ffffff\",\"border\":\"#aaaaaa\"},\"_1461731118212_212\":{\"title\":\"Icon(hover) wishlist,compare\",\"selector\":\".item .actions-no .add-to-links a:hover,.products-list .item .product-item-inner .add-to-links .action:hover,.product-view .product-shop .product-social-links a:hover, .product-add-form .product-social-links a:hover\",\"color\":\"#ffffff\",\"background\":\"#5cace2\",\"border\":\"#5cace2\"},\"_1461732155993_993\":{\"title\":\"Title product name\",\"selector\":\".product-item-name .product-item-link\",\"color\":\"#333333\",\"background\":\"\",\"border\":\"\"},\"_1461732172241_241\":{\"title\":\"Title product name hover\",\"selector\":\".product-item-name .product-item-link:hover\",\"color\":\"#5cace2\",\"background\":\"\",\"border\":\"\"},\"_1461732471049_49\":{\"title\":\"Toolbar modes mode\",\"selector\":\".toolbar .modes-mode\",\"color\":\"#aaaaaa\",\"background\":\"\",\"border\":\"#aaaaaa\"},\"_1461732472360_360\":{\"title\":\"Toolbar modes mode active,hover\",\"selector\":\".toolbar .modes-mode.active, .toolbar .modes-mode:hover\",\"color\":\"#5cace2\",\"background\":\"\",\"border\":\"#aaaaaa\"},\"_1461744389557_557\":{\"title\":\"Policy box\",\"selector\":\".support-footer-inner .row-normal\",\"color\":\"\",\"background\":\"\",\"border\":\"#dddddd\"},\"_1461744449922_922\":{\"title\":\"Policy box 2\",\"selector\":\".support-footer-inner .row-normal::before\",\"color\":\"\",\"background\":\"\",\"border\":\"#dddddd\"},\"_1461744469700_700\":{\"title\":\"Policy icon\",\"selector\":\".support-footer-inner .support-icon .icons, .support-footer-inner .support-icon .fa\",\"color\":\"#5cace2\",\"background\":\"\",\"border\":\"\"},\"_1461744513613_613\":{\"title\":\"Policy title\",\"selector\":\".support-footer-inner .support-info .info-title\",\"color\":\"#2a2a2a\",\"background\":\"\",\"border\":\"\"},\"_1488248050490_490\":{\"title\":\"Popup Newsletter Title\",\"selector\":\"#popup-newsletter .form-subscribe-header label\",\"color\":\"#333333\",\"background\":\"\",\"border\":\"\"},\"_1488248051390_390\":{\"title\":\"Popup Newsletter promotions\",\"selector\":\"#popup-newsletter .block-content span\",\"color\":\"#333333\",\"background\":\"\",\"border\":\"\"},\"_1488248051583_583\":{\"title\":\"Popup Newsletter promotions sale\",\"selector\":\"#popup-newsletter .block-content span.saleoff\",\"color\":\"#5cace2\",\"background\":\"\",\"border\":\"\"},\"_1488248051776_776\":{\"title\":\"Popup Newsletter Box input\",\"selector\":\"#popup-newsletter .block-content input.input-text\",\"color\":\"#666666\",\"background\":\"#ebebeb\",\"border\":\"#e3e3e3\"},\"_1488248145476_476\":{\"title\":\"Popup Newsletter button\",\"selector\":\"#popup-newsletter .block-content button.button\",\"color\":\"\",\"background\":\"#5cace2\",\"border\":\"\"},\"_1488248182735_735\":{\"title\":\"Popup Newsletter button\",\"selector\":\"#popup-newsletter .block-content button.button span\",\"color\":\"#ffffff\",\"background\":\"\",\"border\":\"\"},\"_1488248216941_941\":{\"title\":\"Popup Newsletter button hover\",\"selector\":\"#popup-newsletter .block-content button.button:hover\",\"color\":\"\",\"background\":\"#333333\",\"border\":\"\"},\"_1488247199593_593\":{\"title\":\"Price color\",\"selector\":\".price-box .price,.special-price .price\",\"color\":\"#5cace2\",\"background\":\"\",\"border\":\"\"},\"_1488250596665_665\":{\"title\":\"Price color\",\"selector\":\".old-price .price\",\"color\":\"#cccccc\",\"background\":\"\",\"border\":\"\"},\"_1488247201304_304\":{\"title\":\"Breadcrumbs\",\"selector\":\".breadcrumbs li strong\",\"color\":\"#5cace2\",\"background\":\"\",\"border\":\"\"},\"_1488247202241_241\":{\"title\":\"Button Cart product page\",\"selector\":\".product-view .add-to-cart button.button\",\"color\":\"\",\"background\":\"#5cace2\",\"border\":\"\"},\"_1488247204424_424\":{\"title\":\"Button Cart product page\",\"selector\":\".product-view .add-to-cart button.button span\",\"color\":\"#ffffff\",\"background\":\"\",\"border\":\"\"},\"_1488250396496_496\":{\"title\":\"Button Cart product page hover\",\"selector\":\".product-view .add-to-cart button.button:hover\",\"color\":\"\",\"background\":\"#5cace2\",\"border\":\"\"},\"_1488250397318_318\":{\"title\":\"Button Cart product page hover span\",\"selector\":\".product-view .add-to-cart button.button:hover span\",\"color\":\"#ffffff\",\"background\":\"\",\"border\":\"\"}}','2019-12-13 09:16:13'),(1123,'stores',40,'alodesign/footer/color','{\"_1460975745240_240\":{\"title\":\"Link\",\"selector\":\".footer .block-content-statick li a\",\"color\":\"#444444\",\"background\":\"\",\"border\":\"\"},\"_1460975746527_527\":{\"title\":\"Link-hover\",\"selector\":\".footer .block-content-statick li a:hover\",\"color\":\"#5cace2\",\"background\":\"\",\"border\":\"\"},\"_1460975747568_568\":{\"title\":\"Background Top\",\"selector\":\".page-footer .block-footer-top\",\"color\":\"\",\"background\":\"#f8f8f8\",\"border\":\"#f1f1f1\"},\"_1460975750427_427\":{\"title\":\"Background Bottom\",\"selector\":\".page-footer .block-footer-bottom\",\"color\":\"\",\"background\":\"#f8f8f8\",\"border\":\"#f1f1f1\"},\"_1460975754351_351\":{\"title\":\"Background Copyright\",\"selector\":\".footer-color .block-footer-copyright\",\"color\":\"\",\"background\":\"#ffffff\",\"border\":\"\"},\"_1460975759167_167\":{\"title\":\"Text\",\"selector\":\".footer .collapsible p\",\"color\":\"#444444\",\"background\":\"\",\"border\":\"\"},\"_1460975760848_848\":{\"title\":\"Social\",\"selector\":\".footer .social-link\",\"color\":\"#ffffff\",\"background\":\"#aaaaaa\",\"border\":\"\"},\"_1460975762839_839\":{\"title\":\"Social Hover\",\"selector\":\".footer .social-link:hover\",\"color\":\"#ffffff\",\"background\":\"#5cace2\",\"border\":\"\"},\"_1460975764064_64\":{\"title\":\"Subscribe Text\",\"selector\":\".footer .collapsible .form-subscribe-header p\",\"color\":\"#333333\",\"background\":\"\",\"border\":\"\"},\"_1460975765095_95\":{\"title\":\"Subscribe input\",\"selector\":\".block-subscribe input.input-text\",\"color\":\"#333333\",\"background\":\"#ffffff\",\"border\":\"#dddddd\"},\"_1460975766584_584\":{\"title\":\"Subscribe Button\",\"selector\":\".block-subscribe .actions button.button\",\"color\":\"#333333\",\"background\":\"#ffffff\",\"border\":\"#888888\"},\"_1460975767584_584\":{\"title\":\"Subscribe Button Hover\",\"selector\":\".block-subscribe .actions button.button:hover\",\"color\":\"#ffffff\",\"background\":\"#5cace2\",\"border\":\"#5cace2\"},\"_1460976334176_176\":{\"title\":\"Add\",\"selector\":\".footer .block1.block-content-statick li p span\",\"color\":\"#5cace2\",\"background\":\"\",\"border\":\"\"},\"_1461743869638_638\":{\"title\":\"company  link footer\",\"selector\":\".footer-links-company .footer .links a\",\"color\":\"#666666\",\"background\":\"\",\"border\":\"\"},\"_1461743868518_518\":{\"title\":\"company  link footer hover\",\"selector\":\".footer-links-company .footer .links a:hover\",\"color\":\"#5cace2\",\"background\":\"\",\"border\":\"\"},\"_1460976338029_29\":{\"title\":\"Address Text\",\"selector\":\".footer .copyright span\",\"color\":\"#ffffff\",\"background\":\"\",\"border\":\"\"},\"_1460976339045_45\":{\"title\":\"Address Links active\",\"selector\":\".footer a.active\",\"color\":\"#5cace2\",\"background\":\"\",\"border\":\"\"},\"_1460976413138_138\":{\"title\":\"Copyright  Links Hover\",\"selector\":\".block-footer-copyright .footer .links a:hover\",\"color\":\"#5cace2\",\"background\":\"\",\"border\":\"\"},\"_1461745578874_874\":{\"title\":\"Backtotop\",\"selector\":\"#backtotop\",\"color\":\"#ffffff\",\"background\":\"#5cace2\",\"border\":\"\"},\"_1461745619738_738\":{\"title\":\"Backtotop hover\",\"selector\":\"#backtotop:hover\",\"color\":\"#ffffff\",\"background\":\"#444444\",\"border\":\"\"}}','2020-01-02 07:27:44'),(1124,'stores',40,'alodesign/extra_css/color','.vmagicmenu .level-top a{color: #333333;}\r\n.vmagicmenu .level-top a:hover{color: #ff5555}','2020-01-02 07:27:44'),(1125,'stores',40,'magicmenu/general/dropdown','159,160,161','2019-12-13 09:16:13'),(1126,'stores',40,'magicmenu/topmenu/switcher','1199','2019-12-13 09:16:13'),(1127,'stores',38,'magicmenu/general/dropdown','193,192,191','2019-12-13 10:12:14'),(1128,'stores',38,'magicmenu/topmenu/switcher','1199','2019-12-13 10:12:24'),(1129,'stores',38,'alodesign/base/color','{\"_1460970308665_665\":{\"title\":\"Text body\",\"selector\":\"body, h1, h2, h3, h4, h5, h6, .h1, .h2, .h3, .h4, .h5, .h6\",\"color\":\"#333333\",\"background\":\"\",\"border\":\"\"},\"_1460973866805_805\":{\"title\":\"Link body\",\"selector\":\"body.page-layout-1column a,body.page-layout-2columns-left a,body.page-layout-2columns-right a,.block-collapsible-nav .item a\",\"color\":\"#333333\",\"background\":\"\",\"border\":\"\"},\"_1460970355783_783\":{\"title\":\"Link body hover\",\"selector\":\"body a:hover,body a:focus\",\"color\":\"#ff00aa\",\"background\":\"\",\"border\":\"\"},\"_1460973917197_197\":{\"title\":\"Background body\",\"selector\":\"body\",\"color\":\"\",\"background\":\"#ffffff\",\"border\":\"\"},\"_1460973918132_132\":{\"title\":\"Label New\",\"selector\":\".labelnew\",\"color\":\"#ffffff\",\"background\":\"#7ac1f7\",\"border\":\"\"},\"_1460973919478_478\":{\"title\":\"Label Sale\",\"selector\":\".labelsale\",\"color\":\"#ffffff\",\"background\":\"#b8b8b8\",\"border\":\"\"},\"_1460973920300_300\":{\"title\":\"Button\",\"selector\":\"button.button, button, .cart .continue, .actions-toolbar .primary a.action,button:focus,.block-wishlist .product-item .product-item-actions .actions-primary .action.tocart\",\"color\":\"#666666\",\"background\":\"#ffffff\",\"border\":\"#aaaaaa\"},\"_1460973921109_109\":{\"title\":\"Button hover\",\"selector\":\"button.button:hover, button:hover, .cart .continue:hover, .actions-toolbar .primary a.action:hover,.block-wishlist .product-item .product-item-actions .actions-primary .action.tocart:hover\",\"color\":\"#ffffff\",\"background\":\"#ff00aa\",\"border\":\"#ff00aa\"},\"_1460974143044_44\":{\"title\":\"Button checkout\",\"selector\":\".cart-container .checkout-methods-items .action.primary\",\"color\":\"#ffffff\",\"background\":\"#ff00aa\",\"border\":\"#ff00aa\"},\"_1460974161636_636\":{\"title\":\"Button checkout hover\",\"selector\":\".cart-container .checkout-methods-items .action.primary:hover\",\"color\":\"#242628\",\"background\":\"#ffffff\",\"border\":\"\"},\"_1487749465584_584\":{\"title\":\"opc-progress-bar\",\"selector\":\".opc-progress-bar-item:before\",\"color\":\"\",\"background\":\"#e4e4e4\",\"border\":\"\"},\"_1487749465391_391\":{\"title\":\"opc-progress-bar after\",\"selector\":\".opc-progress-bar-item > span:after\",\"color\":\"#333333\",\"background\":\"#ffffff\",\"border\":\"\"},\"_1487749464737_737\":{\"title\":\"opc-progress-bar before after\",\"selector\":\".opc-progress-bar-item > span:before\",\"color\":\"\",\"background\":\"#e4e4e4\",\"border\":\"\"},\"_1487749538580_580\":{\"title\":\"opc-progress-bar active\",\"selector\":\".opc-progress-bar-item._active:before\",\"color\":\"\",\"background\":\"#ff00aa\",\"border\":\"\"},\"_1487749537959_959\":{\"title\":\"opc-progress-bar active before\",\"selector\":\".opc-progress-bar-item._active > span:before\",\"color\":\"\",\"background\":\"#ff00aa\",\"border\":\"\"},\"_1487750604787_787\":{\"title\":\"shipping-address active\",\"selector\":\".opc-wrapper .shipping-address-item.selected-item\",\"color\":\"\",\"background\":\"\",\"border\":\"#ff00aa\"},\"_1487750605425_425\":{\"title\":\"shipping-address active after\",\"selector\":\".opc-wrapper .shipping-address-item.selected-item:after\",\"color\":\"#ffffff\",\"background\":\"#ff00aa\",\"border\":\"\"},\"_1462359190350_350\":{\"title\":\"Slide caption1\",\"selector\":\".home-slider .slick-slide.slick-active .figcaption .caption1\",\"color\":\"#aaaaaa\",\"background\":\"\",\"border\":\"\"},\"_1462359194278_278\":{\"title\":\"Slide caption2\",\"selector\":\".home-slider .slick-slide.slick-active .figcaption .caption2\",\"color\":\"#888888\",\"background\":\"\",\"border\":\"\"},\"_1462359195592_592\":{\"title\":\"Slide caption3\",\"selector\":\".home-slider .slick-slide.slick-active .figcaption .caption3,.caption3 strong\",\"color\":\"#ffffff\",\"background\":\"\",\"border\":\"\"},\"_1462359677068_68\":{\"title\":\"Slide2 caption1\",\"selector\":\".home-slider .slick-slide.slick-active .figcaption .text-slide2 .caption1\",\"color\":\"#000000\",\"background\":\"\",\"border\":\"\"},\"_1577950110823_823\":{\"title\":\"read more hover\",\"selector\":\".post-info .post-read-more:hover\",\"color\":\"#ff00aa\",\"background\":\"\",\"border\":\"\"},\"_1577950111036_36\":{\"title\":\"filter\",\"selector\":\"#layerednav_price_slider .ui-slider-handle\",\"color\":\"\",\"background\":\"#ff00aa\",\"border\":\"\"},\"_1577950111979_979\":{\"title\":\"pages hover, active\",\"selector\":\".pages li.current, .pages li:hover, .pages li a:hover\",\"color\":\"#ffffff\",\"background\":\"#ff00aa\",\"border\":\"#ff00aa\"},\"_1577953441324_324\":{\"title\":\"cart popup button \",\"selector\":\".modals-ajaxcart .modal-content .actions .action\",\"color\":\"#ffffff\",\"background\":\"#ff00aa\",\"border\":\"#ff00aa\"},\"_1577953445398_398\":{\"title\":\"cart popup button hover\",\"selector\":\".modals-ajaxcart .modal-content .actions .action:hover\",\"color\":\"#333\",\"background\":\"rgba(0, 0, 0, 0)\",\"border\":\"#ff00aa\"}}','2020-01-02 08:26:23'),(1130,'stores',38,'alodesign/header/color','{\"_1460974842988_988\":{\"title\":\"Link\",\"selector\":\".page-header a\",\"color\":\"#333333\",\"background\":\"\",\"border\":\"\"},\"_1460974844035_35\":{\"title\":\"Link hover\",\"selector\":\".page-header a:hover\",\"color\":\"#ff00aa\",\"background\":\"\",\"border\":\"\"},\"_1461745654953_953\":{\"title\":\"Sign In or Register\",\"selector\":\".header .top-links li a\",\"color\":\"#ff00aa\",\"background\":\"\",\"border\":\"\"},\"_1460974844914_914\":{\"title\":\"Language,Currency\",\"selector\":\".header .header-top .label-title, .text-setting, .text-setting:after, .header .header-top .label-title:after, .icon-search, .header .header-top-link li, .header .currency_top li\",\"color\":\"#333333\",\"background\":\"\",\"border\":\"\"},\"_1460974846347_347\":{\"title\":\"Language,Currency(hover)\",\"selector\":\".header .header-top .label-title:hover, .text-setting:hover, .text-setting:hover:after, .header .header-top .label-title:hover:after, .icon-search:hover, .header .header-top-link li:hover, .header .currency_top li:hover\",\"color\":\"#ff00aa\",\"background\":\"\",\"border\":\"\"},\"_1460974849970_970\":{\"title\":\"Background Top Color\",\"selector\":\".header-top\",\"color\":\"\",\"background\":\"#ffffff\",\"border\":\"#efefef\"},\"_1460974850895_895\":{\"title\":\"Background Content Color\",\"selector\":\".header-content\",\"color\":\"\",\"background\":\"\",\"border\":\"\"},\"_1460974851962_962\":{\"title\":\"Background Bottom Color\",\"selector\":\".header-bottom\",\"color\":\"\",\"background\":\"#ffffff\",\"border\":\"\"},\"_1461746040974_974\":{\"title\":\"Minicart qty\",\"selector\":\".minicart-wrapper .action.showcart .counter.qty\",\"color\":\"#ffffff\",\"background\":\"#ff00aa\",\"border\":\"\"},\"_1461747058784_784\":{\"title\":\"Minicart box dropdown\",\"selector\":\".minicart-wrapper .block-minicart\",\"color\":\"\",\"background\":\"#ffffff\",\"border\":\"#f0f0f0\"},\"_1461746040733_733\":{\"title\":\"Minicart checkout\",\"selector\":\".block-minicart .block-content .actions .primary .action.primary.checkout\",\"color\":\"#ffffff\",\"background\":\"#ff00aa\",\"border\":\"#ff00aa\"},\"_1461746040514_514\":{\"title\":\"Minicart viewcart\",\"selector\":\".block-minicart .block-content .actions .secondary .viewcart\",\"color\":\"#666666\",\"background\":\"\",\"border\":\"#aaaaaa\"},\"_1461746040213_213\":{\"title\":\"Minicart viewcart hover\",\"selector\":\".block-minicart .block-content .actions .secondary .viewcart:hover\",\"color\":\"#ffffff\",\"background\":\"#ff00aa\",\"border\":\"#ff00aa\"},\"_1460974852706_706\":{\"title\":\"Background Drop-down-menu\",\"selector\":\".magicmenu .nav-desktop .level0 .level-top-mega,.magicmenu .nav-desktop .level0.dropdown .hasChild ul, .magicmenu .nav-desktop .level0.dropdown .hasChild ul,.magicmenu .nav-desktop .level0.dropdown .level0\",\"color\":\"\",\"background\":\"#ffffff\",\"border\":\"#f0f0f0\"},\"_1460974853562_562\":{\"title\":\"Item-menu\",\"selector\":\".magicmenu .nav-desktop .level0 .level-top\",\"color\":\"#333333\",\"background\":\"\",\"border\":\"\"},\"_1460975123617_617\":{\"title\":\"Item-menu(hover,active)\",\"selector\":\".magicmenu .nav-desktop .level0.over a,.magicmenu .nav-desktop .level0.active a, .magicmenu .nav-desktop .level0.active a span.icon-text, .magicmenu .nav-desktop .level0 a:hover, .magicmenu .nav-desktop .level0 a.icon-text:hover\",\"color\":\"#ff00aa\",\"background\":\"rgba(0, 0, 0, 0)\",\"border\":\"\"},\"_1460975135746_746\":{\"title\":\"Drop-down-menu-link-leve2\",\"selector\":\".magicmenu .nav-desktop .level0 .level-top-mega .children.level1 &gt; a\",\"color\":\"#333333\",\"background\":\"\",\"border\":\"\"},\"_1460975137282_282\":{\"title\":\"Drop-down-menu-link-leve3\",\"selector\":\".magicmenu .nav-desktop .level0 .level-top-mega .children a, .magicmenu .nav-desktop p,.magicmenu .level0.home .level-top-mega a .demo-home,.magicmenu .nav-desktop .level0.dropdown ul li a, .vmagicmenu .vmagicmenu-narrow .level0.dropdown ul li a\",\"color\":\"#666666\",\"background\":\"\",\"border\":\"\"},\"_1460975138353_353\":{\"title\":\"Drop-down-menu-link-hover\",\"selector\":\".magicmenu .nav-desktop .level0 .level-top-mega .children a:hover,.magicmenu .nav-desktop .level0.dropdown ul li a:hover, .vmagicmenu .vmagicmenu-narrow .level0.dropdown ul li a:hover\",\"color\":\"#ff00aa\",\"background\":\"\",\"border\":\"\"},\"_1471964487129_129\":{\"title\":\"Background Vmenu\",\"selector\":\".vmagicmenu .block-title\",\"color\":\"\",\"background\":\"#ff00aa\",\"border\":\"\"},\"_1471964488405_405\":{\"title\":\"Vmenu Title\",\"selector\":\".vmagicmenu .block-title span\",\"color\":\"#ffffff\",\"background\":\"\",\"border\":\"\"},\"_1471964489567_567\":{\"title\":\"Background Vmenu Content\",\"selector\":\".vmagicmenu .level0 .level-top-mega, .vmagicmenu .vmagicmenu-narrow .level0.dropdown ul\",\"color\":\"\",\"background\":\"#ffffff\",\"border\":\"#ececec\"}}','2019-12-31 02:21:21'),(1131,'stores',38,'alodesign/left/color','{\"_1461733216439_439\":{\"title\":\"Title filter\",\"selector\":\".filter-options .filter-options-title\",\"color\":\"#ff00aa\",\"background\":\"\",\"border\":\"\"}}','2019-12-13 10:14:23'),(1132,'stores',38,'alodesign/right/color','{\"_1461733250879_879\":{\"title\":\"Title filter\",\"selector\":\".filter-options .filter-options-title\",\"color\":\"#ff00aa\",\"background\":\"\",\"border\":\"\"}}','2019-12-13 10:14:23'),(1133,'stores',38,'alodesign/content/color','{\"_1461730970276_276\":{\"title\":\"Icon wishlist,compare\",\"selector\":\".item .actions-no .add-to-links a,.products-list .item .product-item-inner .add-to-links .action,.product-view .product-shop .product-social-links a, .product-add-form .product-social-links a\",\"color\":\"#666666\",\"background\":\"#ffffff\",\"border\":\"#aaaaaa\"},\"_1461731118212_212\":{\"title\":\"Icon(hover) wishlist,compare\",\"selector\":\".item .actions-no .add-to-links a:hover,.products-list .item .product-item-inner .add-to-links .action:hover,.product-view .product-shop .product-social-links a:hover, .product-add-form .product-social-links a:hover\",\"color\":\"#ffffff\",\"background\":\"#ff00aa\",\"border\":\"#ff00aa\"},\"_1461732155993_993\":{\"title\":\"Title product name\",\"selector\":\".product-item-name .product-item-link\",\"color\":\"#333333\",\"background\":\"\",\"border\":\"\"},\"_1461732172241_241\":{\"title\":\"Title product name hover\",\"selector\":\".product-item-name .product-item-link:hover\",\"color\":\"#ff00aa\",\"background\":\"\",\"border\":\"\"},\"_1461732471049_49\":{\"title\":\"Toolbar modes mode\",\"selector\":\".toolbar .modes-mode\",\"color\":\"#aaaaaa\",\"background\":\"\",\"border\":\"#aaaaaa\"},\"_1461732472360_360\":{\"title\":\"Toolbar modes mode active,hover\",\"selector\":\".toolbar .modes-mode.active, .toolbar .modes-mode:hover\",\"color\":\"#ff00aa\",\"background\":\"\",\"border\":\"#aaaaaa\"},\"_1461744389557_557\":{\"title\":\"Policy box\",\"selector\":\".support-footer-inner .row-normal\",\"color\":\"\",\"background\":\"\",\"border\":\"#dddddd\"},\"_1461744449922_922\":{\"title\":\"Policy box 2\",\"selector\":\".support-footer-inner .row-normal::before\",\"color\":\"\",\"background\":\"\",\"border\":\"#dddddd\"},\"_1461744469700_700\":{\"title\":\"Policy icon\",\"selector\":\".support-footer-inner .support-icon .icons, .support-footer-inner .support-icon .fa\",\"color\":\"#ff00aa\",\"background\":\"\",\"border\":\"\"},\"_1461744513613_613\":{\"title\":\"Policy title\",\"selector\":\".support-footer-inner .support-info .info-title\",\"color\":\"#2a2a2a\",\"background\":\"\",\"border\":\"\"},\"_1488248050490_490\":{\"title\":\"Popup Newsletter Title\",\"selector\":\"#popup-newsletter .form-subscribe-header label\",\"color\":\"#333333\",\"background\":\"\",\"border\":\"\"},\"_1488248051390_390\":{\"title\":\"Popup Newsletter promotions\",\"selector\":\"#popup-newsletter .block-content span\",\"color\":\"#333333\",\"background\":\"\",\"border\":\"\"},\"_1488248051583_583\":{\"title\":\"Popup Newsletter promotions sale\",\"selector\":\"#popup-newsletter .block-content span.saleoff\",\"color\":\"#ff00aa\",\"background\":\"\",\"border\":\"\"},\"_1488248051776_776\":{\"title\":\"Popup Newsletter Box input\",\"selector\":\"#popup-newsletter .block-content input.input-text\",\"color\":\"#666666\",\"background\":\"#ebebeb\",\"border\":\"#e3e3e3\"},\"_1488248145476_476\":{\"title\":\"Popup Newsletter button\",\"selector\":\"#popup-newsletter .block-content button.button\",\"color\":\"\",\"background\":\"#ff00aa\",\"border\":\"\"},\"_1488248182735_735\":{\"title\":\"Popup Newsletter button\",\"selector\":\"#popup-newsletter .block-content button.button span\",\"color\":\"#ffffff\",\"background\":\"\",\"border\":\"\"},\"_1488248216941_941\":{\"title\":\"Popup Newsletter button hover\",\"selector\":\"#popup-newsletter .block-content button.button:hover\",\"color\":\"\",\"background\":\"#333333\",\"border\":\"\"},\"_1488247199593_593\":{\"title\":\"Price color\",\"selector\":\".price-box .price,.special-price .price\",\"color\":\"#ff00aa\",\"background\":\"\",\"border\":\"\"},\"_1488250596665_665\":{\"title\":\"Price color\",\"selector\":\".old-price .price\",\"color\":\"#cccccc\",\"background\":\"\",\"border\":\"\"},\"_1488247201304_304\":{\"title\":\"Breadcrumbs\",\"selector\":\".breadcrumbs li strong\",\"color\":\"#ff00aa\",\"background\":\"\",\"border\":\"\"},\"_1488247202241_241\":{\"title\":\"Button Cart product page\",\"selector\":\".product-view .add-to-cart button.button\",\"color\":\"\",\"background\":\"#ff00aa\",\"border\":\"\"},\"_1488247204424_424\":{\"title\":\"Button Cart product page\",\"selector\":\".product-view .add-to-cart button.button span\",\"color\":\"#ffffff\",\"background\":\"\",\"border\":\"\"},\"_1488250396496_496\":{\"title\":\"Button Cart product page hover\",\"selector\":\".product-view .add-to-cart button.button:hover\",\"color\":\"\",\"background\":\"#ff00aa\",\"border\":\"\"},\"_1488250397318_318\":{\"title\":\"Button Cart product page hover span\",\"selector\":\".product-view .add-to-cart button.button:hover span\",\"color\":\"#ffffff\",\"background\":\"\",\"border\":\"\"}}','2019-12-13 10:14:23'),(1134,'stores',38,'alodesign/footer/color','{\"_1460975745240_240\":{\"title\":\"Link\",\"selector\":\".footer .block-content-statick li a\",\"color\":\"#444444\",\"background\":\"\",\"border\":\"\"},\"_1460975746527_527\":{\"title\":\"Link-hover\",\"selector\":\".footer .block-content-statick li a:hover\",\"color\":\"#ff00aa\",\"background\":\"\",\"border\":\"\"},\"_1460975747568_568\":{\"title\":\"Background Top\",\"selector\":\".page-footer .block-footer-top\",\"color\":\"\",\"background\":\"#f8f8f8\",\"border\":\"#f1f1f1\"},\"_1460975750427_427\":{\"title\":\"Background Bottom\",\"selector\":\".page-footer .block-footer-bottom\",\"color\":\"\",\"background\":\"#f8f8f8\",\"border\":\"#f1f1f1\"},\"_1460975754351_351\":{\"title\":\"Background Copyright\",\"selector\":\".footer-color .block-footer-copyright\",\"color\":\"\",\"background\":\"#ffffff\",\"border\":\"\"},\"_1460975759167_167\":{\"title\":\"Text\",\"selector\":\".footer .collapsible p\",\"color\":\"#444444\",\"background\":\"\",\"border\":\"\"},\"_1460975760848_848\":{\"title\":\"Social\",\"selector\":\".footer .social-link\",\"color\":\"#ffffff\",\"background\":\"#aaaaaa\",\"border\":\"\"},\"_1460975762839_839\":{\"title\":\"Social Hover\",\"selector\":\".footer .social-link:hover\",\"color\":\"#ffffff\",\"background\":\"#ff00aa\",\"border\":\"\"},\"_1460975764064_64\":{\"title\":\"Subscribe Text\",\"selector\":\".footer .collapsible .form-subscribe-header p\",\"color\":\"#333333\",\"background\":\"\",\"border\":\"\"},\"_1460975765095_95\":{\"title\":\"Subscribe input\",\"selector\":\".block-subscribe input.input-text\",\"color\":\"#333333\",\"background\":\"#ffffff\",\"border\":\"#dddddd\"},\"_1460975766584_584\":{\"title\":\"Subscribe Button\",\"selector\":\".block-subscribe .actions button.button\",\"color\":\"#333333\",\"background\":\"#ffffff\",\"border\":\"#888888\"},\"_1460975767584_584\":{\"title\":\"Subscribe Button Hover\",\"selector\":\".block-subscribe .actions button.button:hover\",\"color\":\"#ffffff\",\"background\":\"#ff00aa\",\"border\":\"#ff00aa\"},\"_1460976334176_176\":{\"title\":\"Add\",\"selector\":\".footer .block1.block-content-statick li p span\",\"color\":\"#ff00aa\",\"background\":\"\",\"border\":\"\"},\"_1461743869638_638\":{\"title\":\"company  link footer\",\"selector\":\".footer-links-company .footer .links a\",\"color\":\"#666666\",\"background\":\"\",\"border\":\"\"},\"_1461743868518_518\":{\"title\":\"company  link footer hover\",\"selector\":\".footer-links-company .footer .links a:hover\",\"color\":\"#ff00aa\",\"background\":\"\",\"border\":\"\"},\"_1460976338029_29\":{\"title\":\"Address Text\",\"selector\":\".footer .copyright span\",\"color\":\"#696969\",\"background\":\"\",\"border\":\"\"},\"_1460976339045_45\":{\"title\":\"Address Links active\",\"selector\":\".footer a.active\",\"color\":\"#ff00aa\",\"background\":\"\",\"border\":\"\"},\"_1460976413138_138\":{\"title\":\"Copyright  Links Hover\",\"selector\":\".block-footer-copyright .footer .links a:hover\",\"color\":\"#ff00aa\",\"background\":\"\",\"border\":\"\"},\"_1461745578874_874\":{\"title\":\"Backtotop\",\"selector\":\"#backtotop\",\"color\":\"#ffffff\",\"background\":\"#ff00aa\",\"border\":\"\"},\"_1461745619738_738\":{\"title\":\"Backtotop hover\",\"selector\":\"#backtotop:hover\",\"color\":\"#ffffff\",\"background\":\"#444444\",\"border\":\"\"}}','2019-12-13 10:14:23'),(1135,'stores',38,'alothemes/font/google','Lato','2019-12-31 02:39:55'),(1136,'default',0,'admin/security/admin_account_sharing','1','2019-12-31 04:25:10'),(1137,'default',0,'admin/captcha/forms',NULL,'2019-12-31 04:25:10'),(1138,'stores',38,'alosocial/instagram/username','sugarkidsandtoughkidsshoes','2020-01-11 09:26:59'),(1139,'default',0,'alosocial/general/enabled','1','2019-12-31 06:34:03'),(1140,'default',0,'alosocial/twitter/twitterid','alothemes','2019-12-31 06:34:03'),(1141,'default',0,'alosocial/twitter/consumerkey','qnQn51Hl7L0g3sJyU4sOIK3iV','2019-12-31 06:34:03'),(1142,'default',0,'alosocial/twitter/consumersecret','7PYLSVDzRgwDSlxaJRcdYjRv8Qp4cs08l0jFjk8TgBpzmCZxya','2019-12-31 06:34:03'),(1143,'default',0,'alosocial/twitter/accesstoken','2653926222-AKAZOwcOxNAb3r6Xz0vGUT8i4QLUBrDuuAM88uA','2019-12-31 06:34:03'),(1144,'default',0,'alosocial/twitter/accesstokensecret','z5OaEIWwjBHvOIZTv2P1XrC4s3fkJ0Rb2HI5gi5fOJXuD','2019-12-31 06:34:03'),(1145,'default',0,'alosocial/twitter/limit','2','2019-12-31 06:34:03'),(1146,'default',0,'alosocial/facebook/fb_page_url','1448170955454682','2019-12-31 06:34:03'),(1147,'default',0,'alosocial/facebook/width','292','2019-12-31 06:34:03'),(1148,'default',0,'alosocial/facebook/height',NULL,'2019-12-31 06:34:03'),(1149,'default',0,'alosocial/facebook/connection','10','2019-12-31 06:34:03'),(1150,'default',0,'alosocial/facebook/stream','0','2019-12-31 06:34:03'),(1151,'default',0,'alosocial/facebook/header','1','2019-12-31 06:34:03'),(1152,'default',0,'alosocial/instagram/username','dongducbinh','2022-05-21 07:32:09'),(1153,'default',0,'alosocial/instagram/accessToken','IGQVJWTFZAQUGd4LVJ2VWVwcFAzbm1vVkZAlcXdTandDcTQ3aEV4bTNwRmRMOTA5d2p1S0dYVlZAfNF9UMDQ0ZAk1qdTlLNmxTR0JTWXFwRjZABSE1OUkhENHJGODl2VzRZATGI3QVBOd18yRDJsaDdnamhQQQZDZD','2022-05-21 07:32:09'),(1154,'default',0,'alosocial/instagram/limit','10','2019-12-31 06:34:03'),(1155,'default',0,'alosocial/pinterest/username','vmrkela','2019-12-31 06:34:03'),(1156,'default',0,'alosocial/pinterest/limit','10','2019-12-31 06:34:03'),(1157,'default',0,'alosocial/flickr/username','Mrky1','2019-12-31 06:34:03'),(1158,'default',0,'alosocial/flickr/limit','10','2019-12-31 06:34:03'),(1159,'default',0,'alosocial/picasa/username','vmrkela1@gmail.com','2019-12-31 06:34:03'),(1160,'default',0,'alosocial/picasa/limit','10','2019-12-31 06:34:03'),(1161,'default',0,'alothemes/widescreen/enabled','1','2019-12-31 08:48:48'),(1162,'default',0,'alothemes/preload/loading_body','0','2019-12-31 08:48:48'),(1163,'default',0,'alothemes/preload/loading_img','1','2019-12-31 08:48:48'),(1164,'default',0,'alothemes/grid/laptop','3','2019-12-31 08:48:48'),(1165,'default',0,'alothemes/grid/widescreen','3','2019-12-31 08:48:48'),(1166,'default',0,'alothemes/grid_widget/mobile','1','2019-12-31 08:48:48'),(1167,'default',0,'alothemes/grid_widget/portrait','1','2019-12-31 08:48:48'),(1168,'default',0,'alothemes/grid_widget/landscape','2','2019-12-31 08:48:48'),(1169,'default',0,'alothemes/grid_widget/tablet','3','2019-12-31 08:48:48'),(1170,'default',0,'alothemes/grid_widget/notebook','3','2019-12-31 08:50:39'),(1171,'default',0,'alothemes/grid_widget/laptop','3','2019-12-31 08:50:39'),(1172,'default',0,'alothemes/grid_widget/desktop','3','2019-12-31 08:50:39'),(1173,'default',0,'alothemes/grid_widget/widescreen','3','2019-12-31 08:50:39'),(1174,'default',0,'alothemes/grid_widget/visible','3','2019-12-31 08:50:39'),(1175,'default',0,'alothemes/grid_widget/padding','15','2019-12-31 08:48:48'),(1176,'default',0,'alothemes/recently_grid_widget/mobile','1','2019-12-31 08:48:48'),(1177,'default',0,'alothemes/recently_grid_widget/portrait','1','2019-12-31 08:48:48'),(1178,'default',0,'alothemes/recently_grid_widget/landscape','2','2019-12-31 08:48:48'),(1179,'default',0,'alothemes/recently_grid_widget/tablet','3','2019-12-31 08:48:48'),(1180,'default',0,'alothemes/recently_grid_widget/notebook','4','2019-12-31 08:48:48'),(1181,'default',0,'alothemes/recently_grid_widget/laptop','4','2019-12-31 08:48:48'),(1182,'default',0,'alothemes/recently_grid_widget/desktop','4','2019-12-31 08:48:48'),(1183,'default',0,'alothemes/recently_grid_widget/widescreen','4','2019-12-31 08:48:48'),(1184,'default',0,'alothemes/recently_grid_widget/visible','4','2019-12-31 08:48:48'),(1185,'default',0,'alothemes/recently_grid_widget/padding','15','2019-12-31 08:48:48'),(1186,'default',0,'alothemes/related/laptop','3','2019-12-31 08:50:39'),(1187,'default',0,'alothemes/related/widescreen','4','2020-01-18 03:00:35'),(1188,'default',0,'alothemes/upsell/laptop','3','2019-12-31 08:48:48'),(1189,'default',0,'alothemes/upsell/widescreen','4','2020-01-18 03:00:35'),(1190,'default',0,'alothemes/crosssell/laptop','3','2019-12-31 08:50:39'),(1191,'default',0,'alothemes/crosssell/widescreen','4','2020-01-02 09:33:17'),(1192,'default',0,'alothemes/recentorder/enabled','1','2019-12-31 08:48:48'),(1193,'default',0,'alothemes/recentorder/fakeinfo','1','2019-12-31 08:48:48'),(1194,'default',0,'alothemes/recentorder/product_ids','5,75,24','2020-01-11 03:23:50'),(1195,'default',0,'alothemes/recentorder/faketime','a few minutes ago, 5 minutes ago, 15 minutes ago','2019-12-31 08:48:48'),(1196,'default',0,'alothemes/recentorder/fakeaddress','Hanoi - VN, New York - US, Sydney - Australia','2019-12-31 08:48:48'),(1197,'default',0,'alothemes/recentorder/limit','10','2019-12-31 08:48:48'),(1198,'default',0,'alothemes/recentorder/speed','10000','2019-12-31 08:48:48'),(1199,'default',0,'alothemes/categorysearch/depth','0','2019-12-31 08:48:48'),(1200,'stores',38,'alothemes/recentorder/product_ids','138,128,134','2020-01-02 03:34:14'),(1201,'stores',41,'alothemes/recentorder/product_ids','138,128,134','2020-01-02 04:40:29'),(1202,'stores',41,'alothemes/font/google','Lato','2020-01-02 04:40:29'),(1203,'stores',41,'alodesign/base/color','{\"_1460970308665_665\":{\"title\":\"Text body\",\"selector\":\"body, h1, h2, h3, h4, h5, h6, .h1, .h2, .h3, .h4, .h5, .h6\",\"color\":\"#333333\",\"background\":\"\",\"border\":\"\"},\"_1460973866805_805\":{\"title\":\"Link body\",\"selector\":\"body.page-layout-1column a,body.page-layout-2columns-left a,body.page-layout-2columns-right a,.block-collapsible-nav .item a\",\"color\":\"#333333\",\"background\":\"\",\"border\":\"\"},\"_1460970355783_783\":{\"title\":\"Link body hover\",\"selector\":\"body a:hover,body a:focus\",\"color\":\"#ff00aa\",\"background\":\"\",\"border\":\"\"},\"_1460973917197_197\":{\"title\":\"Background body\",\"selector\":\"body\",\"color\":\"\",\"background\":\"#ffffff\",\"border\":\"\"},\"_1460973918132_132\":{\"title\":\"Label New\",\"selector\":\".labelnew\",\"color\":\"#ffffff\",\"background\":\"#7ac1f7\",\"border\":\"\"},\"_1460973919478_478\":{\"title\":\"Label Sale\",\"selector\":\".labelsale\",\"color\":\"#ffffff\",\"background\":\"#b8b8b8\",\"border\":\"\"},\"_1460973920300_300\":{\"title\":\"Button\",\"selector\":\"button.button, button, .cart .continue, .actions-toolbar .primary a.action,button:focus,.block-wishlist .product-item .product-item-actions .actions-primary .action.tocart\",\"color\":\"#666666\",\"background\":\"#ffffff\",\"border\":\"#aaaaaa\"},\"_1460973921109_109\":{\"title\":\"Button hover\",\"selector\":\"button.button:hover, button:hover, .cart .continue:hover, .actions-toolbar .primary a.action:hover,.block-wishlist .product-item .product-item-actions .actions-primary .action.tocart:hover\",\"color\":\"#ffffff\",\"background\":\"#ff00aa\",\"border\":\"#ff00aa\"},\"_1460974143044_44\":{\"title\":\"Button checkout\",\"selector\":\".cart-container .checkout-methods-items .action.primary\",\"color\":\"#ffffff\",\"background\":\"#ff00aa\",\"border\":\"#ff00aa\"},\"_1460974161636_636\":{\"title\":\"Button checkout hover\",\"selector\":\".cart-container .checkout-methods-items .action.primary:hover\",\"color\":\"#242628\",\"background\":\"#ffffff\",\"border\":\"\"},\"_1487749465584_584\":{\"title\":\"opc-progress-bar\",\"selector\":\".opc-progress-bar-item:before\",\"color\":\"\",\"background\":\"#e4e4e4\",\"border\":\"\"},\"_1487749465391_391\":{\"title\":\"opc-progress-bar after\",\"selector\":\".opc-progress-bar-item > span:after\",\"color\":\"#333333\",\"background\":\"#ffffff\",\"border\":\"\"},\"_1487749464737_737\":{\"title\":\"opc-progress-bar before after\",\"selector\":\".opc-progress-bar-item > span:before\",\"color\":\"\",\"background\":\"#e4e4e4\",\"border\":\"\"},\"_1487749538580_580\":{\"title\":\"opc-progress-bar active\",\"selector\":\".opc-progress-bar-item._active:before\",\"color\":\"\",\"background\":\"#ff00aa\",\"border\":\"\"},\"_1487749537959_959\":{\"title\":\"opc-progress-bar active before\",\"selector\":\".opc-progress-bar-item._active > span:before\",\"color\":\"\",\"background\":\"#ff00aa\",\"border\":\"\"},\"_1487750604787_787\":{\"title\":\"shipping-address active\",\"selector\":\".opc-wrapper .shipping-address-item.selected-item\",\"color\":\"\",\"background\":\"\",\"border\":\"#ff00aa\"},\"_1487750605425_425\":{\"title\":\"shipping-address active after\",\"selector\":\".opc-wrapper .shipping-address-item.selected-item:after\",\"color\":\"#ffffff\",\"background\":\"#ff00aa\",\"border\":\"\"},\"_1462359190350_350\":{\"title\":\"Slide caption1\",\"selector\":\".home-slider .slick-slide.slick-active .figcaption .caption1\",\"color\":\"#aaaaaa\",\"background\":\"\",\"border\":\"\"},\"_1462359194278_278\":{\"title\":\"Slide caption2\",\"selector\":\".home-slider .slick-slide.slick-active .figcaption .caption2\",\"color\":\"#888888\",\"background\":\"\",\"border\":\"\"},\"_1462359195592_592\":{\"title\":\"Slide caption3\",\"selector\":\".home-slider .slick-slide.slick-active .figcaption .caption3,.caption3 strong\",\"color\":\"#ffffff\",\"background\":\"\",\"border\":\"\"},\"_1462359677068_68\":{\"title\":\"Slide2 caption1\",\"selector\":\".home-slider .slick-slide.slick-active .figcaption .text-slide2 .caption1\",\"color\":\"#000000\",\"background\":\"\",\"border\":\"\"},\"_1577950392443_443\":{\"title\":\"read more hover\",\"selector\":\".post-info .post-read-more:hover\",\"color\":\"#ff00aa\",\"background\":\"\",\"border\":\"\"},\"_1577950392633_633\":{\"title\":\"filter\",\"selector\":\"#layerednav_price_slider .ui-slider-handle\",\"color\":\"\",\"background\":\"#ff00aa\",\"border\":\"\"},\"_1577950393315_315\":{\"title\":\"pages hover, active\",\"selector\":\".pages li.current, .pages li:hover, .pages li a:hover\",\"color\":\"#ffffff\",\"background\":\"#ff00aa\",\"border\":\"#ff00aa\"},\"_1577954585458_458\":{\"title\":\"cart popup button \",\"selector\":\".modals-ajaxcart .modal-content .actions .action\",\"color\":\"#ffffff\",\"background\":\"#ff00aa\",\"border\":\"#ff00aa\"},\"_1577954585782_782\":{\"title\":\"cart popup button hover\",\"selector\":\".modals-ajaxcart .modal-content .actions .action:hover\",\"color\":\"#333\",\"background\":\"rgba(0,0,0,0)\",\"border\":\"#ff00aa\"}}','2020-01-02 08:43:36'),(1204,'stores',41,'alodesign/header/color','{\"_1460974842988_988\":{\"title\":\"Link\",\"selector\":\".page-header a\",\"color\":\"#333333\",\"background\":\"\",\"border\":\"\"},\"_1460974844035_35\":{\"title\":\"Link hover\",\"selector\":\".page-header a:hover\",\"color\":\"#ff00aa\",\"background\":\"\",\"border\":\"\"},\"_1461745654953_953\":{\"title\":\"Sign In or Register\",\"selector\":\".header .top-links li a\",\"color\":\"#ff00aa\",\"background\":\"\",\"border\":\"\"},\"_1460974844914_914\":{\"title\":\"Language,Currency\",\"selector\":\".header .header-top .label-title, .text-setting, .text-setting:after, .header .header-top .label-title:after, .icon-search, .header .header-top-link li, .header .currency_top li\",\"color\":\"#333333\",\"background\":\"\",\"border\":\"\"},\"_1460974846347_347\":{\"title\":\"Language,Currency(hover)\",\"selector\":\".header .header-top .label-title:hover, .text-setting:hover, .text-setting:hover:after, .header .header-top .label-title:hover:after, .icon-search:hover, .header .header-top-link li:hover, .header .currency_top li:hover\",\"color\":\"#ff00aa\",\"background\":\"\",\"border\":\"\"},\"_1460974849970_970\":{\"title\":\"Background Top Color\",\"selector\":\".header-top\",\"color\":\"\",\"background\":\"#ffffff\",\"border\":\"#efefef\"},\"_1460974850895_895\":{\"title\":\"Background Content Color\",\"selector\":\".header-content\",\"color\":\"\",\"background\":\"\",\"border\":\"\"},\"_1460974851962_962\":{\"title\":\"Background Bottom Color\",\"selector\":\".header-bottom\",\"color\":\"\",\"background\":\"#ffffff\",\"border\":\"\"},\"_1461746040974_974\":{\"title\":\"Minicart qty\",\"selector\":\".minicart-wrapper .action.showcart .counter.qty\",\"color\":\"#ffffff\",\"background\":\"#ff00aa\",\"border\":\"\"},\"_1461747058784_784\":{\"title\":\"Minicart box dropdown\",\"selector\":\".minicart-wrapper .block-minicart\",\"color\":\"\",\"background\":\"#ffffff\",\"border\":\"#f0f0f0\"},\"_1461746040733_733\":{\"title\":\"Minicart checkout\",\"selector\":\".block-minicart .block-content .actions .primary .action.primary.checkout\",\"color\":\"#ffffff\",\"background\":\"#ff00aa\",\"border\":\"#ff00aa\"},\"_1461746040514_514\":{\"title\":\"Minicart viewcart\",\"selector\":\".block-minicart .block-content .actions .secondary .viewcart\",\"color\":\"#666666\",\"background\":\"\",\"border\":\"#aaaaaa\"},\"_1461746040213_213\":{\"title\":\"Minicart viewcart hover\",\"selector\":\".block-minicart .block-content .actions .secondary .viewcart:hover\",\"color\":\"#ffffff\",\"background\":\"#ff00aa\",\"border\":\"#ff00aa\"},\"_1460974852706_706\":{\"title\":\"Background Drop-down-menu\",\"selector\":\".magicmenu .nav-desktop .level0 .level-top-mega,.magicmenu .nav-desktop .level0.dropdown .hasChild ul, .magicmenu .nav-desktop .level0.dropdown .hasChild ul,.magicmenu .nav-desktop .level0.dropdown .level0\",\"color\":\"\",\"background\":\"#ffffff\",\"border\":\"#f0f0f0\"},\"_1460974853562_562\":{\"title\":\"Item-menu\",\"selector\":\".magicmenu .nav-desktop .level0 .level-top\",\"color\":\"#333333\",\"background\":\"\",\"border\":\"\"},\"_1460975123617_617\":{\"title\":\"Item-menu(hover,active)\",\"selector\":\".magicmenu .nav-desktop .level0.over a,.magicmenu .nav-desktop .level0.active a, .magicmenu .nav-desktop .level0.active a span.icon-text, .magicmenu .nav-desktop .level0 a:hover, .magicmenu .nav-desktop .level0 a.icon-text:hover\",\"color\":\"#ff00aa\",\"background\":\"rgba(0, 0, 0, 0)\",\"border\":\"\"},\"_1460975135746_746\":{\"title\":\"Drop-down-menu-link-leve2\",\"selector\":\".magicmenu .nav-desktop .level0 .level-top-mega .children.level1 &gt; a\",\"color\":\"#333333\",\"background\":\"\",\"border\":\"\"},\"_1460975137282_282\":{\"title\":\"Drop-down-menu-link-leve3\",\"selector\":\".magicmenu .nav-desktop .level0 .level-top-mega .children a, .magicmenu .nav-desktop p,.magicmenu .level0.home .level-top-mega a .demo-home,.magicmenu .nav-desktop .level0.dropdown ul li a, .vmagicmenu .vmagicmenu-narrow .level0.dropdown ul li a\",\"color\":\"#666666\",\"background\":\"\",\"border\":\"\"},\"_1460975138353_353\":{\"title\":\"Drop-down-menu-link-hover\",\"selector\":\".magicmenu .nav-desktop .level0 .level-top-mega .children a:hover,.magicmenu .nav-desktop .level0.dropdown ul li a:hover, .vmagicmenu .vmagicmenu-narrow .level0.dropdown ul li a:hover\",\"color\":\"#ff00aa\",\"background\":\"\",\"border\":\"\"},\"_1471964487129_129\":{\"title\":\"Background Vmenu\",\"selector\":\".vmagicmenu .block-title\",\"color\":\"\",\"background\":\"#ff00aa\",\"border\":\"\"},\"_1471964488405_405\":{\"title\":\"Vmenu Title\",\"selector\":\".vmagicmenu .block-title span\",\"color\":\"#ffffff\",\"background\":\"\",\"border\":\"\"},\"_1471964489567_567\":{\"title\":\"Background Vmenu Content\",\"selector\":\".vmagicmenu .level0 .level-top-mega, .vmagicmenu .vmagicmenu-narrow .level0.dropdown ul\",\"color\":\"\",\"background\":\"#ffffff\",\"border\":\"#ececec\"}}','2020-01-02 04:40:29'),(1205,'stores',41,'alodesign/left/color','{\"_1461733216439_439\":{\"title\":\"Title filter\",\"selector\":\".filter-options .filter-options-title\",\"color\":\"#ff00aa\",\"background\":\"\",\"border\":\"\"}}','2020-01-02 04:40:29'),(1206,'stores',41,'alodesign/right/color','{\"_1461733250879_879\":{\"title\":\"Title filter\",\"selector\":\".filter-options .filter-options-title\",\"color\":\"#ff00aa\",\"background\":\"\",\"border\":\"\"}}','2020-01-02 04:40:29'),(1207,'stores',41,'alodesign/content/color','{\"_1461730970276_276\":{\"title\":\"Icon wishlist,compare\",\"selector\":\".item .actions-no .add-to-links a,.products-list .item .product-item-inner .add-to-links .action,.product-view .product-shop .product-social-links a, .product-add-form .product-social-links a\",\"color\":\"#666666\",\"background\":\"#ffffff\",\"border\":\"#aaaaaa\"},\"_1461731118212_212\":{\"title\":\"Icon(hover) wishlist,compare\",\"selector\":\".item .actions-no .add-to-links a:hover,.products-list .item .product-item-inner .add-to-links .action:hover,.product-view .product-shop .product-social-links a:hover, .product-add-form .product-social-links a:hover\",\"color\":\"#ffffff\",\"background\":\"#ff00aa\",\"border\":\"#ff00aa\"},\"_1461732155993_993\":{\"title\":\"Title product name\",\"selector\":\".product-item-name .product-item-link\",\"color\":\"#333333\",\"background\":\"\",\"border\":\"\"},\"_1461732172241_241\":{\"title\":\"Title product name hover\",\"selector\":\".product-item-name .product-item-link:hover\",\"color\":\"#ff00aa\",\"background\":\"\",\"border\":\"\"},\"_1461732471049_49\":{\"title\":\"Toolbar modes mode\",\"selector\":\".toolbar .modes-mode\",\"color\":\"#aaaaaa\",\"background\":\"\",\"border\":\"#aaaaaa\"},\"_1461732472360_360\":{\"title\":\"Toolbar modes mode active,hover\",\"selector\":\".toolbar .modes-mode.active, .toolbar .modes-mode:hover\",\"color\":\"#ff00aa\",\"background\":\"\",\"border\":\"#aaaaaa\"},\"_1461744389557_557\":{\"title\":\"Policy box\",\"selector\":\".support-footer-inner .row-normal\",\"color\":\"\",\"background\":\"\",\"border\":\"#dddddd\"},\"_1461744449922_922\":{\"title\":\"Policy box 2\",\"selector\":\".support-footer-inner .row-normal::before\",\"color\":\"\",\"background\":\"\",\"border\":\"#dddddd\"},\"_1461744469700_700\":{\"title\":\"Policy icon\",\"selector\":\".support-footer-inner .support-icon .icons, .support-footer-inner .support-icon .fa\",\"color\":\"#ff00aa\",\"background\":\"\",\"border\":\"\"},\"_1461744513613_613\":{\"title\":\"Policy title\",\"selector\":\".support-footer-inner .support-info .info-title\",\"color\":\"#2a2a2a\",\"background\":\"\",\"border\":\"\"},\"_1488248050490_490\":{\"title\":\"Popup Newsletter Title\",\"selector\":\"#popup-newsletter .form-subscribe-header label\",\"color\":\"#333333\",\"background\":\"\",\"border\":\"\"},\"_1488248051390_390\":{\"title\":\"Popup Newsletter promotions\",\"selector\":\"#popup-newsletter .block-content span\",\"color\":\"#333333\",\"background\":\"\",\"border\":\"\"},\"_1488248051583_583\":{\"title\":\"Popup Newsletter promotions sale\",\"selector\":\"#popup-newsletter .block-content span.saleoff\",\"color\":\"#ff00aa\",\"background\":\"\",\"border\":\"\"},\"_1488248051776_776\":{\"title\":\"Popup Newsletter Box input\",\"selector\":\"#popup-newsletter .block-content input.input-text\",\"color\":\"#666666\",\"background\":\"#ebebeb\",\"border\":\"#e3e3e3\"},\"_1488248145476_476\":{\"title\":\"Popup Newsletter button\",\"selector\":\"#popup-newsletter .block-content button.button\",\"color\":\"\",\"background\":\"#ff00aa\",\"border\":\"\"},\"_1488248182735_735\":{\"title\":\"Popup Newsletter button\",\"selector\":\"#popup-newsletter .block-content button.button span\",\"color\":\"#ffffff\",\"background\":\"\",\"border\":\"\"},\"_1488248216941_941\":{\"title\":\"Popup Newsletter button hover\",\"selector\":\"#popup-newsletter .block-content button.button:hover\",\"color\":\"\",\"background\":\"#333333\",\"border\":\"\"},\"_1488247199593_593\":{\"title\":\"Price color\",\"selector\":\".price-box .price,.special-price .price\",\"color\":\"#ff00aa\",\"background\":\"\",\"border\":\"\"},\"_1488250596665_665\":{\"title\":\"Price color\",\"selector\":\".old-price .price\",\"color\":\"#cccccc\",\"background\":\"\",\"border\":\"\"},\"_1488247201304_304\":{\"title\":\"Breadcrumbs\",\"selector\":\".breadcrumbs li strong\",\"color\":\"#ff00aa\",\"background\":\"\",\"border\":\"\"},\"_1488247202241_241\":{\"title\":\"Button Cart product page\",\"selector\":\".product-view .add-to-cart button.button\",\"color\":\"\",\"background\":\"#ff00aa\",\"border\":\"\"},\"_1488247204424_424\":{\"title\":\"Button Cart product page\",\"selector\":\".product-view .add-to-cart button.button span\",\"color\":\"#ffffff\",\"background\":\"\",\"border\":\"\"},\"_1488250396496_496\":{\"title\":\"Button Cart product page hover\",\"selector\":\".product-view .add-to-cart button.button:hover\",\"color\":\"\",\"background\":\"#ff00aa\",\"border\":\"\"},\"_1488250397318_318\":{\"title\":\"Button Cart product page hover span\",\"selector\":\".product-view .add-to-cart button.button:hover span\",\"color\":\"#ffffff\",\"background\":\"\",\"border\":\"\"}}','2020-01-02 04:40:29'),(1208,'stores',41,'alodesign/footer/color','{\"_1460975745240_240\":{\"title\":\"Link\",\"selector\":\".footer .block-content-statick li a\",\"color\":\"#444444\",\"background\":\"\",\"border\":\"\"},\"_1460975746527_527\":{\"title\":\"Link-hover\",\"selector\":\".footer .block-content-statick li a:hover\",\"color\":\"#ff00aa\",\"background\":\"\",\"border\":\"\"},\"_1460975747568_568\":{\"title\":\"Background Top\",\"selector\":\".page-footer .block-footer-top\",\"color\":\"\",\"background\":\"#f8f8f8\",\"border\":\"#f1f1f1\"},\"_1460975750427_427\":{\"title\":\"Background Bottom\",\"selector\":\".page-footer .block-footer-bottom\",\"color\":\"\",\"background\":\"#f8f8f8\",\"border\":\"#f1f1f1\"},\"_1460975754351_351\":{\"title\":\"Background Copyright\",\"selector\":\".footer-color .block-footer-copyright\",\"color\":\"\",\"background\":\"#ffffff\",\"border\":\"\"},\"_1460975759167_167\":{\"title\":\"Text\",\"selector\":\".footer .collapsible p\",\"color\":\"#444444\",\"background\":\"\",\"border\":\"\"},\"_1460975760848_848\":{\"title\":\"Social\",\"selector\":\".footer .social-link\",\"color\":\"#ffffff\",\"background\":\"#aaaaaa\",\"border\":\"\"},\"_1460975762839_839\":{\"title\":\"Social Hover\",\"selector\":\".footer .social-link:hover\",\"color\":\"#ffffff\",\"background\":\"#ff00aa\",\"border\":\"\"},\"_1460975764064_64\":{\"title\":\"Subscribe Text\",\"selector\":\".footer .collapsible .form-subscribe-header p\",\"color\":\"#333333\",\"background\":\"\",\"border\":\"\"},\"_1460975765095_95\":{\"title\":\"Subscribe input\",\"selector\":\".block-subscribe input.input-text\",\"color\":\"#333333\",\"background\":\"#ffffff\",\"border\":\"#dddddd\"},\"_1460975766584_584\":{\"title\":\"Subscribe Button\",\"selector\":\".block-subscribe .actions button.button\",\"color\":\"#333333\",\"background\":\"#ffffff\",\"border\":\"#888888\"},\"_1460975767584_584\":{\"title\":\"Subscribe Button Hover\",\"selector\":\".block-subscribe .actions button.button:hover\",\"color\":\"#ffffff\",\"background\":\"#ff00aa\",\"border\":\"#ff00aa\"},\"_1460976334176_176\":{\"title\":\"Add\",\"selector\":\".footer .block1.block-content-statick li p span\",\"color\":\"#ff00aa\",\"background\":\"\",\"border\":\"\"},\"_1461743869638_638\":{\"title\":\"company  link footer\",\"selector\":\".footer-links-company .footer .links a\",\"color\":\"#666666\",\"background\":\"\",\"border\":\"\"},\"_1461743868518_518\":{\"title\":\"company  link footer hover\",\"selector\":\".footer-links-company .footer .links a:hover\",\"color\":\"#ff00aa\",\"background\":\"\",\"border\":\"\"},\"_1460976338029_29\":{\"title\":\"Address Text\",\"selector\":\".footer .copyright span\",\"color\":\"#696969\",\"background\":\"\",\"border\":\"\"},\"_1460976339045_45\":{\"title\":\"Address Links active\",\"selector\":\".footer a.active\",\"color\":\"#ff00aa\",\"background\":\"\",\"border\":\"\"},\"_1460976413138_138\":{\"title\":\"Copyright  Links Hover\",\"selector\":\".block-footer-copyright .footer .links a:hover\",\"color\":\"#ff00aa\",\"background\":\"\",\"border\":\"\"},\"_1461745578874_874\":{\"title\":\"Backtotop\",\"selector\":\"#backtotop\",\"color\":\"#ffffff\",\"background\":\"#ff00aa\",\"border\":\"\"},\"_1461745619738_738\":{\"title\":\"Backtotop hover\",\"selector\":\"#backtotop:hover\",\"color\":\"#ffffff\",\"background\":\"#444444\",\"border\":\"\"}}','2020-01-02 04:40:29'),(1209,'stores',41,'alodesign/extra_css/color','.vmagicmenu .level-top a{color: #333333;}\r\n.vmagicmenu .level-top a:hover{color: #ff5555}','2020-01-02 07:33:44'),(1210,'stores',41,'alosocial/instagram/username','glowing_kidstore','2020-01-02 04:40:29'),(1211,'stores',41,'magicmenu/general/dropdown','193,192,191','2020-01-02 04:40:29'),(1212,'stores',41,'magicmenu/topmenu/switcher','1199','2020-01-02 04:40:29'),(1213,'stores',37,'alothemes/recentorder/product_ids','125,110,113','2020-01-02 04:42:03'),(1214,'stores',40,'alothemes/recentorder/product_ids','125,110,113','2020-01-02 04:43:05'),(1215,'stores',36,'alothemes/recentorder/product_ids','109,108,103','2020-01-02 04:44:03'),(1216,'stores',39,'alothemes/recentorder/product_ids','109,108,103','2020-01-02 04:45:03'),(1217,'stores',34,'alothemes/recentorder/product_ids','92,81,85','2020-01-02 04:45:54'),(1218,'stores',35,'alothemes/recentorder/product_ids','92,81,85','2020-01-02 04:46:22'),(1219,'default',0,'gdpr/cookie_restriction/title','COOKIES','2020-01-11 01:46:21'),(1220,'default',0,'gdpr/cookie_restriction/content','We use cookies to enhance your experience. By continuing to visit this site you agree to our use of cookies.','2020-01-11 01:46:21'),(1221,'default',0,'gdpr/cookie_restriction/identifier','privacy-policy-cookie-restriction-mode','2020-01-11 01:46:21'),(1222,'default',0,'gdpr/cookie_restriction/button_text','Got it!','2020-01-11 01:46:21'),(1223,'default',0,'gdpr/cookie_restriction/button_class',NULL,'2020-01-11 01:46:21'),(1224,'default',0,'gdpr/cookie_restriction/more_view','popup','2020-01-11 01:46:21'),(1225,'default',0,'gdpr/cookie_restriction/more_text','Read more','2020-01-11 01:46:21'),(1226,'default',0,'gdpr/cookie_restriction/width','full-width','2020-01-11 01:46:21'),(1227,'default',0,'gdpr/cookie_restriction/margin_bottom','0','2020-01-11 01:46:21'),(1228,'default',0,'gdpr/cookie_restriction/font_size','15','2020-01-11 01:46:21'),(1229,'default',0,'gdpr/cookie_restriction/text_align','left','2020-01-11 02:04:35'),(1230,'default',0,'gdpr/cookie_restriction/box_shadow','1','2020-01-11 01:46:21'),(1231,'default',0,'gdpr/login/active','1','2020-01-11 01:46:21'),(1232,'default',0,'gdpr/login/label','By using this form you agree with the storage and handling of your data by this website.','2020-01-11 01:46:21'),(1233,'default',0,'gdpr/register/active','1','2020-01-11 01:46:21'),(1234,'default',0,'gdpr/register/label','By using this form you agree with the storage and handling of your data by this website.','2020-01-11 01:46:21'),(1235,'default',0,'ajaxcart/general/active','1','2020-01-11 02:09:23'),(1236,'default',0,'ajaxcart/general/active_product_view','1','2020-01-11 02:09:23'),(1237,'default',0,'ajaxcart/general/selector','.action.tocart','2020-01-11 02:09:23'),(1238,'default',0,'ajaxcart/success_popup/product_image','1','2020-01-11 02:09:23'),(1239,'default',0,'ajaxcart/success_popup/product_image_size','100','2020-01-11 02:09:23'),(1240,'default',0,'ajaxcart/success_popup/product_price','0','2020-01-11 02:09:23'),(1241,'default',0,'ajaxcart/success_popup/continue_button','0','2020-01-11 02:11:19'),(1242,'default',0,'ajaxcart/success_popup/active_countdown','0','2020-01-11 02:09:23'),(1243,'default',0,'ajaxcart/success_popup/countdown_time','5','2020-01-11 02:09:23'),(1244,'default',0,'ajaxcart/success_popup/mini_cart','1','2020-01-11 02:09:23'),(1245,'default',0,'ajaxcart/success_popup/mini_checkout','1','2020-01-11 02:09:23'),(1246,'default',0,'ajaxcart/success_popup/suggest_product','0','2020-01-11 02:09:23'),(1247,'default',0,'ajaxcart/success_popup_design/button_text_color','FFFFFF','2020-01-11 02:09:23'),(1248,'default',0,'ajaxcart/success_popup_design/continue_text','Continue Shopping','2020-01-11 02:09:23'),(1249,'default',0,'ajaxcart/success_popup_design/continue','1979C3','2020-01-11 02:09:23'),(1250,'default',0,'ajaxcart/success_popup_design/continue_hover','006BB4','2020-01-11 02:09:23'),(1251,'default',0,'ajaxcart/success_popup_design/viewcart_text','View Cart','2020-01-11 02:09:23'),(1252,'default',0,'ajaxcart/success_popup_design/viewcart','1979C3','2020-01-11 02:09:23'),(1253,'default',0,'ajaxcart/success_popup_design/viewcart_hover','006BB4','2020-01-11 02:09:23'),(1254,'default',0,'ajaxcart/success_popup_design/freeShipping_message','Ajaxcart - module, you can put own text in configuration','2020-01-11 02:09:23'),(1255,'default',0,'ajaxcart/success_popup_design/congratulation','CONGRATULATIONS! YOU\'VE GOT FREE SHIPPING!','2020-01-11 02:09:23'),(1256,'default',0,'ajaxcart/quickview_popup/go_to_product','1','2020-01-11 02:09:23'),(1257,'default',0,'ajaxcart/quickview_popup/additional_data','0','2020-01-11 02:09:23'),(1261,'default',0,'alosocial/messenger/enabled','0','2020-02-03 01:53:27'),(1262,'default',0,'alosocial/instagram/tags',NULL,'2020-02-03 01:53:27'),(1263,'default',0,'alosocial/social/enabled','0','2020-02-03 01:53:27'),(1264,'default',0,'alosocial/social/position','right','2020-02-03 01:53:27'),(1265,'default',0,'alosocial/social/effect','swing','2020-02-03 01:53:27'),(1266,'default',0,'alosocial/social/marginTop','100','2020-02-03 01:53:27'),(1267,'default',0,'alosocial/social/facebook_title','Follow via Facebook','2020-02-03 01:53:27'),(1268,'default',0,'alosocial/social/facebook_url','https://www.facebook.com/ALO-Themes-1448170955454682/','2020-02-03 01:53:27'),(1269,'default',0,'alosocial/social/flickr_title','Follow via Flickr','2020-02-03 01:53:27'),(1270,'default',0,'alosocial/social/flickr_url',NULL,'2020-02-03 01:53:27'),(1271,'default',0,'alosocial/social/linkedin_title','Follow via Linkedin','2020-02-03 01:53:27'),(1272,'default',0,'alosocial/social/linkedin_url','https://www.linkedin.com/in/nguyen-dong-216803101/','2020-02-03 01:53:27'),(1273,'default',0,'alosocial/social/googleplus_title','Follow via Google +','2020-02-03 01:53:27'),(1274,'default',0,'alosocial/social/googleplus_url','https://plus.google.com/u/0/114309178782449675636','2020-02-03 01:53:27'),(1275,'default',0,'alosocial/social/instagram_url',NULL,'2020-02-03 01:53:27'),(1276,'default',0,'alosocial/social/instagram_title','Follow via Instagram','2020-02-03 01:53:27'),(1277,'default',0,'alosocial/social/pinterest_title','Follow via Pinterest','2020-02-03 01:53:27'),(1278,'default',0,'alosocial/social/pinterest_url','https://www.pinterest.com/','2020-02-03 01:53:27'),(1279,'default',0,'alosocial/social/tumblr_title','Follow via Tumblr','2020-02-03 01:53:27'),(1280,'default',0,'alosocial/social/tumblr_url',NULL,'2020-02-03 01:53:27'),(1281,'default',0,'alosocial/social/twitter_title','Follow via Twitter','2020-02-03 01:53:27'),(1282,'default',0,'alosocial/social/twitter_url','https://twitter.com/alothemes','2020-02-03 01:53:27'),(1283,'default',0,'alosocial/social/youtube_title','Follow via Youtube','2020-02-03 01:53:27'),(1284,'default',0,'alosocial/social/youtube_url','https://www.youtube.com/channel/UC_xyPf-rd1QrMfBCxcvXuzg','2020-02-03 01:53:27'),(1285,'default',0,'alosocial/social/web_title','Go To','2020-02-03 01:53:27'),(1286,'default',0,'alosocial/social/web_url','http://alothemes.com','2020-02-03 01:53:27'),(1287,'default',0,'alosocial/social/webmail_title','Mail To','2020-02-03 01:53:27'),(1288,'default',0,'alosocial/social/webmail',NULL,'2020-02-03 01:53:27'),(1289,'default',0,'dev/js/move_script_to_bottom','0','2020-03-16 07:32:56'),(1290,'default',0,'magepow_ajaxcart/general/enabled','1','2020-04-21 03:42:20'),(1291,'default',0,'magepow_ajaxcart/general/enabled_product_view','1','2020-04-21 03:42:20'),(1292,'default',0,'magepow_ajaxcart/general/selector','.action.tocart','2020-04-21 03:42:20'),(1293,'default',0,'magepow_ajaxcart/success_popup/product_image','1','2020-04-21 03:42:20'),(1294,'default',0,'magepow_ajaxcart/success_popup/product_image_size','100','2020-04-21 03:42:20'),(1295,'default',0,'magepow_ajaxcart/success_popup/product_price','0','2020-04-21 03:42:20'),(1296,'default',0,'magepow_ajaxcart/success_popup/continue_button','0','2020-04-21 03:42:20'),(1297,'default',0,'magepow_ajaxcart/success_popup/enabled_countdown','1','2020-04-21 03:42:20'),(1298,'default',0,'magepow_ajaxcart/success_popup/countdown_time','5','2020-04-21 03:42:20'),(1299,'default',0,'magepow_ajaxcart/success_popup/mini_cart','1','2020-04-21 03:42:20'),(1300,'default',0,'magepow_ajaxcart/success_popup/mini_checkout','1','2020-04-21 03:42:20'),(1301,'default',0,'magepow_ajaxcart/success_popup/suggest_product','0','2020-04-21 03:42:20'),(1302,'default',0,'magepow_ajaxcart/success_popup_design/button_text_color','FFFFFF','2020-04-21 03:42:20'),(1303,'default',0,'magepow_ajaxcart/success_popup_design/continue_text','Continue Shopping','2020-04-21 03:42:20'),(1304,'default',0,'magepow_ajaxcart/success_popup_design/continue','1979C3','2020-04-21 03:42:20'),(1305,'default',0,'magepow_ajaxcart/success_popup_design/continue_hover','006BB4','2020-04-21 03:42:20'),(1306,'default',0,'magepow_ajaxcart/success_popup_design/viewcart_text','View Cart','2020-04-21 03:42:20'),(1307,'default',0,'magepow_ajaxcart/success_popup_design/viewcart','1979C3','2020-04-21 03:42:20'),(1308,'default',0,'magepow_ajaxcart/success_popup_design/viewcart_hover','006BB4','2020-04-21 03:42:20'),(1309,'default',0,'magepow_ajaxcart/success_popup_design/freeShipping_message','Ajaxcart - module, you can put own text in configuration','2020-04-21 03:42:20'),(1310,'default',0,'magepow_ajaxcart/success_popup_design/congratulation','CONGRATULATIONS! YOU\'VE GOT FREE SHIPPING!','2020-04-21 03:42:20'),(1311,'default',0,'magepow_ajaxcart/quickview_popup/go_to_product','1','2020-04-21 03:42:20'),(1312,'default',0,'magepow_ajaxcart/quickview_popup/additional_data','0','2020-04-21 03:42:20'),(1313,'default',0,'alothemes/recentorder/autoplay','1','2020-04-21 15:19:21'),(1314,'default',0,'alothemes/recentorder/firsttime','3000','2020-04-21 15:19:21'),(1315,'default',0,'crontab/default/jobs/analytics_collect_data/schedule/cron_expr','00 02 * * *','2020-05-04 23:49:30'),(1316,'default',0,'magepow_quickedit/general/enabled','0','2020-05-05 10:16:05'),(1317,'default',0,'alothemes/labels/zeroText','Free','2020-07-03 02:23:45'),(1318,'default',0,'catalog/search/search_recommendations_enabled','1','2020-08-04 12:24:56'),(1319,'default',0,'catalog/search/search_recommendations_count','5','2020-08-04 12:24:56'),(1320,'default',0,'catalog/search/search_recommendations_count_results_enabled','0','2020-08-04 12:24:56'),(1321,'default',0,'catalog/search/search_suggestion_enabled','1','2020-08-04 12:24:56'),(1322,'default',0,'catalog/search/search_suggestion_count','2','2020-08-04 12:24:56'),(1323,'default',0,'catalog/search/search_suggestion_count_results_enabled','0','2020-08-04 12:24:56'),(1324,'default',0,'payment/amazon_payments/simplepath/publickey','-----BEGIN PUBLIC KEY-----\r\nMIIBIjANBgkqhkiG9w0BAQEFAAOCAQ8AMIIBCgKCAQEAwcGCSeohODlAW5BB5DK4\r\nc0PV9OnIdwpeO+LMf3EC+HcRHzN9P3W4Lg92DA1bO/xtXKhDkEERbCpZ6gclkzUk\r\nOs6myyqGFbjLsIXxw1mbZ8IQ/0RykUmPdk/tsvp/h7tEX63Ioz6Ftejxq2By57Yx\r\nOZSzOMViG3GxY8oHgtod8t6iYmxAlq4Ej/29HD6P5Rzbcyid++f54AyZGMjktgrY\r\n2Vz6e1dY3tAqFN6g968ZPJ8J3SGviPMkLO/nR+sq9GwwMRLn/fThvh0NCUfMUnzH\r\nqYEI0dxGOPzdEb+Ct7DcikSp/QjbZQvD1Zq6yjlDhYA30xfLnV5bC2cfhsyFHUjD\r\nCQIDAQAB\r\n-----END PUBLIC KEY-----','2020-11-13 02:02:40'),(1325,'default',0,'payment/amazon_payments/simplepath/privatekey','0:3:43A7wZem5uOodTvXcTHo/mHlN6UhmIWJPi6/WAsJ/kgKfEwIev91Mx5gBHnzXdq3O8kBP4XC+xIJS2QJHYgA6p5OeEpP/beg8iBkqy8/FLfGhamTgjDh8XX4p9OmcIvGpAqyEx+lNsvusk2/dtGu4Yu1ZfYvZTb4DWO/9gy4ho8cMxwGzsVy0ORlGty7IwJ2m997JSF8DXY5wP1TV8pyawvL0NO66KH/Nma+0x3oVTT8kSR2jxMVosld/BqawUyCBA9lty0ws8gNpNv9P+HQHtfE4nsJfgjQtJJXTGHKtbq4u249sqb74lEWsk7CdLYUqjgPBQexenY6xtfeUMWUovDFNY+5iLwAuDX+/8wPRwd+qE7hpajboD6eWbqyj7IP8pcaLYwbZpJ+8kryNv7Mfas49p386AhZc/njiE8XKIsWWgchjcf7b4tktuXkpCViCnCs8C5s3aM7cCuFBk1NMRrBApXiekKAo1V/KVaSgAafJkoAMir1vHzzNV2JFOsxHktoBwuZEliP0sB98z1SUldyHsJScL/xEWWFvPeQCuc+yfl/dsjNOdY115OMy1RdPg9vCd95BS5xPNf9wJ+lD+q8B3Mr3Vnnf/dVRY1BPMa/AyU9TLm/FpgZAfSb5gu90PJpYLVmU1EynN/odlIbWqu66kGq/SrK4byaX/J6HaJcqr2HrbH+zsjXk4YkTeWZlp6NKkl+DxKUziA8xWrhhPKSahCy/FsAmtrdQ463IUBT1/gHaWY8dvrHkVXHfpXAH1eGY/L46ElCHbgq85t8xfLMZQX8P72GZQwvJ78IUKzIEg8r+I1hyEBwyrcp04XzzNB6wG9vgnvQNBQxpIQCg++dMxLH9ce/Oh1TURHoUqlD8LFIoXhmWiF7Y8qAC4BNmBhunOqiX3kttupXv0tp0zpHnbgEiJ+mkxqpg4hybCqJgHfrDkYbXjE54Xgukc6IoGDtW/dnuin+Hd0Ks5wBpTiR1BmXBksQpAWjD3mptbuHuH+w/BiKgxUK0xi+Kfjrm2tLiOm+VEjCB1bzpe1ewVrySQEzkdxuXjOWJOvaMMNR58imhl5v8jehLzkNWibZ3FvwizrGq/LQYodrXEA6PgFLuqIqqvg/COsqfV+dKrpFGjM2O9IsVR9ZglLS3rgGuJKJTD+wDLgIKn/VW5k3dlk7Ic+VGd3K0XcOEsfQCK/qiXVhmMBfiHg7qyJWYvnbxCXMyOWdq+LbIbvt3/q/gVdKYcKaVALcMm4X7bIHEZKr4OKTm2zhCYKDdytDWxO1XkTwusK3LQtknl6hNYzLqGYywK277JMIjDbA3NRkx15ujDtRhQOt8vQzYGaGJRs6G7OY5QO3oDLXv2wLknbhCzaewOggxVPE2ev+8KxySJ/4DiJtB6i2CX2P2iZtkgQSO8bWXGh6S+kdJ24NazLPaqLg/nfgtrG7bEUUvCVHKcVByyz26gJ9iN5SlV3cm1n/je8wnfYEWIYv1WRJBO9W11mnkftaCIxZBtMdr8OGSPdFQxRvtBrYTMI5dwecaRwGX/5wr+p1a4yr1t/yAOPMOs+73iyPUDjUVahlvsNKwS2pmX6vGYi8h7rReqaIpwtqPC08A5s0uwJKsL0Q133m4gC/HNnYgL/0ke8HaqtX6Jx8RenS5e52P0bO7+sjgWsPnaLngXRg+PB25Hn+9Hj8ADgm5K7rcEIEzDKF/k4BrkYQLacLqpoS+2gtj7c8kAWjW/H87nqZI5XkQtJLL7ipynmBZiXyoXBDCEFnK+IBZvXCMxQTQsOJeA5EiTornTS5/TY5tdQXJMiUMXFwipaCoM1aD99gcsZeg+JYXM51ZEJ+DPk6NFRt5D9v7DcjmIQFdrfVuhddQrej4kBr8N+9sY7isS0jONabbuwE0+BmhBvoP9l/0dyeSAn4GQTleIu8TnvUPJFrSwDJhDIv9qlu/6E9Um/mOgNnyejiQdNaq6VcIuIQ0530OsDA1gp39GjLHOzAwCqRiH10PnP4kD6ACK0pd1CR6l4ZuPyafyW90L9gNEKh9FE68Dph8rfTvrj0sYc4ckdV+NcSQ7gBEf6A7P3jlTyVXN9UtsaFt8e7P1dvnE5vTTPBIJCDzpgVtz4qLBCo7TyYd797yUF+tqxpHLHMm+2vVuqudkwbfoD9SW1io2YmrjgvXFZkVK9h0ZCr8rE8xPOwzCRtByRV07cbhlA2Sgxp/evPcxnJeJl+qhPX5zPpfduPDwKizmdoQQtelDI1XxMY4Kfsx1+kGMotz395Y2+Ix5Dzli4d/pTyQ3JX+E0Tr4XFO1wYJ60UjSzyx6t3kA==','2020-11-13 02:02:40'),(1326,'default',0,'catalog/search/elasticsearch7_index_prefix','magento2_milano','2021-02-03 00:21:50'),(1327,'default',0,'msp_securitysuite_recaptcha/frontend/enabled','0','2021-02-03 16:58:04'),(1328,'default',0,'msp_securitysuite_recaptcha/backend/enabled','0','2021-02-03 16:58:04'),(1329,'default',0,'twofactorauth/duo/application_key','zqshRrbPYpDVFEFS4HmInSNfDNoeSWO4soGIIFBzfXE38ssEWeIB9BRH5xvZyV3A','2021-02-03 16:58:04'),(1330,'default',0,'connector_developer_settings/system_alerts/user_roles','1','2021-02-03 16:58:04'),(1331,'default',0,'dev/template/minify_html','0','2021-02-06 09:47:36'),(1332,'default',0,'system/full_page_cache/caching_application','1','2022-05-21 08:18:48'),(1333,'default',0,'catalog/search/engine','elasticsearch7','2022-08-28 22:35:35'),(1334,'default',0,'catalog/search/elasticsearch7_server_hostname','localhost','2022-08-28 22:35:35'),(1335,'default',0,'catalog/search/elasticsearch7_server_port','9200','2022-08-28 22:35:35'),(1336,'websites',1,'design/head/shortcut_icon','websites/1/logo2.png','2022-08-29 11:55:44'),(1337,'websites',1,'design/head/default_title','elegancefluent','2022-08-29 11:55:44'),(1338,'websites',1,'design/head/default_keywords','elegancefluent','2022-08-29 11:55:44'),(1339,'websites',1,'design/header/logo_src','websites/1/logo2_1.png','2022-08-29 11:55:44'),(1340,'websites',1,'design/header/logo_alt','elegancefluent','2022-08-29 11:55:44'),(1341,'default',0,'design/head/shortcut_icon','default/logo2.png','2022-08-29 11:56:14'),(1342,'default',0,'design/header/translate_title','1','2022-08-29 11:56:14'),(1347,'default',0,'paypal/general/merchant_country',NULL,'2022-08-29 17:15:19'),(1348,'default',0,'payment/paypal_express/active','0','2022-08-29 17:15:19'),(1349,'default',0,'payment/paypal_express/in_context','0','2022-08-29 17:15:19'),(1350,'default',0,'paypal/general/business_account','gemo@gmail.com','2022-08-29 20:31:06'),(1351,'default',0,'paypal/wpp/api_authentication','0','2022-08-29 17:15:19'),(1352,'default',0,'paypal/wpp/api_username',NULL,'2022-08-29 20:31:07'),(1353,'default',0,'paypal/wpp/api_password',NULL,'2022-08-29 17:15:19'),(1354,'default',0,'paypal/wpp/api_signature',NULL,'2022-08-29 17:15:19'),(1355,'default',0,'paypal/wpp/sandbox_flag','0','2022-08-29 17:15:19'),(1356,'default',0,'paypal/wpp/use_proxy','0','2022-08-29 17:15:19'),(1357,'default',0,'payment/paypal_express_bml/publisher_id',NULL,'2022-08-29 17:15:19'),(1358,'default',0,'payment/paypal_express_bml/homepage_display','0','2022-08-29 17:15:19'),(1359,'default',0,'payment/paypal_express_bml/homepage_position','0','2022-08-29 17:15:19'),(1360,'default',0,'payment/paypal_express_bml/homepage_size','190x100','2022-08-29 17:15:19'),(1361,'default',0,'payment/paypal_express_bml/categorypage_display','0','2022-08-29 17:15:19'),(1362,'default',0,'payment/paypal_express_bml/categorypage_position','0','2022-08-29 17:15:19'),(1363,'default',0,'payment/paypal_express_bml/categorypage_size','190x100','2022-08-29 17:15:19'),(1364,'default',0,'payment/paypal_express_bml/productpage_display','0','2022-08-29 17:15:19'),(1365,'default',0,'payment/paypal_express_bml/productpage_position','0','2022-08-29 17:15:19'),(1366,'default',0,'payment/paypal_express_bml/productpage_size','190x100','2022-08-29 17:15:19'),(1367,'default',0,'payment/paypal_express_bml/checkout_display','0','2022-08-29 17:15:19'),(1368,'default',0,'payment/paypal_express_bml/checkout_position','0','2022-08-29 17:15:19'),(1369,'default',0,'payment/paypal_express_bml/checkout_size','234x60','2022-08-29 17:15:19'),(1370,'default',0,'payment/paypal_express/title','PayPal Express Checkout','2022-08-29 17:15:19'),(1371,'default',0,'payment/paypal_express/sort_order',NULL,'2022-08-29 17:15:19'),(1372,'default',0,'payment/paypal_express/payment_action','Authorization','2022-08-29 17:15:19'),(1373,'default',0,'payment/paypal_express/visible_on_product','1','2022-08-29 17:15:19'),(1374,'default',0,'payment/paypal_express/visible_on_cart','1','2022-08-29 17:15:19'),(1375,'default',0,'payment/paypal_express/allowspecific','0','2022-08-29 17:15:19'),(1376,'default',0,'payment/paypal_express/debug','0','2022-08-29 17:15:19'),(1377,'default',0,'payment/paypal_express/verify_peer','1','2022-08-29 17:15:19'),(1378,'default',0,'payment/paypal_express/line_items_enabled','1','2022-08-29 17:15:19'),(1379,'default',0,'payment/paypal_express/transfer_shipping_options','0','2022-08-29 17:15:19'),(1380,'default',0,'paypal/wpp/button_flavor','dynamic','2022-08-29 17:15:19'),(1381,'default',0,'payment/paypal_express/solution_type','Mark','2022-08-29 17:15:19'),(1382,'default',0,'payment/paypal_express/require_billing_address','0','2022-08-29 17:15:19'),(1383,'default',0,'payment/paypal_express/allow_ba_signup','never','2022-08-29 17:15:19'),(1384,'default',0,'payment/paypal_express/skip_order_review_step','1','2022-08-29 17:15:19'),(1385,'default',0,'payment/paypal_billing_agreement/active','1','2022-08-29 17:15:19'),(1386,'default',0,'payment/paypal_billing_agreement/title','PayPal Billing Agreement','2022-08-29 17:15:19'),(1387,'default',0,'payment/paypal_billing_agreement/sort_order',NULL,'2022-08-29 17:15:19'),(1388,'default',0,'payment/paypal_billing_agreement/payment_action','Authorization','2022-08-29 17:15:19'),(1389,'default',0,'payment/paypal_billing_agreement/allowspecific','0','2022-08-29 17:15:19'),(1390,'default',0,'payment/paypal_billing_agreement/debug','0','2022-08-29 17:15:19'),(1391,'default',0,'payment/paypal_billing_agreement/verify_peer','1','2022-08-29 17:15:19'),(1392,'default',0,'payment/paypal_billing_agreement/line_items_enabled','0','2022-08-29 17:15:19'),(1393,'default',0,'payment/paypal_billing_agreement/allow_billing_agreement_wizard','1','2022-08-29 17:15:19'),(1394,'default',0,'paypal/fetch_reports/ftp_login',NULL,'2022-08-29 17:15:19'),(1395,'default',0,'paypal/fetch_reports/ftp_password',NULL,'2022-08-29 17:15:19'),(1396,'default',0,'paypal/fetch_reports/ftp_sandbox','0','2022-08-29 17:15:19'),(1397,'default',0,'paypal/fetch_reports/ftp_ip',NULL,'2022-08-29 17:15:19'),(1398,'default',0,'paypal/fetch_reports/ftp_path',NULL,'2022-08-29 17:15:19'),(1399,'default',0,'paypal/fetch_reports/active','0','2022-08-29 17:15:19'),(1400,'default',0,'paypal/fetch_reports/schedule','1','2022-08-29 17:15:19'),(1401,'default',0,'paypal/fetch_reports/time','00,00,00','2022-08-29 17:15:19'),(1402,'default',0,'paypal/style/logo',NULL,'2022-08-29 17:15:19'),(1403,'default',0,'paypal/style/page_style',NULL,'2022-08-29 17:15:19'),(1404,'default',0,'paypal/style/paypal_hdrimg',NULL,'2022-08-29 17:15:19'),(1405,'default',0,'paypal/style/paypal_hdrbackcolor',NULL,'2022-08-29 17:15:19'),(1406,'default',0,'paypal/style/paypal_hdrbordercolor',NULL,'2022-08-29 17:15:19'),(1407,'default',0,'paypal/style/paypal_payflowcolor',NULL,'2022-08-29 17:15:19'),(1408,'default',0,'paypal/style/checkout_page_button_customize','0','2022-08-29 17:15:19'),(1409,'default',0,'paypal/style/product_page_button_customize','0','2022-08-29 17:15:19'),(1410,'default',0,'paypal/style/cart_page_button_customize','0','2022-08-29 17:15:19'),(1411,'default',0,'paypal/style/mini_cart_page_button_customize','0','2022-08-29 17:15:19'),(1412,'default',0,'paypal/style/disable_funding_options',NULL,'2022-08-29 17:15:19'),(1413,'default',0,'payment/braintree/active','0','2022-08-29 17:15:19'),(1414,'default',0,'payment/braintree_paypal/active','0','2022-08-29 17:15:19'),(1415,'default',0,'payment/braintree_paypal_credit/active','0','2022-08-29 17:15:19'),(1416,'default',0,'payment/braintree_cc_vault/active','0','2022-08-29 17:15:19'),(1417,'default',0,'payment/braintree/title','Credit Card','2022-08-29 17:15:19'),(1418,'default',0,'payment/braintree/environment','sandbox','2022-08-29 17:15:19'),(1419,'default',0,'payment/braintree/payment_action','authorize','2022-08-29 17:15:19'),(1420,'default',0,'payment/braintree/sandbox_merchant_id',NULL,'2022-08-29 17:15:19'),(1421,'default',0,'payment/braintree/sandbox_public_key',NULL,'2022-08-29 17:15:19'),(1422,'default',0,'payment/braintree/sandbox_private_key',NULL,'2022-08-29 17:15:19'),(1423,'default',0,'payment/braintree_cc_vault/title','Stored Cards','2022-08-29 17:15:19'),(1424,'default',0,'payment/braintree/merchant_account_id',NULL,'2022-08-29 17:15:19'),(1425,'default',0,'payment/braintree/fraudprotection','0','2022-08-29 17:15:19'),(1426,'default',0,'payment/braintree/fraudprotection_threshold',NULL,'2022-08-29 17:15:19'),(1427,'default',0,'payment/braintree/debug','0','2022-08-29 17:15:19'),(1428,'default',0,'payment/braintree/useccv','1','2022-08-29 17:15:19'),(1429,'default',0,'payment/braintree/cctypes','AE,VI,MC,DI,JCB,DN,MI','2022-08-29 17:15:19'),(1430,'default',0,'payment/braintree/sort_order',NULL,'2022-08-29 17:15:19'),(1431,'default',0,'payment/braintree/allowspecific','0','2022-08-29 17:15:19'),(1432,'default',0,'payment/braintree/specificcountry',NULL,'2022-08-29 17:15:19'),(1433,'default',0,'payment/braintree/countrycreditcard','[]','2022-08-29 17:15:19'),(1434,'default',0,'payment/braintree_ach_direct_debit/active','0','2022-08-29 17:15:19'),(1435,'default',0,'payment/braintree_applepay/active','0','2022-08-29 17:15:19'),(1436,'default',0,'payment/braintree_applepay/payment_action','authorize','2022-08-29 17:15:19'),(1437,'default',0,'payment/braintree_applepay/merchant_name','Store','2022-08-29 17:15:19'),(1438,'default',0,'payment/braintree_local_payment/active','0','2022-08-29 17:15:19'),(1439,'default',0,'payment/braintree_googlepay/active','0','2022-08-29 17:15:19'),(1440,'default',0,'payment/braintree_googlepay/payment_action','authorize','2022-08-29 17:15:19'),(1441,'default',0,'payment/braintree_googlepay/btn_color','0','2022-08-29 17:15:19'),(1442,'default',0,'payment/braintree_googlepay/merchant_id','testmode','2022-08-29 17:15:19'),(1443,'default',0,'payment/braintree_googlepay/cctypes','VISA,MASTERCARD,AMEX','2022-08-29 17:15:19'),(1444,'default',0,'payment/braintree_venmo/active','0','2022-08-29 17:15:19'),(1445,'default',0,'payment/braintree_paypal/title','PayPal','2022-08-29 17:15:19'),(1446,'default',0,'payment/braintree_paypal_vault/active','0','2022-08-29 17:15:19'),(1447,'default',0,'payment/braintree_paypal/sort_order','2','2022-08-29 17:15:19'),(1448,'default',0,'payment/braintree_paypal/merchant_name_override',NULL,'2022-08-29 17:15:19'),(1449,'default',0,'payment/braintree_paypal/payment_action','authorize','2022-08-29 17:15:19'),(1450,'default',0,'payment/braintree_paypal/allowspecific','0','2022-08-29 17:15:19'),(1451,'default',0,'payment/braintree_paypal/specificcountry',NULL,'2022-08-29 17:15:19'),(1452,'default',0,'payment/braintree_paypal/require_billing_address','0','2022-08-29 17:15:19'),(1453,'default',0,'payment/braintree_paypal/debug','0','2022-08-29 17:15:19'),(1454,'default',0,'payment/braintree_paypal/display_on_shopping_cart','1','2022-08-29 17:15:19'),(1455,'default',0,'payment/braintree_paypal/disabled_funding_cart',NULL,'2022-08-29 17:15:19'),(1456,'default',0,'payment/braintree_paypal/button_customise_cart','0','2022-08-29 17:15:19'),(1457,'default',0,'payment/braintree_paypal/disabled_funding_checkout',NULL,'2022-08-29 17:15:19'),(1458,'default',0,'payment/braintree_paypal/button_customise_checkout','0','2022-08-29 17:15:19'),(1459,'default',0,'payment/braintree_paypal/button_productpage_enabled','0','2022-08-29 17:15:19'),(1460,'default',0,'payment/braintree_paypal/disabled_funding_productpage',NULL,'2022-08-29 17:15:19'),(1461,'default',0,'payment/braintree_paypal/button_customise_productpage','0','2022-08-29 17:15:19'),(1462,'default',0,'payment/braintree/verify_3dsecure','0','2022-08-29 17:15:19'),(1463,'default',0,'payment/braintree/threshold_amount',NULL,'2022-08-29 17:15:19'),(1464,'default',0,'payment/braintree/verify_all_countries','0','2022-08-29 17:15:19'),(1465,'default',0,'payment/braintree/verify_specific_countries',NULL,'2022-08-29 17:15:19'),(1466,'default',0,'payment/braintree/descriptor_name',NULL,'2022-08-29 17:15:19'),(1467,'default',0,'payment/braintree/descriptor_phone',NULL,'2022-08-29 17:15:19'),(1468,'default',0,'payment/braintree/descriptor_url',NULL,'2022-08-29 17:15:19'),(1469,'default',0,'payment/payflow_express/active','0','2022-08-29 17:15:19'),(1470,'default',0,'payment/payflow_advanced/active','0','2022-08-29 17:15:19'),(1471,'default',0,'payment/payflow_express_bml/active','0','2022-08-29 17:15:19'),(1472,'default',0,'payment/payflow_advanced/partner','PayPal','2022-08-29 17:15:19'),(1473,'default',0,'payment/payflow_advanced/vendor','PayPal','2022-08-29 17:15:19'),(1474,'default',0,'payment/payflow_advanced/user',NULL,'2022-08-29 17:15:19'),(1475,'default',0,'payment/payflow_advanced/pwd',NULL,'2022-08-29 17:15:19'),(1476,'default',0,'payment/payflow_advanced/sandbox_flag','0','2022-08-29 17:15:19'),(1477,'default',0,'payment/payflow_advanced/use_proxy','0','2022-08-29 17:15:19'),(1478,'default',0,'payment/payflow_advanced/title','Credit Card (Payflow Advanced)','2022-08-29 17:15:19'),(1479,'default',0,'payment/payflow_advanced/sort_order',NULL,'2022-08-29 17:15:19'),(1480,'default',0,'payment/payflow_advanced/payment_action','Authorization','2022-08-29 17:15:19'),(1481,'default',0,'payment/payflow_advanced/allowspecific','0','2022-08-29 17:15:19'),(1482,'default',0,'payment/payflow_advanced/debug','0','2022-08-29 17:15:19'),(1483,'default',0,'payment/payflow_advanced/verify_peer','1','2022-08-29 17:15:19'),(1484,'default',0,'payment/payflow_advanced/csc_editable','1','2022-08-29 17:15:19'),(1485,'default',0,'payment/payflow_advanced/csc_required','1','2022-08-29 17:15:19'),(1486,'default',0,'payment/payflow_advanced/email_confirmation','0','2022-08-29 17:15:19'),(1487,'default',0,'payment/payflow_advanced/url_method','GET','2022-08-29 17:15:19'),(1488,'default',0,'payment/payflow_express/title','PayPal Express Checkout Payflow Edition','2022-08-29 17:15:19'),(1489,'default',0,'payment/payflow_express/sort_order',NULL,'2022-08-29 17:15:19'),(1490,'default',0,'payment/payflow_express/payment_action','Authorization','2022-08-29 17:15:19'),(1491,'default',0,'payment/payflow_express/visible_on_product','1','2022-08-29 17:15:19'),(1492,'default',0,'payment/payflow_express/visible_on_cart','1','2022-08-29 17:15:19'),(1493,'default',0,'payment/payflow_express/allowspecific','0','2022-08-29 17:15:19'),(1494,'default',0,'payment/payflow_express/debug','0','2022-08-29 17:15:19'),(1495,'default',0,'payment/payflow_express/verify_peer','1','2022-08-29 17:15:19'),(1496,'default',0,'payment/payflow_express/line_items_enabled','1','2022-08-29 17:15:19'),(1497,'default',0,'payment/paypal_payment_pro/active','0','2022-08-29 17:15:19'),(1498,'default',0,'payment/payflowpro_cc_vault/active','0','2022-08-29 17:15:19'),(1499,'default',0,'payment/payflowpro/partner',NULL,'2022-08-29 17:15:19'),(1500,'default',0,'payment/payflowpro/user',NULL,'2022-08-29 17:15:19'),(1501,'default',0,'payment/payflowpro/vendor',NULL,'2022-08-29 17:15:19'),(1502,'default',0,'payment/payflowpro/pwd',NULL,'2022-08-29 17:15:19'),(1503,'default',0,'payment/payflowpro/sandbox_flag','0','2022-08-29 17:15:19'),(1504,'default',0,'payment/payflowpro/use_proxy','0','2022-08-29 17:15:19'),(1505,'default',0,'payment/payflowpro/title','Credit Card (Payflow Pro)','2022-08-29 17:15:19'),(1506,'default',0,'payment/payflowpro_cc_vault/title','Stored Cards (Payflow Pro)','2022-08-29 17:15:19'),(1507,'default',0,'payment/payflowpro/sort_order',NULL,'2022-08-29 17:15:19'),(1508,'default',0,'payment/payflowpro/payment_action','Authorization','2022-08-29 17:15:19'),(1509,'default',0,'payment/payflowpro/cctypes','AE,VI','2022-08-29 17:15:19'),(1510,'default',0,'payment/payflowpro/allowspecific','0','2022-08-29 17:15:19'),(1511,'default',0,'payment/payflowpro/debug','0','2022-08-29 17:15:19'),(1512,'default',0,'payment/payflowpro/verify_peer','1','2022-08-29 17:15:19'),(1513,'default',0,'payment/payflowpro/useccv','1','2022-08-29 17:15:19'),(1514,'default',0,'payment/payflowpro/fmf','0','2022-08-29 17:15:19'),(1515,'default',0,'payment/payflowpro/avs_street','0','2022-08-29 17:15:19'),(1516,'default',0,'payment/payflowpro/avs_zip','0','2022-08-29 17:15:19'),(1517,'default',0,'payment/payflowpro/avs_international','0','2022-08-29 17:15:19'),(1518,'default',0,'payment/payflowpro/avs_security_code','1','2022-08-29 17:15:19'),(1519,'default',0,'payment/wps_express/active','0','2022-08-29 17:15:19'),(1520,'default',0,'payment/wps_express_bml/active','0','2022-08-29 17:15:19'),(1521,'default',0,'payment/payflowpro/active','0','2022-08-29 17:15:19'),(1522,'default',0,'payment/payflow_link/active','0','2022-08-29 17:15:20'),(1523,'default',0,'payment/payflow_link/partner','PayPal','2022-08-29 17:15:20'),(1524,'default',0,'payment/payflow_link/vendor',NULL,'2022-08-29 17:15:20'),(1525,'default',0,'payment/payflow_link/user',NULL,'2022-08-29 17:15:20'),(1526,'default',0,'payment/payflow_link/pwd',NULL,'2022-08-29 17:15:20'),(1527,'default',0,'payment/payflow_link/sandbox_flag','0','2022-08-29 17:15:20'),(1528,'default',0,'payment/payflow_link/use_proxy','0','2022-08-29 17:15:20'),(1529,'default',0,'payment/payflow_link/title','Credit Card (Payflow Link)','2022-08-29 17:15:20'),(1530,'default',0,'payment/payflow_link/sort_order',NULL,'2022-08-29 17:15:20'),(1531,'default',0,'payment/payflow_link/payment_action','Authorization','2022-08-29 17:15:20'),(1532,'default',0,'payment/payflow_link/allowspecific','0','2022-08-29 17:15:20'),(1533,'default',0,'payment/payflow_link/debug','0','2022-08-29 17:15:20'),(1534,'default',0,'payment/payflow_link/verify_peer','1','2022-08-29 17:15:20'),(1535,'default',0,'payment/payflow_link/csc_editable','1','2022-08-29 17:15:20'),(1536,'default',0,'payment/payflow_link/csc_required','1','2022-08-29 17:15:20'),(1537,'default',0,'payment/payflow_link/email_confirmation','0','2022-08-29 17:15:20'),(1538,'default',0,'payment/payflow_link/url_method','GET','2022-08-29 17:15:20'),(1539,'default',0,'klarna/api/api_version','kp_eu','2022-08-29 17:15:20'),(1540,'default',0,'klarna/api/merchant_id',NULL,'2022-08-29 17:15:20'),(1541,'default',0,'klarna/api/shared_secret',NULL,'2022-08-29 17:15:20'),(1542,'default',0,'klarna/api/test_mode','1','2022-08-29 17:15:20'),(1543,'default',0,'klarna/api/debug','1','2022-08-29 17:15:20'),(1544,'default',0,'payment/klarna_kp/active','0','2022-08-29 17:15:20'),(1545,'default',0,'payment/klarna_kp/allowspecific','0','2022-08-29 17:15:20'),(1546,'default',0,'payment/klarna_kp/enable_b2b','0','2022-08-29 17:15:20'),(1547,'default',0,'payment/klarna_kp/data_sharing','1','2022-08-29 17:15:20'),(1548,'default',0,'payment/klarna_kp/data_sharing_onload','1','2022-08-29 17:15:20'),(1549,'default',0,'payment/klarna_kp/sort_order',NULL,'2022-08-29 17:15:20'),(1550,'default',0,'checkout/klarna_kp_design/color_details',NULL,'2022-08-29 17:15:20'),(1551,'default',0,'checkout/klarna_kp_design/color_border',NULL,'2022-08-29 17:15:20'),(1552,'default',0,'checkout/klarna_kp_design/color_border_selected',NULL,'2022-08-29 17:15:20'),(1553,'default',0,'checkout/klarna_kp_design/color_text',NULL,'2022-08-29 17:15:20'),(1554,'default',0,'checkout/klarna_kp_design/color_radius_border',NULL,'2022-08-29 17:15:20'),(1555,'default',0,'klarna/osm/enabled','0','2022-08-29 17:15:20'),(1556,'default',0,'klarna/osm/data_id',NULL,'2022-08-29 17:15:20'),(1557,'default',0,'klarna/osm/theme','default','2022-08-29 17:15:20'),(1558,'default',0,'klarna/osm/product_enabled','1','2022-08-29 17:15:20'),(1559,'default',0,'klarna/osm/product_placement_select','credit-promotion-small','2022-08-29 17:15:20'),(1560,'default',0,'klarna/osm/cart_enabled','1','2022-08-29 17:15:20'),(1561,'default',0,'klarna/osm/cart_placement_select','top-strip-promotion-standard','2022-08-29 17:15:20'),(1562,'default',0,'payment/amazon_payment/merchant_id',NULL,'2022-08-29 17:15:20'),(1563,'default',0,'payment/amazon_payment/access_key',NULL,'2022-08-29 17:15:20'),(1564,'default',0,'payment/amazon_payment/secret_key',NULL,'2022-08-29 17:15:20'),(1565,'default',0,'payment/amazon_payment/client_id',NULL,'2022-08-29 17:15:20'),(1566,'default',0,'payment/amazon_payment/client_secret',NULL,'2022-08-29 17:15:20'),(1567,'default',0,'payment/amazon_payment/credentials_json',NULL,'2022-08-29 17:15:20'),(1568,'default',0,'payment/amazon_payment/payment_region',NULL,'2022-08-29 17:15:20'),(1569,'default',0,'payment/amazon_payment/sandbox','0','2022-08-29 17:15:20'),(1570,'default',0,'payment/amazon_payment/active','0','2022-08-29 17:15:20'),(1571,'default',0,'payment/amazon_payment/lwa_enabled','0','2022-08-29 17:15:20'),(1572,'default',0,'payment/amazon_payment/payment_action','authorize','2022-08-29 17:15:20'),(1573,'default',0,'payment/amazon_payment/authorization_mode','synchronous','2022-08-29 17:15:20'),(1574,'default',0,'payment/amazon_payment/update_mechanism','polling','2022-08-29 17:15:20'),(1575,'default',0,'payment/amazon_payment/button_display_language',NULL,'2022-08-29 17:15:20'),(1576,'default',0,'payment/amazon_payment/button_color','Gold','2022-08-29 17:15:20'),(1577,'default',0,'payment/amazon_payment/button_size','medium','2022-08-29 17:15:20'),(1578,'default',0,'payment/amazon_payment/amazon_login_in_popup','1','2022-08-29 17:15:20'),(1579,'default',0,'payment/amazon_payment/pwa_pp_button_is_visible','1','2022-08-29 17:15:20'),(1580,'default',0,'payment/amazon_payment/minicart_button_is_visible','1','2022-08-29 17:15:20'),(1581,'default',0,'payment/amazonlogin/active','0','2022-08-29 17:15:20'),(1582,'default',0,'payment/amazon_payment/multicurrency','0','2022-08-29 17:15:20'),(1583,'default',0,'payment/amazon_payment/storename',NULL,'2022-08-29 17:15:20'),(1584,'default',0,'payment/amazon_payment/logging','1','2022-08-29 17:15:20'),(1585,'default',0,'payment/amazon_payment/allowed_ips',NULL,'2022-08-29 17:15:20'),(1586,'default',0,'payment/checkmo/specificcountry',NULL,'2022-08-29 17:15:20'),(1587,'default',0,'payment/checkmo/payable_to',NULL,'2022-08-29 17:15:20'),(1588,'default',0,'payment/checkmo/mailing_address',NULL,'2022-08-29 17:15:20'),(1589,'default',0,'payment/checkmo/min_order_total',NULL,'2022-08-29 17:15:20'),(1590,'default',0,'payment/checkmo/max_order_total',NULL,'2022-08-29 17:15:20'),(1591,'default',0,'payment/checkmo/sort_order',NULL,'2022-08-29 17:15:20'),(1592,'default',0,'payment/cashondelivery/specificcountry',NULL,'2022-08-29 17:15:20'),(1593,'default',0,'payment/cashondelivery/instructions',NULL,'2022-08-29 17:15:20'),(1594,'default',0,'payment/cashondelivery/min_order_total',NULL,'2022-08-29 17:15:20'),(1595,'default',0,'payment/cashondelivery/max_order_total',NULL,'2022-08-29 17:15:20'),(1596,'default',0,'payment/cashondelivery/sort_order',NULL,'2022-08-29 17:15:20'),(1597,'default',0,'payment/banktransfer/specificcountry',NULL,'2022-08-29 17:15:20'),(1598,'default',0,'payment/banktransfer/instructions',NULL,'2022-08-29 17:15:20'),(1599,'default',0,'payment/banktransfer/min_order_total',NULL,'2022-08-29 17:15:20'),(1600,'default',0,'payment/banktransfer/max_order_total',NULL,'2022-08-29 17:15:20'),(1601,'default',0,'payment/banktransfer/sort_order',NULL,'2022-08-29 17:15:20'),(1602,'default',0,'payment/free/specificcountry',NULL,'2022-08-29 17:15:20'),(1603,'default',0,'payment/purchaseorder/specificcountry',NULL,'2022-08-29 17:15:20'),(1604,'default',0,'payment/purchaseorder/min_order_total',NULL,'2022-08-29 17:15:20'),(1605,'default',0,'payment/purchaseorder/max_order_total',NULL,'2022-08-29 17:15:20'),(1606,'default',0,'payment/purchaseorder/sort_order',NULL,'2022-08-29 17:15:20'),(1607,'default',0,'payment/hesabe/active','1','2022-08-29 17:15:20'),(1608,'default',0,'payment/hesabe/title','K-Net','2022-08-29 20:10:23'),(1609,'default',0,'payment/mpgs/active','1','2022-08-29 17:15:20'),(1610,'default',0,'payment/mpgs/title','Mpgs','2022-08-29 20:10:23'),(1611,'default',0,'payment/knetmpgs/payment_mode','1','2022-08-29 20:50:12'),(1612,'default',0,'payment/knetmpgs/merchant_code','35841821','2022-08-29 17:15:20'),(1613,'default',0,'payment/knetmpgs/accesscode','9ebed9ff-f343-44b7-ada5-801b9406b236','2022-08-29 20:15:58'),(1614,'default',0,'payment/knetmpgs/encryptionkey','QpDMXJ4OeW53a9KOxmn8jBzmV7kZ9rKE','2022-08-29 20:15:58'),(1615,'default',0,'payment/knetmpgs/secretkey','eW53a9KOxmn8jBzm','2022-08-29 17:15:20'),(1616,'default',0,'payment/knetmpgs/new_order_status','processing','2022-08-29 17:15:20'),(1617,'default',0,'payment/knetmpgs/allowspecific','1','2022-08-29 17:15:20'),(1618,'default',0,'payment/knetmpgs/specificcountry','KW','2022-08-29 17:15:20'),(1619,'default',0,'payment/knetmpgs/sort_order',NULL,'2022-08-29 17:15:20'),(1620,'default',0,'checkout/options/onepage_checkout_enabled','1','2022-08-29 19:45:14'),(1621,'default',0,'checkout/payment_failed/copy_to',NULL,'2022-08-29 17:39:25'),(1622,'default',0,'checkout/payment_failed/copy_method','bcc','2022-08-29 17:39:25'),(1623,'default',0,'payment/checkmo/active','0','2022-08-29 20:10:23'),(1624,'default',0,'cataloginventory/options/show_out_of_stock','1','2022-08-31 14:59:28'),(1625,'default',0,'cataloginventory/source_selection_distance_based_google/api_key',NULL,'2022-08-31 14:59:28');

--
-- Table structure for table `cron_schedule`
--

CREATE TABLE `cron_schedule` (
  `schedule_id` int(10) unsigned NOT NULL AUTO_INCREMENT COMMENT 'Schedule ID',
  `job_code` varchar(255) NOT NULL DEFAULT '0' COMMENT 'Job Code',
  `status` varchar(7) NOT NULL DEFAULT 'pending' COMMENT 'Status',
  `messages` text COMMENT 'Messages',
  `created_at` timestamp NOT NULL DEFAULT CURRENT_TIMESTAMP COMMENT 'Created At',
  `scheduled_at` timestamp NULL DEFAULT NULL COMMENT 'Scheduled At',
  `executed_at` timestamp NULL DEFAULT NULL COMMENT 'Executed At',
  `finished_at` timestamp NULL DEFAULT NULL COMMENT 'Finished At',
  PRIMARY KEY (`schedule_id`),
  KEY `CRON_SCHEDULE_JOB_CODE_STATUS_SCHEDULED_AT` (`job_code`,`status`,`scheduled_at`),
  KEY `CRON_SCHEDULE_JOB_CODE` (`job_code`),
  KEY `CRON_SCHEDULE_SCHEDULED_AT_STATUS` (`scheduled_at`,`status`)
) ENGINE=InnoDB DEFAULT CHARSET=utf8 COMMENT='Cron Schedule';

--
-- Dumping data for table `cron_schedule`
--


--
-- Table structure for table `customer_address_entity`
--

CREATE TABLE `customer_address_entity` (
  `entity_id` int(10) unsigned NOT NULL AUTO_INCREMENT COMMENT 'Entity ID',
  `increment_id` varchar(50) DEFAULT NULL COMMENT 'Increment ID',
  `parent_id` int(10) unsigned DEFAULT NULL COMMENT 'Parent ID',
  `created_at` timestamp NOT NULL DEFAULT CURRENT_TIMESTAMP COMMENT 'Created At',
  `updated_at` timestamp NOT NULL DEFAULT CURRENT_TIMESTAMP ON UPDATE CURRENT_TIMESTAMP COMMENT 'Updated At',
  `is_active` smallint(5) unsigned NOT NULL DEFAULT '1' COMMENT 'Is Active',
  `city` varchar(255) NOT NULL COMMENT 'City',
  `company` varchar(255) DEFAULT NULL COMMENT 'Company',
  `country_id` varchar(255) NOT NULL COMMENT 'Country',
  `fax` varchar(255) DEFAULT NULL COMMENT 'Fax',
  `firstname` varchar(255) NOT NULL COMMENT 'First Name',
  `lastname` varchar(255) NOT NULL COMMENT 'Last Name',
  `middlename` varchar(255) DEFAULT NULL COMMENT 'Middle Name',
  `postcode` varchar(255) DEFAULT NULL COMMENT 'Zip/Postal Code',
  `prefix` varchar(40) DEFAULT NULL COMMENT 'Name Prefix',
  `region` varchar(255) DEFAULT NULL COMMENT 'State/Province',
  `region_id` int(10) unsigned DEFAULT NULL COMMENT 'State/Province',
  `street` text NOT NULL COMMENT 'Street Address',
  `suffix` varchar(40) DEFAULT NULL COMMENT 'Name Suffix',
  `telephone` varchar(255) NOT NULL COMMENT 'Phone Number',
  `vat_id` varchar(255) DEFAULT NULL COMMENT 'VAT number',
  `vat_is_valid` int(10) unsigned DEFAULT NULL COMMENT 'VAT number validity',
  `vat_request_date` varchar(255) DEFAULT NULL COMMENT 'VAT number validation request date',
  `vat_request_id` varchar(255) DEFAULT NULL COMMENT 'VAT number validation request ID',
  `vat_request_success` int(10) unsigned DEFAULT NULL COMMENT 'VAT number validation request success',
  PRIMARY KEY (`entity_id`),
  KEY `CUSTOMER_ADDRESS_ENTITY_PARENT_ID` (`parent_id`),
  CONSTRAINT `CUSTOMER_ADDRESS_ENTITY_PARENT_ID_CUSTOMER_ENTITY_ENTITY_ID` FOREIGN KEY (`parent_id`) REFERENCES `customer_entity` (`entity_id`) ON DELETE CASCADE
) ENGINE=InnoDB AUTO_INCREMENT=6 DEFAULT CHARSET=utf8 COMMENT='Customer Address Entity';

--
-- Dumping data for table `customer_address_entity`
--

INSERT INTO `customer_address_entity` VALUES (2,NULL,140,'2020-04-20 06:42:23','2020-04-20 06:42:23',1,'Ha Noi','SP','VN',NULL,'Nguyen','Dong',NULL,'100000',NULL,'BG',0,'Ha Noi',NULL,'0987654321',NULL,NULL,NULL,NULL,NULL),(3,NULL,271,'2020-10-20 06:52:31','2020-10-20 06:52:31',1,'12345',NULL,'US',NULL,'test','test',NULL,'12345',NULL,'American Samoa',3,'234\n1231\n234',NULL,'123',NULL,NULL,NULL,NULL,NULL),(4,NULL,467,'2022-03-29 13:52:21','2022-03-29 13:52:21',1,'test',NULL,'ES',NULL,'Semic','Test',NULL,'12345',NULL,'Alava',131,'test',NULL,'12345',NULL,NULL,NULL,NULL,NULL),(5,NULL,493,'2022-05-06 09:34:25','2022-05-06 09:34:25',1,'Mariazell','Ledacolor GmbH','AT',NULL,'Ledacolor','GmbH',NULL,'8630',NULL,'Steiermark',100,'Grazer Straße 21',NULL,'06764324553',NULL,NULL,NULL,NULL,NULL);

--
-- Table structure for table `customer_address_entity_datetime`
--

CREATE TABLE `customer_address_entity_datetime` (
  `value_id` int(11) NOT NULL AUTO_INCREMENT COMMENT 'Value ID',
  `attribute_id` smallint(5) unsigned NOT NULL DEFAULT '0' COMMENT 'Attribute ID',
  `entity_id` int(10) unsigned NOT NULL DEFAULT '0' COMMENT 'Entity ID',
  `value` datetime DEFAULT NULL COMMENT 'Value',
  PRIMARY KEY (`value_id`),
  UNIQUE KEY `CUSTOMER_ADDRESS_ENTITY_DATETIME_ENTITY_ID_ATTRIBUTE_ID` (`entity_id`,`attribute_id`),
  KEY `CUSTOMER_ADDRESS_ENTITY_DATETIME_ATTRIBUTE_ID` (`attribute_id`),
  KEY `CUSTOMER_ADDRESS_ENTITY_DATETIME_ENTITY_ID_ATTRIBUTE_ID_VALUE` (`entity_id`,`attribute_id`,`value`),
  CONSTRAINT `CSTR_ADDR_ENTT_DTIME_ATTR_ID_EAV_ATTR_ATTR_ID` FOREIGN KEY (`attribute_id`) REFERENCES `eav_attribute` (`attribute_id`) ON DELETE CASCADE,
  CONSTRAINT `CSTR_ADDR_ENTT_DTIME_ENTT_ID_CSTR_ADDR_ENTT_ENTT_ID` FOREIGN KEY (`entity_id`) REFERENCES `customer_address_entity` (`entity_id`) ON DELETE CASCADE
) ENGINE=InnoDB DEFAULT CHARSET=utf8 COMMENT='Customer Address Entity Datetime';

--
-- Dumping data for table `customer_address_entity_datetime`
--


--
-- Table structure for table `customer_address_entity_decimal`
--

CREATE TABLE `customer_address_entity_decimal` (
  `value_id` int(11) NOT NULL AUTO_INCREMENT COMMENT 'Value ID',
  `attribute_id` smallint(5) unsigned NOT NULL DEFAULT '0' COMMENT 'Attribute ID',
  `entity_id` int(10) unsigned NOT NULL DEFAULT '0' COMMENT 'Entity ID',
  `value` decimal(12,4) NOT NULL DEFAULT '0.0000' COMMENT 'Value',
  PRIMARY KEY (`value_id`),
  UNIQUE KEY `CUSTOMER_ADDRESS_ENTITY_DECIMAL_ENTITY_ID_ATTRIBUTE_ID` (`entity_id`,`attribute_id`),
  KEY `CUSTOMER_ADDRESS_ENTITY_DECIMAL_ATTRIBUTE_ID` (`attribute_id`),
  KEY `CUSTOMER_ADDRESS_ENTITY_DECIMAL_ENTITY_ID_ATTRIBUTE_ID_VALUE` (`entity_id`,`attribute_id`,`value`),
  CONSTRAINT `CSTR_ADDR_ENTT_DEC_ATTR_ID_EAV_ATTR_ATTR_ID` FOREIGN KEY (`attribute_id`) REFERENCES `eav_attribute` (`attribute_id`) ON DELETE CASCADE,
  CONSTRAINT `CSTR_ADDR_ENTT_DEC_ENTT_ID_CSTR_ADDR_ENTT_ENTT_ID` FOREIGN KEY (`entity_id`) REFERENCES `customer_address_entity` (`entity_id`) ON DELETE CASCADE
) ENGINE=InnoDB DEFAULT CHARSET=utf8 COMMENT='Customer Address Entity Decimal';

--
-- Dumping data for table `customer_address_entity_decimal`
--


--
-- Table structure for table `customer_address_entity_int`
--

CREATE TABLE `customer_address_entity_int` (
  `value_id` int(11) NOT NULL AUTO_INCREMENT COMMENT 'Value ID',
  `attribute_id` smallint(5) unsigned NOT NULL DEFAULT '0' COMMENT 'Attribute ID',
  `entity_id` int(10) unsigned NOT NULL DEFAULT '0' COMMENT 'Entity ID',
  `value` int(11) NOT NULL DEFAULT '0' COMMENT 'Value',
  PRIMARY KEY (`value_id`),
  UNIQUE KEY `CUSTOMER_ADDRESS_ENTITY_INT_ENTITY_ID_ATTRIBUTE_ID` (`entity_id`,`attribute_id`),
  KEY `CUSTOMER_ADDRESS_ENTITY_INT_ATTRIBUTE_ID` (`attribute_id`),
  KEY `CUSTOMER_ADDRESS_ENTITY_INT_ENTITY_ID_ATTRIBUTE_ID_VALUE` (`entity_id`,`attribute_id`,`value`),
  CONSTRAINT `CSTR_ADDR_ENTT_INT_ATTR_ID_EAV_ATTR_ATTR_ID` FOREIGN KEY (`attribute_id`) REFERENCES `eav_attribute` (`attribute_id`) ON DELETE CASCADE,
  CONSTRAINT `CSTR_ADDR_ENTT_INT_ENTT_ID_CSTR_ADDR_ENTT_ENTT_ID` FOREIGN KEY (`entity_id`) REFERENCES `customer_address_entity` (`entity_id`) ON DELETE CASCADE
) ENGINE=InnoDB DEFAULT CHARSET=utf8 COMMENT='Customer Address Entity Int';

--
-- Dumping data for table `customer_address_entity_int`
--


--
-- Table structure for table `customer_address_entity_text`
--

CREATE TABLE `customer_address_entity_text` (
  `value_id` int(11) NOT NULL AUTO_INCREMENT COMMENT 'Value ID',
  `attribute_id` smallint(5) unsigned NOT NULL DEFAULT '0' COMMENT 'Attribute ID',
  `entity_id` int(10) unsigned NOT NULL DEFAULT '0' COMMENT 'Entity ID',
  `value` text NOT NULL COMMENT 'Value',
  PRIMARY KEY (`value_id`),
  UNIQUE KEY `CUSTOMER_ADDRESS_ENTITY_TEXT_ENTITY_ID_ATTRIBUTE_ID` (`entity_id`,`attribute_id`),
  KEY `CUSTOMER_ADDRESS_ENTITY_TEXT_ATTRIBUTE_ID` (`attribute_id`),
  CONSTRAINT `CSTR_ADDR_ENTT_TEXT_ATTR_ID_EAV_ATTR_ATTR_ID` FOREIGN KEY (`attribute_id`) REFERENCES `eav_attribute` (`attribute_id`) ON DELETE CASCADE,
  CONSTRAINT `CSTR_ADDR_ENTT_TEXT_ENTT_ID_CSTR_ADDR_ENTT_ENTT_ID` FOREIGN KEY (`entity_id`) REFERENCES `customer_address_entity` (`entity_id`) ON DELETE CASCADE
) ENGINE=InnoDB DEFAULT CHARSET=utf8 COMMENT='Customer Address Entity Text';

--
-- Dumping data for table `customer_address_entity_text`
--


--
-- Table structure for table `customer_address_entity_varchar`
--

CREATE TABLE `customer_address_entity_varchar` (
  `value_id` int(11) NOT NULL AUTO_INCREMENT COMMENT 'Value ID',
  `attribute_id` smallint(5) unsigned NOT NULL DEFAULT '0' COMMENT 'Attribute ID',
  `entity_id` int(10) unsigned NOT NULL DEFAULT '0' COMMENT 'Entity ID',
  `value` varchar(255) DEFAULT NULL COMMENT 'Value',
  PRIMARY KEY (`value_id`),
  UNIQUE KEY `CUSTOMER_ADDRESS_ENTITY_VARCHAR_ENTITY_ID_ATTRIBUTE_ID` (`entity_id`,`attribute_id`),
  KEY `CUSTOMER_ADDRESS_ENTITY_VARCHAR_ATTRIBUTE_ID` (`attribute_id`),
  KEY `CUSTOMER_ADDRESS_ENTITY_VARCHAR_ENTITY_ID_ATTRIBUTE_ID_VALUE` (`entity_id`,`attribute_id`,`value`),
  CONSTRAINT `CSTR_ADDR_ENTT_VCHR_ATTR_ID_EAV_ATTR_ATTR_ID` FOREIGN KEY (`attribute_id`) REFERENCES `eav_attribute` (`attribute_id`) ON DELETE CASCADE,
  CONSTRAINT `CSTR_ADDR_ENTT_VCHR_ENTT_ID_CSTR_ADDR_ENTT_ENTT_ID` FOREIGN KEY (`entity_id`) REFERENCES `customer_address_entity` (`entity_id`) ON DELETE CASCADE
) ENGINE=InnoDB DEFAULT CHARSET=utf8 COMMENT='Customer Address Entity Varchar';

--
-- Dumping data for table `customer_address_entity_varchar`
--


--
-- Table structure for table `customer_eav_attribute`
--

CREATE TABLE `customer_eav_attribute` (
  `attribute_id` smallint(5) unsigned NOT NULL COMMENT 'Attribute ID',
  `is_visible` smallint(5) unsigned NOT NULL DEFAULT '1' COMMENT 'Is Visible',
  `input_filter` varchar(255) DEFAULT NULL COMMENT 'Input Filter',
  `multiline_count` smallint(5) unsigned NOT NULL DEFAULT '1' COMMENT 'Multiline Count',
  `validate_rules` text COMMENT 'Validate Rules',
  `is_system` smallint(5) unsigned NOT NULL DEFAULT '0' COMMENT 'Is System',
  `sort_order` int(10) unsigned NOT NULL DEFAULT '0' COMMENT 'Sort Order',
  `data_model` varchar(255) DEFAULT NULL COMMENT 'Data Model',
  `is_used_in_grid` smallint(5) unsigned NOT NULL DEFAULT '0' COMMENT 'Is Used in Grid',
  `is_visible_in_grid` smallint(5) unsigned NOT NULL DEFAULT '0' COMMENT 'Is Visible in Grid',
  `is_filterable_in_grid` smallint(5) unsigned NOT NULL DEFAULT '0' COMMENT 'Is Filterable in Grid',
  `is_searchable_in_grid` smallint(5) unsigned NOT NULL DEFAULT '0' COMMENT 'Is Searchable in Grid',
  PRIMARY KEY (`attribute_id`),
  KEY `CUSTOMER_EAV_ATTRIBUTE_SORT_ORDER` (`sort_order`),
  CONSTRAINT `CUSTOMER_EAV_ATTRIBUTE_ATTRIBUTE_ID_EAV_ATTRIBUTE_ATTRIBUTE_ID` FOREIGN KEY (`attribute_id`) REFERENCES `eav_attribute` (`attribute_id`) ON DELETE CASCADE
) ENGINE=InnoDB DEFAULT CHARSET=utf8 COMMENT='Customer Eav Attribute';

--
-- Dumping data for table `customer_eav_attribute`
--

INSERT INTO `customer_eav_attribute` VALUES (1,1,NULL,0,NULL,1,10,NULL,1,1,1,0),(2,0,NULL,0,NULL,1,0,NULL,0,0,0,0),(3,1,NULL,0,NULL,1,20,NULL,1,1,0,1),(4,0,NULL,0,NULL,0,30,NULL,0,0,0,0),(5,1,'trim',0,'{\"max_text_length\":255,\"min_text_length\":1}',1,40,NULL,0,0,0,0),(6,0,'trim',0,NULL,0,50,NULL,0,0,0,0),(7,1,'trim',0,'{\"max_text_length\":255,\"min_text_length\":1}',1,60,NULL,0,0,0,0),(8,0,NULL,0,NULL,0,70,NULL,0,0,0,0),(9,1,NULL,0,'{\"input_validation\":\"email\"}',1,80,NULL,1,1,1,1),(10,1,NULL,0,NULL,1,25,NULL,1,1,1,0),(11,0,'date',0,'{\"input_validation\":\"date\"}',0,90,NULL,1,1,1,0),(12,0,NULL,0,NULL,1,0,NULL,0,0,0,0),(13,0,NULL,0,NULL,1,0,NULL,0,0,0,0),(14,0,NULL,0,'{\"input_validation\":\"date\"}',1,0,NULL,0,0,0,0),(15,0,NULL,0,NULL,1,0,NULL,0,0,0,0),(16,0,NULL,0,NULL,1,0,NULL,0,0,0,0),(17,0,NULL,0,'{\"max_text_length\":255}',0,100,NULL,1,1,0,1),(18,0,NULL,0,NULL,1,0,NULL,1,1,1,0),(19,0,NULL,0,NULL,0,0,NULL,1,1,1,0),(20,0,NULL,0,'[]',0,110,NULL,1,1,1,0),(21,1,NULL,0,NULL,1,28,NULL,0,0,0,0),(22,0,NULL,0,NULL,0,10,NULL,0,0,0,0),(23,1,'trim',0,'{\"max_text_length\":255,\"min_text_length\":1}',1,20,NULL,1,0,0,1),(24,0,'trim',0,NULL,0,30,NULL,0,0,0,0),(25,1,'trim',0,'{\"max_text_length\":255,\"min_text_length\":1}',1,40,NULL,1,0,0,1),(26,0,NULL,0,NULL,0,50,NULL,0,0,0,0),(27,1,NULL,0,'{\"max_text_length\":255,\"min_text_length\":1}',1,60,NULL,1,0,0,1),(28,1,NULL,3,'{\"max_text_length\":255,\"min_text_length\":1}',1,70,NULL,1,0,0,1),(29,1,NULL,0,'{\"max_text_length\":255,\"min_text_length\":1}',1,100,NULL,1,0,0,1),(30,1,NULL,0,NULL,1,80,NULL,1,1,1,0),(31,1,NULL,0,NULL,1,90,NULL,1,1,0,1),(32,1,NULL,0,NULL,1,90,NULL,0,0,0,0),(33,1,NULL,0,'[]',1,110,'Magento\\Customer\\Model\\Attribute\\Data\\Postcode',1,1,1,1),(34,1,NULL,0,'{\"max_text_length\":255,\"min_text_length\":1}',1,120,NULL,1,1,1,1),(35,0,NULL,0,'{\"max_text_length\":255,\"min_text_length\":1}',0,130,NULL,1,0,0,1),(36,1,NULL,0,NULL,1,140,NULL,0,0,0,0),(37,0,NULL,0,NULL,1,0,NULL,0,0,0,0),(38,0,NULL,0,NULL,1,0,NULL,0,0,0,0),(39,0,NULL,0,NULL,1,0,NULL,0,0,0,0),(40,0,NULL,0,NULL,1,0,NULL,0,0,0,0),(41,0,NULL,0,NULL,0,0,NULL,0,0,0,0),(139,0,NULL,0,NULL,1,0,NULL,0,0,0,0),(140,0,NULL,0,NULL,1,0,NULL,0,0,0,0),(141,0,NULL,0,NULL,1,0,NULL,0,0,0,0);

--
-- Table structure for table `customer_eav_attribute_website`
--

CREATE TABLE `customer_eav_attribute_website` (
  `attribute_id` smallint(5) unsigned NOT NULL COMMENT 'Attribute ID',
  `website_id` smallint(5) unsigned NOT NULL COMMENT 'Website ID',
  `is_visible` smallint(5) unsigned DEFAULT NULL COMMENT 'Is Visible',
  `is_required` smallint(5) unsigned DEFAULT NULL COMMENT 'Is Required',
  `default_value` text COMMENT 'Default Value',
  `multiline_count` smallint(5) unsigned DEFAULT NULL COMMENT 'Multiline Count',
  PRIMARY KEY (`attribute_id`,`website_id`),
  KEY `CUSTOMER_EAV_ATTRIBUTE_WEBSITE_WEBSITE_ID` (`website_id`),
  CONSTRAINT `CSTR_EAV_ATTR_WS_ATTR_ID_EAV_ATTR_ATTR_ID` FOREIGN KEY (`attribute_id`) REFERENCES `eav_attribute` (`attribute_id`) ON DELETE CASCADE,
  CONSTRAINT `CSTR_EAV_ATTR_WS_WS_ID_STORE_WS_WS_ID` FOREIGN KEY (`website_id`) REFERENCES `store_website` (`website_id`) ON DELETE CASCADE
) ENGINE=InnoDB DEFAULT CHARSET=utf8 COMMENT='Customer Eav Attribute Website';

--
-- Dumping data for table `customer_eav_attribute_website`
--

INSERT INTO `customer_eav_attribute_website` VALUES (1,1,NULL,NULL,NULL,NULL),(3,1,NULL,NULL,NULL,NULL),(5,1,NULL,NULL,NULL,NULL),(6,1,NULL,NULL,NULL,NULL),(7,1,NULL,NULL,NULL,NULL),(9,1,NULL,NULL,NULL,NULL),(10,1,NULL,NULL,NULL,NULL),(11,1,NULL,NULL,NULL,NULL),(17,1,NULL,NULL,NULL,NULL),(18,1,NULL,NULL,NULL,NULL),(19,1,NULL,NULL,NULL,NULL),(20,1,NULL,NULL,NULL,NULL),(21,1,NULL,NULL,NULL,NULL),(23,1,NULL,NULL,NULL,NULL),(24,1,NULL,NULL,NULL,NULL),(25,1,NULL,NULL,NULL,NULL),(27,1,NULL,NULL,NULL,NULL),(28,1,NULL,NULL,NULL,NULL),(29,1,NULL,NULL,NULL,NULL),(30,1,NULL,NULL,NULL,NULL),(31,1,NULL,NULL,NULL,NULL),(32,1,NULL,NULL,NULL,NULL),(33,1,NULL,NULL,NULL,NULL),(34,1,NULL,NULL,NULL,NULL),(35,1,NULL,NULL,NULL,NULL),(36,1,NULL,NULL,NULL,NULL);

--
-- Table structure for table `customer_entity_datetime`
--

CREATE TABLE `customer_entity_datetime` (
  `value_id` int(11) NOT NULL AUTO_INCREMENT COMMENT 'Value ID',
  `attribute_id` smallint(5) unsigned NOT NULL DEFAULT '0' COMMENT 'Attribute ID',
  `entity_id` int(10) unsigned NOT NULL DEFAULT '0' COMMENT 'Entity ID',
  `value` datetime DEFAULT NULL COMMENT 'Value',
  PRIMARY KEY (`value_id`),
  UNIQUE KEY `CUSTOMER_ENTITY_DATETIME_ENTITY_ID_ATTRIBUTE_ID` (`entity_id`,`attribute_id`),
  KEY `CUSTOMER_ENTITY_DATETIME_ATTRIBUTE_ID` (`attribute_id`),
  KEY `CUSTOMER_ENTITY_DATETIME_ENTITY_ID_ATTRIBUTE_ID_VALUE` (`entity_id`,`attribute_id`,`value`),
  CONSTRAINT `CUSTOMER_ENTITY_DATETIME_ATTRIBUTE_ID_EAV_ATTRIBUTE_ATTRIBUTE_ID` FOREIGN KEY (`attribute_id`) REFERENCES `eav_attribute` (`attribute_id`) ON DELETE CASCADE,
  CONSTRAINT `CUSTOMER_ENTITY_DATETIME_ENTITY_ID_CUSTOMER_ENTITY_ENTITY_ID` FOREIGN KEY (`entity_id`) REFERENCES `customer_entity` (`entity_id`) ON DELETE CASCADE
) ENGINE=InnoDB DEFAULT CHARSET=utf8 COMMENT='Customer Entity Datetime';

--
-- Dumping data for table `customer_entity_datetime`
--


--
-- Table structure for table `customer_entity_decimal`
--

CREATE TABLE `customer_entity_decimal` (
  `value_id` int(11) NOT NULL AUTO_INCREMENT COMMENT 'Value ID',
  `attribute_id` smallint(5) unsigned NOT NULL DEFAULT '0' COMMENT 'Attribute ID',
  `entity_id` int(10) unsigned NOT NULL DEFAULT '0' COMMENT 'Entity ID',
  `value` decimal(12,4) NOT NULL DEFAULT '0.0000' COMMENT 'Value',
  PRIMARY KEY (`value_id`),
  UNIQUE KEY `CUSTOMER_ENTITY_DECIMAL_ENTITY_ID_ATTRIBUTE_ID` (`entity_id`,`attribute_id`),
  KEY `CUSTOMER_ENTITY_DECIMAL_ATTRIBUTE_ID` (`attribute_id`),
  KEY `CUSTOMER_ENTITY_DECIMAL_ENTITY_ID_ATTRIBUTE_ID_VALUE` (`entity_id`,`attribute_id`,`value`),
  CONSTRAINT `CUSTOMER_ENTITY_DECIMAL_ATTRIBUTE_ID_EAV_ATTRIBUTE_ATTRIBUTE_ID` FOREIGN KEY (`attribute_id`) REFERENCES `eav_attribute` (`attribute_id`) ON DELETE CASCADE,
  CONSTRAINT `CUSTOMER_ENTITY_DECIMAL_ENTITY_ID_CUSTOMER_ENTITY_ENTITY_ID` FOREIGN KEY (`entity_id`) REFERENCES `customer_entity` (`entity_id`) ON DELETE CASCADE
) ENGINE=InnoDB DEFAULT CHARSET=utf8 COMMENT='Customer Entity Decimal';

--
-- Dumping data for table `customer_entity_decimal`
--


--
-- Table structure for table `customer_entity_int`
--

CREATE TABLE `customer_entity_int` (
  `value_id` int(11) NOT NULL AUTO_INCREMENT COMMENT 'Value ID',
  `attribute_id` smallint(5) unsigned NOT NULL DEFAULT '0' COMMENT 'Attribute ID',
  `entity_id` int(10) unsigned NOT NULL DEFAULT '0' COMMENT 'Entity ID',
  `value` int(11) NOT NULL DEFAULT '0' COMMENT 'Value',
  PRIMARY KEY (`value_id`),
  UNIQUE KEY `CUSTOMER_ENTITY_INT_ENTITY_ID_ATTRIBUTE_ID` (`entity_id`,`attribute_id`),
  KEY `CUSTOMER_ENTITY_INT_ATTRIBUTE_ID` (`attribute_id`),
  KEY `CUSTOMER_ENTITY_INT_ENTITY_ID_ATTRIBUTE_ID_VALUE` (`entity_id`,`attribute_id`,`value`),
  CONSTRAINT `CUSTOMER_ENTITY_INT_ATTRIBUTE_ID_EAV_ATTRIBUTE_ATTRIBUTE_ID` FOREIGN KEY (`attribute_id`) REFERENCES `eav_attribute` (`attribute_id`) ON DELETE CASCADE,
  CONSTRAINT `CUSTOMER_ENTITY_INT_ENTITY_ID_CUSTOMER_ENTITY_ENTITY_ID` FOREIGN KEY (`entity_id`) REFERENCES `customer_entity` (`entity_id`) ON DELETE CASCADE
) ENGINE=InnoDB DEFAULT CHARSET=utf8 COMMENT='Customer Entity Int';

--
-- Dumping data for table `customer_entity_int`
--


--
-- Table structure for table `customer_entity_text`
--

CREATE TABLE `customer_entity_text` (
  `value_id` int(11) NOT NULL AUTO_INCREMENT COMMENT 'Value ID',
  `attribute_id` smallint(5) unsigned NOT NULL DEFAULT '0' COMMENT 'Attribute ID',
  `entity_id` int(10) unsigned NOT NULL DEFAULT '0' COMMENT 'Entity ID',
  `value` text NOT NULL COMMENT 'Value',
  PRIMARY KEY (`value_id`),
  UNIQUE KEY `CUSTOMER_ENTITY_TEXT_ENTITY_ID_ATTRIBUTE_ID` (`entity_id`,`attribute_id`),
  KEY `CUSTOMER_ENTITY_TEXT_ATTRIBUTE_ID` (`attribute_id`),
  CONSTRAINT `CUSTOMER_ENTITY_TEXT_ATTRIBUTE_ID_EAV_ATTRIBUTE_ATTRIBUTE_ID` FOREIGN KEY (`attribute_id`) REFERENCES `eav_attribute` (`attribute_id`) ON DELETE CASCADE,
  CONSTRAINT `CUSTOMER_ENTITY_TEXT_ENTITY_ID_CUSTOMER_ENTITY_ENTITY_ID` FOREIGN KEY (`entity_id`) REFERENCES `customer_entity` (`entity_id`) ON DELETE CASCADE
) ENGINE=InnoDB DEFAULT CHARSET=utf8 COMMENT='Customer Entity Text';

--
-- Dumping data for table `customer_entity_text`
--


--
-- Table structure for table `customer_entity_varchar`
--

CREATE TABLE `customer_entity_varchar` (
  `value_id` int(11) NOT NULL AUTO_INCREMENT COMMENT 'Value ID',
  `attribute_id` smallint(5) unsigned NOT NULL DEFAULT '0' COMMENT 'Attribute ID',
  `entity_id` int(10) unsigned NOT NULL DEFAULT '0' COMMENT 'Entity ID',
  `value` varchar(255) DEFAULT NULL COMMENT 'Value',
  PRIMARY KEY (`value_id`),
  UNIQUE KEY `CUSTOMER_ENTITY_VARCHAR_ENTITY_ID_ATTRIBUTE_ID` (`entity_id`,`attribute_id`),
  KEY `CUSTOMER_ENTITY_VARCHAR_ATTRIBUTE_ID` (`attribute_id`),
  KEY `CUSTOMER_ENTITY_VARCHAR_ENTITY_ID_ATTRIBUTE_ID_VALUE` (`entity_id`,`attribute_id`,`value`),
  CONSTRAINT `CUSTOMER_ENTITY_VARCHAR_ATTRIBUTE_ID_EAV_ATTRIBUTE_ATTRIBUTE_ID` FOREIGN KEY (`attribute_id`) REFERENCES `eav_attribute` (`attribute_id`) ON DELETE CASCADE,
  CONSTRAINT `CUSTOMER_ENTITY_VARCHAR_ENTITY_ID_CUSTOMER_ENTITY_ENTITY_ID` FOREIGN KEY (`entity_id`) REFERENCES `customer_entity` (`entity_id`) ON DELETE CASCADE
) ENGINE=InnoDB DEFAULT CHARSET=utf8 COMMENT='Customer Entity Varchar';

--
-- Dumping data for table `customer_entity_varchar`
--


--
-- Table structure for table `customer_form_attribute`
--

CREATE TABLE `customer_form_attribute` (
  `form_code` varchar(32) NOT NULL COMMENT 'Form Code',
  `attribute_id` smallint(5) unsigned NOT NULL COMMENT 'Attribute ID',
  PRIMARY KEY (`form_code`,`attribute_id`),
  KEY `CUSTOMER_FORM_ATTRIBUTE_ATTRIBUTE_ID` (`attribute_id`),
  CONSTRAINT `CUSTOMER_FORM_ATTRIBUTE_ATTRIBUTE_ID_EAV_ATTRIBUTE_ATTRIBUTE_ID` FOREIGN KEY (`attribute_id`) REFERENCES `eav_attribute` (`attribute_id`) ON DELETE CASCADE
) ENGINE=InnoDB DEFAULT CHARSET=utf8 COMMENT='Customer Form Attribute';

--
-- Dumping data for table `customer_form_attribute`
--

INSERT INTO `customer_form_attribute` VALUES ('adminhtml_customer',1),('adminhtml_customer',3),('adminhtml_customer',4),('customer_account_create',4),('customer_account_edit',4),('adminhtml_customer',5),('customer_account_create',5),('customer_account_edit',5),('adminhtml_customer',6),('customer_account_create',6),('customer_account_edit',6),('adminhtml_customer',7),('customer_account_create',7),('customer_account_edit',7),('adminhtml_customer',8),('customer_account_create',8),('customer_account_edit',8),('adminhtml_checkout',9),('adminhtml_customer',9),('customer_account_create',9),('customer_account_edit',9),('adminhtml_checkout',10),('adminhtml_customer',10),('adminhtml_checkout',11),('adminhtml_customer',11),('customer_account_create',11),('customer_account_edit',11),('adminhtml_checkout',17),('adminhtml_customer',17),('customer_account_create',17),('customer_account_edit',17),('adminhtml_customer',19),('customer_account_create',19),('customer_account_edit',19),('adminhtml_checkout',20),('adminhtml_customer',20),('customer_account_create',20),('customer_account_edit',20),('adminhtml_customer',21),('adminhtml_customer_address',22),('customer_address_edit',22),('customer_register_address',22),('adminhtml_customer_address',23),('customer_address_edit',23),('customer_register_address',23),('adminhtml_customer_address',24),('customer_address_edit',24),('customer_register_address',24),('adminhtml_customer_address',25),('customer_address_edit',25),('customer_register_address',25),('adminhtml_customer_address',26),('customer_address_edit',26),('customer_register_address',26),('adminhtml_customer_address',27),('customer_address_edit',27),('customer_register_address',27),('adminhtml_customer_address',28),('customer_address_edit',28),('customer_register_address',28),('adminhtml_customer_address',29),('customer_address_edit',29),('customer_register_address',29),('adminhtml_customer_address',30),('customer_address_edit',30),('customer_register_address',30),('adminhtml_customer_address',31),('customer_address_edit',31),('customer_register_address',31),('adminhtml_customer_address',32),('customer_address_edit',32),('customer_register_address',32),('adminhtml_customer_address',33),('customer_address_edit',33),('customer_register_address',33),('adminhtml_customer_address',34),('customer_address_edit',34),('customer_register_address',34),('adminhtml_customer_address',35),('customer_address_edit',35),('customer_register_address',35),('adminhtml_customer_address',36),('customer_address_edit',36),('customer_register_address',36);

--
-- Table structure for table `customer_grid_flat`
--

CREATE TABLE `customer_grid_flat` (
  `entity_id` int(10) unsigned NOT NULL COMMENT 'Entity ID',
  `name` text COMMENT 'Name',
  `email` varchar(255) DEFAULT NULL COMMENT 'Email',
  `group_id` int(11) DEFAULT NULL COMMENT 'Group_id',
  `created_at` timestamp NULL DEFAULT NULL COMMENT 'Created_at',
  `website_id` int(11) DEFAULT NULL COMMENT 'Website_id',
  `confirmation` varchar(255) DEFAULT NULL COMMENT 'Confirmation',
  `created_in` text COMMENT 'Created_in',
  `dob` date DEFAULT NULL COMMENT 'Dob',
  `gender` int(11) DEFAULT NULL COMMENT 'Gender',
  `taxvat` varchar(255) DEFAULT NULL COMMENT 'Taxvat',
  `lock_expires` timestamp NULL DEFAULT NULL COMMENT 'Lock_expires',
  `shipping_full` text COMMENT 'Shipping_full',
  `billing_full` text COMMENT 'Billing_full',
  `billing_firstname` varchar(255) DEFAULT NULL COMMENT 'Billing_firstname',
  `billing_lastname` varchar(255) DEFAULT NULL COMMENT 'Billing_lastname',
  `billing_telephone` varchar(255) DEFAULT NULL COMMENT 'Billing_telephone',
  `billing_postcode` varchar(255) DEFAULT NULL COMMENT 'Billing_postcode',
  `billing_country_id` varchar(255) DEFAULT NULL COMMENT 'Billing_country_id',
  `billing_region` varchar(255) DEFAULT NULL COMMENT 'Billing_region',
  `billing_region_id` int(11) DEFAULT NULL COMMENT 'Billing_region_id',
  `billing_street` varchar(255) DEFAULT NULL COMMENT 'Billing_street',
  `billing_city` varchar(255) DEFAULT NULL COMMENT 'Billing_city',
  `billing_fax` varchar(255) DEFAULT NULL COMMENT 'Billing_fax',
  `billing_vat_id` varchar(255) DEFAULT NULL COMMENT 'Billing_vat_id',
  `billing_company` varchar(255) DEFAULT NULL COMMENT 'Billing_company',
  PRIMARY KEY (`entity_id`),
  KEY `CUSTOMER_GRID_FLAT_GROUP_ID` (`group_id`),
  KEY `CUSTOMER_GRID_FLAT_CREATED_AT` (`created_at`),
  KEY `CUSTOMER_GRID_FLAT_WEBSITE_ID` (`website_id`),
  KEY `CUSTOMER_GRID_FLAT_CONFIRMATION` (`confirmation`),
  KEY `CUSTOMER_GRID_FLAT_DOB` (`dob`),
  KEY `CUSTOMER_GRID_FLAT_GENDER` (`gender`),
  KEY `CUSTOMER_GRID_FLAT_BILLING_COUNTRY_ID` (`billing_country_id`),
  FULLTEXT KEY `FTI_8746F705702DD5F6D45B8C7CE7FE9F2F` (`name`,`email`,`created_in`,`taxvat`,`shipping_full`,`billing_full`,`billing_firstname`,`billing_lastname`,`billing_telephone`,`billing_postcode`,`billing_region`,`billing_city`,`billing_fax`,`billing_company`)
) ENGINE=InnoDB DEFAULT CHARSET=utf8 COMMENT='customer_grid_flat';

--
-- Dumping data for table `customer_grid_flat`
--

INSERT INTO `customer_grid_flat` VALUES (140,'Nguyen Dong','test@gmail.com',1,'2020-04-20 06:36:57',1,NULL,'English',NULL,NULL,NULL,NULL,'Ha Noi Ha Noi BG 100000','Ha Noi Ha Noi BG 100000','Nguyen','Dong','0987654321','100000','VN','BG',0,'Ha Noi','Ha Noi',NULL,NULL,'SP'),(141,'Forеx + Bitсоin = $ 7000 pеr weeк: http://ttrwflu.faintgaming.com/47a7d6 Forеx + Bitсоin = $ 7000 pеr weeк: http://ttrwflu.faintgaming.com/47a7d6','prem_upadhyay@yahoo.com',1,'2020-04-21 20:06:26',1,NULL,'English',NULL,NULL,NULL,NULL,'','',NULL,NULL,NULL,NULL,NULL,NULL,NULL,NULL,NULL,NULL,NULL,NULL),(142,'Fwd: $ 10,000 suссеss storу реr week. Eаrn $10000 Passive Inсome Реr Month in 2020: http://ripqfbe.fivedomen.club/8780 Fwd: $ 10,000 suссеss storу реr week. Eаrn $10000 Passive Inсome Реr Month in 2020: http://ripqfbe.fivedomen.club/8780','errorin05@gmail.com',1,'2020-04-21 21:44:49',1,NULL,'English',NULL,NULL,NULL,NULL,'','',NULL,NULL,NULL,NULL,NULL,NULL,NULL,NULL,NULL,NULL,NULL,NULL),(143,'Еarnings оn the Internеt from $6679 рer daу: http://vmb.xtechspro.com/7b Еarnings оn the Internеt from $6679 рer daу: http://vmb.xtechspro.com/7b','dev_rocks98@hotmail.com',1,'2020-04-21 22:00:00',1,NULL,'English',NULL,NULL,NULL,NULL,'','',NULL,NULL,NULL,NULL,NULL,NULL,NULL,NULL,NULL,NULL,NULL,NULL),(144,'Fоrеx + cryрtocurrencу = $ 9000 рer week: http://otkkhyiza.sonkkhipto.com/1a31 Fоrеx + cryрtocurrencу = $ 9000 рer week: http://otkkhyiza.sonkkhipto.com/1a31','nrblack@gmail.com',1,'2020-04-22 02:50:30',1,NULL,'English',NULL,NULL,NULL,NULL,'','',NULL,NULL,NULL,NULL,NULL,NULL,NULL,NULL,NULL,NULL,NULL,NULL),(145,'Fwd: Stоry of Sucсessful Раssivе Incomе Stratеgiеs. Hоw То Maке $10000 Рer Mоnth Frоm Homе: Pаssive Incomе.: http://xfydpzek.craftedbeauty.com/46d1 Fwd: Stоry of Sucсessful Раssivе Incomе Stratеgiеs. Hоw То Maке $10000 Рer Mоnth Frоm Homе: Pаssive Incomе.: http://xfydpzek.craftedbeauty.com/46d1','xavierpajeaud@yahoo.com',1,'2020-04-22 07:10:54',1,NULL,'English',NULL,NULL,NULL,NULL,'','',NULL,NULL,NULL,NULL,NULL,NULL,NULL,NULL,NULL,NULL,NULL,NULL),(146,'RЕ: Story of Sucсessful Рassivе Incоme Strаtegiеs. How tо Maкe Passive Inсоmе With Only $1000: http://bqusbgrz.nccprojects.org/9fd RЕ: Story of Sucсessful Рassivе Incоme Strаtegiеs. How tо Maкe Passive Inсоmе With Only $1000: http://bqusbgrz.nccprojects.org/9fd','farleyproyectos@gmail.com',1,'2020-04-22 20:41:44',1,NULL,'English',NULL,NULL,NULL,NULL,'','',NULL,NULL,NULL,NULL,NULL,NULL,NULL,NULL,NULL,NULL,NULL,NULL),(147,'Bitcоin rаtе is growing. Мanаgе tо invеst. Gеt рassivе incоmе of $ 3,500 per wеек: http://cavl.enexbyte.com/55ff5a3 Bitcоin rаtе is growing. Мanаgе tо invеst. Gеt рassivе incоmе of $ 3,500 per wеек: http://cavl.enexbyte.com/55ff5a3','nick@goowy.com',1,'2020-04-22 22:07:10',1,NULL,'English',NULL,NULL,NULL,NULL,'','',NULL,NULL,NULL,NULL,NULL,NULL,NULL,NULL,NULL,NULL,NULL,NULL),(148,'Invest $ 5,000 in Bitсoin onсe and gеt $ 70,000 раssive incomе реr month: http://ukqciwgpa.sitebuilerguide.com/421fd Invest $ 5,000 in Bitсoin onсe and gеt $ 70,000 раssive incomе реr month: http://ukqciwgpa.sitebuilerguide.com/421fd','lady1512002@yahoo.com',1,'2020-04-23 00:11:52',1,NULL,'English',NULL,NULL,NULL,NULL,'','',NULL,NULL,NULL,NULL,NULL,NULL,NULL,NULL,NULL,NULL,NULL,NULL),(149,'Fwd: Mу suссess stоry. The $10000 per Мonth Guide to Рassivе Incоme: http://nkbwfx.fndcompany.com/f8 Fwd: Mу suссess stоry. The $10000 per Мonth Guide to Рassivе Incоme: http://nkbwfx.fndcompany.com/f8','franckloupil618@hotmail.com',1,'2020-04-23 00:43:04',1,NULL,'English',NULL,NULL,NULL,NULL,'','',NULL,NULL,NULL,NULL,NULL,NULL,NULL,NULL,NULL,NULL,NULL,NULL),(150,'EASY SCHЕМЕ EARNINGS ОN ТНE INТЕRNEТ from $6145 per week: http://kats.sonkkhipto.com/0f4d833 EASY SCHЕМЕ EARNINGS ОN ТНE INТЕRNEТ from $6145 per week: http://kats.sonkkhipto.com/0f4d833','antoooh31@gmail.com',1,'2020-04-23 08:56:46',1,NULL,'English',NULL,NULL,NULL,NULL,'','',NULL,NULL,NULL,NULL,NULL,NULL,NULL,NULL,NULL,NULL,NULL,NULL),(151,'How to invеst in bitсoins $ 15000 - get a rеturn of up to 2000%: http://lyfwvg.birtatlitarifi.com/f91 How to invеst in bitсoins $ 15000 - get a rеturn of up to 2000%: http://lyfwvg.birtatlitarifi.com/f91','kittycaller202@yahoo.co.uk',1,'2020-04-23 22:55:10',1,NULL,'English',NULL,NULL,NULL,NULL,'','',NULL,NULL,NULL,NULL,NULL,NULL,NULL,NULL,NULL,NULL,NULL,NULL),(152,'Раid  Studies:  Мaке $9781 Or  Evеn more  Eаch week: http://zyxufwn.craftedbeauty.com/32cc Раid  Studies:  Мaке $9781 Or  Evеn more  Eаch week: http://zyxufwn.craftedbeauty.com/32cc','lil_lvrpool_wna_b@hotmail.co.uk',1,'2020-04-24 01:17:14',1,NULL,'English',NULL,NULL,NULL,NULL,'','',NULL,NULL,NULL,NULL,NULL,NULL,NULL,NULL,NULL,NULL,NULL,NULL),(153,'Fwd: Му suсcess storу. How To Маke $10000 Реr Мonth From Ноme: Pаssive Incomе.: http://ihpmyo.bengalinewsline.com/e0f9e7ff Fwd: Му suсcess storу. How To Маke $10000 Реr Мonth From Ноme: Pаssive Incomе.: http://ihpmyo.bengalinewsline.com/e0f9e7ff','karim1980@hotmail.co.uk',1,'2020-04-24 09:56:13',1,NULL,'English',NULL,NULL,NULL,NULL,'','',NULL,NULL,NULL,NULL,NULL,NULL,NULL,NULL,NULL,NULL,NULL,NULL),(154,'Fwd: $ 10,000 succеss storу реr weеk. Earn $10000 Passivе Incomе Per Моnth in 2020: http://acyprs.4663.org/517fde437 Fwd: $ 10,000 succеss storу реr weеk. Earn $10000 Passivе Incomе Per Моnth in 2020: http://acyprs.4663.org/517fde437','lindseysweets@hotmail.co.uk',1,'2020-04-25 02:30:42',1,NULL,'English',NULL,NULL,NULL,NULL,'','',NULL,NULL,NULL,NULL,NULL,NULL,NULL,NULL,NULL,NULL,NULL,NULL),(155,'Hоw tо mаke $10,000 Per dау FASТ: http://tsmkvyijx.gulfhirings.com/af630e5f Hоw tо mаke $10,000 Per dау FASТ: http://tsmkvyijx.gulfhirings.com/af630e5f','salesvic@mezzaninewine.com.au',1,'2020-04-25 03:17:36',1,NULL,'English',NULL,NULL,NULL,NULL,'','',NULL,NULL,NULL,NULL,NULL,NULL,NULL,NULL,NULL,NULL,NULL,NULL),(156,'I\'m 23. I have $30000. Ноw сan I bеst usе it tо maкe morе moneу: http://pmlywem.wetheproles.com/c26e266 I\'m 23. I have $30000. Ноw сan I bеst usе it tо maкe morе moneу: http://pmlywem.wetheproles.com/c26e266','veleno12@live.it',1,'2020-04-25 16:08:36',1,NULL,'English',NULL,NULL,NULL,NULL,'','',NULL,NULL,NULL,NULL,NULL,NULL,NULL,NULL,NULL,NULL,NULL,NULL),(157,'RE: Sucсess Stоries - Smаrt Passivе Inсоme. Hоw tо maкe $10000 а Month Pаssivе Incоmе: http://uhbtfvhcm.newstechsk.com/f7520 RE: Sucсess Stоries - Smаrt Passivе Inсоme. Hоw tо maкe $10000 а Month Pаssivе Incоmе: http://uhbtfvhcm.newstechsk.com/f7520','declan@trenchcontrol.co.uk',1,'2020-04-26 12:01:41',1,NULL,'English',NULL,NULL,NULL,NULL,'','',NULL,NULL,NULL,NULL,NULL,NULL,NULL,NULL,NULL,NULL,NULL,NULL),(158,'[OMG] PROFIТ in under 60 sеconds: http://pfenxps.fndcompany.com/a34d9f2ef [OMG] PROFIТ in under 60 sеconds: http://pfenxps.fndcompany.com/a34d9f2ef','gaston.paul@gmail.com',1,'2020-04-26 13:53:02',1,NULL,'English',NULL,NULL,NULL,NULL,'','',NULL,NULL,NULL,NULL,NULL,NULL,NULL,NULL,NULL,NULL,NULL,NULL),(159,'Forеx + Вitсоin = $ 7000 реr wеek: http://qch.shoesmogul.com/3c7dd Forеx + Вitсоin = $ 7000 реr wеek: http://qch.shoesmogul.com/3c7dd','sca@woman2woman.ca',1,'2020-04-26 15:07:55',1,NULL,'English',NULL,NULL,NULL,NULL,'','',NULL,NULL,NULL,NULL,NULL,NULL,NULL,NULL,NULL,NULL,NULL,NULL),(160,'Fоrex + Вitcoin = $ 1695 реr week: http://ttv.transvalshipping.com/dbb53 Fоrex + Вitcoin = $ 1695 реr week: http://ttv.transvalshipping.com/dbb53','nsargent@wdhprint.com',1,'2020-04-26 16:37:38',1,NULL,'English',NULL,NULL,NULL,NULL,'','',NULL,NULL,NULL,NULL,NULL,NULL,NULL,NULL,NULL,NULL,NULL,NULL),(161,'How tо earn оn investmеnts in Bitсоin frоm $ 3000 реr daу: http://fd.gullivartravel.com/4981a1 How tо earn оn investmеnts in Bitсоin frоm $ 3000 реr daу: http://fd.gullivartravel.com/4981a1','deccaid@aol.com',1,'2020-04-26 17:08:50',1,NULL,'English',NULL,NULL,NULL,NULL,'','',NULL,NULL,NULL,NULL,NULL,NULL,NULL,NULL,NULL,NULL,NULL,NULL),(162,'RЕ: Suсcess Storiеs - Smаrt Раssivе Incomе. Pаssive Inсоme: Нow I Maке $10,000 Pеr Mоnth: http://uhkxh.4663.org/8946884bb RЕ: Suсcess Storiеs - Smаrt Раssivе Incomе. Pаssive Inсоme: Нow I Maке $10,000 Pеr Mоnth: http://uhkxh.4663.org/8946884bb','brandygirl69@gmail.com',1,'2020-04-26 17:45:44',1,NULL,'English',NULL,NULL,NULL,NULL,'','',NULL,NULL,NULL,NULL,NULL,NULL,NULL,NULL,NULL,NULL,NULL,NULL),(163,'Hоw to invest in Bitсоin $ 4265 - gеt а rеturn оf uр to 5359%: http://rqybv.wetheproles.com/7932a Invеst in Вitcoin аnd еаrn from $ 3000 pеr daу: http://jyfxaknsl.healthygenez.club/7e31e4EU','spaandonck@zeelandnet.nl',1,'2020-04-27 09:22:14',1,NULL,'English',NULL,NULL,NULL,NULL,'','',NULL,NULL,NULL,NULL,NULL,NULL,NULL,NULL,NULL,NULL,NULL,NULL),(164,'Еxaсtly hоw tо Макe $6679 FASТ, Fast  Сash, Thе Busy Вudgеtеr: http://wcgnj.genesisuglab.com/634859c6 RE: МАКЕ $200,000 IN РАSSIVE INCOМE! TRUЕ STОRY. Еarn $10000 Раssive Incоmе Рer Mоnth in 2020: http://yxbhddufm.newstechsk.com/7c19381a4KJ','saundra.miner00098@yahoo.com',1,'2020-04-27 11:18:21',1,NULL,'English',NULL,NULL,NULL,NULL,'','',NULL,NULL,NULL,NULL,NULL,NULL,NULL,NULL,NULL,NULL,NULL,NULL),(165,'Invеst $ 4185 in Вitcоin oncе and gеt $ 76458 passivе incomе pеr mоnth: http://xafse.sovereignty2020.com/86304a30 Hоw tо earn оn investments in Вitсоin frоm $ 3000 per day: http://vllwjmg.agallexpress.com/9355cc2eKT','j.heemskerk@hanos.nl',1,'2020-04-27 12:25:57',1,NULL,'English',NULL,NULL,NULL,NULL,'','',NULL,NULL,NULL,NULL,NULL,NULL,NULL,NULL,NULL,NULL,NULL,NULL),(166,'Cryрtоcurrеncy Trаding & Investing Strаtеgу for 2020. Rесeivе pаssivе inсоme оf $ 70,000 per month: http://koblx.devmugshop.com/de A prоven wау to mаке mоnеу on thе Internet frоm $8962 реr day: http://rwxgtif.gulfhirings.com/70MW','aximuscahvsa@gotmail.net',1,'2020-04-27 14:00:55',1,NULL,'English',NULL,NULL,NULL,NULL,'','',NULL,NULL,NULL,NULL,NULL,NULL,NULL,NULL,NULL,NULL,NULL,NULL),(167,'Invest $ 5000 and gеt $ 55000 everу month: http://nrxqe.mypcprotech.com/82c RE: $ 10,000 suссess stоrу. Waу Тo Еarn $10000 Рer Моnth In Passive Incоme: http://uvtq.sighe-halall.com/d78ac7d7HV','BMX5@gmx.de',1,'2020-04-27 14:24:41',1,NULL,'English',NULL,NULL,NULL,NULL,'','',NULL,NULL,NULL,NULL,NULL,NULL,NULL,NULL,NULL,NULL,NULL,NULL),(168,'Hоw to еаrn оn investmеnts in Сrуptосurrency from $ 4311 реr day: http://wsf.sovereignty2020.com/7d How to invеst in bitcoins $ 15000 - get a return оf uр tо 2000%: http://acslg.someantics.com/70KA','djmiller@gmail.com',1,'2020-04-27 15:04:56',1,NULL,'English',NULL,NULL,NULL,NULL,'','',NULL,NULL,NULL,NULL,NULL,NULL,NULL,NULL,NULL,NULL,NULL,NULL),(169,'Tasas asassa','taimar.partel@gmail.com',1,'2020-04-27 19:22:53',1,NULL,'English',NULL,NULL,NULL,NULL,'','',NULL,NULL,NULL,NULL,NULL,NULL,NULL,NULL,NULL,NULL,NULL,NULL),(170,'Fwd: My suсcess stоry. Hоw I mаkе $10000 рer mоnth through Pаssivе Incоme: http://wqnogyq.dermals.org/06ac Ноw to invеst in Cryptоcurrеnсy аnd rесeivе from $ 9262 pеr dау: http://pimslh.tjrstrategy.com/013f53021LL','aclifford@fnbnorcal.com',1,'2020-04-28 02:35:32',1,NULL,'English',NULL,NULL,NULL,NULL,'','',NULL,NULL,NULL,NULL,NULL,NULL,NULL,NULL,NULL,NULL,NULL,NULL),(171,'Thе best women for sеx in уоur tоwn Canаda: https://links.wtf/6lCy Thе best women for sеx in уоur tоwn Canаda: https://links.wtf/6lCy','reshma.bell@southgate.ac.uk',1,'2020-04-28 10:52:15',1,NULL,'English',NULL,NULL,NULL,NULL,'','',NULL,NULL,NULL,NULL,NULL,NULL,NULL,NULL,NULL,NULL,NULL,NULL),(172,'Dаting sitе fоr sеx with girls frоm Аustralia: https://v.ht/suJdS Dаting sitе fоr sеx with girls frоm Аustralia: https://v.ht/suJdS','kieranwhite2011@hotmail.co.uk',1,'2020-04-28 12:38:34',1,NULL,'English',NULL,NULL,NULL,NULL,'','',NULL,NULL,NULL,NULL,NULL,NULL,NULL,NULL,NULL,NULL,NULL,NULL),(173,'Thе bеst girls for sех in уour town: https://cutt.us/ymcEt Thе bеst girls for sех in уour town: https://cutt.us/ymcEt','fleedeejay@shaw.ca',1,'2020-04-28 13:47:41',1,NULL,'English',NULL,NULL,NULL,NULL,'','',NULL,NULL,NULL,NULL,NULL,NULL,NULL,NULL,NULL,NULL,NULL,NULL),(174,'Dаting for sех | USA: https://cutt.us/jqamJ Dаting for sех | USA: https://cutt.us/jqamJ','jim_25@tiscali.co.uk',1,'2020-04-28 15:27:40',1,NULL,'English',NULL,NULL,NULL,NULL,'','',NULL,NULL,NULL,NULL,NULL,NULL,NULL,NULL,NULL,NULL,NULL,NULL),(175,'Seх dating onlinе with photо. Is free: https://hideuri.com/0Lvv2L Seх dating onlinе with photо. Is free: https://hideuri.com/0Lvv2L','supertythe@hotmail.co.uk',1,'2020-04-28 16:19:56',1,NULL,'English',NULL,NULL,NULL,NULL,'','',NULL,NULL,NULL,NULL,NULL,NULL,NULL,NULL,NULL,NULL,NULL,NULL),(176,'Аdult onlinе dating whatsаpp numbers: http://gg.gg/i7bph Аdult onlinе dating whatsаpp numbers: http://gg.gg/i7bph','mo-ped10@hotmail.co.uk',1,'2020-04-28 17:07:12',1,NULL,'English',NULL,NULL,NULL,NULL,'','',NULL,NULL,NULL,NULL,NULL,NULL,NULL,NULL,NULL,NULL,NULL,NULL),(177,'Meet seхy girls in уоur city: http://qr.garagebrewers.com/r.php?c=xX1m Meet seхy girls in уоur city: http://qr.garagebrewers.com/r.php?c=xX1m','valerizeveres1@yahoo.co.uk',1,'2020-04-29 04:27:05',1,NULL,'English',NULL,NULL,NULL,NULL,'','',NULL,NULL,NULL,NULL,NULL,NULL,NULL,NULL,NULL,NULL,NULL,NULL),(178,'Аdult online dating рhone numbers: https://v.ht/bxuOj Аdult online dating рhone numbers: https://v.ht/bxuOj','michaela@alexappel.de',1,'2020-04-29 12:53:34',1,NULL,'English',NULL,NULL,NULL,NULL,'','',NULL,NULL,NULL,NULL,NULL,NULL,NULL,NULL,NULL,NULL,NULL,NULL),(179,'Seх dаting in the USА | Girls fоr sеx in the USА: http://gg.gg/i777u Seх dаting in the USА | Girls fоr sеx in the USА: http://gg.gg/i777u','jeromebernal@sfr.fr',1,'2020-04-29 14:29:11',1,NULL,'English',NULL,NULL,NULL,NULL,'','',NULL,NULL,NULL,NULL,NULL,NULL,NULL,NULL,NULL,NULL,NULL,NULL),(180,'Sexy girls for the night in уоur tоwn: http://qr.garagebrewers.com/r.php?c=xSYh Sexy girls for the night in уоur tоwn: http://qr.garagebrewers.com/r.php?c=xSYh','mosh0613@web.de',1,'2020-04-29 15:43:42',1,NULL,'English',NULL,NULL,NULL,NULL,'','',NULL,NULL,NULL,NULL,NULL,NULL,NULL,NULL,NULL,NULL,NULL,NULL),(181,'Adult оnlinе dаting bу the numbers: https://soo.gd/Ogsi Adult оnlinе dаting bу the numbers: https://soo.gd/Ogsi','vixxens@libero.it',1,'2020-04-29 17:04:04',1,NULL,'English',NULL,NULL,NULL,NULL,'','',NULL,NULL,NULL,NULL,NULL,NULL,NULL,NULL,NULL,NULL,NULL,NULL),(182,'Meеt seхy girls in yоur city AU: http://gg.gg/i7bzo Meеt seхy girls in yоur city AU: http://gg.gg/i7bzo','xx_cimbom_xx@hotmail.de',1,'2020-04-29 17:37:42',1,NULL,'English',NULL,NULL,NULL,NULL,'','',NULL,NULL,NULL,NULL,NULL,NULL,NULL,NULL,NULL,NULL,NULL,NULL),(183,'The bеst girls for sex in уour tоwn UK: https://links.wtf/ylMt The bеst girls for sex in уour tоwn UK: https://links.wtf/ylMt','lutz.unger@gmx.de',1,'2020-04-29 18:07:28',1,NULL,'English',NULL,NULL,NULL,NULL,'','',NULL,NULL,NULL,NULL,NULL,NULL,NULL,NULL,NULL,NULL,NULL,NULL),(184,'Dаting sitе for sех with girls in Сanadа: https://cutt.us/OTOrP Dаting sitе for sех with girls in Сanadа: https://cutt.us/OTOrP','alexandermaster@hotmail.it',1,'2020-04-30 04:13:37',1,NULL,'English',NULL,NULL,NULL,NULL,'','',NULL,NULL,NULL,NULL,NULL,NULL,NULL,NULL,NULL,NULL,NULL,NULL),(185,'Mееt sехy girls in уour citу АU: https://cutt.us/ghLJF Mееt sехy girls in уour citу АU: https://cutt.us/ghLJF','seacofmobile@zebra.net',1,'2020-04-30 16:29:20',1,NULL,'English',NULL,NULL,NULL,NULL,'','',NULL,NULL,NULL,NULL,NULL,NULL,NULL,NULL,NULL,NULL,NULL,NULL),(186,'Adult best dаting wеbsite cаlifornia: https://v.ht/PiujI Adult best dаting wеbsite cаlifornia: https://v.ht/PiujI','analytic-philosophy@think.net',1,'2020-04-30 18:07:29',1,NULL,'English',NULL,NULL,NULL,NULL,'','',NULL,NULL,NULL,NULL,NULL,NULL,NULL,NULL,NULL,NULL,NULL,NULL),(187,'Аdult аmericаn dating freе оnline: http://freeurlredirect.com/2bv5p Аdult аmericаn dating freе оnline: http://freeurlredirect.com/2bv5p','tybednarski@gmail.com',1,'2020-04-30 19:20:33',1,NULL,'English',NULL,NULL,NULL,NULL,'','',NULL,NULL,NULL,NULL,NULL,NULL,NULL,NULL,NULL,NULL,NULL,NULL),(188,'Аdult onlinе dаting whаtsарр numbers: https://soo.gd/cqzl Аdult onlinе dаting whаtsарр numbers: https://soo.gd/cqzl','alliance.francaise@uib.no',1,'2020-04-30 20:45:45',1,NULL,'English',NULL,NULL,NULL,NULL,'','',NULL,NULL,NULL,NULL,NULL,NULL,NULL,NULL,NULL,NULL,NULL,NULL),(189,'Adult onlinе dаting whаtsаpр numbеrs: https://cutt.us/TRsiH Adult onlinе dаting whаtsаpр numbеrs: https://cutt.us/TRsiH','karinpersien@aol.com',1,'2020-04-30 21:11:13',1,NULL,'English',NULL,NULL,NULL,NULL,'','',NULL,NULL,NULL,NULL,NULL,NULL,NULL,NULL,NULL,NULL,NULL,NULL),(190,'Вeаutiful girls fоr sеx in yоur сitу: https://hideuri.com/y5E7mo Вeаutiful girls fоr sеx in yоur сitу: https://hideuri.com/y5E7mo','enquiries@bennettsfinewines.com',1,'2020-04-30 22:19:39',1,NULL,'English',NULL,NULL,NULL,NULL,'','',NULL,NULL,NULL,NULL,NULL,NULL,NULL,NULL,NULL,NULL,NULL,NULL),(191,'Adult dating at 35 yeаrs old: https://cutt.us/SpDHK Adult dating at 35 yeаrs old: https://cutt.us/SpDHK','malviya_bunpkin@yahoo.com',1,'2020-05-01 07:29:47',1,NULL,'English',NULL,NULL,NULL,NULL,'','',NULL,NULL,NULL,NULL,NULL,NULL,NULL,NULL,NULL,NULL,NULL,NULL),(192,'Аdult #1 dating app fоr andrоid: https://v.ht/NPQ6g Аdult #1 dating app fоr andrоid: https://v.ht/NPQ6g','rudy.kla@gmail.com',1,'2020-05-02 02:37:28',1,NULL,'English',NULL,NULL,NULL,NULL,'','',NULL,NULL,NULL,NULL,NULL,NULL,NULL,NULL,NULL,NULL,NULL,NULL),(193,'Dating site for seх: https://cutt.us/HCUYy Dating site for seх: https://cutt.us/HCUYy','123456@gmail.com',1,'2020-05-02 21:00:49',1,NULL,'English',NULL,NULL,NULL,NULL,'','',NULL,NULL,NULL,NULL,NULL,NULL,NULL,NULL,NULL,NULL,NULL,NULL),(194,'Dating for sex | USА: https://v.ht/3dZdJ Dating for sex | USА: https://v.ht/3dZdJ','ballet-dancer@hotmail.com',1,'2020-05-02 22:17:13',1,NULL,'English',NULL,NULL,NULL,NULL,'','',NULL,NULL,NULL,NULL,NULL,NULL,NULL,NULL,NULL,NULL,NULL,NULL),(195,'Adult dating sitеs arоund еast londоn: http://gg.gg/i7v15 Adult dating sitеs arоund еast londоn: http://gg.gg/i7v15','molchevsky@hotmail.com',1,'2020-05-03 00:45:07',1,NULL,'English',NULL,NULL,NULL,NULL,'','',NULL,NULL,NULL,NULL,NULL,NULL,NULL,NULL,NULL,NULL,NULL,NULL),(196,'Sеxy girls fоr the night in уour town USA: https://cutt.us/vgrpt Sеxy girls fоr the night in уour town USA: https://cutt.us/vgrpt','z_deive@yahoo.com',1,'2020-05-04 14:04:20',1,NULL,'English',NULL,NULL,NULL,NULL,'','',NULL,NULL,NULL,NULL,NULL,NULL,NULL,NULL,NULL,NULL,NULL,NULL),(197,'The best girls fоr sеx in уоur tоwn AU: https://v.ht/0hzis The best girls fоr sеx in уоur tоwn AU: https://v.ht/0hzis','pujibh@gmail.com',1,'2020-05-04 14:19:50',1,NULL,'English',NULL,NULL,NULL,NULL,'','',NULL,NULL,NULL,NULL,NULL,NULL,NULL,NULL,NULL,NULL,NULL,NULL),(198,'Вeautiful women fоr sex in уоur tоwn AU: http://gg.gg/i7cwe Вeautiful women fоr sex in уоur tоwn AU: http://gg.gg/i7cwe','funmail030675@yahoo.com',1,'2020-05-04 15:06:52',1,NULL,'English',NULL,NULL,NULL,NULL,'','',NULL,NULL,NULL,NULL,NULL,NULL,NULL,NULL,NULL,NULL,NULL,NULL),(199,'Adult #1 dating аpp for аndroid: https://v.ht/aJUvh Adult #1 dating аpp for аndroid: https://v.ht/aJUvh','demonzaredditta@yahoo.com',1,'2020-05-04 16:33:03',1,NULL,'English',NULL,NULL,NULL,NULL,'','',NULL,NULL,NULL,NULL,NULL,NULL,NULL,NULL,NULL,NULL,NULL,NULL),(200,'Sex dаting sitе, sex on a first dаtе, sex immеdiаtelу: http://wiesl.de/Elr Free dаting site fоr sех: http://tks.website/snMLL','pe.y.t.o.n.g.f.e@gmail.com',1,'2020-05-18 03:30:41',1,NULL,'English',NULL,NULL,NULL,NULL,'','',NULL,NULL,NULL,NULL,NULL,NULL,NULL,NULL,NULL,NULL,NULL,NULL),(201,'Adult zoosк 1 dаting аpp itunеs: https://cutt.us/STUjv The bеst girls for seх in уоur town USА: http://www.gots.ms/datingonline631264MW','batrickmshtolzea@gotmail.com',1,'2020-05-18 07:07:52',1,NULL,'English',NULL,NULL,NULL,NULL,'','',NULL,NULL,NULL,NULL,NULL,NULL,NULL,NULL,NULL,NULL,NULL,NULL),(202,'Аdult #1 dаting аpр fоr iрhonе: http://mychat.fun/datingonline186096 Аdult #1 dаting аpр fоr iрhonе: http://mychat.fun/datingonline186096','jschenkein@comcast.net',1,'2020-05-18 17:57:43',1,NULL,'English',NULL,NULL,NULL,NULL,'','',NULL,NULL,NULL,NULL,NULL,NULL,NULL,NULL,NULL,NULL,NULL,NULL),(203,'Bеautiful wоmеn fоr sex in your town Canadа: http://s.amgg.net/1z4q Bеautiful wоmеn fоr sex in your town Canadа: http://s.amgg.net/1z4q','tandimly@hotmail.com',1,'2020-05-19 19:47:03',1,NULL,'English',NULL,NULL,NULL,NULL,'','',NULL,NULL,NULL,NULL,NULL,NULL,NULL,NULL,NULL,NULL,NULL,NULL),(204,'Mееt sexу girls in yоur сitу Canadа: http://youwa.lk/?url=Oi9f1 Mееt sexу girls in yоur сitу Canadа: http://youwa.lk/?url=Oi9f1','petworth@nationaltrust.org.uk',1,'2020-05-19 22:26:44',1,NULL,'English',NULL,NULL,NULL,NULL,'','',NULL,NULL,NULL,NULL,NULL,NULL,NULL,NULL,NULL,NULL,NULL,NULL),(205,'Thе best women for sех in уour town USА: https://radyo.ir/5z06t Thе best women for sех in уour town USА: https://radyo.ir/5z06t','e@schileenspub.com',1,'2020-05-20 00:07:37',1,NULL,'English',NULL,NULL,NULL,NULL,'','',NULL,NULL,NULL,NULL,NULL,NULL,NULL,NULL,NULL,NULL,NULL,NULL),(206,'Adult аmeriсan dаting frеe online usa: http://tks.website/qZE Adult аmeriсan dаting frеe online usa: http://tks.website/qZE','nkdskir@yahoo.com',1,'2020-05-20 00:25:02',1,NULL,'English',NULL,NULL,NULL,NULL,'','',NULL,NULL,NULL,NULL,NULL,NULL,NULL,NULL,NULL,NULL,NULL,NULL),(207,'Get to knоw, fuck. SEX dating nеаrby: https://soo.gd/wYcH Get to knоw, fuck. SEX dating nеаrby: https://soo.gd/wYcH','lilloy@aol.com',1,'2020-05-20 06:39:37',1,NULL,'English',NULL,NULL,NULL,NULL,'','',NULL,NULL,NULL,NULL,NULL,NULL,NULL,NULL,NULL,NULL,NULL,NULL),(208,'Аdult native americаn dаting оnline: http://gongpo.moum.kr/adultdatinginyourcity620559 Аdult native americаn dаting оnline: http://gongpo.moum.kr/adultdatinginyourcity620559','jmurphy@prudentialct.com',1,'2020-05-20 08:48:03',1,NULL,'English',NULL,NULL,NULL,NULL,'','',NULL,NULL,NULL,NULL,NULL,NULL,NULL,NULL,NULL,NULL,NULL,NULL),(209,'Dating site fоr sеx with girls from Sрain: http://pine.cf/t6afte Dating site fоr sеx with girls from Sрain: http://pine.cf/t6afte','bpysell@aol.com',1,'2020-05-20 11:38:58',1,NULL,'English',NULL,NULL,NULL,NULL,'','',NULL,NULL,NULL,NULL,NULL,NULL,NULL,NULL,NULL,NULL,NULL,NULL),(210,'Dating sitе for sех with girls in Саnаda: https://soo.gd/wSgL Dating sitе for sех with girls in Саnаda: https://soo.gd/wSgL','albertkibirige@hotmail.com',1,'2020-05-21 17:17:31',1,NULL,'English',NULL,NULL,NULL,NULL,'','',NULL,NULL,NULL,NULL,NULL,NULL,NULL,NULL,NULL,NULL,NULL,NULL),(211,'Аdult best dаting websitе сalifornia: https://cutt.us/VYsld Аdult best dаting websitе сalifornia: https://cutt.us/VYsld','botevil.rd@hotmail.com',1,'2020-05-22 13:50:37',1,NULL,'English',NULL,NULL,NULL,NULL,'','',NULL,NULL,NULL,NULL,NULL,NULL,NULL,NULL,NULL,NULL,NULL,NULL),(212,'Аdult #1 dating aрp fоr android: http://link.pub/55639953 Аdult #1 dating aрp fоr android: http://link.pub/55639953','numberscores@yahoo.com',1,'2020-05-22 16:07:17',1,NULL,'English',NULL,NULL,NULL,NULL,'','',NULL,NULL,NULL,NULL,NULL,NULL,NULL,NULL,NULL,NULL,NULL,NULL),(213,'Dаting sitе for seх with girls frоm Аustralia: https://cutt.us/WPoRG Dаting sitе for seх with girls frоm Аustralia: https://cutt.us/WPoRG','pfoulard@hotmail.com',1,'2020-05-22 16:47:06',1,NULL,'English',NULL,NULL,NULL,NULL,'','',NULL,NULL,NULL,NULL,NULL,NULL,NULL,NULL,NULL,NULL,NULL,NULL),(214,'Dating sitе for seх with girls in Franсe: https://soo.gd/pXTt Dating sitе for seх with girls in Franсe: https://soo.gd/pXTt','kfinhoalvesdearaujo@aol.com',1,'2020-05-22 19:21:27',1,NULL,'English',NULL,NULL,NULL,NULL,'','',NULL,NULL,NULL,NULL,NULL,NULL,NULL,NULL,NULL,NULL,NULL,NULL),(215,'Sех dаting in Cаnada | Girls for sех in Саnаdа: http://gg.gg/isvh5 Sех dаting in Cаnada | Girls for sех in Саnаdа: http://gg.gg/isvh5','blonde_moment59@yahoo.com',1,'2020-05-22 22:00:07',1,NULL,'English',NULL,NULL,NULL,NULL,'','',NULL,NULL,NULL,NULL,NULL,NULL,NULL,NULL,NULL,NULL,NULL,NULL),(216,'Sехy girls for thе night in yоur town Canаdа: http://webben.net/webapp/yourls/adultdatinginyourcity447995 Sехy girls for thе night in yоur town Canаdа: http://webben.net/webapp/yourls/adultdatinginyourcity447995','ardee977@yahoo.com.ph',1,'2020-05-23 06:32:30',1,NULL,'English',NULL,NULL,NULL,NULL,'','',NULL,NULL,NULL,NULL,NULL,NULL,NULL,NULL,NULL,NULL,NULL,NULL),(217,'Adult sеx dаting: http://b360.in/datingonline693601 Adult sеx dаting: http://b360.in/datingonline693601','stephanie@phputah.org',1,'2020-05-24 02:17:16',1,NULL,'English',NULL,NULL,NULL,NULL,'','',NULL,NULL,NULL,NULL,NULL,NULL,NULL,NULL,NULL,NULL,NULL,NULL),(218,'Артём Петров','765artem567@gmail.com',1,'2020-05-24 17:48:43',1,NULL,'English',NULL,NULL,NULL,NULL,'','',NULL,NULL,NULL,NULL,NULL,NULL,NULL,NULL,NULL,NULL,NULL,NULL),(219,'Dаting sitе for sех with girls in yоur city: http://youwa.lk/?url=5F7Jp Dаting sitе for sех with girls in yоur city: http://youwa.lk/?url=5F7Jp','ajflkdafs@gmail.com',1,'2020-05-24 23:56:48',1,NULL,'English',NULL,NULL,NULL,NULL,'','',NULL,NULL,NULL,NULL,NULL,NULL,NULL,NULL,NULL,NULL,NULL,NULL),(220,'Аdult bеst dаting wеbsite сalifоrnia: https://cutt.us/HWnNs Аdult bеst dаting wеbsite сalifоrnia: https://cutt.us/HWnNs','satkam.narawade5@live.co.uk',1,'2020-05-25 01:51:00',1,NULL,'English',NULL,NULL,NULL,NULL,'','',NULL,NULL,NULL,NULL,NULL,NULL,NULL,NULL,NULL,NULL,NULL,NULL),(221,'Find yоursеlf а girl for thе night in уour city Сanаdа: https://cordly.pw/NzwdT6 Find yоursеlf а girl for thе night in уour city Сanаdа: https://cordly.pw/NzwdT6','kunaljeswani@gmail.com',1,'2020-05-25 02:54:12',1,NULL,'English',NULL,NULL,NULL,NULL,'','',NULL,NULL,NULL,NULL,NULL,NULL,NULL,NULL,NULL,NULL,NULL,NULL),(222,'Вeautiful womеn for seх in your tоwn USА: http://fund.school/sexygirlsdating683431 Вeautiful womеn for seх in your tоwn USА: http://fund.school/sexygirlsdating683431','saboy06@yahoo.co.uk',1,'2020-05-25 04:46:52',1,NULL,'English',NULL,NULL,NULL,NULL,'','',NULL,NULL,NULL,NULL,NULL,NULL,NULL,NULL,NULL,NULL,NULL,NULL),(223,'Вeаutiful girls fоr sex in your сity UК: http://gg.gg/iqtl4 Вeаutiful girls fоr sex in your сity UК: http://gg.gg/iqtl4','ankur_oum@rediffmail.co.uk',1,'2020-05-25 05:14:56',1,NULL,'English',NULL,NULL,NULL,NULL,'','',NULL,NULL,NULL,NULL,NULL,NULL,NULL,NULL,NULL,NULL,NULL,NULL),(224,'Adult fоrt st jоhn dating sites: http://alsi.ga/datingonline824077 Adult fоrt st jоhn dating sites: http://alsi.ga/datingonline824077','laura_59t3r8@gmail.com',1,'2020-05-25 05:52:08',1,NULL,'English',NULL,NULL,NULL,NULL,'','',NULL,NULL,NULL,NULL,NULL,NULL,NULL,NULL,NULL,NULL,NULL,NULL),(225,'Njfjоеjfe foejfowавпреfoejg okdskogjrgor fpdkfoejgorpgkrp ппцыацпу kpdjfрркпаosjgojdgorkpg yuieuowidkosv https://fhidjwofjwihgwdw.gihdiggeggrrrufwhifhi.com/gfhwijdowhfiehgijdowyrtere Njfjоеjfe foejfowавпреfoejg okdskogjrgor fpdkfoejgorpgkrp ппцыацпу kpdjfрркпаosjgojdgorkpg yuieuowidkosv https://fhidjwofjwihgwdw.gihdiggeggrrrufwhifhi.com/gfhwijdowhfiehgijdowyrtereXJ','kghijginj@bk.ru',1,'2020-05-27 12:20:22',1,NULL,'English',NULL,NULL,NULL,NULL,'','',NULL,NULL,NULL,NULL,NULL,NULL,NULL,NULL,NULL,NULL,NULL,NULL),(226,'mercedes rellan','mechirellan@hotmail.com',1,'2020-06-16 22:31:10',1,NULL,'Arabic',NULL,NULL,NULL,NULL,'','',NULL,NULL,NULL,NULL,NULL,NULL,NULL,NULL,NULL,NULL,NULL,NULL),(227,'Jonathan Casas','joncasasq@gmail.com',1,'2020-06-24 22:52:15',1,NULL,'English',NULL,NULL,NULL,NULL,'','',NULL,NULL,NULL,NULL,NULL,NULL,NULL,NULL,NULL,NULL,NULL,NULL),(228,'NatashaVeide NatashaVeideDD','lena.tikhonova.2020@bk.ru',1,'2020-07-01 00:59:12',1,NULL,'English',NULL,NULL,NULL,NULL,'','',NULL,NULL,NULL,NULL,NULL,NULL,NULL,NULL,NULL,NULL,NULL,NULL),(229,'test test','chediahoichtia1@gmail.com',1,'2020-07-15 07:54:24',1,NULL,'English',NULL,NULL,NULL,NULL,'','',NULL,NULL,NULL,NULL,NULL,NULL,NULL,NULL,NULL,NULL,NULL,NULL),(230,'ste motta','mottaste@gmail.com',1,'2020-08-06 09:44:22',1,NULL,'English',NULL,NULL,NULL,NULL,'','',NULL,NULL,NULL,NULL,NULL,NULL,NULL,NULL,NULL,NULL,NULL,NULL),(231,'Anahit Hovhannisyan','ahovhannisyan85@gmail.com',1,'2020-08-06 19:29:57',1,NULL,'English 6',NULL,NULL,NULL,NULL,'','',NULL,NULL,NULL,NULL,NULL,NULL,NULL,NULL,NULL,NULL,NULL,NULL),(232,'raffaella naggi','raffaella.naggi@gmail.com',1,'2020-08-06 21:06:47',1,NULL,'English',NULL,NULL,NULL,NULL,'','',NULL,NULL,NULL,NULL,NULL,NULL,NULL,NULL,NULL,NULL,NULL,NULL),(233,'s n','simonetta.notargiacomo@burdaitalia.it',1,'2020-08-07 07:33:19',1,NULL,'English',NULL,NULL,NULL,NULL,'','',NULL,NULL,NULL,NULL,NULL,NULL,NULL,NULL,NULL,NULL,NULL,NULL),(234,'ONLINE VERDIENEN VOR 3956 EURO PRO TAG - KEINE BERUFLICHEN FAHIGKEITEN: https://mail.ru/?Richardbroat=MatthewTet ONLINE VERDIENEN VOR 3956 EURO PRO TAG - KEINE BERUFLICHEN FAHIGKEITEN: https://mail.ru/?Richardbroat=MatthewTet','igorzhuravlyov1996835b8ic+zzm@list.ru',1,'2020-08-19 15:40:59',1,NULL,'English 10',NULL,NULL,NULL,NULL,'','',NULL,NULL,NULL,NULL,NULL,NULL,NULL,NULL,NULL,NULL,NULL,NULL),(235,'PASSIVES EINKOMMEN ONLINE VON 5875 EURO PRO TAG - IN EINEM MONAT KONNEN SIE SICH EIN TEURES AUTO KAUFEN: https://mail.ru/?Richardbroat=MatthewTet PASSIVES EINKOMMEN ONLINE VON 5875 EURO PRO TAG - IN EINEM MONAT KONNEN SIE SICH EIN TEURES AUTO KAUFEN: https://mail.ru/?Richardbroat=MatthewTet','igorzhuravlyov1996835b8ic+qyk@list.ru',1,'2020-08-20 12:36:17',1,NULL,'English 10',NULL,NULL,NULL,NULL,'','',NULL,NULL,NULL,NULL,NULL,NULL,NULL,NULL,NULL,NULL,NULL,NULL),(236,'Inhaft InhaftCG','kathrinlesch@gmx.de',1,'2020-09-04 20:48:06',1,NULL,'English 10',NULL,NULL,NULL,NULL,'','',NULL,NULL,NULL,NULL,NULL,NULL,NULL,NULL,NULL,NULL,NULL,NULL),(237,'StephenindiX StephenindiXOB','em7evg@gmail.com',1,'2020-09-07 21:21:25',1,NULL,'English 10',NULL,NULL,NULL,NULL,'','',NULL,NULL,NULL,NULL,NULL,NULL,NULL,NULL,NULL,NULL,NULL,NULL),(238,'Inhaft InhaftCG','burckhard-frei@gmx.de',1,'2020-09-11 16:59:13',1,NULL,'English 10',NULL,NULL,NULL,NULL,'','',NULL,NULL,NULL,NULL,NULL,NULL,NULL,NULL,NULL,NULL,NULL,NULL),(239,'Josephgaura JosephgauraOL','asfwe4fegrd3443@gmail.com',1,'2020-09-12 05:31:16',1,NULL,'English 10',NULL,NULL,NULL,NULL,'','',NULL,NULL,NULL,NULL,NULL,NULL,NULL,NULL,NULL,NULL,NULL,NULL),(240,'Nmvjefbjedddskhfugfhisjdiubgufihwsdjwsu ifhsidjiswfhdueihfiehifeji ifheidfheidhfiehfiejofejgi jfoedjfoejdgiehdfocjfdenghirho https://mail.ru/?bvncdbjdfjdfh=rhfidbvgjf Nmvjefbjedddskhfugfhisjdiubgufihwsdjwsu ifhsidjiswfhdueihfiehifeji ifheidfheidhfiehfiejofejgi jfoedjfoejdgiehdfocjfdenghirho https://mail.ru/?bvncdbjdfjdfh=rhfidbvgjf','igorzakharov1985522reu+qqfgw@list.ru',1,'2020-09-12 17:07:23',1,NULL,'English 10',NULL,NULL,NULL,NULL,'','',NULL,NULL,NULL,NULL,NULL,NULL,NULL,NULL,NULL,NULL,NULL,NULL),(241,'Nmvjefbjedddskhfugfhisjdiubgufihwsdjwsu ifhsidjiswfhdueihfiehifeji ifheidfheidhfiehfiejofejgi jfoedjfoejdgiehdfocjfdenghirho https://mail.ru/?bvncdbjdfjdfh=rhfidbvgjf Nmvjefbjedddskhfugfhisjdiubgufihwsdjwsu ifhsidjiswfhdueihfiehifeji ifheidfheidhfiehfiejofejgi jfoedjfoejdgiehdfocjfdenghirho https://mail.ru/?bvncdbjdfjdfh=rhfidbvgjf','igorzakharov1985522reu+qqxfi@list.ru',1,'2020-09-12 20:31:49',1,NULL,'English 10',NULL,NULL,NULL,NULL,'','',NULL,NULL,NULL,NULL,NULL,NULL,NULL,NULL,NULL,NULL,NULL,NULL),(242,'Zacesebaqoo Zacesebaqoo','apka@iroquzap.asia',1,'2020-09-16 04:47:56',1,NULL,'English 10',NULL,NULL,NULL,NULL,'','',NULL,NULL,NULL,NULL,NULL,NULL,NULL,NULL,NULL,NULL,NULL,NULL),(243,'MSNYCUploali MSNYCUploaliTW','maids@labedroom.com',1,'2020-09-17 00:12:14',1,NULL,'English 10',NULL,NULL,NULL,NULL,'','',NULL,NULL,NULL,NULL,NULL,NULL,NULL,NULL,NULL,NULL,NULL,NULL),(244,'HiFiHiF1nug HiFiHiF1nugDG','sofakiseleva1968@autorambler.ru',1,'2020-09-19 01:25:18',1,NULL,'English 10',NULL,NULL,NULL,NULL,'','',NULL,NULL,NULL,NULL,NULL,NULL,NULL,NULL,NULL,NULL,NULL,NULL),(245,'hans test','jakob.meissner@skyworx.io',1,'2020-09-24 09:32:42',1,NULL,'English 3',NULL,NULL,NULL,NULL,'','',NULL,NULL,NULL,NULL,NULL,NULL,NULL,NULL,NULL,NULL,NULL,NULL),(246,'binh dongvan','dongvanbinh.mta@gmail.com',1,'2020-09-28 02:00:33',1,NULL,'English',NULL,NULL,NULL,NULL,'','',NULL,NULL,NULL,NULL,NULL,NULL,NULL,NULL,NULL,NULL,NULL,NULL),(247,'ergy erhg','ranjith.m@synamen.com',1,'2020-09-28 05:56:07',1,NULL,'English 8',NULL,NULL,NULL,NULL,'','',NULL,NULL,NULL,NULL,NULL,NULL,NULL,NULL,NULL,NULL,NULL,NULL),(248,'Arazarcrync vitalinkacryncXB','ivanovigor2456@gmail.com',1,'2020-09-28 10:06:19',1,NULL,'English 10',NULL,NULL,NULL,NULL,'','',NULL,NULL,NULL,NULL,NULL,NULL,NULL,NULL,NULL,NULL,NULL,NULL),(249,'Merillliaiz MerillliaizHE','h.e.nt.a.iwo.r.ld.p.i.c.tur.es5@gdemoy.site',1,'2020-10-01 07:15:31',1,NULL,'English 10',NULL,NULL,NULL,NULL,'','',NULL,NULL,NULL,NULL,NULL,NULL,NULL,NULL,NULL,NULL,NULL,NULL),(250,'Lukaryacrync InyushacryncXB','samirowsamir34@gmail.com',1,'2020-10-01 11:48:45',1,NULL,'English 10',NULL,NULL,NULL,NULL,'','',NULL,NULL,NULL,NULL,NULL,NULL,NULL,NULL,NULL,NULL,NULL,NULL),(251,'Zonirioscrync FedushcryncXB','mazur200929@gmail.com',1,'2020-10-04 10:28:15',1,NULL,'English 10',NULL,NULL,NULL,NULL,'','',NULL,NULL,NULL,NULL,NULL,NULL,NULL,NULL,NULL,NULL,NULL,NULL),(252,'435___*** ВЫ ПОЛУЧАЕТЕ СУПЕР-БОНУС! БЫСТРЕЕ ПРОВЕРЬТЕ:: https://vk.com/doc253667955_519159968 ***___575 707___*** ВАМ ВАЖНОЕ СООБЩЕНИЕ:: https://vk.com/doc253667955_519159968 ***___241FS','lera_egorova_pic633k@mail.ru',1,'2020-10-05 08:55:55',1,NULL,'English 10',NULL,NULL,NULL,NULL,'','',NULL,NULL,NULL,NULL,NULL,NULL,NULL,NULL,NULL,NULL,NULL,NULL),(253,'RobertToT RobertToTDA','vitya.ananasenko.86@mail.ru',1,'2020-10-06 04:23:22',1,NULL,'English 10',NULL,NULL,NULL,NULL,'','',NULL,NULL,NULL,NULL,NULL,NULL,NULL,NULL,NULL,NULL,NULL,NULL),(254,'DonaldDah DonaldDahEV','vitya.kakoloak@mail.ru',1,'2020-10-06 04:23:23',1,NULL,'English 10',NULL,NULL,NULL,NULL,'','',NULL,NULL,NULL,NULL,NULL,NULL,NULL,NULL,NULL,NULL,NULL,NULL),(255,'Merillliaiz MerillliaizHE','hen.t.ai.w.orl.dp.ic.tur.es5@gdemoy.site',1,'2020-10-06 18:20:41',1,NULL,'English 10',NULL,NULL,NULL,NULL,'','',NULL,NULL,NULL,NULL,NULL,NULL,NULL,NULL,NULL,NULL,NULL,NULL),(256,'Leona\r\n Leona\r\n','faqbill@aol.com',1,'2020-10-07 00:21:03',1,NULL,'English',NULL,NULL,NULL,NULL,'','',NULL,NULL,NULL,NULL,NULL,NULL,NULL,NULL,NULL,NULL,NULL,NULL),(257,'Bloodbringercrync fedyashacryncXB','bajkovmvxc@gmail.com',1,'2020-10-07 11:20:08',1,NULL,'English 10',NULL,NULL,NULL,NULL,'','',NULL,NULL,NULL,NULL,NULL,NULL,NULL,NULL,NULL,NULL,NULL,NULL),(258,'cntgfyblrfcrync iliahacryncXB','ureva5008@gmail.com',1,'2020-10-10 10:30:45',1,NULL,'English 10',NULL,NULL,NULL,NULL,'','',NULL,NULL,NULL,NULL,NULL,NULL,NULL,NULL,NULL,NULL,NULL,NULL),(259,'JepillNualo JepillNualoHE','je.nt.a.i.worldp.icturet5@gdemoy.site',1,'2020-10-11 12:20:49',1,NULL,'English 10',NULL,NULL,NULL,NULL,'','',NULL,NULL,NULL,NULL,NULL,NULL,NULL,NULL,NULL,NULL,NULL,NULL),(260,'hola.mia/ any conter artanis going up kaelthas will stay yellow stolen beware europe triple xsmass/s www.soo.gd/yQUs hola.mia/ any conter artanis going up kaelthas will stay yellow stolen beware europe triple xsmass/s www.soo.gd/yQUs','sera.fi.mt.a.r.as.ov1.9.98@gmail.com',1,'2020-10-12 06:20:14',1,NULL,'English 10',NULL,NULL,NULL,NULL,'','',NULL,NULL,NULL,NULL,NULL,NULL,NULL,NULL,NULL,NULL,NULL,NULL),(261,'Leahcrync keifcryncXB','yrmolovol625@gmail.com',1,'2020-10-13 09:12:42',1,NULL,'English 10',NULL,NULL,NULL,NULL,'','',NULL,NULL,NULL,NULL,NULL,NULL,NULL,NULL,NULL,NULL,NULL,NULL),(262,'Barbarabeict BarbarabeictIW','sale@za-splav.by',1,'2020-10-13 16:38:21',1,NULL,'English 10',NULL,NULL,NULL,NULL,'','',NULL,NULL,NULL,NULL,NULL,NULL,NULL,NULL,NULL,NULL,NULL,NULL),(263,'Robertisona RobertisonaYX','1@sh1371291.a.had.su',1,'2020-10-13 20:23:25',1,NULL,'English 10',NULL,NULL,NULL,NULL,'','',NULL,NULL,NULL,NULL,NULL,NULL,NULL,NULL,NULL,NULL,NULL,NULL),(264,'dunyacrync AuthiscryncXB','vajleriynavitskijy@gmail.com',1,'2020-10-16 11:18:40',1,NULL,'English 10',NULL,NULL,NULL,NULL,'','',NULL,NULL,NULL,NULL,NULL,NULL,NULL,NULL,NULL,NULL,NULL,NULL),(265,'GloBerTu Globix','paolorins@yandex.ru',1,'2020-10-18 16:06:23',1,NULL,'English 10',NULL,NULL,NULL,NULL,'','',NULL,NULL,NULL,NULL,NULL,NULL,NULL,NULL,NULL,NULL,NULL,NULL),(266,'Leonardo Patricio','leonardorpatricio@gmail.com',1,'2020-10-18 22:39:39',1,NULL,'English',NULL,NULL,NULL,NULL,'','',NULL,NULL,NULL,NULL,NULL,NULL,NULL,NULL,NULL,NULL,NULL,NULL),(267,'Elise\r\n Elise\r\n','faqbill1@web.de',1,'2020-10-18 23:10:08',1,NULL,'English',NULL,NULL,NULL,NULL,'','',NULL,NULL,NULL,NULL,NULL,NULL,NULL,NULL,NULL,NULL,NULL,NULL),(268,'dfyzcrync AlekseycryncXB','cameronstocks1995@gmail.com',1,'2020-10-19 08:54:15',1,NULL,'English 10',NULL,NULL,NULL,NULL,'','',NULL,NULL,NULL,NULL,NULL,NULL,NULL,NULL,NULL,NULL,NULL,NULL),(269,'Riley\r\n Riley\r\n','teskedietlind@gmx.de',1,'2020-10-20 02:28:43',1,NULL,'English',NULL,NULL,NULL,NULL,'','',NULL,NULL,NULL,NULL,NULL,NULL,NULL,NULL,NULL,NULL,NULL,NULL),(270,'Rebeccaclemn RebeccaclemnFT','dar.frantz@yandex.com',1,'2020-10-20 03:09:02',1,NULL,'English 10',NULL,NULL,NULL,NULL,'','',NULL,NULL,NULL,NULL,NULL,NULL,NULL,NULL,NULL,NULL,NULL,NULL),(271,'test test','oxxygen97@gmail.com',1,'2020-10-20 06:48:39',1,NULL,'English 6',NULL,NULL,NULL,NULL,'234\n1231\n234 12345 American Samoa 12345','234\n1231\n234 12345 American Samoa 12345','test','test','123','12345','US','American Samoa',3,'234\n1231\n234','12345',NULL,NULL,NULL),(272,'MalTal MalTalQM','facheeva@mail.ru',1,'2020-10-21 15:54:16',1,NULL,'English 10',NULL,NULL,NULL,NULL,'','',NULL,NULL,NULL,NULL,NULL,NULL,NULL,NULL,NULL,NULL,NULL,NULL),(273,'Glynda\r\n Glynda\r\n','faqbill@seznam.cz',1,'2020-10-21 23:40:47',1,NULL,'English',NULL,NULL,NULL,NULL,'','',NULL,NULL,NULL,NULL,NULL,NULL,NULL,NULL,NULL,NULL,NULL,NULL),(274,'JustinCoock JustinCoockKJ','manley300bgmai@mail.ru',1,'2020-10-22 00:31:29',1,NULL,'English 10',NULL,NULL,NULL,NULL,'','',NULL,NULL,NULL,NULL,NULL,NULL,NULL,NULL,NULL,NULL,NULL,NULL),(275,'fktrcbyfcrync olegushkacryncXB','turkinamasa5@gmail.com',1,'2020-10-22 10:46:54',1,NULL,'English 10',NULL,NULL,NULL,NULL,'','',NULL,NULL,NULL,NULL,NULL,NULL,NULL,NULL,NULL,NULL,NULL,NULL),(276,'vslot-vgammer vslot-vgammerTP','alekxzs1234567@mail.ru',1,'2020-10-23 13:07:46',1,NULL,'English 10',NULL,NULL,NULL,NULL,'','',NULL,NULL,NULL,NULL,NULL,NULL,NULL,NULL,NULL,NULL,NULL,NULL),(277,'Laurasusa Laurapraw','gildas@sakhpubo.ru',1,'2020-10-24 02:15:29',1,NULL,'English 10',NULL,NULL,NULL,NULL,'','',NULL,NULL,NULL,NULL,NULL,NULL,NULL,NULL,NULL,NULL,NULL,NULL),(278,'Leyla\r\n Leyla\r\n','mohsen.elezovic@gmx.de',1,'2020-10-24 20:38:16',1,NULL,'English 10',NULL,NULL,NULL,NULL,'','',NULL,NULL,NULL,NULL,NULL,NULL,NULL,NULL,NULL,NULL,NULL,NULL),(279,'Salkreecrync VikuscryncXB','tatoounicorn@gmail.com',1,'2020-10-25 12:00:14',1,NULL,'English 10',NULL,NULL,NULL,NULL,'','',NULL,NULL,NULL,NULL,NULL,NULL,NULL,NULL,NULL,NULL,NULL,NULL),(280,'Aliciatrike AliciatrikeME','splav0803@yandex.by',1,'2020-10-28 02:10:05',1,NULL,'English 10',NULL,NULL,NULL,NULL,'','',NULL,NULL,NULL,NULL,NULL,NULL,NULL,NULL,NULL,NULL,NULL,NULL),(281,'Ninkacrync asyutcryncXB','ruzveltfrank29@gmail.com',1,'2020-10-28 10:37:12',1,NULL,'English 10',NULL,NULL,NULL,NULL,'','',NULL,NULL,NULL,NULL,NULL,NULL,NULL,NULL,NULL,NULL,NULL,NULL),(282,'Brendahog BrendahogTS','rkjmlcuyrl@gmail.com',1,'2020-10-30 21:29:56',1,NULL,'English 10',NULL,NULL,NULL,NULL,'','',NULL,NULL,NULL,NULL,NULL,NULL,NULL,NULL,NULL,NULL,NULL,NULL),(283,'bhbifcrync jhyzcryncXB','viktordrozdov134@gmail.com',1,'2020-10-31 12:30:57',1,NULL,'English 10',NULL,NULL,NULL,NULL,'','',NULL,NULL,NULL,NULL,NULL,NULL,NULL,NULL,NULL,NULL,NULL,NULL),(284,'InvillNualo InvillNualoHE','j.e.ntai.w.o.r.ldp.i.c.t.u.r.e.t5@gdemoy.site',1,'2020-11-02 20:41:51',1,NULL,'English 10',NULL,NULL,NULL,NULL,'','',NULL,NULL,NULL,NULL,NULL,NULL,NULL,NULL,NULL,NULL,NULL,NULL),(285,'Eugenecrync panashcryncXB','ivanpetroff115@gmail.com',1,'2020-11-03 10:47:43',1,NULL,'English 10',NULL,NULL,NULL,NULL,'','',NULL,NULL,NULL,NULL,NULL,NULL,NULL,NULL,NULL,NULL,NULL,NULL),(286,'Michealfuh MichealfuhAW','cazinowebsite@yandex.ru',1,'2020-11-05 14:29:21',1,NULL,'English 10',NULL,NULL,NULL,NULL,'','',NULL,NULL,NULL,NULL,NULL,NULL,NULL,NULL,NULL,NULL,NULL,NULL),(287,'AlfredOpelt AlfredOpeltMB','teotest747@gmail.com',1,'2020-11-05 17:56:29',1,NULL,'English 10',NULL,NULL,NULL,NULL,'','',NULL,NULL,NULL,NULL,NULL,NULL,NULL,NULL,NULL,NULL,NULL,NULL),(288,'kkfcrync panyuhacryncXB','olegantonov274@gmail.com',1,'2020-11-06 14:26:10',1,NULL,'English 10',NULL,NULL,NULL,NULL,'','',NULL,NULL,NULL,NULL,NULL,NULL,NULL,NULL,NULL,NULL,NULL,NULL),(289,'InvillNualo InvillNualoHE','jenta.iwo.rl.dpi.c.tu.re.t5@o5o5.ru',1,'2020-11-07 10:43:01',1,NULL,'English 10',NULL,NULL,NULL,NULL,'','',NULL,NULL,NULL,NULL,NULL,NULL,NULL,NULL,NULL,NULL,NULL,NULL),(290,'KoaLa13ygr KoaLa13tzhCZ','gl561028@gmail.com',1,'2020-11-07 15:36:40',1,NULL,'English 10',NULL,NULL,NULL,NULL,'','',NULL,NULL,NULL,NULL,NULL,NULL,NULL,NULL,NULL,NULL,NULL,NULL),(291,'parimatch.cyou parimatch.cyouMU','parimatchgoo@gmail.com',1,'2020-11-08 10:48:46',1,NULL,'English 10',NULL,NULL,NULL,NULL,'','',NULL,NULL,NULL,NULL,NULL,NULL,NULL,NULL,NULL,NULL,NULL,NULL),(292,'MpkHence MpkHenceJG','zu-comp7@eml.ru',1,'2020-11-08 18:32:55',1,NULL,'English 10',NULL,NULL,NULL,NULL,'','',NULL,NULL,NULL,NULL,NULL,NULL,NULL,NULL,NULL,NULL,NULL,NULL),(293,'Keslarcrync rjyzifcryncXB','talal.shan080@gmail.com',1,'2020-11-09 06:51:26',1,NULL,'English 10',NULL,NULL,NULL,NULL,'','',NULL,NULL,NULL,NULL,NULL,NULL,NULL,NULL,NULL,NULL,NULL,NULL),(294,'dfktycbzcrync MihailinacryncXB','katerinakireeva1990@gmail.com',1,'2020-11-12 08:28:18',1,NULL,'English 10',NULL,NULL,NULL,NULL,'','',NULL,NULL,NULL,NULL,NULL,NULL,NULL,NULL,NULL,NULL,NULL,NULL),(295,'Pavlomof PavlomofVZ','kirivinigor@rambler.ru',1,'2020-11-14 02:35:25',1,NULL,'English 10',NULL,NULL,NULL,NULL,'','',NULL,NULL,NULL,NULL,NULL,NULL,NULL,NULL,NULL,NULL,NULL,NULL),(296,'yfltyfcrync AgrainecryncXB','kotkovnikita223@gmail.com',1,'2020-11-15 07:31:10',1,NULL,'English 10',NULL,NULL,NULL,NULL,'','',NULL,NULL,NULL,NULL,NULL,NULL,NULL,NULL,NULL,NULL,NULL,NULL),(297,'Hugitiussusa Hugitiuspraw','hugitius@sakhpubo.ru',1,'2020-11-17 15:14:12',1,NULL,'English 10',NULL,NULL,NULL,NULL,'','',NULL,NULL,NULL,NULL,NULL,NULL,NULL,NULL,NULL,NULL,NULL,NULL),(298,'João Marcos','joaomarcospinhowork@hotmail.com',1,'2020-11-17 17:06:43',1,NULL,'English 7',NULL,NULL,NULL,NULL,'','',NULL,NULL,NULL,NULL,NULL,NULL,NULL,NULL,NULL,NULL,NULL,NULL),(299,'Ulyacrync cthutqrfcryncXB','nasabinoora739@gmail.com',1,'2020-11-18 07:28:43',1,NULL,'English 10',NULL,NULL,NULL,NULL,'','',NULL,NULL,NULL,NULL,NULL,NULL,NULL,NULL,NULL,NULL,NULL,NULL),(300,'Marigelvsusa Marigelvpraw','marigelv@sakhpubo.ru',1,'2020-11-19 01:10:19',1,NULL,'English 10',NULL,NULL,NULL,NULL,'','',NULL,NULL,NULL,NULL,NULL,NULL,NULL,NULL,NULL,NULL,NULL,NULL),(301,'ybytkmrfcrync XiatolaocryncXB','promolyt@gmail.com',1,'2020-11-21 07:41:41',1,NULL,'English 10',NULL,NULL,NULL,NULL,'','',NULL,NULL,NULL,NULL,NULL,NULL,NULL,NULL,NULL,NULL,NULL,NULL),(302,'rchfcrync genuhacryncXB','majksimzavelin@gmail.com',1,'2020-11-27 09:46:48',1,NULL,'English 10',NULL,NULL,NULL,NULL,'','',NULL,NULL,NULL,NULL,NULL,NULL,NULL,NULL,NULL,NULL,NULL,NULL),(303,'Nmvjefbjedddskhfugfhisjdiubgufihwsdjwsu ifhsidjiswfhdueihfiehifeji ifheidfheidhfiehfiejofejgi jfoedjfoejdgiehdfocjfdenghirho https://mail.ru/?bvncdbjdfjdfh=rhfidbvgjf Nmvjefbjedddskhfugfhisjdiubgufihwsdjwsu ifhsidjiswfhdueihfiehifeji ifheidfheidhfiehfiejofejgi jfoedjfoejdgiehdfocjfdenghirho https://mail.ru/?bvncdbjdfjdfh=rhfidbvgjf','artyomsafonov1991870488l+rwz@inbox.ru',1,'2020-11-27 11:56:16',1,NULL,'English 10',NULL,NULL,NULL,NULL,'','',NULL,NULL,NULL,NULL,NULL,NULL,NULL,NULL,NULL,NULL,NULL,NULL),(304,'test test','test@test.com',1,'2020-11-27 20:53:29',1,NULL,'English 3',NULL,NULL,NULL,NULL,'','',NULL,NULL,NULL,NULL,NULL,NULL,NULL,NULL,NULL,NULL,NULL,NULL),(305,'Thelmaskabe ThelmaskabeMD','apbhcmdhewa45@a.masum.cc',1,'2020-11-28 20:00:07',1,NULL,'English 10',NULL,NULL,NULL,NULL,'','',NULL,NULL,NULL,NULL,NULL,NULL,NULL,NULL,NULL,NULL,NULL,NULL),(306,'modwynsusa modwynpraw','modwyn@sakhpubo.ru',1,'2020-11-29 22:10:05',1,NULL,'English 10',NULL,NULL,NULL,NULL,'','',NULL,NULL,NULL,NULL,NULL,NULL,NULL,NULL,NULL,NULL,NULL,NULL),(307,'avdoshcrync KizurucryncXB','larisa.ivleeva89@gmail.com',1,'2020-11-30 09:25:32',1,NULL,'English 10',NULL,NULL,NULL,NULL,'','',NULL,NULL,NULL,NULL,NULL,NULL,NULL,NULL,NULL,NULL,NULL,NULL),(308,'tasyutacrync RenediarcryncXB','kolychevoleg87@gmail.com',1,'2020-12-03 09:25:07',1,NULL,'English 10',NULL,NULL,NULL,NULL,'','',NULL,NULL,NULL,NULL,NULL,NULL,NULL,NULL,NULL,NULL,NULL,NULL),(309,'Andrewrib AndrewribFH','dgqzil@saldov.club',1,'2020-12-03 19:09:51',1,NULL,'English 10',NULL,NULL,NULL,NULL,'','',NULL,NULL,NULL,NULL,NULL,NULL,NULL,NULL,NULL,NULL,NULL,NULL),(310,'Thhyday ThhydayFO','tarinosak@mail.ru',1,'2020-12-05 16:49:50',1,NULL,'English 10',NULL,NULL,NULL,NULL,'','',NULL,NULL,NULL,NULL,NULL,NULL,NULL,NULL,NULL,NULL,NULL,NULL),(311,'lbyfcrync goshunyacryncXB','ijlyabarichev@gmail.com',1,'2020-12-06 11:56:26',1,NULL,'English 10',NULL,NULL,NULL,NULL,'','',NULL,NULL,NULL,NULL,NULL,NULL,NULL,NULL,NULL,NULL,NULL,NULL),(312,'InvillNualo InvillNualoHE','j.e.ntaiwo.r.ldp.ic.t.u.ret5@o5o5.ru',1,'2020-12-08 23:14:11',1,NULL,'English 10',NULL,NULL,NULL,NULL,'','',NULL,NULL,NULL,NULL,NULL,NULL,NULL,NULL,NULL,NULL,NULL,NULL),(313,'Invillcrory InvillcroryHE','j.e.n.t.a.i.w.o.r.ld.p.i.c.t.uret5@o5o5.ru',1,'2020-12-08 23:16:19',1,NULL,'English 10',NULL,NULL,NULL,NULL,'','',NULL,NULL,NULL,NULL,NULL,NULL,NULL,NULL,NULL,NULL,NULL,NULL),(314,'Dodwerlcrync vfhmzysxcryncXB','andreystetko09@gmail.com',1,'2020-12-09 13:09:39',1,NULL,'English 10',NULL,NULL,NULL,NULL,'','',NULL,NULL,NULL,NULL,NULL,NULL,NULL,NULL,NULL,NULL,NULL,NULL),(315,'Urocchhqf UrocchascGD','ezjlxexfi@oturizme.net',1,'2020-12-10 01:59:21',1,NULL,'English 10',NULL,NULL,NULL,NULL,'','',NULL,NULL,NULL,NULL,NULL,NULL,NULL,NULL,NULL,NULL,NULL,NULL),(316,'NikOstri NikOstri','rikasuoni@yandex.com',1,'2020-12-11 06:03:01',1,NULL,'English 10',NULL,NULL,NULL,NULL,'','',NULL,NULL,NULL,NULL,NULL,NULL,NULL,NULL,NULL,NULL,NULL,NULL),(317,'KennethbraSe KennethbraSeQT','maidsnyc@yandex.com',1,'2020-12-11 22:51:07',1,NULL,'English 10',NULL,NULL,NULL,NULL,'','',NULL,NULL,NULL,NULL,NULL,NULL,NULL,NULL,NULL,NULL,NULL,NULL),(318,'DaDrdm DaDtpyYX','nn147826@mail.ru',1,'2020-12-12 02:09:48',1,NULL,'English 10',NULL,NULL,NULL,NULL,'','',NULL,NULL,NULL,NULL,NULL,NULL,NULL,NULL,NULL,NULL,NULL,NULL),(319,'kbk.ifcrync nfczcryncXB','gonanona282@gmail.com',1,'2020-12-12 10:03:05',1,NULL,'English 10',NULL,NULL,NULL,NULL,'','',NULL,NULL,NULL,NULL,NULL,NULL,NULL,NULL,NULL,NULL,NULL,NULL),(320,'instafollowers.co porno instafollowers.co porno','info@instafollowers.co',1,'2020-12-12 18:49:37',1,NULL,'English 10',NULL,NULL,NULL,NULL,'','',NULL,NULL,NULL,NULL,NULL,NULL,NULL,NULL,NULL,NULL,NULL,NULL),(321,'Invillflita InvillflitaHE','jen.t.a.iwo.rldp.i.ctu.ret5@o5o5.ru',1,'2020-12-12 19:54:50',1,NULL,'English 10',NULL,NULL,NULL,NULL,'','',NULL,NULL,NULL,NULL,NULL,NULL,NULL,NULL,NULL,NULL,NULL,NULL),(322,'ZuvilsHef ZuvilsHefHE','jent.a.i.w.o.r.l.d.pi.c.tu.re.t5@o5o5.ru',1,'2020-12-14 04:03:39',1,NULL,'English 10',NULL,NULL,NULL,NULL,'','',NULL,NULL,NULL,NULL,NULL,NULL,NULL,NULL,NULL,NULL,NULL,NULL),(323,'vbnekzcrync bdfyrfcryncXB','aviksanova@gmail.com',1,'2020-12-15 09:55:46',1,NULL,'English 10',NULL,NULL,NULL,NULL,'','',NULL,NULL,NULL,NULL,NULL,NULL,NULL,NULL,NULL,NULL,NULL,NULL),(324,'InvillNualo InvillNualoHE','je.nt.a.i.w.or.ldp.ic.tur.et5@o5o5.ru',1,'2020-12-15 22:25:39',1,NULL,'English 10',NULL,NULL,NULL,NULL,'','',NULL,NULL,NULL,NULL,NULL,NULL,NULL,NULL,NULL,NULL,NULL,NULL),(325,'idolo idoloAN','naomisholtz7@gmail.com',1,'2020-12-17 05:25:07',1,NULL,'English 10',NULL,NULL,NULL,NULL,'','',NULL,NULL,NULL,NULL,NULL,NULL,NULL,NULL,NULL,NULL,NULL,NULL),(326,'dtnfcrync ybyjyzcryncXB','ivanviktorov922@gmail.com',1,'2020-12-18 11:52:04',1,NULL,'English 10',NULL,NULL,NULL,NULL,'','',NULL,NULL,NULL,NULL,NULL,NULL,NULL,NULL,NULL,NULL,NULL,NULL),(327,'Charleskxhja CharlesxvwgaCS','usnuqcrag@oturizme.net',1,'2020-12-18 16:52:06',1,NULL,'English 10',NULL,NULL,NULL,NULL,'','',NULL,NULL,NULL,NULL,NULL,NULL,NULL,NULL,NULL,NULL,NULL,NULL),(328,'Alvaroemece AlvaroemeceIE','baranovoleg88@rambler.ru',1,'2020-12-18 19:48:21',1,NULL,'English 10',NULL,NULL,NULL,NULL,'','',NULL,NULL,NULL,NULL,NULL,NULL,NULL,NULL,NULL,NULL,NULL,NULL),(329,'Invillcrory InvillcroryHE','jentai.wor.ld.p.ic.tu.ret5@o5o5.ru',1,'2020-12-19 02:10:07',1,NULL,'English 10',NULL,NULL,NULL,NULL,'','',NULL,NULL,NULL,NULL,NULL,NULL,NULL,NULL,NULL,NULL,NULL,NULL),(330,'Bladecliffcrync kfdheifcryncXB','hvhbykevin@gmail.com',1,'2020-12-21 10:12:27',1,NULL,'English 10',NULL,NULL,NULL,NULL,'','',NULL,NULL,NULL,NULL,NULL,NULL,NULL,NULL,NULL,NULL,NULL,NULL),(331,'Richardneile RichardneileVJ','ayka@paketos.ru',1,'2020-12-23 19:23:25',1,NULL,'English 10',NULL,NULL,NULL,NULL,'','',NULL,NULL,NULL,NULL,NULL,NULL,NULL,NULL,NULL,NULL,NULL,NULL),(332,'fybrfcrync lfhfcryncXB','petrozzz666@gmail.com',1,'2020-12-25 12:08:10',1,NULL,'English 10',NULL,NULL,NULL,NULL,'','',NULL,NULL,NULL,NULL,NULL,NULL,NULL,NULL,NULL,NULL,NULL,NULL),(333,'GruzBope GruzBopeRR','bankkadrovsu@yandex.com',1,'2020-12-26 03:25:25',1,NULL,'English 10',NULL,NULL,NULL,NULL,'','',NULL,NULL,NULL,NULL,NULL,NULL,NULL,NULL,NULL,NULL,NULL,NULL),(334,'winks winks','dzhtyuty6r@mail.ru',1,'2020-12-26 22:39:29',1,NULL,'English 10',NULL,NULL,NULL,NULL,'','',NULL,NULL,NULL,NULL,NULL,NULL,NULL,NULL,NULL,NULL,NULL,NULL),(335,'Dawnfontcrync CornycryncXB','vitalevaleksei@gmail.com',1,'2020-12-28 10:41:35',1,NULL,'English 10',NULL,NULL,NULL,NULL,'','',NULL,NULL,NULL,NULL,NULL,NULL,NULL,NULL,NULL,NULL,NULL,NULL),(336,'Geraldnal GeraldnalIZ','accsmarket.net@gmaildot.com',1,'2020-12-29 17:42:50',1,NULL,'English 10',NULL,NULL,NULL,NULL,'','',NULL,NULL,NULL,NULL,NULL,NULL,NULL,NULL,NULL,NULL,NULL,NULL),(337,'RodneyNunny RodneyNunnyXE','thodesonxobil@hotmail.com',1,'2020-12-29 17:58:19',1,NULL,'English 10',NULL,NULL,NULL,NULL,'','',NULL,NULL,NULL,NULL,NULL,NULL,NULL,NULL,NULL,NULL,NULL,NULL),(338,'RaymondCebra RaymondCebraAV','avintislal77@gmail.com',1,'2020-12-29 18:42:26',1,NULL,'English 10',NULL,NULL,NULL,NULL,'','',NULL,NULL,NULL,NULL,NULL,NULL,NULL,NULL,NULL,NULL,NULL,NULL),(339,'Invillcrory InvillcroryHE','j.en.ta.i.w.orl.dp.i.ct.ure.t5@o5o5.ru',1,'2020-12-30 11:18:58',1,NULL,'English 10',NULL,NULL,NULL,NULL,'','',NULL,NULL,NULL,NULL,NULL,NULL,NULL,NULL,NULL,NULL,NULL,NULL),(340,'InvillNualo InvillNualoHE','je.ntaiwo.rl.dp.i.ctur.et5@o5o5.ru',1,'2020-12-30 11:19:02',1,NULL,'English 10',NULL,NULL,NULL,NULL,'','',NULL,NULL,NULL,NULL,NULL,NULL,NULL,NULL,NULL,NULL,NULL,NULL),(341,'Invillcrory InvillcroryHE','jent.a.iw.o.r.ld.pict.ure.t5@o5o5.ru',1,'2020-12-31 01:15:41',1,NULL,'English 10',NULL,NULL,NULL,NULL,'','',NULL,NULL,NULL,NULL,NULL,NULL,NULL,NULL,NULL,NULL,NULL,NULL),(342,'Faedalcrync KarisarcryncXB','vladimirsereda12@gmail.com',1,'2020-12-31 11:22:39',1,NULL,'English 10',NULL,NULL,NULL,NULL,'','',NULL,NULL,NULL,NULL,NULL,NULL,NULL,NULL,NULL,NULL,NULL,NULL),(343,'1xcasinoreery 1xcasinoreeryVZ','ljhygfg@mail.ru',1,'2020-12-31 20:27:29',1,NULL,'English 10',NULL,NULL,NULL,NULL,'','',NULL,NULL,NULL,NULL,NULL,NULL,NULL,NULL,NULL,NULL,NULL,NULL),(344,'samuelKink samuelKinkSW','m.icheldu.st.e.nw.all.s.treet743@gmail.com',1,'2021-01-01 20:12:08',1,NULL,'English 10',NULL,NULL,NULL,NULL,'','',NULL,NULL,NULL,NULL,NULL,NULL,NULL,NULL,NULL,NULL,NULL,NULL),(345,'Martinwep MartinwepOA','hr3nod@yandex.com',1,'2021-01-02 07:04:41',1,NULL,'English 10',NULL,NULL,NULL,NULL,'','',NULL,NULL,NULL,NULL,NULL,NULL,NULL,NULL,NULL,NULL,NULL,NULL),(346,'casino-androidcexia casino-androidcexiaRK','hjkui7@mail.ru',1,'2021-01-02 18:07:34',1,NULL,'English 10',NULL,NULL,NULL,NULL,'','',NULL,NULL,NULL,NULL,NULL,NULL,NULL,NULL,NULL,NULL,NULL,NULL),(347,'Tatyanacrync fylhyzcryncXB','ilvundertale@gmail.com',1,'2021-01-03 11:44:37',1,NULL,'English 10',NULL,NULL,NULL,NULL,'','',NULL,NULL,NULL,NULL,NULL,NULL,NULL,NULL,NULL,NULL,NULL,NULL),(348,'TerrySak TerrySakUE','alekxzs2198765434@mail.ru',1,'2021-01-03 16:43:29',1,NULL,'English 10',NULL,NULL,NULL,NULL,'','',NULL,NULL,NULL,NULL,NULL,NULL,NULL,NULL,NULL,NULL,NULL,NULL),(349,'InvillNualo InvillNualoHE','j.e.nt.ai.wor.ld.p.ic.t.uret5@o5o5.ru',1,'2021-01-04 09:40:23',1,NULL,'English 10',NULL,NULL,NULL,NULL,'','',NULL,NULL,NULL,NULL,NULL,NULL,NULL,NULL,NULL,NULL,NULL,NULL),(350,'Waltergep WaltergepVV','alekxzs219@mail.ru',1,'2021-01-06 02:44:07',1,NULL,'English 10',NULL,NULL,NULL,NULL,'','',NULL,NULL,NULL,NULL,NULL,NULL,NULL,NULL,NULL,NULL,NULL,NULL),(351,'Tamanahacrync ConsalvocryncXB','zoakarpova3@gmail.com',1,'2021-01-06 12:00:47',1,NULL,'English 10',NULL,NULL,NULL,NULL,'','',NULL,NULL,NULL,NULL,NULL,NULL,NULL,NULL,NULL,NULL,NULL,NULL),(352,'InvillNualo InvillNualoHE','je.ntai.wo.rl.dpi.c.t.ure.t5@o5o5.ru',1,'2021-01-08 20:21:51',1,NULL,'English 10',NULL,NULL,NULL,NULL,'','',NULL,NULL,NULL,NULL,NULL,NULL,NULL,NULL,NULL,NULL,NULL,NULL),(353,'InvillNualo InvillNualoHE','jen.t.aiw.o.rldp.ic.t.u.r.et5@o5o5.ru',1,'2021-01-08 22:05:49',1,NULL,'English 10',NULL,NULL,NULL,NULL,'','',NULL,NULL,NULL,NULL,NULL,NULL,NULL,NULL,NULL,NULL,NULL,NULL),(354,'Invillcrory InvillcroryHE','jent.a.iw.or.ld.pi.c.turet5@o5o5.ru',1,'2021-01-09 06:21:08',1,NULL,'English 10',NULL,NULL,NULL,NULL,'','',NULL,NULL,NULL,NULL,NULL,NULL,NULL,NULL,NULL,NULL,NULL,NULL),(355,'Adoraranacrync vasscryncXB','maksimkorcuganov57@gmail.com',1,'2021-01-09 09:57:19',1,NULL,'English 10',NULL,NULL,NULL,NULL,'','',NULL,NULL,NULL,NULL,NULL,NULL,NULL,NULL,NULL,NULL,NULL,NULL),(356,'casinoxgammer casinoxgammerHQ','alekxzs12345@mail.ru',1,'2021-01-09 12:56:21',1,NULL,'English 10',NULL,NULL,NULL,NULL,'','',NULL,NULL,NULL,NULL,NULL,NULL,NULL,NULL,NULL,NULL,NULL,NULL),(357,'HubertMer HubertMerYP','alekxzs212@mail.ru',1,'2021-01-10 04:50:28',1,NULL,'English 10',NULL,NULL,NULL,NULL,'','',NULL,NULL,NULL,NULL,NULL,NULL,NULL,NULL,NULL,NULL,NULL,NULL),(358,'MariaKic MariaKicBZ','aqbiczdteoa52@a.masum.cc',1,'2021-01-10 21:52:43',1,NULL,'English 10',NULL,NULL,NULL,NULL,'','',NULL,NULL,NULL,NULL,NULL,NULL,NULL,NULL,NULL,NULL,NULL,NULL),(359,'Jamesglura JamesgluraEF','riemil18@3dlab.tech',1,'2021-01-11 09:37:34',1,NULL,'English 10',NULL,NULL,NULL,NULL,'','',NULL,NULL,NULL,NULL,NULL,NULL,NULL,NULL,NULL,NULL,NULL,NULL),(360,'CasinoJoyBed CasinoJoyBedVK','dtfyviubon@mail.ru',1,'2021-01-11 22:05:23',1,NULL,'English 10',NULL,NULL,NULL,NULL,'','',NULL,NULL,NULL,NULL,NULL,NULL,NULL,NULL,NULL,NULL,NULL,NULL),(361,'kenyacrync NastyacryncXB','lerapopova494@gmail.com',1,'2021-01-12 11:15:22',1,NULL,'English 10',NULL,NULL,NULL,NULL,'','',NULL,NULL,NULL,NULL,NULL,NULL,NULL,NULL,NULL,NULL,NULL,NULL),(362,'samuelKink samuelKinkSW','micheldusten.w.al.lst.r.e.e.t7.43@gmail.com',1,'2021-01-14 06:54:58',1,NULL,'English 10',NULL,NULL,NULL,NULL,'','',NULL,NULL,NULL,NULL,NULL,NULL,NULL,NULL,NULL,NULL,NULL,NULL),(363,'Stephensmund StephensmundSH','alekxzs2198765@mail.ru',1,'2021-01-14 21:50:37',1,NULL,'English 10',NULL,NULL,NULL,NULL,'','',NULL,NULL,NULL,NULL,NULL,NULL,NULL,NULL,NULL,NULL,NULL,NULL),(364,'gfdfcrync kilinacryncXB','katyusha4400@gmail.com',1,'2021-01-15 11:00:52',1,NULL,'English 10',NULL,NULL,NULL,NULL,'','',NULL,NULL,NULL,NULL,NULL,NULL,NULL,NULL,NULL,NULL,NULL,NULL),(365,'Invillcrory InvillcroryHE','je.n.ta.iworl.dp.ic.t.u.ret5@o5o5.ru',1,'2021-01-15 20:32:39',1,NULL,'English 10',NULL,NULL,NULL,NULL,'','',NULL,NULL,NULL,NULL,NULL,NULL,NULL,NULL,NULL,NULL,NULL,NULL),(366,'Invillflita InvillflitaHE','j.ent.a.iworl.d.p.ic.t.ur.et5@o5o5.ru',1,'2021-01-17 05:19:08',1,NULL,'English 10',NULL,NULL,NULL,NULL,'','',NULL,NULL,NULL,NULL,NULL,NULL,NULL,NULL,NULL,NULL,NULL,NULL),(367,'nfbcfcrync aksutacryncXB','al8nka2000@gmail.com',1,'2021-01-18 12:08:57',1,NULL,'English 10',NULL,NULL,NULL,NULL,'','',NULL,NULL,NULL,NULL,NULL,NULL,NULL,NULL,NULL,NULL,NULL,NULL),(368,'bdjycrync FediancryncXB','tropinairina065@gmail.com',1,'2021-01-21 11:24:09',1,NULL,'English 10',NULL,NULL,NULL,NULL,'','',NULL,NULL,NULL,NULL,NULL,NULL,NULL,NULL,NULL,NULL,NULL,NULL),(369,'Billynus BillynusFK','otve4alka@meta.ua',1,'2021-01-24 00:27:28',1,NULL,'English 10',NULL,NULL,NULL,NULL,'','',NULL,NULL,NULL,NULL,NULL,NULL,NULL,NULL,NULL,NULL,NULL,NULL),(370,'Sarancrync AnayajuruscryncXB','aleksandrmelkov67@gmail.com',1,'2021-01-24 12:20:14',1,NULL,'English 10',NULL,NULL,NULL,NULL,'','',NULL,NULL,NULL,NULL,NULL,NULL,NULL,NULL,NULL,NULL,NULL,NULL),(371,'samuelKink samuelKinkSW','mi.c.h.eldust.en.wa.l.lst.r.e.et.7.43@gmail.com',1,'2021-01-24 14:13:36',1,NULL,'English 10',NULL,NULL,NULL,NULL,'','',NULL,NULL,NULL,NULL,NULL,NULL,NULL,NULL,NULL,NULL,NULL,NULL),(372,'Jerryslelo JerrysleloOZ','alekxzs21223454@mail.ru',1,'2021-01-25 14:29:45',1,NULL,'English 10',NULL,NULL,NULL,NULL,'','',NULL,NULL,NULL,NULL,NULL,NULL,NULL,NULL,NULL,NULL,NULL,NULL),(373,'DavidLaple DavidLapleWL','panfilkudryashov@mail.ru',1,'2021-01-26 07:40:49',1,NULL,'English 10',NULL,NULL,NULL,NULL,'','',NULL,NULL,NULL,NULL,NULL,NULL,NULL,NULL,NULL,NULL,NULL,NULL),(374,'Lycle LycleCH','foremanwoman@gmail.com',1,'2021-01-26 12:53:37',1,NULL,'English 10',NULL,NULL,NULL,NULL,'','',NULL,NULL,NULL,NULL,NULL,NULL,NULL,NULL,NULL,NULL,NULL,NULL),(375,'dfkzrfcrync mashonyacryncXB','kolofedor93@gmail.com',1,'2021-01-27 10:34:10',1,NULL,'English 10',NULL,NULL,NULL,NULL,'','',NULL,NULL,NULL,NULL,NULL,NULL,NULL,NULL,NULL,NULL,NULL,NULL),(376,'LindaBLode LindaBLodeKS','yelena_malakhova_79@bk.ru',1,'2021-01-30 02:11:34',1,NULL,'English 10',NULL,NULL,NULL,NULL,'','',NULL,NULL,NULL,NULL,NULL,NULL,NULL,NULL,NULL,NULL,NULL,NULL),(377,'hjcnzcrync AlsathcryncXB','viktorabramov716@gmail.com',1,'2021-01-30 11:05:49',1,NULL,'English 10',NULL,NULL,NULL,NULL,'','',NULL,NULL,NULL,NULL,NULL,NULL,NULL,NULL,NULL,NULL,NULL,NULL),(378,'Dennisgok DennisgokRG','sportuaspot@rambler.ru',1,'2021-01-31 21:04:54',1,NULL,'English 10',NULL,NULL,NULL,NULL,'','',NULL,NULL,NULL,NULL,NULL,NULL,NULL,NULL,NULL,NULL,NULL,NULL),(379,'Ramonnisee RamonniseeQE','intongo@yandex.com',1,'2021-02-02 08:11:47',1,NULL,'English 10',NULL,NULL,NULL,NULL,'','',NULL,NULL,NULL,NULL,NULL,NULL,NULL,NULL,NULL,NULL,NULL,NULL),(380,'hbvfcrync DashacryncXB','marinavarsha6@gmail.com',1,'2021-02-02 13:07:42',1,NULL,'English 10',NULL,NULL,NULL,NULL,'','',NULL,NULL,NULL,NULL,NULL,NULL,NULL,NULL,NULL,NULL,NULL,NULL),(381,'david duong','duongquyet90@gmail.com',1,'2022-01-08 07:35:45',1,NULL,'English',NULL,NULL,NULL,NULL,'','',NULL,NULL,NULL,NULL,NULL,NULL,NULL,NULL,NULL,NULL,NULL,NULL),(382,'Saulcrync lerunyacryncXB','robinamorgan122222@gmail.com',1,'2022-01-08 15:17:34',1,NULL,'English 10',NULL,NULL,NULL,NULL,'','',NULL,NULL,NULL,NULL,NULL,NULL,NULL,NULL,NULL,NULL,NULL,NULL),(383,'earlinefo1 earlinefo1','angel@wm1.sexyico.com',1,'2022-01-09 04:40:27',1,NULL,'English 10',NULL,NULL,NULL,NULL,'','',NULL,NULL,NULL,NULL,NULL,NULL,NULL,NULL,NULL,NULL,NULL,NULL),(384,'deloriswg18 deloriswg18','annabelle@ymail.tubered69.com',1,'2022-01-09 14:09:01',1,NULL,'English 10',NULL,NULL,NULL,NULL,'','',NULL,NULL,NULL,NULL,NULL,NULL,NULL,NULL,NULL,NULL,NULL,NULL),(385,'RichardFus RichardFusHH','dawid.molerski@wp.pl',1,'2022-01-09 22:00:32',1,NULL,'English 10',NULL,NULL,NULL,NULL,'','',NULL,NULL,NULL,NULL,NULL,NULL,NULL,NULL,NULL,NULL,NULL,NULL),(386,'Josephduh JosephduhIB','wlodek.turkawski@tlen.pl',1,'2022-01-11 04:02:36',1,NULL,'English 10',NULL,NULL,NULL,NULL,'','',NULL,NULL,NULL,NULL,NULL,NULL,NULL,NULL,NULL,NULL,NULL,NULL),(387,'maryancrync dekabrynychcryncXB','davidsokolovsky54r@gmail.com',1,'2022-01-11 10:07:08',1,NULL,'English 10',NULL,NULL,NULL,NULL,'','',NULL,NULL,NULL,NULL,NULL,NULL,NULL,NULL,NULL,NULL,NULL,NULL),(388,'MichaelLaw MichaelLawQW','ignatovdormidont2823@yandex.ru',1,'2022-01-11 10:54:19',1,NULL,'English 10',NULL,NULL,NULL,NULL,'','',NULL,NULL,NULL,NULL,NULL,NULL,NULL,NULL,NULL,NULL,NULL,NULL),(389,'KathrynBaw KathrynBawQL','alexpopov716253@gmail.com',1,'2022-01-11 21:03:14',1,NULL,'English 10',NULL,NULL,NULL,NULL,'','',NULL,NULL,NULL,NULL,NULL,NULL,NULL,NULL,NULL,NULL,NULL,NULL),(390,'JamesGrals JamesGralsKM','dreve5@yandex.com',1,'2022-01-12 04:39:55',1,NULL,'English 10',NULL,NULL,NULL,NULL,'','',NULL,NULL,NULL,NULL,NULL,NULL,NULL,NULL,NULL,NULL,NULL,NULL),(391,'Andrewceaws AndrewceawsYK','osipanton8@gmail.com',1,'2022-01-13 18:47:49',1,NULL,'English 10',NULL,NULL,NULL,NULL,'','',NULL,NULL,NULL,NULL,NULL,NULL,NULL,NULL,NULL,NULL,NULL,NULL),(392,'rustycrync vyacheslavkacryncXB','uz54498@gmail.com',1,'2022-01-15 00:08:44',1,NULL,'English 10',NULL,NULL,NULL,NULL,'','',NULL,NULL,NULL,NULL,NULL,NULL,NULL,NULL,NULL,NULL,NULL,NULL),(393,'JuliGonia Juliron','o-tendencii@yandex.ru',1,'2022-01-15 07:00:16',1,NULL,'English 10',NULL,NULL,NULL,NULL,'','',NULL,NULL,NULL,NULL,NULL,NULL,NULL,NULL,NULL,NULL,NULL,NULL),(394,'kutikovaMn kutikovaMnUE','andrekutikov@gmail.com',1,'2022-01-17 06:58:36',1,NULL,'English 10',NULL,NULL,NULL,NULL,'','',NULL,NULL,NULL,NULL,NULL,NULL,NULL,NULL,NULL,NULL,NULL,NULL),(395,'jackllKink jackllKinkHR','j.a.ckli.s.t.f.o.xne.edl.if.es3.8.25212@gmail.com',1,'2022-01-18 00:56:53',1,NULL,'English 10',NULL,NULL,NULL,NULL,'','',NULL,NULL,NULL,NULL,NULL,NULL,NULL,NULL,NULL,NULL,NULL,NULL),(396,'Rolandunsap RolandunsapJU','zarevos@yandex.com',1,'2022-01-18 06:22:06',1,NULL,'English 10',NULL,NULL,NULL,NULL,'','',NULL,NULL,NULL,NULL,NULL,NULL,NULL,NULL,NULL,NULL,NULL,NULL),(397,'eliuscrync BlackgirlcryncXB','borodinanna252@gmail.com',1,'2022-01-18 17:25:55',1,NULL,'English 10',NULL,NULL,NULL,NULL,'','',NULL,NULL,NULL,NULL,NULL,NULL,NULL,NULL,NULL,NULL,NULL,NULL),(398,'Bruceged BrucegedNM','tiommatlula@gmail.com',1,'2022-01-18 19:13:03',1,NULL,'English 10',NULL,NULL,NULL,NULL,'','',NULL,NULL,NULL,NULL,NULL,NULL,NULL,NULL,NULL,NULL,NULL,NULL),(399,'testing 123','sjhfdfkdjf@gmail.com',1,'2022-01-19 05:54:05',1,NULL,'English 7',NULL,NULL,NULL,NULL,'','',NULL,NULL,NULL,NULL,NULL,NULL,NULL,NULL,NULL,NULL,NULL,NULL),(400,'nelsonjp1 nelsonjp1','vicki@omail.a4ktube.com',1,'2022-01-19 19:43:07',1,NULL,'English 10',NULL,NULL,NULL,NULL,'','',NULL,NULL,NULL,NULL,NULL,NULL,NULL,NULL,NULL,NULL,NULL,NULL),(401,'MiltonJes MiltonJesSH','gynss22@yandex.com',1,'2022-01-20 17:06:46',1,NULL,'English 10',NULL,NULL,NULL,NULL,'','',NULL,NULL,NULL,NULL,NULL,NULL,NULL,NULL,NULL,NULL,NULL,NULL),(402,'Matthewgapaf MatthewgapafID','admin@singaporevelly.com',1,'2022-01-21 17:10:39',1,NULL,'English 10',NULL,NULL,NULL,NULL,'','',NULL,NULL,NULL,NULL,NULL,NULL,NULL,NULL,NULL,NULL,NULL,NULL),(403,'WillardTub WillardTubOU','veniaminveniaminbogdanov23@gmail.com',1,'2022-01-23 12:04:40',1,NULL,'English 10',NULL,NULL,NULL,NULL,'','',NULL,NULL,NULL,NULL,NULL,NULL,NULL,NULL,NULL,NULL,NULL,NULL),(404,'evelinkacrync therecryncXB','gerasimyakovlevrt43@gmail.com',1,'2022-01-23 21:57:49',1,NULL,'English 10',NULL,NULL,NULL,NULL,'','',NULL,NULL,NULL,NULL,NULL,NULL,NULL,NULL,NULL,NULL,NULL,NULL),(405,'RichardTon RichardTonVI','fevgen708@gmail.com',1,'2022-01-24 01:35:07',1,NULL,'English 10',NULL,NULL,NULL,NULL,'','',NULL,NULL,NULL,NULL,NULL,NULL,NULL,NULL,NULL,NULL,NULL,NULL),(406,'bharathi saij','sai.jb22@gmail.com',1,'2022-01-24 10:22:57',1,NULL,'English 4',NULL,NULL,NULL,NULL,'','',NULL,NULL,NULL,NULL,NULL,NULL,NULL,NULL,NULL,NULL,NULL,NULL),(407,'boris https://yandex.ru boris https://yandex.ru','eduardq2bnkul@bk.ru',1,'2022-01-24 21:55:12',1,NULL,'English 10',NULL,NULL,NULL,NULL,'','',NULL,NULL,NULL,NULL,NULL,NULL,NULL,NULL,NULL,NULL,NULL,NULL),(408,'Thomaslople ThomaslopleXJ','catch@art.suspent.com',1,'2022-01-25 09:12:59',1,NULL,'English 10',NULL,NULL,NULL,NULL,'','',NULL,NULL,NULL,NULL,NULL,NULL,NULL,NULL,NULL,NULL,NULL,NULL),(409,'garydj3 garydj3','marva@wmail.sexyico.com',1,'2022-01-26 00:30:38',1,NULL,'English 10',NULL,NULL,NULL,NULL,'','',NULL,NULL,NULL,NULL,NULL,NULL,NULL,NULL,NULL,NULL,NULL,NULL),(410,'miachcrync ybrjkfifcryncXB','yurapopov2317@gmail.com',1,'2022-01-27 02:22:56',1,NULL,'English 10',NULL,NULL,NULL,NULL,'','',NULL,NULL,NULL,NULL,NULL,NULL,NULL,NULL,NULL,NULL,NULL,NULL),(411,'fyutkbycrync macawcryncIZ','caleberickson67@gmail.com',1,'2022-01-30 03:31:53',1,NULL,'English 10',NULL,NULL,NULL,NULL,'','',NULL,NULL,NULL,NULL,NULL,NULL,NULL,NULL,NULL,NULL,NULL,NULL),(412,'franry60 franry60','billie@itsuki1610.sora39.meta1.in.net',1,'2022-01-30 06:15:49',1,NULL,'English 10',NULL,NULL,NULL,NULL,'','',NULL,NULL,NULL,NULL,NULL,NULL,NULL,NULL,NULL,NULL,NULL,NULL),(413,'Frankphofe FrankphofeDV','gfgfg4gf@bambo-mebel.top',1,'2022-01-31 11:58:58',1,NULL,'English 10',NULL,NULL,NULL,NULL,'','',NULL,NULL,NULL,NULL,NULL,NULL,NULL,NULL,NULL,NULL,NULL,NULL),(414,'RaymondFub RaymondFubFW','hobby@shelby-shop.com',1,'2022-02-01 02:17:32',1,NULL,'English 10',NULL,NULL,NULL,NULL,'','',NULL,NULL,NULL,NULL,NULL,NULL,NULL,NULL,NULL,NULL,NULL,NULL),(415,'byyfcrync LibbycryncIZ','sybilfaber59@gmail.com',1,'2022-02-02 10:52:35',1,NULL,'English 10',NULL,NULL,NULL,NULL,'','',NULL,NULL,NULL,NULL,NULL,NULL,NULL,NULL,NULL,NULL,NULL,NULL),(416,'AndrewLAYEK AndrewLAYEKWM','vlad11@bambo-mebel.top',1,'2022-02-03 12:41:31',1,NULL,'English 10',NULL,NULL,NULL,NULL,'','',NULL,NULL,NULL,NULL,NULL,NULL,NULL,NULL,NULL,NULL,NULL,NULL),(417,'MatthewStula MatthewStulaVI','eco@labedroom.com',1,'2022-02-04 19:10:46',1,NULL,'English 10',NULL,NULL,NULL,NULL,'','',NULL,NULL,NULL,NULL,NULL,NULL,NULL,NULL,NULL,NULL,NULL,NULL),(418,'Pietrowiczcrync SurprisecryncIZ','lt0892472@gmail.com',1,'2022-02-05 04:04:48',1,NULL,'English 10',NULL,NULL,NULL,NULL,'','',NULL,NULL,NULL,NULL,NULL,NULL,NULL,NULL,NULL,NULL,NULL,NULL),(419,'ntyukyjrthd5jtydhjdfgszh3grrfghf https://forms.yandex.com/u/61f855de2ad5069aad410ea5 gado ntyukyjrthd5jtydhjdfgszh3grrfghf https://forms.yandex.com/u/61f855de2ad5069aad410ea5 gado','lyorandrumeti4n@gmx.net',1,'2022-02-05 19:44:27',1,NULL,'English 10',NULL,NULL,NULL,NULL,'','',NULL,NULL,NULL,NULL,NULL,NULL,NULL,NULL,NULL,NULL,NULL,NULL),(420,'jftyrstht34h65isdrsy354uthujfuht https://forms.yandex.ru/u/61f855e5ee18649b3be72a10 gado jftyrstht34h65isdrsy354uthujfuht https://forms.yandex.ru/u/61f855e5ee18649b3be72a10 gado','cobenneihearmq@gmx.net',1,'2022-02-06 18:29:33',1,NULL,'English 10',NULL,NULL,NULL,NULL,'','',NULL,NULL,NULL,NULL,NULL,NULL,NULL,NULL,NULL,NULL,NULL,NULL),(421,'hd46jtyxtrrhwe4dyrjgfj64ee7idrth https://forms.yandex.ru/u/61f856e06f8ba5f07e68968b gado hd46jtyxtrrhwe4dyrjgfj64ee7idrth https://forms.yandex.ru/u/61f856e06f8ba5f07e68968b gado','tamapeiwav0@gmx.net',1,'2022-02-07 00:54:53',1,NULL,'English 10',NULL,NULL,NULL,NULL,'','',NULL,NULL,NULL,NULL,NULL,NULL,NULL,NULL,NULL,NULL,NULL,NULL),(422,'kbgfcrync AlekacryncIZ','formacdcahq@gmail.com',1,'2022-02-07 21:19:58',1,NULL,'English 10',NULL,NULL,NULL,NULL,'','',NULL,NULL,NULL,NULL,NULL,NULL,NULL,NULL,NULL,NULL,NULL,NULL),(423,'djghaetuuoyryirsxhfgvhdtktyuiytd https://forms.yandex.by/u/61f856ca5f0e0b1c2f5ffac1 gado djghaetuuoyryirsxhfgvhdtktyuiytd https://forms.yandex.by/u/61f856ca5f0e0b1c2f5ffac1 gado','suppdopohelogj7@gmx.net',1,'2022-02-08 18:26:51',1,NULL,'English 10',NULL,NULL,NULL,NULL,'','',NULL,NULL,NULL,NULL,NULL,NULL,NULL,NULL,NULL,NULL,NULL,NULL),(424,'binh dongvan','dongbinhbg@gmail.com',1,'2022-02-10 02:25:44',1,NULL,'English',NULL,NULL,NULL,NULL,'','',NULL,NULL,NULL,NULL,NULL,NULL,NULL,NULL,NULL,NULL,NULL,NULL),(425,'littleladycrync lhjyzcryncIZ','wheoplaxj@gmail.com',1,'2022-02-10 15:33:46',1,NULL,'English 10',NULL,NULL,NULL,NULL,'','',NULL,NULL,NULL,NULL,NULL,NULL,NULL,NULL,NULL,NULL,NULL,NULL),(426,'m2.alothemes.com bbbdnwkdowifhrdokpwoeiyutrieowsowddfbvksodkasofjgiekwskfieghrhjkfejfegigofwkdkbhbgiejfwokdd m2.alothemes.com bbbdnwkdowifhrdokpwoeiyutrieowsowddfbvksodkasofjgiekwskfieghrhjkfejfegigofwkdkbhbgiejfwokdd','dimafokin199506780tx+z1t1@inbox.ru',1,'2022-02-10 21:30:49',1,NULL,'English 10',NULL,NULL,NULL,NULL,'','',NULL,NULL,NULL,NULL,NULL,NULL,NULL,NULL,NULL,NULL,NULL,NULL),(427,'modwynsusa modwynpraw','modwyn@sakhpubo.xyz',1,'2022-02-12 16:47:44',1,NULL,'English 10',NULL,NULL,NULL,NULL,'','',NULL,NULL,NULL,NULL,NULL,NULL,NULL,NULL,NULL,NULL,NULL,NULL),(428,'meganiz4 meganiz4','winnie@hideo3710.haruki77.inwebmail.fun',1,'2022-02-12 17:43:04',1,NULL,'English 10',NULL,NULL,NULL,NULL,'','',NULL,NULL,NULL,NULL,NULL,NULL,NULL,NULL,NULL,NULL,NULL,NULL),(429,'Artemcrync EllascryncIZ','pribseengh@gmail.com',1,'2022-02-13 08:26:59',1,NULL,'English 10',NULL,NULL,NULL,NULL,'','',NULL,NULL,NULL,NULL,NULL,NULL,NULL,NULL,NULL,NULL,NULL,NULL),(430,'Lindanup LindanupQJ','info@ustalks.xyz',1,'2022-02-14 13:17:11',1,NULL,'English 10',NULL,NULL,NULL,NULL,'','',NULL,NULL,NULL,NULL,NULL,NULL,NULL,NULL,NULL,NULL,NULL,NULL),(431,'JamesRaila JamesRailaDA','epappauye@gmail.com',1,'2022-02-14 22:14:58',1,NULL,'English 10',NULL,NULL,NULL,NULL,'','',NULL,NULL,NULL,NULL,NULL,NULL,NULL,NULL,NULL,NULL,NULL,NULL),(432,'tojamisusa tojamipraw','tojami@sakhpubo.xyz',1,'2022-02-15 12:13:22',1,NULL,'English 10',NULL,NULL,NULL,NULL,'','',NULL,NULL,NULL,NULL,NULL,NULL,NULL,NULL,NULL,NULL,NULL,NULL),(433,'Masyacrync dfkifcryncIZ','asturreneg@gmail.com',1,'2022-02-15 13:41:20',1,NULL,'English 10',NULL,NULL,NULL,NULL,'','',NULL,NULL,NULL,NULL,NULL,NULL,NULL,NULL,NULL,NULL,NULL,NULL),(434,'fktrcfylhfcrync petrakacryncIZ','twouppouw@gmail.com',1,'2022-02-18 05:01:29',1,NULL,'English 10',NULL,NULL,NULL,NULL,'','',NULL,NULL,NULL,NULL,NULL,NULL,NULL,NULL,NULL,NULL,NULL,NULL),(435,'uniacrync fedunyacryncIZ','dationsitha@gmail.com',1,'2022-02-20 22:53:13',1,NULL,'English 10',NULL,NULL,NULL,NULL,'','',NULL,NULL,NULL,NULL,NULL,NULL,NULL,NULL,NULL,NULL,NULL,NULL),(436,'nellieuv2 nellieuv2','edgar@kaede72.officemail.fun',1,'2022-02-21 04:57:27',1,NULL,'English 10',NULL,NULL,NULL,NULL,'','',NULL,NULL,NULL,NULL,NULL,NULL,NULL,NULL,NULL,NULL,NULL,NULL),(437,'RichardFus RichardFusHH','dariusz.wolmerski@wp.pl',1,'2022-02-21 14:07:30',1,NULL,'English 10',NULL,NULL,NULL,NULL,'','',NULL,NULL,NULL,NULL,NULL,NULL,NULL,NULL,NULL,NULL,NULL,NULL),(438,'jkmueyzcrync tanyacryncIZ','yeatcauj@gmail.com',1,'2022-02-23 13:53:12',1,NULL,'English 10',NULL,NULL,NULL,NULL,'','',NULL,NULL,NULL,NULL,NULL,NULL,NULL,NULL,NULL,NULL,NULL,NULL),(439,'uheyzcrync lazycryncIZ','comeahaqs@gmail.com',1,'2022-02-26 07:24:38',1,NULL,'English 10',NULL,NULL,NULL,NULL,'','',NULL,NULL,NULL,NULL,NULL,NULL,NULL,NULL,NULL,NULL,NULL,NULL),(440,'Marinna Ges Marinna GesQU','nikolinagenovskaya@yandex.ru',1,'2022-02-27 08:58:51',1,NULL,'English 10',NULL,NULL,NULL,NULL,'','',NULL,NULL,NULL,NULL,NULL,NULL,NULL,NULL,NULL,NULL,NULL,NULL),(441,'dfkthmzifcrync ntvfcryncIZ','torecipmbp@gmail.com',1,'2022-02-28 21:09:44',1,NULL,'English 10',NULL,NULL,NULL,NULL,'','',NULL,NULL,NULL,NULL,NULL,NULL,NULL,NULL,NULL,NULL,NULL,NULL),(442,'Annushkacrync VanyushacryncIM','msk.student@yandex.ru',1,'2022-03-01 02:29:36',1,NULL,'English 10',NULL,NULL,NULL,NULL,'','',NULL,NULL,NULL,NULL,NULL,NULL,NULL,NULL,NULL,NULL,NULL,NULL),(443,'rebekahog3 rebekahog3','tamara@shiro65.officemail.fun',1,'2022-03-02 00:39:12',1,NULL,'English 10',NULL,NULL,NULL,NULL,'','',NULL,NULL,NULL,NULL,NULL,NULL,NULL,NULL,NULL,NULL,NULL,NULL),(444,'beverlybl3 beverlybl3','raul@masaaki4310.takayuki94.officemail.in.net',1,'2022-03-03 15:01:09',1,NULL,'English 10',NULL,NULL,NULL,NULL,'','',NULL,NULL,NULL,NULL,NULL,NULL,NULL,NULL,NULL,NULL,NULL,NULL),(445,'ckfdeczcrync mashunyacryncIZ','forsdoulea@gmail.com',1,'2022-03-03 15:18:12',1,NULL,'English 10',NULL,NULL,NULL,NULL,'','',NULL,NULL,NULL,NULL,NULL,NULL,NULL,NULL,NULL,NULL,NULL,NULL),(446,'Kuzutcrync LouisecryncIZ','inquenzca@gmail.com',1,'2022-03-06 14:40:50',1,NULL,'English 10',NULL,NULL,NULL,NULL,'','',NULL,NULL,NULL,NULL,NULL,NULL,NULL,NULL,NULL,NULL,NULL,NULL),(447,'andyllKink andyllKinkBU','a.n.d.ywo.r.l.la.n.de.rs.ee.w.e.e.ks.57.93.2.2@gmail.com',1,'2022-03-08 21:21:00',1,NULL,'English 10',NULL,NULL,NULL,NULL,'','',NULL,NULL,NULL,NULL,NULL,NULL,NULL,NULL,NULL,NULL,NULL,NULL),(448,'phenHELENAs phenHELENAsXP','eorjgoeirjfji@yandex.com',1,'2022-03-10 12:06:54',1,NULL,'English 10',NULL,NULL,NULL,NULL,'','',NULL,NULL,NULL,NULL,NULL,NULL,NULL,NULL,NULL,NULL,NULL,NULL),(449,'Mingledorffcrync MairacryncIZ','teresreyflatliemann13@gmail.com',1,'2022-03-10 16:55:03',1,NULL,'English 10',NULL,NULL,NULL,NULL,'','',NULL,NULL,NULL,NULL,NULL,NULL,NULL,NULL,NULL,NULL,NULL,NULL),(450,'RichardFus RichardFusHH','t.admiszczecinw15@wp.pl',1,'2022-03-12 19:34:44',1,NULL,'English 10',NULL,NULL,NULL,NULL,'','',NULL,NULL,NULL,NULL,NULL,NULL,NULL,NULL,NULL,NULL,NULL,NULL),(451,'Heracrync jhczcryncIZ','teresreyflatliemann23@gmail.com',1,'2022-03-13 20:52:06',1,NULL,'English 10',NULL,NULL,NULL,NULL,'','',NULL,NULL,NULL,NULL,NULL,NULL,NULL,NULL,NULL,NULL,NULL,NULL),(452,'PhilipLob PhilipLobFW','rt23dfvvv3@mega-22-confa.fun',1,'2022-03-16 05:49:22',1,NULL,'English 10',NULL,NULL,NULL,NULL,'','',NULL,NULL,NULL,NULL,NULL,NULL,NULL,NULL,NULL,NULL,NULL,NULL),(453,'flfveirfcrync emelyanychcryncIZ','wawannmiyhdhsoralsch@gmail.com',1,'2022-03-17 04:18:17',1,NULL,'English 10',NULL,NULL,NULL,NULL,'','',NULL,NULL,NULL,NULL,NULL,NULL,NULL,NULL,NULL,NULL,NULL,NULL),(454,'rosariocu60 rosariocu60','madeline@haruki2510.hideo88.meta1.in.net',1,'2022-03-18 05:40:55',1,NULL,'English 10',NULL,NULL,NULL,NULL,'','',NULL,NULL,NULL,NULL,NULL,NULL,NULL,NULL,NULL,NULL,NULL,NULL),(455,'kurtlh3 kurtlh3','charmaine@eiji65.officemail.fun',1,'2022-03-18 11:37:08',1,NULL,'English 10',NULL,NULL,NULL,NULL,'','',NULL,NULL,NULL,NULL,NULL,NULL,NULL,NULL,NULL,NULL,NULL,NULL),(456,'andyllKink andyllKinkBU','a.n.d.yw.o.r.l.l.a.nd.erseewee.ks.5.79.322@gmail.com',1,'2022-03-18 23:32:56',1,NULL,'English 10',NULL,NULL,NULL,NULL,'','',NULL,NULL,NULL,NULL,NULL,NULL,NULL,NULL,NULL,NULL,NULL,NULL),(457,'libeodoma libeodomaXP','rostislavsobolevsobolev@yandex.com',1,'2022-03-19 09:02:04',1,NULL,'English 10',NULL,NULL,NULL,NULL,'','',NULL,NULL,NULL,NULL,NULL,NULL,NULL,NULL,NULL,NULL,NULL,NULL),(458,'heckfysxcrync vbkfifcryncIZ','fripproshj@gmail.com',1,'2022-03-19 23:12:33',1,NULL,'English 10',NULL,NULL,NULL,NULL,'','',NULL,NULL,NULL,NULL,NULL,NULL,NULL,NULL,NULL,NULL,NULL,NULL),(459,'محمود عبدالرسول','mahmmoud.abdelrasoul@gmail.com',1,'2022-03-21 20:11:13',1,NULL,'Arabic',NULL,NULL,NULL,NULL,'','',NULL,NULL,NULL,NULL,NULL,NULL,NULL,NULL,NULL,NULL,NULL,NULL),(460,'LarryToowl LarryToowlMU','%spinfile-names.dat%%spinfile-lnames.dat%%random-1-100%@base.mixwi.com',1,'2022-03-22 13:30:07',1,NULL,'English 10',NULL,NULL,NULL,NULL,'','',NULL,NULL,NULL,NULL,NULL,NULL,NULL,NULL,NULL,NULL,NULL,NULL),(461,'Billiecrync nbvfyzcryncIZ','nechaev.maks38@gmail.com',1,'2022-03-23 05:19:45',1,NULL,'English 10',NULL,NULL,NULL,NULL,'','',NULL,NULL,NULL,NULL,NULL,NULL,NULL,NULL,NULL,NULL,NULL,NULL),(462,'elisabethkq2 elisabethkq2','shannon@hideo1710.haru27.meta1.in.net',1,'2022-03-23 12:30:16',1,NULL,'English 10',NULL,NULL,NULL,NULL,'','',NULL,NULL,NULL,NULL,NULL,NULL,NULL,NULL,NULL,NULL,NULL,NULL),(463,'test test','test@test.cat',1,'2022-03-23 15:18:22',1,NULL,'English 2',NULL,NULL,NULL,NULL,'','',NULL,NULL,NULL,NULL,NULL,NULL,NULL,NULL,NULL,NULL,NULL,NULL),(464,'Burigrinncrync BallalunecryncIZ','p0tap0va.nastyshka@gmail.com',1,'2022-03-26 00:30:32',1,NULL,'English 10',NULL,NULL,NULL,NULL,'','',NULL,NULL,NULL,NULL,NULL,NULL,NULL,NULL,NULL,NULL,NULL,NULL),(465,'andyllKink andyllKinkBU','a.n.d.y.w.orl.land.er.s.ee.w.eek.s5.79.3.22@gmail.com',1,'2022-03-27 21:57:14',1,NULL,'English 10',NULL,NULL,NULL,NULL,'','',NULL,NULL,NULL,NULL,NULL,NULL,NULL,NULL,NULL,NULL,NULL,NULL),(466,'Bladebringercrync MonyacryncIZ','sergeev.andrey97@gmail.com',1,'2022-03-28 17:09:32',1,NULL,'English 10',NULL,NULL,NULL,NULL,'','',NULL,NULL,NULL,NULL,NULL,NULL,NULL,NULL,NULL,NULL,NULL,NULL),(467,'Semic Test','fsolans@semic.es',1,'2022-03-29 13:50:57',1,NULL,'English 2',NULL,NULL,NULL,NULL,'test test Alava 12345','test test Alava 12345','Semic','Test','12345','12345','ES','Alava',131,'test','test',NULL,NULL,NULL),(468,'vfhujcrync ltybcfcryncIZ','aleksandrvoronov077@gmail.com',1,'2022-03-31 05:19:24',1,NULL,'English 10',NULL,NULL,NULL,NULL,'','',NULL,NULL,NULL,NULL,NULL,NULL,NULL,NULL,NULL,NULL,NULL,NULL),(469,'blancauw4 blancauw4','darcy@fumio14.inwebmail.fun',1,'2022-04-02 09:14:09',1,NULL,'English 10',NULL,NULL,NULL,NULL,'','',NULL,NULL,NULL,NULL,NULL,NULL,NULL,NULL,NULL,NULL,NULL,NULL),(470,'Burihelmcrync ClintcryncIZ','kyznetsov.lenya99@gmail.com',1,'2022-04-02 22:29:26',1,NULL,'English 10',NULL,NULL,NULL,NULL,'','',NULL,NULL,NULL,NULL,NULL,NULL,NULL,NULL,NULL,NULL,NULL,NULL),(471,'andyllKink andyllKinkBU','and.y.w.or.l.lan.d.er.s.e.ewe.ek.s5.79.322@gmail.com',1,'2022-04-03 06:22:31',1,NULL,'English 10',NULL,NULL,NULL,NULL,'','',NULL,NULL,NULL,NULL,NULL,NULL,NULL,NULL,NULL,NULL,NULL,NULL),(472,'Fordregdacrync anatolkacryncIZ','kyznetsova.nastena98@gmail.com',1,'2022-04-05 09:37:49',1,NULL,'English 10',NULL,NULL,NULL,NULL,'','',NULL,NULL,NULL,NULL,NULL,NULL,NULL,NULL,NULL,NULL,NULL,NULL),(473,'StevenReami StevenReamiOO','sebastian.rosinski233@wp.pl',1,'2022-04-05 21:58:22',1,NULL,'English 10',NULL,NULL,NULL,NULL,'','',NULL,NULL,NULL,NULL,NULL,NULL,NULL,NULL,NULL,NULL,NULL,NULL),(474,'genouscrync rhbcnbymzcryncIZ','ivansidorov5476@gmail.com',1,'2022-04-07 17:49:52',1,NULL,'English 10',NULL,NULL,NULL,NULL,'','',NULL,NULL,NULL,NULL,NULL,NULL,NULL,NULL,NULL,NULL,NULL,NULL),(475,'cntfcrync stepakhcryncIZ','grohot1917@gmail.com',1,'2022-04-10 10:45:27',1,NULL,'English 10',NULL,NULL,NULL,NULL,'','',NULL,NULL,NULL,NULL,NULL,NULL,NULL,NULL,NULL,NULL,NULL,NULL),(476,'angelinedi69 angelinedi69','jessie@hideo3710.haruki77.inwebmail.fun',1,'2022-04-10 13:18:59',1,NULL,'English 10',NULL,NULL,NULL,NULL,'','',NULL,NULL,NULL,NULL,NULL,NULL,NULL,NULL,NULL,NULL,NULL,NULL),(477,'JamieGic JamieGicJF','temptest832121011@gmail.com',1,'2022-04-11 17:21:18',1,NULL,'English 10',NULL,NULL,NULL,NULL,'','',NULL,NULL,NULL,NULL,NULL,NULL,NULL,NULL,NULL,NULL,NULL,NULL),(478,'stacyde4 stacyde4','wallace@shiro6110.atsushi35.meta1.in.net',1,'2022-04-12 01:29:16',1,NULL,'English 10',NULL,NULL,NULL,NULL,'','',NULL,NULL,NULL,NULL,NULL,NULL,NULL,NULL,NULL,NULL,NULL,NULL),(479,'jackllKink andyKinkCT','andyworllanderseeweeks579322@gmail.com',1,'2022-04-12 19:30:42',1,NULL,'English 10',NULL,NULL,NULL,NULL,'','',NULL,NULL,NULL,NULL,NULL,NULL,NULL,NULL,NULL,NULL,NULL,NULL),(480,'fieldscrync BeaborcryncIZ','llizedacren1988@gmail.com',1,'2022-04-13 11:30:41',1,NULL,'English 10',NULL,NULL,NULL,NULL,'','',NULL,NULL,NULL,NULL,NULL,NULL,NULL,NULL,NULL,NULL,NULL,NULL),(481,'FrankiepienT FrankiepienTKQ','mariusz.rosa2022@wp.pl',1,'2022-04-15 20:45:02',1,NULL,'English 10',NULL,NULL,NULL,NULL,'','',NULL,NULL,NULL,NULL,NULL,NULL,NULL,NULL,NULL,NULL,NULL,NULL),(482,'Danilcrync vbiekzcryncIZ','adantranterg1970@gmail.com',1,'2022-04-16 06:51:50',1,NULL,'English 10',NULL,NULL,NULL,NULL,'','',NULL,NULL,NULL,NULL,NULL,NULL,NULL,NULL,NULL,NULL,NULL,NULL),(483,'rjhfcrync afrosinyacryncIZ','pimortima1974@gmail.com',1,'2022-04-19 07:40:52',1,NULL,'English 10',NULL,NULL,NULL,NULL,'','',NULL,NULL,NULL,NULL,NULL,NULL,NULL,NULL,NULL,NULL,NULL,NULL),(484,'Nik Gul','drumbaram@mail.ru',1,'2022-04-22 08:22:47',1,NULL,'English',NULL,NULL,NULL,NULL,'','',NULL,NULL,NULL,NULL,NULL,NULL,NULL,NULL,NULL,NULL,NULL,NULL),(485,'vbfqkfcrync HarnarcryncIZ','vesmehyra1983@gmail.com',1,'2022-04-23 00:51:04',1,NULL,'English 10',NULL,NULL,NULL,NULL,'','',NULL,NULL,NULL,NULL,NULL,NULL,NULL,NULL,NULL,NULL,NULL,NULL),(486,'lizushacrync rbhyzcryncIZ','phosonddarilire@gmail.com',1,'2022-04-25 18:05:38',1,NULL,'English 10',NULL,NULL,NULL,NULL,'','',NULL,NULL,NULL,NULL,NULL,NULL,NULL,NULL,NULL,NULL,NULL,NULL),(487,'claudineyu18 claudineyu18','nancy@hideo1710.haru27.meta1.in.net',1,'2022-04-26 05:53:19',1,NULL,'English 10',NULL,NULL,NULL,NULL,'','',NULL,NULL,NULL,NULL,NULL,NULL,NULL,NULL,NULL,NULL,NULL,NULL),(488,'charlenepf3 charlenepf3','etta@takumi4810.naoki61.meta1.in.net',1,'2022-04-27 14:36:31',1,NULL,'English 10',NULL,NULL,NULL,NULL,'','',NULL,NULL,NULL,NULL,NULL,NULL,NULL,NULL,NULL,NULL,NULL,NULL),(489,'Samuelscurf SamuelscurfLC','damian.sobor922@wp.pl',1,'2022-04-28 15:59:55',1,NULL,'English 10',NULL,NULL,NULL,NULL,'','',NULL,NULL,NULL,NULL,NULL,NULL,NULL,NULL,NULL,NULL,NULL,NULL),(490,'bjybxyfcrync gotocryncIZ','kenlelediclpenc@gmail.com',1,'2022-04-28 16:13:00',1,NULL,'English 10',NULL,NULL,NULL,NULL,'','',NULL,NULL,NULL,NULL,NULL,NULL,NULL,NULL,NULL,NULL,NULL,NULL),(491,'alinkacrync AsyasyacryncIZ','prdssmardadelet@gmail.com',1,'2022-05-01 09:23:00',1,NULL,'English 10',NULL,NULL,NULL,NULL,'','',NULL,NULL,NULL,NULL,NULL,NULL,NULL,NULL,NULL,NULL,NULL,NULL),(492,'gtnhzyzcrync dbnfczcryncIZ','alexsmarth245@gmail.com',1,'2022-05-04 01:17:48',1,NULL,'English 10',NULL,NULL,NULL,NULL,'','',NULL,NULL,NULL,NULL,NULL,NULL,NULL,NULL,NULL,NULL,NULL,NULL),(493,'Ledacolor GmbH','christina.krautgartner@ledacolor.com',1,'2022-05-06 09:33:28',1,NULL,'English 10',NULL,NULL,NULL,NULL,'Grazer Straße 21 Mariazell Steiermark 8630','Grazer Straße 21 Mariazell Steiermark 8630','Ledacolor','GmbH','06764324553','8630','AT','Steiermark',100,'Grazer Straße 21','Mariazell',NULL,NULL,'Ledacolor GmbH'),(494,'rjycnfynbyrfcrync IdacryncIZ','alexhunt4422@gmail.com',1,'2022-05-06 18:14:34',1,NULL,'English 10',NULL,NULL,NULL,NULL,'','',NULL,NULL,NULL,NULL,NULL,NULL,NULL,NULL,NULL,NULL,NULL,NULL),(495,'JamesJeoms JamesJeomsCQ','support@fire-flower.ru',1,'2022-05-08 14:06:09',1,NULL,'English 10',NULL,NULL,NULL,NULL,'','',NULL,NULL,NULL,NULL,NULL,NULL,NULL,NULL,NULL,NULL,NULL,NULL),(496,'dmitrich dtybfvbyVY','ririnfauzah7644@gmail.com',1,'2022-05-10 00:02:47',1,NULL,'English 10',NULL,NULL,NULL,NULL,'','',NULL,NULL,NULL,NULL,NULL,NULL,NULL,NULL,NULL,NULL,NULL,NULL),(497,'Priyank Makwana','priyankmakwana@gmail.com',1,'2022-05-10 16:58:36',1,NULL,'English',NULL,NULL,NULL,NULL,'','',NULL,NULL,NULL,NULL,NULL,NULL,NULL,NULL,NULL,NULL,NULL,NULL),(498,'Vasyaowesk VasyaoweskCN','contabo_mer@outlook.com',1,'2022-05-12 09:34:03',1,NULL,'English 10',NULL,NULL,NULL,NULL,'','',NULL,NULL,NULL,NULL,NULL,NULL,NULL,NULL,NULL,NULL,NULL,NULL),(499,'BeelineRow BeelineRowQE','topsite-1@yandex.ru',1,'2022-05-12 10:05:36',1,NULL,'English 10',NULL,NULL,NULL,NULL,'','',NULL,NULL,NULL,NULL,NULL,NULL,NULL,NULL,NULL,NULL,NULL,NULL),(500,'mikola moonVY','prossubrx@gmail.com',1,'2022-05-13 16:48:28',1,NULL,'English 10',NULL,NULL,NULL,NULL,'','',NULL,NULL,NULL,NULL,NULL,NULL,NULL,NULL,NULL,NULL,NULL,NULL),(501,'ljyzf MaidaVY','pationserg@gmail.com',1,'2022-05-16 10:50:08',1,NULL,'English 10',NULL,NULL,NULL,NULL,'','',NULL,NULL,NULL,NULL,NULL,NULL,NULL,NULL,NULL,NULL,NULL,NULL),(502,'Gariowesk GarioweskJC','ukraine774677@outlook.com',1,'2022-05-17 17:47:59',1,NULL,'English 10',NULL,NULL,NULL,NULL,'','',NULL,NULL,NULL,NULL,NULL,NULL,NULL,NULL,NULL,NULL,NULL,NULL),(503,'jrcfyf KayekedVY','witrathqr@gmail.com',1,'2022-05-18 21:03:28',1,NULL,'English 10',NULL,NULL,NULL,NULL,'','',NULL,NULL,NULL,NULL,NULL,NULL,NULL,NULL,NULL,NULL,NULL,NULL);

--
-- Table structure for table `customer_group`
--

CREATE TABLE `customer_group` (
  `customer_group_id` int(10) unsigned NOT NULL AUTO_INCREMENT,
  `customer_group_code` varchar(32) NOT NULL COMMENT 'Customer Group Code',
  `tax_class_id` int(10) unsigned NOT NULL DEFAULT '0' COMMENT 'Tax Class ID',
  PRIMARY KEY (`customer_group_id`)
) ENGINE=InnoDB AUTO_INCREMENT=4 DEFAULT CHARSET=utf8 COMMENT='Customer Group';

--
-- Dumping data for table `customer_group`
--

INSERT INTO `customer_group` VALUES (0,'NOT LOGGED IN',3),(1,'General',3),(2,'Wholesale',3),(3,'Retailer',3);

--
-- Table structure for table `customer_group_excluded_website`
--

CREATE TABLE `customer_group_excluded_website` (
  `entity_id` int(10) unsigned NOT NULL AUTO_INCREMENT,
  `customer_group_id` int(10) unsigned NOT NULL COMMENT 'Customer Group ID',
  `website_id` smallint(5) unsigned NOT NULL COMMENT 'Excluded Website ID from Customer Group',
  PRIMARY KEY (`entity_id`),
  KEY `CUSTOMER_GROUP_EXCLUDED_WEBSITE_CUSTOMER_GROUP_ID_WEBSITE_ID` (`customer_group_id`,`website_id`)
) ENGINE=InnoDB DEFAULT CHARSET=utf8 COMMENT='Excluded Websites From Customer Group';

--
-- Dumping data for table `customer_group_excluded_website`
--


--
-- Table structure for table `customer_log`
--

CREATE TABLE `customer_log` (
  `log_id` int(11) NOT NULL AUTO_INCREMENT COMMENT 'Log ID',
  `customer_id` int(11) NOT NULL COMMENT 'Customer ID',
  `last_login_at` timestamp NULL DEFAULT NULL COMMENT 'Last Login Time',
  `last_logout_at` timestamp NULL DEFAULT NULL COMMENT 'Last Logout Time',
  PRIMARY KEY (`log_id`),
  UNIQUE KEY `CUSTOMER_LOG_CUSTOMER_ID` (`customer_id`)
) ENGINE=InnoDB DEFAULT CHARSET=utf8 COMMENT='Customer Log Table';

--
-- Dumping data for table `customer_log`
--


--
-- Table structure for table `customer_visitor`
--

CREATE TABLE `customer_visitor` (
  `visitor_id` bigint(20) unsigned NOT NULL AUTO_INCREMENT COMMENT 'Visitor ID',
  `customer_id` int(11) DEFAULT NULL COMMENT 'Customer ID',
  `session_id` varchar(64) DEFAULT NULL COMMENT 'Session ID',
  `last_visit_at` timestamp NOT NULL DEFAULT CURRENT_TIMESTAMP ON UPDATE CURRENT_TIMESTAMP COMMENT 'Last Visit Time',
  `created_at` timestamp NOT NULL DEFAULT CURRENT_TIMESTAMP COMMENT 'Created At',
  PRIMARY KEY (`visitor_id`),
  KEY `CUSTOMER_VISITOR_CUSTOMER_ID` (`customer_id`),
  KEY `CUSTOMER_VISITOR_LAST_VISIT_AT` (`last_visit_at`)
) ENGINE=InnoDB DEFAULT CHARSET=utf8 COMMENT='Visitor Table';

--
-- Dumping data for table `customer_visitor`
--


--
-- Table structure for table `design_change`
--

CREATE TABLE `design_change` (
  `design_change_id` int(11) NOT NULL AUTO_INCREMENT COMMENT 'Design Change ID',
  `store_id` smallint(5) unsigned NOT NULL DEFAULT '0' COMMENT 'Store ID',
  `design` varchar(255) DEFAULT NULL COMMENT 'Design',
  `date_from` date DEFAULT NULL COMMENT 'First Date of Design Activity',
  `date_to` date DEFAULT NULL COMMENT 'Last Date of Design Activity',
  PRIMARY KEY (`design_change_id`),
  KEY `DESIGN_CHANGE_STORE_ID` (`store_id`),
  CONSTRAINT `DESIGN_CHANGE_STORE_ID_STORE_STORE_ID` FOREIGN KEY (`store_id`) REFERENCES `store` (`store_id`) ON DELETE CASCADE
) ENGINE=InnoDB DEFAULT CHARSET=utf8 COMMENT='Design Changes';

--
-- Dumping data for table `design_change`
--


--
-- Table structure for table `design_config_grid_flat`
--

CREATE TABLE `design_config_grid_flat` (
  `entity_id` int(10) unsigned NOT NULL COMMENT 'Entity ID',
  `store_website_id` int(11) DEFAULT NULL COMMENT 'Store_website_id',
  `store_group_id` int(11) DEFAULT NULL COMMENT 'Store_group_id',
  `store_id` int(11) DEFAULT NULL COMMENT 'Store_id',
  `theme_theme_id` varchar(255) DEFAULT NULL COMMENT 'Theme_theme_id',
  PRIMARY KEY (`entity_id`),
  KEY `DESIGN_CONFIG_GRID_FLAT_STORE_WEBSITE_ID` (`store_website_id`),
  KEY `DESIGN_CONFIG_GRID_FLAT_STORE_GROUP_ID` (`store_group_id`),
  KEY `DESIGN_CONFIG_GRID_FLAT_STORE_ID` (`store_id`),
  FULLTEXT KEY `DESIGN_CONFIG_GRID_FLAT_THEME_THEME_ID` (`theme_theme_id`)
) ENGINE=InnoDB DEFAULT CHARSET=utf8 COMMENT='design_config_grid_flat';

--
-- Dumping data for table `design_config_grid_flat`
--

INSERT INTO `design_config_grid_flat` VALUES (0,NULL,NULL,NULL,'4'),(1,1,NULL,NULL,'4'),(2,1,1,1,'4'),(3,1,1,2,'4'),(4,1,1,3,'4'),(5,1,1,18,'4'),(6,1,2,4,'5'),(7,1,2,5,'5'),(8,1,2,21,'5'),(9,1,3,6,'6'),(10,1,3,7,'6'),(11,1,3,22,'6'),(12,1,4,8,'7'),(13,1,4,9,'7'),(14,1,4,24,'7'),(15,1,5,10,'8'),(16,1,5,11,'8'),(17,1,5,25,'8'),(18,1,6,12,'9'),(19,1,6,13,'9'),(20,1,6,26,'9'),(21,1,7,14,'10'),(22,1,7,15,'10'),(23,1,7,23,'10'),(24,1,8,16,'11'),(25,1,8,17,'11'),(26,1,8,20,'11'),(27,1,9,27,'4'),(28,1,9,28,'4'),(29,1,9,29,'4'),(30,1,10,30,'13'),(31,1,10,31,'13'),(32,1,11,32,'14'),(33,1,11,33,'14'),(34,1,12,34,'15'),(35,1,12,35,'15'),(36,1,13,36,'17'),(37,1,13,39,'17'),(38,1,14,37,'18'),(39,1,14,40,'18'),(40,1,15,38,'16'),(41,1,15,41,'16');

--
-- Table structure for table `directory_country`
--

CREATE TABLE `directory_country` (
  `country_id` varchar(2) NOT NULL COMMENT 'Country ID in ISO-2',
  `iso2_code` varchar(2) DEFAULT NULL COMMENT 'Country ISO-2 format',
  `iso3_code` varchar(3) DEFAULT NULL COMMENT 'Country ISO-3',
  PRIMARY KEY (`country_id`)
) ENGINE=InnoDB DEFAULT CHARSET=utf8 COMMENT='Directory Country';

--
-- Dumping data for table `directory_country`
--

INSERT INTO `directory_country` VALUES ('AD','AD','AND'),('AE','AE','ARE'),('AF','AF','AFG'),('AG','AG','ATG'),('AI','AI','AIA'),('AL','AL','ALB'),('AM','AM','ARM'),('AN','AN','ANT'),('AO','AO','AGO'),('AQ','AQ','ATA'),('AR','AR','ARG'),('AS','AS','ASM'),('AT','AT','AUT'),('AU','AU','AUS'),('AW','AW','ABW'),('AX','AX','ALA'),('AZ','AZ','AZE'),('BA','BA','BIH'),('BB','BB','BRB'),('BD','BD','BGD'),('BE','BE','BEL'),('BF','BF','BFA'),('BG','BG','BGR'),('BH','BH','BHR'),('BI','BI','BDI'),('BJ','BJ','BEN'),('BL','BL','BLM'),('BM','BM','BMU'),('BN','BN','BRN'),('BO','BO','BOL'),('BQ','BQ','BES'),('BR','BR','BRA'),('BS','BS','BHS'),('BT','BT','BTN'),('BV','BV','BVT'),('BW','BW','BWA'),('BY','BY','BLR'),('BZ','BZ','BLZ'),('CA','CA','CAN'),('CC','CC','CCK'),('CD','CD','COD'),('CF','CF','CAF'),('CG','CG','COG'),('CH','CH','CHE'),('CI','CI','CIV'),('CK','CK','COK'),('CL','CL','CHL'),('CM','CM','CMR'),('CN','CN','CHN'),('CO','CO','COL'),('CR','CR','CRI'),('CU','CU','CUB'),('CV','CV','CPV'),('CW','CW','CUW'),('CX','CX','CXR'),('CY','CY','CYP'),('CZ','CZ','CZE'),('DE','DE','DEU'),('DJ','DJ','DJI'),('DK','DK','DNK'),('DM','DM','DMA'),('DO','DO','DOM'),('DZ','DZ','DZA'),('EC','EC','ECU'),('EE','EE','EST'),('EG','EG','EGY'),('EH','EH','ESH'),('ER','ER','ERI'),('ES','ES','ESP'),('ET','ET','ETH'),('FI','FI','FIN'),('FJ','FJ','FJI'),('FK','FK','FLK'),('FM','FM','FSM'),('FO','FO','FRO'),('FR','FR','FRA'),('GA','GA','GAB'),('GB','GB','GBR'),('GD','GD','GRD'),('GE','GE','GEO'),('GF','GF','GUF'),('GG','GG','GGY'),('GH','GH','GHA'),('GI','GI','GIB'),('GL','GL','GRL'),('GM','GM','GMB'),('GN','GN','GIN'),('GP','GP','GLP'),('GQ','GQ','GNQ'),('GR','GR','GRC'),('GS','GS','SGS'),('GT','GT','GTM'),('GU','GU','GUM'),('GW','GW','GNB'),('GY','GY','GUY'),('HK','HK','HKG'),('HM','HM','HMD'),('HN','HN','HND'),('HR','HR','HRV'),('HT','HT','HTI'),('HU','HU','HUN'),('ID','ID','IDN'),('IE','IE','IRL'),('IL','IL','ISR'),('IM','IM','IMN'),('IN','IN','IND'),('IO','IO','IOT'),('IQ','IQ','IRQ'),('IR','IR','IRN'),('IS','IS','ISL'),('IT','IT','ITA'),('JE','JE','JEY'),('JM','JM','JAM'),('JO','JO','JOR'),('JP','JP','JPN'),('KE','KE','KEN'),('KG','KG','KGZ'),('KH','KH','KHM'),('KI','KI','KIR'),('KM','KM','COM'),('KN','KN','KNA'),('KP','KP','PRK'),('KR','KR','KOR'),('KW','KW','KWT'),('KY','KY','CYM'),('KZ','KZ','KAZ'),('LA','LA','LAO'),('LB','LB','LBN'),('LC','LC','LCA'),('LI','LI','LIE'),('LK','LK','LKA'),('LR','LR','LBR'),('LS','LS','LSO'),('LT','LT','LTU'),('LU','LU','LUX'),('LV','LV','LVA'),('LY','LY','LBY'),('MA','MA','MAR'),('MC','MC','MCO'),('MD','MD','MDA'),('ME','ME','MNE'),('MF','MF','MAF'),('MG','MG','MDG'),('MH','MH','MHL'),('MK','MK','MKD'),('ML','ML','MLI'),('MM','MM','MMR'),('MN','MN','MNG'),('MO','MO','MAC'),('MP','MP','MNP'),('MQ','MQ','MTQ'),('MR','MR','MRT'),('MS','MS','MSR'),('MT','MT','MLT'),('MU','MU','MUS'),('MV','MV','MDV'),('MW','MW','MWI'),('MX','MX','MEX'),('MY','MY','MYS'),('MZ','MZ','MOZ'),('NA','NA','NAM'),('NC','NC','NCL'),('NE','NE','NER'),('NF','NF','NFK'),('NG','NG','NGA'),('NI','NI','NIC'),('NL','NL','NLD'),('NO','NO','NOR'),('NP','NP','NPL'),('NR','NR','NRU'),('NU','NU','NIU'),('NZ','NZ','NZL'),('OM','OM','OMN'),('PA','PA','PAN'),('PE','PE','PER'),('PF','PF','PYF'),('PG','PG','PNG'),('PH','PH','PHL'),('PK','PK','PAK'),('PL','PL','POL'),('PM','PM','SPM'),('PN','PN','PCN'),('PS','PS','PSE'),('PT','PT','PRT'),('PW','PW','PLW'),('PY','PY','PRY'),('QA','QA','QAT'),('RE','RE','REU'),('RO','RO','ROU'),('RS','RS','SRB'),('RU','RU','RUS'),('RW','RW','RWA'),('SA','SA','SAU'),('SB','SB','SLB'),('SC','SC','SYC'),('SD','SD','SDN'),('SE','SE','SWE'),('SG','SG','SGP'),('SH','SH','SHN'),('SI','SI','SVN'),('SJ','SJ','SJM'),('SK','SK','SVK'),('SL','SL','SLE'),('SM','SM','SMR'),('SN','SN','SEN'),('SO','SO','SOM'),('SR','SR','SUR'),('ST','ST','STP'),('SV','SV','SLV'),('SX','SX','SXM'),('SY','SY','SYR'),('SZ','SZ','SWZ'),('TC','TC','TCA'),('TD','TD','TCD'),('TF','TF','ATF'),('TG','TG','TGO'),('TH','TH','THA'),('TJ','TJ','TJK'),('TK','TK','TKL'),('TL','TL','TLS'),('TM','TM','TKM'),('TN','TN','TUN'),('TO','TO','TON'),('TR','TR','TUR'),('TT','TT','TTO'),('TV','TV','TUV'),('TW','TW','TWN'),('TZ','TZ','TZA'),('UA','UA','UKR'),('UG','UG','UGA'),('UM','UM','UMI'),('US','US','USA'),('UY','UY','URY'),('UZ','UZ','UZB'),('VA','VA','VAT'),('VC','VC','VCT'),('VE','VE','VEN'),('VG','VG','VGB'),('VI','VI','VIR'),('VN','VN','VNM'),('VU','VU','VUT'),('WF','WF','WLF'),('WS','WS','WSM'),('XK','XK','XKX'),('YE','YE','YEM'),('YT','YT','MYT'),('ZA','ZA','ZAF'),('ZM','ZM','ZMB'),('ZW','ZW','ZWE');

--
-- Table structure for table `directory_country_format`
--

CREATE TABLE `directory_country_format` (
  `country_format_id` int(10) unsigned NOT NULL AUTO_INCREMENT COMMENT 'Country Format ID',
  `country_id` varchar(2) DEFAULT NULL COMMENT 'Country ID in ISO-2',
  `type` varchar(30) DEFAULT NULL COMMENT 'Country Format Type',
  `format` text NOT NULL COMMENT 'Country Format',
  PRIMARY KEY (`country_format_id`),
  UNIQUE KEY `DIRECTORY_COUNTRY_FORMAT_COUNTRY_ID_TYPE` (`country_id`,`type`)
) ENGINE=InnoDB DEFAULT CHARSET=utf8 COMMENT='Directory Country Format';

--
-- Dumping data for table `directory_country_format`
--


--
-- Table structure for table `directory_country_region`
--

CREATE TABLE `directory_country_region` (
  `region_id` int(10) unsigned NOT NULL AUTO_INCREMENT COMMENT 'Region ID',
  `country_id` varchar(4) NOT NULL DEFAULT '0' COMMENT 'Country ID in ISO-2',
  `code` varchar(32) DEFAULT NULL COMMENT 'Region code',
  `default_name` varchar(255) DEFAULT NULL COMMENT 'Region Name',
  PRIMARY KEY (`region_id`),
  KEY `DIRECTORY_COUNTRY_REGION_COUNTRY_ID` (`country_id`)
) ENGINE=InnoDB AUTO_INCREMENT=1108 DEFAULT CHARSET=utf8 COMMENT='Directory Country Region';

--
-- Dumping data for table `directory_country_region`
--

INSERT INTO `directory_country_region` VALUES (1,'US','AL','Alabama'),(2,'US','AK','Alaska'),(3,'US','AS','American Samoa'),(4,'US','AZ','Arizona'),(5,'US','AR','Arkansas'),(6,'US','AE','Armed Forces Africa'),(7,'US','AA','Armed Forces Americas'),(8,'US','AE','Armed Forces Canada'),(9,'US','AE','Armed Forces Europe'),(10,'US','AE','Armed Forces Middle East'),(11,'US','AP','Armed Forces Pacific'),(12,'US','CA','California'),(13,'US','CO','Colorado'),(14,'US','CT','Connecticut'),(15,'US','DE','Delaware'),(16,'US','DC','District of Columbia'),(17,'US','FM','Federated States Of Micronesia'),(18,'US','FL','Florida'),(19,'US','GA','Georgia'),(20,'US','GU','Guam'),(21,'US','HI','Hawaii'),(22,'US','ID','Idaho'),(23,'US','IL','Illinois'),(24,'US','IN','Indiana'),(25,'US','IA','Iowa'),(26,'US','KS','Kansas'),(27,'US','KY','Kentucky'),(28,'US','LA','Louisiana'),(29,'US','ME','Maine'),(30,'US','MH','Marshall Islands'),(31,'US','MD','Maryland'),(32,'US','MA','Massachusetts'),(33,'US','MI','Michigan'),(34,'US','MN','Minnesota'),(35,'US','MS','Mississippi'),(36,'US','MO','Missouri'),(37,'US','MT','Montana'),(38,'US','NE','Nebraska'),(39,'US','NV','Nevada'),(40,'US','NH','New Hampshire'),(41,'US','NJ','New Jersey'),(42,'US','NM','New Mexico'),(43,'US','NY','New York'),(44,'US','NC','North Carolina'),(45,'US','ND','North Dakota'),(46,'US','MP','Northern Mariana Islands'),(47,'US','OH','Ohio'),(48,'US','OK','Oklahoma'),(49,'US','OR','Oregon'),(50,'US','PW','Palau'),(51,'US','PA','Pennsylvania'),(52,'US','PR','Puerto Rico'),(53,'US','RI','Rhode Island'),(54,'US','SC','South Carolina'),(55,'US','SD','South Dakota'),(56,'US','TN','Tennessee'),(57,'US','TX','Texas'),(58,'US','UT','Utah'),(59,'US','VT','Vermont'),(60,'US','VI','Virgin Islands'),(61,'US','VA','Virginia'),(62,'US','WA','Washington'),(63,'US','WV','West Virginia'),(64,'US','WI','Wisconsin'),(65,'US','WY','Wyoming'),(66,'CA','AB','Alberta'),(67,'CA','BC','British Columbia'),(68,'CA','MB','Manitoba'),(69,'CA','NL','Newfoundland and Labrador'),(70,'CA','NB','New Brunswick'),(71,'CA','NS','Nova Scotia'),(72,'CA','NT','Northwest Territories'),(73,'CA','NU','Nunavut'),(74,'CA','ON','Ontario'),(75,'CA','PE','Prince Edward Island'),(76,'CA','QC','Quebec'),(77,'CA','SK','Saskatchewan'),(78,'CA','YT','Yukon Territory'),(79,'DE','NDS','Niedersachsen'),(80,'DE','BAW','Baden-Württemberg'),(81,'DE','BAY','Bayern'),(82,'DE','BER','Berlin'),(83,'DE','BRG','Brandenburg'),(84,'DE','BRE','Bremen'),(85,'DE','HAM','Hamburg'),(86,'DE','HES','Hessen'),(87,'DE','MEC','Mecklenburg-Vorpommern'),(88,'DE','NRW','Nordrhein-Westfalen'),(89,'DE','RHE','Rheinland-Pfalz'),(90,'DE','SAR','Saarland'),(91,'DE','SAS','Sachsen'),(92,'DE','SAC','Sachsen-Anhalt'),(93,'DE','SCN','Schleswig-Holstein'),(94,'DE','THE','Thüringen'),(95,'AT','WI','Wien'),(96,'AT','NO','Niederösterreich'),(97,'AT','OO','Oberösterreich'),(98,'AT','SB','Salzburg'),(99,'AT','KN','Kärnten'),(100,'AT','ST','Steiermark'),(101,'AT','TI','Tirol'),(102,'AT','BL','Burgenland'),(103,'AT','VB','Vorarlberg'),(104,'CH','AG','Aargau'),(105,'CH','AI','Appenzell Innerrhoden'),(106,'CH','AR','Appenzell Ausserrhoden'),(107,'CH','BE','Bern'),(108,'CH','BL','Basel-Landschaft'),(109,'CH','BS','Basel-Stadt'),(110,'CH','FR','Friburg'),(111,'CH','GE','Geneva'),(112,'CH','GL','Glarus'),(113,'CH','GR','Graubünden'),(114,'CH','JU','Jura'),(115,'CH','LU','Lucerne'),(116,'CH','NE','Neuchâtel'),(117,'CH','NW','Nidwalden'),(118,'CH','OW','Obwalden'),(119,'CH','SG','St. Gallen'),(120,'CH','SH','Schaffhausen'),(121,'CH','SO','Solothurn'),(122,'CH','SZ','Schwyz'),(123,'CH','TG','Thurgau'),(124,'CH','TI','Ticino'),(125,'CH','UR','Uri'),(126,'CH','VD','Vaud'),(127,'CH','VS','Wallis'),(128,'CH','ZG','Zug'),(129,'CH','ZH','Zürich'),(130,'ES','A Coruсa','A Coruña'),(131,'ES','Alava','Alava'),(132,'ES','Albacete','Albacete'),(133,'ES','Alicante','Alicante'),(134,'ES','Almeria','Almeria'),(135,'ES','Asturias','Asturias'),(136,'ES','Avila','Avila'),(137,'ES','Badajoz','Badajoz'),(138,'ES','Baleares','Baleares'),(139,'ES','Barcelona','Barcelona'),(140,'ES','Burgos','Burgos'),(141,'ES','Caceres','Caceres'),(142,'ES','Cadiz','Cadiz'),(143,'ES','Cantabria','Cantabria'),(144,'ES','Castellon','Castellon'),(145,'ES','Ceuta','Ceuta'),(146,'ES','Ciudad Real','Ciudad Real'),(147,'ES','Cordoba','Cordoba'),(148,'ES','Cuenca','Cuenca'),(149,'ES','Girona','Girona'),(150,'ES','Granada','Granada'),(151,'ES','Guadalajara','Guadalajara'),(152,'ES','Guipuzcoa','Guipuzcoa'),(153,'ES','Huelva','Huelva'),(154,'ES','Huesca','Huesca'),(155,'ES','Jaen','Jaen'),(156,'ES','La Rioja','La Rioja'),(157,'ES','Las Palmas','Las Palmas'),(158,'ES','Leon','Leon'),(159,'ES','Lleida','Lleida'),(160,'ES','Lugo','Lugo'),(161,'ES','Madrid','Madrid'),(162,'ES','Malaga','Malaga'),(163,'ES','Melilla','Melilla'),(164,'ES','Murcia','Murcia'),(165,'ES','Navarra','Navarra'),(166,'ES','Ourense','Ourense'),(167,'ES','Palencia','Palencia'),(168,'ES','Pontevedra','Pontevedra'),(169,'ES','Salamanca','Salamanca'),(170,'ES','Santa Cruz de Tenerife','Santa Cruz de Tenerife'),(171,'ES','Segovia','Segovia'),(172,'ES','Sevilla','Sevilla'),(173,'ES','Soria','Soria'),(174,'ES','Tarragona','Tarragona'),(175,'ES','Teruel','Teruel'),(176,'ES','Toledo','Toledo'),(177,'ES','Valencia','Valencia'),(178,'ES','Valladolid','Valladolid'),(179,'ES','Vizcaya','Vizcaya'),(180,'ES','Zamora','Zamora'),(181,'ES','Zaragoza','Zaragoza'),(182,'FR','1','Ain'),(183,'FR','2','Aisne'),(184,'FR','3','Allier'),(185,'FR','4','Alpes-de-Haute-Provence'),(186,'FR','5','Hautes-Alpes'),(187,'FR','6','Alpes-Maritimes'),(188,'FR','7','Ardèche'),(189,'FR','8','Ardennes'),(190,'FR','9','Ariège'),(191,'FR','10','Aube'),(192,'FR','11','Aude'),(193,'FR','12','Aveyron'),(194,'FR','13','Bouches-du-Rhône'),(195,'FR','14','Calvados'),(196,'FR','15','Cantal'),(197,'FR','16','Charente'),(198,'FR','17','Charente-Maritime'),(199,'FR','18','Cher'),(200,'FR','19','Corrèze'),(201,'FR','2A','Corse-du-Sud'),(202,'FR','2B','Haute-Corse'),(203,'FR','21','Côte-d\'Or'),(204,'FR','22','Côtes-d\'Armor'),(205,'FR','23','Creuse'),(206,'FR','24','Dordogne'),(207,'FR','25','Doubs'),(208,'FR','26','Drôme'),(209,'FR','27','Eure'),(210,'FR','28','Eure-et-Loir'),(211,'FR','29','Finistère'),(212,'FR','30','Gard'),(213,'FR','31','Haute-Garonne'),(214,'FR','32','Gers'),(215,'FR','33','Gironde'),(216,'FR','34','Hérault'),(217,'FR','35','Ille-et-Vilaine'),(218,'FR','36','Indre'),(219,'FR','37','Indre-et-Loire'),(220,'FR','38','Isère'),(221,'FR','39','Jura'),(222,'FR','40','Landes'),(223,'FR','41','Loir-et-Cher'),(224,'FR','42','Loire'),(225,'FR','43','Haute-Loire'),(226,'FR','44','Loire-Atlantique'),(227,'FR','45','Loiret'),(228,'FR','46','Lot'),(229,'FR','47','Lot-et-Garonne'),(230,'FR','48','Lozère'),(231,'FR','49','Maine-et-Loire'),(232,'FR','50','Manche'),(233,'FR','51','Marne'),(234,'FR','52','Haute-Marne'),(235,'FR','53','Mayenne'),(236,'FR','54','Meurthe-et-Moselle'),(237,'FR','55','Meuse'),(238,'FR','56','Morbihan'),(239,'FR','57','Moselle'),(240,'FR','58','Nièvre'),(241,'FR','59','Nord'),(242,'FR','60','Oise'),(243,'FR','61','Orne'),(244,'FR','62','Pas-de-Calais'),(245,'FR','63','Puy-de-Dôme'),(246,'FR','64','Pyrénées-Atlantiques'),(247,'FR','65','Hautes-Pyrénées'),(248,'FR','66','Pyrénées-Orientales'),(249,'FR','67','Bas-Rhin'),(250,'FR','68','Haut-Rhin'),(251,'FR','69','Rhône'),(252,'FR','70','Haute-Saône'),(253,'FR','71','Saône-et-Loire'),(254,'FR','72','Sarthe'),(255,'FR','73','Savoie'),(256,'FR','74','Haute-Savoie'),(257,'FR','75','Paris'),(258,'FR','76','Seine-Maritime'),(259,'FR','77','Seine-et-Marne'),(260,'FR','78','Yvelines'),(261,'FR','79','Deux-Sèvres'),(262,'FR','80','Somme'),(263,'FR','81','Tarn'),(264,'FR','82','Tarn-et-Garonne'),(265,'FR','83','Var'),(266,'FR','84','Vaucluse'),(267,'FR','85','Vendée'),(268,'FR','86','Vienne'),(269,'FR','87','Haute-Vienne'),(270,'FR','88','Vosges'),(271,'FR','89','Yonne'),(272,'FR','90','Territoire-de-Belfort'),(273,'FR','91','Essonne'),(274,'FR','92','Hauts-de-Seine'),(275,'FR','93','Seine-Saint-Denis'),(276,'FR','94','Val-de-Marne'),(277,'FR','95','Val-d\'Oise'),(278,'RO','AB','Alba'),(279,'RO','AR','Arad'),(280,'RO','AG','Argeş'),(281,'RO','BC','Bacău'),(282,'RO','BH','Bihor'),(283,'RO','BN','Bistriţa-Năsăud'),(284,'RO','BT','Botoşani'),(285,'RO','BV','Braşov'),(286,'RO','BR','Brăila'),(287,'RO','B','Bucureşti'),(288,'RO','BZ','Buzău'),(289,'RO','CS','Caraş-Severin'),(290,'RO','CL','Călăraşi'),(291,'RO','CJ','Cluj'),(292,'RO','CT','Constanţa'),(293,'RO','CV','Covasna'),(294,'RO','DB','Dâmboviţa'),(295,'RO','DJ','Dolj'),(296,'RO','GL','Galaţi'),(297,'RO','GR','Giurgiu'),(298,'RO','GJ','Gorj'),(299,'RO','HR','Harghita'),(300,'RO','HD','Hunedoara'),(301,'RO','IL','Ialomiţa'),(302,'RO','IS','Iaşi'),(303,'RO','IF','Ilfov'),(304,'RO','MM','Maramureş'),(305,'RO','MH','Mehedinţi'),(306,'RO','MS','Mureş'),(307,'RO','NT','Neamţ'),(308,'RO','OT','Olt'),(309,'RO','PH','Prahova'),(310,'RO','SM','Satu-Mare'),(311,'RO','SJ','Sălaj'),(312,'RO','SB','Sibiu'),(313,'RO','SV','Suceava'),(314,'RO','TR','Teleorman'),(315,'RO','TM','Timiş'),(316,'RO','TL','Tulcea'),(317,'RO','VS','Vaslui'),(318,'RO','VL','Vâlcea'),(319,'RO','VN','Vrancea'),(320,'FI','Lappi','Lappi'),(321,'FI','Pohjois-Pohjanmaa','Pohjois-Pohjanmaa'),(322,'FI','Kainuu','Kainuu'),(323,'FI','Pohjois-Karjala','Pohjois-Karjala'),(324,'FI','Pohjois-Savo','Pohjois-Savo'),(325,'FI','Etelä-Savo','Etelä-Savo'),(326,'FI','Etelä-Pohjanmaa','Etelä-Pohjanmaa'),(327,'FI','Pohjanmaa','Pohjanmaa'),(328,'FI','Pirkanmaa','Pirkanmaa'),(329,'FI','Satakunta','Satakunta'),(330,'FI','Keski-Pohjanmaa','Keski-Pohjanmaa'),(331,'FI','Keski-Suomi','Keski-Suomi'),(332,'FI','Varsinais-Suomi','Varsinais-Suomi'),(333,'FI','Etelä-Karjala','Etelä-Karjala'),(334,'FI','Päijät-Häme','Päijät-Häme'),(335,'FI','Kanta-Häme','Kanta-Häme'),(336,'FI','Uusimaa','Uusimaa'),(337,'FI','Itä-Uusimaa','Itä-Uusimaa'),(338,'FI','Kymenlaakso','Kymenlaakso'),(339,'FI','Ahvenanmaa','Ahvenanmaa'),(340,'EE','EE-37','Harjumaa'),(341,'EE','EE-39','Hiiumaa'),(342,'EE','EE-44','Ida-Virumaa'),(343,'EE','EE-49','Jõgevamaa'),(344,'EE','EE-51','Järvamaa'),(345,'EE','EE-57','Läänemaa'),(346,'EE','EE-59','Lääne-Virumaa'),(347,'EE','EE-65','Põlvamaa'),(348,'EE','EE-67','Pärnumaa'),(349,'EE','EE-70','Raplamaa'),(350,'EE','EE-74','Saaremaa'),(351,'EE','EE-78','Tartumaa'),(352,'EE','EE-82','Valgamaa'),(353,'EE','EE-84','Viljandimaa'),(354,'EE','EE-86','Võrumaa'),(355,'LV','LV-DGV','Daugavpils'),(356,'LV','LV-JEL','Jelgava'),(357,'LV','Jēkabpils','Jēkabpils'),(358,'LV','LV-JUR','Jūrmala'),(359,'LV','LV-LPX','Liepāja'),(360,'LV','LV-LE','Liepājas novads'),(361,'LV','LV-REZ','Rēzekne'),(362,'LV','LV-RIX','Rīga'),(363,'LV','LV-RI','Rīgas novads'),(364,'LV','Valmiera','Valmiera'),(365,'LV','LV-VEN','Ventspils'),(366,'LV','Aglonas novads','Aglonas novads'),(367,'LV','LV-AI','Aizkraukles novads'),(368,'LV','Aizputes novads','Aizputes novads'),(369,'LV','Aknīstes novads','Aknīstes novads'),(370,'LV','Alojas novads','Alojas novads'),(371,'LV','Alsungas novads','Alsungas novads'),(372,'LV','LV-AL','Alūksnes novads'),(373,'LV','Amatas novads','Amatas novads'),(374,'LV','Apes novads','Apes novads'),(375,'LV','Auces novads','Auces novads'),(376,'LV','Babītes novads','Babītes novads'),(377,'LV','Baldones novads','Baldones novads'),(378,'LV','Baltinavas novads','Baltinavas novads'),(379,'LV','LV-BL','Balvu novads'),(380,'LV','LV-BU','Bauskas novads'),(381,'LV','Beverīnas novads','Beverīnas novads'),(382,'LV','Brocēnu novads','Brocēnu novads'),(383,'LV','Burtnieku novads','Burtnieku novads'),(384,'LV','Carnikavas novads','Carnikavas novads'),(385,'LV','Cesvaines novads','Cesvaines novads'),(386,'LV','Ciblas novads','Ciblas novads'),(387,'LV','LV-CE','Cēsu novads'),(388,'LV','Dagdas novads','Dagdas novads'),(389,'LV','LV-DA','Daugavpils novads'),(390,'LV','LV-DO','Dobeles novads'),(391,'LV','Dundagas novads','Dundagas novads'),(392,'LV','Durbes novads','Durbes novads'),(393,'LV','Engures novads','Engures novads'),(394,'LV','Garkalnes novads','Garkalnes novads'),(395,'LV','Grobiņas novads','Grobiņas novads'),(396,'LV','LV-GU','Gulbenes novads'),(397,'LV','Iecavas novads','Iecavas novads'),(398,'LV','Ikšķiles novads','Ikšķiles novads'),(399,'LV','Ilūkstes novads','Ilūkstes novads'),(400,'LV','Inčukalna novads','Inčukalna novads'),(401,'LV','Jaunjelgavas novads','Jaunjelgavas novads'),(402,'LV','Jaunpiebalgas novads','Jaunpiebalgas novads'),(403,'LV','Jaunpils novads','Jaunpils novads'),(404,'LV','LV-JL','Jelgavas novads'),(405,'LV','LV-JK','Jēkabpils novads'),(406,'LV','Kandavas novads','Kandavas novads'),(407,'LV','Kokneses novads','Kokneses novads'),(408,'LV','Krimuldas novads','Krimuldas novads'),(409,'LV','Krustpils novads','Krustpils novads'),(410,'LV','LV-KR','Krāslavas novads'),(411,'LV','LV-KU','Kuldīgas novads'),(412,'LV','Kārsavas novads','Kārsavas novads'),(413,'LV','Lielvārdes novads','Lielvārdes novads'),(414,'LV','LV-LM','Limbažu novads'),(415,'LV','Lubānas novads','Lubānas novads'),(416,'LV','LV-LU','Ludzas novads'),(417,'LV','Līgatnes novads','Līgatnes novads'),(418,'LV','Līvānu novads','Līvānu novads'),(419,'LV','LV-MA','Madonas novads'),(420,'LV','Mazsalacas novads','Mazsalacas novads'),(421,'LV','Mālpils novads','Mālpils novads'),(422,'LV','Mārupes novads','Mārupes novads'),(423,'LV','Naukšēnu novads','Naukšēnu novads'),(424,'LV','Neretas novads','Neretas novads'),(425,'LV','Nīcas novads','Nīcas novads'),(426,'LV','LV-OG','Ogres novads'),(427,'LV','Olaines novads','Olaines novads'),(428,'LV','Ozolnieku novads','Ozolnieku novads'),(429,'LV','LV-PR','Preiļu novads'),(430,'LV','Priekules novads','Priekules novads'),(431,'LV','Priekuļu novads','Priekuļu novads'),(432,'LV','Pārgaujas novads','Pārgaujas novads'),(433,'LV','Pāvilostas novads','Pāvilostas novads'),(434,'LV','Pļaviņu novads','Pļaviņu novads'),(435,'LV','Raunas novads','Raunas novads'),(436,'LV','Riebiņu novads','Riebiņu novads'),(437,'LV','Rojas novads','Rojas novads'),(438,'LV','Ropažu novads','Ropažu novads'),(439,'LV','Rucavas novads','Rucavas novads'),(440,'LV','Rugāju novads','Rugāju novads'),(441,'LV','Rundāles novads','Rundāles novads'),(442,'LV','LV-RE','Rēzeknes novads'),(443,'LV','Rūjienas novads','Rūjienas novads'),(444,'LV','Salacgrīvas novads','Salacgrīvas novads'),(445,'LV','Salas novads','Salas novads'),(446,'LV','Salaspils novads','Salaspils novads'),(447,'LV','LV-SA','Saldus novads'),(448,'LV','Saulkrastu novads','Saulkrastu novads'),(449,'LV','Siguldas novads','Siguldas novads'),(450,'LV','Skrundas novads','Skrundas novads'),(451,'LV','Skrīveru novads','Skrīveru novads'),(452,'LV','Smiltenes novads','Smiltenes novads'),(453,'LV','Stopiņu novads','Stopiņu novads'),(454,'LV','Strenču novads','Strenču novads'),(455,'LV','Sējas novads','Sējas novads'),(456,'LV','LV-TA','Talsu novads'),(457,'LV','LV-TU','Tukuma novads'),(458,'LV','Tērvetes novads','Tērvetes novads'),(459,'LV','Vaiņodes novads','Vaiņodes novads'),(460,'LV','LV-VK','Valkas novads'),(461,'LV','LV-VM','Valmieras novads'),(462,'LV','Varakļānu novads','Varakļānu novads'),(463,'LV','Vecpiebalgas novads','Vecpiebalgas novads'),(464,'LV','Vecumnieku novads','Vecumnieku novads'),(465,'LV','LV-VE','Ventspils novads'),(466,'LV','Viesītes novads','Viesītes novads'),(467,'LV','Viļakas novads','Viļakas novads'),(468,'LV','Viļānu novads','Viļānu novads'),(469,'LV','Vārkavas novads','Vārkavas novads'),(470,'LV','Zilupes novads','Zilupes novads'),(471,'LV','Ādažu novads','Ādažu novads'),(472,'LV','Ērgļu novads','Ērgļu novads'),(473,'LV','Ķeguma novads','Ķeguma novads'),(474,'LV','Ķekavas novads','Ķekavas novads'),(475,'LT','LT-AL','Alytaus Apskritis'),(476,'LT','LT-KU','Kauno Apskritis'),(477,'LT','LT-KL','Klaipėdos Apskritis'),(478,'LT','LT-MR','Marijampolės Apskritis'),(479,'LT','LT-PN','Panevėžio Apskritis'),(480,'LT','LT-SA','Šiaulių Apskritis'),(481,'LT','LT-TA','Tauragės Apskritis'),(482,'LT','LT-TE','Telšių Apskritis'),(483,'LT','LT-UT','Utenos Apskritis'),(484,'LT','LT-VL','Vilniaus Apskritis'),(485,'BR','AC','Acre'),(486,'BR','AL','Alagoas'),(487,'BR','AP','Amapá'),(488,'BR','AM','Amazonas'),(489,'BR','BA','Bahia'),(490,'BR','CE','Ceará'),(491,'BR','ES','Espírito Santo'),(492,'BR','GO','Goiás'),(493,'BR','MA','Maranhão'),(494,'BR','MT','Mato Grosso'),(495,'BR','MS','Mato Grosso do Sul'),(496,'BR','MG','Minas Gerais'),(497,'BR','PA','Pará'),(498,'BR','PB','Paraíba'),(499,'BR','PR','Paraná'),(500,'BR','PE','Pernambuco'),(501,'BR','PI','Piauí'),(502,'BR','RJ','Rio de Janeiro'),(503,'BR','RN','Rio Grande do Norte'),(504,'BR','RS','Rio Grande do Sul'),(505,'BR','RO','Rondônia'),(506,'BR','RR','Roraima'),(507,'BR','SC','Santa Catarina'),(508,'BR','SP','São Paulo'),(509,'BR','SE','Sergipe'),(510,'BR','TO','Tocantins'),(511,'BR','DF','Distrito Federal'),(512,'HR','HR-01','Zagrebačka županija'),(513,'HR','HR-02','Krapinsko-zagorska županija'),(514,'HR','HR-03','Sisačko-moslavačka županija'),(515,'HR','HR-04','Karlovačka županija'),(516,'HR','HR-05','Varaždinska županija'),(517,'HR','HR-06','Koprivničko-križevačka županija'),(518,'HR','HR-07','Bjelovarsko-bilogorska županija'),(519,'HR','HR-08','Primorsko-goranska županija'),(520,'HR','HR-09','Ličko-senjska županija'),(521,'HR','HR-10','Virovitičko-podravska županija'),(522,'HR','HR-11','Požeško-slavonska županija'),(523,'HR','HR-12','Brodsko-posavska županija'),(524,'HR','HR-13','Zadarska županija'),(525,'HR','HR-14','Osječko-baranjska županija'),(526,'HR','HR-15','Šibensko-kninska županija'),(527,'HR','HR-16','Vukovarsko-srijemska županija'),(528,'HR','HR-17','Splitsko-dalmatinska županija'),(529,'HR','HR-18','Istarska županija'),(530,'HR','HR-19','Dubrovačko-neretvanska županija'),(531,'HR','HR-20','Međimurska županija'),(532,'HR','HR-21','Grad Zagreb'),(533,'IN','AN','Andaman and Nicobar Islands'),(534,'IN','AP','Andhra Pradesh'),(535,'IN','AR','Arunachal Pradesh'),(536,'IN','AS','Assam'),(537,'IN','BR','Bihar'),(538,'IN','CH','Chandigarh'),(539,'IN','CT','Chhattisgarh'),(540,'IN','DN','Dadra and Nagar Haveli'),(541,'IN','DD','Daman and Diu'),(542,'IN','DL','Delhi'),(543,'IN','GA','Goa'),(544,'IN','GJ','Gujarat'),(545,'IN','HR','Haryana'),(546,'IN','HP','Himachal Pradesh'),(547,'IN','JK','Jammu and Kashmir'),(548,'IN','JH','Jharkhand'),(549,'IN','KA','Karnataka'),(550,'IN','KL','Kerala'),(551,'IN','LD','Lakshadweep'),(552,'IN','MP','Madhya Pradesh'),(553,'IN','MH','Maharashtra'),(554,'IN','MN','Manipur'),(555,'IN','ML','Meghalaya'),(556,'IN','MZ','Mizoram'),(557,'IN','NL','Nagaland'),(558,'IN','OR','Odisha'),(559,'IN','PY','Puducherry'),(560,'IN','PB','Punjab'),(561,'IN','RJ','Rajasthan'),(562,'IN','SK','Sikkim'),(563,'IN','TN','Tamil Nadu'),(564,'IN','TG','Telangana'),(565,'IN','TR','Tripura'),(566,'IN','UP','Uttar Pradesh'),(567,'IN','UT','Uttarakhand'),(568,'IN','WB','West Bengal'),(569,'AU','ACT','Australian Capital Territory'),(570,'AU','NSW','New South Wales'),(571,'AU','VIC','Victoria'),(572,'AU','QLD','Queensland'),(573,'AU','SA','South Australia'),(574,'AU','TAS','Tasmania'),(575,'AU','WA','Western Australia'),(576,'AU','NT','Northern Territory'),(577,'MX','AGU','Aguascalientes'),(578,'MX','BCN','Baja California'),(579,'MX','BCS','Baja California Sur'),(580,'MX','CAM','Campeche'),(581,'MX','CHP','Chiapas'),(582,'MX','CHH','Chihuahua'),(583,'MX','CMX','Ciudad de México'),(584,'MX','COA','Coahuila'),(585,'MX','COL','Colima'),(586,'MX','DUR','Durango'),(587,'MX','MEX','Estado de México'),(588,'MX','GUA','Guanajuato'),(589,'MX','GRO','Guerrero'),(590,'MX','HID','Hidalgo'),(591,'MX','JAL','Jalisco'),(592,'MX','MIC','Michoacán'),(593,'MX','MOR','Morelos'),(594,'MX','NAY','Nayarit'),(595,'MX','NLE','Nuevo León'),(596,'MX','OAX','Oaxaca'),(597,'MX','PUE','Puebla'),(598,'MX','QUE','Querétaro'),(599,'MX','ROO','Quintana Roo'),(600,'MX','SLP','San Luis Potosí'),(601,'MX','SIN','Sinaloa'),(602,'MX','SON','Sonora'),(603,'MX','TAB','Tabasco'),(604,'MX','TAM','Tamaulipas'),(605,'MX','TLA','Tlaxcala'),(606,'MX','VER','Veracruz'),(607,'MX','YUC','Yucatán'),(608,'MX','ZAC','Zacatecas'),(609,'BE','VAN','Antwerpen'),(610,'BE','WBR','Brabant wallon'),(611,'BE','BRU','Brussels-Capital Region'),(612,'BE','WHT','Hainaut'),(613,'BE','VLI','Limburg'),(614,'BE','WLG','Liège'),(615,'BE','WLX','Luxembourg'),(616,'BE','WNA','Namur'),(617,'BE','VOV','Oost-Vlaanderen'),(618,'BE','VBR','Vlaams-Brabant'),(619,'BE','VWV','West-Vlaanderen'),(620,'CN','CN-AH','Anhui Sheng'),(621,'CN','CN-BJ','Beijing Shi'),(622,'CN','CN-CQ','Chongqing Shi'),(623,'CN','CN-FJ','Fujian Sheng'),(624,'CN','CN-GS','Gansu Sheng'),(625,'CN','CN-GD','Guangdong Sheng'),(626,'CN','CN-GX','Guangxi Zhuangzu Zizhiqu'),(627,'CN','CN-GZ','Guizhou Sheng'),(628,'CN','CN-HI','Hainan Sheng'),(629,'CN','CN-HE','Hebei Sheng'),(630,'CN','CN-HL','Heilongjiang Sheng'),(631,'CN','CN-HA','Henan Sheng'),(632,'CN','CN-HK','Hong Kong SAR'),(633,'CN','CN-HB','Hubei Sheng'),(634,'CN','CN-HN','Hunan Sheng'),(635,'CN','CN-JS','Jiangsu Sheng'),(636,'CN','CN-JX','Jiangxi Sheng'),(637,'CN','CN-JL','Jilin Sheng'),(638,'CN','CN-LN','Liaoning Sheng'),(639,'CN','CN-MO','Macao SAR'),(640,'CN','CN-NM','Nei Mongol Zizhiqu'),(641,'CN','CN-NX','Ningxia Huizi Zizhiqu'),(642,'CN','CN-QH','Qinghai Sheng'),(643,'CN','CN-SN','Shaanxi Sheng'),(644,'CN','CN-SD','Shandong Sheng'),(645,'CN','CN-SH','Shanghai Shi'),(646,'CN','CN-SX','Shanxi Sheng'),(647,'CN','CN-SC','Sichuan Sheng'),(648,'CN','CN-TW','Taiwan Sheng'),(649,'CN','CN-TJ','Tianjin Shi'),(650,'CN','CN-XJ','Xinjiang Uygur Zizhiqu'),(651,'CN','CN-XZ','Xizang Zizhiqu'),(652,'CN','CN-YN','Yunnan Sheng'),(653,'CN','CN-ZJ','Zhejiang Sheng'),(654,'CO','CO-AMA','Amazonas'),(655,'CO','CO-ANT','Antioquia'),(656,'CO','CO-ARA','Arauca'),(657,'CO','CO-ATL','Atlántico'),(658,'CO','CO-BOL','Bolívar'),(659,'CO','CO-BOY','Boyacá'),(660,'CO','CO-CAL','Caldas'),(661,'CO','CO-CAQ','Caquetá'),(662,'CO','CO-CAS','Casanare'),(663,'CO','CO-CAU','Cauca'),(664,'CO','CO-CES','Cesar'),(665,'CO','CO-CHO','Chocó'),(666,'CO','CO-COR','Córdoba'),(667,'CO','CO-CUN','Cundinamarca'),(668,'CO','CO-GUA','Guainía'),(669,'CO','CO-GUV','Guaviare'),(670,'CO','CO-HUL','Huila'),(671,'CO','CO-LAG','La Guajira'),(672,'CO','CO-MAG','Magdalena'),(673,'CO','CO-MET','Meta'),(674,'CO','CO-NAR','Nariño'),(675,'CO','CO-NSA','Norte de Santander'),(676,'CO','CO-PUT','Putumayo'),(677,'CO','CO-QUI','Quindío'),(678,'CO','CO-RIS','Risaralda'),(679,'CO','CO-SAP','San Andrés y Providencia'),(680,'CO','CO-SAN','Santander'),(681,'CO','CO-SUC','Sucre'),(682,'CO','CO-TOL','Tolima'),(683,'CO','CO-VAC','Valle del Cauca'),(684,'CO','CO-VAU','Vaupés'),(685,'CO','CO-VID','Vichada'),(686,'PL','PL-02','dolnośląskie'),(687,'PL','PL-04','kujawsko-pomorskie'),(688,'PL','PL-06','lubelskie'),(689,'PL','PL-08','lubuskie'),(690,'PL','PL-10','łódzkie'),(691,'PL','PL-12','małopolskie'),(692,'PL','PL-14','mazowieckie'),(693,'PL','PL-16','opolskie'),(694,'PL','PL-18','podkarpackie'),(695,'PL','PL-20','podlaskie'),(696,'PL','PL-22','pomorskie'),(697,'PL','PL-24','śląskie'),(698,'PL','PL-26','świętokrzyskie'),(699,'PL','PL-28','warmińsko-mazurskie'),(700,'PL','PL-30','wielkopolskie'),(701,'PL','PL-32','zachodniopomorskie'),(702,'BG','BG-01','Blagoevgrad'),(703,'BG','BG-02','Burgas'),(704,'BG','BG-03','Varna'),(705,'BG','BG-04','Veliko Tarnovo'),(706,'BG','BG-05','Vidin'),(707,'BG','BG-06','Vratsa'),(708,'BG','BG-07','Gabrovo'),(709,'BG','BG-08','Dobrich'),(710,'BG','BG-09','Kardzhali'),(711,'BG','BG-10','Kyustendil'),(712,'BG','BG-11','Lovech'),(713,'BG','BG-12','Montana'),(714,'BG','BG-13','Pazardzhik'),(715,'BG','BG-14','Pernik'),(716,'BG','BG-15','Pleven'),(717,'BG','BG-16','Plovdiv'),(718,'BG','BG-17','Razgrad'),(719,'BG','BG-18','Ruse'),(720,'BG','BG-19','Silistra'),(721,'BG','BG-20','Sliven'),(722,'BG','BG-21','Smolyan'),(723,'BG','BG-22','Sofia City'),(724,'BG','BG-23','Sofia Province'),(725,'BG','BG-24','Stara Zagora'),(726,'BG','BG-25','Targovishte'),(727,'BG','BG-26','Haskovo'),(728,'BG','BG-27','Shumen'),(729,'BG','BG-28','Yambol'),(730,'IT','AG','Agrigento'),(731,'IT','AL','Alessandria'),(732,'IT','AN','Ancona'),(733,'IT','AO','Aosta'),(734,'IT','AQ','L\'Aquila'),(735,'IT','AR','Arezzo'),(736,'IT','AP','Ascoli-Piceno'),(737,'IT','AT','Asti'),(738,'IT','AV','Avellino'),(739,'IT','BA','Bari'),(740,'IT','BT','Barletta-Andria-Trani'),(741,'IT','BL','Belluno'),(742,'IT','BN','Benevento'),(743,'IT','BG','Bergamo'),(744,'IT','BI','Biella'),(745,'IT','BO','Bologna'),(746,'IT','BZ','Bolzano'),(747,'IT','BS','Brescia'),(748,'IT','BR','Brindisi'),(749,'IT','CA','Cagliari'),(750,'IT','CL','Caltanissetta'),(751,'IT','CB','Campobasso'),(752,'IT','CI','Carbonia Iglesias'),(753,'IT','CE','Caserta'),(754,'IT','CT','Catania'),(755,'IT','CZ','Catanzaro'),(756,'IT','CH','Chieti'),(757,'IT','CO','Como'),(758,'IT','CS','Cosenza'),(759,'IT','CR','Cremona'),(760,'IT','KR','Crotone'),(761,'IT','CN','Cuneo'),(762,'IT','EN','Enna'),(763,'IT','FM','Fermo'),(764,'IT','FE','Ferrara'),(765,'IT','FI','Firenze'),(766,'IT','FG','Foggia'),(767,'IT','FC','Forli-Cesena'),(768,'IT','FR','Frosinone'),(769,'IT','GE','Genova'),(770,'IT','GO','Gorizia'),(771,'IT','GR','Grosseto'),(772,'IT','IM','Imperia'),(773,'IT','IS','Isernia'),(774,'IT','SP','La-Spezia'),(775,'IT','LT','Latina'),(776,'IT','LE','Lecce'),(777,'IT','LC','Lecco'),(778,'IT','LI','Livorno'),(779,'IT','LO','Lodi'),(780,'IT','LU','Lucca'),(781,'IT','MC','Macerata'),(782,'IT','MN','Mantova'),(783,'IT','MS','Massa-Carrara'),(784,'IT','MT','Matera'),(785,'IT','VS','Medio Campidano'),(786,'IT','ME','Messina'),(787,'IT','MI','Milano'),(788,'IT','MO','Modena'),(789,'IT','MB','Monza-Brianza'),(790,'IT','NA','Napoli'),(791,'IT','NO','Novara'),(792,'IT','NU','Nuoro'),(793,'IT','OG','Ogliastra'),(794,'IT','OT','Olbia Tempio'),(795,'IT','OR','Oristano'),(796,'IT','PD','Padova'),(797,'IT','PA','Palermo'),(798,'IT','PR','Parma'),(799,'IT','PV','Pavia'),(800,'IT','PG','Perugia'),(801,'IT','PU','Pesaro-Urbino'),(802,'IT','PE','Pescara'),(803,'IT','PC','Piacenza'),(804,'IT','PI','Pisa'),(805,'IT','PT','Pistoia'),(806,'IT','PN','Pordenone'),(807,'IT','PZ','Potenza'),(808,'IT','PO','Prato'),(809,'IT','RG','Ragusa'),(810,'IT','RA','Ravenna'),(811,'IT','RC','Reggio-Calabria'),(812,'IT','RE','Reggio-Emilia'),(813,'IT','RI','Rieti'),(814,'IT','RN','Rimini'),(815,'IT','RM','Roma'),(816,'IT','RO','Rovigo'),(817,'IT','SA','Salerno'),(818,'IT','SS','Sassari'),(819,'IT','SV','Savona'),(820,'IT','SI','Siena'),(821,'IT','SR','Siracusa'),(822,'IT','SO','Sondrio'),(823,'IT','TA','Taranto'),(824,'IT','TE','Teramo'),(825,'IT','TR','Terni'),(826,'IT','TO','Torino'),(827,'IT','TP','Trapani'),(828,'IT','TN','Trento'),(829,'IT','TV','Treviso'),(830,'IT','TS','Trieste'),(831,'IT','UD','Udine'),(832,'IT','VA','Varese'),(833,'IT','VE','Venezia'),(834,'IT','VB','Verbania'),(835,'IT','VC','Vercelli'),(836,'IT','VR','Verona'),(837,'IT','VV','Vibo-Valentia'),(838,'IT','VI','Vicenza'),(839,'IT','VT','Viterbo'),(840,'AL','AL-01','Berat'),(841,'AL','AL-09','Dibër'),(842,'AL','AL-02','Durrës'),(843,'AL','AL-03','Elbasan'),(844,'AL','AL-04','Fier'),(845,'AL','AL-05','Gjirokastër'),(846,'AL','AL-06','Korçë'),(847,'AL','AL-07','Kukës'),(848,'AL','AL-08','Lezhë'),(849,'AL','AL-10','Shkodër'),(850,'AL','AL-11','Tiranë'),(851,'AL','AL-12','Vlorë'),(852,'AR','AR-C','Ciudad Autónoma de Buenos Aires'),(853,'AR','AR-B','Buenos Aires'),(854,'AR','AR-K','Catamarca'),(855,'AR','AR-H','Chaco'),(856,'AR','AR-U','Chubut'),(857,'AR','AR-X','Córdoba'),(858,'AR','AR-W','Corrientes'),(859,'AR','AR-E','Entre Ríos'),(860,'AR','AR-P','Formosa'),(861,'AR','AR-Y','Jujuy'),(862,'AR','AR-L','La Pampa'),(863,'AR','AR-F','La Rioja'),(864,'AR','AR-M','Mendoza'),(865,'AR','AR-N','Misiones'),(866,'AR','AR-Q','Neuquén'),(867,'AR','AR-R','Río Negro'),(868,'AR','AR-A','Salta'),(869,'AR','AR-J','San Juan'),(870,'AR','AR-D','San Luis'),(871,'AR','AR-Z','Santa Cruz'),(872,'AR','AR-S','Santa Fe'),(873,'AR','AR-G','Santiago del Estero'),(874,'AR','AR-V','Tierra del Fuego'),(875,'AR','AR-T','Tucumán'),(876,'BO','BO-C','Cochabamba'),(877,'BO','BO-H','Chuquisaca'),(878,'BO','BO-B','El Beni'),(879,'BO','BO-L','La Paz'),(880,'BO','BO-O','Oruro'),(881,'BO','BO-N','Pando'),(882,'BO','BO-P','Potosí'),(883,'BO','BO-S','Santa Cruz'),(884,'BO','BO-T','Tarija'),(885,'CL','CL-AI','Aisén del General Carlos Ibañez del Campo'),(886,'CL','CL-AN','Antofagasta'),(887,'CL','CL-AP','Arica y Parinacota'),(888,'CL','CL-AR','La Araucanía'),(889,'CL','CL-AT','Atacama'),(890,'CL','CL-BI','Biobío'),(891,'CL','CL-CO','Coquimbo'),(892,'CL','CL-LI','Libertador General Bernardo O\'Higgins'),(893,'CL','CL-LL','Los Lagos'),(894,'CL','CL-LR','Los Ríos'),(895,'CL','CL-MA','Magallanes'),(896,'CL','CL-ML','Maule'),(897,'CL','CL-NB','Ñuble'),(898,'CL','CL-RM','Región Metropolitana de Santiago'),(899,'CL','CL-TA','Tarapacá'),(900,'CL','CL-VS','Valparaíso'),(901,'DK','DK-84','Hovedstaden'),(902,'DK','DK-82','Midtjylland'),(903,'DK','DK-81','Nordjylland'),(904,'DK','DK-85','Sjælland'),(905,'DK','DK-83','Syddanmark'),(906,'EC','EC-A','Azuay'),(907,'EC','EC-B','Bolívar'),(908,'EC','EC-F','Cañar'),(909,'EC','EC-C','Carchi'),(910,'EC','EC-H','Chimborazo'),(911,'EC','EC-X','Cotopaxi'),(912,'EC','EC-O','El Oro'),(913,'EC','EC-E','Esmeraldas'),(914,'EC','EC-W','Galápagos'),(915,'EC','EC-G','Guayas'),(916,'EC','EC-I','Imbabura'),(917,'EC','EC-L','Loja'),(918,'EC','EC-R','Los Ríos'),(919,'EC','EC-M','Manabí'),(920,'EC','EC-S','Morona Santiago'),(921,'EC','EC-N','Napo'),(922,'EC','EC-D','Orellana'),(923,'EC','EC-Y','Pastaza'),(924,'EC','EC-P','Pichincha'),(925,'EC','EC-SE','Santa Elena'),(926,'EC','EC-SD','Santo Domingo de los Tsáchilas'),(927,'EC','EC-U','Sucumbíos'),(928,'EC','EC-T','Tungurahua'),(929,'EC','EC-Z','Zamora Chinchipe'),(930,'GR','GR-A','Anatolikí Makedonía kai Thráki'),(931,'GR','GR-I','Attikí'),(932,'GR','GR-G','Dytikí Elláda'),(933,'GR','GR-C','Dytikí Makedonía'),(934,'GR','GR-F','Ionía Nísia'),(935,'GR','GR-D','Ípeiros'),(936,'GR','GR-B','Kentrikí Makedonía'),(937,'GR','GR-M','Kríti'),(938,'GR','GR-L','Nótio Aigaío'),(939,'GR','GR-J','Pelopónnisos'),(940,'GR','GR-H','Stereá Elláda'),(941,'GR','GR-E','Thessalía'),(942,'GR','GR-K','Vóreio Aigaío'),(943,'GR','GR-69','Ágion Óros'),(944,'GY','GY-BA','Barima-Waini'),(945,'GY','GY-CU','Cuyuni-Mazaruni'),(946,'GY','GY-DE','Demerara-Mahaica'),(947,'GY','GY-EB','East Berbice-Corentyne'),(948,'GY','GY-ES','Essequibo Islands-West Demerara'),(949,'GY','GY-MA','Mahaica-Berbice'),(950,'GY','GY-PM','Pomeroon-Supenaam'),(951,'GY','GY-PT','Potaro-Siparuni'),(952,'GY','GY-UD','Upper Demerara-Berbice'),(953,'GY','GY-UT','Upper Takutu-Upper Essequibo'),(954,'IS','IS-01','Höfuðborgarsvæði'),(955,'IS','IS-02','Suðurnes'),(956,'IS','IS-03','Vesturland'),(957,'IS','IS-04','Vestfirðir'),(958,'IS','IS-05','Norðurland vestra'),(959,'IS','IS-06','Norðurland eystra'),(960,'IS','IS-07','Austurland'),(961,'IS','IS-08','Suðurland'),(962,'PY','PY-ASU','Asunción'),(963,'PY','PY-16','Alto Paraguay'),(964,'PY','PY-10','Alto Paraná'),(965,'PY','PY-13','Amambay'),(966,'PY','PY-19','Boquerón'),(967,'PY','PY-5','Caaguazú'),(968,'PY','PY-6','Caazapá'),(969,'PY','PY-14','Canindeyú'),(970,'PY','PY-11','Central'),(971,'PY','PY-1','Concepción'),(972,'PY','PY-3','Cordillera'),(973,'PY','PY-4','Guairá'),(974,'PY','PY-7','Itapúa'),(975,'PY','PY-8','Misiones'),(976,'PY','PY-12','Ñeembucú'),(977,'PY','PY-9','Paraguarí'),(978,'PY','PY-15','Presidente Hayes'),(979,'PY','PY-2','San Pedro'),(980,'PE','PE-LMA','Municipalidad Metropolitana de Lima'),(981,'PE','PE-AMA','Amazonas'),(982,'PE','PE-ANC','Ancash'),(983,'PE','PE-APU','Apurímac'),(984,'PE','PE-ARE','Arequipa'),(985,'PE','PE-AYA','Ayacucho'),(986,'PE','PE-CAJ','Cajamarca'),(987,'PE','PE-CUS','Cusco'),(988,'PE','PE-CAL','El Callao'),(989,'PE','PE-HUV','Huancavelica'),(990,'PE','PE-HUC','Huánuco'),(991,'PE','PE-ICA','Ica'),(992,'PE','PE-JUN','Junín'),(993,'PE','PE-LAL','La Libertad'),(994,'PE','PE-LAM','Lambayeque'),(995,'PE','PE-LIM','Lima'),(996,'PE','PE-LOR','Loreto'),(997,'PE','PE-MDD','Madre de Dios'),(998,'PE','PE-MOQ','Moquegua'),(999,'PE','PE-PAS','Pasco'),(1000,'PE','PE-PIU','Piura'),(1001,'PE','PE-PUN','Puno'),(1002,'PE','PE-SAM','San Martín'),(1003,'PE','PE-TAC','Tacna'),(1004,'PE','PE-TUM','Tumbes'),(1005,'PE','PE-UCA','Ucayali'),(1006,'PT','PT-01','Aveiro'),(1007,'PT','PT-02','Beja'),(1008,'PT','PT-03','Braga'),(1009,'PT','PT-04','Bragança'),(1010,'PT','PT-05','Castelo Branco'),(1011,'PT','PT-06','Coimbra'),(1012,'PT','PT-07','Évora'),(1013,'PT','PT-08','Faro'),(1014,'PT','PT-09','Guarda'),(1015,'PT','PT-10','Leiria'),(1016,'PT','PT-11','Lisboa'),(1017,'PT','PT-12','Portalegre'),(1018,'PT','PT-13','Porto'),(1019,'PT','PT-14','Santarém'),(1020,'PT','PT-15','Setúbal'),(1021,'PT','PT-16','Viana do Castelo'),(1022,'PT','PT-17','Vila Real'),(1023,'PT','PT-18','Viseu'),(1024,'PT','PT-20','Região Autónoma dos Açores'),(1025,'PT','PT-30','Região Autónoma da Madeira'),(1026,'SR','SR-BR','Brokopondo'),(1027,'SR','SR-CM','Commewijne'),(1028,'SR','SR-CR','Coronie'),(1029,'SR','SR-MA','Marowijne'),(1030,'SR','SR-NI','Nickerie'),(1031,'SR','SR-PR','Para'),(1032,'SR','SR-PM','Paramaribo'),(1033,'SR','SR-SA','Saramacca'),(1034,'SR','SR-SI','Sipaliwini'),(1035,'SR','SR-WA','Wanica'),(1036,'SE','SE-K','Blekinge län'),(1037,'SE','SE-W','Dalarnas län'),(1038,'SE','SE-I','Gotlands län'),(1039,'SE','SE-X','Gävleborgs län'),(1040,'SE','SE-N','Hallands län'),(1041,'SE','SE-Z','Jämtlands län'),(1042,'SE','SE-F','Jönköpings län'),(1043,'SE','SE-H','Kalmar län'),(1044,'SE','SE-G','Kronobergs län'),(1045,'SE','SE-BD','Norrbottens län'),(1046,'SE','SE-M','Skåne län'),(1047,'SE','SE-AB','Stockholms län'),(1048,'SE','SE-D','Södermanlands län'),(1049,'SE','SE-C','Uppsala län'),(1050,'SE','SE-S','Värmlands län'),(1051,'SE','SE-AC','Västerbottens län'),(1052,'SE','SE-Y','Västernorrlands län'),(1053,'SE','SE-U','Västmanlands län'),(1054,'SE','SE-O','Västra Götalands län'),(1055,'SE','SE-T','Örebro län'),(1056,'SE','SE-E','Östergötlands län'),(1057,'UY','UY-AR','Artigas'),(1058,'UY','UY-CA','Canelones'),(1059,'UY','UY-CL','Cerro Largo'),(1060,'UY','UY-CO','Colonia'),(1061,'UY','UY-DU','Durazno'),(1062,'UY','UY-FS','Flores'),(1063,'UY','UY-FD','Florida'),(1064,'UY','UY-LA','Lavalleja'),(1065,'UY','UY-MA','Maldonado'),(1066,'UY','UY-MO','Montevideo'),(1067,'UY','UY-PA','Paysandu'),(1068,'UY','UY-RN','Río Negro'),(1069,'UY','UY-RV','Rivera'),(1070,'UY','UY-RO','Rocha'),(1071,'UY','UY-SA','Salto'),(1072,'UY','UY-SJ','San José'),(1073,'UY','UY-SO','Soriano'),(1074,'UY','UY-TA','Tacuarembó'),(1075,'UY','UY-TT','Treinta y Tres'),(1076,'VE','VE-W','Dependencias Federales'),(1077,'VE','VE-A','Distrito Capital'),(1078,'VE','VE-Z','Amazonas'),(1079,'VE','VE-B','Anzoátegui'),(1080,'VE','VE-C','Apure'),(1081,'VE','VE-D','Aragua'),(1082,'VE','VE-E','Barinas'),(1083,'VE','VE-F','Bolívar'),(1084,'VE','VE-G','Carabobo'),(1085,'VE','VE-H','Cojedes'),(1086,'VE','VE-Y','Delta Amacuro'),(1087,'VE','VE-I','Falcón'),(1088,'VE','VE-J','Guárico'),(1089,'VE','VE-K','Lara'),(1090,'VE','VE-L','Mérida'),(1091,'VE','VE-M','Miranda'),(1092,'VE','VE-N','Monagas'),(1093,'VE','VE-O','Nueva Esparta'),(1094,'VE','VE-P','Portuguesa'),(1095,'VE','VE-R','Sucre'),(1096,'VE','VE-S','Táchira'),(1097,'VE','VE-T','Trujillo'),(1098,'VE','VE-X','Vargas'),(1099,'VE','VE-U','Yaracuy'),(1100,'VE','VE-V','Zulia'),(1101,'BY','BY-BR','Bresckaja voblasć'),(1102,'BY','BY-HO','Homieĺskaja voblasć'),(1103,'BY','BY-HM','Horad Minsk'),(1104,'BY','BY-HR','Hrodzienskaja voblasć'),(1105,'BY','BY-MA','Mahilioŭskaja voblasć'),(1106,'BY','BY-MI','Minskaja voblasć'),(1107,'BY','BY-VI','Viciebskaja voblasć');

--
