-- Dumping data for table `eav_form_type`
--

INSERT INTO `eav_form_type` VALUES (1,'checkout_onepage_register','checkout_onepage_register',1,'',0),(2,'checkout_onepage_register_guest','checkout_onepage_register_guest',1,'',0),(3,'checkout_onepage_billing_address','checkout_onepage_billing_address',1,'',0),(4,'checkout_onepage_shipping_address','checkout_onepage_shipping_address',1,'',0);

--
-- Table structure for table `eav_form_type_entity`
--

CREATE TABLE `eav_form_type_entity` (
  `type_id` smallint(5) unsigned NOT NULL COMMENT 'Type ID',
  `entity_type_id` smallint(5) unsigned NOT NULL COMMENT 'Entity Type ID',
  PRIMARY KEY (`type_id`,`entity_type_id`),
  KEY `EAV_FORM_TYPE_ENTITY_ENTITY_TYPE_ID` (`entity_type_id`),
  CONSTRAINT `EAV_FORM_TYPE_ENTITY_TYPE_ID_EAV_FORM_TYPE_TYPE_ID` FOREIGN KEY (`type_id`) REFERENCES `eav_form_type` (`type_id`) ON DELETE CASCADE,
  CONSTRAINT `EAV_FORM_TYPE_ENTT_ENTT_TYPE_ID_EAV_ENTT_TYPE_ENTT_TYPE_ID` FOREIGN KEY (`entity_type_id`) REFERENCES `eav_entity_type` (`entity_type_id`) ON DELETE CASCADE
) ENGINE=InnoDB DEFAULT CHARSET=utf8 COMMENT='Eav Form Type Entity';

--
-- Dumping data for table `eav_form_type_entity`
--

INSERT INTO `eav_form_type_entity` VALUES (1,1),(2,1),(1,2),(2,2),(3,2),(4,2);

--
-- Table structure for table `email_abandoned_cart`
--

CREATE TABLE `email_abandoned_cart` (
  `id` int(10) unsigned NOT NULL AUTO_INCREMENT COMMENT 'Primary Key',
  `quote_id` int(10) unsigned DEFAULT NULL COMMENT 'Quote Id',
  `store_id` smallint(5) unsigned DEFAULT NULL COMMENT 'Store Id',
  `customer_id` int(10) unsigned DEFAULT NULL COMMENT 'Customer ID',
  `email` varchar(255) NOT NULL DEFAULT '' COMMENT 'Email',
  `is_active` smallint(5) unsigned NOT NULL DEFAULT '1' COMMENT 'Quote Active',
  `quote_updated_at` timestamp NULL DEFAULT NULL COMMENT 'Quote updated at',
  `abandoned_cart_number` smallint(5) unsigned NOT NULL DEFAULT '0' COMMENT 'Abandoned Cart number',
  `items_count` smallint(5) unsigned DEFAULT '0' COMMENT 'Quote items count',
  `items_ids` varchar(255) DEFAULT NULL COMMENT 'Quote item ids',
  `created_at` timestamp NULL DEFAULT NULL COMMENT 'Created At',
  `updated_at` timestamp NULL DEFAULT NULL COMMENT 'Updated at',
  `status` text NOT NULL COMMENT 'Contact Status',
  PRIMARY KEY (`id`),
  KEY `EMAIL_ABANDONED_CART_QUOTE_ID` (`quote_id`),
  KEY `EMAIL_ABANDONED_CART_STORE_ID` (`store_id`),
  KEY `EMAIL_ABANDONED_CART_CUSTOMER_ID` (`customer_id`),
  KEY `EMAIL_ABANDONED_CART_EMAIL` (`email`)
) ENGINE=InnoDB DEFAULT CHARSET=utf8 COMMENT='Abandoned Carts Table';

--
-- Dumping data for table `email_abandoned_cart`
--


--
-- Table structure for table `email_automation`
--

CREATE TABLE `email_automation` (
  `id` int(10) unsigned NOT NULL AUTO_INCREMENT COMMENT 'Primary Key',
  `automation_type` varchar(255) DEFAULT NULL COMMENT 'Automation Type',
  `store_name` varchar(255) DEFAULT NULL COMMENT 'Automation Type',
  `enrolment_status` varchar(255) NOT NULL COMMENT 'Entrolment Status',
  `email` varchar(255) DEFAULT NULL COMMENT 'Email',
  `type_id` varchar(255) DEFAULT NULL COMMENT 'Type ID',
  `program_id` varchar(255) DEFAULT NULL COMMENT 'Program ID',
  `website_id` smallint(5) unsigned NOT NULL COMMENT 'Website Id',
  `message` varchar(255) NOT NULL COMMENT 'Message',
  `created_at` timestamp NULL DEFAULT NULL COMMENT 'Creation Time',
  `updated_at` timestamp NULL DEFAULT NULL COMMENT 'Update Time',
  PRIMARY KEY (`id`),
  KEY `EMAIL_AUTOMATION_AUTOMATION_TYPE` (`automation_type`),
  KEY `EMAIL_AUTOMATION_ENROLMENT_STATUS` (`enrolment_status`),
  KEY `EMAIL_AUTOMATION_TYPE_ID` (`type_id`),
  KEY `EMAIL_AUTOMATION_EMAIL` (`email`),
  KEY `EMAIL_AUTOMATION_PROGRAM_ID` (`program_id`),
  KEY `EMAIL_AUTOMATION_CREATED_AT` (`created_at`),
  KEY `EMAIL_AUTOMATION_UPDATED_AT` (`updated_at`),
  KEY `EMAIL_AUTOMATION_WEBSITE_ID` (`website_id`)
) ENGINE=InnoDB DEFAULT CHARSET=utf8 COMMENT='Automation Status';

--
-- Dumping data for table `email_automation`
--


--
-- Table structure for table `email_campaign`
--

CREATE TABLE `email_campaign` (
  `id` int(10) unsigned NOT NULL AUTO_INCREMENT COMMENT 'Primary Key',
  `campaign_id` int(10) unsigned NOT NULL COMMENT 'Campaign ID',
  `email` varchar(255) NOT NULL DEFAULT '' COMMENT 'Contact Email',
  `customer_id` int(10) unsigned NOT NULL COMMENT 'Customer ID',
  `sent_at` timestamp NULL DEFAULT NULL COMMENT 'Send Date',
  `order_increment_id` varchar(50) NOT NULL COMMENT 'Order Increment ID',
  `quote_id` int(10) unsigned NOT NULL COMMENT 'Sales Quote ID',
  `message` varchar(255) NOT NULL DEFAULT '' COMMENT 'Error Message',
  `checkout_method` varchar(255) NOT NULL DEFAULT '' COMMENT 'Checkout Method Used',
  `store_id` smallint(5) unsigned NOT NULL DEFAULT '0' COMMENT 'Store ID',
  `event_name` varchar(255) NOT NULL DEFAULT '' COMMENT 'Event Name',
  `send_id` varchar(255) NOT NULL DEFAULT '' COMMENT 'Send Id',
  `send_status` smallint(6) NOT NULL DEFAULT '0' COMMENT 'Campaign send status',
  `created_at` timestamp NULL DEFAULT NULL COMMENT 'Creation Time',
  `updated_at` timestamp NULL DEFAULT NULL COMMENT 'Update Time',
  PRIMARY KEY (`id`),
  KEY `EMAIL_CAMPAIGN_STORE_ID` (`store_id`),
  KEY `EMAIL_CAMPAIGN_CAMPAIGN_ID` (`campaign_id`),
  KEY `EMAIL_CAMPAIGN_EMAIL` (`email`),
  KEY `EMAIL_CAMPAIGN_SEND_ID` (`send_id`),
  KEY `EMAIL_CAMPAIGN_SEND_STATUS` (`send_status`),
  KEY `EMAIL_CAMPAIGN_CREATED_AT` (`created_at`),
  KEY `EMAIL_CAMPAIGN_UPDATED_AT` (`updated_at`),
  KEY `EMAIL_CAMPAIGN_SENT_AT` (`sent_at`),
  KEY `EMAIL_CAMPAIGN_EVENT_NAME` (`event_name`),
  KEY `EMAIL_CAMPAIGN_MESSAGE` (`message`),
  KEY `EMAIL_CAMPAIGN_QUOTE_ID` (`quote_id`),
  KEY `EMAIL_CAMPAIGN_CUSTOMER_ID` (`customer_id`),
  CONSTRAINT `EMAIL_CAMPAIGN_STORE_ID_CORE/STORE_STORE_ID` FOREIGN KEY (`store_id`) REFERENCES `store` (`store_id`) ON DELETE CASCADE
) ENGINE=InnoDB DEFAULT CHARSET=utf8 COMMENT='Connector Campaigns';

--
-- Dumping data for table `email_campaign`
--


--
-- Table structure for table `email_catalog`
--

CREATE TABLE `email_catalog` (
  `id` int(10) unsigned NOT NULL AUTO_INCREMENT COMMENT 'Primary Key',
  `product_id` int(10) unsigned NOT NULL COMMENT 'Product Id',
  `created_at` timestamp NULL DEFAULT NULL COMMENT 'Creation Time',
  `updated_at` timestamp NULL DEFAULT NULL COMMENT 'Update Time',
  `processed` smallint(5) unsigned NOT NULL COMMENT 'Product processed',
  `last_imported_at` timestamp NULL DEFAULT NULL COMMENT 'Last imported date',
  PRIMARY KEY (`id`),
  KEY `EMAIL_CATALOG_PRODUCT_ID` (`product_id`),
  KEY `EMAIL_CATALOG_CREATED_AT` (`created_at`),
  KEY `EMAIL_CATALOG_UPDATED_AT` (`updated_at`),
  KEY `EMAIL_CATALOG_PROCESSED` (`processed`),
  KEY `EMAIL_CATALOG_LAST_IMPORTED_AT` (`last_imported_at`),
  CONSTRAINT `EMAIL_CATALOG_PRODUCT_ID_CATALOG_PRODUCT_ENTITY_ENTITY_ID` FOREIGN KEY (`product_id`) REFERENCES `catalog_product_entity` (`entity_id`) ON DELETE CASCADE
) ENGINE=InnoDB AUTO_INCREMENT=145 DEFAULT CHARSET=utf8 COMMENT='Connector Catalog';

--
-- Dumping data for table `email_catalog`
--

INSERT INTO `email_catalog` VALUES (1,1,'2016-04-05 04:27:29',NULL,0,NULL),(2,2,'2016-04-06 03:45:04',NULL,0,NULL),(3,3,'2016-04-06 03:49:48',NULL,0,NULL),(4,4,'2016-04-06 04:19:41',NULL,0,NULL),(5,5,'2016-04-06 04:19:43',NULL,0,NULL),(6,6,'2016-04-06 04:36:40',NULL,0,NULL),(7,7,'2016-04-06 04:41:45',NULL,0,NULL),(8,8,'2016-04-06 05:31:36',NULL,0,NULL),(9,9,'2016-04-07 01:30:34',NULL,0,NULL),(10,10,'2016-04-07 01:30:40',NULL,0,NULL),(11,11,'2016-04-07 01:30:42',NULL,0,NULL),(12,12,'2016-04-07 01:30:43',NULL,0,NULL),(13,13,'2016-04-07 01:30:44',NULL,0,NULL),(14,14,'2016-04-07 01:30:45',NULL,0,NULL),(15,15,'2016-04-07 01:30:47',NULL,0,NULL),(16,16,'2016-04-07 01:30:48',NULL,0,NULL),(17,17,'2016-04-07 01:30:49',NULL,0,NULL),(18,18,'2016-04-07 01:30:50',NULL,0,NULL),(19,19,'2016-04-07 01:30:51',NULL,0,NULL),(20,20,'2016-04-07 01:30:52',NULL,0,NULL),(21,21,'2016-04-07 01:30:53',NULL,0,NULL),(22,22,'2016-04-07 01:30:54',NULL,0,NULL),(23,23,'2016-04-07 01:30:55',NULL,0,NULL),(24,24,'2016-04-07 01:30:56',NULL,0,NULL),(25,25,'2016-04-07 01:50:47',NULL,0,NULL),(26,26,'2016-04-07 01:50:49',NULL,0,NULL),(27,27,'2016-04-07 01:50:50',NULL,0,NULL),(28,28,'2016-04-07 01:50:52',NULL,0,NULL),(29,29,'2016-04-07 01:50:53',NULL,0,NULL),(30,30,'2016-04-07 01:50:54',NULL,0,NULL),(31,31,'2016-04-07 01:50:55',NULL,0,NULL),(32,32,'2016-04-07 01:50:56',NULL,0,NULL),(33,33,'2016-04-07 01:50:57',NULL,0,NULL),(34,34,'2016-04-07 01:50:59',NULL,0,NULL),(35,35,'2016-04-07 01:51:00',NULL,0,NULL),(36,36,'2016-04-07 01:51:01',NULL,0,NULL),(37,37,'2016-04-07 01:51:02',NULL,0,NULL),(38,38,'2016-04-07 01:51:03',NULL,0,NULL),(39,39,'2016-04-07 01:51:04',NULL,0,NULL),(40,40,'2016-04-13 21:02:20',NULL,0,NULL),(41,41,'2016-04-13 21:02:28',NULL,0,NULL),(42,42,'2016-04-13 21:02:29',NULL,0,NULL),(43,43,'2016-04-13 21:02:30',NULL,0,NULL),(44,44,'2016-04-13 21:02:31',NULL,0,NULL),(45,45,'2016-04-13 21:02:32',NULL,0,NULL),(46,46,'2016-04-13 21:02:33',NULL,0,NULL),(47,47,'2016-04-13 21:02:34',NULL,0,NULL),(48,48,'2016-04-13 21:02:35',NULL,0,NULL),(49,49,'2016-04-13 21:02:36',NULL,0,NULL),(50,50,'2016-04-13 21:02:37',NULL,0,NULL),(51,51,'2016-04-13 21:02:39',NULL,0,NULL),(52,52,'2016-04-13 21:02:41',NULL,0,NULL),(53,53,'2016-04-13 21:02:42',NULL,0,NULL),(54,54,'2016-04-13 21:02:43',NULL,0,NULL),(55,55,'2016-04-13 21:02:44',NULL,0,NULL),(56,58,'2016-04-13 21:36:44',NULL,0,NULL),(57,59,'2016-04-13 21:36:49',NULL,0,NULL),(58,60,'2016-04-13 22:12:33',NULL,0,NULL),(59,61,'2016-04-13 22:17:02',NULL,0,NULL),(60,62,'2016-04-18 19:55:44',NULL,0,NULL),(61,63,'2016-04-18 20:03:39',NULL,0,NULL),(62,64,'2016-04-18 20:14:47',NULL,0,NULL),(63,65,'2016-04-18 20:43:32',NULL,0,NULL),(64,66,'2016-04-18 20:43:34',NULL,0,NULL),(65,67,'2016-04-18 20:43:35',NULL,0,NULL),(66,68,'2016-04-18 20:43:36',NULL,0,NULL),(67,69,'2016-04-18 20:43:37',NULL,0,NULL),(68,70,'2016-04-18 20:43:38',NULL,0,NULL),(69,71,'2016-04-18 20:43:39',NULL,0,NULL),(70,72,'2016-04-18 20:43:40',NULL,0,NULL),(71,73,'2016-04-18 20:43:41',NULL,0,NULL),(72,74,'2016-04-18 20:43:41',NULL,0,NULL),(73,75,'2016-04-19 14:41:19',NULL,0,NULL),(74,76,'2016-04-19 14:55:21',NULL,0,NULL),(75,77,'2016-04-19 16:54:17',NULL,0,NULL),(76,78,'2019-12-10 04:27:37','2019-12-10 04:27:37',0,NULL),(77,79,'2019-12-10 04:47:42','2019-12-10 04:47:42',0,NULL),(78,80,'2019-12-10 05:04:58','2019-12-10 05:04:58',0,NULL),(79,81,'2019-12-10 06:31:33','2019-12-10 06:31:33',0,NULL),(80,82,'2019-12-10 07:03:10','2019-12-10 07:03:10',0,NULL),(81,83,'2019-12-10 07:08:50','2019-12-10 07:08:50',0,NULL),(82,84,'2019-12-10 07:12:42','2019-12-10 07:12:42',0,NULL),(83,85,'2019-12-10 07:18:34','2019-12-10 07:18:34',0,NULL),(84,86,'2019-12-10 07:21:55','2019-12-10 07:21:55',0,NULL),(85,87,'2019-12-10 07:32:57','2019-12-10 07:32:57',0,NULL),(86,88,'2019-12-10 07:33:02','2019-12-10 07:33:02',0,NULL),(87,89,'2019-12-10 07:33:07','2019-12-10 07:33:07',0,NULL),(88,90,'2019-12-10 07:33:11','2019-12-10 07:33:11',0,NULL),(89,91,'2019-12-10 07:36:59','2019-12-10 07:36:59',0,NULL),(90,92,'2019-12-10 07:41:10','2019-12-10 07:41:10',0,NULL),(91,93,'2019-12-11 10:24:34','2019-12-11 10:24:34',0,NULL),(92,94,'2019-12-11 10:27:12','2019-12-11 10:27:12',0,NULL),(93,95,'2019-12-11 10:29:02','2019-12-11 10:29:02',0,NULL),(94,96,'2019-12-11 10:32:07','2019-12-11 10:32:07',0,NULL),(95,97,'2019-12-12 01:28:43','2019-12-12 01:28:43',0,NULL),(96,98,'2019-12-12 01:31:14','2019-12-12 01:31:14',0,NULL),(97,99,'2019-12-12 01:33:33','2019-12-12 01:33:33',0,NULL),(98,100,'2019-12-12 01:36:29','2019-12-12 01:36:29',0,NULL),(99,101,'2019-12-12 01:39:15','2019-12-12 01:39:15',0,NULL),(100,102,'2019-12-12 01:42:03','2019-12-12 01:42:03',0,NULL),(101,103,'2019-12-12 01:44:57','2019-12-12 01:44:57',0,NULL),(102,104,'2019-12-12 01:50:06','2019-12-12 01:50:06',0,NULL),(103,105,'2019-12-12 01:50:09','2019-12-12 01:50:09',0,NULL),(104,106,'2019-12-12 01:50:12','2019-12-12 01:50:12',0,NULL),(105,107,'2019-12-12 01:50:15','2019-12-12 01:50:15',0,NULL),(106,108,'2019-12-12 01:52:32','2019-12-12 01:52:32',0,NULL),(107,109,'2019-12-12 01:58:17','2019-12-12 01:58:17',0,NULL),(108,110,'2019-12-13 01:49:59','2019-12-13 01:49:59',0,NULL),(109,111,'2019-12-13 01:53:03','2019-12-13 01:53:03',0,NULL),(110,112,'2019-12-13 01:56:29','2019-12-13 01:56:29',0,NULL),(111,113,'2019-12-13 02:01:04','2019-12-13 02:01:04',0,NULL),(112,114,'2019-12-13 04:09:20','2019-12-13 04:09:20',0,NULL),(113,115,'2019-12-13 04:11:21','2019-12-13 04:11:21',0,NULL),(114,116,'2019-12-13 04:12:55','2019-12-13 04:12:55',0,NULL),(115,117,'2019-12-13 04:15:49','2019-12-13 04:15:49',0,NULL),(116,118,'2019-12-13 04:19:01','2019-12-13 04:19:01',0,NULL),(117,119,'2019-12-13 04:21:52','2019-12-13 04:21:52',0,NULL),(118,120,'2019-12-13 04:26:14','2019-12-13 04:26:14',0,NULL),(119,121,'2019-12-13 04:26:19','2019-12-13 04:26:19',0,NULL),(120,122,'2019-12-13 04:26:24','2019-12-13 04:26:24',0,NULL),(121,123,'2019-12-13 04:26:28','2019-12-13 04:26:28',0,NULL),(122,124,'2019-12-13 04:28:48','2019-12-13 04:28:48',0,NULL),(123,125,'2019-12-13 04:32:14','2019-12-13 04:32:14',0,NULL),(124,126,'2019-12-30 01:35:59','2019-12-30 01:35:59',0,NULL),(125,127,'2019-12-30 01:40:16','2019-12-30 01:40:16',0,NULL),(126,128,'2019-12-30 01:44:23','2019-12-30 01:44:23',0,NULL),(127,129,'2019-12-30 01:47:03','2019-12-30 01:47:03',0,NULL),(128,130,'2019-12-30 01:49:21','2019-12-30 01:49:21',0,NULL),(129,131,'2019-12-30 01:51:41','2019-12-30 01:51:41',0,NULL),(130,132,'2019-12-30 02:01:11','2019-12-30 02:01:11',0,NULL),(131,133,'2019-12-30 02:07:15','2019-12-30 02:07:15',0,NULL),(132,134,'2019-12-30 02:09:25','2019-12-30 02:09:25',0,NULL),(133,135,'2019-12-30 02:11:13','2019-12-30 02:11:13',0,NULL),(134,136,'2019-12-30 02:22:44','2019-12-30 02:22:44',0,NULL),(135,137,'2019-12-30 02:24:53','2019-12-30 02:24:53',0,NULL),(136,138,'2019-12-30 02:28:06','2019-12-30 02:28:06',0,NULL),(137,139,'2019-12-30 02:30:27','2019-12-30 02:30:27',0,NULL),(138,140,'2019-12-30 02:32:43','2019-12-30 02:32:43',0,NULL),(139,141,'2019-12-31 01:59:38','2019-12-31 01:59:38',0,NULL),(140,142,'2019-12-31 01:59:45','2019-12-31 01:59:45',0,NULL),(141,143,'2019-12-31 01:59:50','2019-12-31 01:59:50',0,NULL),(142,144,'2019-12-31 01:59:54','2019-12-31 01:59:54',0,NULL),(143,145,'2019-12-31 02:04:08','2019-12-31 02:04:08',0,NULL),(144,146,'2019-12-31 02:06:26','2019-12-31 02:06:26',0,NULL);

--
-- Table structure for table `email_contact`
--

CREATE TABLE `email_contact` (
  `email_contact_id` int(10) unsigned NOT NULL AUTO_INCREMENT COMMENT 'Primary Key',
  `is_guest` smallint(5) unsigned DEFAULT NULL COMMENT 'Is Guest',
  `contact_id` varchar(15) DEFAULT NULL COMMENT 'Connector Contact ID',
  `customer_id` int(10) unsigned NOT NULL COMMENT 'Customer ID',
  `website_id` smallint(5) unsigned NOT NULL DEFAULT '0' COMMENT 'Website ID',
  `store_id` smallint(5) unsigned NOT NULL DEFAULT '0' COMMENT 'Store ID',
  `email` varchar(255) NOT NULL DEFAULT '' COMMENT 'Customer Email',
  `is_subscriber` smallint(5) unsigned DEFAULT NULL COMMENT 'Is Subscriber',
  `subscriber_status` smallint(5) unsigned DEFAULT NULL COMMENT 'Subscriber status',
  `email_imported` smallint(5) unsigned NOT NULL DEFAULT '0' COMMENT 'Is Imported',
  `subscriber_imported` smallint(5) unsigned NOT NULL DEFAULT '0' COMMENT 'Is Subscriber Imported',
  `suppressed` smallint(5) unsigned DEFAULT NULL COMMENT 'Is Suppressed',
  `last_subscribed_at` timestamp NULL DEFAULT NULL COMMENT 'Last subscribed date',
  PRIMARY KEY (`email_contact_id`),
  KEY `EMAIL_CONTACT_EMAIL_CONTACT_ID` (`email_contact_id`),
  KEY `EMAIL_CONTACT_IS_GUEST` (`is_guest`),
  KEY `EMAIL_CONTACT_CUSTOMER_ID` (`customer_id`),
  KEY `EMAIL_CONTACT_WEBSITE_ID` (`website_id`),
  KEY `EMAIL_CONTACT_IS_SUBSCRIBER` (`is_subscriber`),
  KEY `EMAIL_CONTACT_SUBSCRIBER_STATUS` (`subscriber_status`),
  KEY `EMAIL_CONTACT_EMAIL_IMPORTED` (`email_imported`),
  KEY `EMAIL_CONTACT_SUBSCRIBER_IMPORTED` (`subscriber_imported`),
  KEY `EMAIL_CONTACT_SUPPRESSED` (`suppressed`),
  KEY `EMAIL_CONTACT_EMAIL` (`email`),
  KEY `EMAIL_CONTACT_CONTACT_ID` (`contact_id`),
  CONSTRAINT `EMAIL_CONTACT_WEBSITE_ID_STORE_WEBSITE_WEBSITE_ID` FOREIGN KEY (`website_id`) REFERENCES `store_website` (`website_id`) ON DELETE CASCADE
) ENGINE=InnoDB AUTO_INCREMENT=10 DEFAULT CHARSET=utf8 COMMENT='Connector Contacts';

--
-- Dumping data for table `email_contact`
--

INSERT INTO `email_contact` VALUES (1,NULL,NULL,1,1,1,'tuyenpro@gmail.com',NULL,NULL,0,0,NULL,NULL),(2,NULL,NULL,2,1,14,'milano@gmail.com',NULL,NULL,0,0,NULL,NULL),(3,NULL,NULL,3,1,1,'test.mage@yahoo.com',1,1,0,0,NULL,NULL),(4,NULL,NULL,4,1,8,'bozoyusasi@evyush.com',NULL,NULL,0,0,NULL,NULL),(8,NULL,NULL,0,0,1,'tuyenlq989@gmail.com',1,1,0,0,NULL,NULL),(9,NULL,NULL,0,0,1,'test@gmail.com',1,1,0,0,NULL,NULL);

--
-- Table structure for table `email_contact_consent`
--

CREATE TABLE `email_contact_consent` (
  `id` int(10) unsigned NOT NULL AUTO_INCREMENT COMMENT 'Primary Key',
  `email_contact_id` int(10) unsigned DEFAULT NULL COMMENT 'Email Contact Id',
  `consent_url` varchar(255) DEFAULT NULL COMMENT 'Contact consent url',
  `consent_datetime` datetime DEFAULT NULL COMMENT 'Contact consent datetime',
  `consent_ip` varchar(255) DEFAULT NULL COMMENT 'Contact consent ip',
  `consent_user_agent` varchar(255) DEFAULT NULL COMMENT 'Contact consent user agent',
  PRIMARY KEY (`id`),
  KEY `EMAIL_CONTACT_CONSENT_EMAIL_CONTACT_ID` (`email_contact_id`),
  CONSTRAINT `FK_17E9EA0C469163E550BC6B732AC49FDB` FOREIGN KEY (`email_contact_id`) REFERENCES `email_contact` (`email_contact_id`) ON DELETE CASCADE
) ENGINE=InnoDB DEFAULT CHARSET=utf8 COMMENT='Email contact consent table.';

--
-- Dumping data for table `email_contact_consent`
--


--
-- Table structure for table `email_coupon_attribute`
--

CREATE TABLE `email_coupon_attribute` (
  `id` int(10) unsigned NOT NULL AUTO_INCREMENT COMMENT 'Primary Key',
  `salesrule_coupon_id` int(10) unsigned NOT NULL COMMENT 'Coupon ID',
  `email` varchar(255) DEFAULT NULL COMMENT 'Email',
  `expires_at` timestamp NULL DEFAULT NULL COMMENT 'Coupon expiration date',
  PRIMARY KEY (`id`),
  KEY `EMAIL_COUPON_ATTRIBUTE_COUPON_ID` (`salesrule_coupon_id`),
  KEY `EMAIL_COUPON_ATTRIBUTE_EMAIL` (`email`),
  CONSTRAINT `EMAIL_COUPON_ATTRIBUTE_COUPON_ID_SALESRULE_COUPON_COUPON_ID` FOREIGN KEY (`salesrule_coupon_id`) REFERENCES `salesrule_coupon` (`coupon_id`) ON DELETE CASCADE
) ENGINE=InnoDB DEFAULT CHARSET=utf8 COMMENT='Dotdigital coupon attributes table';

--
-- Dumping data for table `email_coupon_attribute`
--


--
-- Table structure for table `email_failed_auth`
--

CREATE TABLE `email_failed_auth` (
  `id` int(10) unsigned NOT NULL AUTO_INCREMENT COMMENT 'Primary Key',
  `failures_num` int(10) unsigned DEFAULT NULL COMMENT 'Number of fails',
  `first_attempt_date` datetime DEFAULT NULL COMMENT 'First attempt date',
  `last_attempt_date` datetime DEFAULT NULL COMMENT 'Last attempt date',
  `url` varchar(255) DEFAULT NULL COMMENT 'URL',
  `store_id` int(10) unsigned DEFAULT NULL COMMENT 'Store Id',
  PRIMARY KEY (`id`),
  KEY `EMAIL_AUTH_EDC_STORE_ID` (`store_id`)
) ENGINE=InnoDB DEFAULT CHARSET=utf8 COMMENT='Email Failed Auth Table.';

--
-- Dumping data for table `email_failed_auth`
--


--
-- Table structure for table `email_importer`
--

CREATE TABLE `email_importer` (
  `id` int(10) unsigned NOT NULL AUTO_INCREMENT COMMENT 'Primary Key',
  `import_type` varchar(255) NOT NULL DEFAULT '' COMMENT 'Import Type',
  `website_id` smallint(6) NOT NULL DEFAULT '0' COMMENT 'Website Id',
  `import_status` smallint(6) NOT NULL DEFAULT '0' COMMENT 'Import Status',
  `import_id` varchar(255) NOT NULL DEFAULT '' COMMENT 'Import Id',
  `import_data` mediumblob NOT NULL COMMENT 'Import Data',
  `import_mode` varchar(255) NOT NULL DEFAULT '' COMMENT 'Import Mode',
  `import_file` text NOT NULL COMMENT 'Import File',
  `message` varchar(255) NOT NULL DEFAULT '' COMMENT 'Error Message',
  `created_at` timestamp NULL DEFAULT NULL COMMENT 'Creation Time',
  `updated_at` timestamp NULL DEFAULT NULL COMMENT 'Update Time',
  `import_started` timestamp NULL DEFAULT NULL COMMENT 'Import Started',
  `import_finished` timestamp NULL DEFAULT NULL COMMENT 'Import Finished',
  PRIMARY KEY (`id`),
  KEY `EMAIL_IMPORTER_IMPORT_TYPE` (`import_type`),
  KEY `EMAIL_IMPORTER_WEBSITE_ID` (`website_id`),
  KEY `EMAIL_IMPORTER_IMPORT_STATUS` (`import_status`),
  KEY `EMAIL_IMPORTER_IMPORT_MODE` (`import_mode`),
  KEY `EMAIL_IMPORTER_CREATED_AT` (`created_at`),
  KEY `EMAIL_IMPORTER_UPDATED_AT` (`updated_at`),
  KEY `EMAIL_IMPORTER_IMPORT_ID` (`import_id`),
  KEY `EMAIL_IMPORTER_IMPORT_STARTED` (`import_started`),
  KEY `EMAIL_IMPORTER_IMPORT_FINISHED` (`import_finished`)
) ENGINE=InnoDB DEFAULT CHARSET=utf8 COMMENT='Email Importer';

--
-- Dumping data for table `email_importer`
--


--
-- Table structure for table `email_order`
--

CREATE TABLE `email_order` (
  `email_order_id` int(10) unsigned NOT NULL AUTO_INCREMENT COMMENT 'Primary Key',
  `order_id` int(10) unsigned NOT NULL COMMENT 'Order ID',
  `order_status` varchar(255) NOT NULL COMMENT 'Order Status',
  `quote_id` int(10) unsigned NOT NULL COMMENT 'Sales Quote ID',
  `store_id` smallint(5) unsigned NOT NULL DEFAULT '0' COMMENT 'Store ID',
  `email_imported` smallint(5) unsigned NOT NULL DEFAULT '0' COMMENT 'Is Order Imported',
  `modified` smallint(5) unsigned DEFAULT NULL COMMENT 'Is Order Modified',
  `created_at` timestamp NULL DEFAULT NULL COMMENT 'Creation Time',
  `updated_at` timestamp NULL DEFAULT NULL COMMENT 'Update Time',
  PRIMARY KEY (`email_order_id`),
  KEY `EMAIL_ORDER_STORE_ID` (`store_id`),
  KEY `EMAIL_ORDER_QUOTE_ID` (`quote_id`),
  KEY `EMAIL_ORDER_EMAIL_IMPORTED` (`email_imported`),
  KEY `EMAIL_ORDER_ORDER_STATUS` (`order_status`),
  KEY `EMAIL_ORDER_MODIFIED` (`modified`),
  KEY `EMAIL_ORDER_UPDATED_AT` (`updated_at`),
  KEY `EMAIL_ORDER_CREATED_AT` (`created_at`),
  KEY `EMAIL_ORDER_ORDER_ID_SALES_ORDER_ENTITY_ID` (`order_id`),
  CONSTRAINT `EMAIL_ORDER_ORDER_ID_SALES_ORDER_ENTITY_ID` FOREIGN KEY (`order_id`) REFERENCES `sales_order` (`entity_id`) ON DELETE CASCADE,
  CONSTRAINT `EMAIL_ORDER_STORE_ID_STORE_STORE_ID` FOREIGN KEY (`store_id`) REFERENCES `store` (`store_id`) ON DELETE CASCADE
) ENGINE=InnoDB AUTO_INCREMENT=6 DEFAULT CHARSET=utf8 COMMENT='Transactional Order Data';

--
-- Dumping data for table `email_order`
--

INSERT INTO `email_order` VALUES (1,1,'pending',25,1,0,NULL,'2016-04-17 00:30:10','2016-04-17 00:30:29'),(2,2,'pending',34,1,0,NULL,'2016-04-25 05:17:01','2016-04-25 05:17:15'),(3,3,'pending',43,14,0,NULL,'2016-08-23 04:39:32','2016-08-23 04:39:48'),(4,4,'pending',49,1,0,NULL,'2017-02-21 02:36:18','2017-02-21 02:36:25'),(5,5,'pending',75,1,0,NULL,'2017-04-18 02:56:41','2017-04-18 02:56:42');

--
-- Table structure for table `email_review`
--

CREATE TABLE `email_review` (
  `id` int(10) unsigned NOT NULL AUTO_INCREMENT COMMENT 'Primary Key',
  `review_id` int(10) unsigned NOT NULL COMMENT 'Review Id',
  `customer_id` int(10) unsigned NOT NULL COMMENT 'Customer ID',
  `store_id` smallint(5) unsigned NOT NULL COMMENT 'Store Id',
  `review_imported` smallint(5) unsigned NOT NULL DEFAULT '0' COMMENT 'Review Imported',
  `created_at` timestamp NULL DEFAULT NULL COMMENT 'Creation Time',
  `updated_at` timestamp NULL DEFAULT NULL COMMENT 'Update Time',
  PRIMARY KEY (`id`),
  KEY `EMAIL_REVIEW_REVIEW_ID` (`review_id`),
  KEY `EMAIL_REVIEW_CUSTOMER_ID` (`customer_id`),
  KEY `EMAIL_REVIEW_STORE_ID` (`store_id`),
  KEY `EMAIL_REVIEW_REVIEW_IMPORTED` (`review_imported`),
  KEY `EMAIL_REVIEW_CREATED_AT` (`created_at`),
  KEY `EMAIL_REVIEW_UPDATED_AT` (`updated_at`)
) ENGINE=InnoDB DEFAULT CHARSET=utf8 COMMENT='Connector Reviews';

--
-- Dumping data for table `email_review`
--


--
-- Table structure for table `email_rules`
--

CREATE TABLE `email_rules` (
  `id` int(10) unsigned NOT NULL AUTO_INCREMENT COMMENT 'Primary Key',
  `name` varchar(255) NOT NULL DEFAULT '' COMMENT 'Rule Name',
  `website_ids` varchar(255) NOT NULL DEFAULT '0' COMMENT 'Website Id',
  `type` smallint(6) NOT NULL DEFAULT '0' COMMENT 'Rule Type',
  `status` smallint(6) NOT NULL DEFAULT '0' COMMENT 'Status',
  `combination` smallint(6) NOT NULL DEFAULT '1' COMMENT 'Rule Condition',
  `conditions` blob NOT NULL COMMENT 'Rule Conditions',
  `created_at` timestamp NULL DEFAULT NULL COMMENT 'Creation Time',
  `updated_at` timestamp NULL DEFAULT NULL COMMENT 'Update Time',
  PRIMARY KEY (`id`)
) ENGINE=InnoDB DEFAULT CHARSET=utf8 COMMENT='Connector Rules';

--
-- Dumping data for table `email_rules`
--


--
-- Table structure for table `email_sms_order_queue`
--

CREATE TABLE `email_sms_order_queue` (
  `id` int(10) unsigned NOT NULL AUTO_INCREMENT COMMENT 'Primary key',
  `website_id` smallint(5) unsigned NOT NULL DEFAULT '0' COMMENT 'Website ID',
  `store_id` smallint(5) unsigned NOT NULL DEFAULT '0' COMMENT 'Store ID',
  `type_id` smallint(5) unsigned NOT NULL DEFAULT '0' COMMENT 'Type ID',
  `order_id` smallint(5) unsigned NOT NULL COMMENT 'Order ID',
  `phone_number` varchar(255) DEFAULT NULL COMMENT 'Phone number',
  `email` varchar(255) DEFAULT NULL COMMENT 'Customer email',
  `additional_data` text COMMENT 'Additional data',
  `status` smallint(6) DEFAULT NULL COMMENT 'Status',
  `content` text COMMENT 'Message content',
  `message_id` varchar(255) DEFAULT NULL COMMENT 'Message ID',
  `message` text COMMENT 'Delivery message',
  `sent_at` timestamp NULL DEFAULT NULL COMMENT 'Sent at date',
  `created_at` timestamp NOT NULL DEFAULT CURRENT_TIMESTAMP COMMENT 'Creation time',
  `updated_at` timestamp NULL DEFAULT NULL COMMENT 'Update time',
  PRIMARY KEY (`id`),
  KEY `EMAIL_SMS_ORDER_QUEUE_WEBSITE_ID` (`website_id`),
  KEY `EMAIL_SMS_ORDER_QUEUE_STORE_ID` (`store_id`),
  CONSTRAINT `EMAIL_SMS_ORDER_QUEUE_STORE_ID_STORE_STORE_ID` FOREIGN KEY (`store_id`) REFERENCES `store` (`store_id`) ON DELETE CASCADE,
  CONSTRAINT `EMAIL_SMS_ORDER_QUEUE_WEBSITE_ID_STORE_WEBSITE_WEBSITE_ID` FOREIGN KEY (`website_id`) REFERENCES `store_website` (`website_id`) ON DELETE CASCADE
) ENGINE=InnoDB DEFAULT CHARSET=utf8 COMMENT='Dotdigital SMS order queue table';

--
-- Dumping data for table `email_sms_order_queue`
--


--
-- Table structure for table `email_template`
--

CREATE TABLE `email_template` (
  `template_id` int(10) unsigned NOT NULL AUTO_INCREMENT COMMENT 'Template ID',
  `template_code` varchar(150) NOT NULL COMMENT 'Template Name',
  `template_text` text NOT NULL COMMENT 'Template Content',
  `template_styles` text COMMENT 'Templste Styles',
  `template_type` int(10) unsigned DEFAULT NULL COMMENT 'Template Type',
  `template_subject` varchar(200) NOT NULL COMMENT 'Template Subject',
  `template_sender_name` varchar(200) DEFAULT NULL COMMENT 'Template Sender Name',
  `template_sender_email` varchar(200) DEFAULT NULL COMMENT 'Template Sender Email',
  `added_at` timestamp NOT NULL DEFAULT CURRENT_TIMESTAMP COMMENT 'Date of Template Creation',
  `modified_at` timestamp NOT NULL DEFAULT CURRENT_TIMESTAMP ON UPDATE CURRENT_TIMESTAMP COMMENT 'Date of Template Modification',
  `orig_template_code` varchar(200) DEFAULT NULL COMMENT 'Original Template Code',
  `orig_template_variables` text COMMENT 'Original Template Variables',
  `is_legacy` tinyint(1) NOT NULL DEFAULT '0' COMMENT 'Should the template render in legacy mode',
  PRIMARY KEY (`template_id`),
  UNIQUE KEY `EMAIL_TEMPLATE_TEMPLATE_CODE` (`template_code`),
  KEY `EMAIL_TEMPLATE_ADDED_AT` (`added_at`),
  KEY `EMAIL_TEMPLATE_MODIFIED_AT` (`modified_at`)
) ENGINE=InnoDB AUTO_INCREMENT=3 DEFAULT CHARSET=utf8 COMMENT='Email Templates';

--
-- Dumping data for table `email_template`
--

INSERT INTO `email_template` VALUES (1,'New Pickup Order','<!--@subject {{trans \"Your %store_name order confirmation\" store_name=$store.getFrontendName()}} @-->\n<!--@vars {\n\"var order.getCustomerName()\":\"Customer Name\",\n\"var store.getFrontendName()\":\"Customer Name\",\n\"var is_pickup_order\":\"Check if order is a pickup order\",\n\"var $this.getUrl($store,\'customer/account/\',[_nosid:1]) |raw\":\"Gets the link to the Customer Account\",\n\"var store_email |raw\":\"Defined Email Address for this type of mails\",\n\"var store_phone |raw\":\"Defined Phone Number in the Store Information\",\n\"var store_hours |raw\":\"Defined Opening Hours Phone Number in the Store Information\",\n\"var order.increment_id |raw\":\"Order Id\",\n\"var order.getCreatedAtFormatted(2) |raw\":\"Get the date of order creation\",\n\"var order.getEmailCustomerNote()\":\"Email Order Note\",\n\"var formattedBillingAddress|raw\":\"Billing Address\",\n\"var order.getIsNotVirtual()\":\"Check if shipment exists\",\n\"var pickupAddress|raw\":\"Pickup Location Address\",\n\"var formattedShippingAddress|raw\":\"Customer Shipping Address\",\n\"var payment_html|raw\":\"Payment Details\",\n\"var order.getShippingDescription()\":\"Shipping Description\",\n\"var shipping_msg\":\"Shipping message\",\n\"layout handle=\\\"sales_email_order_items\\\" order=$order area=\\\"frontend\\\"\":\"Order Items Grid\"\n} @-->\n\n{{template config_path=\"design/email/header_template\"}}\n\n<table>\n    <tr class=\"email-intro\">\n        <td>\n            <p class=\"greeting\">{{trans \"%customer_name,\" customer_name=$order.getCustomerName()}}</p>\n            <p>\n                {{trans \"Thank you for your order from %store_name.\" store_name=$store.getFrontendName()}}\n                {{if is_pickup_order}}\n                    {{trans \"We will send you a notification once your items are ready for pickup.\"}}\n                {{else}}\n                    {{trans \"Once your package ships we will send you a tracking number.\"}}\n                {{/if}}\n                {{trans \'You can check the status of your order by <a href=\"%account_url\">logging into your account</a>.\' account_url=$this.getUrl($store,\'customer/account/\',[_nosid:1]) |raw}}\n            </p>\n            <p>\n                {{trans \'If you have questions about your order, you can email us at <a href=\"mailto:%store_email\">%store_email</a>\' store_email=$store_email |raw}}{{depend store_phone}} {{trans \' or call us at <a href=\"tel:%store_phone\">%store_phone</a>\' store_phone=$store_phone |raw}}{{/depend}}.\n                {{depend store_hours}}\n                {{trans \'Our hours are <span class=\"no-link\">%store_hours</span>.\' store_hours=$store_hours |raw}}\n                {{/depend}}\n            </p>\n        </td>\n    </tr>\n    <tr class=\"email-summary\">\n        <td>\n            <h1>{{trans \'Your Order <span class=\"no-link\">#%increment_id</span>\' increment_id=$order.increment_id |raw}}</h1>\n            <p>{{trans \'Placed on <span class=\"no-link\">%created_at</span>\' created_at=$order.getCreatedAtFormatted(2) |raw}}</p>\n        </td>\n    </tr>\n    <tr class=\"email-information\">\n        <td>\n            {{depend order.getEmailCustomerNote()}}\n            <table class=\"message-info\">\n                <tr>\n                    <td>\n                        {{var order.getEmailCustomerNote()|escape|nl2br}}\n                    </td>\n                </tr>\n            </table>\n            {{/depend}}\n            <table class=\"order-details\">\n                <tr>\n                    <td class=\"address-details\">\n                        <h3>{{trans \"Billing Info\"}}</h3>\n                        <p>{{var formattedBillingAddress|raw}}</p>\n                    </td>\n                    {{depend order.getIsNotVirtual()}}\n                    <td class=\"address-details\">\n                        <h3>{{trans \"Shipping Info\"}}</h3>\n                        {{if is_pickup_order}}\n                            <h4>{{trans \"Pickup Location\"}}</h4>\n                            <p>{{var pickupAddress|raw}}</p>\n                            <h4>{{trans \"Recipient Address\"}}</h4>\n                        {{/if}}\n                        <p>{{var formattedShippingAddress|raw}}</p>\n                    </td>\n                    {{/depend}}\n                </tr>\n                <tr>\n                    <td class=\"method-info\">\n                        <h3>{{trans \"Payment Method\"}}</h3>\n                        {{var payment_html|raw}}\n                    </td>\n                    {{depend order.getIsNotVirtual()}}\n                    <td class=\"method-info\">\n                        <h3>{{trans \"Shipping Method\"}}</h3>\n                        <p>{{var order.getShippingDescription()}}</p>\n                        {{if shipping_msg}}\n                        <p>{{var shipping_msg}}</p>\n                        {{/if}}\n                    </td>\n                    {{/depend}}\n                </tr>\n            </table>\n            {{layout handle=\"sales_email_order_items\" order=$order area=\"frontend\"}}\n        </td>\n    </tr>\n</table>\n\n{{template config_path=\"design/email/footer_template\"}}\n',NULL,2,'{{trans \"Your %store_name order confirmation\" store_name=$store.getFrontendName()}}',NULL,NULL,'2019-01-06 11:12:13','2020-03-16 07:28:06','sales_email_order_template','{\"var formattedBillingAddress|raw\":\"Billing Address\",\"var order.getEmailCustomerNote()\":\"Email Order Note\",\"var order.increment_id\":\"Order Id\",\"layout handle=\\\"sales_email_order_items\\\" order=$order area=\\\"frontend\\\"\":\"Order Items Grid\",\"var payment_html|raw\":\"Payment Details\",\"var formattedShippingAddress|raw\":\"Shipping Address\",\"var order.getShippingDescription()\":\"Shipping Description\",\"var shipping_msg\":\"Shipping message\"}',1),(2,'New Pickup Order For Guest','<!--@subject {{trans \"Your %store_name order confirmation\" store_name=$store.getFrontendName()}} @-->\n<!--@vars {\n\"var order.getBillingAddress().getName()\":\"Guest Customer Name\",\n\"var store.getFrontendName()\":\"Customer Name\",\n\"var is_pickup_order\":\"Check if order is a pickup order\",\n\"var store_email |raw\":\"Defined Email Address for this type of mails\",\n\"var store_phone |raw\":\"Defined Phone Number in the Store Information\",\n\"var store_hours |raw\":\"Defined Opening Hours Phone Number in the Store Information\",\n\"var order.increment_id |raw\":\"Order Id\",\n\"var order.getCreatedAtFormatted(2) |raw\":\"Get the date of order creation\",\n\"var order.getEmailCustomerNote()\":\"Email Order Note\",\n\"var formattedBillingAddress|raw\":\"Billing Address\",\n\"var order.getIsNotVirtual()\":\"Check if shipment exists\",\n\"var pickupAddress|raw\":\"Pickup Location Address\",\n\"var formattedShippingAddress|raw\":\"Customer Shipping Address\",\n\"var payment_html|raw\":\"Payment Details\",\n\"var order.getShippingDescription()\":\"Shipping Description\",\n\"var shipping_msg\":\"Shipping message\",\n\"layout handle=\\\"sales_email_order_items\\\" order=$order area=\\\"frontend\\\"\":\"Order Items Grid\"\n} @-->\n\n{{template config_path=\"design/email/header_template\"}}\n\n<table>\n    <tr class=\"email-intro\">\n        <td>\n            <p class=\"greeting\">{{trans \"%name,\" name=$order.getBillingAddress().getName()}}</p>\n            <p>\n                {{trans \"Thank you for your order from %store_name.\" store_name=$store.getFrontendName()}}\n                {{if is_pickup_order}}\n                    {{trans \"We will send you a notification once your items are ready for pickup.\"}}\n                {{else}}\n                    {{trans \"Once your package ships we will send an email with a link to track your order.\"}}\n                {{/if}}\n                {{trans \'If you have questions about your order, you can email us at <a href=\"mailto:%store_email\">%store_email</a>\' store_email=$store_email |raw}}{{depend store_phone}} {{trans \' or call us at <a href=\"tel:%store_phone\">%store_phone</a>\' store_phone=$store_phone |raw}}{{/depend}}.\n                {{depend store_hours}}\n                    {{trans \'Our hours are <span class=\"no-link\">%store_hours</span>.\' store_hours=$store_hours |raw}}\n                {{/depend}}\n            </p>\n        </td>\n    </tr>\n    <tr class=\"email-summary\">\n        <td>\n            <h1>{{trans \'Your Order <span class=\"no-link\">#%increment_id</span>\' increment_id=$order.increment_id |raw}}</h1>\n            <p>{{trans \'Placed on <span class=\"no-link\">%created_at</span>\' created_at=$order.getCreatedAtFormatted(2) |raw}}</p>\n        </td>\n    </tr>\n    <tr class=\"email-information\">\n        <td>\n            {{depend order.getEmailCustomerNote()}}\n            <table class=\"message-info\">\n                <tr>\n                    <td>\n                        {{var order.getEmailCustomerNote()|escape|nl2br}}\n                    </td>\n                </tr>\n            </table>\n            {{/depend}}\n            <table class=\"order-details\">\n                <tr>\n                    <td class=\"address-details\">\n                        <h3>{{trans \"Billing Info\"}}</h3>\n                        <p>{{var formattedBillingAddress|raw}}</p>\n                    </td>\n                    {{depend order.getIsNotVirtual()}}\n                    <td class=\"address-details\">\n                        <h3>{{trans \"Shipping Info\"}}</h3>\n                        {{if is_pickup_order}}\n                            <h4>{{trans \"Pickup Location\"}}</h4>\n                            <p>{{var pickupAddress|raw}}</p>\n                            <h4>{{trans \"Recipient Address\"}}</h4>\n                        {{/if}}\n                        <p>{{var formattedShippingAddress|raw}}</p>\n                    </td>\n                    {{/depend}}\n                </tr>\n                <tr>\n                    <td class=\"method-info\">\n                        <h3>{{trans \"Payment Method\"}}</h3>\n                        {{var payment_html|raw}}\n                    </td>\n                    {{depend order.getIsNotVirtual()}}\n                    <td class=\"method-info\">\n                        <h3>{{trans \"Shipping Method\"}}</h3>\n                        <p>{{var order.getShippingDescription()}}</p>\n                        {{if shipping_msg}}\n                        <p>{{var shipping_msg}}</p>\n                        {{/if}}\n                    </td>\n                    {{/depend}}\n                </tr>\n            </table>\n            {{layout handle=\"sales_email_order_items\" order=$order}}\n        </td>\n    </tr>\n</table>\n\n{{template config_path=\"design/email/footer_template\"}}\n',NULL,2,'{{trans \"Your %store_name order confirmation\" store_name=$store.getFrontendName()}}',NULL,NULL,'2019-01-06 11:12:13','2020-03-16 07:28:06','sales_email_order_guest_template','{\"var formattedBillingAddress|raw\":\"Billing Address\",\"var order.getEmailCustomerNote()\":\"Email Order Note\",\"var order.getBillingAddress().getName()\":\"Guest Customer Name\",\"var order.getCreatedAtFormatted(2)\":\"Order Created At (datetime)\",\"var order.increment_id\":\"Order Id\",\"layout handle=\\\"sales_email_order_items\\\" order=$order\":\"Order Items Grid\",\"var payment_html|raw\":\"Payment Details\",\"var formattedShippingAddress|raw\":\"Shipping Address\",\"var order.getShippingDescription()\":\"Shipping Description\",\"var shipping_msg\":\"Shipping message\"}',1);

--
-- Table structure for table `email_wishlist`
--

CREATE TABLE `email_wishlist` (
  `id` int(10) unsigned NOT NULL AUTO_INCREMENT COMMENT 'Primary Key',
  `wishlist_id` int(10) unsigned NOT NULL COMMENT 'Wishlist Id',
  `item_count` int(10) unsigned NOT NULL COMMENT 'Item Count',
  `customer_id` int(10) unsigned DEFAULT NULL COMMENT 'Customer ID',
  `store_id` smallint(5) unsigned NOT NULL COMMENT 'Store Id',
  `wishlist_imported` smallint(5) unsigned NOT NULL DEFAULT '0' COMMENT 'Wishlist Imported',
  `wishlist_modified` smallint(5) unsigned DEFAULT NULL COMMENT 'Wishlist Modified [deprecated]',
  `created_at` timestamp NULL DEFAULT NULL COMMENT 'Creation Time',
  `updated_at` timestamp NULL DEFAULT NULL COMMENT 'Update Time',
  PRIMARY KEY (`id`),
  KEY `EMAIL_WISHLIST_WISHLIST_ID` (`wishlist_id`),
  KEY `EMAIL_WISHLIST_ITEM_COUNT` (`item_count`),
  KEY `EMAIL_WISHLIST_CUSTOMER_ID` (`customer_id`),
  KEY `EMAIL_WISHLIST_WISHLIST_MODIFIED` (`wishlist_modified`),
  KEY `EMAIL_WISHLIST_WISHLIST_IMPORTED` (`wishlist_imported`),
  KEY `EMAIL_WISHLIST_CREATED_AT` (`created_at`),
  KEY `EMAIL_WISHLIST_UPDATED_AT` (`updated_at`),
  KEY `EMAIL_WISHLIST_STORE_ID` (`store_id`),
  CONSTRAINT `EMAIL_WISHLIST_CUSTOMER_ID_CUSTOMER_ENTITY_ENTITY_ID` FOREIGN KEY (`customer_id`) REFERENCES `customer_entity` (`entity_id`) ON DELETE CASCADE,
  CONSTRAINT `EMAIL_WISHLIST_WISHLIST_ID_WISHLIST_WISHLIST_ID` FOREIGN KEY (`wishlist_id`) REFERENCES `wishlist` (`wishlist_id`) ON DELETE CASCADE
) ENGINE=InnoDB DEFAULT CHARSET=utf8 COMMENT='Connector Wishlist';

--
-- Dumping data for table `email_wishlist`
--


--
-- Table structure for table `flag`
--

CREATE TABLE `flag` (
  `flag_id` int(10) unsigned NOT NULL AUTO_INCREMENT COMMENT 'Flag Id',
  `flag_code` varchar(255) NOT NULL COMMENT 'Flag Code',
  `state` smallint(5) unsigned NOT NULL DEFAULT '0' COMMENT 'Flag State',
  `flag_data` mediumtext,
  `last_update` timestamp NOT NULL DEFAULT CURRENT_TIMESTAMP ON UPDATE CURRENT_TIMESTAMP COMMENT 'Date of Last Flag Update',
  PRIMARY KEY (`flag_id`),
  KEY `FLAG_LAST_UPDATE` (`last_update`)
) ENGINE=InnoDB AUTO_INCREMENT=12 DEFAULT CHARSET=utf8 COMMENT='Flag';

--
-- Dumping data for table `flag`
--

INSERT INTO `flag` VALUES (1,'report_order_aggregated',0,NULL,'2016-08-23 04:56:06'),(2,'report_tax_aggregated',0,NULL,'2016-08-23 04:56:06'),(3,'report_shipping_aggregated',0,NULL,'2016-08-23 04:56:07'),(4,'report_invoiced_aggregated',0,NULL,'2016-08-23 04:56:07'),(5,'report_refunded_aggregated',0,NULL,'2016-08-23 04:56:07'),(6,'report_coupons_aggregated',0,NULL,'2016-08-23 04:56:07'),(7,'report_bestsellers_aggregated',0,NULL,'2016-08-23 04:56:09'),(8,'report_product_viewed_aggregated',0,NULL,'2016-08-23 04:56:16'),(9,'analytics_link_attempts_reverse_counter',0,'24','2017-12-20 03:51:36'),(10,'catalog_website_attribute_is_sync_required',0,'2','2018-04-10 04:40:39'),(11,'config_hash',0,'{\"system\":\"2be88ca4242c76e8253ac62474851065032d6833\"}','2019-04-11 13:37:54');

--
-- Table structure for table `gift_message`
--

CREATE TABLE `gift_message` (
  `gift_message_id` int(10) unsigned NOT NULL AUTO_INCREMENT COMMENT 'GiftMessage ID',
  `customer_id` int(10) unsigned NOT NULL DEFAULT '0' COMMENT 'Customer ID',
  `sender` varchar(255) DEFAULT NULL COMMENT 'Sender',
  `recipient` varchar(255) DEFAULT NULL COMMENT 'Registrant',
  `message` text COMMENT 'Message',
  PRIMARY KEY (`gift_message_id`)
) ENGINE=InnoDB DEFAULT CHARSET=utf8 COMMENT='Gift Message';

--
-- Dumping data for table `gift_message`
--


--
-- Table structure for table `googleoptimizer_code`
--

CREATE TABLE `googleoptimizer_code` (
  `code_id` int(10) unsigned NOT NULL AUTO_INCREMENT COMMENT 'Google experiment code ID',
  `entity_id` int(10) unsigned NOT NULL COMMENT 'Optimized entity ID product ID or catalog ID',
  `entity_type` varchar(50) DEFAULT NULL COMMENT 'Optimized entity type',
  `store_id` smallint(5) unsigned NOT NULL COMMENT 'Store ID',
  `experiment_script` text COMMENT 'Google experiment script',
  PRIMARY KEY (`code_id`),
  UNIQUE KEY `GOOGLEOPTIMIZER_CODE_STORE_ID_ENTITY_ID_ENTITY_TYPE` (`store_id`,`entity_id`,`entity_type`),
  CONSTRAINT `GOOGLEOPTIMIZER_CODE_STORE_ID_STORE_STORE_ID` FOREIGN KEY (`store_id`) REFERENCES `store` (`store_id`) ON DELETE CASCADE
) ENGINE=InnoDB DEFAULT CHARSET=utf8 COMMENT='Google Experiment code';

--
-- Dumping data for table `googleoptimizer_code`
--


--
-- Table structure for table `import_history`
--

CREATE TABLE `import_history` (
  `history_id` int(10) unsigned NOT NULL AUTO_INCREMENT COMMENT 'History record ID',
  `started_at` timestamp NOT NULL DEFAULT CURRENT_TIMESTAMP COMMENT 'Started at',
  `user_id` int(10) unsigned NOT NULL DEFAULT '0' COMMENT 'User ID',
  `imported_file` varchar(255) DEFAULT NULL COMMENT 'Imported file',
  `execution_time` varchar(255) DEFAULT NULL COMMENT 'Execution time',
  `summary` varchar(255) DEFAULT NULL COMMENT 'Summary',
  `error_file` varchar(255) NOT NULL COMMENT 'Imported file with errors',
  PRIMARY KEY (`history_id`)
) ENGINE=InnoDB DEFAULT CHARSET=utf8 COMMENT='Import history table';

--
-- Dumping data for table `import_history`
--


--
-- Table structure for table `importexport_importdata`
--

CREATE TABLE `importexport_importdata` (
  `id` int(10) unsigned NOT NULL AUTO_INCREMENT COMMENT 'ID',
  `entity` varchar(50) NOT NULL COMMENT 'Entity',
  `behavior` varchar(10) NOT NULL DEFAULT 'append' COMMENT 'Behavior',
  `data` longtext COMMENT 'Data',
  PRIMARY KEY (`id`)
) ENGINE=InnoDB DEFAULT CHARSET=utf8 COMMENT='Import Data Table';

--
-- Dumping data for table `importexport_importdata`
--


--
-- Table structure for table `indexer_state`
--

CREATE TABLE `indexer_state` (
  `state_id` int(10) unsigned NOT NULL AUTO_INCREMENT COMMENT 'Indexer State ID',
  `indexer_id` varchar(255) DEFAULT NULL COMMENT 'Indexer ID',
  `status` varchar(16) DEFAULT 'invalid' COMMENT 'Indexer Status',
  `updated` datetime DEFAULT NULL COMMENT 'Indexer Status',
  `hash_config` varchar(32) NOT NULL COMMENT 'Hash of indexer config',
  PRIMARY KEY (`state_id`),
  KEY `INDEXER_STATE_INDEXER_ID` (`indexer_id`)
) ENGINE=InnoDB AUTO_INCREMENT=18 DEFAULT CHARSET=utf8 COMMENT='Indexer State';

--
-- Dumping data for table `indexer_state`
--

INSERT INTO `indexer_state` VALUES (1,'customer_grid','valid','2022-09-05 01:18:55','7a77c1fc795c8e6cd80b4796ca00f3ce'),(2,'catalog_category_product','invalid','2022-09-05 01:18:49','733405e9c02de6ccf1b5fb50c2722d9f'),(3,'catalog_product_category','invalid','2022-09-05 01:18:49','2ddca7f8c101d1b6546e2299ff070aed'),(4,'catalog_product_price','invalid','2022-09-05 01:18:49','60850f329441e24829e6d923df55d8fd'),(5,'catalog_product_attribute','invalid','2022-09-05 01:18:49','3b950a1f6fa8f426007bcbce7112b87f'),(6,'cataloginventory_stock','invalid','2022-09-05 01:18:49','f0fa5daea5c196b761cd734ef430180b'),(7,'catalogrule_rule','invalid','2022-09-05 01:18:49','330ebc7c7efd98f6e522dfccfb4196f0'),(8,'catalogrule_product','invalid','2022-09-05 01:18:49','7c4dbe22487dd742ddc0e0c3d3e4da02'),(9,'catalogsearch_fulltext','invalid','2022-09-05 01:18:49','702cb7e44d94410f833093a612c83073'),(10,'design_config_grid','valid','2022-09-05 12:38:02','178ae559991e53e084881bed48b2e3a4'),(15,'catalog_category_flat','valid','2021-11-18 10:20:29','e60b67b604c9dd7973792a8fa9749ed8'),(16,'catalog_product_flat','invalid','2022-02-09 07:44:12','ca03c6a21d1914fb3fbb2a9a60ac00a2'),(17,'inventory','invalid','2022-09-05 01:18:49','f1c1c747dde45c288a365095e46284dd');

--
-- Table structure for table `integration`
--

CREATE TABLE `integration` (
  `integration_id` int(10) unsigned NOT NULL AUTO_INCREMENT COMMENT 'Integration ID',
  `name` varchar(255) NOT NULL COMMENT 'Integration name is displayed in the admin interface',
  `email` varchar(255) NOT NULL COMMENT 'Email address of the contact person',
  `endpoint` varchar(255) DEFAULT NULL COMMENT 'Endpoint for posting consumer credentials',
  `status` smallint(5) unsigned NOT NULL COMMENT 'Integration status',
  `consumer_id` int(10) unsigned DEFAULT NULL COMMENT 'Oauth consumer',
  `created_at` timestamp NOT NULL DEFAULT CURRENT_TIMESTAMP COMMENT 'Creation Time',
  `updated_at` timestamp NOT NULL DEFAULT CURRENT_TIMESTAMP ON UPDATE CURRENT_TIMESTAMP COMMENT 'Update Time',
  `setup_type` smallint(5) unsigned NOT NULL DEFAULT '0' COMMENT 'Integration type - manual or config file',
  `identity_link_url` varchar(255) DEFAULT NULL COMMENT 'Identity linking Url',
  PRIMARY KEY (`integration_id`),
  UNIQUE KEY `INTEGRATION_NAME` (`name`),
  UNIQUE KEY `INTEGRATION_CONSUMER_ID` (`consumer_id`),
  CONSTRAINT `INTEGRATION_CONSUMER_ID_OAUTH_CONSUMER_ENTITY_ID` FOREIGN KEY (`consumer_id`) REFERENCES `oauth_consumer` (`entity_id`) ON DELETE CASCADE
) ENGINE=InnoDB AUTO_INCREMENT=11 DEFAULT CHARSET=utf8 COMMENT='integration';

--
-- Dumping data for table `integration`
--

INSERT INTO `integration` VALUES (10,'Magento Social','social-support@magento.com','https://fbapp.ezsocialshop.com/facebook/index.php/magento_auth',2,10,'2018-08-02 06:45:48','2018-08-02 06:45:48',1,'https://fbapp.ezsocialshop.com/facebook/index.php/magento2/show_magento_success_popup');

--
-- Table structure for table `inventory_geoname`
--

CREATE TABLE `inventory_geoname` (
  `country_code` varchar(64) NOT NULL,
  `postcode` varchar(64) NOT NULL,
  `city` varchar(180) NOT NULL,
  `region` varchar(100) NOT NULL,
  `province` varchar(64) NOT NULL,
  `latitude` double NOT NULL,
  `longitude` double NOT NULL,
  `entity_id` int(10) unsigned NOT NULL AUTO_INCREMENT COMMENT 'entity id',
  PRIMARY KEY (`entity_id`)
) ENGINE=InnoDB DEFAULT CHARSET=utf8;

--
-- Dumping data for table `inventory_geoname`
--


--
-- Table structure for table `inventory_low_stock_notification_configuration`
--

CREATE TABLE `inventory_low_stock_notification_configuration` (
  `source_code` varchar(255) NOT NULL,
  `sku` varchar(64) NOT NULL,
  `notify_stock_qty` decimal(12,4) DEFAULT NULL,
  PRIMARY KEY (`source_code`,`sku`)
) ENGINE=InnoDB DEFAULT CHARSET=utf8;

--
-- Dumping data for table `inventory_low_stock_notification_configuration`
--


--
-- Table structure for table `inventory_order_notification`
--

CREATE TABLE `inventory_order_notification` (
  `order_id` int(10) unsigned NOT NULL AUTO_INCREMENT COMMENT 'Order ID',
  `notification_sent` smallint(6) NOT NULL COMMENT 'Has Notification Been Sent For Order',
  `send_notification` smallint(6) NOT NULL COMMENT 'Should Notification Be Send For Order',
  PRIMARY KEY (`order_id`),
  CONSTRAINT `INVENTORY_ORDER_NOTIFICATION_ORDER_ID_SALES_ORDER_ENTITY_ID` FOREIGN KEY (`order_id`) REFERENCES `sales_order` (`entity_id`) ON DELETE CASCADE
) ENGINE=InnoDB DEFAULT CHARSET=utf8;

--
-- Dumping data for table `inventory_order_notification`
--


--
-- Table structure for table `inventory_pickup_location_order`
--

CREATE TABLE `inventory_pickup_location_order` (
  `order_id` int(10) unsigned NOT NULL AUTO_INCREMENT COMMENT 'Order ID',
  `pickup_location_code` varchar(255) NOT NULL COMMENT 'Pickup Location Code',
  PRIMARY KEY (`order_id`),
  CONSTRAINT `INVENTORY_PICKUP_LOCATION_ORDER_ORDER_ID_SALES_ORDER_ENTITY_ID` FOREIGN KEY (`order_id`) REFERENCES `sales_order` (`entity_id`) ON DELETE CASCADE
) ENGINE=InnoDB DEFAULT CHARSET=utf8;

--
-- Dumping data for table `inventory_pickup_location_order`
--


--
-- Table structure for table `inventory_pickup_location_quote_address`
--

CREATE TABLE `inventory_pickup_location_quote_address` (
  `address_id` int(10) unsigned NOT NULL AUTO_INCREMENT COMMENT 'Quote Address ID',
  `pickup_location_code` varchar(255) NOT NULL COMMENT 'Pickup Location Code',
  PRIMARY KEY (`address_id`),
  CONSTRAINT `INV_PICKUP_LOCATION_QUOTE_ADDR_ADDR_ID_QUOTE_ADDR_ADDR_ID` FOREIGN KEY (`address_id`) REFERENCES `quote_address` (`address_id`) ON DELETE CASCADE
) ENGINE=InnoDB DEFAULT CHARSET=utf8;

--
-- Dumping data for table `inventory_pickup_location_quote_address`
--


--
-- Table structure for table `inventory_reservation`
--

CREATE TABLE `inventory_reservation` (
  `reservation_id` int(10) unsigned NOT NULL AUTO_INCREMENT,
  `stock_id` int(10) unsigned NOT NULL,
  `sku` varchar(64) NOT NULL,
  `quantity` decimal(10,4) NOT NULL DEFAULT '0.0000',
  `metadata` varchar(255) DEFAULT NULL,
  PRIMARY KEY (`reservation_id`),
  KEY `INVENTORY_RESERVATION_STOCK_ID_SKU_QUANTITY` (`stock_id`,`sku`,`quantity`)
) ENGINE=InnoDB AUTO_INCREMENT=16 DEFAULT CHARSET=utf8;

--
-- Dumping data for table `inventory_reservation`
--

INSERT INTO `inventory_reservation` VALUES (1,1,'MH16',-1.0000,'{\"event_type\":\"order_placed\",\"object_type\":\"order\",\"object_id\":\"\",\"object_increment_id\":\"16000000004\"}'),(2,1,'Sweet-Pear-Lapis-Sterling-Silver-Ring',-1.0000,'{\"event_type\":\"order_placed\",\"object_type\":\"order\",\"object_id\":\"\",\"object_increment_id\":\"000000017\"}'),(3,1,'demo_3',-1.0000,'{\"event_type\":\"order_placed\",\"object_type\":\"order\",\"object_id\":\"\",\"object_increment_id\":\"000000018\"}'),(4,1,'demo_3',-1.0000,'{\"event_type\":\"order_placed\",\"object_type\":\"order\",\"object_id\":\"\",\"object_increment_id\":\"000000019\"}'),(5,1,'Lotus-Leaf-Marcasite-Ring-with-Square-Agate',-1.0000,'{\"event_type\":\"order_placed\",\"object_type\":\"order\",\"object_id\":\"\",\"object_increment_id\":\"12000000001\"}'),(6,1,'demo_1',-1.0000,'{\"event_type\":\"order_placed\",\"object_type\":\"order\",\"object_id\":\"\",\"object_increment_id\":\"30000000001\"}'),(7,1,'Lotus-Leaf-Marcasite-Ring-with-Square-Agate',-1.0000,'{\"event_type\":\"order_placed\",\"object_type\":\"order\",\"object_id\":\"\",\"object_increment_id\":\"10000000004\"}'),(8,1,'Marcasite-Halo-Signet-Earring',-1.0000,'{\"event_type\":\"order_placed\",\"object_type\":\"order\",\"object_id\":\"\",\"object_increment_id\":\"000000020\"}'),(9,1,'Lotus-Leaf-Marcasite-Ring-with-Square-Agate',-1.0000,'{\"event_type\":\"order_placed\",\"object_type\":\"order\",\"object_id\":\"\",\"object_increment_id\":\"000000021\"}'),(10,1,'demo_6',-1.0000,'{\"event_type\":\"order_placed\",\"object_type\":\"order\",\"object_id\":\"\",\"object_increment_id\":\"000000022\"}'),(11,1,'Cloud-Print-Leggings',-1.0000,'{\"event_type\":\"order_placed\",\"object_type\":\"order\",\"object_id\":\"\",\"object_increment_id\":\"000000023\"}'),(12,1,'demo_1',-1.0000,'{\"event_type\":\"order_placed\",\"object_type\":\"order\",\"object_id\":\"\",\"object_increment_id\":\"4000000004\"}'),(13,1,'demo_6',-1.0000,'{\"event_type\":\"order_placed\",\"object_type\":\"order\",\"object_id\":\"\",\"object_increment_id\":\"6000000002\"}'),(14,1,'demo_3',-1.0000,'{\"event_type\":\"order_placed\",\"object_type\":\"order\",\"object_id\":\"\",\"object_increment_id\":\"000000026\"}'),(15,1,'demo_3',-1.0000,'{\"event_type\":\"order_placed\",\"object_type\":\"order\",\"object_id\":\"\",\"object_increment_id\":\"10000000006\"}');

--
-- Table structure for table `inventory_shipment_source`
--

CREATE TABLE `inventory_shipment_source` (
  `shipment_id` int(10) unsigned NOT NULL,
  `source_code` varchar(255) NOT NULL,
  PRIMARY KEY (`shipment_id`)
) ENGINE=InnoDB DEFAULT CHARSET=utf8;

--
-- Dumping data for table `inventory_shipment_source`
--


--
-- Table structure for table `inventory_source`
--

CREATE TABLE `inventory_source` (
  `source_code` varchar(255) NOT NULL,
  `name` varchar(255) NOT NULL,
  `enabled` smallint(5) unsigned NOT NULL DEFAULT '1',
  `description` text,
  `latitude` decimal(8,6) DEFAULT NULL,
  `longitude` decimal(9,6) DEFAULT NULL,
  `country_id` varchar(2) NOT NULL,
  `region_id` int(10) unsigned DEFAULT NULL,
  `region` varchar(255) DEFAULT NULL,
  `city` varchar(255) DEFAULT NULL,
  `street` varchar(255) DEFAULT NULL,
  `postcode` varchar(255) NOT NULL,
  `contact_name` varchar(255) DEFAULT NULL,
  `email` varchar(255) DEFAULT NULL,
  `phone` varchar(255) DEFAULT NULL,
  `fax` varchar(255) DEFAULT NULL,
  `use_default_carrier_config` smallint(5) unsigned NOT NULL DEFAULT '1',
  `is_pickup_location_active` tinyint(1) NOT NULL DEFAULT '0',
  `frontend_name` varchar(255) DEFAULT '',
  `frontend_description` text,
  PRIMARY KEY (`source_code`)
) ENGINE=InnoDB DEFAULT CHARSET=utf8;

--
-- Dumping data for table `inventory_source`
--

INSERT INTO `inventory_source` VALUES ('default','Default Source',1,'Default Source',0.000000,0.000000,'US',NULL,NULL,NULL,NULL,'00000',NULL,NULL,NULL,NULL,1,0,'',NULL);

--
-- Table structure for table `inventory_source_carrier_link`
--

CREATE TABLE `inventory_source_carrier_link` (
  `link_id` int(10) unsigned NOT NULL AUTO_INCREMENT,
  `source_code` varchar(255) NOT NULL,
  `carrier_code` varchar(255) NOT NULL,
  `position` smallint(5) unsigned DEFAULT NULL,
  PRIMARY KEY (`link_id`),
  KEY `INV_SOURCE_CARRIER_LNK_SOURCE_CODE_INV_SOURCE_SOURCE_CODE` (`source_code`),
  CONSTRAINT `INV_SOURCE_CARRIER_LNK_SOURCE_CODE_INV_SOURCE_SOURCE_CODE` FOREIGN KEY (`source_code`) REFERENCES `inventory_source` (`source_code`) ON DELETE CASCADE
) ENGINE=InnoDB DEFAULT CHARSET=utf8;

--
-- Dumping data for table `inventory_source_carrier_link`
--


--
-- Table structure for table `inventory_source_item`
--

CREATE TABLE `inventory_source_item` (
  `source_item_id` int(10) unsigned NOT NULL AUTO_INCREMENT,
  `source_code` varchar(255) NOT NULL,
  `sku` varchar(64) NOT NULL,
  `quantity` decimal(12,4) NOT NULL DEFAULT '0.0000',
  `status` smallint(5) unsigned NOT NULL DEFAULT '0',
  PRIMARY KEY (`source_item_id`),
  UNIQUE KEY `INVENTORY_SOURCE_ITEM_SOURCE_CODE_SKU` (`source_code`,`sku`),
  KEY `INVENTORY_SOURCE_ITEM_SKU_SOURCE_CODE_QUANTITY` (`sku`,`source_code`,`quantity`),
  CONSTRAINT `INVENTORY_SOURCE_ITEM_SOURCE_CODE_INVENTORY_SOURCE_SOURCE_CODE` FOREIGN KEY (`source_code`) REFERENCES `inventory_source` (`source_code`) ON DELETE CASCADE
) ENGINE=InnoDB AUTO_INCREMENT=143 DEFAULT CHARSET=utf8;

--
-- Dumping data for table `inventory_source_item`
--

INSERT INTO `inventory_source_item` VALUES (1,'default','demo_1',996.0000,1),(2,'default','demo_2',995.0000,1),(3,'default','demo_3',999.0000,1),(4,'default','demo_5',0.0000,1),(5,'default','demo_4',0.0000,1),(6,'default','demo_6',998.0000,1),(7,'default','demo_7',1000.0000,1),(8,'default','demo_4-Brown- gucci-XXL',0.0000,1),(9,'default','MJ01-Orange- gucci-L',100.0000,1),(10,'default','MJ01-Orange- gucci-XL',99.0000,1),(11,'default','MJ01-Orange- gucci-M',89.0000,1),(12,'default','MJ01-Orange- gucci-XS',10.0000,1),(13,'default','MJ01-Orange- gucci-S',15.0000,1),(14,'default','MJ01-Yellow- gucci-L',30.0000,1),(15,'default','MJ01-Yellow- gucci-XL',0.0000,1),(16,'default','MJ01-Yellow- gucci-M',0.0000,1),(17,'default','MJ01-Yellow- gucci-XS',0.0000,1),(18,'default','MJ01-Yellow- gucci-S',0.0000,1),(19,'default','MJ01-Red- gucci-L',0.0000,1),(20,'default','MJ01-Red- gucci-XL',0.0000,1),(21,'default','MJ01-Red- gucci-M',0.0000,1),(22,'default','MJ01-Red- gucci-XS',0.0000,1),(23,'default','MJ01-Red- gucci-S',0.0000,1),(24,'default','MJ01',0.0000,1),(25,'default','demo_4-Blue- gucci-XS',0.0000,1),(26,'default','demo_4-Blue- gucci-L',0.0000,1),(27,'default','demo_4-Blue- gucci-M',0.0000,1),(28,'default','demo_4-Blue- gucci-S',0.0000,1),(29,'default','demo_4-Blue- gucci-XL',0.0000,1),(30,'default','demo_4-Black- gucci-XS',0.0000,1),(31,'default','demo_4-Black- gucci-L',100.0000,1),(32,'default','demo_4-Black- gucci-M',99.0000,1),(33,'default','demo_4-Black- gucci-S',0.0000,1),(34,'default','demo_4-Black- gucci-XL',0.0000,1),(35,'default','demo_4-Orange- gucci-XS',0.0000,1),(36,'default','demo_4-Orange- gucci-L',89.0000,1),(37,'default','demo_4-Orange- gucci-M',0.0000,1),(38,'default','demo_4-Orange- gucci-S',0.0000,1),(39,'default','demo_4-Orange- gucci-XL',0.0000,1),(40,'default','MH13-Blue-L',0.0000,1),(41,'default','MH13-Blue-XL',0.0000,1),(42,'default','MH13-Blue-M',0.0000,1),(43,'default','MH13-Blue-XS',0.0000,1),(44,'default','MH13-Blue-S',0.0000,1),(45,'default','MH13-Green-L',0.0000,1),(46,'default','MH13-Green-XL',0.0000,1),(47,'default','MH13-Green-M',0.0000,1),(48,'default','MH13-Green-XS',0.0000,1),(49,'default','MH13-Green-S',0.0000,1),(50,'default','MH13-Yellow-L',0.0000,1),(51,'default','MH13-Yellow-XL',0.0000,1),(52,'default','MH13-Yellow-M',0.0000,1),(53,'default','MH13-Yellow-XS',0.0000,1),(54,'default','MH13-Yellow-S',0.0000,1),(55,'default','MH15',1000.0000,1),(56,'default','MH15-1',1000.0000,1),(57,'default','MH16',999.0000,1),(58,'default','MH16-1',999.0000,1),(59,'default','grouped-product',0.0000,1),(60,'default','MH18',999.0000,1),(61,'default','MH19',1000.0000,1),(62,'default','MH20-Blue-L',0.0000,1),(63,'default','MH20-Blue-M',0.0000,1),(64,'default','MH20-Blue-S',0.0000,1),(65,'default','MH20-Yellow-L',0.0000,1),(66,'default','MH20-Yellow-M',0.0000,1),(67,'default','MH20-Yellow-S',0.0000,1),(68,'default','MH20-Green-L',0.0000,1),(69,'default','MH20-Green-M',0.0000,1),(70,'default','MH20-Green-S',0.0000,1),(71,'default','MH20',0.0000,1),(72,'default','24-WG080',0.0000,1),(73,'default','240-LV06',0.0000,1),(74,'default','Elongated-Scroll-Marcasite-Accent-Ring-with-Oval-Onyx',495.0000,1),(75,'default','Sweet-Pear-Lapis-Sterling-Silver-Ring',492.0000,1),(76,'default','Cute-Squirrel-Sterling-Silver-Marcasite-Ring',495.0000,1),(77,'default','Lotus-Leaf-Marcasite-Ring-with-Square-Agate',494.0000,1),(78,'default','Marcasite-Sea-Life-Shell-Shaped-Earring',495.0000,1),(79,'default','Marcasite-Flower-Motif-Silver-Drop-Earring-with-Round-Turquoise',495.0000,1),(80,'default','Dazzling-Shell-Marcasite-Silver-Earring',495.0000,1),(81,'default','Marcasite-Halo-Signet-Earring',492.0000,1),(82,'default','Solitaire-Oval-Agate-Bezel-Setting-Silver-Earring',495.0000,1),(83,'default','Owl-Face-Earring -with Blink-Garnet-Eye-Blue',500.0000,1),(84,'default','Owl-Face-Earring -with Blink-Garnet-Eye-Gray',500.0000,1),(85,'default','Owl-Face-Earring -with Blink-Garnet-Eye-Yellow',500.0000,1),(86,'default','Owl-Face-Earring -with Blink-Garnet-Eye',0.0000,1),(87,'default','Flower-Bouquet-Crossover-Dangle-Earring',0.0000,1),(88,'default','Sterling-Silver-Marcasite-Leaf-Drop-Earring',0.0000,1),(89,'default','Orange-flowers-bouquet-for-Christmas',495.0000,1),(90,'default','Tulips-and-solidago-bouquet',495.0000,1),(91,'default','Oana-flower-bouquet',495.0000,1),(92,'default','Alexandra-Bouquet',495.0000,1),(93,'default','Stefania-flower-bouquet',495.0000,1),(94,'default','Miniature-roses-bouquet',495.0000,1),(95,'default','Basket-filled-with-delicate-flowers',495.0000,1),(96,'default','Orchids-and-freesias-bouquet',495.0000,1),(97,'default','Classy-basket-with-roses-and-eustoma',495.0000,1),(98,'default','Bouquet-of-white-and-orange-roses',495.0000,1),(99,'default','Mixed-flowers-bouquet-in-vivid-colours',495.0000,1),(100,'default','Chrysanthemums-and-roses-bouquet-Orange',500.0000,1),(101,'default','Chrysanthemums-and-roses-bouquet-Yellow',500.0000,1),(102,'default','Chrysanthemums-and-roses-bouquet-Red',500.0000,1),(103,'default','Chrysanthemums-and-roses-bouquet',0.0000,1),(104,'default','Mix-cut-flower-bouquet',0.0000,1),(105,'default','Anthurium-and-alstroemeria-bouquet',0.0000,1),(106,'default','Grain-Free-Dry-Dog-Food',495.0000,1),(107,'default','Nutrition-Boost-Bone',495.0000,1),(108,'default','Stew-Grain-Free-Canned-Food',495.0000,1),(109,'default','Alaskan-Salmon-Oil',495.0000,1),(110,'default','Protein-High-Meat-Canned-Dog-Food',495.0000,1),(111,'default','Reduced-Fat-Feast-Canine-PowerFood',495.0000,1),(112,'default','Superfood-Sauce-Skin',493.0000,1),(113,'default','Nutritious-Gravy-Food-Topper',495.0000,1),(114,'default','Freeze-Dried-Nuggets',494.0000,1),(115,'default','Whole-Grain-Turkey-Recipe',495.0000,1),(116,'default','Chicken-Frick-a-Zee-Black',500.0000,1),(117,'default','Chicken-Frick-a-Zee-Brown',500.0000,1),(118,'default','Chicken-Frick-a-Zee-Gray',500.0000,1),(119,'default','Chicken-Frick-a-Zee',0.0000,1),(120,'default','Tiki-Cat-Canned-Cat-Food',0.0000,1),(121,'default','Chicken-&-Ocean-Fish-Dry',0.0000,1),(122,'default','Cotton-Fleece-Basic-Sweatshirt',495.0000,1),(123,'default','Bear-Head-Sweatshirt',494.0000,1),(124,'default','Bunny-Spice-Jersey',495.0000,1),(125,'default','Clemence-Top-Floral-Muslin',495.0000,1),(126,'default','Polar-Bear-Leggings',495.0000,1),(127,'default','Cloud-Print-Leggings',495.0000,1),(128,'default','Full-Snap-Footie',495.0000,1),(129,'default','Sky-Train-Baby-Body',495.0000,1),(130,'default','Cotton-Flower-Suit-with-contrast-feet',495.0000,1),(131,'default','Spice-Dots-Salopettes',495.0000,1),(132,'default','Agatha-Dress-Winter-Rose',495.0000,1),(133,'default','Grace-Dress-Pink-Floral',495.0000,1),(134,'default','Monty-Sleepsuit-Christmas-Special',495.0000,1),(135,'default','Sleeping-Bag-Adventure-Blue',495.0000,1),(136,'default','Forest-Doe-Playsuit',495.0000,1),(137,'default','Bobble-Hat-Gray',500.0000,1),(138,'default','Bobble-Hat-Green',500.0000,1),(139,'default','Bobble-Hat-Red',500.0000,1),(140,'default','Bobble-Hat',0.0000,1),(141,'default','Revealing-Wellies',0.0000,1),(142,'default','Kids-Umbrella',0.0000,1);

--
-- Table structure for table `inventory_source_stock_link`
--

CREATE TABLE `inventory_source_stock_link` (
  `link_id` int(10) unsigned NOT NULL AUTO_INCREMENT,
  `stock_id` int(10) unsigned NOT NULL,
  `source_code` varchar(255) NOT NULL,
  `priority` smallint(5) unsigned NOT NULL,
  PRIMARY KEY (`link_id`),
  UNIQUE KEY `INVENTORY_SOURCE_STOCK_LINK_STOCK_ID_SOURCE_CODE` (`stock_id`,`source_code`),
  KEY `INV_SOURCE_STOCK_LNK_SOURCE_CODE_INV_SOURCE_SOURCE_CODE` (`source_code`),
  KEY `INVENTORY_SOURCE_STOCK_LINK_STOCK_ID_PRIORITY` (`stock_id`,`priority`),
  CONSTRAINT `INVENTORY_SOURCE_STOCK_LINK_STOCK_ID_INVENTORY_STOCK_STOCK_ID` FOREIGN KEY (`stock_id`) REFERENCES `inventory_stock` (`stock_id`) ON DELETE CASCADE,
  CONSTRAINT `INV_SOURCE_STOCK_LNK_SOURCE_CODE_INV_SOURCE_SOURCE_CODE` FOREIGN KEY (`source_code`) REFERENCES `inventory_source` (`source_code`) ON DELETE CASCADE
) ENGINE=InnoDB AUTO_INCREMENT=2 DEFAULT CHARSET=utf8;

--
-- Dumping data for table `inventory_source_stock_link`
--

INSERT INTO `inventory_source_stock_link` VALUES (1,1,'default',1);

--
-- Table structure for table `inventory_stock`
--

CREATE TABLE `inventory_stock` (
  `stock_id` int(10) unsigned NOT NULL AUTO_INCREMENT,
  `name` varchar(255) NOT NULL,
  PRIMARY KEY (`stock_id`)
) ENGINE=InnoDB AUTO_INCREMENT=2 DEFAULT CHARSET=utf8;

--
-- Dumping data for table `inventory_stock`
--

INSERT INTO `inventory_stock` VALUES (1,'Default Stock');

--
-- Temporary table structure for view `inventory_stock_1`
--

/*!50001 DROP VIEW IF EXISTS `inventory_stock_1`*/;
/*!50001 CREATE VIEW `inventory_stock_1` AS SELECT 
 1 AS `product_id`,
 1 AS `website_id`,
 1 AS `stock_id`,
 1 AS `quantity`,
 1 AS `is_salable`,
 1 AS `sku`*/;

--
-- Table structure for table `inventory_stock_sales_channel`
--

CREATE TABLE `inventory_stock_sales_channel` (
  `type` varchar(64) NOT NULL,
  `code` varchar(64) NOT NULL,
  `stock_id` int(10) unsigned NOT NULL,
  PRIMARY KEY (`type`,`code`),
  KEY `INVENTORY_STOCK_SALES_CHANNEL_STOCK_ID_INVENTORY_STOCK_STOCK_ID` (`stock_id`),
  CONSTRAINT `INVENTORY_STOCK_SALES_CHANNEL_STOCK_ID_INVENTORY_STOCK_STOCK_ID` FOREIGN KEY (`stock_id`) REFERENCES `inventory_stock` (`stock_id`) ON DELETE CASCADE
) ENGINE=InnoDB DEFAULT CHARSET=utf8;

--
-- Dumping data for table `inventory_stock_sales_channel`
--

INSERT INTO `inventory_stock_sales_channel` VALUES ('website','base',1);

--
-- Table structure for table `jwt_auth_revoked`
--

CREATE TABLE `jwt_auth_revoked` (
  `user_type_id` int(10) unsigned NOT NULL COMMENT 'User Type ID',
  `user_id` int(10) unsigned NOT NULL COMMENT 'User ID',
  `revoke_before` bigint(20) unsigned NOT NULL COMMENT 'Not accepting tokens issued before this timestamp',
  PRIMARY KEY (`user_type_id`,`user_id`)
) ENGINE=InnoDB DEFAULT CHARSET=utf8 COMMENT='Holds revoked JWT authentication data';

--
-- Dumping data for table `jwt_auth_revoked`
--


--
-- Table structure for table `klarna_core_order`
--

CREATE TABLE `klarna_core_order` (
  `id` int(10) unsigned NOT NULL AUTO_INCREMENT COMMENT 'Entity Id',
  `klarna_order_id` varchar(255) DEFAULT NULL COMMENT 'Klarna Order Id',
  `session_id` varchar(255) DEFAULT NULL COMMENT 'Session Id',
  `reservation_id` varchar(255) DEFAULT NULL COMMENT 'Reservation Id',
  `order_id` int(10) unsigned NOT NULL COMMENT 'Order Id',
  `is_acknowledged` smallint(6) NOT NULL DEFAULT '0' COMMENT 'Is Acknowledged',
  PRIMARY KEY (`id`),
  KEY `KLARNA_KCO_ORDER_ORDER_ID_SALES_ORDER_ENTITY_ID` (`order_id`),
  KEY `KLARNA_CORE_ORDER_IS_ACKNOWLEDGED` (`is_acknowledged`),
  KEY `KLARNA_CORE_ORDER_ORDER_ID` (`order_id`)
) ENGINE=InnoDB DEFAULT CHARSET=utf8 COMMENT='Klarna Order';

--
-- Dumping data for table `klarna_core_order`
--


--
-- Table structure for table `klarna_logs`
--

CREATE TABLE `klarna_logs` (
  `log_id` smallint(6) NOT NULL AUTO_INCREMENT COMMENT 'Log Id',
  `status` varchar(255) NOT NULL COMMENT 'Status',
  `action` varchar(255) DEFAULT NULL COMMENT 'Action',
  `klarna_id` varchar(255) DEFAULT NULL COMMENT 'Klarna Id',
  `increment_id` varchar(255) DEFAULT NULL COMMENT 'Increment Id',
  `url` varchar(255) NOT NULL COMMENT 'Url',
  `method` varchar(255) NOT NULL COMMENT 'Method',
  `service` varchar(255) NOT NULL COMMENT 'Service',
  `request` text COMMENT 'Request',
  `response` text COMMENT 'Response',
  `created_at` datetime NOT NULL DEFAULT CURRENT_TIMESTAMP COMMENT 'Created at',
  PRIMARY KEY (`log_id`),
  KEY `KLARNA_LOGS_KLARNA_ID` (`klarna_id`),
  FULLTEXT KEY `KLARNA_LOGS_ACTION_KLARNA_ID_INCREMENT_ID_URL` (`action`,`klarna_id`,`increment_id`,`url`)
) ENGINE=InnoDB DEFAULT CHARSET=utf8 COMMENT='Klarna Logs';

--
-- Dumping data for table `klarna_logs`
--


--
-- Table structure for table `klarna_payments_quote`
--

CREATE TABLE `klarna_payments_quote` (
  `payments_quote_id` int(10) unsigned NOT NULL AUTO_INCREMENT COMMENT 'Payments Id',
  `session_id` varchar(255) DEFAULT NULL COMMENT 'Klarna Session Id',
  `client_token` text COMMENT 'Klarna Client Token',
  `authorization_token` varchar(255) DEFAULT NULL COMMENT 'Authorization Token',
  `is_active` smallint(6) NOT NULL DEFAULT '0' COMMENT 'Is Active',
  `quote_id` int(10) unsigned NOT NULL COMMENT 'Quote Id',
  `payment_methods` varchar(255) DEFAULT NULL COMMENT 'Payment Method Categories',
  `payment_method_info` text COMMENT 'Payment Method Category Info',
  PRIMARY KEY (`payments_quote_id`),
  KEY `KLARNA_PAYMENTS_QUOTE_QUOTE_ID` (`quote_id`),
  KEY `KLARNA_PAYMENTS_QUOTE_SESSION_ID` (`session_id`),
  CONSTRAINT `KLARNA_PAYMENTS_QUOTE_QUOTE_ID_QUOTE_ENTITY_ID` FOREIGN KEY (`quote_id`) REFERENCES `quote` (`entity_id`) ON DELETE CASCADE
) ENGINE=InnoDB DEFAULT CHARSET=utf8 COMMENT='Klarna Payments Quote';

--
-- Dumping data for table `klarna_payments_quote`
--


--
-- Table structure for table `layout_link`
--

CREATE TABLE `layout_link` (
  `layout_link_id` int(10) unsigned NOT NULL AUTO_INCREMENT COMMENT 'Link ID',
  `store_id` smallint(5) unsigned NOT NULL DEFAULT '0' COMMENT 'Store ID',
  `theme_id` int(10) unsigned NOT NULL COMMENT 'Theme ID',
  `layout_update_id` int(10) unsigned NOT NULL DEFAULT '0' COMMENT 'Layout Update ID',
  `is_temporary` tinyint(1) NOT NULL DEFAULT '0' COMMENT 'Defines whether Layout Update is Temporary',
  PRIMARY KEY (`layout_link_id`),
  KEY `LAYOUT_LINK_LAYOUT_UPDATE_ID` (`layout_update_id`),
  KEY `LAYOUT_LINK_STORE_ID_THEME_ID_LAYOUT_UPDATE_ID_IS_TEMPORARY` (`store_id`,`theme_id`,`layout_update_id`,`is_temporary`),
  KEY `LAYOUT_LINK_THEME_ID_THEME_THEME_ID` (`theme_id`),
  CONSTRAINT `LAYOUT_LINK_LAYOUT_UPDATE_ID_LAYOUT_UPDATE_LAYOUT_UPDATE_ID` FOREIGN KEY (`layout_update_id`) REFERENCES `layout_update` (`layout_update_id`) ON DELETE CASCADE,
  CONSTRAINT `LAYOUT_LINK_STORE_ID_STORE_STORE_ID` FOREIGN KEY (`store_id`) REFERENCES `store` (`store_id`) ON DELETE CASCADE,
  CONSTRAINT `LAYOUT_LINK_THEME_ID_THEME_THEME_ID` FOREIGN KEY (`theme_id`) REFERENCES `theme` (`theme_id`) ON DELETE CASCADE
) ENGINE=InnoDB DEFAULT CHARSET=utf8 COMMENT='Layout Link';

--
-- Dumping data for table `layout_link`
--


--
-- Table structure for table `layout_update`
--

CREATE TABLE `layout_update` (
  `layout_update_id` int(10) unsigned NOT NULL AUTO_INCREMENT COMMENT 'Layout Update ID',
  `handle` varchar(255) DEFAULT NULL COMMENT 'Handle',
  `xml` text COMMENT 'Xml',
  `sort_order` smallint(6) NOT NULL DEFAULT '0' COMMENT 'Sort Order',
  `updated_at` timestamp NULL DEFAULT '0000-00-00 00:00:00' ON UPDATE CURRENT_TIMESTAMP COMMENT 'Last Update Timestamp',
  PRIMARY KEY (`layout_update_id`),
  KEY `LAYOUT_UPDATE_HANDLE` (`handle`)
) ENGINE=InnoDB DEFAULT CHARSET=utf8 COMMENT='Layout Updates';

--
-- Dumping data for table `layout_update`
--


--
-- Table structure for table `login_as_customer`
--

CREATE TABLE `login_as_customer` (
  `secret` varchar(64) NOT NULL COMMENT 'Login Secret',
  `customer_id` int(11) NOT NULL COMMENT 'Customer ID',
  `admin_id` int(11) NOT NULL COMMENT 'Admin ID',
  `created_at` timestamp NULL DEFAULT NULL COMMENT 'Creation Time',
  PRIMARY KEY (`secret`),
  KEY `LOGIN_AS_CUSTOMER_CREATED_AT` (`created_at`)
) ENGINE=InnoDB DEFAULT CHARSET=utf8 COMMENT='Magento Login as Customer Table';

--
-- Dumping data for table `login_as_customer`
--


--
-- Table structure for table `login_as_customer_assistance_allowed`
--

CREATE TABLE `login_as_customer_assistance_allowed` (
  `customer_id` int(10) unsigned NOT NULL COMMENT 'Customer ID',
  PRIMARY KEY (`customer_id`),
  UNIQUE KEY `LOGIN_AS_CUSTOMER_ASSISTANCE_ALLOWED_CUSTOMER_ID` (`customer_id`),
  CONSTRAINT `LOGIN_AS_CSTR_ASSISTANCE_ALLOWED_CSTR_ID_CSTR_ENTT_ENTT_ID` FOREIGN KEY (`customer_id`) REFERENCES `customer_entity` (`entity_id`) ON DELETE CASCADE
) ENGINE=InnoDB DEFAULT CHARSET=utf8 COMMENT='Magento Login as Customer Assistance Allowed Table';

--
-- Dumping data for table `login_as_customer_assistance_allowed`
--

INSERT INTO `login_as_customer_assistance_allowed` VALUES (406),(497);

--
-- Table structure for table `magefan_blog_category`
--

CREATE TABLE `magefan_blog_category` (
  `category_id` int(11) NOT NULL AUTO_INCREMENT COMMENT 'Category ID',
  `title` varchar(255) DEFAULT NULL COMMENT 'Category Title',
  `meta_title` varchar(255) DEFAULT NULL COMMENT 'Category Meta Title',
  `meta_keywords` text COMMENT 'Category Meta Keywords',
  `meta_description` text COMMENT 'Category Meta Description',
  `identifier` varchar(100) DEFAULT NULL COMMENT 'Category String Identifier',
  `content_heading` varchar(255) DEFAULT NULL COMMENT 'Category Content Heading',
  `content` mediumtext COMMENT 'Category Content',
  `path` varchar(255) DEFAULT NULL COMMENT 'Category Path',
  `position` smallint(6) NOT NULL COMMENT 'Category Position',
  `posts_sort_by` smallint(6) NOT NULL DEFAULT '0' COMMENT 'Post Sort By',
  `include_in_menu` smallint(6) DEFAULT NULL COMMENT 'Category In Menu',
  `is_active` smallint(6) NOT NULL DEFAULT '1' COMMENT 'Is Category Active',
  `display_mode` smallint(6) NOT NULL DEFAULT '0' COMMENT 'Display Mode',
  `page_layout` varchar(255) DEFAULT NULL COMMENT 'Post Layout',
  `layout_update_xml` text COMMENT 'Post Layout Update Content',
  `custom_theme` varchar(100) DEFAULT NULL COMMENT 'Post Custom Theme',
  `custom_layout` varchar(255) DEFAULT NULL COMMENT 'Post Custom Template',
  `custom_layout_update_xml` text COMMENT 'Post Custom Layout Update Content',
  `custom_theme_from` date DEFAULT NULL COMMENT 'Post Custom Theme Active From Date',
  `custom_theme_to` date DEFAULT NULL COMMENT 'Post Custom Theme Active To Date',
  `posts_per_page` int(11) DEFAULT NULL COMMENT 'Posts Per Page',
  `posts_list_template` varchar(100) DEFAULT NULL COMMENT 'Posts List Template',
  PRIMARY KEY (`category_id`),
  KEY `MAGEFAN_BLOG_CATEGORY_IDENTIFIER` (`identifier`),
  KEY `MAGEFAN_BLOG_CATEGORY_INCLUDE_IN_MENU` (`include_in_menu`),
  FULLTEXT KEY `FTI_B76AD11A0A06CC3327BA3A86A016134F` (`title`,`meta_keywords`,`meta_description`,`identifier`,`content`)
) ENGINE=InnoDB AUTO_INCREMENT=15 DEFAULT CHARSET=utf8 COMMENT='Magefan Blog Category Table';

--
-- Dumping data for table `magefan_blog_category`
--

INSERT INTO `magefan_blog_category` VALUES (1,'Fashion',NULL,NULL,NULL,'fashion',NULL,NULL,'0',0,0,NULL,1,0,NULL,NULL,NULL,NULL,NULL,NULL,NULL,NULL,NULL),(2,'Men',NULL,NULL,NULL,'men',NULL,NULL,'0',0,0,NULL,1,0,NULL,NULL,NULL,NULL,NULL,NULL,NULL,NULL,NULL),(3,'Women',NULL,NULL,NULL,'women',NULL,NULL,'0',0,0,NULL,1,0,NULL,NULL,NULL,NULL,NULL,NULL,NULL,NULL,NULL),(4,'Accessories',NULL,NULL,NULL,'accessories',NULL,NULL,'0',0,0,NULL,1,0,NULL,NULL,NULL,NULL,NULL,NULL,NULL,NULL,NULL),(5,'Magento',NULL,NULL,NULL,'magento',NULL,NULL,'1',0,0,NULL,1,0,NULL,NULL,NULL,NULL,NULL,NULL,NULL,NULL,NULL),(6,'Flower',NULL,NULL,NULL,'flower',NULL,NULL,NULL,0,0,NULL,1,0,NULL,NULL,NULL,NULL,NULL,NULL,NULL,NULL,NULL),(7,'Shop',NULL,NULL,NULL,'shop',NULL,NULL,'6',0,0,NULL,1,0,NULL,NULL,NULL,NULL,NULL,NULL,NULL,NULL,NULL),(8,'Occasion',NULL,NULL,NULL,'occasion',NULL,NULL,'6',0,0,NULL,1,0,NULL,NULL,NULL,NULL,NULL,NULL,NULL,NULL,NULL),(9,'Pet',NULL,NULL,NULL,'pet',NULL,NULL,NULL,0,0,NULL,1,0,NULL,NULL,NULL,NULL,NULL,NULL,NULL,NULL,NULL),(10,'Dog',NULL,NULL,NULL,'dog',NULL,NULL,'9',0,0,NULL,1,0,NULL,NULL,NULL,NULL,NULL,NULL,NULL,NULL,NULL),(11,'Cat',NULL,NULL,NULL,'cat',NULL,NULL,'9',0,0,NULL,1,0,NULL,NULL,NULL,NULL,NULL,NULL,NULL,NULL,NULL),(12,'Kid',NULL,NULL,NULL,'kid',NULL,NULL,NULL,0,0,NULL,1,0,NULL,NULL,NULL,NULL,NULL,NULL,NULL,NULL,NULL),(13,'Baby Boy',NULL,NULL,NULL,'baby-boy',NULL,NULL,'12',0,0,NULL,1,0,NULL,NULL,NULL,NULL,NULL,NULL,NULL,NULL,NULL),(14,'Baby Girl',NULL,NULL,NULL,'baby-girl',NULL,NULL,'12',0,0,NULL,1,0,NULL,NULL,NULL,NULL,NULL,NULL,NULL,NULL,NULL);

--
-- Table structure for table `magefan_blog_category_store`
--

CREATE TABLE `magefan_blog_category_store` (
  `category_id` int(11) NOT NULL COMMENT 'Category ID',
  `store_id` smallint(5) unsigned NOT NULL COMMENT 'Store ID',
  PRIMARY KEY (`category_id`,`store_id`),
  KEY `MAGEFAN_BLOG_CATEGORY_STORE_STORE_ID` (`store_id`),
  CONSTRAINT `MAGEFAN_BLOG_CATEGORY_STORE_STORE_ID_STORE_STORE_ID` FOREIGN KEY (`store_id`) REFERENCES `store` (`store_id`) ON DELETE CASCADE,
  CONSTRAINT `MAGEFAN_BLOG_CTGR_STORE_CTGR_ID_MAGEFAN_BLOG_CTGR_CTGR_ID` FOREIGN KEY (`category_id`) REFERENCES `magefan_blog_category` (`category_id`) ON DELETE CASCADE
) ENGINE=InnoDB DEFAULT CHARSET=utf8 COMMENT='Magefan Blog Category To Store Linkage Table';

--
-- Dumping data for table `magefan_blog_category_store`
--

INSERT INTO `magefan_blog_category_store` VALUES (1,0),(2,0),(3,0),(4,0),(5,0),(6,0),(7,36),(8,36),(9,37),(10,37),(11,37),(12,38),(13,38),(14,38),(7,39),(8,39),(9,40),(10,40),(11,40),(12,41),(13,41),(14,41);

--
-- Table structure for table `magefan_blog_comment`
--

CREATE TABLE `magefan_blog_comment` (
  `comment_id` int(11) NOT NULL AUTO_INCREMENT COMMENT 'Comment ID',
  `parent_id` int(11) NOT NULL COMMENT 'Parent Comment ID',
  `post_id` int(11) NOT NULL COMMENT 'Post ID',
  `customer_id` int(11) DEFAULT NULL COMMENT 'Customer ID',
  `admin_id` int(11) DEFAULT NULL COMMENT 'Admin User ID',
  `status` smallint(6) NOT NULL COMMENT 'Comment status',
  `author_type` smallint(6) NOT NULL COMMENT 'Author Type',
  `author_nickname` varchar(255) NOT NULL COMMENT 'Comment Author Nickname',
  `author_email` varchar(255) DEFAULT NULL COMMENT 'Comment Author Email',
  `text` mediumtext COMMENT 'Text',
  `creation_time` timestamp NOT NULL DEFAULT CURRENT_TIMESTAMP ON UPDATE CURRENT_TIMESTAMP COMMENT 'Comment Creation Time',
  `update_time` timestamp NOT NULL DEFAULT '0000-00-00 00:00:00' COMMENT 'Comment Update Time',
  PRIMARY KEY (`comment_id`),
  KEY `MAGEFAN_BLOG_COMMENT_PARENT_ID` (`parent_id`),
  KEY `MAGEFAN_BLOG_COMMENT_POST_ID` (`post_id`),
  KEY `MAGEFAN_BLOG_COMMENT_CUSTOMER_ID` (`customer_id`),
  KEY `MAGEFAN_BLOG_COMMENT_ADMIN_ID` (`admin_id`),
  KEY `MAGEFAN_BLOG_COMMENT_STATUS` (`status`),
  CONSTRAINT `MAGEFAN_BLOG_COMMENT_POST_ID_MAGEFAN_BLOG_POST_POST_ID` FOREIGN KEY (`post_id`) REFERENCES `magefan_blog_post` (`post_id`) ON DELETE CASCADE
) ENGINE=InnoDB DEFAULT CHARSET=utf8 COMMENT='magefan_blog_comment';

--
-- Dumping data for table `magefan_blog_comment`
--


--
-- Table structure for table `magefan_blog_post`
--

CREATE TABLE `magefan_blog_post` (
  `post_id` int(11) NOT NULL AUTO_INCREMENT COMMENT 'Post ID',
  `title` varchar(255) DEFAULT NULL COMMENT 'Post Title',
  `meta_title` varchar(255) DEFAULT NULL COMMENT 'Post Meta Title',
  `meta_keywords` text COMMENT 'Post Meta Keywords',
  `meta_description` text COMMENT 'Post Meta Description',
  `identifier` varchar(100) DEFAULT NULL COMMENT 'Post String Identifier',
  `og_title` varchar(255) DEFAULT NULL COMMENT 'Post OG Title',
  `og_description` varchar(255) DEFAULT NULL COMMENT 'Post OG Description',
  `og_img` varchar(255) DEFAULT NULL COMMENT 'Post OG Img',
  `og_type` varchar(255) DEFAULT NULL COMMENT 'Post OG Type',
  `content_heading` varchar(255) DEFAULT NULL COMMENT 'Post Content Heading',
  `content` mediumtext COMMENT 'Post Content',
  `creation_time` timestamp NULL DEFAULT NULL COMMENT 'Post Creation Time',
  `update_time` timestamp NULL DEFAULT NULL COMMENT 'Post Modification Time',
  `publish_time` timestamp NULL DEFAULT NULL COMMENT 'Post Publish Time',
  `is_active` smallint(6) NOT NULL DEFAULT '1' COMMENT 'Is Post Active',
  `include_in_recent` smallint(6) NOT NULL DEFAULT '1' COMMENT 'Include in Recent Posts',
  `position` smallint(6) NOT NULL DEFAULT '0' COMMENT 'Position',
  `featured_img` varchar(255) DEFAULT NULL COMMENT 'Thumbnail Image',
  `featured_img_alt` varchar(255) DEFAULT NULL COMMENT 'Featured Image Alt',
  `author_id` int(11) DEFAULT NULL COMMENT 'Author ID',
  `page_layout` varchar(255) DEFAULT NULL COMMENT 'Post Layout',
  `layout_update_xml` text COMMENT 'Post Layout Update Content',
  `custom_theme` varchar(100) DEFAULT NULL COMMENT 'Post Custom Theme',
  `custom_layout` varchar(255) DEFAULT NULL COMMENT 'Post Custom Template',
  `custom_layout_update_xml` text COMMENT 'Post Custom Layout Update Content',
  `custom_theme_from` date DEFAULT NULL COMMENT 'Post Custom Theme Active From Date',
  `custom_theme_to` date DEFAULT NULL COMMENT 'Post Custom Theme Active To Date',
  `media_gallery` mediumtext COMMENT 'Media Gallery',
  `secret` varchar(32) DEFAULT NULL COMMENT 'Post Secret',
  `views_count` int(11) DEFAULT NULL COMMENT 'Post Views Count',
  `is_recent_posts_skip` smallint(6) DEFAULT NULL COMMENT 'Is Post Skipped From Recent Posts',
  `short_content` mediumtext COMMENT 'Post Short Content',
  `comments_count` int(11) DEFAULT NULL COMMENT 'Post Comment Counts',
  PRIMARY KEY (`post_id`),
  KEY `MAGEFAN_BLOG_POST_IDENTIFIER` (`identifier`),
  KEY `MAGEFAN_BLOG_POST_AUTHOR_ID` (`author_id`),
  KEY `MAGEFAN_BLOG_POST_VIEWS_COUNT` (`views_count`),
  KEY `MAGEFAN_BLOG_POST_IS_RECENT_POSTS_SKIP` (`is_recent_posts_skip`),
  FULLTEXT KEY `FTI_A5DB7871E89B230F74EDFBECEB4659FA` (`title`,`meta_keywords`,`meta_description`,`identifier`,`content`)
) ENGINE=InnoDB AUTO_INCREMENT=14 DEFAULT CHARSET=utf8 COMMENT='Magefan Blog Post Table';

--
-- Dumping data for table `magefan_blog_post`
--

INSERT INTO `magefan_blog_post` VALUES (1,'Hello world!',NULL,'magento 2 blog','Magento 2 blog default post.','hello-world',NULL,NULL,NULL,NULL,'Hello world!','Welcome to <a target=\"_blank\" href=\"http://magefan.com/\" title=\"Magefan - solutions for Magento 2\">Magefan</a> blog extension for Magento&reg; 2. This is your first post. Edit or delete it, then start blogging!','2016-04-20 17:24:33','2016-04-20 18:02:22','2016-04-20 13:00:00',0,1,0,NULL,NULL,NULL,NULL,NULL,NULL,NULL,NULL,NULL,NULL,NULL,NULL,NULL,NULL,NULL,NULL),(2,'New trend style',NULL,NULL,NULL,'new-trend-style',NULL,NULL,NULL,NULL,NULL,'<p>Donec commodo finibus massa, in malesuada arcu tincidunt tristique! In rutrum non nisi id volutpat. Integer rhoncus placerat odio non ultricies. Donec pretium ex venenatis nulla sagittis, non pulvinar velit ultrices. Vivamus convallis imperdiet aliquam! Phasellus vehicula feugiat magna at mattis. Aenean rhoncus pellentesque risus; in blandit massa vulputate non. Fusce eget orci sed nisi pretium faucibus. Curabitur vel turpis est. In a urna rutrum felis pulvinar tincidunt eget a magna. Curabitur mattis ut ligula non varius.</p>','2016-04-20 17:53:46','2019-12-12 09:47:59','2019-12-12 00:00:00',1,1,0,'magefan_blog/b/l/blog4.jpg',NULL,1,NULL,NULL,NULL,NULL,NULL,NULL,NULL,NULL,NULL,0,NULL,NULL,0),(3,'Fashion kids sport',NULL,NULL,NULL,'fashion-kids-sport',NULL,NULL,NULL,NULL,NULL,'<p>Donec commodo finibus massa, in malesuada arcu tincidunt tristique! In rutrum non nisi id volutpat. Integer rhoncus placerat odio non ultricies. Donec pretium ex venenatis nulla sagittis, non pulvinar velit ultrices. Vivamus convallis imperdiet aliquam! Phasellus vehicula feugiat magna at mattis. Aenean rhoncus pellentesque risus; in blandit massa vulputate non. Fusce eget orci sed nisi pretium faucibus. Curabitur vel turpis est. In a urna rutrum felis pulvinar tincidunt eget a magna. Curabitur mattis ut ligula non varius.</p>','2016-04-20 17:57:12','2019-12-12 09:46:17','2019-12-12 00:00:00',1,1,0,'magefan_blog/b/l/blog3.jpg',NULL,1,NULL,NULL,NULL,NULL,NULL,NULL,NULL,NULL,NULL,0,NULL,NULL,0),(4,'Street style new 2016',NULL,NULL,NULL,'street-style-new',NULL,NULL,NULL,NULL,NULL,'<p>Donec commodo finibus massa, in malesuada arcu tincidunt tristique! In rutrum non nisi id volutpat. Integer rhoncus placerat odio non ultricies. Donec pretium ex venenatis nulla sagittis, non pulvinar velit ultrices. Vivamus convallis imperdiet aliquam! Phasellus vehicula feugiat magna at mattis. Aenean rhoncus pellentesque risus; in blandit massa vulputate non. Fusce eget orci sed nisi pretium faucibus. Curabitur vel turpis est. In a urna rutrum felis pulvinar tincidunt eget a magna. Curabitur mattis ut ligula non varius.</p>','2016-04-20 17:58:47','2019-12-12 09:46:46','2019-12-12 00:00:00',1,1,0,'magefan_blog/b/l/blog2.jpg',NULL,1,NULL,NULL,NULL,NULL,NULL,NULL,NULL,NULL,NULL,0,NULL,NULL,0),(5,'vintage for women',NULL,NULL,NULL,'vinatage-for-women',NULL,NULL,NULL,NULL,NULL,'<p>Donec commodo finibus massa, in malesuada arcu tincidunt tristique! In rutrum non nisi id volutpat. Integer rhoncus placerat odio non ultricies. Donec pretium ex venenatis nulla sagittis, non pulvinar velit ultrices. Vivamus convallis imperdiet aliquam! Phasellus vehicula feugiat magna at mattis. Aenean rhoncus pellentesque risus; in blandit massa vulputate non. Fusce eget orci sed nisi pretium faucibus. Curabitur vel turpis est. In a urna rutrum felis pulvinar tincidunt eget a magna. Curabitur mattis ut ligula non varius.</p>','2016-04-20 18:01:39','2019-12-12 09:47:29','2019-12-12 00:00:00',1,1,0,'magefan_blog/b/l/blog1.jpg',NULL,1,NULL,NULL,NULL,NULL,NULL,NULL,NULL,NULL,NULL,0,NULL,NULL,0),(6,'International Specialty Seed Sources',NULL,NULL,NULL,'international-specialty-seed-sources',NULL,NULL,NULL,NULL,NULL,'Since we first started selling specialty cut flower seeds in 2016, we have had the privilege of helping flower lovers all over the world grow the gardens of their dreams. Over the years, we\'ve sent thousands of envelopes full of seeds bearing our signature YAY! stickers to Slovenia, South Africa','2019-12-12 09:52:27','2019-12-12 09:52:27','2019-12-12 09:52:27',1,1,0,'magefan_blog/blog1.png',NULL,1,NULL,NULL,NULL,NULL,NULL,NULL,NULL,NULL,NULL,0,NULL,'Since we first started selling specialty cut flower seeds in 2016, we have had the privilege of helping flower lovers all over the world grow the gardens of their dreams.',0),(7,'6 Unique Features of the Floret Online Workshop',NULL,NULL,NULL,'6-unique-features-of-the-floret-online-workshop',NULL,NULL,NULL,NULL,NULL,'Over the years, I’ve turned to online courses to dig deeper into all sorts of different topics ranging from creative photography to marketing to copywriting. Online courses can be a great way to learn more about a particular topic from the comfort of your own home. ','2019-12-12 09:53:44','2019-12-12 09:53:44','2019-12-12 09:53:44',1,1,0,'magefan_blog/blog2.png',NULL,1,NULL,NULL,NULL,NULL,NULL,NULL,NULL,NULL,NULL,0,NULL,'Over the years, I’ve turned to online courses to dig deeper into all sorts of different topics ranging from creative photography to marketing to copywriting.',0),(8,'Meet the 2020 Floret Scholarship Winners',NULL,NULL,NULL,'meet-the-2020-floret-scholarship-winners',NULL,NULL,NULL,NULL,NULL,'Announcing the Floret Scholarship winners is always one of the highlights of the year for all of us here at Floret.\r\nOver the last week, the team and I have been hustling to ship boxes of bulbs during the day and read the scholarship essays in the evenings. It was both exhausting and exhilarating! ','2019-12-12 09:54:41','2019-12-12 09:54:41','2019-12-12 09:54:41',1,1,0,'magefan_blog/blog3.png',NULL,1,NULL,NULL,NULL,NULL,NULL,NULL,NULL,NULL,NULL,0,NULL,'Announcing the Floret Scholarship winners is always one of the highlights of the year for all of us here at Floret.',0),(9,'Dog-lovers Shopping guide to Coronado							',NULL,NULL,NULL,'dog-lovers-shopping-guide-to-coronado',NULL,NULL,NULL,NULL,NULL,'Not only is Coronado Island a paradise for dogs, it’s also a great place for dog-lovers to shop! Here are 40+ highlights from 8 of our favorite Coronado stores – all of which allow your pups to peruse alongside you!\r\nOf course we have to start with Wag’N Tails – Coronado’s quality pet store. Aside from every doggie goodie you would need, owner Melanie offers special Islander items such as City of Coronado street signs customized with your dog’s name or, if you want to get zip-code specific, there’s the Nado 92118 ribbon collar, pictured here in two colorways…\r\n\r\n','2019-12-12 10:09:07','2019-12-12 10:09:07','2019-12-12 10:09:07',1,1,0,'magefan_blog/blog1.jpg',NULL,1,NULL,NULL,NULL,NULL,NULL,NULL,NULL,NULL,NULL,0,NULL,'Not only is Coronado Island a paradise for dogs, it’s also a great place for dog-lovers to shop',0),(10,'Bodie’s Tests the Furbo Dog Camera & Treat Dispenser',NULL,NULL,NULL,'bodies-tests-the-furbo-dog-camera-and-treat-dispenser',NULL,NULL,NULL,NULL,NULL,'This review is supported by Furbo, who kindly gifted Bodie with this nifty gadget so we could give you the lowdown! All thoughts and experiences are our very own.\r\nI have always felt a combination of guilty and anxious leaving Bodie home alone, even when I’ve taken him out for an exhaustive walk and all he really wants to do is splay out and sleep, I still feel uneasy telling him, ‘You’re going to stay!’ He watches me so expectantly as I get ready and when he hears the word ‘stay’ he sighs and turns away from me, flumping down on his mat, resigned to his fate. Which is better than when he used to throw himself down on the doorstep like a dead weight and refuse to move, acting like he was about to draw his last breath in a dramatic rendition of a Shakespearean play.','2019-12-12 10:10:48','2019-12-12 10:10:48','2019-12-12 10:10:48',1,1,0,'magefan_blog/blog3.jpg',NULL,1,NULL,NULL,NULL,NULL,NULL,NULL,NULL,NULL,NULL,0,NULL,'This review is supported by Furbo, who kindly gifted Bodie with this nifty gadget so we could give you the lowdown! All thoughts and experiences are our very own.',0),(11,'Bodie at the Dog-Friendly Oregon Dunes',NULL,NULL,NULL,'bodie-at-the-dog-friendly-oregon-dunes',NULL,NULL,NULL,NULL,NULL,'It seems unfathomable that this magnificent Lawrence of Arabia experience awaits just off Highway 101. Here’s your paw-by-paw guide to the dog-friendly Oregon Dunes…\r\nWe pulled into the shady carpark and followed the signs guiding us along a wooden walkway, glimpsing lush forest and wildflowers…\r\nSuddenly the scene opened out and revealed this evergreen-trimmed marshland, complete with free-form lily pond.','2019-12-12 10:12:01','2019-12-12 10:12:01','2019-12-12 10:12:01',1,1,0,'magefan_blog/blog2.jpg',NULL,1,NULL,NULL,NULL,NULL,NULL,NULL,NULL,NULL,NULL,0,NULL,'It seems unfathomable that this magnificent Lawrence of Arabia experience awaits just off Highway 101. Here’s your paw-by-paw guide to the dog-friendly Oregon Dunes…',0),(12,'Opal is deaf and blind, but her owners insist she’s no underdog',NULL,NULL,NULL,'opal-is-deaf-and-blind-but-her-owners-insist-shes-no-underdog',NULL,NULL,NULL,NULL,NULL,'It seems unfathomable that this magnificent Lawrence of Arabia experience awaits just off Highway 101. Here’s your paw-by-paw guide to the dog-friendly Oregon Dunes…\r\nWe pulled into the shady carpark and followed the signs guiding us along a wooden walkway, glimpsing lush forest and wildflowers…\r\nSuddenly the scene opened out and revealed this evergreen-trimmed marshland, complete with free-form lily pond.','2019-12-31 04:08:33','2019-12-31 04:09:50','2019-12-31 00:00:00',1,1,0,'magefan_blog/post1.jpg',NULL,1,NULL,NULL,NULL,NULL,NULL,NULL,NULL,NULL,NULL,0,NULL,'It seems unfathomable that this magnificent Lawrence of Arabia experience awaits just off Highway 101. Here’s your paw-by-paw guide to the dog-friendly Oregon Dunes…',0),(13,'A grassroots effort to bring Jamaica\'s coral reefs back from the brink',NULL,NULL,NULL,'a-grassroots-effort-to-bring-jamaicas-coral-reefs-back-from-the-brink',NULL,NULL,NULL,NULL,NULL,'It seems unfathomable that this magnificent Lawrence of Arabia experience awaits just off Highway 101. Here’s your paw-by-paw guide to the dog-friendly Oregon Dunes…\r\nWe pulled into the shady carpark and followed the signs guiding us along a wooden walkway, glimpsing lush forest and wildflowers…\r\nSuddenly the scene opened out and revealed this evergreen-trimmed marshland, complete with free-form lily pond.','2019-12-31 04:09:25','2019-12-31 04:10:05','2019-12-31 00:00:00',1,1,0,'magefan_blog/post2.jpg',NULL,1,NULL,NULL,NULL,NULL,NULL,NULL,NULL,NULL,NULL,0,NULL,'It seems unfathomable that this magnificent Lawrence of Arabia experience awaits just off Highway 101. Here’s your paw-by-paw guide to the dog-friendly Oregon Dunes…',0);

--
-- Table structure for table `magefan_blog_post_category`
--

CREATE TABLE `magefan_blog_post_category` (
  `post_id` int(11) NOT NULL COMMENT 'Post ID',
  `category_id` int(11) NOT NULL COMMENT 'Category ID',
  PRIMARY KEY (`post_id`,`category_id`),
  KEY `MAGEFAN_BLOG_POST_CATEGORY_CATEGORY_ID` (`category_id`),
  CONSTRAINT `MAGEFAN_BLOG_POST_CATEGORY_POST_ID_MAGEFAN_BLOG_POST_POST_ID` FOREIGN KEY (`post_id`) REFERENCES `magefan_blog_post` (`post_id`) ON DELETE CASCADE,
  CONSTRAINT `MAGEFAN_BLOG_POST_CTGR_CTGR_ID_MAGEFAN_BLOG_CTGR_CTGR_ID` FOREIGN KEY (`category_id`) REFERENCES `magefan_blog_category` (`category_id`) ON DELETE CASCADE
) ENGINE=InnoDB DEFAULT CHARSET=utf8 COMMENT='Magefan Blog Post To Category Linkage Table';

--
-- Dumping data for table `magefan_blog_post_category`
--

INSERT INTO `magefan_blog_post_category` VALUES (2,1),(3,1),(4,1),(5,1),(2,2),(3,2),(4,2),(5,2),(2,3),(3,3),(4,3),(5,3),(2,4),(3,4),(4,4),(5,4),(2,5),(3,5),(4,5),(5,5),(6,6),(7,6),(8,6),(6,7),(7,7),(6,8),(8,8),(9,9),(10,9),(11,9),(9,10),(10,10),(11,10),(9,11),(11,11),(12,12),(13,12),(12,13),(13,13),(12,14),(13,14);

--
-- Table structure for table `magefan_blog_post_relatedpost`
--

CREATE TABLE `magefan_blog_post_relatedpost` (
  `post_id` int(11) NOT NULL COMMENT 'Post ID',
  `related_id` int(11) NOT NULL COMMENT 'Related Post ID',
  `position` int(11) NOT NULL COMMENT 'Position',
  PRIMARY KEY (`post_id`,`related_id`),
  KEY `MAGEFAN_BLOG_POST_RELATEDPRODUCT_RELATED_ID` (`related_id`),
  CONSTRAINT `FK_9F26E983FE1D7D7063B61D3F3C8D1104` FOREIGN KEY (`post_id`) REFERENCES `magefan_blog_post` (`post_id`) ON DELETE CASCADE,
  CONSTRAINT `MAGEFAN_BLOG_POST_RELATEDPRD1_POST_ID_MAGEFAN_BLOG_POST_POST_ID` FOREIGN KEY (`post_id`) REFERENCES `magefan_blog_post` (`post_id`) ON DELETE CASCADE
) ENGINE=InnoDB DEFAULT CHARSET=utf8 COMMENT='Magefan Blog Post To Post Linkage Table';

--
-- Dumping data for table `magefan_blog_post_relatedpost`
--

INSERT INTO `magefan_blog_post_relatedpost` VALUES (4,2,0),(4,3,0),(5,2,1),(5,3,0),(5,4,0);

--
-- Table structure for table `magefan_blog_post_relatedproduct`
--

CREATE TABLE `magefan_blog_post_relatedproduct` (
  `post_id` int(11) NOT NULL COMMENT 'Post ID',
  `related_id` int(10) unsigned NOT NULL COMMENT 'Related Product ID',
  `position` int(11) NOT NULL COMMENT 'Position',
  PRIMARY KEY (`post_id`,`related_id`),
  KEY `MAGEFAN_BLOG_POST_RELATEDPRODUCT_RELATED_ID` (`related_id`),
  CONSTRAINT `MAGEFAN_BLOG_POST_RELATEDPRD_POST_ID_MAGEFAN_BLOG_POST_POST_ID` FOREIGN KEY (`post_id`) REFERENCES `magefan_blog_post` (`post_id`) ON DELETE CASCADE,
  CONSTRAINT `MAGEFAN_BLOG_POST_RELATEDPRD_RELATED_ID_CAT_PRD_ENTT_ENTT_ID` FOREIGN KEY (`related_id`) REFERENCES `catalog_product_entity` (`entity_id`) ON DELETE CASCADE
) ENGINE=InnoDB DEFAULT CHARSET=utf8 COMMENT='Magefan Blog Post To Product Linkage Table';

--
-- Dumping data for table `magefan_blog_post_relatedproduct`
--

INSERT INTO `magefan_blog_post_relatedproduct` VALUES (2,1,2),(2,2,1),(2,3,0),(2,4,0),(3,1,0),(3,2,0),(3,3,0),(3,4,0),(4,1,0),(4,2,0),(4,3,0),(4,4,0),(5,1,1),(5,2,0),(5,3,0),(5,4,0);

--
-- Table structure for table `magefan_blog_post_store`
--

CREATE TABLE `magefan_blog_post_store` (
  `post_id` int(11) NOT NULL COMMENT 'Post ID',
  `store_id` smallint(5) unsigned NOT NULL COMMENT 'Store ID',
  PRIMARY KEY (`post_id`,`store_id`),
  KEY `MAGEFAN_BLOG_POST_STORE_STORE_ID` (`store_id`),
  CONSTRAINT `MAGEFAN_BLOG_POST_STORE_POST_ID_MAGEFAN_BLOG_POST_POST_ID` FOREIGN KEY (`post_id`) REFERENCES `magefan_blog_post` (`post_id`) ON DELETE CASCADE,
  CONSTRAINT `MAGEFAN_BLOG_POST_STORE_STORE_ID_STORE_STORE_ID` FOREIGN KEY (`store_id`) REFERENCES `store` (`store_id`) ON DELETE CASCADE
) ENGINE=InnoDB DEFAULT CHARSET=utf8 COMMENT='Magefan Blog Post To Store Linkage Table';

--
-- Dumping data for table `magefan_blog_post_store`
--

INSERT INTO `magefan_blog_post_store` VALUES (1,0),(2,1),(3,1),(4,1),(5,1),(2,2),(3,2),(4,2),(5,2),(2,3),(3,3),(4,3),(5,3),(2,4),(3,4),(4,4),(5,4),(2,5),(3,5),(4,5),(5,5),(2,6),(3,6),(4,6),(5,6),(2,7),(3,7),(4,7),(5,7),(2,8),(3,8),(4,8),(5,8),(2,9),(3,9),(4,9),(5,9),(2,10),(3,10),(4,10),(5,10),(2,11),(3,11),(4,11),(5,11),(2,12),(3,12),(4,12),(5,12),(2,13),(3,13),(4,13),(5,13),(2,14),(3,14),(4,14),(5,14),(2,15),(3,15),(4,15),(5,15),(2,16),(3,16),(4,16),(5,16),(2,17),(3,17),(4,17),(5,17),(2,18),(3,18),(4,18),(5,18),(2,20),(3,20),(4,20),(5,20),(2,21),(3,21),(4,21),(5,21),(2,22),(3,22),(4,22),(5,22),(2,23),(3,23),(4,23),(5,23),(2,24),(3,24),(4,24),(5,24),(2,25),(3,25),(4,25),(5,25),(2,26),(3,26),(4,26),(5,26),(2,27),(3,27),(4,27),(5,27),(2,28),(3,28),(4,28),(5,28),(2,29),(3,29),(4,29),(5,29),(2,30),(3,30),(4,30),(5,30),(2,31),(3,31),(4,31),(5,31),(2,32),(3,32),(4,32),(5,32),(2,33),(3,33),(4,33),(5,33),(6,36),(7,36),(8,36),(9,37),(10,37),(11,37),(12,38),(13,38),(6,39),(7,39),(8,39),(9,40),(10,40),(11,40),(12,41),(13,41);

--
-- Table structure for table `magefan_blog_post_tag`
--

CREATE TABLE `magefan_blog_post_tag` (
  `post_id` int(11) NOT NULL COMMENT 'Post ID',
  `tag_id` int(11) NOT NULL COMMENT 'Tag ID',
  PRIMARY KEY (`post_id`,`tag_id`),
  KEY `MAGEFAN_BLOG_POST_TAG_TAG_ID` (`tag_id`),
  CONSTRAINT `MAGEFAN_BLOG_POST_TAG_POST_ID_MAGEFAN_BLOG_POST_POST_ID` FOREIGN KEY (`post_id`) REFERENCES `magefan_blog_post` (`post_id`) ON DELETE CASCADE,
  CONSTRAINT `MAGEFAN_BLOG_POST_TAG_TAG_ID_MAGEFAN_BLOG_TAG_TAG_ID` FOREIGN KEY (`tag_id`) REFERENCES `magefan_blog_tag` (`tag_id`) ON DELETE CASCADE
) ENGINE=InnoDB DEFAULT CHARSET=utf8 COMMENT='Magefan Blog Post To Category Linkage Table';

--
-- Dumping data for table `magefan_blog_post_tag`
--


--
-- Table structure for table `magefan_blog_tag`
--

CREATE TABLE `magefan_blog_tag` (
  `tag_id` int(11) NOT NULL AUTO_INCREMENT COMMENT 'Tag ID',
  `title` varchar(255) DEFAULT NULL COMMENT 'Tag Title',
  `meta_robots` varchar(255) DEFAULT NULL COMMENT 'Tag Degault Robots',
  `meta_description` varchar(255) DEFAULT NULL COMMENT 'Tag Meta Description',
  `meta_keywords` varchar(255) DEFAULT NULL COMMENT 'Tag Meta Keywords',
  `meta_title` varchar(255) DEFAULT NULL COMMENT 'Tag Meta Title',
  `identifier` varchar(100) DEFAULT NULL COMMENT 'Tag String Identifier',
  `page_layout` varchar(255) DEFAULT NULL COMMENT 'Tag Layout',
  `is_active` smallint(6) NOT NULL DEFAULT '1' COMMENT 'Is Tag Active',
  `content` mediumtext COMMENT 'Tag Content',
  `layout_update_xml` text COMMENT 'Tag Layout Update Content',
  `custom_theme` varchar(100) DEFAULT NULL COMMENT 'Tag Custom Theme',
  `custom_layout` varchar(255) DEFAULT NULL COMMENT 'Tag Custom Template',
  `custom_layout_update_xml` text COMMENT 'Tag Custom Layout Update Content',
  `custom_theme_from` date DEFAULT NULL COMMENT 'Tag Custom Theme Active From Date',
  `custom_theme_to` date DEFAULT NULL COMMENT 'Tag Custom Theme Active To Date',
  `posts_per_page` int(11) DEFAULT NULL COMMENT 'Posts Per Page',
  `posts_list_template` varchar(100) DEFAULT NULL COMMENT 'Posts List Template',
  PRIMARY KEY (`tag_id`),
  KEY `MAGEFAN_BLOG_TAG_IDENTIFIER` (`identifier`),
  KEY `MAGEFAN_BLOG_TAG_IS_ACTIVE` (`is_active`)
) ENGINE=InnoDB DEFAULT CHARSET=utf8 COMMENT='Magefan Blog Tag Table';

--
-- Dumping data for table `magefan_blog_tag`
--


--
-- Table structure for table `magefan_blog_tag_store`
--

CREATE TABLE `magefan_blog_tag_store` (
  `tag_id` int(11) NOT NULL COMMENT 'Tag ID',
  `store_id` smallint(5) unsigned NOT NULL COMMENT 'Store ID',
  PRIMARY KEY (`tag_id`,`store_id`),
  KEY `MAGEFAN_BLOG_TAG_STORE_STORE_ID` (`store_id`),
  CONSTRAINT `MAGEFAN_BLOG_TAG_STORE_STORE_ID_STORE_STORE_ID` FOREIGN KEY (`store_id`) REFERENCES `store` (`store_id`) ON DELETE CASCADE,
  CONSTRAINT `MAGEFAN_BLOG_TAG_STORE_TAG_ID_MAGEFAN_BLOG_TAG_TAG_ID` FOREIGN KEY (`tag_id`) REFERENCES `magefan_blog_tag` (`tag_id`) ON DELETE CASCADE
) ENGINE=InnoDB DEFAULT CHARSET=utf8 COMMENT='Magefan Blog Tag To Store Linkage Table';

--
-- Dumping data for table `magefan_blog_tag_store`
--


--
-- Table structure for table `magento_acknowledged_bulk`
--

CREATE TABLE `magento_acknowledged_bulk` (
  `id` int(10) unsigned NOT NULL AUTO_INCREMENT COMMENT 'Internal ID',
  `bulk_uuid` varbinary(39) DEFAULT NULL COMMENT 'Related Bulk UUID',
  PRIMARY KEY (`id`),
  UNIQUE KEY `MAGENTO_ACKNOWLEDGED_BULK_BULK_UUID` (`bulk_uuid`),
  CONSTRAINT `MAGENTO_ACKNOWLEDGED_BULK_BULK_UUID_MAGENTO_BULK_UUID` FOREIGN KEY (`bulk_uuid`) REFERENCES `magento_bulk` (`uuid`) ON DELETE CASCADE
) ENGINE=InnoDB DEFAULT CHARSET=utf8 COMMENT='Bulk that was viewed by user from notification area';

--
-- Dumping data for table `magento_acknowledged_bulk`
--


--
-- Table structure for table `magento_bulk`
--

CREATE TABLE `magento_bulk` (
  `id` int(10) unsigned NOT NULL AUTO_INCREMENT COMMENT 'Bulk Internal ID (must not be exposed)',
  `uuid` varbinary(39) DEFAULT NULL COMMENT 'Bulk UUID (can be exposed to reference bulk entity)',
  `user_id` int(10) unsigned DEFAULT NULL COMMENT 'ID of the WebAPI user that performed an action',
  `user_type` int(11) DEFAULT NULL COMMENT 'Which type of user',
  `description` varchar(255) DEFAULT NULL COMMENT 'Bulk Description',
  `operation_count` int(10) unsigned NOT NULL COMMENT 'Total number of operations scheduled within this bulk',
  `start_time` timestamp NOT NULL DEFAULT CURRENT_TIMESTAMP COMMENT 'Bulk start time',
  PRIMARY KEY (`id`),
  UNIQUE KEY `MAGENTO_BULK_UUID` (`uuid`),
  KEY `MAGENTO_BULK_USER_ID` (`user_id`),
  KEY `MAGENTO_BULK_START_TIME` (`start_time`)
) ENGINE=InnoDB DEFAULT CHARSET=utf8 COMMENT='Bulk entity that represents set of related asynchronous operations';

--
-- Dumping data for table `magento_bulk`
--


--
-- Table structure for table `magento_login_as_customer_log`
--

CREATE TABLE `magento_login_as_customer_log` (
  `log_id` int(11) NOT NULL AUTO_INCREMENT COMMENT 'Log Id',
  `time` timestamp NULL DEFAULT NULL COMMENT 'Event Date',
  `user_id` int(10) unsigned DEFAULT NULL COMMENT 'User Id',
  `user_name` varchar(40) DEFAULT NULL COMMENT 'User Name',
  `customer_id` int(10) unsigned DEFAULT NULL COMMENT 'Customer Id',
  `customer_email` varchar(40) DEFAULT NULL COMMENT 'Customer email',
  PRIMARY KEY (`log_id`),
  KEY `MAGENTO_LOGIN_AS_CUSTOMER_LOG_USER_ID` (`user_id`)
) ENGINE=InnoDB DEFAULT CHARSET=utf8 COMMENT='Login as Customer Logging';

--
-- Dumping data for table `magento_login_as_customer_log`
--


--
-- Table structure for table `magento_operation`
--

CREATE TABLE `magento_operation` (
  `id` int(10) unsigned NOT NULL AUTO_INCREMENT COMMENT 'Operation ID',
  `bulk_uuid` varbinary(39) DEFAULT NULL COMMENT 'Related Bulk UUID',
  `topic_name` varchar(255) DEFAULT NULL COMMENT 'Name of the related message queue topic',
  `serialized_data` blob COMMENT 'Data (serialized) required to perform an operation',
  `result_serialized_data` blob COMMENT 'Result data (serialized) after perform an operation',
  `status` smallint(6) DEFAULT '0' COMMENT 'Operation status (OPEN | COMPLETE | RETRIABLY_FAILED | NOT_RETRIABLY_FAILED)',
  `error_code` smallint(6) DEFAULT NULL COMMENT 'Code of the error that appeared during operation execution (used to aggregate related failed operations)',
  `result_message` varchar(255) DEFAULT NULL COMMENT 'Operation result message',
  `operation_key` int(10) unsigned NOT NULL COMMENT 'Operation Key',
  `started_at` timestamp NULL DEFAULT NULL COMMENT 'Datetime the operation started processing',
  PRIMARY KEY (`id`),
  KEY `MAGENTO_OPERATION_BULK_UUID_ERROR_CODE` (`bulk_uuid`,`error_code`),
  KEY `MAGENTO_OPERATION_STATUS_STARTED_AT` (`status`,`started_at`),
  CONSTRAINT `MAGENTO_OPERATION_BULK_UUID_MAGENTO_BULK_UUID` FOREIGN KEY (`bulk_uuid`) REFERENCES `magento_bulk` (`uuid`) ON DELETE CASCADE
) ENGINE=InnoDB DEFAULT CHARSET=utf8 COMMENT='Operation entity';

--
-- Dumping data for table `magento_operation`
--


--
-- Table structure for table `magiccart_lookbook`
--

CREATE TABLE `magiccart_lookbook` (
  `lookbook_id` int(11) NOT NULL AUTO_INCREMENT COMMENT 'Lookbook ID',
  `title` varchar(255) DEFAULT NULL COMMENT 'Title',
  `identifier` varchar(255) DEFAULT NULL COMMENT 'Identifier',
  `type_id` smallint(6) NOT NULL DEFAULT '1' COMMENT 'Type',
  `link` varchar(255) DEFAULT NULL COMMENT 'Link',
  `image` varchar(255) DEFAULT NULL COMMENT 'Image',
  `options` text COMMENT 'options',
  `stores` varchar(255) DEFAULT NULL COMMENT 'Stores',
  `order` int(11) NOT NULL DEFAULT '0' COMMENT 'Order',
  `status` smallint(6) NOT NULL DEFAULT '1' COMMENT 'Status',
  `description` varchar(255) DEFAULT NULL COMMENT 'Description',
  `config` mediumtext COMMENT 'Config',
  PRIMARY KEY (`lookbook_id`)
) ENGINE=InnoDB AUTO_INCREMENT=3 DEFAULT CHARSET=utf8 COMMENT='Magiccart Lookbook';

--
-- Dumping data for table `magiccart_lookbook`
--

INSERT INTO `magiccart_lookbook` VALUES (1,'Lookbok','lookbok',1,'#','magiccart/lookbook/s/l/slider1_03.jpg','{\"magic_pin\":{\"0\":{\"content\":\"Cras sem sapien(#59)\",\"undefined\":\"Save pin\",\"product_id\":\"59\",\"coords\":{\"lat\":\"1135.75\",\"long\":\"386.65\"}},\"1\":{\"content\":\"Wave Ripped Straight(#3)\",\"undefined\":\"Save pin\",\"product_id\":\"3\",\"coords\":{\"lat\":\"1206.75\",\"long\":\"675.65\"}},\"2\":{\"content\":\"Primo Court Mid Suede(#1)\",\"undefined\":\"Save pin\",\"product_id\":\"1\",\"coords\":{\"lat\":\"383.5\",\"long\":\"308\"}},\"3\":{\"content\":\"The Net Bag in Navy(#2)\",\"undefined\":\"Save pin\",\"product_id\":\"2\",\"coords\":{\"lat\":\"660.75\",\"long\":\"480.65\"}},\"4\":{\"content\":\"Fusce nec facilisi(#61)\",\"undefined\":\"Save pin\",\"product_id\":\"61\",\"coords\":{\"lat\":\"630.75\",\"long\":\"723.65\"}},\"canvas\":{\"src\":\"https://m2.alothemes.com/milano/pub/media/magiccart/lookbook/s/l/slider1_03.jpg\",\"width\":1720,\"height\":975}}}','0',0,1,NULL,NULL),(2,'Lookbok 2','lookbok2',1,'#','magiccart/lookbook/s/l/slider2_03.jpg','{\"magic_pin\":{\"0\":{\"content\":\"Quisque neque(#60)\",\"undefined\":\"Save pin\",\"product_id\":\"60\",\"coords\":{\"lat\":\"916.75\",\"long\":\"533.65\"}},\"2\":{\"content\":\"Donec sem tellus(#7)\",\"undefined\":\"Save pin\",\"product_id\":\"7\",\"coords\":{\"lat\":\"1163.75\",\"long\":\"695\"}},\"canvas\":{\"src\":\"https:\\/\\/m2.alothemes.com\\/milano\\/pub\\/media\\/magiccart\\/lookbook\\/s\\/l\\/slider2_03.jpg\",\"width\":1720,\"height\":975}}}','0',0,1,NULL,NULL);

--
-- Table structure for table `magiccart_magicmenu`
--

CREATE TABLE `magiccart_magicmenu` (
  `magicmenu_id` int(11) NOT NULL AUTO_INCREMENT COMMENT 'Magicmenu ID',
  `cat_id` varchar(255) DEFAULT NULL COMMENT 'Category Id',
  `cat_col` varchar(255) DEFAULT NULL COMMENT 'Columns category',
  `cat_proportion` int(11) NOT NULL DEFAULT '0' COMMENT 'Proportion category',
  `top` varchar(255) DEFAULT NULL COMMENT 'Category content top',
  `right` varchar(255) DEFAULT NULL COMMENT 'Category content right',
  `right_proportion` int(11) NOT NULL DEFAULT '0' COMMENT 'Proportion category content right',
  `bottom` varchar(255) DEFAULT NULL COMMENT 'Category content bottom',
  `left` varchar(255) DEFAULT NULL COMMENT 'Category content right',
  `left_proportion` int(11) NOT NULL DEFAULT '0' COMMENT 'Proportion category content left',
  `name` varchar(255) DEFAULT NULL COMMENT 'Extra menu name',
  `magic_label` varchar(255) DEFAULT NULL COMMENT 'Extra menu label',
  `link` varchar(255) DEFAULT NULL COMMENT 'Extra menu link',
  `ext_content` text COMMENT 'Extra menu content',
  `extra` smallint(6) NOT NULL DEFAULT '0' COMMENT 'Is Extra',
  `stores` varchar(255) DEFAULT NULL COMMENT 'Stores',
  `order` int(11) NOT NULL DEFAULT '0' COMMENT 'Order',
  `status` smallint(6) NOT NULL DEFAULT '1' COMMENT 'Status',
  PRIMARY KEY (`magicmenu_id`)
) ENGINE=InnoDB AUTO_INCREMENT=4 DEFAULT CHARSET=utf8 COMMENT='Magiccart Magicmenu';

--
-- Dumping data for table `magiccart_magicmenu`
--

INSERT INTO `magiccart_magicmenu` VALUES (1,'38','4',4,NULL,'megamenu_custom_block',1,NULL,NULL,0,NULL,NULL,NULL,NULL,0,'0',0,1),(2,NULL,NULL,0,NULL,NULL,0,NULL,NULL,0,'Contact',NULL,'contact',NULL,1,'1,2,3,34,35,36,39,37,40,6,7',0,1),(3,'60',NULL,0,NULL,'featured-menu',2,NULL,NULL,0,NULL,NULL,NULL,NULL,0,'0',0,1);

--
-- Table structure for table `magiccart_magicproduct`
--

CREATE TABLE `magiccart_magicproduct` (
  `magicproduct_id` int(11) NOT NULL AUTO_INCREMENT COMMENT 'Magicproduct ID',
  `title` varchar(255) NOT NULL COMMENT 'Title',
  `identifier` varchar(255) DEFAULT NULL COMMENT 'Identifier',
  `type_id` smallint(6) NOT NULL DEFAULT '1' COMMENT 'Type',
  `config` mediumtext COMMENT 'Config',
  `status` smallint(6) NOT NULL DEFAULT '1' COMMENT 'Status',
  PRIMARY KEY (`magicproduct_id`),
  KEY `MAGICPRODUCT_IDENTIFIER_IDENTIFIER` (`identifier`)
) ENGINE=InnoDB AUTO_INCREMENT=14 DEFAULT CHARSET=utf8 COMMENT='Magiccart Magicproduct';

--
-- Dumping data for table `magiccart_magicproduct`
--

INSERT INTO `magiccart_magicproduct` VALUES (1,'','main-product-01',1,'a:38:{s:8:\"form_key\";s:16:\"2Zg2mTlj51u4pnpV\";s:15:\"magicproduct_id\";s:1:\"1\";s:9:\"countdown\";s:0:\"\";s:5:\"title\";s:0:\"\";s:8:\"subtitle\";s:0:\"\";s:4:\"ajax\";s:1:\"1\";s:8:\"loadmore\";s:1:\"0\";s:5:\"types\";a:3:{i:0;s:8:\"featured\";i:1;s:3:\"new\";i:2;s:4:\"sale\";}s:9:\"activated\";s:3:\"new\";s:5:\"limit\";s:2:\"12\";s:6:\"status\";s:1:\"1\";s:10:\"parameters\";a:1:{s:10:\"conditions\";a:1:{i:1;a:4:{s:4:\"type\";s:50:\"Magento\\CatalogWidget\\Model\\Rule\\Condition\\Combine\";s:10:\"aggregator\";s:3:\"all\";s:5:\"value\";s:1:\"1\";s:9:\"new_child\";s:0:\"\";}}}s:6:\"mobile\";s:1:\"1\";s:8:\"portrait\";s:1:\"2\";s:9:\"landscape\";s:1:\"2\";s:6:\"tablet\";s:1:\"2\";s:8:\"notebook\";s:1:\"3\";s:6:\"laptop\";s:1:\"4\";s:7:\"desktop\";s:1:\"4\";s:10:\"widescreen\";s:1:\"4\";s:7:\"visible\";s:1:\"4\";s:5:\"timer\";s:1:\"1\";s:5:\"slide\";s:1:\"1\";s:8:\"vertical\";s:5:\"false\";s:8:\"infinite\";s:4:\"true\";s:8:\"autoplay\";s:5:\"false\";s:6:\"arrows\";s:4:\"true\";s:4:\"dots\";s:5:\"false\";s:4:\"fade\";s:5:\"false\";s:11:\"center-Mode\";s:5:\"false\";s:4:\"rows\";s:1:\"1\";s:5:\"speed\";s:3:\"300\";s:14:\"autoplay-Speed\";s:4:\"3000\";s:7:\"padding\";s:2:\"10\";s:4:\"cart\";s:1:\"1\";s:7:\"compare\";s:1:\"1\";s:8:\"wishlist\";s:1:\"1\";s:6:\"review\";s:1:\"1\";}',1),(2,'','main-product-02',1,'a:38:{s:8:\"form_key\";s:16:\"2Zg2mTlj51u4pnpV\";s:15:\"magicproduct_id\";s:1:\"2\";s:9:\"countdown\";s:0:\"\";s:5:\"title\";s:0:\"\";s:8:\"subtitle\";s:0:\"\";s:4:\"ajax\";s:1:\"1\";s:8:\"loadmore\";s:1:\"0\";s:5:\"types\";a:3:{i:0;s:6:\"latest\";i:1;s:6:\"random\";i:2;s:4:\"sale\";}s:9:\"activated\";s:6:\"random\";s:5:\"limit\";s:2:\"12\";s:6:\"status\";s:1:\"1\";s:10:\"parameters\";a:1:{s:10:\"conditions\";a:1:{i:1;a:4:{s:4:\"type\";s:50:\"Magento\\CatalogWidget\\Model\\Rule\\Condition\\Combine\";s:10:\"aggregator\";s:3:\"all\";s:5:\"value\";s:1:\"1\";s:9:\"new_child\";s:0:\"\";}}}s:6:\"mobile\";s:1:\"1\";s:8:\"portrait\";s:1:\"2\";s:9:\"landscape\";s:1:\"2\";s:6:\"tablet\";s:1:\"2\";s:8:\"notebook\";s:1:\"3\";s:6:\"laptop\";s:1:\"4\";s:7:\"desktop\";s:1:\"4\";s:10:\"widescreen\";s:1:\"4\";s:7:\"visible\";s:1:\"4\";s:5:\"timer\";s:1:\"0\";s:5:\"slide\";s:1:\"1\";s:8:\"vertical\";s:5:\"false\";s:8:\"infinite\";s:4:\"true\";s:8:\"autoplay\";s:5:\"false\";s:6:\"arrows\";s:4:\"true\";s:4:\"dots\";s:5:\"false\";s:4:\"fade\";s:5:\"false\";s:11:\"center-Mode\";s:5:\"false\";s:4:\"rows\";s:1:\"1\";s:5:\"speed\";s:3:\"300\";s:14:\"autoplay-Speed\";s:4:\"3000\";s:7:\"padding\";s:2:\"10\";s:4:\"cart\";s:1:\"1\";s:7:\"compare\";s:1:\"1\";s:8:\"wishlist\";s:1:\"1\";s:6:\"review\";s:1:\"1\";}',1),(3,'Custom Product Home Page1','custom-product-1',1,'a:34:{s:8:\"form_key\";s:16:\"HDFMm99RYQDRpy8A\";s:15:\"magicproduct_id\";s:1:\"3\";s:9:\"countdown\";s:0:\"\";s:5:\"title\";s:25:\"Custom Product Home Page1\";s:4:\"ajax\";s:1:\"0\";s:5:\"types\";a:1:{i:0;s:10:\"bestseller\";}s:9:\"activated\";s:10:\"bestseller\";s:5:\"limit\";s:1:\"2\";s:6:\"status\";s:1:\"1\";s:10:\"parameters\";a:1:{s:10:\"conditions\";a:1:{i:1;a:4:{s:4:\"type\";s:50:\"Magento\\CatalogWidget\\Model\\Rule\\Condition\\Combine\";s:10:\"aggregator\";s:3:\"all\";s:5:\"value\";s:1:\"1\";s:9:\"new_child\";s:0:\"\";}}}s:6:\"mobile\";s:1:\"1\";s:8:\"portrait\";s:1:\"1\";s:9:\"landscape\";s:1:\"1\";s:6:\"tablet\";s:1:\"1\";s:8:\"notebook\";s:1:\"1\";s:6:\"laptop\";s:1:\"1\";s:7:\"desktop\";s:1:\"1\";s:10:\"widescreen\";s:1:\"1\";s:7:\"visible\";s:1:\"1\";s:5:\"timer\";s:1:\"0\";s:5:\"slide\";s:1:\"0\";s:8:\"vertical\";s:5:\"false\";s:8:\"infinite\";s:4:\"true\";s:8:\"autoplay\";s:5:\"false\";s:6:\"arrows\";s:5:\"false\";s:4:\"dots\";s:5:\"false\";s:4:\"rows\";s:1:\"2\";s:5:\"speed\";s:3:\"300\";s:14:\"autoplay-Speed\";s:4:\"3000\";s:7:\"padding\";s:2:\"10\";s:4:\"cart\";s:1:\"1\";s:7:\"compare\";s:1:\"0\";s:8:\"wishlist\";s:1:\"0\";s:6:\"review\";s:1:\"1\";}',1),(4,'Custom Product Home Page2','custom-product-2',1,'a:34:{s:8:\"form_key\";s:16:\"HDFMm99RYQDRpy8A\";s:15:\"magicproduct_id\";s:1:\"4\";s:9:\"countdown\";s:0:\"\";s:5:\"title\";s:25:\"Custom Product Home Page2\";s:4:\"ajax\";s:1:\"0\";s:5:\"types\";a:1:{i:0;s:6:\"random\";}s:9:\"activated\";s:6:\"random\";s:5:\"limit\";s:1:\"2\";s:6:\"status\";s:1:\"1\";s:10:\"parameters\";a:1:{s:10:\"conditions\";a:1:{i:1;a:4:{s:4:\"type\";s:50:\"Magento\\CatalogWidget\\Model\\Rule\\Condition\\Combine\";s:10:\"aggregator\";s:3:\"all\";s:5:\"value\";s:1:\"1\";s:9:\"new_child\";s:0:\"\";}}}s:6:\"mobile\";s:1:\"1\";s:8:\"portrait\";s:1:\"1\";s:9:\"landscape\";s:1:\"1\";s:6:\"tablet\";s:1:\"1\";s:8:\"notebook\";s:1:\"1\";s:6:\"laptop\";s:1:\"1\";s:7:\"desktop\";s:1:\"1\";s:10:\"widescreen\";s:1:\"1\";s:7:\"visible\";s:1:\"1\";s:5:\"timer\";s:1:\"0\";s:5:\"slide\";s:1:\"0\";s:8:\"vertical\";s:5:\"false\";s:8:\"infinite\";s:4:\"true\";s:8:\"autoplay\";s:5:\"false\";s:6:\"arrows\";s:5:\"false\";s:4:\"dots\";s:5:\"false\";s:4:\"rows\";s:1:\"2\";s:5:\"speed\";s:3:\"300\";s:14:\"autoplay-Speed\";s:4:\"3000\";s:7:\"padding\";s:2:\"10\";s:4:\"cart\";s:1:\"1\";s:7:\"compare\";s:1:\"0\";s:8:\"wishlist\";s:1:\"0\";s:6:\"review\";s:1:\"1\";}',1),(5,'Custom Product Home Page3','custom-product-3',1,'a:34:{s:8:\"form_key\";s:16:\"HDFMm99RYQDRpy8A\";s:15:\"magicproduct_id\";s:1:\"5\";s:9:\"countdown\";s:0:\"\";s:5:\"title\";s:25:\"Custom Product Home Page3\";s:4:\"ajax\";s:1:\"0\";s:5:\"types\";a:1:{i:0;s:4:\"sale\";}s:9:\"activated\";s:4:\"sale\";s:5:\"limit\";s:1:\"2\";s:6:\"status\";s:1:\"1\";s:10:\"parameters\";a:1:{s:10:\"conditions\";a:1:{i:1;a:4:{s:4:\"type\";s:50:\"Magento\\CatalogWidget\\Model\\Rule\\Condition\\Combine\";s:10:\"aggregator\";s:3:\"all\";s:5:\"value\";s:1:\"1\";s:9:\"new_child\";s:0:\"\";}}}s:6:\"mobile\";s:1:\"1\";s:8:\"portrait\";s:1:\"1\";s:9:\"landscape\";s:1:\"1\";s:6:\"tablet\";s:1:\"1\";s:8:\"notebook\";s:1:\"1\";s:6:\"laptop\";s:1:\"1\";s:7:\"desktop\";s:1:\"1\";s:10:\"widescreen\";s:1:\"1\";s:7:\"visible\";s:1:\"1\";s:5:\"timer\";s:1:\"0\";s:5:\"slide\";s:1:\"0\";s:8:\"vertical\";s:5:\"false\";s:8:\"infinite\";s:5:\"false\";s:8:\"autoplay\";s:5:\"false\";s:6:\"arrows\";s:5:\"false\";s:4:\"dots\";s:5:\"false\";s:4:\"rows\";s:1:\"2\";s:5:\"speed\";s:3:\"300\";s:14:\"autoplay-Speed\";s:4:\"3000\";s:7:\"padding\";s:2:\"10\";s:4:\"cart\";s:1:\"1\";s:7:\"compare\";s:1:\"0\";s:8:\"wishlist\";s:1:\"0\";s:6:\"review\";s:1:\"1\";}',1),(6,'','main-product-03',1,'a:38:{s:8:\"form_key\";s:16:\"2Zg2mTlj51u4pnpV\";s:15:\"magicproduct_id\";s:1:\"6\";s:9:\"countdown\";s:0:\"\";s:5:\"title\";s:0:\"\";s:8:\"subtitle\";s:0:\"\";s:4:\"ajax\";s:1:\"1\";s:8:\"loadmore\";s:1:\"0\";s:5:\"types\";a:3:{i:0;s:8:\"featured\";i:1;s:3:\"new\";i:2;s:4:\"sale\";}s:9:\"activated\";s:3:\"new\";s:5:\"limit\";s:1:\"8\";s:6:\"status\";s:1:\"1\";s:10:\"parameters\";a:1:{s:10:\"conditions\";a:1:{i:1;a:4:{s:4:\"type\";s:50:\"Magento\\CatalogWidget\\Model\\Rule\\Condition\\Combine\";s:10:\"aggregator\";s:3:\"all\";s:5:\"value\";s:1:\"1\";s:9:\"new_child\";s:0:\"\";}}}s:6:\"mobile\";s:1:\"1\";s:8:\"portrait\";s:1:\"2\";s:9:\"landscape\";s:1:\"2\";s:6:\"tablet\";s:1:\"3\";s:8:\"notebook\";s:1:\"4\";s:6:\"laptop\";s:1:\"4\";s:7:\"desktop\";s:1:\"4\";s:10:\"widescreen\";s:1:\"4\";s:7:\"visible\";s:1:\"4\";s:5:\"timer\";s:1:\"0\";s:5:\"slide\";s:1:\"0\";s:8:\"vertical\";s:5:\"false\";s:8:\"infinite\";s:4:\"true\";s:8:\"autoplay\";s:5:\"false\";s:6:\"arrows\";s:4:\"true\";s:4:\"dots\";s:5:\"false\";s:4:\"fade\";s:5:\"false\";s:11:\"center-Mode\";s:5:\"false\";s:4:\"rows\";s:1:\"1\";s:5:\"speed\";s:3:\"300\";s:14:\"autoplay-Speed\";s:4:\"3000\";s:7:\"padding\";s:2:\"10\";s:4:\"cart\";s:1:\"1\";s:7:\"compare\";s:1:\"1\";s:8:\"wishlist\";s:1:\"1\";s:6:\"review\";s:1:\"1\";}',1),(7,'Latest Products Left Demo2','latest-product-demo2',1,'a:34:{s:8:\"form_key\";s:16:\"HDFMm99RYQDRpy8A\";s:15:\"magicproduct_id\";s:1:\"7\";s:9:\"countdown\";s:0:\"\";s:5:\"title\";s:26:\"Latest Products Left Demo2\";s:4:\"ajax\";s:1:\"0\";s:5:\"types\";a:1:{i:0;s:6:\"latest\";}s:9:\"activated\";s:6:\"latest\";s:5:\"limit\";s:1:\"4\";s:6:\"status\";s:1:\"1\";s:10:\"parameters\";a:1:{s:10:\"conditions\";a:1:{i:1;a:4:{s:4:\"type\";s:50:\"Magento\\CatalogWidget\\Model\\Rule\\Condition\\Combine\";s:10:\"aggregator\";s:3:\"all\";s:5:\"value\";s:1:\"1\";s:9:\"new_child\";s:0:\"\";}}}s:6:\"mobile\";s:1:\"1\";s:8:\"portrait\";s:1:\"1\";s:9:\"landscape\";s:1:\"1\";s:6:\"tablet\";s:1:\"1\";s:8:\"notebook\";s:1:\"1\";s:6:\"laptop\";s:1:\"1\";s:7:\"desktop\";s:1:\"1\";s:10:\"widescreen\";s:1:\"1\";s:7:\"visible\";s:1:\"1\";s:5:\"timer\";s:1:\"0\";s:5:\"slide\";s:1:\"0\";s:8:\"vertical\";s:5:\"false\";s:8:\"infinite\";s:4:\"true\";s:8:\"autoplay\";s:5:\"false\";s:6:\"arrows\";s:4:\"true\";s:4:\"dots\";s:5:\"false\";s:4:\"rows\";s:1:\"1\";s:5:\"speed\";s:3:\"300\";s:14:\"autoplay-Speed\";s:4:\"3000\";s:7:\"padding\";s:1:\"0\";s:4:\"cart\";s:1:\"1\";s:7:\"compare\";s:1:\"0\";s:8:\"wishlist\";s:1:\"0\";s:6:\"review\";s:1:\"1\";}',1),(8,'','feature-product-4',1,'a:38:{s:8:\"form_key\";s:16:\"2Zg2mTlj51u4pnpV\";s:15:\"magicproduct_id\";s:1:\"8\";s:9:\"countdown\";s:0:\"\";s:5:\"title\";s:0:\"\";s:8:\"subtitle\";s:0:\"\";s:4:\"ajax\";s:1:\"1\";s:8:\"loadmore\";s:1:\"0\";s:5:\"types\";a:3:{i:0;s:8:\"featured\";i:1;s:3:\"new\";i:2;s:4:\"sale\";}s:9:\"activated\";s:8:\"featured\";s:5:\"limit\";s:1:\"8\";s:6:\"status\";s:1:\"1\";s:10:\"parameters\";a:1:{s:10:\"conditions\";a:1:{i:1;a:4:{s:4:\"type\";s:50:\"Magento\\CatalogWidget\\Model\\Rule\\Condition\\Combine\";s:10:\"aggregator\";s:3:\"all\";s:5:\"value\";s:1:\"1\";s:9:\"new_child\";s:0:\"\";}}}s:6:\"mobile\";s:1:\"1\";s:8:\"portrait\";s:1:\"2\";s:9:\"landscape\";s:1:\"2\";s:6:\"tablet\";s:1:\"3\";s:8:\"notebook\";s:1:\"3\";s:6:\"laptop\";s:1:\"4\";s:7:\"desktop\";s:1:\"4\";s:10:\"widescreen\";s:1:\"4\";s:7:\"visible\";s:1:\"4\";s:5:\"timer\";s:1:\"0\";s:5:\"slide\";s:1:\"1\";s:8:\"vertical\";s:5:\"false\";s:8:\"infinite\";s:4:\"true\";s:8:\"autoplay\";s:5:\"false\";s:6:\"arrows\";s:4:\"true\";s:4:\"dots\";s:5:\"false\";s:4:\"fade\";s:5:\"false\";s:11:\"center-Mode\";s:5:\"false\";s:4:\"rows\";s:1:\"1\";s:5:\"speed\";s:3:\"300\";s:14:\"autoplay-Speed\";s:4:\"3000\";s:7:\"padding\";s:2:\"15\";s:4:\"cart\";s:1:\"1\";s:7:\"compare\";s:1:\"1\";s:8:\"wishlist\";s:1:\"1\";s:6:\"review\";s:1:\"1\";}',1),(9,'hot deal 15','hot-deal-15',1,'a:38:{s:8:\"form_key\";s:16:\"RsglFfInZ89elFsM\";s:15:\"magicproduct_id\";s:1:\"9\";s:9:\"countdown\";s:0:\"\";s:5:\"title\";s:11:\"hot deal 15\";s:8:\"subtitle\";s:0:\"\";s:4:\"ajax\";s:1:\"1\";s:8:\"loadmore\";s:1:\"0\";s:5:\"types\";a:1:{i:0;s:6:\"latest\";}s:9:\"activated\";s:6:\"latest\";s:5:\"limit\";s:1:\"1\";s:6:\"status\";s:1:\"1\";s:10:\"parameters\";a:1:{s:10:\"conditions\";a:2:{i:1;a:4:{s:4:\"type\";s:50:\"Magento\\CatalogWidget\\Model\\Rule\\Condition\\Combine\";s:10:\"aggregator\";s:3:\"all\";s:5:\"value\";s:1:\"1\";s:9:\"new_child\";s:0:\"\";}s:4:\"1--1\";a:4:{s:4:\"type\";s:50:\"Magento\\CatalogWidget\\Model\\Rule\\Condition\\Product\";s:9:\"attribute\";s:16:\"attribute_set_id\";s:8:\"operator\";s:2:\"==\";s:5:\"value\";s:2:\"12\";}}}s:6:\"mobile\";s:1:\"1\";s:8:\"portrait\";s:1:\"1\";s:9:\"landscape\";s:1:\"1\";s:6:\"tablet\";s:1:\"1\";s:8:\"notebook\";s:1:\"1\";s:6:\"laptop\";s:1:\"1\";s:7:\"desktop\";s:1:\"1\";s:10:\"widescreen\";s:1:\"1\";s:7:\"visible\";s:1:\"1\";s:5:\"timer\";s:1:\"0\";s:5:\"slide\";s:1:\"1\";s:8:\"vertical\";s:5:\"false\";s:8:\"infinite\";s:4:\"true\";s:8:\"autoplay\";s:5:\"false\";s:6:\"arrows\";s:5:\"false\";s:4:\"dots\";s:5:\"false\";s:4:\"fade\";s:5:\"false\";s:11:\"center-Mode\";s:5:\"false\";s:4:\"rows\";s:1:\"1\";s:5:\"speed\";s:3:\"300\";s:14:\"autoplay-Speed\";s:4:\"3000\";s:7:\"padding\";s:2:\"10\";s:4:\"cart\";s:1:\"1\";s:7:\"compare\";s:1:\"1\";s:8:\"wishlist\";s:1:\"1\";s:6:\"review\";s:1:\"1\";}',1),(10,'feature-product-16','feature-product-16',1,'a:34:{s:8:\"form_key\";s:16:\"wP6Kvdt2G3DNqYMV\";s:15:\"magicproduct_id\";s:2:\"10\";s:9:\"countdown\";s:0:\"\";s:5:\"title\";s:18:\"feature-product-16\";s:4:\"ajax\";s:1:\"1\";s:5:\"types\";a:3:{i:0;s:8:\"featured\";i:1;s:3:\"new\";i:2;s:4:\"sale\";}s:9:\"activated\";s:8:\"featured\";s:5:\"limit\";s:1:\"8\";s:6:\"status\";s:1:\"1\";s:10:\"parameters\";a:1:{s:10:\"conditions\";a:2:{i:1;a:4:{s:4:\"type\";s:50:\"Magento\\CatalogWidget\\Model\\Rule\\Condition\\Combine\";s:10:\"aggregator\";s:3:\"all\";s:5:\"value\";s:1:\"1\";s:9:\"new_child\";s:0:\"\";}s:4:\"1--1\";a:4:{s:4:\"type\";s:50:\"Magento\\CatalogWidget\\Model\\Rule\\Condition\\Product\";s:9:\"attribute\";s:16:\"attribute_set_id\";s:8:\"operator\";s:2:\"==\";s:5:\"value\";s:2:\"13\";}}}s:6:\"mobile\";s:1:\"1\";s:8:\"portrait\";s:1:\"2\";s:9:\"landscape\";s:1:\"2\";s:6:\"tablet\";s:1:\"3\";s:8:\"notebook\";s:1:\"3\";s:6:\"laptop\";s:1:\"4\";s:7:\"desktop\";s:1:\"4\";s:10:\"widescreen\";s:1:\"4\";s:7:\"visible\";s:1:\"4\";s:5:\"timer\";s:1:\"0\";s:5:\"slide\";s:1:\"1\";s:8:\"vertical\";s:5:\"false\";s:8:\"infinite\";s:4:\"true\";s:8:\"autoplay\";s:4:\"true\";s:6:\"arrows\";s:4:\"true\";s:4:\"dots\";s:5:\"false\";s:4:\"rows\";s:1:\"1\";s:5:\"speed\";s:3:\"300\";s:14:\"autoplay-Speed\";s:4:\"3000\";s:7:\"padding\";s:2:\"15\";s:4:\"cart\";s:1:\"1\";s:7:\"compare\";s:1:\"1\";s:8:\"wishlist\";s:1:\"1\";s:6:\"review\";s:1:\"1\";}',1),(11,'hot deal 16','hot-deal-16',1,'a:38:{s:8:\"form_key\";s:16:\"RsglFfInZ89elFsM\";s:15:\"magicproduct_id\";s:2:\"11\";s:9:\"countdown\";s:0:\"\";s:5:\"title\";s:11:\"hot deal 16\";s:8:\"subtitle\";s:0:\"\";s:4:\"ajax\";s:1:\"1\";s:8:\"loadmore\";s:1:\"0\";s:5:\"types\";a:1:{i:0;s:6:\"random\";}s:9:\"activated\";s:6:\"random\";s:5:\"limit\";s:1:\"1\";s:6:\"status\";s:1:\"1\";s:10:\"parameters\";a:1:{s:10:\"conditions\";a:2:{i:1;a:4:{s:4:\"type\";s:50:\"Magento\\CatalogWidget\\Model\\Rule\\Condition\\Combine\";s:10:\"aggregator\";s:3:\"all\";s:5:\"value\";s:1:\"1\";s:9:\"new_child\";s:0:\"\";}s:4:\"1--1\";a:4:{s:4:\"type\";s:50:\"Magento\\CatalogWidget\\Model\\Rule\\Condition\\Product\";s:9:\"attribute\";s:16:\"attribute_set_id\";s:8:\"operator\";s:2:\"==\";s:5:\"value\";s:2:\"13\";}}}s:6:\"mobile\";s:1:\"1\";s:8:\"portrait\";s:1:\"1\";s:9:\"landscape\";s:1:\"1\";s:6:\"tablet\";s:1:\"1\";s:8:\"notebook\";s:1:\"1\";s:6:\"laptop\";s:1:\"1\";s:7:\"desktop\";s:1:\"1\";s:10:\"widescreen\";s:1:\"1\";s:7:\"visible\";s:1:\"1\";s:5:\"timer\";s:1:\"0\";s:5:\"slide\";s:1:\"1\";s:8:\"vertical\";s:5:\"false\";s:8:\"infinite\";s:4:\"true\";s:8:\"autoplay\";s:5:\"false\";s:6:\"arrows\";s:4:\"true\";s:4:\"dots\";s:5:\"false\";s:4:\"fade\";s:5:\"false\";s:11:\"center-Mode\";s:5:\"false\";s:4:\"rows\";s:1:\"1\";s:5:\"speed\";s:3:\"300\";s:14:\"autoplay-Speed\";s:4:\"3000\";s:7:\"padding\";s:2:\"10\";s:4:\"cart\";s:1:\"1\";s:7:\"compare\";s:1:\"1\";s:8:\"wishlist\";s:1:\"1\";s:6:\"review\";s:1:\"1\";}',1),(12,'feature-product-15','feature-product-15',1,'a:34:{s:8:\"form_key\";s:16:\"wP6Kvdt2G3DNqYMV\";s:15:\"magicproduct_id\";s:2:\"12\";s:9:\"countdown\";s:0:\"\";s:5:\"title\";s:18:\"feature-product-15\";s:4:\"ajax\";s:1:\"1\";s:5:\"types\";a:3:{i:0;s:8:\"featured\";i:1;s:3:\"new\";i:2;s:4:\"sale\";}s:9:\"activated\";s:8:\"featured\";s:5:\"limit\";s:1:\"8\";s:6:\"status\";s:1:\"1\";s:10:\"parameters\";a:1:{s:10:\"conditions\";a:2:{i:1;a:4:{s:4:\"type\";s:50:\"Magento\\CatalogWidget\\Model\\Rule\\Condition\\Combine\";s:10:\"aggregator\";s:3:\"all\";s:5:\"value\";s:1:\"1\";s:9:\"new_child\";s:0:\"\";}s:4:\"1--1\";a:4:{s:4:\"type\";s:50:\"Magento\\CatalogWidget\\Model\\Rule\\Condition\\Product\";s:9:\"attribute\";s:16:\"attribute_set_id\";s:8:\"operator\";s:2:\"==\";s:5:\"value\";s:2:\"12\";}}}s:6:\"mobile\";s:1:\"1\";s:8:\"portrait\";s:1:\"2\";s:9:\"landscape\";s:1:\"2\";s:6:\"tablet\";s:1:\"3\";s:8:\"notebook\";s:1:\"3\";s:6:\"laptop\";s:1:\"4\";s:7:\"desktop\";s:1:\"4\";s:10:\"widescreen\";s:1:\"4\";s:7:\"visible\";s:1:\"4\";s:5:\"timer\";s:1:\"0\";s:5:\"slide\";s:1:\"1\";s:8:\"vertical\";s:5:\"false\";s:8:\"infinite\";s:4:\"true\";s:8:\"autoplay\";s:4:\"true\";s:6:\"arrows\";s:4:\"true\";s:4:\"dots\";s:5:\"false\";s:4:\"rows\";s:1:\"1\";s:5:\"speed\";s:3:\"300\";s:14:\"autoplay-Speed\";s:4:\"3000\";s:7:\"padding\";s:2:\"15\";s:4:\"cart\";s:1:\"1\";s:7:\"compare\";s:1:\"1\";s:8:\"wishlist\";s:1:\"1\";s:6:\"review\";s:1:\"1\";}',1),(13,'feature-product-14','feature-product-14',1,'a:34:{s:8:\"form_key\";s:16:\"wP6Kvdt2G3DNqYMV\";s:9:\"countdown\";s:0:\"\";s:5:\"title\";s:18:\"feature-product-14\";s:10:\"identifier\";s:18:\"feature-product-14\";s:4:\"ajax\";s:1:\"1\";s:5:\"types\";a:3:{i:0;s:8:\"featured\";i:1;s:3:\"new\";i:2;s:4:\"sale\";}s:9:\"activated\";s:8:\"featured\";s:5:\"limit\";s:1:\"8\";s:6:\"status\";s:1:\"1\";s:10:\"parameters\";a:1:{s:10:\"conditions\";a:2:{i:1;a:4:{s:4:\"type\";s:50:\"Magento\\CatalogWidget\\Model\\Rule\\Condition\\Combine\";s:10:\"aggregator\";s:3:\"all\";s:5:\"value\";s:1:\"1\";s:9:\"new_child\";s:0:\"\";}s:4:\"1--1\";a:4:{s:4:\"type\";s:50:\"Magento\\CatalogWidget\\Model\\Rule\\Condition\\Product\";s:9:\"attribute\";s:16:\"attribute_set_id\";s:8:\"operator\";s:2:\"==\";s:5:\"value\";s:2:\"11\";}}}s:6:\"mobile\";s:1:\"1\";s:8:\"portrait\";s:1:\"2\";s:9:\"landscape\";s:1:\"2\";s:6:\"tablet\";s:1:\"3\";s:8:\"notebook\";s:1:\"3\";s:6:\"laptop\";s:1:\"4\";s:7:\"desktop\";s:1:\"4\";s:10:\"widescreen\";s:1:\"4\";s:7:\"visible\";s:1:\"4\";s:5:\"timer\";s:1:\"0\";s:5:\"slide\";s:1:\"1\";s:8:\"vertical\";s:5:\"false\";s:8:\"infinite\";s:4:\"true\";s:8:\"autoplay\";s:4:\"true\";s:6:\"arrows\";s:4:\"true\";s:4:\"dots\";s:5:\"false\";s:4:\"rows\";s:1:\"1\";s:5:\"speed\";s:3:\"300\";s:14:\"autoplay-Speed\";s:4:\"3000\";s:7:\"padding\";s:2:\"15\";s:4:\"cart\";s:1:\"1\";s:7:\"compare\";s:1:\"1\";s:8:\"wishlist\";s:1:\"1\";s:6:\"review\";s:1:\"1\";}',1);

--
-- Table structure for table `magiccart_magicslider`
--

CREATE TABLE `magiccart_magicslider` (
  `magicslider_id` int(11) NOT NULL AUTO_INCREMENT COMMENT 'Magicslider ID',
  `title` varchar(255) NOT NULL COMMENT 'Title',
  `identifier` varchar(255) DEFAULT NULL COMMENT 'Identifier',
  `config` mediumtext COMMENT 'Config',
  `status` smallint(6) NOT NULL DEFAULT '1' COMMENT 'Status',
  `created_time` datetime DEFAULT NULL COMMENT 'Created Time',
  `update_time` datetime DEFAULT NULL COMMENT 'Update Time',
  `stores` varchar(255) NOT NULL DEFAULT '0' COMMENT 'Stores',
  PRIMARY KEY (`magicslider_id`),
  KEY `MAGICSLIDER_ID_MAGICSLIDER_ID` (`magicslider_id`)
) ENGINE=InnoDB AUTO_INCREMENT=11 DEFAULT CHARSET=utf8 COMMENT='Magiccart Magicslider';

--
-- Dumping data for table `magiccart_magicslider`
--

INSERT INTO `magiccart_magicslider` VALUES (1,'Slide Demo 1','slide1','{\"magicslider_id\":\"1\",\"title\":\"Slide Demo 1\",\"exclude_lazyload_visible\":\"1\",\"image-class\":\"\",\"stores\":\"0\",\"status\":\"1\",\"mobile\":\"1\",\"portrait\":\"1\",\"landscape\":\"1\",\"tablet\":\"1\",\"notebook\":\"1\",\"laptop\":\"1\",\"desktop\":\"1\",\"widescreen\":\"1\",\"visible\":\"1\",\"vertical\":\"false\",\"infinite\":\"true\",\"autoplay\":\"false\",\"arrows\":\"false\",\"dots\":\"true\",\"adaptive-height\":\"false\",\"fade\":\"false\",\"rows\":\"1\",\"speed\":\"400\",\"autoplay-Speed\":\"6000\",\"padding\":\"0\",\"media_gallery\":{\"images\":{\"4n5brcs63eh\":{\"position\":\"0\",\"media_type\":\"image\",\"video_provider\":\"\",\"file\":\"\\/s\\/l\\/slide1.jpg\",\"value_id\":\"\",\"label\":\"Alothemes\",\"link\":\"http:\\/\\/alothemes.com\\/\",\"caption\":\"<div class=\\\"container figcaption\\\">\\r\\n\\t\\t\\t<div class=\\\"text-slide\\\">\\r\\n\\t\\t\\t\\t<h3 class=\\\"caption1\\\">new<\\/h3>\\r\\n\\t\\t\\t\\t<h3 class=\\\"caption2\\\">fashion<\\/h3>\\r\\n\\t\\t\\t\\t<h3 class=\\\"caption3\\\"><strong>&<\\/strong>style<\\/h3>\\r\\n\\t\\t\\t<\\/div>\\r\\n\\t\\t<\\/div>\",\"disabled\":\"0\",\"removed\":\"\",\"video_url\":\"\",\"video_title\":\"\",\"video_description\":\"\",\"video_metadata\":\"\",\"role\":\"\"},\"7cfe24nwls7\":{\"position\":\"1\",\"media_type\":\"external-video\",\"video_provider\":\"\",\"file\":\"\\/s\\/l\\/slide3_2_1.jpg\",\"value_id\":\"\",\"label\":\"\",\"link\":\"\",\"caption\":\"\",\"disabled\":\"0\",\"removed\":\"\",\"video_url\":\"https:\\/\\/vimeo.com\\/18433850\",\"video_title\":\"Fashion is\",\"video_description\":\"NON PROFIT - FASHION VIDEO\\r\\n\\r\\nDirection:\\r\\nMIMI ANTOLOVI\\u0106 and DEN BARUCA\\r\\n\\r\\nCamera and light:\\r\\nURO\\u0160\\u00a0 VOVK (MUVA)\\r\\n\\r\\nStyling:\\r\\nDANAJA VEGELJ\\r\\n\\r\\nMake up:\\r\\nTINA FABJAN (Head of make up artists Max Factor Slovenia)\\r\\n\\r\\nHair:\\r\\nMATJA\\u017d\\u00a0\\u0160I\\u0160KA and BORUT NOVAK (Mi\\u010d\\u008d styling)\\r\\n\\r\\nEditing and postproduction:\\r\\nDEN BARUCA (Thenvision)\\r\\n\\r\\nMusic:\\r\\nMr You\'re On Fire Mr\\r\\nYEAH YEAH YEAHS\\r\\n\\r\\nModels (MG - model group):\\r\\nBRINA\\r\\nJASMINA\\r\\nAJDA\\r\\nANELA\\r\\nSARA\\r\\n\\r\\nmade by ZVEREENE\",\"video_metadata\":\"\",\"role\":\"NON PROFIT - FASHION VIDEO\\r\\n\\r\\nDirection:\\r\\nMIMI ANTOLOVI\\u0106 and DEN BARUCA\\r\\n\\r\\nCamera and light:\\r\\nURO\\u0160\\u00a0 VOVK (MUVA)\\r\\n\\r\\nStyling:\\r\\nDANAJA VEGELJ\\r\\n\\r\\nMake up:\\r\\nTINA FABJAN (Head of make up artists Max Factor Slovenia)\\r\\n\\r\\nHair:\\r\\nMATJA\\u017d\\u00a0\\u0160I\\u0160KA and BORUT NOVAK (Mi\\u010d\\u008d styling)\\r\\n\\r\\nEditing and postproduction:\\r\\nDEN BARUCA (Thenvision)\\r\\n\\r\\nMusic:\\r\\nMr You\'re On Fire Mr\\r\\nYEAH YEAH YEAHS\\r\\n\\r\\nModels (MG - model group):\\r\\nBRINA\\r\\nJASMINA\\r\\nAJDA\\r\\nANELA\\r\\nSARA\\r\\n\\r\\nmade by ZVEREENE\"},\"jlbkrspqoa6\":{\"position\":\"2\",\"media_type\":\"image\",\"video_provider\":\"\",\"file\":\"\\/s\\/l\\/slide2_1.jpg\",\"value_id\":\"\",\"label\":\"Alothemes\",\"link\":\"http:\\/\\/alothemes.com\\/\",\"caption\":\"<div class=\\\"container figcaption\\\">\\r\\n\\t\\t\\t<div class=\\\"text-slide text-slide2\\\">\\r\\n\\t\\t\\t\\t<h3 class=\\\"caption1\\\">Lookbook<\\/h3>\\r\\n\\t\\t\\t\\t<h3 class=\\\"caption2\\\">real man<\\/h3>\\r\\n\\t\\t\\t<\\/div>\\r\\n\\t\\t<\\/div>\",\"disabled\":\"0\",\"removed\":\"\",\"video_url\":\"\",\"video_title\":\"\",\"video_description\":\"\",\"video_metadata\":\"\",\"role\":\"\"},\"34r2ewn11koc\":{\"position\":\"3\",\"media_type\":\"image\",\"video_provider\":\"\",\"file\":\"\\/s\\/l\\/slide3_2.jpg\",\"value_id\":\"\",\"label\":\"Alothemes\",\"link\":\"http:\\/\\/alothemes.com\\/\",\"caption\":\"<div class=\\\"container figcaption\\\">\\r\\n\\t\\t\\t<div class=\\\"text-slide text-slide2\\\">\\r\\n\\t\\t\\t\\t<h3 class=\\\"caption1\\\">spring<\\/h3>\\r\\n\\t\\t\\t\\t<h3 class=\\\"caption2\\\">collection<\\/h3>\\r\\n\\t\\t\\t<\\/div>\\r\\n\\t\\t<\\/div>\",\"disabled\":\"0\",\"removed\":\"\",\"video_url\":\"\",\"video_title\":\"\",\"video_description\":\"\",\"video_metadata\":\"\",\"role\":\"\"}}}}',1,NULL,NULL,'0'),(2,'Slide Demo 2','slide2','{\"magicslider_id\":\"2\",\"title\":\"Slide Demo 2\",\"exclude_lazyload_visible\":\"1\",\"image-class\":\"\",\"stores\":\"0\",\"status\":\"1\",\"mobile\":\"1\",\"portrait\":\"1\",\"landscape\":\"1\",\"tablet\":\"1\",\"notebook\":\"1\",\"laptop\":\"1\",\"desktop\":\"1\",\"widescreen\":\"1\",\"visible\":\"1\",\"vertical\":\"false\",\"infinite\":\"true\",\"autoplay\":\"true\",\"arrows\":\"false\",\"dots\":\"true\",\"adaptive-height\":\"false\",\"fade\":\"false\",\"rows\":\"1\",\"speed\":\"400\",\"autoplay-Speed\":\"6000\",\"padding\":\"0\",\"media_gallery\":{\"images\":{\"m442p7am2gh\":{\"position\":\"1\",\"media_type\":\"image\",\"video_provider\":\"\",\"file\":\"\\/h\\/o\\/homev2_01.jpg\",\"value_id\":\"\",\"label\":\"Alothemes\",\"link\":\"http:\\/\\/alothemes.com\\/\",\"caption\":\"<div class=\\\"container-none figcaption\\\">\\r\\n\\t\\t\\t\\t\\t\\t\\t\\t<div class=\\\"text-slide\\\">\\r\\n\\t\\t\\t\\t\\t\\t\\t\\t\\t<h3 class=\\\"caption1\\\">new<\\/h3>\\r\\n\\t\\t\\t\\t\\t\\t\\t\\t\\t<h3 class=\\\"caption2\\\">fashion<\\/h3>\\r\\n\\t\\t\\t\\t\\t\\t\\t\\t\\t<h3 class=\\\"caption3\\\"><strong>&<\\/strong>style<\\/h3>\\r\\n\\t\\t\\t\\t\\t\\t\\t\\t<\\/div>\\r\\n\\t\\t\\t\\t\\t\\t\\t<\\/div>\",\"disabled\":\"0\",\"removed\":\"\",\"video_url\":\"\",\"video_title\":\"\",\"video_description\":\"\",\"video_metadata\":\"\",\"role\":\"\"},\"qvuiewjn7b9\":{\"position\":\"2\",\"media_type\":\"image\",\"video_provider\":\"\",\"file\":\"\\/h\\/o\\/homev2_02.jpg\",\"value_id\":\"\",\"label\":\"Alothemes\",\"link\":\"http:\\/\\/alothemes.com\\/\",\"caption\":\"<div class=\\\"container-none figcaption\\\">\\r\\n\\t\\t\\t\\t\\t\\t\\t\\t<div class=\\\"text-slide text-slide2\\\">\\r\\n\\t\\t\\t\\t\\t\\t\\t\\t\\t<h3 class=\\\"caption1\\\">Lookbook<\\/h3>\\r\\n\\t\\t\\t\\t\\t\\t\\t\\t\\t<h3 class=\\\"caption2\\\">real man<\\/h3>\\r\\n\\t\\t\\t\\t\\t\\t\\t\\t<\\/div>\\r\\n\\t\\t\\t\\t\\t\\t\\t<\\/div>\",\"disabled\":\"0\",\"removed\":\"\",\"video_url\":\"\",\"video_title\":\"\",\"video_description\":\"\",\"video_metadata\":\"\",\"role\":\"\"}}}}',1,NULL,NULL,'0'),(3,'Slide Demo 3','slide3','{\"magicslider_id\":\"3\",\"title\":\"Slide Demo 3\",\"exclude_lazyload_visible\":\"1\",\"image-class\":\"\",\"stores\":\"0\",\"status\":\"1\",\"mobile\":\"1\",\"portrait\":\"1\",\"landscape\":\"1\",\"tablet\":\"1\",\"notebook\":\"1\",\"laptop\":\"1\",\"desktop\":\"1\",\"widescreen\":\"1\",\"visible\":\"1\",\"vertical\":\"false\",\"infinite\":\"true\",\"autoplay\":\"false\",\"arrows\":\"false\",\"dots\":\"true\",\"adaptive-height\":\"false\",\"fade\":\"false\",\"rows\":\"1\",\"speed\":\"400\",\"autoplay-Speed\":\"6000\",\"padding\":\"0\",\"media_gallery\":{\"images\":{\"bmbd953wkd4\":{\"position\":\"1\",\"media_type\":\"image\",\"video_provider\":\"\",\"file\":\"\\/s\\/l\\/slidev3_01.jpg\",\"value_id\":\"\",\"label\":\"Alothemes\",\"link\":\"http:\\/\\/alothemes.com\\/\",\"caption\":\"<div class=\\\"container figcaption\\\">\\r\\n\\t\\t\\t<div class=\\\"text-slide text-slide2\\\">\\r\\n\\t\\t\\t\\t<h3 class=\\\"caption1\\\">spring<\\/h3>\\r\\n\\t\\t\\t\\t<h3 class=\\\"caption2\\\">collection<\\/h3>\\r\\n\\t\\t\\t<\\/div>\\r\\n\\t\\t<\\/div>\",\"disabled\":\"0\",\"removed\":\"\",\"video_url\":\"\",\"video_title\":\"\",\"video_description\":\"\",\"video_metadata\":\"\",\"role\":\"\"},\"irvlk81prn\":{\"position\":\"2\",\"media_type\":\"image\",\"video_provider\":\"\",\"file\":\"\\/s\\/l\\/slidev3_02.jpg\",\"value_id\":\"\",\"label\":\"Alothemes\",\"link\":\"http:\\/\\/alothemes.com\\/\",\"caption\":\"<div class=\\\"container figcaption\\\">\\r\\n\\t\\t\\t<div class=\\\"text-slide text-slide2\\\">\\r\\n\\t\\t\\t\\t<h3 class=\\\"caption1\\\">Lookbook<\\/h3>\\r\\n\\t\\t\\t\\t<h3 class=\\\"caption2\\\">real man<\\/h3>\\r\\n\\t\\t\\t<\\/div>\\r\\n\\t\\t<\\/div>\",\"disabled\":\"0\",\"removed\":\"\",\"video_url\":\"\",\"video_title\":\"\",\"video_description\":\"\",\"video_metadata\":\"\",\"role\":\"\"},\"i0v2gl0bl4b\":{\"position\":\"3\",\"media_type\":\"image\",\"video_provider\":\"\",\"file\":\"\\/s\\/l\\/slidev3_03.jpg\",\"value_id\":\"\",\"label\":\"Alothemes\",\"link\":\"http:\\/\\/alothemes.com\\/\",\"caption\":\"<div class=\\\"container figcaption\\\">\\r\\n\\t\\t\\t<div class=\\\"text-slide\\\">\\r\\n\\t\\t\\t\\t<h3 class=\\\"caption1\\\">new<\\/h3>\\r\\n\\t\\t\\t\\t<h3 class=\\\"caption2\\\">fashion<\\/h3>\\r\\n\\t\\t\\t\\t<h3 class=\\\"caption3\\\"><strong>&<\\/strong>style<\\/h3>\\r\\n\\t\\t\\t<\\/div>\\r\\n\\t\\t<\\/div>\",\"disabled\":\"0\",\"removed\":\"\",\"video_url\":\"\",\"video_title\":\"\",\"video_description\":\"\",\"video_metadata\":\"\",\"role\":\"\"}}}}',1,NULL,NULL,'0'),(4,'Slide Demo 4','slide4','{\"magicslider_id\":\"4\",\"title\":\"Slide Demo 4\",\"exclude_lazyload_visible\":\"1\",\"image-class\":\"\",\"stores\":\"0\",\"status\":\"1\",\"mobile\":\"1\",\"portrait\":\"1\",\"landscape\":\"1\",\"tablet\":\"1\",\"notebook\":\"1\",\"laptop\":\"1\",\"desktop\":\"1\",\"widescreen\":\"1\",\"visible\":\"1\",\"vertical\":\"false\",\"infinite\":\"true\",\"autoplay\":\"true\",\"arrows\":\"false\",\"dots\":\"true\",\"adaptive-height\":\"false\",\"fade\":\"false\",\"rows\":\"1\",\"speed\":\"400\",\"autoplay-Speed\":\"6000\",\"padding\":\"0\",\"media_gallery\":{\"images\":{\"oq3hsn73fsl\":{\"position\":\"1\",\"media_type\":\"image\",\"video_provider\":\"\",\"file\":\"\\/s\\/l\\/slidev4_01.jpg\",\"value_id\":\"\",\"label\":\"Alothemes\",\"link\":\"http:\\/\\/alothemes.com\\/\",\"caption\":\"<div class=\\\"container figcaption\\\">\\r\\n\\t\\t\\t<div class=\\\"text-slide\\\">\\r\\n\\t\\t\\t    <h3 class=\\\"caption1\\\">new<\\/h3>\\r\\n\\t\\t\\t\\t<h3 class=\\\"caption2\\\">fashion<\\/h3>\\r\\n\\t\\t\\t\\t<h3 class=\\\"caption3\\\"><strong>&<\\/strong>style<\\/h3>\\r\\n\\t\\t\\t<\\/div>\\r\\n\\t\\t<\\/div>\",\"disabled\":\"0\",\"removed\":\"\",\"video_url\":\"\",\"video_title\":\"\",\"video_description\":\"\",\"video_metadata\":\"\",\"role\":\"\"},\"l97wco0vtt\":{\"position\":\"2\",\"media_type\":\"image\",\"video_provider\":\"\",\"file\":\"\\/s\\/l\\/slidev4_02.jpg\",\"value_id\":\"\",\"label\":\"Alothemes\",\"link\":\"http:\\/\\/alothemes.com\\/\",\"caption\":\"<div class=\\\"container figcaption\\\">\\r\\n\\t\\t\\t<div class=\\\"text-slide text-slide2\\\">\\r\\n\\t\\t\\t\\t<h3 class=\\\"caption1\\\">Lookbook<\\/h3>\\r\\n\\t\\t\\t\\t<h3 class=\\\"caption2\\\">real man<\\/h3>\\r\\n\\t\\t\\t<\\/div>\\r\\n\\t\\t<\\/div>\",\"disabled\":\"0\",\"removed\":\"\",\"video_url\":\"\",\"video_title\":\"\",\"video_description\":\"\",\"video_metadata\":\"\",\"role\":\"\"},\"atepmprfn87\":{\"position\":\"3\",\"media_type\":\"image\",\"video_provider\":\"\",\"file\":\"\\/s\\/l\\/slidev4_03.jpg\",\"value_id\":\"\",\"label\":\"Alothemes\",\"link\":\"http:\\/\\/alothemes.com\\/\",\"caption\":\"<div class=\\\"container figcaption\\\">\\r\\n\\t\\t\\t<div class=\\\"text-slide text-slide2\\\">\\r\\n\\t\\t\\t\\t<h3 class=\\\"caption1\\\">spring<\\/h3>\\r\\n\\t\\t\\t\\t<h3 class=\\\"caption2\\\">collection<\\/h3>\\r\\n\\t\\t\\t<\\/div>\\r\\n\\t\\t<\\/div>\",\"disabled\":\"0\",\"removed\":\"\",\"video_url\":\"\",\"video_title\":\"\",\"video_description\":\"\",\"video_metadata\":\"\",\"role\":\"\"}}}}',1,NULL,NULL,'0'),(5,'Slide Demo 6','slide6','{\"magicslider_id\":\"5\",\"title\":\"Slide Demo 6\",\"exclude_lazyload_visible\":\"1\",\"image-class\":\"\",\"stores\":\"0\",\"status\":\"1\",\"mobile\":\"1\",\"portrait\":\"1\",\"landscape\":\"1\",\"tablet\":\"1\",\"notebook\":\"1\",\"laptop\":\"1\",\"desktop\":\"1\",\"widescreen\":\"1\",\"visible\":\"1\",\"vertical\":\"false\",\"infinite\":\"true\",\"autoplay\":\"true\",\"arrows\":\"false\",\"dots\":\"true\",\"adaptive-height\":\"false\",\"fade\":\"false\",\"rows\":\"1\",\"speed\":\"400\",\"autoplay-Speed\":\"6000\",\"padding\":\"0\",\"media_gallery\":{\"images\":{\"uj08dj309p\":{\"position\":\"1\",\"media_type\":\"image\",\"video_provider\":\"\",\"file\":\"\\/h\\/o\\/home-slidev6_01.jpg\",\"value_id\":\"\",\"label\":\"Alothemes\",\"link\":\"http:\\/\\/alothemes.com\\/\",\"caption\":\"<div class=\\\"container figcaption\\\">\\r\\n\\t\\t\\t\\t\\t\\t<div class=\\\"text-slide\\\">\\r\\n\\t\\t\\t\\t\\t\\t\\t<h3 class=\\\"caption1\\\">new<\\/h3>\\r\\n\\t\\t\\t\\t\\t\\t\\t<h3 class=\\\"caption2\\\">fashion<\\/h3>\\r\\n\\t\\t\\t\\t\\t\\t\\t<h3 class=\\\"caption3\\\"><strong>&<\\/strong>style<\\/h3>\\r\\n\\t\\t\\t\\t\\t\\t<\\/div>\\r\\n\\t\\t\\t\\t\\t<\\/div>\",\"disabled\":\"0\",\"removed\":\"\",\"video_url\":\"\",\"video_title\":\"\",\"video_description\":\"\",\"video_metadata\":\"\",\"role\":\"\"},\"n2ke74ruuvr\":{\"position\":\"2\",\"media_type\":\"image\",\"video_provider\":\"\",\"file\":\"\\/h\\/o\\/home-slidev6_02.jpg\",\"value_id\":\"\",\"label\":\"Alothemes\",\"link\":\"http:\\/\\/alothemes.com\\/\",\"caption\":\"<div class=\\\"container figcaption\\\">\\r\\n\\t\\t\\t\\t\\t\\t<div class=\\\"text-slide text-slide2\\\">\\r\\n\\t\\t\\t\\t\\t\\t\\t<h3 class=\\\"caption1\\\">spring<\\/h3>\\r\\n\\t\\t\\t\\t\\t\\t\\t<h3 class=\\\"caption2\\\">collection<\\/h3>\\r\\n\\t\\t\\t\\t\\t\\t<\\/div>\\r\\n\\t\\t\\t\\t\\t<\\/div>\",\"disabled\":\"0\",\"removed\":\"\",\"video_url\":\"\",\"video_title\":\"\",\"video_description\":\"\",\"video_metadata\":\"\",\"role\":\"\"}}}}',1,NULL,NULL,'0'),(6,'Slide Demo 5','slide5','{\"magicslider_id\":\"6\",\"title\":\"Slide Demo 5\",\"exclude_lazyload_visible\":\"1\",\"image-class\":\"\",\"stores\":\"0\",\"status\":\"1\",\"mobile\":\"1\",\"portrait\":\"1\",\"landscape\":\"1\",\"tablet\":\"1\",\"notebook\":\"1\",\"laptop\":\"1\",\"desktop\":\"1\",\"widescreen\":\"1\",\"visible\":\"1\",\"vertical\":\"false\",\"infinite\":\"true\",\"autoplay\":\"true\",\"arrows\":\"false\",\"dots\":\"true\",\"adaptive-height\":\"false\",\"fade\":\"false\",\"rows\":\"1\",\"speed\":\"400\",\"autoplay-Speed\":\"6000\",\"padding\":\"0\",\"media_gallery\":{\"images\":{\"rmt5vqvs98i\":{\"position\":\"1\",\"media_type\":\"image\",\"video_provider\":\"\",\"file\":\"\\/h\\/o\\/home-slidev5_01.jpg\",\"value_id\":\"\",\"label\":\"Alothemes\",\"link\":\"http:\\/\\/alothemes.com\\/\",\"caption\":\"<div class=\\\"container-none figcaption\\\">\\r\\n\\t\\t\\t\\t\\t\\t<div class=\\\"text-slide\\\">\\r\\n\\t\\t\\t\\t\\t\\t\\t<h3 class=\\\"caption1\\\">new<\\/h3>\\r\\n\\t\\t\\t\\t\\t\\t\\t<h3 class=\\\"caption2\\\">fashion<\\/h3>\\r\\n\\t\\t\\t\\t\\t\\t\\t<h3 class=\\\"caption3\\\"><strong>&<\\/strong>style<\\/h3>\\r\\n\\t\\t\\t\\t\\t\\t<\\/div>\\r\\n\\t\\t\\t\\t\\t<\\/div>\",\"disabled\":\"0\",\"removed\":\"\",\"video_url\":\"\",\"video_title\":\"\",\"video_description\":\"\",\"video_metadata\":\"\",\"role\":\"\"},\"1dcvca75apq\":{\"position\":\"2\",\"media_type\":\"image\",\"video_provider\":\"\",\"file\":\"\\/h\\/o\\/home-slidev5_02.jpg\",\"value_id\":\"\",\"label\":\"Alothemes\",\"link\":\"http:\\/\\/alothemes.com\\/\",\"caption\":\"<div class=\\\"container-none figcaption\\\">\\r\\n\\t\\t\\t\\t\\t\\t<div class=\\\"text-slide text-slide2\\\">\\r\\n\\t\\t\\t\\t\\t\\t\\t<h3 class=\\\"caption1\\\">Lookbook<\\/h3>\\r\\n\\t\\t\\t\\t\\t\\t\\t<h3 class=\\\"caption2\\\">real man<\\/h3>\\r\\n\\t\\t\\t\\t\\t\\t<\\/div>\\r\\n\\t\\t\\t\\t\\t<\\/div>\",\"disabled\":\"0\",\"removed\":\"\",\"video_url\":\"\",\"video_title\":\"\",\"video_description\":\"\",\"video_metadata\":\"\",\"role\":\"\"},\"g7rrwooaunw\":{\"position\":\"3\",\"media_type\":\"image\",\"video_provider\":\"\",\"file\":\"\\/h\\/o\\/home-slidev5_03.jpg\",\"value_id\":\"\",\"label\":\"Alothemes\",\"link\":\"http:\\/\\/alothemes.com\\/\",\"caption\":\"<div class=\\\"container-none figcaption\\\">\\r\\n\\t\\t\\t\\t\\t\\t<div class=\\\"text-slide text-slide2\\\">\\r\\n\\t\\t\\t\\t\\t\\t\\t<h3 class=\\\"caption1\\\">spring<\\/h3>\\r\\n\\t\\t\\t\\t\\t\\t\\t<h3 class=\\\"caption2\\\">collection<\\/h3>\\r\\n\\t\\t\\t\\t\\t\\t<\\/div>\\r\\n\\t\\t\\t\\t\\t<\\/div>\",\"disabled\":\"0\",\"removed\":\"\",\"video_url\":\"\",\"video_title\":\"\",\"video_description\":\"\",\"video_metadata\":\"\",\"role\":\"\"}}}}',1,NULL,NULL,'0'),(7,'Slider Demo 12','slider12','{\"magicslider_id\":\"7\",\"title\":\"Slider Demo 12\",\"exclude_lazyload_visible\":\"1\",\"image-class\":\"\",\"stores\":\"0\",\"status\":\"1\",\"mobile\":\"1\",\"portrait\":\"1\",\"landscape\":\"1\",\"tablet\":\"1\",\"notebook\":\"1\",\"laptop\":\"1\",\"desktop\":\"1\",\"widescreen\":\"1\",\"visible\":\"1\",\"vertical\":\"false\",\"infinite\":\"true\",\"autoplay\":\"false\",\"arrows\":\"false\",\"dots\":\"true\",\"adaptive-height\":\"false\",\"fade\":\"false\",\"rows\":\"1\",\"speed\":\"400\",\"autoplay-Speed\":\"6000\",\"padding\":\"0\",\"media_gallery\":{\"images\":{\"3n4q2i9u4ncc\":{\"position\":\"1\",\"media_type\":\"image\",\"video_provider\":\"\",\"file\":\"\\/s\\/l\\/slider1_12.jpg\",\"value_id\":\"\",\"label\":\"Alothemes Milano\",\"link\":\"http:\\/\\/alothemes.com\\/\",\"caption\":\"<div class=\\\"container figcaption\\\">\\r\\n\\t<div class=\\\"text-slide text-slide3\\\">\\r\\n\\t\\t<h3 class=\\\"caption1\\\">new<\\/h3>\\r\\n\\t\\t<h3 class=\\\"caption2\\\">fashion<\\/h3>\\r\\n\\t\\t<h3 class=\\\"caption3\\\"><strong>&<\\/strong>style<\\/h3>\\r\\n\\t<\\/div>\\r\\n<\\/div>\",\"disabled\":\"0\",\"removed\":\"\",\"video_url\":\"\",\"video_title\":\"\",\"video_description\":\"\",\"video_metadata\":\"\",\"role\":\"\"},\"btm27chplit\":{\"position\":\"2\",\"media_type\":\"image\",\"video_provider\":\"\",\"file\":\"\\/s\\/l\\/slider2_12.jpg\",\"value_id\":\"\",\"label\":\"Alothemes Milano\",\"link\":\"http:\\/\\/alothemes.com\\/\",\"caption\":\"<div class=\\\"container figcaption\\\">\\r\\n\\t\\t\\t<div class=\\\"text-slide text-slide2\\\">\\r\\n\\t\\t\\t\\t<h3 class=\\\"caption1\\\">Lookbook<\\/h3>\\r\\n\\t\\t\\t\\t<h3 class=\\\"caption2\\\">real man<\\/h3>\\r\\n\\t\\t\\t<\\/div>\\r\\n\\t\\t<\\/div>\",\"disabled\":\"0\",\"removed\":\"\",\"video_url\":\"\",\"video_title\":\"\",\"video_description\":\"\",\"video_metadata\":\"\",\"role\":\"\"},\"c5grodejjof\":{\"position\":\"3\",\"media_type\":\"image\",\"video_provider\":\"\",\"file\":\"\\/s\\/l\\/slider3_12.jpg\",\"value_id\":\"\",\"label\":\"Alothemes Milano\",\"link\":\"http:\\/\\/alothemes.com\\/\",\"caption\":\"<div class=\\\"container figcaption\\\">\\r\\n\\t\\t\\t<div class=\\\"text-slide text-slide2\\\">\\r\\n\\t\\t\\t\\t<h3 class=\\\"caption1\\\">spring<\\/h3>\\r\\n\\t\\t\\t\\t<h3 class=\\\"caption2\\\">collection<\\/h3>\\r\\n\\t\\t\\t<\\/div>\\r\\n\\t\\t<\\/div>\",\"disabled\":\"0\",\"removed\":\"\",\"video_url\":\"\",\"video_title\":\"\",\"video_description\":\"\",\"video_metadata\":\"\",\"role\":\"\"}}}}',1,NULL,NULL,'0'),(8,'slide13','slide13','{\"magicslider_id\":\"8\",\"title\":\"slide13\",\"exclude_lazyload_visible\":\"1\",\"image-class\":\"\",\"stores\":\"0\",\"status\":\"1\",\"mobile\":\"1\",\"portrait\":\"1\",\"landscape\":\"1\",\"tablet\":\"1\",\"notebook\":\"1\",\"laptop\":\"1\",\"desktop\":\"1\",\"widescreen\":\"1\",\"visible\":\"1\",\"vertical\":\"false\",\"infinite\":\"true\",\"autoplay\":\"false\",\"arrows\":\"false\",\"dots\":\"true\",\"adaptive-height\":\"false\",\"fade\":\"false\",\"rows\":\"1\",\"speed\":\"300\",\"autoplay-Speed\":\"3000\",\"padding\":\"15\",\"media_gallery\":{\"images\":{\"mraq1sc0vwm\":{\"position\":\"0\",\"media_type\":\"image\",\"video_provider\":\"\",\"file\":\"\\/s\\/l\\/slide13-1.jpg\",\"value_id\":\"\",\"label\":\"\",\"link\":\"#\",\"caption\":\"<div class=\\\"container figcaption\\\">\\r\\n    <div class=\\\"text-slide text-slide1\\\">\\r\\n        <h3 class=\\\"caption1\\\">New Fashion 2019<\\/h3>\\r\\n        <h3 class=\\\"caption2\\\">The new of women <br> collection<\\/h3>\\r\\n        <h3 class=\\\"caption3\\\"><a class=\\\"show-now\\\" href=\\\"#\\\">Show now<\\/a><\\/h3>\\r\\n    <\\/div>\\r\\n<\\/div>\",\"disabled\":\"0\",\"removed\":\"\",\"video_url\":\"\",\"video_title\":\"\",\"video_description\":\"\",\"video_metadata\":\"\",\"role\":\"\"},\"djs4w4f9wcq\":{\"position\":\"1\",\"media_type\":\"image\",\"video_provider\":\"\",\"file\":\"\\/s\\/l\\/slide13-2.jpg\",\"value_id\":\"\",\"label\":\"\",\"link\":\"#\",\"caption\":\"<div class=\\\"container figcaption\\\">\\r\\n    <div class=\\\"text-slide text-slide2\\\">      \\r\\n        <h3 class=\\\"caption2\\\">Shopping with us<\\/h3>\\r\\n        <h3 class=\\\"caption1\\\">ENJOY WITH <span>25%<\\/span> OFF<\\/h3>\\r\\n        <h3 class=\\\"caption3\\\"><a class=\\\"show-now\\\" href=\\\"#\\\">Show now<\\/a><\\/h3>\\r\\n    <\\/div>\\r\\n<\\/div>\",\"disabled\":\"0\",\"removed\":\"\",\"video_url\":\"\",\"video_title\":\"\",\"video_description\":\"\",\"video_metadata\":\"\",\"role\":\"\"},\"drd3mahj8q3\":{\"position\":\"2\",\"media_type\":\"image\",\"video_provider\":\"\",\"file\":\"\\/s\\/l\\/sldie13-3.jpg\",\"value_id\":\"\",\"label\":\"\",\"link\":\"#\",\"caption\":\"<div class=\\\"container figcaption\\\">\\r\\n    <div class=\\\"text-slide text-slide3\\\">\\r\\n        <h3 class=\\\"caption1\\\">Welcome to the<\\/h3>\\r\\n        <h3 class=\\\"caption2\\\">allure<span class=\\\"dot\\\"><i class=\\\"fa fa-circle\\\"><\\/i><\\/span> fashion brands<\\/h3>\\r\\n        <h3 class=\\\"caption1\\\">www.alothemes.com\\/<\\/h3>\\r\\n        <h3 class=\\\"caption3\\\"><a class=\\\"show-now\\\" href=\\\"#\\\">Show now<\\/a><\\/h3>\\r\\n    <\\/div>\\r\\n<\\/div>\",\"disabled\":\"0\",\"removed\":\"\",\"video_url\":\"\",\"video_title\":\"\",\"video_description\":\"\",\"video_metadata\":\"\",\"role\":\"\"}}}}',1,NULL,NULL,'0'),(9,'slide15','slide15','{\"magicslider_id\":\"9\",\"title\":\"slide15\",\"exclude_lazyload_visible\":\"1\",\"image-class\":\"\",\"stores\":\"0\",\"status\":\"1\",\"mobile\":\"1\",\"portrait\":\"1\",\"landscape\":\"1\",\"tablet\":\"1\",\"notebook\":\"1\",\"laptop\":\"1\",\"desktop\":\"1\",\"widescreen\":\"1\",\"visible\":\"1\",\"vertical\":\"false\",\"infinite\":\"true\",\"autoplay\":\"false\",\"arrows\":\"false\",\"dots\":\"true\",\"adaptive-height\":\"false\",\"fade\":\"false\",\"rows\":\"1\",\"speed\":\"300\",\"autoplay-Speed\":\"3000\",\"padding\":\"15\",\"media_gallery\":{\"images\":{\"vw1k7em66ae\":{\"position\":\"1\",\"media_type\":\"image\",\"video_provider\":\"\",\"file\":\"\\/s\\/l\\/slider15-1.jpg\",\"value_id\":\"\",\"label\":\"\",\"link\":\"#\",\"caption\":\"<div class=\\\"container figcaption\\\">\\r\\n    <div class=\\\"text-slide text-slide1\\\">\\r\\n        <h3 class=\\\"caption1\\\">New Pet Collection<\\/h3>\\r\\n        <h3 class=\\\"caption2\\\">Enjoy with <span class=\\\"color\\\">25%<\\/span> off<\\/h3>\\r\\n        <h3 class=\\\"caption3\\\"><a class=\\\"show-now\\\" href=\\\"#\\\">Show now<\\/a><\\/h3>\\r\\n    <\\/div>\\r\\n<\\/div>\\r\\n\",\"disabled\":\"0\",\"removed\":\"\",\"video_url\":\"\",\"video_title\":\"\",\"video_description\":\"\",\"video_metadata\":\"\",\"role\":\"\"},\"2j2jg48p7f3\":{\"position\":\"2\",\"media_type\":\"image\",\"video_provider\":\"\",\"file\":\"\\/s\\/l\\/slider15-2.jpg\",\"value_id\":\"\",\"label\":\"\",\"link\":\"#\",\"caption\":\"<div class=\\\"container figcaption\\\">\\r\\n    <div class=\\\"text-slide text-slide2\\\">\\r\\n        <h3 class=\\\"caption1\\\">New Pet Collection<\\/h3>\\r\\n        <h3 class=\\\"caption2\\\">Enjoy with <span class=\\\"color\\\">25%<\\/span> off<\\/h3>\\r\\n        <h3 class=\\\"caption3\\\"><a class=\\\"show-now\\\" href=\\\"#\\\">Show now<\\/a><\\/h3>\\r\\n    <\\/div>\\r\\n<\\/div>\",\"disabled\":\"0\",\"removed\":\"\",\"video_url\":\"\",\"video_title\":\"\",\"video_description\":\"\",\"video_metadata\":\"\",\"role\":\"\"}}}}',1,NULL,NULL,'0'),(10,'slide16','slide16','{\"magicslider_id\":\"10\",\"title\":\"slide16\",\"exclude_lazyload_visible\":\"1\",\"image-class\":\"\",\"stores\":\"0\",\"status\":\"1\",\"mobile\":\"1\",\"portrait\":\"1\",\"landscape\":\"1\",\"tablet\":\"1\",\"notebook\":\"1\",\"laptop\":\"1\",\"desktop\":\"1\",\"widescreen\":\"1\",\"visible\":\"1\",\"vertical\":\"false\",\"infinite\":\"true\",\"autoplay\":\"false\",\"arrows\":\"false\",\"dots\":\"true\",\"adaptive-height\":\"false\",\"fade\":\"false\",\"rows\":\"1\",\"speed\":\"300\",\"autoplay-Speed\":\"3000\",\"padding\":\"0\",\"media_gallery\":{\"images\":{\"2gvl1igshubl\":{\"position\":\"3\",\"media_type\":\"image\",\"video_provider\":\"\",\"file\":\"\\/s\\/l\\/slide16-1.jpg\",\"value_id\":\"\",\"label\":\"\",\"link\":\"#\",\"caption\":\"<div class=\\\"container figcaption\\\">\\r\\n    <div class=\\\"text-slide text-slide1\\\">\\r\\n        <h3 class=\\\"caption1\\\"><span class=\\\"letter first\\\">The<\\/span><span class=\\\"letter second\\\">Spring<\\/span><span class=\\\"letter third\\\">Report<\\/span><\\/h3>\\r\\n        <h3 class=\\\"caption3\\\"><a class=\\\"show-now\\\" href=\\\"#\\\">Show now<\\/a><\\/h3>\\r\\n    <\\/div>\\r\\n<\\/div>\",\"disabled\":\"0\",\"removed\":\"\",\"video_url\":\"\",\"video_title\":\"\",\"video_description\":\"\",\"video_metadata\":\"\",\"role\":\"\"},\"kqi82m0m313\":{\"position\":\"4\",\"media_type\":\"image\",\"video_provider\":\"\",\"file\":\"\\/s\\/l\\/slide16-2.jpg\",\"value_id\":\"\",\"label\":\"\",\"link\":\"#\",\"caption\":\"<div class=\\\"container figcaption\\\">\\r\\n    <div class=\\\"text-slide text-slide2\\\">\\r\\n        <h3 class=\\\"caption1\\\">The Spring Report<\\/h3>\\r\\n        <h3 class=\\\"caption2\\\">Enjoy with <span class=\\\"color\\\">25%<\\/span> off<\\/h3>\\r\\n        <h3 class=\\\"caption3\\\"><a class=\\\"show-now\\\" href=\\\"#\\\">Show now<\\/a><\\/h3>\\r\\n    <\\/div>\\r\\n<\\/div>\",\"disabled\":\"0\",\"removed\":\"\",\"video_url\":\"\",\"video_title\":\"\",\"video_description\":\"\",\"video_metadata\":\"\",\"role\":\"\"}}}}',1,NULL,NULL,'0');

--
-- Table structure for table `magiccart_shopbrand`
--

CREATE TABLE `magiccart_shopbrand` (
  `shopbrand_id` int(11) NOT NULL AUTO_INCREMENT COMMENT 'Brand ID',
  `title` varchar(255) NOT NULL COMMENT 'Title',
  `urlkey` varchar(255) DEFAULT NULL COMMENT 'Urlkey',
  `meta_key` varchar(255) DEFAULT NULL COMMENT 'Meta_key',
  `meta_description` varchar(255) DEFAULT NULL COMMENT 'Meta_description',
  `option_id` varchar(255) DEFAULT NULL COMMENT 'Option_id',
  `image` varchar(255) DEFAULT NULL COMMENT 'Image',
  `product_ids` mediumtext COMMENT 'product_ids',
  `stores` varchar(255) DEFAULT NULL COMMENT 'Stores',
  `description` varchar(255) DEFAULT NULL COMMENT 'Description',
  `order` smallint(6) NOT NULL DEFAULT '0' COMMENT 'Order',
  `status` smallint(6) NOT NULL DEFAULT '1' COMMENT 'Status',
  PRIMARY KEY (`shopbrand_id`),
  KEY `SHOPBRAND_ID_SHOPBRAND_ID` (`shopbrand_id`)
) ENGINE=InnoDB AUTO_INCREMENT=9 DEFAULT CHARSET=utf8 COMMENT='Magiccart Shopbrand';

--
-- Dumping data for table `magiccart_shopbrand`
--

INSERT INTO `magiccart_shopbrand` VALUES (1,'The Brand','the-brand','The Brand','The Brand','12','magiccart/shopbrand/brand//b/r/brands1.jpg',NULL,'0',NULL,0,1),(2,'The Brand 2','the-brand2','The Brand 2','The Brand 2','13','magiccart/shopbrand/brand//b/r/brands2.jpg',NULL,'0',NULL,0,1),(3,'The Brand 3','the-brand3','The Brand 3','The Brand 3','14','magiccart/shopbrand/brand//b/r/brands3.jpg',NULL,'0',NULL,0,1),(4,'The Brand 4','the-brand4','The Brand 4','The Brand 4','15','magiccart/shopbrand/brand//b/r/brands4.jpg',NULL,'0',NULL,0,1),(5,'The Brand 5','the-brand5','The Brand 5','The Brand 5','12','magiccart/shopbrand/brand//b/r/brands5.jpg',NULL,'0',NULL,0,1),(6,'The Brand 6','the-brand6','The Brand 6','The Brand 6','13','magiccart/shopbrand/brand//b/r/brands6.jpg',NULL,'0',NULL,0,1),(7,'The Brand 7','the-brand7','The Brand 7','The Brand 7','14','magiccart/shopbrand/brand//b/r/brands1_1.jpg',NULL,'0',NULL,0,1),(8,'The Brand 8','the-brand8','The Brand 8','The Brand 8','15','magiccart/shopbrand/brand//b/r/brands2_1.jpg',NULL,'0',NULL,0,1);

--
-- Table structure for table `magiccart_testimonial`
--

CREATE TABLE `magiccart_testimonial` (
  `testimonial_id` int(11) NOT NULL AUTO_INCREMENT COMMENT 'Testimonial ID',
  `name` varchar(255) NOT NULL COMMENT 'Name',
  `image` varchar(255) DEFAULT NULL COMMENT 'Image',
  `text` mediumtext COMMENT 'product_ids',
  `company` varchar(255) DEFAULT NULL COMMENT 'Company',
  `job` varchar(255) DEFAULT NULL COMMENT 'Job',
  `email` varchar(255) DEFAULT NULL COMMENT 'Email',
  `website` varchar(255) DEFAULT NULL COMMENT 'Website',
  `rating_summary` smallint(6) NOT NULL DEFAULT '5' COMMENT 'Rating Summary',
  `stores` varchar(255) DEFAULT '0' COMMENT 'Stores',
  `order` smallint(6) NOT NULL DEFAULT '0' COMMENT 'Order',
  `status` smallint(6) NOT NULL DEFAULT '1' COMMENT 'Status',
  `created_time` datetime DEFAULT NULL COMMENT 'Created Time',
  `update_time` datetime DEFAULT NULL COMMENT 'Update Time',
  PRIMARY KEY (`testimonial_id`),
  KEY `TESTIMONIAL_ID_TESTIMONIAL_ID` (`testimonial_id`)
) ENGINE=InnoDB AUTO_INCREMENT=4 DEFAULT CHARSET=utf8 COMMENT='Magiccart Testimonial';

--
-- Dumping data for table `magiccart_testimonial`
--

INSERT INTO `magiccart_testimonial` VALUES (1,'Michael Lee','magiccart/testimonial//v/3/v3_10.jpg','“Vestibulum quis porttitor dui! Quisque viverra nunc mi, a pulvinar purus condimentum a. Aliquam condimentum mattis neque sed pretium”','creative',NULL,'tuyenlq989@gmail.com','alothemes.com',3,'0',0,1,NULL,NULL),(2,'our clients say','magiccart/testimonial//v/1/v1_2.png','“ Quisque faucibus enim non tempus gravida. Morbi non sem sagittis, venenatis neque at, consequat justo. Cras dignissim, nunc sit amet cursus suscipit, neque nisi ultrices enim, tempus rhoncus sapien lectus quis ex ”','our',NULL,'tuyenlq989@gmail.com','our',4,'0',0,1,NULL,NULL),(3,'Creative AloThemes','magiccart/testimonial//v/1/v1_3.png','“ Quisque faucibus enim non tempus gravida. Morbi non sem sagittis, venenatis neque at, consequat justo. Cras dignissim, nunc sit amet cursus suscipit, neque nisi ultrices enim, tempus rhoncus sapien lectus quis ex ”','creative-alo-themes',NULL,'tuyenlq989@gmail.com','alothemes.com',4,'0',0,1,NULL,NULL);

--
-- Table structure for table `media_content_asset`
--

CREATE TABLE `media_content_asset` (
  `asset_id` int(10) unsigned NOT NULL COMMENT 'Entity ID',
  `entity_type` varchar(255) NOT NULL COMMENT 'Content type',
  `entity_id` varchar(255) NOT NULL COMMENT 'Content entity id',
  `field` varchar(255) NOT NULL COMMENT 'Content field',
  PRIMARY KEY (`entity_type`,`entity_id`,`field`,`asset_id`),
  KEY `MEDIA_CONTENT_ASSET_ASSET_ID` (`asset_id`)
) ENGINE=InnoDB DEFAULT CHARSET=utf8 COMMENT='Relation between media content and media asset';

--
-- Dumping data for table `media_content_asset`
--


--
-- Table structure for table `media_gallery_asset`
--

CREATE TABLE `media_gallery_asset` (
  `id` int(10) unsigned NOT NULL AUTO_INCREMENT COMMENT 'Entity ID',
  `path` text COMMENT 'Path',
  `title` varchar(255) DEFAULT NULL COMMENT 'Title',
  `source` varchar(255) DEFAULT NULL COMMENT 'Source',
  `content_type` varchar(255) DEFAULT NULL COMMENT 'Content Type',
  `width` int(10) unsigned NOT NULL DEFAULT '0' COMMENT 'Width',
  `height` int(10) unsigned NOT NULL DEFAULT '0' COMMENT 'Height',
  `created_at` timestamp NOT NULL DEFAULT CURRENT_TIMESTAMP COMMENT 'Created At',
  `updated_at` timestamp NOT NULL DEFAULT CURRENT_TIMESTAMP ON UPDATE CURRENT_TIMESTAMP COMMENT 'Updated At',
  `description` text COMMENT 'Description',
  `hash` varchar(255) DEFAULT NULL COMMENT 'File hash',
  `size` int(10) unsigned NOT NULL COMMENT 'Asset file size in bytes',
  PRIMARY KEY (`id`),
  KEY `MEDIA_GALLERY_ASSET_ID` (`id`),
  FULLTEXT KEY `MEDIA_GALLERY_ASSET_TITLE` (`title`)
) ENGINE=InnoDB DEFAULT CHARSET=utf8 COMMENT='Media Gallery Asset';

--
-- Dumping data for table `media_gallery_asset`
--


--
-- Table structure for table `media_gallery_asset_keyword`
--

CREATE TABLE `media_gallery_asset_keyword` (
  `keyword_id` int(10) unsigned NOT NULL COMMENT 'Keyword Id',
  `asset_id` int(10) unsigned NOT NULL COMMENT 'Asset ID',
  PRIMARY KEY (`keyword_id`,`asset_id`),
  KEY `MEDIA_GALLERY_ASSET_KEYWORD_ASSET_ID` (`asset_id`),
  KEY `MEDIA_GALLERY_ASSET_KEYWORD_KEYWORD_ID` (`keyword_id`),
  CONSTRAINT `MEDIA_GALLERY_ASSET_KEYWORD_ASSET_ID_MEDIA_GALLERY_ASSET_ID` FOREIGN KEY (`asset_id`) REFERENCES `media_gallery_asset` (`id`) ON DELETE CASCADE,
  CONSTRAINT `MEDIA_GALLERY_ASSET_KEYWORD_KEYWORD_ID_MEDIA_GALLERY_KEYWORD_ID` FOREIGN KEY (`keyword_id`) REFERENCES `media_gallery_keyword` (`id`) ON DELETE CASCADE
) ENGINE=InnoDB DEFAULT CHARSET=utf8 COMMENT='Media Gallery Asset Keyword';

--
-- Dumping data for table `media_gallery_asset_keyword`
--


--
-- Table structure for table `media_gallery_keyword`
--

CREATE TABLE `media_gallery_keyword` (
  `id` int(10) unsigned NOT NULL AUTO_INCREMENT COMMENT 'Keyword ID',
  `keyword` varchar(255) NOT NULL COMMENT 'Keyword',
  PRIMARY KEY (`id`),
  UNIQUE KEY `MEDIA_GALLERY_KEYWORD_KEYWORD` (`keyword`),
  KEY `MEDIA_GALLERY_KEYWORD_ID` (`id`)
) ENGINE=InnoDB DEFAULT CHARSET=utf8 COMMENT='Media Gallery Keyword';

--
-- Dumping data for table `media_gallery_keyword`
--


--
-- Table structure for table `msp_tfa_country_codes`
--

CREATE TABLE `msp_tfa_country_codes` (
  `msp_tfa_country_codes_id` int(10) unsigned NOT NULL AUTO_INCREMENT COMMENT 'TFA admin user ID',
  `code` text NOT NULL COMMENT 'Country code',
  `name` text NOT NULL COMMENT 'Country name',
  `dial_code` text NOT NULL COMMENT 'Prefix',
  PRIMARY KEY (`msp_tfa_country_codes_id`),
  KEY `MSP_TFA_COUNTRY_CODES_CODE` (`code`(128))
) ENGINE=InnoDB AUTO_INCREMENT=242 DEFAULT CHARSET=utf8 COMMENT='msp_tfa_country_codes';

--
-- Dumping data for table `msp_tfa_country_codes`
--

INSERT INTO `msp_tfa_country_codes` VALUES (1,'IL','Israel','+972'),(2,'AF','Afghanistan','+93'),(3,'AL','Albania','+355'),(4,'DZ','Algeria','+213'),(5,'AS','AmericanSamoa','+1 684'),(6,'AD','Andorra','+376'),(7,'AO','Angola','+244'),(8,'AI','Anguilla','+1 264'),(9,'AG','Antigua and Barbuda','+1268'),(10,'AR','Argentina','+54'),(11,'AM','Armenia','+374'),(12,'AW','Aruba','+297'),(13,'AU','Australia','+61'),(14,'AT','Austria','+43'),(15,'AZ','Azerbaijan','+994'),(16,'BS','Bahamas','+1 242'),(17,'BH','Bahrain','+973'),(18,'BD','Bangladesh','+880'),(19,'BB','Barbados','+1 246'),(20,'BY','Belarus','+375'),(21,'BE','Belgium','+32'),(22,'BZ','Belize','+501'),(23,'BJ','Benin','+229'),(24,'BM','Bermuda','+1 441'),(25,'BT','Bhutan','+975'),(26,'BA','Bosnia and Herzegovina','+387'),(27,'BW','Botswana','+267'),(28,'BR','Brazil','+55'),(29,'IO','British Indian Ocean Territory','+246'),(30,'BG','Bulgaria','+359'),(31,'BF','Burkina Faso','+226'),(32,'BI','Burundi','+257'),(33,'KH','Cambodia','+855'),(34,'CM','Cameroon','+237'),(35,'CA','Canada','+1'),(36,'CV','Cape Verde','+238'),(37,'KY','Cayman Islands','+ 345'),(38,'CF','Central African Republic','+236'),(39,'TD','Chad','+235'),(40,'CL','Chile','+56'),(41,'CN','China','+86'),(42,'CX','Christmas Island','+61'),(43,'CO','Colombia','+57'),(44,'KM','Comoros','+269'),(45,'CG','Congo','+242'),(46,'CK','Cook Islands','+682'),(47,'CR','Costa Rica','+506'),(48,'HR','Croatia','+385'),(49,'CU','Cuba','+53'),(50,'CY','Cyprus','+537'),(51,'CZ','Czech Republic','+420'),(52,'DK','Denmark','+45'),(53,'DJ','Djibouti','+253'),(54,'DM','Dominica','+1 767'),(55,'DO','Dominican Republic','+1 849'),(56,'EC','Ecuador','+593'),(57,'EG','Egypt','+20'),(58,'SV','El Salvador','+503'),(59,'GQ','Equatorial Guinea','+240'),(60,'ER','Eritrea','+291'),(61,'EE','Estonia','+372'),(62,'ET','Ethiopia','+251'),(63,'FO','Faroe Islands','+298'),(64,'FJ','Fiji','+679'),(65,'FI','Finland','+358'),(66,'FR','France','+33'),(67,'GF','French Guiana','+594'),(68,'PF','French Polynesia','+689'),(69,'GA','Gabon','+241'),(70,'GM','Gambia','+220'),(71,'GE','Georgia','+995'),(72,'DE','Germany','+49'),(73,'GH','Ghana','+233'),(74,'GI','Gibraltar','+350'),(75,'GR','Greece','+30'),(76,'GL','Greenland','+299'),(77,'GD','Grenada','+1 473'),(78,'GP','Guadeloupe','+590'),(79,'GU','Guam','+1 671'),(80,'GT','Guatemala','+502'),(81,'GN','Guinea','+224'),(82,'GW','Guinea-Bissau','+245'),(83,'GY','Guyana','+595'),(84,'HT','Haiti','+509'),(85,'HN','Honduras','+504'),(86,'HU','Hungary','+36'),(87,'IS','Iceland','+354'),(88,'IN','India','+91'),(89,'ID','Indonesia','+62'),(90,'IQ','Iraq','+964'),(91,'IE','Ireland','+353'),(92,'IL','Israel','+972'),(93,'IT','Italy','+39'),(94,'JM','Jamaica','+1 876'),(95,'JP','Japan','+81'),(96,'JO','Jordan','+962'),(97,'KZ','Kazakhstan','+7 7'),(98,'KE','Kenya','+254'),(99,'KI','Kiribati','+686'),(100,'KW','Kuwait','+965'),(101,'KG','Kyrgyzstan','+996'),(102,'LV','Latvia','+371'),(103,'LB','Lebanon','+961'),(104,'LS','Lesotho','+266'),(105,'LR','Liberia','+231'),(106,'LI','Liechtenstein','+423'),(107,'LT','Lithuania','+370'),(108,'LU','Luxembourg','+352'),(109,'MG','Madagascar','+261'),(110,'MW','Malawi','+265'),(111,'MY','Malaysia','+60'),(112,'MV','Maldives','+960'),(113,'ML','Mali','+223'),(114,'MT','Malta','+356'),(115,'MH','Marshall Islands','+692'),(116,'MQ','Martinique','+596'),(117,'MR','Mauritania','+222'),(118,'MU','Mauritius','+230'),(119,'YT','Mayotte','+262'),(120,'MX','Mexico','+52'),(121,'MC','Monaco','+377'),(122,'MN','Mongolia','+976'),(123,'ME','Montenegro','+382'),(124,'MS','Montserrat','+1664'),(125,'MA','Morocco','+212'),(126,'MM','Myanmar','+95'),(127,'NA','Namibia','+264'),(128,'NR','Nauru','+674'),(129,'NP','Nepal','+977'),(130,'NL','Netherlands','+31'),(131,'AN','Netherlands Antilles','+599'),(132,'NC','New Caledonia','+687'),(133,'NZ','New Zealand','+64'),(134,'NI','Nicaragua','+505'),(135,'NE','Niger','+227'),(136,'NG','Nigeria','+234'),(137,'NU','Niue','+683'),(138,'NF','Norfolk Island','+672'),(139,'MP','Northern Mariana Islands','+1 670'),(140,'NO','Norway','+47'),(141,'OM','Oman','+968'),(142,'PK','Pakistan','+92'),(143,'PW','Palau','+680'),(144,'PA','Panama','+507'),(145,'PG','Papua New Guinea','+675'),(146,'PY','Paraguay','+595'),(147,'PE','Peru','+51'),(148,'PH','Philippines','+63'),(149,'PL','Poland','+48'),(150,'PT','Portugal','+351'),(151,'PR','Puerto Rico','+1 939'),(152,'QA','Qatar','+974'),(153,'RO','Romania','+40'),(154,'RW','Rwanda','+250'),(155,'WS','Samoa','+685'),(156,'SM','San Marino','+378'),(157,'SA','Saudi Arabia','+966'),(158,'SN','Senegal','+221'),(159,'RS','Serbia','+381'),(160,'SC','Seychelles','+248'),(161,'SL','Sierra Leone','+232'),(162,'SG','Singapore','+65'),(163,'SK','Slovakia','+421'),(164,'SI','Slovenia','+386'),(165,'SB','Solomon Islands','+677'),(166,'ZA','South Africa','+27'),(167,'GS','South Georgia and the South Sandwich Islands','+500'),(168,'ES','Spain','+34'),(169,'LK','Sri Lanka','+94'),(170,'SD','Sudan','+249'),(171,'SR','Suriname','+597'),(172,'SZ','Swaziland','+268'),(173,'SE','Sweden','+46'),(174,'CH','Switzerland','+41'),(175,'TJ','Tajikistan','+992'),(176,'TH','Thailand','+66'),(177,'TG','Togo','+228'),(178,'TK','Tokelau','+690'),(179,'TO','Tonga','+676'),(180,'TT','Trinidad and Tobago','+1 868'),(181,'TN','Tunisia','+216'),(182,'TR','Turkey','+90'),(183,'TM','Turkmenistan','+993'),(184,'TC','Turks and Caicos Islands','+1 649'),(185,'TV','Tuvalu','+688'),(186,'UG','Uganda','+256'),(187,'UA','Ukraine','+380'),(188,'AE','United Arab Emirates','+971'),(189,'GB','United Kingdom','+44'),(190,'US','United States','+1'),(191,'UY','Uruguay','+598'),(192,'UZ','Uzbekistan','+998'),(193,'VU','Vanuatu','+678'),(194,'WF','Wallis and Futuna','+681'),(195,'YE','Yemen','+967'),(196,'ZM','Zambia','+260'),(197,'ZW','Zimbabwe','+263'),(198,'AX','land Islands',''),(199,'BO','Bolivia, Plurinational State of','+591'),(200,'BN','Brunei Darussalam','+673'),(201,'CC','Cocos (Keeling) Islands','+61'),(202,'CD','Congo, The Democratic Republic of the','+243'),(203,'CI','Cote d\'Ivoire','+225'),(204,'FK','Falkland Islands (Malvinas)','+500'),(205,'GG','Guernsey','+44'),(206,'VA','Holy See (Vatican City State)','+379'),(207,'HK','Hong Kong','+852'),(208,'IR','Iran, Islamic Republic of','+98'),(209,'IM','Isle of Man','+44'),(210,'JE','Jersey','+44'),(211,'KP','Korea, Democratic People\'s Republic of','+850'),(212,'KR','Korea, Republic of','+82'),(213,'LA','Lao People\'s Democratic Republic','+856'),(214,'LY','Libyan Arab Jamahiriya','+218'),(215,'MO','Macao','+853'),(216,'MK','Macedonia, The Former Yugoslav Republic of','+389'),(217,'FM','Micronesia, Federated States of','+691'),(218,'MD','Moldova, Republic of','+373'),(219,'MZ','Mozambique','+258'),(220,'PS','Palestinian Territory, Occupied','+970'),(221,'PN','Pitcairn','+872'),(222,'RE','Réunion','+262'),(223,'RU','Russia','+7'),(224,'BL','Saint Barthélemy','+590'),(225,'SH','Saint Helena, Ascension and Tristan Da Cunha','+290'),(226,'KN','Saint Kitts and Nevis','+1 869'),(227,'LC','Saint Lucia','+1 758'),(228,'MF','Saint Martin','+590'),(229,'PM','Saint Pierre and Miquelon','+508'),(230,'VC','Saint Vincent and the Grenadines','+1 784'),(231,'ST','Sao Tome and Principe','+239'),(232,'SO','Somalia','+252'),(233,'SJ','Svalbard and Jan Mayen','+47'),(234,'SY','Syrian Arab Republic','+963'),(235,'TW','Taiwan, Province of China','+886'),(236,'TZ','Tanzania, United Republic of','+255'),(237,'TL','Timor-Leste','+670'),(238,'VE','Venezuela, Bolivarian Republic of','+58'),(239,'VN','Viet Nam','+84'),(240,'VG','Virgin Islands, British','+1 284'),(241,'VI','Virgin Islands, U.S.','+1 340');

--
-- Table structure for table `mview_state`
--

CREATE TABLE `mview_state` (
  `state_id` int(10) unsigned NOT NULL AUTO_INCREMENT COMMENT 'View State ID',
  `view_id` varchar(255) DEFAULT NULL COMMENT 'View ID',
  `mode` varchar(16) DEFAULT 'disabled' COMMENT 'View Mode',
  `status` varchar(16) DEFAULT 'idle' COMMENT 'View Status',
  `updated` datetime DEFAULT NULL COMMENT 'View updated time',
  `version_id` int(10) unsigned DEFAULT NULL COMMENT 'View Version ID',
  PRIMARY KEY (`state_id`),
  KEY `MVIEW_STATE_VIEW_ID` (`view_id`),
  KEY `MVIEW_STATE_MODE` (`mode`)
) ENGINE=InnoDB DEFAULT CHARSET=utf8 COMMENT='View State';

--
-- Dumping data for table `mview_state`
--


--
-- Table structure for table `newsletter_problem`
--

CREATE TABLE `newsletter_problem` (
  `problem_id` int(10) unsigned NOT NULL AUTO_INCREMENT COMMENT 'Problem ID',
  `subscriber_id` int(10) unsigned DEFAULT NULL COMMENT 'Subscriber ID',
  `queue_id` int(10) unsigned NOT NULL DEFAULT '0' COMMENT 'Queue ID',
  `problem_error_code` int(10) unsigned DEFAULT '0' COMMENT 'Problem Error Code',
  `problem_error_text` varchar(200) DEFAULT NULL COMMENT 'Problem Error Text',
  PRIMARY KEY (`problem_id`),
  KEY `NEWSLETTER_PROBLEM_SUBSCRIBER_ID` (`subscriber_id`),
  KEY `NEWSLETTER_PROBLEM_QUEUE_ID` (`queue_id`),
  CONSTRAINT `NEWSLETTER_PROBLEM_QUEUE_ID_NEWSLETTER_QUEUE_QUEUE_ID` FOREIGN KEY (`queue_id`) REFERENCES `newsletter_queue` (`queue_id`) ON DELETE CASCADE,
  CONSTRAINT `NLTTR_PROBLEM_SUBSCRIBER_ID_NLTTR_SUBSCRIBER_SUBSCRIBER_ID` FOREIGN KEY (`subscriber_id`) REFERENCES `newsletter_subscriber` (`subscriber_id`) ON DELETE CASCADE
) ENGINE=InnoDB DEFAULT CHARSET=utf8 COMMENT='Newsletter Problems';

--
-- Dumping data for table `newsletter_problem`
--


--
-- Table structure for table `newsletter_queue`
--

CREATE TABLE `newsletter_queue` (
  `queue_id` int(10) unsigned NOT NULL AUTO_INCREMENT COMMENT 'Queue ID',
  `template_id` int(10) unsigned NOT NULL DEFAULT '0' COMMENT 'Template ID',
  `newsletter_type` int(11) DEFAULT NULL COMMENT 'Newsletter Type',
  `newsletter_text` text COMMENT 'Newsletter Text',
  `newsletter_styles` text COMMENT 'Newsletter Styles',
  `newsletter_subject` varchar(200) DEFAULT NULL COMMENT 'Newsletter Subject',
  `newsletter_sender_name` varchar(200) DEFAULT NULL COMMENT 'Newsletter Sender Name',
  `newsletter_sender_email` varchar(200) DEFAULT NULL COMMENT 'Newsletter Sender Email',
  `queue_status` int(10) unsigned NOT NULL DEFAULT '0' COMMENT 'Queue Status',
  `queue_start_at` timestamp NULL DEFAULT NULL COMMENT 'Queue Start At',
  `queue_finish_at` timestamp NULL DEFAULT NULL COMMENT 'Queue Finish At',
  PRIMARY KEY (`queue_id`),
  KEY `NEWSLETTER_QUEUE_TEMPLATE_ID` (`template_id`),
  CONSTRAINT `NEWSLETTER_QUEUE_TEMPLATE_ID_NEWSLETTER_TEMPLATE_TEMPLATE_ID` FOREIGN KEY (`template_id`) REFERENCES `newsletter_template` (`template_id`) ON DELETE CASCADE
) ENGINE=InnoDB DEFAULT CHARSET=utf8 COMMENT='Newsletter Queue';

--
-- Dumping data for table `newsletter_queue`
--


--
-- Table structure for table `newsletter_queue_link`
--

CREATE TABLE `newsletter_queue_link` (
  `queue_link_id` int(10) unsigned NOT NULL AUTO_INCREMENT COMMENT 'Queue Link ID',
  `queue_id` int(10) unsigned NOT NULL DEFAULT '0' COMMENT 'Queue ID',
  `subscriber_id` int(10) unsigned NOT NULL DEFAULT '0' COMMENT 'Subscriber ID',
  `letter_sent_at` timestamp NULL DEFAULT NULL COMMENT 'Letter Sent At',
  PRIMARY KEY (`queue_link_id`),
  KEY `NEWSLETTER_QUEUE_LINK_SUBSCRIBER_ID` (`subscriber_id`),
  KEY `NEWSLETTER_QUEUE_LINK_QUEUE_ID_LETTER_SENT_AT` (`queue_id`,`letter_sent_at`),
  CONSTRAINT `NEWSLETTER_QUEUE_LINK_QUEUE_ID_NEWSLETTER_QUEUE_QUEUE_ID` FOREIGN KEY (`queue_id`) REFERENCES `newsletter_queue` (`queue_id`) ON DELETE CASCADE,
  CONSTRAINT `NLTTR_QUEUE_LNK_SUBSCRIBER_ID_NLTTR_SUBSCRIBER_SUBSCRIBER_ID` FOREIGN KEY (`subscriber_id`) REFERENCES `newsletter_subscriber` (`subscriber_id`) ON DELETE CASCADE
) ENGINE=InnoDB DEFAULT CHARSET=utf8 COMMENT='Newsletter Queue Link';

--
-- Dumping data for table `newsletter_queue_link`
--


--
-- Table structure for table `newsletter_queue_store_link`
--

CREATE TABLE `newsletter_queue_store_link` (
  `queue_id` int(10) unsigned NOT NULL DEFAULT '0' COMMENT 'Queue ID',
  `store_id` smallint(5) unsigned NOT NULL DEFAULT '0' COMMENT 'Store ID',
  PRIMARY KEY (`queue_id`,`store_id`),
  KEY `NEWSLETTER_QUEUE_STORE_LINK_STORE_ID` (`store_id`),
  CONSTRAINT `NEWSLETTER_QUEUE_STORE_LINK_QUEUE_ID_NEWSLETTER_QUEUE_QUEUE_ID` FOREIGN KEY (`queue_id`) REFERENCES `newsletter_queue` (`queue_id`) ON DELETE CASCADE,
  CONSTRAINT `NEWSLETTER_QUEUE_STORE_LINK_STORE_ID_STORE_STORE_ID` FOREIGN KEY (`store_id`) REFERENCES `store` (`store_id`) ON DELETE CASCADE
) ENGINE=InnoDB DEFAULT CHARSET=utf8 COMMENT='Newsletter Queue Store Link';

--
-- Dumping data for table `newsletter_queue_store_link`
--


--
-- Table structure for table `newsletter_subscriber`
--

CREATE TABLE `newsletter_subscriber` (
  `subscriber_id` int(10) unsigned NOT NULL AUTO_INCREMENT COMMENT 'Subscriber ID',
  `store_id` smallint(5) unsigned DEFAULT '0' COMMENT 'Store ID',
  `change_status_at` timestamp NULL DEFAULT NULL COMMENT 'Change Status At',
  `customer_id` int(10) unsigned NOT NULL DEFAULT '0' COMMENT 'Customer ID',
  `subscriber_email` varchar(150) DEFAULT NULL COMMENT 'Subscriber Email',
  `subscriber_status` int(11) NOT NULL DEFAULT '0' COMMENT 'Subscriber Status',
  `subscriber_confirm_code` varchar(32) DEFAULT 'NULL' COMMENT 'Subscriber Confirm Code',
  PRIMARY KEY (`subscriber_id`),
  KEY `NEWSLETTER_SUBSCRIBER_CUSTOMER_ID` (`customer_id`),
  KEY `NEWSLETTER_SUBSCRIBER_STORE_ID` (`store_id`),
  KEY `NEWSLETTER_SUBSCRIBER_SUBSCRIBER_EMAIL` (`subscriber_email`),
  CONSTRAINT `NEWSLETTER_SUBSCRIBER_STORE_ID_STORE_STORE_ID` FOREIGN KEY (`store_id`) REFERENCES `store` (`store_id`) ON DELETE SET NULL
) ENGINE=InnoDB AUTO_INCREMENT=24 DEFAULT CHARSET=utf8 COMMENT='Newsletter Subscriber';

--
-- Dumping data for table `newsletter_subscriber`
--

INSERT INTO `newsletter_subscriber` VALUES (1,1,NULL,0,'tuyenlq989@gmail.com',1,'hw9sp60qgfrbggnksdmtqdnesqhs7ryi'),(2,1,'2020-04-20 06:36:57',140,'test@gmail.com',3,'qu6w1p9ysgwdozd46bd8jtm1vvs80g11'),(4,10,'2020-04-27 00:37:49',0,'info@goldenmila.com',1,'n9b8xgynm83x175jqfim4i7s94zubhcs'),(5,18,'2020-06-16 22:31:10',226,'mechirellan@hotmail.com',1,'8w87f04kl9ol9gv5d23g8amfyqiz2lrq'),(6,6,'2020-07-08 05:35:12',0,'berniekyriacou@googlemail.com',1,'5ymnpahxf08jncoaqr1e7ioqyxb78ij5'),(7,1,'2020-08-06 09:44:22',230,'mottaste@gmail.com',1,'gwkb3zh69o2q4rqhmtjl9sx58atoxkdh'),(8,8,'2020-08-06 19:29:57',231,'ahovhannisyan85@gmail.com',1,'pmnyvsnalu43ahy76nams1ubi1ar638w'),(9,1,'2020-08-06 21:06:48',232,'raffaella.naggi@gmail.com',1,'p4wp472w05og11y9u669qwlq4stqnxzn'),(10,1,'2020-08-07 07:33:19',233,'simonetta.notargiacomo@burdaitalia.it',1,'6egk2dq1hydem0d2er0ba8fwoopi20ce'),(11,4,'2020-08-11 14:37:57',0,'biroltopal@gmail.com',1,'uwazzvt27m9rk2uykxg2pm9k8mi75mrm'),(12,10,'2020-08-27 15:19:45',0,'teste@teste.pt',1,'jytnjuy3x5pgbjtku24gv6y9qxfoge5l'),(13,4,'2020-09-04 14:29:32',0,'magento0309@gmail.com',1,'ijggixgg0r82rmvdaq7zv8ysisszxu7v'),(14,4,'2020-09-04 15:14:28',0,'ashwini.reddy@esegna.com',1,'0c9v0yqjcznv278w6fqwejgx9prqvpno'),(15,1,'2020-09-05 03:13:36',0,'support@alothemes.com',1,'qezl8m9cuw5fembpulwxfyrgknl4aced'),(16,1,'2020-09-28 02:00:33',246,'dongvanbinh.mta@gmail.com',1,'93l12ac3ayy9s1zeugzw0og7n1293mqw'),(17,1,'2020-10-18 22:39:39',266,'leonardorpatricio@gmail.com',1,'icjkbx7igpu68nytu9u3stnixfhg9hxe'),(18,4,'2020-11-27 20:53:29',304,'test@test.com',1,'xz6kuubus3jx4m5hok3idz3p96cevlvt'),(19,4,'2020-11-30 21:08:03',0,'info@koyunstore.com',1,'ac83uouj50y7xw5q6xq09d8o7gm4o8dp'),(20,10,'2020-12-16 18:47:42',0,'test@abc.de',1,'fwiv70grfcz3pw61dgruzu3r53nibdgg'),(21,1,'2022-04-22 09:07:46',484,'drumbaram@mail.ru',1,'v4hsq3a0klmfgrhx7c4ko75znpscgmz2'),(22,27,'2022-05-06 09:33:28',493,'christina.krautgartner@ledacolor.com',1,'sltookfcb9qgtv8i7kbgpwrlzaywewlt'),(23,1,'2022-05-10 16:58:37',497,'priyankmakwana@gmail.com',1,'zt774v9e1rfqjrwxzheyus56ity50p3i');

--
-- Table structure for table `newsletter_template`
--

CREATE TABLE `newsletter_template` (
  `template_id` int(10) unsigned NOT NULL AUTO_INCREMENT COMMENT 'Template ID',
  `template_code` varchar(150) DEFAULT NULL COMMENT 'Template Code',
  `template_text` text COMMENT 'Template Text',
  `template_styles` text COMMENT 'Template Styles',
  `template_type` int(10) unsigned DEFAULT NULL COMMENT 'Template Type',
  `template_subject` varchar(200) DEFAULT NULL COMMENT 'Template Subject',
  `template_sender_name` varchar(200) DEFAULT NULL COMMENT 'Template Sender Name',
  `template_sender_email` varchar(200) DEFAULT NULL COMMENT 'Template Sender Email',
  `template_actual` smallint(5) unsigned DEFAULT '1' COMMENT 'Template Actual',
  `added_at` timestamp NULL DEFAULT NULL COMMENT 'Added At',
  `modified_at` timestamp NULL DEFAULT NULL COMMENT 'Modified At',
  `is_legacy` tinyint(1) NOT NULL DEFAULT '0' COMMENT 'Should the template render in legacy mode',
  PRIMARY KEY (`template_id`),
  KEY `NEWSLETTER_TEMPLATE_TEMPLATE_ACTUAL` (`template_actual`),
  KEY `NEWSLETTER_TEMPLATE_ADDED_AT` (`added_at`),
  KEY `NEWSLETTER_TEMPLATE_MODIFIED_AT` (`modified_at`)
) ENGINE=InnoDB DEFAULT CHARSET=utf8 COMMENT='Newsletter Template';

--
-- Dumping data for table `newsletter_template`
--


--
-- Table structure for table `oauth_consumer`
--

CREATE TABLE `oauth_consumer` (
  `entity_id` int(10) unsigned NOT NULL AUTO_INCREMENT COMMENT 'Entity ID',
  `created_at` timestamp NOT NULL DEFAULT CURRENT_TIMESTAMP COMMENT 'Created At',
  `updated_at` timestamp NULL DEFAULT '0000-00-00 00:00:00' ON UPDATE CURRENT_TIMESTAMP COMMENT 'Updated At',
  `name` varchar(255) NOT NULL COMMENT 'Name of consumer',
  `key` varchar(32) NOT NULL COMMENT 'Key code',
  `secret` varchar(32) NOT NULL COMMENT 'Secret code',
  `callback_url` text COMMENT 'Callback URL',
  `rejected_callback_url` text NOT NULL COMMENT 'Rejected callback URL',
  PRIMARY KEY (`entity_id`),
  UNIQUE KEY `OAUTH_CONSUMER_KEY` (`key`),
  UNIQUE KEY `OAUTH_CONSUMER_SECRET` (`secret`),
  KEY `OAUTH_CONSUMER_CREATED_AT` (`created_at`),
  KEY `OAUTH_CONSUMER_UPDATED_AT` (`updated_at`)
) ENGINE=InnoDB AUTO_INCREMENT=11 DEFAULT CHARSET=utf8 COMMENT='OAuth Consumers';

--
-- Dumping data for table `oauth_consumer`
--

INSERT INTO `oauth_consumer` VALUES (1,'2017-10-10 04:01:53','0000-00-00 00:00:00','Integration1','ht9f5iv1dfl9fua8dx7bh6bfuikh8sfu','8g7a391n40tkacoeknab9npoqo3xn439',NULL,''),(2,'2017-12-20 03:51:35','0000-00-00 00:00:00','Integration2','81o3uj0xnpgr6npbrbt9yw101y5hfg3i','astqks70g9flwopinnhvif308itjxrao',NULL,''),(3,'2018-02-22 21:21:30','0000-00-00 00:00:00','Integration3','ljwytsqy9hjtus02wv4aykpi8dllqyox','we3gxi1h3uilkvbp3kkwp93lcnjc8nj0',NULL,''),(4,'2018-04-10 02:50:42','0000-00-00 00:00:00','Integration4','snc2wyaxck3031lym130s8sarntqu078','4ioldd6i47us8fxx997q3p3te4hjs331',NULL,''),(5,'2018-04-10 02:58:24','0000-00-00 00:00:00','Integration5','davongn1nrdeydd4ktox55dq05y1157b','6jjteivck03k8ed797s3k8f4poq693c6',NULL,''),(6,'2018-04-10 03:47:32','0000-00-00 00:00:00','Integration6','mtj1q13w9ejs6799aqacyicgpooj4sp6','oiv8qjk2aqdf862nqmc995o3sshw0spd',NULL,''),(7,'2018-05-02 15:21:03','0000-00-00 00:00:00','Integration7','i536ckoh9i04fvav6v5qvjn3kepi8jj3','fo1mak7k93btfr4t7johptc7wwjr30w0',NULL,''),(8,'2018-05-04 17:22:03','0000-00-00 00:00:00','Integration8','d07g78r1751fbyx3fehswxq852alhss2','70qrp1pjxj1qy8r8scjm10tk8xcnb55a',NULL,''),(9,'2018-05-22 09:52:07','0000-00-00 00:00:00','Integration9','mb1qge7md1enm4trgnuc3s08d6oburmw','pnsf9w3nyxkxtwlbrswmov2qtxph0xb1',NULL,''),(10,'2018-08-02 06:45:48','0000-00-00 00:00:00','Integration10','x8k14xqvrtal6wwelwdi4ciuooge31bs','4ccriahimayligm3wyvw0i67w8b1q6d7',NULL,'');

--
-- Table structure for table `oauth_nonce`
--

CREATE TABLE `oauth_nonce` (
  `nonce` varchar(32) NOT NULL COMMENT 'Nonce String',
  `timestamp` int(10) unsigned NOT NULL COMMENT 'Nonce Timestamp',
  `consumer_id` int(10) unsigned NOT NULL COMMENT 'Consumer ID',
  PRIMARY KEY (`nonce`,`consumer_id`),
  UNIQUE KEY `OAUTH_NONCE_NONCE_CONSUMER_ID` (`nonce`,`consumer_id`),
  KEY `OAUTH_NONCE_CONSUMER_ID_OAUTH_CONSUMER_ENTITY_ID` (`consumer_id`),
  KEY `OAUTH_NONCE_TIMESTAMP` (`timestamp`),
  CONSTRAINT `OAUTH_NONCE_CONSUMER_ID_OAUTH_CONSUMER_ENTITY_ID` FOREIGN KEY (`consumer_id`) REFERENCES `oauth_consumer` (`entity_id`) ON DELETE CASCADE
) ENGINE=InnoDB DEFAULT CHARSET=utf8 COMMENT='OAuth Nonce';

--
-- Dumping data for table `oauth_nonce`
--


--
-- Table structure for table `oauth_token`
--

CREATE TABLE `oauth_token` (
  `entity_id` int(10) unsigned NOT NULL AUTO_INCREMENT COMMENT 'Entity ID',
  `consumer_id` int(10) unsigned DEFAULT NULL COMMENT 'Oauth Consumer ID',
  `admin_id` int(10) unsigned DEFAULT NULL COMMENT 'Admin user ID',
  `customer_id` int(10) unsigned DEFAULT NULL COMMENT 'Customer user ID',
  `type` varchar(16) NOT NULL COMMENT 'Token Type',
  `token` varchar(32) NOT NULL COMMENT 'Token',
  `secret` varchar(32) NOT NULL COMMENT 'Token Secret',
  `verifier` varchar(32) DEFAULT NULL COMMENT 'Token Verifier',
  `callback_url` text NOT NULL COMMENT 'Token Callback URL',
  `revoked` smallint(5) unsigned NOT NULL DEFAULT '0' COMMENT 'Is Token revoked',
  `authorized` smallint(5) unsigned NOT NULL DEFAULT '0' COMMENT 'Is Token authorized',
  `user_type` int(11) DEFAULT NULL COMMENT 'User type',
  `created_at` timestamp NOT NULL DEFAULT CURRENT_TIMESTAMP COMMENT 'Token creation timestamp',
  PRIMARY KEY (`entity_id`),
  UNIQUE KEY `OAUTH_TOKEN_TOKEN` (`token`),
  KEY `OAUTH_TOKEN_CONSUMER_ID` (`consumer_id`),
  KEY `OAUTH_TOKEN_ADMIN_ID_ADMIN_USER_USER_ID` (`admin_id`),
  KEY `OAUTH_TOKEN_CUSTOMER_ID_CUSTOMER_ENTITY_ENTITY_ID` (`customer_id`),
  KEY `OAUTH_TOKEN_CREATED_AT` (`created_at`),
  CONSTRAINT `OAUTH_TOKEN_ADMIN_ID_ADMIN_USER_USER_ID` FOREIGN KEY (`admin_id`) REFERENCES `admin_user` (`user_id`) ON DELETE CASCADE,
  CONSTRAINT `OAUTH_TOKEN_CONSUMER_ID_OAUTH_CONSUMER_ENTITY_ID` FOREIGN KEY (`consumer_id`) REFERENCES `oauth_consumer` (`entity_id`) ON DELETE CASCADE,
  CONSTRAINT `OAUTH_TOKEN_CUSTOMER_ID_CUSTOMER_ENTITY_ENTITY_ID` FOREIGN KEY (`customer_id`) REFERENCES `customer_entity` (`entity_id`) ON DELETE CASCADE
) ENGINE=InnoDB DEFAULT CHARSET=utf8 COMMENT='OAuth Tokens';

--
-- Dumping data for table `oauth_token`
--


--
-- Table structure for table `oauth_token_request_log`
--

CREATE TABLE `oauth_token_request_log` (
  `log_id` int(10) unsigned NOT NULL AUTO_INCREMENT COMMENT 'Log ID',
  `user_name` varchar(255) NOT NULL COMMENT 'Customer email or admin login',
  `user_type` smallint(5) unsigned NOT NULL COMMENT 'User type (admin or customer)',
  `failures_count` smallint(5) unsigned DEFAULT '0' COMMENT 'Number of failed authentication attempts in a row',
  `lock_expires_at` timestamp NOT NULL DEFAULT CURRENT_TIMESTAMP ON UPDATE CURRENT_TIMESTAMP COMMENT 'Lock expiration time',
  PRIMARY KEY (`log_id`),
  UNIQUE KEY `OAUTH_TOKEN_REQUEST_LOG_USER_NAME_USER_TYPE` (`user_name`,`user_type`)
) ENGINE=InnoDB DEFAULT CHARSET=utf8 COMMENT='Log of token request authentication failures.';

--
-- Dumping data for table `oauth_token_request_log`
--


--
-- Table structure for table `pagebuilder_template`
--

CREATE TABLE `pagebuilder_template` (
  `template_id` int(11) NOT NULL AUTO_INCREMENT COMMENT 'Template ID Auto Increment',
  `name` varchar(1024) NOT NULL COMMENT 'Template Name',
  `preview_image` varchar(1024) DEFAULT NULL COMMENT 'Template Preview Image',
  `template` longtext NOT NULL COMMENT 'Master Format HTML',
  `created_for` varchar(255) DEFAULT NULL COMMENT 'Created For',
  `created_at` timestamp NOT NULL DEFAULT CURRENT_TIMESTAMP COMMENT 'Creation Time',
  `updated_at` timestamp NOT NULL DEFAULT CURRENT_TIMESTAMP ON UPDATE CURRENT_TIMESTAMP COMMENT 'Update Time',
  PRIMARY KEY (`template_id`),
  FULLTEXT KEY `PAGEBUILDER_TEMPLATE_NAME` (`name`)
) ENGINE=InnoDB DEFAULT CHARSET=utf8 COMMENT='Page Builder Templates';

--
-- Dumping data for table `pagebuilder_template`
--


--
-- Table structure for table `password_reset_request_event`
--

CREATE TABLE `password_reset_request_event` (
  `id` int(10) unsigned NOT NULL AUTO_INCREMENT COMMENT 'Entity ID',
  `request_type` smallint(5) unsigned NOT NULL COMMENT 'Type of the event under a security control',
  `account_reference` varchar(255) DEFAULT NULL COMMENT 'An identifier for existing account or another target',
  `created_at` timestamp NOT NULL DEFAULT CURRENT_TIMESTAMP COMMENT 'Timestamp when the event occurs',
  `ip` varchar(15) NOT NULL COMMENT 'Remote user IP',
  PRIMARY KEY (`id`),
  KEY `PASSWORD_RESET_REQUEST_EVENT_ACCOUNT_REFERENCE` (`account_reference`),
  KEY `PASSWORD_RESET_REQUEST_EVENT_CREATED_AT` (`created_at`)
) ENGINE=InnoDB AUTO_INCREMENT=7 DEFAULT CHARSET=utf8 COMMENT='Password Reset Request Event under a security control';

--
-- Dumping data for table `password_reset_request_event`
--

INSERT INTO `password_reset_request_event` VALUES (1,0,'bozoyusasi@evyush.com','2017-03-01 06:25:18','79.169.53.23'),(2,0,'bozoyusasi@evyush.com','2017-03-01 08:23:31','79.169.53.23'),(3,0,'vanphuthanhtri@gmail.com','2018-10-10 03:55:36','118.69.73.136'),(4,0,'vanphuthanhtri@gmail.com','2018-10-11 02:52:25','118.69.73.136'),(5,1,'rn.vanaliya@gmail.com','2021-08-03 17:18:46','209.250.228.11'),(6,1,'caleblipan@gmail.com','2021-08-21 00:25:36','209.250.228.11');

--
-- Table structure for table `patch_list`
--

CREATE TABLE `patch_list` (
  `patch_id` int(11) NOT NULL AUTO_INCREMENT COMMENT 'Patch Auto Increment',
  `patch_name` varchar(1024) NOT NULL COMMENT 'Patch Class Name',
  PRIMARY KEY (`patch_id`)
) ENGINE=InnoDB AUTO_INCREMENT=197 DEFAULT CHARSET=utf8 COMMENT='List of data/schema patches';

--
-- Dumping data for table `patch_list`
--

INSERT INTO `patch_list` VALUES (1,'Magento\\Store\\Setup\\Patch\\Schema\\InitializeStoresAndWebsites'),(2,'Magento\\Catalog\\Setup\\Patch\\Schema\\EnableSegmentation'),(3,'Magento\\InventoryCatalog\\Setup\\Patch\\Schema\\CreateLegacyStockStatusView'),(4,'Magento\\InventoryCatalog\\Setup\\Patch\\Schema\\InitializeDefaultStock'),(5,'Magento\\InventoryCatalog\\Setup\\Patch\\Schema\\UpdateInventorySourceItem'),(6,'Magento\\InventoryCatalog\\Setup\\Patch\\Schema\\ReindexDefaultSource'),(7,'Magento\\Store\\Setup\\Patch\\Schema\\InitializeStoresAndWebsites'),(8,'Magento\\InventorySales\\Setup\\Patch\\Schema\\InitializeWebsiteDefaultSock'),(9,'Magento\\Bundle\\Setup\\Patch\\Schema\\UpdateBundleRelatedSchema'),(10,'Magento\\Store\\Setup\\Patch\\Data\\UpdateStoreGroupCodes'),(11,'Magento\\Directory\\Setup\\Patch\\Data\\InitializeDirectoryData'),(12,'Magento\\Directory\\Setup\\Patch\\Data\\AddDataForCroatia'),(13,'Magento\\Directory\\Setup\\Patch\\Data\\AddDataForIndia'),(14,'Magento\\Theme\\Setup\\Patch\\Data\\RegisterThemes'),(15,'Magento\\Theme\\Setup\\Patch\\Data\\ConvertSerializedData'),(16,'Magento\\Eav\\Setup\\Patch\\Data\\InitializeAttributeModels'),(17,'Magento\\Config\\Setup\\Patch\\Data\\UpdateClassAliases'),(18,'Magento\\Indexer\\Setup\\Patch\\Data\\InitializeIndexerState'),(19,'Magento\\Customer\\Setup\\Patch\\Data\\DefaultCustomerGroupsAndAttributes'),(20,'Magento\\Customer\\Setup\\Patch\\Data\\UpdateCustomerAttributesMetadata'),(21,'Magento\\Customer\\Setup\\Patch\\Data\\AddNonSpecifiedGenderAttributeOption'),(22,'Magento\\Customer\\Setup\\Patch\\Data\\UpdateIdentifierCustomerAttributesVisibility'),(23,'Magento\\Customer\\Setup\\Patch\\Data\\AddCustomerUpdatedAtAttribute'),(24,'Magento\\Customer\\Setup\\Patch\\Data\\UpgradePasswordHashAndAddress'),(25,'Magento\\Customer\\Setup\\Patch\\Data\\RemoveCheckoutRegisterAndUpdateAttributes'),(26,'Magento\\Customer\\Setup\\Patch\\Data\\AddSecurityTrackingAttributes'),(27,'Magento\\Customer\\Setup\\Patch\\Data\\UpdateAutocompleteOnStorefrontConfigPath'),(28,'Magento\\Customer\\Setup\\Patch\\Data\\MigrateStoresAllowedCountriesToWebsite'),(29,'Magento\\Customer\\Setup\\Patch\\Data\\ConvertValidationRulesFromSerializedToJson'),(30,'Magento\\Customer\\Setup\\Patch\\Data\\UpdateVATNumber'),(31,'Magento\\Customer\\Setup\\Patch\\Data\\UpdateCustomerAttributeInputFilters'),(32,'Magento\\User\\Setup\\Patch\\Data\\UpgradePasswordHashes'),(33,'Magento\\User\\Setup\\Patch\\Data\\UpgradeSerializedFields'),(34,'Magento\\Authorization\\Setup\\Patch\\Data\\InitializeAuthRoles'),(35,'Magento\\Cms\\Setup\\Patch\\Data\\CreateDefaultPages'),(36,'Magento\\Cms\\Setup\\Patch\\Data\\UpdatePrivacyPolicyPage'),(37,'Magento\\Cms\\Setup\\Patch\\Data\\ConvertWidgetConditionsToJson'),(38,'Magento\\Quote\\Setup\\Patch\\Data\\InstallEntityTypes'),(39,'Magento\\Quote\\Setup\\Patch\\Data\\ConvertSerializedDataToJson'),(40,'Magento\\Catalog\\Setup\\Patch\\Data\\InstallDefaultCategories'),(41,'Magento\\Catalog\\Setup\\Patch\\Data\\SetNewResourceModelsPaths'),(42,'Magento\\Catalog\\Setup\\Patch\\Data\\UpdateDefaultAttributeValue'),(43,'Magento\\Catalog\\Setup\\Patch\\Data\\UpdateMediaAttributesBackendTypes'),(44,'Magento\\Catalog\\Setup\\Patch\\Data\\UpdateProductAttributes'),(45,'Magento\\Catalog\\Setup\\Patch\\Data\\UpdateProductMetaDescription'),(46,'Magento\\Catalog\\Setup\\Patch\\Data\\ChangePriceAttributeDefaultScope'),(47,'Magento\\Catalog\\Setup\\Patch\\Data\\DisallowUsingHtmlForProductName'),(48,'Magento\\Catalog\\Setup\\Patch\\Data\\EnableDirectiveParsing'),(49,'Magento\\Catalog\\Setup\\Patch\\Data\\EnableSegmentation'),(50,'Magento\\Catalog\\Setup\\Patch\\Data\\UpgradeWidgetData'),(51,'Magento\\Catalog\\Setup\\Patch\\Data\\UpgradeWebsiteAttributes'),(52,'Magento\\Integration\\Setup\\Patch\\Data\\RemoveInactiveTokens'),(53,'Magento\\CatalogInventory\\Setup\\Patch\\Data\\CreateDefaultStock'),(54,'Magento\\CatalogInventory\\Setup\\Patch\\Data\\UpdateStockItemsWebsite'),(55,'Magento\\CatalogInventory\\Setup\\Patch\\Data\\ConvertSerializedDataToJson'),(56,'Magento\\Msrp\\Setup\\Patch\\Data\\InitializeMsrpAttributes'),(57,'Magento\\Msrp\\Setup\\Patch\\Data\\ChangePriceAttributeDefaultScope'),(58,'Magento\\CatalogRule\\Setup\\Patch\\Data\\UpdateClassAliasesForCatalogRules'),(59,'Magento\\CatalogRule\\Setup\\Patch\\Data\\ConvertSerializedDataToJson'),(60,'Magento\\CatalogUrlRewrite\\Setup\\Patch\\Data\\CreateUrlAttributes'),(61,'Magento\\Widget\\Setup\\Patch\\Data\\UpgradeModelInstanceClassAliases'),(62,'Magento\\Widget\\Setup\\Patch\\Data\\ConvertSerializedData'),(63,'Magento\\Sales\\Setup\\Patch\\Data\\InstallOrderStatusesAndInitialSalesConfig'),(64,'Magento\\Sales\\Setup\\Patch\\Data\\UpdateEntityTypes'),(65,'Magento\\Sales\\Setup\\Patch\\Data\\ConvertSerializedDataToJson'),(66,'Magento\\Sales\\Setup\\Patch\\Data\\FillQuoteAddressIdInSalesOrderAddress'),(67,'Magento\\Sales\\Setup\\Patch\\Data\\UpdateEntityTypeModelForInvoice'),(68,'Magento\\Checkout\\Setup\\Patch\\Data\\PrepareInitialCheckoutConfiguration'),(69,'Magento\\Vault\\Setup\\Patch\\Data\\SetCreditCardAsDefaultTokenType'),(70,'Magento\\ConfigurableProduct\\Setup\\Patch\\Data\\InstallInitialConfigurableAttributes'),(71,'Magento\\ConfigurableProduct\\Setup\\Patch\\Data\\UpdateManufacturerAttribute'),(72,'Magento\\ConfigurableProduct\\Setup\\Patch\\Data\\UpdateTierPriceAttribute'),(73,'Magento\\CurrencySymbol\\Setup\\Patch\\Data\\ConvertSerializedCustomCurrencySymbolToJson'),(74,'Magento\\Paypal\\Setup\\Patch\\Data\\AddPaypalOrderStatuses'),(75,'Magento\\Analytics\\Setup\\Patch\\Data\\PrepareInitialConfig'),(76,'Magento\\Dhl\\Setup\\Patch\\Data\\PrepareShipmentDays'),(77,'Magento\\Downloadable\\Setup\\Patch\\Data\\InstallDownloadableAttributes'),(78,'Magento\\CatalogSearch\\Setup\\Patch\\Data\\MySQLSearchDeprecationNotification'),(79,'Magento\\CatalogSearch\\Setup\\Patch\\Data\\SetInitialSearchWeightForAttributes'),(80,'Magento\\EncryptionKey\\Setup\\Patch\\Data\\SodiumChachaPatch'),(81,'Magento\\Fedex\\Setup\\Patch\\Data\\ConfigureFedexDefaults'),(82,'Magento\\GiftMessage\\Setup\\Patch\\Data\\AddGiftMessageAttributes'),(83,'Magento\\GiftMessage\\Setup\\Patch\\Data\\MoveGiftMessageToGiftOptionsGroup'),(84,'Magento\\GiftMessage\\Setup\\Patch\\Data\\UpdateGiftMessageAttribute'),(85,'Magento\\GroupedProduct\\Setup\\Patch\\Data\\InitializeGroupedProductLinks'),(86,'Magento\\GroupedProduct\\Setup\\Patch\\Data\\UpdateProductRelations'),(87,'Magento\\InventoryLowQuantityNotification\\Setup\\Patch\\Data\\MigrateCatalogInventoryNotifyStockQuantityData'),(88,'Magento\\SalesRule\\Setup\\Patch\\Data\\PrepareRuleModelSerializedData'),(89,'Magento\\SalesRule\\Setup\\Patch\\Data\\ConvertSerializedDataToJson'),(90,'Magento\\SalesRule\\Setup\\Patch\\Data\\FillSalesRuleProductAttributeTable'),(91,'Magento\\Braintree\\Setup\\Patch\\Data\\ConvertSerializedDataToJson'),(92,'Magento\\Reports\\Setup\\Patch\\Data\\InitializeReportEntityTypesAndPages'),(93,'Magento\\Review\\Setup\\Patch\\Data\\InitReviewStatusesAndData'),(94,'Magento\\OfflineShipping\\Setup\\Patch\\Data\\UpdateQuoteShippingAddresses'),(95,'Magento\\UrlRewrite\\Setup\\Patch\\Data\\ConvertSerializedDataToJson'),(96,'Magento\\Wishlist\\Setup\\Patch\\Data\\ConvertSerializedData'),(97,'Magento\\Swatches\\Setup\\Patch\\Data\\AddSwatchImageAttribute'),(98,'Magento\\Swatches\\Setup\\Patch\\Data\\AddSwatchImageToDefaultAttribtueSet'),(99,'Magento\\Swatches\\Setup\\Patch\\Data\\UpdateAdminTextSwatchValues'),(100,'Magento\\Swatches\\Setup\\Patch\\Data\\ConvertAdditionalDataToJson'),(101,'Magento\\Tax\\Setup\\Patch\\Data\\AddTaxAttributeAndTaxClasses'),(102,'Magento\\Tax\\Setup\\Patch\\Data\\UpdateTaxClassAttributeVisibility'),(103,'Magento\\Tax\\Setup\\Patch\\Data\\UpdateTaxRegionId'),(104,'Magento\\SampleData\\Setup\\Patch\\Data\\ClearSampleDataState'),(105,'Magento\\Usps\\Setup\\Patch\\Data\\UpdateAllowedMethods'),(106,'Magento\\Bundle\\Setup\\Patch\\Data\\ApplyAttributesUpdate'),(107,'Magento\\Bundle\\Setup\\Patch\\Data\\UpdateBundleRelatedEntityTytpes'),(108,'Magento\\Weee\\Setup\\Patch\\Data\\InitQuoteAndOrderAttributes'),(109,'Magento\\Wishlist\\Setup\\Patch\\Schema\\AddProductIdConstraint'),(110,'Magento\\Directory\\Setup\\Patch\\Data\\AddDataForAustralia'),(111,'Magento\\Paypal\\Setup\\Patch\\Data\\UpdatePaypalCreditOption'),(112,'Magento\\Downloadable\\Setup\\Patch\\Data\\UpdateLinksExistDefaultAttributeValue'),(113,'Magento\\AuthorizenetAcceptjs\\Setup\\Patch\\Data\\CopyCurrentConfig'),(114,'Magento\\OfflineShipping\\Setup\\Patch\\Data\\UpdateShippingTablerate'),(115,'Magento\\Bundle\\Setup\\Patch\\Data\\UpdateBundleRelatedEntityTypes'),(116,'Magento\\Directory\\Setup\\Patch\\Data\\AddDataForMexico'),(117,'Magento\\Store\\Setup\\Patch\\Data\\DisableSid'),(118,'Magento\\Downloadable\\Setup\\Patch\\Data\\AddDownloadableHostsConfig'),(119,'Klarna\\Core\\Setup\\Patch\\Data\\UpdateKcoApiPathsInCoreConfig'),(120,'Klarna\\Core\\Setup\\Patch\\Data\\UpdateKlarnaApiVersionInCoreConfig'),(121,'Klarna\\Kp\\Setup\\Patch\\Data\\RemoveHtmlTag'),(122,'Klarna\\Kp\\Setup\\Patch\\Data\\ResetIsActive'),(123,'Magento\\Directory\\Setup\\Patch\\Data\\AddCountriesCaribbeanCuracaoKosovoSintMaarten'),(124,'Magento\\Directory\\Setup\\Patch\\Data\\AddDataForBelgium'),(125,'Magento\\Directory\\Setup\\Patch\\Data\\AddDataForChina'),(126,'Magento\\Catalog\\Setup\\Patch\\Data\\UpdateCustomLayoutAttributes'),(127,'Magento\\Msrp\\Setup\\Patch\\Data\\ChangeMsrpAttributeLabel'),(128,'Magento\\CatalogUrlRewrite\\Setup\\Patch\\Data\\UpdateUrlKeySearchable'),(129,'Magento\\Email\\Setup\\Patch\\Data\\FlagLegacyTemplates'),(130,'Magento\\Reports\\Setup\\Patch\\Data\\ReportDisableNotification'),(131,'Magento\\Newsletter\\Setup\\Patch\\Data\\FlagLegacyTemplates'),(132,'Temando\\ShippingRemover\\Setup\\Patch\\Schema\\EmptyTablesRemoval'),(133,'Magento\\Directory\\Setup\\Patch\\Data\\AddDataForColombia'),(134,'Magento\\Directory\\Setup\\Patch\\Data\\AddDataForPoland'),(135,'Magento\\Analytics\\Setup\\Patch\\Data\\ActivateDataCollection'),(136,'Temando\\ShippingRemover\\Setup\\Patch\\Data\\AttributesRemoval'),(137,'Temando\\ShippingRemover\\Setup\\Patch\\Data\\BookmarkCleaner'),(138,'Temando\\ShippingRemover\\Setup\\Patch\\Data\\ConfigRemoval'),(139,'Magento\\Review\\Setup\\Patch\\Schema\\AddUniqueConstraintToReviewEntitySummary'),(140,'Magento\\TwoFactorAuth\\Setup\\Patch\\Schema\\CopyTablesFromOldModule'),(141,'Magento\\Directory\\Setup\\Patch\\Data\\AddDataForBulgaria'),(142,'Magento\\Directory\\Setup\\Patch\\Data\\AddDataForItaly'),(143,'Magento\\Config\\Setup\\Patch\\Data\\UnsetTinymce3'),(144,'Magento\\Customer\\Setup\\Patch\\Data\\UpdateCustomerAddressAttributesSortOrder'),(145,'Magento\\Customer\\Setup\\Patch\\Data\\UpdateDefaultCustomerGroupInConfig'),(146,'Magento\\Catalog\\Setup\\Patch\\Data\\UpdateProductDescriptionOrder'),(147,'Magento\\CatalogUrlRewrite\\Setup\\Patch\\Data\\UpdateUrlKeyForProducts'),(148,'Magento\\Quote\\Setup\\Patch\\Data\\WishlistDataCleanUp'),(149,'Magento\\Sales\\Setup\\Patch\\Data\\WishlistDataCleanUp'),(150,'Magento\\CatalogSearch\\Setup\\Patch\\Data\\MySQLSearchRemovalNotification'),(151,'Magento\\Elasticsearch\\Setup\\Patch\\Data\\InvalidateIndex'),(152,'Magento\\Paypal\\Setup\\Patch\\Data\\UpdateSmartButtonLabel'),(153,'Magento\\Paypal\\Setup\\Patch\\Data\\UpdateSmartButtonSize'),(154,'Magento\\ReCaptchaMigration\\Setup\\Patch\\Data\\MigrateConfigToRecaptchaModules'),(155,'Magento\\TwoFactorAuth\\Setup\\Patch\\Data\\CopyConfigFromOldModule'),(156,'Magento\\TwoFactorAuth\\Setup\\Patch\\Data\\EncryptConfiguration'),(157,'Magento\\TwoFactorAuth\\Setup\\Patch\\Data\\EncryptGoogleSecrets'),(158,'Magento\\TwoFactorAuth\\Setup\\Patch\\Data\\EncryptSecrets'),(159,'Magento\\TwoFactorAuth\\Setup\\Patch\\Data\\GenerateDuoSecurityKey'),(160,'Magento\\TwoFactorAuth\\Setup\\Patch\\Data\\PopulateCountryTable'),(161,'Magento\\TwoFactorAuth\\Setup\\Patch\\Data\\ResetU2fConfig'),(162,'Magento\\Wishlist\\Setup\\Patch\\Data\\WishlistDataCleanUp'),(163,'Vertex\\Tax\\Setup\\Patch\\Data\\DetermineCurrentConfigForShippingOriginUse'),(164,'Vertex\\Tax\\Setup\\Patch\\Data\\EnableCacheType'),(165,'Vertex\\Tax\\Setup\\Patch\\Data\\ExpandDefaultTaxClassesPatch'),(166,'Vertex\\Tax\\Setup\\Patch\\Data\\MigrateCustomerCodeFromEav'),(167,'Magento\\Directory\\Setup\\Patch\\Data\\AddDataForAlbania'),(168,'Magento\\Directory\\Setup\\Patch\\Data\\AddDataForArgentina'),(169,'Magento\\Directory\\Setup\\Patch\\Data\\AddDataForBolivia'),(170,'Magento\\Directory\\Setup\\Patch\\Data\\AddDataForChile'),(171,'Magento\\Directory\\Setup\\Patch\\Data\\AddDataForDenmark'),(172,'Magento\\Directory\\Setup\\Patch\\Data\\AddDataForEcuador'),(173,'Magento\\Directory\\Setup\\Patch\\Data\\AddDataForGreece'),(174,'Magento\\Directory\\Setup\\Patch\\Data\\AddDataForGuyana'),(175,'Magento\\Directory\\Setup\\Patch\\Data\\AddDataForIceland'),(176,'Magento\\Directory\\Setup\\Patch\\Data\\AddDataForParaguay'),(177,'Magento\\Directory\\Setup\\Patch\\Data\\AddDataForPeru'),(178,'Magento\\Directory\\Setup\\Patch\\Data\\AddDataForPortugal'),(179,'Magento\\Directory\\Setup\\Patch\\Data\\AddDataForSuriname'),(180,'Magento\\Directory\\Setup\\Patch\\Data\\AddDataForSweden'),(181,'Magento\\Directory\\Setup\\Patch\\Data\\AddDataForUruguay'),(182,'Magento\\Directory\\Setup\\Patch\\Data\\AddDataForVenezuela'),(183,'Magento\\Customer\\Setup\\Patch\\Data\\SessionIDColumnCleanUp'),(184,'Magento\\Security\\Setup\\Patch\\Data\\SessionIDColumnCleanUp'),(185,'Magento\\MediaGalleryUi\\Setup\\Patch\\Data\\AddMediaGalleryPermissions'),(186,'Magento\\PageBuilder\\Setup\\Patch\\Data\\UpdateProductAttribute'),(187,'Magento\\PageBuilder\\Setup\\Patch\\Data\\UpgradePageBuilderStripStyles'),(188,'Magento\\Paypal\\Setup\\Patch\\Data\\UpdateBmltoPayLater'),(189,'Vertex\\Tax\\Setup\\Patch\\Data\\UpdateCronConfiguration'),(190,'Vertex\\RequestLogging\\Setup\\Patch\\Data\\UpdateCronConfiguration'),(191,'Magento\\Directory\\Setup\\Patch\\Data\\AddDataForBelarus'),(192,'Magento\\Directory\\Setup\\Patch\\Data\\UpdateRegionNamesForSwitzerland'),(193,'Magento\\Config\\Setup\\Patch\\Data\\RemoveTinymceConfig'),(194,'Magento\\Catalog\\Setup\\Patch\\Data\\UpdateMultiselectAttributesBackendTypes'),(195,'Magento\\Integration\\Setup\\Patch\\Data\\UpgradeConsumerSecret'),(196,'Magento\\Integration\\Setup\\Patch\\Data\\UpgradeOauthToken');

--
-- Table structure for table `paypal_billing_agreement`
--

CREATE TABLE `paypal_billing_agreement` (
  `agreement_id` int(10) unsigned NOT NULL AUTO_INCREMENT COMMENT 'Agreement ID',
  `customer_id` int(10) unsigned NOT NULL COMMENT 'Customer ID',
  `method_code` varchar(32) NOT NULL COMMENT 'Method Code',
  `reference_id` varchar(32) NOT NULL COMMENT 'Reference ID',
  `status` varchar(20) NOT NULL COMMENT 'Status',
  `created_at` timestamp NOT NULL DEFAULT CURRENT_TIMESTAMP COMMENT 'Created At',
  `updated_at` timestamp NULL DEFAULT NULL COMMENT 'Updated At',
  `store_id` smallint(5) unsigned DEFAULT NULL COMMENT 'Store ID',
  `agreement_label` varchar(255) DEFAULT NULL COMMENT 'Agreement Label',
  PRIMARY KEY (`agreement_id`),
  KEY `PAYPAL_BILLING_AGREEMENT_CUSTOMER_ID` (`customer_id`),
  KEY `PAYPAL_BILLING_AGREEMENT_STORE_ID` (`store_id`),
  CONSTRAINT `PAYPAL_BILLING_AGREEMENT_CUSTOMER_ID_CUSTOMER_ENTITY_ENTITY_ID` FOREIGN KEY (`customer_id`) REFERENCES `customer_entity` (`entity_id`) ON DELETE CASCADE,
  CONSTRAINT `PAYPAL_BILLING_AGREEMENT_STORE_ID_STORE_STORE_ID` FOREIGN KEY (`store_id`) REFERENCES `store` (`store_id`) ON DELETE SET NULL
) ENGINE=InnoDB DEFAULT CHARSET=utf8 COMMENT='Sales Billing Agreement';

--
-- Dumping data for table `paypal_billing_agreement`
--


--
-- Table structure for table `paypal_billing_agreement_order`
--

CREATE TABLE `paypal_billing_agreement_order` (
  `agreement_id` int(10) unsigned NOT NULL COMMENT 'Agreement ID',
  `order_id` int(10) unsigned NOT NULL COMMENT 'Order ID',
  PRIMARY KEY (`agreement_id`,`order_id`),
  KEY `PAYPAL_BILLING_AGREEMENT_ORDER_ORDER_ID` (`order_id`),
  CONSTRAINT `PAYPAL_BILLING_AGREEMENT_ORDER_ORDER_ID_SALES_ORDER_ENTITY_ID` FOREIGN KEY (`order_id`) REFERENCES `sales_order` (`entity_id`) ON DELETE CASCADE,
  CONSTRAINT `PAYPAL_BILLING_AGRT_ORDER_AGRT_ID_PAYPAL_BILLING_AGRT_AGRT_ID` FOREIGN KEY (`agreement_id`) REFERENCES `paypal_billing_agreement` (`agreement_id`) ON DELETE CASCADE
) ENGINE=InnoDB DEFAULT CHARSET=utf8 COMMENT='Sales Billing Agreement Order';

--
-- Dumping data for table `paypal_billing_agreement_order`
--


--
-- Table structure for table `paypal_cert`
--

CREATE TABLE `paypal_cert` (
  `cert_id` smallint(5) unsigned NOT NULL AUTO_INCREMENT COMMENT 'Cert ID',
  `website_id` smallint(5) unsigned NOT NULL DEFAULT '0' COMMENT 'Website ID',
  `content` text COMMENT 'Content',
  `updated_at` timestamp NULL DEFAULT NULL COMMENT 'Updated At',
  PRIMARY KEY (`cert_id`),
  KEY `PAYPAL_CERT_WEBSITE_ID` (`website_id`),
  CONSTRAINT `PAYPAL_CERT_WEBSITE_ID_STORE_WEBSITE_WEBSITE_ID` FOREIGN KEY (`website_id`) REFERENCES `store_website` (`website_id`) ON DELETE CASCADE
) ENGINE=InnoDB DEFAULT CHARSET=utf8 COMMENT='Paypal Certificate Table';

--
-- Dumping data for table `paypal_cert`
--


--
-- Table structure for table `paypal_payment_transaction`
--

CREATE TABLE `paypal_payment_transaction` (
  `transaction_id` int(10) unsigned NOT NULL AUTO_INCREMENT COMMENT 'Entity ID',
  `txn_id` varchar(100) DEFAULT NULL COMMENT 'Txn ID',
  `additional_information` blob COMMENT 'Additional Information',
  `created_at` timestamp NULL DEFAULT NULL COMMENT 'Created At',
  PRIMARY KEY (`transaction_id`),
  UNIQUE KEY `PAYPAL_PAYMENT_TRANSACTION_TXN_ID` (`txn_id`)
) ENGINE=InnoDB DEFAULT CHARSET=utf8 COMMENT='PayPal Payflow Link Payment Transaction';

--
-- Dumping data for table `paypal_payment_transaction`
--


--
-- Table structure for table `paypal_settlement_report`
--

CREATE TABLE `paypal_settlement_report` (
  `report_id` int(10) unsigned NOT NULL AUTO_INCREMENT COMMENT 'Report ID',
  `report_date` date DEFAULT NULL COMMENT 'Report Date',
  `account_id` varchar(64) DEFAULT NULL COMMENT 'Account ID',
  `filename` varchar(24) DEFAULT NULL COMMENT 'Filename',
  `last_modified` timestamp NULL DEFAULT NULL COMMENT 'Last Modified',
  PRIMARY KEY (`report_id`),
  UNIQUE KEY `PAYPAL_SETTLEMENT_REPORT_REPORT_DATE_ACCOUNT_ID` (`report_date`,`account_id`)
) ENGINE=InnoDB DEFAULT CHARSET=utf8 COMMENT='Paypal Settlement Report Table';

--
-- Dumping data for table `paypal_settlement_report`
--


--
-- Table structure for table `paypal_settlement_report_row`
--

CREATE TABLE `paypal_settlement_report_row` (
  `row_id` int(10) unsigned NOT NULL AUTO_INCREMENT COMMENT 'Row ID',
  `report_id` int(10) unsigned NOT NULL COMMENT 'Report ID',
  `transaction_id` varchar(19) DEFAULT NULL COMMENT 'Transaction ID',
  `invoice_id` varchar(127) DEFAULT NULL COMMENT 'Invoice ID',
  `paypal_reference_id` varchar(19) DEFAULT NULL COMMENT 'Paypal Reference ID',
  `paypal_reference_id_type` varchar(3) DEFAULT NULL COMMENT 'Paypal Reference ID Type',
  `transaction_event_code` varchar(5) DEFAULT NULL COMMENT 'Transaction Event Code',
  `transaction_initiation_date` timestamp NULL DEFAULT NULL COMMENT 'Transaction Initiation Date',
  `transaction_completion_date` timestamp NULL DEFAULT NULL COMMENT 'Transaction Completion Date',
  `transaction_debit_or_credit` varchar(2) NOT NULL DEFAULT 'CR' COMMENT 'Transaction Debit Or Credit',
  `gross_transaction_amount` decimal(20,6) NOT NULL DEFAULT '0.000000' COMMENT 'Gross Transaction Amount',
  `gross_transaction_currency` varchar(3) DEFAULT NULL COMMENT 'Gross Transaction Currency',
  `fee_debit_or_credit` varchar(2) DEFAULT NULL COMMENT 'Fee Debit Or Credit',
  `fee_amount` decimal(20,6) NOT NULL DEFAULT '0.000000' COMMENT 'Fee Amount',
  `fee_currency` varchar(3) DEFAULT NULL COMMENT 'Fee Currency',
  `custom_field` varchar(255) DEFAULT NULL COMMENT 'Custom Field',
  `consumer_id` varchar(127) DEFAULT NULL COMMENT 'Consumer ID',
  `payment_tracking_id` varchar(255) DEFAULT NULL COMMENT 'Payment Tracking ID',
  `store_id` varchar(50) DEFAULT NULL COMMENT 'Store ID',
  PRIMARY KEY (`row_id`),
  KEY `PAYPAL_SETTLEMENT_REPORT_ROW_REPORT_ID` (`report_id`),
  CONSTRAINT `FK_E183E488F593E0DE10C6EBFFEBAC9B55` FOREIGN KEY (`report_id`) REFERENCES `paypal_settlement_report` (`report_id`) ON DELETE CASCADE
) ENGINE=InnoDB DEFAULT CHARSET=utf8 COMMENT='Paypal Settlement Report Row Table';

--
-- Dumping data for table `paypal_settlement_report_row`
--


--
-- Table structure for table `persistent_session`
--

CREATE TABLE `persistent_session` (
  `persistent_id` int(10) unsigned NOT NULL AUTO_INCREMENT COMMENT 'Session ID',
  `key` varchar(50) NOT NULL COMMENT 'Unique cookie key',
  `customer_id` int(10) unsigned DEFAULT NULL COMMENT 'Customer ID',
  `website_id` smallint(5) unsigned NOT NULL DEFAULT '0' COMMENT 'Website ID',
  `info` text COMMENT 'Session Data',
  `updated_at` timestamp NOT NULL DEFAULT CURRENT_TIMESTAMP ON UPDATE CURRENT_TIMESTAMP COMMENT 'Updated At',
  PRIMARY KEY (`persistent_id`),
  UNIQUE KEY `PERSISTENT_SESSION_KEY` (`key`),
  UNIQUE KEY `PERSISTENT_SESSION_CUSTOMER_ID` (`customer_id`),
  KEY `PERSISTENT_SESSION_UPDATED_AT` (`updated_at`),
  KEY `PERSISTENT_SESSION_WEBSITE_ID_STORE_WEBSITE_WEBSITE_ID` (`website_id`),
  CONSTRAINT `PERSISTENT_SESSION_CUSTOMER_ID_CUSTOMER_ENTITY_ENTITY_ID` FOREIGN KEY (`customer_id`) REFERENCES `customer_entity` (`entity_id`) ON DELETE CASCADE,
  CONSTRAINT `PERSISTENT_SESSION_WEBSITE_ID_STORE_WEBSITE_WEBSITE_ID` FOREIGN KEY (`website_id`) REFERENCES `store_website` (`website_id`) ON DELETE CASCADE
) ENGINE=InnoDB DEFAULT CHARSET=utf8 COMMENT='Persistent Session';

--
-- Dumping data for table `persistent_session`
--


--
-- Table structure for table `product_alert_price`
--

CREATE TABLE `product_alert_price` (
  `alert_price_id` int(10) unsigned NOT NULL AUTO_INCREMENT COMMENT 'Product alert price ID',
  `customer_id` int(10) unsigned NOT NULL DEFAULT '0' COMMENT 'Customer ID',
  `product_id` int(10) unsigned NOT NULL DEFAULT '0' COMMENT 'Product ID',
  `price` decimal(20,6) NOT NULL DEFAULT '0.000000' COMMENT 'Price amount',
  `website_id` smallint(5) unsigned NOT NULL DEFAULT '0' COMMENT 'Website ID',
  `add_date` timestamp NOT NULL DEFAULT CURRENT_TIMESTAMP COMMENT 'Product alert add date',
  `last_send_date` timestamp NULL DEFAULT NULL COMMENT 'Product alert last send date',
  `send_count` smallint(5) unsigned NOT NULL DEFAULT '0' COMMENT 'Product alert send count',
  `status` smallint(5) unsigned NOT NULL DEFAULT '0' COMMENT 'Product alert status',
  `store_id` smallint(5) unsigned DEFAULT '0' COMMENT 'Store ID',
  PRIMARY KEY (`alert_price_id`),
  KEY `PRODUCT_ALERT_PRICE_CUSTOMER_ID` (`customer_id`),
  KEY `PRODUCT_ALERT_PRICE_PRODUCT_ID` (`product_id`),
  KEY `PRODUCT_ALERT_PRICE_WEBSITE_ID` (`website_id`),
  KEY `PRODUCT_ALERT_PRICE_STORE_ID` (`store_id`),
  CONSTRAINT `PRODUCT_ALERT_PRICE_CUSTOMER_ID_CUSTOMER_ENTITY_ENTITY_ID` FOREIGN KEY (`customer_id`) REFERENCES `customer_entity` (`entity_id`) ON DELETE CASCADE,
  CONSTRAINT `PRODUCT_ALERT_PRICE_PRODUCT_ID_CATALOG_PRODUCT_ENTITY_ENTITY_ID` FOREIGN KEY (`product_id`) REFERENCES `catalog_product_entity` (`entity_id`) ON DELETE CASCADE,
  CONSTRAINT `PRODUCT_ALERT_PRICE_STORE_ID_STORE_STORE_ID` FOREIGN KEY (`store_id`) REFERENCES `store` (`store_id`) ON DELETE CASCADE,
  CONSTRAINT `PRODUCT_ALERT_PRICE_WEBSITE_ID_STORE_WEBSITE_WEBSITE_ID` FOREIGN KEY (`website_id`) REFERENCES `store_website` (`website_id`) ON DELETE CASCADE
) ENGINE=InnoDB DEFAULT CHARSET=utf8 COMMENT='Product Alert Price';

--
-- Dumping data for table `product_alert_price`
--


--
-- Table structure for table `product_alert_stock`
--

CREATE TABLE `product_alert_stock` (
  `alert_stock_id` int(10) unsigned NOT NULL AUTO_INCREMENT COMMENT 'Product alert stock ID',
  `customer_id` int(10) unsigned NOT NULL DEFAULT '0' COMMENT 'Customer ID',
  `product_id` int(10) unsigned NOT NULL DEFAULT '0' COMMENT 'Product ID',
  `website_id` smallint(5) unsigned NOT NULL DEFAULT '0' COMMENT 'Website ID',
  `add_date` timestamp NOT NULL DEFAULT CURRENT_TIMESTAMP COMMENT 'Product alert add date',
  `send_date` timestamp NULL DEFAULT NULL COMMENT 'Product alert send date',
  `send_count` smallint(5) unsigned NOT NULL DEFAULT '0' COMMENT 'Send Count',
  `status` smallint(5) unsigned NOT NULL DEFAULT '0' COMMENT 'Product alert status',
  `store_id` smallint(5) unsigned DEFAULT '0' COMMENT 'Store ID',
  PRIMARY KEY (`alert_stock_id`),
  KEY `PRODUCT_ALERT_STOCK_CUSTOMER_ID` (`customer_id`),
  KEY `PRODUCT_ALERT_STOCK_PRODUCT_ID` (`product_id`),
  KEY `PRODUCT_ALERT_STOCK_WEBSITE_ID` (`website_id`),
  KEY `PRODUCT_ALERT_STOCK_STORE_ID` (`store_id`),
  CONSTRAINT `PRODUCT_ALERT_STOCK_CUSTOMER_ID_CUSTOMER_ENTITY_ENTITY_ID` FOREIGN KEY (`customer_id`) REFERENCES `customer_entity` (`entity_id`) ON DELETE CASCADE,
  CONSTRAINT `PRODUCT_ALERT_STOCK_PRODUCT_ID_CATALOG_PRODUCT_ENTITY_ENTITY_ID` FOREIGN KEY (`product_id`) REFERENCES `catalog_product_entity` (`entity_id`) ON DELETE CASCADE,
  CONSTRAINT `PRODUCT_ALERT_STOCK_STORE_ID_STORE_STORE_ID` FOREIGN KEY (`store_id`) REFERENCES `store` (`store_id`) ON DELETE CASCADE,
  CONSTRAINT `PRODUCT_ALERT_STOCK_WEBSITE_ID_STORE_WEBSITE_WEBSITE_ID` FOREIGN KEY (`website_id`) REFERENCES `store_website` (`website_id`) ON DELETE CASCADE
) ENGINE=InnoDB DEFAULT CHARSET=utf8 COMMENT='Product Alert Stock';

--
-- Dumping data for table `product_alert_stock`
--


--
-- Table structure for table `queue`
--

CREATE TABLE `queue` (
  `id` int(10) unsigned NOT NULL AUTO_INCREMENT COMMENT 'Queue ID',
  `name` varchar(255) DEFAULT NULL COMMENT 'Queue name',
  PRIMARY KEY (`id`),
  UNIQUE KEY `QUEUE_NAME` (`name`)
) ENGINE=InnoDB AUTO_INCREMENT=19 DEFAULT CHARSET=utf8 COMMENT='Table storing unique queues';

--
-- Dumping data for table `queue`
--

INSERT INTO `queue` VALUES (5,'async.operations.all'),(4,'codegenerator'),(3,'export'),(11,'inventory.indexer.sourceItem'),(12,'inventory.indexer.stock'),(7,'inventory.mass.update'),(8,'inventory.reservations.cleanup'),(9,'inventory.reservations.update'),(13,'inventory.reservations.updateSalabilityStatus'),(6,'inventory.source.items.cleanup'),(14,'media.content.synchronization'),(16,'media.gallery.renditions.update'),(15,'media.gallery.synchronization'),(10,'media.storage.catalog.image.resize'),(1,'product_action_attribute.update'),(2,'product_action_attribute.website.update'),(18,'product_alert.queue'),(17,'sales.rule.update.coupon.usage');

--
-- Table structure for table `queue_lock`
--

CREATE TABLE `queue_lock` (
  `id` int(10) unsigned NOT NULL AUTO_INCREMENT COMMENT 'Message ID',
  `message_code` varchar(255) NOT NULL DEFAULT '' COMMENT 'Message Code',
  `created_at` timestamp NOT NULL DEFAULT CURRENT_TIMESTAMP ON UPDATE CURRENT_TIMESTAMP COMMENT 'Created At',
  PRIMARY KEY (`id`),
  UNIQUE KEY `QUEUE_LOCK_MESSAGE_CODE` (`message_code`)
) ENGINE=InnoDB DEFAULT CHARSET=utf8 COMMENT='Messages that were processed are inserted here to be locked.';

--
-- Dumping data for table `queue_lock`
--


--
-- Table structure for table `queue_message`
--

CREATE TABLE `queue_message` (
  `id` bigint(20) unsigned NOT NULL AUTO_INCREMENT COMMENT 'Message ID',
  `topic_name` varchar(255) DEFAULT NULL COMMENT 'Message topic',
  `body` longtext COMMENT 'Message body',
  PRIMARY KEY (`id`)
) ENGINE=InnoDB AUTO_INCREMENT=22 DEFAULT CHARSET=utf8 COMMENT='Queue messages';

--
-- Dumping data for table `queue_message`
--

INSERT INTO `queue_message` VALUES (1,'inventory.reservations.updateSalabilityStatus','{\"skus\":[\"MH16\"],\"stock\":1}'),(2,'inventory.reservations.updateSalabilityStatus','{\"skus\":[\"Sweet-Pear-Lapis-Sterling-Silver-Ring\"],\"stock\":1}'),(3,'inventory.reservations.updateSalabilityStatus','{\"skus\":[\"demo_3\"],\"stock\":1}'),(4,'inventory.reservations.updateSalabilityStatus','{\"skus\":[\"demo_3\"],\"stock\":1}'),(5,'inventory.reservations.updateSalabilityStatus','{\"skus\":[\"Lotus-Leaf-Marcasite-Ring-with-Square-Agate\"],\"stock\":1}'),(6,'inventory.reservations.updateSalabilityStatus','{\"skus\":[\"demo_1\"],\"stock\":1}'),(7,'inventory.reservations.updateSalabilityStatus','{\"skus\":[\"MJ01-Red- gucci-XL\"],\"stock\":1}'),(8,'inventory.reservations.updateSalabilityStatus','{\"skus\":[\"Lotus-Leaf-Marcasite-Ring-with-Square-Agate\"],\"stock\":1}'),(9,'inventory.reservations.updateSalabilityStatus','{\"skus\":[\"Marcasite-Halo-Signet-Earring\"],\"stock\":1}'),(10,'inventory.reservations.updateSalabilityStatus','{\"skus\":[\"Lotus-Leaf-Marcasite-Ring-with-Square-Agate\"],\"stock\":1}'),(11,'inventory.reservations.updateSalabilityStatus','{\"skus\":[\"demo_6\"],\"stock\":1}'),(12,'inventory.reservations.updateSalabilityStatus','{\"skus\":[\"Cloud-Print-Leggings\"],\"stock\":1}'),(13,'inventory.reservations.updateSalabilityStatus','{\"skus\":[\"demo_4-Black- gucci-L\",\"MH20-Green-M\"],\"stock\":1}'),(14,'inventory.reservations.updateSalabilityStatus','{\"skus\":[\"demo_1\"],\"stock\":1}'),(15,'inventory.reservations.updateSalabilityStatus','{\"skus\":[\"demo_4-Blue- gucci-S\"],\"stock\":1}'),(16,'inventory.reservations.updateSalabilityStatus','{\"skus\":[\"MH20-Blue-L\"],\"stock\":1}'),(17,'inventory.reservations.updateSalabilityStatus','{\"skus\":[\"demo_6\"],\"stock\":1}'),(18,'inventory.reservations.updateSalabilityStatus','{\"skus\":[\"MJ01-Orange- gucci-S\"],\"stock\":1}'),(19,'inventory.reservations.updateSalabilityStatus','{\"skus\":[\"demo_3\"],\"stock\":1}'),(20,'inventory.reservations.updateSalabilityStatus','{\"skus\":[\"demo_3\"],\"stock\":1}'),(21,'inventory.reservations.updateSalabilityStatus','{\"skus\":[\"MH20-Green-S\"],\"stock\":1}');

--
-- Table structure for table `queue_message_status`
--

CREATE TABLE `queue_message_status` (
  `id` bigint(20) unsigned NOT NULL AUTO_INCREMENT COMMENT 'Relation ID',
  `queue_id` int(10) unsigned NOT NULL COMMENT 'Queue ID',
  `message_id` bigint(20) unsigned NOT NULL COMMENT 'Message ID',
  `updated_at` timestamp NOT NULL DEFAULT CURRENT_TIMESTAMP ON UPDATE CURRENT_TIMESTAMP COMMENT 'Updated At',
  `status` smallint(5) unsigned NOT NULL COMMENT 'Message status in particular queue',
  `number_of_trials` smallint(5) unsigned NOT NULL DEFAULT '0' COMMENT 'Number of trials to processed failed message processing',
  PRIMARY KEY (`id`),
  UNIQUE KEY `QUEUE_MESSAGE_STATUS_QUEUE_ID_MESSAGE_ID` (`queue_id`,`message_id`),
  KEY `QUEUE_MESSAGE_STATUS_MESSAGE_ID_QUEUE_MESSAGE_ID` (`message_id`),
  KEY `QUEUE_MESSAGE_STATUS_STATUS_UPDATED_AT` (`status`,`updated_at`),
  CONSTRAINT `QUEUE_MESSAGE_STATUS_MESSAGE_ID_QUEUE_MESSAGE_ID` FOREIGN KEY (`message_id`) REFERENCES `queue_message` (`id`) ON DELETE CASCADE,
  CONSTRAINT `QUEUE_MESSAGE_STATUS_QUEUE_ID_QUEUE_ID` FOREIGN KEY (`queue_id`) REFERENCES `queue` (`id`) ON DELETE CASCADE
) ENGINE=InnoDB AUTO_INCREMENT=22 DEFAULT CHARSET=utf8 COMMENT='Relation table to keep associations between queues and messages';

--
-- Dumping data for table `queue_message_status`
--

INSERT INTO `queue_message_status` VALUES (1,13,1,'2021-03-18 12:09:55',2,0),(2,13,2,'2021-03-18 14:19:25',2,0),(3,13,3,'2021-03-18 17:00:23',2,0),(4,13,4,'2021-03-26 13:47:54',2,0),(5,13,5,'2021-03-30 17:02:33',2,0),(6,13,6,'2021-04-26 06:50:18',2,0),(7,13,7,'2021-07-24 20:28:11',2,0),(8,13,8,'2021-08-11 03:32:37',2,0),(9,13,9,'2021-08-11 11:51:06',2,0),(10,13,10,'2021-08-14 07:33:39',2,0),(11,13,11,'2021-09-15 11:23:26',2,0),(12,13,12,'2021-12-01 10:09:04',2,0),(13,13,13,'2021-12-05 16:07:22',2,0),(14,13,14,'2022-02-16 03:39:19',2,0),(15,13,15,'2022-02-17 08:28:59',2,0),(16,13,16,'2022-03-06 19:45:54',2,0),(17,13,17,'2022-03-11 04:10:30',2,0),(18,13,18,'2022-03-29 13:52:21',2,0),(19,13,19,'2022-04-22 07:49:00',2,0),(20,13,20,'2022-04-27 11:25:50',2,0),(21,13,21,'2022-05-06 09:34:25',2,0);

--
-- Table structure for table `queue_poison_pill`
--

CREATE TABLE `queue_poison_pill` (
  `version` varchar(255) NOT NULL COMMENT 'Poison Pill version.'
) ENGINE=InnoDB DEFAULT CHARSET=utf8 COMMENT='Sequence table for poison pill versions';

--
-- Dumping data for table `queue_poison_pill`
--

INSERT INTO `queue_poison_pill` VALUES ('version-6316770f1d585');

--
-- Table structure for table `quote`
--

CREATE TABLE `quote` (
  `entity_id` int(10) unsigned NOT NULL AUTO_INCREMENT COMMENT 'Entity ID',
  `store_id` smallint(5) unsigned NOT NULL DEFAULT '0' COMMENT 'Store ID',
  `created_at` timestamp NOT NULL DEFAULT CURRENT_TIMESTAMP COMMENT 'Created At',
  `updated_at` timestamp NOT NULL DEFAULT CURRENT_TIMESTAMP ON UPDATE CURRENT_TIMESTAMP,
  `converted_at` timestamp NULL DEFAULT NULL COMMENT 'Converted At',
  `is_active` smallint(5) unsigned DEFAULT '1' COMMENT 'Is Active',
  `is_virtual` smallint(5) unsigned DEFAULT '0' COMMENT 'Is Virtual',
  `is_multi_shipping` smallint(5) unsigned DEFAULT '0' COMMENT 'Is Multi Shipping',
  `items_count` int(10) unsigned DEFAULT '0' COMMENT 'Items Count',
  `items_qty` decimal(12,4) DEFAULT '0.0000' COMMENT 'Items Qty',
  `orig_order_id` int(10) unsigned DEFAULT '0' COMMENT 'Orig Order ID',
  `store_to_base_rate` decimal(12,4) DEFAULT '0.0000' COMMENT 'Store To Base Rate',
  `store_to_quote_rate` decimal(12,4) DEFAULT '0.0000' COMMENT 'Store To Quote Rate',
  `base_currency_code` varchar(255) DEFAULT NULL COMMENT 'Base Currency Code',
  `store_currency_code` varchar(255) DEFAULT NULL COMMENT 'Store Currency Code',
  `quote_currency_code` varchar(255) DEFAULT NULL COMMENT 'Quote Currency Code',
  `grand_total` decimal(20,4) DEFAULT '0.0000' COMMENT 'Grand Total',
  `base_grand_total` decimal(20,4) DEFAULT '0.0000' COMMENT 'Base Grand Total',
  `checkout_method` varchar(255) DEFAULT NULL COMMENT 'Checkout Method',
  `customer_id` int(10) unsigned DEFAULT NULL COMMENT 'Customer ID',
  `customer_tax_class_id` int(10) unsigned DEFAULT NULL COMMENT 'Customer Tax Class ID',
  `customer_group_id` int(10) unsigned DEFAULT '0' COMMENT 'Customer Group ID',
  `customer_email` varchar(255) DEFAULT NULL COMMENT 'Customer Email',
  `customer_prefix` varchar(40) DEFAULT NULL COMMENT 'Customer Prefix',
  `customer_firstname` varchar(255) DEFAULT NULL COMMENT 'Customer Firstname',
  `customer_middlename` varchar(40) DEFAULT NULL COMMENT 'Customer Middlename',
  `customer_lastname` varchar(255) DEFAULT NULL COMMENT 'Customer Lastname',
  `customer_suffix` varchar(40) DEFAULT NULL COMMENT 'Customer Suffix',
  `customer_dob` datetime DEFAULT NULL COMMENT 'Customer Dob',
  `customer_note` text COMMENT 'Customer Note',
  `customer_note_notify` smallint(5) unsigned DEFAULT '1' COMMENT 'Customer Note Notify',
  `customer_is_guest` smallint(5) unsigned DEFAULT '0' COMMENT 'Customer Is Guest',
  `remote_ip` varchar(45) DEFAULT NULL COMMENT 'Remote Ip',
  `applied_rule_ids` varchar(255) DEFAULT NULL COMMENT 'Applied Rule Ids',
  `reserved_order_id` varchar(64) DEFAULT NULL COMMENT 'Reserved Order ID',
  `password_hash` varchar(255) DEFAULT NULL COMMENT 'Password Hash',
  `coupon_code` varchar(255) DEFAULT NULL COMMENT 'Coupon Code',
  `global_currency_code` varchar(255) DEFAULT NULL COMMENT 'Global Currency Code',
  `base_to_global_rate` decimal(20,4) DEFAULT NULL COMMENT 'Base To Global Rate',
  `base_to_quote_rate` decimal(20,4) DEFAULT NULL COMMENT 'Base To Quote Rate',
  `customer_taxvat` varchar(255) DEFAULT NULL COMMENT 'Customer Taxvat',
  `customer_gender` varchar(255) DEFAULT NULL COMMENT 'Customer Gender',
  `subtotal` decimal(20,4) DEFAULT NULL COMMENT 'Subtotal',
  `base_subtotal` decimal(20,4) DEFAULT NULL COMMENT 'Base Subtotal',
  `subtotal_with_discount` decimal(20,4) DEFAULT NULL COMMENT 'Subtotal With Discount',
  `base_subtotal_with_discount` decimal(20,4) DEFAULT NULL COMMENT 'Base Subtotal With Discount',
  `is_changed` int(10) unsigned DEFAULT NULL COMMENT 'Is Changed',
  `trigger_recollect` smallint(6) NOT NULL DEFAULT '0' COMMENT 'Trigger Recollect',
  `ext_shipping_info` text COMMENT 'Ext Shipping Info',
  `is_persistent` smallint(5) unsigned DEFAULT '0' COMMENT 'Is Quote Persistent',
  `gift_message_id` int(11) DEFAULT NULL COMMENT 'Gift Message ID',
  PRIMARY KEY (`entity_id`),
  KEY `QUOTE_CUSTOMER_ID_STORE_ID_IS_ACTIVE` (`customer_id`,`store_id`,`is_active`),
  KEY `QUOTE_STORE_ID` (`store_id`),
  CONSTRAINT `QUOTE_STORE_ID_STORE_STORE_ID` FOREIGN KEY (`store_id`) REFERENCES `store` (`store_id`) ON DELETE CASCADE
) ENGINE=InnoDB AUTO_INCREMENT=1578 DEFAULT CHARSET=utf8 COMMENT='Sales Flat Quote';

--
