(6221779,NULL,'75bd02b838d8927120d08d8ebeaf5c09','2023-03-17 13:30:42'),(6221780,NULL,'854740d80dfdb1449734ce2fbd77b2e9','2023-03-17 13:30:49'),(6221781,NULL,'ff185fd6a043b870200c5824ca041a65','2023-03-17 13:31:22'),(6221782,NULL,'e12a1ea93a29aa20196274e75fc58f6b','2023-03-17 13:31:45'),(6221783,NULL,'252b3f5df8317b02e4af19c75ff6b6e1','2023-03-17 13:32:03'),(6221784,NULL,'df1232bdcf52a71b1d8eb8ce40380d54','2023-03-17 13:32:15'),(6221785,NULL,'95207475e1ed2d3552c2f0a90f2e25bb','2023-03-17 13:32:27'),(6221786,NULL,'828a1a645196e88092b551c4fc0c5973','2023-03-17 13:32:29'),(6221787,NULL,'33c224d89b572ecd2e6c1efb416c6825','2023-03-17 13:32:55'),(6221788,NULL,'87058c53a5096eec4fc92a2e68f69b80','2023-03-17 13:33:15'),(6221789,NULL,'487751f5be5d9851d01a3ac3bb3b8bc5','2023-03-17 13:33:17'),(6221790,NULL,'caba13f6d1003d817ffe054b992390a3','2023-03-17 13:33:19'),(6221791,NULL,'f892f6ccf3a168b5b919ddd785f5b500','2023-03-17 13:33:30'),(6221792,NULL,'ba7bde0e85dc2879f1552a12dede418e','2023-03-17 13:33:44'),(6221793,NULL,'6b84d265be7a0fba9107d6d804960614','2023-03-17 13:33:47'),(6221794,NULL,'3d782d09ac15fd9d5d64725f011867c3','2023-03-17 13:34:19'),(6221795,NULL,'cbe867ecbe2f28a7ce5110937582ff26','2023-03-17 13:34:25'),(6221796,NULL,'cd5653f6c3a12ac35a3cf7e0a33136b0','2023-03-17 13:34:25'),(6221797,NULL,'bc4a8fc26e00ecad9a1c96254b690ec7','2023-03-17 13:34:39'),(6221798,NULL,'f4868287df8cc7d471858cb7af5611d5','2023-03-17 13:34:45'),(6221799,NULL,'1734bdf2dc4933503c3dd8611f079b46','2023-03-17 13:34:48'),(6221800,NULL,'2e788062dc41ebca6342d20abc639a0f','2023-03-17 13:34:51'),(6221801,NULL,'ba442a05fb5281001d7600e2f39da79e','2023-03-17 13:34:53'),(6221802,NULL,'e43b144b80f10fcab559902eaa47a623','2023-03-17 13:34:59'),(6221803,NULL,'e0d033f77729bde03a2f445c68d69e06','2023-03-17 13:35:55'),(6221804,NULL,'06bc512d1d59b5ef0e7463d3520f4161','2023-03-17 13:36:13'),(6221805,NULL,'cd73d662b640c3c23231aabf58635148','2023-03-17 13:36:29'),(6221806,NULL,'64fd4db9516f8bb7fcddbaacbeb1bedf','2023-03-17 13:36:33'),(6221807,NULL,'cfa0a544f7e490fe6e9ae78c5529cbbb','2023-03-17 13:36:50'),(6221808,NULL,'18466cb79fa133a29a735aff1edce279','2023-03-17 13:36:59'),(6221809,NULL,'325ea58a7ca761626b085d0ce68ebee4','2023-03-17 13:37:02'),(6221810,NULL,'020c4df7a293041ce600708b0fe4cdfe','2023-03-17 13:37:07'),(6221811,NULL,'106ec37d1fe2e973c8dffd7fa90580d6','2023-03-17 13:37:38'),(6221812,NULL,'d6f89b6333f5b90a8119330d5bc3df0c','2023-03-17 13:37:40'),(6221813,NULL,'c6f7bceb6d04bfe7de42acab9da28d5c','2023-03-17 13:37:44'),(6221814,NULL,'1d1332d72cf1ba38a59b16cf195a5575','2023-03-17 13:37:56'),(6221815,NULL,'b8ead708df1940a4054529c4d6870c7d','2023-03-17 13:37:58'),(6221816,NULL,'1ca369b46cdba3b1b2bbae3ea2399101','2023-03-17 13:38:11'),(6221817,NULL,'551ab9a4464816050c666b3ce1f6a241','2023-03-17 13:38:27'),(6221818,NULL,'f611819f433f07834c7d2d19a5bc334a','2023-03-17 13:38:29'),(6221819,NULL,'172b3633ab5d539b92932a6c3893eaf9','2023-03-17 13:38:39'),(6221820,NULL,'dc03119ad0011730544c24eb6d80c690','2023-03-17 13:39:03'),(6221821,NULL,'a9903c87a97c4350098abb628f8bf5e4','2023-03-17 13:39:10'),(6221822,NULL,'b75d72174b428e8ce263f46aafbf4a34','2023-03-17 13:39:13'),(6221823,NULL,'f55c9f346decdc5db33d42954cb136db','2023-03-17 13:39:20'),(6221824,NULL,'8fc67cb8520ae6e3bf9b28f395c6cb10','2023-03-17 13:39:30'),(6221825,NULL,'d58d4249b1b459be90e2da84e3033c8a','2023-03-17 13:39:34'),(6221826,NULL,'88cc2361a3769007f7d64a94c75a0e5d','2023-03-17 13:40:08'),(6221827,NULL,'40a93007b1fa160b0542160e745556d5','2023-03-17 13:40:20'),(6221828,NULL,'13c6d395fa229e338de08b7c16c1d865','2023-03-17 13:40:29'),(6221829,NULL,'f26323f11fa38f4cd34e02998e30c9fa','2023-03-17 13:40:49'),(6221830,NULL,'53ef15c0f6f4bc11419409f90f634df7','2023-03-17 13:41:09'),(6221831,NULL,'dc732cba99a51d3f264cb4f1b12a2dc9','2023-03-17 13:41:13'),(6221832,NULL,'112a3b7b8372b4be354e7a25cf337021','2023-03-17 13:41:18'),(6221833,NULL,'c7524975a1fe4ae31f969a71d64f5dbd','2023-03-17 13:41:51'),(6221834,NULL,'1e7b02db8dc8bb6bd12649d6f693ea02','2023-03-17 13:41:53'),(6221835,NULL,'489f93f3cbfb5eb074b51453dd436f79','2023-03-17 13:41:57'),(6221836,NULL,'0f78c0935a74b4d6158d344af168bbcf','2023-03-17 13:41:59'),(6221837,NULL,'50404572f4c2963d0dcde7e1792aa650','2023-03-17 13:42:09'),(6221838,NULL,'ee766bcb583f59880a1ab7766832298e','2023-03-17 13:42:11'),(6221839,NULL,'c2d380f0d774cd3e1cf6eca8a95b7dba','2023-03-17 13:42:25'),(6221840,NULL,'4b00d74805483216b9b08db348d68b65','2023-03-17 13:42:44'),(6221841,NULL,'25e2c7b7fed794b385b1236bc538239d','2023-03-17 13:42:46'),(6221842,NULL,'86d60817de244beaeeddea422a63da2c','2023-03-17 13:42:51'),(6221843,NULL,'d6eb3839f71184d77d9724a90cad093e','2023-03-17 13:43:09'),(6221844,NULL,'7ae7924e1301632b7acf880604f3b5c7','2023-03-17 13:43:12'),(6221845,NULL,'f47c690c29988d883c797cab067c5ca2','2023-03-17 13:43:26'),(6221846,NULL,'e05af65bb7c64c2edbb5f037d5985d0f','2023-03-17 13:43:29'),(6221847,NULL,'44f90d0244c8c0f2411767248a7b44b1','2023-03-17 13:43:32'),(6221848,NULL,'1d4ffbffd23f80a0edf6efb009cd2472','2023-03-17 13:43:36'),(6221849,NULL,'460fc205dfc6d231bd3a52648ecd6260','2023-03-17 13:43:53'),(6221850,NULL,'a2c6657f1788be9e1a189306c84b0abc','2023-03-17 13:44:34'),(6221851,NULL,'455c7862996cd077d1634a31c1e5ee3d','2023-03-17 13:45:05'),(6221852,NULL,'c18e221f26d81ceb4e38e48c0081c794','2023-03-17 13:45:23'),(6221853,NULL,'7603f95d8acce63492d1c0e9f6740861','2023-03-17 13:45:32'),(6221854,NULL,'d3a88fb527ef99ce9c601b53fa60c03b','2023-03-17 13:45:35'),(6221855,NULL,'31fa2baa2e168871ee6daaa5a6b91a1d','2023-03-17 13:46:06'),(6221856,NULL,'ac7af8de2019f268491f7e035357e376','2023-03-17 13:46:09'),(6221857,NULL,'511ae98ccd08b0e36c950b5ccfbc5e3a','2023-03-17 13:46:11'),(6221858,NULL,'dab15872d86149640b7ba84980c1eaf6','2023-03-17 13:46:13'),(6221859,NULL,'686908c3fd3276b893ce6c5952af434d','2023-03-17 13:46:15'),(6221860,NULL,'b591a210bfe09b0a0f467fbcdaf6bd52','2023-03-17 13:46:22'),(6221861,NULL,'f08e53a234b8ef553b49a1260a790c18','2023-03-17 13:46:32'),(6221862,NULL,'03e9fda976c07f0a8958b6786efbcb4d','2023-03-17 13:46:46'),(6221863,NULL,'5d1a4c642144159a86be5965eda9823b','2023-03-17 13:47:05'),(6221864,NULL,'49980da3ca697d91964d6b22ec582dc0','2023-03-17 13:47:11'),(6221865,NULL,'fe50c54d6ab2fd062981b6fbefdd12cd','2023-03-17 13:47:16'),(6221866,NULL,'4326110640c1c1b03aa643e4d31b2347','2023-03-17 13:47:26'),(6221867,NULL,'50958bc2b4a9ffe2c5f1a95b151c6aaa','2023-03-17 13:47:46'),(6221868,NULL,'7467d4dbfcbd0398f88f2c9538e338df','2023-03-17 13:47:54'),(6221869,NULL,'eb40ce7ae7ebf905e89869d973ecae85','2023-03-17 13:48:00'),(6221870,NULL,'df7c3a21ce7d33ebb9d4e275196348bc','2023-03-17 13:48:14'),(6221871,NULL,'7d82d316081ad58e7f3f52ced5200daf','2023-03-17 13:48:42'),(6221872,NULL,'91098ef425d4084f332842cc2d550943','2023-03-17 13:49:04'),(6221873,NULL,'94e600dce6b08929ba176d528eecd680','2023-03-17 13:49:13'),(6221874,NULL,'d23ff8472d8d5ed16d7cfc46bd5a479a','2023-03-17 13:49:23'),(6221875,NULL,'b29edcbb77ff1c976829c8f9cc0cb71c','2023-03-17 13:49:44'),(6221876,NULL,'eba344e6f3c01e6ea7f1470ba979274b','2023-03-17 13:49:54'),(6221877,NULL,'bd38961a3ccd515f9c211b19fe2c23e7','2023-03-17 13:50:00'),(6221878,NULL,'342c60a39c5915d8637178c66f6d4b12','2023-03-17 13:50:02'),(6221879,NULL,'c45fab26fdd9fbc3aedf9b1d17aeb3ed','2023-03-17 13:50:06'),(6221880,NULL,'e24c5c3261e36dbc03412b8b9b58a604','2023-03-17 13:50:08'),(6221881,NULL,'87f192874ea05d521b5b533970e84c89','2023-03-17 13:50:18'),(6221882,NULL,'227b9bd9710ad8a5a99965c185cc33c5','2023-03-17 13:50:20'),(6221883,NULL,'6ba0fea12e0a7e0bbd7beb35cf302337','2023-03-17 13:50:41'),(6221884,NULL,'e5e6d540b7528be9214a1443d022def9','2023-03-17 13:50:43'),(6221885,NULL,'1729a8bec6e48ad331634ea7e206481e','2023-03-17 13:50:47'),(6221886,NULL,'8f3fbe14648e1a8be5c60be7a22754f9','2023-03-17 13:50:48'),(6221887,NULL,'ba645ac402076a4814b6054460cace18','2023-03-17 13:51:02'),(6221888,NULL,'9a81bbd470fb509a264569174274b50a','2023-03-17 13:51:36'),(6221889,NULL,'d24ad359b91bd7cb62785b5b29631cce','2023-03-17 13:51:44'),(6221890,NULL,'bb36a4a70a2e80d3425839dce079a2ff','2023-03-17 13:51:58'),(6221891,NULL,'1a9f64d9d11c2319b1b95fe3cc81b56f','2023-03-17 13:52:00'),(6221892,NULL,'beb6e322c7a83b6007c4186bc3a4ea87','2023-03-17 13:52:09'),(6221893,NULL,'8df7a8d69694efd203b191599ee717ef','2023-03-17 13:52:31'),(6221894,NULL,'79a24e39a45a439203de286b5e2f77a5','2023-03-17 13:52:41'),(6221895,NULL,'23e415429f0d3f033aa04bd7138febc7','2023-03-17 13:52:51'),(6221896,NULL,'62d7d04b7f8a10c2f23343df0902bbc2','2023-03-17 13:52:51'),(6221897,NULL,'c3f30bfe86ed25697858410b582461ac','2023-03-17 13:52:54'),(6221898,NULL,'29d72b7ed21e5d8714d1310462887b60','2023-03-17 13:52:58'),(6221899,NULL,'df5943d05be524b2f5f6b008b4690107','2023-03-17 13:54:04'),(6221900,NULL,'f6f38b2fcd950a577862c62f84bc6b0f','2023-03-17 13:54:11'),(6221901,NULL,'43146fad92722fa5572cc1fec654a8f4','2023-03-17 13:54:13'),(6221902,NULL,'4b9e71aa472f77d2b2a0c2a126be958d','2023-03-17 13:54:15'),(6221903,NULL,'1d0d586ae03bbcee32afad63a4fde71a','2023-03-17 13:54:32'),(6221904,NULL,'160956e4aee20f76df8b03552ace5177','2023-03-17 13:54:33'),(6221905,NULL,'d6826486f6e2749866100f8c37d0623d','2023-03-17 13:54:49'),(6221906,NULL,'43b62ce1925930a6e4aea86825371ac6','2023-03-17 13:54:58'),(6221907,NULL,'80be1413779ffc460e093465f97fe0d1','2023-03-17 13:55:02'),(6221908,NULL,'30bf3dd9598dc63a67853c7510e8e893','2023-03-17 13:55:11'),(6221909,NULL,'fe3f09f414e127d91eb5a68d01cab804','2023-03-17 13:55:24'),(6221910,NULL,'8f479af9f238cee982b1a92100de4f8d','2023-03-17 13:55:27'),(6221911,NULL,'83308a0f413588ad46e4fc30e1185a7c','2023-03-17 13:55:41'),(6221912,NULL,'710482600c7306596a65fb824b4a74dc','2023-03-17 13:55:59'),(6221913,NULL,'f9fa02a6b9b3a09077786e335a03a0a6','2023-03-17 13:56:06'),(6221914,NULL,'b83172a31ba6dd1edc40534427ce7dbf','2023-03-17 13:56:20'),(6221915,NULL,'20aa688f68016d496d48609e72844cc7','2023-03-17 13:56:33'),(6221916,NULL,'f9530fb73f492dbfe104ea425cd1fc5a','2023-03-17 13:56:44'),(6221917,NULL,'539753fa04b432aeaa97e78b18433446','2023-03-17 13:56:49'),(6221918,NULL,'490bfe6b7907bf44ad22ae4a539ad379','2023-03-17 13:56:51'),(6221919,NULL,'9a7f57d77c7cd0b4343512cc55cac609','2023-03-17 13:56:58'),(6221920,NULL,'78c5b9106702f8c8613aa11f0001ec56','2023-03-17 13:57:22'),(6221921,NULL,'06de79fe0eb24d5128110007b3cb47ff','2023-03-17 13:58:25'),(6221922,NULL,'eab5cd3d3827cb719bfde7584aa0038b','2023-03-17 13:58:27'),(6221923,NULL,'c5a2ff30b68c91b98e666c4ebec4f251','2023-03-17 13:58:29'),(6221924,NULL,'b91f5d5c660b99dd12b63adb47686662','2023-03-17 13:58:30'),(6221925,NULL,'e6f32dc8cbd1716c35eb091e83306bdc','2023-03-17 13:58:33'),(6221926,NULL,'21c9a201c00c22a4dc8f63ebb8df39ca','2023-03-17 13:58:34'),(6221927,NULL,'bc76dff7cef5bb40f67353510484d123','2023-03-17 13:58:36'),(6221928,NULL,'53b9f99402af361a8aa7cbf022b06a8f','2023-03-17 13:58:58'),(6221929,NULL,'9f42c78b5d30c1a2271443847a998571','2023-03-17 13:59:10'),(6221930,NULL,'6c91af59f66f226340975a93dcda4418','2023-03-17 13:59:19'),(6221931,NULL,'dc49070d05e67da20f38ccab7afb2b74','2023-03-17 13:59:30'),(6221932,NULL,'aa5575f9d7c64ee79015eff5e9cca534','2023-03-17 13:59:31'),(6221933,NULL,'34af1c23e0a7379e35ff09682e01f4be','2023-03-17 13:59:34'),(6221934,NULL,'b8d9b1cf8499d4bbaa166ca2d67afb51','2023-03-17 13:59:36'),(6221935,NULL,'be8b8daf3d39017e55dae46057f2f87f','2023-03-17 13:59:58'),(6221936,NULL,'ca1ce988fb1c11d0724a79829e5591dd','2023-03-17 14:00:06'),(6221937,NULL,'4f322d29f2ae3892e1918d95c93be5de','2023-03-17 14:00:14'),(6221938,NULL,'15e00ac4e132bf3c167d94a8c27cb994','2023-03-17 14:00:44'),(6221939,NULL,'4b34351e5b38d6d51c782aab13043b5d','2023-03-17 14:00:51'),(6221940,NULL,'5974a598306af0fe2ead0344e8b803b2','2023-03-17 14:00:58'),(6221941,NULL,'92954c6cec949c1e1d49f6b9f8c47a98','2023-03-17 14:01:00'),(6221942,NULL,'44bf6ca4d7369c73ff9ef2520a71bc3f','2023-03-17 14:01:14'),(6221943,NULL,'54452dd716e61185398c519cafa3080f','2023-03-17 14:01:29'),(6221944,NULL,'0104e612843d5b3132a43041e6c2107f','2023-03-17 14:02:09'),(6221945,NULL,'2ae1c52522975a77a1a44e1695d497aa','2023-03-17 14:02:21'),(6221946,NULL,'faa05e6e4573aac341c86f1d9346bbd4','2023-03-17 14:02:23'),(6221947,NULL,'9af940dd01b38b316cfaa39b4334a215','2023-03-17 14:02:23'),(6221948,NULL,'04d28eed71611e9e1b67d6e7e5e81072','2023-03-17 14:02:27'),(6221949,NULL,'5363d9cc4d09a5db99650c5c9e68a6be','2023-03-17 14:02:31'),(6221950,NULL,'88ddf3c135f2c3ca51e31af38100d513','2023-03-17 14:02:43'),(6221951,NULL,'96b6e083e8f18a372985d613552093ba','2023-03-17 14:02:47'),(6221952,NULL,'794da25f540f85e232c86ef27ff0c754','2023-03-17 14:03:05'),(6221953,NULL,'e218016e6a01e243b1b4cd6420e802f4','2023-03-17 14:03:32'),(6221954,NULL,'2ba001ed9763ffa9f5af60fc45105761','2023-03-17 14:03:38'),(6221955,NULL,'a50e39362467ce0ecd400e527fe4cec6','2023-03-17 14:03:45'),(6221956,NULL,'e807a21794d547f5aa7e65cc65050b3c','2023-03-17 14:03:47'),(6221957,NULL,'dd43a8b667d227df4968517bcb321f56','2023-03-17 14:03:48'),(6221958,NULL,'f431df5017a522fd57eaa3141033de19','2023-03-17 14:03:49'),(6221959,NULL,'11625a5ee6f005c3cf337b79776fdb21','2023-03-17 14:03:51'),(6221960,NULL,'1b473b0bfbc54b282238a9bfd557230e','2023-03-17 14:04:04'),(6221961,NULL,'c69e9898aea9cc3a77b71757a492a85c','2023-03-17 14:04:14'),(6221962,NULL,'4bd701f4b0f4d5ef32d2d3a9ef082385','2023-03-17 14:04:18'),(6221963,NULL,'6a9f30221ff43b7f484fdb7db089a0a3','2023-03-17 14:04:56'),(6221964,NULL,'d58c27ca83580b946f663cb4981d1d1b','2023-03-17 14:04:58'),(6221965,NULL,'d7bc42a230c70f8757ba0d5a3755c32d','2023-03-17 14:05:03'),(6221966,NULL,'9ee0e3471a0d94a5bd2eac9876472211','2023-03-17 14:05:08'),(6221967,NULL,'225862ef01d97d483169e46305a417c6','2023-03-17 14:05:16'),(6221968,NULL,'bcb2041ef210b1983fef81fd6e8d244f','2023-03-17 14:05:20'),(6221969,NULL,'08801b63926e1a2cc56b7a8fffa79e5c','2023-03-17 14:06:25'),(6221970,NULL,'472413dac5a627561b05c50741e330fc','2023-03-17 14:06:39'),(6221971,NULL,'96738216baaaf93946738ff38616f50d','2023-03-17 14:06:40'),(6221972,NULL,'a6f85be296ccb68f0b0edc90cbff51a0','2023-03-17 14:06:47'),(6221973,NULL,'1a866c5128514cbc0011d7e6d10177c5','2023-03-17 14:07:04'),(6221974,NULL,'0cd45e4bae71d63c53f2238fe606701d','2023-03-17 14:07:09'),(6221975,NULL,'848f829c6e283269f9f7b89315bb2a33','2023-03-17 14:07:12'),(6221976,NULL,'4ecd3217185836066a4c3b46332d9b9d','2023-03-17 14:07:50'),(6221977,NULL,'6d21994265f14cca5a2ec41df9478f87','2023-03-17 14:07:50'),(6221978,NULL,'051c6b204da07c4cc3e11997b6e8bbfc','2023-03-17 14:07:58'),(6221979,NULL,'4b939f8585db577ba88f2d5d0c25873a','2023-03-17 14:08:10'),(6221980,NULL,'e1e525d1b737c281bc8c22ad6b37799c','2023-03-17 14:08:12'),(6221981,NULL,'c8d0a70d427a7b097aac3220255589e7','2023-03-17 14:08:14'),(6221982,NULL,'5e57fe9de17f426d66c3a4b45ea14d16','2023-03-17 14:08:32'),(6221983,NULL,'f31f896a6b6c8d83ee7a18beb9dcbc23','2023-03-17 14:08:39'),(6221984,NULL,'55943347cf95593cfc0a54b87634883b','2023-03-17 14:09:03'),(6221985,NULL,'a4d7f50e8af764d75c04ef1db420c96d','2023-03-17 14:09:05'),(6221986,NULL,'9b4cf22f91386b5abbd195793805ecb0','2023-03-17 14:09:08'),(6221987,NULL,'826754aba6df5d8d4ea7ba0415d1be95','2023-03-17 14:09:14'),(6221988,NULL,'e091c38af9caf166718e660e31490361','2023-03-17 14:09:18'),(6221989,NULL,'8d0b3ba8f74e8249dcdba9ea5cb0aad5','2023-03-17 14:09:36'),(6221990,NULL,'aba0e82187d156cd04312b9895d1b0d0','2023-03-17 14:10:09'),(6221991,NULL,'e5bd46ad98d8d9810bfdd43d5a782881','2023-03-17 14:10:26'),(6221992,NULL,'7a33d34d067f2f460b58d956223d15b2','2023-03-17 14:10:32'),(6221993,NULL,'6c3c23c083ac07057f3d0f86405fb1c2','2023-03-17 14:10:55'),(6221994,NULL,'a8a90599df6dade281072ec294802241','2023-03-17 14:15:24'),(6221995,NULL,'2afac34923bf64b23eff1bdcc6229829','2023-03-17 14:11:08'),(6221996,NULL,'bbff61dc0d1d919337a680d958aa3457','2023-03-17 14:11:13'),(6221997,NULL,'460763fb6987477ed420725731281203','2023-03-17 14:11:20'),(6221998,NULL,'e15992cccad5e8cb1e7fdf79970e7826','2023-03-17 14:11:24'),(6221999,NULL,'f594dc98b659f59c1c75d5b838fd0ac2','2023-03-17 14:11:50'),(6222000,NULL,'8c9ab853da3847e8a0662b1b8f397981','2023-03-17 14:12:15'),(6222001,NULL,'26c7d749cccd489ee4806c36da75c7be','2023-03-17 14:12:25'),(6222002,NULL,'52220a11a34c2af85700b68e9e92be50','2023-03-17 14:12:30'),(6222003,NULL,'d85a381d7689676257bc6b185e2b1f20','2023-03-17 14:12:34'),(6222004,NULL,'2ddfbb7bb736b7486d2d95b3f1e2a03c','2023-03-17 14:12:42'),(6222005,NULL,'aa55d4d234979abb4aec2ff8b33712d3','2023-03-17 14:13:01'),(6222006,NULL,'58168e609d982193176e0a971580706a','2023-03-17 14:13:01'),(6222007,NULL,'6495296e665843db67d4087375145b31','2023-03-17 14:13:05'),(6222008,NULL,'ab042fca1a1eaa9d89bcfdfb77bcd235','2023-03-17 14:13:10'),(6222009,NULL,'fe167386ef8b1f4e474f358a1e9e21ba','2023-03-17 14:13:20'),(6222010,NULL,'8246bdad2eb5e4c81f30a4943245309f','2023-03-17 14:13:36'),(6222011,NULL,'ccb77f9f73e054f52bc55640f357bd3e','2023-03-17 14:13:42'),(6222012,NULL,'a16b31e1eeb5ebf7d0b877098d63305c','2023-03-17 14:13:49'),(6222013,NULL,'02bd1b9be1d2d8c7e6a94f9957b3faaf','2023-03-17 14:14:24'),(6222014,NULL,'dc6d68bce94f418a939e704bf0fda3e1','2023-03-17 14:14:35'),(6222015,NULL,'1251fe43c1ff64af1ffedfe8c93da14a','2023-03-17 14:14:39'),(6222016,NULL,'c9cf8e3c57528cfed5db60cf39c41475','2023-03-17 14:14:55'),(6222017,NULL,'49c6e091f4e41b07b4cc4055461d4923','2023-03-17 14:15:05'),(6222018,NULL,'b511e6419334b2addf32046500987606','2023-03-17 14:15:14'),(6222019,NULL,'5141230073e6f595b5820f4a048120c3','2023-03-17 14:15:31'),(6222020,NULL,'da88243f1029792135a223a8031778cd','2023-03-17 14:15:44'),(6222021,NULL,'aa3a724ebf7d72904ad3ee356169ea5d','2023-03-17 14:15:51'),(6222022,NULL,'714d4450b5b775958adfad945d078cc7','2023-03-17 14:16:11'),(6222023,NULL,'2a2611cd7caff2a85dc6ebf0f26004d3','2023-03-17 14:16:16'),(6222024,NULL,'e0167b014f37c1d4fee5a1ac4937d225','2023-03-17 14:16:19'),(6222025,NULL,'aqso16gqtv8ffd81c8avtrqe68','2023-03-18 15:27:39'),(6222026,NULL,'rurlq4dk0ra6tn0im0m723el3t','2023-03-18 15:41:19'),(6222027,NULL,'jdltu8s6t2mjp5flfdft1jqj44','2023-03-18 16:11:19'),(6222028,NULL,'ggrosl716vv8joun5c9gc6h3ur','2023-03-18 20:59:19');

--
-- Table structure for table `mag2_design_change`
--

CREATE TABLE `mag2_design_change` (
  `design_change_id` int(11) NOT NULL AUTO_INCREMENT COMMENT 'Design Change Id',
  `store_id` smallint(5) unsigned NOT NULL DEFAULT '0' COMMENT 'Store Id',
  `design` varchar(255) DEFAULT NULL COMMENT 'Design',
  `date_from` date DEFAULT NULL COMMENT 'First Date of Design Activity',
  `date_to` date DEFAULT NULL COMMENT 'Last Date of Design Activity',
  PRIMARY KEY (`design_change_id`),
  KEY `MAG2_DESIGN_CHANGE_STORE_ID` (`store_id`)
) ENGINE=InnoDB DEFAULT CHARSET=utf8 COMMENT='Design Changes';

--
-- Dumping data for table `mag2_design_change`
--


--
-- Table structure for table `mag2_design_config_grid_flat`
--

CREATE TABLE `mag2_design_config_grid_flat` (
  `entity_id` int(10) unsigned NOT NULL COMMENT 'Entity ID',
  `store_website_id` int(11) DEFAULT NULL COMMENT 'Store_website_id',
  `store_group_id` int(11) DEFAULT NULL COMMENT 'Store_group_id',
  `store_id` int(11) DEFAULT NULL COMMENT 'Store_id',
  `theme_theme_id` varchar(255) DEFAULT NULL COMMENT 'Theme_theme_id',
  PRIMARY KEY (`entity_id`),
  KEY `MAG2_DESIGN_CONFIG_GRID_FLAT_STORE_WEBSITE_ID` (`store_website_id`),
  KEY `MAG2_DESIGN_CONFIG_GRID_FLAT_STORE_GROUP_ID` (`store_group_id`),
  KEY `MAG2_DESIGN_CONFIG_GRID_FLAT_STORE_ID` (`store_id`),
  FULLTEXT KEY `MAG2_DESIGN_CONFIG_GRID_FLAT_THEME_THEME_ID` (`theme_theme_id`)
) ENGINE=InnoDB DEFAULT CHARSET=utf8 COMMENT='mag2_design_config_grid_flat';

--
-- Dumping data for table `mag2_design_config_grid_flat`
--

INSERT INTO `mag2_design_config_grid_flat` VALUES (0,NULL,NULL,NULL,'4'),(1,1,NULL,NULL,'4'),(2,1,1,1,'4');

--
-- Table structure for table `mag2_directory_country`
--

CREATE TABLE `mag2_directory_country` (
  `country_id` varchar(2) NOT NULL COMMENT 'Country Id in ISO-2',
  `iso2_code` varchar(2) DEFAULT NULL COMMENT 'Country ISO-2 format',
  `iso3_code` varchar(3) DEFAULT NULL COMMENT 'Country ISO-3',
  PRIMARY KEY (`country_id`)
) ENGINE=InnoDB DEFAULT CHARSET=utf8 COMMENT='Directory Country';

--
-- Dumping data for table `mag2_directory_country`
--

INSERT INTO `mag2_directory_country` VALUES ('AD','AD','AND'),('AE','AE','ARE'),('AF','AF','AFG'),('AG','AG','ATG'),('AI','AI','AIA'),('AL','AL','ALB'),('AM','AM','ARM'),('AN','AN','ANT'),('AO','AO','AGO'),('AQ','AQ','ATA'),('AR','AR','ARG'),('AS','AS','ASM'),('AT','AT','AUT'),('AU','AU','AUS'),('AW','AW','ABW'),('AX','AX','ALA'),('AZ','AZ','AZE'),('BA','BA','BIH'),('BB','BB','BRB'),('BD','BD','BGD'),('BE','BE','BEL'),('BF','BF','BFA'),('BG','BG','BGR'),('BH','BH','BHR'),('BI','BI','BDI'),('BJ','BJ','BEN'),('BL','BL','BLM'),('BM','BM','BMU'),('BN','BN','BRN'),('BO','BO','BOL'),('BR','BR','BRA'),('BS','BS','BHS'),('BT','BT','BTN'),('BV','BV','BVT'),('BW','BW','BWA'),('BY','BY','BLR'),('BZ','BZ','BLZ'),('CA','CA','CAN'),('CC','CC','CCK'),('CD','CD','COD'),('CF','CF','CAF'),('CG','CG','COG'),('CH','CH','CHE'),('CI','CI','CIV'),('CK','CK','COK'),('CL','CL','CHL'),('CM','CM','CMR'),('CN','CN','CHN'),('CO','CO','COL'),('CR','CR','CRI'),('CU','CU','CUB'),('CV','CV','CPV'),('CX','CX','CXR'),('CY','CY','CYP'),('CZ','CZ','CZE'),('DE','DE','DEU'),('DJ','DJ','DJI'),('DK','DK','DNK'),('DM','DM','DMA'),('DO','DO','DOM'),('DZ','DZ','DZA'),('EC','EC','ECU'),('EE','EE','EST'),('EG','EG','EGY'),('EH','EH','ESH'),('ER','ER','ERI'),('ES','ES','ESP'),('ET','ET','ETH'),('FI','FI','FIN'),('FJ','FJ','FJI'),('FK','FK','FLK'),('FM','FM','FSM'),('FO','FO','FRO'),('FR','FR','FRA'),('GA','GA','GAB'),('GB','GB','GBR'),('GD','GD','GRD'),('GE','GE','GEO'),('GF','GF','GUF'),('GG','GG','GGY'),('GH','GH','GHA'),('GI','GI','GIB'),('GL','GL','GRL'),('GM','GM','GMB'),('GN','GN','GIN'),('GP','GP','GLP'),('GQ','GQ','GNQ'),('GR','GR','GRC'),('GS','GS','SGS'),('GT','GT','GTM'),('GU','GU','GUM'),('GW','GW','GNB'),('GY','GY','GUY'),('HK','HK','HKG'),('HM','HM','HMD'),('HN','HN','HND'),('HR','HR','HRV'),('HT','HT','HTI'),('HU','HU','HUN'),('ID','ID','IDN'),('IE','IE','IRL'),('IL','IL','ISR'),('IM','IM','IMN'),('IN','IN','IND'),('IO','IO','IOT'),('IQ','IQ','IRQ'),('IR','IR','IRN'),('IS','IS','ISL'),('IT','IT','ITA'),('JE','JE','JEY'),('JM','JM','JAM'),('JO','JO','JOR'),('JP','JP','JPN'),('KE','KE','KEN'),('KG','KG','KGZ'),('KH','KH','KHM'),('KI','KI','KIR'),('KM','KM','COM'),('KN','KN','KNA'),('KP','KP','PRK'),('KR','KR','KOR'),('KW','KW','KWT'),('KY','KY','CYM'),('KZ','KZ','KAZ'),('LA','LA','LAO'),('LB','LB','LBN'),('LC','LC','LCA'),('LI','LI','LIE'),('LK','LK','LKA'),('LR','LR','LBR'),('LS','LS','LSO'),('LT','LT','LTU'),('LU','LU','LUX'),('LV','LV','LVA'),('LY','LY','LBY'),('MA','MA','MAR'),('MC','MC','MCO'),('MD','MD','MDA'),('ME','ME','MNE'),('MF','MF','MAF'),('MG','MG','MDG'),('MH','MH','MHL'),('MK','MK','MKD'),('ML','ML','MLI'),('MM','MM','MMR'),('MN','MN','MNG'),('MO','MO','MAC'),('MP','MP','MNP'),('MQ','MQ','MTQ'),('MR','MR','MRT'),('MS','MS','MSR'),('MT','MT','MLT'),('MU','MU','MUS'),('MV','MV','MDV'),('MW','MW','MWI'),('MX','MX','MEX'),('MY','MY','MYS'),('MZ','MZ','MOZ'),('NA','NA','NAM'),('NC','NC','NCL'),('NE','NE','NER'),('NF','NF','NFK'),('NG','NG','NGA'),('NI','NI','NIC'),('NL','NL','NLD'),('NO','NO','NOR'),('NP','NP','NPL'),('NR','NR','NRU'),('NU','NU','NIU'),('NZ','NZ','NZL'),('OM','OM','OMN'),('PA','PA','PAN'),('PE','PE','PER'),('PF','PF','PYF'),('PG','PG','PNG'),('PH','PH','PHL'),('PK','PK','PAK'),('PL','PL','POL'),('PM','PM','SPM'),('PN','PN','PCN'),('PS','PS','PSE'),('PT','PT','PRT'),('PW','PW','PLW'),('PY','PY','PRY'),('QA','QA','QAT'),('RE','RE','REU'),('RO','RO','ROU'),('RS','RS','SRB'),('RU','RU','RUS'),('RW','RW','RWA'),('SA','SA','SAU'),('SB','SB','SLB'),('SC','SC','SYC'),('SD','SD','SDN'),('SE','SE','SWE'),('SG','SG','SGP'),('SH','SH','SHN'),('SI','SI','SVN'),('SJ','SJ','SJM'),('SK','SK','SVK'),('SL','SL','SLE'),('SM','SM','SMR'),('SN','SN','SEN'),('SO','SO','SOM'),('SR','SR','SUR'),('ST','ST','STP'),('SV','SV','SLV'),('SY','SY','SYR'),('SZ','SZ','SWZ'),('TC','TC','TCA'),('TD','TD','TCD'),('TF','TF','ATF'),('TG','TG','TGO'),('TH','TH','THA'),('TJ','TJ','TJK'),('TK','TK','TKL'),('TL','TL','TLS'),('TM','TM','TKM'),('TN','TN','TUN'),('TO','TO','TON'),('TR','TR','TUR'),('TT','TT','TTO'),('TV','TV','TUV'),('TW','TW','TWN'),('TZ','TZ','TZA'),('UA','UA','UKR'),('UG','UG','UGA'),('UM','UM','UMI'),('US','US','USA'),('UY','UY','URY'),('UZ','UZ','UZB'),('VA','VA','VAT'),('VC','VC','VCT'),('VE','VE','VEN'),('VG','VG','VGB'),('VI','VI','VIR'),('VN','VN','VNM'),('VU','VU','VUT'),('WF','WF','WLF'),('WS','WS','WSM'),('YE','YE','YEM'),('YT','YT','MYT'),('ZA','ZA','ZAF'),('ZM','ZM','ZMB'),('ZW','ZW','ZWE');

--
-- Table structure for table `mag2_directory_country_format`
--

CREATE TABLE `mag2_directory_country_format` (
  `country_format_id` int(10) unsigned NOT NULL AUTO_INCREMENT COMMENT 'Country Format Id',
  `country_id` varchar(2) DEFAULT NULL COMMENT 'Country Id in ISO-2',
  `type` varchar(30) DEFAULT NULL COMMENT 'Country Format Type',
  `format` text NOT NULL COMMENT 'Country Format',
  PRIMARY KEY (`country_format_id`),
  UNIQUE KEY `MAG2_DIRECTORY_COUNTRY_FORMAT_COUNTRY_ID_TYPE` (`country_id`,`type`)
) ENGINE=InnoDB DEFAULT CHARSET=utf8 COMMENT='Directory Country Format';

--
-- Dumping data for table `mag2_directory_country_format`
--


--
-- Table structure for table `mag2_directory_country_region`
--

CREATE TABLE `mag2_directory_country_region` (
  `region_id` int(10) unsigned NOT NULL AUTO_INCREMENT COMMENT 'Region Id',
  `country_id` varchar(4) NOT NULL DEFAULT '0' COMMENT 'Country Id in ISO-2',
  `code` varchar(32) DEFAULT NULL COMMENT 'Region code',
  `default_name` varchar(255) DEFAULT NULL COMMENT 'Region Name',
  PRIMARY KEY (`region_id`),
  KEY `MAG2_DIRECTORY_COUNTRY_REGION_COUNTRY_ID` (`country_id`)
) ENGINE=InnoDB AUTO_INCREMENT=569 DEFAULT CHARSET=utf8 COMMENT='Directory Country Region';

--
-- Dumping data for table `mag2_directory_country_region`
--

INSERT INTO `mag2_directory_country_region` VALUES (1,'US','AL','Alabama'),(2,'US','AK','Alaska'),(3,'US','AS','American Samoa'),(4,'US','AZ','Arizona'),(5,'US','AR','Arkansas'),(6,'US','AE','Armed Forces Africa'),(7,'US','AA','Armed Forces Americas'),(8,'US','AE','Armed Forces Canada'),(9,'US','AE','Armed Forces Europe'),(10,'US','AE','Armed Forces Middle East'),(11,'US','AP','Armed Forces Pacific'),(12,'US','CA','California'),(13,'US','CO','Colorado'),(14,'US','CT','Connecticut'),(15,'US','DE','Delaware'),(16,'US','DC','District of Columbia'),(17,'US','FM','Federated States Of Micronesia'),(18,'US','FL','Florida'),(19,'US','GA','Georgia'),(20,'US','GU','Guam'),(21,'US','HI','Hawaii'),(22,'US','ID','Idaho'),(23,'US','IL','Illinois'),(24,'US','IN','Indiana'),(25,'US','IA','Iowa'),(26,'US','KS','Kansas'),(27,'US','KY','Kentucky'),(28,'US','LA','Louisiana'),(29,'US','ME','Maine'),(30,'US','MH','Marshall Islands'),(31,'US','MD','Maryland'),(32,'US','MA','Massachusetts'),(33,'US','MI','Michigan'),(34,'US','MN','Minnesota'),(35,'US','MS','Mississippi'),(36,'US','MO','Missouri'),(37,'US','MT','Montana'),(38,'US','NE','Nebraska'),(39,'US','NV','Nevada'),(40,'US','NH','New Hampshire'),(41,'US','NJ','New Jersey'),(42,'US','NM','New Mexico'),(43,'US','NY','New York'),(44,'US','NC','North Carolina'),(45,'US','ND','North Dakota'),(46,'US','MP','Northern Mariana Islands'),(47,'US','OH','Ohio'),(48,'US','OK','Oklahoma'),(49,'US','OR','Oregon'),(50,'US','PW','Palau'),(51,'US','PA','Pennsylvania'),(52,'US','PR','Puerto Rico'),(53,'US','RI','Rhode Island'),(54,'US','SC','South Carolina'),(55,'US','SD','South Dakota'),(56,'US','TN','Tennessee'),(57,'US','TX','Texas'),(58,'US','UT','Utah'),(59,'US','VT','Vermont'),(60,'US','VI','Virgin Islands'),(61,'US','VA','Virginia'),(62,'US','WA','Washington'),(63,'US','WV','West Virginia'),(64,'US','WI','Wisconsin'),(65,'US','WY','Wyoming'),(66,'CA','AB','Alberta'),(67,'CA','BC','British Columbia'),(68,'CA','MB','Manitoba'),(69,'CA','NL','Newfoundland and Labrador'),(70,'CA','NB','New Brunswick'),(71,'CA','NS','Nova Scotia'),(72,'CA','NT','Northwest Territories'),(73,'CA','NU','Nunavut'),(74,'CA','ON','Ontario'),(75,'CA','PE','Prince Edward Island'),(76,'CA','QC','Quebec'),(77,'CA','SK','Saskatchewan'),(78,'CA','YT','Yukon Territory'),(79,'DE','NDS','Niedersachsen'),(80,'DE','BAW','Baden-Württemberg'),(81,'DE','BAY','Bayern'),(82,'DE','BER','Berlin'),(83,'DE','BRG','Brandenburg'),(84,'DE','BRE','Bremen'),(85,'DE','HAM','Hamburg'),(86,'DE','HES','Hessen'),(87,'DE','MEC','Mecklenburg-Vorpommern'),(88,'DE','NRW','Nordrhein-Westfalen'),(89,'DE','RHE','Rheinland-Pfalz'),(90,'DE','SAR','Saarland'),(91,'DE','SAS','Sachsen'),(92,'DE','SAC','Sachsen-Anhalt'),(93,'DE','SCN','Schleswig-Holstein'),(94,'DE','THE','Thüringen'),(95,'AT','WI','Wien'),(96,'AT','NO','Niederösterreich'),(97,'AT','OO','Oberösterreich'),(98,'AT','SB','Salzburg'),(99,'AT','KN','Kärnten'),(100,'AT','ST','Steiermark'),(101,'AT','TI','Tirol'),(102,'AT','BL','Burgenland'),(103,'AT','VB','Vorarlberg'),(104,'CH','AG','Aargau'),(105,'CH','AI','Appenzell Innerrhoden'),(106,'CH','AR','Appenzell Ausserrhoden'),(107,'CH','BE','Bern'),(108,'CH','BL','Basel-Landschaft'),(109,'CH','BS','Basel-Stadt'),(110,'CH','FR','Freiburg'),(111,'CH','GE','Genf'),(112,'CH','GL','Glarus'),(113,'CH','GR','Graubünden'),(114,'CH','JU','Jura'),(115,'CH','LU','Luzern'),(116,'CH','NE','Neuenburg'),(117,'CH','NW','Nidwalden'),(118,'CH','OW','Obwalden'),(119,'CH','SG','St. Gallen'),(120,'CH','SH','Schaffhausen'),(121,'CH','SO','Solothurn'),(122,'CH','SZ','Schwyz'),(123,'CH','TG','Thurgau'),(124,'CH','TI','Tessin'),(125,'CH','UR','Uri'),(126,'CH','VD','Waadt'),(127,'CH','VS','Wallis'),(128,'CH','ZG','Zug'),(129,'CH','ZH','Zürich'),(130,'ES','A Coruсa','A Coruña'),(131,'ES','Alava','Alava'),(132,'ES','Albacete','Albacete'),(133,'ES','Alicante','Alicante'),(134,'ES','Almeria','Almeria'),(135,'ES','Asturias','Asturias'),(136,'ES','Avila','Avila'),(137,'ES','Badajoz','Badajoz'),(138,'ES','Baleares','Baleares'),(139,'ES','Barcelona','Barcelona'),(140,'ES','Burgos','Burgos'),(141,'ES','Caceres','Caceres'),(142,'ES','Cadiz','Cadiz'),(143,'ES','Cantabria','Cantabria'),(144,'ES','Castellon','Castellon'),(145,'ES','Ceuta','Ceuta'),(146,'ES','Ciudad Real','Ciudad Real'),(147,'ES','Cordoba','Cordoba'),(148,'ES','Cuenca','Cuenca'),(149,'ES','Girona','Girona'),(150,'ES','Granada','Granada'),(151,'ES','Guadalajara','Guadalajara'),(152,'ES','Guipuzcoa','Guipuzcoa'),(153,'ES','Huelva','Huelva'),(154,'ES','Huesca','Huesca'),(155,'ES','Jaen','Jaen'),(156,'ES','La Rioja','La Rioja'),(157,'ES','Las Palmas','Las Palmas'),(158,'ES','Leon','Leon'),(159,'ES','Lleida','Lleida'),(160,'ES','Lugo','Lugo'),(161,'ES','Madrid','Madrid'),(162,'ES','Malaga','Malaga'),(163,'ES','Melilla','Melilla'),(164,'ES','Murcia','Murcia'),(165,'ES','Navarra','Navarra'),(166,'ES','Ourense','Ourense'),(167,'ES','Palencia','Palencia'),(168,'ES','Pontevedra','Pontevedra'),(169,'ES','Salamanca','Salamanca'),(170,'ES','Santa Cruz de Tenerife','Santa Cruz de Tenerife'),(171,'ES','Segovia','Segovia'),(172,'ES','Sevilla','Sevilla'),(173,'ES','Soria','Soria'),(174,'ES','Tarragona','Tarragona'),(175,'ES','Teruel','Teruel'),(176,'ES','Toledo','Toledo'),(177,'ES','Valencia','Valencia'),(178,'ES','Valladolid','Valladolid'),(179,'ES','Vizcaya','Vizcaya'),(180,'ES','Zamora','Zamora'),(181,'ES','Zaragoza','Zaragoza'),(182,'FR','1','Ain'),(183,'FR','2','Aisne'),(184,'FR','3','Allier'),(185,'FR','4','Alpes-de-Haute-Provence'),(186,'FR','5','Hautes-Alpes'),(187,'FR','6','Alpes-Maritimes'),(188,'FR','7','Ardèche'),(189,'FR','8','Ardennes'),(190,'FR','9','Ariège'),(191,'FR','10','Aube'),(192,'FR','11','Aude'),(193,'FR','12','Aveyron'),(194,'FR','13','Bouches-du-Rhône'),(195,'FR','14','Calvados'),(196,'FR','15','Cantal'),(197,'FR','16','Charente'),(198,'FR','17','Charente-Maritime'),(199,'FR','18','Cher'),(200,'FR','19','Corrèze'),(201,'FR','2A','Corse-du-Sud'),(202,'FR','2B','Haute-Corse'),(203,'FR','21','Côte-d\'Or'),(204,'FR','22','Côtes-d\'Armor'),(205,'FR','23','Creuse'),(206,'FR','24','Dordogne'),(207,'FR','25','Doubs'),(208,'FR','26','Drôme'),(209,'FR','27','Eure'),(210,'FR','28','Eure-et-Loir'),(211,'FR','29','Finistère'),(212,'FR','30','Gard'),(213,'FR','31','Haute-Garonne'),(214,'FR','32','Gers'),(215,'FR','33','Gironde'),(216,'FR','34','Hérault'),(217,'FR','35','Ille-et-Vilaine'),(218,'FR','36','Indre'),(219,'FR','37','Indre-et-Loire'),(220,'FR','38','Isère'),(221,'FR','39','Jura'),(222,'FR','40','Landes'),(223,'FR','41','Loir-et-Cher'),(224,'FR','42','Loire'),(225,'FR','43','Haute-Loire'),(226,'FR','44','Loire-Atlantique'),(227,'FR','45','Loiret'),(228,'FR','46','Lot'),(229,'FR','47','Lot-et-Garonne'),(230,'FR','48','Lozère'),(231,'FR','49','Maine-et-Loire'),(232,'FR','50','Manche'),(233,'FR','51','Marne'),(234,'FR','52','Haute-Marne'),(235,'FR','53','Mayenne'),(236,'FR','54','Meurthe-et-Moselle'),(237,'FR','55','Meuse'),(238,'FR','56','Morbihan'),(239,'FR','57','Moselle'),(240,'FR','58','Nièvre'),(241,'FR','59','Nord'),(242,'FR','60','Oise'),(243,'FR','61','Orne'),(244,'FR','62','Pas-de-Calais'),(245,'FR','63','Puy-de-Dôme'),(246,'FR','64','Pyrénées-Atlantiques'),(247,'FR','65','Hautes-Pyrénées'),(248,'FR','66','Pyrénées-Orientales'),(249,'FR','67','Bas-Rhin'),(250,'FR','68','Haut-Rhin'),(251,'FR','69','Rhône'),(252,'FR','70','Haute-Saône'),(253,'FR','71','Saône-et-Loire'),(254,'FR','72','Sarthe'),(255,'FR','73','Savoie'),(256,'FR','74','Haute-Savoie'),(257,'FR','75','Paris'),(258,'FR','76','Seine-Maritime'),(259,'FR','77','Seine-et-Marne'),(260,'FR','78','Yvelines'),(261,'FR','79','Deux-Sèvres'),(262,'FR','80','Somme'),(263,'FR','81','Tarn'),(264,'FR','82','Tarn-et-Garonne'),(265,'FR','83','Var'),(266,'FR','84','Vaucluse'),(267,'FR','85','Vendée'),(268,'FR','86','Vienne'),(269,'FR','87','Haute-Vienne'),(270,'FR','88','Vosges'),(271,'FR','89','Yonne'),(272,'FR','90','Territoire-de-Belfort'),(273,'FR','91','Essonne'),(274,'FR','92','Hauts-de-Seine'),(275,'FR','93','Seine-Saint-Denis'),(276,'FR','94','Val-de-Marne'),(277,'FR','95','Val-d\'Oise'),(278,'RO','AB','Alba'),(279,'RO','AR','Arad'),(280,'RO','AG','Argeş'),(281,'RO','BC','Bacău'),(282,'RO','BH','Bihor'),(283,'RO','BN','Bistriţa-Năsăud'),(284,'RO','BT','Botoşani'),(285,'RO','BV','Braşov'),(286,'RO','BR','Brăila'),(287,'RO','B','Bucureşti'),(288,'RO','BZ','Buzău'),(289,'RO','CS','Caraş-Severin'),(290,'RO','CL','Călăraşi'),(291,'RO','CJ','Cluj'),(292,'RO','CT','Constanţa'),(293,'RO','CV','Covasna'),(294,'RO','DB','Dâmboviţa'),(295,'RO','DJ','Dolj'),(296,'RO','GL','Galaţi'),(297,'RO','GR','Giurgiu'),(298,'RO','GJ','Gorj'),(299,'RO','HR','Harghita'),(300,'RO','HD','Hunedoara'),(301,'RO','IL','Ialomiţa'),(302,'RO','IS','Iaşi'),(303,'RO','IF','Ilfov'),(304,'RO','MM','Maramureş'),(305,'RO','MH','Mehedinţi'),(306,'RO','MS','Mureş'),(307,'RO','NT','Neamţ'),(308,'RO','OT','Olt'),(309,'RO','PH','Prahova'),(310,'RO','SM','Satu-Mare'),(311,'RO','SJ','Sălaj'),(312,'RO','SB','Sibiu'),(313,'RO','SV','Suceava'),(314,'RO','TR','Teleorman'),(315,'RO','TM','Timiş'),(316,'RO','TL','Tulcea'),(317,'RO','VS','Vaslui'),(318,'RO','VL','Vâlcea'),(319,'RO','VN','Vrancea'),(320,'FI','Lappi','Lappi'),(321,'FI','Pohjois-Pohjanmaa','Pohjois-Pohjanmaa'),(322,'FI','Kainuu','Kainuu'),(323,'FI','Pohjois-Karjala','Pohjois-Karjala'),(324,'FI','Pohjois-Savo','Pohjois-Savo'),(325,'FI','Etelä-Savo','Etelä-Savo'),(326,'FI','Etelä-Pohjanmaa','Etelä-Pohjanmaa'),(327,'FI','Pohjanmaa','Pohjanmaa'),(328,'FI','Pirkanmaa','Pirkanmaa'),(329,'FI','Satakunta','Satakunta'),(330,'FI','Keski-Pohjanmaa','Keski-Pohjanmaa'),(331,'FI','Keski-Suomi','Keski-Suomi'),(332,'FI','Varsinais-Suomi','Varsinais-Suomi'),(333,'FI','Etelä-Karjala','Etelä-Karjala'),(334,'FI','Päijät-Häme','Päijät-Häme'),(335,'FI','Kanta-Häme','Kanta-Häme'),(336,'FI','Uusimaa','Uusimaa'),(337,'FI','Itä-Uusimaa','Itä-Uusimaa'),(338,'FI','Kymenlaakso','Kymenlaakso'),(339,'FI','Ahvenanmaa','Ahvenanmaa'),(340,'EE','EE-37','Harjumaa'),(341,'EE','EE-39','Hiiumaa'),(342,'EE','EE-44','Ida-Virumaa'),(343,'EE','EE-49','Jõgevamaa'),(344,'EE','EE-51','Järvamaa'),(345,'EE','EE-57','Läänemaa'),(346,'EE','EE-59','Lääne-Virumaa'),(347,'EE','EE-65','Põlvamaa'),(348,'EE','EE-67','Pärnumaa'),(349,'EE','EE-70','Raplamaa'),(350,'EE','EE-74','Saaremaa'),(351,'EE','EE-78','Tartumaa'),(352,'EE','EE-82','Valgamaa'),(353,'EE','EE-84','Viljandimaa'),(354,'EE','EE-86','Võrumaa'),(355,'LV','LV-DGV','Daugavpils'),(356,'LV','LV-JEL','Jelgava'),(357,'LV','Jēkabpils','Jēkabpils'),(358,'LV','LV-JUR','Jūrmala'),(359,'LV','LV-LPX','Liepāja'),(360,'LV','LV-LE','Liepājas novads'),(361,'LV','LV-REZ','Rēzekne'),(362,'LV','LV-RIX','Rīga'),(363,'LV','LV-RI','Rīgas novads'),(364,'LV','Valmiera','Valmiera'),(365,'LV','LV-VEN','Ventspils'),(366,'LV','Aglonas novads','Aglonas novads'),(367,'LV','LV-AI','Aizkraukles novads'),(368,'LV','Aizputes novads','Aizputes novads'),(369,'LV','Aknīstes novads','Aknīstes novads'),(370,'LV','Alojas novads','Alojas novads'),(371,'LV','Alsungas novads','Alsungas novads'),(372,'LV','LV-AL','Alūksnes novads'),(373,'LV','Amatas novads','Amatas novads'),(374,'LV','Apes novads','Apes novads'),(375,'LV','Auces novads','Auces novads'),(376,'LV','Babītes novads','Babītes novads'),(377,'LV','Baldones novads','Baldones novads'),(378,'LV','Baltinavas novads','Baltinavas novads'),(379,'LV','LV-BL','Balvu novads'),(380,'LV','LV-BU','Bauskas novads'),(381,'LV','Beverīnas novads','Beverīnas novads'),(382,'LV','Brocēnu novads','Brocēnu novads'),(383,'LV','Burtnieku novads','Burtnieku novads'),(384,'LV','Carnikavas novads','Carnikavas novads'),(385,'LV','Cesvaines novads','Cesvaines novads'),(386,'LV','Ciblas novads','Ciblas novads'),(387,'LV','LV-CE','Cēsu novads'),(388,'LV','Dagdas novads','Dagdas novads'),(389,'LV','LV-DA','Daugavpils novads'),(390,'LV','LV-DO','Dobeles novads'),(391,'LV','Dundagas novads','Dundagas novads'),(392,'LV','Durbes novads','Durbes novads'),(393,'LV','Engures novads','Engures novads'),(394,'LV','Garkalnes novads','Garkalnes novads'),(395,'LV','Grobiņas novads','Grobiņas novads'),(396,'LV','LV-GU','Gulbenes novads'),(397,'LV','Iecavas novads','Iecavas novads'),(398,'LV','Ikšķiles novads','Ikšķiles novads'),(399,'LV','Ilūkstes novads','Ilūkstes novads'),(400,'LV','Inčukalna novads','Inčukalna novads'),(401,'LV','Jaunjelgavas novads','Jaunjelgavas novads'),(402,'LV','Jaunpiebalgas novads','Jaunpiebalgas novads'),(403,'LV','Jaunpils novads','Jaunpils novads'),(404,'LV','LV-JL','Jelgavas novads'),(405,'LV','LV-JK','Jēkabpils novads'),(406,'LV','Kandavas novads','Kandavas novads'),(407,'LV','Kokneses novads','Kokneses novads'),(408,'LV','Krimuldas novads','Krimuldas novads'),(409,'LV','Krustpils novads','Krustpils novads'),(410,'LV','LV-KR','Krāslavas novads'),(411,'LV','LV-KU','Kuldīgas novads'),(412,'LV','Kārsavas novads','Kārsavas novads'),(413,'LV','Lielvārdes novads','Lielvārdes novads'),(414,'LV','LV-LM','Limbažu novads'),(415,'LV','Lubānas novads','Lubānas novads'),(416,'LV','LV-LU','Ludzas novads'),(417,'LV','Līgatnes novads','Līgatnes novads'),(418,'LV','Līvānu novads','Līvānu novads'),(419,'LV','LV-MA','Madonas novads'),(420,'LV','Mazsalacas novads','Mazsalacas novads'),(421,'LV','Mālpils novads','Mālpils novads'),(422,'LV','Mārupes novads','Mārupes novads'),(423,'LV','Naukšēnu novads','Naukšēnu novads'),(424,'LV','Neretas novads','Neretas novads'),(425,'LV','Nīcas novads','Nīcas novads'),(426,'LV','LV-OG','Ogres novads'),(427,'LV','Olaines novads','Olaines novads'),(428,'LV','Ozolnieku novads','Ozolnieku novads'),(429,'LV','LV-PR','Preiļu novads'),(430,'LV','Priekules novads','Priekules novads'),(431,'LV','Priekuļu novads','Priekuļu novads'),(432,'LV','Pārgaujas novads','Pārgaujas novads'),(433,'LV','Pāvilostas novads','Pāvilostas novads'),(434,'LV','Pļaviņu novads','Pļaviņu novads'),(435,'LV','Raunas novads','Raunas novads'),(436,'LV','Riebiņu novads','Riebiņu novads'),(437,'LV','Rojas novads','Rojas novads'),(438,'LV','Ropažu novads','Ropažu novads'),(439,'LV','Rucavas novads','Rucavas novads'),(440,'LV','Rugāju novads','Rugāju novads'),(441,'LV','Rundāles novads','Rundāles novads'),(442,'LV','LV-RE','Rēzeknes novads'),(443,'LV','Rūjienas novads','Rūjienas novads'),(444,'LV','Salacgrīvas novads','Salacgrīvas novads'),(445,'LV','Salas novads','Salas novads'),(446,'LV','Salaspils novads','Salaspils novads'),(447,'LV','LV-SA','Saldus novads'),(448,'LV','Saulkrastu novads','Saulkrastu novads'),(449,'LV','Siguldas novads','Siguldas novads'),(450,'LV','Skrundas novads','Skrundas novads'),(451,'LV','Skrīveru novads','Skrīveru novads'),(452,'LV','Smiltenes novads','Smiltenes novads'),(453,'LV','Stopiņu novads','Stopiņu novads'),(454,'LV','Strenču novads','Strenču novads'),(455,'LV','Sējas novads','Sējas novads'),(456,'LV','LV-TA','Talsu novads'),(457,'LV','LV-TU','Tukuma novads'),(458,'LV','Tērvetes novads','Tērvetes novads'),(459,'LV','Vaiņodes novads','Vaiņodes novads'),(460,'LV','LV-VK','Valkas novads'),(461,'LV','LV-VM','Valmieras novads'),(462,'LV','Varakļānu novads','Varakļānu novads'),(463,'LV','Vecpiebalgas novads','Vecpiebalgas novads'),(464,'LV','Vecumnieku novads','Vecumnieku novads'),(465,'LV','LV-VE','Ventspils novads'),(466,'LV','Viesītes novads','Viesītes novads'),(467,'LV','Viļakas novads','Viļakas novads'),(468,'LV','Viļānu novads','Viļānu novads'),(469,'LV','Vārkavas novads','Vārkavas novads'),(470,'LV','Zilupes novads','Zilupes novads'),(471,'LV','Ādažu novads','Ādažu novads'),(472,'LV','Ērgļu novads','Ērgļu novads'),(473,'LV','Ķeguma novads','Ķeguma novads'),(474,'LV','Ķekavas novads','Ķekavas novads'),(475,'LT','LT-AL','Alytaus Apskritis'),(476,'LT','LT-KU','Kauno Apskritis'),(477,'LT','LT-KL','Klaipėdos Apskritis'),(478,'LT','LT-MR','Marijampolės Apskritis'),(479,'LT','LT-PN','Panevėžio Apskritis'),(480,'LT','LT-SA','Šiaulių Apskritis'),(481,'LT','LT-TA','Tauragės Apskritis'),(482,'LT','LT-TE','Telšių Apskritis'),(483,'LT','LT-UT','Utenos Apskritis'),(484,'LT','LT-VL','Vilniaus Apskritis'),(485,'BR','AC','Acre'),(486,'BR','AL','Alagoas'),(487,'BR','AP','Amapá'),(488,'BR','AM','Amazonas'),(489,'BR','BA','Bahia'),(490,'BR','CE','Ceará'),(491,'BR','ES','Espírito Santo'),(492,'BR','GO','Goiás'),(493,'BR','MA','Maranhão'),(494,'BR','MT','Mato Grosso'),(495,'BR','MS','Mato Grosso do Sul'),(496,'BR','MG','Minas Gerais'),(497,'BR','PA','Pará'),(498,'BR','PB','Paraíba'),(499,'BR','PR','Paraná'),(500,'BR','PE','Pernambuco'),(501,'BR','PI','Piauí'),(502,'BR','RJ','Rio de Janeiro'),(503,'BR','RN','Rio Grande do Norte'),(504,'BR','RS','Rio Grande do Sul'),(505,'BR','RO','Rondônia'),(506,'BR','RR','Roraima'),(507,'BR','SC','Santa Catarina'),(508,'BR','SP','São Paulo'),(509,'BR','SE','Sergipe'),(510,'BR','TO','Tocantins'),(511,'BR','DF','Distrito Federal'),(512,'HR','HR-01','Zagrebačka županija'),(513,'HR','HR-02','Krapinsko-zagorska županija'),(514,'HR','HR-03','Sisačko-moslavačka županija'),(515,'HR','HR-04','Karlovačka županija'),(516,'HR','HR-05','Varaždinska županija'),(517,'HR','HR-06','Koprivničko-križevačka županija'),(518,'HR','HR-07','Bjelovarsko-bilogorska županija'),(519,'HR','HR-08','Primorsko-goranska županija'),(520,'HR','HR-09','Ličko-senjska županija'),(521,'HR','HR-10','Virovitičko-podravska županija'),(522,'HR','HR-11','Požeško-slavonska županija'),(523,'HR','HR-12','Brodsko-posavska županija'),(524,'HR','HR-13','Zadarska županija'),(525,'HR','HR-14','Osječko-baranjska županija'),(526,'HR','HR-15','Šibensko-kninska županija'),(527,'HR','HR-16','Vukovarsko-srijemska županija'),(528,'HR','HR-17','Splitsko-dalmatinska županija'),(529,'HR','HR-18','Istarska županija'),(530,'HR','HR-19','Dubrovačko-neretvanska županija'),(531,'HR','HR-20','Međimurska županija'),(532,'HR','HR-21','Grad Zagreb'),(533,'IN','AN','Andaman and Nicobar Islands'),(534,'IN','AP','Andhra Pradesh'),(535,'IN','AR','Arunachal Pradesh'),(536,'IN','AS','Assam'),(537,'IN','BR','Bihar'),(538,'IN','CH','Chandigarh'),(539,'IN','CT','Chhattisgarh'),(540,'IN','DN','Dadra and Nagar Haveli'),(541,'IN','DD','Daman and Diu'),(542,'IN','DL','Delhi'),(543,'IN','GA','Goa'),(544,'IN','GJ','Gujarat'),(545,'IN','HR','Haryana'),(546,'IN','HP','Himachal Pradesh'),(547,'IN','JK','Jammu and Kashmir'),(548,'IN','JH','Jharkhand'),(549,'IN','KA','Karnataka'),(550,'IN','KL','Kerala'),(551,'IN','LD','Lakshadweep'),(552,'IN','MP','Madhya Pradesh'),(553,'IN','MH','Maharashtra'),(554,'IN','MN','Manipur'),(555,'IN','ML','Meghalaya'),(556,'IN','MZ','Mizoram'),(557,'IN','NL','Nagaland'),(558,'IN','OR','Odisha'),(559,'IN','PY','Puducherry'),(560,'IN','PB','Punjab'),(561,'IN','RJ','Rajasthan'),(562,'IN','SK','Sikkim'),(563,'IN','TN','Tamil Nadu'),(564,'IN','TG','Telangana'),(565,'IN','TR','Tripura'),(566,'IN','UP','Uttar Pradesh'),(567,'IN','UT','Uttarakhand'),(568,'IN','WB','West Bengal');

--
-- Table structure for table `mag2_directory_country_region_name`
--

CREATE TABLE `mag2_directory_country_region_name` (
  `locale` varchar(8) NOT NULL COMMENT 'Locale',
  `region_id` int(10) unsigned NOT NULL DEFAULT '0' COMMENT 'Region Id',
  `name` varchar(255) DEFAULT NULL COMMENT 'Region Name',
  PRIMARY KEY (`locale`,`region_id`),
  KEY `MAG2_DIRECTORY_COUNTRY_REGION_NAME_REGION_ID` (`region_id`)
) ENGINE=InnoDB DEFAULT CHARSET=utf8 COMMENT='Directory Country Region Name';

--
-- Dumping data for table `mag2_directory_country_region_name`
--

INSERT INTO `mag2_directory_country_region_name` VALUES ('en_US',1,'Alabama'),('en_US',2,'Alaska'),('en_US',3,'American Samoa'),('en_US',4,'Arizona'),('en_US',5,'Arkansas'),('en_US',6,'Armed Forces Africa'),('en_US',7,'Armed Forces Americas'),('en_US',8,'Armed Forces Canada'),('en_US',9,'Armed Forces Europe'),('en_US',10,'Armed Forces Middle East'),('en_US',11,'Armed Forces Pacific'),('en_US',12,'California'),('en_US',13,'Colorado'),('en_US',14,'Connecticut'),('en_US',15,'Delaware'),('en_US',16,'District of Columbia'),('en_US',17,'Federated States Of Micronesia'),('en_US',18,'Florida'),('en_US',19,'Georgia'),('en_US',20,'Guam'),('en_US',21,'Hawaii'),('en_US',22,'Idaho'),('en_US',23,'Illinois'),('en_US',24,'Indiana'),('en_US',25,'Iowa'),('en_US',26,'Kansas'),('en_US',27,'Kentucky'),('en_US',28,'Louisiana'),('en_US',29,'Maine'),('en_US',30,'Marshall Islands'),('en_US',31,'Maryland'),('en_US',32,'Massachusetts'),('en_US',33,'Michigan'),('en_US',34,'Minnesota'),('en_US',35,'Mississippi'),('en_US',36,'Missouri'),('en_US',37,'Montana'),('en_US',38,'Nebraska'),('en_US',39,'Nevada'),('en_US',40,'New Hampshire'),('en_US',41,'New Jersey'),('en_US',42,'New Mexico'),('en_US',43,'New York'),('en_US',44,'North Carolina'),('en_US',45,'North Dakota'),('en_US',46,'Northern Mariana Islands'),('en_US',47,'Ohio'),('en_US',48,'Oklahoma'),('en_US',49,'Oregon'),('en_US',50,'Palau'),('en_US',51,'Pennsylvania'),('en_US',52,'Puerto Rico'),('en_US',53,'Rhode Island'),('en_US',54,'South Carolina'),('en_US',55,'South Dakota'),('en_US',56,'Tennessee'),('en_US',57,'Texas'),('en_US',58,'Utah'),('en_US',59,'Vermont'),('en_US',60,'Virgin Islands'),('en_US',61,'Virginia'),('en_US',62,'Washington'),('en_US',63,'West Virginia'),('en_US',64,'Wisconsin'),('en_US',65,'Wyoming'),('en_US',66,'Alberta'),('en_US',67,'British Columbia'),('en_US',68,'Manitoba'),('en_US',69,'Newfoundland and Labrador'),('en_US',70,'New Brunswick'),('en_US',71,'Nova Scotia'),('en_US',72,'Northwest Territories'),('en_US',73,'Nunavut'),('en_US',74,'Ontario'),('en_US',75,'Prince Edward Island'),('en_US',76,'Quebec'),('en_US',77,'Saskatchewan'),('en_US',78,'Yukon Territory'),('en_US',79,'Niedersachsen'),('en_US',80,'Baden-Württemberg'),('en_US',81,'Bayern'),('en_US',82,'Berlin'),('en_US',83,'Brandenburg'),('en_US',84,'Bremen'),('en_US',85,'Hamburg'),('en_US',86,'Hessen'),('en_US',87,'Mecklenburg-Vorpommern'),('en_US',88,'Nordrhein-Westfalen'),('en_US',89,'Rheinland-Pfalz'),('en_US',90,'Saarland'),('en_US',91,'Sachsen'),('en_US',92,'Sachsen-Anhalt'),('en_US',93,'Schleswig-Holstein'),('en_US',94,'Thüringen'),('en_US',95,'Wien'),('en_US',96,'Niederösterreich'),('en_US',97,'Oberösterreich'),('en_US',98,'Salzburg'),('en_US',99,'Kärnten'),('en_US',100,'Steiermark'),('en_US',101,'Tirol'),('en_US',102,'Burgenland'),('en_US',103,'Vorarlberg'),('en_US',104,'Aargau'),('en_US',105,'Appenzell Innerrhoden'),('en_US',106,'Appenzell Ausserrhoden'),('en_US',107,'Bern'),('en_US',108,'Basel-Landschaft'),('en_US',109,'Basel-Stadt'),('en_US',110,'Freiburg'),('en_US',111,'Genf'),('en_US',112,'Glarus'),('en_US',113,'Graubünden'),('en_US',114,'Jura'),('en_US',115,'Luzern'),('en_US',116,'Neuenburg'),('en_US',117,'Nidwalden'),('en_US',118,'Obwalden'),('en_US',119,'St. Gallen'),('en_US',120,'Schaffhausen'),('en_US',121,'Solothurn'),('en_US',122,'Schwyz'),('en_US',123,'Thurgau'),('en_US',124,'Tessin'),('en_US',125,'Uri'),('en_US',126,'Waadt'),('en_US',127,'Wallis'),('en_US',128,'Zug'),('en_US',129,'Zürich'),('en_US',130,'A Coruña'),('en_US',131,'Alava'),('en_US',132,'Albacete'),('en_US',133,'Alicante'),('en_US',134,'Almeria'),('en_US',135,'Asturias'),('en_US',136,'Avila'),('en_US',137,'Badajoz'),('en_US',138,'Baleares'),('en_US',139,'Barcelona'),('en_US',140,'Burgos'),('en_US',141,'Caceres'),('en_US',142,'Cadiz'),('en_US',143,'Cantabria'),('en_US',144,'Castellon'),('en_US',145,'Ceuta'),('en_US',146,'Ciudad Real'),('en_US',147,'Cordoba'),('en_US',148,'Cuenca'),('en_US',149,'Girona'),('en_US',150,'Granada'),('en_US',151,'Guadalajara'),('en_US',152,'Guipuzcoa'),('en_US',153,'Huelva'),('en_US',154,'Huesca'),('en_US',155,'Jaen'),('en_US',156,'La Rioja'),('en_US',157,'Las Palmas'),('en_US',158,'Leon'),('en_US',159,'Lleida'),('en_US',160,'Lugo'),('en_US',161,'Madrid'),('en_US',162,'Malaga'),('en_US',163,'Melilla'),('en_US',164,'Murcia'),('en_US',165,'Navarra'),('en_US',166,'Ourense'),('en_US',167,'Palencia'),('en_US',168,'Pontevedra'),('en_US',169,'Salamanca'),('en_US',170,'Santa Cruz de Tenerife'),('en_US',171,'Segovia'),('en_US',172,'Sevilla'),('en_US',173,'Soria'),('en_US',174,'Tarragona'),('en_US',175,'Teruel'),('en_US',176,'Toledo'),('en_US',177,'Valencia'),('en_US',178,'Valladolid'),('en_US',179,'Vizcaya'),('en_US',180,'Zamora'),('en_US',181,'Zaragoza'),('en_US',182,'Ain'),('en_US',183,'Aisne'),('en_US',184,'Allier'),('en_US',185,'Alpes-de-Haute-Provence'),('en_US',186,'Hautes-Alpes'),('en_US',187,'Alpes-Maritimes'),('en_US',188,'Ardèche'),('en_US',189,'Ardennes'),('en_US',190,'Ariège'),('en_US',191,'Aube'),('en_US',192,'Aude'),('en_US',193,'Aveyron'),('en_US',194,'Bouches-du-Rhône'),('en_US',195,'Calvados'),('en_US',196,'Cantal'),('en_US',197,'Charente'),('en_US',198,'Charente-Maritime'),('en_US',199,'Cher'),('en_US',200,'Corrèze'),('en_US',201,'Corse-du-Sud'),('en_US',202,'Haute-Corse'),('en_US',203,'Côte-d\'Or'),('en_US',204,'Côtes-d\'Armor'),('en_US',205,'Creuse'),('en_US',206,'Dordogne'),('en_US',207,'Doubs'),('en_US',208,'Drôme'),('en_US',209,'Eure'),('en_US',210,'Eure-et-Loir'),('en_US',211,'Finistère'),('en_US',212,'Gard'),('en_US',213,'Haute-Garonne'),('en_US',214,'Gers'),('en_US',215,'Gironde'),('en_US',216,'Hérault'),('en_US',217,'Ille-et-Vilaine'),('en_US',218,'Indre'),('en_US',219,'Indre-et-Loire'),('en_US',220,'Isère'),('en_US',221,'Jura'),('en_US',222,'Landes'),('en_US',223,'Loir-et-Cher'),('en_US',224,'Loire'),('en_US',225,'Haute-Loire'),('en_US',226,'Loire-Atlantique'),('en_US',227,'Loiret'),('en_US',228,'Lot'),('en_US',229,'Lot-et-Garonne'),('en_US',230,'Lozère'),('en_US',231,'Maine-et-Loire'),('en_US',232,'Manche'),('en_US',233,'Marne'),('en_US',234,'Haute-Marne'),('en_US',235,'Mayenne'),('en_US',236,'Meurthe-et-Moselle'),('en_US',237,'Meuse'),('en_US',238,'Morbihan'),('en_US',239,'Moselle'),('en_US',240,'Nièvre'),('en_US',241,'Nord'),('en_US',242,'Oise'),('en_US',243,'Orne'),('en_US',244,'Pas-de-Calais'),('en_US',245,'Puy-de-Dôme'),('en_US',246,'Pyrénées-Atlantiques'),('en_US',247,'Hautes-Pyrénées'),('en_US',248,'Pyrénées-Orientales'),('en_US',249,'Bas-Rhin'),('en_US',250,'Haut-Rhin'),('en_US',251,'Rhône'),('en_US',252,'Haute-Saône'),('en_US',253,'Saône-et-Loire'),('en_US',254,'Sarthe'),('en_US',255,'Savoie'),('en_US',256,'Haute-Savoie'),('en_US',257,'Paris'),('en_US',258,'Seine-Maritime'),('en_US',259,'Seine-et-Marne'),('en_US',260,'Yvelines'),('en_US',261,'Deux-Sèvres'),('en_US',262,'Somme'),('en_US',263,'Tarn'),('en_US',264,'Tarn-et-Garonne'),('en_US',265,'Var'),('en_US',266,'Vaucluse'),('en_US',267,'Vendée'),('en_US',268,'Vienne'),('en_US',269,'Haute-Vienne'),('en_US',270,'Vosges'),('en_US',271,'Yonne'),('en_US',272,'Territoire-de-Belfort'),('en_US',273,'Essonne'),('en_US',274,'Hauts-de-Seine'),('en_US',275,'Seine-Saint-Denis'),('en_US',276,'Val-de-Marne'),('en_US',277,'Val-d\'Oise'),('en_US',278,'Alba'),('en_US',279,'Arad'),('en_US',280,'Argeş'),('en_US',281,'Bacău'),('en_US',282,'Bihor'),('en_US',283,'Bistriţa-Năsăud'),('en_US',284,'Botoşani'),('en_US',285,'Braşov'),('en_US',286,'Brăila'),('en_US',287,'Bucureşti'),('en_US',288,'Buzău'),('en_US',289,'Caraş-Severin'),('en_US',290,'Călăraşi'),('en_US',291,'Cluj'),('en_US',292,'Constanţa'),('en_US',293,'Covasna'),('en_US',294,'Dâmboviţa'),('en_US',295,'Dolj'),('en_US',296,'Galaţi'),('en_US',297,'Giurgiu'),('en_US',298,'Gorj'),('en_US',299,'Harghita'),('en_US',300,'Hunedoara'),('en_US',301,'Ialomiţa'),('en_US',302,'Iaşi'),('en_US',303,'Ilfov'),('en_US',304,'Maramureş'),('en_US',305,'Mehedinţi'),('en_US',306,'Mureş'),('en_US',307,'Neamţ'),('en_US',308,'Olt'),('en_US',309,'Prahova'),('en_US',310,'Satu-Mare'),('en_US',311,'Sălaj'),('en_US',312,'Sibiu'),('en_US',313,'Suceava'),('en_US',314,'Teleorman'),('en_US',315,'Timiş'),('en_US',316,'Tulcea'),('en_US',317,'Vaslui'),('en_US',318,'Vâlcea'),('en_US',319,'Vrancea'),('en_US',320,'Lappi'),('en_US',321,'Pohjois-Pohjanmaa'),('en_US',322,'Kainuu'),('en_US',323,'Pohjois-Karjala'),('en_US',324,'Pohjois-Savo'),('en_US',325,'Etelä-Savo'),('en_US',326,'Etelä-Pohjanmaa'),('en_US',327,'Pohjanmaa'),('en_US',328,'Pirkanmaa'),('en_US',329,'Satakunta'),('en_US',330,'Keski-Pohjanmaa'),('en_US',331,'Keski-Suomi'),('en_US',332,'Varsinais-Suomi'),('en_US',333,'Etelä-Karjala'),('en_US',334,'Päijät-Häme'),('en_US',335,'Kanta-Häme'),('en_US',336,'Uusimaa'),('en_US',337,'Itä-Uusimaa'),('en_US',338,'Kymenlaakso'),('en_US',339,'Ahvenanmaa'),('en_US',340,'Harjumaa'),('en_US',341,'Hiiumaa'),('en_US',342,'Ida-Virumaa'),('en_US',343,'Jõgevamaa'),('en_US',344,'Järvamaa'),('en_US',345,'Läänemaa'),('en_US',346,'Lääne-Virumaa'),('en_US',347,'Põlvamaa'),('en_US',348,'Pärnumaa'),('en_US',349,'Raplamaa'),('en_US',350,'Saaremaa'),('en_US',351,'Tartumaa'),('en_US',352,'Valgamaa'),('en_US',353,'Viljandimaa'),('en_US',354,'Võrumaa'),('en_US',355,'Daugavpils'),('en_US',356,'Jelgava'),('en_US',357,'Jēkabpils'),('en_US',358,'Jūrmala'),('en_US',359,'Liepāja'),('en_US',360,'Liepājas novads'),('en_US',361,'Rēzekne'),('en_US',362,'Rīga'),('en_US',363,'Rīgas novads'),('en_US',364,'Valmiera'),('en_US',365,'Ventspils'),('en_US',366,'Aglonas novads'),('en_US',367,'Aizkraukles novads'),('en_US',368,'Aizputes novads'),('en_US',369,'Aknīstes novads'),('en_US',370,'Alojas novads'),('en_US',371,'Alsungas novads'),('en_US',372,'Alūksnes novads'),('en_US',373,'Amatas novads'),('en_US',374,'Apes novads'),('en_US',375,'Auces novads'),('en_US',376,'Babītes novads'),('en_US',377,'Baldones novads'),('en_US',378,'Baltinavas novads'),('en_US',379,'Balvu novads'),('en_US',380,'Bauskas novads'),('en_US',381,'Beverīnas novads'),('en_US',382,'Brocēnu novads'),('en_US',383,'Burtnieku novads'),('en_US',384,'Carnikavas novads'),('en_US',385,'Cesvaines novads'),('en_US',386,'Ciblas novads'),('en_US',387,'Cēsu novads'),('en_US',388,'Dagdas novads'),('en_US',389,'Daugavpils novads'),('en_US',390,'Dobeles novads'),('en_US',391,'Dundagas novads'),('en_US',392,'Durbes novads'),('en_US',393,'Engures novads'),('en_US',394,'Garkalnes novads'),('en_US',395,'Grobiņas novads'),('en_US',396,'Gulbenes novads'),('en_US',397,'Iecavas novads'),('en_US',398,'Ikšķiles novads'),('en_US',399,'Ilūkstes novads'),('en_US',400,'Inčukalna novads'),('en_US',401,'Jaunjelgavas novads'),('en_US',402,'Jaunpiebalgas novads'),('en_US',403,'Jaunpils novads'),('en_US',404,'Jelgavas novads'),('en_US',405,'Jēkabpils novads'),('en_US',406,'Kandavas novads'),('en_US',407,'Kokneses novads'),('en_US',408,'Krimuldas novads'),('en_US',409,'Krustpils novads'),('en_US',410,'Krāslavas novads'),('en_US',411,'Kuldīgas novads'),('en_US',412,'Kārsavas novads'),('en_US',413,'Lielvārdes novads'),('en_US',414,'Limbažu novads'),('en_US',415,'Lubānas novads'),('en_US',416,'Ludzas novads'),('en_US',417,'Līgatnes novads'),('en_US',418,'Līvānu novads'),('en_US',419,'Madonas novads'),('en_US',420,'Mazsalacas novads'),('en_US',421,'Mālpils novads'),('en_US',422,'Mārupes novads'),('en_US',423,'Naukšēnu novads'),('en_US',424,'Neretas novads'),('en_US',425,'Nīcas novads'),('en_US',426,'Ogres novads'),('en_US',427,'Olaines novads'),('en_US',428,'Ozolnieku novads'),('en_US',429,'Preiļu novads'),('en_US',430,'Priekules novads'),('en_US',431,'Priekuļu novads'),('en_US',432,'Pārgaujas novads'),('en_US',433,'Pāvilostas novads'),('en_US',434,'Pļaviņu novads'),('en_US',435,'Raunas novads'),('en_US',436,'Riebiņu novads'),('en_US',437,'Rojas novads'),('en_US',438,'Ropažu novads'),('en_US',439,'Rucavas novads'),('en_US',440,'Rugāju novads'),('en_US',441,'Rundāles novads'),('en_US',442,'Rēzeknes novads'),('en_US',443,'Rūjienas novads'),('en_US',444,'Salacgrīvas novads'),('en_US',445,'Salas novads'),('en_US',446,'Salaspils novads'),('en_US',447,'Saldus novads'),('en_US',448,'Saulkrastu novads'),('en_US',449,'Siguldas novads'),('en_US',450,'Skrundas novads'),('en_US',451,'Skrīveru novads'),('en_US',452,'Smiltenes novads'),('en_US',453,'Stopiņu novads'),('en_US',454,'Strenču novads'),('en_US',455,'Sējas novads'),('en_US',456,'Talsu novads'),('en_US',457,'Tukuma novads'),('en_US',458,'Tērvetes novads'),('en_US',459,'Vaiņodes novads'),('en_US',460,'Valkas novads'),('en_US',461,'Valmieras novads'),('en_US',462,'Varakļānu novads'),('en_US',463,'Vecpiebalgas novads'),('en_US',464,'Vecumnieku novads'),('en_US',465,'Ventspils novads'),('en_US',466,'Viesītes novads'),('en_US',467,'Viļakas novads'),('en_US',468,'Viļānu novads'),('en_US',469,'Vārkavas novads'),('en_US',470,'Zilupes novads'),('en_US',471,'Ādažu novads'),('en_US',472,'Ērgļu novads'),('en_US',473,'Ķeguma novads'),('en_US',474,'Ķekavas novads'),('en_US',475,'Alytaus Apskritis'),('en_US',476,'Kauno Apskritis'),('en_US',477,'Klaipėdos Apskritis'),('en_US',478,'Marijampolės Apskritis'),('en_US',479,'Panevėžio Apskritis'),('en_US',480,'Šiaulių Apskritis'),('en_US',481,'Tauragės Apskritis'),('en_US',482,'Telšių Apskritis'),('en_US',483,'Utenos Apskritis'),('en_US',484,'Vilniaus Apskritis'),('en_US',485,'Acre'),('en_US',486,'Alagoas'),('en_US',487,'Amapá'),('en_US',488,'Amazonas'),('en_US',489,'Bahia'),('en_US',490,'Ceará'),('en_US',491,'Espírito Santo'),('en_US',492,'Goiás'),('en_US',493,'Maranhão'),('en_US',494,'Mato Grosso'),('en_US',495,'Mato Grosso do Sul'),('en_US',496,'Minas Gerais'),('en_US',497,'Pará'),('en_US',498,'Paraíba'),('en_US',499,'Paraná'),('en_US',500,'Pernambuco'),('en_US',501,'Piauí'),('en_US',502,'Rio de Janeiro'),('en_US',503,'Rio Grande do Norte'),('en_US',504,'Rio Grande do Sul'),('en_US',505,'Rondônia'),('en_US',506,'Roraima'),('en_US',507,'Santa Catarina'),('en_US',508,'São Paulo'),('en_US',509,'Sergipe'),('en_US',510,'Tocantins'),('en_US',511,'Distrito Federal'),('en_US',512,'Zagrebačka županija'),('en_US',513,'Krapinsko-zagorska županija'),('en_US',514,'Sisačko-moslavačka županija'),('en_US',515,'Karlovačka županija'),('en_US',516,'Varaždinska županija'),('en_US',517,'Koprivničko-križevačka županija'),('en_US',518,'Bjelovarsko-bilogorska županija'),('en_US',519,'Primorsko-goranska županija'),('en_US',520,'Ličko-senjska županija'),('en_US',521,'Virovitičko-podravska županija'),('en_US',522,'Požeško-slavonska županija'),('en_US',523,'Brodsko-posavska županija'),('en_US',524,'Zadarska županija'),('en_US',525,'Osječko-baranjska županija'),('en_US',526,'Šibensko-kninska županija'),('en_US',527,'Vukovarsko-srijemska županija'),('en_US',528,'Splitsko-dalmatinska županija'),('en_US',529,'Istarska županija'),('en_US',530,'Dubrovačko-neretvanska županija'),('en_US',531,'Međimurska županija'),('en_US',532,'Grad Zagreb'),('en_US',533,'Andaman and Nicobar Islands'),('en_US',534,'Andhra Pradesh'),('en_US',535,'Arunachal Pradesh'),('en_US',536,'Assam'),('en_US',537,'Bihar'),('en_US',538,'Chandigarh'),('en_US',539,'Chhattisgarh'),('en_US',540,'Dadra and Nagar Haveli'),('en_US',541,'Daman and Diu'),('en_US',542,'Delhi'),('en_US',543,'Goa'),('en_US',544,'Gujarat'),('en_US',545,'Haryana'),('en_US',546,'Himachal Pradesh'),('en_US',547,'Jammu and Kashmir'),('en_US',548,'Jharkhand'),('en_US',549,'Karnataka'),('en_US',550,'Kerala'),('en_US',551,'Lakshadweep'),('en_US',552,'Madhya Pradesh'),('en_US',553,'Maharashtra'),('en_US',554,'Manipur'),('en_US',555,'Meghalaya'),('en_US',556,'Mizoram'),('en_US',557,'Nagaland'),('en_US',558,'Odisha'),('en_US',559,'Puducherry'),('en_US',560,'Punjab'),('en_US',561,'Rajasthan'),('en_US',562,'Sikkim'),('en_US',563,'Tamil Nadu'),('en_US',564,'Telangana'),('en_US',565,'Tripura'),('en_US',566,'Uttar Pradesh'),('en_US',567,'Uttarakhand'),('en_US',568,'West Bengal');

--
-- Table structure for table `mag2_directory_currency_rate`
--

CREATE TABLE `mag2_directory_currency_rate` (
  `currency_from` varchar(3) NOT NULL COMMENT 'Currency Code Convert From',
  `currency_to` varchar(3) NOT NULL COMMENT 'Currency Code Convert To',
  `rate` decimal(24,12) NOT NULL DEFAULT '0.000000000000' COMMENT 'Currency Conversion Rate',
  PRIMARY KEY (`currency_from`,`currency_to`),
  KEY `MAG2_DIRECTORY_CURRENCY_RATE_CURRENCY_TO` (`currency_to`)
) ENGINE=InnoDB DEFAULT CHARSET=utf8 COMMENT='Directory Currency Rate';

--
-- Dumping data for table `mag2_directory_currency_rate`
--

INSERT INTO `mag2_directory_currency_rate` VALUES ('EUR','EUR',1.000000000000),('EUR','USD',1.415000000000),('USD','EUR',0.706700000000),('USD','USD',1.000000000000);

--
-- Table structure for table `mag2_downloadable_link`
--

CREATE TABLE `mag2_downloadable_link` (
  `link_id` int(10) unsigned NOT NULL AUTO_INCREMENT COMMENT 'Link ID',
  `product_id` int(10) unsigned NOT NULL DEFAULT '0' COMMENT 'Product ID',
  `sort_order` int(10) unsigned NOT NULL DEFAULT '0' COMMENT 'Sort order',
  `number_of_downloads` int(11) DEFAULT NULL COMMENT 'Number of downloads',
  `is_shareable` smallint(5) unsigned NOT NULL DEFAULT '0' COMMENT 'Shareable flag',
  `link_url` varchar(255) DEFAULT NULL COMMENT 'Link Url',
  `link_file` varchar(255) DEFAULT NULL COMMENT 'Link File',
  `link_type` varchar(20) DEFAULT NULL COMMENT 'Link Type',
  `sample_url` varchar(255) DEFAULT NULL COMMENT 'Sample Url',
  `sample_file` varchar(255) DEFAULT NULL COMMENT 'Sample File',
  `sample_type` varchar(20) DEFAULT NULL COMMENT 'Sample Type',
  PRIMARY KEY (`link_id`),
  KEY `MAG2_DOWNLOADABLE_LINK_PRODUCT_ID_SORT_ORDER` (`product_id`,`sort_order`)
) ENGINE=InnoDB DEFAULT CHARSET=utf8 COMMENT='Downloadable Link Table';

--
-- Dumping data for table `mag2_downloadable_link`
--


--
-- Table structure for table `mag2_downloadable_link_price`
--

CREATE TABLE `mag2_downloadable_link_price` (
  `price_id` int(10) unsigned NOT NULL AUTO_INCREMENT COMMENT 'Price ID',
  `link_id` int(10) unsigned NOT NULL DEFAULT '0' COMMENT 'Link ID',
  `website_id` smallint(5) unsigned NOT NULL DEFAULT '0' COMMENT 'Website ID',
  `price` decimal(12,4) NOT NULL DEFAULT '0.0000' COMMENT 'Price',
  PRIMARY KEY (`price_id`),
  KEY `MAG2_DOWNLOADABLE_LINK_PRICE_LINK_ID` (`link_id`),
  KEY `MAG2_DOWNLOADABLE_LINK_PRICE_WEBSITE_ID` (`website_id`)
) ENGINE=InnoDB DEFAULT CHARSET=utf8 COMMENT='Downloadable Link Price Table';

--
-- Dumping data for table `mag2_downloadable_link_price`
--


--
-- Table structure for table `mag2_downloadable_link_purchased`
--

CREATE TABLE `mag2_downloadable_link_purchased` (
  `purchased_id` int(10) unsigned NOT NULL AUTO_INCREMENT COMMENT 'Purchased ID',
  `order_id` int(10) unsigned DEFAULT '0' COMMENT 'Order ID',
  `order_increment_id` varchar(50) DEFAULT NULL COMMENT 'Order Increment ID',
  `order_item_id` int(10) unsigned NOT NULL DEFAULT '0' COMMENT 'Order Item ID',
  `created_at` timestamp NOT NULL DEFAULT CURRENT_TIMESTAMP COMMENT 'Date of creation',
  `updated_at` timestamp NOT NULL DEFAULT CURRENT_TIMESTAMP ON UPDATE CURRENT_TIMESTAMP COMMENT 'Date of modification',
  `customer_id` int(10) unsigned DEFAULT '0' COMMENT 'Customer ID',
  `product_name` varchar(255) DEFAULT NULL COMMENT 'Product name',
  `product_sku` varchar(255) DEFAULT NULL COMMENT 'Product sku',
  `link_section_title` varchar(255) DEFAULT NULL COMMENT 'Link_section_title',
  PRIMARY KEY (`purchased_id`),
  KEY `MAG2_DOWNLOADABLE_LINK_PURCHASED_ORDER_ID` (`order_id`),
  KEY `MAG2_DOWNLOADABLE_LINK_PURCHASED_ORDER_ITEM_ID` (`order_item_id`),
  KEY `MAG2_DOWNLOADABLE_LINK_PURCHASED_CUSTOMER_ID` (`customer_id`)
) ENGINE=InnoDB DEFAULT CHARSET=utf8 COMMENT='Downloadable Link Purchased Table';

--
-- Dumping data for table `mag2_downloadable_link_purchased`
--


--
-- Table structure for table `mag2_downloadable_link_purchased_item`
--

CREATE TABLE `mag2_downloadable_link_purchased_item` (
  `item_id` int(10) unsigned NOT NULL AUTO_INCREMENT COMMENT 'Item ID',
  `purchased_id` int(10) unsigned NOT NULL DEFAULT '0' COMMENT 'Purchased ID',
  `order_item_id` int(10) unsigned DEFAULT '0' COMMENT 'Order Item ID',
  `product_id` int(10) unsigned DEFAULT '0' COMMENT 'Product ID',
  `link_hash` varchar(255) DEFAULT NULL COMMENT 'Link hash',
  `number_of_downloads_bought` int(10) unsigned NOT NULL DEFAULT '0' COMMENT 'Number of downloads bought',
  `number_of_downloads_used` int(10) unsigned NOT NULL DEFAULT '0' COMMENT 'Number of downloads used',
  `link_id` int(10) unsigned NOT NULL DEFAULT '0' COMMENT 'Link ID',
  `link_title` varchar(255) DEFAULT NULL COMMENT 'Link Title',
  `is_shareable` smallint(5) unsigned NOT NULL DEFAULT '0' COMMENT 'Shareable Flag',
  `link_url` varchar(255) DEFAULT NULL COMMENT 'Link Url',
  `link_file` varchar(255) DEFAULT NULL COMMENT 'Link File',
  `link_type` varchar(255) DEFAULT NULL COMMENT 'Link Type',
  `status` varchar(50) DEFAULT NULL COMMENT 'Status',
  `created_at` timestamp NOT NULL DEFAULT CURRENT_TIMESTAMP COMMENT 'Creation Time',
  `updated_at` timestamp NOT NULL DEFAULT CURRENT_TIMESTAMP ON UPDATE CURRENT_TIMESTAMP COMMENT 'Update Time',
  PRIMARY KEY (`item_id`),
  KEY `MAG2_DOWNLOADABLE_LINK_PURCHASED_ITEM_LINK_HASH` (`link_hash`),
  KEY `MAG2_DOWNLOADABLE_LINK_PURCHASED_ITEM_ORDER_ITEM_ID` (`order_item_id`),
  KEY `MAG2_DOWNLOADABLE_LINK_PURCHASED_ITEM_PURCHASED_ID` (`purchased_id`)
) ENGINE=InnoDB DEFAULT CHARSET=utf8 COMMENT='Downloadable Link Purchased Item Table';

--
-- Dumping data for table `mag2_downloadable_link_purchased_item`
--


--
-- Table structure for table `mag2_downloadable_link_title`
--

CREATE TABLE `mag2_downloadable_link_title` (
  `title_id` int(10) unsigned NOT NULL AUTO_INCREMENT COMMENT 'Title ID',
  `link_id` int(10) unsigned NOT NULL DEFAULT '0' COMMENT 'Link ID',
  `store_id` smallint(5) unsigned NOT NULL DEFAULT '0' COMMENT 'Store ID',
  `title` varchar(255) DEFAULT NULL COMMENT 'Title',
  PRIMARY KEY (`title_id`),
  UNIQUE KEY `MAG2_DOWNLOADABLE_LINK_TITLE_LINK_ID_STORE_ID` (`link_id`,`store_id`),
  KEY `MAG2_DOWNLOADABLE_LINK_TITLE_STORE_ID` (`store_id`)
) ENGINE=InnoDB DEFAULT CHARSET=utf8 COMMENT='Link Title Table';

--
-- Dumping data for table `mag2_downloadable_link_title`
--


--
-- Table structure for table `mag2_downloadable_sample`
--

CREATE TABLE `mag2_downloadable_sample` (
  `sample_id` int(10) unsigned NOT NULL AUTO_INCREMENT COMMENT 'Sample ID',
  `product_id` int(10) unsigned NOT NULL DEFAULT '0' COMMENT 'Product ID',
  `sample_url` varchar(255) DEFAULT NULL COMMENT 'Sample URL',
  `sample_file` varchar(255) DEFAULT NULL COMMENT 'Sample file',
  `sample_type` varchar(20) DEFAULT NULL COMMENT 'Sample Type',
  `sort_order` int(10) unsigned NOT NULL DEFAULT '0' COMMENT 'Sort Order',
  PRIMARY KEY (`sample_id`),
  KEY `MAG2_DOWNLOADABLE_SAMPLE_PRODUCT_ID` (`product_id`)
) ENGINE=InnoDB DEFAULT CHARSET=utf8 COMMENT='Downloadable Sample Table';

--
-- Dumping data for table `mag2_downloadable_sample`
--


--
-- Table structure for table `mag2_downloadable_sample_title`
--

CREATE TABLE `mag2_downloadable_sample_title` (
  `title_id` int(10) unsigned NOT NULL AUTO_INCREMENT COMMENT 'Title ID',
  `sample_id` int(10) unsigned NOT NULL DEFAULT '0' COMMENT 'Sample ID',
  `store_id` smallint(5) unsigned NOT NULL DEFAULT '0' COMMENT 'Store ID',
  `title` varchar(255) DEFAULT NULL COMMENT 'Title',
  PRIMARY KEY (`title_id`),
  UNIQUE KEY `MAG2_DOWNLOADABLE_SAMPLE_TITLE_SAMPLE_ID_STORE_ID` (`sample_id`,`store_id`),
  KEY `MAG2_DOWNLOADABLE_SAMPLE_TITLE_STORE_ID` (`store_id`)
) ENGINE=InnoDB DEFAULT CHARSET=utf8 COMMENT='Downloadable Sample Title Table';

--
-- Dumping data for table `mag2_downloadable_sample_title`
--


--
-- Table structure for table `mag2_eav_attribute`
--

CREATE TABLE `mag2_eav_attribute` (
  `attribute_id` smallint(5) unsigned NOT NULL AUTO_INCREMENT COMMENT 'Attribute Id',
  `entity_type_id` smallint(5) unsigned NOT NULL DEFAULT '0' COMMENT 'Entity Type Id',
  `attribute_code` varchar(255) NOT NULL COMMENT 'Attribute Code',
  `attribute_model` varchar(255) DEFAULT NULL COMMENT 'Attribute Model',
  `backend_model` varchar(255) DEFAULT NULL COMMENT 'Backend Model',
  `backend_type` varchar(8) NOT NULL DEFAULT 'static' COMMENT 'Backend Type',
  `backend_table` varchar(255) DEFAULT NULL COMMENT 'Backend Table',
  `frontend_model` varchar(255) DEFAULT NULL COMMENT 'Frontend Model',
  `frontend_input` varchar(50) DEFAULT NULL COMMENT 'Frontend Input',
  `frontend_label` varchar(255) DEFAULT NULL COMMENT 'Frontend Label',
  `frontend_class` varchar(255) DEFAULT NULL COMMENT 'Frontend Class',
  `source_model` varchar(255) DEFAULT NULL COMMENT 'Source Model',
  `is_required` smallint(5) unsigned NOT NULL DEFAULT '0' COMMENT 'Defines Is Required',
  `is_user_defined` smallint(5) unsigned NOT NULL DEFAULT '0' COMMENT 'Defines Is User Defined',
  `default_value` text COMMENT 'Default Value',
  `is_unique` smallint(5) unsigned NOT NULL DEFAULT '0' COMMENT 'Defines Is Unique',
  `note` varchar(255) DEFAULT NULL COMMENT 'Note',
  PRIMARY KEY (`attribute_id`),
  UNIQUE KEY `MAG2_EAV_ATTRIBUTE_ENTITY_TYPE_ID_ATTRIBUTE_CODE` (`entity_type_id`,`attribute_code`)
) ENGINE=InnoDB AUTO_INCREMENT=196 DEFAULT CHARSET=utf8 COMMENT='Eav Attribute';

--
-- Dumping data for table `mag2_eav_attribute`
--

INSERT INTO `mag2_eav_attribute` VALUES (1,1,'website_id',NULL,'Magento\\Customer\\Model\\Customer\\Attribute\\Backend\\Website','static',NULL,NULL,'select','Associate to Website',NULL,'Magento\\Customer\\Model\\Customer\\Attribute\\Source\\Website',1,0,NULL,0,NULL),(2,1,'store_id',NULL,'Magento\\Customer\\Model\\Customer\\Attribute\\Backend\\Store','static',NULL,NULL,'select','Create In',NULL,'Magento\\Customer\\Model\\Customer\\Attribute\\Source\\Store',1,0,NULL,0,NULL),(3,1,'created_in',NULL,NULL,'static',NULL,NULL,'text','Created From',NULL,NULL,0,0,NULL,0,NULL),(4,1,'prefix',NULL,NULL,'static',NULL,NULL,'text','Name Prefix',NULL,NULL,0,0,NULL,0,NULL),(5,1,'firstname',NULL,NULL,'static',NULL,NULL,'text','First Name',NULL,NULL,1,0,NULL,0,NULL),(6,1,'middlename',NULL,NULL,'static',NULL,NULL,'text','Middle Name/Initial',NULL,NULL,0,0,NULL,0,NULL),(7,1,'lastname',NULL,NULL,'static',NULL,NULL,'text','Last Name',NULL,NULL,1,0,NULL,0,NULL),(8,1,'suffix',NULL,NULL,'static',NULL,NULL,'text','Name Suffix',NULL,NULL,0,0,NULL,0,NULL),(9,1,'email',NULL,NULL,'static',NULL,NULL,'text','Email',NULL,NULL,1,0,NULL,0,NULL),(10,1,'group_id',NULL,NULL,'static',NULL,NULL,'select','Group',NULL,'Magento\\Customer\\Model\\Customer\\Attribute\\Source\\Group',1,0,NULL,0,NULL),(11,1,'dob',NULL,'Magento\\Eav\\Model\\Entity\\Attribute\\Backend\\Datetime','static',NULL,'Magento\\Eav\\Model\\Entity\\Attribute\\Frontend\\Datetime','date','Date of Birth',NULL,NULL,0,0,NULL,0,NULL),(12,1,'password_hash',NULL,'Magento\\Customer\\Model\\Customer\\Attribute\\Backend\\Password','static',NULL,NULL,'hidden',NULL,NULL,NULL,0,0,NULL,0,NULL),(13,1,'rp_token',NULL,NULL,'static',NULL,NULL,'hidden',NULL,NULL,NULL,0,0,NULL,0,NULL),(14,1,'rp_token_created_at',NULL,NULL,'static',NULL,NULL,'date',NULL,NULL,NULL,0,0,NULL,0,NULL),(15,1,'default_billing',NULL,'Magento\\Customer\\Model\\Customer\\Attribute\\Backend\\Billing','static',NULL,NULL,'text','Default Billing Address',NULL,NULL,0,0,NULL,0,NULL),(16,1,'default_shipping',NULL,'Magento\\Customer\\Model\\Customer\\Attribute\\Backend\\Shipping','static',NULL,NULL,'text','Default Shipping Address',NULL,NULL,0,0,NULL,0,NULL),(17,1,'taxvat',NULL,NULL,'static',NULL,NULL,'text','Tax/VAT Number',NULL,NULL,0,0,NULL,0,NULL),(18,1,'confirmation',NULL,NULL,'static',NULL,NULL,'text','Is Confirmed',NULL,NULL,0,0,NULL,0,NULL),(19,1,'created_at',NULL,NULL,'static',NULL,NULL,'date','Created At',NULL,NULL,0,0,NULL,0,NULL),(20,1,'gender',NULL,NULL,'static',NULL,NULL,'select','Gender',NULL,'Magento\\Eav\\Model\\Entity\\Attribute\\Source\\Table',0,0,NULL,0,NULL),(21,1,'disable_auto_group_change',NULL,'Magento\\Customer\\Model\\Attribute\\Backend\\Data\\Boolean','static',NULL,NULL,'boolean','Disable Automatic Group Change Based on VAT ID',NULL,NULL,0,0,'0',0,NULL),(22,2,'prefix',NULL,NULL,'static',NULL,NULL,'text','Name Prefix',NULL,NULL,0,0,NULL,0,NULL),(23,2,'firstname',NULL,NULL,'static',NULL,NULL,'text','First Name',NULL,NULL,1,0,NULL,0,NULL),(24,2,'middlename',NULL,NULL,'static',NULL,NULL,'text','Middle Name/Initial',NULL,NULL,0,0,NULL,0,NULL),(25,2,'lastname',NULL,NULL,'static',NULL,NULL,'text','Last Name',NULL,NULL,1,0,NULL,0,NULL),(26,2,'suffix',NULL,NULL,'static',NULL,NULL,'text','Name Suffix',NULL,NULL,0,0,NULL,0,NULL),(27,2,'company',NULL,NULL,'static',NULL,NULL,'text','Company',NULL,NULL,0,0,NULL,0,NULL),(28,2,'street',NULL,'Magento\\Eav\\Model\\Entity\\Attribute\\Backend\\DefaultBackend','static',NULL,NULL,'multiline','Street Address',NULL,NULL,1,0,NULL,0,NULL),(29,2,'city',NULL,NULL,'static',NULL,NULL,'text','City',NULL,NULL,1,0,NULL,0,NULL),(30,2,'country_id',NULL,NULL,'static',NULL,NULL,'select','Country',NULL,'Magento\\Customer\\Model\\ResourceModel\\Address\\Attribute\\Source\\Country',1,0,NULL,0,NULL),(31,2,'region',NULL,'Magento\\Customer\\Model\\ResourceModel\\Address\\Attribute\\Backend\\Region','static',NULL,NULL,'text','State/Province',NULL,NULL,0,0,NULL,0,NULL),(32,2,'region_id',NULL,NULL,'static',NULL,NULL,'hidden','State/Province',NULL,'Magento\\Customer\\Model\\ResourceModel\\Address\\Attribute\\Source\\Region',0,0,NULL,0,NULL),(33,2,'postcode',NULL,NULL,'static',NULL,NULL,'text','Zip/Postal Code',NULL,NULL,0,0,NULL,0,NULL),(34,2,'telephone',NULL,NULL,'static',NULL,NULL,'text','Phone Number',NULL,NULL,1,0,NULL,0,NULL),(35,2,'fax',NULL,NULL,'static',NULL,NULL,'text','Fax',NULL,NULL,0,0,NULL,0,NULL),(36,2,'vat_id',NULL,NULL,'static',NULL,NULL,'text','VAT Number',NULL,NULL,0,0,NULL,0,NULL),(37,2,'vat_is_valid',NULL,NULL,'static',NULL,NULL,'text','VAT number validity',NULL,NULL,0,0,NULL,0,NULL),(38,2,'vat_request_id',NULL,NULL,'static',NULL,NULL,'text','VAT number validation request ID',NULL,NULL,0,0,NULL,0,NULL),(39,2,'vat_request_date',NULL,NULL,'static',NULL,NULL,'text','VAT number validation request date',NULL,NULL,0,0,NULL,0,NULL),(40,2,'vat_request_success',NULL,NULL,'static',NULL,NULL,'text','VAT number validation request success',NULL,NULL,0,0,NULL,0,NULL),(41,1,'updated_at',NULL,NULL,'static',NULL,NULL,'date','Updated At',NULL,NULL,0,0,NULL,0,NULL),(42,1,'failures_num',NULL,NULL,'static',NULL,NULL,'hidden','Failures Number',NULL,NULL,0,0,NULL,0,NULL),(43,1,'first_failure',NULL,NULL,'static',NULL,NULL,'date','First Failure Date',NULL,NULL,0,0,NULL,0,NULL),(44,1,'lock_expires',NULL,NULL,'static',NULL,NULL,'date','Failures Number',NULL,NULL,0,0,NULL,0,NULL),(45,3,'name',NULL,NULL,'varchar',NULL,NULL,'text','Name',NULL,NULL,1,0,NULL,0,NULL),(46,3,'is_active',NULL,NULL,'int',NULL,NULL,'select','Is Active',NULL,'Magento\\Eav\\Model\\Entity\\Attribute\\Source\\Boolean',1,0,NULL,0,NULL),(47,3,'description',NULL,NULL,'text',NULL,NULL,'textarea','Description',NULL,NULL,0,0,NULL,0,NULL),(48,3,'image',NULL,'Magento\\Catalog\\Model\\Category\\Attribute\\Backend\\Image','varchar',NULL,NULL,'image','Image',NULL,NULL,0,0,NULL,0,NULL),(49,3,'meta_title',NULL,NULL,'varchar',NULL,NULL,'text','Page Title',NULL,NULL,0,0,NULL,0,NULL),(50,3,'meta_keywords',NULL,NULL,'text',NULL,NULL,'textarea','Meta Keywords',NULL,NULL,0,0,NULL,0,NULL),(51,3,'meta_description',NULL,NULL,'text',NULL,NULL,'textarea','Meta Description',NULL,NULL,0,0,NULL,0,NULL),(52,3,'display_mode',NULL,NULL,'varchar',NULL,NULL,'select','Display Mode',NULL,'Magento\\Catalog\\Model\\Category\\Attribute\\Source\\Mode',0,0,NULL,0,NULL),(53,3,'landing_page',NULL,NULL,'int',NULL,NULL,'select','CMS Block',NULL,'Magento\\Catalog\\Model\\Category\\Attribute\\Source\\Page',0,0,NULL,0,NULL),(54,3,'is_anchor',NULL,NULL,'int',NULL,NULL,'select','Is Anchor',NULL,'Magento\\Eav\\Model\\Entity\\Attribute\\Source\\Boolean',0,0,'1',0,NULL),(55,3,'path',NULL,NULL,'static',NULL,NULL,'text','Path',NULL,NULL,0,0,NULL,0,NULL),(56,3,'position',NULL,NULL,'static',NULL,NULL,'text','Position',NULL,NULL,0,0,NULL,0,NULL),(57,3,'all_children',NULL,NULL,'text',NULL,NULL,'text',NULL,NULL,NULL,0,0,NULL,0,NULL),(58,3,'path_in_store',NULL,NULL,'text',NULL,NULL,'text',NULL,NULL,NULL,0,0,NULL,0,NULL),(59,3,'children',NULL,NULL,'text',NULL,NULL,'text',NULL,NULL,NULL,0,0,NULL,0,NULL),(60,3,'custom_design',NULL,NULL,'varchar',NULL,NULL,'select','Custom Design',NULL,'Magento\\Theme\\Model\\Theme\\Source\\Theme',0,0,NULL,0,NULL),(61,3,'custom_design_from','Magento\\Catalog\\Model\\ResourceModel\\Eav\\Attribute','Magento\\Catalog\\Model\\Attribute\\Backend\\Startdate','datetime',NULL,'Magento\\Eav\\Model\\Entity\\Attribute\\Frontend\\Datetime','date','Active From',NULL,NULL,0,0,NULL,0,NULL),(62,3,'custom_design_to',NULL,'Magento\\Eav\\Model\\Entity\\Attribute\\Backend\\Datetime','datetime',NULL,NULL,'date','Active To',NULL,NULL,0,0,NULL,0,NULL),(63,3,'page_layout',NULL,NULL,'varchar',NULL,NULL,'select','Page Layout',NULL,'Magento\\Catalog\\Model\\Category\\Attribute\\Source\\Layout',0,0,NULL,0,NULL),(64,3,'custom_layout_update',NULL,'Magento\\Catalog\\Model\\Attribute\\Backend\\Customlayoutupdate','text',NULL,NULL,'textarea','Custom Layout Update',NULL,NULL,0,0,NULL,0,NULL),(65,3,'level',NULL,NULL,'static',NULL,NULL,'text','Level',NULL,NULL,0,0,NULL,0,NULL),(66,3,'children_count',NULL,NULL,'static',NULL,NULL,'text','Children Count',NULL,NULL,0,0,NULL,0,NULL),(67,3,'available_sort_by',NULL,'Magento\\Catalog\\Model\\Category\\Attribute\\Backend\\Sortby','text',NULL,NULL,'multiselect','Available Product Listing Sort By',NULL,'Magento\\Catalog\\Model\\Category\\Attribute\\Source\\Sortby',1,0,NULL,0,NULL),(68,3,'default_sort_by',NULL,'Magento\\Catalog\\Model\\Category\\Attribute\\Backend\\Sortby','varchar',NULL,NULL,'select','Default Product Listing Sort By',NULL,'Magento\\Catalog\\Model\\Category\\Attribute\\Source\\Sortby',1,0,NULL,0,NULL),(69,3,'include_in_menu',NULL,NULL,'int',NULL,NULL,'select','Include in Navigation Menu',NULL,'Magento\\Eav\\Model\\Entity\\Attribute\\Source\\Boolean',1,0,'1',0,NULL),(70,3,'custom_use_parent_settings',NULL,NULL,'int',NULL,NULL,'select','Use Parent Category Settings',NULL,'Magento\\Eav\\Model\\Entity\\Attribute\\Source\\Boolean',0,0,NULL,0,NULL),(71,3,'custom_apply_to_products',NULL,NULL,'int',NULL,NULL,'select','Apply To Products',NULL,'Magento\\Eav\\Model\\Entity\\Attribute\\Source\\Boolean',0,0,NULL,0,NULL),(72,3,'filter_price_range',NULL,NULL,'decimal',NULL,NULL,'text','Layered Navigation Price Step',NULL,NULL,0,0,NULL,0,NULL),(73,4,'name',NULL,NULL,'varchar',NULL,NULL,'text','Product Name','validate-length maximum-length-255',NULL,1,0,NULL,0,NULL),(74,4,'sku',NULL,'Magento\\Catalog\\Model\\Product\\Attribute\\Backend\\Sku','static',NULL,NULL,'text','SKU','validate-length maximum-length-64',NULL,1,0,NULL,1,NULL),(75,4,'description',NULL,NULL,'text',NULL,NULL,'textarea','Description',NULL,NULL,0,0,NULL,0,NULL),(76,4,'short_description',NULL,NULL,'text',NULL,NULL,'textarea','Short Description',NULL,NULL,0,0,NULL,0,NULL),(77,4,'price',NULL,'Magento\\Catalog\\Model\\Product\\Attribute\\Backend\\Price','decimal',NULL,NULL,'price','Price',NULL,NULL,1,0,NULL,0,NULL),(78,4,'special_price',NULL,'Magento\\Catalog\\Model\\Product\\Attribute\\Backend\\Price','decimal',NULL,NULL,'price','Special Price',NULL,NULL,0,0,NULL,0,NULL),(79,4,'special_from_date',NULL,'Magento\\Catalog\\Model\\Attribute\\Backend\\Startdate','datetime',NULL,NULL,'date','Special Price From Date',NULL,NULL,0,0,NULL,0,NULL),(80,4,'special_to_date',NULL,'Magento\\Eav\\Model\\Entity\\Attribute\\Backend\\Datetime','datetime',NULL,NULL,'date','Special Price To Date',NULL,NULL,0,0,NULL,0,NULL),(81,4,'cost',NULL,'Magento\\Catalog\\Model\\Product\\Attribute\\Backend\\Price','decimal',NULL,NULL,'price','Cost',NULL,NULL,0,1,NULL,0,NULL),(82,4,'weight',NULL,'Magento\\Catalog\\Model\\Product\\Attribute\\Backend\\Weight','decimal',NULL,NULL,'weight','Weight',NULL,NULL,0,0,NULL,0,NULL),(83,4,'manufacturer',NULL,NULL,'int',NULL,NULL,'select','Manufacturer',NULL,NULL,0,1,'',0,NULL),(84,4,'meta_title',NULL,NULL,'varchar',NULL,NULL,'text','Meta Title',NULL,NULL,0,0,NULL,0,NULL),(85,4,'meta_keyword',NULL,NULL,'text',NULL,NULL,'textarea','Meta Keywords',NULL,NULL,0,0,NULL,0,NULL),(86,4,'meta_description',NULL,NULL,'varchar',NULL,NULL,'textarea','Meta Description',NULL,NULL,0,0,NULL,0,'Maximum 255 chars. Meta Description should optimally be between 150-160 characters'),(87,4,'image',NULL,NULL,'varchar',NULL,'Magento\\Catalog\\Model\\Product\\Attribute\\Frontend\\Image','media_image','Base',NULL,NULL,0,0,NULL,0,NULL),(88,4,'small_image',NULL,NULL,'varchar',NULL,'Magento\\Catalog\\Model\\Product\\Attribute\\Frontend\\Image','media_image','Small',NULL,NULL,0,0,NULL,0,NULL),(89,4,'thumbnail',NULL,NULL,'varchar',NULL,'Magento\\Catalog\\Model\\Product\\Attribute\\Frontend\\Image','media_image','Thumbnail',NULL,NULL,0,0,NULL,0,NULL),(90,4,'media_gallery',NULL,NULL,'static',NULL,NULL,'gallery','Media Gallery',NULL,NULL,0,0,NULL,0,NULL),(91,4,'old_id',NULL,NULL,'int',NULL,NULL,'text',NULL,NULL,NULL,0,0,NULL,0,NULL),(92,4,'tier_price',NULL,'Magento\\Catalog\\Model\\Product\\Attribute\\Backend\\Tierprice','decimal',NULL,NULL,'text','Tier Price',NULL,NULL,0,0,NULL,0,NULL),(93,4,'color','Magento\\Catalog\\Model\\ResourceModel\\Eav\\Attribute','Magento\\Eav\\Model\\Entity\\Attribute\\Backend\\DefaultBackend','int',NULL,NULL,'select','Color',NULL,NULL,0,1,'option_19',0,NULL),(94,4,'news_from_date',NULL,'Magento\\Catalog\\Model\\Attribute\\Backend\\Startdate','datetime',NULL,NULL,'date','Set Product as New from Date',NULL,NULL,0,0,NULL,0,NULL),(95,4,'news_to_date',NULL,'Magento\\Eav\\Model\\Entity\\Attribute\\Backend\\Datetime','datetime',NULL,NULL,'date','Set Product as New to Date',NULL,NULL,0,0,NULL,0,NULL),(96,4,'gallery',NULL,NULL,'varchar',NULL,NULL,'gallery','Image Gallery',NULL,NULL,0,0,NULL,0,NULL),(97,4,'status',NULL,NULL,'int',NULL,NULL,'select','Enable Product',NULL,'Magento\\Catalog\\Model\\Product\\Attribute\\Source\\Status',0,0,'1',0,NULL),(98,4,'minimal_price',NULL,'Magento\\Catalog\\Model\\Product\\Attribute\\Backend\\Price','decimal',NULL,NULL,'price','Minimal Price',NULL,NULL,0,0,NULL,0,NULL),(99,4,'visibility',NULL,NULL,'int',NULL,NULL,'select','Visibility',NULL,'Magento\\Catalog\\Model\\Product\\Visibility',0,0,'4',0,NULL),(100,4,'custom_design',NULL,NULL,'varchar',NULL,NULL,'select','New Theme',NULL,'Magento\\Theme\\Model\\Theme\\Source\\Theme',0,0,NULL,0,NULL),(101,4,'custom_design_from',NULL,'Magento\\Catalog\\Model\\Attribute\\Backend\\Startdate','datetime',NULL,NULL,'date','Active From',NULL,NULL,0,0,NULL,0,NULL),(102,4,'custom_design_to',NULL,'Magento\\Eav\\Model\\Entity\\Attribute\\Backend\\Datetime','datetime',NULL,NULL,'date','Active To',NULL,NULL,0,0,NULL,0,NULL),(103,4,'custom_layout_update',NULL,'Magento\\Catalog\\Model\\Attribute\\Backend\\Customlayoutupdate','text',NULL,NULL,'textarea','Layout Update XML',NULL,NULL,0,0,NULL,0,NULL),(104,4,'page_layout',NULL,NULL,'varchar',NULL,NULL,'select','Layout',NULL,'Magento\\Catalog\\Model\\Product\\Attribute\\Source\\Layout',0,0,NULL,0,NULL),(105,4,'category_ids',NULL,'Magento\\Catalog\\Model\\Product\\Attribute\\Backend\\Category','static',NULL,NULL,'text','Categories',NULL,NULL,0,0,NULL,0,NULL),(106,4,'options_container',NULL,NULL,'varchar',NULL,NULL,'select','Display Product Options In',NULL,'Magento\\Catalog\\Model\\Entity\\Product\\Attribute\\Design\\Options\\Container',0,0,'container2',0,NULL),(107,4,'required_options',NULL,NULL,'static',NULL,NULL,'text',NULL,NULL,NULL,0,0,NULL,0,NULL),(108,4,'has_options',NULL,NULL,'static',NULL,NULL,'text',NULL,NULL,NULL,0,0,NULL,0,NULL),(109,4,'image_label',NULL,NULL,'varchar',NULL,NULL,'text','Image Label',NULL,NULL,0,0,NULL,0,NULL),(110,4,'small_image_label',NULL,NULL,'varchar',NULL,NULL,'text','Small Image Label',NULL,NULL,0,0,NULL,0,NULL),(111,4,'thumbnail_label',NULL,NULL,'varchar',NULL,NULL,'text','Thumbnail Label',NULL,NULL,0,0,NULL,0,NULL),(112,4,'created_at',NULL,NULL,'static',NULL,NULL,'date',NULL,NULL,NULL,1,0,NULL,0,NULL),(113,4,'updated_at',NULL,NULL,'static',NULL,NULL,'date',NULL,NULL,NULL,1,0,NULL,0,NULL),(114,4,'country_of_manufacture',NULL,NULL,'varchar',NULL,NULL,'select','Country of Manufacture',NULL,'Magento\\Catalog\\Model\\Product\\Attribute\\Source\\Countryofmanufacture',0,0,NULL,0,NULL),(115,4,'quantity_and_stock_status',NULL,'Magento\\Catalog\\Model\\Product\\Attribute\\Backend\\Stock','int',NULL,NULL,'select','Quantity',NULL,'Magento\\CatalogInventory\\Model\\Source\\Stock',0,0,'1',0,NULL),(116,4,'custom_layout',NULL,NULL,'varchar',NULL,NULL,'select','New Layout',NULL,'Magento\\Catalog\\Model\\Product\\Attribute\\Source\\Layout',0,0,NULL,0,NULL),(117,4,'price_type',NULL,NULL,'int',NULL,NULL,'boolean','Dynamic Price',NULL,NULL,1,0,'0',0,NULL),(118,4,'sku_type',NULL,NULL,'int',NULL,NULL,'boolean','Dynamic SKU',NULL,NULL,1,0,'0',0,NULL),(119,4,'weight_type',NULL,NULL,'int',NULL,NULL,'boolean','Dynamic Weight',NULL,NULL,1,0,'0',0,NULL),(120,4,'price_view',NULL,NULL,'int',NULL,NULL,'select','Price View',NULL,'Magento\\Bundle\\Model\\Product\\Attribute\\Source\\Price\\View',1,0,NULL,0,NULL),(121,4,'shipment_type',NULL,NULL,'int',NULL,NULL,'select','Ship Bundle Items',NULL,'Magento\\Bundle\\Model\\Product\\Attribute\\Source\\Shipment\\Type',1,0,'0',0,NULL),(122,4,'msrp',NULL,'Magento\\Catalog\\Model\\Product\\Attribute\\Backend\\Price','decimal',NULL,NULL,'price','Manufacturer\'s Suggested Retail Price',NULL,NULL,0,0,NULL,0,NULL),(123,4,'msrp_display_actual_price_type',NULL,'Magento\\Catalog\\Model\\Product\\Attribute\\Backend\\Boolean','varchar',NULL,NULL,'select','Display Actual Price',NULL,'Magento\\Msrp\\Model\\Product\\Attribute\\Source\\Type\\Price',0,0,'0',0,NULL),(124,3,'url_key',NULL,NULL,'varchar',NULL,NULL,'text','URL Key',NULL,NULL,0,0,NULL,0,NULL),(125,3,'url_path',NULL,NULL,'varchar',NULL,NULL,'text',NULL,NULL,NULL,0,0,NULL,0,NULL),(126,4,'url_key',NULL,NULL,'varchar',NULL,NULL,'text','URL Key',NULL,NULL,0,0,NULL,0,NULL),(127,4,'url_path',NULL,NULL,'varchar',NULL,NULL,'text',NULL,NULL,NULL,0,0,NULL,0,NULL),(128,4,'links_purchased_separately',NULL,NULL,'int',NULL,NULL,NULL,'Links can be purchased separately',NULL,NULL,1,0,NULL,0,NULL),(129,4,'samples_title',NULL,NULL,'varchar',NULL,NULL,NULL,'Samples title',NULL,NULL,1,0,NULL,0,NULL),(130,4,'links_title',NULL,NULL,'varchar',NULL,NULL,NULL,'Links title',NULL,NULL,1,0,NULL,0,NULL),(131,4,'links_exist',NULL,NULL,'int',NULL,NULL,NULL,NULL,NULL,NULL,0,0,'0',0,NULL),(132,4,'tax_class_id',NULL,NULL,'int',NULL,NULL,'select','Tax Class',NULL,'Magento\\Tax\\Model\\TaxClass\\Source\\Product',0,0,'2',0,NULL),(133,4,'gift_message_available',NULL,'Magento\\Catalog\\Model\\Product\\Attribute\\Backend\\Boolean','varchar',NULL,NULL,'select','Allow Gift Message',NULL,'Magento\\Catalog\\Model\\Product\\Attribute\\Source\\Boolean',0,0,NULL,0,NULL),(139,4,'gender',NULL,'Magento\\Eav\\Model\\Entity\\Attribute\\Backend\\ArrayBackend','varchar',NULL,NULL,'multiselect','Gender',NULL,NULL,0,1,'',0,NULL),(140,4,'category_gear',NULL,'Magento\\Eav\\Model\\Entity\\Attribute\\Backend\\ArrayBackend','varchar',NULL,NULL,'multiselect','Category Gear',NULL,NULL,0,1,'',0,NULL),(141,4,'size',NULL,'Magento\\Eav\\Model\\Entity\\Attribute\\Backend\\DefaultBackend','int',NULL,NULL,'select','Size',NULL,NULL,0,1,'91',0,NULL),(142,4,'eco_collection',NULL,NULL,'int',NULL,NULL,'boolean','Eco Collection',NULL,'Magento\\Eav\\Model\\Entity\\Attribute\\Source\\Boolean',0,1,'',0,NULL),(143,4,'performance_fabric',NULL,NULL,'int',NULL,NULL,'boolean','Performance Fabric',NULL,'Magento\\Eav\\Model\\Entity\\Attribute\\Source\\Boolean',0,1,'',0,NULL),(144,4,'erin_recommends',NULL,NULL,'int',NULL,NULL,'boolean','Erin Recommends',NULL,'Magento\\Eav\\Model\\Entity\\Attribute\\Source\\Boolean',0,1,'',0,NULL),(145,4,'new',NULL,NULL,'int',NULL,NULL,'boolean','New',NULL,'Magento\\Eav\\Model\\Entity\\Attribute\\Source\\Boolean',0,1,'',0,NULL),(146,4,'sale',NULL,NULL,'int',NULL,NULL,'boolean','Sale',NULL,'Magento\\Eav\\Model\\Entity\\Attribute\\Source\\Boolean',0,1,'',0,NULL),(147,4,'format','Magento\\Catalog\\Model\\ResourceModel\\Eav\\Attribute','Magento\\Eav\\Model\\Entity\\Attribute\\Backend\\DefaultBackend','int',NULL,NULL,'select','Format',NULL,'Magento\\Eav\\Model\\Entity\\Attribute\\Source\\Table',0,1,'',0,NULL),(154,4,'swatch_image',NULL,NULL,'varchar',NULL,'Magento\\Catalog\\Model\\Product\\Attribute\\Frontend\\Image','media_image','Swatch',NULL,NULL,0,0,NULL,0,NULL),(155,4,'ts_dimensions_length',NULL,NULL,'decimal',NULL,NULL,'text','Length',NULL,NULL,0,0,NULL,0,NULL),(156,4,'ts_dimensions_width',NULL,NULL,'decimal',NULL,NULL,'text','Width',NULL,NULL,0,0,NULL,0,NULL),(157,4,'ts_dimensions_height',NULL,NULL,'decimal',NULL,NULL,'text','Height',NULL,NULL,0,0,NULL,0,NULL),(158,4,'thm_featured',NULL,NULL,'int',NULL,NULL,'boolean','Featured Product',NULL,'Magento\\Eav\\Model\\Entity\\Attribute\\Source\\Boolean',0,0,'0',0,NULL),(159,4,'img_hover',NULL,NULL,'varchar',NULL,'Magento\\Catalog\\Model\\Product\\Attribute\\Frontend\\Image','media_image','Hover Image',NULL,NULL,0,0,NULL,0,NULL),(160,3,'ys_nav_simple',NULL,NULL,'int',NULL,NULL,'select','Apply simple mode (shows only tree)',NULL,'Magento\\Eav\\Model\\Entity\\Attribute\\Source\\Boolean',0,0,NULL,0,NULL),(161,3,'ys_nav_simple_width',NULL,NULL,'text',NULL,NULL,'text','Simple Menu Width',NULL,NULL,0,0,NULL,0,NULL),(162,3,'ys_nav_btm',NULL,NULL,'text',NULL,NULL,'textarea','Html block under menu ',NULL,NULL,0,0,NULL,0,'This field is compatible only with 1st-level category'),(163,3,'ys_nav_top',NULL,NULL,'text',NULL,NULL,'textarea','Top Html',NULL,NULL,0,0,NULL,0,NULL),(164,3,'ys_nav_left',NULL,NULL,'text',NULL,NULL,'textarea','Left Html',NULL,NULL,0,0,NULL,0,NULL),(165,3,'ys_nav_left_width',NULL,NULL,'text',NULL,NULL,'select','Left Html Width',NULL,'Ecomwares\\Wkmegamenu\\Model\\Attribute\\Columnsgrid',0,0,'3',0,NULL),(166,3,'ys_nav_right',NULL,NULL,'text',NULL,NULL,'textarea','Megamenu Vertical Right Html',NULL,NULL,0,0,NULL,0,'This field is compatible only with 1st-level category'),(167,3,'ys_nav_right_width',NULL,NULL,'text',NULL,NULL,'select','Right Html Width',NULL,'Ecomwares\\Wkmegamenu\\Model\\Attribute\\Columnsgrid',0,0,'3',0,NULL),(168,3,'ys_category_lable',NULL,NULL,'text',NULL,NULL,'text','Category label, for ex. \"Hot!\"',NULL,NULL,0,0,NULL,0,'This field is compatible only with 1st-level category megamenu'),(169,3,'ys_label_color',NULL,NULL,'text',NULL,NULL,'text','Category label background color',NULL,NULL,0,0,NULL,0,'This field is compatible only with 1st-level category megamenu'),(170,3,'ys_data_tm_width',NULL,NULL,'text',NULL,NULL,'select','Top Menu Dropdown Width',NULL,'Ecomwares\\Wkmegamenu\\Model\\Attribute\\Menuwidth',0,0,'1170',0,NULL),(171,3,'ys_data_tm_align_vertical',NULL,NULL,'text',NULL,NULL,'select','Top Menu Dropdown Align Vertical',NULL,'Ecomwares\\Wkmegamenu\\Model\\Attribute\\Alignvertical',0,0,'menu-bottom',0,NULL),(172,3,'ys_data_tm_align_horizontal',NULL,NULL,'text',NULL,NULL,'select','Top Menu Dropdown Align Horizontal',NULL,'Ecomwares\\Wkmegamenu\\Model\\Attribute\\Alignhorizontal',0,0,'menu-left',0,NULL),(173,3,'ys_products_list_type',NULL,NULL,'text',NULL,NULL,'select','Select Gallery Type',NULL,'Ecomwares\\Wkmegamenu\\Model\\Attribute\\CarouselType',0,0,'horizontal',0,NULL),(174,3,'ys_gal_proportion',NULL,NULL,'text',NULL,NULL,'select','Gallery-Banner cols width proportion',NULL,'Ecomwares\\Wkmegamenu\\Model\\Attribute\\GalleryProp',0,0,'cwc-1-2',0,NULL),(175,3,'ys_gal_order',NULL,NULL,'text',NULL,NULL,'select','Gallery-Banner sort order',NULL,'Ecomwares\\Wkmegamenu\\Model\\Attribute\\GalleryOrder',0,0,'ban-gal',0,NULL),(176,3,'ys_products_title',NULL,NULL,'text',NULL,NULL,'text','Product\'s block title',NULL,NULL,0,0,NULL,0,NULL),(177,3,'ys_products_ids',NULL,NULL,'text',NULL,NULL,'text','Product\'s ids, separated by commas',NULL,NULL,0,0,NULL,0,'Minimum two ids, only simple products'),(178,3,'ys_columns',NULL,NULL,'text',NULL,NULL,'select','Columns categories per row',NULL,'Ecomwares\\Wkmegamenu\\Model\\Attribute\\Columns',0,0,'3',0,NULL),(179,3,'ys_cat_image',NULL,NULL,'text',NULL,NULL,'textarea','Insert Image to 2-lvl category',NULL,NULL,0,0,NULL,0,NULL),(180,4,'age',NULL,'Magento\\Eav\\Model\\Entity\\Attribute\\Backend\\ArrayBackend','varchar',NULL,NULL,'multiselect','AGE',NULL,NULL,0,1,'',0,NULL),(181,1,'skype',NULL,NULL,'varchar',NULL,NULL,'text','Phone Number',NULL,NULL,0,1,NULL,0,NULL),(186,4,'size_chart',NULL,NULL,'int',NULL,NULL,'select','size chart',NULL,'Magento\\Eav\\Model\\Entity\\Attribute\\Source\\Table',0,1,'',0,NULL),(187,4,'size_chart_measure',NULL,NULL,'int',NULL,NULL,'select','size chart measure',NULL,'Magento\\Eav\\Model\\Entity\\Attribute\\Source\\Table',0,1,'',0,NULL),(188,1,'sample_attribute',NULL,NULL,'varchar',NULL,NULL,'text','Phone',NULL,NULL,0,1,NULL,0,NULL),(189,4,'shirt',NULL,NULL,'int',NULL,NULL,'select','Shirt',NULL,'Magento\\Eav\\Model\\Entity\\Attribute\\Source\\Table',0,1,'',0,NULL),(190,4,'dress',NULL,NULL,'int',NULL,NULL,'select','Dress',NULL,'Magento\\Eav\\Model\\Entity\\Attribute\\Source\\Table',0,1,'',0,NULL),(191,4,'dress_length',NULL,NULL,'int',NULL,NULL,'select','Dress length',NULL,'Magento\\Eav\\Model\\Entity\\Attribute\\Source\\Table',0,1,'',0,NULL),(192,4,'pant_waist',NULL,NULL,'int',NULL,NULL,'select','Pant waist',NULL,'Magento\\Eav\\Model\\Entity\\Attribute\\Source\\Table',0,1,'',0,NULL),(193,4,'pant_length',NULL,NULL,'int',NULL,NULL,'select','Pant length',NULL,'Magento\\Eav\\Model\\Entity\\Attribute\\Source\\Table',0,1,'',0,NULL),(194,4,'jacket',NULL,NULL,'int',NULL,NULL,'select','Jacket',NULL,'Magento\\Eav\\Model\\Entity\\Attribute\\Source\\Table',0,1,'',0,NULL),(195,4,'top','Magento\\Catalog\\Model\\ResourceModel\\Eav\\Attribute','Magento\\Eav\\Model\\Entity\\Attribute\\Backend\\DefaultBackend','int',NULL,NULL,'select','Top',NULL,'Magento\\Eav\\Model\\Entity\\Attribute\\Source\\Table',0,1,NULL,0,NULL);

--
-- Table structure for table `mag2_eav_attribute_group`
--

CREATE TABLE `mag2_eav_attribute_group` (
  `attribute_group_id` smallint(5) unsigned NOT NULL AUTO_INCREMENT COMMENT 'Attribute Group Id',
  `attribute_set_id` smallint(5) unsigned NOT NULL DEFAULT '0' COMMENT 'Attribute Set Id',
  `attribute_group_name` varchar(255) DEFAULT NULL COMMENT 'Attribute Group Name',
  `sort_order` smallint(6) NOT NULL DEFAULT '0' COMMENT 'Sort Order',
  `default_id` smallint(5) unsigned DEFAULT '0' COMMENT 'Default Id',
  `attribute_group_code` varchar(255) NOT NULL COMMENT 'Attribute Group Code',
  `tab_group_code` varchar(255) DEFAULT NULL COMMENT 'Tab Group Code',
  PRIMARY KEY (`attribute_group_id`),
  UNIQUE KEY `MAG2_CAT_CTGR_PRD_ATTR_SET_ID_ATTR_GROUP_CODE` (`attribute_set_id`,`attribute_group_code`),
  UNIQUE KEY `MAG2_EAV_ATTRIBUTE_GROUP_ATTRIBUTE_SET_ID_ATTRIBUTE_GROUP_NAME` (`attribute_set_id`,`attribute_group_name`),
  KEY `MAG2_EAV_ATTRIBUTE_GROUP_ATTRIBUTE_SET_ID_SORT_ORDER` (`attribute_set_id`,`sort_order`)
) ENGINE=InnoDB AUTO_INCREMENT=92 DEFAULT CHARSET=utf8 COMMENT='Eav Attribute Group';

--
-- Dumping data for table `mag2_eav_attribute_group`
--

INSERT INTO `mag2_eav_attribute_group` VALUES (1,1,'General',1,1,'general',NULL),(2,2,'General',1,1,'general',NULL),(3,3,'General',10,1,'general',NULL),(4,3,'General Information',2,0,'general-information',NULL),(5,3,'Display Settings',20,0,'display-settings',NULL),(6,3,'Custom Design',30,0,'custom-design',NULL),(7,4,'Product Details',1,1,'product-details','basic'),(8,4,'Advanced Pricing',6,0,'advanced-pricing','advanced'),(9,4,'Search Engine Optimization',5,0,'search-engine-optimization','basic'),(10,4,'Image Management',4,0,'image-management','basic'),(11,4,'Design',7,0,'design','advanced'),(12,4,'Autosettings',9,0,'autosettings','advanced'),(13,4,'Content',2,0,'content','basic'),(14,4,'Schedule Design Update',8,0,'schedule-design-update','advanced'),(15,4,'Bundle Items',3,0,'bundle-items',NULL),(16,5,'General',1,1,'general',NULL),(17,6,'General',1,1,'general',NULL),(18,7,'General',1,1,'general',NULL),(19,8,'General',1,1,'general',NULL),(20,4,'Gift Options',10,0,'gift-options',NULL),(21,9,'Gift Options',61,0,'gift-options',NULL),(22,9,'Autosettings',60,0,'autosettings','advanced'),(23,9,'Schedule Design Update',55,0,'schedule-design-update','advanced'),(24,9,'Design',50,0,'design','advanced'),(25,9,'Advanced Pricing',40,0,'advanced-pricing','advanced'),(26,9,'Search Engine Optimization',30,0,'search-engine-optimization','basic'),(27,9,'Image Management',20,0,'image-management','basic'),(28,9,'Bundle Items',16,0,'bundle-items',NULL),(29,9,'Content',15,0,'content','basic'),(30,9,'Product Details',10,1,'product-details','basic'),(31,10,'Gift Options',61,0,'gift-options',NULL),(32,10,'Autosettings',60,0,'autosettings','advanced'),(33,10,'Schedule Design Update',55,0,'schedule-design-update','advanced'),(34,10,'Design',50,0,'design','advanced'),(35,10,'Advanced Pricing',40,0,'advanced-pricing','advanced'),(36,10,'Search Engine Optimization',30,0,'search-engine-optimization','basic'),(37,10,'Image Management',20,0,'image-management','basic'),(38,10,'Bundle Items',16,0,'bundle-items',NULL),(39,10,'Content',15,0,'content','basic'),(40,10,'Product Details',10,1,'product-details','basic'),(41,11,'Gift Options',61,0,'gift-options',NULL),(42,11,'Autosettings',60,0,'autosettings','advanced'),(43,11,'Schedule Design Update',55,0,'schedule-design-update','advanced'),(44,11,'Design',50,0,'design','advanced'),(45,11,'Advanced Pricing',40,0,'advanced-pricing','advanced'),(46,11,'Search Engine Optimization',30,0,'search-engine-optimization','basic'),(47,11,'Image Management',20,0,'image-management','basic'),(48,11,'Bundle Items',16,0,'bundle-items',NULL),(49,11,'Content',15,0,'content','basic'),(50,11,'Product Details',10,1,'product-details','basic'),(51,12,'Gift Options',61,0,'gift-options',NULL),(52,12,'Autosettings',60,0,'autosettings','advanced'),(53,12,'Schedule Design Update',55,0,'schedule-design-update','advanced'),(54,12,'Design',50,0,'design','advanced'),(55,12,'Advanced Pricing',40,0,'advanced-pricing','advanced'),(56,12,'Search Engine Optimization',30,0,'search-engine-optimization','basic'),(57,12,'Image Management',20,0,'image-management','basic'),(58,12,'Bundle Items',16,0,'bundle-items',NULL),(59,12,'Content',15,0,'content','basic'),(60,12,'Product Details',10,1,'product-details','basic'),(61,13,'Gift Options',61,0,'gift-options',NULL),(62,13,'Autosettings',60,0,'autosettings','advanced'),(63,13,'Schedule Design Update',55,0,'schedule-design-update','advanced'),(64,13,'Design',50,0,'design','advanced'),(65,13,'Advanced Pricing',40,0,'advanced-pricing','advanced'),(66,13,'Search Engine Optimization',30,0,'search-engine-optimization','basic'),(67,13,'Image Management',20,0,'image-management','basic'),(68,13,'Bundle Items',16,0,'bundle-items',NULL),(69,13,'Content',15,0,'content','basic'),(70,13,'Product Details',10,1,'product-details','basic'),(71,14,'Gift Options',61,0,'gift-options',NULL),(72,14,'Autosettings',60,0,'autosettings','advanced'),(73,14,'Schedule Design Update',55,0,'schedule-design-update','advanced'),(74,14,'Design',50,0,'design','advanced'),(75,14,'Advanced Pricing',40,0,'advanced-pricing','advanced'),(76,14,'Search Engine Optimization',30,0,'search-engine-optimization','basic'),(77,14,'Image Management',20,0,'image-management','basic'),(78,14,'Bundle Items',16,0,'bundle-items',NULL),(79,14,'Content',15,0,'content','basic'),(80,14,'Product Details',10,1,'product-details','basic'),(81,15,'Gift Options',61,0,'gift-options',NULL),(82,15,'Autosettings',60,0,'autosettings','advanced'),(83,15,'Schedule Design Update',55,0,'schedule-design-update','advanced'),(84,15,'Design',50,0,'design','advanced'),(85,15,'Advanced Pricing',40,0,'advanced-pricing','advanced'),(86,15,'Search Engine Optimization',30,0,'search-engine-optimization','basic'),(87,15,'Image Management',20,0,'image-management','basic'),(88,15,'Bundle Items',16,0,'bundle-items',NULL),(89,15,'Content',15,0,'content','basic'),(90,15,'Product Details',10,1,'product-details','basic'),(91,3,'Wokiee Megamenu',31,0,'wokiee-megamenu',NULL);

--
-- Table structure for table `mag2_eav_attribute_label`
--

CREATE TABLE `mag2_eav_attribute_label` (
  `attribute_label_id` int(10) unsigned NOT NULL AUTO_INCREMENT COMMENT 'Attribute Label Id',
  `attribute_id` smallint(5) unsigned NOT NULL DEFAULT '0' COMMENT 'Attribute Id',
  `store_id` smallint(5) unsigned NOT NULL DEFAULT '0' COMMENT 'Store Id',
  `value` varchar(255) DEFAULT NULL COMMENT 'Value',
  PRIMARY KEY (`attribute_label_id`),
  KEY `MAG2_EAV_ATTRIBUTE_LABEL_STORE_ID` (`store_id`),
  KEY `MAG2_EAV_ATTRIBUTE_LABEL_ATTRIBUTE_ID_STORE_ID` (`attribute_id`,`store_id`)
) ENGINE=InnoDB AUTO_INCREMENT=205 DEFAULT CHARSET=utf8 COMMENT='Eav Attribute Label';

--
-- Dumping data for table `mag2_eav_attribute_label`
--

INSERT INTO `mag2_eav_attribute_label` VALUES (6,140,1,'Category'),(88,139,1,'Gendar'),(91,180,1,'Age'),(120,77,1,'Price'),(138,192,1,'Pant waist'),(143,193,1,'Pant length'),(146,83,1,'Brands'),(147,195,1,'Top'),(151,189,1,'Shirt'),(181,191,1,'Dress length'),(194,141,1,'Size'),(196,93,1,'Color'),(204,194,1,'Jacket');

--
-- Table structure for table `mag2_eav_attribute_option`
--

CREATE TABLE `mag2_eav_attribute_option` (
  `option_id` int(10) unsigned NOT NULL AUTO_INCREMENT COMMENT 'Option Id',
  `attribute_id` smallint(5) unsigned NOT NULL DEFAULT '0' COMMENT 'Attribute Id',
  `sort_order` smallint(5) unsigned NOT NULL DEFAULT '0' COMMENT 'Sort Order',
  PRIMARY KEY (`option_id`),
  KEY `MAG2_EAV_ATTRIBUTE_OPTION_ATTRIBUTE_ID` (`attribute_id`)
) ENGINE=InnoDB AUTO_INCREMENT=329 DEFAULT CHARSET=utf8 COMMENT='Eav Attribute Option';

--
-- Dumping data for table `mag2_eav_attribute_option`
--

INSERT INTO `mag2_eav_attribute_option` VALUES (1,20,0),(2,20,1),(3,20,3),(49,93,0),(50,93,1),(51,93,2),(52,93,3),(53,93,4),(54,93,5),(55,93,6),(56,93,7),(57,93,8),(58,93,9),(59,93,10),(60,93,11),(82,139,2),(83,139,3),(85,140,0),(86,140,1),(87,140,2),(88,140,3),(89,140,4),(90,140,5),(91,141,0),(92,141,2),(93,141,4),(94,141,6),(95,141,8),(96,141,10),(97,142,0),(98,143,0),(99,144,0),(100,145,0),(101,146,0),(102,147,0),(103,147,1),(167,141,1),(168,141,3),(169,141,5),(170,141,7),(171,141,9),(213,147,3),(214,147,4),(215,83,1),(216,83,2),(217,83,3),(218,83,4),(219,83,5),(220,180,1),(221,180,2),(222,180,3),(223,180,4),(224,180,5),(225,180,6),(226,186,1),(227,187,1),(228,141,12),(229,141,13),(230,141,14),(231,141,15),(232,141,16),(233,141,17),(234,189,1),(235,189,2),(236,189,3),(237,190,1),(238,190,2),(239,190,3),(240,190,4),(241,191,1),(242,191,2),(243,191,3),(244,191,4),(245,191,5),(246,191,6),(247,191,7),(248,191,8),(249,191,9),(250,191,10),(251,191,11),(252,191,12),(253,192,1),(254,192,2),(255,192,3),(256,192,4),(257,192,5),(258,192,6),(259,192,7),(260,192,8),(261,192,9),(262,192,10),(263,192,11),(264,192,12),(265,192,13),(266,193,1),(267,193,2),(268,193,3),(269,193,4),(270,193,5),(271,193,6),(272,194,1),(273,194,2),(274,194,3),(275,194,4),(276,194,5),(277,195,1),(278,195,2),(279,195,3),(280,195,4),(281,195,5),(282,193,7),(283,193,8),(284,193,9),(285,193,10),(286,195,6),(287,194,6),(288,83,6),(289,189,4),(290,189,5),(291,189,6),(293,93,14),(294,93,14),(295,93,15),(296,93,16),(297,93,17),(298,93,21),(300,93,19),(301,191,13),(302,191,14),(303,191,15),(304,191,16),(305,191,17),(306,191,18),(307,191,19),(308,191,20),(309,191,21),(310,191,22),(311,191,23),(312,191,24),(313,191,25),(314,191,26),(315,191,27),(316,191,28),(317,93,21),(318,93,21),(319,93,22),(320,93,23),(321,194,7),(322,194,8),(323,194,9),(324,194,10),(325,194,11),(326,194,12),(327,194,13),(328,194,14);

--
-- Table structure for table `mag2_eav_attribute_option_swatch`
--

CREATE TABLE `mag2_eav_attribute_option_swatch` (
  `swatch_id` int(10) unsigned NOT NULL AUTO_INCREMENT COMMENT 'Swatch ID',
  `option_id` int(10) unsigned NOT NULL COMMENT 'Option ID',
  `store_id` smallint(5) unsigned NOT NULL COMMENT 'Store ID',
  `type` smallint(5) unsigned NOT NULL COMMENT 'Swatch type: 0 - text, 1 - visual color, 2 - visual image',
  `value` varchar(255) DEFAULT NULL COMMENT 'Swatch Value',
  PRIMARY KEY (`swatch_id`),
  UNIQUE KEY `MAG2_EAV_ATTRIBUTE_OPTION_SWATCH_STORE_ID_OPTION_ID` (`store_id`,`option_id`),
  KEY `MAG2_EAV_ATTRIBUTE_OPTION_SWATCH_SWATCH_ID` (`swatch_id`),
  KEY `MAG2_EAV_ATTR_OPT_SWATCH_OPT_ID_EAV_ATTR_OPT_OPT_ID` (`option_id`)
) ENGINE=InnoDB AUTO_INCREMENT=77 DEFAULT CHARSET=utf8 COMMENT='Magento Swatches table';

--
-- Dumping data for table `mag2_eav_attribute_option_swatch`
--

INSERT INTO `mag2_eav_attribute_option_swatch` VALUES (1,49,0,1,'#000000'),(2,50,0,1,'#1857f7'),(3,51,0,1,'#945454'),(4,52,0,1,'#969799'),(5,53,0,1,'#53a828'),(6,54,0,1,'#ce64d4'),(7,55,0,1,'#ffffff'),(8,56,0,1,'#eb6703'),(9,57,0,1,'#ef3dff'),(10,58,0,1,'#ff0000'),(11,59,0,1,'#ffffff'),(12,60,0,1,'#f2cb09'),(13,91,0,0,'28'),(14,91,1,0,'28'),(15,167,0,0,'30'),(16,167,1,0,'30'),(17,92,0,0,'32'),(18,92,1,0,'32'),(19,168,0,0,'34'),(20,168,1,0,'34'),(21,93,0,0,'36'),(22,93,1,0,'36'),(23,169,0,0,'38'),(24,169,1,0,'38'),(25,94,0,0,'40'),(26,94,1,0,'40'),(27,170,0,0,'42'),(28,170,1,0,'42'),(29,95,0,0,'44'),(30,95,1,0,'44'),(31,171,0,0,'46'),(32,171,1,0,'46'),(33,96,0,0,'48'),(34,96,1,0,'48'),(53,228,0,0,'S'),(54,228,1,0,'S'),(55,229,0,0,'M'),(56,229,1,0,'M'),(57,230,0,0,'L'),(58,230,1,0,'L'),(59,231,0,0,'XL'),(60,231,1,0,'XL'),(61,232,0,0,'XXL'),(62,232,1,0,'XXL'),(63,233,0,0,'XXXL'),(64,233,1,0,'XXXL'),(66,293,0,1,'#b5beeb'),(67,295,0,1,'#b8bdc2'),(68,296,0,1,'#1b164a'),(69,294,0,1,'#f2e2b3'),(70,297,0,1,'#8e912f'),(71,298,0,1,'#faeded'),(72,300,0,1,'#914141'),(73,317,0,1,'#fcfaed'),(74,318,0,1,'#caf7f6'),(75,319,0,1,'#ffffff'),(76,320,0,1,'#bfab7e');

--
-- Table structure for table `mag2_eav_attribute_option_value`
--

CREATE TABLE `mag2_eav_attribute_option_value` (
  `value_id` int(10) unsigned NOT NULL AUTO_INCREMENT COMMENT 'Value Id',
  `option_id` int(10) unsigned NOT NULL DEFAULT '0' COMMENT 'Option Id',
  `store_id` smallint(5) unsigned NOT NULL DEFAULT '0' COMMENT 'Store Id',
  `value` varchar(255) DEFAULT NULL COMMENT 'Value',
  PRIMARY KEY (`value_id`),
  KEY `MAG2_EAV_ATTRIBUTE_OPTION_VALUE_OPTION_ID` (`option_id`),
  KEY `MAG2_EAV_ATTRIBUTE_OPTION_VALUE_STORE_ID` (`store_id`)
) ENGINE=InnoDB AUTO_INCREMENT=2249 DEFAULT CHARSET=utf8 COMMENT='Eav Attribute Option Value';

--
-- Dumping data for table `mag2_eav_attribute_option_value`
--

INSERT INTO `mag2_eav_attribute_option_value` VALUES (1,1,0,'Male'),(2,2,0,'Female'),(3,3,0,'Not Specified'),(85,85,0,'Cardio'),(86,86,0,'Electronic'),(87,87,0,'Exercise'),(88,88,0,'Fashion'),(89,89,0,'Hydration'),(90,90,0,'Timepiece'),(616,102,0,'Download'),(617,103,0,'DVD'),(618,213,1,'red'),(619,213,0,'red'),(621,214,1,'blue'),(622,214,0,'blue'),(909,215,1,'Step2'),(910,215,0,'Step2'),(911,216,1,'Little tikes'),(912,216,0,'Little tikes'),(913,217,1,'Plum'),(914,217,0,'Plum'),(915,218,1,'Vetch'),(916,218,0,'Vetch'),(917,219,1,'LEGO'),(918,219,0,'LEGO'),(919,82,1,'Boys'),(920,82,0,'Boys'),(921,83,1,'Girls'),(922,83,0,'Girls'),(959,220,1,'AGE: 0-1 YEARS'),(960,220,0,'AGE: 0-1 YEARS'),(961,221,1,'AGE: 1-2 YEARS'),(962,221,0,'AGE: 1-2 YEARS'),(963,222,1,'AGE: 3-5 YEARS'),(964,222,0,'AGE: 3-5 YEARS'),(965,223,1,'AGE: 6-8 YEARS'),(966,223,0,'AGE: 6-8 YEARS'),(967,224,1,'AGE: 9-11 YEARS'),(968,224,0,'AGE: 9-11 YEARS'),(969,225,1,'AGE: 12 YEARS AND ABOVE'),(970,225,0,'AGE: 12 YEARS AND ABOVE'),(1111,226,1,'size_chart_1'),(1112,226,0,'size_chart_1'),(1113,227,1,'size_chart_measure'),(1114,227,0,'size_chart_measure'),(1347,237,1,'S'),(1348,237,0,'S'),(1349,238,1,'M'),(1350,238,0,'M'),(1351,239,1,'L'),(1352,239,0,'L'),(1353,240,1,'XL'),(1354,240,0,'XL'),(1355,241,1,'29'),(1356,241,0,'29'),(1357,242,1,'30'),(1358,242,0,'30'),(1359,243,1,'31'),(1360,243,0,'31'),(1361,244,1,'32'),(1362,244,0,'32'),(1363,245,1,'33'),(1364,245,0,'33'),(1365,246,1,'34'),(1366,246,0,'34'),(1367,247,1,'35'),(1368,247,0,'35'),(1369,248,1,'36'),(1370,248,0,'36'),(1371,249,1,'37'),(1372,249,0,'37'),(1373,250,1,'38'),(1374,250,0,'38'),(1375,251,1,'39'),(1376,251,0,'39'),(1377,252,1,'40'),(1378,252,0,'40'),(1379,234,1,'S'),(1380,234,0,'S'),(1381,235,1,'M'),(1382,235,0,'M'),(1383,236,1,'L'),(1384,236,0,'L'),(1385,253,1,'28'),(1386,253,0,'28'),(1387,254,1,'29'),(1388,254,0,'29'),(1389,255,1,'30'),(1390,255,0,'30'),(1391,256,1,'31'),(1392,256,0,'31'),(1393,257,1,'32'),(1394,257,0,'32'),(1395,258,1,'33'),(1396,258,0,'33'),(1397,259,1,'34'),(1398,259,0,'34'),(1399,260,1,'35'),(1400,260,0,'35'),(1401,261,1,'36'),(1402,261,0,'36'),(1403,262,1,'37'),(1404,262,0,'37'),(1405,263,1,'38'),(1406,263,0,'38'),(1407,264,1,'39'),(1408,264,0,'39'),(1409,265,1,'40'),(1410,265,0,'40'),(1411,266,1,'35'),(1412,266,0,'35'),(1413,267,1,'36'),(1414,267,0,'36'),(1415,268,1,'37'),(1416,268,0,'37'),(1417,269,1,'38'),(1418,269,0,'38'),(1419,270,1,'39'),(1420,270,0,'39'),(1421,271,1,'40'),(1422,271,0,'40'),(1423,272,1,'S'),(1424,272,0,'S'),(1425,273,1,'M'),(1426,273,0,'M'),(1427,274,1,'L'),(1428,274,0,'L'),(1429,275,1,'XL'),(1430,275,0,'XL'),(1431,276,1,'XXL'),(1432,276,0,'XXL'),(1433,277,1,'S'),(1434,277,0,'S'),(1435,278,1,'M'),(1436,278,0,'M'),(1437,279,1,'L'),(1438,279,0,'L'),(1439,280,1,'XL'),(1440,280,0,'XL'),(1441,281,1,'XXL'),(1442,281,0,'XXL'),(1443,282,0,'33'),(1444,283,0,'33'),(1445,284,0,'41'),(1446,285,0,'42'),(1447,286,0,'xxxl'),(1448,287,0,'xxxl'),(1449,288,0,'kuwait'),(1450,289,0,'xL'),(1451,290,0,'xxL'),(1452,291,0,'xxxL'),(1867,301,0,'50'),(1868,302,0,'51'),(1869,303,0,'52'),(1870,304,0,'53'),(1871,305,0,'55'),(1872,306,0,'54'),(1873,307,0,'56'),(1874,308,0,'57'),(1875,309,0,'59'),(1876,310,0,'58'),(1877,311,0,'60'),(1878,312,0,'61'),(1879,313,0,'62'),(1880,314,0,'63'),(1881,315,0,'64'),(1882,316,0,'65'),(2147,91,0,'28'),(2148,167,0,'30'),(2149,92,0,'32'),(2150,168,0,'34'),(2151,93,0,'36'),(2152,169,0,'38'),(2153,94,0,'40'),(2154,170,0,'42'),(2155,95,0,'44'),(2156,171,0,'46'),(2157,96,0,'48'),(2158,228,0,'S'),(2159,229,0,'M'),(2160,230,0,'L'),(2161,231,0,'XL'),(2162,232,0,'XXL'),(2163,233,0,'XXXL'),(2202,49,1,'Black'),(2203,49,0,'Black'),(2204,50,1,'Blue'),(2205,50,0,'Blue'),(2206,51,1,'Brown'),(2207,51,0,'Brown'),(2208,52,1,'Gray'),(2209,52,0,'Gray'),(2210,53,1,'Green'),(2211,53,0,'Green'),(2212,54,1,'Lavender'),(2213,54,0,'Lavender'),(2214,55,1,'Multi'),(2215,55,0,'Multi'),(2216,56,1,'Orange'),(2217,56,0,'Orange'),(2218,57,1,'Purple'),(2219,57,0,'Purple'),(2220,58,1,'Red'),(2221,58,0,'Red'),(2222,59,1,'White'),(2223,59,0,'White'),(2224,60,1,'Mustard'),(2225,60,0,'Mustard'),(2226,294,1,' Beige'),(2227,294,0,' Beige'),(2228,293,1,'sky blue'),(2229,293,0,'sky blue'),(2230,295,0,'Light gray'),(2231,296,0,'Dark blue'),(2232,297,0,'Olive'),(2233,300,1,'Burgundy'),(2234,300,0,'Burgundy'),(2235,298,1,'Nude'),(2236,298,0,'Nude'),(2237,317,0,'off white'),(2238,318,0,'tiffany'),(2239,319,0,'like the photo'),(2240,320,0,'Dark beige'),(2241,321,0,'18-24m'),(2242,322,0,'2-3Y'),(2243,323,0,'3-4Y'),(2244,324,0,'4-5Y'),(2245,325,0,'5-6Y'),(2246,326,0,'6-7Y'),(2247,327,0,'7-8Y'),(2248,328,0,'8-9Y');

--
-- Table structure for table `mag2_eav_attribute_set`
--

CREATE TABLE `mag2_eav_attribute_set` (
  `attribute_set_id` smallint(5) unsigned NOT NULL AUTO_INCREMENT COMMENT 'Attribute Set Id',
  `entity_type_id` smallint(5) unsigned NOT NULL DEFAULT '0' COMMENT 'Entity Type Id',
  `attribute_set_name` varchar(255) DEFAULT NULL COMMENT 'Attribute Set Name',
  `sort_order` smallint(6) NOT NULL DEFAULT '0' COMMENT 'Sort Order',
  PRIMARY KEY (`attribute_set_id`),
  UNIQUE KEY `MAG2_EAV_ATTRIBUTE_SET_ENTITY_TYPE_ID_ATTRIBUTE_SET_NAME` (`entity_type_id`,`attribute_set_name`),
  KEY `MAG2_EAV_ATTRIBUTE_SET_ENTITY_TYPE_ID_SORT_ORDER` (`entity_type_id`,`sort_order`)
) ENGINE=InnoDB AUTO_INCREMENT=16 DEFAULT CHARSET=utf8 COMMENT='Eav Attribute Set';

--
-- Dumping data for table `mag2_eav_attribute_set`
--

INSERT INTO `mag2_eav_attribute_set` VALUES (1,1,'Default',2),(2,2,'Default',2),(3,3,'Default',1),(4,4,'Default',1),(5,5,'Default',1),(6,6,'Default',1),(7,7,'Default',1),(8,8,'Default',1),(9,4,'Top',0),(10,4,'Bottom',0),(11,4,'Gear',0),(12,4,'Sprite Stasis Ball',0),(13,4,'Sprite Yoga Strap',0),(14,4,'Downloadable',0),(15,4,'Bag',0);

--
-- Table structure for table `mag2_eav_entity`
--

CREATE TABLE `mag2_eav_entity` (
  `entity_id` int(10) unsigned NOT NULL AUTO_INCREMENT COMMENT 'Entity Id',
  `entity_type_id` smallint(5) unsigned NOT NULL DEFAULT '0' COMMENT 'Entity Type Id',
  `attribute_set_id` smallint(5) unsigned NOT NULL DEFAULT '0' COMMENT 'Attribute Set Id',
  `increment_id` varchar(50) DEFAULT NULL COMMENT 'Increment Id',
  `parent_id` int(10) unsigned NOT NULL DEFAULT '0' COMMENT 'Parent Id',
  `store_id` smallint(5) unsigned NOT NULL DEFAULT '0' COMMENT 'Store Id',
  `created_at` timestamp NOT NULL DEFAULT CURRENT_TIMESTAMP COMMENT 'Created At',
  `updated_at` timestamp NOT NULL DEFAULT CURRENT_TIMESTAMP ON UPDATE CURRENT_TIMESTAMP COMMENT 'Updated At',
  `is_active` smallint(5) unsigned NOT NULL DEFAULT '1' COMMENT 'Defines Is Entity Active',
  PRIMARY KEY (`entity_id`),
  KEY `MAG2_EAV_ENTITY_ENTITY_TYPE_ID` (`entity_type_id`),
  KEY `MAG2_EAV_ENTITY_STORE_ID` (`store_id`)
) ENGINE=InnoDB DEFAULT CHARSET=utf8 COMMENT='Eav Entity';

--
-- Dumping data for table `mag2_eav_entity`
--


--
-- Table structure for table `mag2_eav_entity_attribute`
--

CREATE TABLE `mag2_eav_entity_attribute` (
  `entity_attribute_id` int(10) unsigned NOT NULL AUTO_INCREMENT COMMENT 'Entity Attribute Id',
  `entity_type_id` smallint(5) unsigned NOT NULL DEFAULT '0' COMMENT 'Entity Type Id',
  `attribute_set_id` smallint(5) unsigned NOT NULL DEFAULT '0' COMMENT 'Attribute Set Id',
  `attribute_group_id` smallint(5) unsigned NOT NULL DEFAULT '0' COMMENT 'Attribute Group Id',
  `attribute_id` smallint(5) unsigned NOT NULL DEFAULT '0' COMMENT 'Attribute Id',
  `sort_order` smallint(6) NOT NULL DEFAULT '0' COMMENT 'Sort Order',
  PRIMARY KEY (`entity_attribute_id`),
  UNIQUE KEY `MAG2_EAV_ENTITY_ATTRIBUTE_ATTRIBUTE_SET_ID_ATTRIBUTE_ID` (`attribute_set_id`,`attribute_id`),
  UNIQUE KEY `MAG2_EAV_ENTITY_ATTRIBUTE_ATTRIBUTE_GROUP_ID_ATTRIBUTE_ID` (`attribute_group_id`,`attribute_id`),
  KEY `MAG2_EAV_ENTITY_ATTRIBUTE_ATTRIBUTE_SET_ID_SORT_ORDER` (`attribute_set_id`,`sort_order`),
  KEY `MAG2_EAV_ENTITY_ATTRIBUTE_ATTRIBUTE_ID` (`attribute_id`)
) ENGINE=InnoDB AUTO_INCREMENT=1499 DEFAULT CHARSET=utf8 COMMENT='Eav Entity Attributes';

--
-- Dumping data for table `mag2_eav_entity_attribute`
--

INSERT INTO `mag2_eav_entity_attribute` VALUES (1,1,1,1,1,10),(2,1,1,1,2,20),(3,1,1,1,3,20),(4,1,1,1,4,30),(5,1,1,1,5,40),(6,1,1,1,6,50),(7,1,1,1,7,60),(8,1,1,1,8,70),(9,1,1,1,9,80),(10,1,1,1,10,25),(11,1,1,1,11,90),(12,1,1,1,12,81),(13,1,1,1,13,115),(14,1,1,1,14,120),(15,1,1,1,15,82),(16,1,1,1,16,83),(17,1,1,1,17,100),(18,1,1,1,18,0),(19,1,1,1,19,0),(20,1,1,1,20,110),(21,1,1,1,21,28),(22,2,2,2,22,10),(23,2,2,2,23,20),(24,2,2,2,24,30),(25,2,2,2,25,40),(26,2,2,2,26,50),(27,2,2,2,27,60),(28,2,2,2,28,70),(29,2,2,2,29,80),(30,2,2,2,30,90),(31,2,2,2,31,100),(32,2,2,2,32,100),(33,2,2,2,33,110),(34,2,2,2,34,120),(35,2,2,2,35,130),(36,2,2,2,36,140),(37,2,2,2,37,132),(38,2,2,2,38,133),(39,2,2,2,39,134),(40,2,2,2,40,135),(41,1,1,1,41,87),(42,1,1,1,42,100),(43,1,1,1,43,110),(44,1,1,1,44,120),(45,3,3,4,45,1),(46,3,3,4,46,2),(47,3,3,4,47,4),(48,3,3,4,48,5),(49,3,3,4,49,6),(50,3,3,4,50,7),(51,3,3,4,51,8),(52,3,3,5,52,10),(53,3,3,5,53,20),(54,3,3,5,54,30),(55,3,3,4,55,12),(56,3,3,4,56,13),(57,3,3,4,57,14),(58,3,3,4,58,15),(59,3,3,4,59,16),(60,3,3,6,60,10),(61,3,3,6,61,30),(62,3,3,6,62,40),(63,3,3,6,63,50),(64,3,3,6,64,60),(65,3,3,4,65,24),(66,3,3,4,66,25),(67,3,3,5,67,40),(68,3,3,5,68,50),(69,3,3,4,69,10),(70,3,3,6,70,5),(71,3,3,6,71,6),(72,3,3,5,72,51),(90,4,4,7,91,6),(96,4,4,8,98,8),(105,4,4,7,107,14),(106,4,4,7,108,15),(107,4,4,7,109,16),(108,4,4,7,110,17),(109,4,4,7,111,18),(110,4,4,7,112,19),(111,4,4,7,113,20),(122,3,3,4,124,3),(123,3,3,4,125,17),(125,4,4,7,127,11),(126,4,4,7,128,111),(127,4,4,7,129,112),(128,4,4,7,130,113),(129,4,4,7,131,114),(132,4,9,21,133,10),(133,4,9,23,101,20),(134,4,9,23,102,30),(135,4,9,23,100,40),(136,4,9,23,116,50),(137,4,9,24,104,5),(138,4,9,24,106,6),(139,4,9,24,103,10),(140,4,9,25,78,3),(141,4,9,25,79,4),(142,4,9,25,80,5),(143,4,9,25,81,6),(144,4,9,25,92,7),(145,4,9,25,98,8),(146,4,9,25,120,9),(147,4,9,25,122,10),(148,4,9,25,123,11),(149,4,9,26,126,10),(150,4,9,26,84,20),(151,4,9,26,85,30),(152,4,9,26,86,40),(153,4,9,27,87,1),(154,4,9,27,88,2),(155,4,9,27,89,3),(156,4,9,27,90,4),(157,4,9,27,96,5),(158,4,9,28,121,1),(159,4,9,29,75,90),(160,4,9,29,76,100),(161,4,9,30,97,5),(162,4,9,30,91,6),(163,4,9,30,73,10),(164,4,9,30,127,11),(165,4,9,30,107,14),(166,4,9,30,108,15),(167,4,9,30,109,16),(168,4,9,30,110,17),(169,4,9,30,111,18),(170,4,9,30,112,19),(171,4,9,30,74,20),(172,4,9,30,113,20),(173,4,9,30,118,21),(174,4,9,30,77,30),(175,4,9,30,117,31),(176,4,9,30,132,40),(177,4,9,30,115,60),(178,4,9,30,82,70),(179,4,9,30,119,71),(180,4,9,30,105,80),(181,4,9,30,99,80),(182,4,9,30,94,90),(183,4,9,30,95,100),(184,4,9,30,114,110),(185,4,9,30,128,111),(186,4,9,30,129,112),(187,4,9,30,130,113),(188,4,9,30,131,114),(191,4,10,31,133,10),(192,4,10,33,101,20),(193,4,10,33,102,30),(194,4,10,33,100,40),(195,4,10,33,116,50),(196,4,10,34,104,5),(197,4,10,34,106,6),(198,4,10,34,103,10),(199,4,10,35,78,3),(200,4,10,35,79,4),(201,4,10,35,80,5),(202,4,10,35,81,6),(203,4,10,35,92,7),(204,4,10,35,98,8),(205,4,10,35,120,9),(206,4,10,35,122,10),(207,4,10,35,123,11),(208,4,10,36,126,10),(209,4,10,36,84,20),(210,4,10,36,85,30),(211,4,10,36,86,40),(212,4,10,37,87,1),(213,4,10,37,88,2),(214,4,10,37,89,3),(215,4,10,37,90,4),(216,4,10,37,96,5),(217,4,10,38,121,1),(218,4,10,39,75,90),(219,4,10,39,76,100),(220,4,10,40,97,5),(221,4,10,40,91,6),(222,4,10,40,73,10),(223,4,10,40,127,11),(224,4,10,40,107,14),(225,4,10,40,108,15),(226,4,10,40,109,16),(227,4,10,40,110,17),(228,4,10,40,111,18),(229,4,10,40,112,19),(230,4,10,40,74,20),(231,4,10,40,113,20),(232,4,10,40,118,21),(233,4,10,40,77,30),(234,4,10,40,117,31),(235,4,10,40,132,40),(236,4,10,40,115,60),(237,4,10,40,82,70),(238,4,10,40,119,71),(239,4,10,40,105,80),(240,4,10,40,99,80),(241,4,10,40,94,90),(242,4,10,40,95,100),(243,4,10,40,114,110),(244,4,10,40,128,111),(245,4,10,40,129,112),(246,4,10,40,130,113),(247,4,10,40,131,114),(250,4,11,41,133,10),(251,4,11,43,101,20),(252,4,11,43,102,30),(253,4,11,43,100,40),(254,4,11,43,116,50),(255,4,11,44,104,5),(256,4,11,44,106,6),(257,4,11,44,103,10),(258,4,11,45,78,3),(259,4,11,45,79,4),(260,4,11,45,80,5),(261,4,11,45,81,6),(262,4,11,45,92,7),(263,4,11,45,98,8),(264,4,11,45,120,9),(265,4,11,45,122,10),(266,4,11,45,123,11),(267,4,11,46,126,10),(268,4,11,46,84,20),(269,4,11,46,85,30),(270,4,11,46,86,40),(271,4,11,47,87,1),(272,4,11,47,88,2),(273,4,11,47,89,3),(274,4,11,47,90,4),(275,4,11,47,96,5),(276,4,11,48,121,1),(277,4,11,49,75,90),(278,4,11,49,76,100),(279,4,11,50,97,5),(280,4,11,50,91,6),(281,4,11,50,73,10),(282,4,11,50,127,11),(283,4,11,50,107,14),(284,4,11,50,108,15),(285,4,11,50,109,16),(286,4,11,50,110,17),(287,4,11,50,111,18),(288,4,11,50,112,19),(289,4,11,50,74,20),(290,4,11,50,113,20),(291,4,11,50,118,21),(292,4,11,50,77,30),(293,4,11,50,117,31),(294,4,11,50,132,40),(295,4,11,50,115,60),(296,4,11,50,82,70),(297,4,11,50,119,71),(298,4,11,50,105,80),(299,4,11,50,99,80),(300,4,11,50,94,90),(301,4,11,50,95,100),(302,4,11,50,114,110),(303,4,11,50,128,111),(304,4,11,50,129,112),(305,4,11,50,130,113),(306,4,11,50,131,114),(309,4,12,51,133,10),(310,4,12,53,101,20),(311,4,12,53,102,30),(312,4,12,53,100,40),(313,4,12,53,116,50),(314,4,12,54,104,5),(315,4,12,54,106,6),(316,4,12,54,103,10),(317,4,12,55,78,3),(318,4,12,55,79,4),(319,4,12,55,80,5),(320,4,12,55,81,6),(321,4,12,55,92,7),(322,4,12,55,98,8),(323,4,12,55,120,9),(324,4,12,55,122,10),(325,4,12,55,123,11),(326,4,12,56,126,10),(327,4,12,56,84,20),(328,4,12,56,85,30),(329,4,12,56,86,40),(330,4,12,57,87,1),(331,4,12,57,88,2),(332,4,12,57,89,3),(333,4,12,57,90,4),(334,4,12,57,96,5),(335,4,12,58,121,1),(336,4,12,59,75,90),(337,4,12,59,76,100),(338,4,12,60,97,5),(339,4,12,60,91,6),(340,4,12,60,73,10),(341,4,12,60,127,11),(342,4,12,60,107,14),(343,4,12,60,108,15),(344,4,12,60,109,16),(345,4,12,60,110,17),(346,4,12,60,111,18),(347,4,12,60,112,19),(348,4,12,60,74,20),(349,4,12,60,113,20),(350,4,12,60,118,21),(351,4,12,60,77,30),(352,4,12,60,117,31),(353,4,12,60,132,40),(354,4,12,60,115,60),(355,4,12,60,82,70),(356,4,12,60,119,71),(357,4,12,60,105,80),(358,4,12,60,99,80),(359,4,12,60,94,90),(360,4,12,60,95,100),(361,4,12,60,114,110),(362,4,12,60,128,111),(363,4,12,60,129,112),(364,4,12,60,130,113),(365,4,12,60,131,114),(368,4,13,61,133,10),(369,4,13,63,101,20),(370,4,13,63,102,30),(371,4,13,63,100,40),(372,4,13,63,116,50),(373,4,13,64,104,5),(374,4,13,64,106,6),(375,4,13,64,103,10),(376,4,13,65,78,3),(377,4,13,65,79,4),(378,4,13,65,80,5),(379,4,13,65,81,6),(380,4,13,65,92,7),(381,4,13,65,98,8),(382,4,13,65,120,9),(383,4,13,65,122,10),(384,4,13,65,123,11),(385,4,13,66,126,10),(386,4,13,66,84,20),(387,4,13,66,85,30),(388,4,13,66,86,40),(389,4,13,67,87,1),(390,4,13,67,88,2),(391,4,13,67,89,3),(392,4,13,67,90,4),(393,4,13,67,96,5),(394,4,13,68,121,1),(395,4,13,69,75,90),(396,4,13,69,76,100),(397,4,13,70,97,5),(398,4,13,70,91,6),(399,4,13,70,73,10),(400,4,13,70,127,11),(401,4,13,70,107,14),(402,4,13,70,108,15),(403,4,13,70,109,16),(404,4,13,70,110,17),(405,4,13,70,111,18),(406,4,13,70,112,19),(407,4,13,70,74,20),(408,4,13,70,113,20),(409,4,13,70,118,21),(410,4,13,70,77,30),(411,4,13,70,117,31),(412,4,13,70,132,40),(413,4,13,70,115,60),(414,4,13,70,82,70),(415,4,13,70,119,71),(416,4,13,70,105,80),(417,4,13,70,99,80),(418,4,13,70,94,90),(419,4,13,70,95,100),(420,4,13,70,114,110),(421,4,13,70,128,111),(422,4,13,70,129,112),(423,4,13,70,130,113),(424,4,13,70,131,114),(427,4,14,71,133,10),(428,4,14,73,101,20),(429,4,14,73,102,30),(430,4,14,73,100,40),(431,4,14,73,116,50),(432,4,14,74,104,5),(433,4,14,74,106,6),(434,4,14,74,103,10),(435,4,14,75,78,3),(436,4,14,75,79,4),(437,4,14,75,80,5),(438,4,14,75,81,6),(439,4,14,75,92,7),(440,4,14,75,98,8),(441,4,14,75,120,9),(442,4,14,75,122,10),(443,4,14,75,123,11),(444,4,14,76,126,10),(445,4,14,76,84,20),(446,4,14,76,85,30),(447,4,14,76,86,40),(448,4,14,77,87,1),(449,4,14,77,88,2),(450,4,14,77,89,3),(451,4,14,77,90,4),(452,4,14,77,96,5),(453,4,14,78,121,1),(454,4,14,79,75,90),(455,4,14,79,76,100),(456,4,14,80,97,5),(457,4,14,80,91,6),(458,4,14,80,73,10),(459,4,14,80,127,11),(460,4,14,80,107,14),(461,4,14,80,108,15),(462,4,14,80,109,16),(463,4,14,80,110,17),(464,4,14,80,111,18),(465,4,14,80,112,19),(466,4,14,80,74,20),(467,4,14,80,113,20),(468,4,14,80,118,21),(469,4,14,80,77,30),(470,4,14,80,117,31),(471,4,14,80,132,40),(472,4,14,80,115,60),(473,4,14,80,82,70),(474,4,14,80,119,71),(475,4,14,80,105,80),(476,4,14,80,99,80),(477,4,14,80,94,90),(478,4,14,80,95,100),(479,4,14,80,114,110),(480,4,14,80,128,111),(481,4,14,80,129,112),(482,4,14,80,130,113),(483,4,14,80,131,114),(486,4,15,81,133,10),(487,4,15,83,101,20),(488,4,15,83,102,30),(489,4,15,83,100,40),(490,4,15,83,116,50),(491,4,15,84,104,5),(492,4,15,84,106,6),(493,4,15,84,103,10),(494,4,15,85,78,3),(495,4,15,85,79,4),(496,4,15,85,80,5),(497,4,15,85,81,6),(498,4,15,85,92,7),(499,4,15,85,98,8),(500,4,15,85,120,9),(501,4,15,85,122,10),(502,4,15,85,123,11),(503,4,15,86,126,10),(504,4,15,86,84,20),(505,4,15,86,85,30),(506,4,15,86,86,40),(507,4,15,87,87,1),(508,4,15,87,88,2),(509,4,15,87,89,3),(510,4,15,87,90,4),(511,4,15,87,96,5),(512,4,15,88,121,1),(513,4,15,89,75,90),(514,4,15,89,76,100),(515,4,15,90,97,5),(516,4,15,90,91,6),(517,4,15,90,73,10),(518,4,15,90,127,11),(519,4,15,90,107,14),(520,4,15,90,108,15),(521,4,15,90,109,16),(522,4,15,90,110,17),(523,4,15,90,111,18),(524,4,15,90,112,19),(525,4,15,90,74,20),(526,4,15,90,113,20),(527,4,15,90,118,21),(528,4,15,90,77,30),(529,4,15,90,117,31),(530,4,15,90,132,40),(531,4,15,90,115,60),(532,4,15,90,82,70),(533,4,15,90,119,71),(534,4,15,90,105,80),(535,4,15,90,99,80),(536,4,15,90,94,90),(537,4,15,90,95,100),(538,4,15,90,114,110),(539,4,15,90,128,111),(540,4,15,90,129,112),(541,4,15,90,130,113),(542,4,15,90,131,114),(560,4,9,30,93,1014),(562,4,10,40,93,1015),(564,4,15,90,93,1016),(566,4,11,50,93,1017),(568,4,12,60,93,1018),(570,4,13,70,93,1019),(576,4,11,50,139,1022),(578,4,12,60,139,1023),(580,4,13,70,139,1024),(582,4,11,50,140,1025),(584,4,12,60,140,1026),(586,4,13,70,140,1027),(588,4,12,60,141,1028),(590,4,13,70,141,1029),(592,4,11,50,142,1030),(594,4,15,90,142,1031),(596,4,9,30,142,1032),(598,4,10,40,142,1033),(600,4,11,50,143,1034),(602,4,15,90,143,1035),(604,4,9,30,143,1036),(606,4,10,40,143,1037),(608,4,11,50,144,1038),(610,4,15,90,144,1039),(612,4,9,30,144,1040),(614,4,10,40,144,1041),(616,4,11,50,145,1042),(618,4,15,90,145,1043),(620,4,9,30,145,1044),(622,4,10,40,145,1045),(624,4,11,50,146,1046),(626,4,15,90,146,1047),(628,4,9,30,146,1048),(630,4,10,40,146,1049),(632,4,14,80,147,1000),(644,4,10,40,141,1005),(646,4,9,30,141,1006),(657,4,15,90,154,3),(658,4,10,40,154,3),(660,4,14,80,154,3),(661,4,11,50,154,3),(662,4,12,60,154,3),(663,4,13,70,154,3),(664,4,9,30,154,3),(665,4,15,90,155,65),(666,4,10,40,155,65),(668,4,14,80,155,65),(669,4,11,50,155,65),(670,4,12,60,155,65),(671,4,13,70,155,65),(672,4,9,30,155,65),(673,4,15,90,156,66),(674,4,10,40,156,66),(676,4,14,80,156,66),(677,4,11,50,156,66),(678,4,12,60,156,66),(679,4,13,70,156,66),(680,4,9,30,156,66),(681,4,15,90,157,67),(682,4,10,40,157,67),(684,4,14,80,157,67),(685,4,11,50,157,67),(686,4,12,60,157,67),(687,4,13,70,157,67),(688,4,9,30,157,67),(689,4,15,90,158,3),(690,4,10,40,158,3),(692,4,14,80,158,3),(693,4,11,50,158,3),(694,4,12,60,158,3),(695,4,13,70,158,3),(696,4,9,30,158,3),(697,4,15,87,159,10),(698,4,10,37,159,10),(700,4,14,77,159,10),(701,4,11,47,159,10),(702,4,12,57,159,10),(703,4,13,67,159,10),(704,4,9,27,159,10),(705,3,3,91,160,0),(706,3,3,91,161,10),(707,3,3,91,162,20),(708,3,3,91,163,30),(709,3,3,91,164,40),(710,3,3,91,165,50),(711,3,3,91,166,60),(712,3,3,91,167,70),(713,3,3,91,168,80),(714,3,3,91,169,90),(715,3,3,91,170,100),(716,3,3,91,171,110),(717,3,3,91,172,120),(718,3,3,91,173,130),(719,3,3,91,174,140),(720,3,3,91,175,150),(721,3,3,91,176,160),(722,3,3,91,177,170),(723,3,3,91,178,180),(724,3,3,91,179,95),(726,4,15,90,141,1049),(728,4,9,30,147,1050),(1055,1,1,1,184,122),(1433,4,4,7,73,3),(1434,4,4,7,74,4),(1435,4,4,7,77,6),(1436,4,4,7,82,13),(1437,4,4,7,83,20),(1438,4,4,7,93,21),(1439,4,4,7,94,17),(1440,4,4,7,95,18),(1441,4,4,7,97,2),(1442,4,4,7,99,15),(1443,4,4,7,105,16),(1444,4,4,7,114,19),(1445,4,4,7,115,9),(1446,4,4,7,117,7),(1447,4,4,7,118,5),(1448,4,4,7,119,14),(1449,4,4,7,132,8),(1450,4,4,7,141,24),(1451,4,4,7,155,10),(1452,4,4,7,156,11),(1453,4,4,7,157,12),(1454,4,4,7,158,1),(1455,4,4,7,186,22),(1456,4,4,7,187,23),(1457,4,4,13,75,1),(1458,4,4,13,76,2),(1459,4,4,15,121,1),(1460,4,4,10,87,1),(1461,4,4,10,88,2),(1462,4,4,10,89,3),(1463,4,4,10,90,5),(1464,4,4,10,96,6),(1465,4,4,10,154,4),(1466,4,4,10,159,7),(1467,4,4,9,84,2),(1468,4,4,9,85,3),(1469,4,4,9,86,4),(1470,4,4,9,126,1),(1471,4,4,8,78,1),(1472,4,4,8,79,2),(1473,4,4,8,80,3),(1474,4,4,8,81,4),(1475,4,4,8,92,5),(1476,4,4,8,120,6),(1477,4,4,8,122,7),(1478,4,4,8,123,8),(1479,4,4,11,103,3),(1480,4,4,11,104,1),(1481,4,4,11,106,2),(1482,4,4,14,100,3),(1483,4,4,14,101,1),(1484,4,4,14,102,2),(1485,4,4,14,116,4),(1486,4,4,20,133,1),(1488,4,4,7,193,116),(1490,4,4,7,192,118),(1492,4,4,7,189,120),(1494,4,4,7,195,122),(1496,4,4,7,194,124),(1498,4,4,7,191,126);

--
-- Table structure for table `mag2_eav_entity_datetime`
--

CREATE TABLE `mag2_eav_entity_datetime` (
  `value_id` int(11) NOT NULL AUTO_INCREMENT COMMENT 'Value Id',
  `entity_type_id` smallint(5) unsigned NOT NULL DEFAULT '0' COMMENT 'Entity Type Id',
  `attribute_id` smallint(5) unsigned NOT NULL DEFAULT '0' COMMENT 'Attribute Id',
  `store_id` smallint(5) unsigned NOT NULL DEFAULT '0' COMMENT 'Store Id',
  `entity_id` int(10) unsigned NOT NULL DEFAULT '0' COMMENT 'Entity Id',
  `value` datetime DEFAULT NULL COMMENT 'Attribute Value',
  PRIMARY KEY (`value_id`),
  UNIQUE KEY `MAG2_EAV_ENTITY_DATETIME_ENTITY_ID_ATTRIBUTE_ID_STORE_ID` (`entity_id`,`attribute_id`,`store_id`),
  KEY `MAG2_EAV_ENTITY_DATETIME_STORE_ID` (`store_id`),
  KEY `MAG2_EAV_ENTITY_DATETIME_ATTRIBUTE_ID_VALUE` (`attribute_id`,`value`),
  KEY `MAG2_EAV_ENTITY_DATETIME_ENTITY_TYPE_ID_VALUE` (`entity_type_id`,`value`)
) ENGINE=InnoDB DEFAULT CHARSET=utf8 COMMENT='Eav Entity Value Prefix';

--
-- Dumping data for table `mag2_eav_entity_datetime`
--


--
-- Table structure for table `mag2_eav_entity_decimal`
--

CREATE TABLE `mag2_eav_entity_decimal` (
  `value_id` int(11) NOT NULL AUTO_INCREMENT COMMENT 'Value Id',
  `entity_type_id` smallint(5) unsigned NOT NULL DEFAULT '0' COMMENT 'Entity Type Id',
  `attribute_id` smallint(5) unsigned NOT NULL DEFAULT '0' COMMENT 'Attribute Id',
  `store_id` smallint(5) unsigned NOT NULL DEFAULT '0' COMMENT 'Store Id',
  `entity_id` int(10) unsigned NOT NULL DEFAULT '0' COMMENT 'Entity Id',
  `value` decimal(12,4) NOT NULL DEFAULT '0.0000' COMMENT 'Attribute Value',
  PRIMARY KEY (`value_id`),
  UNIQUE KEY `MAG2_EAV_ENTITY_DECIMAL_ENTITY_ID_ATTRIBUTE_ID_STORE_ID` (`entity_id`,`attribute_id`,`store_id`),
  KEY `MAG2_EAV_ENTITY_DECIMAL_STORE_ID` (`store_id`),
  KEY `MAG2_EAV_ENTITY_DECIMAL_ATTRIBUTE_ID_VALUE` (`attribute_id`,`value`),
  KEY `MAG2_EAV_ENTITY_DECIMAL_ENTITY_TYPE_ID_VALUE` (`entity_type_id`,`value`)
) ENGINE=InnoDB DEFAULT CHARSET=utf8 COMMENT='Eav Entity Value Prefix';

--
-- Dumping data for table `mag2_eav_entity_decimal`
--


--
-- Table structure for table `mag2_eav_entity_int`
--

CREATE TABLE `mag2_eav_entity_int` (
  `value_id` int(11) NOT NULL AUTO_INCREMENT COMMENT 'Value Id',
  `entity_type_id` smallint(5) unsigned NOT NULL DEFAULT '0' COMMENT 'Entity Type Id',
  `attribute_id` smallint(5) unsigned NOT NULL DEFAULT '0' COMMENT 'Attribute Id',
  `store_id` smallint(5) unsigned NOT NULL DEFAULT '0' COMMENT 'Store Id',
  `entity_id` int(10) unsigned NOT NULL DEFAULT '0' COMMENT 'Entity Id',
  `value` int(11) NOT NULL DEFAULT '0' COMMENT 'Attribute Value',
  PRIMARY KEY (`value_id`),
  UNIQUE KEY `MAG2_EAV_ENTITY_INT_ENTITY_ID_ATTRIBUTE_ID_STORE_ID` (`entity_id`,`attribute_id`,`store_id`),
  KEY `MAG2_EAV_ENTITY_INT_STORE_ID` (`store_id`),
  KEY `MAG2_EAV_ENTITY_INT_ATTRIBUTE_ID_VALUE` (`attribute_id`,`value`),
  KEY `MAG2_EAV_ENTITY_INT_ENTITY_TYPE_ID_VALUE` (`entity_type_id`,`value`)
) ENGINE=InnoDB DEFAULT CHARSET=utf8 COMMENT='Eav Entity Value Prefix';

--
-- Dumping data for table `mag2_eav_entity_int`
--


--
-- Table structure for table `mag2_eav_entity_store`
--

CREATE TABLE `mag2_eav_entity_store` (
  `entity_store_id` int(10) unsigned NOT NULL AUTO_INCREMENT COMMENT 'Entity Store Id',
  `entity_type_id` smallint(5) unsigned NOT NULL DEFAULT '0' COMMENT 'Entity Type Id',
  `store_id` smallint(5) unsigned NOT NULL DEFAULT '0' COMMENT 'Store Id',
  `increment_prefix` varchar(20) DEFAULT NULL COMMENT 'Increment Prefix',
  `increment_last_id` varchar(50) DEFAULT NULL COMMENT 'Last Incremented Id',
  PRIMARY KEY (`entity_store_id`),
  KEY `MAG2_EAV_ENTITY_STORE_ENTITY_TYPE_ID` (`entity_type_id`),
  KEY `MAG2_EAV_ENTITY_STORE_STORE_ID` (`store_id`)
) ENGINE=InnoDB DEFAULT CHARSET=utf8 COMMENT='Eav Entity Store';

--
-- Dumping data for table `mag2_eav_entity_store`
--


--
-- Table structure for table `mag2_eav_entity_text`
--

CREATE TABLE `mag2_eav_entity_text` (
  `value_id` int(11) NOT NULL AUTO_INCREMENT COMMENT 'Value Id',
  `entity_type_id` smallint(5) unsigned NOT NULL DEFAULT '0' COMMENT 'Entity Type Id',
  `attribute_id` smallint(5) unsigned NOT NULL DEFAULT '0' COMMENT 'Attribute Id',
  `store_id` smallint(5) unsigned NOT NULL DEFAULT '0' COMMENT 'Store Id',
  `entity_id` int(10) unsigned NOT NULL DEFAULT '0' COMMENT 'Entity Id',
  `value` text NOT NULL COMMENT 'Attribute Value',
  PRIMARY KEY (`value_id`),
  UNIQUE KEY `MAG2_EAV_ENTITY_TEXT_ENTITY_ID_ATTRIBUTE_ID_STORE_ID` (`entity_id`,`attribute_id`,`store_id`),
  KEY `MAG2_EAV_ENTITY_TEXT_ENTITY_TYPE_ID` (`entity_type_id`),
  KEY `MAG2_EAV_ENTITY_TEXT_ATTRIBUTE_ID` (`attribute_id`),
  KEY `MAG2_EAV_ENTITY_TEXT_STORE_ID` (`store_id`)
) ENGINE=InnoDB DEFAULT CHARSET=utf8 COMMENT='Eav Entity Value Prefix';

--
-- Dumping data for table `mag2_eav_entity_text`
--


--
-- Table structure for table `mag2_eav_entity_type`
--

CREATE TABLE `mag2_eav_entity_type` (
  `entity_type_id` smallint(5) unsigned NOT NULL AUTO_INCREMENT COMMENT 'Entity Type Id',
  `entity_type_code` varchar(50) NOT NULL COMMENT 'Entity Type Code',
  `entity_model` varchar(255) NOT NULL COMMENT 'Entity Model',
  `attribute_model` varchar(255) DEFAULT NULL COMMENT 'Attribute Model',
  `entity_table` varchar(255) DEFAULT NULL COMMENT 'Entity Table',
  `value_table_prefix` varchar(255) DEFAULT NULL COMMENT 'Value Table Prefix',
  `entity_id_field` varchar(255) DEFAULT NULL COMMENT 'Entity Id Field',
  `is_data_sharing` smallint(5) unsigned NOT NULL DEFAULT '1' COMMENT 'Defines Is Data Sharing',
  `data_sharing_key` varchar(100) DEFAULT 'default' COMMENT 'Data Sharing Key',
  `default_attribute_set_id` smallint(5) unsigned NOT NULL DEFAULT '0' COMMENT 'Default Attribute Set Id',
  `increment_model` varchar(255) DEFAULT NULL COMMENT 'Increment Model',
  `increment_per_store` smallint(5) unsigned NOT NULL DEFAULT '0' COMMENT 'Increment Per Store',
  `increment_pad_length` smallint(5) unsigned NOT NULL DEFAULT '8' COMMENT 'Increment Pad Length',
  `increment_pad_char` varchar(1) NOT NULL DEFAULT '0' COMMENT 'Increment Pad Char',
  `additional_attribute_table` varchar(255) DEFAULT NULL COMMENT 'Additional Attribute Table',
  `entity_attribute_collection` varchar(255) DEFAULT NULL COMMENT 'Entity Attribute Collection',
  PRIMARY KEY (`entity_type_id`),
  KEY `MAG2_EAV_ENTITY_TYPE_ENTITY_TYPE_CODE` (`entity_type_code`)
) ENGINE=InnoDB AUTO_INCREMENT=9 DEFAULT CHARSET=utf8 COMMENT='Eav Entity Type';

--
-- Dumping data for table `mag2_eav_entity_type`
--

INSERT INTO `mag2_eav_entity_type` VALUES (1,'customer','Magento\\Customer\\Model\\ResourceModel\\Customer','Magento\\Customer\\Model\\Attribute','customer_entity',NULL,NULL,1,'default',1,'Magento\\Eav\\Model\\Entity\\Increment\\NumericValue',0,8,'0','customer_eav_attribute','Magento\\Customer\\Model\\ResourceModel\\Attribute\\Collection'),(2,'customer_address','Magento\\Customer\\Model\\ResourceModel\\Address','Magento\\Customer\\Model\\Attribute','customer_address_entity',NULL,NULL,1,'default',2,NULL,0,8,'0','customer_eav_attribute','Magento\\Customer\\Model\\ResourceModel\\Address\\Attribute\\Collection'),(3,'catalog_category','Magento\\Catalog\\Model\\ResourceModel\\Category','Magento\\Catalog\\Model\\ResourceModel\\Eav\\Attribute','catalog_category_entity',NULL,NULL,1,'default',3,NULL,0,8,'0','catalog_eav_attribute','Magento\\Catalog\\Model\\ResourceModel\\Category\\Attribute\\Collection'),(4,'catalog_product','Magento\\Catalog\\Model\\ResourceModel\\Product','Magento\\Catalog\\Model\\ResourceModel\\Eav\\Attribute','catalog_product_entity',NULL,NULL,1,'default',4,NULL,0,8,'0','catalog_eav_attribute','Magento\\Catalog\\Model\\ResourceModel\\Product\\Attribute\\Collection'),(5,'order','Magento\\Sales\\Model\\ResourceModel\\Order',NULL,'sales_order',NULL,NULL,1,'default',5,'Magento\\Eav\\Model\\Entity\\Increment\\NumericValue',1,8,'0',NULL,NULL),(6,'invoice','Magento\\Sales\\Model\\ResourceModel\\Order\\Invoice',NULL,'sales_invoice',NULL,NULL,1,'default',6,'Magento\\Eav\\Model\\Entity\\Increment\\NumericValue',1,8,'0',NULL,NULL),(7,'creditmemo','Magento\\Sales\\Model\\ResourceModel\\Order\\Creditmemo',NULL,'sales_creditmemo',NULL,NULL,1,'default',7,'Magento\\Eav\\Model\\Entity\\Increment\\NumericValue',1,8,'0',NULL,NULL),(8,'shipment','Magento\\Sales\\Model\\ResourceModel\\Order\\Shipment',NULL,'sales_shipment',NULL,NULL,1,'default',8,'Magento\\Eav\\Model\\Entity\\Increment\\NumericValue',1,8,'0',NULL,NULL);

--
-- Table structure for table `mag2_eav_entity_varchar`
--

CREATE TABLE `mag2_eav_entity_varchar` (
  `value_id` int(11) NOT NULL AUTO_INCREMENT COMMENT 'Value Id',
  `entity_type_id` smallint(5) unsigned NOT NULL DEFAULT '0' COMMENT 'Entity Type Id',
  `attribute_id` smallint(5) unsigned NOT NULL DEFAULT '0' COMMENT 'Attribute Id',
  `store_id` smallint(5) unsigned NOT NULL DEFAULT '0' COMMENT 'Store Id',
  `entity_id` int(10) unsigned NOT NULL DEFAULT '0' COMMENT 'Entity Id',
  `value` varchar(255) DEFAULT NULL COMMENT 'Attribute Value',
  PRIMARY KEY (`value_id`),
  UNIQUE KEY `MAG2_EAV_ENTITY_VARCHAR_ENTITY_ID_ATTRIBUTE_ID_STORE_ID` (`entity_id`,`attribute_id`,`store_id`),
  KEY `MAG2_EAV_ENTITY_VARCHAR_STORE_ID` (`store_id`),
  KEY `MAG2_EAV_ENTITY_VARCHAR_ATTRIBUTE_ID_VALUE` (`attribute_id`,`value`),
  KEY `MAG2_EAV_ENTITY_VARCHAR_ENTITY_TYPE_ID_VALUE` (`entity_type_id`,`value`)
) ENGINE=InnoDB DEFAULT CHARSET=utf8 COMMENT='Eav Entity Value Prefix';

--
-- Dumping data for table `mag2_eav_entity_varchar`
--


--
-- Table structure for table `mag2_eav_form_element`
--

CREATE TABLE `mag2_eav_form_element` (
  `element_id` int(10) unsigned NOT NULL AUTO_INCREMENT COMMENT 'Element Id',
  `type_id` smallint(5) unsigned NOT NULL COMMENT 'Type Id',
  `fieldset_id` smallint(5) unsigned DEFAULT NULL COMMENT 'Fieldset Id',
  `attribute_id` smallint(5) unsigned NOT NULL COMMENT 'Attribute Id',
  `sort_order` int(11) NOT NULL DEFAULT '0' COMMENT 'Sort Order',
  PRIMARY KEY (`element_id`),
  UNIQUE KEY `MAG2_EAV_FORM_ELEMENT_TYPE_ID_ATTRIBUTE_ID` (`type_id`,`attribute_id`),
  KEY `MAG2_EAV_FORM_ELEMENT_FIELDSET_ID` (`fieldset_id`),
  KEY `MAG2_EAV_FORM_ELEMENT_ATTRIBUTE_ID` (`attribute_id`)
) ENGINE=InnoDB AUTO_INCREMENT=43 DEFAULT CHARSET=utf8 COMMENT='Eav Form Element';

--
-- Dumping data for table `mag2_eav_form_element`
--

INSERT INTO `mag2_eav_form_element` VALUES (1,1,NULL,23,0),(2,1,NULL,25,1),(3,1,NULL,27,2),(4,1,NULL,9,3),(5,1,NULL,28,4),(6,1,NULL,29,5),(7,1,NULL,31,6),(8,1,NULL,33,7),(9,1,NULL,30,8),(10,1,NULL,34,9),(11,1,NULL,35,10),(12,2,NULL,23,0),(13,2,NULL,25,1),(14,2,NULL,27,2),(15,2,NULL,9,3),(16,2,NULL,28,4),(17,2,NULL,29,5),(18,2,NULL,31,6),(19,2,NULL,33,7),(20,2,NULL,30,8),(21,2,NULL,34,9),(22,2,NULL,35,10),(23,3,NULL,23,0),(24,3,NULL,25,1),(25,3,NULL,27,2),(26,3,NULL,28,3),(27,3,NULL,29,4),(28,3,NULL,31,5),(29,3,NULL,33,6),(30,3,NULL,30,7),(31,3,NULL,34,8),(32,3,NULL,35,9),(33,4,NULL,23,0),(34,4,NULL,25,1),(35,4,NULL,27,2),(36,4,NULL,28,3),(37,4,NULL,29,4),(38,4,NULL,31,5),(39,4,NULL,33,6),(40,4,NULL,30,7),(41,4,NULL,34,8),(42,4,NULL,35,9);

--
-- Table structure for table `mag2_eav_form_fieldset`
--

CREATE TABLE `mag2_eav_form_fieldset` (
  `fieldset_id` smallint(5) unsigned NOT NULL AUTO_INCREMENT COMMENT 'Fieldset Id',
  `type_id` smallint(5) unsigned NOT NULL COMMENT 'Type Id',
  `code` varchar(64) NOT NULL COMMENT 'Code',
  `sort_order` int(11) NOT NULL DEFAULT '0' COMMENT 'Sort Order',
  PRIMARY KEY (`fieldset_id`),
  UNIQUE KEY `MAG2_EAV_FORM_FIELDSET_TYPE_ID_CODE` (`type_id`,`code`)
) ENGINE=InnoDB DEFAULT CHARSET=utf8 COMMENT='Eav Form Fieldset';

--
-- Dumping data for table `mag2_eav_form_fieldset`
--


--
-- Table structure for table `mag2_eav_form_fieldset_label`
--

CREATE TABLE `mag2_eav_form_fieldset_label` (
  `fieldset_id` smallint(5) unsigned NOT NULL COMMENT 'Fieldset Id',
  `store_id` smallint(5) unsigned NOT NULL COMMENT 'Store Id',
  `label` varchar(255) NOT NULL COMMENT 'Label',
  PRIMARY KEY (`fieldset_id`,`store_id`),
  KEY `MAG2_EAV_FORM_FIELDSET_LABEL_STORE_ID` (`store_id`)
) ENGINE=InnoDB DEFAULT CHARSET=utf8 COMMENT='Eav Form Fieldset Label';

--
-- Dumping data for table `mag2_eav_form_fieldset_label`
--


--
-- Table structure for table `mag2_eav_form_type`
--

CREATE TABLE `mag2_eav_form_type` (
  `type_id` smallint(5) unsigned NOT NULL AUTO_INCREMENT COMMENT 'Type Id',
  `code` varchar(64) NOT NULL COMMENT 'Code',
  `label` varchar(255) NOT NULL COMMENT 'Label',
  `is_system` smallint(5) unsigned NOT NULL DEFAULT '0' COMMENT 'Is System',
  `theme` varchar(64) DEFAULT NULL COMMENT 'Theme',
  `store_id` smallint(5) unsigned NOT NULL COMMENT 'Store Id',
  PRIMARY KEY (`type_id`),
  UNIQUE KEY `MAG2_EAV_FORM_TYPE_CODE_THEME_STORE_ID` (`code`,`theme`,`store_id`),
  KEY `MAG2_EAV_FORM_TYPE_STORE_ID` (`store_id`)
) ENGINE=InnoDB AUTO_INCREMENT=5 DEFAULT CHARSET=utf8 COMMENT='Eav Form Type';

--
-- Dumping data for table `mag2_eav_form_type`
--

INSERT INTO `mag2_eav_form_type` VALUES (1,'checkout_onepage_register','checkout_onepage_register',1,'',0),(2,'checkout_onepage_register_guest','checkout_onepage_register_guest',1,'',0),(3,'checkout_onepage_billing_address','checkout_onepage_billing_address',1,'',0),(4,'checkout_onepage_shipping_address','checkout_onepage_shipping_address',1,'',0);

--
-- Table structure for table `mag2_eav_form_type_entity`
--

CREATE TABLE `mag2_eav_form_type_entity` (
  `type_id` smallint(5) unsigned NOT NULL COMMENT 'Type Id',
  `entity_type_id` smallint(5) unsigned NOT NULL COMMENT 'Entity Type Id',
  PRIMARY KEY (`type_id`,`entity_type_id`),
  KEY `MAG2_EAV_FORM_TYPE_ENTITY_ENTITY_TYPE_ID` (`entity_type_id`)
) ENGINE=InnoDB DEFAULT CHARSET=utf8 COMMENT='Eav Form Type Entity';

--
-- Dumping data for table `mag2_eav_form_type_entity`
--

INSERT INTO `mag2_eav_form_type_entity` VALUES (1,1),(2,1),(1,2),(2,2),(3,2),(4,2);

--
-- Table structure for table `mag2_email_abandoned_cart`
--

CREATE TABLE `mag2_email_abandoned_cart` (
  `id` int(10) unsigned NOT NULL AUTO_INCREMENT COMMENT 'Primary Key',
  `quote_id` int(10) unsigned DEFAULT NULL COMMENT 'Quote Id',
  `store_id` smallint(5) unsigned DEFAULT NULL COMMENT 'Store Id',
  `customer_id` int(10) unsigned DEFAULT NULL COMMENT 'Customer ID',
  `email` varchar(255) NOT NULL DEFAULT '' COMMENT 'Email',
  `is_active` smallint(5) unsigned NOT NULL DEFAULT '1' COMMENT 'Quote Active',
  `quote_updated_at` timestamp NULL DEFAULT NULL COMMENT 'Quote updated at',
  `abandoned_cart_number` smallint(5) unsigned NOT NULL DEFAULT '0' COMMENT 'Abandoned Cart number',
  `items_count` smallint(5) unsigned DEFAULT '0' COMMENT 'Quote items count',
  `items_ids` varchar(255) DEFAULT NULL COMMENT 'Quote item ids',
  `created_at` timestamp NULL DEFAULT NULL COMMENT 'Created At',
  `updated_at` timestamp NULL DEFAULT NULL COMMENT 'Updated at',
  PRIMARY KEY (`id`),
  KEY `MAG2_EMAIL_ABANDONED_CART_QUOTE_ID` (`quote_id`),
  KEY `MAG2_EMAIL_ABANDONED_CART_STORE_ID` (`store_id`),
  KEY `MAG2_EMAIL_ABANDONED_CART_CUSTOMER_ID` (`customer_id`),
  KEY `MAG2_EMAIL_ABANDONED_CART_EMAIL` (`email`)
) ENGINE=InnoDB DEFAULT CHARSET=utf8 COMMENT='Abandoned Carts Table';

--
-- Dumping data for table `mag2_email_abandoned_cart`
--


--
-- Table structure for table `mag2_email_automation`
--

CREATE TABLE `mag2_email_automation` (
  `id` int(10) unsigned NOT NULL AUTO_INCREMENT COMMENT 'Primary Key',
  `automation_type` varchar(255) DEFAULT NULL COMMENT 'Automation Type',
  `store_name` varchar(255) DEFAULT NULL COMMENT 'Automation Type',
  `enrolment_status` varchar(255) NOT NULL COMMENT 'Entrolment Status',
  `email` varchar(255) DEFAULT NULL COMMENT 'Email',
  `type_id` varchar(255) DEFAULT NULL COMMENT 'Type ID',
  `program_id` varchar(255) DEFAULT NULL COMMENT 'Program ID',
  `website_id` smallint(5) unsigned NOT NULL COMMENT 'Website Id',
  `message` varchar(255) NOT NULL COMMENT 'Message',
  `created_at` timestamp NULL DEFAULT NULL COMMENT 'Creation Time',
  `updated_at` timestamp NULL DEFAULT NULL COMMENT 'Update Time',
  PRIMARY KEY (`id`),
  KEY `MAG2_EMAIL_AUTOMATION_AUTOMATION_TYPE` (`automation_type`),
  KEY `MAG2_EMAIL_AUTOMATION_ENROLMENT_STATUS` (`enrolment_status`),
  KEY `MAG2_EMAIL_AUTOMATION_TYPE_ID` (`type_id`),
  KEY `MAG2_EMAIL_AUTOMATION_EMAIL` (`email`),
  KEY `MAG2_EMAIL_AUTOMATION_PROGRAM_ID` (`program_id`),
  KEY `MAG2_EMAIL_AUTOMATION_CREATED_AT` (`created_at`),
  KEY `MAG2_EMAIL_AUTOMATION_UPDATED_AT` (`updated_at`),
  KEY `MAG2_EMAIL_AUTOMATION_WEBSITE_ID` (`website_id`)
) ENGINE=InnoDB DEFAULT CHARSET=utf8 COMMENT='Automation Status';

--
-- Dumping data for table `mag2_email_automation`
--


--
-- Table structure for table `mag2_email_campaign`
--

CREATE TABLE `mag2_email_campaign` (
  `id` int(10) unsigned NOT NULL AUTO_INCREMENT COMMENT 'Primary Key',
  `campaign_id` int(10) unsigned NOT NULL COMMENT 'Campaign ID',
  `email` varchar(255) NOT NULL DEFAULT '' COMMENT 'Contact Email',
  `customer_id` int(10) unsigned NOT NULL COMMENT 'Customer ID',
  `sent_at` timestamp NULL DEFAULT NULL COMMENT 'Send Date',
  `order_increment_id` varchar(50) NOT NULL COMMENT 'Order Increment ID',
  `quote_id` int(10) unsigned NOT NULL COMMENT 'Sales Quote ID',
  `message` varchar(255) NOT NULL DEFAULT '' COMMENT 'Error Message',
  `checkout_method` varchar(255) NOT NULL DEFAULT '' COMMENT 'Checkout Method Used',
  `store_id` smallint(5) unsigned NOT NULL DEFAULT '0' COMMENT 'Store ID',
  `event_name` varchar(255) NOT NULL DEFAULT '' COMMENT 'Event Name',
  `send_id` varchar(255) NOT NULL DEFAULT '' COMMENT 'Send Id',
  `send_status` smallint(6) NOT NULL DEFAULT '0' COMMENT 'Campaign send status',
  `created_at` timestamp NULL DEFAULT NULL COMMENT 'Creation Time',
  `updated_at` timestamp NULL DEFAULT NULL COMMENT 'Update Time',
  PRIMARY KEY (`id`),
  KEY `MAG2_EMAIL_CAMPAIGN_STORE_ID` (`store_id`),
  KEY `MAG2_EMAIL_CAMPAIGN_CAMPAIGN_ID` (`campaign_id`),
  KEY `MAG2_EMAIL_CAMPAIGN_EMAIL` (`email`),
  KEY `MAG2_EMAIL_CAMPAIGN_SEND_ID` (`send_id`),
  KEY `MAG2_EMAIL_CAMPAIGN_SEND_STATUS` (`send_status`),
  KEY `MAG2_EMAIL_CAMPAIGN_CREATED_AT` (`created_at`),
  KEY `MAG2_EMAIL_CAMPAIGN_UPDATED_AT` (`updated_at`),
  KEY `MAG2_EMAIL_CAMPAIGN_SENT_AT` (`sent_at`),
  KEY `MAG2_EMAIL_CAMPAIGN_EVENT_NAME` (`event_name`),
  KEY `MAG2_EMAIL_CAMPAIGN_MESSAGE` (`message`),
  KEY `MAG2_EMAIL_CAMPAIGN_QUOTE_ID` (`quote_id`),
  KEY `MAG2_EMAIL_CAMPAIGN_CUSTOMER_ID` (`customer_id`)
) ENGINE=InnoDB DEFAULT CHARSET=utf8 COMMENT='Connector Campaigns';

--
-- Dumping data for table `mag2_email_campaign`
--


--
-- Table structure for table `mag2_email_catalog`
--

CREATE TABLE `mag2_email_catalog` (
  `id` int(10) unsigned NOT NULL AUTO_INCREMENT COMMENT 'Primary Key',
  `product_id` int(10) unsigned NOT NULL COMMENT 'Product Id',
  `imported` smallint(5) unsigned DEFAULT NULL COMMENT 'Product Imported',
  `modified` smallint(5) unsigned DEFAULT NULL COMMENT 'Product Modified',
  `created_at` timestamp NULL DEFAULT NULL COMMENT 'Creation Time',
  `updated_at` timestamp NULL DEFAULT NULL COMMENT 'Update Time',
  PRIMARY KEY (`id`),
  KEY `MAG2_EMAIL_CATALOG_PRODUCT_ID` (`product_id`),
  KEY `MAG2_EMAIL_CATALOG_IMPORTED` (`imported`),
  KEY `MAG2_EMAIL_CATALOG_MODIFIED` (`modified`),
  KEY `MAG2_EMAIL_CATALOG_CREATED_AT` (`created_at`),
  KEY `MAG2_EMAIL_CATALOG_UPDATED_AT` (`updated_at`),
  CONSTRAINT `MAG2_EMAIL_CATALOG_PRODUCT_ID_CATALOG_PRODUCT_ENTITY_ENTITY_ID` FOREIGN KEY (`product_id`) REFERENCES `mag2_catalog_product_entity` (`entity_id`) ON DELETE CASCADE
) ENGINE=InnoDB AUTO_INCREMENT=27997 DEFAULT CHARSET=utf8 COMMENT='Connector Catalog';

--
-- Dumping data for table `mag2_email_catalog`
--

INSERT INTO `mag2_email_catalog` VALUES (2227,2174,NULL,NULL,'2019-05-21 11:32:40','2019-05-21 11:32:40'),(2228,2175,NULL,NULL,'2019-05-21 11:56:56','2019-05-21 11:56:56'),(2229,2176,NULL,NULL,'2019-05-21 11:57:05','2019-05-21 11:57:05'),(2230,2177,NULL,NULL,'2019-05-21 12:08:57','2019-05-21 12:08:57'),(2231,2178,NULL,NULL,'2019-05-21 12:09:15','2019-05-21 12:09:15'),(2232,2179,NULL,NULL,'2019-05-21 12:09:32','2019-05-21 12:09:32'),(2233,2180,NULL,NULL,'2019-05-21 12:09:49','2019-05-21 12:09:49'),(2234,2181,NULL,NULL,'2019-05-21 12:10:05','2019-05-21 12:10:05'),(2235,2182,NULL,NULL,'2019-05-21 12:10:22','2019-05-21 12:10:22'),(2236,2183,NULL,NULL,'2019-05-21 12:10:39','2019-05-21 12:10:39'),(2237,2184,NULL,NULL,'2019-05-21 12:10:55','2019-05-21 12:10:55'),(2238,2185,NULL,NULL,'2019-05-21 12:11:13','2019-05-21 12:11:13'),(2239,2186,NULL,NULL,'2019-05-21 12:11:30','2019-05-21 12:11:30'),(2240,2187,NULL,NULL,'2019-05-21 12:11:47','2019-05-21 12:11:47'),(2241,2188,NULL,NULL,'2019-05-21 12:12:04','2019-05-21 12:12:04'),(2242,2189,NULL,NULL,'2019-05-21 12:12:21','2019-05-21 12:12:21'),(2243,2190,NULL,NULL,'2019-05-21 12:12:38','2019-05-21 12:12:38'),(2244,2191,NULL,NULL,'2019-05-21 12:12:54','2019-05-21 12:12:54'),(2245,2192,NULL,NULL,'2019-05-21 12:13:11','2019-05-21 12:13:11'),(2246,2193,NULL,NULL,'2019-05-21 12:13:28','2019-05-21 12:13:28'),(2247,2194,NULL,NULL,'2019-05-21 12:13:44','2019-05-21 12:13:44'),(2248,2195,NULL,NULL,'2019-05-21 12:14:00','2019-05-21 12:14:00'),(2264,2211,NULL,NULL,'2019-05-22 08:54:01','2019-05-22 08:54:01'),(2265,2212,NULL,NULL,'2019-05-22 08:57:48','2019-05-22 08:57:48'),(2266,2213,NULL,NULL,'2019-05-22 09:01:03','2019-05-22 09:01:03'),(2267,2214,NULL,NULL,'2019-05-22 09:03:12','2019-05-22 09:03:12'),(2268,2215,NULL,NULL,'2019-05-22 09:06:59','2019-05-22 09:06:59'),(2269,2216,NULL,NULL,'2019-05-22 19:37:38','2019-05-22 19:37:38'),(2270,2217,NULL,NULL,'2019-05-22 19:37:45','2019-05-22 19:37:45'),(2271,2218,NULL,NULL,'2019-05-22 19:37:52','2019-05-22 19:37:52'),(2272,2219,NULL,NULL,'2019-05-22 19:37:59','2019-05-22 19:37:59'),(2273,2220,NULL,NULL,'2019-05-22 19:38:06','2019-05-22 19:38:06'),(2274,2221,NULL,NULL,'2019-05-22 19:44:37','2019-05-22 19:44:37'),(2275,2222,NULL,NULL,'2019-05-22 19:44:46','2019-05-22 19:44:46'),(2276,2223,NULL,NULL,'2019-05-22 19:44:55','2019-05-22 19:44:55'),(2277,2224,NULL,NULL,'2019-05-22 19:45:05','2019-05-22 19:45:05'),(2278,2225,NULL,NULL,'2019-05-22 19:45:15','2019-05-22 19:45:15'),(2279,2226,NULL,NULL,'2019-05-22 19:53:57','2019-05-22 19:53:57'),(2280,2227,NULL,NULL,'2019-05-22 19:54:08','2019-05-22 19:54:08'),(2281,2228,NULL,NULL,'2019-05-22 19:54:18','2019-05-22 19:54:18'),(2282,2229,NULL,NULL,'2019-05-22 19:54:28','2019-05-22 19:54:28'),(2283,2230,NULL,NULL,'2019-05-22 19:54:38','2019-05-22 19:54:38'),(2284,2231,NULL,NULL,'2019-05-22 19:58:01','2019-05-22 19:58:01'),(2285,2232,NULL,NULL,'2019-05-22 19:58:10','2019-05-22 19:58:10'),(2286,2233,NULL,NULL,'2019-05-22 19:58:19','2019-05-22 19:58:19'),(2287,2234,NULL,NULL,'2019-05-22 20:00:57','2019-05-22 20:00:57'),(2288,2235,NULL,NULL,'2019-05-22 20:01:07','2019-05-22 20:01:07'),(2289,2236,NULL,NULL,'2019-05-22 20:01:15','2019-05-22 20:01:15'),(2290,2237,NULL,NULL,'2019-05-22 20:03:29','2019-05-22 20:03:29'),(2291,2238,NULL,NULL,'2019-05-22 20:03:38','2019-05-22 20:03:38'),(2292,2239,NULL,NULL,'2019-05-22 20:03:48','2019-05-22 20:03:48'),(2293,2240,NULL,NULL,'2019-11-04 06:46:23','2019-11-04 06:46:23'),(2294,2241,NULL,NULL,'2019-11-04 06:46:24','2019-11-04 06:46:24'),(2295,2242,NULL,NULL,'2019-11-04 06:46:24','2019-11-04 06:46:24'),(2296,2243,NULL,NULL,'2019-11-04 06:46:24','2019-11-04 06:46:24'),(2297,2244,NULL,NULL,'2019-11-04 06:46:25','2019-11-04 06:46:25'),(2298,2245,NULL,NULL,'2019-11-04 06:46:25','2019-11-04 06:46:25'),(2299,2246,NULL,NULL,'2019-11-04 06:46:25','2019-11-04 06:46:25'),(2300,2247,NULL,NULL,'2019-11-04 06:46:26','2019-11-04 06:46:26'),(2301,2248,NULL,NULL,'2019-11-04 06:46:26','2019-11-04 06:46:26'),(2302,2249,NULL,NULL,'2019-11-04 06:46:26','2019-11-04 06:46:26'),(2303,2250,NULL,NULL,'2019-11-04 06:46:26','2019-11-04 06:46:26'),(2304,2251,NULL,NULL,'2019-11-04 06:46:27','2019-11-04 06:46:27'),(2305,2252,NULL,NULL,'2019-11-04 06:46:27','2019-11-04 06:46:27'),(2306,2253,NULL,NULL,'2019-11-04 06:46:27','2019-11-04 06:46:27'),(2307,2254,NULL,NULL,'2019-11-04 06:46:28','2019-11-04 06:46:28'),(2308,2255,NULL,NULL,'2019-11-04 06:46:28','2019-11-04 06:46:28'),(2309,2256,NULL,NULL,'2019-11-04 06:46:28','2019-11-04 06:46:28'),(2310,2257,NULL,NULL,'2019-11-04 06:46:29','2019-11-04 06:46:29'),(2311,2258,NULL,NULL,'2019-11-04 06:46:29','2019-11-04 06:46:29'),(2312,2259,NULL,NULL,'2019-11-04 06:46:29','2019-11-04 06:46:29'),(2313,2260,NULL,NULL,'2019-11-04 06:46:29','2019-11-04 06:46:29'),(2314,2261,NULL,NULL,'2019-11-04 06:46:30','2019-11-04 06:46:30'),(2315,2262,NULL,NULL,'2019-11-04 06:46:30','2019-11-04 06:46:30'),(2316,2263,NULL,NULL,'2019-11-04 06:46:30','2019-11-04 06:46:30'),(2317,2264,NULL,NULL,'2019-11-04 06:46:31','2019-11-04 06:46:31'),(2318,2265,NULL,NULL,'2019-11-04 06:46:31','2019-11-04 06:46:31'),(2319,2266,NULL,NULL,'2019-11-04 06:46:31','2019-11-04 06:46:31'),(2320,2267,NULL,NULL,'2019-11-04 06:46:32','2019-11-04 06:46:32'),(2321,2268,NULL,NULL,'2019-11-04 06:46:32','2019-11-04 06:46:32'),(2322,2269,NULL,NULL,'2019-11-04 06:46:32','2019-11-04 06:46:32'),(2323,2270,NULL,NULL,'2019-11-04 06:46:33','2019-11-04 06:46:33'),(2324,2271,NULL,NULL,'2019-11-04 06:46:33','2019-11-04 06:46:33'),(2325,2272,NULL,NULL,'2019-11-04 06:46:33','2019-11-04 06:46:33'),(2326,2273,NULL,NULL,'2019-11-04 06:46:34','2019-11-04 06:46:34'),(2327,2274,NULL,NULL,'2019-11-04 06:46:34','2019-11-04 06:46:34'),(2328,2275,NULL,NULL,'2019-11-04 06:46:34','2019-11-04 06:46:34'),(2329,2276,NULL,NULL,'2019-11-04 06:46:35','2019-11-04 06:46:35'),(2330,2277,NULL,NULL,'2019-11-04 07:03:27','2019-11-04 07:03:27'),(2331,2278,NULL,NULL,'2019-11-04 07:04:12','2019-11-04 07:04:12'),(2332,2279,NULL,NULL,'2019-11-04 07:04:58','2019-11-04 07:04:58'),(2333,2280,NULL,NULL,'2019-11-04 07:05:42','2019-11-04 07:05:42'),(2334,2281,NULL,NULL,'2019-11-04 07:06:21','2019-11-04 07:06:21'),(2335,2282,NULL,NULL,'2019-11-04 07:07:06','2019-11-04 07:07:06'),(2336,2283,NULL,NULL,'2019-11-04 07:07:52','2019-11-04 07:07:52'),(2337,2284,NULL,NULL,'2019-11-04 07:08:41','2019-11-04 07:08:41'),(2338,2285,NULL,NULL,'2019-11-04 07:09:33','2019-11-04 07:09:33'),(2339,2286,NULL,NULL,'2019-11-04 07:10:37','2019-11-04 07:10:37'),(2340,2287,NULL,NULL,'2019-11-04 07:11:28','2019-11-04 07:11:28'),(2341,2288,NULL,NULL,'2019-11-04 07:12:20','2019-11-04 07:12:20'),(2342,2289,NULL,NULL,'2019-11-04 07:13:26','2019-11-04 07:13:26'),(2343,2290,NULL,NULL,'2019-11-04 07:14:14','2019-11-04 07:14:14'),(2344,2291,NULL,NULL,'2019-11-04 07:15:02','2019-11-04 07:15:02'),(2345,2292,NULL,NULL,'2019-11-04 07:15:47','2019-11-04 07:15:47'),(2346,2293,NULL,NULL,'2019-11-04 07:16:28','2019-11-04 07:16:28'),(2347,2294,NULL,NULL,'2019-11-04 07:17:23','2019-11-04 07:17:23'),(2348,2295,NULL,NULL,'2019-11-04 07:17:36','2019-11-04 07:17:36'),(2349,2296,NULL,NULL,'2019-11-04 07:18:22','2019-11-04 07:18:22'),(2350,2297,NULL,NULL,'2019-11-04 07:18:34','2019-11-04 07:18:34'),(2351,2298,NULL,NULL,'2019-11-04 07:19:22','2019-11-04 07:19:22'),(2352,2299,NULL,NULL,'2019-11-04 07:19:34','2019-11-04 07:19:34'),(2353,2300,NULL,NULL,'2019-11-04 07:20:22','2019-11-04 07:20:22'),(2354,2301,NULL,NULL,'2019-11-04 07:20:35','2019-11-04 07:20:35'),(2355,2302,NULL,NULL,'2019-11-04 07:21:19','2019-11-04 07:21:19'),(2356,2303,NULL,NULL,'2019-11-04 07:21:30','2019-11-04 07:21:30'),(2357,2304,NULL,NULL,'2019-11-04 07:22:17','2019-11-04 07:22:17'),(2358,2305,NULL,NULL,'2019-11-04 07:22:28','2019-11-04 07:22:28'),(2359,2306,NULL,NULL,'2019-11-04 07:23:11','2019-11-04 07:23:11'),(2360,2307,NULL,NULL,'2019-11-04 07:23:22','2019-11-04 07:23:22'),(2361,2308,NULL,NULL,'2019-11-04 07:24:11','2019-11-04 07:24:11'),(2362,2309,NULL,NULL,'2019-11-04 07:24:23','2019-11-04 07:24:23'),(2363,2310,NULL,NULL,'2019-11-04 07:25:09','2019-11-04 07:25:09'),(2364,2311,NULL,NULL,'2019-11-04 07:25:19','2019-11-04 07:25:19'),(2365,2312,NULL,NULL,'2019-11-04 07:26:05','2019-11-04 07:26:05'),(2366,2313,NULL,NULL,'2019-11-04 07:26:17','2019-11-04 07:26:17'),(2367,2314,NULL,NULL,'2019-11-04 07:27:05','2019-11-04 07:27:05'),(2368,2315,NULL,NULL,'2019-11-04 07:27:18','2019-11-04 07:27:18'),(2369,2316,NULL,NULL,'2019-11-04 07:28:05','2019-11-04 07:28:05'),(2370,2317,NULL,NULL,'2019-11-04 07:28:17','2019-11-04 07:28:17'),(2371,2318,NULL,NULL,'2019-11-04 07:29:08','2019-11-04 07:29:08'),(2372,2319,NULL,NULL,'2019-11-04 07:29:23','2019-11-04 07:29:23'),(2373,2321,NULL,NULL,'2019-11-04 07:30:28','2019-11-04 07:30:28'),(2374,2322,NULL,NULL,'2019-11-04 07:31:29','2019-11-04 07:31:29'),(2375,2323,NULL,NULL,'2019-11-04 07:32:23','2019-11-04 07:32:23'),(2376,2324,NULL,NULL,'2019-11-04 07:33:22','2019-11-04 07:33:22'),(2377,2325,NULL,NULL,'2019-11-04 07:34:20','2019-11-04 07:34:20'),(2378,2326,NULL,NULL,'2019-11-04 07:35:18','2019-11-04 07:35:18'),(2379,2327,NULL,NULL,'2019-11-04 07:36:14','2019-11-04 07:36:14'),(2380,2328,NULL,NULL,'2020-03-01 10:57:28','2020-03-01 10:57:28'),(2381,2329,NULL,NULL,'2020-03-01 10:57:28','2020-03-01 10:57:28'),(2382,2330,NULL,NULL,'2020-03-01 10:57:29','2020-03-01 10:57:29'),(2383,2331,NULL,NULL,'2020-03-01 10:57:29','2020-03-01 10:57:29'),(2384,2332,NULL,NULL,'2020-03-01 10:57:29','2020-03-01 10:57:29'),(2385,2333,NULL,NULL,'2020-03-01 10:57:30','2020-03-01 10:57:30'),(2386,2334,NULL,NULL,'2020-03-01 10:57:30','2020-03-01 10:57:30'),(2387,2335,NULL,NULL,'2020-03-01 10:57:30','2020-03-01 10:57:30'),(2388,2336,NULL,NULL,'2020-03-01 10:57:31','2020-03-01 10:57:31'),(2389,2337,NULL,NULL,'2020-08-11 12:11:10','2020-08-11 12:11:10'),(2390,2338,NULL,NULL,'2020-08-11 12:11:14','2020-08-11 12:11:14'),(2391,2339,NULL,NULL,'2020-08-11 12:11:17','2020-08-11 12:11:17'),(2392,2340,NULL,NULL,'2020-08-11 12:11:20','2020-08-11 12:11:20'),(2393,2341,NULL,NULL,'2020-08-11 12:11:24','2020-08-11 12:11:24'),(2394,2342,NULL,NULL,'2020-08-11 12:11:27','2020-08-11 12:11:27'),(2395,2343,NULL,NULL,'2020-08-11 12:11:30','2020-08-11 12:11:30'),(2396,2344,NULL,NULL,'2020-08-12 14:17:55','2020-08-12 14:17:55'),(2397,2345,NULL,NULL,'2020-08-12 14:18:05','2020-08-12 14:18:05'),(2398,2346,NULL,NULL,'2020-08-12 14:18:14','2020-08-12 14:18:14'),(2399,2347,NULL,NULL,'2020-08-12 14:18:23','2020-08-12 14:18:23'),(2400,2348,NULL,NULL,'2020-08-12 14:18:31','2020-08-12 14:18:31'),(2401,2349,NULL,NULL,'2020-08-12 14:18:40','2020-08-12 14:18:40'),(2402,2350,NULL,NULL,'2020-08-12 14:18:48','2020-08-12 14:18:48'),(2403,2351,NULL,NULL,'2020-08-12 14:18:57','2020-08-12 14:18:57'),(2404,2352,NULL,NULL,'2020-08-12 14:19:06','2020-08-12 14:19:06'),(2405,2353,NULL,NULL,'2020-08-12 14:19:15','2020-08-12 14:19:15'),(2406,2354,NULL,NULL,'2020-08-12 14:19:23','2020-08-12 14:19:23'),(2407,2355,NULL,NULL,'2020-08-12 14:19:32','2020-08-12 14:19:32'),(2408,2356,NULL,NULL,'2020-08-12 14:19:40','2020-08-12 14:19:40'),(2409,2357,NULL,NULL,'2020-08-12 14:19:49','2020-08-12 14:19:49'),(2410,2358,NULL,NULL,'2020-08-12 14:19:58','2020-08-12 14:19:58'),(2411,2359,NULL,NULL,'2020-08-12 14:20:06','2020-08-12 14:20:06'),(2412,2360,NULL,NULL,'2020-08-12 14:20:15','2020-08-12 14:20:15'),(2413,2361,NULL,NULL,'2020-08-12 14:20:24','2020-08-12 14:20:24'),(2414,2362,NULL,NULL,'2020-08-12 14:20:32','2020-08-12 14:20:32'),(2415,2363,NULL,NULL,'2020-08-12 14:20:41','2020-08-12 14:20:41'),(2416,2364,NULL,NULL,'2020-08-12 14:20:50','2020-08-12 14:20:50'),(2417,2365,NULL,NULL,'2020-08-12 14:20:58','2020-08-12 14:20:58'),(2418,2366,NULL,NULL,'2020-08-12 14:21:07','2020-08-12 14:21:07'),(2419,2367,NULL,NULL,'2020-08-12 14:21:16','2020-08-12 14:21:16'),(2420,2368,NULL,NULL,'2020-08-12 14:21:25','2020-08-12 14:21:25'),(2421,2369,NULL,NULL,'2020-08-12 14:21:33','2020-08-12 14:21:33'),(2422,2370,NULL,NULL,'2020-08-12 14:21:42','2020-08-12 14:21:42'),(2423,2371,NULL,NULL,'2020-08-12 14:21:51','2020-08-12 14:21:51'),(2424,2372,NULL,NULL,'2020-08-12 14:22:00','2020-08-12 14:22:00'),(2425,2373,NULL,NULL,'2020-08-12 14:22:09','2020-08-12 14:22:09'),(2426,2374,NULL,NULL,'2020-08-12 14:22:18','2020-08-12 14:22:18'),(2427,2375,NULL,NULL,'2020-08-12 14:22:27','2020-08-12 14:22:27'),(2428,2376,NULL,NULL,'2020-08-12 14:22:35','2020-08-12 14:22:35'),(2429,2377,NULL,NULL,'2020-08-12 14:22:44','2020-08-12 14:22:44'),(2430,2378,NULL,NULL,'2020-08-12 14:22:53','2020-08-12 14:22:53'),(2431,2379,NULL,NULL,'2020-08-12 14:23:01','2020-08-12 14:23:01'),(2432,2380,NULL,NULL,'2020-08-12 14:23:11','2020-08-12 14:23:11'),(2433,2381,NULL,NULL,'2020-08-12 14:23:19','2020-08-12 14:23:19'),(2434,2382,NULL,NULL,'2020-08-12 14:23:28','2020-08-12 14:23:28'),(2435,2383,NULL,NULL,'2020-08-12 14:23:37','2020-08-12 14:23:37'),(2436,2384,NULL,NULL,'2020-08-12 14:23:45','2020-08-12 14:23:45'),(2437,2385,NULL,NULL,'2020-08-12 14:23:54','2020-08-12 14:23:54'),(2438,2386,NULL,NULL,'2020-08-12 14:24:02','2020-08-12 14:24:02'),(2439,2387,NULL,NULL,'2020-08-12 14:24:12','2020-08-12 14:24:12'),(2440,2388,NULL,NULL,'2020-08-12 14:24:20','2020-08-12 14:24:20'),(2441,2389,NULL,NULL,'2020-08-12 14:24:29','2020-08-12 14:24:29'),(2442,2390,NULL,NULL,'2020-08-12 14:24:37','2020-08-12 14:24:37'),(2443,2391,NULL,NULL,'2020-08-12 14:24:46','2020-08-12 14:24:46'),(2444,2392,NULL,NULL,'2020-08-12 14:24:55','2020-08-12 14:24:55'),(2445,2393,NULL,NULL,'2020-08-12 14:25:03','2020-08-12 14:25:03'),(2446,2394,NULL,NULL,'2020-08-12 14:25:12','2020-08-12 14:25:12'),(2447,2395,NULL,NULL,'2020-08-12 14:25:21','2020-08-12 14:25:21'),(2448,2396,NULL,NULL,'2020-08-12 14:25:29','2020-08-12 14:25:29'),(2449,2397,NULL,NULL,'2020-08-12 14:25:38','2020-08-12 14:25:38'),(2450,2398,NULL,NULL,'2020-08-12 14:25:47','2020-08-12 14:25:47'),(2451,2399,NULL,NULL,'2020-08-12 14:25:55','2020-08-12 14:25:55'),(2452,2400,NULL,NULL,'2020-08-12 14:26:04','2020-08-12 14:26:04'),(2453,2401,NULL,NULL,'2020-08-12 14:26:13','2020-08-12 14:26:13'),(2454,2402,NULL,NULL,'2020-08-12 14:26:22','2020-08-12 14:26:22'),(2455,2403,NULL,NULL,'2020-08-12 14:26:30','2020-08-12 14:26:30'),(2456,2404,NULL,NULL,'2020-08-12 14:26:39','2020-08-12 14:26:39'),(2457,2405,NULL,NULL,'2020-08-12 14:26:48','2020-08-12 14:26:48'),(2458,2406,NULL,NULL,'2020-08-12 14:26:56','2020-08-12 14:26:56'),(2459,2407,NULL,NULL,'2020-08-12 14:27:05','2020-08-12 14:27:05'),(2460,2408,NULL,NULL,'2020-08-12 14:27:14','2020-08-12 14:27:14'),(2461,2409,NULL,NULL,'2020-08-12 14:27:23','2020-08-12 14:27:23'),(2462,2410,NULL,NULL,'2020-08-12 14:27:31','2020-08-12 14:27:31'),(2463,2411,NULL,NULL,'2020-08-12 14:27:40','2020-08-12 14:27:40'),(2464,2412,NULL,NULL,'2020-08-12 14:27:48','2020-08-12 14:27:48'),(2465,2413,NULL,NULL,'2020-08-12 14:27:57','2020-08-12 14:27:57'),(2466,2414,NULL,NULL,'2020-08-12 14:28:06','2020-08-12 14:28:06'),(2467,2415,NULL,NULL,'2020-08-12 14:28:15','2020-08-12 14:28:15'),(2468,2416,NULL,NULL,'2020-08-12 14:28:24','2020-08-12 14:28:24'),(2469,2417,NULL,NULL,'2020-08-12 14:28:32','2020-08-12 14:28:32'),(2470,2418,NULL,NULL,'2020-08-12 14:28:41','2020-08-12 14:28:41'),(2471,2419,NULL,NULL,'2020-08-12 14:28:50','2020-08-12 14:28:50'),(2472,2420,NULL,NULL,'2020-08-12 14:28:58','2020-08-12 14:28:58'),(2473,2421,NULL,NULL,'2020-08-12 14:29:08','2020-08-12 14:29:08'),(2474,2422,NULL,NULL,'2020-08-12 14:29:17','2020-08-12 14:29:17'),(2475,2423,NULL,NULL,'2020-08-12 14:29:25','2020-08-12 14:29:25'),(2476,2424,NULL,NULL,'2020-08-12 14:29:34','2020-08-12 14:29:34'),(2477,2425,NULL,NULL,'2020-08-12 14:29:43','2020-08-12 14:29:43'),(2478,2426,NULL,NULL,'2020-08-12 14:29:51','2020-08-12 14:29:51'),(2479,2427,NULL,NULL,'2020-08-12 14:30:00','2020-08-12 14:30:00'),(2480,2428,NULL,NULL,'2020-08-12 14:30:10','2020-08-12 14:30:10'),(2481,2429,NULL,NULL,'2020-08-12 14:30:18','2020-08-12 14:30:18'),(2482,2430,NULL,NULL,'2020-08-12 14:30:27','2020-08-12 14:30:27'),(2483,2431,NULL,NULL,'2020-08-12 14:30:35','2020-08-12 14:30:35'),(2484,2432,NULL,NULL,'2020-08-12 14:30:44','2020-08-12 14:30:44'),(2485,2433,NULL,NULL,'2020-08-12 14:30:53','2020-08-12 14:30:53'),(2486,2434,NULL,NULL,'2020-08-12 14:31:01','2020-08-12 14:31:01'),(2487,2435,NULL,NULL,'2020-08-12 14:31:11','2020-08-12 14:31:11'),(2488,2436,NULL,NULL,'2020-08-12 14:31:19','2020-08-12 14:31:19'),(2489,2437,NULL,NULL,'2020-08-12 14:31:28','2020-08-12 14:31:28'),(2490,2438,NULL,NULL,'2020-08-12 14:31:37','2020-08-12 14:31:37'),(2491,2439,NULL,NULL,'2020-08-12 14:31:45','2020-08-12 14:31:45'),(2492,2440,NULL,NULL,'2020-08-12 14:31:54','2020-08-12 14:31:54'),(2493,2441,NULL,NULL,'2020-08-12 14:32:03','2020-08-12 14:32:03'),(2494,2442,NULL,NULL,'2020-08-12 14:32:12','2020-08-12 14:32:12'),(2495,2443,NULL,NULL,'2020-08-12 14:32:21','2020-08-12 14:32:21'),(2496,2444,NULL,NULL,'2020-08-12 14:32:29','2020-08-12 14:32:29'),(2497,2445,NULL,NULL,'2020-08-12 14:32:38','2020-08-12 14:32:38'),(2498,2446,NULL,NULL,'2020-08-12 14:32:47','2020-08-12 14:32:47'),(2499,2447,NULL,NULL,'2020-08-12 14:32:55','2020-08-12 14:32:55'),(2500,2448,NULL,NULL,'2020-08-12 14:33:04','2020-08-12 14:33:04'),(2501,2449,NULL,NULL,'2020-08-12 14:33:13','2020-08-12 14:33:13'),(2502,2450,NULL,NULL,'2020-08-12 14:33:22','2020-08-12 14:33:22'),(2503,2451,NULL,NULL,'2020-08-12 14:33:31','2020-08-12 14:33:31'),(2504,2452,NULL,NULL,'2020-08-12 14:33:39','2020-08-12 14:33:39'),(2505,2453,NULL,NULL,'2020-08-12 14:33:48','2020-08-12 14:33:48'),(2506,2454,NULL,NULL,'2020-08-12 14:33:57','2020-08-12 14:33:57'),(2507,2455,NULL,NULL,'2020-08-12 14:34:06','2020-08-12 14:34:06'),(2508,2456,NULL,NULL,'2020-08-12 14:34:15','2020-08-12 14:34:15'),(2509,2457,NULL,NULL,'2020-08-12 14:34:23','2020-08-12 14:34:23'),(2510,2458,NULL,NULL,'2020-08-12 14:34:32','2020-08-12 14:34:32'),(2511,2459,NULL,NULL,'2020-08-12 14:34:40','2020-08-12 14:34:40'),(2512,2460,NULL,NULL,'2020-08-12 14:34:49','2020-08-12 14:34:49'),(2513,2461,NULL,NULL,'2020-08-12 14:34:58','2020-08-12 14:34:58'),(2514,2462,NULL,NULL,'2020-08-12 14:35:08','2020-08-12 14:35:08'),(2515,2463,NULL,NULL,'2020-08-12 14:35:16','2020-08-12 14:35:16'),(2516,2464,NULL,NULL,'2020-08-12 14:35:25','2020-08-12 14:35:25'),(2517,2465,NULL,NULL,'2020-08-12 14:35:34','2020-08-12 14:35:34'),(2518,2466,NULL,NULL,'2020-08-12 14:35:42','2020-08-12 14:35:42'),(2519,2467,NULL,NULL,'2020-08-12 14:35:51','2020-08-12 14:35:51'),(2520,2468,NULL,NULL,'2020-08-12 14:36:00','2020-08-12 14:36:00'),(2521,2469,NULL,NULL,'2020-08-12 14:36:10','2020-08-12 14:36:10'),(2522,2470,NULL,NULL,'2020-08-12 14:36:19','2020-08-12 14:36:19'),(2523,2471,NULL,NULL,'2020-08-12 14:36:28','2020-08-12 14:36:28'),(2524,2472,NULL,NULL,'2020-08-12 14:36:36','2020-08-12 14:36:36'),(2525,2473,NULL,NULL,'2020-08-12 14:36:45','2020-08-12 14:36:45'),(2526,2474,NULL,NULL,'2020-08-12 14:36:54','2020-08-12 14:36:54'),(2527,2475,NULL,NULL,'2020-08-12 14:37:03','2020-08-12 14:37:03'),(2528,2476,NULL,NULL,'2020-08-12 14:37:12','2020-08-12 14:37:12'),(2529,2477,NULL,NULL,'2020-08-12 14:37:21','2020-08-12 14:37:21'),(2530,2478,NULL,NULL,'2020-08-12 14:37:29','2020-08-12 14:37:29'),(2531,2479,NULL,NULL,'2020-08-12 14:37:38','2020-08-12 14:37:38'),(2532,2480,NULL,NULL,'2020-08-12 14:37:47','2020-08-12 14:37:47'),(2533,2481,NULL,NULL,'2020-08-12 14:37:55','2020-08-12 14:37:55'),(2534,2482,NULL,NULL,'2020-08-12 14:38:04','2020-08-12 14:38:04'),(2535,2483,NULL,NULL,'2020-08-12 14:38:14','2020-08-12 14:38:14'),(2536,2484,NULL,NULL,'2020-08-12 14:38:22','2020-08-12 14:38:22'),(2537,2485,NULL,NULL,'2020-08-12 14:38:31','2020-08-12 14:38:31'),(2538,2486,NULL,NULL,'2020-08-12 14:38:40','2020-08-12 14:38:40'),(2539,2487,NULL,NULL,'2020-08-12 14:38:49','2020-08-12 14:38:49'),(2540,2488,NULL,NULL,'2020-08-12 14:38:58','2020-08-12 14:38:58'),(2541,2489,NULL,NULL,'2020-08-12 14:39:08','2020-08-12 14:39:08'),(2542,2490,NULL,NULL,'2020-08-12 14:39:16','2020-08-12 14:39:16'),(2543,2491,NULL,NULL,'2020-08-12 14:39:25','2020-08-12 14:39:25'),(2544,2492,NULL,NULL,'2020-08-12 14:39:34','2020-08-12 14:39:34'),(2545,2493,NULL,NULL,'2020-08-12 14:39:43','2020-08-12 14:39:43'),(2546,2494,NULL,NULL,'2020-08-12 14:39:51','2020-08-12 14:39:51'),(2547,2495,NULL,NULL,'2020-08-12 14:40:00','2020-08-12 14:40:00'),(2548,2496,NULL,NULL,'2020-08-12 14:40:10','2020-08-12 14:40:10'),(2549,2497,NULL,NULL,'2020-08-12 14:40:18','2020-08-12 14:40:18'),(2550,2498,NULL,NULL,'2020-08-12 14:40:27','2020-08-12 14:40:27'),(2551,2499,NULL,NULL,'2020-08-12 14:40:36','2020-08-12 14:40:36'),(2552,2500,NULL,NULL,'2020-08-12 14:40:45','2020-08-12 14:40:45'),(2553,2501,NULL,NULL,'2020-08-12 14:40:53','2020-08-12 14:40:53'),(2554,2502,NULL,NULL,'2020-08-12 14:41:02','2020-08-12 14:41:02'),(2555,2503,NULL,NULL,'2020-08-12 14:41:12','2020-08-12 14:41:12'),(2556,2504,NULL,NULL,'2020-08-12 14:41:20','2020-08-12 14:41:20'),(2557,2505,NULL,NULL,'2020-08-12 14:41:29','2020-08-12 14:41:29'),(2558,2506,NULL,NULL,'2020-08-12 14:41:38','2020-08-12 14:41:38'),(2559,2507,NULL,NULL,'2020-08-12 14:41:47','2020-08-12 14:41:47'),(2560,2508,NULL,NULL,'2020-08-12 14:41:55','2020-08-12 14:41:55'),(2561,2509,NULL,NULL,'2020-08-12 14:42:05','2020-08-12 14:42:05'),(2562,2510,NULL,NULL,'2020-08-12 14:42:14','2020-08-12 14:42:14'),(2563,2511,NULL,NULL,'2020-08-12 14:42:22','2020-08-12 14:42:22'),(2564,2512,NULL,NULL,'2020-08-12 14:42:31','2020-08-12 14:42:31'),(2565,2513,NULL,NULL,'2020-08-12 14:42:40','2020-08-12 14:42:40'),(2566,2514,NULL,NULL,'2020-08-12 14:42:49','2020-08-12 14:42:49'),(2567,2515,NULL,NULL,'2020-08-12 14:42:57','2020-08-12 14:42:57'),(2568,2516,NULL,NULL,'2020-08-12 14:43:07','2020-08-12 14:43:07'),(2569,2517,NULL,NULL,'2020-08-12 14:43:15','2020-08-12 14:43:15'),(2570,2518,NULL,NULL,'2020-08-12 14:43:24','2020-08-12 14:43:24'),(2571,2519,NULL,NULL,'2020-08-12 14:43:33','2020-08-12 14:43:33'),(2572,2520,NULL,NULL,'2020-08-12 14:43:42','2020-08-12 14:43:42'),(2573,2521,NULL,NULL,'2020-08-12 14:43:51','2020-08-12 14:43:51'),(2574,2522,NULL,NULL,'2020-08-12 14:43:59','2020-08-12 14:43:59'),(2575,2523,NULL,NULL,'2020-08-12 14:44:09','2020-08-12 14:44:09'),(2576,2524,NULL,NULL,'2020-08-12 14:44:17','2020-08-12 14:44:17'),(2577,2525,NULL,NULL,'2020-08-12 14:44:26','2020-08-12 14:44:26'),(2578,2526,NULL,NULL,'2020-08-12 14:44:35','2020-08-12 14:44:35'),(2579,2527,NULL,NULL,'2020-08-12 14:44:44','2020-08-12 14:44:44'),(2580,2528,NULL,NULL,'2020-08-12 14:44:52','2020-08-12 14:44:52'),(2581,2529,NULL,NULL,'2020-08-12 14:45:01','2020-08-12 14:45:01'),(2582,2530,NULL,NULL,'2020-08-12 14:45:10','2020-08-12 14:45:10'),(2583,2531,NULL,NULL,'2020-08-12 14:45:19','2020-08-12 14:45:19'),(2584,2532,NULL,NULL,'2020-08-12 14:45:28','2020-08-12 14:45:28'),(2585,2533,NULL,NULL,'2020-08-12 14:45:37','2020-08-12 14:45:37'),(2586,2534,NULL,NULL,'2020-08-12 14:45:45','2020-08-12 14:45:45'),(2587,2535,NULL,NULL,'2020-08-12 14:45:54','2020-08-12 14:45:54'),(2588,2536,NULL,NULL,'2020-08-12 14:46:03','2020-08-12 14:46:03'),(2589,2537,NULL,NULL,'2020-08-12 14:46:12','2020-08-12 14:46:12'),(2590,2538,NULL,NULL,'2020-08-12 14:46:21','2020-08-12 14:46:21'),(2591,2539,NULL,NULL,'2020-08-12 14:46:30','2020-08-12 14:46:30'),(2592,2540,NULL,NULL,'2020-08-12 14:46:38','2020-08-12 14:46:38'),(2593,2541,NULL,NULL,'2020-08-12 14:46:47','2020-08-12 14:46:47'),(2594,2542,NULL,NULL,'2020-08-12 14:46:56','2020-08-12 14:46:56'),(2595,2543,NULL,NULL,'2020-08-12 14:47:05','2020-08-12 14:47:05'),(2596,2544,NULL,NULL,'2020-08-12 14:47:14','2020-08-12 14:47:14'),(2597,2545,NULL,NULL,'2020-08-12 14:47:23','2020-08-12 14:47:23'),(2598,2546,NULL,NULL,'2020-08-12 14:47:32','2020-08-12 14:47:32'),(2599,2547,NULL,NULL,'2020-08-12 14:47:40','2020-08-12 14:47:40'),(2600,2548,NULL,NULL,'2020-08-12 14:47:49','2020-08-12 14:47:49'),(2601,2549,NULL,NULL,'2020-08-12 14:47:58','2020-08-12 14:47:58'),(2602,2550,NULL,NULL,'2020-08-12 14:48:07','2020-08-12 14:48:07'),(2603,2551,NULL,NULL,'2020-08-12 14:48:16','2020-08-12 14:48:16'),(2604,2552,NULL,NULL,'2020-08-12 14:48:25','2020-08-12 14:48:25'),(2605,2553,NULL,NULL,'2020-08-12 14:48:33','2020-08-12 14:48:33'),(2606,2554,NULL,NULL,'2020-08-12 14:48:42','2020-08-12 14:48:42'),(2607,2555,NULL,NULL,'2020-08-12 14:48:51','2020-08-12 14:48:51'),(2608,2556,NULL,NULL,'2020-08-12 14:49:00','2020-08-12 14:49:00'),(2609,2557,NULL,NULL,'2020-08-12 14:49:09','2020-08-12 14:49:09'),(2610,2558,NULL,NULL,'2020-08-12 14:49:18','2020-08-12 14:49:18'),(2611,2559,NULL,NULL,'2020-08-12 14:49:27','2020-08-12 14:49:27'),(2612,2560,NULL,NULL,'2020-08-12 14:49:35','2020-08-12 14:49:35'),(2613,2561,NULL,NULL,'2020-08-12 14:49:44','2020-08-12 14:49:44'),(2614,2562,NULL,NULL,'2020-08-12 14:49:53','2020-08-12 14:49:53'),(2615,2563,NULL,NULL,'2020-08-12 14:50:03','2020-08-12 14:50:03'),(2616,2564,NULL,NULL,'2020-08-12 14:50:13','2020-08-12 14:50:13'),(2617,2565,NULL,NULL,'2020-08-12 14:50:23','2020-08-12 14:50:23'),(2618,2566,NULL,NULL,'2020-08-12 14:50:32','2020-08-12 14:50:32'),(2619,2567,NULL,NULL,'2020-08-12 14:50:40','2020-08-12 14:50:40'),(2620,2568,NULL,NULL,'2020-08-12 14:50:49','2020-08-12 14:50:49'),(2621,2569,NULL,NULL,'2020-08-12 14:50:58','2020-08-12 14:50:58'),(2622,2570,NULL,NULL,'2020-08-12 14:51:07','2020-08-12 14:51:07'),(2623,2571,NULL,NULL,'2020-08-12 14:51:16','2020-08-12 14:51:16'),(2624,2572,NULL,NULL,'2020-08-12 14:51:25','2020-08-12 14:51:25'),(2625,2573,NULL,NULL,'2020-08-12 14:51:34','2020-08-12 14:51:34'),(2626,2574,NULL,NULL,'2020-08-12 14:51:42','2020-08-12 14:51:42'),(2627,2575,NULL,NULL,'2020-08-12 14:51:51','2020-08-12 14:51:51'),(2628,2576,NULL,NULL,'2020-08-12 14:52:00','2020-08-12 14:52:00'),(2629,2577,NULL,NULL,'2020-08-12 14:52:09','2020-08-12 14:52:09'),(2630,2578,NULL,NULL,'2020-08-12 14:52:18','2020-08-12 14:52:18'),(2631,2579,NULL,NULL,'2020-08-12 14:52:27','2020-08-12 14:52:27'),(2632,2580,NULL,NULL,'2020-08-12 14:52:36','2020-08-12 14:52:36'),(2633,2581,NULL,NULL,'2020-08-12 14:52:44','2020-08-12 14:52:44'),(2634,2582,NULL,NULL,'2020-08-12 14:52:53','2020-08-12 14:52:53'),(2635,2583,NULL,NULL,'2020-08-12 14:53:02','2020-08-12 14:53:02'),(2636,2584,NULL,NULL,'2020-08-12 14:53:11','2020-08-12 14:53:11'),(2637,2585,NULL,NULL,'2020-08-12 14:53:20','2020-08-12 14:53:20'),(2638,2586,NULL,NULL,'2020-08-12 14:53:29','2020-08-12 14:53:29'),(2639,2587,NULL,NULL,'2020-08-12 14:53:37','2020-08-12 14:53:37'),(2640,2588,NULL,NULL,'2020-08-12 14:53:46','2020-08-12 14:53:46'),(2641,2589,NULL,NULL,'2020-08-12 14:53:55','2020-08-12 14:53:55'),(2642,2590,NULL,NULL,'2020-08-12 14:54:04','2020-08-12 14:54:04'),(2643,2591,NULL,NULL,'2020-08-12 14:54:13','2020-08-12 14:54:13'),(2644,2592,NULL,NULL,'2020-08-12 14:54:22','2020-08-12 14:54:22'),(2645,2593,NULL,NULL,'2020-08-12 14:54:31','2020-08-12 14:54:31'),(2646,2594,NULL,NULL,'2020-08-12 14:54:40','2020-08-12 14:54:40'),(2647,2595,NULL,NULL,'2020-08-12 14:54:48','2020-08-12 14:54:48'),(2648,2596,NULL,NULL,'2020-08-12 14:54:57','2020-08-12 14:54:57'),(2649,2597,NULL,NULL,'2020-08-12 14:55:08','2020-08-12 14:55:08'),(2650,2598,NULL,NULL,'2020-08-12 14:55:17','2020-08-12 14:55:17'),(2651,2599,NULL,NULL,'2020-08-12 14:55:26','2020-08-12 14:55:26'),(2652,2600,NULL,NULL,'2020-08-12 14:55:35','2020-08-12 14:55:35'),(2653,2601,NULL,NULL,'2020-08-12 14:55:43','2020-08-12 14:55:43'),(2654,2602,NULL,NULL,'2020-08-12 14:55:52','2020-08-12 14:55:52'),(2655,2603,NULL,NULL,'2020-08-12 14:56:01','2020-08-12 14:56:01'),(2656,2604,NULL,NULL,'2020-08-12 14:56:10','2020-08-12 14:56:10'),(2657,2605,NULL,NULL,'2020-08-12 14:56:19','2020-08-12 14:56:19'),(2658,2606,NULL,NULL,'2020-08-12 14:56:28','2020-08-12 14:56:28'),(2659,2607,NULL,NULL,'2020-08-12 14:56:37','2020-08-12 14:56:37'),(2660,2608,NULL,NULL,'2020-08-12 14:56:46','2020-08-12 14:56:46'),(2661,2609,NULL,NULL,'2020-08-12 14:56:54','2020-08-12 14:56:54'),(2662,2610,NULL,NULL,'2020-08-12 14:57:03','2020-08-12 14:57:03'),(2663,2611,NULL,NULL,'2020-08-12 14:57:12','2020-08-12 14:57:12'),(2664,2612,NULL,NULL,'2020-08-12 14:57:21','2020-08-12 14:57:21'),(2665,2613,NULL,NULL,'2020-08-12 14:57:30','2020-08-12 14:57:30'),(2666,2614,NULL,NULL,'2020-08-12 14:57:39','2020-08-12 14:57:39'),(2667,2615,NULL,NULL,'2020-08-12 14:57:47','2020-08-12 14:57:47'),(2668,2616,NULL,NULL,'2020-08-12 14:57:56','2020-08-12 14:57:56'),(2669,2617,NULL,NULL,'2020-08-12 14:58:06','2020-08-12 14:58:06'),(2670,2618,NULL,NULL,'2020-08-12 14:58:15','2020-08-12 14:58:15'),(2671,2619,NULL,NULL,'2020-08-12 14:58:23','2020-08-12 14:58:23'),(2672,2620,NULL,NULL,'2020-08-12 14:58:32','2020-08-12 14:58:32'),(2673,2621,NULL,NULL,'2020-08-12 14:58:41','2020-08-12 14:58:41'),(2674,2622,NULL,NULL,'2020-08-12 14:58:50','2020-08-12 14:58:50'),(2675,2623,NULL,NULL,'2020-08-12 14:58:59','2020-08-12 14:58:59'),(2676,2624,NULL,NULL,'2020-08-12 14:59:09','2020-08-12 14:59:09'),(2677,2625,NULL,NULL,'2020-08-12 14:59:17','2020-08-12 14:59:17'),(2678,2626,NULL,NULL,'2020-08-12 14:59:26','2020-08-12 14:59:26'),(2679,2627,NULL,NULL,'2020-08-12 14:59:35','2020-08-12 14:59:35'),(2680,2628,NULL,NULL,'2020-08-12 14:59:44','2020-08-12 14:59:44'),(2681,2629,NULL,NULL,'2020-08-12 14:59:53','2020-08-12 14:59:53'),(2682,2630,NULL,NULL,'2020-08-12 15:00:01','2020-08-12 15:00:01'),(2683,2631,NULL,NULL,'2020-08-12 15:00:11','2020-08-12 15:00:11'),(2684,2632,NULL,NULL,'2020-08-12 15:00:20','2020-08-12 15:00:20'),(2685,2633,NULL,NULL,'2020-08-12 15:00:29','2020-08-12 15:00:29'),(2686,2634,NULL,NULL,'2020-08-12 15:00:38','2020-08-12 15:00:38'),(2687,2635,NULL,NULL,'2020-08-12 15:00:46','2020-08-12 15:00:46'),(2688,2636,NULL,NULL,'2020-08-12 15:00:55','2020-08-12 15:00:55'),(2689,2637,NULL,NULL,'2020-08-12 15:01:04','2020-08-12 15:01:04'),(2690,2638,NULL,NULL,'2020-08-12 15:01:13','2020-08-12 15:01:13'),(2691,2639,NULL,NULL,'2020-08-12 15:01:22','2020-08-12 15:01:22'),(2692,2640,NULL,NULL,'2020-08-12 15:01:31','2020-08-12 15:01:31'),(2693,2641,NULL,NULL,'2020-08-12 15:01:40','2020-08-12 15:01:40'),(2694,2642,NULL,NULL,'2020-08-12 15:01:49','2020-08-12 15:01:49'),(2695,2643,NULL,NULL,'2020-08-12 15:01:58','2020-08-12 15:01:58'),(2696,2644,NULL,NULL,'2020-08-12 15:02:07','2020-08-12 15:02:07'),(2697,2645,NULL,NULL,'2020-08-12 15:02:16','2020-08-12 15:02:16'),(2698,2646,NULL,NULL,'2020-08-12 15:02:25','2020-08-12 15:02:25'),(2699,2647,NULL,NULL,'2020-08-12 15:02:34','2020-08-12 15:02:34'),(2700,2648,NULL,NULL,'2020-08-12 15:02:43','2020-08-12 15:02:43'),(2701,2649,NULL,NULL,'2020-08-12 15:02:53','2020-08-12 15:02:53'),(2702,2650,NULL,NULL,'2020-08-12 15:03:02','2020-08-12 15:03:02'),(2703,2651,NULL,NULL,'2020-08-12 15:03:11','2020-08-12 15:03:11'),(2704,2652,NULL,NULL,'2020-08-12 15:03:20','2020-08-12 15:03:20'),(2705,2653,NULL,NULL,'2020-08-12 15:03:29','2020-08-12 15:03:29'),(2706,2654,NULL,NULL,'2020-08-12 15:03:38','2020-08-12 15:03:38'),(2707,2655,NULL,NULL,'2020-08-12 15:03:46','2020-08-12 15:03:46'),(2708,2656,NULL,NULL,'2020-08-12 15:03:55','2020-08-12 15:03:55'),(2709,2657,NULL,NULL,'2020-08-12 15:04:04','2020-08-12 15:04:04'),(2710,2658,NULL,NULL,'2020-08-12 15:04:13','2020-08-12 15:04:13'),(2711,2659,NULL,NULL,'2020-08-12 15:04:21','2020-08-12 15:04:21'),(2712,2660,NULL,NULL,'2020-08-12 15:04:30','2020-08-12 15:04:30'),(2713,2661,NULL,NULL,'2020-08-12 15:04:39','2020-08-12 15:04:39'),(2714,2662,NULL,NULL,'2020-08-12 15:04:48','2020-08-12 15:04:48'),(2715,2663,NULL,NULL,'2020-08-12 15:04:57','2020-08-12 15:04:57'),(2716,2664,NULL,NULL,'2020-08-12 15:05:06','2020-08-12 15:05:06'),(2717,2665,NULL,NULL,'2020-08-12 15:05:15','2020-08-12 15:05:15'),(2718,2666,NULL,NULL,'2020-08-12 15:05:24','2020-08-12 15:05:24'),(2719,2667,NULL,NULL,'2020-08-12 15:05:32','2020-08-12 15:05:32'),(2720,2668,NULL,NULL,'2020-08-12 15:05:41','2020-08-12 15:05:41'),(2721,2669,NULL,NULL,'2020-08-12 15:05:50','2020-08-12 15:05:50'),(2722,2670,NULL,NULL,'2020-08-12 15:05:58','2020-08-12 15:05:58'),(2723,2671,NULL,NULL,'2020-08-12 15:06:08','2020-08-12 15:06:08'),(2724,2672,NULL,NULL,'2020-08-12 15:06:17','2020-08-12 15:06:17'),(2725,2673,NULL,NULL,'2020-08-12 15:06:25','2020-08-12 15:06:25'),(2726,2674,NULL,NULL,'2020-08-12 15:06:34','2020-08-12 15:06:34'),(2727,2675,NULL,NULL,'2020-08-12 15:06:43','2020-08-12 15:06:43'),(2728,2676,NULL,NULL,'2020-08-12 15:06:52','2020-08-12 15:06:52'),(2729,2677,NULL,NULL,'2020-08-12 15:07:00','2020-08-12 15:07:00'),(2730,2678,NULL,NULL,'2020-08-12 15:07:10','2020-08-12 15:07:10'),(2731,2679,NULL,NULL,'2020-08-12 15:07:18','2020-08-12 15:07:18'),(2732,2680,NULL,NULL,'2020-08-12 15:07:27','2020-08-12 15:07:27'),(2733,2681,NULL,NULL,'2020-08-12 15:07:36','2020-08-12 15:07:36'),(2734,2682,NULL,NULL,'2020-08-12 15:07:45','2020-08-12 15:07:45'),(2735,2683,NULL,NULL,'2020-08-12 15:07:53','2020-08-12 15:07:53'),(2736,2684,NULL,NULL,'2020-08-12 15:08:02','2020-08-12 15:08:02'),(2737,2685,NULL,NULL,'2020-08-12 15:08:12','2020-08-12 15:08:12'),(2738,2686,NULL,NULL,'2020-08-12 15:08:20','2020-08-12 15:08:20'),(2739,2687,NULL,NULL,'2020-08-12 15:08:29','2020-08-12 15:08:29'),(2740,2688,NULL,NULL,'2020-08-12 15:08:38','2020-08-12 15:08:38'),(2741,2689,NULL,NULL,'2020-08-12 15:08:47','2020-08-12 15:08:47'),(2742,2690,NULL,NULL,'2020-08-12 15:08:56','2020-08-12 15:08:56'),(2743,2691,NULL,NULL,'2020-08-12 15:09:05','2020-08-12 15:09:05'),(2744,2692,NULL,NULL,'2020-08-12 15:09:15','2020-08-12 15:09:15'),(2745,2693,NULL,NULL,'2020-08-12 15:09:23','2020-08-12 15:09:23'),(2746,2694,NULL,NULL,'2020-08-12 15:09:32','2020-08-12 15:09:32'),(2747,2695,NULL,NULL,'2020-08-12 15:09:41','2020-08-12 15:09:41'),(2748,2696,NULL,NULL,'2020-08-12 15:09:50','2020-08-12 15:09:50'),(2749,2697,NULL,NULL,'2020-08-12 15:09:59','2020-08-12 15:09:59'),(2750,2698,NULL,NULL,'2020-08-12 15:10:08','2020-08-12 15:10:08'),(2751,2699,NULL,NULL,'2020-08-12 15:10:17','2020-08-12 15:10:17'),(2752,2700,NULL,NULL,'2020-08-12 15:10:26','2020-08-12 15:10:26'),(2753,2701,NULL,NULL,'2020-08-12 15:10:34','2020-08-12 15:10:34'),(2754,2702,NULL,NULL,'2020-08-12 15:10:43','2020-08-12 15:10:43'),(2755,2703,NULL,NULL,'2020-08-12 15:10:52','2020-08-12 15:10:52'),(2756,2704,NULL,NULL,'2020-08-12 15:11:01','2020-08-12 15:11:01'),(2757,2705,NULL,NULL,'2020-08-12 15:11:11','2020-08-12 15:11:11'),(2758,2706,NULL,NULL,'2020-08-12 15:11:20','2020-08-12 15:11:20'),(2759,2707,NULL,NULL,'2020-08-12 15:11:29','2020-08-12 15:11:29'),(2760,2708,NULL,NULL,'2020-08-12 15:11:38','2020-08-12 15:11:38'),(2761,2709,NULL,NULL,'2020-08-12 15:11:46','2020-08-12 15:11:46'),(2762,2710,NULL,NULL,'2020-08-12 15:11:55','2020-08-12 15:11:55'),(2763,2711,NULL,NULL,'2020-08-12 15:12:05','2020-08-12 15:12:05'),(2764,2712,NULL,NULL,'2020-08-12 15:12:14','2020-08-12 15:12:14'),(2765,2713,NULL,NULL,'2020-08-12 15:12:23','2020-08-12 15:12:23'),(2766,2714,NULL,NULL,'2020-08-12 15:12:32','2020-08-12 15:12:32'),(2767,2715,NULL,NULL,'2020-08-12 15:12:40','2020-08-12 15:12:40'),(2768,2716,NULL,NULL,'2020-08-12 15:12:49','2020-08-12 15:12:49'),(2769,2717,NULL,NULL,'2020-08-12 15:12:58','2020-08-12 15:12:58'),(2770,2718,NULL,NULL,'2020-08-12 15:13:07','2020-08-12 15:13:07'),(2771,2719,NULL,NULL,'2020-08-12 15:13:17','2020-08-12 15:13:17'),(2772,2720,NULL,NULL,'2020-08-12 15:13:25','2020-08-12 15:13:25'),(2773,2721,NULL,NULL,'2020-08-12 15:13:34','2020-08-12 15:13:34'),(2774,2722,NULL,NULL,'2020-08-12 15:13:43','2020-08-12 15:13:43'),(2775,2723,NULL,NULL,'2020-08-12 15:13:52','2020-08-12 15:13:52'),(2776,2724,NULL,NULL,'2020-08-12 15:14:00','2020-08-12 15:14:00'),(2777,2725,NULL,NULL,'2020-08-12 15:14:10','2020-08-12 15:14:10'),(2778,2726,NULL,NULL,'2020-08-12 15:14:19','2020-08-12 15:14:19'),(2779,2727,NULL,NULL,'2020-08-12 15:14:28','2020-08-12 15:14:28'),(2780,2728,NULL,NULL,'2020-08-12 15:14:36','2020-08-12 15:14:36'),(2781,2729,NULL,NULL,'2020-08-12 15:14:45','2020-08-12 15:14:45'),(2782,2730,NULL,NULL,'2020-08-12 15:14:54','2020-08-12 15:14:54'),(2783,2731,NULL,NULL,'2020-08-12 15:15:03','2020-08-12 15:15:03'),(2784,2732,NULL,NULL,'2020-08-12 15:15:12','2020-08-12 15:15:12'),(2785,2733,NULL,NULL,'2020-08-12 15:15:21','2020-08-12 15:15:21'),(2786,2734,NULL,NULL,'2020-08-12 15:15:30','2020-08-12 15:15:30'),(2787,2735,NULL,NULL,'2020-08-12 15:15:38','2020-08-12 15:15:38'),(2788,2736,NULL,NULL,'2020-08-12 15:15:47','2020-08-12 15:15:47'),(2789,2737,NULL,NULL,'2020-08-12 15:15:56','2020-08-12 15:15:56'),(2790,2738,NULL,NULL,'2020-08-12 15:16:05','2020-08-12 15:16:05'),(2791,2739,NULL,NULL,'2020-08-12 15:16:15','2020-08-12 15:16:15'),(2792,2740,NULL,NULL,'2020-08-12 15:16:23','2020-08-12 15:16:23'),(2793,2741,NULL,NULL,'2020-08-12 15:16:32','2020-08-12 15:16:32'),(2794,2742,NULL,NULL,'2020-08-12 15:16:41','2020-08-12 15:16:41'),(2795,2743,NULL,NULL,'2020-08-12 15:16:50','2020-08-12 15:16:50'),(2796,2744,NULL,NULL,'2020-08-12 15:16:58','2020-08-12 15:16:58'),(2797,2745,NULL,NULL,'2020-08-12 15:17:09','2020-08-12 15:17:09'),(2798,2746,NULL,NULL,'2020-08-12 15:17:18','2020-08-12 15:17:18'),(2799,2747,NULL,NULL,'2020-08-12 15:17:27','2020-08-12 15:17:27'),(2800,2748,NULL,NULL,'2020-08-12 15:17:36','2020-08-12 15:17:36'),(2801,2749,NULL,NULL,'2020-08-12 15:17:45','2020-08-12 15:17:45'),(2802,2750,NULL,NULL,'2020-08-12 15:17:53','2020-08-12 15:17:53'),(2803,2751,NULL,NULL,'2020-08-12 15:18:02','2020-08-12 15:18:02'),(2804,2752,NULL,NULL,'2020-08-12 15:18:12','2020-08-12 15:18:12'),(2805,2753,NULL,NULL,'2020-08-12 15:18:22','2020-08-12 15:18:22'),(2806,2754,NULL,NULL,'2020-08-12 15:18:30','2020-08-12 15:18:30'),(2807,2755,NULL,NULL,'2020-08-12 15:18:39','2020-08-12 15:18:39'),(2808,2756,NULL,NULL,'2020-08-12 15:18:48','2020-08-12 15:18:48'),(2809,2757,NULL,NULL,'2020-08-12 15:18:57','2020-08-12 15:18:57'),(2810,2758,NULL,NULL,'2020-08-12 15:19:08','2020-08-12 15:19:08'),(2811,2759,NULL,NULL,'2020-08-12 15:19:17','2020-08-12 15:19:17'),(2812,2760,NULL,NULL,'2020-08-12 15:19:26','2020-08-12 15:19:26'),(2813,2761,NULL,NULL,'2020-08-12 15:19:35','2020-08-12 15:19:35'),(2814,2762,NULL,NULL,'2020-08-12 15:19:44','2020-08-12 15:19:44'),(2815,2763,NULL,NULL,'2020-08-12 15:19:53','2020-08-12 15:19:53'),(2816,2764,NULL,NULL,'2020-08-12 15:20:01','2020-08-12 15:20:01'),(2817,2765,NULL,NULL,'2020-08-12 15:20:11','2020-08-12 15:20:11'),(2818,2766,NULL,NULL,'2020-08-12 15:20:20','2020-08-12 15:20:20'),(2819,2767,NULL,NULL,'2020-08-12 15:20:29','2020-08-12 15:20:29'),(2820,2768,NULL,NULL,'2020-08-12 15:20:38','2020-08-12 15:20:38'),(2821,2769,NULL,NULL,'2020-08-12 15:20:47','2020-08-12 15:20:47'),(2822,2770,NULL,NULL,'2020-08-12 15:20:56','2020-08-12 15:20:56'),(2823,2771,NULL,NULL,'2020-08-12 15:21:05','2020-08-12 15:21:05'),(2824,2772,NULL,NULL,'2020-08-12 15:21:14','2020-08-12 15:21:14'),(2825,2773,NULL,NULL,'2020-08-12 15:21:23','2020-08-12 15:21:23'),(2826,2774,NULL,NULL,'2020-08-12 15:21:32','2020-08-12 15:21:32'),(2827,2775,NULL,NULL,'2020-08-12 15:21:40','2020-08-12 15:21:40'),(2828,2776,NULL,NULL,'2020-08-12 15:21:49','2020-08-12 15:21:49'),(2829,2777,NULL,NULL,'2020-08-12 15:21:58','2020-08-12 15:21:58'),(2830,2778,NULL,NULL,'2020-08-12 15:22:07','2020-08-12 15:22:07'),(2831,2779,NULL,NULL,'2020-08-12 15:22:16','2020-08-12 15:22:16'),(2832,2780,NULL,NULL,'2020-08-12 15:22:25','2020-08-12 15:22:25'),(2833,2781,NULL,NULL,'2020-08-12 15:22:34','2020-08-12 15:22:34'),(2834,2782,NULL,NULL,'2020-08-12 15:22:42','2020-08-12 15:22:42'),(2835,2783,NULL,NULL,'2020-08-12 15:22:51','2020-08-12 15:22:51'),(2836,2784,NULL,NULL,'2020-08-12 15:23:00','2020-08-12 15:23:00'),(2837,2785,NULL,NULL,'2020-08-12 15:23:10','2020-08-12 15:23:10'),(2838,2786,NULL,NULL,'2020-08-12 15:23:18','2020-08-12 15:23:18'),(2839,2787,NULL,NULL,'2020-08-12 15:23:27','2020-08-12 15:23:27'),(2840,2788,NULL,NULL,'2020-08-12 15:23:36','2020-08-12 15:23:36'),(2841,2789,NULL,NULL,'2020-08-12 15:23:44','2020-08-12 15:23:44'),(2842,2790,NULL,NULL,'2020-08-12 15:23:53','2020-08-12 15:23:53'),(2843,2791,NULL,NULL,'2020-08-12 15:24:02','2020-08-12 15:24:02'),(2844,2792,NULL,NULL,'2020-08-12 15:24:12','2020-08-12 15:24:12'),(2845,2793,NULL,NULL,'2020-08-12 15:24:21','2020-08-12 15:24:21'),(2846,2794,NULL,NULL,'2020-08-12 15:24:30','2020-08-12 15:24:30'),(2847,2795,NULL,NULL,'2020-08-12 15:24:39','2020-08-12 15:24:39'),(2848,2796,NULL,NULL,'2020-08-12 15:24:47','2020-08-12 15:24:47'),(2849,2797,NULL,NULL,'2020-08-12 15:24:56','2020-08-12 15:24:56'),(2850,2798,NULL,NULL,'2020-08-12 15:25:06','2020-08-12 15:25:06'),(2851,2799,NULL,NULL,'2020-08-12 15:25:15','2020-08-12 15:25:15'),(2852,2800,NULL,NULL,'2020-08-12 15:25:24','2020-08-12 15:25:24'),(2853,2801,NULL,NULL,'2020-08-12 15:25:32','2020-08-12 15:25:32'),(2854,2802,NULL,NULL,'2020-08-12 15:25:41','2020-08-12 15:25:41'),(2855,2803,NULL,NULL,'2020-08-12 15:25:50','2020-08-12 15:25:50'),(2856,2804,NULL,NULL,'2020-08-12 15:25:59','2020-08-12 15:25:59'),(2857,2805,NULL,NULL,'2020-08-12 15:26:09','2020-08-12 15:26:09'),(2858,2806,NULL,NULL,'2020-08-12 15:26:18','2020-08-12 15:26:18'),(2859,2807,NULL,NULL,'2020-08-12 15:26:27','2020-08-12 15:26:27'),(2860,2808,NULL,NULL,'2020-08-12 15:26:36','2020-08-12 15:26:36'),(2861,2809,NULL,NULL,'2020-08-12 15:26:45','2020-08-12 15:26:45'),(2862,2810,NULL,NULL,'2020-08-12 15:26:53','2020-08-12 15:26:53'),(2863,2811,NULL,NULL,'2020-08-12 15:27:02','2020-08-12 15:27:02'),(2864,2812,NULL,NULL,'2020-08-12 15:27:12','2020-08-12 15:27:12'),(2865,2813,NULL,NULL,'2020-08-12 15:27:21','2020-08-12 15:27:21'),(2866,2815,NULL,NULL,'2020-08-12 15:27:30','2020-08-12 15:27:30'),(2867,2814,NULL,NULL,'2020-08-12 15:27:39','2020-08-12 15:27:39'),(2868,2816,NULL,NULL,'2020-08-12 15:27:46','2020-08-12 15:27:46'),(2869,2817,NULL,NULL,'2020-08-12 15:27:54','2020-08-12 15:27:54'),(2870,2818,NULL,NULL,'2020-08-12 15:28:04','2020-08-12 15:28:04'),(2871,2819,NULL,NULL,'2020-08-12 15:28:11','2020-08-12 15:28:11'),(2872,2820,NULL,NULL,'2020-08-12 15:28:20','2020-08-12 15:28:20'),(2873,2821,NULL,NULL,'2020-08-12 15:28:29','2020-08-12 15:28:29'),(2874,2822,NULL,NULL,'2020-08-12 15:28:35','2020-08-12 15:28:35'),(2875,2823,NULL,NULL,'2020-08-12 15:28:44','2020-08-12 15:28:44'),(2876,2825,NULL,NULL,'2020-08-12 15:28:53','2020-08-12 15:28:53'),(2877,2826,NULL,NULL,'2020-08-12 15:29:02','2020-08-12 15:29:02'),(2878,2827,NULL,NULL,'2020-08-12 15:29:11','2020-08-12 15:29:11'),(2879,2828,NULL,NULL,'2020-08-12 15:29:20','2020-08-12 15:29:20'),(2880,2829,NULL,NULL,'2020-08-12 15:29:29','2020-08-12 15:29:29'),(2881,2830,NULL,NULL,'2020-08-12 15:29:38','2020-08-12 15:29:38'),(2882,2831,NULL,NULL,'2020-08-12 15:29:47','2020-08-12 15:29:47'),(2883,2832,NULL,NULL,'2020-08-12 15:29:56','2020-08-12 15:29:56'),(2884,2833,NULL,NULL,'2020-08-12 15:30:05','2020-08-12 15:30:05'),(2885,2834,NULL,NULL,'2020-08-12 15:30:15','2020-08-12 15:30:15'),(2886,2835,NULL,NULL,'2020-08-12 15:30:24','2020-08-12 15:30:24'),(2887,2836,NULL,NULL,'2020-08-12 15:30:33','2020-08-12 15:30:33'),(2888,2837,NULL,NULL,'2020-08-12 15:30:42','2020-08-12 15:30:42'),(2889,2838,NULL,NULL,'2020-08-12 15:30:50','2020-08-12 15:30:50'),(2890,2839,NULL,NULL,'2020-08-12 15:30:59','2020-08-12 15:30:59'),(2891,2840,NULL,NULL,'2020-08-12 15:31:10','2020-08-12 15:31:10'),(2892,2841,NULL,NULL,'2020-08-12 15:31:19','2020-08-12 15:31:19'),(2893,2842,NULL,NULL,'2020-08-12 15:31:27','2020-08-12 15:31:27'),(2894,2843,NULL,NULL,'2020-08-12 15:31:36','2020-08-12 15:31:36'),(2895,2844,NULL,NULL,'2020-08-12 15:31:45','2020-08-12 15:31:45'),(2896,2845,NULL,NULL,'2020-08-12 15:31:54','2020-08-12 15:31:54'),(2897,2846,NULL,NULL,'2020-08-12 15:32:03','2020-08-12 15:32:03'),(2898,2847,NULL,NULL,'2020-08-12 15:32:13','2020-08-12 15:32:13'),(2899,2848,NULL,NULL,'2020-08-12 15:32:22','2020-08-12 15:32:22'),(2900,2849,NULL,NULL,'2020-08-12 15:32:30','2020-08-12 15:32:30'),(2901,2850,NULL,NULL,'2020-08-12 15:32:39','2020-08-12 15:32:39'),(2902,2851,NULL,NULL,'2020-08-12 15:32:48','2020-08-12 15:32:48'),(2903,2852,NULL,NULL,'2020-08-12 15:32:57','2020-08-12 15:32:57'),(2904,2853,NULL,NULL,'2020-08-12 15:33:07','2020-08-12 15:33:07'),(2905,2854,NULL,NULL,'2020-08-12 15:33:17','2020-08-12 15:33:17'),(2906,2855,NULL,NULL,'2020-08-12 15:33:25','2020-08-12 15:33:25'),(2907,2856,NULL,NULL,'2020-08-12 15:33:34','2020-08-12 15:33:34'),(2908,2857,NULL,NULL,'2020-08-12 15:33:43','2020-08-12 15:33:43'),(2909,2858,NULL,NULL,'2020-08-12 15:33:52','2020-08-12 15:33:52'),(2910,2859,NULL,NULL,'2020-08-12 15:34:01','2020-08-12 15:34:01'),(2911,2860,NULL,NULL,'2020-08-12 15:34:11','2020-08-12 15:34:11'),(2912,2861,NULL,NULL,'2020-08-12 15:34:20','2020-08-12 15:34:20'),(2913,2862,NULL,NULL,'2020-08-12 15:34:29','2020-08-12 15:34:29'),(2914,2863,NULL,NULL,'2020-08-12 15:34:37','2020-08-12 15:34:37'),(2915,2864,NULL,NULL,'2020-08-12 15:34:46','2020-08-12 15:34:46'),(2916,2865,NULL,NULL,'2020-08-12 15:34:55','2020-08-12 15:34:55'),(2917,2866,NULL,NULL,'2020-08-12 15:35:04','2020-08-12 15:35:04'),(2918,2867,NULL,NULL,'2020-08-12 15:35:14','2020-08-12 15:35:14'),(2919,2868,NULL,NULL,'2020-08-12 15:35:23','2020-08-12 15:35:23'),(2920,2869,NULL,NULL,'2020-08-12 15:35:31','2020-08-12 15:35:31'),(2921,2870,NULL,NULL,'2020-08-12 15:35:40','2020-08-12 15:35:40'),(2922,2871,NULL,NULL,'2020-08-12 15:35:49','2020-08-12 15:35:49'),(2923,2872,NULL,NULL,'2020-08-12 15:35:58','2020-08-12 15:35:58'),(2924,2873,NULL,NULL,'2020-08-12 15:36:08','2020-08-12 15:36:08'),(2925,2874,NULL,NULL,'2020-08-12 15:36:17','2020-08-12 15:36:17'),(2926,2875,NULL,NULL,'2020-08-12 15:36:26','2020-08-12 15:36:26'),(2927,2876,NULL,NULL,'2020-08-12 15:36:34','2020-08-12 15:36:34'),(2928,2877,NULL,NULL,'2020-08-12 15:36:43','2020-08-12 15:36:43'),(2929,2878,NULL,NULL,'2020-08-12 15:36:52','2020-08-12 15:36:52'),(2930,2879,NULL,NULL,'2020-08-12 15:37:01','2020-08-12 15:37:01'),(2931,2880,NULL,NULL,'2020-08-12 15:37:11','2020-08-12 15:37:11'),(2932,2881,NULL,NULL,'2020-08-12 15:37:19','2020-08-12 15:37:19'),(2933,2882,NULL,NULL,'2020-08-12 15:37:28','2020-08-12 15:37:28'),(2934,2883,NULL,NULL,'2020-08-12 15:37:37','2020-08-12 15:37:37'),(2935,2884,NULL,NULL,'2020-08-12 15:37:46','2020-08-12 15:37:46'),(2936,2885,NULL,NULL,'2020-08-12 15:37:55','2020-08-12 15:37:55'),(2937,2886,NULL,NULL,'2020-08-12 15:38:03','2020-08-12 15:38:03'),(2938,2887,NULL,NULL,'2020-08-12 15:38:13','2020-08-12 15:38:13'),(2939,2888,NULL,NULL,'2020-08-12 15:38:22','2020-08-12 15:38:22'),(2940,2889,NULL,NULL,'2020-08-12 15:38:31','2020-08-12 15:38:31'),(2941,2891,NULL,NULL,'2020-08-12 15:38:40','2020-08-12 15:38:40'),(2942,2892,NULL,NULL,'2020-08-12 15:38:49','2020-08-12 15:38:49'),(2943,2890,NULL,NULL,'2020-08-12 15:38:49','2020-08-12 15:38:49'),(2944,2893,NULL,NULL,'2020-08-12 15:38:57','2020-08-12 15:38:57'),(2945,2894,NULL,NULL,'2020-08-12 15:39:08','2020-08-12 15:39:08'),(2946,2895,NULL,NULL,'2020-08-12 15:39:08','2020-08-12 15:39:08'),(2947,2897,NULL,NULL,'2020-08-12 15:39:17','2020-08-12 15:39:17'),(2948,2898,NULL,NULL,'2020-08-12 15:39:26','2020-08-12 15:39:26'),(2949,2899,NULL,NULL,'2020-08-12 15:39:35','2020-08-12 15:39:35'),(2950,2900,NULL,NULL,'2020-08-12 15:39:44','2020-08-12 15:39:44'),(2951,2901,NULL,NULL,'2020-08-12 15:39:53','2020-08-12 15:39:53'),(2952,2902,NULL,NULL,'2020-08-12 15:40:02','2020-08-12 15:40:02'),(2953,2903,NULL,NULL,'2020-08-12 15:40:13','2020-08-12 15:40:13'),(2954,2904,NULL,NULL,'2020-08-12 15:40:21','2020-08-12 15:40:21'),(2955,2905,NULL,NULL,'2020-08-12 15:40:31','2020-08-12 15:40:31'),(2956,2906,NULL,NULL,'2020-08-12 15:40:40','2020-08-12 15:40:40'),(2957,2907,NULL,NULL,'2020-08-12 15:40:49','2020-08-12 15:40:49'),(2958,2908,NULL,NULL,'2020-08-12 15:40:57','2020-08-12 15:40:57'),(2959,2909,NULL,NULL,'2020-08-12 15:41:07','2020-08-12 15:41:07'),(2960,2910,NULL,NULL,'2020-08-12 15:41:17','2020-08-12 15:41:17'),(2961,2911,NULL,NULL,'2020-08-12 15:41:26','2020-08-12 15:41:26'),(2962,2912,NULL,NULL,'2020-08-12 15:41:35','2020-08-12 15:41:35'),(2963,2913,NULL,NULL,'2020-08-12 15:41:43','2020-08-12 15:41:43'),(2964,2914,NULL,NULL,'2020-08-12 15:41:52','2020-08-12 15:41:52'),(2965,2915,NULL,NULL,'2020-08-12 15:42:01','2020-08-12 15:42:01'),(2966,2916,NULL,NULL,'2020-08-12 15:42:11','2020-08-12 15:42:11'),(2967,2917,NULL,NULL,'2020-08-12 15:42:20','2020-08-12 15:42:20'),(2968,2918,NULL,NULL,'2020-08-12 15:42:28','2020-08-12 15:42:28'),(2969,2919,NULL,NULL,'2020-08-12 15:42:37','2020-08-12 15:42:37'),(2970,2920,NULL,NULL,'2020-08-12 15:42:46','2020-08-12 15:42:46'),(2971,2921,NULL,NULL,'2020-08-12 15:42:55','2020-08-12 15:42:55'),(2972,2922,NULL,NULL,'2020-08-12 15:43:04','2020-08-12 15:43:04'),(2973,2923,NULL,NULL,'2020-08-12 15:43:13','2020-08-12 15:43:13'),(2974,2924,NULL,NULL,'2020-08-12 15:43:22','2020-08-12 15:43:22'),(2975,2925,NULL,NULL,'2020-08-12 15:43:31','2020-08-12 15:43:31'),(2976,2926,NULL,NULL,'2020-08-12 15:43:39','2020-08-12 15:43:39'),(2977,2927,NULL,NULL,'2020-08-12 15:43:48','2020-08-12 15:43:48'),(2978,2928,NULL,NULL,'2020-08-12 15:43:57','2020-08-12 15:43:57'),(2979,2929,NULL,NULL,'2020-08-12 15:44:06','2020-08-12 15:44:06'),(2980,2930,NULL,NULL,'2020-08-12 15:44:15','2020-08-12 15:44:15'),(2981,2931,NULL,NULL,'2020-08-12 15:44:24','2020-08-12 15:44:24'),(2982,2932,NULL,NULL,'2020-08-12 15:44:32','2020-08-12 15:44:32'),(2983,2933,NULL,NULL,'2020-08-12 15:44:41','2020-08-12 15:44:41'),(2984,2934,NULL,NULL,'2020-08-12 15:44:50','2020-08-12 15:44:50'),(2985,2935,NULL,NULL,'2020-08-12 15:44:59','2020-08-12 15:44:59'),(2986,2936,NULL,NULL,'2020-08-12 15:45:08','2020-08-12 15:45:08'),(2987,2937,NULL,NULL,'2020-08-12 15:45:17','2020-08-12 15:45:17'),(2988,2938,NULL,NULL,'2020-08-12 15:45:26','2020-08-12 15:45:26'),(2989,2939,NULL,NULL,'2020-08-12 15:45:35','2020-08-12 15:45:35'),(2990,2940,NULL,NULL,'2020-08-12 15:45:44','2020-08-12 15:45:44'),(2991,2941,NULL,NULL,'2020-08-12 15:45:52','2020-08-12 15:45:52'),(2992,2942,NULL,NULL,'2020-08-12 15:46:01','2020-08-12 15:46:01'),(2993,2943,NULL,NULL,'2020-08-12 15:46:11','2020-08-12 15:46:11'),(2994,2944,NULL,NULL,'2020-08-12 15:46:19','2020-08-12 15:46:19'),(2995,2945,NULL,NULL,'2020-08-12 15:46:28','2020-08-12 15:46:28'),(2996,2946,NULL,NULL,'2020-08-12 15:46:37','2020-08-12 15:46:37'),(2997,2947,NULL,NULL,'2020-08-12 15:46:46','2020-08-12 15:46:46'),(2998,2948,NULL,NULL,'2020-08-12 15:46:54','2020-08-12 15:46:54'),(2999,2949,NULL,NULL,'2020-08-12 15:47:03','2020-08-12 15:47:03'),(3000,2950,NULL,NULL,'2020-08-12 15:47:13','2020-08-12 15:47:13'),(3001,2951,NULL,NULL,'2020-08-12 15:47:22','2020-08-12 15:47:22'),(3002,2952,NULL,NULL,'2020-08-12 15:47:30','2020-08-12 15:47:30'),(3003,2953,NULL,NULL,'2020-08-12 15:47:39','2020-08-12 15:47:39'),(3004,2954,NULL,NULL,'2020-08-12 15:47:48','2020-08-12 15:47:48'),(3005,2955,NULL,NULL,'2020-08-12 15:47:56','2020-08-12 15:47:56'),(3006,2956,NULL,NULL,'2020-08-12 15:48:06','2020-08-12 15:48:06'),(3007,2957,NULL,NULL,'2020-08-12 15:48:15','2020-08-12 15:48:15'),(3008,2958,NULL,NULL,'2020-08-12 15:48:24','2020-08-12 15:48:24'),(3009,2959,NULL,NULL,'2020-08-12 15:48:32','2020-08-12 15:48:32'),(3010,2960,NULL,NULL,'2020-08-12 15:48:41','2020-08-12 15:48:41'),(3011,2961,NULL,NULL,'2020-08-12 15:48:50','2020-08-12 15:48:50'),(3012,2962,NULL,NULL,'2020-08-12 15:48:59','2020-08-12 15:48:59'),(3013,2963,NULL,NULL,'2020-08-12 15:49:08','2020-08-12 15:49:08'),(3014,2964,NULL,NULL,'2020-08-12 15:49:17','2020-08-12 15:49:17'),(3015,2965,NULL,NULL,'2020-08-12 15:49:26','2020-08-12 15:49:26'),(3016,2966,NULL,NULL,'2020-08-12 15:49:35','2020-08-12 15:49:35'),(3017,2967,NULL,NULL,'2020-08-12 15:49:43','2020-08-12 15:49:43'),(3018,2968,NULL,NULL,'2020-08-12 15:49:52','2020-08-12 15:49:52'),(3019,2969,NULL,NULL,'2020-08-12 15:50:01','2020-08-12 15:50:01'),(3020,2970,NULL,NULL,'2020-08-12 15:50:11','2020-08-12 15:50:11'),(3021,2971,NULL,NULL,'2020-08-12 15:50:20','2020-08-12 15:50:20'),(3022,2972,NULL,NULL,'2020-08-12 15:50:28','2020-08-12 15:50:28'),(3023,2973,NULL,NULL,'2020-08-12 15:50:37','2020-08-12 15:50:37'),(3024,2974,NULL,NULL,'2020-08-12 15:50:46','2020-08-12 15:50:46'),(3025,2975,NULL,NULL,'2020-08-12 15:50:55','2020-08-12 15:50:55'),(3026,2976,NULL,NULL,'2020-08-12 15:51:04','2020-08-12 15:51:04'),(3027,2977,NULL,NULL,'2020-08-12 15:51:15','2020-08-12 15:51:15'),(3028,2978,NULL,NULL,'2020-08-12 15:51:23','2020-08-12 15:51:23'),(3029,2979,NULL,NULL,'2020-08-12 15:51:32','2020-08-12 15:51:32'),(3030,2980,NULL,NULL,'2020-08-12 15:51:41','2020-08-12 15:51:41'),(3031,2981,NULL,NULL,'2020-08-12 15:51:50','2020-08-12 15:51:50'),(3032,2982,NULL,NULL,'2020-08-12 15:51:59','2020-08-12 15:51:59'),(3033,2983,NULL,NULL,'2020-08-12 15:52:09','2020-08-12 15:52:09'),(3034,2984,NULL,NULL,'2020-08-12 15:52:18','2020-08-12 15:52:18'),(3035,2985,NULL,NULL,'2020-08-12 15:52:27','2020-08-12 15:52:27'),(3036,2986,NULL,NULL,'2020-08-12 15:52:35','2020-08-12 15:52:35'),(3037,2987,NULL,NULL,'2020-08-12 15:52:44','2020-08-12 15:52:44'),(3038,2988,NULL,NULL,'2020-08-12 15:52:53','2020-08-12 15:52:53'),(3039,2989,NULL,NULL,'2020-08-12 15:53:02','2020-08-12 15:53:02'),(3040,2990,NULL,NULL,'2020-08-12 15:53:12','2020-08-12 15:53:12'),(3041,2991,NULL,NULL,'2020-08-12 15:53:21','2020-08-12 15:53:21'),(3042,2992,NULL,NULL,'2020-08-12 15:53:30','2020-08-12 15:53:30'),(3043,2993,NULL,NULL,'2020-08-12 15:53:39','2020-08-12 15:53:39'),(3044,2994,NULL,NULL,'2020-08-12 15:53:48','2020-08-12 15:53:48'),(3045,2995,NULL,NULL,'2020-08-12 15:53:57','2020-08-12 15:53:57'),(3046,2996,NULL,NULL,'2020-08-12 15:54:06','2020-08-12 15:54:06'),(3047,2997,NULL,NULL,'2020-08-12 15:54:17','2020-08-12 15:54:17'),(3048,2998,NULL,NULL,'2020-08-12 15:54:26','2020-08-12 15:54:26'),(3049,2999,NULL,NULL,'2020-08-12 15:54:35','2020-08-12 15:54:35'),(3050,3000,NULL,NULL,'2020-08-12 15:54:43','2020-08-12 15:54:43'),(3051,3001,NULL,NULL,'2020-08-12 15:54:53','2020-08-12 15:54:53'),(3052,3002,NULL,NULL,'2020-08-12 15:55:01','2020-08-12 15:55:01'),(3053,3003,NULL,NULL,'2020-08-12 15:55:11','2020-08-12 15:55:11'),(3054,3004,NULL,NULL,'2020-08-12 15:55:20','2020-08-12 15:55:20'),(3055,3005,NULL,NULL,'2020-08-12 15:55:29','2020-08-12 15:55:29'),(3056,3006,NULL,NULL,'2020-08-12 15:55:38','2020-08-12 15:55:38'),(3057,3007,NULL,NULL,'2020-08-12 15:55:47','2020-08-12 15:55:47'),(3058,3008,NULL,NULL,'2020-08-12 15:55:55','2020-08-12 15:55:55'),(3059,3009,NULL,NULL,'2020-08-12 15:56:05','2020-08-12 15:56:05'),(3060,3010,NULL,NULL,'2020-08-12 15:56:14','2020-08-12 15:56:14'),(3061,3011,NULL,NULL,'2020-08-12 15:56:23','2020-08-12 15:56:23'),(3062,3012,NULL,NULL,'2020-08-12 15:56:31','2020-08-12 15:56:31'),(3063,3013,NULL,NULL,'2020-08-12 15:56:40','2020-08-12 15:56:40'),(3064,3014,NULL,NULL,'2020-08-12 15:56:49','2020-08-12 15:56:49'),(3065,3015,NULL,NULL,'2020-08-12 15:56:58','2020-08-12 15:56:58'),(3066,3016,NULL,NULL,'2020-08-12 15:57:08','2020-08-12 15:57:08'),(3067,3017,NULL,NULL,'2020-08-12 15:57:17','2020-08-12 15:57:17'),(3068,3018,NULL,NULL,'2020-08-12 15:57:26','2020-08-12 15:57:26'),(3069,3019,NULL,NULL,'2020-08-12 15:57:34','2020-08-12 15:57:34'),(3070,3020,NULL,NULL,'2020-08-12 15:57:43','2020-08-12 15:57:43'),(3071,3021,NULL,NULL,'2020-08-12 15:57:52','2020-08-12 15:57:52'),(3072,3022,NULL,NULL,'2020-08-12 15:58:01','2020-08-12 15:58:01'),(3073,3023,NULL,NULL,'2020-08-12 15:58:11','2020-08-12 15:58:11'),(3074,3024,NULL,NULL,'2020-08-12 15:58:20','2020-08-12 15:58:20'),(3075,3025,NULL,NULL,'2020-08-12 15:58:29','2020-08-12 15:58:29'),(3076,3026,NULL,NULL,'2020-08-12 15:58:38','2020-08-12 15:58:38'),(3077,3027,NULL,NULL,'2020-08-12 15:58:47','2020-08-12 15:58:47'),(3078,3028,NULL,NULL,'2020-08-12 15:58:55','2020-08-12 15:58:55'),(3079,3029,NULL,NULL,'2020-08-12 15:59:05','2020-08-12 15:59:05'),(3080,3030,NULL,NULL,'2020-08-12 15:59:15','2020-08-12 15:59:15'),(3081,3031,NULL,NULL,'2020-08-12 15:59:24','2020-08-12 15:59:24'),(3082,3032,NULL,NULL,'2020-08-12 15:59:32','2020-08-12 15:59:32'),(3083,3033,NULL,NULL,'2020-08-12 15:59:41','2020-08-12 15:59:41'),(3084,3034,NULL,NULL,'2020-08-12 15:59:50','2020-08-12 15:59:50'),(3085,3035,NULL,NULL,'2020-08-12 15:59:59','2020-08-12 15:59:59'),(3086,3036,NULL,NULL,'2020-08-12 16:00:08','2020-08-12 16:00:08'),(3087,3037,NULL,NULL,'2020-08-12 16:00:17','2020-08-12 16:00:17'),(3088,3038,NULL,NULL,'2020-08-12 16:00:26','2020-08-12 16:00:26'),(3089,3039,NULL,NULL,'2020-08-12 16:00:35','2020-08-12 16:00:35'),(3090,3040,NULL,NULL,'2020-08-12 16:00:44','2020-08-12 16:00:44'),(3091,3041,NULL,NULL,'2020-08-12 16:00:53','2020-08-12 16:00:53'),(3092,3042,NULL,NULL,'2020-08-12 16:01:02','2020-08-12 16:01:02'),(3093,3043,NULL,NULL,'2020-08-12 16:01:11','2020-08-12 16:01:11'),(3094,3044,NULL,NULL,'2020-08-12 16:01:20','2020-08-12 16:01:20'),(3095,3045,NULL,NULL,'2020-08-12 16:01:29','2020-08-12 16:01:29'),(3096,3046,NULL,NULL,'2020-08-12 16:01:38','2020-08-12 16:01:38'),(3097,3047,NULL,NULL,'2020-08-12 16:01:47','2020-08-12 16:01:47'),(3098,3048,NULL,NULL,'2020-08-12 16:01:55','2020-08-12 16:01:55'),(3099,3049,NULL,NULL,'2020-08-12 16:02:05','2020-08-12 16:02:05'),(3100,3050,NULL,NULL,'2020-08-12 16:02:14','2020-08-12 16:02:14'),(3101,3051,NULL,NULL,'2020-08-12 16:02:23','2020-08-12 16:02:23'),(3102,3052,NULL,NULL,'2020-08-12 16:02:32','2020-08-12 16:02:32'),(3103,3053,NULL,NULL,'2020-08-12 16:02:41','2020-08-12 16:02:41'),(3104,3054,NULL,NULL,'2020-08-12 16:02:49','2020-08-12 16:02:49'),(3105,3055,NULL,NULL,'2020-08-12 16:02:58','2020-08-12 16:02:58'),(3106,3056,NULL,NULL,'2020-08-12 16:03:08','2020-08-12 16:03:08'),(3107,3057,NULL,NULL,'2020-08-12 16:03:17','2020-08-12 16:03:17'),(3108,3058,NULL,NULL,'2020-08-12 16:03:26','2020-08-12 16:03:26'),(3109,3059,NULL,NULL,'2020-08-12 16:03:35','2020-08-12 16:03:35'),(3110,3060,NULL,NULL,'2020-08-12 16:03:43','2020-08-12 16:03:43'),(3111,3061,NULL,NULL,'2020-08-12 16:03:52','2020-08-12 16:03:52'),(3112,3062,NULL,NULL,'2020-08-12 16:04:01','2020-08-12 16:04:01'),(3113,3063,NULL,NULL,'2020-08-12 16:04:11','2020-08-12 16:04:11'),(3114,3064,NULL,NULL,'2020-08-12 16:04:20','2020-08-12 16:04:20'),(3115,3065,NULL,NULL,'2020-08-12 16:04:29','2020-08-12 16:04:29'),(3116,3066,NULL,NULL,'2020-08-12 16:04:38','2020-08-12 16:04:38'),(3117,3067,NULL,NULL,'2020-08-12 16:04:47','2020-08-12 16:04:47'),(3118,3068,NULL,NULL,'2020-08-12 16:04:55','2020-08-12 16:04:55'),(3119,3069,NULL,NULL,'2020-08-12 16:05:05','2020-08-12 16:05:05'),(3120,3070,NULL,NULL,'2020-08-12 16:05:14','2020-08-12 16:05:14'),(3121,3071,NULL,NULL,'2020-08-12 16:05:23','2020-08-12 16:05:23'),(3122,3072,NULL,NULL,'2020-08-12 16:05:32','2020-08-12 16:05:32'),(3123,3073,NULL,NULL,'2020-08-12 16:05:41','2020-08-12 16:05:41'),(3124,3074,NULL,NULL,'2020-08-12 16:05:50','2020-08-12 16:05:50'),(3125,3075,NULL,NULL,'2020-08-12 16:05:59','2020-08-12 16:05:59'),(3126,3076,NULL,NULL,'2020-08-12 16:06:08','2020-08-12 16:06:08'),(3127,3077,NULL,NULL,'2020-08-12 16:06:17','2020-08-12 16:06:17'),(3128,3078,NULL,NULL,'2020-08-12 16:06:26','2020-08-12 16:06:26'),(3129,3079,NULL,NULL,'2020-08-12 16:06:35','2020-08-12 16:06:35'),(3130,3080,NULL,NULL,'2020-08-12 16:06:44','2020-08-12 16:06:44'),(3131,3081,NULL,NULL,'2020-08-12 16:06:53','2020-08-12 16:06:53'),(3132,3082,NULL,NULL,'2020-08-12 16:07:02','2020-08-12 16:07:02'),(3133,3083,NULL,NULL,'2020-08-12 16:07:11','2020-08-12 16:07:11'),(3134,3084,NULL,NULL,'2020-08-12 16:07:20','2020-08-12 16:07:20'),(3135,3085,NULL,NULL,'2020-08-12 16:07:29','2020-08-12 16:07:29'),(3136,3086,NULL,NULL,'2020-08-12 16:07:38','2020-08-12 16:07:38'),(3137,3087,NULL,NULL,'2020-08-12 16:07:47','2020-08-12 16:07:47'),(3138,3088,NULL,NULL,'2020-08-12 16:07:56','2020-08-12 16:07:56'),(3139,3089,NULL,NULL,'2020-08-12 16:08:05','2020-08-12 16:08:05'),(3140,3090,NULL,NULL,'2020-08-12 16:08:14','2020-08-12 16:08:14'),(3141,3091,NULL,NULL,'2020-08-12 16:08:23','2020-08-12 16:08:23'),(3142,3092,NULL,NULL,'2020-08-12 16:08:32','2020-08-12 16:08:32'),(3143,3093,NULL,NULL,'2020-08-12 16:08:41','2020-08-12 16:08:41'),(3144,3094,NULL,NULL,'2020-08-12 16:08:49','2020-08-12 16:08:49'),(3145,3095,NULL,NULL,'2020-08-12 16:08:58','2020-08-12 16:08:58'),(3146,3096,NULL,NULL,'2020-08-12 16:09:08','2020-08-12 16:09:08'),(3147,3097,NULL,NULL,'2020-08-12 16:09:17','2020-08-12 16:09:17'),(3148,3098,NULL,NULL,'2020-08-12 16:09:26','2020-08-12 16:09:26'),(3149,3099,NULL,NULL,'2020-08-12 16:09:35','2020-08-12 16:09:35'),(3150,3100,NULL,NULL,'2020-08-12 16:09:43','2020-08-12 16:09:43'),(3151,3101,NULL,NULL,'2020-08-12 16:09:52','2020-08-12 16:09:52'),(3152,3102,NULL,NULL,'2020-08-12 16:10:02','2020-08-12 16:10:02'),(3153,3103,NULL,NULL,'2020-08-12 16:10:11','2020-08-12 16:10:11'),(3154,3104,NULL,NULL,'2020-08-12 16:10:20','2020-08-12 16:10:20'),(3155,3105,NULL,NULL,'2020-08-12 16:10:29','2020-08-12 16:10:29'),(3156,3107,NULL,NULL,'2020-08-12 16:10:38','2020-08-12 16:10:38'),(3157,3106,NULL,NULL,'2020-08-12 16:10:47','2020-08-12 16:10:47'),(3158,3108,NULL,NULL,'2020-08-12 16:10:54','2020-08-12 16:10:54'),(3159,3109,NULL,NULL,'2020-08-12 16:11:03','2020-08-12 16:11:03'),(3160,3110,NULL,NULL,'2020-08-12 16:11:13','2020-08-12 16:11:13'),(3161,3111,NULL,NULL,'2020-08-12 16:11:19','2020-08-12 16:11:19'),(3162,3112,NULL,NULL,'2020-08-12 16:11:28','2020-08-12 16:11:28'),(3163,3113,NULL,NULL,'2020-08-12 16:11:36','2020-08-12 16:11:36'),(3164,3114,NULL,NULL,'2020-08-12 16:11:43','2020-08-12 16:11:43'),(3165,3115,NULL,NULL,'2020-08-12 16:11:51','2020-08-12 16:11:51'),(3166,3116,NULL,NULL,'2020-08-12 16:12:00','2020-08-12 16:12:00'),(3167,3117,NULL,NULL,'2020-08-12 16:12:07','2020-08-12 16:12:07'),(3168,3118,NULL,NULL,'2020-08-12 16:12:16','2020-08-12 16:12:16'),(3169,3119,NULL,NULL,'2020-08-12 16:12:25','2020-08-12 16:12:25'),(3170,3120,NULL,NULL,'2020-08-12 16:12:32','2020-08-12 16:12:32'),(3171,3121,NULL,NULL,'2020-08-12 16:12:40','2020-08-12 16:12:40'),(3172,3122,NULL,NULL,'2020-08-12 16:12:49','2020-08-12 16:12:49'),(3173,3123,NULL,NULL,'2020-08-12 16:12:55','2020-08-12 16:12:55'),(3174,3124,NULL,NULL,'2020-08-12 16:13:04','2020-08-12 16:13:04'),(3175,3125,NULL,NULL,'2020-08-12 16:13:14','2020-08-12 16:13:14'),(3176,3126,NULL,NULL,'2020-08-12 16:13:14','2020-08-12 16:13:14'),(3177,3127,NULL,NULL,'2020-08-12 16:13:22','2020-08-12 16:13:22'),(3178,3128,NULL,NULL,'2020-08-12 16:13:31','2020-08-12 16:13:31'),(3179,3129,NULL,NULL,'2020-08-12 16:13:40','2020-08-12 16:13:40'),(3180,3130,NULL,NULL,'2020-08-12 16:13:49','2020-08-12 16:13:49'),(3181,3131,NULL,NULL,'2020-08-12 16:13:58','2020-08-12 16:13:58'),(3182,3132,NULL,NULL,'2020-08-12 16:14:09','2020-08-12 16:14:09'),(3183,3133,NULL,NULL,'2020-08-12 16:14:19','2020-08-12 16:14:19'),(3184,3134,NULL,NULL,'2020-08-12 16:14:27','2020-08-12 16:14:27'),(3185,3135,NULL,NULL,'2020-08-12 16:14:36','2020-08-12 16:14:36'),(3186,3136,NULL,NULL,'2020-08-12 16:14:45','2020-08-12 16:14:45'),(3187,3137,NULL,NULL,'2020-08-12 16:14:54','2020-08-12 16:14:54'),(3188,3138,NULL,NULL,'2020-08-12 16:15:03','2020-08-12 16:15:03'),(3189,3139,NULL,NULL,'2020-08-12 16:15:13','2020-08-12 16:15:13'),(3190,3140,NULL,NULL,'2020-08-12 16:15:21','2020-08-12 16:15:21'),(3191,3141,NULL,NULL,'2020-08-12 16:15:30','2020-08-12 16:15:30'),(3192,3142,NULL,NULL,'2020-08-12 16:15:39','2020-08-12 16:15:39'),(3193,3143,NULL,NULL,'2020-08-12 16:15:48','2020-08-12 16:15:48'),(3194,3144,NULL,NULL,'2020-08-12 16:15:57','2020-08-12 16:15:57'),(3195,3145,NULL,NULL,'2020-08-12 16:16:06','2020-08-12 16:16:06'),(3196,3146,NULL,NULL,'2020-08-12 16:16:16','2020-08-12 16:16:16'),(3197,3147,NULL,NULL,'2020-08-12 16:16:24','2020-08-12 16:16:24'),(3198,3148,NULL,NULL,'2020-08-12 16:16:33','2020-08-12 16:16:33'),(3199,3149,NULL,NULL,'2020-08-12 16:16:43','2020-08-12 16:16:43'),(3200,3150,NULL,NULL,'2020-08-12 16:16:51','2020-08-12 16:16:51'),(3201,3151,NULL,NULL,'2020-08-12 16:17:00','2020-08-12 16:17:00'),(3202,3152,NULL,NULL,'2020-08-12 16:17:10','2020-08-12 16:17:10'),(3203,3153,NULL,NULL,'2020-08-12 16:17:19','2020-08-12 16:17:19'),(3204,3154,NULL,NULL,'2020-08-12 16:17:28','2020-08-12 16:17:28'),(3205,3155,NULL,NULL,'2020-08-12 16:17:37','2020-08-12 16:17:37'),(3206,3156,NULL,NULL,'2020-08-12 16:17:46','2020-08-12 16:17:46'),(3207,3157,NULL,NULL,'2020-08-12 16:17:55','2020-08-12 16:17:55'),(3208,3158,NULL,NULL,'2020-08-12 16:18:04','2020-08-12 16:18:04'),(3209,3159,NULL,NULL,'2020-08-12 16:18:15','2020-08-12 16:18:15'),(3210,3160,NULL,NULL,'2020-08-12 16:18:23','2020-08-12 16:18:23'),(3211,3161,NULL,NULL,'2020-08-12 16:18:32','2020-08-12 16:18:32'),(3212,3162,NULL,NULL,'2020-08-12 16:18:41','2020-08-12 16:18:41'),(3213,3163,NULL,NULL,'2020-08-12 16:18:50','2020-08-12 16:18:50'),(3214,3164,NULL,NULL,'2020-08-12 16:18:59','2020-08-12 16:18:59'),(3215,3165,NULL,NULL,'2020-08-12 16:19:08','2020-08-12 16:19:08'),(3216,3166,NULL,NULL,'2020-08-12 16:19:18','2020-08-12 16:19:18'),(3217,3167,NULL,NULL,'2020-08-12 16:19:27','2020-08-12 16:19:27'),(3218,3168,NULL,NULL,'2020-08-12 16:19:36','2020-08-12 16:19:36'),(3219,3169,NULL,NULL,'2020-08-12 16:19:45','2020-08-12 16:19:45'),(3220,3170,NULL,NULL,'2020-08-12 16:19:53','2020-08-12 16:19:53'),(3221,3171,NULL,NULL,'2020-08-12 16:20:02','2020-08-12 16:20:02'),(3222,3172,NULL,NULL,'2020-08-12 16:20:12','2020-08-12 16:20:12'),(3223,3173,NULL,NULL,'2020-08-12 16:20:21','2020-08-12 16:20:21'),(3224,3174,NULL,NULL,'2020-08-12 16:20:29','2020-08-12 16:20:29'),(3225,3175,NULL,NULL,'2020-08-12 16:20:39','2020-08-12 16:20:39'),(3226,3176,NULL,NULL,'2020-08-12 16:20:47','2020-08-12 16:20:47'),(3227,3177,NULL,NULL,'2020-08-12 16:20:56','2020-08-12 16:20:56'),(3228,3178,NULL,NULL,'2020-08-12 16:21:06','2020-08-12 16:21:06'),(3229,3179,NULL,NULL,'2020-08-12 16:21:16','2020-08-12 16:21:16'),(3230,3180,NULL,NULL,'2020-08-12 16:21:25','2020-08-12 16:21:25'),(3231,3181,NULL,NULL,'2020-08-12 16:21:33','2020-08-12 16:21:33'),(3232,3182,NULL,NULL,'2020-08-12 16:21:42','2020-08-12 16:21:42'),(3233,3183,NULL,NULL,'2020-08-12 16:21:51','2020-08-12 16:21:51'),(3234,3184,NULL,NULL,'2020-08-12 16:22:00','2020-08-12 16:22:00'),(3235,3185,NULL,NULL,'2020-08-12 16:22:11','2020-08-12 16:22:11'),(3236,3186,NULL,NULL,'2020-08-12 16:22:19','2020-08-12 16:22:19'),(3237,3187,NULL,NULL,'2020-08-12 16:22:28','2020-08-12 16:22:28'),(3238,3188,NULL,NULL,'2020-08-12 16:22:37','2020-08-12 16:22:37'),(3239,3189,NULL,NULL,'2020-08-12 16:22:46','2020-08-12 16:22:46'),(3240,3190,NULL,NULL,'2020-08-12 16:22:55','2020-08-12 16:22:55'),(3241,3191,NULL,NULL,'2020-08-12 16:23:04','2020-08-12 16:23:04'),(3242,3192,NULL,NULL,'2020-08-12 16:23:13','2020-08-12 16:23:13'),(3243,3193,NULL,NULL,'2020-08-12 16:23:22','2020-08-12 16:23:22'),(3244,3194,NULL,NULL,'2020-08-12 16:23:31','2020-08-12 16:23:31'),(3245,3195,NULL,NULL,'2020-08-12 16:23:40','2020-08-12 16:23:40'),(3246,3196,NULL,NULL,'2020-08-12 16:23:49','2020-08-12 16:23:49'),(3247,3197,NULL,NULL,'2020-08-12 16:23:58','2020-08-12 16:23:58'),(3248,3198,NULL,NULL,'2020-08-12 16:24:07','2020-08-12 16:24:07'),(3249,3199,NULL,NULL,'2020-08-12 16:24:16','2020-08-12 16:24:16'),(3250,3200,NULL,NULL,'2020-08-12 16:24:25','2020-08-12 16:24:25'),(3251,3201,NULL,NULL,'2020-08-12 16:24:34','2020-08-12 16:24:34'),(3252,3202,NULL,NULL,'2020-08-12 16:24:43','2020-08-12 16:24:43'),(3253,3203,NULL,NULL,'2020-08-12 16:24:51','2020-08-12 16:24:51'),(3254,3204,NULL,NULL,'2020-08-12 16:25:00','2020-08-12 16:25:00'),(3255,3205,NULL,NULL,'2020-08-12 16:25:10','2020-08-12 16:25:10'),(3256,3206,NULL,NULL,'2020-08-12 16:25:18','2020-08-12 16:25:18'),(3257,3207,NULL,NULL,'2020-08-12 16:25:27','2020-08-12 16:25:27'),(3258,3208,NULL,NULL,'2020-08-12 16:25:36','2020-08-12 16:25:36'),(3259,3209,NULL,NULL,'2020-08-12 16:25:45','2020-08-12 16:25:45'),(3260,3210,NULL,NULL,'2020-08-12 16:25:54','2020-08-12 16:25:54'),(3261,3211,NULL,NULL,'2020-08-12 16:26:03','2020-08-12 16:26:03'),(3262,3212,NULL,NULL,'2020-08-12 16:26:12','2020-08-12 16:26:12'),(3263,3213,NULL,NULL,'2020-08-12 16:26:21','2020-08-12 16:26:21'),(3264,3214,NULL,NULL,'2020-08-12 16:26:30','2020-08-12 16:26:30'),(3265,3215,NULL,NULL,'2020-08-12 16:26:39','2020-08-12 16:26:39'),(3266,3216,NULL,NULL,'2020-08-12 16:26:48','2020-08-12 16:26:48'),(3267,3217,NULL,NULL,'2020-08-12 16:27:07','2020-08-12 16:27:07'),(3268,3218,NULL,NULL,'2020-08-12 16:27:16','2020-08-12 16:27:16'),(3269,3219,NULL,NULL,'2020-08-12 16:27:24','2020-08-12 16:27:24'),(3270,3220,NULL,NULL,'2020-08-12 16:27:42','2020-08-12 16:27:42'),(3271,3221,NULL,NULL,'2020-08-12 16:27:51','2020-08-12 16:27:51'),(3272,3222,NULL,NULL,'2020-08-12 16:27:59','2020-08-12 16:27:59'),(3273,3223,NULL,NULL,'2020-08-12 16:28:17','2020-08-12 16:28:17'),(3274,3224,NULL,NULL,'2020-08-12 16:28:26','2020-08-12 16:28:26'),(3275,3225,NULL,NULL,'2020-08-12 16:28:35','2020-08-12 16:28:35'),(3276,3226,NULL,NULL,'2020-08-12 16:28:52','2020-08-12 16:28:52'),(3277,3227,NULL,NULL,'2020-08-12 16:29:01','2020-08-12 16:29:01'),(3278,3228,NULL,NULL,'2020-08-12 16:29:10','2020-08-12 16:29:10'),(3279,3229,NULL,NULL,'2020-08-12 16:29:27','2020-08-12 16:29:27'),(3280,3230,NULL,NULL,'2020-08-12 16:29:36','2020-08-12 16:29:36'),(3281,3231,NULL,NULL,'2020-08-12 16:29:45','2020-08-12 16:29:45'),(3282,3232,NULL,NULL,'2020-08-12 16:29:54','2020-08-12 16:29:54'),(3283,3233,NULL,NULL,'2020-08-12 16:30:03','2020-08-12 16:30:03'),(3284,3234,NULL,NULL,'2020-08-12 16:30:14','2020-08-12 16:30:14'),(3285,3235,NULL,NULL,'2020-08-12 16:30:22','2020-08-12 16:30:22'),(3286,3236,NULL,NULL,'2020-08-12 16:30:31','2020-08-12 16:30:31'),(3287,3237,NULL,NULL,'2020-08-12 16:30:40','2020-08-12 16:30:40'),(3288,3238,NULL,NULL,'2020-08-12 16:30:49','2020-08-12 16:30:49'),(3289,3239,NULL,NULL,'2020-08-12 16:30:58','2020-08-12 16:30:58'),(3290,3240,NULL,NULL,'2020-08-12 16:31:07','2020-08-12 16:31:07'),(3291,3241,NULL,NULL,'2020-08-12 16:31:16','2020-08-12 16:31:16'),(3292,3242,NULL,NULL,'2020-08-12 16:31:25','2020-08-12 16:31:25'),(3293,3243,NULL,NULL,'2020-08-12 16:31:34','2020-08-12 16:31:34'),(3294,3244,NULL,NULL,'2020-08-12 16:31:43','2020-08-12 16:31:43'),(3295,3245,NULL,NULL,'2020-08-12 16:31:52','2020-08-12 16:31:52'),(3296,3246,NULL,NULL,'2020-08-12 16:32:01','2020-08-12 16:32:01'),(3297,3247,NULL,NULL,'2020-08-12 16:32:11','2020-08-12 16:32:11'),(3298,3248,NULL,NULL,'2020-08-12 16:32:21','2020-08-12 16:32:21'),(3299,3249,NULL,NULL,'2020-08-12 16:32:30','2020-08-12 16:32:30'),(3300,3250,NULL,NULL,'2020-08-12 16:32:39','2020-08-12 16:32:39'),(3301,3251,NULL,NULL,'2020-08-12 16:32:49','2020-08-12 16:32:49'),(3302,3252,NULL,NULL,'2020-08-12 16:32:58','2020-08-12 16:32:58'),(3303,3253,NULL,NULL,'2020-08-12 16:33:08','2020-08-12 16:33:08'),(3304,3254,NULL,NULL,'2020-08-12 16:33:17','2020-08-12 16:33:17'),(3305,3255,NULL,NULL,'2020-08-12 16:33:27','2020-08-12 16:33:27'),(3306,3256,NULL,NULL,'2020-08-12 16:33:36','2020-08-12 16:33:36'),(3307,3257,NULL,NULL,'2020-08-12 16:33:45','2020-08-12 16:33:45'),(3308,3258,NULL,NULL,'2020-08-12 16:33:54','2020-08-12 16:33:54'),(3309,3259,NULL,NULL,'2020-08-12 16:34:04','2020-08-12 16:34:04'),(3310,3260,NULL,NULL,'2020-08-12 16:34:15','2020-08-12 16:34:15'),(3311,3261,NULL,NULL,'2020-08-12 16:34:24','2020-08-12 16:34:24'),(3312,3262,NULL,NULL,'2020-08-12 16:34:33','2020-08-12 16:34:33'),(3313,3263,NULL,NULL,'2020-08-12 16:34:43','2020-08-12 16:34:43'),(3314,3264,NULL,NULL,'2020-08-12 16:34:52','2020-08-12 16:34:52'),(3315,3265,NULL,NULL,'2020-08-12 16:35:01','2020-08-12 16:35:01'),(3316,3266,NULL,NULL,'2020-08-12 16:35:11','2020-08-12 16:35:11'),(3317,3267,NULL,NULL,'2020-08-12 16:35:21','2020-08-12 16:35:21'),(3318,3268,NULL,NULL,'2020-08-12 16:35:30','2020-08-12 16:35:30'),(3319,3269,NULL,NULL,'2020-08-12 16:35:39','2020-08-12 16:35:39'),(3320,3270,NULL,NULL,'2020-08-12 16:35:48','2020-08-12 16:35:48'),(3321,3271,NULL,NULL,'2020-08-12 16:35:57','2020-08-12 16:35:57'),(3322,3272,NULL,NULL,'2020-08-12 16:36:07','2020-08-12 16:36:07'),(3323,3273,NULL,NULL,'2020-08-12 16:36:17','2020-08-12 16:36:17'),(3324,3274,NULL,NULL,'2020-08-12 16:36:27','2020-08-12 16:36:27'),(3325,3275,NULL,NULL,'2020-08-12 16:36:36','2020-08-12 16:36:36'),(3326,3276,NULL,NULL,'2020-08-12 16:36:45','2020-08-12 16:36:45'),(3327,3277,NULL,NULL,'2020-08-12 16:36:54','2020-08-12 16:36:54'),(3328,3278,NULL,NULL,'2020-08-12 16:37:03','2020-08-12 16:37:03'),(3329,3279,NULL,NULL,'2020-08-12 16:37:13','2020-08-12 16:37:13'),(3330,3280,NULL,NULL,'2020-08-12 16:37:23','2020-08-12 16:37:23'),(3331,3281,NULL,NULL,'2020-08-12 16:37:32','2020-08-12 16:37:32'),(3332,3282,NULL,NULL,'2020-08-12 16:37:41','2020-08-12 16:37:41'),(3333,3283,NULL,NULL,'2020-08-12 16:37:50','2020-08-12 16:37:50'),(3334,3284,NULL,NULL,'2020-08-12 16:37:59','2020-08-12 16:37:59'),(3335,3285,NULL,NULL,'2020-08-12 16:38:09','2020-08-12 16:38:09'),(3336,3286,NULL,NULL,'2020-08-12 16:38:18','2020-08-12 16:38:18'),(3337,3287,NULL,NULL,'2020-08-12 16:38:27','2020-08-12 16:38:27'),(3338,3288,NULL,NULL,'2020-08-12 16:38:36','2020-08-12 16:38:36'),(3339,3289,NULL,NULL,'2020-08-12 16:38:46','2020-08-12 16:38:46'),(3340,3290,NULL,NULL,'2020-08-12 16:38:55','2020-08-12 16:38:55'),(3341,3291,NULL,NULL,'2020-08-12 16:39:04','2020-08-12 16:39:04'),(3342,3292,NULL,NULL,'2020-08-12 16:39:14','2020-08-12 16:39:14'),(3343,3293,NULL,NULL,'2020-08-12 16:39:23','2020-08-12 16:39:23'),(3344,3294,NULL,NULL,'2020-08-12 16:39:32','2020-08-12 16:39:32'),(3345,3295,NULL,NULL,'2020-08-12 16:39:41','2020-08-12 16:39:41'),(3346,3296,NULL,NULL,'2020-08-12 16:39:50','2020-08-12 16:39:50'),(3347,3297,NULL,NULL,'2020-08-12 16:40:00','2020-08-12 16:40:00'),(3348,3298,NULL,NULL,'2020-08-12 16:40:10','2020-08-12 16:40:10'),(3349,3299,NULL,NULL,'2020-08-12 16:40:19','2020-08-12 16:40:19'),(3350,3300,NULL,NULL,'2020-08-12 16:40:28','2020-08-12 16:40:28'),(3351,3301,NULL,NULL,'2020-08-12 16:40:37','2020-08-12 16:40:37'),(3352,3302,NULL,NULL,'2020-08-12 16:40:46','2020-08-12 16:40:46'),(3353,3303,NULL,NULL,'2020-08-12 16:40:55','2020-08-12 16:40:55'),(3354,3304,NULL,NULL,'2020-08-12 16:41:05','2020-08-12 16:41:05'),(3355,3305,NULL,NULL,'2020-08-12 16:41:14','2020-08-12 16:41:14'),(3356,3306,NULL,NULL,'2020-08-12 16:41:23','2020-08-12 16:41:23'),(3357,3307,NULL,NULL,'2020-08-12 16:41:32','2020-08-12 16:41:32'),(3358,3308,NULL,NULL,'2020-08-12 16:41:41','2020-08-12 16:41:41'),(3359,3309,NULL,NULL,'2020-08-12 16:41:51','2020-08-12 16:41:51'),(3360,3310,NULL,NULL,'2020-08-12 16:42:00','2020-08-12 16:42:00'),(3361,3311,NULL,NULL,'2020-08-12 16:42:11','2020-08-12 16:42:11'),(3362,3312,NULL,NULL,'2020-08-12 16:42:20','2020-08-12 16:42:20'),(3363,3313,NULL,NULL,'2020-08-12 16:42:29','2020-08-12 16:42:29'),(3364,3314,NULL,NULL,'2020-08-12 16:42:38','2020-08-12 16:42:38'),(3365,3315,NULL,NULL,'2020-08-12 16:42:48','2020-08-12 16:42:48'),(3366,3316,NULL,NULL,'2020-08-12 16:42:57','2020-08-12 16:42:57'),(3367,3317,NULL,NULL,'2020-08-12 16:43:06','2020-08-12 16:43:06'),(3368,3318,NULL,NULL,'2020-08-12 16:43:16','2020-08-12 16:43:16'),(3369,3319,NULL,NULL,'2020-08-12 16:43:25','2020-08-12 16:43:25'),(3370,3320,NULL,NULL,'2020-08-12 16:43:34','2020-08-12 16:43:34'),(3371,3321,NULL,NULL,'2020-08-12 16:43:43','2020-08-12 16:43:43'),(3372,3322,NULL,NULL,'2020-08-12 16:43:52','2020-08-12 16:43:52'),(3373,3323,NULL,NULL,'2020-08-12 16:44:02','2020-08-12 16:44:02'),(3374,3324,NULL,NULL,'2020-08-12 16:44:12','2020-08-12 16:44:12'),(3375,3325,NULL,NULL,'2020-08-12 16:44:22','2020-08-12 16:44:22'),(3376,3326,NULL,NULL,'2020-08-12 16:44:31','2020-08-12 16:44:31'),(3377,3327,NULL,NULL,'2020-08-12 16:44:40','2020-08-12 16:44:40'),(3378,3328,NULL,NULL,'2020-08-12 16:44:49','2020-08-12 16:44:49'),(3379,3329,NULL,NULL,'2020-08-12 16:44:58','2020-08-12 16:44:58'),(3380,3330,NULL,NULL,'2020-08-12 16:45:08','2020-08-12 16:45:08'),(3381,3331,NULL,NULL,'2020-08-12 16:45:17','2020-08-12 16:45:17'),(3382,3332,NULL,NULL,'2020-08-12 16:45:26','2020-08-12 16:45:26'),(3383,3333,NULL,NULL,'2020-08-12 16:45:36','2020-08-12 16:45:36'),(3384,3334,NULL,NULL,'2020-08-12 16:45:45','2020-08-12 16:45:45'),(3385,3335,NULL,NULL,'2020-08-12 16:45:54','2020-08-12 16:45:54'),(3386,3336,NULL,NULL,'2020-08-12 16:46:03','2020-08-12 16:46:03'),(3387,3337,NULL,NULL,'2020-08-12 16:46:13','2020-08-12 16:46:13'),(3388,3338,NULL,NULL,'2020-08-12 16:46:22','2020-08-12 16:46:22'),(3389,3339,NULL,NULL,'2020-08-12 16:46:31','2020-08-12 16:46:31'),(3390,3340,NULL,NULL,'2020-08-12 16:46:40','2020-08-12 16:46:40'),(3391,3341,NULL,NULL,'2020-08-12 16:46:49','2020-08-12 16:46:49'),(3392,3342,NULL,NULL,'2020-08-12 16:46:58','2020-08-12 16:46:58'),(3393,3343,NULL,NULL,'2020-08-12 16:47:08','2020-08-12 16:47:08'),(3394,3344,NULL,NULL,'2020-08-12 16:47:17','2020-08-12 16:47:17'),(3395,3345,NULL,NULL,'2020-08-12 16:47:27','2020-08-12 16:47:27'),(3396,3346,NULL,NULL,'2020-08-12 16:47:36','2020-08-12 16:47:36'),(3397,3347,NULL,NULL,'2020-08-12 16:47:45','2020-08-12 16:47:45'),(3398,3348,NULL,NULL,'2020-08-12 16:47:54','2020-08-12 16:47:54'),(3399,3349,NULL,NULL,'2020-08-12 16:48:03','2020-08-12 16:48:03'),(3400,3350,NULL,NULL,'2020-08-12 16:48:13','2020-08-12 16:48:13'),(3401,3351,NULL,NULL,'2020-08-12 16:48:22','2020-08-12 16:48:22'),(3402,3352,NULL,NULL,'2020-08-12 16:48:32','2020-08-12 16:48:32'),(3403,3353,NULL,NULL,'2020-08-12 16:48:41','2020-08-12 16:48:41'),(3404,3354,NULL,NULL,'2020-08-12 16:48:50','2020-08-12 16:48:50'),(3405,3355,NULL,NULL,'2020-08-12 16:48:59','2020-08-12 16:48:59'),(3406,3356,NULL,NULL,'2020-08-12 16:49:09','2020-08-12 16:49:09'),(3407,3357,NULL,NULL,'2020-08-12 16:49:18','2020-08-12 16:49:18'),(3408,3358,NULL,NULL,'2020-08-12 16:49:27','2020-08-12 16:49:27'),(3409,3359,NULL,NULL,'2020-08-12 16:49:36','2020-08-12 16:49:36'),(3410,3360,NULL,NULL,'2020-08-12 16:49:46','2020-08-12 16:49:46'),(3411,3361,NULL,NULL,'2020-08-12 16:49:55','2020-08-12 16:49:55'),(3412,3362,NULL,NULL,'2020-08-12 16:50:04','2020-08-12 16:50:04'),(3413,3363,NULL,NULL,'2020-08-12 16:50:14','2020-08-12 16:50:14'),(3414,3364,NULL,NULL,'2020-08-12 16:50:34','2020-08-12 16:50:34'),(3415,3365,NULL,NULL,'2020-08-12 16:50:52','2020-08-12 16:50:52'),(3416,3366,NULL,NULL,'2020-08-12 16:51:11','2020-08-12 16:51:11'),(3417,3367,NULL,NULL,'2020-08-12 16:51:29','2020-08-12 16:51:29'),(3418,3368,NULL,NULL,'2020-08-12 16:51:46','2020-08-12 16:51:46'),(3419,3369,NULL,NULL,'2020-08-12 16:52:05','2020-08-12 16:52:05'),(3420,3370,NULL,NULL,'2020-08-12 16:52:23','2020-08-12 16:52:23'),(3421,3371,NULL,NULL,'2020-08-12 16:52:41','2020-08-12 16:52:41'),(3422,3372,NULL,NULL,'2020-08-12 16:52:58','2020-08-12 16:52:58'),(3423,3373,NULL,NULL,'2020-08-12 16:53:17','2020-08-12 16:53:17'),(3424,3374,NULL,NULL,'2020-08-12 16:53:35','2020-08-12 16:53:35'),(3425,3375,NULL,NULL,'2020-08-12 16:53:44','2020-08-12 16:53:44'),(3426,3376,NULL,NULL,'2020-08-12 16:53:54','2020-08-12 16:53:54'),(3427,3377,NULL,NULL,'2020-08-12 16:54:03','2020-08-12 16:54:03'),(3428,3378,NULL,NULL,'2020-08-12 16:54:13','2020-08-12 16:54:13'),(3429,3379,NULL,NULL,'2020-08-12 16:54:22','2020-08-12 16:54:22'),(3430,3380,NULL,NULL,'2020-08-12 16:54:32','2020-08-12 16:54:32'),(3431,3381,NULL,NULL,'2020-08-12 16:54:49','2020-08-12 16:54:49'),(3432,3382,NULL,NULL,'2020-08-12 16:55:08','2020-08-12 16:55:08'),(3433,3383,NULL,NULL,'2020-08-12 16:55:25','2020-08-12 16:55:25'),(3434,3384,NULL,NULL,'2020-08-12 16:55:43','2020-08-12 16:55:43'),(3435,3385,NULL,NULL,'2020-08-12 16:56:01','2020-08-12 16:56:01'),(3436,3386,NULL,NULL,'2020-08-12 16:56:19','2020-08-12 16:56:19'),(3437,3387,NULL,NULL,'2020-08-12 16:56:36','2020-08-12 16:56:37'),(3438,3388,NULL,NULL,'2020-08-12 16:56:54','2020-08-12 16:56:54'),(3439,3389,NULL,NULL,'2020-08-12 16:57:13','2020-08-12 16:57:13'),(3440,3390,NULL,NULL,'2020-08-12 16:57:31','2020-08-12 16:57:31'),(3441,3391,NULL,NULL,'2020-08-12 16:57:48','2020-08-12 16:57:48'),(3442,3392,NULL,NULL,'2020-08-12 16:58:07','2020-08-12 16:58:07'),(3443,3393,NULL,NULL,'2020-08-12 16:58:25','2020-08-12 16:58:25'),(3444,3394,NULL,NULL,'2020-08-12 16:58:43','2020-08-12 16:58:43'),(3445,3395,NULL,NULL,'2020-08-12 16:59:00','2020-08-12 16:59:00'),(3446,3396,NULL,NULL,'2020-08-12 16:59:19','2020-08-12 16:59:19'),(3447,3397,NULL,NULL,'2020-08-12 16:59:36','2020-08-12 16:59:36'),(3448,3398,NULL,NULL,'2020-08-12 16:59:54','2020-08-12 16:59:54'),(3449,3399,NULL,NULL,'2020-08-12 17:00:13','2020-08-12 17:00:13'),(3450,3400,NULL,NULL,'2020-08-12 17:00:30','2020-08-12 17:00:30'),(3451,3401,NULL,NULL,'2020-08-12 17:00:48','2020-08-12 17:00:48'),(3452,3402,NULL,NULL,'2020-08-12 17:01:06','2020-08-12 17:01:06'),(3453,3403,NULL,NULL,'2020-08-12 17:01:24','2020-08-12 17:01:24'),(3454,3404,NULL,NULL,'2020-08-12 17:01:42','2020-08-12 17:01:42'),(3455,3405,NULL,NULL,'2020-08-12 17:02:00','2020-08-12 17:02:00'),(3456,3406,NULL,NULL,'2020-08-12 17:02:24','2020-08-12 17:02:24'),(3457,3407,NULL,NULL,'2020-08-12 17:02:42','2020-08-12 17:02:42'),(3458,3408,NULL,NULL,'2020-08-12 17:03:00','2020-08-12 17:03:00'),(3459,3409,NULL,NULL,'2020-08-12 17:03:20','2020-08-12 17:03:20'),(3460,3410,NULL,NULL,'2020-08-12 17:03:38','2020-08-12 17:03:38'),(3461,3411,NULL,NULL,'2020-08-12 17:03:56','2020-08-12 17:03:56'),(3462,3412,NULL,NULL,'2020-08-12 17:04:14','2020-08-12 17:04:14'),(3463,3413,NULL,NULL,'2020-08-12 17:04:32','2020-08-12 17:04:32'),(3464,3414,NULL,NULL,'2020-08-12 17:04:50','2020-08-12 17:04:50'),(3465,3415,NULL,NULL,'2020-08-12 17:05:08','2020-08-12 17:05:08'),(3466,3416,NULL,NULL,'2020-08-12 17:05:27','2020-08-12 17:05:27'),(3467,3417,NULL,NULL,'2020-08-12 17:05:36','2020-08-12 17:05:36'),(3468,3418,NULL,NULL,'2020-08-12 17:05:45','2020-08-12 17:05:45'),(3469,3419,NULL,NULL,'2020-08-12 17:05:54','2020-08-12 17:05:54'),(3470,3420,NULL,NULL,'2020-08-12 17:06:04','2020-08-12 17:06:04'),(3471,3421,NULL,NULL,'2020-08-12 17:06:15','2020-08-12 17:06:15'),(3472,3422,NULL,NULL,'2020-08-12 17:06:24','2020-08-12 17:06:24'),(3473,3423,NULL,NULL,'2020-08-12 17:06:33','2020-08-12 17:06:33'),(3474,3424,NULL,NULL,'2020-08-12 17:06:43','2020-08-12 17:06:43'),(3475,3425,NULL,NULL,'2020-08-12 17:06:52','2020-08-12 17:06:52'),(3476,3426,NULL,NULL,'2020-08-12 17:07:02','2020-08-12 17:07:02'),(3477,3427,NULL,NULL,'2020-08-12 17:07:12','2020-08-12 17:07:12'),(3478,3428,NULL,NULL,'2020-08-12 17:07:21','2020-08-12 17:07:21'),(3479,3429,NULL,NULL,'2020-08-12 17:07:31','2020-08-12 17:07:31'),(3480,3430,NULL,NULL,'2020-08-12 17:07:40','2020-08-12 17:07:40'),(3481,3431,NULL,NULL,'2020-08-12 17:07:49','2020-08-12 17:07:49'),(3482,3432,NULL,NULL,'2020-08-12 17:07:59','2020-08-12 17:07:59'),(3483,3433,NULL,NULL,'2020-08-12 17:08:09','2020-08-12 17:08:09'),(3484,3434,NULL,NULL,'2020-08-12 17:08:18','2020-08-12 17:08:18'),(3485,3435,NULL,NULL,'2020-08-12 17:08:36','2020-08-12 17:08:36'),(3486,3436,NULL,NULL,'2020-08-12 17:09:03','2020-08-12 17:09:03'),(3487,3437,NULL,NULL,'2020-08-12 17:09:21','2020-08-12 17:09:21'),(3488,3438,NULL,NULL,'2020-08-12 17:09:39','2020-08-12 17:09:39'),(3489,3439,NULL,NULL,'2020-08-12 17:09:57','2020-08-12 17:09:57'),(3490,3440,NULL,NULL,'2020-08-12 17:10:16','2020-08-12 17:10:16'),(3491,3441,NULL,NULL,'2020-08-12 17:10:34','2020-08-12 17:10:34'),(3492,3442,NULL,NULL,'2020-08-12 17:10:51','2020-08-12 17:10:51'),(3493,3443,NULL,NULL,'2020-08-12 17:11:10','2020-08-12 17:11:10'),(3494,3444,NULL,NULL,'2020-08-12 17:11:28','2020-08-12 17:11:28'),(3495,3445,NULL,NULL,'2020-08-12 17:11:45','2020-08-12 17:11:45'),(3496,3446,NULL,NULL,'2020-08-12 17:11:55','2020-08-12 17:11:55'),(3497,3447,NULL,NULL,'2020-08-12 17:12:05','2020-08-12 17:12:05'),(3498,3448,NULL,NULL,'2020-08-12 17:12:15','2020-08-12 17:12:15'),(3499,3449,NULL,NULL,'2020-08-12 17:12:24','2020-08-12 17:12:24'),(3500,3450,NULL,NULL,'2020-08-12 17:12:33','2020-08-12 17:12:33'),(3501,3451,NULL,NULL,'2020-08-12 17:12:43','2020-08-12 17:12:43'),(3502,3452,NULL,NULL,'2020-08-12 17:13:01','2020-08-12 17:13:01'),(3503,3453,NULL,NULL,'2020-08-12 17:13:20','2020-08-12 17:13:20'),(3504,3454,NULL,NULL,'2020-08-12 17:13:38','2020-08-12 17:13:38'),(3505,3455,NULL,NULL,'2020-08-12 17:13:55','2020-08-12 17:13:55'),(3506,3456,NULL,NULL,'2020-08-12 17:14:14','2020-08-12 17:14:14'),(3507,3457,NULL,NULL,'2020-08-12 17:14:32','2020-08-12 17:14:32'),(3508,3458,NULL,NULL,'2020-08-12 17:14:50','2020-08-12 17:14:50'),(3509,3459,NULL,NULL,'2020-08-12 17:15:08','2020-08-12 17:15:08'),(3510,3460,NULL,NULL,'2020-08-12 17:15:26','2020-08-12 17:15:26'),(3511,3461,NULL,NULL,'2020-08-12 17:15:44','2020-08-12 17:15:44'),(3512,3462,NULL,NULL,'2020-08-12 17:16:02','2020-08-12 17:16:02'),(3513,3463,NULL,NULL,'2020-08-12 17:16:20','2020-08-12 17:16:20'),(3514,3464,NULL,NULL,'2020-08-12 17:16:38','2020-08-12 17:16:38'),(3515,3465,NULL,NULL,'2020-08-12 17:16:55','2020-08-12 17:16:55'),(3516,3466,NULL,NULL,'2020-08-12 17:17:14','2020-08-12 17:17:14'),(3517,3467,NULL,NULL,'2020-08-12 18:16:14','2020-08-12 18:16:14'),(3518,3468,NULL,NULL,'2020-08-12 18:16:29','2020-08-12 18:16:29'),(3519,3469,NULL,NULL,'2020-08-12 18:16:45','2020-08-12 18:16:45'),(3520,3470,NULL,NULL,'2020-08-12 18:17:00','2020-08-12 18:17:00'),(3521,3471,NULL,NULL,'2020-08-12 18:17:16','2020-08-12 18:17:16'),(3522,3472,NULL,NULL,'2020-08-12 18:17:31','2020-08-12 18:17:31'),(3523,3473,NULL,NULL,'2020-08-12 18:17:47','2020-08-12 18:17:47'),(3524,3474,NULL,NULL,'2020-08-12 18:18:02','2020-08-12 18:18:02'),(3525,3475,NULL,NULL,'2020-08-12 18:18:18','2020-08-12 18:18:18'),(3526,3476,NULL,NULL,'2020-08-12 18:18:34','2020-08-12 18:18:34'),(3527,3477,NULL,NULL,'2020-08-12 18:18:49','2020-08-12 18:18:49'),(3528,3478,NULL,NULL,'2020-08-12 18:19:05','2020-08-12 18:19:05'),(3529,3479,NULL,NULL,'2020-08-12 18:19:20','2020-08-12 18:19:20'),(3530,3480,NULL,NULL,'2020-08-12 18:19:36','2020-08-12 18:19:36'),(3531,3481,NULL,NULL,'2020-08-12 18:19:51','2020-08-12 18:19:51'),(3532,3482,NULL,NULL,'2020-08-12 18:20:07','2020-08-12 18:20:07'),(3533,3483,NULL,NULL,'2020-08-12 18:20:23','2020-08-12 18:20:23'),(3534,3484,NULL,NULL,'2020-08-12 18:20:38','2020-08-12 18:20:38'),(3535,3485,NULL,NULL,'2020-08-12 18:20:54','2020-08-12 18:20:54'),(3536,3486,NULL,NULL,'2020-08-12 18:21:10','2020-08-12 18:21:10'),(3537,3487,NULL,NULL,'2020-08-12 18:21:25','2020-08-12 18:21:25'),(3538,3488,NULL,NULL,'2020-08-12 18:21:25','2020-08-12 18:21:25'),(3539,3489,NULL,NULL,'2020-08-12 18:21:26','2020-08-12 18:21:26'),(3540,3490,NULL,NULL,'2020-08-12 18:21:26','2020-08-12 18:21:26'),(3541,3491,NULL,NULL,'2020-08-12 18:21:26','2020-08-12 18:21:26'),(3542,3492,NULL,NULL,'2020-08-12 19:20:39','2020-08-12 19:20:39'),(3543,3493,NULL,NULL,'2020-08-12 19:20:39','2020-08-12 19:20:39'),(3544,3494,NULL,NULL,'2020-08-12 19:20:58','2020-08-12 19:20:58'),(3545,3495,NULL,NULL,'2020-08-12 19:21:18','2020-08-12 19:21:18'),(3546,3496,NULL,NULL,'2020-08-12 19:21:37','2020-08-12 19:21:37'),(3547,3497,NULL,NULL,'2020-08-12 19:21:56','2020-08-12 19:21:56'),(3548,3498,NULL,NULL,'2020-08-12 19:22:15','2020-08-12 19:22:15'),(3549,3499,NULL,NULL,'2020-08-12 19:22:34','2020-08-12 19:22:34'),(3550,3500,NULL,NULL,'2020-08-12 19:22:53','2020-08-12 19:22:53'),(3551,3501,NULL,NULL,'2020-08-12 19:23:13','2020-08-12 19:23:13'),(3552,3502,NULL,NULL,'2020-08-12 19:23:32','2020-08-12 19:23:32'),(3553,3503,NULL,NULL,'2020-08-12 19:23:51','2020-08-12 19:23:51'),(3554,3504,NULL,NULL,'2020-08-12 19:24:11','2020-08-12 19:24:11'),(3555,3505,NULL,NULL,'2020-08-12 19:24:30','2020-08-12 19:24:30'),(3556,3506,NULL,NULL,'2020-08-12 19:24:49','2020-08-12 19:24:49'),(3557,3507,NULL,NULL,'2020-08-12 19:25:08','2020-08-12 19:25:08'),(3558,3508,NULL,NULL,'2020-08-12 19:25:27','2020-08-12 19:25:27'),(3559,3509,NULL,NULL,'2020-08-12 19:25:46','2020-08-12 19:25:46'),(3560,3510,NULL,NULL,'2020-08-12 19:26:06','2020-08-12 19:26:06'),(3561,3511,NULL,NULL,'2020-08-12 19:26:25','2020-08-12 19:26:25'),(3562,3512,NULL,NULL,'2020-08-12 19:26:45','2020-08-12 19:26:45'),(3563,3513,NULL,NULL,'2020-08-12 19:26:45','2020-08-12 19:26:45'),(3564,3514,NULL,NULL,'2020-08-12 19:26:45','2020-08-12 19:26:45'),(3565,3515,NULL,NULL,'2020-08-12 19:26:45','2020-08-12 19:26:45'),(3566,3516,NULL,NULL,'2020-08-12 19:26:45','2020-08-12 19:26:45'),(3567,3517,NULL,NULL,'2020-08-12 19:26:45','2020-08-12 19:26:45'),(3568,3518,NULL,NULL,'2020-08-12 19:26:46','2020-08-12 19:26:46'),(3569,3519,NULL,NULL,'2020-08-12 19:26:46','2020-08-12 19:26:46'),(3570,3520,NULL,NULL,'2020-08-12 19:26:46','2020-08-12 19:26:46'),(3571,3521,NULL,NULL,'2020-08-12 19:26:46','2020-08-12 19:26:46'),(3572,3522,NULL,NULL,'2020-08-12 19:26:46','2020-08-12 19:26:46'),(3573,3523,NULL,NULL,'2020-08-12 19:26:47','2020-08-12 19:26:47'),(3574,3524,NULL,NULL,'2020-08-12 19:26:47','2020-08-12 19:26:47'),(3575,3525,NULL,NULL,'2020-08-12 19:26:47','2020-08-12 19:26:47'),(3576,3526,NULL,NULL,'2020-08-12 19:26:47','2020-08-12 19:26:47'),(3577,3527,NULL,NULL,'2020-08-12 19:26:47','2020-08-12 19:26:47'),(3578,3528,NULL,NULL,'2020-08-12 19:26:47','2020-08-12 19:26:47'),(3579,3529,NULL,NULL,'2020-08-12 19:26:48','2020-08-12 19:26:48'),(3580,3530,NULL,NULL,'2020-08-12 19:26:48','2020-08-12 19:26:48'),(3581,3531,NULL,NULL,'2020-08-12 19:26:48','2020-08-12 19:26:48'),(3582,3532,NULL,NULL,'2020-08-12 19:26:48','2020-08-12 19:26:48'),(3583,3533,NULL,NULL,'2020-08-12 19:26:48','2020-08-12 19:26:48'),(3584,3534,NULL,NULL,'2020-08-12 19:26:48','2020-08-12 19:26:48'),(3585,3535,NULL,NULL,'2020-08-12 19:26:49','2020-08-12 19:26:49'),(3586,3536,NULL,NULL,'2020-08-12 19:26:49','2020-08-12 19:26:49'),(3587,3537,NULL,NULL,'2020-08-12 19:26:49','2020-08-12 19:26:49'),(3588,3538,NULL,NULL,'2020-08-12 19:26:49','2020-08-12 19:26:49'),(3589,3539,NULL,NULL,'2020-08-12 19:26:49','2020-08-12 19:26:49'),(3590,3540,NULL,NULL,'2020-08-12 19:26:50','2020-08-12 19:26:50'),(3591,3541,NULL,NULL,'2020-08-12 19:26:50','2020-08-12 19:26:50'),(3592,3542,NULL,NULL,'2020-08-12 19:26:50','2020-08-12 19:26:50'),(3593,3543,NULL,NULL,'2020-08-12 19:26:50','2020-08-12 19:26:50'),(3594,3544,NULL,NULL,'2020-08-12 19:26:50','2020-08-12 19:26:50'),(3595,3545,NULL,NULL,'2020-08-12 19:26:51','2020-08-12 19:26:51'),(3596,3546,NULL,NULL,'2020-08-12 19:26:51','2020-08-12 19:26:51'),(3597,3547,NULL,NULL,'2020-08-12 19:26:51','2020-08-12 19:26:51'),(3598,3548,NULL,NULL,'2020-08-12 19:26:51','2020-08-12 19:26:51'),(3599,3549,NULL,NULL,'2020-08-12 19:26:51','2020-08-12 19:26:51'),(3600,3550,NULL,NULL,'2020-08-12 19:26:51','2020-08-12 19:26:51'),(3601,3551,NULL,NULL,'2020-08-12 19:26:52','2020-08-12 19:26:52'),(3602,3552,NULL,NULL,'2020-08-12 19:26:52','2020-08-12 19:26:52'),(3603,3553,NULL,NULL,'2020-08-12 19:26:52','2020-08-12 19:26:52'),(3604,3554,NULL,NULL,'2020-08-12 19:26:52','2020-08-12 19:26:52'),(3605,3555,NULL,NULL,'2020-08-12 19:26:52','2020-08-12 19:26:52'),(3606,3556,NULL,NULL,'2020-08-12 19:26:53','2020-08-12 19:26:53'),(3607,3557,NULL,NULL,'2020-08-12 19:26:53','2020-08-12 19:26:53'),(3608,3558,NULL,NULL,'2020-08-12 19:26:53','2020-08-12 19:26:53'),(3609,3559,NULL,NULL,'2020-08-12 19:26:53','2020-08-12 19:26:53'),(3610,3560,NULL,NULL,'2020-08-12 19:26:54','2020-08-12 19:26:54'),(3611,3561,NULL,NULL,'2020-08-12 19:26:54','2020-08-12 19:26:54'),(3612,3562,NULL,NULL,'2020-08-12 19:26:54','2020-08-12 19:26:54'),(3613,3563,NULL,NULL,'2020-08-12 19:26:54','2020-08-12 19:26:54'),(3614,3564,NULL,NULL,'2020-08-12 19:26:54','2020-08-12 19:26:54'),(3615,3565,NULL,NULL,'2020-08-12 19:26:55','2020-08-12 19:26:55'),(3616,3566,NULL,NULL,'2020-08-12 19:26:55','2020-08-12 19:26:55'),(3617,3567,NULL,NULL,'2020-08-12 19:26:55','2020-08-12 19:26:55'),(3618,3568,NULL,NULL,'2020-08-12 19:26:55','2020-08-12 19:26:55'),(3619,3569,NULL,NULL,'2020-08-12 19:26:55','2020-08-12 19:26:55'),(3620,3570,NULL,NULL,'2020-08-12 19:26:56','2020-08-12 19:26:56'),(3621,3571,NULL,NULL,'2020-08-12 19:26:56','2020-08-12 19:26:56'),(3622,3572,NULL,NULL,'2020-08-12 19:26:56','2020-08-12 19:26:56'),(3623,3573,NULL,NULL,'2020-08-12 19:26:56','2020-08-12 19:26:56'),(3624,3574,NULL,NULL,'2020-08-12 19:26:56','2020-08-12 19:26:56'),(3625,3575,NULL,NULL,'2020-08-12 19:26:57','2020-08-12 19:26:57'),(3626,3576,NULL,NULL,'2020-08-12 19:26:57','2020-08-12 19:26:57'),(3627,3577,NULL,NULL,'2020-08-12 19:26:57','2020-08-12 19:26:57'),(3628,3578,NULL,NULL,'2020-08-12 19:26:57','2020-08-12 19:26:57'),(3629,3579,NULL,NULL,'2020-08-12 19:26:58','2020-08-12 19:26:58'),(3630,3580,NULL,NULL,'2020-08-12 19:26:58','2020-08-12 19:26:58'),(3631,3581,NULL,NULL,'2020-08-12 19:26:58','2020-08-12 19:26:58'),(3632,3582,NULL,NULL,'2020-08-12 19:26:58','2020-08-12 19:26:58'),(3633,3583,NULL,NULL,'2020-08-12 19:26:58','2020-08-12 19:26:58'),(3634,3584,NULL,NULL,'2020-08-12 19:26:59','2020-08-12 19:26:59'),(3635,3585,NULL,NULL,'2020-08-12 19:26:59','2020-08-12 19:26:59'),(3636,3586,NULL,NULL,'2020-08-12 19:26:59','2020-08-12 19:26:59'),(3637,3587,NULL,NULL,'2020-08-12 19:26:59','2020-08-12 19:26:59'),(3638,3588,NULL,NULL,'2020-08-12 19:27:00','2020-08-12 19:27:00'),(3639,3589,NULL,NULL,'2020-08-12 19:27:00','2020-08-12 19:27:00'),(3640,3590,NULL,NULL,'2020-08-12 19:27:00','2020-08-12 19:27:00'),(3641,3591,NULL,NULL,'2020-08-12 19:27:00','2020-08-12 19:27:00'),(3642,3592,NULL,NULL,'2020-08-12 19:27:00','2020-08-12 19:27:00'),(3643,3593,NULL,NULL,'2020-08-12 19:27:01','2020-08-12 19:27:01'),(3644,3594,NULL,NULL,'2020-08-12 19:27:01','2020-08-12 19:27:01'),(3645,3595,NULL,NULL,'2020-08-12 19:27:01','2020-08-12 19:27:01'),(3646,3596,NULL,NULL,'2020-08-12 19:27:01','2020-08-12 19:27:01'),(3647,3597,NULL,NULL,'2020-08-12 19:27:02','2020-08-12 19:27:02'),(3648,3598,NULL,NULL,'2020-08-12 19:27:02','2020-08-12 19:27:02'),(3649,3599,NULL,NULL,'2020-08-12 19:27:02','2020-08-12 19:27:02'),(3650,3600,NULL,NULL,'2020-08-12 19:27:03','2020-08-12 19:27:03'),(3651,3601,NULL,NULL,'2020-08-12 19:27:03','2020-08-12 19:27:03'),(3652,3602,NULL,NULL,'2020-08-12 19:27:03','2020-08-12 19:27:03'),(3653,3603,NULL,NULL,'2020-08-12 19:27:03','2020-08-12 19:27:03'),(3654,3604,NULL,NULL,'2020-08-12 19:27:04','2020-08-12 19:27:04'),(3655,3605,NULL,NULL,'2020-08-12 19:27:04','2020-08-12 19:27:04'),(3656,3606,NULL,NULL,'2020-08-12 19:27:05','2020-08-12 19:27:05'),(3657,3607,NULL,NULL,'2020-08-12 19:27:05','2020-08-12 19:27:05'),(3658,3608,NULL,NULL,'2020-08-12 19:27:05','2020-08-12 19:27:05'),(3659,3609,NULL,NULL,'2020-08-12 19:27:06','2020-08-12 19:27:06'),(3660,3610,NULL,NULL,'2020-08-12 19:27:06','2020-08-12 19:27:06'),(3661,3611,NULL,NULL,'2020-08-12 19:27:06','2020-08-12 19:27:06'),(3662,3612,NULL,NULL,'2020-08-12 19:27:06','2020-08-12 19:27:06'),(3663,3613,NULL,NULL,'2020-08-12 19:27:07','2020-08-12 19:27:07'),(3664,3614,NULL,NULL,'2020-08-12 19:27:07','2020-08-12 19:27:07'),(3665,3615,NULL,NULL,'2020-08-12 19:27:07','2020-08-12 19:27:07'),(3666,3616,NULL,NULL,'2020-08-12 19:27:07','2020-08-12 19:27:07'),(3667,3617,NULL,NULL,'2020-08-12 19:27:08','2020-08-12 19:27:08'),(3668,3618,NULL,NULL,'2020-08-12 19:27:08','2020-08-12 19:27:08'),(3669,3619,NULL,NULL,'2020-08-12 19:27:08','2020-08-12 19:27:08'),(3670,3620,NULL,NULL,'2020-08-12 19:27:08','2020-08-12 19:27:08'),(3671,3621,NULL,NULL,'2020-08-12 19:27:08','2020-08-12 19:27:08'),(3672,3622,NULL,NULL,'2020-08-12 19:27:09','2020-08-12 19:27:09'),(3673,3623,NULL,NULL,'2020-08-12 19:27:09','2020-08-12 19:27:09'),(3674,3624,NULL,NULL,'2020-08-12 19:27:09','2020-08-12 19:27:09'),(3675,3625,NULL,NULL,'2020-08-12 19:27:09','2020-08-12 19:27:09'),(3676,3626,NULL,NULL,'2020-08-12 19:27:10','2020-08-12 19:27:10'),(3677,3627,NULL,NULL,'2020-08-12 19:27:10','2020-08-12 19:27:10'),(3678,3628,NULL,NULL,'2020-08-12 19:27:10','2020-08-12 19:27:10'),(3679,3629,NULL,NULL,'2020-08-12 19:27:10','2020-08-12 19:27:10'),(3680,3630,NULL,NULL,'2020-08-12 19:27:11','2020-08-12 19:27:11'),(3681,3631,NULL,NULL,'2020-08-12 19:27:11','2020-08-12 19:27:11'),(3682,3632,NULL,NULL,'2020-08-12 19:27:11','2020-08-12 19:27:11'),(3683,3633,NULL,NULL,'2020-08-12 19:27:12','2020-08-12 19:27:12'),(3684,3634,NULL,NULL,'2020-08-12 19:27:12','2020-08-12 19:27:12'),(3685,3635,NULL,NULL,'2020-08-12 19:27:12','2020-08-12 19:27:12'),(3686,3636,NULL,NULL,'2020-08-12 19:27:12','2020-08-12 19:27:12'),(3687,3637,NULL,NULL,'2020-08-12 19:27:13','2020-08-12 19:27:13'),(3688,3638,NULL,NULL,'2020-08-12 19:27:13','2020-08-12 19:27:13'),(3689,3639,NULL,NULL,'2020-08-12 19:27:13','2020-08-12 19:27:13'),(3690,3640,NULL,NULL,'2020-08-12 19:27:13','2020-08-12 19:27:13'),(3691,3641,NULL,NULL,'2020-08-12 19:27:14','2020-08-12 19:27:14'),(3692,3642,NULL,NULL,'2020-08-12 19:27:14','2020-08-12 19:27:14'),(3693,3643,NULL,NULL,'2020-08-12 19:27:14','2020-08-12 19:27:14'),(3694,3644,NULL,NULL,'2020-08-12 19:27:14','2020-08-12 19:27:14'),(3695,3645,NULL,NULL,'2020-08-12 19:27:15','2020-08-12 19:27:15'),(3696,3646,NULL,NULL,'2020-08-12 19:27:15','2020-08-12 19:27:15'),(3697,3647,NULL,NULL,'2020-08-12 19:27:15','2020-08-12 19:27:15'),(3698,3648,NULL,NULL,'2020-08-12 19:27:15','2020-08-12 19:27:15'),(3699,3649,NULL,NULL,'2020-08-12 19:27:16','2020-08-12 19:27:16'),(3700,3650,NULL,NULL,'2020-08-12 19:27:16','2020-08-12 19:27:16'),(3701,3651,NULL,NULL,'2020-08-12 19:27:16','2020-08-12 19:27:16'),(3702,3652,NULL,NULL,'2020-08-12 19:27:17','2020-08-12 19:27:17'),(3703,3653,NULL,NULL,'2020-08-12 19:27:17','2020-08-12 19:27:17'),(3704,3654,NULL,NULL,'2020-08-12 19:27:17','2020-08-12 19:27:17'),(3705,3655,NULL,NULL,'2020-08-12 19:27:17','2020-08-12 19:27:17'),(3706,3656,NULL,NULL,'2020-08-12 19:27:18','2020-08-12 19:27:18'),(3707,3657,NULL,NULL,'2020-08-12 19:27:18','2020-08-12 19:27:18'),(3708,3658,NULL,NULL,'2020-08-12 19:27:18','2020-08-12 19:27:18'),(3709,3659,NULL,NULL,'2020-08-12 19:27:18','2020-08-12 19:27:18'),(3710,3660,NULL,NULL,'2020-08-12 19:27:19','2020-08-12 19:27:19'),(3711,3661,NULL,NULL,'2020-08-12 19:27:19','2020-08-12 19:27:19'),(3712,3662,NULL,NULL,'2020-08-12 19:27:19','2020-08-12 19:27:19'),(3713,3663,NULL,NULL,'2020-08-12 19:27:19','2020-08-12 19:27:19'),(3714,3664,NULL,NULL,'2020-08-12 19:27:20','2020-08-12 19:27:20'),(3715,3665,NULL,NULL,'2020-08-12 19:27:20','2020-08-12 19:27:20'),(3716,3666,NULL,NULL,'2020-08-12 19:27:20','2020-08-12 19:27:20'),(3717,3667,NULL,NULL,'2020-08-12 19:27:21','2020-08-12 19:27:21'),(3718,3668,NULL,NULL,'2020-08-12 19:27:21','2020-08-12 19:27:21'),(3719,3669,NULL,NULL,'2020-08-12 19:27:21','2020-08-12 19:27:21'),(3720,3670,NULL,NULL,'2020-08-12 19:27:21','2020-08-12 19:27:21'),(3721,3671,NULL,NULL,'2020-08-12 19:27:22','2020-08-12 19:27:22'),(3722,3672,NULL,NULL,'2020-08-12 19:27:22','2020-08-12 19:27:22'),(3723,3673,NULL,NULL,'2020-08-12 19:27:22','2020-08-12 19:27:22'),(3724,3674,NULL,NULL,'2020-08-12 19:27:23','2020-08-12 19:27:23'),(3725,3675,NULL,NULL,'2020-08-12 19:27:23','2020-08-12 19:27:23'),(3726,3676,NULL,NULL,'2020-08-12 19:27:23','2020-08-12 19:27:23'),(3727,3677,NULL,NULL,'2020-08-12 19:27:23','2020-08-12 19:27:23'),(3728,3678,NULL,NULL,'2020-08-12 19:27:24','2020-08-12 19:27:24'),(3729,3679,NULL,NULL,'2020-08-12 19:27:24','2020-08-12 19:27:24'),(3730,3680,NULL,NULL,'2020-08-12 19:27:24','2020-08-12 19:27:24'),(3731,3681,NULL,NULL,'2020-08-12 19:27:25','2020-08-12 19:27:25'),(3732,3682,NULL,NULL,'2020-08-12 19:27:25','2020-08-12 19:27:25'),(3733,3683,NULL,NULL,'2020-08-12 19:27:25','2020-08-12 19:27:25'),(3734,3684,NULL,NULL,'2020-08-12 19:27:26','2020-08-12 19:27:26'),(3735,3685,NULL,NULL,'2020-08-12 19:27:26','2020-08-12 19:27:26'),(3736,3686,NULL,NULL,'2020-08-12 19:27:26','2020-08-12 19:27:26'),(3737,3687,NULL,NULL,'2020-08-12 19:27:26','2020-08-12 19:27:26'),(3738,3688,NULL,NULL,'2020-08-12 19:27:27','2020-08-12 19:27:27'),(3739,3689,NULL,NULL,'2020-08-12 19:27:27','2020-08-12 19:27:27'),(3740,3690,NULL,NULL,'2020-08-12 19:27:27','2020-08-12 19:27:27'),(3741,3691,NULL,NULL,'2020-08-12 19:27:28','2020-08-12 19:27:28'),(3742,3692,NULL,NULL,'2020-08-12 19:27:28','2020-08-12 19:27:28'),(3743,3693,NULL,NULL,'2020-08-12 19:27:28','2020-08-12 19:27:28'),(3744,3694,NULL,NULL,'2020-08-12 19:27:29','2020-08-12 19:27:29'),(3745,3695,NULL,NULL,'2020-08-12 19:27:29','2020-08-12 19:27:29'),(3746,3696,NULL,NULL,'2020-08-12 19:27:29','2020-08-12 19:27:29'),(3747,3697,NULL,NULL,'2020-08-12 19:27:29','2020-08-12 19:27:29'),(3748,3698,NULL,NULL,'2020-08-12 19:27:30','2020-08-12 19:27:30'),(3749,3699,NULL,NULL,'2020-08-12 19:27:30','2020-08-12 19:27:30'),(3750,3700,NULL,NULL,'2020-08-12 19:27:30','2020-08-12 19:27:30'),(3751,3701,NULL,NULL,'2020-08-12 19:27:31','2020-08-12 19:27:31'),(3752,3702,NULL,NULL,'2020-08-12 19:27:31','2020-08-12 19:27:31'),(3753,3703,NULL,NULL,'2020-08-12 19:27:31','2020-08-12 19:27:31'),(3754,3704,NULL,NULL,'2020-08-12 19:27:32','2020-08-12 19:27:32'),(3755,3705,NULL,NULL,'2020-08-12 19:27:32','2020-08-12 19:27:32'),(3756,3706,NULL,NULL,'2020-08-12 19:27:32','2020-08-12 19:27:32'),(3757,3707,NULL,NULL,'2020-08-12 19:27:33','2020-08-12 19:27:33'),(3758,3708,NULL,NULL,'2020-08-12 19:27:33','2020-08-12 19:27:33'),(3759,3709,NULL,NULL,'2020-08-12 19:27:33','2020-08-12 19:27:33'),(3760,3710,NULL,NULL,'2020-08-12 19:27:34','2020-08-12 19:27:34'),(3761,3711,NULL,NULL,'2020-08-12 19:27:34','2020-08-12 19:27:34'),(3762,3712,NULL,NULL,'2020-08-12 19:27:34','2020-08-12 19:27:34'),(3763,3713,NULL,NULL,'2020-08-12 19:27:34','2020-08-12 19:27:34'),(3764,3714,NULL,NULL,'2020-08-12 19:27:35','2020-08-12 19:27:35'),(3765,3715,NULL,NULL,'2020-08-12 19:27:35','2020-08-12 19:27:35'),(3766,3716,NULL,NULL,'2020-08-12 19:27:35','2020-08-12 19:27:35'),(3767,3717,NULL,NULL,'2020-08-12 19:27:36','2020-08-12 19:27:36'),(3768,3718,NULL,NULL,'2020-08-12 19:27:36','2020-08-12 19:27:36'),(3769,3719,NULL,NULL,'2020-08-12 19:27:36','2020-08-12 19:27:36'),(3770,3720,NULL,NULL,'2020-08-12 19:27:37','2020-08-12 19:27:37'),(3771,3721,NULL,NULL,'2020-08-12 19:27:37','2020-08-12 19:27:37'),(3772,3722,NULL,NULL,'2020-08-12 19:27:37','2020-08-12 19:27:37'),(3773,3723,NULL,NULL,'2020-08-12 19:27:38','2020-08-12 19:27:38'),(3774,3724,NULL,NULL,'2020-08-12 19:27:38','2020-08-12 19:27:38'),(3775,3725,NULL,NULL,'2020-08-12 19:27:38','2020-08-12 19:27:38'),(3776,3726,NULL,NULL,'2020-08-12 19:27:39','2020-08-12 19:27:39'),(3777,3727,NULL,NULL,'2020-08-12 19:27:39','2020-08-12 19:27:39'),(3778,3728,NULL,NULL,'2020-08-12 19:27:39','2020-08-12 19:27:39'),(3779,3729,NULL,NULL,'2020-08-12 19:27:40','2020-08-12 19:27:40'),(3780,3730,NULL,NULL,'2020-08-12 19:27:40','2020-08-12 19:27:40'),(3781,3731,NULL,NULL,'2020-08-12 19:27:40','2020-08-12 19:27:40'),(3782,3732,NULL,NULL,'2020-08-12 19:27:41','2020-08-12 19:27:41'),(3783,3733,NULL,NULL,'2020-08-12 19:27:41','2020-08-12 19:27:41'),(3784,3734,NULL,NULL,'2020-08-12 19:27:41','2020-08-12 19:27:41'),(3785,3735,NULL,NULL,'2020-08-12 19:27:42','2020-08-12 19:27:42'),(3786,3736,NULL,NULL,'2020-08-12 19:27:42','2020-08-12 19:27:42'),(3787,3737,NULL,NULL,'2020-08-12 19:27:42','2020-08-12 19:27:42'),(3788,3738,NULL,NULL,'2020-08-12 19:27:43','2020-08-12 19:27:43'),(3789,3739,NULL,NULL,'2020-08-12 19:27:43','2020-08-12 19:27:43'),(3790,3740,NULL,NULL,'2020-08-12 19:27:43','2020-08-12 19:27:43'),(3791,3741,NULL,NULL,'2020-08-12 19:27:44','2020-08-12 19:27:44'),(3792,3742,NULL,NULL,'2020-08-12 19:27:44','2020-08-12 19:27:44'),(3793,3743,NULL,NULL,'2020-08-12 19:27:44','2020-08-12 19:27:44'),(3794,3744,NULL,NULL,'2020-08-12 19:27:45','2020-08-12 19:27:45'),(3795,3745,NULL,NULL,'2020-08-12 19:27:45','2020-08-12 19:27:45'),(3796,3746,NULL,NULL,'2020-08-12 19:27:45','2020-08-12 19:27:45'),(3797,3747,NULL,NULL,'2020-08-12 19:27:46','2020-08-12 19:27:46'),(3798,3748,NULL,NULL,'2020-08-12 19:27:46','2020-08-12 19:27:46'),(3799,3749,NULL,NULL,'2020-08-12 19:27:46','2020-08-12 19:27:46'),(3800,3750,NULL,NULL,'2020-08-12 19:27:47','2020-08-12 19:27:47'),(3801,3751,NULL,NULL,'2020-08-12 19:27:47','2020-08-12 19:27:47'),(3802,3752,NULL,NULL,'2020-08-12 19:27:47','2020-08-12 19:27:47'),(3803,3753,NULL,NULL,'2020-08-12 19:27:48','2020-08-12 19:27:48'),(3804,3754,NULL,NULL,'2020-08-12 19:27:48','2020-08-12 19:27:48'),(3805,3755,NULL,NULL,'2020-08-12 19:27:49','2020-08-12 19:27:49'),(3806,3756,NULL,NULL,'2020-08-12 19:27:49','2020-08-12 19:27:49'),(3807,3757,NULL,NULL,'2020-08-12 19:27:49','2020-08-12 19:27:49'),(3808,3758,NULL,NULL,'2020-08-12 19:27:50','2020-08-12 19:27:50'),(3809,3759,NULL,NULL,'2020-08-12 19:27:50','2020-08-12 19:27:50'),(3810,3760,NULL,NULL,'2020-08-12 19:27:50','2020-08-12 19:27:50'),(3811,3761,NULL,NULL,'2020-08-12 19:27:51','2020-08-12 19:27:51'),(3812,3762,NULL,NULL,'2020-08-12 19:27:51','2020-08-12 19:27:51'),(3813,3763,NULL,NULL,'2020-08-12 19:27:51','2020-08-12 19:27:51'),(3814,3764,NULL,NULL,'2020-08-12 19:27:52','2020-08-12 19:27:52'),(3815,3765,NULL,NULL,'2020-08-12 19:27:52','2020-08-12 19:27:52'),(3816,3766,NULL,NULL,'2020-08-12 19:27:52','2020-08-12 19:27:52'),(3817,3767,NULL,NULL,'2020-08-12 19:27:53','2020-08-12 19:27:53'),(3818,3768,NULL,NULL,'2020-08-12 19:27:53','2020-08-12 19:27:53'),(3819,3769,NULL,NULL,'2020-08-12 19:27:53','2020-08-12 19:27:53'),(3820,3770,NULL,NULL,'2020-08-12 19:27:54','2020-08-12 19:27:54'),(3821,3771,NULL,NULL,'2020-08-12 19:27:54','2020-08-12 19:27:54'),(3822,3772,NULL,NULL,'2020-08-12 19:27:55','2020-08-12 19:27:55'),(3823,3773,NULL,NULL,'2020-08-12 19:27:55','2020-08-12 19:27:55'),(3824,3774,NULL,NULL,'2020-08-12 19:27:55','2020-08-12 19:27:55'),(3825,3775,NULL,NULL,'2020-08-12 19:27:56','2020-08-12 19:27:56'),(3826,3776,NULL,NULL,'2020-08-12 19:27:56','2020-08-12 19:27:56'),(3827,3777,NULL,NULL,'2020-08-12 19:27:56','2020-08-12 19:27:56'),(3828,3778,NULL,NULL,'2020-08-12 19:27:57','2020-08-12 19:27:57'),(3829,3779,NULL,NULL,'2020-08-12 19:27:57','2020-08-12 19:27:57'),(3830,3780,NULL,NULL,'2020-08-12 19:27:57','2020-08-12 19:27:57'),(3831,3781,NULL,NULL,'2020-08-12 19:27:58','2020-08-12 19:27:58'),(3832,3782,NULL,NULL,'2020-08-12 19:27:58','2020-08-12 19:27:58'),(3833,3783,NULL,NULL,'2020-08-12 19:27:59','2020-08-12 19:27:59'),(3834,3784,NULL,NULL,'2020-08-12 19:27:59','2020-08-12 19:27:59'),(3835,3785,NULL,NULL,'2020-08-12 19:27:59','2020-08-12 19:27:59'),(3836,3786,NULL,NULL,'2020-08-12 19:28:00','2020-08-12 19:28:00'),(3837,3787,NULL,NULL,'2020-08-12 19:28:00','2020-08-12 19:28:00'),(3838,3788,NULL,NULL,'2020-08-12 19:28:00','2020-08-12 19:28:00'),(3839,3789,NULL,NULL,'2020-08-12 19:28:01','2020-08-12 19:28:01'),(3840,3790,NULL,NULL,'2020-08-12 19:28:01','2020-08-12 19:28:01'),(3841,3791,NULL,NULL,'2020-08-12 19:28:02','2020-08-12 19:28:02'),(3842,3792,NULL,NULL,'2020-08-12 19:28:02','2020-08-12 19:28:02'),(3843,3793,NULL,NULL,'2020-08-12 19:28:02','2020-08-12 19:28:02'),(3844,3794,NULL,NULL,'2020-08-12 19:28:03','2020-08-12 19:28:03'),(3845,3795,NULL,NULL,'2020-08-12 19:28:03','2020-08-12 19:28:03'),(3846,3796,NULL,NULL,'2020-08-12 19:28:04','2020-08-12 19:28:04'),(3847,3797,NULL,NULL,'2020-08-12 19:28:04','2020-08-12 19:28:04'),(3848,3798,NULL,NULL,'2020-08-12 19:28:05','2020-08-12 19:28:05'),(3849,3799,NULL,NULL,'2020-08-12 19:28:05','2020-08-12 19:28:05'),(3850,3800,NULL,NULL,'2020-08-12 19:28:06','2020-08-12 19:28:06'),(3851,3801,NULL,NULL,'2020-08-12 19:28:06','2020-08-12 19:28:06'),(3852,3802,NULL,NULL,'2020-08-12 19:28:07','2020-08-12 19:28:07'),(3853,3803,NULL,NULL,'2020-08-12 19:28:07','2020-08-12 19:28:07'),(3854,3804,NULL,NULL,'2020-08-12 19:28:07','2020-08-12 19:28:07'),(3855,3805,NULL,NULL,'2020-08-12 19:28:08','2020-08-12 19:28:08'),(3856,3806,NULL,NULL,'2020-08-12 19:28:08','2020-08-12 19:28:08'),(3857,3807,NULL,NULL,'2020-08-12 19:28:09','2020-08-12 19:28:09'),(3858,3808,NULL,NULL,'2020-08-12 19:28:09','2020-08-12 19:28:09'),(3859,3809,NULL,NULL,'2020-08-12 19:28:09','2020-08-12 19:28:09'),(3860,3810,NULL,NULL,'2020-08-12 19:28:10','2020-08-12 19:28:10'),(3861,3811,NULL,NULL,'2020-08-12 19:28:10','2020-08-12 19:28:10'),(3862,3812,NULL,NULL,'2020-08-12 19:28:11','2020-08-12 19:28:11'),(3863,3813,NULL,NULL,'2020-08-12 19:28:11','2020-08-12 19:28:11'),(3864,3814,NULL,NULL,'2020-08-12 19:28:11','2020-08-12 19:28:11'),(3865,3815,NULL,NULL,'2020-08-12 19:28:12','2020-08-12 19:28:12'),(3866,3816,NULL,NULL,'2020-08-12 19:28:12','2020-08-12 19:28:12'),(3867,3817,NULL,NULL,'2020-08-12 19:28:12','2020-08-12 19:28:12'),(3868,3818,NULL,NULL,'2020-08-12 19:28:13','2020-08-12 19:28:13'),(3869,3819,NULL,NULL,'2020-08-12 19:28:13','2020-08-12 19:28:13'),(3870,3820,NULL,NULL,'2020-08-12 19:28:14','2020-08-12 19:28:14'),(3871,3821,NULL,NULL,'2020-08-12 19:28:14','2020-08-12 19:28:14'),(3872,3822,NULL,NULL,'2020-08-12 19:28:14','2020-08-12 19:28:14'),(3873,3823,NULL,NULL,'2020-08-12 19:28:15','2020-08-12 19:28:15'),(3874,3824,NULL,NULL,'2020-08-12 19:28:15','2020-08-12 19:28:15'),(3875,3825,NULL,NULL,'2020-08-12 19:28:16','2020-08-12 19:28:16'),(3876,3826,NULL,NULL,'2020-08-12 19:28:16','2020-08-12 19:28:16'),(3877,3827,NULL,NULL,'2020-08-12 19:28:16','2020-08-12 19:28:16'),(3878,3828,NULL,NULL,'2020-08-12 19:28:17','2020-08-12 19:28:17'),(3879,3829,NULL,NULL,'2020-08-12 19:28:17','2020-08-12 19:28:17'),(3880,3830,NULL,NULL,'2020-08-12 19:28:18','2020-08-12 19:28:18'),(3881,3831,NULL,NULL,'2020-08-12 19:28:18','2020-08-12 19:28:18'),(3882,3832,NULL,NULL,'2020-08-12 19:28:18','2020-08-12 19:28:18'),(3883,3833,NULL,NULL,'2020-08-12 19:28:19','2020-08-12 19:28:19'),(3884,3834,NULL,NULL,'2020-08-12 19:28:19','2020-08-12 19:28:19'),(3885,3835,NULL,NULL,'2020-08-12 19:28:20','2020-08-12 19:28:20'),(3886,3836,NULL,NULL,'2020-08-12 19:28:20','2020-08-12 19:28:20'),(3887,3837,NULL,NULL,'2020-08-12 19:28:20','2020-08-12 19:28:20'),(3888,3838,NULL,NULL,'2020-08-12 19:28:21','2020-08-12 19:28:21'),(3889,3839,NULL,NULL,'2020-08-12 19:28:21','2020-08-12 19:28:21'),(3890,3840,NULL,NULL,'2020-08-12 19:28:22','2020-08-12 19:28:22'),(3891,3841,NULL,NULL,'2020-08-12 19:28:22','2020-08-12 19:28:22'),(3892,3842,NULL,NULL,'2020-08-12 19:28:22','2020-08-12 19:28:22'),(3893,3843,NULL,NULL,'2020-08-12 19:28:23','2020-08-12 19:28:23'),(3894,3844,NULL,NULL,'2020-08-12 19:28:23','2020-08-12 19:28:23'),(3895,3845,NULL,NULL,'2020-08-12 19:28:24','2020-08-12 19:28:24'),(3896,3846,NULL,NULL,'2020-08-12 19:28:24','2020-08-12 19:28:24'),(3897,3847,NULL,NULL,'2020-08-12 19:28:25','2020-08-12 19:28:25'),(3898,3848,NULL,NULL,'2020-08-12 19:28:25','2020-08-12 19:28:25'),(3899,3849,NULL,NULL,'2020-08-12 19:28:25','2020-08-12 19:28:25'),(3900,3850,NULL,NULL,'2020-08-12 19:28:26','2020-08-12 19:28:26'),(3901,3851,NULL,NULL,'2020-08-12 19:28:26','2020-08-12 19:28:26'),(3902,3852,NULL,NULL,'2020-08-12 19:28:27','2020-08-12 19:28:27'),(3903,3853,NULL,NULL,'2020-08-12 19:28:27','2020-08-12 19:28:27'),(3904,3854,NULL,NULL,'2020-08-12 19:28:27','2020-08-12 19:28:27'),(3905,3855,NULL,NULL,'2020-08-12 19:28:28','2020-08-12 19:28:28'),(3906,3856,NULL,NULL,'2020-08-12 19:28:28','2020-08-12 19:28:28'),(3907,3857,NULL,NULL,'2020-08-12 19:28:29','2020-08-12 19:28:29'),(3908,3858,NULL,NULL,'2020-08-12 19:28:29','2020-08-12 19:28:29'),(3909,3859,NULL,NULL,'2020-08-12 19:28:30','2020-08-12 19:28:30'),(3910,3860,NULL,NULL,'2020-08-12 19:28:30','2020-08-12 19:28:30'),(3911,3861,NULL,NULL,'2020-08-12 19:28:30','2020-08-12 19:28:30'),(3912,3862,NULL,NULL,'2020-08-12 19:28:31','2020-08-12 19:28:31'),(3913,3863,NULL,NULL,'2020-08-12 19:28:31','2020-08-12 19:28:31'),(3914,3864,NULL,NULL,'2020-08-12 19:28:32','2020-08-12 19:28:32'),(3915,3865,NULL,NULL,'2020-08-12 19:28:32','2020-08-12 19:28:32'),(3916,3866,NULL,NULL,'2020-08-12 19:28:33','2020-08-12 19:28:33'),(3917,3867,NULL,NULL,'2020-08-12 19:28:33','2020-08-12 19:28:33'),(3918,3868,NULL,NULL,'2020-08-12 19:28:33','2020-08-12 19:28:33'),(3919,3869,NULL,NULL,'2020-08-12 19:28:34','2020-08-12 19:28:34'),(3920,3870,NULL,NULL,'2020-08-12 19:28:34','2020-08-12 19:28:34'),(3921,3871,NULL,NULL,'2020-08-12 19:28:35','2020-08-12 19:28:35'),(3922,3872,NULL,NULL,'2020-08-12 19:28:35','2020-08-12 19:28:35'),(3923,3873,NULL,NULL,'2020-08-12 19:28:36','2020-08-12 19:28:36'),(3924,3874,NULL,NULL,'2020-08-12 19:28:36','2020-08-12 19:28:36'),(3925,3875,NULL,NULL,'2020-08-12 19:28:36','2020-08-12 19:28:36'),(3926,3876,NULL,NULL,'2020-08-12 19:28:37','2020-08-12 19:28:37'),(3927,3877,NULL,NULL,'2020-08-12 19:28:37','2020-08-12 19:28:37'),(3928,3878,NULL,NULL,'2020-08-12 19:28:38','2020-08-12 19:28:38'),(3929,3879,NULL,NULL,'2020-08-12 19:28:38','2020-08-12 19:28:38'),(3930,3880,NULL,NULL,'2020-08-12 19:28:39','2020-08-12 19:28:39'),(3931,3881,NULL,NULL,'2020-08-12 19:28:39','2020-08-12 19:28:39'),(3932,3882,NULL,NULL,'2020-08-12 19:28:40','2020-08-12 19:28:40'),(3933,3883,NULL,NULL,'2020-08-12 19:28:40','2020-08-12 19:28:40'),(3934,3884,NULL,NULL,'2020-08-12 19:28:40','2020-08-12 19:28:40'),(3935,3885,NULL,NULL,'2020-08-12 19:28:41','2020-08-12 19:28:41'),(3936,3886,NULL,NULL,'2020-08-12 19:28:41','2020-08-12 19:28:41'),(3937,3887,NULL,NULL,'2020-08-12 19:28:42','2020-08-12 19:28:42'),(3938,3888,NULL,NULL,'2020-08-12 19:28:42','2020-08-12 19:28:42'),(3939,3889,NULL,NULL,'2020-08-12 19:28:43','2020-08-12 19:28:43'),(3940,3890,NULL,NULL,'2020-08-12 19:28:43','2020-08-12 19:28:43'),(3941,3891,NULL,NULL,'2020-08-12 19:28:44','2020-08-12 19:28:44'),(3942,3892,NULL,NULL,'2020-08-12 19:28:44','2020-08-12 19:28:44'),(3943,3893,NULL,NULL,'2020-08-12 19:28:45','2020-08-12 19:28:45'),(3944,3894,NULL,NULL,'2020-08-12 19:28:45','2020-08-12 19:28:45'),(3945,3895,NULL,NULL,'2020-08-12 19:28:45','2020-08-12 19:28:45'),(3946,3896,NULL,NULL,'2020-08-12 19:28:46','2020-08-12 19:28:46'),(3947,3897,NULL,NULL,'2020-08-12 19:28:46','2020-08-12 19:28:46'),(3948,3898,NULL,NULL,'2020-08-12 19:28:47','2020-08-12 19:28:47'),(3949,3899,NULL,NULL,'2020-08-12 19:28:47','2020-08-12 19:28:47'),(3950,3900,NULL,NULL,'2020-08-12 19:28:48','2020-08-12 19:28:48'),(3951,3901,NULL,NULL,'2020-08-12 19:28:48','2020-08-12 19:28:48'),(3952,3902,NULL,NULL,'2020-08-12 19:28:49','2020-08-12 19:28:49'),(3953,3903,NULL,NULL,'2020-08-12 19:28:49','2020-08-12 19:28:49'),(3954,3904,NULL,NULL,'2020-08-12 19:28:50','2020-08-12 19:28:50'),(3955,3905,NULL,NULL,'2020-08-12 19:28:50','2020-08-12 19:28:50'),(3956,3906,NULL,NULL,'2020-08-12 19:28:50','2020-08-12 19:28:50'),(3957,3907,NULL,NULL,'2020-08-12 19:28:51','2020-08-12 19:28:51'),(3958,3908,NULL,NULL,'2020-08-12 19:28:51','2020-08-12 19:28:51'),(3959,3909,NULL,NULL,'2020-08-12 19:28:52','2020-08-12 19:28:52'),(3960,3910,NULL,NULL,'2020-08-12 19:28:52','2020-08-12 19:28:52'),(3961,3911,NULL,NULL,'2020-08-12 19:28:53','2020-08-12 19:28:53'),(3962,3912,NULL,NULL,'2020-08-12 19:28:53','2020-08-12 19:28:53'),(3963,3913,NULL,NULL,'2020-08-12 19:28:54','2020-08-12 19:28:54'),(3964,3914,NULL,NULL,'2020-08-12 19:28:54','2020-08-12 19:28:54'),(3965,3915,NULL,NULL,'2020-08-12 19:28:55','2020-08-12 19:28:55'),(3966,3916,NULL,NULL,'2020-08-12 19:28:55','2020-08-12 19:28:55'),(3967,3917,NULL,NULL,'2020-08-12 19:28:56','2020-08-12 19:28:56'),(3968,3918,NULL,NULL,'2020-08-12 19:28:56','2020-08-12 19:28:56'),(3969,3919,NULL,NULL,'2020-08-12 19:28:56','2020-08-12 19:28:56'),(3970,3920,NULL,NULL,'2020-08-12 19:28:57','2020-08-12 19:28:57'),(3971,3921,NULL,NULL,'2020-08-12 19:28:57','2020-08-12 19:28:57'),(3972,3922,NULL,NULL,'2020-08-12 19:28:58','2020-08-12 19:28:58'),(3973,3923,NULL,NULL,'2020-08-12 19:28:58','2020-08-12 19:28:58'),(3974,3924,NULL,NULL,'2020-08-12 19:28:59','2020-08-12 19:28:59'),(3975,3925,NULL,NULL,'2020-08-12 19:28:59','2020-08-12 19:28:59'),(3976,3926,NULL,NULL,'2020-08-12 19:29:00','2020-08-12 19:29:00'),(3977,3927,NULL,NULL,'2020-08-12 19:29:00','2020-08-12 19:29:00'),(3978,3928,NULL,NULL,'2020-08-12 19:29:01','2020-08-12 19:29:01'),(3979,3929,NULL,NULL,'2020-08-12 19:29:01','2020-08-12 19:29:01'),(3980,3930,NULL,NULL,'2020-08-12 19:29:02','2020-08-12 19:29:02'),(3981,3931,NULL,NULL,'2020-08-12 19:29:02','2020-08-12 19:29:02'),(3982,3932,NULL,NULL,'2020-08-12 19:29:03','2020-08-12 19:29:03'),(3983,3933,NULL,NULL,'2020-08-12 19:29:03','2020-08-12 19:29:03'),(3984,3934,NULL,NULL,'2020-08-12 19:29:04','2020-08-12 19:29:04'),(3985,3935,NULL,NULL,'2020-08-12 19:29:05','2020-08-12 19:29:05'),(3986,3936,NULL,NULL,'2020-08-12 19:29:05','2020-08-12 19:29:05'),(3987,3937,NULL,NULL,'2020-08-12 19:29:06','2020-08-12 19:29:06'),(3988,3938,NULL,NULL,'2020-08-12 19:29:06','2020-08-12 19:29:06'),(3989,3939,NULL,NULL,'2020-08-12 19:29:07','2020-08-12 19:29:07'),(3990,3940,NULL,NULL,'2020-08-12 19:29:07','2020-08-12 19:29:07'),(3991,3941,NULL,NULL,'2020-08-12 19:29:08','2020-08-12 19:29:08'),(3992,3942,NULL,NULL,'2020-08-12 19:29:08','2020-08-12 19:29:08'),(3993,3943,NULL,NULL,'2020-08-12 19:29:09','2020-08-12 19:29:09'),(3994,3944,NULL,NULL,'2020-08-12 19:29:09','2020-08-12 19:29:09'),(3995,3945,NULL,NULL,'2020-08-12 19:29:10','2020-08-12 19:29:10'),(3996,3946,NULL,NULL,'2020-08-12 19:29:10','2020-08-12 19:29:10'),(3997,3947,NULL,NULL,'2020-08-12 19:29:11','2020-08-12 19:29:11'),(3998,3948,NULL,NULL,'2020-08-12 19:29:11','2020-08-12 19:29:11'),(3999,3949,NULL,NULL,'2020-08-12 19:29:12','2020-08-12 19:29:12'),(4000,3950,NULL,NULL,'2020-08-12 19:29:12','2020-08-12 19:29:12'),(4001,3951,NULL,NULL,'2020-08-12 19:29:13','2020-08-12 19:29:13'),(4002,3952,NULL,NULL,'2020-08-12 19:29:13','2020-08-12 19:29:13'),(4003,3953,NULL,NULL,'2020-08-12 19:29:14','2020-08-12 19:29:14'),(4004,3954,NULL,NULL,'2020-08-12 19:29:14','2020-08-12 19:29:14'),(4005,3955,NULL,NULL,'2020-08-12 19:29:15','2020-08-12 19:29:15'),(4006,3956,NULL,NULL,'2020-08-12 19:29:15','2020-08-12 19:29:15'),(4007,3957,NULL,NULL,'2020-08-12 19:29:16','2020-08-12 19:29:16'),(4008,3958,NULL,NULL,'2020-08-12 19:29:16','2020-08-12 19:29:16'),(4009,3959,NULL,NULL,'2020-08-12 19:29:17','2020-08-12 19:29:17'),(4010,3960,NULL,NULL,'2020-08-12 19:29:17','2020-08-12 19:29:17'),(4011,3961,NULL,NULL,'2020-08-12 19:29:18','2020-08-12 19:29:18'),(4012,3962,NULL,NULL,'2020-08-12 19:29:18','2020-08-12 19:29:18'),(4013,3963,NULL,NULL,'2020-08-12 19:29:19','2020-08-12 19:29:19'),(4014,3964,NULL,NULL,'2020-08-12 19:29:19','2020-08-12 19:29:19'),(4015,3965,NULL,NULL,'2020-08-12 19:29:20','2020-08-12 19:29:20'),(4016,3966,NULL,NULL,'2020-08-12 19:29:20','2020-08-12 19:29:20'),(4017,3967,NULL,NULL,'2020-08-12 19:29:21','2020-08-12 19:29:21'),(4018,3968,NULL,NULL,'2020-08-12 19:29:21','2020-08-12 19:29:21'),(4019,3969,NULL,NULL,'2020-08-12 19:29:22','2020-08-12 19:29:22'),(4020,3970,NULL,NULL,'2020-08-12 19:29:22','2020-08-12 19:29:22'),(4021,3971,NULL,NULL,'2020-08-12 19:29:23','2020-08-12 19:29:23'),(4022,3972,NULL,NULL,'2020-08-12 19:29:23','2020-08-12 19:29:23'),(4023,3973,NULL,NULL,'2020-08-12 19:29:24','2020-08-12 19:29:24'),(4024,3974,NULL,NULL,'2020-08-12 19:29:24','2020-08-12 19:29:24'),(4025,3975,NULL,NULL,'2020-08-12 19:29:25','2020-08-12 19:29:25'),(4026,3976,NULL,NULL,'2020-08-12 19:29:25','2020-08-12 19:29:25'),(4027,3977,NULL,NULL,'2020-08-12 19:29:26','2020-08-12 19:29:26'),(4028,3978,NULL,NULL,'2020-08-12 19:29:27','2020-08-12 19:29:27'),(4029,3979,NULL,NULL,'2020-08-12 19:29:27','2020-08-12 19:29:27'),(4030,3980,NULL,NULL,'2020-08-12 19:29:28','2020-08-12 19:29:28'),(4031,3981,NULL,NULL,'2020-08-12 19:29:28','2020-08-12 19:29:28'),(4032,3982,NULL,NULL,'2020-08-12 19:29:29','2020-08-12 19:29:29'),(4033,3983,NULL,NULL,'2020-08-12 19:29:29','2020-08-12 19:29:29'),(4034,3984,NULL,NULL,'2020-08-12 19:29:30','2020-08-12 19:29:30'),(4035,3985,NULL,NULL,'2020-08-12 19:29:30','2020-08-12 19:29:30'),(4036,3986,NULL,NULL,'2020-08-12 19:29:31','2020-08-12 19:29:31'),(4037,3987,NULL,NULL,'2020-08-12 19:29:31','2020-08-12 19:29:31'),(4038,3988,NULL,NULL,'2020-08-12 19:29:32','2020-08-12 19:29:32'),(4039,3989,NULL,NULL,'2020-08-12 19:29:32','2020-08-12 19:29:32'),(4040,3990,NULL,NULL,'2020-08-12 19:29:33','2020-08-12 19:29:33'),(4041,3991,NULL,NULL,'2020-08-12 19:29:33','2020-08-12 19:29:33'),(4042,3992,NULL,NULL,'2020-08-12 19:29:34','2020-08-12 19:29:34'),(4043,3993,NULL,NULL,'2020-08-12 19:29:34','2020-08-12 19:29:34'),(4044,3994,NULL,NULL,'2020-08-12 19:29:35','2020-08-12 19:29:35'),(4045,3995,NULL,NULL,'2020-08-12 19:29:35','2020-08-12 19:29:35'),(4046,3996,NULL,NULL,'2020-08-12 19:29:36','2020-08-12 19:29:36'),(4047,3997,NULL,NULL,'2020-08-12 19:29:36','2020-08-12 19:29:36'),(4048,3998,NULL,NULL,'2020-08-12 19:29:37','2020-08-12 19:29:37'),(4049,3999,NULL,NULL,'2020-08-12 19:29:38','2020-08-12 19:29:38'),(4050,4000,NULL,NULL,'2020-08-12 19:29:38','2020-08-12 19:29:38'),(4051,4001,NULL,NULL,'2020-08-12 19:29:39','2020-08-12 19:29:39'),(4052,4002,NULL,NULL,'2020-08-12 19:29:39','2020-08-12 19:29:39'),(4053,4003,NULL,NULL,'2020-08-12 19:29:40','2020-08-12 19:29:40'),(4054,4004,NULL,NULL,'2020-08-12 19:29:40','2020-08-12 19:29:40'),(4055,4005,NULL,NULL,'2020-08-12 19:29:41','2020-08-12 19:29:41'),(4056,4006,NULL,NULL,'2020-08-12 19:29:41','2020-08-12 19:29:41'),(4057,4007,NULL,NULL,'2020-08-12 19:29:42','2020-08-12 19:29:42'),(4058,4008,NULL,NULL,'2020-08-12 19:29:42','2020-08-12 19:29:42'),(4059,4009,NULL,NULL,'2020-08-12 19:29:43','2020-08-12 19:29:43'),(4060,4010,NULL,NULL,'2020-08-12 19:29:43','2020-08-12 19:29:43'),(4061,4011,NULL,NULL,'2020-08-12 19:29:44','2020-08-12 19:29:44'),(4062,4012,NULL,NULL,'2020-08-12 19:29:45','2020-08-12 19:29:45'),(4063,4013,NULL,NULL,'2020-08-12 19:29:45','2020-08-12 19:29:45'),(4064,4014,NULL,NULL,'2020-08-12 19:29:46','2020-08-12 19:29:46'),(4065,4015,NULL,NULL,'2020-08-12 19:29:46','2020-08-12 19:29:46'),(4066,4016,NULL,NULL,'2020-08-12 19:29:47','2020-08-12 19:29:47'),(4067,4017,NULL,NULL,'2020-08-12 19:29:47','2020-08-12 19:29:47'),(4068,4018,NULL,NULL,'2020-08-12 19:29:48','2020-08-12 19:29:48'),(4069,4019,NULL,NULL,'2020-08-12 19:29:48','2020-08-12 19:29:48'),(4070,4020,NULL,NULL,'2020-08-12 19:29:49','2020-08-12 19:29:49'),(4071,4021,NULL,NULL,'2020-08-12 19:29:50','2020-08-12 19:29:50'),(4072,4022,NULL,NULL,'2020-08-12 19:29:50','2020-08-12 19:29:50'),(4073,4023,NULL,NULL,'2020-08-12 19:29:51','2020-08-12 19:29:51'),(4074,4024,NULL,NULL,'2020-08-12 19:29:51','2020-08-12 19:29:51'),(4075,4025,NULL,NULL,'2020-08-12 19:29:52','2020-08-12 19:29:52'),(4076,4026,NULL,NULL,'2020-08-12 19:29:52','2020-08-12 19:29:52'),(4077,4027,NULL,NULL,'2020-08-12 19:29:53','2020-08-12 19:29:53'),(4078,4028,NULL,NULL,'2020-08-12 19:29:53','2020-08-12 19:29:53'),(4079,4029,NULL,NULL,'2020-08-12 19:29:54','2020-08-12 19:29:54'),(4080,4030,NULL,NULL,'2020-08-12 19:29:54','2020-08-12 19:29:54'),(4081,4031,NULL,NULL,'2020-08-12 19:29:55','2020-08-12 19:29:55'),(4082,4032,NULL,NULL,'2020-08-12 19:29:56','2020-08-12 19:29:56'),(4083,4033,NULL,NULL,'2020-08-12 19:29:56','2020-08-12 19:29:56'),(4084,4034,NULL,NULL,'2020-08-12 19:29:57','2020-08-12 19:29:57'),(4085,4035,NULL,NULL,'2020-08-12 19:29:57','2020-08-12 19:29:57'),(4086,4036,NULL,NULL,'2020-08-12 19:29:58','2020-08-12 19:29:58'),(4087,4037,NULL,NULL,'2020-08-12 19:29:58','2020-08-12 19:29:58'),(4088,4038,NULL,NULL,'2020-08-12 19:29:59','2020-08-12 19:29:59'),(4089,4039,NULL,NULL,'2020-08-12 19:29:59','2020-08-12 19:29:59'),(4090,4040,NULL,NULL,'2020-08-12 19:30:00','2020-08-12 19:30:00'),(4091,4041,NULL,NULL,'2020-08-12 19:30:00','2020-08-12 19:30:00'),(4092,4042,NULL,NULL,'2020-08-12 19:30:01','2020-08-12 19:30:01'),(4093,4043,NULL,NULL,'2020-08-12 19:30:02','2020-08-12 19:30:02'),(4094,4044,NULL,NULL,'2020-08-12 19:30:02','2020-08-12 19:30:02'),(4095,4045,NULL,NULL,'2020-08-12 19:30:03','2020-08-12 19:30:03'),(4096,4046,NULL,NULL,'2020-08-12 19:30:03','2020-08-12 19:30:03'),(4097,4047,NULL,NULL,'2020-08-12 19:30:04','2020-08-12 19:30:04'),(4098,4048,NULL,NULL,'2020-08-12 19:30:05','2020-08-12 19:30:05'),(4099,4049,NULL,NULL,'2020-08-12 19:30:05','2020-08-12 19:30:05'),(4100,4050,NULL,NULL,'2020-08-12 19:30:06','2020-08-12 19:30:06'),(4101,4051,NULL,NULL,'2020-08-12 19:30:07','2020-08-12 19:30:07'),(4102,4052,NULL,NULL,'2020-08-12 19:30:08','2020-08-12 19:30:08'),(4103,4053,NULL,NULL,'2020-08-12 19:30:08','2020-08-12 19:30:08'),(4104,4054,NULL,NULL,'2020-08-12 19:30:09','2020-08-12 19:30:09'),(4105,4055,NULL,NULL,'2020-08-12 19:30:09','2020-08-12 19:30:09'),(4106,4056,NULL,NULL,'2020-08-12 19:30:10','2020-08-12 19:30:10'),(4107,4057,NULL,NULL,'2020-08-12 19:30:11','2020-08-12 19:30:11'),(4108,4058,NULL,NULL,'2020-08-12 19:30:11','2020-08-12 19:30:11'),(4109,4059,NULL,NULL,'2020-08-12 19:30:12','2020-08-12 19:30:12'),(4110,4060,NULL,NULL,'2020-08-12 19:30:12','2020-08-12 19:30:12'),(4111,4061,NULL,NULL,'2020-08-12 19:30:13','2020-08-12 19:30:13'),(4112,4062,NULL,NULL,'2020-08-12 19:30:13','2020-08-12 19:30:13'),(4113,4063,NULL,NULL,'2020-08-12 19:30:14','2020-08-12 19:30:14'),(4114,4064,NULL,NULL,'2020-08-12 19:30:15','2020-08-12 19:30:15'),(4115,4065,NULL,NULL,'2020-08-12 19:30:15','2020-08-12 19:30:15'),(4116,4066,NULL,NULL,'2020-08-12 19:30:16','2020-08-12 19:30:16'),(4117,4067,NULL,NULL,'2020-08-12 19:30:16','2020-08-12 19:30:16'),(4118,4068,NULL,NULL,'2020-08-12 19:30:17','2020-08-12 19:30:17'),(4119,4069,NULL,NULL,'2020-08-12 19:30:17','2020-08-12 19:30:17'),(4120,4070,NULL,NULL,'2020-08-12 19:30:18','2020-08-12 19:30:18'),(4121,4071,NULL,NULL,'2020-08-12 19:30:19','2020-08-12 19:30:19'),(4122,4072,NULL,NULL,'2020-08-12 19:30:19','2020-08-12 19:30:19'),(4123,4073,NULL,NULL,'2020-08-12 19:30:20','2020-08-12 19:30:20'),(4124,4074,NULL,NULL,'2020-08-12 19:30:20','2020-08-12 19:30:20'),(4125,4075,NULL,NULL,'2020-08-12 19:30:21','2020-08-12 19:30:21'),(4126,4076,NULL,NULL,'2020-08-12 19:30:22','2020-08-12 19:30:22'),(4127,4077,NULL,NULL,'2020-08-12 19:30:22','2020-08-12 19:30:22'),(4128,4078,NULL,NULL,'2020-08-12 19:30:23','2020-08-12 19:30:23'),(4129,4079,NULL,NULL,'2020-08-12 19:30:23','2020-08-12 19:30:23'),(4130,4080,NULL,NULL,'2020-08-12 19:30:24','2020-08-12 19:30:24'),(4131,4081,NULL,NULL,'2020-08-12 19:30:25','2020-08-12 19:30:25'),(4132,4082,NULL,NULL,'2020-08-12 19:30:25','2020-08-12 19:30:25'),(4133,4083,NULL,NULL,'2020-08-12 19:30:26','2020-08-12 19:30:26'),(4134,4084,NULL,NULL,'2020-08-12 19:30:26','2020-08-12 19:30:26'),(4135,4085,NULL,NULL,'2020-08-12 19:30:27','2020-08-12 19:30:27'),(4136,4086,NULL,NULL,'2020-08-12 19:30:28','2020-08-12 19:30:28'),(4137,4087,NULL,NULL,'2020-08-12 19:30:28','2020-08-12 19:30:28'),(4138,4088,NULL,NULL,'2020-08-12 19:30:29','2020-08-12 19:30:29'),(4139,4089,NULL,NULL,'2020-08-12 19:30:29','2020-08-12 19:30:29'),(4140,4090,NULL,NULL,'2020-08-12 19:30:30','2020-08-12 19:30:30'),(4141,4091,NULL,NULL,'2020-08-12 19:30:31','2020-08-12 19:30:31'),(4142,4092,NULL,NULL,'2020-08-12 19:30:31','2020-08-12 19:30:31'),(4143,4093,NULL,NULL,'2020-08-12 19:30:32','2020-08-12 19:30:32'),(4144,4094,NULL,NULL,'2020-08-12 19:30:32','2020-08-12 19:30:32'),(4145,4095,NULL,NULL,'2020-08-12 19:30:33','2020-08-12 19:30:33'),(4146,4096,NULL,NULL,'2020-08-12 19:30:34','2020-08-12 19:30:34'),(4147,4097,NULL,NULL,'2020-08-12 19:30:34','2020-08-12 19:30:34'),(4148,4098,NULL,NULL,'2020-08-12 19:30:35','2020-08-12 19:30:35'),(4149,4099,NULL,NULL,'2020-08-12 19:30:35','2020-08-12 19:30:35'),(4150,4100,NULL,NULL,'2020-08-12 19:30:36','2020-08-12 19:30:36'),(4151,4101,NULL,NULL,'2020-08-12 19:30:37','2020-08-12 19:30:37'),(4152,4102,NULL,NULL,'2020-08-12 19:30:37','2020-08-12 19:30:37'),(4153,4103,NULL,NULL,'2020-08-12 19:30:38','2020-08-12 19:30:38'),(4154,4104,NULL,NULL,'2020-08-12 19:30:38','2020-08-12 19:30:38'),(4155,4105,NULL,NULL,'2020-08-12 19:30:39','2020-08-12 19:30:39'),(4156,4106,NULL,NULL,'2020-08-12 19:30:40','2020-08-12 19:30:40'),(4157,4107,NULL,NULL,'2020-08-12 19:30:40','2020-08-12 19:30:40'),(4158,4108,NULL,NULL,'2020-08-12 19:30:41','2020-08-12 19:30:41'),(4159,4109,NULL,NULL,'2020-08-12 19:30:42','2020-08-12 19:30:42'),(4160,4110,NULL,NULL,'2020-08-12 19:30:42','2020-08-12 19:30:42'),(4161,4111,NULL,NULL,'2020-08-12 19:30:43','2020-08-12 19:30:43'),(4162,4112,NULL,NULL,'2020-08-12 19:30:43','2020-08-12 19:30:43'),(4163,4113,NULL,NULL,'2020-08-12 19:30:44','2020-08-12 19:30:44'),(4164,4114,NULL,NULL,'2020-08-12 19:30:45','2020-08-12 19:30:45'),(4165,4115,NULL,NULL,'2020-08-12 19:30:45','2020-08-12 19:30:45'),(4166,4116,NULL,NULL,'2020-08-12 19:30:46','2020-08-12 19:30:46'),(4167,4117,NULL,NULL,'2020-08-12 19:30:47','2020-08-12 19:30:47'),(4168,4118,NULL,NULL,'2020-08-12 19:30:47','2020-08-12 19:30:47'),(4169,4119,NULL,NULL,'2020-08-12 19:30:48','2020-08-12 19:30:48'),(4170,4120,NULL,NULL,'2020-08-12 19:30:48','2020-08-12 19:30:48'),(4171,4121,NULL,NULL,'2020-08-12 19:30:49','2020-08-12 19:30:49'),(4172,4122,NULL,NULL,'2020-08-12 19:30:50','2020-08-12 19:30:50'),(4173,4123,NULL,NULL,'2020-08-12 19:30:50','2020-08-12 19:30:50'),(4174,4124,NULL,NULL,'2020-08-12 19:30:51','2020-08-12 19:30:51'),(4175,4125,NULL,NULL,'2020-08-12 19:30:51','2020-08-12 19:30:51'),(4176,4126,NULL,NULL,'2020-08-12 19:30:52','2020-08-12 19:30:52'),(4177,4127,NULL,NULL,'2020-08-12 19:30:53','2020-08-12 19:30:53'),(4178,4128,NULL,NULL,'2020-08-12 19:30:53','2020-08-12 19:30:53'),(4179,4129,NULL,NULL,'2020-08-12 19:30:54','2020-08-12 19:30:54'),(4180,4130,NULL,NULL,'2020-08-12 19:30:55','2020-08-12 19:30:55'),(4181,4131,NULL,NULL,'2020-08-12 19:30:55','2020-08-12 19:30:55'),(4182,4132,NULL,NULL,'2020-08-12 19:30:56','2020-08-12 19:30:56'),(4183,4133,NULL,NULL,'2020-08-12 19:30:57','2020-08-12 19:30:57'),(4184,4134,NULL,NULL,'2020-08-12 19:30:57','2020-08-12 19:30:57'),(4185,4135,NULL,NULL,'2020-08-12 19:30:58','2020-08-12 19:30:58'),(4186,4136,NULL,NULL,'2020-08-12 19:30:58','2020-08-12 19:30:58'),(4187,4137,NULL,NULL,'2020-08-12 19:30:59','2020-08-12 19:30:59'),(4188,4138,NULL,NULL,'2020-08-12 19:31:00','2020-08-12 19:31:00'),(4189,4139,NULL,NULL,'2020-08-12 19:31:00','2020-08-12 19:31:00'),(4190,4140,NULL,NULL,'2020-08-12 19:31:01','2020-08-12 19:31:01'),(4191,4141,NULL,NULL,'2020-08-12 19:31:02','2020-08-12 19:31:02'),(4192,4142,NULL,NULL,'2020-08-12 19:31:02','2020-08-12 19:31:02'),(4193,4143,NULL,NULL,'2020-08-12 19:31:03','2020-08-12 19:31:03'),(4194,4144,NULL,NULL,'2020-08-12 19:31:04','2020-08-12 19:31:04'),(4195,4145,NULL,NULL,'2020-08-12 19:31:05','2020-08-12 19:31:05'),(4196,4146,NULL,NULL,'2020-08-12 19:31:06','2020-08-12 19:31:06'),(4197,4147,NULL,NULL,'2020-08-12 19:31:06','2020-08-12 19:31:06'),(4198,4148,NULL,NULL,'2020-08-12 19:31:07','2020-08-12 19:31:07'),(4199,4149,NULL,NULL,'2020-08-12 19:31:08','2020-08-12 19:31:08'),(4200,4150,NULL,NULL,'2020-08-12 19:31:08','2020-08-12 19:31:08'),(4201,4151,NULL,NULL,'2020-08-12 19:31:09','2020-08-12 19:31:09'),(4202,4152,NULL,NULL,'2020-08-12 19:31:10','2020-08-12 19:31:10'),(4203,4153,NULL,NULL,'2020-08-12 19:31:10','2020-08-12 19:31:10'),(4204,4154,NULL,NULL,'2020-08-12 19:31:11','2020-08-12 19:31:11'),(4205,4155,NULL,NULL,'2020-08-12 19:31:12','2020-08-12 19:31:12'),(4206,4156,NULL,NULL,'2020-08-12 19:31:12','2020-08-12 19:31:12'),(4207,4157,NULL,NULL,'2020-08-12 19:31:13','2020-08-12 19:31:13'),(4208,4158,NULL,NULL,'2020-08-12 19:31:14','2020-08-12 19:31:14'),(4209,4159,NULL,NULL,'2020-08-12 19:31:14','2020-08-12 19:31:14'),(4210,4160,NULL,NULL,'2020-08-12 19:31:15','2020-08-12 19:31:15'),(4211,4161,NULL,NULL,'2020-08-12 19:31:15','2020-08-12 19:31:15'),(4212,4162,NULL,NULL,'2020-08-12 19:31:16','2020-08-12 19:31:16'),(4213,4163,NULL,NULL,'2020-08-12 19:31:17','2020-08-12 19:31:17'),(4214,4164,NULL,NULL,'2020-08-12 19:31:17','2020-08-12 19:31:17'),(4215,4165,NULL,NULL,'2020-08-12 19:31:18','2020-08-12 19:31:18'),(4216,4166,NULL,NULL,'2020-08-12 19:31:19','2020-08-12 19:31:19'),(4217,4167,NULL,NULL,'2020-08-12 19:31:19','2020-08-12 19:31:19'),(4218,4168,NULL,NULL,'2020-08-12 19:31:20','2020-08-12 19:31:20'),(4219,4169,NULL,NULL,'2020-08-12 19:31:21','2020-08-12 19:31:21'),(4220,4170,NULL,NULL,'2020-08-12 19:31:21','2020-08-12 19:31:21'),(4221,4171,NULL,NULL,'2020-08-12 19:31:22','2020-08-12 19:31:22'),(4222,4172,NULL,NULL,'2020-08-12 19:31:23','2020-08-12 19:31:23'),(4223,4173,NULL,NULL,'2020-08-12 19:31:23','2020-08-12 19:31:23'),(4224,4174,NULL,NULL,'2020-08-12 19:31:24','2020-08-12 19:31:24'),(4225,4175,NULL,NULL,'2020-08-12 19:31:25','2020-08-12 19:31:25'),(4226,4176,NULL,NULL,'2020-08-12 19:31:25','2020-08-12 19:31:25'),(4227,4177,NULL,NULL,'2020-08-12 19:31:26','2020-08-12 19:31:26'),(4228,4178,NULL,NULL,'2020-08-12 19:31:27','2020-08-12 19:31:27'),(4229,4179,NULL,NULL,'2020-08-12 19:31:28','2020-08-12 19:31:28'),(4230,4180,NULL,NULL,'2020-08-12 19:31:28','2020-08-12 19:31:28'),(4231,4181,NULL,NULL,'2020-08-12 19:31:29','2020-08-12 19:31:29'),(4232,4182,NULL,NULL,'2020-08-12 19:31:30','2020-08-12 19:31:30'),(4233,4183,NULL,NULL,'2020-08-12 19:31:30','2020-08-12 19:31:30'),(4234,4184,NULL,NULL,'2020-08-12 19:31:31','2020-08-12 19:31:31'),(4235,4185,NULL,NULL,'2020-08-12 19:31:32','2020-08-12 19:31:32'),(4236,4186,NULL,NULL,'2020-08-12 19:31:32','2020-08-12 19:31:32'),(4237,4187,NULL,NULL,'2020-08-12 19:31:33','2020-08-12 19:31:33'),(4238,4188,NULL,NULL,'2020-08-12 19:31:34','2020-08-12 19:31:34'),(4239,4189,NULL,NULL,'2020-08-12 19:31:34','2020-08-12 19:31:34'),(4240,4190,NULL,NULL,'2020-08-12 19:31:35','2020-08-12 19:31:35'),(4241,4191,NULL,NULL,'2020-08-12 19:31:36','2020-08-12 19:31:36'),(4242,4192,NULL,NULL,'2020-08-12 19:31:36','2020-08-12 19:31:36'),(4243,4193,NULL,NULL,'2020-08-12 19:31:37','2020-08-12 19:31:37'),(4244,4194,NULL,NULL,'2020-08-12 19:31:38','2020-08-12 19:31:38'),(4245,4195,NULL,NULL,'2020-08-12 19:31:38','2020-08-12 19:31:38'),(4246,4196,NULL,NULL,'2020-08-12 19:31:39','2020-08-12 19:31:39'),(4247,4197,NULL,NULL,'2020-08-12 19:31:40','2020-08-12 19:31:40'),(4248,4198,NULL,NULL,'2020-08-12 19:31:40','2020-08-12 19:31:40'),(4249,4199,NULL,NULL,'2020-08-12 19:31:41','2020-08-12 19:31:41'),(4250,4200,NULL,NULL,'2020-08-12 19:31:42','2020-08-12 19:31:42'),(4251,4201,NULL,NULL,'2020-08-12 19:31:43','2020-08-12 19:31:43'),(4252,4202,NULL,NULL,'2020-08-12 19:31:43','2020-08-12 19:31:43'),(4253,4203,NULL,NULL,'2020-08-12 19:31:44','2020-08-12 19:31:44'),(4254,4204,NULL,NULL,'2020-08-12 19:31:45','2020-08-12 19:31:45'),(4255,4205,NULL,NULL,'2020-08-12 19:31:45','2020-08-12 19:31:45'),(4256,4206,NULL,NULL,'2020-08-12 19:31:46','2020-08-12 19:31:46'),(4257,4207,NULL,NULL,'2020-08-12 19:31:47','2020-08-12 19:31:47'),(4258,4208,NULL,NULL,'2020-08-12 19:31:47','2020-08-12 19:31:47'),(4259,4209,NULL,NULL,'2020-08-12 19:31:48','2020-08-12 19:31:48'),(4260,4210,NULL,NULL,'2020-08-12 19:31:49','2020-08-12 19:31:49'),(4261,4211,NULL,NULL,'2020-08-12 19:31:50','2020-08-12 19:31:50'),(4262,4212,NULL,NULL,'2020-08-12 19:31:50','2020-08-12 19:31:50'),(4263,4213,NULL,NULL,'2020-08-12 19:31:51','2020-08-12 19:31:51'),(4264,4214,NULL,NULL,'2020-08-12 19:31:52','2020-08-12 19:31:52'),(4265,4215,NULL,NULL,'2020-08-12 19:31:52','2020-08-12 19:31:52'),(4266,4216,NULL,NULL,'2020-08-12 19:31:53','2020-08-12 19:31:53'),(4267,4217,NULL,NULL,'2020-08-12 19:31:54','2020-08-12 19:31:54'),(4268,4218,NULL,NULL,'2020-08-12 19:31:55','2020-08-12 19:31:55'),(4269,4219,NULL,NULL,'2020-08-12 19:31:55','2020-08-12 19:31:55'),(4270,4220,NULL,NULL,'2020-08-12 19:31:56','2020-08-12 19:31:56'),(4271,4221,NULL,NULL,'2020-08-12 19:31:57','2020-08-12 19:31:57'),(4272,4222,NULL,NULL,'2020-08-12 19:31:57','2020-08-12 19:31:57'),(4273,4223,NULL,NULL,'2020-08-12 19:31:58','2020-08-12 19:31:58'),(4274,4224,NULL,NULL,'2020-08-12 19:31:59','2020-08-12 19:31:59'),(4275,4225,NULL,NULL,'2020-08-12 19:32:00','2020-08-12 19:32:00'),(4276,4226,NULL,NULL,'2020-08-12 19:32:00','2020-08-12 19:32:00'),(4277,4227,NULL,NULL,'2020-08-12 19:32:01','2020-08-12 19:32:01'),(4278,4228,NULL,NULL,'2020-08-12 19:32:02','2020-08-12 19:32:02'),(4279,4229,NULL,NULL,'2020-08-12 19:32:03','2020-08-12 19:32:03'),(4280,4230,NULL,NULL,'2020-08-12 19:32:03','2020-08-12 19:32:03'),(4281,4231,NULL,NULL,'2020-08-12 19:32:04','2020-08-12 19:32:04'),(4282,4232,NULL,NULL,'2020-08-12 19:32:05','2020-08-12 19:32:05'),(4283,4233,NULL,NULL,'2020-08-12 19:32:06','2020-08-12 19:32:06'),(4284,4234,NULL,NULL,'2020-08-12 19:32:07','2020-08-12 19:32:07'),(4285,4235,NULL,NULL,'2020-08-12 19:32:07','2020-08-12 19:32:07'),(4286,4236,NULL,NULL,'2020-08-12 19:32:08','2020-08-12 19:32:08'),(4287,4237,NULL,NULL,'2020-08-12 19:32:09','2020-08-12 19:32:09'),(4288,4238,NULL,NULL,'2020-08-12 19:32:10','2020-08-12 19:32:10'),(4289,4239,NULL,NULL,'2020-08-12 19:32:10','2020-08-12 19:32:10'),(4290,4240,NULL,NULL,'2020-08-12 19:32:11','2020-08-12 19:32:11'),(4291,4241,NULL,NULL,'2020-08-12 19:32:12','2020-08-12 19:32:12'),(4292,4242,NULL,NULL,'2020-08-12 19:32:13','2020-08-12 19:32:13'),(4293,4243,NULL,NULL,'2020-08-12 19:32:13','2020-08-12 19:32:13'),(4294,4244,NULL,NULL,'2020-08-12 19:32:14','2020-08-12 19:32:14'),(4295,4245,NULL,NULL,'2020-08-12 19:32:15','2020-08-12 19:32:15'),(4296,4246,NULL,NULL,'2020-08-12 19:32:15','2020-08-12 19:32:15'),(4297,4247,NULL,NULL,'2020-08-12 19:32:16','2020-08-12 19:32:16'),(4298,4248,NULL,NULL,'2020-08-12 19:32:17','2020-08-12 19:32:17'),(4299,4249,NULL,NULL,'2020-08-12 19:32:18','2020-08-12 19:32:18'),(4300,4250,NULL,NULL,'2020-08-12 19:32:18','2020-08-12 19:32:18'),(4301,4251,NULL,NULL,'2020-08-12 19:32:19','2020-08-12 19:32:19'),(4302,4252,NULL,NULL,'2020-08-12 19:32:20','2020-08-12 19:32:20'),(4303,4253,NULL,NULL,'2020-08-12 19:32:20','2020-08-12 19:32:20'),(4304,4254,NULL,NULL,'2020-08-12 19:32:21','2020-08-12 19:32:21'),(4305,4255,NULL,NULL,'2020-08-12 19:32:22','2020-08-12 19:32:22'),(4306,4256,NULL,NULL,'2020-08-12 19:32:23','2020-08-12 19:32:23'),(4307,4257,NULL,NULL,'2020-08-12 19:32:23','2020-08-12 19:32:23'),(4308,4258,NULL,NULL,'2020-08-12 19:32:24','2020-08-12 19:32:24'),(4309,4259,NULL,NULL,'2020-08-12 19:32:25','2020-08-12 19:32:25'),(4310,4260,NULL,NULL,'2020-08-12 19:32:26','2020-08-12 19:32:26'),(4311,4261,NULL,NULL,'2020-08-12 19:32:26','2020-08-12 19:32:26'),(4312,4262,NULL,NULL,'2020-08-12 19:32:27','2020-08-12 19:32:27'),(4313,4263,NULL,NULL,'2020-08-12 19:32:28','2020-08-12 19:32:28'),(4314,4264,NULL,NULL,'2020-08-12 19:32:29','2020-08-12 19:32:29'),(4315,4265,NULL,NULL,'2020-08-12 19:32:29','2020-08-12 19:32:29'),(4316,4266,NULL,NULL,'2020-08-12 19:32:30','2020-08-12 19:32:30'),(4317,4267,NULL,NULL,'2020-08-12 19:32:31','2020-08-12 19:32:31'),(4318,4268,NULL,NULL,'2020-08-12 19:32:32','2020-08-12 19:32:32'),(4319,4269,NULL,NULL,'2020-08-12 19:32:32','2020-08-12 19:32:32'),(4320,4270,NULL,NULL,'2020-08-12 19:32:33','2020-08-12 19:32:33'),(4321,4271,NULL,NULL,'2020-08-12 19:32:34','2020-08-12 19:32:34'),(4322,4272,NULL,NULL,'2020-08-12 19:32:34','2020-08-12 19:32:34'),(4323,4273,NULL,NULL,'2020-08-12 19:32:35','2020-08-12 19:32:35'),(4324,4274,NULL,NULL,'2020-08-12 19:32:36','2020-08-12 19:32:36'),(4325,4275,NULL,NULL,'2020-08-12 19:32:37','2020-08-12 19:32:37'),(4326,4276,NULL,NULL,'2020-08-12 19:32:37','2020-08-12 19:32:37'),(4327,4277,NULL,NULL,'2020-08-12 19:32:38','2020-08-12 19:32:38'),(4328,4278,NULL,NULL,'2020-08-12 19:32:39','2020-08-12 19:32:39'),(4329,4279,NULL,NULL,'2020-08-12 19:32:40','2020-08-12 19:32:40'),(4330,4280,NULL,NULL,'2020-08-12 19:32:40','2020-08-12 19:32:40'),(4331,4281,NULL,NULL,'2020-08-12 19:32:41','2020-08-12 19:32:41'),(4332,4282,NULL,NULL,'2020-08-12 19:32:42','2020-08-12 19:32:42'),(4333,4283,NULL,NULL,'2020-08-12 19:32:43','2020-08-12 19:32:43'),(4334,4284,NULL,NULL,'2020-08-12 19:32:43','2020-08-12 19:32:43'),(4335,4285,NULL,NULL,'2020-08-12 19:32:44','2020-08-12 19:32:44'),(4336,4286,NULL,NULL,'2020-08-12 19:32:45','2020-08-12 19:32:45'),(4337,4287,NULL,NULL,'2020-08-12 19:32:46','2020-08-12 19:32:46'),(4338,4288,NULL,NULL,'2020-08-12 19:32:47','2020-08-12 19:32:47'),(4339,4289,NULL,NULL,'2020-08-12 19:32:47','2020-08-12 19:32:47'),(4340,4290,NULL,NULL,'2020-08-12 19:32:48','2020-08-12 19:32:48'),(4341,4291,NULL,NULL,'2020-08-12 19:32:49','2020-08-12 19:32:49'),(4342,4292,NULL,NULL,'2020-08-12 19:32:50','2020-08-12 19:32:50'),(4343,4293,NULL,NULL,'2020-08-12 19:32:50','2020-08-12 19:32:50'),(4344,4294,NULL,NULL,'2020-08-12 19:32:51','2020-08-12 19:32:51'),(4345,4295,NULL,NULL,'2020-08-12 19:32:52','2020-08-12 19:32:52'),(4346,4296,NULL,NULL,'2020-08-12 19:32:53','2020-08-12 19:32:53'),(4347,4297,NULL,NULL,'2020-08-12 19:32:53','2020-08-12 19:32:53'),(4348,4298,NULL,NULL,'2020-08-12 19:32:54','2020-08-12 19:32:54'),(4349,4299,NULL,NULL,'2020-08-12 19:32:55','2020-08-12 19:32:55'),(4350,4300,NULL,NULL,'2020-08-12 19:32:56','2020-08-12 19:32:56'),(4351,4301,NULL,NULL,'2020-08-12 19:32:56','2020-08-12 19:32:56'),(4352,4302,NULL,NULL,'2020-08-12 19:32:57','2020-08-12 19:32:57'),(4353,4303,NULL,NULL,'2020-08-12 19:32:58','2020-08-12 19:32:58'),(4354,4304,NULL,NULL,'2020-08-12 19:32:59','2020-08-12 19:32:59'),(4355,4305,NULL,NULL,'2020-08-12 19:33:00','2020-08-12 19:33:00'),(4356,4306,NULL,NULL,'2020-08-12 19:33:00','2020-08-12 19:33:00'),(4357,4307,NULL,NULL,'2020-08-12 19:33:01','2020-08-12 19:33:01'),(4358,4308,NULL,NULL,'2020-08-12 19:33:02','2020-08-12 19:33:02'),(4359,4309,NULL,NULL,'2020-08-12 19:33:03','2020-08-12 19:33:03'),(4360,4310,NULL,NULL,'2020-08-12 19:33:04','2020-08-12 19:33:04'),(4361,4311,NULL,NULL,'2020-08-12 19:33:05','2020-08-12 19:33:05'),(4362,4312,NULL,NULL,'2020-08-12 19:33:06','2020-08-12 19:33:06'),(4363,4313,NULL,NULL,'2020-08-12 19:33:07','2020-08-12 19:33:07'),(4364,4314,NULL,NULL,'2020-08-12 19:33:08','2020-08-12 19:33:08'),(4365,4315,NULL,NULL,'2020-08-12 19:33:08','2020-08-12 19:33:08'),(4366,4316,NULL,NULL,'2020-08-12 19:33:09','2020-08-12 19:33:09'),(4367,4317,NULL,NULL,'2020-08-12 19:33:10','2020-08-12 19:33:10'),(4368,4318,NULL,NULL,'2020-08-12 19:33:11','2020-08-12 19:33:11'),(4369,4319,NULL,NULL,'2020-08-12 19:33:12','2020-08-12 19:33:12'),(4370,4320,NULL,NULL,'2020-08-12 19:33:12','2020-08-12 19:33:12'),(4371,4321,NULL,NULL,'2020-08-12 19:33:13','2020-08-12 19:33:13'),(4372,4322,NULL,NULL,'2020-08-12 19:33:14','2020-08-12 19:33:14'),(4373,4323,NULL,NULL,'2020-08-12 19:33:15','2020-08-12 19:33:15'),(4374,4324,NULL,NULL,'2020-08-12 19:33:15','2020-08-12 19:33:15'),(4375,4325,NULL,NULL,'2020-08-12 19:33:16','2020-08-12 19:33:16'),(4376,4326,NULL,NULL,'2020-08-12 19:33:17','2020-08-12 19:33:17'),(4377,4327,NULL,NULL,'2020-08-12 19:33:18','2020-08-12 19:33:18'),(4378,4328,NULL,NULL,'2020-08-12 19:33:19','2020-08-12 19:33:19'),(4379,4329,NULL,NULL,'2020-08-12 19:33:19','2020-08-12 19:33:19'),(4380,4330,NULL,NULL,'2020-08-12 19:33:20','2020-08-12 19:33:20'),(4381,4331,NULL,NULL,'2020-08-12 19:33:21','2020-08-12 19:33:21'),(4382,4332,NULL,NULL,'2020-08-12 19:33:22','2020-08-12 19:33:22'),(4383,4333,NULL,NULL,'2020-08-12 19:33:23','2020-08-12 19:33:23'),(4384,4334,NULL,NULL,'2020-08-12 19:33:23','2020-08-12 19:33:23'),(4385,4335,NULL,NULL,'2020-08-12 19:33:24','2020-08-12 19:33:24'),(4386,4336,NULL,NULL,'2020-08-12 19:33:25','2020-08-12 19:33:25'),(4387,4337,NULL,NULL,'2020-08-12 19:33:26','2020-08-12 19:33:26'),(4388,4338,NULL,NULL,'2020-08-12 19:33:27','2020-08-12 19:33:27'),(4389,4339,NULL,NULL,'2020-08-12 19:33:27','2020-08-12 19:33:27'),(4390,4340,NULL,NULL,'2020-08-12 19:33:28','2020-08-12 19:33:28'),(4391,4341,NULL,NULL,'2020-08-12 19:33:29','2020-08-12 19:33:29'),(4392,4342,NULL,NULL,'2020-08-12 19:33:30','2020-08-12 19:33:30'),(4393,4343,NULL,NULL,'2020-08-12 19:33:31','2020-08-12 19:33:31'),(4394,4344,NULL,NULL,'2020-08-12 19:33:31','2020-08-12 19:33:31'),(4395,4345,NULL,NULL,'2020-08-12 19:33:32','2020-08-12 19:33:32'),(4396,4346,NULL,NULL,'2020-08-12 19:33:33','2020-08-12 19:33:33'),(4397,4347,NULL,NULL,'2020-08-12 19:33:34','2020-08-12 19:33:34'),(4398,4348,NULL,NULL,'2020-08-12 19:33:35','2020-08-12 19:33:35'),(4399,4349,NULL,NULL,'2020-08-12 19:33:36','2020-08-12 19:33:36'),(4400,4350,NULL,NULL,'2020-08-12 19:33:36','2020-08-12 19:33:36'),(4401,4351,NULL,NULL,'2020-08-12 19:33:37','2020-08-12 19:33:37'),(4402,4352,NULL,NULL,'2020-08-12 19:33:38','2020-08-12 19:33:38'),(4403,4353,NULL,NULL,'2020-08-12 19:33:39','2020-08-12 19:33:39'),(4404,4354,NULL,NULL,'2020-08-12 19:33:40','2020-08-12 19:33:40'),(4405,4355,NULL,NULL,'2020-08-12 19:33:40','2020-08-12 19:33:40'),(4406,4356,NULL,NULL,'2020-08-12 19:33:41','2020-08-12 19:33:41'),(4407,4357,NULL,NULL,'2020-08-12 19:33:42','2020-08-12 19:33:42'),(4408,4358,NULL,NULL,'2020-08-12 19:33:43','2020-08-12 19:33:43'),(4409,4359,NULL,NULL,'2020-08-12 19:33:44','2020-08-12 19:33:44'),(4410,4360,NULL,NULL,'2020-08-12 19:33:45','2020-08-12 19:33:45'),(4411,4361,NULL,NULL,'2020-08-12 19:33:45','2020-08-12 19:33:45'),(4412,4362,NULL,NULL,'2020-08-12 19:33:46','2020-08-12 19:33:46'),(4413,4363,NULL,NULL,'2020-08-12 19:33:47','2020-08-12 19:33:47'),(4414,4364,NULL,NULL,'2020-08-12 19:33:48','2020-08-12 19:33:48'),(4415,4365,NULL,NULL,'2020-08-12 19:33:49','2020-08-12 19:33:49'),(4416,4366,NULL,NULL,'2020-08-12 19:33:49','2020-08-12 19:33:49'),(4417,4367,NULL,NULL,'2020-08-12 19:33:50','2020-08-12 19:33:50'),(4418,4368,NULL,NULL,'2020-08-12 19:33:51','2020-08-12 19:33:51'),(4419,4369,NULL,NULL,'2020-08-12 19:33:52','2020-08-12 19:33:52'),(4420,4370,NULL,NULL,'2020-08-12 19:33:53','2020-08-12 19:33:53'),(4421,4371,NULL,NULL,'2020-08-12 19:33:54','2020-08-12 19:33:54'),(4422,4372,NULL,NULL,'2020-08-12 19:33:54','2020-08-12 19:33:54'),(4423,4373,NULL,NULL,'2020-08-12 19:33:55','2020-08-12 19:33:55'),(4424,4374,NULL,NULL,'2020-08-12 19:33:56','2020-08-12 19:33:56'),(4425,4375,NULL,NULL,'2020-08-12 19:33:57','2020-08-12 19:33:57'),(4426,4376,NULL,NULL,'2020-08-12 19:33:58','2020-08-12 19:33:58'),(4427,4377,NULL,NULL,'2020-08-12 19:33:59','2020-08-12 19:33:59'),(4428,4378,NULL,NULL,'2020-08-12 19:33:59','2020-08-12 19:33:59'),(4429,4379,NULL,NULL,'2020-08-12 19:34:00','2020-08-12 19:34:00'),(4430,4380,NULL,NULL,'2020-08-12 19:34:01','2020-08-12 19:34:01'),(4431,4381,NULL,NULL,'2020-08-12 19:34:02','2020-08-12 19:34:02'),(4432,4382,NULL,NULL,'2020-08-12 19:34:03','2020-08-12 19:34:03'),(4433,4383,NULL,NULL,'2020-08-12 19:34:04','2020-08-12 19:34:04'),(4434,4384,NULL,NULL,'2020-08-12 19:34:05','2020-08-12 19:34:05'),(4435,4385,NULL,NULL,'2020-08-12 19:34:06','2020-08-12 19:34:06'),(4436,4386,NULL,NULL,'2020-08-12 19:34:07','2020-08-12 19:34:07'),(4437,4387,NULL,NULL,'2020-08-12 19:34:07','2020-08-12 19:34:07'),(4438,4388,NULL,NULL,'2020-08-12 19:34:08','2020-08-12 19:34:08'),(4439,4389,NULL,NULL,'2020-08-12 19:34:09','2020-08-12 19:34:09'),(4440,4390,NULL,NULL,'2020-08-12 19:34:10','2020-08-12 19:34:10'),(4441,4391,NULL,NULL,'2020-08-12 19:34:11','2020-08-12 19:34:11'),(4442,4392,NULL,NULL,'2020-08-12 19:34:12','2020-08-12 19:34:12'),(4443,4393,NULL,NULL,'2020-08-12 19:34:12','2020-08-12 19:34:12'),(4444,4394,NULL,NULL,'2020-08-12 19:34:13','2020-08-12 19:34:13'),(4445,4395,NULL,NULL,'2020-08-12 19:34:14','2020-08-12 19:34:14'),(4446,4396,NULL,NULL,'2020-08-12 19:34:15','2020-08-12 19:34:15'),(4447,4397,NULL,NULL,'2020-08-12 19:34:16','2020-08-12 19:34:16'),(4448,4398,NULL,NULL,'2020-08-12 19:34:17','2020-08-12 19:34:17'),(4449,4399,NULL,NULL,'2020-08-12 19:34:18','2020-08-12 19:34:18'),(4450,4400,NULL,NULL,'2020-08-12 19:34:18','2020-08-12 19:34:18'),(4451,4401,NULL,NULL,'2020-08-12 19:34:19','2020-08-12 19:34:19'),(4452,4402,NULL,NULL,'2020-08-12 19:34:20','2020-08-12 19:34:20'),(4453,4403,NULL,NULL,'2020-08-12 19:34:21','2020-08-12 19:34:21'),(4454,4404,NULL,NULL,'2020-08-12 19:34:22','2020-08-12 19:34:22'),(4455,4405,NULL,NULL,'2020-08-12 19:34:23','2020-08-12 19:34:23'),(4456,4406,NULL,NULL,'2020-08-12 19:34:23','2020-08-12 19:34:23'),(4457,4407,NULL,NULL,'2020-08-12 19:34:24','2020-08-12 19:34:24'),(4458,4408,NULL,NULL,'2020-08-12 19:34:25','2020-08-12 19:34:25'),(4459,4409,NULL,NULL,'2020-08-12 19:34:26','2020-08-12 19:34:26'),(4460,4410,NULL,NULL,'2020-08-12 19:34:27','2020-08-12 19:34:27'),(4461,4411,NULL,NULL,'2020-08-12 19:34:28','2020-08-12 19:34:28'),(4462,4412,NULL,NULL,'2020-08-12 19:34:29','2020-08-12 19:34:29'),(4463,4413,NULL,NULL,'2020-08-12 19:34:29','2020-08-12 19:34:29'),(4464,4414,NULL,NULL,'2020-08-12 19:34:30','2020-08-12 19:34:30'),(4465,4415,NULL,NULL,'2020-08-12 19:34:31','2020-08-12 19:34:31'),(4466,4416,NULL,NULL,'2020-08-12 19:34:32','2020-08-12 19:34:32'),(4467,4417,NULL,NULL,'2020-08-12 19:34:33','2020-08-12 19:34:33'),(4468,4418,NULL,NULL,'2020-08-12 19:34:34','2020-08-12 19:34:34'),(4469,4419,NULL,NULL,'2020-08-12 19:34:35','2020-08-12 19:34:35'),(4470,4420,NULL,NULL,'2020-08-12 19:34:35','2020-08-12 19:34:35'),(4471,4421,NULL,NULL,'2020-08-12 19:34:36','2020-08-12 19:34:36'),(4472,4422,NULL,NULL,'2020-08-12 19:34:37','2020-08-12 19:34:37'),(4473,4423,NULL,NULL,'2020-08-12 19:34:38','2020-08-12 19:34:38'),(4474,4424,NULL,NULL,'2020-08-12 19:34:39','2020-08-12 19:34:39'),(4475,4425,NULL,NULL,'2020-08-12 19:34:40','2020-08-12 19:34:40'),(4476,4426,NULL,NULL,'2020-08-12 19:34:41','2020-08-12 19:34:41'),(4477,4427,NULL,NULL,'2020-08-12 19:34:42','2020-08-12 19:34:42'),(4478,4428,NULL,NULL,'2020-08-12 19:34:42','2020-08-12 19:34:42'),(4479,4429,NULL,NULL,'2020-08-12 19:34:43','2020-08-12 19:34:43'),(4480,4430,NULL,NULL,'2020-08-12 19:34:44','2020-08-12 19:34:44'),(4481,4431,NULL,NULL,'2020-08-12 19:34:45','2020-08-12 19:34:45'),(4482,4432,NULL,NULL,'2020-08-12 19:34:46','2020-08-12 19:34:46'),(4483,4433,NULL,NULL,'2020-08-12 19:34:47','2020-08-12 19:34:47'),(4484,4434,NULL,NULL,'2020-08-12 19:34:48','2020-08-12 19:34:48'),(4485,4435,NULL,NULL,'2020-08-12 19:34:49','2020-08-12 19:34:49'),(4486,4436,NULL,NULL,'2020-08-12 19:34:49','2020-08-12 19:34:49'),(4487,4437,NULL,NULL,'2020-08-12 19:34:50','2020-08-12 19:34:50'),(4488,4438,NULL,NULL,'2020-08-12 19:34:51','2020-08-12 19:34:51'),(4489,4439,NULL,NULL,'2020-08-12 19:34:52','2020-08-12 19:34:52'),(4490,4440,NULL,NULL,'2020-08-12 19:34:53','2020-08-12 19:34:53'),(4491,4441,NULL,NULL,'2020-08-12 19:34:54','2020-08-12 19:34:54'),(4492,4442,NULL,NULL,'2020-08-12 19:34:55','2020-08-12 19:34:55'),(4493,4443,NULL,NULL,'2020-08-12 19:34:56','2020-08-12 19:34:56'),(4494,4444,NULL,NULL,'2020-08-12 19:34:56','2020-08-12 19:34:56'),(4495,4445,NULL,NULL,'2020-08-12 19:34:57','2020-08-12 19:34:57'),(4496,4446,NULL,NULL,'2020-08-12 19:34:58','2020-08-12 19:34:58'),(4497,4447,NULL,NULL,'2020-08-12 19:34:59','2020-08-12 19:34:59'),(4498,4448,NULL,NULL,'2020-08-12 19:35:00','2020-08-12 19:35:00'),(4499,4449,NULL,NULL,'2020-08-12 19:35:01','2020-08-12 19:35:01'),(4500,4450,NULL,NULL,'2020-08-12 19:35:02','2020-08-12 19:35:02'),(4501,4451,NULL,NULL,'2020-08-12 19:35:03','2020-08-12 19:35:03'),(4502,4452,NULL,NULL,'2020-08-12 19:35:04','2020-08-12 19:35:04'),(4503,4453,NULL,NULL,'2020-08-12 19:35:05','2020-08-12 19:35:05'),(4504,4454,NULL,NULL,'2020-08-12 19:35:06','2020-08-12 19:35:06'),(4505,4455,NULL,NULL,'2020-08-12 19:35:07','2020-08-12 19:35:07'),(4506,4456,NULL,NULL,'2020-08-12 19:35:08','2020-08-12 19:35:08'),(4507,4457,NULL,NULL,'2020-08-12 19:35:09','2020-08-12 19:35:09'),(4508,4458,NULL,NULL,'2020-08-12 19:35:10','2020-08-12 19:35:10'),(4509,4459,NULL,NULL,'2020-08-12 19:35:11','2020-08-12 19:35:11'),(4510,4460,NULL,NULL,'2020-08-12 19:35:12','2020-08-12 19:35:12'),(4511,4461,NULL,NULL,'2020-08-12 19:35:12','2020-08-12 19:35:12'),(4512,4462,NULL,NULL,'2020-08-12 19:35:13','2020-08-12 19:35:13'),(4513,4463,NULL,NULL,'2020-08-12 19:35:14','2020-08-12 19:35:14'),(4514,4464,NULL,NULL,'2020-08-12 19:35:15','2020-08-12 19:35:15'),(4515,4465,NULL,NULL,'2020-08-12 19:35:16','2020-08-12 19:35:16'),(4516,4466,NULL,NULL,'2020-08-12 19:35:17','2020-08-12 19:35:17'),(4517,4467,NULL,NULL,'2020-08-12 19:35:18','2020-08-12 19:35:18'),(4518,4468,NULL,NULL,'2020-08-12 19:35:19','2020-08-12 19:35:19'),(4519,4469,NULL,NULL,'2020-08-12 19:35:20','2020-08-12 19:35:20'),(4520,4470,NULL,NULL,'2020-08-12 19:35:21','2020-08-12 19:35:21'),(4521,4471,NULL,NULL,'2020-08-12 19:35:22','2020-08-12 19:35:22'),(4522,4472,NULL,NULL,'2020-08-12 19:35:22','2020-08-12 19:35:22'),(4523,4473,NULL,NULL,'2020-08-12 19:35:23','2020-08-12 19:35:23'),(4524,4474,NULL,NULL,'2020-08-12 19:35:24','2020-08-12 19:35:24'),(4525,4475,NULL,NULL,'2020-08-12 19:35:25','2020-08-12 19:35:25'),(4526,4476,NULL,NULL,'2020-08-12 19:35:26','2020-08-12 19:35:26'),(4527,4477,NULL,NULL,'2020-08-12 19:35:27','2020-08-12 19:35:27'),(4528,4478,NULL,NULL,'2020-08-12 19:35:28','2020-08-12 19:35:28'),(4529,4479,NULL,NULL,'2020-08-12 19:35:29','2020-08-12 19:35:29'),(4530,4480,NULL,NULL,'2020-08-12 19:35:30','2020-08-12 19:35:30'),(4531,4481,NULL,NULL,'2020-08-12 19:35:31','2020-08-12 19:35:31'),(4532,4482,NULL,NULL,'2020-08-12 19:35:32','2020-08-12 19:35:32'),(4533,4483,NULL,NULL,'2020-08-12 19:35:32','2020-08-12 19:35:32'),(4534,4484,NULL,NULL,'2020-08-12 19:35:33','2020-08-12 19:35:33'),(4535,4485,NULL,NULL,'2020-08-12 19:35:34','2020-08-12 19:35:34'),(4536,4486,NULL,NULL,'2020-08-12 19:35:35','2020-08-12 19:35:35'),(4537,4487,NULL,NULL,'2020-08-12 19:35:36','2020-08-12 19:35:36'),(4538,4488,NULL,NULL,'2020-08-12 19:35:37','2020-08-12 19:35:37'),(4539,4489,NULL,NULL,'2020-08-12 19:35:38','2020-08-12 19:35:38'),(4540,4490,NULL,NULL,'2020-08-12 19:35:39','2020-08-12 19:35:39'),(4541,4491,NULL,NULL,'2020-08-12 19:35:40','2020-08-12 19:35:40'),(4542,4492,NULL,NULL,'2020-08-12 19:35:41','2020-08-12 19:35:41'),(4543,4493,NULL,NULL,'2020-08-12 19:35:42','2020-08-12 19:35:42'),(4544,4494,NULL,NULL,'2020-08-12 19:35:43','2020-08-12 19:35:43'),(4545,4495,NULL,NULL,'2020-08-12 19:35:44','2020-08-12 19:35:44'),(4546,4496,NULL,NULL,'2020-08-12 19:35:44','2020-08-12 19:35:44'),(4547,4497,NULL,NULL,'2020-08-12 19:35:45','2020-08-12 19:35:45'),(4548,4498,NULL,NULL,'2020-08-12 19:35:46','2020-08-12 19:35:46'),(4549,4499,NULL,NULL,'2020-08-12 19:35:47','2020-08-12 19:35:47'),(4550,4500,NULL,NULL,'2020-08-12 19:35:48','2020-08-12 19:35:48'),(4551,4501,NULL,NULL,'2020-08-12 19:35:49','2020-08-12 19:35:49'),(4552,4502,NULL,NULL,'2020-08-12 19:35:50','2020-08-12 19:35:50'),(4553,4503,NULL,NULL,'2020-08-12 19:35:51','2020-08-12 19:35:51'),(4554,4504,NULL,NULL,'2020-08-12 19:35:52','2020-08-12 19:35:52'),(4555,4505,NULL,NULL,'2020-08-12 19:35:53','2020-08-12 19:35:53'),(4556,4506,NULL,NULL,'2020-08-12 19:35:54','2020-08-12 19:35:54'),(4557,4507,NULL,NULL,'2020-08-12 19:35:55','2020-08-12 19:35:55'),(4558,4508,NULL,NULL,'2020-08-12 19:35:56','2020-08-12 19:35:56'),(4559,4509,NULL,NULL,'2020-08-12 19:35:57','2020-08-12 19:35:57'),(4560,4510,NULL,NULL,'2020-08-12 19:35:58','2020-08-12 19:35:58'),(4561,4511,NULL,NULL,'2020-08-12 19:35:59','2020-08-12 19:35:59'),(4562,4512,NULL,NULL,'2020-08-12 19:36:00','2020-08-12 19:36:00'),(4563,4513,NULL,NULL,'2020-08-12 19:36:01','2020-08-12 19:36:01'),(4564,4514,NULL,NULL,'2020-08-12 19:36:02','2020-08-12 19:36:02'),(4565,4515,NULL,NULL,'2020-08-12 19:36:03','2020-08-12 19:36:03'),(4566,4516,NULL,NULL,'2020-08-12 19:36:04','2020-08-12 19:36:04'),(4567,4517,NULL,NULL,'2020-08-12 19:36:05','2020-08-12 19:36:05'),(4568,4518,NULL,NULL,'2020-08-12 19:36:06','2020-08-12 19:36:06'),(4569,4519,NULL,NULL,'2020-08-12 19:36:08','2020-08-12 19:36:08'),(4570,4520,NULL,NULL,'2020-08-12 19:36:09','2020-08-12 19:36:09'),(4571,4521,NULL,NULL,'2020-08-12 19:36:10','2020-08-12 19:36:10'),(4572,4522,NULL,NULL,'2020-08-12 19:36:11','2020-08-12 19:36:11'),(4573,4523,NULL,NULL,'2020-08-12 19:36:11','2020-08-12 19:36:11'),(4574,4524,NULL,NULL,'2020-08-12 19:36:12','2020-08-12 19:36:12'),(4575,4525,NULL,NULL,'2020-08-12 19:36:13','2020-08-12 19:36:13'),(4576,4526,NULL,NULL,'2020-08-12 19:36:14','2020-08-12 19:36:14'),(4577,4527,NULL,NULL,'2020-08-12 19:36:15','2020-08-12 19:36:15'),(4578,4528,NULL,NULL,'2020-08-12 19:36:16','2020-08-12 19:36:16'),(4579,4529,NULL,NULL,'2020-08-12 19:36:17','2020-08-12 19:36:17'),(4580,4530,NULL,NULL,'2020-08-12 19:36:18','2020-08-12 19:36:18'),(4581,4531,NULL,NULL,'2020-08-12 19:36:19','2020-08-12 19:36:19'),(4582,4532,NULL,NULL,'2020-08-12 19:36:20','2020-08-12 19:36:20'),(4583,4533,NULL,NULL,'2020-08-12 19:36:21','2020-08-12 19:36:21'),(4584,4534,NULL,NULL,'2020-08-12 19:36:22','2020-08-12 19:36:22'),(4585,4535,NULL,NULL,'2020-08-12 19:36:23','2020-08-12 19:36:23'),(4586,4536,NULL,NULL,'2020-08-12 19:36:24','2020-08-12 19:36:24'),(4587,4537,NULL,NULL,'2020-08-12 19:36:25','2020-08-12 19:36:25'),(4588,4538,NULL,NULL,'2020-08-12 19:36:26','2020-08-12 19:36:26'),(4589,4539,NULL,NULL,'2020-08-12 19:36:27','2020-08-12 19:36:27'),(4590,4540,NULL,NULL,'2020-08-12 19:36:28','2020-08-12 19:36:28'),(4591,4541,NULL,NULL,'2020-08-12 19:36:29','2020-08-12 19:36:29'),(4592,4542,NULL,NULL,'2020-08-12 19:36:30','2020-08-12 19:36:30'),(4593,4543,NULL,NULL,'2020-08-12 19:36:31','2020-08-12 19:36:31'),(4594,4544,NULL,NULL,'2020-08-12 19:36:32','2020-08-12 19:36:32'),(4595,4545,NULL,NULL,'2020-08-12 19:36:33','2020-08-12 19:36:33'),(4596,4546,NULL,NULL,'2020-08-12 19:36:34','2020-08-12 19:36:34'),(4597,4547,NULL,NULL,'2020-08-12 19:36:35','2020-08-12 19:36:35'),(4598,4548,NULL,NULL,'2020-08-12 19:36:36','2020-08-12 19:36:36'),(4599,4549,NULL,NULL,'2020-08-12 19:36:37','2020-08-12 19:36:37'),(4600,4550,NULL,NULL,'2020-08-12 19:36:38','2020-08-12 19:36:38'),(4601,4551,NULL,NULL,'2020-08-12 19:36:39','2020-08-12 19:36:39'),(4602,4552,NULL,NULL,'2020-08-12 19:36:40','2020-08-12 19:36:40'),(4603,4553,NULL,NULL,'2020-08-12 19:36:40','2020-08-12 19:36:40'),(4604,4554,NULL,NULL,'2020-08-12 19:36:41','2020-08-12 19:36:41'),(4605,4555,NULL,NULL,'2020-08-12 19:36:42','2020-08-12 19:36:42'),(4606,4556,NULL,NULL,'2020-08-12 19:36:43','2020-08-12 19:36:43'),(4607,4557,NULL,NULL,'2020-08-12 19:36:44','2020-08-12 19:36:44'),(4608,4558,NULL,NULL,'2020-08-12 19:36:45','2020-08-12 19:36:45'),(4609,4559,NULL,NULL,'2020-08-12 19:36:46','2020-08-12 19:36:46'),(4610,4560,NULL,NULL,'2020-08-12 19:36:47','2020-08-12 19:36:47'),(4611,4561,NULL,NULL,'2020-08-12 19:36:48','2020-08-12 19:36:48'),(4612,4562,NULL,NULL,'2020-08-12 19:36:49','2020-08-12 19:36:49'),(4613,4563,NULL,NULL,'2020-08-12 19:36:50','2020-08-12 19:36:50'),(4614,4564,NULL,NULL,'2020-08-12 19:36:51','2020-08-12 19:36:51'),(4615,4565,NULL,NULL,'2020-08-12 19:36:52','2020-08-12 19:36:52'),(4616,4566,NULL,NULL,'2020-08-12 19:36:53','2020-08-12 19:36:53'),(4617,4567,NULL,NULL,'2020-08-12 19:36:54','2020-08-12 19:36:54'),(4618,4568,NULL,NULL,'2020-08-12 19:36:55','2020-08-12 19:36:55'),(4619,4569,NULL,NULL,'2020-08-12 19:36:56','2020-08-12 19:36:56'),(4620,4570,NULL,NULL,'2020-08-12 19:36:57','2020-08-12 19:36:57'),(4621,4571,NULL,NULL,'2020-08-12 19:36:58','2020-08-12 19:36:58'),(4622,4572,NULL,NULL,'2020-08-12 19:36:59','2020-08-12 19:36:59'),(4623,4573,NULL,NULL,'2020-08-12 19:37:00','2020-08-12 19:37:00'),(4624,4574,NULL,NULL,'2020-08-12 19:37:01','2020-08-12 19:37:01'),(4625,4575,NULL,NULL,'2020-08-12 19:37:02','2020-08-12 19:37:02'),(4626,4576,NULL,NULL,'2020-08-12 19:37:03','2020-08-12 19:37:03'),(4627,4577,NULL,NULL,'2020-08-12 19:37:05','2020-08-12 19:37:05'),(4628,4578,NULL,NULL,'2020-08-12 19:37:06','2020-08-12 19:37:06'),(4629,4579,NULL,NULL,'2020-08-12 19:37:07','2020-08-12 19:37:07'),(4630,4580,NULL,NULL,'2020-08-12 19:37:08','2020-08-12 19:37:08'),(4631,4581,NULL,NULL,'2020-08-12 19:37:09','2020-08-12 19:37:09'),(4632,4582,NULL,NULL,'2020-08-12 19:37:10','2020-08-12 19:37:10'),(4633,4583,NULL,NULL,'2020-08-12 19:37:11','2020-08-12 19:37:11'),(4634,4584,NULL,NULL,'2020-08-12 19:37:12','2020-08-12 19:37:12'),(4635,4585,NULL,NULL,'2020-08-12 19:37:13','2020-08-12 19:37:13'),(4636,4586,NULL,NULL,'2020-08-12 19:37:14','2020-08-12 19:37:14'),(4637,4587,NULL,NULL,'2020-08-12 19:37:15','2020-08-12 19:37:15'),(4638,4588,NULL,NULL,'2020-08-12 19:37:16','2020-08-12 19:37:16'),(4639,4589,NULL,NULL,'2020-08-12 19:37:17','2020-08-12 19:37:17'),(4640,4590,NULL,NULL,'2020-08-12 19:37:18','2020-08-12 19:37:18'),(4641,4591,NULL,NULL,'2020-08-12 19:37:19','2020-08-12 19:37:19'),(4642,4592,NULL,NULL,'2020-08-12 19:37:20','2020-08-12 19:37:20'),(4643,4593,NULL,NULL,'2020-08-12 19:37:21','2020-08-12 19:37:21'),(4644,4594,NULL,NULL,'2020-08-12 19:37:22','2020-08-12 19:37:22'),(4645,4595,NULL,NULL,'2020-08-12 19:37:23','2020-08-12 19:37:23'),(4646,4596,NULL,NULL,'2020-08-12 19:37:24','2020-08-12 19:37:24'),(4647,4597,NULL,NULL,'2020-08-12 19:37:25','2020-08-12 19:37:25'),(4648,4598,NULL,NULL,'2020-08-12 19:37:27','2020-08-12 19:37:27'),(4649,4599,NULL,NULL,'2020-08-12 19:37:28','2020-08-12 19:37:28'),(4650,4600,NULL,NULL,'2020-08-12 19:37:29','2020-08-12 19:37:29'),(4651,4601,NULL,NULL,'2020-08-12 19:37:30','2020-08-12 19:37:30'),(4652,4602,NULL,NULL,'2020-08-12 19:37:31','2020-08-12 19:37:31'),(4653,4603,NULL,NULL,'2020-08-12 19:37:32','2020-08-12 19:37:32'),(4654,4604,NULL,NULL,'2020-08-12 19:37:33','2020-08-12 19:37:33'),(4655,4605,NULL,NULL,'2020-08-12 19:37:34','2020-08-12 19:37:34'),(4656,4606,NULL,NULL,'2020-08-12 19:37:35','2020-08-12 19:37:35'),(4657,4607,NULL,NULL,'2020-08-12 19:37:36','2020-08-12 19:37:36'),(4658,4608,NULL,NULL,'2020-08-12 19:37:37','2020-08-12 19:37:37'),(4659,4609,NULL,NULL,'2020-08-12 19:37:38','2020-08-12 19:37:38'),(4660,4610,NULL,NULL,'2020-08-12 19:37:39','2020-08-12 19:37:39'),(4661,4611,NULL,NULL,'2020-08-12 19:37:40','2020-08-12 19:37:40'),(4662,4612,NULL,NULL,'2020-08-12 19:37:41','2020-08-12 19:37:41'),(4663,4613,NULL,NULL,'2020-08-12 19:37:42','2020-08-12 19:37:42'),(4664,4614,NULL,NULL,'2020-08-12 19:37:43','2020-08-12 19:37:43'),(4665,4615,NULL,NULL,'2020-08-12 19:37:44','2020-08-12 19:37:44'),(4666,4616,NULL,NULL,'2020-08-12 19:37:45','2020-08-12 19:37:45'),(4667,4617,NULL,NULL,'2020-08-12 19:37:46','2020-08-12 19:37:46'),(4668,4618,NULL,NULL,'2020-08-12 19:37:47','2020-08-12 19:37:47'),(4669,4619,NULL,NULL,'2020-08-12 19:37:48','2020-08-12 19:37:48'),(4670,4620,NULL,NULL,'2020-08-12 19:37:49','2020-08-12 19:37:49'),(4671,4621,NULL,NULL,'2020-08-12 19:37:50','2020-08-12 19:37:50'),(4672,4622,NULL,NULL,'2020-08-12 19:37:51','2020-08-12 19:37:51'),(4673,4623,NULL,NULL,'2020-08-12 19:37:52','2020-08-12 19:37:52'),(4674,4624,NULL,NULL,'2020-08-12 19:37:53','2020-08-12 19:37:53'),(4675,4625,NULL,NULL,'2020-08-12 19:37:55','2020-08-12 19:37:55'),(4676,4626,NULL,NULL,'2020-08-12 19:37:56','2020-08-12 19:37:56'),(4677,4627,NULL,NULL,'2020-08-12 19:37:57','2020-08-12 19:37:57'),(4678,4628,NULL,NULL,'2020-08-12 19:37:58','2020-08-12 19:37:58'),(4679,4629,NULL,NULL,'2020-08-12 19:37:59','2020-08-12 19:37:59'),(4680,4630,NULL,NULL,'2020-08-12 19:38:00','2020-08-12 19:38:00'),(4681,4631,NULL,NULL,'2020-08-12 19:38:01','2020-08-12 19:38:01'),(4682,4632,NULL,NULL,'2020-08-12 19:38:02','2020-08-12 19:38:02'),(4683,4633,NULL,NULL,'2020-08-12 19:38:03','2020-08-12 19:38:03'),(4684,4634,NULL,NULL,'2020-08-12 19:38:04','2020-08-12 19:38:04'),(4685,4635,NULL,NULL,'2020-08-12 19:38:06','2020-08-12 19:38:06'),(4686,4636,NULL,NULL,'2020-08-12 19:38:07','2020-08-12 19:38:07'),(4687,4637,NULL,NULL,'2020-08-12 19:38:08','2020-08-12 19:38:08'),(4688,4638,NULL,NULL,'2020-08-12 19:38:09','2020-08-12 19:38:09'),(4689,4639,NULL,NULL,'2020-08-12 19:38:11','2020-08-12 19:38:11'),(4690,4640,NULL,NULL,'2020-08-12 19:38:12','2020-08-12 19:38:12'),(4691,4641,NULL,NULL,'2020-08-12 19:38:13','2020-08-12 19:38:13'),(4692,4642,NULL,NULL,'2020-08-12 19:38:14','2020-08-12 19:38:14'),(4693,4643,NULL,NULL,'2020-08-12 19:38:15','2020-08-12 19:38:15'),(4694,4644,NULL,NULL,'2020-08-12 19:38:16','2020-08-12 19:38:16'),(4695,4645,NULL,NULL,'2020-08-12 19:38:17','2020-08-12 19:38:17'),(4696,4646,NULL,NULL,'2020-08-12 19:38:18','2020-08-12 19:38:18'),(4697,4647,NULL,NULL,'2020-08-12 19:38:19','2020-08-12 19:38:19'),(4698,4648,NULL,NULL,'2020-08-12 19:38:20','2020-08-12 19:38:20'),(4699,4649,NULL,NULL,'2020-08-12 19:38:21','2020-08-12 19:38:21'),(4700,4650,NULL,NULL,'2020-08-12 19:38:22','2020-08-12 19:38:22'),(4701,4651,NULL,NULL,'2020-08-12 19:38:23','2020-08-12 19:38:23'),(4702,4652,NULL,NULL,'2020-08-12 19:38:24','2020-08-12 19:38:24'),(4703,4653,NULL,NULL,'2020-08-12 19:38:25','2020-08-12 19:38:25'),(4704,4654,NULL,NULL,'2020-08-12 19:38:27','2020-08-12 19:38:27'),(4705,4655,NULL,NULL,'2020-08-12 19:38:28','2020-08-12 19:38:28'),(4706,4656,NULL,NULL,'2020-08-12 19:38:29','2020-08-12 19:38:29'),(4707,4657,NULL,NULL,'2020-08-12 19:38:30','2020-08-12 19:38:30'),(4708,4658,NULL,NULL,'2020-08-12 19:38:31','2020-08-12 19:38:31'),(4709,4659,NULL,NULL,'2020-08-12 19:38:32','2020-08-12 19:38:32'),(4710,4660,NULL,NULL,'2020-08-12 19:38:33','2020-08-12 19:38:33'),(4711,4661,NULL,NULL,'2020-08-12 19:38:34','2020-08-12 19:38:34'),(4712,4662,NULL,NULL,'2020-08-12 19:38:35','2020-08-12 19:38:35'),(4713,4663,NULL,NULL,'2020-08-12 19:38:36','2020-08-12 19:38:36'),(4714,4664,NULL,NULL,'2020-08-12 19:38:37','2020-08-12 19:38:37'),(4715,4665,NULL,NULL,'2020-08-12 19:38:38','2020-08-12 19:38:38'),(4716,4666,NULL,NULL,'2020-08-12 19:38:39','2020-08-12 19:38:39'),(4717,4667,NULL,NULL,'2020-08-12 19:38:41','2020-08-12 19:38:41'),(4718,4668,NULL,NULL,'2020-08-12 19:38:42','2020-08-12 19:38:42'),(4719,4669,NULL,NULL,'2020-08-12 19:38:43','2020-08-12 19:38:43'),(4720,4670,NULL,NULL,'2020-08-12 19:38:44','2020-08-12 19:38:44'),(4721,4671,NULL,NULL,'2020-08-12 19:38:45','2020-08-12 19:38:45'),(4722,4672,NULL,NULL,'2020-08-12 19:38:46','2020-08-12 19:38:46'),(4723,4673,NULL,NULL,'2020-08-12 19:38:47','2020-08-12 19:38:47'),(4724,4674,NULL,NULL,'2020-08-12 19:38:48','2020-08-12 19:38:48'),(4725,4675,NULL,NULL,'2020-08-12 19:38:49','2020-08-12 19:38:49'),(4726,4676,NULL,NULL,'2020-08-12 19:38:50','2020-08-12 19:38:50'),(4727,4677,NULL,NULL,'2020-08-12 19:38:51','2020-08-12 19:38:51'),(4728,4678,NULL,NULL,'2020-08-12 19:38:53','2020-08-12 19:38:53'),(4729,4679,NULL,NULL,'2020-08-12 19:38:54','2020-08-12 19:38:54'),(4730,4680,NULL,NULL,'2020-08-12 19:38:55','2020-08-12 19:38:55'),(4731,4681,NULL,NULL,'2020-08-12 19:38:56','2020-08-12 19:38:56'),(4732,4682,NULL,NULL,'2020-08-12 19:38:57','2020-08-12 19:38:57'),(4733,4683,NULL,NULL,'2020-08-12 19:38:58','2020-08-12 19:38:58'),(4734,4684,NULL,NULL,'2020-08-12 19:38:59','2020-08-12 19:38:59'),(4735,4685,NULL,NULL,'2020-08-12 19:39:00','2020-08-12 19:39:00'),(4736,4686,NULL,NULL,'2020-08-12 19:39:01','2020-08-12 19:39:01'),(4737,4687,NULL,NULL,'2020-08-12 19:39:03','2020-08-12 19:39:03'),(4738,4688,NULL,NULL,'2020-08-12 19:39:04','2020-08-12 19:39:04'),(4739,4689,NULL,NULL,'2020-08-12 19:39:06','2020-08-12 19:39:06'),(4740,4690,NULL,NULL,'2020-08-12 19:39:07','2020-08-12 19:39:07'),(4741,4691,NULL,NULL,'2020-08-12 19:39:08','2020-08-12 19:39:08'),(4742,4692,NULL,NULL,'2020-08-12 19:39:09','2020-08-12 19:39:09'),(4743,4693,NULL,NULL,'2020-08-12 19:39:10','2020-08-12 19:39:10'),(4744,4694,NULL,NULL,'2020-08-12 19:39:11','2020-08-12 19:39:11'),(4745,4695,NULL,NULL,'2020-08-12 19:39:13','2020-08-12 19:39:13'),(4746,4696,NULL,NULL,'2020-08-12 19:39:14','2020-08-12 19:39:14'),(4747,4697,NULL,NULL,'2020-08-12 19:39:15','2020-08-12 19:39:15'),(4748,4698,NULL,NULL,'2020-08-12 19:39:16','2020-08-12 19:39:16'),(4749,4699,NULL,NULL,'2020-08-12 19:39:17','2020-08-12 19:39:17'),(4750,4700,NULL,NULL,'2020-08-12 19:39:18','2020-08-12 19:39:18'),(4751,4701,NULL,NULL,'2020-08-12 19:39:19','2020-08-12 19:39:19'),(4752,4702,NULL,NULL,'2020-08-12 19:39:20','2020-08-12 19:39:20'),(4753,4703,NULL,NULL,'2020-08-12 19:39:21','2020-08-12 19:39:21'),(4754,4704,NULL,NULL,'2020-08-12 19:39:22','2020-08-12 19:39:22'),(4755,4705,NULL,NULL,'2020-08-12 19:39:24','2020-08-12 19:39:24'),(4756,4706,NULL,NULL,'2020-08-12 19:39:25','2020-08-12 19:39:25'),(4757,4707,NULL,NULL,'2020-08-12 19:39:26','2020-08-12 19:39:26'),(4758,4708,NULL,NULL,'2020-08-12 19:39:27','2020-08-12 19:39:27'),(4759,4709,NULL,NULL,'2020-08-12 19:39:28','2020-08-12 19:39:28'),(4760,4710,NULL,NULL,'2020-08-12 19:39:29','2020-08-12 19:39:29'),(4761,4711,NULL,NULL,'2020-08-12 19:39:30','2020-08-12 19:39:30'),(4762,4712,NULL,NULL,'2020-08-12 19:39:31','2020-08-12 19:39:31'),(4763,4713,NULL,NULL,'2020-08-12 19:39:33','2020-08-12 19:39:33'),(4764,4714,NULL,NULL,'2020-08-12 19:39:34','2020-08-12 19:39:34'),(4765,4715,NULL,NULL,'2020-08-12 19:39:35','2020-08-12 19:39:35'),(4766,4716,NULL,NULL,'2020-08-12 19:39:36','2020-08-12 19:39:36'),(4767,4717,NULL,NULL,'2020-08-12 19:39:37','2020-08-12 19:39:37'),(4768,4718,NULL,NULL,'2020-08-12 19:39:38','2020-08-12 19:39:38'),(4769,4719,NULL,NULL,'2020-08-12 19:39:39','2020-08-12 19:39:39'),(4770,4720,NULL,NULL,'2020-08-12 19:39:40','2020-08-12 19:39:40'),(4771,4721,NULL,NULL,'2020-08-12 19:39:41','2020-08-12 19:39:41'),(4772,4722,NULL,NULL,'2020-08-12 19:39:43','2020-08-12 19:39:43'),(4773,4723,NULL,NULL,'2020-08-12 19:39:44','2020-08-12 19:39:44'),(4774,4724,NULL,NULL,'2020-08-12 19:39:45','2020-08-12 19:39:45'),(4775,4725,NULL,NULL,'2020-08-12 19:39:46','2020-08-12 19:39:46'),(4776,4726,NULL,NULL,'2020-08-12 19:39:47','2020-08-12 19:39:47'),(4777,4727,NULL,NULL,'2020-08-12 19:39:48','2020-08-12 19:39:48'),(4778,4728,NULL,NULL,'2020-08-12 19:39:49','2020-08-12 19:39:49'),(4779,4729,NULL,NULL,'2020-08-12 19:39:51','2020-08-12 19:39:51'),(4780,4730,NULL,NULL,'2020-08-12 19:39:52','2020-08-12 19:39:52'),(4781,4731,NULL,NULL,'2020-08-12 19:39:53','2020-08-12 19:39:53'),(4782,4732,NULL,NULL,'2020-08-12 19:39:54','2020-08-12 19:39:54'),(4783,4733,NULL,NULL,'2020-08-12 19:39:55','2020-08-12 19:39:55'),(4784,4734,NULL,NULL,'2020-08-12 19:39:56','2020-08-12 19:39:56'),(4785,4735,NULL,NULL,'2020-08-12 19:39:57','2020-08-12 19:39:57'),(4786,4736,NULL,NULL,'2020-08-12 19:39:59','2020-08-12 19:39:59'),(4787,4737,NULL,NULL,'2020-08-12 19:40:00','2020-08-12 19:40:00'),(4788,4738,NULL,NULL,'2020-08-12 19:40:01','2020-08-12 19:40:01'),(4789,4739,NULL,NULL,'2020-08-12 19:40:02','2020-08-12 19:40:02'),(4790,4740,NULL,NULL,'2020-08-12 19:40:04','2020-08-12 19:40:04'),(4791,4741,NULL,NULL,'2020-08-12 19:40:05','2020-08-12 19:40:05'),(4792,4742,NULL,NULL,'2020-08-12 19:40:06','2020-08-12 19:40:06'),(4793,4743,NULL,NULL,'2020-08-12 19:40:08','2020-08-12 19:40:08'),(4794,4744,NULL,NULL,'2020-08-12 19:40:09','2020-08-12 19:40:09'),(4795,4745,NULL,NULL,'2020-08-12 19:40:10','2020-08-12 19:40:10'),(4796,4746,NULL,NULL,'2020-08-12 19:40:11','2020-08-12 19:40:11'),(4797,4747,NULL,NULL,'2020-08-12 19:40:12','2020-08-12 19:40:12'),(4798,4748,NULL,NULL,'2020-08-12 19:40:13','2020-08-12 19:40:13'),(4799,4749,NULL,NULL,'2020-08-12 19:40:15','2020-08-12 19:40:15'),(4800,4750,NULL,NULL,'2020-08-12 19:40:16','2020-08-12 19:40:16'),(4801,4751,NULL,NULL,'2020-08-12 19:40:17','2020-08-12 19:40:17'),(4802,4752,NULL,NULL,'2020-08-12 19:40:18','2020-08-12 19:40:18'),(4803,4753,NULL,NULL,'2020-08-12 19:40:19','2020-08-12 19:40:19'),(4804,4754,NULL,NULL,'2020-08-12 19:40:20','2020-08-12 19:40:20'),(4805,4755,NULL,NULL,'2020-08-12 19:40:21','2020-08-12 19:40:21'),(4806,4756,NULL,NULL,'2020-08-12 19:40:22','2020-08-12 19:40:22'),(4807,4757,NULL,NULL,'2020-08-12 19:40:24','2020-08-12 19:40:24'),(4808,4758,NULL,NULL,'2020-08-12 19:40:25','2020-08-12 19:40:25'),(4809,4759,NULL,NULL,'2020-08-12 19:40:26','2020-08-12 19:40:26'),(4810,4760,NULL,NULL,'2020-08-12 19:40:27','2020-08-12 19:40:27'),(4811,4761,NULL,NULL,'2020-08-12 19:40:28','2020-08-12 19:40:28'),(4812,4762,NULL,NULL,'2020-08-12 19:40:29','2020-08-12 19:40:29'),(4813,4763,NULL,NULL,'2020-08-12 19:40:31','2020-08-12 19:40:31'),(4814,4764,NULL,NULL,'2020-08-12 19:40:32','2020-08-12 19:40:32'),(4815,4765,NULL,NULL,'2020-08-12 19:40:33','2020-08-12 19:40:33'),(4816,4766,NULL,NULL,'2020-08-12 19:40:34','2020-08-12 19:40:34'),(4817,4767,NULL,NULL,'2020-08-12 19:40:35','2020-08-12 19:40:35'),(4818,4768,NULL,NULL,'2020-08-12 19:40:36','2020-08-12 19:40:36'),(4819,4769,NULL,NULL,'2020-08-12 19:40:37','2020-08-12 19:40:37'),(4820,4770,NULL,NULL,'2020-08-12 19:40:39','2020-08-12 19:40:39'),(4821,4771,NULL,NULL,'2020-08-12 19:40:40','2020-08-12 19:40:40'),(4822,4772,NULL,NULL,'2020-08-12 19:40:41','2020-08-12 19:40:41'),(4823,4773,NULL,NULL,'2020-08-12 19:40:42','2020-08-12 19:40:42'),(4824,4774,NULL,NULL,'2020-08-12 19:40:43','2020-08-12 19:40:43'),(4825,4775,NULL,NULL,'2020-08-12 19:40:44','2020-08-12 19:40:44'),(4826,4776,NULL,NULL,'2020-08-12 19:40:46','2020-08-12 19:40:46'),(4827,4777,NULL,NULL,'2020-08-12 19:40:47','2020-08-12 19:40:47'),(4828,4778,NULL,NULL,'2020-08-12 19:40:48','2020-08-12 19:40:48'),(4829,4779,NULL,NULL,'2020-08-12 19:40:49','2020-08-12 19:40:49'),(4830,4780,NULL,NULL,'2020-08-12 19:40:50','2020-08-12 19:40:50'),(4831,4781,NULL,NULL,'2020-08-12 19:40:51','2020-08-12 19:40:51'),(4832,4782,NULL,NULL,'2020-08-12 19:40:53','2020-08-12 19:40:53'),(4833,4783,NULL,NULL,'2020-08-12 19:40:54','2020-08-12 19:40:54'),(4834,4784,NULL,NULL,'2020-08-12 19:40:55','2020-08-12 19:40:55'),(4835,4785,NULL,NULL,'2020-08-12 19:40:56','2020-08-12 19:40:56'),(4836,4786,NULL,NULL,'2020-08-12 19:40:57','2020-08-12 19:40:57'),(4837,4787,NULL,NULL,'2020-08-12 19:40:58','2020-08-12 19:40:58'),(4838,4788,NULL,NULL,'2020-08-12 19:40:59','2020-08-12 19:40:59'),(4839,4789,NULL,NULL,'2020-08-12 19:41:01','2020-08-12 19:41:01'),(4840,4790,NULL,NULL,'2020-08-12 19:41:02','2020-08-12 19:41:02'),(4841,4791,NULL,NULL,'2020-08-12 19:41:03','2020-08-12 19:41:03'),(4842,4792,NULL,NULL,'2020-08-12 19:41:04','2020-08-12 19:41:04'),(4843,4793,NULL,NULL,'2020-08-12 19:41:06','2020-08-12 19:41:06'),(4844,4794,NULL,NULL,'2020-08-12 19:41:07','2020-08-12 19:41:07'),(4845,4795,NULL,NULL,'2020-08-12 19:41:08','2020-08-12 19:41:08'),(4846,4796,NULL,NULL,'2020-08-12 19:41:09','2020-08-12 19:41:09'),(4847,4797,NULL,NULL,'2020-08-12 19:41:10','2020-08-12 19:41:10'),(4848,4798,NULL,NULL,'2020-08-12 19:41:12','2020-08-12 19:41:12'),(4849,4799,NULL,NULL,'2020-08-12 19:41:13','2020-08-12 19:41:13'),(4850,4800,NULL,NULL,'2020-08-12 19:41:14','2020-08-12 19:41:14'),(4851,4801,NULL,NULL,'2020-08-12 19:41:15','2020-08-12 19:41:15'),(4852,4802,NULL,NULL,'2020-08-12 19:41:16','2020-08-12 19:41:16'),(4853,4803,NULL,NULL,'2020-08-12 19:41:17','2020-08-12 19:41:17'),(4854,4804,NULL,NULL,'2020-08-12 19:41:19','2020-08-12 19:41:19'),(4855,4805,NULL,NULL,'2020-08-12 19:41:20','2020-08-12 19:41:20'),(4856,4806,NULL,NULL,'2020-08-12 19:41:21','2020-08-12 19:41:21'),(4857,4807,NULL,NULL,'2020-08-12 19:41:22','2020-08-12 19:41:22'),(4858,4808,NULL,NULL,'2020-08-12 19:41:23','2020-08-12 19:41:23'),(4859,4809,NULL,NULL,'2020-08-12 19:41:24','2020-08-12 19:41:24'),(4860,4810,NULL,NULL,'2020-08-12 19:41:26','2020-08-12 19:41:26'),(4861,4811,NULL,NULL,'2020-08-12 19:41:27','2020-08-12 19:41:27'),(4862,4812,NULL,NULL,'2020-08-12 19:41:28','2020-08-12 19:41:28'),(4863,4813,NULL,NULL,'2020-08-12 19:41:29','2020-08-12 19:41:29'),(4864,4814,NULL,NULL,'2020-08-12 19:41:30','2020-08-12 19:41:30'),(4865,4815,NULL,NULL,'2020-08-12 19:41:32','2020-08-12 19:41:32'),(4866,4816,NULL,NULL,'2020-08-12 19:41:33','2020-08-12 19:41:33'),(4867,4817,NULL,NULL,'2020-08-12 19:41:34','2020-08-12 19:41:34'),(4868,4818,NULL,NULL,'2020-08-12 19:41:35','2020-08-12 19:41:35'),(4869,4819,NULL,NULL,'2020-08-12 19:41:36','2020-08-12 19:41:36'),(4870,4820,NULL,NULL,'2020-08-12 19:41:37','2020-08-12 19:41:37'),(4871,4821,NULL,NULL,'2020-08-12 19:41:39','2020-08-12 19:41:39'),(4872,4822,NULL,NULL,'2020-08-12 19:41:40','2020-08-12 19:41:40'),(4873,4823,NULL,NULL,'2020-08-12 19:41:41','2020-08-12 19:41:41'),(4874,4824,NULL,NULL,'2020-08-12 19:41:42','2020-08-12 19:41:42'),(4875,4825,NULL,NULL,'2020-08-12 19:41:43','2020-08-12 19:41:43'),(4876,4826,NULL,NULL,'2020-08-12 19:41:45','2020-08-12 19:41:45'),(4877,4827,NULL,NULL,'2020-08-12 19:41:46','2020-08-12 19:41:46'),(4878,4828,NULL,NULL,'2020-08-12 19:41:47','2020-08-12 19:41:47'),(4879,4829,NULL,NULL,'2020-08-12 19:41:48','2020-08-12 19:41:48'),(4880,4830,NULL,NULL,'2020-08-12 19:41:49','2020-08-12 19:41:49'),(4881,4831,NULL,NULL,'2020-08-12 19:41:51','2020-08-12 19:41:51'),(4882,4832,NULL,NULL,'2020-08-12 19:41:52','2020-08-12 19:41:52'),(4883,4833,NULL,NULL,'2020-08-12 19:41:53','2020-08-12 19:41:53'),(4884,4834,NULL,NULL,'2020-08-12 19:41:54','2020-08-12 19:41:54'),(4885,4835,NULL,NULL,'2020-08-12 19:41:55','2020-08-12 19:41:55'),(4886,4836,NULL,NULL,'2020-08-12 19:41:57','2020-08-12 19:41:57'),(4887,4837,NULL,NULL,'2020-08-12 19:41:58','2020-08-12 19:41:58'),(4888,4838,NULL,NULL,'2020-08-12 19:41:59','2020-08-12 19:41:59'),(4889,4839,NULL,NULL,'2020-08-12 19:42:00','2020-08-12 19:42:00'),(4890,4840,NULL,NULL,'2020-08-12 19:42:01','2020-08-12 19:42:01'),(4891,4841,NULL,NULL,'2020-08-12 19:42:03','2020-08-12 19:42:03'),(4892,4842,NULL,NULL,'2020-08-12 19:42:04','2020-08-12 19:42:04'),(4893,4843,NULL,NULL,'2020-08-12 19:42:05','2020-08-12 19:42:05'),(4894,4844,NULL,NULL,'2020-08-12 19:42:07','2020-08-12 19:42:07'),(4895,4845,NULL,NULL,'2020-08-12 19:42:08','2020-08-12 19:42:08'),(4896,4846,NULL,NULL,'2020-08-12 19:42:09','2020-08-12 19:42:09'),(4897,4847,NULL,NULL,'2020-08-12 19:42:11','2020-08-12 19:42:11'),(4898,4848,NULL,NULL,'2020-08-12 19:42:12','2020-08-12 19:42:12'),(4899,4849,NULL,NULL,'2020-08-12 19:42:13','2020-08-12 19:42:13'),(4900,4850,NULL,NULL,'2020-08-12 19:42:14','2020-08-12 19:42:14'),(4901,4851,NULL,NULL,'2020-08-12 19:42:15','2020-08-12 19:42:15'),(4902,4852,NULL,NULL,'2020-08-12 19:42:17','2020-08-12 19:42:17'),(4903,4853,NULL,NULL,'2020-08-12 19:42:18','2020-08-12 19:42:18'),(4904,4854,NULL,NULL,'2020-08-12 19:42:19','2020-08-12 19:42:19'),(4905,4855,NULL,NULL,'2020-08-12 19:42:20','2020-08-12 19:42:20'),(4906,4856,NULL,NULL,'2020-08-12 19:42:21','2020-08-12 19:42:21'),(4907,4857,NULL,NULL,'2020-08-12 19:42:22','2020-08-12 19:42:22'),(4908,4858,NULL,NULL,'2020-08-12 19:42:24','2020-08-12 19:42:24'),(4909,4859,NULL,NULL,'2020-08-12 19:42:25','2020-08-12 19:42:25'),(4910,4860,NULL,NULL,'2020-08-12 19:42:26','2020-08-12 19:42:26'),(4911,4861,NULL,NULL,'2020-08-12 19:42:27','2020-08-12 19:42:27'),(4912,4862,NULL,NULL,'2020-08-12 19:42:29','2020-08-12 19:42:29'),(4913,4863,NULL,NULL,'2020-08-12 19:42:30','2020-08-12 19:42:30'),(4914,4864,NULL,NULL,'2020-08-12 19:42:31','2020-08-12 19:42:31'),(4915,4865,NULL,NULL,'2020-08-12 19:42:32','2020-08-12 19:42:32'),(4916,4866,NULL,NULL,'2020-08-12 19:42:33','2020-08-12 19:42:33'),(4917,4867,NULL,NULL,'2020-08-12 19:42:35','2020-08-12 19:42:35'),(4918,4868,NULL,NULL,'2020-08-12 19:42:36','2020-08-12 19:42:36'),(4919,4869,NULL,NULL,'2020-08-12 19:42:37','2020-08-12 19:42:37'),(4920,4870,NULL,NULL,'2020-08-12 19:42:38','2020-08-12 19:42:38'),(4921,4871,NULL,NULL,'2020-08-12 19:42:39','2020-08-12 19:42:39'),(4922,4872,NULL,NULL,'2020-08-12 19:42:41','2020-08-12 19:42:41'),(4923,4873,NULL,NULL,'2020-08-12 19:42:42','2020-08-12 19:42:42'),(4924,4874,NULL,NULL,'2020-08-12 19:42:43','2020-08-12 19:42:43'),(4925,4875,NULL,NULL,'2020-08-12 19:42:44','2020-08-12 19:42:44'),(4926,4876,NULL,NULL,'2020-08-12 19:42:45','2020-08-12 19:42:45'),(4927,4877,NULL,NULL,'2020-08-12 19:42:47','2020-08-12 19:42:47'),(4928,4878,NULL,NULL,'2020-08-12 19:42:48','2020-08-12 19:42:48'),(4929,4879,NULL,NULL,'2020-08-12 19:42:49','2020-08-12 19:42:49'),(4930,4880,NULL,NULL,'2020-08-12 19:42:50','2020-08-12 19:42:50'),(4931,4881,NULL,NULL,'2020-08-12 19:42:52','2020-08-12 19:42:52'),(4932,4882,NULL,NULL,'2020-08-12 19:42:53','2020-08-12 19:42:53'),(4933,4883,NULL,NULL,'2020-08-12 19:42:54','2020-08-12 19:42:54'),(4934,4884,NULL,NULL,'2020-08-12 19:42:55','2020-08-12 19:42:55'),(4935,4885,NULL,NULL,'2020-08-12 19:42:56','2020-08-12 19:42:56'),(4936,4886,NULL,NULL,'2020-08-12 19:42:58','2020-08-12 19:42:58'),(4937,4887,NULL,NULL,'2020-08-12 19:42:59','2020-08-12 19:42:59'),(4938,4888,NULL,NULL,'2020-08-12 19:43:00','2020-08-12 19:43:00'),(4939,4889,NULL,NULL,'2020-08-12 19:43:01','2020-08-12 19:43:01'),(4940,4890,NULL,NULL,'2020-08-12 19:43:03','2020-08-12 19:43:03'),(4941,4891,NULL,NULL,'2020-08-12 19:43:04','2020-08-12 19:43:04'),(4942,4892,NULL,NULL,'2020-08-12 19:43:05','2020-08-12 19:43:05'),(4943,4893,NULL,NULL,'2020-08-12 19:43:06','2020-08-12 19:43:06'),(4944,4894,NULL,NULL,'2020-08-12 19:43:08','2020-08-12 19:43:08'),(4945,4895,NULL,NULL,'2020-08-12 19:43:09','2020-08-12 19:43:09'),(4946,4896,NULL,NULL,'2020-08-12 19:43:11','2020-08-12 19:43:11'),(4947,4897,NULL,NULL,'2020-08-12 19:43:12','2020-08-12 19:43:12'),(4948,4898,NULL,NULL,'2020-08-12 19:43:13','2020-08-12 19:43:13'),(4949,4899,NULL,NULL,'2020-08-12 19:43:14','2020-08-12 19:43:14'),(4950,4900,NULL,NULL,'2020-08-12 19:43:16','2020-08-12 19:43:16'),(4951,4901,NULL,NULL,'2020-08-12 19:43:17','2020-08-12 19:43:17'),(4952,4902,NULL,NULL,'2020-08-12 19:43:18','2020-08-12 19:43:18'),(4953,4903,NULL,NULL,'2020-08-12 19:43:19','2020-08-12 19:43:19'),(4954,4904,NULL,NULL,'2020-08-12 19:43:21','2020-08-12 19:43:21'),(4955,4905,NULL,NULL,'2020-08-12 19:43:22','2020-08-12 19:43:22'),(4956,4906,NULL,NULL,'2020-08-12 19:43:23','2020-08-12 19:43:23'),(4957,4907,NULL,NULL,'2020-08-12 19:43:24','2020-08-12 19:43:24'),(4958,4908,NULL,NULL,'2020-08-12 19:43:26','2020-08-12 19:43:26'),(4959,4909,NULL,NULL,'2020-08-12 19:43:27','2020-08-12 19:43:27'),(4960,4910,NULL,NULL,'2020-08-12 19:43:28','2020-08-12 19:43:28'),(4961,4911,NULL,NULL,'2020-08-12 19:43:29','2020-08-12 19:43:29'),(4962,4912,NULL,NULL,'2020-08-12 19:43:30','2020-08-12 19:43:30'),(4963,4913,NULL,NULL,'2020-08-12 19:43:32','2020-08-12 19:43:32'),(4964,4914,NULL,NULL,'2020-08-12 19:43:33','2020-08-12 19:43:33'),(4965,4915,NULL,NULL,'2020-08-12 19:43:34','2020-08-12 19:43:34'),(4966,4916,NULL,NULL,'2020-08-12 19:43:36','2020-08-12 19:43:36'),(4967,4917,NULL,NULL,'2020-08-12 19:43:37','2020-08-12 19:43:37'),(4968,4918,NULL,NULL,'2020-08-12 19:43:38','2020-08-12 19:43:38'),(4969,4919,NULL,NULL,'2020-08-12 19:43:39','2020-08-12 19:43:39'),(4970,4920,NULL,NULL,'2020-08-12 19:43:41','2020-08-12 19:43:41'),(4971,4921,NULL,NULL,'2020-08-12 19:43:42','2020-08-12 19:43:42'),(4972,4922,NULL,NULL,'2020-08-12 19:43:43','2020-08-12 19:43:43'),(4973,4923,NULL,NULL,'2020-08-12 19:43:44','2020-08-12 19:43:44'),(4974,4924,NULL,NULL,'2020-08-12 19:43:46','2020-08-12 19:43:46'),(4975,4925,NULL,NULL,'2020-08-12 19:43:47','2020-08-12 19:43:47'),(4976,4926,NULL,NULL,'2020-08-12 19:43:48','2020-08-12 19:43:48'),(4977,4927,NULL,NULL,'2020-08-12 19:43:49','2020-08-12 19:43:49'),(4978,4928,NULL,NULL,'2020-08-12 19:43:51','2020-08-12 19:43:51'),(4979,4929,NULL,NULL,'2020-08-12 19:43:52','2020-08-12 19:43:52'),(4980,4930,NULL,NULL,'2020-08-12 19:43:53','2020-08-12 19:43:53'),(4981,4931,NULL,NULL,'2020-08-12 19:43:55','2020-08-12 19:43:55'),(4982,4932,NULL,NULL,'2020-08-12 19:43:56','2020-08-12 19:43:56'),(4983,4933,NULL,NULL,'2020-08-12 19:43:57','2020-08-12 19:43:57'),(4984,4934,NULL,NULL,'2020-08-12 19:43:58','2020-08-12 19:43:58'),(4985,4935,NULL,NULL,'2020-08-12 19:44:00','2020-08-12 19:44:00'),(4986,4936,NULL,NULL,'2020-08-12 19:44:01','2020-08-12 19:44:01'),(4987,4937,NULL,NULL,'2020-08-12 19:44:02','2020-08-12 19:44:02'),(4988,4938,NULL,NULL,'2020-08-12 19:44:04','2020-08-12 19:44:04'),(4989,4939,NULL,NULL,'2020-08-12 19:44:05','2020-08-12 19:44:05'),(4990,4940,NULL,NULL,'2020-08-12 19:44:07','2020-08-12 19:44:07'),(4991,4941,NULL,NULL,'2020-08-12 19:44:08','2020-08-12 19:44:08'),(4992,4942,NULL,NULL,'2020-08-12 19:44:09','2020-08-12 19:44:09'),(4993,4943,NULL,NULL,'2020-08-12 19:44:11','2020-08-12 19:44:11'),(4994,4944,NULL,NULL,'2020-08-12 19:44:12','2020-08-12 19:44:12'),(4995,4945,NULL,NULL,'2020-08-12 19:44:13','2020-08-12 19:44:13'),(4996,4946,NULL,NULL,'2020-08-12 19:44:14','2020-08-12 19:44:14'),(4997,4947,NULL,NULL,'2020-08-12 19:44:16','2020-08-12 19:44:16'),(4998,4948,NULL,NULL,'2020-08-12 19:44:17','2020-08-12 19:44:17'),(4999,4949,NULL,NULL,'2020-08-12 19:44:18','2020-08-12 19:44:18'),(5000,4950,NULL,NULL,'2020-08-12 19:44:19','2020-08-12 19:44:19'),(5001,4951,NULL,NULL,'2020-08-12 19:44:21','2020-08-12 19:44:21'),(5002,4952,NULL,NULL,'2020-08-12 19:44:22','2020-08-12 19:44:22'),(5003,4953,NULL,NULL,'2020-08-12 19:44:23','2020-08-12 19:44:23'),(5004,4954,NULL,NULL,'2020-08-12 19:44:24','2020-08-12 19:44:24'),(5005,4955,NULL,NULL,'2020-08-12 19:44:26','2020-08-12 19:44:26'),(5006,4956,NULL,NULL,'2020-08-12 19:44:27','2020-08-12 19:44:27'),(5007,4957,NULL,NULL,'2020-08-12 19:44:28','2020-08-12 19:44:28'),(5008,4958,NULL,NULL,'2020-08-12 19:44:30','2020-08-12 19:44:30'),(5009,4959,NULL,NULL,'2020-08-12 19:44:31','2020-08-12 19:44:31'),(5010,4960,NULL,NULL,'2020-08-12 19:44:32','2020-08-12 19:44:32'),(5011,4961,NULL,NULL,'2020-08-12 19:44:33','2020-08-12 19:44:33'),(5012,4962,NULL,NULL,'2020-08-12 19:44:35','2020-08-12 19:44:35'),(5013,4963,NULL,NULL,'2020-08-12 19:44:36','2020-08-12 19:44:36'),(5014,4964,NULL,NULL,'2020-08-12 19:44:37','2020-08-12 19:44:37'),(5015,4965,NULL,NULL,'2020-08-12 19:44:38','2020-08-12 19:44:38'),(5016,4966,NULL,NULL,'2020-08-12 19:44:40','2020-08-12 19:44:40'),(5017,4967,NULL,NULL,'2020-08-12 19:44:41','2020-08-12 19:44:41'),(5018,4968,NULL,NULL,'2020-08-12 19:44:42','2020-08-12 19:44:42'),(5019,4969,NULL,NULL,'2020-08-12 19:44:43','2020-08-12 19:44:43'),(5020,4970,NULL,NULL,'2020-08-12 19:44:45','2020-08-12 19:44:45'),(5021,4971,NULL,NULL,'2020-08-12 19:44:46','2020-08-12 19:44:46'),(5022,4972,NULL,NULL,'2020-08-12 19:44:47','2020-08-12 19:44:47'),(5023,4973,NULL,NULL,'2020-08-12 19:44:49','2020-08-12 19:44:49'),(5024,4974,NULL,NULL,'2020-08-12 19:44:50','2020-08-12 19:44:50'),(5025,4975,NULL,NULL,'2020-08-12 19:44:51','2020-08-12 19:44:51'),(5026,4976,NULL,NULL,'2020-08-12 19:44:52','2020-08-12 19:44:52'),(5027,4977,NULL,NULL,'2020-08-12 19:44:54','2020-08-12 19:44:54'),(5028,4978,NULL,NULL,'2020-08-12 19:44:55','2020-08-12 19:44:55'),(5029,4979,NULL,NULL,'2020-08-12 19:44:56','2020-08-12 19:44:56'),(5030,4980,NULL,NULL,'2020-08-12 19:44:58','2020-08-12 19:44:58'),(5031,4981,NULL,NULL,'2020-08-12 19:44:59','2020-08-12 19:44:59'),(5032,4982,NULL,NULL,'2020-08-12 19:45:00','2020-08-12 19:45:00'),(5033,4983,NULL,NULL,'2020-08-12 19:45:01','2020-08-12 19:45:01'),(5034,4984,NULL,NULL,'2020-08-12 19:45:03','2020-08-12 19:45:03'),(5035,4985,NULL,NULL,'2020-08-12 19:45:04','2020-08-12 19:45:04'),(5036,4986,NULL,NULL,'2020-08-12 19:45:06','2020-08-12 19:45:06'),(5037,4987,NULL,NULL,'2020-08-12 19:45:07','2020-08-12 19:45:07'),(5038,4988,NULL,NULL,'2020-08-12 19:45:09','2020-08-12 19:45:09'),(5039,4989,NULL,NULL,'2020-08-12 19:45:10','2020-08-12 19:45:10'),(5040,4990,NULL,NULL,'2020-08-12 19:45:11','2020-08-12 19:45:11'),(5041,4991,NULL,NULL,'2020-08-12 19:45:12','2020-08-12 19:45:12'),(5042,4992,NULL,NULL,'2020-08-12 19:45:14','2020-08-12 19:45:14'),(5043,4993,NULL,NULL,'2020-08-12 19:45:15','2020-08-12 19:45:15'),(5044,4994,NULL,NULL,'2020-08-12 19:45:16','2020-08-12 19:45:16'),(5045,4995,NULL,NULL,'2020-08-12 19:45:18','2020-08-12 19:45:18'),(5046,4996,NULL,NULL,'2020-08-12 19:45:19','2020-08-12 19:45:19'),(5047,4997,NULL,NULL,'2020-08-12 19:45:20','2020-08-12 19:45:20'),(5048,4998,NULL,NULL,'2020-08-12 19:45:22','2020-08-12 19:45:22'),(5049,4999,NULL,NULL,'2020-08-12 19:45:23','2020-08-12 19:45:23'),(5050,5000,NULL,NULL,'2020-08-12 19:45:24','2020-08-12 19:45:24'),(5051,5001,NULL,NULL,'2020-08-12 19:45:25','2020-08-12 19:45:25'),(5052,5002,NULL,NULL,'2020-08-12 19:45:27','2020-08-12 19:45:27'),(5053,5003,NULL,NULL,'2020-08-12 19:45:28','2020-08-12 19:45:28'),(5054,5004,NULL,NULL,'2020-08-12 19:45:29','2020-08-12 19:45:29'),(5055,5005,NULL,NULL,'2020-08-12 19:45:31','2020-08-12 19:45:31'),(5056,5006,NULL,NULL,'2020-08-12 19:45:32','2020-08-12 19:45:32'),(5057,5007,NULL,NULL,'2020-08-12 19:45:33','2020-08-12 19:45:33'),(5058,5008,NULL,NULL,'2020-08-12 19:45:34','2020-08-12 19:45:34'),(5059,5009,NULL,NULL,'2020-08-12 19:45:36','2020-08-12 19:45:36'),(5060,5010,NULL,NULL,'2020-08-12 19:45:37','2020-08-12 19:45:37'),(5061,5011,NULL,NULL,'2020-08-12 19:45:38','2020-08-12 19:45:38'),(5062,5012,NULL,NULL,'2020-08-12 19:45:40','2020-08-12 19:45:40'),(5063,5013,NULL,NULL,'2020-08-12 19:45:41','2020-08-12 19:45:41'),(5064,5014,NULL,NULL,'2020-08-12 19:45:42','2020-08-12 19:45:42'),(5065,5015,NULL,NULL,'2020-08-12 19:45:44','2020-08-12 19:45:44'),(5066,5016,NULL,NULL,'2020-08-12 19:45:45','2020-08-12 19:45:45'),(5067,5017,NULL,NULL,'2020-08-12 19:45:46','2020-08-12 19:45:46'),(5068,5018,NULL,NULL,'2020-08-12 19:45:48','2020-08-12 19:45:48'),(5069,5019,NULL,NULL,'2020-08-12 19:45:49','2020-08-12 19:45:49'),(5070,5020,NULL,NULL,'2020-08-12 19:45:50','2020-08-12 19:45:50'),(5071,5021,NULL,NULL,'2020-08-12 19:45:52','2020-08-12 19:45:52'),(5072,5022,NULL,NULL,'2020-08-12 19:45:53','2020-08-12 19:45:53'),(5073,5023,NULL,NULL,'2020-08-12 19:45:54','2020-08-12 19:45:54'),(5074,5024,NULL,NULL,'2020-08-12 19:45:56','2020-08-12 19:45:56'),(5075,5025,NULL,NULL,'2020-08-12 19:45:57','2020-08-12 19:45:57'),(5076,5026,NULL,NULL,'2020-08-12 19:45:58','2020-08-12 19:45:58'),(5077,5027,NULL,NULL,'2020-08-12 19:46:00','2020-08-12 19:46:00'),(5078,5028,NULL,NULL,'2020-08-12 19:46:01','2020-08-12 19:46:01'),(5079,5029,NULL,NULL,'2020-08-12 19:46:03','2020-08-12 19:46:03'),(5080,5030,NULL,NULL,'2020-08-12 19:46:05','2020-08-12 19:46:05'),(5081,5031,NULL,NULL,'2020-08-12 19:46:07','2020-08-12 19:46:07'),(5082,5032,NULL,NULL,'2020-08-12 19:46:09','2020-08-12 19:46:09'),(5083,5033,NULL,NULL,'2020-08-12 19:46:10','2020-08-12 19:46:10'),(5084,5034,NULL,NULL,'2020-08-12 19:46:11','2020-08-12 19:46:11'),(5085,5035,NULL,NULL,'2020-08-12 19:46:13','2020-08-12 19:46:13'),(5086,5036,NULL,NULL,'2020-08-12 19:46:14','2020-08-12 19:46:14'),(5087,5037,NULL,NULL,'2020-08-12 19:46:15','2020-08-12 19:46:15'),(5088,5038,NULL,NULL,'2020-08-12 19:46:17','2020-08-12 19:46:17'),(5089,5039,NULL,NULL,'2020-08-12 19:46:18','2020-08-12 19:46:18'),(5090,5040,NULL,NULL,'2020-08-12 19:46:19','2020-08-12 19:46:19'),(5091,5041,NULL,NULL,'2020-08-12 19:46:21','2020-08-12 19:46:21'),(5092,5042,NULL,NULL,'2020-08-12 19:46:22','2020-08-12 19:46:22'),(5093,5043,NULL,NULL,'2020-08-12 19:46:23','2020-08-12 19:46:23'),(5094,5044,NULL,NULL,'2020-08-12 19:46:25','2020-08-12 19:46:25'),(5095,5045,NULL,NULL,'2020-08-12 19:46:26','2020-08-12 19:46:26'),(5096,5046,NULL,NULL,'2020-08-12 19:46:27','2020-08-12 19:46:27'),(5097,5047,NULL,NULL,'2020-08-12 19:46:29','2020-08-12 19:46:29'),(5098,5048,NULL,NULL,'2020-08-12 19:46:30','2020-08-12 19:46:30'),(5099,5049,NULL,NULL,'2020-08-12 19:46:31','2020-08-12 19:46:31'),(5100,5050,NULL,NULL,'2020-08-12 19:46:33','2020-08-12 19:46:33'),(5101,5051,NULL,NULL,'2020-08-12 19:46:34','2020-08-12 19:46:34'),(5102,5052,NULL,NULL,'2020-08-12 19:46:35','2020-08-12 19:46:35'),(5103,5053,NULL,NULL,'2020-08-12 19:46:37','2020-08-12 19:46:37'),(5104,5054,NULL,NULL,'2020-08-12 19:46:38','2020-08-12 19:46:38'),(5105,5055,NULL,NULL,'2020-08-12 19:46:39','2020-08-12 19:46:39'),(5106,5056,NULL,NULL,'2020-08-12 19:46:41','2020-08-12 19:46:41'),(5107,5057,NULL,NULL,'2020-08-12 19:46:42','2020-08-12 19:46:42'),(5108,5058,NULL,NULL,'2020-08-12 19:46:44','2020-08-12 19:46:44'),(5109,5059,NULL,NULL,'2020-08-12 19:46:45','2020-08-12 19:46:45'),(5110,5060,NULL,NULL,'2020-08-12 19:46:46','2020-08-12 19:46:46'),(5111,5061,NULL,NULL,'2020-08-12 19:46:48','2020-08-12 19:46:48'),(5112,5062,NULL,NULL,'2020-08-12 19:46:49','2020-08-12 19:46:49'),(5113,5063,NULL,NULL,'2020-08-12 19:46:51','2020-08-12 19:46:51'),(5114,5064,NULL,NULL,'2020-08-12 19:46:52','2020-08-12 19:46:52'),(5115,5065,NULL,NULL,'2020-08-12 19:46:53','2020-08-12 19:46:53'),(5116,5066,NULL,NULL,'2020-08-12 19:46:55','2020-08-12 19:46:55'),(5117,5067,NULL,NULL,'2020-08-12 19:46:56','2020-08-12 19:46:56'),(5118,5068,NULL,NULL,'2020-08-12 19:46:57','2020-08-12 19:46:57'),(5119,5069,NULL,NULL,'2020-08-12 19:46:59','2020-08-12 19:46:59'),(5120,5070,NULL,NULL,'2020-08-12 19:47:00','2020-08-12 19:47:00'),(5121,5071,NULL,NULL,'2020-08-12 19:47:01','2020-08-12 19:47:01'),(5122,5072,NULL,NULL,'2020-08-12 19:47:03','2020-08-12 19:47:03'),(5123,5073,NULL,NULL,'2020-08-12 19:47:05','2020-08-12 19:47:05'),(5124,5074,NULL,NULL,'2020-08-12 19:47:07','2020-08-12 19:47:07'),(5125,5075,NULL,NULL,'2020-08-12 19:47:08','2020-08-12 19:47:08'),(5126,5076,NULL,NULL,'2020-08-12 19:47:09','2020-08-12 19:47:09'),(5127,5077,NULL,NULL,'2020-08-12 19:47:11','2020-08-12 19:47:11'),(5128,5078,NULL,NULL,'2020-08-12 19:47:12','2020-08-12 19:47:12'),(5129,5079,NULL,NULL,'2020-08-12 19:47:13','2020-08-12 19:47:13'),(5130,5080,NULL,NULL,'2020-08-12 19:47:15','2020-08-12 19:47:15'),(5131,5081,NULL,NULL,'2020-08-12 19:47:16','2020-08-12 19:47:16'),(5132,5082,NULL,NULL,'2020-08-12 19:47:18','2020-08-12 19:47:18'),(5133,5083,NULL,NULL,'2020-08-12 19:47:19','2020-08-12 19:47:19'),(5134,5084,NULL,NULL,'2020-08-12 19:47:20','2020-08-12 19:47:20'),(5135,5085,NULL,NULL,'2020-08-12 19:47:22','2020-08-12 19:47:22'),(5136,5086,NULL,NULL,'2020-08-12 19:47:23','2020-08-12 19:47:23'),(5137,5087,NULL,NULL,'2020-08-12 19:47:24','2020-08-12 19:47:24'),(5138,5088,NULL,NULL,'2020-08-12 19:47:26','2020-08-12 19:47:26'),(5139,5089,NULL,NULL,'2020-08-12 19:47:27','2020-08-12 19:47:27'),(5140,5090,NULL,NULL,'2020-08-12 19:47:28','2020-08-12 19:47:28'),(5141,5091,NULL,NULL,'2020-08-12 19:47:30','2020-08-12 19:47:30'),(5142,5092,NULL,NULL,'2020-08-12 19:47:32','2020-08-12 19:47:32'),(5143,5093,NULL,NULL,'2020-08-12 19:47:33','2020-08-12 19:47:33'),(5144,5094,NULL,NULL,'2020-08-12 19:47:35','2020-08-12 19:47:35'),(5145,5095,NULL,NULL,'2020-08-12 19:47:36','2020-08-12 19:47:36'),(5146,5096,NULL,NULL,'2020-08-12 19:47:37','2020-08-12 19:47:37'),(5147,5097,NULL,NULL,'2020-08-12 19:47:39','2020-08-12 19:47:39'),(5148,5098,NULL,NULL,'2020-08-12 19:47:40','2020-08-12 19:47:40'),(5149,5099,NULL,NULL,'2020-08-12 19:47:42','2020-08-12 19:47:42'),(5150,5100,NULL,NULL,'2020-08-12 19:47:43','2020-08-12 19:47:43'),(5151,5101,NULL,NULL,'2020-08-12 19:47:44','2020-08-12 19:47:44'),(5152,5102,NULL,NULL,'2020-08-12 19:47:46','2020-08-12 19:47:46'),(5153,5103,NULL,NULL,'2020-08-12 19:47:47','2020-08-12 19:47:47'),(5154,5104,NULL,NULL,'2020-08-12 19:47:49','2020-08-12 19:47:49'),(5155,5105,NULL,NULL,'2020-08-12 19:47:50','2020-08-12 19:47:50'),(5156,5106,NULL,NULL,'2020-08-12 19:47:51','2020-08-12 19:47:51'),(5157,5107,NULL,NULL,'2020-08-12 19:47:53','2020-08-12 19:47:53'),(5158,5108,NULL,NULL,'2020-08-12 19:47:54','2020-08-12 19:47:54'),(5159,5109,NULL,NULL,'2020-08-12 19:47:56','2020-08-12 19:47:56'),(5160,5110,NULL,NULL,'2020-08-12 19:47:57','2020-08-12 19:47:57'),(5161,5111,NULL,NULL,'2020-08-12 19:47:58','2020-08-12 19:47:58'),(5162,5112,NULL,NULL,'2020-08-12 19:48:00','2020-08-12 19:48:00'),(5163,5113,NULL,NULL,'2020-08-12 19:48:01','2020-08-12 19:48:01'),(5164,5114,NULL,NULL,'2020-08-12 19:48:03','2020-08-12 19:48:03'),(5165,5115,NULL,NULL,'2020-08-12 19:48:04','2020-08-12 19:48:04'),(5166,5116,NULL,NULL,'2020-08-12 19:48:06','2020-08-12 19:48:06'),(5167,5117,NULL,NULL,'2020-08-12 19:48:07','2020-08-12 19:48:07'),(5168,5118,NULL,NULL,'2020-08-12 19:48:09','2020-08-12 19:48:09'),(5169,5119,NULL,NULL,'2020-08-12 19:48:10','2020-08-12 19:48:10'),(5170,5120,NULL,NULL,'2020-08-12 19:48:12','2020-08-12 19:48:12'),(5171,5121,NULL,NULL,'2020-08-12 19:48:13','2020-08-12 19:48:13'),(5172,5122,NULL,NULL,'2020-08-12 19:48:14','2020-08-12 19:48:14'),(5173,5123,NULL,NULL,'2020-08-12 19:48:16','2020-08-12 19:48:16'),(5174,5124,NULL,NULL,'2020-08-12 19:48:17','2020-08-12 19:48:17'),(5175,5125,NULL,NULL,'2020-08-12 19:48:19','2020-08-12 19:48:19'),(5176,5126,NULL,NULL,'2020-08-12 19:48:20','2020-08-12 19:48:20'),(5177,5127,NULL,NULL,'2020-08-12 19:48:21','2020-08-12 19:48:21'),(5178,5128,NULL,NULL,'2020-08-12 19:48:23','2020-08-12 19:48:23'),(5179,5129,NULL,NULL,'2020-08-12 19:48:24','2020-08-12 19:48:24'),(5180,5130,NULL,NULL,'2020-08-12 19:48:26','2020-08-12 19:48:26'),(5181,5131,NULL,NULL,'2020-08-12 19:48:27','2020-08-12 19:48:27'),(5182,5132,NULL,NULL,'2020-08-12 19:48:28','2020-08-12 19:48:28'),(5183,5133,NULL,NULL,'2020-08-12 19:48:30','2020-08-12 19:48:30'),(5184,5134,NULL,NULL,'2020-08-12 19:48:31','2020-08-12 19:48:31'),(5185,5135,NULL,NULL,'2020-08-12 19:48:33','2020-08-12 19:48:33'),(5186,5136,NULL,NULL,'2020-08-12 19:48:34','2020-08-12 19:48:34'),(5187,5137,NULL,NULL,'2020-08-12 19:48:36','2020-08-12 19:48:36'),(5188,5138,NULL,NULL,'2020-08-12 19:48:37','2020-08-12 19:48:37'),(5189,5139,NULL,NULL,'2020-08-12 19:48:38','2020-08-12 19:48:38'),(5190,5140,NULL,NULL,'2020-08-12 19:48:40','2020-08-12 19:48:40'),(5191,5141,NULL,NULL,'2020-08-12 19:48:41','2020-08-12 19:48:41'),(5192,5142,NULL,NULL,'2020-08-12 19:48:43','2020-08-12 19:48:43'),(5193,5143,NULL,NULL,'2020-08-12 19:48:44','2020-08-12 19:48:44'),(5194,5144,NULL,NULL,'2020-08-12 19:48:46','2020-08-12 19:48:46'),(5195,5145,NULL,NULL,'2020-08-12 19:48:47','2020-08-12 19:48:47'),(5196,5146,NULL,NULL,'2020-08-12 19:48:48','2020-08-12 19:48:48'),(5197,5147,NULL,NULL,'2020-08-12 19:48:50','2020-08-12 19:48:50'),(5198,5148,NULL,NULL,'2020-08-12 19:48:51','2020-08-12 19:48:51'),(5199,5149,NULL,NULL,'2020-08-12 19:48:53','2020-08-12 19:48:53'),(5200,5150,NULL,NULL,'2020-08-12 19:48:54','2020-08-12 19:48:54'),(5201,5151,NULL,NULL,'2020-08-12 19:48:55','2020-08-12 19:48:55'),(5202,5152,NULL,NULL,'2020-08-12 19:48:57','2020-08-12 19:48:57'),(5203,5153,NULL,NULL,'2020-08-12 19:48:58','2020-08-12 19:48:58'),(5204,5154,NULL,NULL,'2020-08-12 19:49:00','2020-08-12 19:49:00'),(5205,5155,NULL,NULL,'2020-08-12 19:49:01','2020-08-12 19:49:01'),(5206,5156,NULL,NULL,'2020-08-12 19:49:03','2020-08-12 19:49:03'),(5207,5157,NULL,NULL,'2020-08-12 19:49:04','2020-08-12 19:49:04'),(5208,5158,NULL,NULL,'2020-08-12 19:49:06','2020-08-12 19:49:06'),(5209,5159,NULL,NULL,'2020-08-12 19:49:08','2020-08-12 19:49:08'),(5210,5160,NULL,NULL,'2020-08-12 19:49:09','2020-08-12 19:49:09'),(5211,5161,NULL,NULL,'2020-08-12 19:49:10','2020-08-12 19:49:10'),(5212,5162,NULL,NULL,'2020-08-12 19:49:12','2020-08-12 19:49:12'),(5213,5163,NULL,NULL,'2020-08-12 19:49:13','2020-08-12 19:49:13'),(5214,5164,NULL,NULL,'2020-08-12 19:49:15','2020-08-12 19:49:15'),(5215,5165,NULL,NULL,'2020-08-12 19:49:16','2020-08-12 19:49:16'),(5216,5166,NULL,NULL,'2020-08-12 19:49:18','2020-08-12 19:49:18'),(5217,5167,NULL,NULL,'2020-08-12 19:49:19','2020-08-12 19:49:19'),(5218,5168,NULL,NULL,'2020-08-12 19:49:21','2020-08-12 19:49:21'),(5219,5169,NULL,NULL,'2020-08-12 19:49:22','2020-08-12 19:49:22'),(5220,5170,NULL,NULL,'2020-08-12 19:49:24','2020-08-12 19:49:24'),(5221,5171,NULL,NULL,'2020-08-12 19:49:25','2020-08-12 19:49:25'),(5222,5172,NULL,NULL,'2020-08-12 19:49:26','2020-08-12 19:49:26'),(5223,5173,NULL,NULL,'2020-08-12 19:49:28','2020-08-12 19:49:28'),(5224,5174,NULL,NULL,'2020-08-12 19:49:29','2020-08-12 19:49:29'),(5225,5175,NULL,NULL,'2020-08-12 19:49:31','2020-08-12 19:49:31'),(5226,5176,NULL,NULL,'2020-08-12 19:49:32','2020-08-12 19:49:32'),(5227,5177,NULL,NULL,'2020-08-12 19:49:34','2020-08-12 19:49:34'),(5228,5178,NULL,NULL,'2020-08-12 19:49:35','2020-08-12 19:49:35'),(5229,5179,NULL,NULL,'2020-08-12 19:49:36','2020-08-12 19:49:36'),(5230,5180,NULL,NULL,'2020-08-12 19:49:38','2020-08-12 19:49:38'),(5231,5181,NULL,NULL,'2020-08-12 19:49:39','2020-08-12 19:49:39'),(5232,5182,NULL,NULL,'2020-08-12 19:49:41','2020-08-12 19:49:41'),(5233,5183,NULL,NULL,'2020-08-12 19:49:42','2020-08-12 19:49:42'),(5234,5184,NULL,NULL,'2020-08-12 19:49:44','2020-08-12 19:49:44'),(5235,5185,NULL,NULL,'2020-08-12 19:49:45','2020-08-12 19:49:45'),(5236,5186,NULL,NULL,'2020-08-12 19:49:47','2020-08-12 19:49:47'),(5237,5187,NULL,NULL,'2020-08-12 19:49:48','2020-08-12 19:49:48'),(5238,5188,NULL,NULL,'2020-08-12 19:49:49','2020-08-12 19:49:49'),(5239,5189,NULL,NULL,'2020-08-12 19:49:51','2020-08-12 19:49:51'),(5240,5190,NULL,NULL,'2020-08-12 19:49:52','2020-08-12 19:49:52'),(5241,5191,NULL,NULL,'2020-08-12 19:49:54','2020-08-12 19:49:54'),(5242,5192,NULL,NULL,'2020-08-12 19:49:55','2020-08-12 19:49:55'),(5243,5193,NULL,NULL,'2020-08-12 19:49:57','2020-08-12 19:49:57'),(5244,5194,NULL,NULL,'2020-08-12 19:49:58','2020-08-12 19:49:58'),(5245,5195,NULL,NULL,'2020-08-12 19:50:00','2020-08-12 19:50:00'),(5246,5196,NULL,NULL,'2020-08-12 19:50:01','2020-08-12 19:50:01'),(5247,5197,NULL,NULL,'2020-08-12 19:50:03','2020-08-12 19:50:03'),(5248,5198,NULL,NULL,'2020-08-12 19:50:04','2020-08-12 19:50:04'),(5249,5199,NULL,NULL,'2020-08-12 19:50:06','2020-08-12 19:50:06'),(5250,5200,NULL,NULL,'2020-08-12 19:50:08','2020-08-12 19:50:08'),(5251,5201,NULL,NULL,'2020-08-12 19:50:09','2020-08-12 19:50:09'),(5252,5202,NULL,NULL,'2020-08-12 19:50:10','2020-08-12 19:50:10'),(5253,5203,NULL,NULL,'2020-08-12 19:50:12','2020-08-12 19:50:12'),(5254,5204,NULL,NULL,'2020-08-12 19:50:13','2020-08-12 19:50:13'),(5255,5205,NULL,NULL,'2020-08-12 19:50:15','2020-08-12 19:50:15'),(5256,5206,NULL,NULL,'2020-08-12 19:50:16','2020-08-12 19:50:16'),(5257,5207,NULL,NULL,'2020-08-12 19:50:18','2020-08-12 19:50:18'),(5258,5208,NULL,NULL,'2020-08-12 19:50:20','2020-08-12 19:50:20'),(5259,5209,NULL,NULL,'2020-08-12 19:50:21','2020-08-12 19:50:21'),(5260,5210,NULL,NULL,'2020-08-12 19:50:23','2020-08-12 19:50:23'),(5261,5211,NULL,NULL,'2020-08-12 19:50:24','2020-08-12 19:50:24'),(5262,5212,NULL,NULL,'2020-08-12 19:50:25','2020-08-12 19:50:25'),(5263,5213,NULL,NULL,'2020-08-12 19:50:27','2020-08-12 19:50:27'),(5264,5214,NULL,NULL,'2020-08-12 19:50:28','2020-08-12 19:50:28'),(5265,5215,NULL,NULL,'2020-08-12 19:50:30','2020-08-12 19:50:30'),(5266,5216,NULL,NULL,'2020-08-12 19:50:31','2020-08-12 19:50:31'),(5267,5217,NULL,NULL,'2020-08-12 19:50:33','2020-08-12 19:50:33'),(5268,5218,NULL,NULL,'2020-08-12 19:50:34','2020-08-12 19:50:34'),(5269,5219,NULL,NULL,'2020-08-12 19:50:36','2020-08-12 19:50:36'),(5270,5220,NULL,NULL,'2020-08-12 19:50:37','2020-08-12 19:50:37'),(5271,5221,NULL,NULL,'2020-08-12 19:50:39','2020-08-12 19:50:39'),(5272,5222,NULL,NULL,'2020-08-12 19:50:40','2020-08-12 19:50:40'),(5273,5223,NULL,NULL,'2020-08-12 19:50:42','2020-08-12 19:50:42'),(5274,5224,NULL,NULL,'2020-08-12 19:50:43','2020-08-12 19:50:43'),(5275,5225,NULL,NULL,'2020-08-12 19:50:45','2020-08-12 19:50:45'),(5276,5226,NULL,NULL,'2020-08-12 19:50:46','2020-08-12 19:50:46'),(5277,5227,NULL,NULL,'2020-08-12 19:50:48','2020-08-12 19:50:48'),(5278,5228,NULL,NULL,'2020-08-12 19:50:49','2020-08-12 19:50:49'),(5279,5229,NULL,NULL,'2020-08-12 19:50:51','2020-08-12 19:50:51'),(5280,5230,NULL,NULL,'2020-08-12 19:50:52','2020-08-12 19:50:52'),(5281,5231,NULL,NULL,'2020-08-12 19:50:54','2020-08-12 19:50:54'),(5282,5232,NULL,NULL,'2020-08-12 19:50:55','2020-08-12 19:50:55'),(5283,5233,NULL,NULL,'2020-08-12 19:50:57','2020-08-12 19:50:57'),(5284,5234,NULL,NULL,'2020-08-12 19:50:58','2020-08-12 19:50:58'),(5285,5235,NULL,NULL,'2020-08-12 19:51:00','2020-08-12 19:51:00'),(5286,5236,NULL,NULL,'2020-08-12 19:51:01','2020-08-12 19:51:01'),(5287,5237,NULL,NULL,'2020-08-12 19:51:03','2020-08-12 19:51:03'),(5288,5238,NULL,NULL,'2020-08-12 19:51:05','2020-08-12 19:51:05'),(5289,5239,NULL,NULL,'2020-08-12 19:51:06','2020-08-12 19:51:06'),(5290,5240,NULL,NULL,'2020-08-12 19:51:08','2020-08-12 19:51:08'),(5291,5241,NULL,NULL,'2020-08-12 19:51:10','2020-08-12 19:51:10'),(5292,5242,NULL,NULL,'2020-08-12 19:51:11','2020-08-12 19:51:11'),(5293,5243,NULL,NULL,'2020-08-12 19:51:13','2020-08-12 19:51:13'),(5294,5244,NULL,NULL,'2020-08-12 19:51:14','2020-08-12 19:51:14'),(5295,5245,NULL,NULL,'2020-08-12 19:51:16','2020-08-12 19:51:16'),(5296,5246,NULL,NULL,'2020-08-12 19:51:17','2020-08-12 19:51:17'),(5297,5247,NULL,NULL,'2020-08-12 19:51:19','2020-08-12 19:51:19'),(5298,5248,NULL,NULL,'2020-08-12 19:51:20','2020-08-12 19:51:20'),(5299,5249,NULL,NULL,'2020-08-12 19:51:22','2020-08-12 19:51:22'),(5300,5250,NULL,NULL,'2020-08-12 19:51:23','2020-08-12 19:51:23'),(5301,5251,NULL,NULL,'2020-08-12 19:51:25','2020-08-12 19:51:25'),(5302,5252,NULL,NULL,'2020-08-12 19:51:26','2020-08-12 19:51:26'),(5303,5253,NULL,NULL,'2020-08-12 19:51:28','2020-08-12 19:51:28'),(5304,5254,NULL,NULL,'2020-08-12 19:51:29','2020-08-12 19:51:29'),(5305,5255,NULL,NULL,'2020-08-12 19:51:31','2020-08-12 19:51:31'),(5306,5256,NULL,NULL,'2020-08-12 19:51:32','2020-08-12 19:51:32'),(5307,5257,NULL,NULL,'2020-08-12 19:51:34','2020-08-12 19:51:34'),(5308,5258,NULL,NULL,'2020-08-12 19:51:35','2020-08-12 19:51:35'),(5309,5259,NULL,NULL,'2020-08-12 19:51:37','2020-08-12 19:51:37'),(5310,5260,NULL,NULL,'2020-08-12 19:51:38','2020-08-12 19:51:38'),(5311,5261,NULL,NULL,'2020-08-12 19:51:40','2020-08-12 19:51:40'),(5312,5262,NULL,NULL,'2020-08-12 19:51:41','2020-08-12 19:51:41'),(5313,5263,NULL,NULL,'2020-08-12 19:51:43','2020-08-12 19:51:43'),(5314,5264,NULL,NULL,'2020-08-12 19:51:44','2020-08-12 19:51:44'),(5315,5265,NULL,NULL,'2020-08-12 19:51:46','2020-08-12 19:51:46'),(5316,5266,NULL,NULL,'2020-08-12 19:51:47','2020-08-12 19:51:47'),(5317,5267,NULL,NULL,'2020-08-12 19:51:49','2020-08-12 19:51:49'),(5318,5268,NULL,NULL,'2020-08-12 19:51:51','2020-08-12 19:51:51'),(5319,5269,NULL,NULL,'2020-08-12 19:51:52','2020-08-12 19:51:52'),(5320,5270,NULL,NULL,'2020-08-12 19:51:54','2020-08-12 19:51:54'),(5321,5271,NULL,NULL,'2020-08-12 19:51:55','2020-08-12 19:51:55'),(5322,5272,NULL,NULL,'2020-08-12 19:51:57','2020-08-12 19:51:57'),(5323,5273,NULL,NULL,'2020-08-12 19:51:58','2020-08-12 19:51:58'),(5324,5274,NULL,NULL,'2020-08-12 19:52:00','2020-08-12 19:52:00'),(5325,5275,NULL,NULL,'2020-08-12 19:52:01','2020-08-12 19:52:01'),(5326,5276,NULL,NULL,'2020-08-12 19:52:03','2020-08-12 19:52:03'),(5327,5277,NULL,NULL,'2020-08-12 19:52:05','2020-08-12 19:52:05'),(5328,5278,NULL,NULL,'2020-08-12 19:52:07','2020-08-12 19:52:07'),(5329,5279,NULL,NULL,'2020-08-12 19:52:08','2020-08-12 19:52:08'),(5330,5280,NULL,NULL,'2020-08-12 19:52:10','2020-08-12 19:52:10'),(5331,5281,NULL,NULL,'2020-08-12 19:52:11','2020-08-12 19:52:11'),(5332,5282,NULL,NULL,'2020-08-12 19:52:13','2020-08-12 19:52:13'),(5333,5283,NULL,NULL,'2020-08-12 19:52:14','2020-08-12 19:52:14'),(5334,5284,NULL,NULL,'2020-08-12 19:52:16','2020-08-12 19:52:16'),(5335,5285,NULL,NULL,'2020-08-12 19:52:17','2020-08-12 19:52:17'),(5336,5286,NULL,NULL,'2020-08-12 19:52:19','2020-08-12 19:52:19'),(5337,5287,NULL,NULL,'2020-08-12 19:52:21','2020-08-12 19:52:21'),(5338,5288,NULL,NULL,'2020-08-12 19:52:22','2020-08-12 19:52:22'),(5339,5289,NULL,NULL,'2020-08-12 19:52:24','2020-08-12 19:52:24'),(5340,5290,NULL,NULL,'2020-08-12 19:52:25','2020-08-12 19:52:25'),(5341,5291,NULL,NULL,'2020-08-12 19:52:27','2020-08-12 19:52:27'),(5342,5292,NULL,NULL,'2020-08-12 19:52:28','2020-08-12 19:52:28'),(5343,5293,NULL,NULL,'2020-08-12 19:52:30','2020-08-12 19:52:30'),(5344,5294,NULL,NULL,'2020-08-12 19:52:31','2020-08-12 19:52:31'),(5345,5295,NULL,NULL,'2020-08-12 19:52:33','2020-08-12 19:52:33'),(5346,5296,NULL,NULL,'2020-08-12 19:52:34','2020-08-12 19:52:34'),(5347,5297,NULL,NULL,'2020-08-12 19:52:36','2020-08-12 19:52:36'),(5348,5298,NULL,NULL,'2020-08-12 19:52:37','2020-08-12 19:52:37'),(5349,5299,NULL,NULL,'2020-08-12 19:52:39','2020-08-12 19:52:39'),(5350,5300,NULL,NULL,'2020-08-12 19:52:40','2020-08-12 19:52:40'),(5351,5301,NULL,NULL,'2020-08-12 19:52:42','2020-08-12 19:52:42'),(5352,5302,NULL,NULL,'2020-08-12 19:52:43','2020-08-12 19:52:43'),(5353,5303,NULL,NULL,'2020-08-12 19:52:45','2020-08-12 19:52:45'),(5354,5304,NULL,NULL,'2020-08-12 19:52:47','2020-08-12 19:52:47'),(5355,5305,NULL,NULL,'2020-08-12 19:52:48','2020-08-12 19:52:48'),(5356,5306,NULL,NULL,'2020-08-12 19:52:50','2020-08-12 19:52:50'),(5357,5307,NULL,NULL,'2020-08-12 19:52:51','2020-08-12 19:52:51'),(5358,5308,NULL,NULL,'2020-08-12 19:52:53','2020-08-12 19:52:53'),(5359,5309,NULL,NULL,'2020-08-12 19:52:54','2020-08-12 19:52:54'),(5360,5310,NULL,NULL,'2020-08-12 19:52:56','2020-08-12 19:52:56'),(5361,5311,NULL,NULL,'2020-08-12 19:52:58','2020-08-12 19:52:58'),(5362,5312,NULL,NULL,'2020-08-12 19:52:59','2020-08-12 19:52:59'),(5363,5313,NULL,NULL,'2020-08-12 19:53:01','2020-08-12 19:53:01'),(5364,5314,NULL,NULL,'2020-08-12 19:53:02','2020-08-12 19:53:02'),(5365,5315,NULL,NULL,'2020-08-12 19:53:04','2020-08-12 19:53:04'),(5366,5316,NULL,NULL,'2020-08-12 19:53:06','2020-08-12 19:53:06'),(5367,5317,NULL,NULL,'2020-08-12 19:53:08','2020-08-12 19:53:08'),(5368,5318,NULL,NULL,'2020-08-12 19:53:09','2020-08-12 19:53:09'),(5369,5319,NULL,NULL,'2020-08-12 19:53:11','2020-08-12 19:53:11'),(5370,5320,NULL,NULL,'2020-08-12 19:53:13','2020-08-12 19:53:13'),(5371,5321,NULL,NULL,'2020-08-12 19:53:14','2020-08-12 19:53:14'),(5372,5322,NULL,NULL,'2020-08-12 19:53:16','2020-08-12 19:53:16'),(5373,5323,NULL,NULL,'2020-08-12 19:53:17','2020-08-12 19:53:17'),(5374,5324,NULL,NULL,'2020-08-12 19:53:19','2020-08-12 19:53:19'),(5375,5325,NULL,NULL,'2020-08-12 19:53:20','2020-08-12 19:53:20'),(5376,5326,NULL,NULL,'2020-08-12 19:53:22','2020-08-12 19:53:22'),(5377,5327,NULL,NULL,'2020-08-12 19:53:24','2020-08-12 19:53:24'),(5378,5328,NULL,NULL,'2020-08-12 19:53:25','2020-08-12 19:53:25'),(5379,5329,NULL,NULL,'2020-08-12 19:53:27','2020-08-12 19:53:27'),(5380,5330,NULL,NULL,'2020-08-12 19:53:28','2020-08-12 19:53:28'),(5381,5331,NULL,NULL,'2020-08-12 19:53:30','2020-08-12 19:53:30'),(5382,5332,NULL,NULL,'2020-08-12 19:53:31','2020-08-12 19:53:31'),(5383,5333,NULL,NULL,'2020-08-12 19:53:33','2020-08-12 19:53:33'),(5384,5334,NULL,NULL,'2020-08-12 19:53:34','2020-08-12 19:53:34'),(5385,5335,NULL,NULL,'2020-08-12 19:53:36','2020-08-12 19:53:36'),(5386,5336,NULL,NULL,'2020-08-12 19:53:38','2020-08-12 19:53:38'),(5387,5337,NULL,NULL,'2020-08-12 19:53:39','2020-08-12 19:53:39'),(5388,5338,NULL,NULL,'2020-08-12 19:53:41','2020-08-12 19:53:41'),(5389,5339,NULL,NULL,'2020-08-12 19:53:42','2020-08-12 19:53:42'),(5390,5340,NULL,NULL,'2020-08-12 19:53:44','2020-08-12 19:53:44'),(5391,5341,NULL,NULL,'2020-08-12 19:53:45','2020-08-12 19:53:45'),(5392,5342,NULL,NULL,'2020-08-12 19:53:47','2020-08-12 19:53:47'),(5393,5343,NULL,NULL,'2020-08-12 19:53:49','2020-08-12 19:53:49'),(5394,5344,NULL,NULL,'2020-08-12 19:53:50','2020-08-12 19:53:50'),(5395,5345,NULL,NULL,'2020-08-12 19:53:52','2020-08-12 19:53:52'),(5396,5346,NULL,NULL,'2020-08-12 19:53:53','2020-08-12 19:53:53'),(5397,5347,NULL,NULL,'2020-08-12 19:53:55','2020-08-12 19:53:55'),(5398,5348,NULL,NULL,'2020-08-12 19:53:56','2020-08-12 19:53:56'),(5399,5349,NULL,NULL,'2020-08-12 19:53:58','2020-08-12 19:53:58'),(5400,5350,NULL,NULL,'2020-08-12 19:54:00','2020-08-12 19:54:00'),(5401,5351,NULL,NULL,'2020-08-12 19:54:01','2020-08-12 19:54:01'),(5402,5352,NULL,NULL,'2020-08-12 19:54:03','2020-08-12 19:54:03'),(5403,5353,NULL,NULL,'2020-08-12 19:54:05','2020-08-12 19:54:05'),(5404,5354,NULL,NULL,'2020-08-12 19:54:06','2020-08-12 19:54:06'),(5405,5355,NULL,NULL,'2020-08-12 19:54:08','2020-08-12 19:54:08'),(5406,5356,NULL,NULL,'2020-08-12 19:54:10','2020-08-12 19:54:10'),(5407,5357,NULL,NULL,'2020-08-12 19:54:12','2020-08-12 19:54:12'),(5408,5358,NULL,NULL,'2020-08-12 19:54:13','2020-08-12 19:54:13'),(5409,5359,NULL,NULL,'2020-08-12 19:54:15','2020-08-12 19:54:15'),(5410,5360,NULL,NULL,'2020-08-12 19:54:16','2020-08-12 19:54:16'),(5411,5361,NULL,NULL,'2020-08-12 19:54:18','2020-08-12 19:54:18'),(5412,5362,NULL,NULL,'2020-08-12 19:54:20','2020-08-12 19:54:20'),(5413,5363,NULL,NULL,'2020-08-12 19:54:22','2020-08-12 19:54:22'),(5414,5364,NULL,NULL,'2020-08-12 19:54:23','2020-08-12 19:54:23'),(5415,5365,NULL,NULL,'2020-08-12 19:54:25','2020-08-12 19:54:25'),(5416,5366,NULL,NULL,'2020-08-12 19:54:27','2020-08-12 19:54:27'),(5417,5367,NULL,NULL,'2020-08-12 19:54:28','2020-08-12 19:54:28'),(5418,5368,NULL,NULL,'2020-08-12 19:54:30','2020-08-12 19:54:30'),(5419,5369,NULL,NULL,'2020-08-12 19:54:31','2020-08-12 19:54:31'),(5420,5370,NULL,NULL,'2020-08-12 19:54:33','2020-08-12 19:54:33'),(5421,5371,NULL,NULL,'2020-08-12 19:54:35','2020-08-12 19:54:35'),(5422,5372,NULL,NULL,'2020-08-12 19:54:36','2020-08-12 19:54:36'),(5423,5373,NULL,NULL,'2020-08-12 19:54:38','2020-08-12 19:54:38'),(5424,5374,NULL,NULL,'2020-08-12 19:54:40','2020-08-12 19:54:40'),(5425,5375,NULL,NULL,'2020-08-12 19:54:41','2020-08-12 19:54:41'),(5426,5376,NULL,NULL,'2020-08-12 19:54:43','2020-08-12 19:54:43'),(5427,5377,NULL,NULL,'2020-08-12 19:54:44','2020-08-12 19:54:44'),(5428,5378,NULL,NULL,'2020-08-12 19:54:46','2020-08-12 19:54:46'),(5429,5379,NULL,NULL,'2020-08-12 19:54:48','2020-08-12 19:54:48'),(5430,5380,NULL,NULL,'2020-08-12 19:54:49','2020-08-12 19:54:49'),(5431,5381,NULL,NULL,'2020-08-12 19:54:51','2020-08-12 19:54:51'),(5432,5382,NULL,NULL,'2020-08-12 19:54:53','2020-08-12 19:54:53'),(5433,5383,NULL,NULL,'2020-08-12 19:54:54','2020-08-12 19:54:54'),(5434,5384,NULL,NULL,'2020-08-12 19:54:56','2020-08-12 19:54:56'),(5435,5385,NULL,NULL,'2020-08-12 19:54:57','2020-08-12 19:54:57'),(5436,5386,NULL,NULL,'2020-08-12 19:54:59','2020-08-12 19:54:59'),(5437,5387,NULL,NULL,'2020-08-12 19:55:01','2020-08-12 19:55:01'),(5438,5388,NULL,NULL,'2020-08-12 19:55:03','2020-08-12 19:55:03'),(5439,5389,NULL,NULL,'2020-08-12 19:55:05','2020-08-12 19:55:05'),(5440,5390,NULL,NULL,'2020-08-12 19:55:07','2020-08-12 19:55:07'),(5441,5391,NULL,NULL,'2020-08-12 19:55:08','2020-08-12 19:55:08'),(5442,5392,NULL,NULL,'2020-08-12 19:55:10','2020-08-12 19:55:10'),(5443,5393,NULL,NULL,'2020-08-12 19:55:12','2020-08-12 19:55:12'),(5444,5394,NULL,NULL,'2020-08-12 19:55:13','2020-08-12 19:55:13'),(5445,5395,NULL,NULL,'2020-08-12 19:55:15','2020-08-12 19:55:15'),(5446,5396,NULL,NULL,'2020-08-12 19:55:16','2020-08-12 19:55:16'),(5447,5397,NULL,NULL,'2020-08-12 19:55:18','2020-08-12 19:55:18'),(5448,5398,NULL,NULL,'2020-08-12 19:55:20','2020-08-12 19:55:20'),(5449,5399,NULL,NULL,'2020-08-12 19:55:21','2020-08-12 19:55:21'),(5450,5400,NULL,NULL,'2020-08-12 19:55:23','2020-08-12 19:55:23'),(5451,5401,NULL,NULL,'2020-08-12 19:55:25','2020-08-12 19:55:25'),(5452,5402,NULL,NULL,'2020-08-12 19:55:26','2020-08-12 19:55:26'),(5453,5403,NULL,NULL,'2020-08-12 19:55:28','2020-08-12 19:55:28'),(5454,5404,NULL,NULL,'2020-08-12 19:55:29','2020-08-12 19:55:29'),(5455,5405,NULL,NULL,'2020-08-12 19:55:31','2020-08-12 19:55:31'),(5456,5406,NULL,NULL,'2020-08-12 19:55:33','2020-08-12 19:55:33'),(5457,5407,NULL,NULL,'2020-08-12 19:55:34','2020-08-12 19:55:34'),(5458,5408,NULL,NULL,'2020-08-12 19:55:36','2020-08-12 19:55:36'),(5459,5409,NULL,NULL,'2020-08-12 19:55:38','2020-08-12 19:55:38'),(5460,5410,NULL,NULL,'2020-08-12 19:55:39','2020-08-12 19:55:39'),(5461,5411,NULL,NULL,'2020-08-12 19:55:41','2020-08-12 19:55:41'),(5462,5412,NULL,NULL,'2020-08-12 19:55:42','2020-08-12 19:55:42'),(5463,5413,NULL,NULL,'2020-08-12 19:55:44','2020-08-12 19:55:44'),(5464,5414,NULL,NULL,'2020-08-12 19:55:46','2020-08-12 19:55:46'),(5465,5415,NULL,NULL,'2020-08-12 19:55:47','2020-08-12 19:55:47'),(5466,5416,NULL,NULL,'2020-08-12 19:55:49','2020-08-12 19:55:49'),(5467,5417,NULL,NULL,'2020-08-12 19:55:51','2020-08-12 19:55:51'),(5468,5418,NULL,NULL,'2020-08-12 19:55:52','2020-08-12 19:55:52'),(5469,5419,NULL,NULL,'2020-08-12 19:55:54','2020-08-12 19:55:54'),(5470,5420,NULL,NULL,'2020-08-12 19:55:56','2020-08-12 19:55:56'),(5471,5421,NULL,NULL,'2020-08-12 19:55:57','2020-08-12 19:55:57'),(5472,5422,NULL,NULL,'2020-08-12 19:55:59','2020-08-12 19:55:59'),(5473,5423,NULL,NULL,'2020-08-12 19:56:00','2020-08-12 19:56:00'),(5474,5424,NULL,NULL,'2020-08-12 19:56:02','2020-08-12 19:56:02'),(5475,5425,NULL,NULL,'2020-08-12 19:56:04','2020-08-12 19:56:04'),(5476,5426,NULL,NULL,'2020-08-12 19:56:06','2020-08-12 19:56:06'),(5477,5427,NULL,NULL,'2020-08-12 19:56:08','2020-08-12 19:56:08'),(5478,5428,NULL,NULL,'2020-08-12 19:56:10','2020-08-12 19:56:10'),(5479,5429,NULL,NULL,'2020-08-12 19:56:12','2020-08-12 19:56:12'),(5480,5430,NULL,NULL,'2020-08-12 19:56:13','2020-08-12 19:56:13'),(5481,5431,NULL,NULL,'2020-08-12 19:56:15','2020-08-12 19:56:15'),(5482,5432,NULL,NULL,'2020-08-12 19:56:17','2020-08-12 19:56:17'),(5483,5433,NULL,NULL,'2020-08-12 19:56:18','2020-08-12 19:56:18'),(5484,5434,NULL,NULL,'2020-08-12 19:56:20','2020-08-12 19:56:20'),(5485,5435,NULL,NULL,'2020-08-12 19:56:22','2020-08-12 19:56:22'),(5486,5436,NULL,NULL,'2020-08-12 19:56:23','2020-08-12 19:56:23'),(5487,5437,NULL,NULL,'2020-08-12 19:56:24','2020-08-12 19:56:24'),(5488,5438,NULL,NULL,'2020-08-12 19:56:42','2020-08-12 19:56:42'),(5489,5439,NULL,NULL,'2020-08-12 19:57:00','2020-08-12 19:57:00'),(5490,5440,NULL,NULL,'2020-08-12 19:57:00','2020-08-12 19:57:00'),(5491,5441,NULL,NULL,'2020-08-12 19:57:19','2020-08-12 19:57:19'),(5492,5442,NULL,NULL,'2020-08-12 19:57:37','2020-08-12 19:57:37'),(5493,5443,NULL,NULL,'2020-08-12 19:57:37','2020-08-12 19:57:37'),(5494,5444,NULL,NULL,'2020-08-12 19:57:55','2020-08-12 19:57:55'),(5495,5445,NULL,NULL,'2020-08-12 19:58:15','2020-08-12 19:58:15'),(5496,5446,NULL,NULL,'2020-08-12 19:58:40','2020-08-12 19:58:40'),(5497,5447,NULL,NULL,'2020-08-12 19:58:41','2020-08-12 19:58:41'),(5498,5448,NULL,NULL,'2020-08-12 19:58:43','2020-08-12 19:58:43'),(5499,5449,NULL,NULL,'2020-08-12 19:58:45','2020-08-12 19:58:45'),(5500,5450,NULL,NULL,'2020-08-12 19:58:47','2020-08-12 19:58:47'),(5501,5451,NULL,NULL,'2020-08-12 19:58:49','2020-08-12 19:58:49'),(5502,5452,NULL,NULL,'2020-08-12 19:58:50','2020-08-12 19:58:50'),(5503,5453,NULL,NULL,'2020-08-12 19:58:52','2020-08-12 19:58:52'),(5504,5454,NULL,NULL,'2020-08-12 19:58:54','2020-08-12 19:58:54'),(5505,5455,NULL,NULL,'2020-08-12 19:58:55','2020-08-12 19:58:55'),(5506,5456,NULL,NULL,'2020-08-12 19:58:57','2020-08-12 19:58:57'),(5507,5457,NULL,NULL,'2020-08-12 19:58:59','2020-08-12 19:58:59'),(5508,5458,NULL,NULL,'2020-08-12 19:59:00','2020-08-12 19:59:00'),(5509,5459,NULL,NULL,'2020-08-12 19:59:02','2020-08-12 19:59:02'),(5510,5460,NULL,NULL,'2020-08-12 19:59:04','2020-08-12 19:59:04'),(5511,5461,NULL,NULL,'2020-08-12 19:59:06','2020-08-12 19:59:06'),(5512,5462,NULL,NULL,'2020-08-12 19:59:08','2020-08-12 19:59:08'),(5513,5463,NULL,NULL,'2020-08-12 19:59:10','2020-08-12 19:59:10'),(5514,5464,NULL,NULL,'2020-08-12 19:59:11','2020-08-12 19:59:11'),(5515,5465,NULL,NULL,'2020-08-12 19:59:13','2020-08-12 19:59:13'),(5516,5466,NULL,NULL,'2020-08-12 19:59:15','2020-08-12 19:59:15'),(5517,5467,NULL,NULL,'2020-08-12 19:59:16','2020-08-12 19:59:16'),(5518,5468,NULL,NULL,'2020-08-12 19:59:18','2020-08-12 19:59:18'),(5519,5469,NULL,NULL,'2020-08-12 19:59:20','2020-08-12 19:59:20'),(5520,5470,NULL,NULL,'2020-08-12 19:59:21','2020-08-12 19:59:21'),(5521,5471,NULL,NULL,'2020-08-12 19:59:23','2020-08-12 19:59:23'),(5522,5472,NULL,NULL,'2020-08-12 19:59:25','2020-08-12 19:59:25'),(5523,5473,NULL,NULL,'2020-08-12 19:59:26','2020-08-12 19:59:26'),(5524,5474,NULL,NULL,'2020-08-12 19:59:28','2020-08-12 19:59:28'),(5525,5475,NULL,NULL,'2020-08-12 19:59:30','2020-08-12 19:59:30'),(5526,5476,NULL,NULL,'2020-08-12 19:59:31','2020-08-12 19:59:31'),(5527,5477,NULL,NULL,'2020-08-12 19:59:33','2020-08-12 19:59:33'),(5528,5478,NULL,NULL,'2020-08-12 19:59:35','2020-08-12 19:59:35'),(5529,5479,NULL,NULL,'2020-08-12 19:59:37','2020-08-12 19:59:37'),(5530,5480,NULL,NULL,'2020-08-12 19:59:38','2020-08-12 19:59:38'),(5531,5481,NULL,NULL,'2020-08-12 19:59:40','2020-08-12 19:59:40'),(5532,5482,NULL,NULL,'2020-08-12 19:59:42','2020-08-12 19:59:42'),(5533,5483,NULL,NULL,'2020-08-12 19:59:43','2020-08-12 19:59:43'),(5534,5484,NULL,NULL,'2020-08-12 19:59:45','2020-08-12 19:59:45'),(5535,5485,NULL,NULL,'2020-08-12 19:59:47','2020-08-12 19:59:47'),(5536,5486,NULL,NULL,'2020-08-12 19:59:48','2020-08-12 19:59:48'),(5537,5487,NULL,NULL,'2020-08-12 19:59:50','2020-08-12 19:59:50'),(5538,5488,NULL,NULL,'2020-08-12 19:59:51','2020-08-12 19:59:51'),(5539,5489,NULL,NULL,'2020-08-12 19:59:53','2020-08-12 19:59:53'),(5540,5490,NULL,NULL,'2020-08-12 19:59:55','2020-08-12 19:59:55'),(5541,5491,NULL,NULL,'2020-08-12 19:59:57','2020-08-12 19:59:57'),(5542,5492,NULL,NULL,'2020-08-12 19:59:58','2020-08-12 19:59:58'),(5543,5493,NULL,NULL,'2020-08-12 20:00:00','2020-08-12 20:00:00'),(5544,5494,NULL,NULL,'2020-08-12 20:00:02','2020-08-12 20:00:02'),(5545,5495,NULL,NULL,'2020-08-12 20:00:05','2020-08-12 20:00:05'),(5546,5496,NULL,NULL,'2020-08-12 20:00:08','2020-08-12 20:00:08'),(5547,5497,NULL,NULL,'2020-08-12 20:00:10','2020-08-12 20:00:10'),(5548,5498,NULL,NULL,'2020-08-12 20:00:12','2020-08-12 20:00:12'),(5549,5499,NULL,NULL,'2020-08-12 20:00:13','2020-08-12 20:00:13'),(5550,5500,NULL,NULL,'2020-08-12 20:00:15','2020-08-12 20:00:15'),(5551,5501,NULL,NULL,'2020-08-12 20:00:17','2020-08-12 20:00:17'),(5552,5502,NULL,NULL,'2020-08-12 20:00:18','2020-08-12 20:00:18'),(5553,5503,NULL,NULL,'2020-08-12 20:00:20','2020-08-12 20:00:20'),(5554,5504,NULL,NULL,'2020-08-12 20:00:22','2020-08-12 20:00:22'),(5555,5505,NULL,NULL,'2020-08-12 20:00:24','2020-08-12 20:00:24'),(5556,5506,NULL,NULL,'2020-08-12 20:00:25','2020-08-12 20:00:25'),(5557,5507,NULL,NULL,'2020-08-12 20:00:27','2020-08-12 20:00:27'),(5558,5508,NULL,NULL,'2020-08-12 20:00:29','2020-08-12 20:00:29'),(5559,5509,NULL,NULL,'2020-08-12 20:00:30','2020-08-12 20:00:30'),(5560,5510,NULL,NULL,'2020-08-12 20:00:32','2020-08-12 20:00:32'),(5561,5511,NULL,NULL,'2020-08-12 20:00:34','2020-08-12 20:00:34'),(5562,5512,NULL,NULL,'2020-08-12 20:00:36','2020-08-12 20:00:36'),(5563,5513,NULL,NULL,'2020-08-12 20:00:37','2020-08-12 20:00:37'),(5564,5514,NULL,NULL,'2020-08-12 20:00:39','2020-08-12 20:00:39'),(5565,5515,NULL,NULL,'2020-08-12 20:00:41','2020-08-12 20:00:41'),(5566,5516,NULL,NULL,'2020-08-12 20:00:42','2020-08-12 20:00:42'),(5567,5517,NULL,NULL,'2020-08-12 20:00:44','2020-08-12 20:00:44'),(5568,5518,NULL,NULL,'2020-08-12 20:00:46','2020-08-12 20:00:46'),(5569,5519,NULL,NULL,'2020-08-12 20:00:48','2020-08-12 20:00:48'),(5570,5520,NULL,NULL,'2020-08-12 20:00:49','2020-08-12 20:00:49'),(5571,5521,NULL,NULL,'2020-08-12 20:00:51','2020-08-12 20:00:51'),(5572,5522,NULL,NULL,'2020-08-12 20:00:53','2020-08-12 20:00:53'),(5573,5523,NULL,NULL,'2020-08-12 20:00:55','2020-08-12 20:00:55'),(5574,5524,NULL,NULL,'2020-08-12 20:00:56','2020-08-12 20:00:56'),(5575,5525,NULL,NULL,'2020-08-12 20:00:58','2020-08-12 20:00:58'),(5576,5526,NULL,NULL,'2020-08-12 20:01:00','2020-08-12 20:01:00'),(5577,5527,NULL,NULL,'2020-08-12 20:01:02','2020-08-12 20:01:02'),(5578,5528,NULL,NULL,'2020-08-12 20:01:05','2020-08-12 20:01:05'),(5579,5529,NULL,NULL,'2020-08-12 20:01:08','2020-08-12 20:01:08'),(5580,5530,NULL,NULL,'2020-08-12 20:01:10','2020-08-12 20:01:10'),(5581,5531,NULL,NULL,'2020-08-12 20:01:11','2020-08-12 20:01:11'),(5582,5532,NULL,NULL,'2020-08-12 20:01:13','2020-08-12 20:01:13'),(5583,5533,NULL,NULL,'2020-08-12 20:01:15','2020-08-12 20:01:15'),(5584,5534,NULL,NULL,'2020-08-12 20:01:16','2020-08-12 20:01:16'),(5585,5535,NULL,NULL,'2020-08-12 20:01:18','2020-08-12 20:01:18'),(5586,5536,NULL,NULL,'2020-08-12 20:01:20','2020-08-12 20:01:20'),(5587,5537,NULL,NULL,'2020-08-12 20:01:22','2020-08-12 20:01:22'),(5588,5538,NULL,NULL,'2020-08-12 20:01:23','2020-08-12 20:01:23'),(5589,5539,NULL,NULL,'2020-08-12 20:01:25','2020-08-12 20:01:25'),(5590,5540,NULL,NULL,'2020-08-12 20:01:27','2020-08-12 20:01:27'),(5591,5541,NULL,NULL,'2020-08-12 20:01:29','2020-08-12 20:01:29'),(5592,5542,NULL,NULL,'2020-08-12 20:01:30','2020-08-12 20:01:30'),(5593,5543,NULL,NULL,'2020-08-12 20:01:32','2020-08-12 20:01:32'),(5594,5544,NULL,NULL,'2020-08-12 20:01:34','2020-08-12 20:01:34'),(5595,5545,NULL,NULL,'2020-08-12 20:01:36','2020-08-12 20:01:36'),(5596,5546,NULL,NULL,'2020-08-12 20:01:38','2020-08-12 20:01:38'),(5597,5547,NULL,NULL,'2020-08-12 20:01:40','2020-08-12 20:01:40'),(5598,5548,NULL,NULL,'2020-08-12 20:01:41','2020-08-12 20:01:41'),(5599,5549,NULL,NULL,'2020-08-12 20:01:43','2020-08-12 20:01:43'),(5600,5550,NULL,NULL,'2020-08-12 20:01:45','2020-08-12 20:01:45'),(5601,5551,NULL,NULL,'2020-08-12 20:01:47','2020-08-12 20:01:47'),(5602,5552,NULL,NULL,'2020-08-12 20:01:48','2020-08-12 20:01:48'),(5603,5553,NULL,NULL,'2020-08-12 20:01:50','2020-08-12 20:01:50'),(5604,5554,NULL,NULL,'2020-08-12 20:01:52','2020-08-12 20:01:52'),(5605,5555,NULL,NULL,'2020-08-12 20:01:54','2020-08-12 20:01:54'),(5606,5556,NULL,NULL,'2020-08-12 20:01:55','2020-08-12 20:01:55'),(5607,5557,NULL,NULL,'2020-08-12 20:01:57','2020-08-12 20:01:57'),(5608,5558,NULL,NULL,'2020-08-12 20:01:59','2020-08-12 20:01:59'),(5609,5559,NULL,NULL,'2020-08-12 20:02:01','2020-08-12 20:02:01'),(5610,5560,NULL,NULL,'2020-08-12 20:02:03','2020-08-12 20:02:03'),(5611,5561,NULL,NULL,'2020-08-12 20:02:05','2020-08-12 20:02:05'),(5612,5562,NULL,NULL,'2020-08-12 20:02:07','2020-08-12 20:02:07'),(5613,5563,NULL,NULL,'2020-08-12 20:02:08','2020-08-12 20:02:08'),(5614,5564,NULL,NULL,'2020-08-12 20:02:10','2020-08-12 20:02:10'),(5615,5565,NULL,NULL,'2020-08-12 20:02:12','2020-08-12 20:02:12'),(5616,5566,NULL,NULL,'2020-08-12 20:02:14','2020-08-12 20:02:14'),(5617,5567,NULL,NULL,'2020-08-12 20:02:16','2020-08-12 20:02:16'),(5618,5568,NULL,NULL,'2020-08-12 20:02:17','2020-08-12 20:02:17'),(5619,5569,NULL,NULL,'2020-08-12 20:02:19','2020-08-12 20:02:19'),(5620,5570,NULL,NULL,'2020-08-12 20:02:21','2020-08-12 20:02:21'),(5621,5571,NULL,NULL,'2020-08-12 20:02:23','2020-08-12 20:02:23'),(5622,5572,NULL,NULL,'2020-08-12 20:02:25','2020-08-12 20:02:25'),(5623,5573,NULL,NULL,'2020-08-12 20:02:27','2020-08-12 20:02:27'),(5624,5574,NULL,NULL,'2020-08-12 20:02:29','2020-08-12 20:02:29'),(5625,5575,NULL,NULL,'2020-08-12 20:02:30','2020-08-12 20:02:30'),(5626,5576,NULL,NULL,'2020-08-12 20:02:32','2020-08-12 20:02:32'),(5627,5577,NULL,NULL,'2020-08-12 20:02:34','2020-08-12 20:02:34'),(5628,5578,NULL,NULL,'2020-08-12 20:02:36','2020-08-12 20:02:36'),(5629,5579,NULL,NULL,'2020-08-12 20:02:38','2020-08-12 20:02:38'),(5630,5580,NULL,NULL,'2020-08-12 20:02:39','2020-08-12 20:02:39'),(5631,5581,NULL,NULL,'2020-08-12 20:02:41','2020-08-12 20:02:41'),(5632,5582,NULL,NULL,'2020-08-12 20:02:43','2020-08-12 20:02:43'),(5633,5583,NULL,NULL,'2020-08-12 20:02:45','2020-08-12 20:02:45'),(5634,5584,NULL,NULL,'2020-08-12 20:02:47','2020-08-12 20:02:47'),(5635,5585,NULL,NULL,'2020-08-12 20:02:49','2020-08-12 20:02:49'),(5636,5586,NULL,NULL,'2020-08-12 20:02:50','2020-08-12 20:02:50'),(5637,5587,NULL,NULL,'2020-08-12 20:02:52','2020-08-12 20:02:52'),(5638,5588,NULL,NULL,'2020-08-12 20:02:54','2020-08-12 20:02:54'),(5639,5589,NULL,NULL,'2020-08-12 20:02:56','2020-08-12 20:02:56'),(5640,5590,NULL,NULL,'2020-08-12 20:02:58','2020-08-12 20:02:58'),(5641,5591,NULL,NULL,'2020-08-12 20:02:59','2020-08-12 20:02:59'),(5642,5592,NULL,NULL,'2020-08-12 20:03:01','2020-08-12 20:03:01'),(5643,5593,NULL,NULL,'2020-08-12 20:03:04','2020-08-12 20:03:04'),(5644,5594,NULL,NULL,'2020-08-12 20:03:06','2020-08-12 20:03:06'),(5645,5595,NULL,NULL,'2020-08-12 20:03:08','2020-08-12 20:03:08'),(5646,5596,NULL,NULL,'2020-08-12 20:03:10','2020-08-12 20:03:10'),(5647,5597,NULL,NULL,'2020-08-12 20:03:11','2020-08-12 20:03:11'),(5648,5598,NULL,NULL,'2020-08-12 20:03:13','2020-08-12 20:03:13'),(5649,5599,NULL,NULL,'2020-08-12 20:03:15','2020-08-12 20:03:15'),(5650,5600,NULL,NULL,'2020-08-12 20:03:17','2020-08-12 20:03:17'),(5651,5601,NULL,NULL,'2020-08-12 20:03:19','2020-08-12 20:03:19'),(5652,5602,NULL,NULL,'2020-08-12 20:03:21','2020-08-12 20:03:21'),(5653,5603,NULL,NULL,'2020-08-12 20:03:22','2020-08-12 20:03:22'),(5654,5604,NULL,NULL,'2020-08-12 20:03:24','2020-08-12 20:03:24'),(5655,5605,NULL,NULL,'2020-08-12 20:03:26','2020-08-12 20:03:26'),(5656,5606,NULL,NULL,'2020-08-12 20:03:28','2020-08-12 20:03:28'),(5657,5607,NULL,NULL,'2020-08-12 20:03:30','2020-08-12 20:03:30'),(5658,5608,NULL,NULL,'2020-08-12 20:03:32','2020-08-12 20:03:32'),(5659,5609,NULL,NULL,'2020-08-12 20:03:34','2020-08-12 20:03:34'),(5660,5610,NULL,NULL,'2020-08-12 20:03:35','2020-08-12 20:03:35'),(5661,5611,NULL,NULL,'2020-08-12 20:03:38','2020-08-12 20:03:38'),(5662,5612,NULL,NULL,'2020-08-12 20:03:39','2020-08-12 20:03:39'),(5663,5613,NULL,NULL,'2020-08-12 20:03:41','2020-08-12 20:03:41'),(5664,5614,NULL,NULL,'2020-08-12 20:03:43','2020-08-12 20:03:43'),(5665,5615,NULL,NULL,'2020-08-12 20:03:45','2020-08-12 20:03:45'),(5666,5616,NULL,NULL,'2020-08-12 20:03:47','2020-08-12 20:03:47'),(5667,5617,NULL,NULL,'2020-08-12 20:03:49','2020-08-12 20:03:49'),(5668,5618,NULL,NULL,'2020-08-12 20:03:50','2020-08-12 20:03:50'),(5669,5619,NULL,NULL,'2020-08-12 20:03:52','2020-08-12 20:03:52'),(5670,5620,NULL,NULL,'2020-08-12 20:03:54','2020-08-12 20:03:54'),(5671,5621,NULL,NULL,'2020-08-12 20:03:56','2020-08-12 20:03:56'),(5672,5622,NULL,NULL,'2020-08-12 20:03:58','2020-08-12 20:03:58'),(5673,5623,NULL,NULL,'2020-08-12 20:04:00','2020-08-12 20:04:00'),(5674,5624,NULL,NULL,'2020-08-12 20:04:01','2020-08-12 20:04:01'),(5675,5625,NULL,NULL,'2020-08-12 20:04:03','2020-08-12 20:04:03'),(5676,5626,NULL,NULL,'2020-08-12 20:04:05','2020-08-12 20:04:05'),(5677,5627,NULL,NULL,'2020-08-12 20:04:07','2020-08-12 20:04:07'),(5678,5628,NULL,NULL,'2020-08-12 20:04:10','2020-08-12 20:04:10'),(5679,5629,NULL,NULL,'2020-08-12 20:04:11','2020-08-12 20:04:11'),(5680,5630,NULL,NULL,'2020-08-12 20:04:13','2020-08-12 20:04:13'),(5681,5631,NULL,NULL,'2020-08-12 20:04:15','2020-08-12 20:04:15'),(5682,5632,NULL,NULL,'2020-08-12 20:04:17','2020-08-12 20:04:17'),(5683,5633,NULL,NULL,'2020-08-12 20:04:19','2020-08-12 20:04:19'),(5684,5634,NULL,NULL,'2020-08-12 20:04:21','2020-08-12 20:04:21'),(5685,5635,NULL,NULL,'2020-08-12 20:04:23','2020-08-12 20:04:23'),(5686,5636,NULL,NULL,'2020-08-12 20:04:24','2020-08-12 20:04:24'),(5687,5637,NULL,NULL,'2020-08-12 20:04:26','2020-08-12 20:04:26'),(5688,5638,NULL,NULL,'2020-08-12 20:04:28','2020-08-12 20:04:28'),(5689,5639,NULL,NULL,'2020-08-12 20:04:30','2020-08-12 20:04:30'),(5690,5640,NULL,NULL,'2020-08-12 20:04:32','2020-08-12 20:04:32'),(5691,5641,NULL,NULL,'2020-08-12 20:04:34','2020-08-12 20:04:34'),(5692,5642,NULL,NULL,'2020-08-12 20:04:35','2020-08-12 20:04:35'),(5693,5643,NULL,NULL,'2020-08-12 20:04:37','2020-08-12 20:04:37'),(5694,5644,NULL,NULL,'2020-08-12 20:04:39','2020-08-12 20:04:39'),(5695,5645,NULL,NULL,'2020-08-12 20:04:41','2020-08-12 20:04:41'),(5696,5646,NULL,NULL,'2020-08-12 20:04:43','2020-08-12 20:04:43'),(5697,5647,NULL,NULL,'2020-08-12 20:04:45','2020-08-12 20:04:45'),(5698,5648,NULL,NULL,'2020-08-12 20:04:47','2020-08-12 20:04:47'),(5699,5649,NULL,NULL,'2020-08-12 20:04:48','2020-08-12 20:04:48'),(5700,5650,NULL,NULL,'2020-08-12 20:04:50','2020-08-12 20:04:50'),(5701,5651,NULL,NULL,'2020-08-12 20:04:52','2020-08-12 20:04:52'),(5702,5652,NULL,NULL,'2020-08-12 20:04:54','2020-08-12 20:04:54'),(5703,5653,NULL,NULL,'2020-08-12 20:04:56','2020-08-12 20:04:56'),(5704,5654,NULL,NULL,'2020-08-12 20:04:58','2020-08-12 20:04:58'),(5705,5655,NULL,NULL,'2020-08-12 20:05:00','2020-08-12 20:05:00'),(5706,5656,NULL,NULL,'2020-08-12 20:05:02','2020-08-12 20:05:02'),(5707,5657,NULL,NULL,'2020-08-12 20:05:04','2020-08-12 20:05:04'),(5708,5658,NULL,NULL,'2020-08-12 20:05:06','2020-08-12 20:05:06'),(5709,5659,NULL,NULL,'2020-08-12 20:05:07','2020-08-12 20:05:07'),(5710,5660,NULL,NULL,'2020-08-12 20:05:10','2020-08-12 20:05:10'),(5711,5661,NULL,NULL,'2020-08-12 20:05:11','2020-08-12 20:05:11'),(5712,5662,NULL,NULL,'2020-08-12 20:05:13','2020-08-12 20:05:13'),(5713,5663,NULL,NULL,'2020-08-12 20:05:15','2020-08-12 20:05:15'),(5714,5664,NULL,NULL,'2020-08-12 20:05:17','2020-08-12 20:05:17'),(5715,5665,NULL,NULL,'2020-08-12 20:05:19','2020-08-12 20:05:19'),(5716,5666,NULL,NULL,'2020-08-12 20:05:21','2020-08-12 20:05:21'),(5717,5667,NULL,NULL,'2020-08-12 20:05:23','2020-08-12 20:05:23'),(5718,5668,NULL,NULL,'2020-08-12 20:05:25','2020-08-12 20:05:25'),(5719,5669,NULL,NULL,'2020-08-12 20:05:26','2020-08-12 20:05:26'),(5720,5670,NULL,NULL,'2020-08-12 20:05:28','2020-08-12 20:05:28'),(5721,5671,NULL,NULL,'2020-08-12 20:05:30','2020-08-12 20:05:30'),(5722,5672,NULL,NULL,'2020-08-12 20:05:32','2020-08-12 20:05:32'),(5723,5673,NULL,NULL,'2020-08-12 20:05:34','2020-08-12 20:05:34'),(5724,5674,NULL,NULL,'2020-08-12 20:05:35','2020-08-12 20:05:35'),(5725,5675,NULL,NULL,'2020-08-12 20:05:37','2020-08-12 20:05:37'),(5726,5676,NULL,NULL,'2020-08-12 20:05:39','2020-08-12 20:05:39'),(5727,5677,NULL,NULL,'2020-08-12 20:05:41','2020-08-12 20:05:41'),(5728,5678,NULL,NULL,'2020-08-12 20:05:43','2020-08-12 20:05:43'),(5729,5679,NULL,NULL,'2020-08-12 20:05:45','2020-08-12 20:05:45'),(5730,5680,NULL,NULL,'2020-08-12 20:05:47','2020-08-12 20:05:47'),(5731,5681,NULL,NULL,'2020-08-12 20:05:49','2020-08-12 20:05:49'),(5732,5682,NULL,NULL,'2020-08-12 20:05:50','2020-08-12 20:05:50'),(5733,5683,NULL,NULL,'2020-08-12 20:05:52','2020-08-12 20:05:52'),(5734,5684,NULL,NULL,'2020-08-12 20:05:54','2020-08-12 20:05:54'),(5735,5685,NULL,NULL,'2020-08-12 20:05:56','2020-08-12 20:05:56'),(5736,5686,NULL,NULL,'2020-08-12 20:05:58','2020-08-12 20:05:58'),(5737,5687,NULL,NULL,'2020-08-12 20:06:00','2020-08-12 20:06:00'),(5738,5688,NULL,NULL,'2020-08-12 20:06:02','2020-08-12 20:06:02'),(5739,5689,NULL,NULL,'2020-08-12 20:06:04','2020-08-12 20:06:04'),(5740,5690,NULL,NULL,'2020-08-12 20:06:06','2020-08-12 20:06:06'),(5741,5691,NULL,NULL,'2020-08-12 20:06:08','2020-08-12 20:06:08'),(5742,5692,NULL,NULL,'2020-08-12 20:06:10','2020-08-12 20:06:10'),(5743,5693,NULL,NULL,'2020-08-12 20:06:12','2020-08-12 20:06:12'),(5744,5694,NULL,NULL,'2020-08-12 20:06:14','2020-08-12 20:06:14'),(5745,5695,NULL,NULL,'2020-08-12 20:06:16','2020-08-12 20:06:16'),(5746,5696,NULL,NULL,'2020-08-12 20:06:17','2020-08-12 20:06:17'),(5747,5697,NULL,NULL,'2020-08-12 20:06:19','2020-08-12 20:06:19'),(5748,5698,NULL,NULL,'2020-08-12 20:06:21','2020-08-12 20:06:21'),(5749,5699,NULL,NULL,'2020-08-12 20:06:23','2020-08-12 20:06:23'),(5750,5700,NULL,NULL,'2020-08-12 20:06:25','2020-08-12 20:06:25'),(5751,5701,NULL,NULL,'2020-08-12 20:06:27','2020-08-12 20:06:27'),(5752,5702,NULL,NULL,'2020-08-12 20:06:29','2020-08-12 20:06:29'),(5753,5703,NULL,NULL,'2020-08-12 20:06:30','2020-08-12 20:06:30'),(5754,5704,NULL,NULL,'2020-08-12 20:06:32','2020-08-12 20:06:32'),(5755,5705,NULL,NULL,'2020-08-12 20:06:34','2020-08-12 20:06:34'),(5756,5706,NULL,NULL,'2020-08-12 20:06:36','2020-08-12 20:06:36'),(5757,5707,NULL,NULL,'2020-08-12 20:06:38','2020-08-12 20:06:38'),(5758,5708,NULL,NULL,'2020-08-12 20:06:40','2020-08-12 20:06:40'),(5759,5709,NULL,NULL,'2020-08-12 20:06:42','2020-08-12 20:06:42'),(5760,5710,NULL,NULL,'2020-08-12 20:06:44','2020-08-12 20:06:44'),(5761,5711,NULL,NULL,'2020-08-12 20:06:46','2020-08-12 20:06:46'),(5762,5712,NULL,NULL,'2020-08-12 20:06:48','2020-08-12 20:06:48'),(5763,5713,NULL,NULL,'2020-08-12 20:06:50','2020-08-12 20:06:50'),(5764,5714,NULL,NULL,'2020-08-12 20:06:51','2020-08-12 20:06:51'),(5765,5715,NULL,NULL,'2020-08-12 20:06:53','2020-08-12 20:06:53'),(5766,5716,NULL,NULL,'2020-08-12 20:06:55','2020-08-12 20:06:55'),(5767,5717,NULL,NULL,'2020-08-12 20:06:57','2020-08-12 20:06:57'),(5768,5718,NULL,NULL,'2020-08-12 20:06:59','2020-08-12 20:06:59'),(5769,5719,NULL,NULL,'2020-08-12 20:07:01','2020-08-12 20:07:01'),(5770,5720,NULL,NULL,'2020-08-12 20:07:03','2020-08-12 20:07:03'),(5771,5721,NULL,NULL,'2020-08-12 20:07:05','2020-08-12 20:07:05'),(5772,5722,NULL,NULL,'2020-08-12 20:07:08','2020-08-12 20:07:08'),(5773,5723,NULL,NULL,'2020-08-12 20:07:09','2020-08-12 20:07:09'),(5774,5724,NULL,NULL,'2020-08-12 20:07:11','2020-08-12 20:07:11'),(5775,5725,NULL,NULL,'2020-08-12 20:07:13','2020-08-12 20:07:13'),(5776,5726,NULL,NULL,'2020-08-12 20:07:15','2020-08-12 20:07:15'),(5777,5727,NULL,NULL,'2020-08-12 20:07:17','2020-08-12 20:07:17'),(5778,5728,NULL,NULL,'2020-08-12 20:07:19','2020-08-12 20:07:19'),(5779,5729,NULL,NULL,'2020-08-12 20:07:21','2020-08-12 20:07:21'),(5780,5730,NULL,NULL,'2020-08-12 20:07:23','2020-08-12 20:07:23'),(5781,5731,NULL,NULL,'2020-08-12 20:07:25','2020-08-12 20:07:25'),(5782,5732,NULL,NULL,'2020-08-12 20:07:27','2020-08-12 20:07:27'),(5783,5733,NULL,NULL,'2020-08-12 20:07:28','2020-08-12 20:07:28'),(5784,5734,NULL,NULL,'2020-08-12 20:07:30','2020-08-12 20:07:30'),(5785,5735,NULL,NULL,'2020-08-12 20:07:32','2020-08-12 20:07:32'),(5786,5736,NULL,NULL,'2020-08-12 20:07:34','2020-08-12 20:07:34'),(5787,5737,NULL,NULL,'2020-08-12 20:07:36','2020-08-12 20:07:36'),(5788,5738,NULL,NULL,'2020-08-12 20:07:38','2020-08-12 20:07:38'),(5789,5739,NULL,NULL,'2020-08-12 20:07:40','2020-08-12 20:07:40'),(5790,5740,NULL,NULL,'2020-08-12 20:07:42','2020-08-12 20:07:42'),(5791,5741,NULL,NULL,'2020-08-12 20:07:44','2020-08-12 20:07:44'),(5792,5742,NULL,NULL,'2020-08-12 20:07:46','2020-08-12 20:07:46'),(5793,5743,NULL,NULL,'2020-08-12 20:07:48','2020-08-12 20:07:48'),(5794,5744,NULL,NULL,'2020-08-12 20:07:49','2020-08-12 20:07:49'),(5795,5745,NULL,NULL,'2020-08-12 20:07:51','2020-08-12 20:07:51'),(5796,5746,NULL,NULL,'2020-08-12 20:07:53','2020-08-12 20:07:53'),(5797,5747,NULL,NULL,'2020-08-12 20:07:55','2020-08-12 20:07:55'),(5798,5748,NULL,NULL,'2020-08-12 20:07:57','2020-08-12 20:07:57'),(5799,5749,NULL,NULL,'2020-08-12 20:07:59','2020-08-12 20:07:59'),(5800,5750,NULL,NULL,'2020-08-12 20:08:01','2020-08-12 20:08:01'),(5801,5751,NULL,NULL,'2020-08-12 20:08:03','2020-08-12 20:08:03'),(5802,5752,NULL,NULL,'2020-08-12 20:08:06','2020-08-12 20:08:06'),(5803,5753,NULL,NULL,'2020-08-12 20:08:09','2020-08-12 20:08:09'),(5804,5754,NULL,NULL,'2020-08-12 20:08:11','2020-08-12 20:08:11'),(5805,5755,NULL,NULL,'2020-08-12 20:08:13','2020-08-12 20:08:13'),(5806,5756,NULL,NULL,'2020-08-12 20:08:15','2020-08-12 20:08:15'),(5807,5757,NULL,NULL,'2020-08-12 20:08:16','2020-08-12 20:08:16'),(5808,5758,NULL,NULL,'2020-08-12 20:08:18','2020-08-12 20:08:18'),(5809,5759,NULL,NULL,'2020-08-12 20:08:20','2020-08-12 20:08:20'),(5810,5760,NULL,NULL,'2020-08-12 20:08:22','2020-08-12 20:08:22'),(5811,5761,NULL,NULL,'2020-08-12 20:08:24','2020-08-12 20:08:24'),(5812,5762,NULL,NULL,'2020-08-12 20:08:26','2020-08-12 20:08:26'),(5813,5763,NULL,NULL,'2020-08-12 20:08:28','2020-08-12 20:08:28'),(5814,5764,NULL,NULL,'2020-08-12 20:08:30','2020-08-12 20:08:30'),(5815,5765,NULL,NULL,'2020-08-12 20:08:32','2020-08-12 20:08:32'),(5816,5766,NULL,NULL,'2020-08-12 20:08:34','2020-08-12 20:08:34'),(5817,5767,NULL,NULL,'2020-08-12 20:08:36','2020-08-12 20:08:36'),(5818,5768,NULL,NULL,'2020-08-12 20:08:38','2020-08-12 20:08:38'),(5819,5769,NULL,NULL,'2020-08-12 20:08:40','2020-08-12 20:08:40'),(5820,5770,NULL,NULL,'2020-08-12 20:08:42','2020-08-12 20:08:42'),(5821,5771,NULL,NULL,'2020-08-12 20:08:44','2020-08-12 20:08:44'),(5822,5772,NULL,NULL,'2020-08-12 20:08:46','2020-08-12 20:08:46'),(5823,5773,NULL,NULL,'2020-08-12 20:08:48','2020-08-12 20:08:48'),(5824,5774,NULL,NULL,'2020-08-12 20:08:50','2020-08-12 20:08:50'),(5825,5775,NULL,NULL,'2020-08-12 20:08:52','2020-08-12 20:08:52'),(5826,5776,NULL,NULL,'2020-08-12 20:08:54','2020-08-12 20:08:54'),(5827,5777,NULL,NULL,'2020-08-12 20:08:56','2020-08-12 20:08:56'),(5828,5778,NULL,NULL,'2020-08-12 20:08:58','2020-08-12 20:08:58'),(5829,5779,NULL,NULL,'2020-08-12 20:09:00','2020-08-12 20:09:00'),(5830,5780,NULL,NULL,'2020-08-12 20:09:02','2020-08-12 20:09:02'),(5831,5781,NULL,NULL,'2020-08-12 20:09:05','2020-08-12 20:09:05'),(5832,5782,NULL,NULL,'2020-08-12 20:09:07','2020-08-12 20:09:07'),(5833,5783,NULL,NULL,'2020-08-12 20:09:09','2020-08-12 20:09:09'),(5834,5784,NULL,NULL,'2020-08-12 20:09:11','2020-08-12 20:09:11'),(5835,5785,NULL,NULL,'2020-08-12 20:09:13','2020-08-12 20:09:13'),(5836,5786,NULL,NULL,'2020-08-12 20:09:15','2020-08-12 20:09:15'),(5837,5787,NULL,NULL,'2020-08-12 20:09:17','2020-08-12 20:09:17'),(5838,5788,NULL,NULL,'2020-08-12 20:09:19','2020-08-12 20:09:19'),(5839,5789,NULL,NULL,'2020-08-12 20:09:21','2020-08-12 20:09:21'),(5840,5790,NULL,NULL,'2020-08-12 20:09:23','2020-08-12 20:09:23'),(5841,5791,NULL,NULL,'2020-08-12 20:09:25','2020-08-12 20:09:25'),(5842,5792,NULL,NULL,'2020-08-12 20:09:27','2020-08-12 20:09:27'),(5843,5793,NULL,NULL,'2020-08-12 20:09:29','2020-08-12 20:09:29'),(5844,5794,NULL,NULL,'2020-08-12 20:09:31','2020-08-12 20:09:31'),(5845,5795,NULL,NULL,'2020-08-12 20:09:32','2020-08-12 20:09:32'),(5846,5796,NULL,NULL,'2020-08-12 20:09:34','2020-08-12 20:09:34'),(5847,5797,NULL,NULL,'2020-08-12 20:09:36','2020-08-12 20:09:36'),(5848,5798,NULL,NULL,'2020-08-12 20:09:38','2020-08-12 20:09:38'),(5849,5799,NULL,NULL,'2020-08-12 20:09:40','2020-08-12 20:09:40'),(5850,5800,NULL,NULL,'2020-08-12 20:09:42','2020-08-12 20:09:42'),(5851,5801,NULL,NULL,'2020-08-12 20:09:44','2020-08-12 20:09:44'),(5852,5802,NULL,NULL,'2020-08-12 20:09:46','2020-08-12 20:09:46'),(5853,5803,NULL,NULL,'2020-08-12 20:09:48','2020-08-12 20:09:48'),(5854,5804,NULL,NULL,'2020-08-12 20:09:50','2020-08-12 20:09:50'),(5855,5805,NULL,NULL,'2020-08-12 20:09:52','2020-08-12 20:09:52'),(5856,5806,NULL,NULL,'2020-08-12 20:09:54','2020-08-12 20:09:54'),(5857,5807,NULL,NULL,'2020-08-12 20:09:56','2020-08-12 20:09:56'),(5858,5808,NULL,NULL,'2020-08-12 20:09:58','2020-08-12 20:09:58'),(5859,5809,NULL,NULL,'2020-08-12 20:10:00','2020-08-12 20:10:00'),(5860,5810,NULL,NULL,'2020-08-12 20:10:02','2020-08-12 20:10:02'),(5861,5811,NULL,NULL,'2020-08-12 20:10:04','2020-08-12 20:10:04'),(5862,5812,NULL,NULL,'2020-08-12 20:10:06','2020-08-12 20:10:06'),(5863,5813,NULL,NULL,'2020-08-12 20:10:08','2020-08-12 20:10:08'),(5864,5814,NULL,NULL,'2020-08-12 20:10:10','2020-08-12 20:10:10'),(5865,5815,NULL,NULL,'2020-08-12 20:10:12','2020-08-12 20:10:12'),(5866,5816,NULL,NULL,'2020-08-12 20:10:14','2020-08-12 20:10:14'),(5867,5817,NULL,NULL,'2020-08-12 20:10:16','2020-08-12 20:10:16'),(5868,5818,NULL,NULL,'2020-08-12 20:10:18','2020-08-12 20:10:18'),(5869,5819,NULL,NULL,'2020-08-12 20:10:20','2020-08-12 20:10:20'),(5870,5820,NULL,NULL,'2020-08-12 20:10:22','2020-08-12 20:10:22'),(5871,5821,NULL,NULL,'2020-08-12 20:10:24','2020-08-12 20:10:24'),(5872,5822,NULL,NULL,'2020-08-12 20:10:26','2020-08-12 20:10:26'),(5873,5823,NULL,NULL,'2020-08-12 20:10:28','2020-08-12 20:10:28'),(5874,5824,NULL,NULL,'2020-08-12 20:10:30','2020-08-12 20:10:30'),(5875,5825,NULL,NULL,'2020-08-12 20:10:32','2020-08-12 20:10:32'),(5876,5826,NULL,NULL,'2020-08-12 20:10:34','2020-08-12 20:10:34'),(5877,5827,NULL,NULL,'2020-08-12 20:10:36','2020-08-12 20:10:36'),(5878,5828,NULL,NULL,'2020-08-12 20:10:38','2020-08-12 20:10:38'),(5879,5829,NULL,NULL,'2020-08-12 20:10:40','2020-08-12 20:10:40'),(5880,5830,NULL,NULL,'2020-08-12 20:10:42','2020-08-12 20:10:42'),(5881,5831,NULL,NULL,'2020-08-12 20:10:44','2020-08-12 20:10:44'),(5882,5832,NULL,NULL,'2020-08-12 20:10:46','2020-08-12 20:10:46'),(5883,5833,NULL,NULL,'2020-08-12 20:10:48','2020-08-12 20:10:48'),(5884,5834,NULL,NULL,'2020-08-12 20:10:50','2020-08-12 20:10:50'),(5885,5835,NULL,NULL,'2020-08-12 20:10:52','2020-08-12 20:10:52'),(5886,5836,NULL,NULL,'2020-08-12 20:10:54','2020-08-12 20:10:54'),(5887,5837,NULL,NULL,'2020-08-12 20:10:56','2020-08-12 20:10:56'),(5888,5838,NULL,NULL,'2020-08-12 20:10:58','2020-08-12 20:10:58'),(5889,5839,NULL,NULL,'2020-08-12 20:11:00','2020-08-12 20:11:00'),(5890,5840,NULL,NULL,'2020-08-12 20:11:02','2020-08-12 20:11:02'),(5891,5841,NULL,NULL,'2020-08-12 20:11:05','2020-08-12 20:11:05'),(5892,5842,NULL,NULL,'2020-08-12 20:11:08','2020-08-12 20:11:08'),(5893,5843,NULL,NULL,'2020-08-12 20:11:10','2020-08-12 20:11:10'),(5894,5844,NULL,NULL,'2020-08-12 20:11:12','2020-08-12 20:11:12'),(5895,5845,NULL,NULL,'2020-08-12 20:11:14','2020-08-12 20:11:14'),(5896,5846,NULL,NULL,'2020-08-12 20:11:16','2020-08-12 20:11:16'),(5897,5847,NULL,NULL,'2020-08-12 20:11:18','2020-08-12 20:11:18'),(5898,5848,NULL,NULL,'2020-08-12 20:11:20','2020-08-12 20:11:20'),(5899,5849,NULL,NULL,'2020-08-12 20:11:22','2020-08-12 20:11:22'),(5900,5850,NULL,NULL,'2020-08-12 20:11:24','2020-08-12 20:11:24'),(5901,5851,NULL,NULL,'2020-08-12 20:11:26','2020-08-12 20:11:26'),(5902,5852,NULL,NULL,'2020-08-12 20:11:28','2020-08-12 20:11:28'),(5903,5853,NULL,NULL,'2020-08-12 20:11:30','2020-08-12 20:11:30'),(5904,5854,NULL,NULL,'2020-08-12 20:11:32','2020-08-12 20:11:32'),(5905,5855,NULL,NULL,'2020-08-12 20:11:34','2020-08-12 20:11:34'),(5906,5856,NULL,NULL,'2020-08-12 20:11:36','2020-08-12 20:11:36'),(5907,5857,NULL,NULL,'2020-08-12 20:11:38','2020-08-12 20:11:38'),(5908,5858,NULL,NULL,'2020-08-12 20:11:40','2020-08-12 20:11:40'),(5909,5859,NULL,NULL,'2020-08-12 20:11:42','2020-08-12 20:11:42'),(5910,5860,NULL,NULL,'2020-08-12 20:11:44','2020-08-12 20:11:44'),(5911,5861,NULL,NULL,'2020-08-12 20:11:46','2020-08-12 20:11:46'),(5912,5862,NULL,NULL,'2020-08-12 20:11:48','2020-08-12 20:11:48'),(5913,5863,NULL,NULL,'2020-08-12 20:11:50','2020-08-12 20:11:50'),(5914,5864,NULL,NULL,'2020-08-12 20:11:52','2020-08-12 20:11:52'),(5915,5865,NULL,NULL,'2020-08-12 20:11:54','2020-08-12 20:11:54'),(5916,5866,NULL,NULL,'2020-08-12 20:11:56','2020-08-12 20:11:56'),(5917,5867,NULL,NULL,'2020-08-12 20:11:59','2020-08-12 20:11:59'),(5918,5868,NULL,NULL,'2020-08-12 20:12:01','2020-08-12 20:12:01'),(5919,5869,NULL,NULL,'2020-08-12 20:12:03','2020-08-12 20:12:03'),(5920,5870,NULL,NULL,'2020-08-12 20:12:05','2020-08-12 20:12:05'),(5921,5871,NULL,NULL,'2020-08-12 20:12:07','2020-08-12 20:12:07'),(5922,5872,NULL,NULL,'2020-08-12 20:12:09','2020-08-12 20:12:09'),(5923,5873,NULL,NULL,'2020-08-12 20:12:11','2020-08-12 20:12:11'),(5924,5874,NULL,NULL,'2020-08-12 20:12:13','2020-08-12 20:12:13'),(5925,5875,NULL,NULL,'2020-08-12 20:12:15','2020-08-12 20:12:15'),(5926,5876,NULL,NULL,'2020-08-12 20:12:18','2020-08-12 20:12:18'),(5927,5877,NULL,NULL,'2020-08-12 20:12:19','2020-08-12 20:12:19'),(5928,5878,NULL,NULL,'2020-08-12 20:12:22','2020-08-12 20:12:22'),(5929,5879,NULL,NULL,'2020-08-12 20:12:24','2020-08-12 20:12:24'),(5930,5880,NULL,NULL,'2020-08-12 20:12:26','2020-08-12 20:12:26'),(5931,5881,NULL,NULL,'2020-08-12 20:12:28','2020-08-12 20:12:28'),(5932,5882,NULL,NULL,'2020-08-12 20:12:30','2020-08-12 20:12:30'),(5933,5883,NULL,NULL,'2020-08-12 20:12:32','2020-08-12 20:12:32'),(5934,5884,NULL,NULL,'2020-08-12 20:12:34','2020-08-12 20:12:34'),(5935,5885,NULL,NULL,'2020-08-12 20:12:36','2020-08-12 20:12:36'),(5936,5886,NULL,NULL,'2020-08-12 20:12:38','2020-08-12 20:12:38'),(5937,5887,NULL,NULL,'2020-08-12 20:12:40','2020-08-12 20:12:40'),(5938,5888,NULL,NULL,'2020-08-12 20:12:42','2020-08-12 20:12:42'),(5939,5889,NULL,NULL,'2020-08-12 20:12:44','2020-08-12 20:12:44'),(5940,5890,NULL,NULL,'2020-08-12 20:12:46','2020-08-12 20:12:46'),(5941,5891,NULL,NULL,'2020-08-12 20:12:48','2020-08-12 20:12:48'),(5942,5892,NULL,NULL,'2020-08-12 20:12:50','2020-08-12 20:12:50'),(5943,5893,NULL,NULL,'2020-08-12 20:12:52','2020-08-12 20:12:52'),(5944,5894,NULL,NULL,'2020-08-12 20:12:55','2020-08-12 20:12:55'),(5945,5895,NULL,NULL,'2020-08-12 20:12:57','2020-08-12 20:12:57'),(5946,5896,NULL,NULL,'2020-08-12 20:12:59','2020-08-12 20:12:59'),(5947,5897,NULL,NULL,'2020-08-12 20:13:01','2020-08-12 20:13:01'),(5948,5898,NULL,NULL,'2020-08-12 20:13:03','2020-08-12 20:13:03'),(5949,5899,NULL,NULL,'2020-08-12 20:13:05','2020-08-12 20:13:05'),(5950,5900,NULL,NULL,'2020-08-12 20:13:08','2020-08-12 20:13:08'),(5951,5901,NULL,NULL,'2020-08-12 20:13:10','2020-08-12 20:13:10'),(5952,5902,NULL,NULL,'2020-08-12 20:13:12','2020-08-12 20:13:12'),(5953,5903,NULL,NULL,'2020-08-12 20:13:14','2020-08-12 20:13:14'),(5954,5904,NULL,NULL,'2020-08-12 20:13:16','2020-08-12 20:13:16'),(5955,5905,NULL,NULL,'2020-08-12 20:13:18','2020-08-12 20:13:18'),(5956,5906,NULL,NULL,'2020-08-12 20:13:20','2020-08-12 20:13:20'),(5957,5907,NULL,NULL,'2020-08-12 20:13:22','2020-08-12 20:13:22'),(5958,5908,NULL,NULL,'2020-08-12 20:13:24','2020-08-12 20:13:24'),(5959,5909,NULL,NULL,'2020-08-12 20:13:26','2020-08-12 20:13:26'),(5960,5910,NULL,NULL,'2020-08-12 20:13:28','2020-08-12 20:13:28'),(5961,5911,NULL,NULL,'2020-08-12 20:13:30','2020-08-12 20:13:30'),(5962,5912,NULL,NULL,'2020-08-12 20:13:32','2020-08-12 20:13:32'),(5963,5913,NULL,NULL,'2020-08-12 20:13:34','2020-08-12 20:13:34'),(5964,5914,NULL,NULL,'2020-08-12 20:13:36','2020-08-12 20:13:36'),(5965,5915,NULL,NULL,'2020-08-12 20:13:38','2020-08-12 20:13:38'),(5966,5916,NULL,NULL,'2020-08-12 20:13:41','2020-08-12 20:13:41'),(5967,5917,NULL,NULL,'2020-08-12 20:13:43','2020-08-12 20:13:43'),(5968,5918,NULL,NULL,'2020-08-12 20:13:45','2020-08-12 20:13:45'),(5969,5919,NULL,NULL,'2020-08-12 20:13:47','2020-08-12 20:13:47'),(5970,5920,NULL,NULL,'2020-08-12 20:13:49','2020-08-12 20:13:49'),(5971,5921,NULL,NULL,'2020-08-12 20:13:51','2020-08-12 20:13:51'),(5972,5922,NULL,NULL,'2020-08-12 20:13:53','2020-08-12 20:13:53'),(5973,5923,NULL,NULL,'2020-08-12 20:13:55','2020-08-12 20:13:55'),(5974,5924,NULL,NULL,'2020-08-12 20:13:57','2020-08-12 20:13:57'),(5975,5925,NULL,NULL,'2020-08-12 20:13:59','2020-08-12 20:13:59'),(5976,5926,NULL,NULL,'2020-08-12 20:14:01','2020-08-12 20:14:01'),(5977,5927,NULL,NULL,'2020-08-12 20:14:04','2020-08-12 20:14:04'),(5978,5928,NULL,NULL,'2020-08-12 20:14:06','2020-08-12 20:14:06'),(5979,5929,NULL,NULL,'2020-08-12 20:14:08','2020-08-12 20:14:08'),(5980,5930,NULL,NULL,'2020-08-12 20:14:10','2020-08-12 20:14:10'),(5981,5931,NULL,NULL,'2020-08-12 20:14:12','2020-08-12 20:14:12'),(5982,5932,NULL,NULL,'2020-08-12 20:14:14','2020-08-12 20:14:14'),(5983,5933,NULL,NULL,'2020-08-12 20:14:16','2020-08-12 20:14:16'),(5984,5934,NULL,NULL,'2020-08-12 20:14:19','2020-08-12 20:14:19'),(5985,5935,NULL,NULL,'2020-08-12 20:14:21','2020-08-12 20:14:21'),(5986,5936,NULL,NULL,'2020-08-12 20:14:23','2020-08-12 20:14:23'),(5987,5937,NULL,NULL,'2020-08-12 20:14:25','2020-08-12 20:14:25'),(5988,5938,NULL,NULL,'2020-08-12 20:14:27','2020-08-12 20:14:27'),(5989,5939,NULL,NULL,'2020-08-12 20:14:29','2020-08-12 20:14:29'),(5990,5940,NULL,NULL,'2020-08-12 20:14:31','2020-08-12 20:14:31'),(5991,5941,NULL,NULL,'2020-08-12 20:14:33','2020-08-12 20:14:33'),(5992,5942,NULL,NULL,'2020-08-12 20:14:35','2020-08-12 20:14:35'),(5993,5943,NULL,NULL,'2020-08-12 20:14:37','2020-08-12 20:14:37'),(5994,5944,NULL,NULL,'2020-08-12 20:14:39','2020-08-12 20:14:39'),(5995,5945,NULL,NULL,'2020-08-12 20:14:42','2020-08-12 20:14:42'),(5996,5946,NULL,NULL,'2020-08-12 20:14:44','2020-08-12 20:14:44'),(5997,5947,NULL,NULL,'2020-08-12 20:14:46','2020-08-12 20:14:46'),(5998,5948,NULL,NULL,'2020-08-12 20:14:48','2020-08-12 20:14:48'),(5999,5949,NULL,NULL,'2020-08-12 20:14:50','2020-08-12 20:14:50'),(6000,5950,NULL,NULL,'2020-08-12 20:14:52','2020-08-12 20:14:52'),(6001,5951,NULL,NULL,'2020-08-12 20:14:54','2020-08-12 20:14:54'),(6002,5952,NULL,NULL,'2020-08-12 20:14:56','2020-08-12 20:14:56'),(6003,5953,NULL,NULL,'2020-08-12 20:14:58','2020-08-12 20:14:58'),(6004,5954,NULL,NULL,'2020-08-12 20:15:01','2020-08-12 20:15:01'),(6005,5955,NULL,NULL,'2020-08-12 20:15:03','2020-08-12 20:15:03'),(6006,5956,NULL,NULL,'2020-08-12 20:15:06','2020-08-12 20:15:06'),(6007,5957,NULL,NULL,'2020-08-12 20:15:08','2020-08-12 20:15:08'),(6008,5958,NULL,NULL,'2020-08-12 20:15:10','2020-08-12 20:15:10'),(6009,5959,NULL,NULL,'2020-08-12 20:15:12','2020-08-12 20:15:12'),(6010,5960,NULL,NULL,'2020-08-12 20:15:14','2020-08-12 20:15:14'),(6011,5961,NULL,NULL,'2020-08-12 20:15:16','2020-08-12 20:15:16'),(6012,5962,NULL,NULL,'2020-08-12 20:15:18','2020-08-12 20:15:18'),(6013,5963,NULL,NULL,'2020-08-12 20:15:20','2020-08-12 20:15:20'),(6014,5964,NULL,NULL,'2020-08-12 20:15:22','2020-08-12 20:15:22'),(6015,5965,NULL,NULL,'2020-08-12 20:15:24','2020-08-12 20:15:24'),(6016,5966,NULL,NULL,'2020-08-12 20:15:26','2020-08-12 20:15:26'),(6017,5967,NULL,NULL,'2020-08-12 20:15:28','2020-08-12 20:15:28'),(6018,5968,NULL,NULL,'2020-08-12 20:15:31','2020-08-12 20:15:31'),(6019,5969,NULL,NULL,'2020-08-12 20:15:33','2020-08-12 20:15:33'),(6020,5970,NULL,NULL,'2020-08-12 20:15:35','2020-08-12 20:15:35'),(6021,5971,NULL,NULL,'2020-08-12 20:15:37','2020-08-12 20:15:37'),(6022,5972,NULL,NULL,'2020-08-12 20:15:39','2020-08-12 20:15:39'),(6023,5973,NULL,NULL,'2020-08-12 20:15:41','2020-08-12 20:15:41'),(6024,5974,NULL,NULL,'2020-08-12 20:15:43','2020-08-12 20:15:43'),(6025,5975,NULL,NULL,'2020-08-12 20:15:45','2020-08-12 20:15:45'),(6026,5976,NULL,NULL,'2020-08-12 20:15:47','2020-08-12 20:15:47'),(6027,5977,NULL,NULL,'2020-08-12 20:15:49','2020-08-12 20:15:49'),(6028,5978,NULL,NULL,'2020-08-12 20:15:51','2020-08-12 20:15:51'),(6029,5979,NULL,NULL,'2020-08-12 20:15:53','2020-08-12 20:15:53'),(6030,5980,NULL,NULL,'2020-08-12 20:15:55','2020-08-12 20:15:55'),(6031,5981,NULL,NULL,'2020-08-12 20:15:58','2020-08-12 20:15:58'),(6032,5982,NULL,NULL,'2020-08-12 20:16:00','2020-08-12 20:16:00'),(6033,5983,NULL,NULL,'2020-08-12 20:16:02','2020-08-12 20:16:02'),(6034,5984,NULL,NULL,'2020-08-12 20:16:04','2020-08-12 20:16:04'),(6035,5985,NULL,NULL,'2020-08-12 20:16:06','2020-08-12 20:16:06'),(6036,5986,NULL,NULL,'2020-08-12 20:16:08','2020-08-12 20:16:08'),(6037,5987,NULL,NULL,'2020-08-12 20:16:10','2020-08-12 20:16:10'),(6038,5988,NULL,NULL,'2020-08-12 20:16:13','2020-08-12 20:16:13'),(6039,5989,NULL,NULL,'2020-08-12 20:16:15','2020-08-12 20:16:15'),(6040,5990,NULL,NULL,'2020-08-12 20:16:17','2020-08-12 20:16:17'),(6041,5991,NULL,NULL,'2020-08-12 20:16:19','2020-08-12 20:16:19'),(6042,5992,NULL,NULL,'2020-08-12 20:16:21','2020-08-12 20:16:21'),(6043,5993,NULL,NULL,'2020-08-12 20:16:23','2020-08-12 20:16:23'),(6044,5994,NULL,NULL,'2020-08-12 20:16:25','2020-08-12 20:16:25'),(6045,5995,NULL,NULL,'2020-08-12 20:16:27','2020-08-12 20:16:27'),(6046,5996,NULL,NULL,'2020-08-12 20:16:29','2020-08-12 20:16:29'),(6047,5997,NULL,NULL,'2020-08-12 20:16:31','2020-08-12 20:16:31'),(6048,5998,NULL,NULL,'2020-08-12 20:16:33','2020-08-12 20:16:33'),(6049,5999,NULL,NULL,'2020-08-12 20:16:35','2020-08-12 20:16:35'),(6050,6000,NULL,NULL,'2020-08-12 20:16:38','2020-08-12 20:16:38'),(6051,6001,NULL,NULL,'2020-08-12 20:16:40','2020-08-12 20:16:40'),(6052,6002,NULL,NULL,'2020-08-12 20:16:42','2020-08-12 20:16:42'),(6053,6003,NULL,NULL,'2020-08-12 20:16:44','2020-08-12 20:16:44'),(6054,6004,NULL,NULL,'2020-08-12 20:16:46','2020-08-12 20:16:46'),(6055,6005,NULL,NULL,'2020-08-12 20:16:48','2020-08-12 20:16:48'),(6056,6006,NULL,NULL,'2020-08-12 20:16:50','2020-08-12 20:16:50'),(6057,6007,NULL,NULL,'2020-08-12 20:16:52','2020-08-12 20:16:52'),(6058,6008,NULL,NULL,'2020-08-12 20:16:54','2020-08-12 20:16:54'),(6059,6009,NULL,NULL,'2020-08-12 20:16:57','2020-08-12 20:16:57'),(6060,6010,NULL,NULL,'2020-08-12 20:16:59','2020-08-12 20:16:59'),(6061,6011,NULL,NULL,'2020-08-12 20:17:01','2020-08-12 20:17:01'),(6062,6012,NULL,NULL,'2020-08-12 20:17:03','2020-08-12 20:17:03'),(6063,6013,NULL,NULL,'2020-08-12 20:17:06','2020-08-12 20:17:06'),(6064,6014,NULL,NULL,'2020-08-12 20:17:08','2020-08-12 20:17:08'),(6065,6015,NULL,NULL,'2020-08-12 20:17:11','2020-08-12 20:17:11'),(6066,6016,NULL,NULL,'2020-08-12 20:17:13','2020-08-12 20:17:13'),(6067,6017,NULL,NULL,'2020-08-12 20:17:15','2020-08-12 20:17:15'),(6068,6018,NULL,NULL,'2020-08-12 20:17:17','2020-08-12 20:17:17'),(6069,6019,NULL,NULL,'2020-08-12 20:17:19','2020-08-12 20:17:19'),(6070,6020,NULL,NULL,'2020-08-12 20:17:21','2020-08-12 20:17:21'),(6071,6021,NULL,NULL,'2020-08-12 20:17:23','2020-08-12 20:17:23'),(6072,6022,NULL,NULL,'2020-08-12 20:17:25','2020-08-12 20:17:25'),(6073,6023,NULL,NULL,'2020-08-12 20:17:28','2020-08-12 20:17:28'),(6074,6024,NULL,NULL,'2020-08-12 20:17:30','2020-08-12 20:17:30'),(6075,6025,NULL,NULL,'2020-08-12 20:17:32','2020-08-12 20:17:32'),(6076,6026,NULL,NULL,'2020-08-12 20:17:34','2020-08-12 20:17:34'),(6077,6027,NULL,NULL,'2020-08-12 20:17:36','2020-08-12 20:17:36'),(6078,6028,NULL,NULL,'2020-08-12 20:17:38','2020-08-12 20:17:38'),(6079,6029,NULL,NULL,'2020-08-12 20:17:40','2020-08-12 20:17:40'),(6080,6030,NULL,NULL,'2020-08-12 20:17:42','2020-08-12 20:17:42'),(6081,6031,NULL,NULL,'2020-08-12 20:17:45','2020-08-12 20:17:45'),(6082,6032,NULL,NULL,'2020-08-12 20:17:47','2020-08-12 20:17:47'),(6083,6033,NULL,NULL,'2020-08-12 20:17:49','2020-08-12 20:17:49'),(6084,6034,NULL,NULL,'2020-08-12 20:17:51','2020-08-12 20:17:51'),(6085,6035,NULL,NULL,'2020-08-12 20:17:53','2020-08-12 20:17:53'),(6086,6036,NULL,NULL,'2020-08-12 20:17:55','2020-08-12 20:17:55'),(6087,6037,NULL,NULL,'2020-08-12 20:17:58','2020-08-12 20:17:58'),(6088,6038,NULL,NULL,'2020-08-12 20:18:00','2020-08-12 20:18:00'),(6089,6039,NULL,NULL,'2020-08-12 20:18:02','2020-08-12 20:18:02'),(6090,6040,NULL,NULL,'2020-08-12 20:18:04','2020-08-12 20:18:04'),(6091,6041,NULL,NULL,'2020-08-12 20:18:07','2020-08-12 20:18:07'),(6092,6042,NULL,NULL,'2020-08-12 20:18:09','2020-08-12 20:18:09'),(6093,6043,NULL,NULL,'2020-08-12 20:18:11','2020-08-12 20:18:11'),(6094,6044,NULL,NULL,'2020-08-12 20:18:13','2020-08-12 20:18:13'),(6095,6045,NULL,NULL,'2020-08-12 20:18:16','2020-08-12 20:18:16'),(6096,6046,NULL,NULL,'2020-08-12 20:18:18','2020-08-12 20:18:18'),(6097,6047,NULL,NULL,'2020-08-12 20:18:20','2020-08-12 20:18:20'),(6098,6048,NULL,NULL,'2020-08-12 20:18:22','2020-08-12 20:18:22'),(6099,6049,NULL,NULL,'2020-08-12 20:18:24','2020-08-12 20:18:24'),(6100,6050,NULL,NULL,'2020-08-12 20:18:26','2020-08-12 20:18:26'),(6101,6051,NULL,NULL,'2020-08-12 20:18:29','2020-08-12 20:18:29'),(6102,6052,NULL,NULL,'2020-08-12 20:18:31','2020-08-12 20:18:31'),(6103,6053,NULL,NULL,'2020-08-12 20:18:33','2020-08-12 20:18:33'),(6104,6054,NULL,NULL,'2020-08-12 20:18:35','2020-08-12 20:18:35'),(6105,6055,NULL,NULL,'2020-08-12 20:18:37','2020-08-12 20:18:37'),(6106,6056,NULL,NULL,'2020-08-12 20:18:39','2020-08-12 20:18:39'),(6107,6057,NULL,NULL,'2020-08-12 20:18:41','2020-08-12 20:18:41'),(6108,6058,NULL,NULL,'2020-08-12 20:18:44','2020-08-12 20:18:44'),(6109,6059,NULL,NULL,'2020-08-12 20:18:46','2020-08-12 20:18:46'),(6110,6060,NULL,NULL,'2020-08-12 20:18:48','2020-08-12 20:18:48'),(6111,6061,NULL,NULL,'2020-08-12 20:18:50','2020-08-12 20:18:50'),(6112,6062,NULL,NULL,'2020-08-12 20:18:52','2020-08-12 20:18:52'),(6113,6063,NULL,NULL,'2020-08-12 20:18:55','2020-08-12 20:18:55'),(6114,6064,NULL,NULL,'2020-08-12 20:18:57','2020-08-12 20:18:57'),(6115,6065,NULL,NULL,'2020-08-12 20:18:59','2020-08-12 20:18:59'),(6116,6066,NULL,NULL,'2020-08-12 20:19:01','2020-08-12 20:19:01'),(6117,6067,NULL,NULL,'2020-08-12 20:19:03','2020-08-12 20:19:03'),(6118,6068,NULL,NULL,'2020-08-12 20:19:06','2020-08-12 20:19:06'),(6119,6069,NULL,NULL,'2020-08-12 20:19:08','2020-08-12 20:19:08'),(6120,6070,NULL,NULL,'2020-08-12 20:19:10','2020-08-12 20:19:10'),(6121,6071,NULL,NULL,'2020-08-12 20:19:13','2020-08-12 20:19:13'),(6122,6072,NULL,NULL,'2020-08-12 20:19:15','2020-08-12 20:19:15'),(6123,6073,NULL,NULL,'2020-08-12 20:19:17','2020-08-12 20:19:17'),(6124,6074,NULL,NULL,'2020-08-12 20:19:19','2020-08-12 20:19:19'),(6125,6075,NULL,NULL,'2020-08-12 20:19:21','2020-08-12 20:19:21'),(6126,6076,NULL,NULL,'2020-08-12 20:19:23','2020-08-12 20:19:23'),(6127,6077,NULL,NULL,'2020-08-12 20:19:25','2020-08-12 20:19:25'),(6128,6078,NULL,NULL,'2020-08-12 20:19:28','2020-08-12 20:19:28'),(6129,6079,NULL,NULL,'2020-08-12 20:19:30','2020-08-12 20:19:30'),(6130,6080,NULL,NULL,'2020-08-12 20:19:32','2020-08-12 20:19:32'),(6131,6081,NULL,NULL,'2020-08-12 20:19:34','2020-08-12 20:19:34'),(6132,6082,NULL,NULL,'2020-08-12 20:19:37','2020-08-12 20:19:37'),(6133,6083,NULL,NULL,'2020-08-12 20:19:39','2020-08-12 20:19:39'),(6134,6084,NULL,NULL,'2020-08-12 20:19:41','2020-08-12 20:19:41'),(6135,6085,NULL,NULL,'2020-08-12 20:19:43','2020-08-12 20:19:43'),(6136,6086,NULL,NULL,'2020-08-12 20:19:45','2020-08-12 20:19:45'),(6137,6087,NULL,NULL,'2020-08-12 20:19:48','2020-08-12 20:19:48'),(6138,6088,NULL,NULL,'2020-08-12 20:19:50','2020-08-12 20:19:50'),(6139,6089,NULL,NULL,'2020-08-12 20:19:52','2020-08-12 20:19:52'),(6140,6090,NULL,NULL,'2020-08-12 20:19:54','2020-08-12 20:19:54'),(6141,6091,NULL,NULL,'2020-08-12 20:19:57','2020-08-12 20:19:57'),(6142,6092,NULL,NULL,'2020-08-12 20:19:59','2020-08-12 20:19:59'),(6143,6093,NULL,NULL,'2020-08-12 20:20:01','2020-08-12 20:20:01'),(6144,6094,NULL,NULL,'2020-08-12 20:20:03','2020-08-12 20:20:03'),(6145,6095,NULL,NULL,'2020-08-12 20:20:06','2020-08-12 20:20:06'),(6146,6096,NULL,NULL,'2020-08-12 20:20:08','2020-08-12 20:20:08'),(6147,6097,NULL,NULL,'2020-08-12 20:20:11','2020-08-12 20:20:11'),(6148,6098,NULL,NULL,'2020-08-12 20:20:13','2020-08-12 20:20:13'),(6149,6099,NULL,NULL,'2020-08-12 20:20:15','2020-08-12 20:20:15'),(6150,6100,NULL,NULL,'2020-08-12 20:20:17','2020-08-12 20:20:17'),(6151,6101,NULL,NULL,'2020-08-12 20:20:20','2020-08-12 20:20:20'),(6152,6102,NULL,NULL,'2020-08-12 20:20:22','2020-08-12 20:20:22'),(6153,6103,NULL,NULL,'2020-08-12 20:20:24','2020-08-12 20:20:24'),(6154,6104,NULL,NULL,'2020-08-12 20:20:26','2020-08-12 20:20:26'),(6155,6105,NULL,NULL,'2020-08-12 20:20:28','2020-08-12 20:20:28'),(6156,6106,NULL,NULL,'2020-08-12 20:20:31','2020-08-12 20:20:31'),(6157,6107,NULL,NULL,'2020-08-12 20:20:33','2020-08-12 20:20:33'),(6158,6108,NULL,NULL,'2020-08-12 20:20:35','2020-08-12 20:20:35'),(6159,6109,NULL,NULL,'2020-08-12 20:20:37','2020-08-12 20:20:37'),(6160,6110,NULL,NULL,'2020-08-12 20:20:40','2020-08-12 20:20:40'),(6161,6111,NULL,NULL,'2020-08-12 20:20:42','2020-08-12 20:20:42'),(6162,6112,NULL,NULL,'2020-08-12 20:20:44','2020-08-12 20:20:44'),(6163,6113,NULL,NULL,'2020-08-12 20:20:47','2020-08-12 20:20:47'),(6164,6114,NULL,NULL,'2020-08-12 20:20:49','2020-08-12 20:20:49'),(6165,6115,NULL,NULL,'2020-08-12 20:20:51','2020-08-12 20:20:51'),(6166,6116,NULL,NULL,'2020-08-12 20:20:53','2020-08-12 20:20:53'),(6167,6117,NULL,NULL,'2020-08-12 20:20:56','2020-08-12 20:20:56'),(6168,6118,NULL,NULL,'2020-08-12 20:20:58','2020-08-12 20:20:58'),(6169,6119,NULL,NULL,'2020-08-12 20:21:00','2020-08-12 20:21:00'),(6170,6120,NULL,NULL,'2020-08-12 20:21:02','2020-08-12 20:21:02'),(6171,6121,NULL,NULL,'2020-08-12 20:21:05','2020-08-12 20:21:05'),(6172,6122,NULL,NULL,'2020-08-12 20:21:07','2020-08-12 20:21:07'),(6173,6123,NULL,NULL,'2020-08-12 20:21:09','2020-08-12 20:21:09'),(6174,6124,NULL,NULL,'2020-08-12 20:21:12','2020-08-12 20:21:12'),(6175,6125,NULL,NULL,'2020-08-12 20:21:14','2020-08-12 20:21:14'),(6176,6126,NULL,NULL,'2020-08-12 20:21:16','2020-08-12 20:21:16'),(6177,6127,NULL,NULL,'2020-08-12 20:21:18','2020-08-12 20:21:18'),(6178,6128,NULL,NULL,'2020-08-12 20:21:21','2020-08-12 20:21:21'),(6179,6129,NULL,NULL,'2020-08-12 20:21:23','2020-08-12 20:21:23'),(6180,6130,NULL,NULL,'2020-08-12 20:21:25','2020-08-12 20:21:25'),(6181,6131,NULL,NULL,'2020-08-12 20:21:27','2020-08-12 20:21:27'),(6182,6132,NULL,NULL,'2020-08-12 20:21:29','2020-08-12 20:21:29'),(6183,6133,NULL,NULL,'2020-08-12 20:21:32','2020-08-12 20:21:32'),(6184,6134,NULL,NULL,'2020-08-12 20:21:34','2020-08-12 20:21:34'),(6185,6135,NULL,NULL,'2020-08-12 20:21:36','2020-08-12 20:21:36'),(6186,6136,NULL,NULL,'2020-08-12 20:21:38','2020-08-12 20:21:38'),(6187,6137,NULL,NULL,'2020-08-12 20:21:41','2020-08-12 20:21:41'),(6188,6138,NULL,NULL,'2020-08-12 20:21:43','2020-08-12 20:21:43'),(6189,6139,NULL,NULL,'2020-08-12 20:21:45','2020-08-12 20:21:45'),(6190,6140,NULL,NULL,'2020-08-12 20:21:47','2020-08-12 20:21:47'),(6191,6141,NULL,NULL,'2020-08-12 20:21:49','2020-08-12 20:21:49'),(6192,6142,NULL,NULL,'2020-08-12 20:21:52','2020-08-12 20:21:52'),(6193,6143,NULL,NULL,'2020-08-12 20:21:54','2020-08-12 20:21:54'),(6194,6144,NULL,NULL,'2020-08-12 20:21:56','2020-08-12 20:21:56'),(6195,6145,NULL,NULL,'2020-08-12 20:21:59','2020-08-12 20:21:59'),(6196,6146,NULL,NULL,'2020-08-12 20:22:01','2020-08-12 20:22:01'),(6197,6147,NULL,NULL,'2020-08-12 20:22:03','2020-08-12 20:22:03'),(6198,6148,NULL,NULL,'2020-08-12 20:22:05','2020-08-12 20:22:05'),(6199,6149,NULL,NULL,'2020-08-12 20:22:08','2020-08-12 20:22:08'),(6200,6150,NULL,NULL,'2020-08-12 20:22:10','2020-08-12 20:22:10'),(6201,6151,NULL,NULL,'2020-08-12 20:22:12','2020-08-12 20:22:12'),(6202,6152,NULL,NULL,'2020-08-12 20:22:14','2020-08-12 20:22:14'),(6203,6153,NULL,NULL,'2020-08-12 20:22:17','2020-08-12 20:22:17'),(6204,6154,NULL,NULL,'2020-08-12 20:22:19','2020-08-12 20:22:19'),(6205,6155,NULL,NULL,'2020-08-12 20:22:21','2020-08-12 20:22:21'),(6206,6156,NULL,NULL,'2020-08-12 20:22:24','2020-08-12 20:22:24'),(6207,6157,NULL,NULL,'2020-08-12 20:22:26','2020-08-12 20:22:26'),(6208,6158,NULL,NULL,'2020-08-12 20:22:28','2020-08-12 20:22:28'),(6209,6159,NULL,NULL,'2020-08-12 20:22:30','2020-08-12 20:22:30'),(6210,6160,NULL,NULL,'2020-08-12 20:22:33','2020-08-12 20:22:33'),(6211,6161,NULL,NULL,'2020-08-12 20:22:35','2020-08-12 20:22:35'),(6212,6162,NULL,NULL,'2020-08-12 20:22:37','2020-08-12 20:22:37'),(6213,6163,NULL,NULL,'2020-08-12 20:22:40','2020-08-12 20:22:40'),(6214,6164,NULL,NULL,'2020-08-12 20:22:42','2020-08-12 20:22:42'),(6215,6165,NULL,NULL,'2020-08-12 20:22:44','2020-08-12 20:22:44'),(6216,6166,NULL,NULL,'2020-08-12 20:22:46','2020-08-12 20:22:46'),(6217,6167,NULL,NULL,'2020-08-12 20:22:48','2020-08-12 20:22:48'),(6218,6168,NULL,NULL,'2020-08-12 20:22:51','2020-08-12 20:22:51'),(6219,6169,NULL,NULL,'2020-08-12 20:22:53','2020-08-12 20:22:53'),(6220,6170,NULL,NULL,'2020-08-12 20:22:55','2020-08-12 20:22:55'),(6221,6171,NULL,NULL,'2020-08-12 20:22:58','2020-08-12 20:22:58'),(6222,6172,NULL,NULL,'2020-08-12 20:23:00','2020-08-12 20:23:00'),(6223,6173,NULL,NULL,'2020-08-12 20:23:02','2020-08-12 20:23:02'),(6224,6174,NULL,NULL,'2020-08-12 20:23:05','2020-08-12 20:23:05'),(6225,6175,NULL,NULL,'2020-08-12 20:23:08','2020-08-12 20:23:08'),(6226,6176,NULL,NULL,'2020-08-12 20:23:10','2020-08-12 20:23:10'),(6227,6177,NULL,NULL,'2020-08-12 20:23:12','2020-08-12 20:23:12'),(6228,6178,NULL,NULL,'2020-08-12 20:23:14','2020-08-12 20:23:14'),(6229,6179,NULL,NULL,'2020-08-12 20:23:17','2020-08-12 20:23:17'),(6230,6180,NULL,NULL,'2020-08-12 20:23:19','2020-08-12 20:23:19'),(6231,6181,NULL,NULL,'2020-08-12 20:23:21','2020-08-12 20:23:21'),(6232,6182,NULL,NULL,'2020-08-12 20:23:23','2020-08-12 20:23:23'),(6233,6183,NULL,NULL,'2020-08-12 20:23:26','2020-08-12 20:23:26'),(6234,6184,NULL,NULL,'2020-08-12 20:23:28','2020-08-12 20:23:28'),(6235,6185,NULL,NULL,'2020-08-12 20:23:30','2020-08-12 20:23:30'),(6236,6186,NULL,NULL,'2020-08-12 20:23:32','2020-08-12 20:23:32'),(6237,6187,NULL,NULL,'2020-08-12 20:23:34','2020-08-12 20:23:34'),(6238,6188,NULL,NULL,'2020-08-12 20:23:37','2020-08-12 20:23:37'),(6239,6189,NULL,NULL,'2020-08-12 20:23:39','2020-08-12 20:23:39'),(6240,6190,NULL,NULL,'2020-08-12 20:23:41','2020-08-12 20:23:41'),(6241,6191,NULL,NULL,'2020-08-12 20:23:43','2020-08-12 20:23:43'),(6242,6192,NULL,NULL,'2020-08-12 20:23:46','2020-08-12 20:23:46'),(6243,6193,NULL,NULL,'2020-08-12 20:23:48','2020-08-12 20:23:48'),(6244,6194,NULL,NULL,'2020-08-12 20:23:50','2020-08-12 20:23:50'),(6245,6195,NULL,NULL,'2020-08-12 20:23:52','2020-08-12 20:23:52'),(6246,6196,NULL,NULL,'2020-08-12 20:23:55','2020-08-12 20:23:55'),(6247,6197,NULL,NULL,'2020-08-12 20:23:57','2020-08-12 20:23:57'),(6248,6198,NULL,NULL,'2020-08-12 20:23:59','2020-08-12 20:23:59'),(6249,6199,NULL,NULL,'2020-08-12 20:24:01','2020-08-12 20:24:01'),(6250,6200,NULL,NULL,'2020-08-12 20:24:04','2020-08-12 20:24:04'),(6251,6201,NULL,NULL,'2020-08-12 20:24:06','2020-08-12 20:24:06'),(6252,6202,NULL,NULL,'2020-08-12 20:24:09','2020-08-12 20:24:09'),(6253,6203,NULL,NULL,'2020-08-12 20:24:11','2020-08-12 20:24:11'),(6254,6204,NULL,NULL,'2020-08-12 20:24:13','2020-08-12 20:24:13'),(6255,6205,NULL,NULL,'2020-08-12 20:24:16','2020-08-12 20:24:16'),(6256,6206,NULL,NULL,'2020-08-12 20:24:18','2020-08-12 20:24:18'),(6257,6207,NULL,NULL,'2020-08-12 20:24:20','2020-08-12 20:24:20'),(6258,6208,NULL,NULL,'2020-08-12 20:24:22','2020-08-12 20:24:22'),(6259,6209,NULL,NULL,'2020-08-12 20:24:25','2020-08-12 20:24:25'),(6260,6210,NULL,NULL,'2020-08-12 20:24:27','2020-08-12 20:24:27'),(6261,6211,NULL,NULL,'2020-08-12 20:24:29','2020-08-12 20:24:29'),(6262,6212,NULL,NULL,'2020-08-12 20:24:32','2020-08-12 20:24:32'),(6263,6213,NULL,NULL,'2020-08-12 20:24:34','2020-08-12 20:24:34'),(6264,6214,NULL,NULL,'2020-08-12 20:24:36','2020-08-12 20:24:36'),(6265,6215,NULL,NULL,'2020-08-12 20:24:38','2020-08-12 20:24:38'),(6266,6216,NULL,NULL,'2020-08-12 20:24:41','2020-08-12 20:24:41'),(6267,6217,NULL,NULL,'2020-08-12 20:24:43','2020-08-12 20:24:43'),(6268,6218,NULL,NULL,'2020-08-12 20:24:45','2020-08-12 20:24:45'),(6269,6219,NULL,NULL,'2020-08-12 20:24:48','2020-08-12 20:24:48'),(6270,6220,NULL,NULL,'2020-08-12 20:24:50','2020-08-12 20:24:50'),(6271,6221,NULL,NULL,'2020-08-12 20:24:53','2020-08-12 20:24:53'),(6272,6222,NULL,NULL,'2020-08-12 20:24:55','2020-08-12 20:24:55'),(6273,6223,NULL,NULL,'2020-08-12 20:24:57','2020-08-12 20:24:57'),(6274,6224,NULL,NULL,'2020-08-12 20:24:59','2020-08-12 20:24:59'),(6275,6225,NULL,NULL,'2020-08-12 20:25:02','2020-08-12 20:25:02'),(6276,6226,NULL,NULL,'2020-08-12 20:25:04','2020-08-12 20:25:04'),(6277,6227,NULL,NULL,'2020-08-12 20:25:07','2020-08-12 20:25:07'),(6278,6228,NULL,NULL,'2020-08-12 20:25:09','2020-08-12 20:25:09'),(6279,6229,NULL,NULL,'2020-08-12 20:25:12','2020-08-12 20:25:12'),(6280,6230,NULL,NULL,'2020-08-12 20:25:14','2020-08-12 20:25:14'),(6281,6231,NULL,NULL,'2020-08-12 20:25:16','2020-08-12 20:25:16'),(6282,6232,NULL,NULL,'2020-08-12 20:25:18','2020-08-12 20:25:18'),(6283,6233,NULL,NULL,'2020-08-12 20:25:21','2020-08-12 20:25:21'),(6284,6234,NULL,NULL,'2020-08-12 20:25:23','2020-08-12 20:25:23'),(6285,6235,NULL,NULL,'2020-08-12 20:25:25','2020-08-12 20:25:25'),(6286,6236,NULL,NULL,'2020-08-12 20:25:28','2020-08-12 20:25:28'),(6287,6237,NULL,NULL,'2020-08-12 20:25:30','2020-08-12 20:25:30'),(6288,6238,NULL,NULL,'2020-08-12 20:25:32','2020-08-12 20:25:32'),(6289,6239,NULL,NULL,'2020-08-12 20:25:34','2020-08-12 20:25:34'),(6290,6240,NULL,NULL,'2020-08-12 20:25:37','2020-08-12 20:25:37'),(6291,6241,NULL,NULL,'2020-08-12 20:25:39','2020-08-12 20:25:39'),(6292,6242,NULL,NULL,'2020-08-12 20:25:42','2020-08-12 20:25:42'),(6293,6243,NULL,NULL,'2020-08-12 20:25:44','2020-08-12 20:25:44'),(6294,6244,NULL,NULL,'2020-08-12 20:25:46','2020-08-12 20:25:46'),(6295,6245,NULL,NULL,'2020-08-12 20:25:49','2020-08-12 20:25:49'),(6296,6246,NULL,NULL,'2020-08-12 20:25:51','2020-08-12 20:25:51'),(6297,6247,NULL,NULL,'2020-08-12 20:25:53','2020-08-12 20:25:53'),(6298,6248,NULL,NULL,'2020-08-12 20:25:55','2020-08-12 20:25:55'),(6299,6249,NULL,NULL,'2020-08-12 20:25:58','2020-08-12 20:25:58'),(6300,6250,NULL,NULL,'2020-08-12 20:26:00','2020-08-12 20:26:00'),(6301,6251,NULL,NULL,'2020-08-12 20:26:02','2020-08-12 20:26:02'),(6302,6252,NULL,NULL,'2020-08-12 20:26:05','2020-08-12 20:26:05'),(6303,6253,NULL,NULL,'2020-08-12 20:26:08','2020-08-12 20:26:08'),(6304,6254,NULL,NULL,'2020-08-12 20:26:10','2020-08-12 20:26:10'),(6305,6255,NULL,NULL,'2020-08-12 20:26:13','2020-08-12 20:26:13'),(6306,6256,NULL,NULL,'2020-08-12 20:26:15','2020-08-12 20:26:15'),(6307,6257,NULL,NULL,'2020-08-12 20:26:17','2020-08-12 20:26:17'),(6308,6258,NULL,NULL,'2020-08-12 20:26:20','2020-08-12 20:26:20'),(6309,6259,NULL,NULL,'2020-08-12 20:26:22','2020-08-12 20:26:22'),(6310,6260,NULL,NULL,'2020-08-12 20:26:24','2020-08-12 20:26:24'),(6311,6261,NULL,NULL,'2020-08-12 20:26:27','2020-08-12 20:26:27'),(6312,6262,NULL,NULL,'2020-08-12 20:26:29','2020-08-12 20:26:29'),(6313,6263,NULL,NULL,'2020-08-12 20:26:31','2020-08-12 20:26:31'),(6314,6264,NULL,NULL,'2020-08-12 20:26:34','2020-08-12 20:26:34'),(6315,6265,NULL,NULL,'2020-08-12 20:26:36','2020-08-12 20:26:36'),(6316,6266,NULL,NULL,'2020-08-12 20:26:38','2020-08-12 20:26:38'),(6317,6267,NULL,NULL,'2020-08-12 20:26:41','2020-08-12 20:26:41'),(6318,6268,NULL,NULL,'2020-08-12 20:26:43','2020-08-12 20:26:43'),(6319,6269,NULL,NULL,'2020-08-12 20:26:45','2020-08-12 20:26:45'),(6320,6270,NULL,NULL,'2020-08-12 20:26:48','2020-08-12 20:26:48'),(6321,6271,NULL,NULL,'2020-08-12 20:26:50','2020-08-12 20:26:50'),(6322,6272,NULL,NULL,'2020-08-12 20:26:52','2020-08-12 20:26:52'),(6323,6273,NULL,NULL,'2020-08-12 20:26:55','2020-08-12 20:26:55'),(6324,6274,NULL,NULL,'2020-08-12 20:26:57','2020-08-12 20:26:57'),(6325,6275,NULL,NULL,'2020-08-12 20:27:00','2020-08-12 20:27:00'),(6326,6276,NULL,NULL,'2020-08-12 20:27:02','2020-08-12 20:27:02'),(6327,6277,NULL,NULL,'2020-08-12 20:27:05','2020-08-12 20:27:05'),(6328,6278,NULL,NULL,'2020-08-12 20:27:07','2020-08-12 20:27:07'),(6329,6279,NULL,NULL,'2020-08-12 20:27:10','2020-08-12 20:27:10'),(6330,6280,NULL,NULL,'2020-08-12 20:27:12','2020-08-12 20:27:12'),(6331,6281,NULL,NULL,'2020-08-12 20:27:14','2020-08-12 20:27:14'),(6332,6282,NULL,NULL,'2020-08-12 20:27:17','2020-08-12 20:27:17'),(6333,6283,NULL,NULL,'2020-08-12 20:27:19','2020-08-12 20:27:19'),(6334,6284,NULL,NULL,'2020-08-12 20:27:21','2020-08-12 20:27:21'),(6335,6285,NULL,NULL,'2020-08-12 20:27:24','2020-08-12 20:27:24'),(6336,6286,NULL,NULL,'2020-08-12 20:27:26','2020-08-12 20:27:26'),(6337,6287,NULL,NULL,'2020-08-12 20:27:28','2020-08-12 20:27:28'),(6338,6288,NULL,NULL,'2020-08-12 20:27:31','2020-08-12 20:27:31'),(6339,6289,NULL,NULL,'2020-08-12 20:27:33','2020-08-12 20:27:33'),(6340,6290,NULL,NULL,'2020-08-12 20:27:35','2020-08-12 20:27:35'),(6341,6291,NULL,NULL,'2020-08-12 20:27:38','2020-08-12 20:27:38'),(6342,6292,NULL,NULL,'2020-08-12 20:27:40','2020-08-12 20:27:40'),(6343,6293,NULL,NULL,'2020-08-12 20:27:42','2020-08-12 20:27:42'),(6344,6294,NULL,NULL,'2020-08-12 20:27:45','2020-08-12 20:27:45'),(6345,6295,NULL,NULL,'2020-08-12 20:27:47','2020-08-12 20:27:47'),(6346,6296,NULL,NULL,'2020-08-12 20:27:49','2020-08-12 20:27:49'),(6347,6297,NULL,NULL,'2020-08-12 20:27:52','2020-08-12 20:27:52'),(6348,6298,NULL,NULL,'2020-08-12 20:27:54','2020-08-12 20:27:54'),(6349,6299,NULL,NULL,'2020-08-12 20:27:56','2020-08-12 20:27:56'),(6350,6300,NULL,NULL,'2020-08-12 20:27:59','2020-08-12 20:27:59'),(6351,6301,NULL,NULL,'2020-08-12 20:28:01','2020-08-12 20:28:01'),(6352,6302,NULL,NULL,'2020-08-12 20:28:04','2020-08-12 20:28:04'),(6353,6303,NULL,NULL,'2020-08-12 20:28:07','2020-08-12 20:28:07'),(6354,6304,NULL,NULL,'2020-08-12 20:28:09','2020-08-12 20:28:09'),(6355,6305,NULL,NULL,'2020-08-12 20:28:11','2020-08-12 20:28:11'),(6356,6306,NULL,NULL,'2020-08-12 20:28:14','2020-08-12 20:28:14'),(6357,6307,NULL,NULL,'2020-08-12 20:28:16','2020-08-12 20:28:16'),(6358,6308,NULL,NULL,'2020-08-12 20:28:18','2020-08-12 20:28:18'),(6359,6309,NULL,NULL,'2020-08-12 20:28:21','2020-08-12 20:28:21'),(6360,6310,NULL,NULL,'2020-08-12 20:28:23','2020-08-12 20:28:23'),(6361,6311,NULL,NULL,'2020-08-12 20:28:25','2020-08-12 20:28:25'),(6362,6312,NULL,NULL,'2020-08-12 20:28:28','2020-08-12 20:28:28'),(6363,6313,NULL,NULL,'2020-08-12 20:28:30','2020-08-12 20:28:30'),(6364,6314,NULL,NULL,'2020-08-12 20:28:32','2020-08-12 20:28:32'),(6365,6315,NULL,NULL,'2020-08-12 20:28:35','2020-08-12 20:28:35'),(6366,6316,NULL,NULL,'2020-08-12 20:28:37','2020-08-12 20:28:37'),(6367,6317,NULL,NULL,'2020-08-12 20:28:40','2020-08-12 20:28:40'),(6368,6318,NULL,NULL,'2020-08-12 20:28:42','2020-08-12 20:28:42'),(6369,6319,NULL,NULL,'2020-08-12 20:28:45','2020-08-12 20:28:45'),(6370,6320,NULL,NULL,'2020-08-12 20:28:47','2020-08-12 20:28:47'),(6371,6321,NULL,NULL,'2020-08-12 20:28:49','2020-08-12 20:28:49'),(6372,6322,NULL,NULL,'2020-08-12 20:28:52','2020-08-12 20:28:52'),(6373,6323,NULL,NULL,'2020-08-12 20:28:54','2020-08-12 20:28:54'),(6374,6324,NULL,NULL,'2020-08-12 20:28:56','2020-08-12 20:28:56'),(6375,6325,NULL,NULL,'2020-08-12 20:28:59','2020-08-12 20:28:59'),(6376,6326,NULL,NULL,'2020-08-12 20:29:01','2020-08-12 20:29:01'),(6377,6327,NULL,NULL,'2020-08-12 20:29:04','2020-08-12 20:29:04'),(6378,6328,NULL,NULL,'2020-08-12 20:29:07','2020-08-12 20:29:07'),(6379,6329,NULL,NULL,'2020-08-12 20:29:09','2020-08-12 20:29:09'),(6380,6330,NULL,NULL,'2020-08-12 20:29:11','2020-08-12 20:29:11'),(6381,6331,NULL,NULL,'2020-08-12 20:29:14','2020-08-12 20:29:14'),(6382,6332,NULL,NULL,'2020-08-12 20:29:16','2020-08-12 20:29:16'),(6383,6333,NULL,NULL,'2020-08-12 20:29:19','2020-08-12 20:29:19'),(6384,6334,NULL,NULL,'2020-08-12 20:29:21','2020-08-12 20:29:21'),(6385,6335,NULL,NULL,'2020-08-12 20:29:23','2020-08-12 20:29:23'),(6386,6336,NULL,NULL,'2020-08-12 20:29:26','2020-08-12 20:29:26'),(6387,6337,NULL,NULL,'2020-08-12 20:29:28','2020-08-12 20:29:28'),(6388,6338,NULL,NULL,'2020-08-12 20:29:31','2020-08-12 20:29:31'),(6389,6339,NULL,NULL,'2020-08-12 20:29:33','2020-08-12 20:29:33'),(6390,6340,NULL,NULL,'2020-08-12 20:29:36','2020-08-12 20:29:36'),(6391,6341,NULL,NULL,'2020-08-12 20:29:38','2020-08-12 20:29:38'),(6392,6342,NULL,NULL,'2020-08-12 20:29:40','2020-08-12 20:29:40'),(6393,6343,NULL,NULL,'2020-08-12 20:29:43','2020-08-12 20:29:43'),(6394,6344,NULL,NULL,'2020-08-12 20:29:45','2020-08-12 20:29:45'),(6395,6345,NULL,NULL,'2020-08-12 20:29:48','2020-08-12 20:29:48'),(6396,6346,NULL,NULL,'2020-08-12 20:29:50','2020-08-12 20:29:50'),(6397,6347,NULL,NULL,'2020-08-12 20:29:52','2020-08-12 20:29:52'),(6398,6348,NULL,NULL,'2020-08-12 20:29:55','2020-08-12 20:29:55'),(6399,6349,NULL,NULL,'2020-08-12 20:29:57','2020-08-12 20:29:57'),(6400,6350,NULL,NULL,'2020-08-12 20:30:00','2020-08-12 20:30:00'),(6401,6351,NULL,NULL,'2020-08-12 20:30:02','2020-08-12 20:30:02'),(6402,6352,NULL,NULL,'2020-08-12 20:30:05','2020-08-12 20:30:05'),(6403,6353,NULL,NULL,'2020-08-12 20:30:09','2020-08-12 20:30:09'),(6404,6354,NULL,NULL,'2020-08-12 20:30:11','2020-08-12 20:30:11'),(6405,6355,NULL,NULL,'2020-08-12 20:30:14','2020-08-12 20:30:14'),(6406,6356,NULL,NULL,'2020-08-12 20:30:16','2020-08-12 20:30:16'),(6407,6357,NULL,NULL,'2020-08-12 20:30:18','2020-08-12 20:30:18'),(6408,6358,NULL,NULL,'2020-08-12 20:30:21','2020-08-12 20:30:21'),(6409,6359,NULL,NULL,'2020-08-12 20:30:23','2020-08-12 20:30:23'),(6410,6360,NULL,NULL,'2020-08-12 20:30:26','2020-08-12 20:30:26'),(6411,6361,NULL,NULL,'2020-08-12 20:30:28','2020-08-12 20:30:28'),(6412,6362,NULL,NULL,'2020-08-12 20:30:31','2020-08-12 20:30:31'),(6413,6363,NULL,NULL,'2020-08-12 20:30:33','2020-08-12 20:30:33'),(6414,6364,NULL,NULL,'2020-08-12 20:30:35','2020-08-12 20:30:35'),(6415,6365,NULL,NULL,'2020-08-12 20:30:38','2020-08-12 20:30:38'),(6416,6366,NULL,NULL,'2020-08-12 20:30:40','2020-08-12 20:30:40'),(6417,6367,NULL,NULL,'2020-08-12 20:30:43','2020-08-12 20:30:43'),(6418,6368,NULL,NULL,'2020-08-12 20:30:45','2020-08-12 20:30:45'),(6419,6369,NULL,NULL,'2020-08-12 20:30:47','2020-08-12 20:30:47'),(6420,6370,NULL,NULL,'2020-08-12 20:30:50','2020-08-12 20:30:50'),(6421,6371,NULL,NULL,'2020-08-12 20:30:52','2020-08-12 20:30:52'),(6422,6372,NULL,NULL,'2020-08-12 20:30:54','2020-08-12 20:30:54'),(6423,6373,NULL,NULL,'2020-08-12 20:30:57','2020-08-12 20:30:57'),(6424,6374,NULL,NULL,'2020-08-12 20:30:59','2020-08-12 20:30:59'),(6425,6375,NULL,NULL,'2020-08-12 20:31:02','2020-08-12 20:31:02'),(6426,6376,NULL,NULL,'2020-08-12 20:31:04','2020-08-12 20:31:04'),(6427,6377,NULL,NULL,'2020-08-12 20:31:07','2020-08-12 20:31:07'),(6428,6378,NULL,NULL,'2020-08-12 20:31:10','2020-08-12 20:31:10'),(6429,6379,NULL,NULL,'2020-08-12 20:31:12','2020-08-12 20:31:12'),(6430,6380,NULL,NULL,'2020-08-12 20:31:15','2020-08-12 20:31:15'),(6431,6381,NULL,NULL,'2020-08-12 20:31:17','2020-08-12 20:31:17'),(6432,6382,NULL,NULL,'2020-08-12 20:31:19','2020-08-12 20:31:19'),(6433,6383,NULL,NULL,'2020-08-12 20:31:22','2020-08-12 20:31:22'),(6434,6384,NULL,NULL,'2020-08-12 20:31:24','2020-08-12 20:31:24'),(6435,6385,NULL,NULL,'2020-08-12 20:31:27','2020-08-12 20:31:27'),(6436,6386,NULL,NULL,'2020-08-12 20:31:29','2020-08-12 20:31:29'),(6437,6387,NULL,NULL,'2020-08-12 20:31:31','2020-08-12 20:31:31'),(6438,6388,NULL,NULL,'2020-08-12 20:31:34','2020-08-12 20:31:34'),(6439,6389,NULL,NULL,'2020-08-12 20:31:36','2020-08-12 20:31:36'),(6440,6390,NULL,NULL,'2020-08-12 20:31:39','2020-08-12 20:31:39'),(6441,6391,NULL,NULL,'2020-08-12 20:31:41','2020-08-12 20:31:41'),(6442,6392,NULL,NULL,'2020-08-12 20:31:44','2020-08-12 20:31:44'),(6443,6393,NULL,NULL,'2020-08-12 20:31:46','2020-08-12 20:31:46'),(6444,6394,NULL,NULL,'2020-08-12 20:31:48','2020-08-12 20:31:48'),(6445,6395,NULL,NULL,'2020-08-12 20:31:51','2020-08-12 20:31:51'),(6446,6396,NULL,NULL,'2020-08-12 20:31:53','2020-08-12 20:31:53'),(6447,6397,NULL,NULL,'2020-08-12 20:31:56','2020-08-12 20:31:56'),(6448,6398,NULL,NULL,'2020-08-12 20:31:58','2020-08-12 20:31:58'),(6449,6399,NULL,NULL,'2020-08-12 20:32:00','2020-08-12 20:32:00'),(6450,6400,NULL,NULL,'2020-08-12 20:32:03','2020-08-12 20:32:03'),(6451,6401,NULL,NULL,'2020-08-12 20:32:06','2020-08-12 20:32:06'),(6452,6402,NULL,NULL,'2020-08-12 20:32:08','2020-08-12 20:32:08'),(6453,6403,NULL,NULL,'2020-08-12 20:32:11','2020-08-12 20:32:11'),(6454,6404,NULL,NULL,'2020-08-12 20:32:13','2020-08-12 20:32:13'),(6455,6405,NULL,NULL,'2020-08-12 20:32:15','2020-08-12 20:32:15'),(6456,6406,NULL,NULL,'2020-08-12 20:32:18','2020-08-12 20:32:18'),(6457,6407,NULL,NULL,'2020-08-12 20:32:20','2020-08-12 20:32:20'),(6458,6408,NULL,NULL,'2020-08-12 20:32:23','2020-08-12 20:32:23'),(6459,6409,NULL,NULL,'2020-08-12 20:32:25','2020-08-12 20:32:25'),(6460,6410,NULL,NULL,'2020-08-12 20:32:28','2020-08-12 20:32:28'),(6461,6411,NULL,NULL,'2020-08-12 20:32:30','2020-08-12 20:32:30'),(6462,6412,NULL,NULL,'2020-08-12 20:32:33','2020-08-12 20:32:33'),(6463,6413,NULL,NULL,'2020-08-12 20:32:35','2020-08-12 20:32:35'),(6464,6414,NULL,NULL,'2020-08-12 20:32:37','2020-08-12 20:32:37'),(6465,6415,NULL,NULL,'2020-08-12 20:32:40','2020-08-12 20:32:40'),(6466,6416,NULL,NULL,'2020-08-12 20:32:42','2020-08-12 20:32:42'),(6467,6417,NULL,NULL,'2020-08-12 20:32:45','2020-08-12 20:32:45'),(6468,6418,NULL,NULL,'2020-08-12 20:32:47','2020-08-12 20:32:47'),(6469,6419,NULL,NULL,'2020-08-12 20:32:50','2020-08-12 20:32:50'),(6470,6420,NULL,NULL,'2020-08-12 20:32:52','2020-08-12 20:32:52'),(6471,6421,NULL,NULL,'2020-08-12 20:32:54','2020-08-12 20:32:54'),(6472,6422,NULL,NULL,'2020-08-12 20:32:57','2020-08-12 20:32:57'),(6473,6423,NULL,NULL,'2020-08-12 20:32:59','2020-08-12 20:32:59'),(6474,6424,NULL,NULL,'2020-08-12 20:33:01','2020-08-12 20:33:01'),(6475,6425,NULL,NULL,'2020-08-12 20:33:04','2020-08-12 20:33:04'),(6476,6426,NULL,NULL,'2020-08-12 20:33:07','2020-08-12 20:33:07'),(6477,6427,NULL,NULL,'2020-08-12 20:33:10','2020-08-12 20:33:10'),(6478,6428,NULL,NULL,'2020-08-12 20:33:12','2020-08-12 20:33:12'),(6479,6429,NULL,NULL,'2020-08-12 20:33:15','2020-08-12 20:33:15'),(6480,6430,NULL,NULL,'2020-08-12 20:33:17','2020-08-12 20:33:17'),(6481,6431,NULL,NULL,'2020-08-12 20:33:20','2020-08-12 20:33:20'),(6482,6432,NULL,NULL,'2020-08-12 20:33:22','2020-08-12 20:33:22'),(6483,6433,NULL,NULL,'2020-08-12 20:33:24','2020-08-12 20:33:24'),(6484,6434,NULL,NULL,'2020-08-12 20:33:27','2020-08-12 20:33:27'),(6485,6435,NULL,NULL,'2020-08-12 20:33:29','2020-08-12 20:33:29'),(6486,6436,NULL,NULL,'2020-08-12 20:33:32','2020-08-12 20:33:32'),(6487,6437,NULL,NULL,'2020-08-12 20:33:34','2020-08-12 20:33:34'),(6488,6438,NULL,NULL,'2020-08-12 20:33:37','2020-08-12 20:33:37'),(6489,6439,NULL,NULL,'2020-08-12 20:33:39','2020-08-12 20:33:39'),(6490,6440,NULL,NULL,'2020-08-12 20:33:41','2020-08-12 20:33:41'),(6491,6441,NULL,NULL,'2020-08-12 20:33:44','2020-08-12 20:33:44'),(6492,6442,NULL,NULL,'2020-08-12 20:33:46','2020-08-12 20:33:46'),(6493,6443,NULL,NULL,'2020-08-12 20:33:49','2020-08-12 20:33:49'),(6494,6444,NULL,NULL,'2020-08-12 20:33:51','2020-08-12 20:33:51'),(6495,6445,NULL,NULL,'2020-08-12 20:33:54','2020-08-12 20:33:54'),(6496,6446,NULL,NULL,'2020-08-12 20:33:56','2020-08-12 20:33:56'),(6497,6447,NULL,NULL,'2020-08-12 20:33:58','2020-08-12 20:33:58'),(6498,6448,NULL,NULL,'2020-08-12 20:34:01','2020-08-12 20:34:01'),(6499,6449,NULL,NULL,'2020-08-12 20:34:04','2020-08-12 20:34:04'),(6500,6450,NULL,NULL,'2020-08-12 20:34:07','2020-08-12 20:34:07'),(6501,6451,NULL,NULL,'2020-08-12 20:34:10','2020-08-12 20:34:10'),(6502,6452,NULL,NULL,'2020-08-12 20:34:12','2020-08-12 20:34:12'),(6503,6453,NULL,NULL,'2020-08-12 20:34:15','2020-08-12 20:34:15'),(6504,6454,NULL,NULL,'2020-08-12 20:34:17','2020-08-12 20:34:17'),(6505,6455,NULL,NULL,'2020-08-12 20:34:20','2020-08-12 20:34:20'),(6506,6456,NULL,NULL,'2020-08-12 20:34:22','2020-08-12 20:34:22'),(6507,6457,NULL,NULL,'2020-08-12 20:34:25','2020-08-12 20:34:25'),(6508,6458,NULL,NULL,'2020-08-12 20:34:27','2020-08-12 20:34:27'),(6509,6459,NULL,NULL,'2020-08-12 20:34:30','2020-08-12 20:34:30'),(6510,6460,NULL,NULL,'2020-08-12 20:34:32','2020-08-12 20:34:32'),(6511,6461,NULL,NULL,'2020-08-12 20:34:35','2020-08-12 20:34:35'),(6512,6462,NULL,NULL,'2020-08-12 20:34:37','2020-08-12 20:34:37'),(6513,6463,NULL,NULL,'2020-08-12 20:34:40','2020-08-12 20:34:40'),(6514,6464,NULL,NULL,'2020-08-12 20:34:42','2020-08-12 20:34:42'),(6515,6465,NULL,NULL,'2020-08-12 20:34:45','2020-08-12 20:34:45'),(6516,6466,NULL,NULL,'2020-08-12 20:34:47','2020-08-12 20:34:47'),(6517,6467,NULL,NULL,'2020-08-12 20:34:50','2020-08-12 20:34:50'),(6518,6468,NULL,NULL,'2020-08-12 20:34:52','2020-08-12 20:34:52'),(6519,6469,NULL,NULL,'2020-08-12 20:34:55','2020-08-12 20:34:55'),(6520,6470,NULL,NULL,'2020-08-12 20:34:57','2020-08-12 20:34:57'),(6521,6471,NULL,NULL,'2020-08-12 20:34:59','2020-08-12 20:34:59'),(6522,6472,NULL,NULL,'2020-08-12 20:35:02','2020-08-12 20:35:02'),(6523,6473,NULL,NULL,'2020-08-12 20:35:05','2020-08-12 20:35:05'),(6524,6474,NULL,NULL,'2020-08-12 20:35:09','2020-08-12 20:35:09'),(6525,6475,NULL,NULL,'2020-08-12 20:35:11','2020-08-12 20:35:11'),(6526,6476,NULL,NULL,'2020-08-12 20:35:14','2020-08-12 20:35:14'),(6527,6477,NULL,NULL,'2020-08-12 20:35:16','2020-08-12 20:35:16'),(6528,6478,NULL,NULL,'2020-08-12 20:35:18','2020-08-12 20:35:18'),(6529,6479,NULL,NULL,'2020-08-12 20:35:21','2020-08-12 20:35:21'),(6530,6480,NULL,NULL,'2020-08-12 20:35:23','2020-08-12 20:35:23'),(6531,6481,NULL,NULL,'2020-08-12 20:35:26','2020-08-12 20:35:26'),(6532,6482,NULL,NULL,'2020-08-12 20:35:28','2020-08-12 20:35:28'),(6533,6483,NULL,NULL,'2020-08-12 20:35:31','2020-08-12 20:35:31'),(6534,6484,NULL,NULL,'2020-08-12 20:35:33','2020-08-12 20:35:33'),(6535,6485,NULL,NULL,'2020-08-12 20:35:36','2020-08-12 20:35:36'),(6536,6486,NULL,NULL,'2020-08-12 20:35:38','2020-08-12 20:35:38'),(6537,6487,NULL,NULL,'2020-08-12 20:35:41','2020-08-12 20:35:41'),(6538,6488,NULL,NULL,'2020-08-12 20:35:43','2020-08-12 20:35:43'),(6539,6489,NULL,NULL,'2020-08-12 20:35:45','2020-08-12 20:35:45'),(6540,6490,NULL,NULL,'2020-08-12 20:35:48','2020-08-12 20:35:48'),(6541,6491,NULL,NULL,'2020-08-12 20:35:50','2020-08-12 20:35:50'),(6542,6492,NULL,NULL,'2020-08-12 20:35:53','2020-08-12 20:35:53'),(6543,6493,NULL,NULL,'2020-08-12 20:35:55','2020-08-12 20:35:55'),(6544,6494,NULL,NULL,'2020-08-12 20:35:58','2020-08-12 20:35:58'),(6545,6495,NULL,NULL,'2020-08-12 20:36:00','2020-08-12 20:36:00'),(6546,6496,NULL,NULL,'2020-08-12 20:36:03','2020-08-12 20:36:03'),(6547,6497,NULL,NULL,'2020-08-12 20:36:05','2020-08-12 20:36:05'),(6548,6498,NULL,NULL,'2020-08-12 20:36:08','2020-08-12 20:36:08'),(6549,6499,NULL,NULL,'2020-08-12 20:36:10','2020-08-12 20:36:10'),(6550,6500,NULL,NULL,'2020-08-12 20:36:13','2020-08-12 20:36:13'),(6551,6501,NULL,NULL,'2020-08-12 20:36:15','2020-08-12 20:36:15'),(6552,6502,NULL,NULL,'2020-08-12 20:36:18','2020-08-12 20:36:18'),(6553,6503,NULL,NULL,'2020-08-12 20:36:20','2020-08-12 20:36:20'),(6554,6504,NULL,NULL,'2020-08-12 20:36:23','2020-08-12 20:36:23'),(6555,6505,NULL,NULL,'2020-08-12 20:36:25','2020-08-12 20:36:25'),(6556,6506,NULL,NULL,'2020-08-12 20:36:28','2020-08-12 20:36:28'),(6557,6507,NULL,NULL,'2020-08-12 20:36:30','2020-08-12 20:36:30'),(6558,6508,NULL,NULL,'2020-08-12 20:36:33','2020-08-12 20:36:33'),(6559,6509,NULL,NULL,'2020-08-12 20:36:35','2020-08-12 20:36:35'),(6560,6510,NULL,NULL,'2020-08-12 20:36:38','2020-08-12 20:36:38'),(6561,6511,NULL,NULL,'2020-08-12 20:36:40','2020-08-12 20:36:40'),(6562,6512,NULL,NULL,'2020-08-12 20:36:43','2020-08-12 20:36:43'),(6563,6513,NULL,NULL,'2020-08-12 20:36:45','2020-08-12 20:36:45'),(6564,6514,NULL,NULL,'2020-08-12 20:36:48','2020-08-12 20:36:48'),(6565,6515,NULL,NULL,'2020-08-12 20:36:50','2020-08-12 20:36:50'),(6566,6516,NULL,NULL,'2020-08-12 20:36:53','2020-08-12 20:36:53'),(6567,6517,NULL,NULL,'2020-08-12 20:36:55','2020-08-12 20:36:55'),(6568,6518,NULL,NULL,'2020-08-12 20:36:58','2020-08-12 20:36:58'),(6569,6519,NULL,NULL,'2020-08-12 20:37:00','2020-08-12 20:37:00'),(6570,6520,NULL,NULL,'2020-08-12 20:37:03','2020-08-12 20:37:03'),(6571,6521,NULL,NULL,'2020-08-12 20:37:06','2020-08-12 20:37:06'),(6572,6522,NULL,NULL,'2020-08-12 20:37:08','2020-08-12 20:37:08'),(6573,6523,NULL,NULL,'2020-08-12 20:37:11','2020-08-12 20:37:11'),(6574,6524,NULL,NULL,'2020-08-12 20:37:13','2020-08-12 20:37:13'),(6575,6525,NULL,NULL,'2020-08-12 20:37:16','2020-08-12 20:37:16'),(6576,6526,NULL,NULL,'2020-08-12 20:37:18','2020-08-12 20:37:18'),(6577,6527,NULL,NULL,'2020-08-12 20:37:21','2020-08-12 20:37:21'),(6578,6528,NULL,NULL,'2020-08-12 20:37:23','2020-08-12 20:37:23'),(6579,6529,NULL,NULL,'2020-08-12 20:37:26','2020-08-12 20:37:26'),(6580,6530,NULL,NULL,'2020-08-12 20:37:28','2020-08-12 20:37:28'),(6581,6531,NULL,NULL,'2020-08-12 20:37:31','2020-08-12 20:37:31'),(6582,6532,NULL,NULL,'2020-08-12 20:37:33','2020-08-12 20:37:33'),(6583,6533,NULL,NULL,'2020-08-12 20:37:36','2020-08-12 20:37:36'),(6584,6534,NULL,NULL,'2020-08-12 20:37:38','2020-08-12 20:37:38'),(6585,6535,NULL,NULL,'2020-08-12 20:37:41','2020-08-12 20:37:41'),(6586,6536,NULL,NULL,'2020-08-12 20:37:44','2020-08-12 20:37:44'),(6587,6537,NULL,NULL,'2020-08-12 20:37:46','2020-08-12 20:37:46'),(6588,6538,NULL,NULL,'2020-08-12 20:37:49','2020-08-12 20:37:49'),(6589,6539,NULL,NULL,'2020-08-12 20:37:51','2020-08-12 20:37:51'),(6590,6540,NULL,NULL,'2020-08-12 20:37:54','2020-08-12 20:37:54'),(6591,6541,NULL,NULL,'2020-08-12 20:37:56','2020-08-12 20:37:56'),(6592,6542,NULL,NULL,'2020-08-12 20:37:59','2020-08-12 20:37:59'),(6593,6543,NULL,NULL,'2020-08-12 20:38:01','2020-08-12 20:38:01'),(6594,6544,NULL,NULL,'2020-08-12 20:38:04','2020-08-12 20:38:04'),(6595,6545,NULL,NULL,'2020-08-12 20:38:07','2020-08-12 20:38:07'),(6596,6546,NULL,NULL,'2020-08-12 20:38:10','2020-08-12 20:38:10'),(6597,6547,NULL,NULL,'2020-08-12 20:38:12','2020-08-12 20:38:12'),(6598,6548,NULL,NULL,'2020-08-12 20:38:15','2020-08-12 20:38:15'),(6599,6549,NULL,NULL,'2020-08-12 20:38:17','2020-08-12 20:38:17'),(6600,6550,NULL,NULL,'2020-08-12 20:38:20','2020-08-12 20:38:20'),(6601,6551,NULL,NULL,'2020-08-12 20:38:22','2020-08-12 20:38:22'),(6602,6552,NULL,NULL,'2020-08-12 20:38:25','2020-08-12 20:38:25'),(6603,6553,NULL,NULL,'2020-08-12 20:38:27','2020-08-12 20:38:27'),(6604,6554,NULL,NULL,'2020-08-12 20:38:30','2020-08-12 20:38:30'),(6605,6555,NULL,NULL,'2020-08-12 20:38:32','2020-08-12 20:38:32'),(6606,6556,NULL,NULL,'2020-08-12 20:38:35','2020-08-12 20:38:35'),(6607,6557,NULL,NULL,'2020-08-12 20:38:37','2020-08-12 20:38:37'),(6608,6558,NULL,NULL,'2020-08-12 20:38:40','2020-08-12 20:38:40'),(6609,6559,NULL,NULL,'2020-08-12 20:38:42','2020-08-12 20:38:42'),(6610,6560,NULL,NULL,'2020-08-12 20:38:45','2020-08-12 20:38:45'),(6611,6561,NULL,NULL,'2020-08-12 20:38:47','2020-08-12 20:38:47'),(6612,6562,NULL,NULL,'2020-08-12 20:38:50','2020-08-12 20:38:50'),(6613,6563,NULL,NULL,'2020-08-12 20:38:52','2020-08-12 20:38:52'),(6614,6564,NULL,NULL,'2020-08-12 20:38:55','2020-08-12 20:38:55'),(6615,6565,NULL,NULL,'2020-08-12 20:38:57','2020-08-12 20:38:57'),(6616,6566,NULL,NULL,'2020-08-12 20:39:00','2020-08-12 20:39:00'),(6617,6567,NULL,NULL,'2020-08-12 20:39:02','2020-08-12 20:39:02'),(6618,6568,NULL,NULL,'2020-08-12 20:39:05','2020-08-12 20:39:05'),(6619,6569,NULL,NULL,'2020-08-12 20:39:08','2020-08-12 20:39:08'),(6620,6570,NULL,NULL,'2020-08-12 20:39:11','2020-08-12 20:39:11'),(6621,6571,NULL,NULL,'2020-08-12 20:39:13','2020-08-12 20:39:13'),(6622,6572,NULL,NULL,'2020-08-12 20:39:16','2020-08-12 20:39:16'),(6623,6573,NULL,NULL,'2020-08-12 20:39:19','2020-08-12 20:39:19'),(6624,6574,NULL,NULL,'2020-08-12 20:39:21','2020-08-12 20:39:21'),(6625,6575,NULL,NULL,'2020-08-12 20:39:24','2020-08-12 20:39:24'),(6626,6576,NULL,NULL,'2020-08-12 20:39:26','2020-08-12 20:39:26'),(6627,6577,NULL,NULL,'2020-08-12 20:39:29','2020-08-12 20:39:29'),(6628,6578,NULL,NULL,'2020-08-12 20:39:31','2020-08-12 20:39:31'),(6629,6579,NULL,NULL,'2020-08-12 20:39:34','2020-08-12 20:39:34'),(6630,6580,NULL,NULL,'2020-08-12 20:39:37','2020-08-12 20:39:37'),(6631,6581,NULL,NULL,'2020-08-12 20:39:39','2020-08-12 20:39:39'),(6632,6582,NULL,NULL,'2020-08-12 20:39:42','2020-08-12 20:39:42'),(6633,6583,NULL,NULL,'2020-08-12 20:39:44','2020-08-12 20:39:44'),(6634,6584,NULL,NULL,'2020-08-12 20:39:47','2020-08-12 20:39:47'),(6635,6585,NULL,NULL,'2020-08-12 20:39:50','2020-08-12 20:39:50'),(6636,6586,NULL,NULL,'2020-08-12 20:39:52','2020-08-12 20:39:52'),(6637,6587,NULL,NULL,'2020-08-12 20:39:55','2020-08-12 20:39:55'),(6638,6588,NULL,NULL,'2020-08-12 20:39:57','2020-08-12 20:39:57'),(6639,6589,NULL,NULL,'2020-08-12 20:40:00','2020-08-12 20:40:00'),(6640,6590,NULL,NULL,'2020-08-12 20:40:03','2020-08-12 20:40:03'),(6641,6591,NULL,NULL,'2020-08-12 20:40:06','2020-08-12 20:40:06'),(6642,6592,NULL,NULL,'2020-08-12 20:40:08','2020-08-12 20:40:08'),(6643,6593,NULL,NULL,'2020-08-12 20:40:11','2020-08-12 20:40:11'),(6644,6594,NULL,NULL,'2020-08-12 20:40:14','2020-08-12 20:40:14'),(6645,6595,NULL,NULL,'2020-08-12 20:40:16','2020-08-12 20:40:16'),(6646,6596,NULL,NULL,'2020-08-12 20:40:19','2020-08-12 20:40:19'),(6647,6597,NULL,NULL,'2020-08-12 20:40:21','2020-08-12 20:40:21'),(6648,6598,NULL,NULL,'2020-08-12 20:40:24','2020-08-12 20:40:24'),(6649,6599,NULL,NULL,'2020-08-12 20:40:26','2020-08-12 20:40:26'),(6650,6600,NULL,NULL,'2020-08-12 20:40:29','2020-08-12 20:40:29'),(6651,6601,NULL,NULL,'2020-08-12 20:40:32','2020-08-12 20:40:32'),(6652,6602,NULL,NULL,'2020-08-12 20:40:34','2020-08-12 20:40:34'),(6653,6603,NULL,NULL,'2020-08-12 20:40:37','2020-08-12 20:40:37'),(6654,6604,NULL,NULL,'2020-08-12 20:40:40','2020-08-12 20:40:40'),(6655,6605,NULL,NULL,'2020-08-12 20:40:42','2020-08-12 20:40:42'),(6656,6606,NULL,NULL,'2020-08-12 20:40:45','2020-08-12 20:40:45'),(6657,6607,NULL,NULL,'2020-08-12 20:40:48','2020-08-12 20:40:48'),(6658,6608,NULL,NULL,'2020-08-12 20:40:50','2020-08-12 20:40:50'),(6659,6609,NULL,NULL,'2020-08-12 20:40:53','2020-08-12 20:40:53'),(6660,6610,NULL,NULL,'2020-08-12 20:40:55','2020-08-12 20:40:55'),(6661,6611,NULL,NULL,'2020-08-12 20:40:58','2020-08-12 20:40:58'),(6662,6612,NULL,NULL,'2020-08-12 20:41:01','2020-08-12 20:41:01'),(6663,6613,NULL,NULL,'2020-08-12 20:41:03','2020-08-12 20:41:03'),(6664,6614,NULL,NULL,'2020-08-12 20:41:06','2020-08-12 20:41:06'),(6665,6615,NULL,NULL,'2020-08-12 20:41:09','2020-08-12 20:41:09'),(6666,6616,NULL,NULL,'2020-08-12 20:41:12','2020-08-12 20:41:12'),(6667,6617,NULL,NULL,'2020-08-12 20:41:14','2020-08-12 20:41:14'),(6668,6618,NULL,NULL,'2020-08-12 20:41:17','2020-08-12 20:41:17'),(6669,6619,NULL,NULL,'2020-08-12 20:41:19','2020-08-12 20:41:19'),(6670,6620,NULL,NULL,'2020-08-12 20:41:22','2020-08-12 20:41:22'),(6671,6621,NULL,NULL,'2020-08-12 20:41:24','2020-08-12 20:41:24'),(6672,6622,NULL,NULL,'2020-08-12 20:41:27','2020-08-12 20:41:27'),(6673,6623,NULL,NULL,'2020-08-12 20:41:30','2020-08-12 20:41:30'),(6674,6624,NULL,NULL,'2020-08-12 20:41:32','2020-08-12 20:41:32'),(6675,6625,NULL,NULL,'2020-08-12 20:41:35','2020-08-12 20:41:35'),(6676,6626,NULL,NULL,'2020-08-12 20:41:37','2020-08-12 20:41:37'),(6677,6627,NULL,NULL,'2020-08-12 20:41:40','2020-08-12 20:41:40'),(6678,6628,NULL,NULL,'2020-08-12 20:41:42','2020-08-12 20:41:42'),(6679,6629,NULL,NULL,'2020-08-12 20:41:45','2020-08-12 20:41:45'),(6680,6630,NULL,NULL,'2020-08-12 20:41:48','2020-08-12 20:41:48'),(6681,6631,NULL,NULL,'2020-08-12 20:41:50','2020-08-12 20:41:50'),(6682,6632,NULL,NULL,'2020-08-12 20:41:53','2020-08-12 20:41:53'),(6683,6633,NULL,NULL,'2020-08-12 20:41:56','2020-08-12 20:41:56'),(6684,6634,NULL,NULL,'2020-08-12 20:41:58','2020-08-12 20:41:58'),(6685,6635,NULL,NULL,'2020-08-12 20:42:01','2020-08-12 20:42:01'),(6686,6636,NULL,NULL,'2020-08-12 20:42:04','2020-08-12 20:42:04'),(6687,6637,NULL,NULL,'2020-08-12 20:42:07','2020-08-12 20:42:07'),(6688,6638,NULL,NULL,'2020-08-12 20:42:09','2020-08-12 20:42:09'),(6689,6639,NULL,NULL,'2020-08-12 20:42:12','2020-08-12 20:42:12'),(6690,6640,NULL,NULL,'2020-08-12 20:42:15','2020-08-12 20:42:15'),(6691,6641,NULL,NULL,'2020-08-12 20:42:17','2020-08-12 20:42:17'),(6692,6642,NULL,NULL,'2020-08-12 20:42:20','2020-08-12 20:42:20'),(6693,6643,NULL,NULL,'2020-08-12 20:42:23','2020-08-12 20:42:23'),(6694,6644,NULL,NULL,'2020-08-12 20:42:25','2020-08-12 20:42:25'),(6695,6645,NULL,NULL,'2020-08-12 20:42:28','2020-08-12 20:42:28'),(6696,6646,NULL,NULL,'2020-08-12 20:42:30','2020-08-12 20:42:30'),(6697,6647,NULL,NULL,'2020-08-12 20:42:33','2020-08-12 20:42:33'),(6698,6648,NULL,NULL,'2020-08-12 20:42:35','2020-08-12 20:42:35'),(6699,6649,NULL,NULL,'2020-08-12 20:42:38','2020-08-12 20:42:38'),(6700,6650,NULL,NULL,'2020-08-12 20:42:41','2020-08-12 20:42:41'),(6701,6651,NULL,NULL,'2020-08-12 20:42:43','2020-08-12 20:42:43'),(6702,6652,NULL,NULL,'2020-08-12 20:42:46','2020-08-12 20:42:46'),(6703,6653,NULL,NULL,'2020-08-12 20:42:48','2020-08-12 20:42:48'),(6704,6654,NULL,NULL,'2020-08-12 20:42:51','2020-08-12 20:42:51'),(6705,6655,NULL,NULL,'2020-08-12 20:42:54','2020-08-12 20:42:54'),(6706,6656,NULL,NULL,'2020-08-12 20:42:56','2020-08-12 20:42:56'),(6707,6657,NULL,NULL,'2020-08-12 20:42:59','2020-08-12 20:42:59'),(6708,6658,NULL,NULL,'2020-08-12 20:43:01','2020-08-12 20:43:01'),(6709,6659,NULL,NULL,'2020-08-12 20:43:04','2020-08-12 20:43:04'),(6710,6660,NULL,NULL,'2020-08-12 20:43:07','2020-08-12 20:43:07'),(6711,6661,NULL,NULL,'2020-08-12 20:43:10','2020-08-12 20:43:10'),(6712,6662,NULL,NULL,'2020-08-12 20:43:13','2020-08-12 20:43:13'),(6713,6663,NULL,NULL,'2020-08-12 20:43:15','2020-08-12 20:43:15'),(6714,6664,NULL,NULL,'2020-08-12 20:43:18','2020-08-12 20:43:18'),(6715,6665,NULL,NULL,'2020-08-12 20:43:21','2020-08-12 20:43:21'),(6716,6666,NULL,NULL,'2020-08-12 20:43:23','2020-08-12 20:43:23'),(6717,6667,NULL,NULL,'2020-08-12 20:43:26','2020-08-12 20:43:26'),(6718,6668,NULL,NULL,'2020-08-12 20:43:28','2020-08-12 20:43:28'),(6719,6669,NULL,NULL,'2020-08-12 20:43:31','2020-08-12 20:43:31'),(6720,6670,NULL,NULL,'2020-08-12 20:43:34','2020-08-12 20:43:34'),(6721,6671,NULL,NULL,'2020-08-12 20:43:36','2020-08-12 20:43:36'),(6722,6672,NULL,NULL,'2020-08-12 20:43:39','2020-08-12 20:43:39'),(6723,6673,NULL,NULL,'2020-08-12 20:43:41','2020-08-12 20:43:41'),(6724,6674,NULL,NULL,'2020-08-12 20:43:44','2020-08-12 20:43:44'),(6725,6675,NULL,NULL,'2020-08-12 20:43:47','2020-08-12 20:43:47'),(6726,6676,NULL,NULL,'2020-08-12 20:43:49','2020-08-12 20:43:49'),(6727,6677,NULL,NULL,'2020-08-12 20:43:52','2020-08-12 20:43:52'),(6728,6678,NULL,NULL,'2020-08-12 20:43:54','2020-08-12 20:43:54'),(6729,6679,NULL,NULL,'2020-08-12 20:43:57','2020-08-12 20:43:57'),(6730,6680,NULL,NULL,'2020-08-12 20:44:00','2020-08-12 20:44:00'),(6731,6681,NULL,NULL,'2020-08-12 20:44:02','2020-08-12 20:44:02'),(6732,6682,NULL,NULL,'2020-08-12 20:44:05','2020-08-12 20:44:05'),(6733,6683,NULL,NULL,'2020-08-12 20:44:08','2020-08-12 20:44:08'),(6734,6684,NULL,NULL,'2020-08-12 20:44:11','2020-08-12 20:44:11'),(6735,6685,NULL,NULL,'2020-08-12 20:44:13','2020-08-12 20:44:13'),(6736,6686,NULL,NULL,'2020-08-12 20:44:16','2020-08-12 20:44:16'),(6737,6687,NULL,NULL,'2020-08-12 20:44:19','2020-08-12 20:44:19'),(6738,6688,NULL,NULL,'2020-08-12 20:44:21','2020-08-12 20:44:21'),(6739,6689,NULL,NULL,'2020-08-12 20:44:24','2020-08-12 20:44:24'),(6740,6690,NULL,NULL,'2020-08-12 20:44:27','2020-08-12 20:44:27'),(6741,6691,NULL,NULL,'2020-08-12 20:44:29','2020-08-12 20:44:29'),(6742,6692,NULL,NULL,'2020-08-12 20:44:32','2020-08-12 20:44:32'),(6743,6693,NULL,NULL,'2020-08-12 20:44:35','2020-08-12 20:44:35'),(6744,6694,NULL,NULL,'2020-08-12 20:44:37','2020-08-12 20:44:37'),(6745,6695,NULL,NULL,'2020-08-12 20:44:40','2020-08-12 20:44:40'),(6746,6696,NULL,NULL,'2020-08-12 20:44:42','2020-08-12 20:44:42'),(6747,6697,NULL,NULL,'2020-08-12 20:44:45','2020-08-12 20:44:45'),(6748,6698,NULL,NULL,'2020-08-12 20:44:48','2020-08-12 20:44:48'),(6749,6699,NULL,NULL,'2020-08-12 20:44:51','2020-08-12 20:44:51'),(6750,6700,NULL,NULL,'2020-08-12 20:44:53','2020-08-12 20:44:53'),(6751,6701,NULL,NULL,'2020-08-12 20:44:56','2020-08-12 20:44:56'),(6752,6702,NULL,NULL,'2020-08-12 20:44:58','2020-08-12 20:44:58'),(6753,6703,NULL,NULL,'2020-08-12 20:45:01','2020-08-12 20:45:01'),(6754,6704,NULL,NULL,'2020-08-12 20:45:04','2020-08-12 20:45:04'),(6755,6705,NULL,NULL,'2020-08-12 20:45:08','2020-08-12 20:45:08'),(6756,6706,NULL,NULL,'2020-08-12 20:45:11','2020-08-12 20:45:11'),(6757,6707,NULL,NULL,'2020-08-12 20:45:13','2020-08-12 20:45:13'),(6758,6708,NULL,NULL,'2020-08-12 20:45:16','2020-08-12 20:45:16'),(6759,6709,NULL,NULL,'2020-08-12 20:45:19','2020-08-12 20:45:19'),(6760,6710,NULL,NULL,'2020-08-12 20:45:21','2020-08-12 20:45:21'),(6761,6711,NULL,NULL,'2020-08-12 20:45:24','2020-08-12 20:45:24'),(6762,6712,NULL,NULL,'2020-08-12 20:45:26','2020-08-12 20:45:26'),(6763,6713,NULL,NULL,'2020-08-12 20:45:29','2020-08-12 20:45:29'),(6764,6714,NULL,NULL,'2020-08-12 20:45:32','2020-08-12 20:45:32'),(6765,6715,NULL,NULL,'2020-08-12 20:45:34','2020-08-12 20:45:34'),(6766,6716,NULL,NULL,'2020-08-12 20:45:37','2020-08-12 20:45:37'),(6767,6717,NULL,NULL,'2020-08-12 20:45:40','2020-08-12 20:45:40'),(6768,6718,NULL,NULL,'2020-08-12 20:45:42','2020-08-12 20:45:42'),(6769,6719,NULL,NULL,'2020-08-12 20:45:45','2020-08-12 20:45:45'),(6770,6720,NULL,NULL,'2020-08-12 20:45:48','2020-08-12 20:45:48'),(6771,6721,NULL,NULL,'2020-08-12 20:45:50','2020-08-12 20:45:50'),(6772,6722,NULL,NULL,'2020-08-12 20:45:53','2020-08-12 20:45:53'),(6773,6723,NULL,NULL,'2020-08-12 20:45:56','2020-08-12 20:45:56'),(6774,6724,NULL,NULL,'2020-08-12 20:45:59','2020-08-12 20:45:59'),(6775,6725,NULL,NULL,'2020-08-12 20:46:01','2020-08-12 20:46:01'),(6776,6726,NULL,NULL,'2020-08-12 20:46:04','2020-08-12 20:46:04'),(6777,6727,NULL,NULL,'2020-08-12 20:46:07','2020-08-12 20:46:07'),(6778,6728,NULL,NULL,'2020-08-12 20:46:10','2020-08-12 20:46:10'),(6779,6729,NULL,NULL,'2020-08-12 20:46:13','2020-08-12 20:46:13'),(6780,6730,NULL,NULL,'2020-08-12 20:46:16','2020-08-12 20:46:16'),(6781,6731,NULL,NULL,'2020-08-12 20:46:18','2020-08-12 20:46:18'),(6782,6732,NULL,NULL,'2020-08-12 20:46:21','2020-08-12 20:46:21'),(6783,6733,NULL,NULL,'2020-08-12 20:46:23','2020-08-12 20:46:23'),(6784,6734,NULL,NULL,'2020-08-12 20:46:26','2020-08-12 20:46:26'),(6785,6735,NULL,NULL,'2020-08-12 20:46:29','2020-08-12 20:46:29'),(6786,6736,NULL,NULL,'2020-08-12 20:46:31','2020-08-12 20:46:31'),(6787,6737,NULL,NULL,'2020-08-12 20:46:34','2020-08-12 20:46:34'),(6788,6738,NULL,NULL,'2020-08-12 20:46:37','2020-08-12 20:46:37'),(6789,6739,NULL,NULL,'2020-08-12 20:46:39','2020-08-12 20:46:39'),(6790,6740,NULL,NULL,'2020-08-12 20:46:42','2020-08-12 20:46:42'),(6791,6741,NULL,NULL,'2020-08-12 20:46:45','2020-08-12 20:46:45'),(6792,6742,NULL,NULL,'2020-08-12 20:46:47','2020-08-12 20:46:47'),(6793,6743,NULL,NULL,'2020-08-12 20:46:50','2020-08-12 20:46:50'),(6794,6744,NULL,NULL,'2020-08-12 20:46:53','2020-08-12 20:46:53'),(6795,6745,NULL,NULL,'2020-08-12 20:46:55','2020-08-12 20:46:55'),(6796,6746,NULL,NULL,'2020-08-12 20:46:58','2020-08-12 20:46:58'),(6797,6747,NULL,NULL,'2020-08-12 20:47:01','2020-08-12 20:47:01'),(6798,6748,NULL,NULL,'2020-08-12 20:47:04','2020-08-12 20:47:04'),(6799,6749,NULL,NULL,'2020-08-12 20:47:09','2020-08-12 20:47:09'),(6800,6750,NULL,NULL,'2020-08-12 20:47:12','2020-08-12 20:47:12'),(6801,6751,NULL,NULL,'2020-08-12 20:47:15','2020-08-12 20:47:15'),(6802,6752,NULL,NULL,'2020-08-12 20:47:17','2020-08-12 20:47:17'),(6803,6753,NULL,NULL,'2020-08-12 20:47:20','2020-08-12 20:47:20'),(6804,6754,NULL,NULL,'2020-08-12 20:47:23','2020-08-12 20:47:23'),(6805,6755,NULL,NULL,'2020-08-12 20:47:25','2020-08-12 20:47:25'),(6806,6756,NULL,NULL,'2020-08-12 20:47:28','2020-08-12 20:47:28'),(6807,6757,NULL,NULL,'2020-08-12 20:47:31','2020-08-12 20:47:31'),(6808,6758,NULL,NULL,'2020-08-12 20:47:34','2020-08-12 20:47:34'),(6809,6759,NULL,NULL,'2020-08-12 20:47:36','2020-08-12 20:47:36'),(6810,6760,NULL,NULL,'2020-08-12 20:47:39','2020-08-12 20:47:39'),(6811,6761,NULL,NULL,'2020-08-12 20:47:42','2020-08-12 20:47:42'),(6812,6762,NULL,NULL,'2020-08-12 20:47:44','2020-08-12 20:47:44'),(6813,6763,NULL,NULL,'2020-08-12 20:47:47','2020-08-12 20:47:47'),(6814,6764,NULL,NULL,'2020-08-12 20:47:50','2020-08-12 20:47:50'),(6815,6765,NULL,NULL,'2020-08-12 20:47:52','2020-08-12 20:47:52'),(6816,6766,NULL,NULL,'2020-08-12 20:47:55','2020-08-12 20:47:55'),(6817,6767,NULL,NULL,'2020-08-12 20:47:58','2020-08-12 20:47:58'),(6818,6768,NULL,NULL,'2020-08-12 20:48:00','2020-08-12 20:48:00'),(6819,6769,NULL,NULL,'2020-08-12 20:48:03','2020-08-12 20:48:03'),(6820,6770,NULL,NULL,'2020-08-12 20:48:06','2020-08-12 20:48:06'),(6821,6771,NULL,NULL,'2020-08-12 20:48:09','2020-08-12 20:48:09'),(6822,6772,NULL,NULL,'2020-08-12 20:48:12','2020-08-12 20:48:12'),(6823,6773,NULL,NULL,'2020-08-12 20:48:15','2020-08-12 20:48:15'),(6824,6774,NULL,NULL,'2020-08-12 20:48:17','2020-08-12 20:48:17'),(6825,6775,NULL,NULL,'2020-08-12 20:48:20','2020-08-12 20:48:20'),(6826,6776,NULL,NULL,'2020-08-12 20:48:23','2020-08-12 20:48:23'),(6827,6777,NULL,NULL,'2020-08-12 20:48:25','2020-08-12 20:48:25'),(6828,6778,NULL,NULL,'2020-08-12 20:48:28','2020-08-12 20:48:28'),(6829,6779,NULL,NULL,'2020-08-12 20:48:31','2020-08-12 20:48:31'),(6830,6780,NULL,NULL,'2020-08-12 20:48:33','2020-08-12 20:48:33'),(6831,6781,NULL,NULL,'2020-08-12 20:48:36','2020-08-12 20:48:36'),(6832,6782,NULL,NULL,'2020-08-12 20:48:39','2020-08-12 20:48:39'),(6833,6783,NULL,NULL,'2020-08-12 20:48:42','2020-08-12 20:48:42'),(6834,6784,NULL,NULL,'2020-08-12 20:48:45','2020-08-12 20:48:45'),(6835,6785,NULL,NULL,'2020-08-12 20:48:47','2020-08-12 20:48:47'),(6836,6786,NULL,NULL,'2020-08-12 20:48:50','2020-08-12 20:48:50'),(6837,6787,NULL,NULL,'2020-08-12 20:48:53','2020-08-12 20:48:53'),(6838,6788,NULL,NULL,'2020-08-12 20:48:55','2020-08-12 20:48:55'),(6839,6789,NULL,NULL,'2020-08-12 20:48:58','2020-08-12 20:48:58'),(6840,6790,NULL,NULL,'2020-08-12 20:49:01','2020-08-12 20:49:01'),(6841,6791,NULL,NULL,'2020-08-12 20:49:04','2020-08-12 20:49:04'),(6842,6792,NULL,NULL,'2020-08-12 20:49:07','2020-08-12 20:49:07'),(6843,6793,NULL,NULL,'2020-08-12 20:49:09','2020-08-12 20:49:09'),(6844,6794,NULL,NULL,'2020-08-12 20:49:12','2020-08-12 20:49:12'),(6845,6795,NULL,NULL,'2020-08-12 20:49:15','2020-08-12 20:49:15'),(6846,6796,NULL,NULL,'2020-08-12 20:49:18','2020-08-12 20:49:18'),(6847,6797,NULL,NULL,'2020-08-12 20:49:20','2020-08-12 20:49:20'),(6848,6798,NULL,NULL,'2020-08-12 20:49:23','2020-08-12 20:49:23'),(6849,6799,NULL,NULL,'2020-08-12 20:49:26','2020-08-12 20:49:26'),(6850,6800,NULL,NULL,'2020-08-12 20:49:29','2020-08-12 20:49:29'),(6851,6801,NULL,NULL,'2020-08-12 20:49:31','2020-08-12 20:49:31'),(6852,6802,NULL,NULL,'2020-08-12 20:49:34','2020-08-12 20:49:34'),(6853,6803,NULL,NULL,'2020-08-12 20:49:37','2020-08-12 20:49:37'),(6854,6804,NULL,NULL,'2020-08-12 20:49:39','2020-08-12 20:49:39'),(6855,6805,NULL,NULL,'2020-08-12 20:49:42','2020-08-12 20:49:42'),(6856,6806,NULL,NULL,'2020-08-12 20:49:45','2020-08-12 20:49:45'),(6857,6807,NULL,NULL,'2020-08-12 20:49:47','2020-08-12 20:49:47'),(6858,6808,NULL,NULL,'2020-08-12 20:49:50','2020-08-12 20:49:50'),(6859,6809,NULL,NULL,'2020-08-12 20:49:53','2020-08-12 20:49:53'),(6860,6810,NULL,NULL,'2020-08-12 20:49:56','2020-08-12 20:49:56'),(6861,6811,NULL,NULL,'2020-08-12 20:49:58','2020-08-12 20:49:58'),(6862,6812,NULL,NULL,'2020-08-12 20:50:01','2020-08-12 20:50:01'),(6863,6813,NULL,NULL,'2020-08-12 20:50:05','2020-08-12 20:50:05'),(6864,6814,NULL,NULL,'2020-08-12 20:50:08','2020-08-12 20:50:08'),(6865,6815,NULL,NULL,'2020-08-12 20:50:11','2020-08-12 20:50:11'),(6866,6816,NULL,NULL,'2020-08-12 20:50:13','2020-08-12 20:50:13'),(6867,6817,NULL,NULL,'2020-08-12 20:50:16','2020-08-12 20:50:16'),(6868,6818,NULL,NULL,'2020-08-12 20:50:19','2020-08-12 20:50:19'),(6869,6819,NULL,NULL,'2020-08-12 20:50:22','2020-08-12 20:50:22'),(6870,6820,NULL,NULL,'2020-08-12 20:50:24','2020-08-12 20:50:24'),(6871,6821,NULL,NULL,'2020-08-12 20:50:27','2020-08-12 20:50:27'),(6872,6822,NULL,NULL,'2020-08-12 20:50:30','2020-08-12 20:50:30'),(6873,6823,NULL,NULL,'2020-08-12 20:50:32','2020-08-12 20:50:32'),(6874,6824,NULL,NULL,'2020-08-12 20:50:35','2020-08-12 20:50:35'),(6875,6825,NULL,NULL,'2020-08-12 20:50:38','2020-08-12 20:50:38'),(6876,6826,NULL,NULL,'2020-08-12 20:50:41','2020-08-12 20:50:41'),(6877,6827,NULL,NULL,'2020-08-12 20:50:45','2020-08-12 20:50:45'),(6878,6828,NULL,NULL,'2020-08-12 20:50:48','2020-08-12 20:50:48'),(6879,6829,NULL,NULL,'2020-08-12 20:50:50','2020-08-12 20:50:50'),(6880,6830,NULL,NULL,'2020-08-12 20:50:53','2020-08-12 20:50:53'),(6881,6831,NULL,NULL,'2020-08-12 20:50:56','2020-08-12 20:50:56'),(6882,6832,NULL,NULL,'2020-08-12 20:50:59','2020-08-12 20:50:59'),(6883,6833,NULL,NULL,'2020-08-12 20:51:01','2020-08-12 20:51:01'),(6884,6834,NULL,NULL,'2020-08-12 20:51:04','2020-08-12 20:51:04'),(6885,6835,NULL,NULL,'2020-08-12 20:51:08','2020-08-12 20:51:08'),(6886,6836,NULL,NULL,'2020-08-12 20:51:11','2020-08-12 20:51:11'),(6887,6837,NULL,NULL,'2020-08-12 20:51:14','2020-08-12 20:51:14'),(6888,6838,NULL,NULL,'2020-08-12 20:51:17','2020-08-12 20:51:17'),(6889,6839,NULL,NULL,'2020-08-12 20:51:19','2020-08-12 20:51:19'),(6890,6840,NULL,NULL,'2020-08-12 20:51:22','2020-08-12 20:51:22'),(6891,6841,NULL,NULL,'2020-08-12 20:51:25','2020-08-12 20:51:25'),(6892,6842,NULL,NULL,'2020-08-12 20:51:27','2020-08-12 20:51:27'),(6893,6843,NULL,NULL,'2020-08-12 20:51:30','2020-08-12 20:51:30'),(6894,6844,NULL,NULL,'2020-08-12 20:51:33','2020-08-12 20:51:33'),(6895,6845,NULL,NULL,'2020-08-12 20:51:36','2020-08-12 20:51:36'),(6896,6846,NULL,NULL,'2020-08-12 20:51:38','2020-08-12 20:51:38'),(6897,6847,NULL,NULL,'2020-08-12 20:51:41','2020-08-12 20:51:41'),(6898,6848,NULL,NULL,'2020-08-12 20:51:44','2020-08-12 20:51:44'),(6899,6849,NULL,NULL,'2020-08-12 20:51:47','2020-08-12 20:51:47'),(6900,6850,NULL,NULL,'2020-08-12 20:51:50','2020-08-12 20:51:50'),(6901,6851,NULL,NULL,'2020-08-12 20:51:52','2020-08-12 20:51:52'),(6902,6852,NULL,NULL,'2020-08-12 20:51:55','2020-08-12 20:51:55'),(6903,6853,NULL,NULL,'2020-08-12 20:51:58','2020-08-12 20:51:58'),(6904,6854,NULL,NULL,'2020-08-12 20:52:01','2020-08-12 20:52:01'),(6905,6855,NULL,NULL,'2020-08-12 20:52:04','2020-08-12 20:52:04'),(6906,6856,NULL,NULL,'2020-08-12 20:52:07','2020-08-12 20:52:07'),(6907,6857,NULL,NULL,'2020-08-12 20:52:10','2020-08-12 20:52:10'),(6908,6858,NULL,NULL,'2020-08-12 20:52:13','2020-08-12 20:52:13'),(6909,6859,NULL,NULL,'2020-08-12 20:52:15','2020-08-12 20:52:15'),(6910,6860,NULL,NULL,'2020-08-12 20:52:18','2020-08-12 20:52:18'),(6911,6861,NULL,NULL,'2020-08-12 20:52:21','2020-08-12 20:52:21'),(6912,6862,NULL,NULL,'2020-08-12 20:52:24','2020-08-12 20:52:24'),(6913,6863,NULL,NULL,'2020-08-12 20:52:26','2020-08-12 20:52:26'),(6914,6864,NULL,NULL,'2020-08-12 20:52:29','2020-08-12 20:52:29'),(6915,6865,NULL,NULL,'2020-08-12 20:52:32','2020-08-12 20:52:32'),(6916,6866,NULL,NULL,'2020-08-12 20:52:35','2020-08-12 20:52:35'),(6917,6867,NULL,NULL,'2020-08-12 20:52:37','2020-08-12 20:52:37'),(6918,6868,NULL,NULL,'2020-08-12 20:52:40','2020-08-12 20:52:40'),(6919,6869,NULL,NULL,'2020-08-12 20:52:43','2020-08-12 20:52:43'),(6920,6870,NULL,NULL,'2020-08-12 20:52:46','2020-08-12 20:52:46'),(6921,6871,NULL,NULL,'2020-08-12 20:52:49','2020-08-12 20:52:49'),(6922,6872,NULL,NULL,'2020-08-12 20:52:52','2020-08-12 20:52:52'),(6923,6873,NULL,NULL,'2020-08-12 20:52:54','2020-08-12 20:52:54'),(6924,6874,NULL,NULL,'2020-08-12 20:52:57','2020-08-12 20:52:57'),(6925,6875,NULL,NULL,'2020-08-12 20:53:00','2020-08-12 20:53:00'),(6926,6876,NULL,NULL,'2020-08-12 20:53:04','2020-08-12 20:53:04'),(6927,6877,NULL,NULL,'2020-08-12 20:53:08','2020-08-12 20:53:08'),(6928,6878,NULL,NULL,'2020-08-12 20:53:11','2020-08-12 20:53:11'),(6929,6879,NULL,NULL,'2020-08-12 20:53:14','2020-08-12 20:53:14'),(6930,6880,NULL,NULL,'2020-08-12 20:53:16','2020-08-12 20:53:16'),(6931,6881,NULL,NULL,'2020-08-12 20:53:19','2020-08-12 20:53:19'),(6932,6882,NULL,NULL,'2020-08-12 20:53:22','2020-08-12 20:53:22'),(6933,6883,NULL,NULL,'2020-08-12 20:53:25','2020-08-12 20:53:25'),(6934,6884,NULL,NULL,'2020-08-12 20:53:28','2020-08-12 20:53:28'),(6935,6885,NULL,NULL,'2020-08-12 20:53:30','2020-08-12 20:53:30'),(6936,6886,NULL,NULL,'2020-08-12 20:53:33','2020-08-12 20:53:33'),(6937,6887,NULL,NULL,'2020-08-12 20:53:36','2020-08-12 20:53:36'),(6938,6888,NULL,NULL,'2020-08-12 20:53:39','2020-08-12 20:53:39'),(6939,6889,NULL,NULL,'2020-08-12 20:53:42','2020-08-12 20:53:42'),(6940,6890,NULL,NULL,'2020-08-12 20:53:44','2020-08-12 20:53:44'),(6941,6891,NULL,NULL,'2020-08-12 20:53:47','2020-08-12 20:53:47'),(6942,6892,NULL,NULL,'2020-08-12 20:53:50','2020-08-12 20:53:50'),(6943,6893,NULL,NULL,'2020-08-12 20:53:53','2020-08-12 20:53:53'),(6944,6894,NULL,NULL,'2020-08-12 20:53:56','2020-08-12 20:53:56'),(6945,6895,NULL,NULL,'2020-08-12 20:53:59','2020-08-12 20:53:59'),(6946,6896,NULL,NULL,'2020-08-12 20:54:01','2020-08-12 20:54:01'),(6947,6897,NULL,NULL,'2020-08-12 20:54:05','2020-08-12 20:54:05'),(6948,6898,NULL,NULL,'2020-08-12 20:54:08','2020-08-12 20:54:08'),(6949,6899,NULL,NULL,'2020-08-12 20:54:11','2020-08-12 20:54:11'),(6950,6900,NULL,NULL,'2020-08-12 20:54:14','2020-08-12 20:54:14'),(6951,6901,NULL,NULL,'2020-08-12 20:54:16','2020-08-12 20:54:16'),(6952,6902,NULL,NULL,'2020-08-12 20:54:19','2020-08-12 20:54:19'),(6953,6903,NULL,NULL,'2020-08-12 20:54:22','2020-08-12 20:54:22'),(6954,6904,NULL,NULL,'2020-08-12 20:54:25','2020-08-12 20:54:25'),(6955,6905,NULL,NULL,'2020-08-12 20:54:27','2020-08-12 20:54:27'),(6956,6906,NULL,NULL,'2020-08-12 20:54:30','2020-08-12 20:54:30'),(6957,6907,NULL,NULL,'2020-08-12 20:54:33','2020-08-12 20:54:33'),(6958,6908,NULL,NULL,'2020-08-12 20:54:36','2020-08-12 20:54:36'),(6959,6909,NULL,NULL,'2020-08-12 20:54:39','2020-08-12 20:54:39'),(6960,6910,NULL,NULL,'2020-08-12 20:54:41','2020-08-12 20:54:41'),(6961,6911,NULL,NULL,'2020-08-12 20:54:44','2020-08-12 20:54:44'),(6962,6912,NULL,NULL,'2020-08-12 20:54:47','2020-08-12 20:54:47'),(6963,6913,NULL,NULL,'2020-08-12 20:54:50','2020-08-12 20:54:50'),(6964,6914,NULL,NULL,'2020-08-12 20:54:53','2020-08-12 20:54:53'),(6965,6915,NULL,NULL,'2020-08-12 20:54:55','2020-08-12 20:54:55'),(6966,6916,NULL,NULL,'2020-08-12 20:54:58','2020-08-12 20:54:58'),(6967,6917,NULL,NULL,'2020-08-12 20:55:02','2020-08-12 20:55:02'),(6968,6918,NULL,NULL,'2020-08-12 20:55:06','2020-08-12 20:55:06'),(6969,6919,NULL,NULL,'2020-08-12 20:55:09','2020-08-12 20:55:09'),(6970,6920,NULL,NULL,'2020-08-12 20:55:12','2020-08-12 20:55:12'),(6971,6921,NULL,NULL,'2020-08-12 20:55:15','2020-08-12 20:55:15'),(6972,6922,NULL,NULL,'2020-08-12 20:55:18','2020-08-12 20:55:18'),(6973,6923,NULL,NULL,'2020-08-12 20:55:21','2020-08-12 20:55:21'),(6974,6924,NULL,NULL,'2020-08-12 20:55:23','2020-08-12 20:55:23'),(6975,6925,NULL,NULL,'2020-08-12 20:55:26','2020-08-12 20:55:26'),(6976,6926,NULL,NULL,'2020-08-12 20:55:29','2020-08-12 20:55:29'),(6977,6927,NULL,NULL,'2020-08-12 20:55:32','2020-08-12 20:55:32'),(6978,6928,NULL,NULL,'2020-08-12 20:55:35','2020-08-12 20:55:35'),(6979,6929,NULL,NULL,'2020-08-12 20:55:37','2020-08-12 20:55:37'),(6980,6930,NULL,NULL,'2020-08-12 20:55:40','2020-08-12 20:55:40'),(6981,6931,NULL,NULL,'2020-08-12 20:55:43','2020-08-12 20:55:43'),(6982,6932,NULL,NULL,'2020-08-12 20:55:46','2020-08-12 20:55:46'),(6983,6933,NULL,NULL,'2020-08-12 20:55:49','2020-08-12 20:55:49'),(6984,6934,NULL,NULL,'2020-08-12 20:55:51','2020-08-12 20:55:51'),(6985,6935,NULL,NULL,'2020-08-12 20:55:54','2020-08-12 20:55:54'),(6986,6936,NULL,NULL,'2020-08-12 20:55:57','2020-08-12 20:55:57'),(6987,6937,NULL,NULL,'2020-08-12 20:56:00','2020-08-12 20:56:00'),(6988,6938,NULL,NULL,'2020-08-12 20:56:03','2020-08-12 20:56:03'),(6989,6939,NULL,NULL,'2020-08-12 20:56:08','2020-08-12 20:56:08'),(6990,6940,NULL,NULL,'2020-08-12 20:56:11','2020-08-12 20:56:11'),(6991,6941,NULL,NULL,'2020-08-12 20:56:14','2020-08-12 20:56:14'),(6992,6942,NULL,NULL,'2020-08-12 20:56:17','2020-08-12 20:56:17'),(6993,6943,NULL,NULL,'2020-08-12 20:56:20','2020-08-12 20:56:20'),(6994,6944,NULL,NULL,'2020-08-12 20:56:23','2020-08-12 20:56:23'),(6995,6945,NULL,NULL,'2020-08-12 20:56:26','2020-08-12 20:56:26'),(6996,6946,NULL,NULL,'2020-08-12 20:56:28','2020-08-12 20:56:28'),(6997,6947,NULL,NULL,'2020-08-12 20:56:31','2020-08-12 20:56:31'),(6998,6948,NULL,NULL,'2020-08-12 20:56:34','2020-08-12 20:56:34'),(6999,6949,NULL,NULL,'2020-08-12 20:56:37','2020-08-12 20:56:37'),(7000,6950,NULL,NULL,'2020-08-12 20:56:40','2020-08-12 20:56:40'),(7001,6951,NULL,NULL,'2020-08-12 20:56:43','2020-08-12 20:56:43'),(7002,6952,NULL,NULL,'2020-08-12 20:56:45','2020-08-12 20:56:45'),(7003,6953,NULL,NULL,'2020-08-12 20:56:48','2020-08-12 20:56:48'),(7004,6954,NULL,NULL,'2020-08-12 20:56:51','2020-08-12 20:56:51'),(7005,6955,NULL,NULL,'2020-08-12 20:56:54','2020-08-12 20:56:54'),(7006,6956,NULL,NULL,'2020-08-12 20:56:57','2020-08-12 20:56:57'),(7007,6957,NULL,NULL,'2020-08-12 20:57:00','2020-08-12 20:57:00'),(7008,6958,NULL,NULL,'2020-08-12 20:57:03','2020-08-12 20:57:03'),(7009,6959,NULL,NULL,'2020-08-12 20:57:06','2020-08-12 20:57:06'),(7010,6960,NULL,NULL,'2020-08-12 20:57:10','2020-08-12 20:57:10'),(7011,6961,NULL,NULL,'2020-08-12 20:57:13','2020-08-12 20:57:13'),(7012,6962,NULL,NULL,'2020-08-12 20:57:16','2020-08-12 20:57:16'),(7013,6963,NULL,NULL,'2020-08-12 20:57:19','2020-08-12 20:57:19'),(7014,6964,NULL,NULL,'2020-08-12 20:57:22','2020-08-12 20:57:22'),(7015,6965,NULL,NULL,'2020-08-12 20:57:25','2020-08-12 20:57:25'),(7016,6966,NULL,NULL,'2020-08-12 20:57:28','2020-08-12 20:57:28'),(7017,6967,NULL,NULL,'2020-08-12 20:57:30','2020-08-12 20:57:30'),(7018,6968,NULL,NULL,'2020-08-12 20:57:33','2020-08-12 20:57:33'),(7019,6969,NULL,NULL,'2020-08-12 20:57:36','2020-08-12 20:57:36'),(7020,6970,NULL,NULL,'2020-08-12 20:57:39','2020-08-12 20:57:39'),(7021,6971,NULL,NULL,'2020-08-12 20:57:42','2020-08-12 20:57:42'),(7022,6972,NULL,NULL,'2020-08-12 20:57:45','2020-08-12 20:57:45'),(7023,6973,NULL,NULL,'2020-08-12 20:57:48','2020-08-12 20:57:48'),(7024,6974,NULL,NULL,'2020-08-12 20:57:51','2020-08-12 20:57:51'),(7025,6975,NULL,NULL,'2020-08-12 20:57:54','2020-08-12 20:57:54'),(7026,6976,NULL,NULL,'2020-08-12 20:57:56','2020-08-12 20:57:56'),(7027,6977,NULL,NULL,'2020-08-12 20:57:59','2020-08-12 20:57:59'),(7028,6978,NULL,NULL,'2020-08-12 20:58:02','2020-08-12 20:58:02'),(7029,6979,NULL,NULL,'2020-08-12 20:58:05','2020-08-12 20:58:05'),(7030,6980,NULL,NULL,'2020-08-12 20:58:09','2020-08-12 20:58:09'),(7031,6981,NULL,NULL,'2020-08-12 20:58:12','2020-08-12 20:58:12'),(7032,6982,NULL,NULL,'2020-08-12 20:58:14','2020-08-12 20:58:14'),(7033,6983,NULL,NULL,'2020-08-12 20:58:17','2020-08-12 20:58:17'),(7034,6984,NULL,NULL,'2020-08-12 20:58:20','2020-08-12 20:58:20'),(7035,6985,NULL,NULL,'2020-08-12 20:58:23','2020-08-12 20:58:23'),(7036,6986,NULL,NULL,'2020-08-12 20:58:26','2020-08-12 20:58:26'),(7037,6987,NULL,NULL,'2020-08-12 20:58:29','2020-08-12 20:58:29'),(7038,6988,NULL,NULL,'2020-08-12 20:58:32','2020-08-12 20:58:32'),(7039,6989,NULL,NULL,'2020-08-12 20:58:35','2020-08-12 20:58:35'),(7040,6990,NULL,NULL,'2020-08-12 20:58:38','2020-08-12 20:58:38'),(7041,6991,NULL,NULL,'2020-08-12 20:58:41','2020-08-12 20:58:41'),(7042,6992,NULL,NULL,'2020-08-12 20:58:44','2020-08-12 20:58:44'),(7043,6993,NULL,NULL,'2020-08-12 20:58:47','2020-08-12 20:58:47'),(7044,6994,NULL,NULL,'2020-08-12 20:58:50','2020-08-12 20:58:50'),(7045,6995,NULL,NULL,'2020-08-12 20:58:53','2020-08-12 20:58:53'),(7046,6996,NULL,NULL,'2020-08-12 20:58:56','2020-08-12 20:58:56'),(7047,6997,NULL,NULL,'2020-08-12 20:58:58','2020-08-12 20:58:58'),(7048,6998,NULL,NULL,'2020-08-12 20:59:01','2020-08-12 20:59:01'),(7049,6999,NULL,NULL,'2020-08-12 20:59:05','2020-08-12 20:59:05'),(7050,7000,NULL,NULL,'2020-08-12 20:59:08','2020-08-12 20:59:08'),(7051,7001,NULL,NULL,'2020-08-12 20:59:11','2020-08-12 20:59:11'),(7052,7002,NULL,NULL,'2020-08-12 20:59:14','2020-08-12 20:59:14'),(7053,7003,NULL,NULL,'2020-08-12 20:59:17','2020-08-12 20:59:17'),(7054,7004,NULL,NULL,'2020-08-12 20:59:20','2020-08-12 20:59:20'),(7055,7005,NULL,NULL,'2020-08-12 20:59:22','2020-08-12 20:59:22'),(7056,7006,NULL,NULL,'2020-08-12 20:59:25','2020-08-12 20:59:25'),(7057,7007,NULL,NULL,'2020-08-12 20:59:28','2020-08-12 20:59:28'),(7058,7008,NULL,NULL,'2020-08-12 20:59:31','2020-08-12 20:59:31'),(7059,7009,NULL,NULL,'2020-08-12 20:59:34','2020-08-12 20:59:34'),(7060,7010,NULL,NULL,'2020-08-12 20:59:37','2020-08-12 20:59:37'),(7061,7011,NULL,NULL,'2020-08-12 20:59:40','2020-08-12 20:59:40'),(7062,7012,NULL,NULL,'2020-08-12 20:59:43','2020-08-12 20:59:43'),(7063,7013,NULL,NULL,'2020-08-12 20:59:46','2020-08-12 20:59:46'),(7064,7014,NULL,NULL,'2020-08-12 20:59:48','2020-08-12 20:59:48'),(7065,7015,NULL,NULL,'2020-08-12 20:59:51','2020-08-12 20:59:51'),(7066,7016,NULL,NULL,'2020-08-12 20:59:54','2020-08-12 20:59:54'),(7067,7017,NULL,NULL,'2020-08-12 20:59:57','2020-08-12 20:59:57'),(7068,7018,NULL,NULL,'2020-08-12 21:00:00','2020-08-12 21:00:00'),(7069,7019,NULL,NULL,'2020-08-12 21:00:03','2020-08-12 21:00:03'),(7070,7020,NULL,NULL,'2020-08-12 21:00:06','2020-08-12 21:00:06'),(7071,7021,NULL,NULL,'2020-08-12 21:00:10','2020-08-12 21:00:10'),(7072,7022,NULL,NULL,'2020-08-12 21:00:13','2020-08-12 21:00:13'),(7073,7023,NULL,NULL,'2020-08-12 21:00:16','2020-08-12 21:00:16'),(7074,7024,NULL,NULL,'2020-08-12 21:00:19','2020-08-12 21:00:19'),(7075,7025,NULL,NULL,'2020-08-12 21:00:21','2020-08-12 21:00:21'),(7076,7026,NULL,NULL,'2020-08-12 21:00:24','2020-08-12 21:00:24'),(7077,7027,NULL,NULL,'2020-08-12 21:00:27','2020-08-12 21:00:27'),(7078,7028,NULL,NULL,'2020-08-12 21:00:30','2020-08-12 21:00:30'),(7079,7029,NULL,NULL,'2020-08-12 21:00:33','2020-08-12 21:00:33'),(7080,7030,NULL,NULL,'2020-08-12 21:00:36','2020-08-12 21:00:36'),(7081,7031,NULL,NULL,'2020-08-12 21:00:39','2020-08-12 21:00:39'),(7082,7032,NULL,NULL,'2020-08-12 21:00:42','2020-08-12 21:00:42'),(7083,7033,NULL,NULL,'2020-08-12 21:00:44','2020-08-12 21:00:44'),(7084,7034,NULL,NULL,'2020-08-12 21:00:47','2020-08-12 21:00:47'),(7085,7035,NULL,NULL,'2020-08-12 21:00:50','2020-08-12 21:00:50'),(7086,7036,NULL,NULL,'2020-08-12 21:00:53','2020-08-12 21:00:53'),(7087,7037,NULL,NULL,'2020-08-12 21:00:56','2020-08-12 21:00:56'),(7088,7038,NULL,NULL,'2020-08-12 21:00:59','2020-08-12 21:00:59'),(7089,7039,NULL,NULL,'2020-08-12 21:01:02','2020-08-12 21:01:02'),(7090,7040,NULL,NULL,'2020-08-12 21:01:05','2020-08-12 21:01:05'),(7091,7041,NULL,NULL,'2020-08-12 21:01:08','2020-08-12 21:01:08'),(7092,7042,NULL,NULL,'2020-08-12 21:01:11','2020-08-12 21:01:11'),(7093,7043,NULL,NULL,'2020-08-12 21:01:13','2020-08-12 21:01:13'),(7094,7044,NULL,NULL,'2020-08-12 21:01:16','2020-08-12 21:01:16'),(7095,7045,NULL,NULL,'2020-08-12 21:01:19','2020-08-12 21:01:19'),(7096,7046,NULL,NULL,'2020-08-12 21:01:22','2020-08-12 21:01:22'),(7097,7047,NULL,NULL,'2020-08-12 21:01:25','2020-08-12 21:01:25'),(7098,7048,NULL,NULL,'2020-08-12 21:01:28','2020-08-12 21:01:28'),(7099,7049,NULL,NULL,'2020-08-12 21:01:31','2020-08-12 21:01:31'),(7100,7050,NULL,NULL,'2020-08-12 21:01:34','2020-08-12 21:01:34'),(7101,7051,NULL,NULL,'2020-08-12 21:01:37','2020-08-12 21:01:37'),(7102,7052,NULL,NULL,'2020-08-12 21:01:39','2020-08-12 21:01:39'),(7103,7053,NULL,NULL,'2020-08-12 21:01:42','2020-08-12 21:01:42'),(7104,7054,NULL,NULL,'2020-08-12 21:01:45','2020-08-12 21:01:45'),(7105,7055,NULL,NULL,'2020-08-12 21:01:48','2020-08-12 21:01:48'),(7106,7056,NULL,NULL,'2020-08-12 21:01:51','2020-08-12 21:01:51'),(7107,7057,NULL,NULL,'2020-08-12 21:01:54','2020-08-12 21:01:54'),(7108,7058,NULL,NULL,'2020-08-12 21:01:57','2020-08-12 21:01:57'),(7109,7059,NULL,NULL,'2020-08-12 21:02:00','2020-08-12 21:02:00'),(7110,7060,NULL,NULL,'2020-08-12 21:02:03','2020-08-12 21:02:03'),(7111,7061,NULL,NULL,'2020-08-12 21:02:06','2020-08-12 21:02:06'),(7112,7062,NULL,NULL,'2020-08-12 21:02:09','2020-08-12 21:02:09'),(7113,7063,NULL,NULL,'2020-08-12 21:02:12','2020-08-12 21:02:12'),(7114,7064,NULL,NULL,'2020-08-12 21:02:15','2020-08-12 21:02:15'),(7115,7065,NULL,NULL,'2020-08-12 21:02:18','2020-08-12 21:02:18'),(7116,7066,NULL,NULL,'2020-08-12 21:02:21','2020-08-12 21:02:21'),(7117,7067,NULL,NULL,'2020-08-12 21:02:24','2020-08-12 21:02:24'),(7118,7068,NULL,NULL,'2020-08-12 21:02:27','2020-08-12 21:02:27'),(7119,7069,NULL,NULL,'2020-08-12 21:02:30','2020-08-12 21:02:30'),(7120,7070,NULL,NULL,'2020-08-12 21:02:33','2020-08-12 21:02:33'),(7121,7071,NULL,NULL,'2020-08-12 21:02:35','2020-08-12 21:02:35'),(7122,7072,NULL,NULL,'2020-08-12 21:02:38','2020-08-12 21:02:38'),(7123,7073,NULL,NULL,'2020-08-12 21:02:41','2020-08-12 21:02:41'),(7124,7074,NULL,NULL,'2020-08-12 21:02:44','2020-08-12 21:02:44'),(7125,7075,NULL,NULL,'2020-08-12 21:02:47','2020-08-12 21:02:47'),(7126,7076,NULL,NULL,'2020-08-12 21:02:50','2020-08-12 21:02:50'),(7127,7077,NULL,NULL,'2020-08-12 21:02:53','2020-08-12 21:02:53'),(7128,7078,NULL,NULL,'2020-08-12 21:02:56','2020-08-12 21:02:56'),(7129,7079,NULL,NULL,'2020-08-12 21:02:59','2020-08-12 21:02:59'),(7130,7080,NULL,NULL,'2020-08-12 21:03:02','2020-08-12 21:03:02'),(7131,7081,NULL,NULL,'2020-08-12 21:03:05','2020-08-12 21:03:05'),(7132,7082,NULL,NULL,'2020-08-12 21:03:08','2020-08-12 21:03:08'),(7133,7083,NULL,NULL,'2020-08-12 21:03:11','2020-08-12 21:03:11'),(7134,7084,NULL,NULL,'2020-08-12 21:03:14','2020-08-12 21:03:14'),(7135,7085,NULL,NULL,'2020-08-12 21:03:17','2020-08-12 21:03:17'),(7136,7086,NULL,NULL,'2020-08-12 21:03:19','2020-08-12 21:03:19'),(7137,7087,NULL,NULL,'2020-08-12 21:03:22','2020-08-12 21:03:22'),(7138,7088,NULL,NULL,'2020-08-12 21:03:25','2020-08-12 21:03:25'),(7139,7089,NULL,NULL,'2020-08-12 21:03:28','2020-08-12 21:03:28'),(7140,7090,NULL,NULL,'2020-08-12 21:03:31','2020-08-12 21:03:31'),(7141,7091,NULL,NULL,'2020-08-12 21:03:34','2020-08-12 21:03:34'),(7142,7092,NULL,NULL,'2020-08-12 21:03:37','2020-08-12 21:03:37'),(7143,7093,NULL,NULL,'2020-08-12 21:03:40','2020-08-12 21:03:40'),(7144,7094,NULL,NULL,'2020-08-12 21:03:43','2020-08-12 21:03:43'),(7145,7095,NULL,NULL,'2020-08-12 21:03:46','2020-08-12 21:03:46'),(7146,7096,NULL,NULL,'2020-08-12 21:03:49','2020-08-12 21:03:49'),(7147,7097,NULL,NULL,'2020-08-12 21:03:52','2020-08-12 21:03:52'),(7148,7098,NULL,NULL,'2020-08-12 21:03:55','2020-08-12 21:03:55'),(7149,7099,NULL,NULL,'2020-08-12 21:03:58','2020-08-12 21:03:58'),(7150,7100,NULL,NULL,'2020-08-12 21:04:01','2020-08-12 21:04:01'),(7151,7101,NULL,NULL,'2020-08-12 21:04:05','2020-08-12 21:04:05'),(7152,7102,NULL,NULL,'2020-08-12 21:04:08','2020-08-12 21:04:08'),(7153,7103,NULL,NULL,'2020-08-12 21:04:11','2020-08-12 21:04:11'),(7154,7104,NULL,NULL,'2020-08-12 21:04:14','2020-08-12 21:04:14'),(7155,7105,NULL,NULL,'2020-08-12 21:04:17','2020-08-12 21:04:17'),(7156,7106,NULL,NULL,'2020-08-12 21:04:20','2020-08-12 21:04:20'),(7157,7107,NULL,NULL,'2020-08-12 21:04:23','2020-08-12 21:04:23'),(7158,7108,NULL,NULL,'2020-08-12 21:04:26','2020-08-12 21:04:26'),(7159,7109,NULL,NULL,'2020-08-12 21:04:29','2020-08-12 21:04:29'),(7160,7110,NULL,NULL,'2020-08-12 21:04:32','2020-08-12 21:04:32'),(7161,7111,NULL,NULL,'2020-08-12 21:04:35','2020-08-12 21:04:35'),(7162,7112,NULL,NULL,'2020-08-12 21:04:38','2020-08-12 21:04:38'),(7163,7113,NULL,NULL,'2020-08-12 21:04:41','2020-08-12 21:04:41'),(7164,7114,NULL,NULL,'2020-08-12 21:04:43','2020-08-12 21:04:43'),(7165,7115,NULL,NULL,'2020-08-12 21:04:46','2020-08-12 21:04:46'),(7166,7116,NULL,NULL,'2020-08-12 21:04:49','2020-08-12 21:04:49'),(7167,7117,NULL,NULL,'2020-08-12 21:04:52','2020-08-12 21:04:52'),(7168,7118,NULL,NULL,'2020-08-12 21:04:55','2020-08-12 21:04:55'),(7169,7119,NULL,NULL,'2020-08-12 21:04:58','2020-08-12 21:04:58'),(7170,7120,NULL,NULL,'2020-08-12 21:05:01','2020-08-12 21:05:01'),(7171,7121,NULL,NULL,'2020-08-12 21:05:06','2020-08-12 21:05:06'),(7172,7122,NULL,NULL,'2020-08-12 21:05:09','2020-08-12 21:05:09'),(7173,7123,NULL,NULL,'2020-08-12 21:05:12','2020-08-12 21:05:12'),(7174,7124,NULL,NULL,'2020-08-12 21:05:15','2020-08-12 21:05:15'),(7175,7125,NULL,NULL,'2020-08-12 21:05:18','2020-08-12 21:05:18'),(7176,7126,NULL,NULL,'2020-08-12 21:05:21','2020-08-12 21:05:21'),(7177,7127,NULL,NULL,'2020-08-12 21:05:24','2020-08-12 21:05:24'),(7178,7128,NULL,NULL,'2020-08-12 21:05:27','2020-08-12 21:05:27'),(7179,7129,NULL,NULL,'2020-08-12 21:05:30','2020-08-12 21:05:30'),(7180,7130,NULL,NULL,'2020-08-12 21:05:33','2020-08-12 21:05:33'),(7181,7131,NULL,NULL,'2020-08-12 21:05:36','2020-08-12 21:05:36'),(7182,7132,NULL,NULL,'2020-08-12 21:05:39','2020-08-12 21:05:39'),(7183,7133,NULL,NULL,'2020-08-12 21:05:41','2020-08-12 21:05:41'),(7184,7134,NULL,NULL,'2020-08-12 21:05:44','2020-08-12 21:05:44'),(7185,7135,NULL,NULL,'2020-08-12 21:05:47','2020-08-12 21:05:47'),(7186,7136,NULL,NULL,'2020-08-12 21:05:50','2020-08-12 21:05:50'),(7187,7137,NULL,NULL,'2020-08-12 21:05:53','2020-08-12 21:05:53'),(7188,7138,NULL,NULL,'2020-08-12 21:05:56','2020-08-12 21:05:56'),(7189,7139,NULL,NULL,'2020-08-12 21:05:59','2020-08-12 21:05:59'),(7190,7140,NULL,NULL,'2020-08-12 21:06:02','2020-08-12 21:06:02'),(7191,7141,NULL,NULL,'2020-08-12 21:06:06','2020-08-12 21:06:06'),(7192,7142,NULL,NULL,'2020-08-12 21:06:09','2020-08-12 21:06:09'),(7193,7143,NULL,NULL,'2020-08-12 21:06:12','2020-08-12 21:06:12'),(7194,7144,NULL,NULL,'2020-08-12 21:06:15','2020-08-12 21:06:15'),(7195,7145,NULL,NULL,'2020-08-12 21:06:18','2020-08-12 21:06:18'),(7196,7146,NULL,NULL,'2020-08-12 21:06:21','2020-08-12 21:06:21'),(7197,7147,NULL,NULL,'2020-08-12 21:06:24','2020-08-12 21:06:24'),(7198,7148,NULL,NULL,'2020-08-12 21:06:27','2020-08-12 21:06:27'),(7199,7149,NULL,NULL,'2020-08-12 21:06:30','2020-08-12 21:06:30'),(7200,7150,NULL,NULL,'2020-08-12 21:06:33','2020-08-12 21:06:33'),(7201,7151,NULL,NULL,'2020-08-12 21:06:36','2020-08-12 21:06:36'),(7202,7152,NULL,NULL,'2020-08-12 21:06:39','2020-08-12 21:06:39'),(7203,7153,NULL,NULL,'2020-08-12 21:06:42','2020-08-12 21:06:42'),(7204,7154,NULL,NULL,'2020-08-12 21:06:45','2020-08-12 21:06:45'),(7205,7155,NULL,NULL,'2020-08-12 21:06:49','2020-08-12 21:06:49'),(7206,7156,NULL,NULL,'2020-08-12 21:06:52','2020-08-12 21:06:52'),(7207,7157,NULL,NULL,'2020-08-12 21:06:55','2020-08-12 21:06:55'),(7208,7158,NULL,NULL,'2020-08-12 21:06:58','2020-08-12 21:06:58'),(7209,7159,NULL,NULL,'2020-08-12 21:07:01','2020-08-12 21:07:01'),(7210,7160,NULL,NULL,'2020-08-12 21:07:04','2020-08-12 21:07:04'),(7211,7161,NULL,NULL,'2020-08-12 21:07:07','2020-08-12 21:07:07'),(7212,7162,NULL,NULL,'2020-08-12 21:07:10','2020-08-12 21:07:10'),(7213,7163,NULL,NULL,'2020-08-12 21:07:13','2020-08-12 21:07:13'),(7214,7164,NULL,NULL,'2020-08-12 21:07:16','2020-08-12 21:07:16'),(7215,7165,NULL,NULL,'2020-08-12 21:07:19','2020-08-12 21:07:19'),(7216,7166,NULL,NULL,'2020-08-12 21:07:22','2020-08-12 21:07:22'),(7217,7167,NULL,NULL,'2020-08-12 21:07:25','2020-08-12 21:07:25'),(7218,7168,NULL,NULL,'2020-08-12 21:07:28','2020-08-12 21:07:28'),(7219,7169,NULL,NULL,'2020-08-12 21:07:31','2020-08-12 21:07:31'),(7220,7170,NULL,NULL,'2020-08-12 21:07:34','2020-08-12 21:07:34'),(7221,7171,NULL,NULL,'2020-08-12 21:07:37','2020-08-12 21:07:37'),(7222,7172,NULL,NULL,'2020-08-12 21:07:40','2020-08-12 21:07:40'),(7223,7173,NULL,NULL,'2020-08-12 21:07:43','2020-08-12 21:07:43'),(7224,7174,NULL,NULL,'2020-08-12 21:07:46','2020-08-12 21:07:46'),(7225,7175,NULL,NULL,'2020-08-12 21:07:49','2020-08-12 21:07:49'),(7226,7176,NULL,NULL,'2020-08-12 21:07:52','2020-08-12 21:07:52'),(7227,7177,NULL,NULL,'2020-08-12 21:07:55','2020-08-12 21:07:55'),(7228,7178,NULL,NULL,'2020-08-12 21:07:58','2020-08-12 21:07:58'),(7229,7179,NULL,NULL,'2020-08-12 21:08:01','2020-08-12 21:08:01'),(7230,7180,NULL,NULL,'2020-08-12 21:08:05','2020-08-12 21:08:05'),(7231,7181,NULL,NULL,'2020-08-12 21:08:09','2020-08-12 21:08:09'),(7232,7182,NULL,NULL,'2020-08-12 21:08:12','2020-08-12 21:08:12'),(7233,7183,NULL,NULL,'2020-08-12 21:08:15','2020-08-12 21:08:15'),(7234,7184,NULL,NULL,'2020-08-12 21:08:18','2020-08-12 21:08:18'),(7235,7185,NULL,NULL,'2020-08-12 21:08:21','2020-08-12 21:08:21'),(7236,7186,NULL,NULL,'2020-08-12 21:08:24','2020-08-12 21:08:24'),(7237,7187,NULL,NULL,'2020-08-12 21:08:27','2020-08-12 21:08:27'),(7238,7188,NULL,NULL,'2020-08-12 21:08:30','2020-08-12 21:08:30'),(7239,7189,NULL,NULL,'2020-08-12 21:08:33','2020-08-12 21:08:33'),(7240,7190,NULL,NULL,'2020-08-12 21:08:36','2020-08-12 21:08:36'),(7241,7191,NULL,NULL,'2020-08-12 21:08:39','2020-08-12 21:08:39'),(7242,7192,NULL,NULL,'2020-08-12 21:08:42','2020-08-12 21:08:42'),(7243,7193,NULL,NULL,'2020-08-12 21:08:45','2020-08-12 21:08:45'),(7244,7194,NULL,NULL,'2020-08-12 21:08:48','2020-08-12 21:08:48'),(7245,7195,NULL,NULL,'2020-08-12 21:08:51','2020-08-12 21:08:51'),(7246,7196,NULL,NULL,'2020-08-12 21:08:54','2020-08-12 21:08:54'),(7247,7197,NULL,NULL,'2020-08-12 21:08:57','2020-08-12 21:08:57'),(7248,7198,NULL,NULL,'2020-08-12 21:09:00','2020-08-12 21:09:00'),(7249,7199,NULL,NULL,'2020-08-12 21:09:03','2020-08-12 21:09:03'),(7250,7200,NULL,NULL,'2020-08-12 21:09:07','2020-08-12 21:09:07'),(7251,7201,NULL,NULL,'2020-08-12 21:09:10','2020-08-12 21:09:10'),(7252,7202,NULL,NULL,'2020-08-12 21:09:13','2020-08-12 21:09:13'),(7253,7203,NULL,NULL,'2020-08-12 21:09:16','2020-08-12 21:09:16'),(7254,7204,NULL,NULL,'2020-08-12 21:09:19','2020-08-12 21:09:19'),(7255,7205,NULL,NULL,'2020-08-12 21:09:22','2020-08-12 21:09:22'),(7256,7206,NULL,NULL,'2020-08-12 21:09:25','2020-08-12 21:09:25'),(7257,7207,NULL,NULL,'2020-08-12 21:09:28','2020-08-12 21:09:28'),(7258,7208,NULL,NULL,'2020-08-12 21:09:31','2020-08-12 21:09:31'),(7259,7209,NULL,NULL,'2020-08-12 21:09:34','2020-08-12 21:09:34'),(7260,7210,NULL,NULL,'2020-08-12 21:09:37','2020-08-12 21:09:37'),(7261,7211,NULL,NULL,'2020-08-12 21:09:40','2020-08-12 21:09:40'),(7262,7212,NULL,NULL,'2020-08-12 21:09:43','2020-08-12 21:09:43'),(7263,7213,NULL,NULL,'2020-08-12 21:09:46','2020-08-12 21:09:46'),(7264,7214,NULL,NULL,'2020-08-12 21:09:49','2020-08-12 21:09:49'),(7265,7215,NULL,NULL,'2020-08-12 21:09:52','2020-08-12 21:09:52'),(7266,7216,NULL,NULL,'2020-08-12 21:09:55','2020-08-12 21:09:55'),(7267,7217,NULL,NULL,'2020-08-12 21:09:58','2020-08-12 21:09:58'),(7268,7218,NULL,NULL,'2020-08-12 21:10:02','2020-08-12 21:10:02'),(7269,7219,NULL,NULL,'2020-08-12 21:10:05','2020-08-12 21:10:05'),(7270,7220,NULL,NULL,'2020-08-12 21:10:09','2020-08-12 21:10:09'),(7271,7221,NULL,NULL,'2020-08-12 21:10:12','2020-08-12 21:10:12'),(7272,7222,NULL,NULL,'2020-08-12 21:10:15','2020-08-12 21:10:15'),(7273,7223,NULL,NULL,'2020-08-12 21:10:18','2020-08-12 21:10:18'),(7274,7224,NULL,NULL,'2020-08-12 21:10:21','2020-08-12 21:10:21'),(7275,7225,NULL,NULL,'2020-08-12 21:10:24','2020-08-12 21:10:24'),(7276,7226,NULL,NULL,'2020-08-12 21:10:27','2020-08-12 21:10:27'),(7277,7227,NULL,NULL,'2020-08-12 21:10:30','2020-08-12 21:10:30'),(7278,7228,NULL,NULL,'2020-08-12 21:10:33','2020-08-12 21:10:33'),(7279,7229,NULL,NULL,'2020-08-12 21:10:36','2020-08-12 21:10:36'),(7280,7230,NULL,NULL,'2020-08-12 21:10:40','2020-08-12 21:10:40'),(7281,7231,NULL,NULL,'2020-08-12 21:10:43','2020-08-12 21:10:43'),(7282,7232,NULL,NULL,'2020-08-12 21:10:46','2020-08-12 21:10:46'),(7283,7233,NULL,NULL,'2020-08-12 21:10:49','2020-08-12 21:10:49'),(7284,7234,NULL,NULL,'2020-08-12 21:10:53','2020-08-12 21:10:53'),(7285,7235,NULL,NULL,'2020-08-12 21:10:56','2020-08-12 21:10:56'),(7286,7236,NULL,NULL,'2020-08-12 21:10:59','2020-08-12 21:10:59'),(7287,7237,NULL,NULL,'2020-08-12 21:11:02','2020-08-12 21:11:02'),(7288,7238,NULL,NULL,'2020-08-12 21:11:05','2020-08-12 21:11:05'),(7289,7239,NULL,NULL,'2020-08-12 21:11:09','2020-08-12 21:11:09'),(7290,7240,NULL,NULL,'2020-08-12 21:11:12','2020-08-12 21:11:12'),(7291,7241,NULL,NULL,'2020-08-12 21:11:15','2020-08-12 21:11:15'),(7292,7242,NULL,NULL,'2020-08-12 21:11:18','2020-08-12 21:11:18'),(7293,7243,NULL,NULL,'2020-08-12 21:11:21','2020-08-12 21:11:21'),(7294,7244,NULL,NULL,'2020-08-12 21:11:24','2020-08-12 21:11:24'),(7295,7245,NULL,NULL,'2020-08-12 21:11:28','2020-08-12 21:11:28'),(7296,7246,NULL,NULL,'2020-08-12 21:11:31','2020-08-12 21:11:31'),(7297,7247,NULL,NULL,'2020-08-12 21:11:34','2020-08-12 21:11:34'),(7298,7248,NULL,NULL,'2020-08-12 21:11:37','2020-08-12 21:11:37'),(7299,7249,NULL,NULL,'2020-08-12 21:11:40','2020-08-12 21:11:40'),(7300,7250,NULL,NULL,'2020-08-12 21:11:43','2020-08-12 21:11:43'),(7301,7251,NULL,NULL,'2020-08-12 21:11:46','2020-08-12 21:11:46'),(7302,7252,NULL,NULL,'2020-08-12 21:11:49','2020-08-12 21:11:49'),(7303,7253,NULL,NULL,'2020-08-12 21:11:52','2020-08-12 21:11:52'),(7304,7254,NULL,NULL,'2020-08-12 21:11:55','2020-08-12 21:11:55'),(7305,7255,NULL,NULL,'2020-08-12 21:11:58','2020-08-12 21:11:58'),(7306,7256,NULL,NULL,'2020-08-12 21:12:01','2020-08-12 21:12:01'),(7307,7257,NULL,NULL,'2020-08-12 21:12:05','2020-08-12 21:12:05'),(7308,7258,NULL,NULL,'2020-08-12 21:12:08','2020-08-12 21:12:08'),(7309,7259,NULL,NULL,'2020-08-12 21:12:11','2020-08-12 21:12:11'),(7310,7260,NULL,NULL,'2020-08-12 21:12:14','2020-08-12 21:12:14'),(7311,7261,NULL,NULL,'2020-08-12 21:12:17','2020-08-12 21:12:17'),(7312,7262,NULL,NULL,'2020-08-12 21:12:21','2020-08-12 21:12:21'),(7313,7263,NULL,NULL,'2020-08-12 21:12:24','2020-08-12 21:12:24'),(7314,7264,NULL,NULL,'2020-08-12 21:12:27','2020-08-12 21:12:27'),(7315,7265,NULL,NULL,'2020-08-12 21:12:30','2020-08-12 21:12:30'),(7316,7266,NULL,NULL,'2020-08-12 21:12:33','2020-08-12 21:12:33'),(7317,7267,NULL,NULL,'2020-08-12 21:12:36','2020-08-12 21:12:36'),(7318,7268,NULL,NULL,'2020-08-12 21:12:39','2020-08-12 21:12:39'),(7319,7269,NULL,NULL,'2020-08-12 21:12:43','2020-08-12 21:12:43'),(7320,7270,NULL,NULL,'2020-08-12 21:12:46','2020-08-12 21:12:46'),(7321,7271,NULL,NULL,'2020-08-12 21:12:49','2020-08-12 21:12:49'),(7322,7272,NULL,NULL,'2020-08-12 21:12:52','2020-08-12 21:12:52'),(7323,7273,NULL,NULL,'2020-08-12 21:12:55','2020-08-12 21:12:55'),(7324,7274,NULL,NULL,'2020-08-12 21:12:58','2020-08-12 21:12:58'),(7325,7275,NULL,NULL,'2020-08-12 21:13:01','2020-08-12 21:13:01'),(7326,7276,NULL,NULL,'2020-08-12 21:13:05','2020-08-12 21:13:05'),(7327,7277,NULL,NULL,'2020-08-12 21:13:08','2020-08-12 21:13:08'),(7328,7278,NULL,NULL,'2020-08-12 21:13:11','2020-08-12 21:13:11'),(7329,7279,NULL,NULL,'2020-08-12 21:13:14','2020-08-12 21:13:14'),(7330,7280,NULL,NULL,'2020-08-12 21:13:17','2020-08-12 21:13:17'),(7331,7281,NULL,NULL,'2020-08-12 21:13:21','2020-08-12 21:13:21'),(7332,7282,NULL,NULL,'2020-08-12 21:13:24','2020-08-12 21:13:24'),(7333,7283,NULL,NULL,'2020-08-12 21:13:27','2020-08-12 21:13:27'),(7334,7284,NULL,NULL,'2020-08-12 21:13:30','2020-08-12 21:13:30'),(7335,7285,NULL,NULL,'2020-08-12 21:13:33','2020-08-12 21:13:33'),(7336,7286,NULL,NULL,'2020-08-12 21:13:37','2020-08-12 21:13:37'),(7337,7287,NULL,NULL,'2020-08-12 21:13:40','2020-08-12 21:13:40'),(7338,7288,NULL,NULL,'2020-08-12 21:13:43','2020-08-12 21:13:43'),(7339,7289,NULL,NULL,'2020-08-12 21:13:46','2020-08-12 21:13:46'),(7340,7290,NULL,NULL,'2020-08-12 21:13:49','2020-08-12 21:13:49'),(7341,7291,NULL,NULL,'2020-08-12 21:13:52','2020-08-12 21:13:52'),(7342,7292,NULL,NULL,'2020-08-12 21:13:55','2020-08-12 21:13:55'),(7343,7293,NULL,NULL,'2020-08-12 21:13:59','2020-08-12 21:13:59'),(7344,7294,NULL,NULL,'2020-08-12 21:14:02','2020-08-12 21:14:02'),(7345,7295,NULL,NULL,'2020-08-12 21:14:07','2020-08-12 21:14:07'),(7346,7296,NULL,NULL,'2020-08-12 21:14:10','2020-08-12 21:14:10'),(7347,7297,NULL,NULL,'2020-08-12 21:14:13','2020-08-12 21:14:13'),(7348,7298,NULL,NULL,'2020-08-12 21:14:16','2020-08-12 21:14:16'),(7349,7299,NULL,NULL,'2020-08-12 21:14:19','2020-08-12 21:14:19'),(7350,7300,NULL,NULL,'2020-08-12 21:14:22','2020-08-12 21:14:22'),(7351,7301,NULL,NULL,'2020-08-12 21:14:25','2020-08-12 21:14:25'),(7352,7302,NULL,NULL,'2020-08-12 21:14:29','2020-08-12 21:14:29'),(7353,7303,NULL,NULL,'2020-08-12 21:14:32','2020-08-12 21:14:32'),(7354,7304,NULL,NULL,'2020-08-12 21:14:35','2020-08-12 21:14:35'),(7355,7305,NULL,NULL,'2020-08-12 21:14:38','2020-08-12 21:14:38'),(7356,7306,NULL,NULL,'2020-08-12 21:14:41','2020-08-12 21:14:41'),(7357,7307,NULL,NULL,'2020-08-12 21:14:44','2020-08-12 21:14:44'),(7358,7308,NULL,NULL,'2020-08-12 21:14:48','2020-08-12 21:14:48'),(7359,7309,NULL,NULL,'2020-08-12 21:14:51','2020-08-12 21:14:51'),(7360,7310,NULL,NULL,'2020-08-12 21:14:54','2020-08-12 21:14:54'),(7361,7311,NULL,NULL,'2020-08-12 21:14:57','2020-08-12 21:14:57'),(7362,7312,NULL,NULL,'2020-08-12 21:15:00','2020-08-12 21:15:00'),(7363,7313,NULL,NULL,'2020-08-12 21:15:03','2020-08-12 21:15:03'),(7364,7314,NULL,NULL,'2020-08-12 21:15:07','2020-08-12 21:15:07'),(7365,7315,NULL,NULL,'2020-08-12 21:15:10','2020-08-12 21:15:10'),(7366,7316,NULL,NULL,'2020-08-12 21:15:13','2020-08-12 21:15:13'),(7367,7317,NULL,NULL,'2020-08-12 21:15:17','2020-08-12 21:15:17'),(7368,7318,NULL,NULL,'2020-08-12 21:15:20','2020-08-12 21:15:20'),(7369,7319,NULL,NULL,'2020-08-12 21:15:23','2020-08-12 21:15:23'),(7370,7320,NULL,NULL,'2020-08-12 21:15:26','2020-08-12 21:15:26'),(7371,7321,NULL,NULL,'2020-08-12 21:15:30','2020-08-12 21:15:30'),(7372,7322,NULL,NULL,'2020-08-12 21:15:33','2020-08-12 21:15:33'),(7373,7323,NULL,NULL,'2020-08-12 21:15:36','2020-08-12 21:15:36'),(7374,7324,NULL,NULL,'2020-08-12 21:15:39','2020-08-12 21:15:39'),(7375,7325,NULL,NULL,'2020-08-12 21:15:42','2020-08-12 21:15:42'),(7376,7326,NULL,NULL,'2020-08-12 21:15:45','2020-08-12 21:15:45'),(7377,7327,NULL,NULL,'2020-08-12 21:15:48','2020-08-12 21:15:48'),(7378,7328,NULL,NULL,'2020-08-12 21:15:52','2020-08-12 21:15:52'),(7379,7329,NULL,NULL,'2020-08-12 21:15:55','2020-08-12 21:15:55'),(7380,7330,NULL,NULL,'2020-08-12 21:15:58','2020-08-12 21:15:58'),(7381,7331,NULL,NULL,'2020-08-12 21:16:02','2020-08-12 21:16:02'),(7382,7332,NULL,NULL,'2020-08-12 21:16:05','2020-08-12 21:16:05'),(7383,7333,NULL,NULL,'2020-08-12 21:16:09','2020-08-12 21:16:09'),(7384,7334,NULL,NULL,'2020-08-12 21:16:12','2020-08-12 21:16:12'),(7385,7335,NULL,NULL,'2020-08-12 21:16:15','2020-08-12 21:16:15'),(7386,7336,NULL,NULL,'2020-08-12 21:16:18','2020-08-12 21:16:18'),(7387,7337,NULL,NULL,'2020-08-12 21:16:22','2020-08-12 21:16:22'),(7388,7338,NULL,NULL,'2020-08-12 21:16:25','2020-08-12 21:16:25'),(7389,7339,NULL,NULL,'2020-08-12 21:16:28','2020-08-12 21:16:28'),(7390,7340,NULL,NULL,'2020-08-12 21:16:31','2020-08-12 21:16:31'),(7391,7341,NULL,NULL,'2020-08-12 21:16:34','2020-08-12 21:16:34'),(7392,7342,NULL,NULL,'2020-08-12 21:16:37','2020-08-12 21:16:37'),(7393,7343,NULL,NULL,'2020-08-12 21:16:41','2020-08-12 21:16:41'),(7394,7344,NULL,NULL,'2020-08-12 21:16:44','2020-08-12 21:16:44'),(7395,7345,NULL,NULL,'2020-08-12 21:16:47','2020-08-12 21:16:47'),(7396,7346,NULL,NULL,'2020-08-12 21:16:50','2020-08-12 21:16:50'),(7397,7347,NULL,NULL,'2020-08-12 21:16:53','2020-08-12 21:16:53'),(7398,7348,NULL,NULL,'2020-08-12 21:16:57','2020-08-12 21:16:57'),(7399,7349,NULL,NULL,'2020-08-12 21:17:00','2020-08-12 21:17:00'),(7400,7350,NULL,NULL,'2020-08-12 21:17:03','2020-08-12 21:17:03'),(7401,7351,NULL,NULL,'2020-08-12 21:17:07','2020-08-12 21:17:07'),(7402,7352,NULL,NULL,'2020-08-12 21:17:11','2020-08-12 21:17:11'),(7403,7353,NULL,NULL,'2020-08-12 21:17:14','2020-08-12 21:17:14'),(7404,7354,NULL,NULL,'2020-08-12 21:17:17','2020-08-12 21:17:17'),(7405,7355,NULL,NULL,'2020-08-12 21:17:20','2020-08-12 21:17:20'),(7406,7356,NULL,NULL,'2020-08-12 21:17:23','2020-08-12 21:17:23'),(7407,7357,NULL,NULL,'2020-08-12 21:17:27','2020-08-12 21:17:27'),(7408,7358,NULL,NULL,'2020-08-12 21:17:30','2020-08-12 21:17:30'),(7409,7359,NULL,NULL,'2020-08-12 21:17:33','2020-08-12 21:17:33'),(7410,7360,NULL,NULL,'2020-08-12 21:17:36','2020-08-12 21:17:36'),(7411,7361,NULL,NULL,'2020-08-12 21:17:40','2020-08-12 21:17:40'),(7412,7362,NULL,NULL,'2020-08-12 21:17:43','2020-08-12 21:17:43'),(7413,7363,NULL,NULL,'2020-08-12 21:17:46','2020-08-12 21:17:46'),(7414,7364,NULL,NULL,'2020-08-12 21:17:49','2020-08-12 21:17:49'),(7415,7365,NULL,NULL,'2020-08-12 21:17:53','2020-08-12 21:17:53'),(7416,7366,NULL,NULL,'2020-08-12 21:17:56','2020-08-12 21:17:56'),(7417,7367,NULL,NULL,'2020-08-12 21:17:59','2020-08-12 21:17:59'),(7418,7368,NULL,NULL,'2020-08-12 21:18:02','2020-08-12 21:18:02'),(7419,7369,NULL,NULL,'2020-08-12 21:18:06','2020-08-12 21:18:06'),(7420,7370,NULL,NULL,'2020-08-12 21:18:09','2020-08-12 21:18:09'),(7421,7371,NULL,NULL,'2020-08-12 21:18:13','2020-08-12 21:18:13'),(7422,7372,NULL,NULL,'2020-08-12 21:18:16','2020-08-12 21:18:16'),(7423,7373,NULL,NULL,'2020-08-12 21:18:19','2020-08-12 21:18:19'),(7424,7374,NULL,NULL,'2020-08-12 21:18:22','2020-08-12 21:18:22'),(7425,7375,NULL,NULL,'2020-08-12 21:18:25','2020-08-12 21:18:25'),(7426,7376,NULL,NULL,'2020-08-12 21:18:28','2020-08-12 21:18:28'),(7427,7377,NULL,NULL,'2020-08-12 21:18:32','2020-08-12 21:18:32'),(7428,7378,NULL,NULL,'2020-08-12 21:18:35','2020-08-12 21:18:35'),(7429,7379,NULL,NULL,'2020-08-12 21:18:38','2020-08-12 21:18:38'),(7430,7380,NULL,NULL,'2020-08-12 21:18:41','2020-08-12 21:18:41'),(7431,7381,NULL,NULL,'2020-08-12 21:18:44','2020-08-12 21:18:44'),(7432,7382,NULL,NULL,'2020-08-12 21:18:48','2020-08-12 21:18:48'),(7433,7383,NULL,NULL,'2020-08-12 21:18:51','2020-08-12 21:18:51'),(7434,7384,NULL,NULL,'2020-08-12 21:18:54','2020-08-12 21:18:54'),(7435,7385,NULL,NULL,'2020-08-12 21:18:57','2020-08-12 21:18:57'),(7437,7387,NULL,NULL,'2020-08-13 11:59:17','2020-08-13 11:59:17'),(7438,7388,NULL,NULL,'2020-08-13 11:59:39','2020-08-13 11:59:39'),(7439,7389,NULL,NULL,'2020-08-13 11:59:59','2020-08-13 11:59:59'),(7440,7390,NULL,NULL,'2020-08-13 12:00:21','2020-08-13 12:00:21'),(7441,7391,NULL,NULL,'2020-08-13 12:00:41','2020-08-13 12:00:41'),(7442,7392,NULL,NULL,'2020-08-13 12:01:03','2020-08-13 12:01:03'),(7443,7393,NULL,NULL,'2020-08-13 12:01:21','2020-08-13 12:01:21'),(7444,7394,NULL,NULL,'2020-08-13 12:01:40','2020-08-13 12:01:40'),(7445,7395,NULL,NULL,'2020-08-13 12:01:59','2020-08-13 12:01:59'),(7446,7396,NULL,NULL,'2020-08-13 12:02:20','2020-08-13 12:02:20'),(7447,7397,NULL,NULL,'2020-08-13 12:02:40','2020-08-13 12:02:40'),(7448,7398,NULL,NULL,'2020-08-13 12:02:59','2020-08-13 12:02:59'),(7449,7399,NULL,NULL,'2020-08-13 12:03:21','2020-08-13 12:03:21'),(7450,7400,NULL,NULL,'2020-08-13 12:03:41','2020-08-13 12:03:41'),(7451,7401,NULL,NULL,'2020-08-13 12:04:00','2020-08-13 12:04:00'),(7452,7402,NULL,NULL,'2020-08-13 12:04:22','2020-08-13 12:04:22'),(7453,7403,NULL,NULL,'2020-08-13 12:04:41','2020-08-13 12:04:41'),(7454,7404,NULL,NULL,'2020-08-13 12:05:01','2020-08-13 12:05:01'),(7455,7405,NULL,NULL,'2020-08-13 12:05:23','2020-08-13 12:05:23'),(7456,7406,NULL,NULL,'2020-08-13 12:05:43','2020-08-13 12:05:43'),(7457,7407,NULL,NULL,'2020-08-13 12:06:03','2020-08-13 12:06:03'),(7458,7408,NULL,NULL,'2020-08-13 12:06:03','2020-08-13 12:06:03'),(7459,7409,NULL,NULL,'2020-08-13 12:06:03','2020-08-13 12:06:03'),(7460,7410,NULL,NULL,'2020-08-13 12:06:04','2020-08-13 12:06:04'),(7461,7411,NULL,NULL,'2020-08-13 12:06:04','2020-08-13 12:06:04'),(7462,7412,NULL,NULL,'2020-08-13 12:06:04','2020-08-13 12:06:04'),(7463,7413,NULL,NULL,'2020-08-13 12:06:05','2020-08-13 12:06:05'),(7464,7414,NULL,NULL,'2020-08-13 12:06:05','2020-08-13 12:06:05'),(7465,7415,NULL,NULL,'2020-08-13 12:06:05','2020-08-13 12:06:05'),(7466,7416,NULL,NULL,'2020-08-13 12:06:06','2020-08-13 12:06:06'),(7467,7417,NULL,NULL,'2020-08-13 12:06:07','2020-08-13 12:06:07'),(7468,7418,NULL,NULL,'2020-08-13 13:46:23','2020-08-13 13:46:23'),(7469,7419,NULL,NULL,'2020-08-13 13:46:43','2020-08-13 13:46:43'),(7470,7420,NULL,NULL,'2020-08-13 13:46:43','2020-08-13 13:46:43'),(7471,7421,NULL,NULL,'2020-08-13 13:47:03','2020-08-13 13:47:03'),(7472,7422,NULL,NULL,'2020-08-13 13:47:23','2020-08-13 13:47:23'),(7473,7423,NULL,NULL,'2020-08-13 13:47:43','2020-08-13 13:47:43'),(7474,7424,NULL,NULL,'2020-08-13 15:15:13','2020-08-13 15:15:13'),(7475,7425,NULL,NULL,'2020-08-13 15:15:34','2020-08-13 15:15:34'),(7476,7426,NULL,NULL,'2020-08-13 15:15:54','2020-08-13 15:15:54'),(7477,7427,NULL,NULL,'2020-08-13 15:16:15','2020-08-13 15:16:15'),(7478,7428,NULL,NULL,'2020-08-13 15:16:35','2020-08-13 15:16:35'),(7479,7429,NULL,NULL,'2020-08-13 15:16:56','2020-08-13 15:16:56'),(7480,7430,NULL,NULL,'2020-08-13 15:17:16','2020-08-13 15:17:16'),(7481,7431,NULL,NULL,'2020-08-13 15:17:36','2020-08-13 15:17:36'),(7482,7432,NULL,NULL,'2020-08-13 15:17:57','2020-08-13 15:17:57'),(7483,7433,NULL,NULL,'2020-08-13 15:18:18','2020-08-13 15:18:18'),(7484,7434,NULL,NULL,'2020-08-13 15:18:38','2020-08-13 15:18:38'),(7485,7435,NULL,NULL,'2020-08-13 15:18:58','2020-08-13 15:18:58'),(7486,7436,NULL,NULL,'2020-08-13 15:19:19','2020-08-13 15:19:19'),(7487,7437,NULL,NULL,'2020-08-13 15:19:39','2020-08-13 15:19:39'),(7488,7438,NULL,NULL,'2020-08-13 15:20:00','2020-08-13 15:20:00'),(7489,7439,NULL,NULL,'2020-08-13 15:20:21','2020-08-13 15:20:21'),(7490,7440,NULL,NULL,'2020-08-13 15:20:42','2020-08-13 15:20:42'),(7491,7441,NULL,NULL,'2020-08-13 15:21:02','2020-08-13 15:21:02'),(7492,7442,NULL,NULL,'2020-08-13 15:21:23','2020-08-13 15:21:23'),(7493,7443,NULL,NULL,'2020-08-13 15:56:11','2020-08-13 15:56:11'),(7494,7444,NULL,NULL,'2020-08-13 15:56:32','2020-08-13 15:56:32'),(7495,7445,NULL,NULL,'2020-08-13 15:56:52','2020-08-13 15:56:52'),(7496,7446,NULL,NULL,'2020-08-13 15:57:13','2020-08-13 15:57:13'),(7497,7447,NULL,NULL,'2020-08-13 15:57:33','2020-08-13 15:57:33'),(7498,7448,NULL,NULL,'2020-08-13 15:57:54','2020-08-13 15:57:54'),(7499,7449,NULL,NULL,'2020-08-13 15:58:15','2020-08-13 15:58:15'),(7500,7450,NULL,NULL,'2020-08-13 17:18:41','2020-08-13 17:18:41'),(7501,7451,NULL,NULL,'2020-08-13 17:19:01','2020-08-13 17:19:01'),(7502,7452,NULL,NULL,'2020-08-13 17:19:22','2020-08-13 17:19:22'),(7503,7453,NULL,NULL,'2020-08-13 17:19:41','2020-08-13 17:19:41'),(7504,7454,NULL,NULL,'2020-08-13 17:20:01','2020-08-13 17:20:01'),(7505,7455,NULL,NULL,'2020-08-13 17:20:21','2020-08-13 17:20:21'),(7506,7456,NULL,NULL,'2020-08-13 17:20:40','2020-08-13 17:20:40'),(7507,7457,NULL,NULL,'2020-08-15 11:59:12','2020-08-15 11:59:12'),(7508,7458,NULL,NULL,'2020-08-15 11:59:33','2020-08-15 11:59:33'),(7509,7459,NULL,NULL,'2020-08-15 11:59:52','2020-08-15 11:59:52'),(7510,7460,NULL,NULL,'2020-08-15 12:00:13','2020-08-15 12:00:13'),(7511,7461,NULL,NULL,'2020-08-15 12:00:33','2020-08-15 12:00:33'),(7512,7462,NULL,NULL,'2020-08-15 12:00:52','2020-08-15 12:00:52'),(7513,7463,NULL,NULL,'2020-08-15 12:01:14','2020-08-15 12:01:14'),(7514,7464,NULL,NULL,'2020-08-15 13:02:40','2020-08-15 13:02:40'),(7515,7465,NULL,NULL,'2020-08-15 13:03:00','2020-08-15 13:03:00'),(7516,7466,NULL,NULL,'2020-08-15 13:03:20','2020-08-15 13:03:20'),(7517,7467,NULL,NULL,'2020-08-15 13:03:39','2020-08-15 13:03:39'),(7518,7468,NULL,NULL,'2020-08-15 13:03:59','2020-08-15 13:03:59'),(7519,7469,NULL,NULL,'2020-08-15 13:04:19','2020-08-15 13:04:19'),(7520,7470,NULL,NULL,'2020-08-15 13:04:39','2020-08-15 13:04:39'),(7521,7471,NULL,NULL,'2020-08-15 13:40:16','2020-08-15 13:40:16'),(7522,7472,NULL,NULL,'2020-08-15 13:40:17','2020-08-15 13:40:17'),(7523,7473,NULL,NULL,'2020-08-15 13:40:33','2020-08-15 13:40:33'),(7524,7474,NULL,NULL,'2020-08-15 13:40:50','2020-08-15 13:40:50'),(7525,7475,NULL,NULL,'2020-08-15 13:41:08','2020-08-15 13:41:08'),(7526,7476,NULL,NULL,'2020-08-15 13:41:24','2020-08-15 13:41:24'),(7527,7477,NULL,NULL,'2020-08-15 13:41:41','2020-08-15 13:41:41'),(7528,7478,NULL,NULL,'2020-08-15 14:08:15','2020-08-15 14:08:15'),(7529,7479,NULL,NULL,'2020-08-15 14:08:36','2020-08-15 14:08:36'),(7530,7480,NULL,NULL,'2020-08-15 14:08:55','2020-08-15 14:08:55'),(7531,7481,NULL,NULL,'2020-08-15 14:09:16','2020-08-15 14:09:16'),(7532,7482,NULL,NULL,'2020-08-15 14:09:36','2020-08-15 14:09:36'),(7533,7483,NULL,NULL,'2020-08-15 14:09:55','2020-08-15 14:09:55'),(7534,7484,NULL,NULL,'2020-08-15 14:10:16','2020-08-15 14:10:16'),(7535,7485,NULL,NULL,'2020-08-15 15:07:33','2020-08-15 15:07:33'),(7536,7486,NULL,NULL,'2020-08-15 15:07:54','2020-08-15 15:07:54'),(7537,7487,NULL,NULL,'2020-08-15 15:08:15','2020-08-15 15:08:15'),(7538,7488,NULL,NULL,'2020-08-15 15:08:35','2020-08-15 15:08:35'),(7539,7489,NULL,NULL,'2020-08-15 15:08:55','2020-08-15 15:08:55'),(7540,7490,NULL,NULL,'2020-08-15 15:09:17','2020-08-15 15:09:17'),(7541,7491,NULL,NULL,'2020-08-15 15:09:37','2020-08-15 15:09:37'),(7542,7492,NULL,NULL,'2020-08-15 15:09:57','2020-08-15 15:09:57'),(7543,7493,NULL,NULL,'2020-08-15 15:10:18','2020-08-15 15:10:18'),(7544,7494,NULL,NULL,'2020-08-15 15:10:38','2020-08-15 15:10:38'),(7545,7495,NULL,NULL,'2020-08-15 15:10:58','2020-08-15 15:10:58'),(7546,7496,NULL,NULL,'2020-08-15 15:11:19','2020-08-15 15:11:19'),(7547,7497,NULL,NULL,'2020-08-15 15:11:40','2020-08-15 15:11:40'),(7548,7498,NULL,NULL,'2020-08-15 16:04:31','2020-08-15 16:04:31'),(7549,7499,NULL,NULL,'2020-08-15 16:04:52','2020-08-15 16:04:52'),(7550,7500,NULL,NULL,'2020-08-15 16:05:12','2020-08-15 16:05:12'),(7551,7501,NULL,NULL,'2020-08-15 16:05:31','2020-08-15 16:05:31'),(7552,7502,NULL,NULL,'2020-08-15 16:05:51','2020-08-15 16:05:51'),(7553,7503,NULL,NULL,'2020-08-15 16:06:11','2020-08-15 16:06:11'),(7554,7504,NULL,NULL,'2020-08-15 16:06:30','2020-08-15 16:06:30'),(7555,7505,NULL,NULL,'2020-08-27 14:45:08','2020-08-27 14:45:08'),(7556,7506,NULL,NULL,'2020-08-27 14:45:09','2020-08-27 14:45:09'),(7557,7507,NULL,NULL,'2020-08-27 14:45:09','2020-08-27 14:45:09'),(7558,7508,NULL,NULL,'2020-08-27 14:45:09','2020-08-27 14:45:09'),(7559,7509,NULL,NULL,'2020-08-27 14:45:09','2020-08-27 14:45:09'),(7560,7510,NULL,NULL,'2020-08-27 14:45:10','2020-08-27 14:45:10'),(7561,7511,NULL,NULL,'2020-08-27 14:45:10','2020-08-27 14:45:10'),(7562,7512,NULL,NULL,'2020-08-27 14:45:10','2020-08-27 14:45:10'),(7563,7513,NULL,NULL,'2020-08-27 14:45:10','2020-08-27 14:45:10'),(7564,7514,NULL,NULL,'2020-08-27 14:45:11','2020-08-27 14:45:11'),(7565,7515,NULL,NULL,'2020-08-27 14:45:11','2020-08-27 14:45:11'),(7566,7516,NULL,NULL,'2020-08-27 14:45:11','2020-08-27 14:45:11'),(7567,7517,NULL,NULL,'2020-08-27 14:45:11','2020-08-27 14:45:11'),(7568,7518,NULL,NULL,'2020-08-27 14:45:12','2020-08-27 14:45:12'),(7569,7519,NULL,NULL,'2020-08-27 14:45:12','2020-08-27 14:45:12'),(7570,7520,NULL,NULL,'2020-08-27 14:45:12','2020-08-27 14:45:12'),(7571,7521,NULL,NULL,'2020-08-27 14:45:12','2020-08-27 14:45:12'),(7572,7522,NULL,NULL,'2020-08-27 14:45:13','2020-08-27 14:45:13'),(7573,7523,NULL,NULL,'2020-08-27 14:45:13','2020-08-27 14:45:13'),(7574,7524,NULL,NULL,'2020-08-27 14:45:13','2020-08-27 14:45:13'),(7575,7525,NULL,NULL,'2020-08-27 14:45:13','2020-08-27 14:45:13'),(7576,7526,NULL,NULL,'2020-08-27 14:45:14','2020-08-27 14:45:14'),(7577,7527,NULL,NULL,'2020-08-27 14:45:15','2020-08-27 14:45:15'),(7578,7528,NULL,NULL,'2020-08-27 14:45:15','2020-08-27 14:45:15'),(7579,7529,NULL,NULL,'2020-08-27 14:45:15','2020-08-27 14:45:15'),(7580,7530,NULL,NULL,'2020-08-27 14:45:16','2020-08-27 14:45:16'),(7581,7531,NULL,NULL,'2020-08-27 14:45:16','2020-08-27 14:45:16'),(7582,7532,NULL,NULL,'2020-08-27 14:45:16','2020-08-27 14:45:16'),(7583,7533,NULL,NULL,'2020-08-27 14:45:17','2020-08-27 14:45:17'),(7584,7534,NULL,NULL,'2020-08-27 14:45:17','2020-08-27 14:45:17'),(7585,7535,NULL,NULL,'2020-08-27 14:45:17','2020-08-27 14:45:17'),(7586,7536,NULL,NULL,'2020-08-27 14:45:18','2020-08-27 14:45:18'),(7587,7537,NULL,NULL,'2020-08-27 14:45:18','2020-08-27 14:45:18'),(7588,7538,NULL,NULL,'2020-08-27 14:45:18','2020-08-27 14:45:18'),(7589,7539,NULL,NULL,'2020-08-27 14:45:19','2020-08-27 14:45:19'),(7590,7540,NULL,NULL,'2020-08-27 14:45:19','2020-08-27 14:45:19'),(7591,7541,NULL,NULL,'2020-08-27 14:45:20','2020-08-27 14:45:20'),(7592,7542,NULL,NULL,'2020-08-27 14:45:20','2020-08-27 14:45:20'),(7593,7543,NULL,NULL,'2020-08-27 14:45:20','2020-08-27 14:45:20'),(7594,7544,NULL,NULL,'2020-08-27 14:45:21','2020-08-27 14:45:21'),(7595,7545,NULL,NULL,'2020-08-27 14:45:21','2020-08-27 14:45:21'),(7596,7546,NULL,NULL,'2020-08-27 14:45:21','2020-08-27 14:45:21'),(7597,7547,NULL,NULL,'2020-08-27 14:45:22','2020-08-27 14:45:22'),(7598,7548,NULL,NULL,'2020-08-27 14:45:22','2020-08-27 14:45:22'),(7599,7549,NULL,NULL,'2020-08-27 14:45:22','2020-08-27 14:45:22'),(7600,7550,NULL,NULL,'2020-08-27 14:45:22','2020-08-27 14:45:22'),(7601,7551,NULL,NULL,'2020-08-27 14:45:23','2020-08-27 14:45:23'),(7602,7552,NULL,NULL,'2020-08-27 14:45:23','2020-08-27 14:45:23'),(7603,7553,NULL,NULL,'2020-08-27 14:45:23','2020-08-27 14:45:23'),(7604,7554,NULL,NULL,'2020-08-27 14:45:24','2020-08-27 14:45:24'),(7605,7555,NULL,NULL,'2020-08-27 14:45:24','2020-08-27 14:45:24'),(7606,7556,NULL,NULL,'2020-08-27 14:45:24','2020-08-27 14:45:24'),(7607,7557,NULL,NULL,'2020-08-27 14:45:24','2020-08-27 14:45:24'),(7608,7558,NULL,NULL,'2020-08-27 14:45:25','2020-08-27 14:45:25'),(7609,7559,NULL,NULL,'2020-08-27 14:45:25','2020-08-27 14:45:25'),(7610,7560,NULL,NULL,'2020-08-27 14:45:25','2020-08-27 14:45:25'),(7611,7561,NULL,NULL,'2020-08-27 14:45:26','2020-08-27 14:45:26'),(7612,7562,NULL,NULL,'2020-08-27 14:45:26','2020-08-27 14:45:26'),(7613,7563,NULL,NULL,'2020-08-27 14:45:26','2020-08-27 14:45:26'),(7614,7564,NULL,NULL,'2020-08-27 14:45:26','2020-08-27 14:45:26'),(7615,7565,NULL,NULL,'2020-08-27 14:45:27','2020-08-27 14:45:27'),(7616,7566,NULL,NULL,'2020-08-27 14:45:27','2020-08-27 14:45:27'),(7617,7567,NULL,NULL,'2020-08-27 14:45:27','2020-08-27 14:45:27'),(7618,7568,NULL,NULL,'2020-08-27 14:45:28','2020-08-27 14:45:28'),(7619,7569,NULL,NULL,'2020-08-27 14:45:28','2020-08-27 14:45:28'),(7620,7570,NULL,NULL,'2020-08-27 14:45:28','2020-08-27 14:45:28'),(7621,7571,NULL,NULL,'2020-08-27 14:45:29','2020-08-27 14:45:29'),(7622,7572,NULL,NULL,'2020-08-27 14:45:29','2020-08-27 14:45:29'),(7623,7573,NULL,NULL,'2020-08-27 14:45:29','2020-08-27 14:45:29'),(7624,7574,NULL,NULL,'2020-08-27 14:45:29','2020-08-27 14:45:29'),(7625,7575,NULL,NULL,'2020-08-27 14:45:30','2020-08-27 14:45:30'),(7626,7576,NULL,NULL,'2020-08-27 14:45:30','2020-08-27 14:45:30'),(7627,7577,NULL,NULL,'2020-08-27 14:45:30','2020-08-27 14:45:30'),(7628,7578,NULL,NULL,'2020-08-27 14:45:31','2020-08-27 14:45:31'),(7629,7579,NULL,NULL,'2020-08-27 14:45:31','2020-08-27 14:45:31'),(7630,7580,NULL,NULL,'2020-08-27 14:45:31','2020-08-27 14:45:31'),(7631,7581,NULL,NULL,'2020-08-27 14:45:31','2020-08-27 14:45:31'),(7632,7582,NULL,NULL,'2020-08-27 14:45:32','2020-08-27 14:45:32'),(7633,7583,NULL,NULL,'2020-08-27 14:45:32','2020-08-27 14:45:32'),(7634,7584,NULL,NULL,'2020-08-27 14:45:32','2020-08-27 14:45:32'),(7635,7585,NULL,NULL,'2020-08-27 14:45:33','2020-08-27 14:45:33'),(7636,7586,NULL,NULL,'2020-08-27 14:45:33','2020-08-27 14:45:33'),(7637,7587,NULL,NULL,'2020-08-27 14:45:33','2020-08-27 14:45:33'),(7638,7588,NULL,NULL,'2020-08-27 14:45:34','2020-08-27 14:45:34'),(7639,7589,NULL,NULL,'2020-08-27 14:45:34','2020-08-27 14:45:34'),(7640,7590,NULL,NULL,'2020-08-27 14:45:34','2020-08-27 14:45:34'),(7641,7591,NULL,NULL,'2020-08-27 14:45:35','2020-08-27 14:45:35'),(7642,7592,NULL,NULL,'2020-08-27 14:45:35','2020-08-27 14:45:35'),(7643,7593,NULL,NULL,'2020-08-27 14:45:35','2020-08-27 14:45:35'),(7644,7594,NULL,NULL,'2020-08-27 14:45:36','2020-08-27 14:45:36'),(7645,7595,NULL,NULL,'2020-08-27 14:45:36','2020-08-27 14:45:36'),(7646,7596,NULL,NULL,'2020-08-27 14:45:36','2020-08-27 14:45:36'),(7647,7597,NULL,NULL,'2020-08-27 14:45:37','2020-08-27 14:45:37'),(7648,7598,NULL,NULL,'2020-08-27 14:45:37','2020-08-27 14:45:37'),(7649,7599,NULL,NULL,'2020-08-27 14:45:37','2020-08-27 14:45:37'),(7650,7600,NULL,NULL,'2020-08-27 14:45:37','2020-08-27 14:45:37'),(7651,7601,NULL,NULL,'2020-08-27 14:45:38','2020-08-27 14:45:38'),(7652,7602,NULL,NULL,'2020-08-27 14:45:38','2020-08-27 14:45:38'),(7653,7603,NULL,NULL,'2020-08-27 14:45:38','2020-08-27 14:45:38'),(7654,7604,NULL,NULL,'2020-08-27 14:45:39','2020-08-27 14:45:39'),(7655,7605,NULL,NULL,'2020-08-27 14:45:39','2020-08-27 14:45:39'),(7656,7606,NULL,NULL,'2020-08-27 14:45:39','2020-08-27 14:45:39'),(7657,7607,NULL,NULL,'2020-08-27 14:45:40','2020-08-27 14:45:40'),(7658,7608,NULL,NULL,'2020-08-27 14:45:40','2020-08-27 14:45:40'),(7659,7609,NULL,NULL,'2020-08-27 14:45:40','2020-08-27 14:45:40'),(7660,7610,NULL,NULL,'2020-08-27 14:45:41','2020-08-27 14:45:41'),(7661,7611,NULL,NULL,'2020-08-27 14:45:41','2020-08-27 14:45:41'),(7662,7612,NULL,NULL,'2020-08-27 14:45:41','2020-08-27 14:45:41'),(7663,7613,NULL,NULL,'2020-08-27 14:45:42','2020-08-27 14:45:42'),(7664,7614,NULL,NULL,'2020-08-27 14:45:42','2020-08-27 14:45:42'),(7665,7615,NULL,NULL,'2020-08-27 14:45:42','2020-08-27 14:45:42'),(7666,7616,NULL,NULL,'2020-08-27 14:45:43','2020-08-27 14:45:43'),(7667,7617,NULL,NULL,'2020-08-27 14:45:43','2020-08-27 14:45:43'),(7668,7618,NULL,NULL,'2020-08-27 14:45:43','2020-08-27 14:45:43'),(7669,7619,NULL,NULL,'2020-08-27 14:45:44','2020-08-27 14:45:44'),(7670,7620,NULL,NULL,'2020-08-27 14:45:44','2020-08-27 14:45:44'),(7671,7621,NULL,NULL,'2020-08-27 14:45:44','2020-08-27 14:45:44'),(7672,7622,NULL,NULL,'2020-08-27 14:45:45','2020-08-27 14:45:45'),(7673,7623,NULL,NULL,'2020-08-27 14:45:45','2020-08-27 14:45:45'),(7674,7624,NULL,NULL,'2020-08-27 14:45:45','2020-08-27 14:45:45'),(7675,7625,NULL,NULL,'2020-08-27 14:45:46','2020-08-27 14:45:46'),(7676,7626,NULL,NULL,'2020-08-27 14:45:46','2020-08-27 14:45:46'),(7677,7627,NULL,NULL,'2020-08-27 14:45:46','2020-08-27 14:45:46'),(7678,7628,NULL,NULL,'2020-08-27 14:45:47','2020-08-27 14:45:47'),(7679,7629,NULL,NULL,'2020-08-27 14:45:47','2020-08-27 14:45:47'),(7680,7630,NULL,NULL,'2020-08-27 14:45:47','2020-08-27 14:45:47'),(7681,7631,NULL,NULL,'2020-08-27 14:45:48','2020-08-27 14:45:48'),(7682,7632,NULL,NULL,'2020-08-27 14:45:48','2020-08-27 14:45:48'),(7683,7633,NULL,NULL,'2020-08-27 14:45:48','2020-08-27 14:45:48'),(7684,7634,NULL,NULL,'2020-08-27 14:45:49','2020-08-27 14:45:49'),(7685,7635,NULL,NULL,'2020-08-27 14:45:49','2020-08-27 14:45:49'),(7686,7636,NULL,NULL,'2020-08-27 14:45:49','2020-08-27 14:45:49'),(7687,7637,NULL,NULL,'2020-08-27 14:45:50','2020-08-27 14:45:50'),(7688,7638,NULL,NULL,'2020-08-27 14:45:50','2020-08-27 14:45:50'),(7689,7639,NULL,NULL,'2020-08-27 14:45:50','2020-08-27 14:45:50'),(7690,7640,NULL,NULL,'2020-08-27 14:45:51','2020-08-27 14:45:51'),(7691,7641,NULL,NULL,'2020-08-27 14:45:51','2020-08-27 14:45:51'),(7692,7642,NULL,NULL,'2020-08-27 14:45:52','2020-08-27 14:45:52'),(7693,7643,NULL,NULL,'2020-08-27 14:45:52','2020-08-27 14:45:52'),(7694,7644,NULL,NULL,'2020-08-27 14:45:52','2020-08-27 14:45:52'),(7695,7645,NULL,NULL,'2020-08-27 14:45:53','2020-08-27 14:45:53'),(7696,7646,NULL,NULL,'2020-08-27 14:45:53','2020-08-27 14:45:53'),(7697,7647,NULL,NULL,'2020-08-27 14:45:53','2020-08-27 14:45:53'),(7698,7648,NULL,NULL,'2020-08-27 14:45:54','2020-08-27 14:45:54'),