-- Table structure for table `mag2_sales_order_payment`
--

CREATE TABLE `mag2_sales_order_payment` (
  `entity_id` int(10) unsigned NOT NULL AUTO_INCREMENT COMMENT 'Entity Id',
  `parent_id` int(10) unsigned NOT NULL COMMENT 'Parent Id',
  `base_shipping_captured` decimal(12,4) DEFAULT NULL COMMENT 'Base Shipping Captured',
  `shipping_captured` decimal(12,4) DEFAULT NULL COMMENT 'Shipping Captured',
  `amount_refunded` decimal(12,4) DEFAULT NULL COMMENT 'Amount Refunded',
  `base_amount_paid` decimal(12,4) DEFAULT NULL COMMENT 'Base Amount Paid',
  `amount_canceled` decimal(12,4) DEFAULT NULL COMMENT 'Amount Canceled',
  `base_amount_authorized` decimal(12,4) DEFAULT NULL COMMENT 'Base Amount Authorized',
  `base_amount_paid_online` decimal(12,4) DEFAULT NULL COMMENT 'Base Amount Paid Online',
  `base_amount_refunded_online` decimal(12,4) DEFAULT NULL COMMENT 'Base Amount Refunded Online',
  `base_shipping_amount` decimal(12,4) DEFAULT NULL COMMENT 'Base Shipping Amount',
  `shipping_amount` decimal(12,4) DEFAULT NULL COMMENT 'Shipping Amount',
  `amount_paid` decimal(12,4) DEFAULT NULL COMMENT 'Amount Paid',
  `amount_authorized` decimal(12,4) DEFAULT NULL COMMENT 'Amount Authorized',
  `base_amount_ordered` decimal(12,4) DEFAULT NULL COMMENT 'Base Amount Ordered',
  `base_shipping_refunded` decimal(12,4) DEFAULT NULL COMMENT 'Base Shipping Refunded',
  `shipping_refunded` decimal(12,4) DEFAULT NULL COMMENT 'Shipping Refunded',
  `base_amount_refunded` decimal(12,4) DEFAULT NULL COMMENT 'Base Amount Refunded',
  `amount_ordered` decimal(12,4) DEFAULT NULL COMMENT 'Amount Ordered',
  `base_amount_canceled` decimal(12,4) DEFAULT NULL COMMENT 'Base Amount Canceled',
  `quote_payment_id` int(11) DEFAULT NULL COMMENT 'Quote Payment Id',
  `additional_data` text COMMENT 'Additional Data',
  `cc_exp_month` varchar(12) DEFAULT NULL COMMENT 'Cc Exp Month',
  `cc_ss_start_year` varchar(12) DEFAULT NULL COMMENT 'Cc Ss Start Year',
  `echeck_bank_name` varchar(128) DEFAULT NULL COMMENT 'Echeck Bank Name',
  `method` varchar(128) DEFAULT NULL COMMENT 'Method',
  `cc_debug_request_body` varchar(32) DEFAULT NULL COMMENT 'Cc Debug Request Body',
  `cc_secure_verify` varchar(32) DEFAULT NULL COMMENT 'Cc Secure Verify',
  `protection_eligibility` varchar(32) DEFAULT NULL COMMENT 'Protection Eligibility',
  `cc_approval` varchar(32) DEFAULT NULL COMMENT 'Cc Approval',
  `cc_last_4` varchar(100) DEFAULT NULL COMMENT 'Cc Last 4',
  `cc_status_description` varchar(32) DEFAULT NULL COMMENT 'Cc Status Description',
  `echeck_type` varchar(32) DEFAULT NULL COMMENT 'Echeck Type',
  `cc_debug_response_serialized` varchar(32) DEFAULT NULL COMMENT 'Cc Debug Response Serialized',
  `cc_ss_start_month` varchar(128) DEFAULT NULL COMMENT 'Cc Ss Start Month',
  `echeck_account_type` varchar(255) DEFAULT NULL COMMENT 'Echeck Account Type',
  `last_trans_id` varchar(32) DEFAULT NULL COMMENT 'Last Trans Id',
  `cc_cid_status` varchar(32) DEFAULT NULL COMMENT 'Cc Cid Status',
  `cc_owner` varchar(128) DEFAULT NULL COMMENT 'Cc Owner',
  `cc_type` varchar(32) DEFAULT NULL COMMENT 'Cc Type',
  `po_number` varchar(32) DEFAULT NULL COMMENT 'Po Number',
  `cc_exp_year` varchar(4) DEFAULT NULL COMMENT 'Cc Exp Year',
  `cc_status` varchar(4) DEFAULT NULL COMMENT 'Cc Status',
  `echeck_routing_number` varchar(32) DEFAULT NULL COMMENT 'Echeck Routing Number',
  `account_status` varchar(32) DEFAULT NULL COMMENT 'Account Status',
  `anet_trans_method` varchar(32) DEFAULT NULL COMMENT 'Anet Trans Method',
  `cc_debug_response_body` varchar(32) DEFAULT NULL COMMENT 'Cc Debug Response Body',
  `cc_ss_issue` varchar(32) DEFAULT NULL COMMENT 'Cc Ss Issue',
  `echeck_account_name` varchar(32) DEFAULT NULL COMMENT 'Echeck Account Name',
  `cc_avs_status` varchar(32) DEFAULT NULL COMMENT 'Cc Avs Status',
  `cc_number_enc` varchar(128) DEFAULT NULL,
  `cc_trans_id` varchar(32) DEFAULT NULL COMMENT 'Cc Trans Id',
  `address_status` varchar(32) DEFAULT NULL COMMENT 'Address Status',
  `additional_information` text COMMENT 'Additional Information',
  PRIMARY KEY (`entity_id`),
  KEY `MAG2_SALES_ORDER_PAYMENT_PARENT_ID` (`parent_id`)
) ENGINE=InnoDB AUTO_INCREMENT=182 DEFAULT CHARSET=utf8 COMMENT='Sales Flat Order Payment';

--
-- Dumping data for table `mag2_sales_order_payment`
--

INSERT INTO `mag2_sales_order_payment` VALUES (1,1,NULL,NULL,NULL,NULL,NULL,NULL,NULL,NULL,3.0000,3.0000,NULL,NULL,64.5000,NULL,NULL,NULL,64.5000,NULL,NULL,NULL,NULL,NULL,NULL,'tap',NULL,NULL,NULL,NULL,NULL,NULL,NULL,NULL,NULL,NULL,NULL,NULL,NULL,NULL,NULL,NULL,NULL,NULL,NULL,NULL,NULL,NULL,NULL,NULL,NULL,NULL,NULL,'{\"method_title\":\"Tap\"}'),(2,2,0.0000,0.0000,NULL,0.1000,NULL,NULL,0.1000,NULL,0.0000,0.0000,0.1000,NULL,0.1000,NULL,NULL,NULL,0.1000,NULL,NULL,NULL,NULL,'0',NULL,'tap',NULL,NULL,NULL,NULL,NULL,NULL,NULL,NULL,'0',NULL,'chg_LV030920211418w2HX2102011',NULL,NULL,NULL,NULL,'0',NULL,NULL,NULL,NULL,NULL,NULL,NULL,NULL,NULL,NULL,NULL,'{\"method_title\":\"Tap\"}'),(3,3,NULL,NULL,NULL,NULL,NULL,NULL,NULL,NULL,3.0000,3.0000,NULL,NULL,26.7500,NULL,NULL,NULL,26.7500,NULL,NULL,NULL,NULL,NULL,NULL,'tap',NULL,NULL,NULL,NULL,NULL,NULL,NULL,NULL,NULL,NULL,NULL,NULL,NULL,NULL,NULL,NULL,NULL,NULL,NULL,NULL,NULL,NULL,NULL,NULL,NULL,NULL,NULL,'{\"method_title\":\"Tap\"}'),(4,4,3.0000,3.0000,NULL,26.7500,NULL,NULL,NULL,NULL,3.0000,3.0000,26.7500,NULL,26.7500,NULL,NULL,NULL,26.7500,NULL,NULL,NULL,NULL,NULL,NULL,'cashondelivery',NULL,NULL,NULL,NULL,NULL,NULL,NULL,NULL,NULL,NULL,NULL,NULL,NULL,NULL,NULL,NULL,NULL,NULL,NULL,NULL,NULL,NULL,NULL,NULL,NULL,NULL,NULL,'{\"method_title\":\"Cash On Delivery\",\"instructions\":\"\"}'),(5,5,3.0000,3.0000,NULL,52.7500,NULL,NULL,NULL,NULL,3.0000,3.0000,52.7500,NULL,52.7500,NULL,NULL,NULL,52.7500,NULL,NULL,NULL,NULL,NULL,NULL,'cashondelivery',NULL,NULL,NULL,NULL,NULL,NULL,NULL,NULL,NULL,NULL,NULL,NULL,NULL,NULL,NULL,NULL,NULL,NULL,NULL,NULL,NULL,NULL,NULL,NULL,NULL,NULL,NULL,'{\"method_title\":\"Cash On Delivery\",\"instructions\":\"\"}'),(6,6,3.0000,3.0000,NULL,49.7500,NULL,NULL,NULL,NULL,3.0000,3.0000,49.7500,NULL,49.7500,NULL,NULL,NULL,49.7500,NULL,NULL,NULL,NULL,NULL,NULL,'cashondelivery',NULL,NULL,NULL,NULL,NULL,NULL,NULL,NULL,NULL,NULL,NULL,NULL,NULL,NULL,NULL,NULL,NULL,NULL,NULL,NULL,NULL,NULL,NULL,NULL,NULL,NULL,NULL,'{\"method_title\":\"Cash On Delivery\",\"instructions\":\"\"}'),(7,7,3.0000,3.0000,NULL,33.7500,NULL,NULL,NULL,NULL,3.0000,3.0000,33.7500,NULL,33.7500,NULL,NULL,NULL,33.7500,NULL,NULL,NULL,NULL,NULL,NULL,'cashondelivery',NULL,NULL,NULL,NULL,NULL,NULL,NULL,NULL,NULL,NULL,NULL,NULL,NULL,NULL,NULL,NULL,NULL,NULL,NULL,NULL,NULL,NULL,NULL,NULL,NULL,NULL,NULL,'{\"method_title\":\"Cash On Delivery\",\"instructions\":\"\"}'),(8,8,NULL,NULL,NULL,NULL,NULL,NULL,NULL,NULL,3.0000,3.0000,NULL,NULL,33.7500,NULL,NULL,NULL,33.7500,NULL,NULL,NULL,NULL,NULL,NULL,'cashondelivery',NULL,NULL,NULL,NULL,NULL,NULL,NULL,NULL,NULL,NULL,NULL,NULL,NULL,NULL,NULL,NULL,NULL,NULL,NULL,NULL,NULL,NULL,NULL,NULL,NULL,NULL,NULL,'{\"method_title\":\"Cash On Delivery\",\"instructions\":\"\"}'),(9,9,NULL,NULL,NULL,NULL,NULL,NULL,NULL,NULL,3.0000,3.0000,NULL,NULL,26.7500,NULL,NULL,NULL,26.7500,NULL,NULL,NULL,NULL,NULL,NULL,'tap',NULL,NULL,NULL,NULL,NULL,NULL,NULL,NULL,NULL,NULL,NULL,NULL,NULL,NULL,NULL,NULL,NULL,NULL,NULL,NULL,NULL,NULL,NULL,NULL,NULL,NULL,NULL,'{\"method_title\":\"Tap\"}'),(10,10,3.0000,3.0000,NULL,28.7500,NULL,NULL,28.7500,NULL,3.0000,3.0000,28.7500,NULL,28.7500,NULL,NULL,NULL,28.7500,NULL,NULL,NULL,NULL,NULL,NULL,'tap',NULL,NULL,NULL,NULL,NULL,NULL,NULL,NULL,NULL,NULL,'chg_LV035320212346e2NJ0503224',NULL,NULL,NULL,NULL,NULL,NULL,NULL,NULL,NULL,NULL,NULL,NULL,NULL,NULL,NULL,NULL,'{\"method_title\":\"Tap\"}'),(11,11,NULL,NULL,NULL,NULL,NULL,NULL,NULL,NULL,0.0000,0.0000,NULL,NULL,55.0000,NULL,NULL,NULL,55.0000,NULL,NULL,NULL,NULL,NULL,NULL,'tap',NULL,NULL,NULL,NULL,NULL,NULL,NULL,NULL,NULL,NULL,NULL,NULL,NULL,NULL,NULL,NULL,NULL,NULL,NULL,NULL,NULL,NULL,NULL,NULL,NULL,NULL,NULL,'{\"method_title\":\"Tap\"}'),(12,12,NULL,NULL,NULL,NULL,NULL,NULL,NULL,NULL,3.0000,3.0000,NULL,NULL,33.7500,NULL,NULL,NULL,33.7500,NULL,NULL,NULL,NULL,NULL,NULL,'tap',NULL,NULL,NULL,NULL,NULL,NULL,NULL,NULL,NULL,NULL,NULL,NULL,NULL,NULL,NULL,NULL,NULL,NULL,NULL,NULL,NULL,NULL,NULL,NULL,NULL,NULL,NULL,'{\"method_title\":\"Tap\"}'),(13,13,NULL,NULL,NULL,NULL,NULL,NULL,NULL,NULL,3.0000,3.0000,NULL,NULL,78.7500,NULL,NULL,NULL,78.7500,NULL,NULL,NULL,NULL,NULL,NULL,'tap',NULL,NULL,NULL,NULL,NULL,NULL,NULL,NULL,NULL,NULL,NULL,NULL,NULL,NULL,NULL,NULL,NULL,NULL,NULL,NULL,NULL,NULL,NULL,NULL,NULL,NULL,NULL,'{\"method_title\":\"Tap\"}'),(14,14,NULL,NULL,NULL,NULL,NULL,NULL,NULL,NULL,3.0000,3.0000,NULL,NULL,29.7500,NULL,NULL,NULL,29.7500,NULL,NULL,NULL,NULL,NULL,NULL,'cashondelivery',NULL,NULL,NULL,NULL,NULL,NULL,NULL,NULL,NULL,NULL,NULL,NULL,NULL,NULL,NULL,NULL,NULL,NULL,NULL,NULL,NULL,NULL,NULL,NULL,NULL,NULL,NULL,'{\"method_title\":\"Cash On Delivery\",\"instructions\":\"\"}'),(15,15,NULL,NULL,NULL,NULL,NULL,NULL,NULL,NULL,3.0000,3.0000,NULL,NULL,33.7500,NULL,NULL,NULL,33.7500,NULL,NULL,NULL,NULL,NULL,NULL,'cashondelivery',NULL,NULL,NULL,NULL,NULL,NULL,NULL,NULL,NULL,NULL,NULL,NULL,NULL,NULL,NULL,NULL,NULL,NULL,NULL,NULL,NULL,NULL,NULL,NULL,NULL,NULL,NULL,'{\"method_title\":\"Cash On Delivery\",\"instructions\":\"\"}'),(16,16,NULL,NULL,NULL,NULL,NULL,NULL,NULL,NULL,3.0000,3.0000,NULL,NULL,33.7500,NULL,NULL,NULL,33.7500,NULL,NULL,NULL,NULL,NULL,NULL,'cashondelivery',NULL,NULL,NULL,NULL,NULL,NULL,NULL,NULL,NULL,NULL,NULL,NULL,NULL,NULL,NULL,NULL,NULL,NULL,NULL,NULL,NULL,NULL,NULL,NULL,NULL,NULL,NULL,'{\"method_title\":\"Cash On Delivery\",\"instructions\":\"\"}'),(17,17,NULL,NULL,NULL,NULL,NULL,NULL,NULL,NULL,3.0000,3.0000,NULL,NULL,33.7500,NULL,NULL,NULL,33.7500,NULL,NULL,NULL,NULL,NULL,NULL,'cashondelivery',NULL,NULL,NULL,NULL,NULL,NULL,NULL,NULL,NULL,NULL,NULL,NULL,NULL,NULL,NULL,NULL,NULL,NULL,NULL,NULL,NULL,NULL,NULL,NULL,NULL,NULL,NULL,'{\"method_title\":\"Cash On Delivery\",\"instructions\":\"\"}'),(18,18,NULL,NULL,NULL,NULL,NULL,NULL,NULL,NULL,3.0000,3.0000,NULL,NULL,33.7500,NULL,NULL,NULL,33.7500,NULL,NULL,NULL,NULL,NULL,NULL,'cashondelivery',NULL,NULL,NULL,NULL,NULL,NULL,NULL,NULL,NULL,NULL,NULL,NULL,NULL,NULL,NULL,NULL,NULL,NULL,NULL,NULL,NULL,NULL,NULL,NULL,NULL,NULL,NULL,'{\"method_title\":\"Cash On Delivery\",\"instructions\":\"\"}'),(19,19,3.0000,3.0000,NULL,78.7500,NULL,NULL,NULL,NULL,3.0000,3.0000,78.7500,NULL,78.7500,NULL,NULL,NULL,78.7500,NULL,NULL,NULL,NULL,NULL,NULL,'cashondelivery',NULL,NULL,NULL,NULL,NULL,NULL,NULL,NULL,NULL,NULL,NULL,NULL,NULL,NULL,NULL,NULL,NULL,NULL,NULL,NULL,NULL,NULL,NULL,NULL,NULL,NULL,NULL,'{\"method_title\":\"Cash On Delivery\",\"instructions\":\"\"}'),(20,20,3.0000,3.0000,NULL,51.7500,NULL,NULL,51.7500,NULL,3.0000,3.0000,51.7500,NULL,51.7500,NULL,NULL,NULL,51.7500,NULL,NULL,NULL,NULL,NULL,NULL,'tap',NULL,NULL,NULL,NULL,NULL,NULL,NULL,NULL,NULL,NULL,'chg_LV060420211107p2KK1703191',NULL,NULL,NULL,NULL,NULL,NULL,NULL,NULL,NULL,NULL,NULL,NULL,NULL,NULL,NULL,NULL,'{\"method_title\":\"Tap\"}'),(21,21,NULL,NULL,NULL,NULL,NULL,NULL,NULL,NULL,3.0000,3.0000,NULL,NULL,52.7500,NULL,NULL,NULL,52.7500,NULL,NULL,NULL,NULL,NULL,NULL,'cashondelivery',NULL,NULL,NULL,NULL,NULL,NULL,NULL,NULL,NULL,NULL,NULL,NULL,NULL,NULL,NULL,NULL,NULL,NULL,NULL,NULL,NULL,NULL,NULL,NULL,NULL,NULL,NULL,'{\"method_title\":\"Cash On Delivery\",\"instructions\":\"\"}'),(23,23,NULL,NULL,NULL,NULL,NULL,NULL,NULL,NULL,3.0000,3.0000,NULL,NULL,33.7500,NULL,NULL,NULL,33.7500,NULL,NULL,NULL,NULL,NULL,NULL,'cashondelivery',NULL,NULL,NULL,NULL,NULL,NULL,NULL,NULL,NULL,NULL,NULL,NULL,NULL,NULL,NULL,NULL,NULL,NULL,NULL,NULL,NULL,NULL,NULL,NULL,NULL,NULL,NULL,'{\"method_title\":\"Cash On Delivery\",\"instructions\":\"\"}'),(24,24,NULL,NULL,NULL,NULL,NULL,NULL,NULL,NULL,3.0000,3.0000,NULL,NULL,141.7500,NULL,NULL,NULL,141.7500,NULL,NULL,NULL,NULL,NULL,NULL,'tap',NULL,NULL,NULL,NULL,NULL,NULL,NULL,NULL,NULL,NULL,NULL,NULL,NULL,NULL,NULL,NULL,NULL,NULL,NULL,NULL,NULL,NULL,NULL,NULL,NULL,NULL,NULL,'{\"method_title\":\"Tap\"}'),(25,25,NULL,NULL,NULL,NULL,NULL,NULL,NULL,NULL,3.0000,3.0000,NULL,NULL,141.7500,NULL,NULL,NULL,141.7500,NULL,NULL,NULL,NULL,NULL,NULL,'tap',NULL,NULL,NULL,NULL,NULL,NULL,NULL,NULL,NULL,NULL,NULL,NULL,NULL,NULL,NULL,NULL,NULL,NULL,NULL,NULL,NULL,NULL,NULL,NULL,NULL,NULL,NULL,'{\"method_title\":\"Tap\"}'),(26,26,3.0000,3.0000,NULL,116.0000,NULL,NULL,116.0000,NULL,3.0000,3.0000,116.0000,NULL,116.0000,NULL,NULL,NULL,116.0000,NULL,NULL,NULL,NULL,NULL,NULL,'tap',NULL,NULL,NULL,NULL,NULL,NULL,NULL,NULL,NULL,NULL,'chg_LV050420211850Mg622203409',NULL,NULL,NULL,NULL,NULL,NULL,NULL,NULL,NULL,NULL,NULL,NULL,NULL,NULL,NULL,NULL,'{\"method_title\":\"Tap\"}'),(27,27,3.0000,3.0000,NULL,29.7500,NULL,NULL,29.7500,NULL,3.0000,3.0000,29.7500,NULL,29.7500,NULL,NULL,NULL,29.7500,NULL,NULL,NULL,NULL,NULL,NULL,'tap',NULL,NULL,NULL,NULL,NULL,NULL,NULL,NULL,NULL,NULL,'chg_LV010920212103Yn602703165',NULL,NULL,NULL,NULL,NULL,NULL,NULL,NULL,NULL,NULL,NULL,NULL,NULL,NULL,NULL,NULL,'{\"method_title\":\"Tap\"}'),(28,28,3.0000,3.0000,NULL,31.7500,NULL,NULL,31.7500,NULL,3.0000,3.0000,31.7500,NULL,31.7500,NULL,NULL,NULL,31.7500,NULL,NULL,NULL,NULL,NULL,NULL,'tap',NULL,NULL,NULL,NULL,NULL,NULL,NULL,NULL,NULL,NULL,'chg_LV044520212133Pp9j2703749',NULL,NULL,NULL,NULL,NULL,NULL,NULL,NULL,NULL,NULL,NULL,NULL,NULL,NULL,NULL,NULL,'{\"method_title\":\"Tap\"}'),(29,29,NULL,NULL,NULL,NULL,NULL,NULL,NULL,NULL,0.0000,0.0000,NULL,NULL,65.7500,NULL,NULL,NULL,65.7500,NULL,NULL,NULL,NULL,NULL,NULL,'tap',NULL,NULL,NULL,NULL,NULL,NULL,NULL,NULL,NULL,NULL,NULL,NULL,NULL,NULL,NULL,NULL,NULL,NULL,NULL,NULL,NULL,NULL,NULL,NULL,NULL,NULL,NULL,'{\"method_title\":\"Tap\"}'),(30,30,NULL,NULL,NULL,NULL,NULL,NULL,NULL,NULL,0.0000,0.0000,NULL,NULL,65.7500,NULL,NULL,NULL,65.7500,NULL,NULL,NULL,NULL,NULL,NULL,'tap',NULL,NULL,NULL,NULL,NULL,NULL,NULL,NULL,NULL,NULL,NULL,NULL,NULL,NULL,NULL,NULL,NULL,NULL,NULL,NULL,NULL,NULL,NULL,NULL,NULL,NULL,NULL,'{\"method_title\":\"Tap\"}'),(31,31,NULL,NULL,NULL,NULL,NULL,NULL,NULL,NULL,0.0000,0.0000,NULL,NULL,65.7500,NULL,NULL,NULL,65.7500,NULL,NULL,NULL,NULL,NULL,NULL,'tap',NULL,NULL,NULL,NULL,NULL,NULL,NULL,NULL,NULL,NULL,NULL,NULL,NULL,NULL,NULL,NULL,NULL,NULL,NULL,NULL,NULL,NULL,NULL,NULL,NULL,NULL,NULL,'{\"method_title\":\"Tap\"}'),(32,32,0.0000,0.0000,NULL,65.7500,NULL,NULL,65.7500,NULL,0.0000,0.0000,65.7500,NULL,65.7500,NULL,NULL,NULL,65.7500,NULL,NULL,NULL,NULL,'0',NULL,'tap',NULL,NULL,NULL,NULL,NULL,NULL,NULL,NULL,'0',NULL,'chg_LV052120211500Ym923103687',NULL,NULL,NULL,NULL,'0',NULL,NULL,NULL,NULL,NULL,NULL,NULL,NULL,NULL,NULL,NULL,'{\"method_title\":\"Tap\"}'),(33,33,NULL,NULL,NULL,NULL,NULL,NULL,NULL,NULL,3.0000,3.0000,NULL,NULL,51.7500,NULL,NULL,NULL,51.7500,NULL,NULL,NULL,NULL,NULL,NULL,'tap',NULL,NULL,NULL,NULL,NULL,NULL,NULL,NULL,NULL,NULL,NULL,NULL,NULL,NULL,NULL,NULL,NULL,NULL,NULL,NULL,NULL,NULL,NULL,NULL,NULL,NULL,NULL,'{\"method_title\":\"Tap\"}'),(34,34,3.0000,3.0000,NULL,70.7500,NULL,NULL,70.7500,NULL,3.0000,3.0000,70.7500,NULL,70.7500,NULL,NULL,NULL,70.7500,NULL,NULL,NULL,NULL,NULL,NULL,'tap',NULL,NULL,NULL,NULL,NULL,NULL,NULL,NULL,NULL,NULL,'chg_LV060720212028Lq8k0404017',NULL,NULL,NULL,NULL,NULL,NULL,NULL,NULL,NULL,NULL,NULL,NULL,NULL,NULL,NULL,NULL,'{\"method_title\":\"Tap\"}'),(35,35,3.0000,3.0000,NULL,32.7500,NULL,NULL,32.7500,NULL,3.0000,3.0000,32.7500,NULL,32.7500,NULL,NULL,NULL,32.7500,NULL,NULL,NULL,NULL,NULL,NULL,'tap',NULL,NULL,NULL,NULL,NULL,NULL,NULL,NULL,NULL,NULL,'chg_LV040020212139Lh2l0404767',NULL,NULL,NULL,NULL,NULL,NULL,NULL,NULL,NULL,NULL,NULL,NULL,NULL,NULL,NULL,NULL,'{\"method_title\":\"Tap\"}'),(36,36,3.0000,3.0000,NULL,59.5000,NULL,NULL,59.5000,NULL,3.0000,3.0000,59.5000,NULL,59.5000,NULL,NULL,NULL,59.5000,NULL,NULL,NULL,NULL,NULL,NULL,'tap',NULL,NULL,NULL,NULL,NULL,NULL,NULL,NULL,NULL,NULL,'chg_LV063520211839Dj050804042',NULL,NULL,NULL,NULL,NULL,NULL,NULL,NULL,NULL,NULL,NULL,NULL,NULL,NULL,NULL,NULL,'{\"method_title\":\"Tap\"}'),(37,37,NULL,NULL,NULL,NULL,NULL,NULL,NULL,NULL,3.0000,3.0000,NULL,NULL,87.2500,NULL,NULL,NULL,87.2500,NULL,NULL,NULL,NULL,NULL,NULL,'tap',NULL,NULL,NULL,NULL,NULL,NULL,NULL,NULL,NULL,NULL,NULL,NULL,NULL,NULL,NULL,NULL,NULL,NULL,NULL,NULL,NULL,NULL,NULL,NULL,NULL,NULL,NULL,'{\"method_title\":\"Tap\"}'),(38,38,3.0000,3.0000,NULL,28.7500,NULL,NULL,28.7500,NULL,3.0000,3.0000,28.7500,NULL,28.7500,NULL,NULL,NULL,28.7500,NULL,NULL,NULL,NULL,NULL,NULL,'tap',NULL,NULL,NULL,NULL,NULL,NULL,NULL,NULL,NULL,NULL,'chg_LV031320210114j2PO1604318',NULL,NULL,NULL,NULL,NULL,NULL,NULL,NULL,NULL,NULL,NULL,NULL,NULL,NULL,NULL,NULL,'{\"method_title\":\"Tap\"}'),(39,39,NULL,NULL,NULL,NULL,NULL,NULL,NULL,NULL,0.0000,0.0000,NULL,NULL,86.7500,NULL,NULL,NULL,86.7500,NULL,NULL,NULL,NULL,NULL,NULL,'tap',NULL,NULL,NULL,NULL,NULL,NULL,NULL,NULL,NULL,NULL,NULL,NULL,NULL,NULL,NULL,NULL,NULL,NULL,NULL,NULL,NULL,NULL,NULL,NULL,NULL,NULL,NULL,'{\"method_title\":\"Tap\"}'),(40,40,3.0000,3.0000,NULL,196.5000,NULL,NULL,196.5000,NULL,3.0000,3.0000,196.5000,NULL,196.5000,NULL,NULL,NULL,196.5000,NULL,NULL,NULL,NULL,NULL,NULL,'tap',NULL,NULL,NULL,NULL,NULL,NULL,NULL,NULL,NULL,NULL,'chg_LV051720212314Qj851704592',NULL,NULL,NULL,NULL,NULL,NULL,NULL,NULL,NULL,NULL,NULL,NULL,NULL,NULL,NULL,NULL,'{\"method_title\":\"Tap\"}'),(41,41,NULL,NULL,NULL,NULL,NULL,NULL,NULL,NULL,0.0000,0.0000,NULL,NULL,86.7500,NULL,NULL,NULL,86.7500,NULL,NULL,NULL,NULL,NULL,NULL,'tap',NULL,NULL,NULL,NULL,NULL,NULL,NULL,NULL,NULL,NULL,NULL,NULL,NULL,NULL,NULL,NULL,NULL,NULL,NULL,NULL,NULL,NULL,NULL,NULL,NULL,NULL,NULL,'{\"method_title\":\"Tap\"}'),(42,42,3.0000,3.0000,NULL,68.7500,NULL,NULL,68.7500,NULL,3.0000,3.0000,68.7500,NULL,68.7500,NULL,NULL,NULL,68.7500,NULL,NULL,NULL,NULL,NULL,NULL,'tap',NULL,NULL,NULL,NULL,NULL,NULL,NULL,NULL,NULL,NULL,'chg_LV045120210119Lq221904901',NULL,NULL,NULL,NULL,NULL,NULL,NULL,NULL,NULL,NULL,NULL,NULL,NULL,NULL,NULL,NULL,'{\"method_title\":\"Tap\"}'),(43,43,3.0000,3.0000,NULL,64.5000,NULL,NULL,64.5000,NULL,3.0000,3.0000,64.5000,NULL,64.5000,NULL,NULL,NULL,64.5000,NULL,NULL,NULL,NULL,NULL,NULL,'tap',NULL,NULL,NULL,NULL,NULL,NULL,NULL,NULL,NULL,NULL,'chg_LV054420212102Ml902104442',NULL,NULL,NULL,NULL,NULL,NULL,NULL,NULL,NULL,NULL,NULL,NULL,NULL,NULL,NULL,NULL,'{\"method_title\":\"Tap\"}'),(44,44,NULL,NULL,NULL,NULL,NULL,NULL,NULL,NULL,3.0000,3.0000,NULL,NULL,68.7500,NULL,NULL,NULL,68.7500,NULL,NULL,NULL,NULL,NULL,NULL,'tap',NULL,NULL,NULL,NULL,NULL,NULL,NULL,NULL,NULL,NULL,NULL,NULL,NULL,NULL,NULL,NULL,NULL,NULL,NULL,NULL,NULL,NULL,NULL,NULL,NULL,NULL,NULL,'{\"method_title\":\"Tap\"}'),(45,45,3.0000,3.0000,NULL,68.7500,NULL,NULL,68.7500,NULL,3.0000,3.0000,68.7500,NULL,68.7500,NULL,NULL,NULL,68.7500,NULL,NULL,NULL,NULL,NULL,NULL,'tap',NULL,NULL,NULL,NULL,NULL,NULL,NULL,NULL,NULL,NULL,'chg_LV042620210046Dj292204538',NULL,NULL,NULL,NULL,NULL,NULL,NULL,NULL,NULL,NULL,NULL,NULL,NULL,NULL,NULL,NULL,'{\"method_title\":\"Tap\"}'),(46,46,3.0000,3.0000,NULL,28.7500,NULL,NULL,28.7500,NULL,3.0000,3.0000,28.7500,NULL,28.7500,NULL,NULL,NULL,28.7500,NULL,NULL,NULL,NULL,NULL,NULL,'tap',NULL,NULL,NULL,NULL,NULL,NULL,NULL,NULL,NULL,NULL,'chg_LV023420210246Hj0q2204138',NULL,NULL,NULL,NULL,NULL,NULL,NULL,NULL,NULL,NULL,NULL,NULL,NULL,NULL,NULL,NULL,'{\"method_title\":\"Tap\"}'),(47,47,NULL,NULL,NULL,NULL,NULL,NULL,NULL,NULL,3.0000,3.0000,NULL,NULL,68.7500,NULL,NULL,NULL,68.7500,NULL,NULL,NULL,NULL,NULL,NULL,'tap',NULL,NULL,NULL,NULL,NULL,NULL,NULL,NULL,NULL,NULL,NULL,NULL,NULL,NULL,NULL,NULL,NULL,NULL,NULL,NULL,NULL,NULL,NULL,NULL,NULL,NULL,NULL,'{\"method_title\":\"Tap\"}'),(48,48,3.0000,3.0000,NULL,68.7500,NULL,NULL,68.7500,NULL,3.0000,3.0000,68.7500,NULL,68.7500,NULL,NULL,NULL,68.7500,NULL,NULL,NULL,NULL,NULL,NULL,'tap',NULL,NULL,NULL,NULL,NULL,NULL,NULL,NULL,NULL,NULL,'chg_LV054120212317Pa802304407',NULL,NULL,NULL,NULL,NULL,NULL,NULL,NULL,NULL,NULL,NULL,NULL,NULL,NULL,NULL,NULL,'{\"method_title\":\"Tap\"}'),(49,49,3.0000,3.0000,NULL,59.5000,NULL,NULL,59.5000,NULL,3.0000,3.0000,59.5000,NULL,59.5000,NULL,NULL,NULL,59.5000,NULL,NULL,NULL,NULL,NULL,NULL,'tap',NULL,NULL,NULL,NULL,NULL,NULL,NULL,NULL,NULL,NULL,'chg_LV020220212036Ht052404824',NULL,NULL,NULL,NULL,NULL,NULL,NULL,NULL,NULL,NULL,NULL,NULL,NULL,NULL,NULL,NULL,'{\"method_title\":\"Tap\"}'),(50,50,3.0000,3.0000,NULL,77.5000,NULL,NULL,77.5000,NULL,3.0000,3.0000,77.5000,NULL,77.5000,NULL,NULL,NULL,77.5000,NULL,NULL,NULL,NULL,NULL,NULL,'tap',NULL,NULL,NULL,NULL,NULL,NULL,NULL,NULL,NULL,NULL,'chg_LV074420210107g6MY2504292',NULL,NULL,NULL,NULL,NULL,NULL,NULL,NULL,NULL,NULL,NULL,NULL,NULL,NULL,NULL,NULL,'{\"method_title\":\"Tap\"}'),(51,51,3.0000,3.0000,NULL,59.5000,NULL,NULL,59.5000,NULL,3.0000,3.0000,59.5000,NULL,59.5000,NULL,NULL,NULL,59.5000,NULL,NULL,NULL,NULL,NULL,NULL,'tap',NULL,NULL,NULL,NULL,NULL,NULL,NULL,NULL,NULL,NULL,'chg_LV025820212059e2TH2804057',NULL,NULL,NULL,NULL,NULL,NULL,NULL,NULL,NULL,NULL,NULL,NULL,NULL,NULL,NULL,NULL,'{\"method_title\":\"Tap\"}'),(52,52,3.0000,3.0000,NULL,53.5000,NULL,NULL,53.5000,NULL,3.0000,3.0000,53.5000,NULL,53.5000,NULL,NULL,NULL,53.5000,NULL,NULL,NULL,NULL,NULL,NULL,'tap',NULL,NULL,NULL,NULL,NULL,NULL,NULL,NULL,NULL,NULL,'chg_LV043720210405y9OH1705322',NULL,NULL,NULL,NULL,NULL,NULL,NULL,NULL,NULL,NULL,NULL,NULL,NULL,NULL,NULL,NULL,'{\"method_title\":\"Tap\"}'),(53,53,NULL,NULL,NULL,NULL,NULL,NULL,NULL,NULL,3.0000,3.0000,NULL,NULL,52.7500,NULL,NULL,NULL,52.7500,NULL,NULL,NULL,NULL,NULL,NULL,'tap',NULL,NULL,NULL,NULL,NULL,NULL,NULL,NULL,NULL,NULL,NULL,NULL,NULL,NULL,NULL,NULL,NULL,NULL,NULL,NULL,NULL,NULL,NULL,NULL,NULL,NULL,NULL,'{\"method_title\":\"Tap\"}'),(54,54,NULL,NULL,NULL,NULL,NULL,NULL,NULL,NULL,3.0000,3.0000,NULL,NULL,52.5000,NULL,NULL,NULL,52.5000,NULL,NULL,NULL,NULL,NULL,NULL,'tap',NULL,NULL,NULL,NULL,NULL,NULL,NULL,NULL,NULL,NULL,NULL,NULL,NULL,NULL,NULL,NULL,NULL,NULL,NULL,NULL,NULL,NULL,NULL,NULL,NULL,NULL,NULL,'{\"method_title\":\"Tap\"}'),(55,55,NULL,NULL,NULL,NULL,NULL,NULL,NULL,NULL,3.0000,3.0000,NULL,NULL,52.5000,NULL,NULL,NULL,52.5000,NULL,NULL,NULL,NULL,NULL,NULL,'tap',NULL,NULL,NULL,NULL,NULL,NULL,NULL,NULL,NULL,NULL,NULL,NULL,NULL,NULL,NULL,NULL,NULL,NULL,NULL,NULL,NULL,NULL,NULL,NULL,NULL,NULL,NULL,'{\"method_title\":\"Tap\"}'),(56,56,0.0000,0.0000,NULL,25.7500,NULL,NULL,25.7500,NULL,0.0000,0.0000,25.7500,NULL,25.7500,NULL,NULL,NULL,25.7500,NULL,NULL,NULL,NULL,NULL,NULL,'tap',NULL,NULL,NULL,NULL,NULL,NULL,NULL,NULL,NULL,NULL,'chg_LV055720211839e2X02405787',NULL,NULL,NULL,NULL,NULL,NULL,NULL,NULL,NULL,NULL,NULL,NULL,NULL,NULL,NULL,NULL,'{\"method_title\":\"Tap\"}'),(57,57,3.0000,3.0000,NULL,52.5000,NULL,NULL,52.5000,NULL,3.0000,3.0000,52.5000,NULL,52.5000,NULL,NULL,NULL,52.5000,NULL,NULL,NULL,NULL,NULL,NULL,'tap',NULL,NULL,NULL,NULL,NULL,NULL,NULL,NULL,NULL,NULL,'chg_LV011720211950r6N92405338',NULL,NULL,NULL,NULL,NULL,NULL,NULL,NULL,NULL,NULL,NULL,NULL,NULL,NULL,NULL,NULL,'{\"method_title\":\"Tap\"}'),(58,58,NULL,NULL,NULL,NULL,NULL,NULL,NULL,NULL,3.0000,3.0000,NULL,NULL,125.5000,NULL,NULL,NULL,125.5000,NULL,NULL,NULL,NULL,NULL,NULL,'tap',NULL,NULL,NULL,NULL,NULL,NULL,NULL,NULL,NULL,NULL,NULL,NULL,NULL,NULL,NULL,NULL,NULL,NULL,NULL,NULL,NULL,NULL,NULL,NULL,NULL,NULL,NULL,'{\"method_title\":\"Tap\"}'),(59,59,3.0000,3.0000,NULL,30.7500,NULL,NULL,30.7500,NULL,3.0000,3.0000,30.7500,NULL,30.7500,NULL,NULL,NULL,30.7500,NULL,NULL,NULL,NULL,NULL,NULL,'tap',NULL,NULL,NULL,NULL,NULL,NULL,NULL,NULL,NULL,NULL,'chg_LV064520212244j0YO2605591',NULL,NULL,NULL,NULL,NULL,NULL,NULL,NULL,NULL,NULL,NULL,NULL,NULL,NULL,NULL,NULL,'{\"method_title\":\"Tap\"}'),(60,60,3.0000,3.0000,NULL,95.2500,NULL,NULL,95.2500,NULL,3.0000,3.0000,95.2500,NULL,95.2500,NULL,NULL,NULL,95.2500,NULL,NULL,NULL,NULL,NULL,NULL,'tap',NULL,NULL,NULL,NULL,NULL,NULL,NULL,NULL,NULL,NULL,'chg_LV024220211147p5FO2905818',NULL,NULL,NULL,NULL,NULL,NULL,NULL,NULL,NULL,NULL,NULL,NULL,NULL,NULL,NULL,NULL,'{\"method_title\":\"Tap\"}'),(61,61,NULL,NULL,NULL,NULL,NULL,NULL,NULL,NULL,3.0000,3.0000,NULL,NULL,33.7500,NULL,NULL,NULL,33.7500,NULL,NULL,NULL,NULL,NULL,NULL,'tap',NULL,NULL,NULL,NULL,NULL,NULL,NULL,NULL,NULL,NULL,NULL,NULL,NULL,NULL,NULL,NULL,NULL,NULL,NULL,NULL,NULL,NULL,NULL,NULL,NULL,NULL,NULL,'{\"method_title\":\"Tap\"}'),(62,62,3.0000,3.0000,NULL,34.7500,NULL,NULL,34.7500,NULL,3.0000,3.0000,34.7500,NULL,34.7500,NULL,NULL,NULL,34.7500,NULL,NULL,NULL,NULL,NULL,NULL,'tap',NULL,NULL,NULL,NULL,NULL,NULL,NULL,NULL,NULL,NULL,'chg_LV070320211454r0X90406862',NULL,NULL,NULL,NULL,NULL,NULL,NULL,NULL,NULL,NULL,NULL,NULL,NULL,NULL,NULL,NULL,'{\"method_title\":\"Tap\"}'),(63,63,NULL,NULL,NULL,NULL,NULL,NULL,NULL,NULL,0.0000,0.0000,NULL,NULL,26.7500,NULL,NULL,NULL,26.7500,NULL,NULL,NULL,NULL,NULL,NULL,'tap',NULL,NULL,NULL,NULL,NULL,NULL,NULL,NULL,NULL,NULL,NULL,NULL,NULL,NULL,NULL,NULL,NULL,NULL,NULL,NULL,NULL,NULL,NULL,NULL,NULL,NULL,NULL,'{\"method_title\":\"Tap\"}'),(64,64,0.0000,0.0000,NULL,26.7500,NULL,NULL,26.7500,NULL,0.0000,0.0000,26.7500,NULL,26.7500,NULL,NULL,NULL,26.7500,NULL,NULL,NULL,NULL,NULL,NULL,'tap',NULL,NULL,NULL,NULL,NULL,NULL,NULL,NULL,NULL,NULL,NULL,NULL,NULL,NULL,NULL,NULL,NULL,NULL,NULL,NULL,NULL,NULL,NULL,NULL,NULL,NULL,NULL,'{\"method_title\":\"Tap\"}'),(65,65,NULL,NULL,NULL,NULL,NULL,NULL,NULL,NULL,0.0000,0.0000,NULL,NULL,28.7500,NULL,NULL,NULL,28.7500,NULL,NULL,NULL,NULL,NULL,NULL,'tap',NULL,NULL,NULL,NULL,NULL,NULL,NULL,NULL,NULL,NULL,NULL,NULL,NULL,NULL,NULL,NULL,NULL,NULL,NULL,NULL,NULL,NULL,NULL,NULL,NULL,NULL,NULL,'{\"method_title\":\"Tap\"}'),(66,66,NULL,NULL,NULL,NULL,NULL,NULL,NULL,NULL,0.0000,0.0000,NULL,NULL,53.5000,NULL,NULL,NULL,53.5000,NULL,NULL,NULL,NULL,NULL,NULL,'tap',NULL,NULL,NULL,NULL,NULL,NULL,NULL,NULL,NULL,NULL,NULL,NULL,NULL,NULL,NULL,NULL,NULL,NULL,NULL,NULL,NULL,NULL,NULL,NULL,NULL,NULL,NULL,'{\"method_title\":\"Tap\"}'),(67,67,NULL,NULL,NULL,NULL,NULL,NULL,NULL,NULL,0.0000,0.0000,NULL,NULL,26.7500,NULL,NULL,NULL,26.7500,NULL,NULL,NULL,NULL,NULL,NULL,'tap',NULL,NULL,NULL,NULL,NULL,NULL,NULL,NULL,NULL,NULL,NULL,NULL,NULL,NULL,NULL,NULL,NULL,NULL,NULL,NULL,NULL,NULL,NULL,NULL,NULL,NULL,NULL,'{\"method_title\":\"Tap\"}'),(68,68,NULL,NULL,NULL,NULL,NULL,NULL,NULL,NULL,0.0000,0.0000,NULL,NULL,26.7500,NULL,NULL,NULL,26.7500,NULL,NULL,NULL,NULL,NULL,NULL,'tap',NULL,NULL,NULL,NULL,NULL,NULL,NULL,NULL,NULL,NULL,NULL,NULL,NULL,NULL,NULL,NULL,NULL,NULL,NULL,NULL,NULL,NULL,NULL,NULL,NULL,NULL,NULL,'{\"method_title\":\"Tap\"}'),(69,69,NULL,NULL,NULL,NULL,NULL,NULL,NULL,NULL,0.0000,0.0000,NULL,NULL,25.7500,NULL,NULL,NULL,25.7500,NULL,NULL,NULL,NULL,NULL,NULL,'tap',NULL,NULL,NULL,NULL,NULL,NULL,NULL,NULL,NULL,NULL,NULL,NULL,NULL,NULL,NULL,NULL,NULL,NULL,NULL,NULL,NULL,NULL,NULL,NULL,NULL,NULL,NULL,'{\"method_title\":\"Tap\"}'),(70,70,0.0000,0.0000,NULL,25.7500,NULL,NULL,25.7500,NULL,0.0000,0.0000,25.7500,NULL,25.7500,NULL,NULL,NULL,25.7500,NULL,NULL,NULL,NULL,NULL,NULL,'tap',NULL,NULL,NULL,NULL,NULL,NULL,NULL,NULL,NULL,NULL,'chg_LV012920211347Mk291406802',NULL,NULL,NULL,NULL,NULL,NULL,NULL,NULL,NULL,NULL,NULL,NULL,NULL,NULL,NULL,NULL,'{\"method_title\":\"Tap\"}'),(71,71,NULL,NULL,NULL,NULL,NULL,NULL,NULL,NULL,3.0000,3.0000,NULL,NULL,31.7500,NULL,NULL,NULL,31.7500,NULL,NULL,NULL,NULL,NULL,NULL,'tap',NULL,NULL,NULL,NULL,NULL,NULL,NULL,NULL,NULL,NULL,NULL,NULL,NULL,NULL,NULL,NULL,NULL,NULL,NULL,NULL,NULL,NULL,NULL,NULL,NULL,NULL,NULL,'{\"method_title\":\"Tap\"}'),(72,72,3.0000,3.0000,NULL,79.2500,NULL,NULL,79.2500,NULL,3.0000,3.0000,79.2500,NULL,79.2500,NULL,NULL,NULL,79.2500,NULL,NULL,NULL,NULL,NULL,NULL,'tap',NULL,NULL,NULL,NULL,NULL,NULL,NULL,NULL,NULL,NULL,'chg_LV011620212131k0MT1906185',NULL,NULL,NULL,NULL,NULL,NULL,NULL,NULL,NULL,NULL,NULL,NULL,NULL,NULL,NULL,NULL,'{\"method_title\":\"Tap\"}'),(73,73,3.0000,3.0000,NULL,101.2500,NULL,NULL,101.2500,NULL,3.0000,3.0000,101.2500,NULL,101.2500,NULL,NULL,NULL,101.2500,NULL,NULL,NULL,NULL,NULL,NULL,'tap',NULL,NULL,NULL,NULL,NULL,NULL,NULL,NULL,NULL,NULL,'chg_LV065020211329a5Z22006095',NULL,NULL,NULL,NULL,NULL,NULL,NULL,NULL,NULL,NULL,NULL,NULL,NULL,NULL,NULL,NULL,'{\"method_title\":\"Tap\"}'),(74,74,3.0000,3.0000,NULL,58.5000,NULL,NULL,58.5000,NULL,3.0000,3.0000,58.5000,NULL,58.5000,NULL,NULL,NULL,58.5000,NULL,NULL,NULL,NULL,NULL,NULL,'tap',NULL,NULL,NULL,NULL,NULL,NULL,NULL,NULL,NULL,NULL,'chg_LV045920211114Hs0t2406681',NULL,NULL,NULL,NULL,NULL,NULL,NULL,NULL,NULL,NULL,NULL,NULL,NULL,NULL,NULL,NULL,'{\"method_title\":\"Tap\"}'),(75,75,3.0000,3.0000,NULL,56.5000,NULL,NULL,56.5000,NULL,3.0000,3.0000,56.5000,NULL,56.5000,NULL,NULL,NULL,56.5000,NULL,NULL,NULL,NULL,NULL,NULL,'tap',NULL,NULL,NULL,NULL,NULL,NULL,NULL,NULL,NULL,NULL,'chg_LV034220212359Ob2y2406623',NULL,NULL,NULL,NULL,NULL,NULL,NULL,NULL,NULL,NULL,NULL,NULL,NULL,NULL,NULL,NULL,'{\"method_title\":\"Tap\"}'),(76,76,NULL,NULL,NULL,NULL,NULL,NULL,NULL,NULL,3.0000,3.0000,NULL,NULL,130.5000,NULL,NULL,NULL,130.5000,NULL,NULL,NULL,NULL,NULL,NULL,'tap',NULL,NULL,NULL,NULL,NULL,NULL,NULL,NULL,NULL,NULL,NULL,NULL,NULL,NULL,NULL,NULL,NULL,NULL,NULL,NULL,NULL,NULL,NULL,NULL,NULL,NULL,NULL,'{\"method_title\":\"Tap\"}'),(77,77,NULL,NULL,NULL,NULL,NULL,NULL,NULL,NULL,3.0000,3.0000,NULL,NULL,130.5000,NULL,NULL,NULL,130.5000,NULL,NULL,NULL,NULL,NULL,NULL,'tap',NULL,NULL,NULL,NULL,NULL,NULL,NULL,NULL,NULL,NULL,NULL,NULL,NULL,NULL,NULL,NULL,NULL,NULL,NULL,NULL,NULL,NULL,NULL,NULL,NULL,NULL,NULL,'{\"method_title\":\"Tap\"}'),(78,78,3.0000,3.0000,NULL,130.5000,NULL,NULL,130.5000,NULL,3.0000,3.0000,130.5000,NULL,130.5000,NULL,NULL,NULL,130.5000,NULL,NULL,NULL,NULL,NULL,NULL,'tap',NULL,NULL,NULL,NULL,NULL,NULL,NULL,NULL,NULL,NULL,'chg_LV020720211637Mj202506077',NULL,NULL,NULL,NULL,NULL,NULL,NULL,NULL,NULL,NULL,NULL,NULL,NULL,NULL,NULL,NULL,'{\"method_title\":\"Tap\"}'),(79,79,3.0000,3.0000,NULL,54.5000,NULL,NULL,54.5000,NULL,3.0000,3.0000,54.5000,NULL,54.5000,NULL,NULL,NULL,54.5000,NULL,NULL,NULL,NULL,NULL,NULL,'tap',NULL,NULL,NULL,NULL,NULL,NULL,NULL,NULL,NULL,NULL,'chg_LV033320210034p0T52806073',NULL,NULL,NULL,NULL,NULL,NULL,NULL,NULL,NULL,NULL,NULL,NULL,NULL,NULL,NULL,NULL,'{\"method_title\":\"Tap\"}'),(80,80,3.0000,3.0000,NULL,29.7500,NULL,NULL,29.7500,NULL,3.0000,3.0000,29.7500,NULL,29.7500,NULL,NULL,NULL,29.7500,NULL,NULL,NULL,NULL,NULL,NULL,'tap',NULL,NULL,NULL,NULL,NULL,NULL,NULL,NULL,NULL,NULL,'chg_LV050320211906Qr2u3006644',NULL,NULL,NULL,NULL,NULL,NULL,NULL,NULL,NULL,NULL,NULL,NULL,NULL,NULL,NULL,NULL,'{\"method_title\":\"Tap\"}'),(81,81,NULL,NULL,NULL,NULL,NULL,NULL,NULL,NULL,3.0000,3.0000,NULL,NULL,62.5000,NULL,NULL,NULL,62.5000,NULL,NULL,NULL,NULL,NULL,NULL,'tap',NULL,NULL,NULL,NULL,NULL,NULL,NULL,NULL,NULL,NULL,NULL,NULL,NULL,NULL,NULL,NULL,NULL,NULL,NULL,NULL,NULL,NULL,NULL,NULL,NULL,NULL,NULL,'{\"method_title\":\"Tap\"}'),(82,82,NULL,NULL,NULL,NULL,NULL,NULL,NULL,NULL,3.0000,3.0000,NULL,NULL,87.2500,NULL,NULL,NULL,87.2500,NULL,NULL,NULL,NULL,NULL,NULL,'tap',NULL,NULL,NULL,NULL,NULL,NULL,NULL,NULL,NULL,NULL,NULL,NULL,NULL,NULL,NULL,NULL,NULL,NULL,NULL,NULL,NULL,NULL,NULL,NULL,NULL,NULL,NULL,'{\"method_title\":\"Tap\"}'),(83,83,20.0000,20.0000,NULL,152.7500,NULL,NULL,152.7500,NULL,20.0000,20.0000,152.7500,NULL,152.7500,NULL,NULL,NULL,152.7500,NULL,NULL,NULL,NULL,NULL,NULL,'tap',NULL,NULL,NULL,NULL,NULL,NULL,NULL,NULL,NULL,NULL,'chg_LV062120210252Mr9b0707997',NULL,NULL,NULL,NULL,NULL,NULL,NULL,NULL,NULL,NULL,NULL,NULL,NULL,NULL,NULL,NULL,'{\"method_title\":\"Tap\"}'),(84,84,NULL,NULL,NULL,NULL,NULL,NULL,NULL,NULL,20.0000,20.0000,NULL,NULL,68.7500,NULL,NULL,NULL,68.7500,NULL,NULL,NULL,NULL,NULL,NULL,'tap',NULL,NULL,NULL,NULL,NULL,NULL,NULL,NULL,NULL,NULL,NULL,NULL,NULL,NULL,NULL,NULL,NULL,NULL,NULL,NULL,NULL,NULL,NULL,NULL,NULL,NULL,NULL,'{\"method_title\":\"Tap\"}'),(85,85,NULL,NULL,NULL,NULL,NULL,NULL,NULL,NULL,3.0000,3.0000,NULL,NULL,28.7500,NULL,NULL,NULL,28.7500,NULL,NULL,NULL,NULL,NULL,NULL,'tap',NULL,NULL,NULL,NULL,NULL,NULL,NULL,NULL,NULL,NULL,NULL,NULL,NULL,NULL,NULL,NULL,NULL,NULL,NULL,NULL,NULL,NULL,NULL,NULL,NULL,NULL,NULL,'{\"method_title\":\"Tap\"}'),(86,86,NULL,NULL,NULL,NULL,NULL,NULL,NULL,NULL,3.0000,3.0000,NULL,NULL,50.7500,NULL,NULL,NULL,50.7500,NULL,NULL,NULL,NULL,NULL,NULL,'tap',NULL,NULL,NULL,NULL,NULL,NULL,NULL,NULL,NULL,NULL,NULL,NULL,NULL,NULL,NULL,NULL,NULL,NULL,NULL,NULL,NULL,NULL,NULL,NULL,NULL,NULL,NULL,'{\"method_title\":\"Tap\"}'),(87,87,NULL,NULL,NULL,NULL,NULL,NULL,NULL,NULL,20.0000,20.0000,NULL,NULL,68.7500,NULL,NULL,NULL,68.7500,NULL,NULL,NULL,NULL,NULL,NULL,'tap',NULL,NULL,NULL,NULL,NULL,NULL,NULL,NULL,NULL,NULL,NULL,NULL,NULL,NULL,NULL,NULL,NULL,NULL,NULL,NULL,NULL,NULL,NULL,NULL,NULL,NULL,NULL,'{\"method_title\":\"Tap\"}'),(88,88,NULL,NULL,NULL,NULL,NULL,NULL,NULL,NULL,20.0000,20.0000,NULL,NULL,68.7500,NULL,NULL,NULL,68.7500,NULL,NULL,NULL,NULL,NULL,NULL,'tap',NULL,NULL,NULL,NULL,NULL,NULL,NULL,NULL,NULL,NULL,NULL,NULL,NULL,NULL,NULL,NULL,NULL,NULL,NULL,NULL,NULL,NULL,NULL,NULL,NULL,NULL,NULL,'{\"method_title\":\"Tap\"}'),(89,89,NULL,NULL,NULL,NULL,NULL,NULL,NULL,NULL,20.0000,20.0000,NULL,NULL,68.7500,NULL,NULL,NULL,68.7500,NULL,NULL,NULL,NULL,NULL,NULL,'tap',NULL,NULL,NULL,NULL,NULL,NULL,NULL,NULL,NULL,NULL,NULL,NULL,NULL,NULL,NULL,NULL,NULL,NULL,NULL,NULL,NULL,NULL,NULL,NULL,NULL,NULL,NULL,'{\"method_title\":\"Tap\"}'),(90,90,NULL,NULL,NULL,NULL,NULL,NULL,NULL,NULL,20.0000,20.0000,NULL,NULL,68.7500,NULL,NULL,NULL,68.7500,NULL,NULL,NULL,NULL,NULL,NULL,'tap',NULL,NULL,NULL,NULL,NULL,NULL,NULL,NULL,NULL,NULL,NULL,NULL,NULL,NULL,NULL,NULL,NULL,NULL,NULL,NULL,NULL,NULL,NULL,NULL,NULL,NULL,NULL,'{\"method_title\":\"Tap\"}'),(91,91,NULL,NULL,NULL,NULL,NULL,NULL,NULL,NULL,20.0000,20.0000,NULL,NULL,68.7500,NULL,NULL,NULL,68.7500,NULL,NULL,NULL,NULL,NULL,NULL,'tap',NULL,NULL,NULL,NULL,NULL,NULL,NULL,NULL,NULL,NULL,NULL,NULL,NULL,NULL,NULL,NULL,NULL,NULL,NULL,NULL,NULL,NULL,NULL,NULL,NULL,NULL,NULL,'{\"method_title\":\"Tap\"}'),(92,92,NULL,NULL,NULL,NULL,NULL,NULL,NULL,NULL,20.0000,20.0000,NULL,NULL,68.7500,NULL,NULL,NULL,68.7500,NULL,NULL,NULL,NULL,'0',NULL,'tap',NULL,NULL,NULL,NULL,NULL,NULL,NULL,NULL,'0',NULL,NULL,NULL,NULL,NULL,NULL,'0',NULL,NULL,NULL,NULL,NULL,NULL,NULL,NULL,NULL,NULL,NULL,'{\"method_title\":\"Tap\"}'),(93,93,3.0000,3.0000,NULL,26.7500,NULL,NULL,26.7500,NULL,3.0000,3.0000,26.7500,NULL,26.7500,NULL,NULL,NULL,26.7500,NULL,NULL,NULL,NULL,NULL,NULL,'tap',NULL,NULL,NULL,NULL,NULL,NULL,NULL,NULL,NULL,NULL,'chg_LV065620211535s8K02807859',NULL,NULL,NULL,NULL,NULL,NULL,NULL,NULL,NULL,NULL,NULL,NULL,NULL,NULL,NULL,NULL,'{\"method_title\":\"Tap\"}'),(94,94,3.0000,3.0000,NULL,593.5000,NULL,NULL,593.5000,NULL,3.0000,3.0000,593.5000,NULL,593.5000,NULL,NULL,NULL,593.5000,NULL,NULL,NULL,NULL,NULL,NULL,'tap',NULL,NULL,NULL,NULL,NULL,NULL,NULL,NULL,NULL,NULL,'chg_LV054420211513Xk2e0108018',NULL,NULL,NULL,NULL,NULL,NULL,NULL,NULL,NULL,NULL,NULL,NULL,NULL,NULL,NULL,NULL,'{\"method_title\":\"Tap\"}'),(95,95,3.0000,3.0000,NULL,33.7500,NULL,NULL,33.7500,NULL,3.0000,3.0000,33.7500,NULL,33.7500,NULL,NULL,NULL,33.7500,NULL,NULL,NULL,NULL,NULL,NULL,'tap',NULL,NULL,NULL,NULL,NULL,NULL,NULL,NULL,NULL,NULL,'chg_LV030420211234n5X20208023',NULL,NULL,NULL,NULL,NULL,NULL,NULL,NULL,NULL,NULL,NULL,NULL,NULL,NULL,NULL,NULL,'{\"method_title\":\"Tap\"}'),(96,96,NULL,NULL,NULL,NULL,NULL,NULL,NULL,NULL,0.0000,0.0000,NULL,NULL,86.7500,NULL,NULL,NULL,86.7500,NULL,NULL,NULL,NULL,NULL,NULL,'tap',NULL,NULL,NULL,NULL,NULL,NULL,NULL,NULL,NULL,NULL,NULL,NULL,NULL,NULL,NULL,NULL,NULL,NULL,NULL,NULL,NULL,NULL,NULL,NULL,NULL,NULL,NULL,'{\"method_title\":\"Tap\"}'),(97,97,NULL,NULL,NULL,NULL,NULL,NULL,NULL,NULL,3.0000,3.0000,NULL,NULL,35.7500,NULL,NULL,NULL,35.7500,NULL,NULL,NULL,NULL,NULL,NULL,'tap',NULL,NULL,NULL,NULL,NULL,NULL,NULL,NULL,NULL,NULL,NULL,NULL,NULL,NULL,NULL,NULL,NULL,NULL,NULL,NULL,NULL,NULL,NULL,NULL,NULL,NULL,NULL,'{\"method_title\":\"Tap\"}'),(98,98,NULL,NULL,NULL,NULL,NULL,NULL,NULL,NULL,3.0000,3.0000,NULL,NULL,81.5000,NULL,NULL,NULL,81.5000,NULL,NULL,NULL,NULL,NULL,NULL,'tap',NULL,NULL,NULL,NULL,NULL,NULL,NULL,NULL,NULL,NULL,NULL,NULL,NULL,NULL,NULL,NULL,NULL,NULL,NULL,NULL,NULL,NULL,NULL,NULL,NULL,NULL,NULL,'{\"method_title\":\"Tap\"}'),(99,99,3.0000,3.0000,NULL,81.5000,NULL,NULL,81.5000,NULL,3.0000,3.0000,81.5000,NULL,81.5000,NULL,NULL,NULL,81.5000,NULL,NULL,NULL,NULL,NULL,NULL,'tap',NULL,NULL,NULL,NULL,NULL,NULL,NULL,NULL,NULL,NULL,'chg_LV022120211706r5P22508327',NULL,NULL,NULL,NULL,NULL,NULL,NULL,NULL,NULL,NULL,NULL,NULL,NULL,NULL,NULL,NULL,'{\"method_title\":\"Tap\"}'),(100,100,3.0000,3.0000,NULL,55.5000,NULL,NULL,55.5000,NULL,3.0000,3.0000,55.5000,NULL,55.5000,NULL,NULL,NULL,55.5000,NULL,NULL,NULL,NULL,NULL,NULL,'tap',NULL,NULL,NULL,NULL,NULL,NULL,NULL,NULL,NULL,NULL,'chg_LV012820211944m2BY2508665',NULL,NULL,NULL,NULL,NULL,NULL,NULL,NULL,NULL,NULL,NULL,NULL,NULL,NULL,NULL,NULL,'{\"method_title\":\"Tap\"}'),(101,101,3.0000,3.0000,NULL,29.7500,NULL,NULL,29.7500,NULL,3.0000,3.0000,29.7500,NULL,29.7500,NULL,NULL,NULL,29.7500,NULL,NULL,NULL,NULL,NULL,NULL,'tap',NULL,NULL,NULL,NULL,NULL,NULL,NULL,NULL,NULL,NULL,'chg_LV021120211108b0Y80109947',NULL,NULL,NULL,NULL,NULL,NULL,NULL,NULL,NULL,NULL,NULL,NULL,NULL,NULL,NULL,NULL,'{\"method_title\":\"Tap\"}'),(102,102,3.0000,3.0000,NULL,79.5000,NULL,NULL,79.5000,NULL,3.0000,3.0000,79.5000,NULL,79.5000,NULL,NULL,NULL,79.5000,NULL,NULL,NULL,NULL,NULL,NULL,'tap',NULL,NULL,NULL,NULL,NULL,NULL,NULL,NULL,NULL,NULL,'chg_LV065920211658s0RF2309582',NULL,NULL,NULL,NULL,NULL,NULL,NULL,NULL,NULL,NULL,NULL,NULL,NULL,NULL,NULL,NULL,'{\"method_title\":\"Tap\"}'),(103,103,3.0000,3.0000,NULL,29.7500,NULL,NULL,29.7500,NULL,3.0000,3.0000,29.7500,NULL,29.7500,NULL,NULL,NULL,29.7500,NULL,NULL,NULL,NULL,NULL,NULL,'tap',NULL,NULL,NULL,NULL,NULL,NULL,NULL,NULL,NULL,NULL,'chg_LV074520211545k2L80110421',NULL,NULL,NULL,NULL,NULL,NULL,NULL,NULL,NULL,NULL,NULL,NULL,NULL,NULL,NULL,NULL,'{\"method_title\":\"Tap\"}'),(104,104,NULL,NULL,NULL,NULL,NULL,NULL,NULL,NULL,3.0000,3.0000,NULL,NULL,50.7500,NULL,NULL,NULL,50.7500,NULL,NULL,NULL,NULL,NULL,NULL,'tap',NULL,NULL,NULL,NULL,NULL,NULL,NULL,NULL,NULL,NULL,NULL,NULL,NULL,NULL,NULL,NULL,NULL,NULL,NULL,NULL,NULL,NULL,NULL,NULL,NULL,NULL,NULL,'{\"method_title\":\"Tap\"}'),(105,105,3.0000,3.0000,NULL,100.5000,NULL,NULL,100.5000,NULL,3.0000,3.0000,100.5000,NULL,100.5000,NULL,NULL,NULL,100.5000,NULL,NULL,NULL,NULL,NULL,NULL,'tap',NULL,NULL,NULL,NULL,NULL,NULL,NULL,NULL,NULL,NULL,'chg_LV060720211404a0BM0410362',NULL,NULL,NULL,NULL,NULL,NULL,NULL,NULL,NULL,NULL,NULL,NULL,NULL,NULL,NULL,NULL,'{\"method_title\":\"Tap\"}'),(106,106,3.0000,3.0000,NULL,28.7500,NULL,NULL,28.7500,NULL,3.0000,3.0000,28.7500,NULL,28.7500,NULL,NULL,NULL,28.7500,NULL,NULL,NULL,NULL,NULL,NULL,'tap',NULL,NULL,NULL,NULL,NULL,NULL,NULL,NULL,NULL,NULL,'chg_LV033820211845Rc6e3110677',NULL,NULL,NULL,NULL,NULL,NULL,NULL,NULL,NULL,NULL,NULL,NULL,NULL,NULL,NULL,NULL,'{\"method_title\":\"Tap\"}'),(107,107,3.0000,3.0000,NULL,31.7500,NULL,NULL,31.7500,NULL,3.0000,3.0000,31.7500,NULL,31.7500,NULL,NULL,NULL,31.7500,NULL,NULL,NULL,NULL,NULL,NULL,'tap',NULL,NULL,NULL,NULL,NULL,NULL,NULL,NULL,NULL,NULL,'chg_LV021920211744Re8j0311364',NULL,NULL,NULL,NULL,NULL,NULL,NULL,NULL,NULL,NULL,NULL,NULL,NULL,NULL,NULL,NULL,'{\"method_title\":\"Tap\"}'),(108,108,3.0000,3.0000,NULL,33.7500,NULL,NULL,33.7500,NULL,3.0000,3.0000,33.7500,NULL,33.7500,NULL,NULL,NULL,33.7500,NULL,NULL,NULL,NULL,NULL,NULL,'tap',NULL,NULL,NULL,NULL,NULL,NULL,NULL,NULL,NULL,NULL,'chg_LV071020211932Lp8g0311826',NULL,NULL,NULL,NULL,NULL,NULL,NULL,NULL,NULL,NULL,NULL,NULL,NULL,NULL,NULL,NULL,'{\"method_title\":\"Tap\"}'),(109,109,0.0000,0.0000,NULL,28.7500,NULL,NULL,28.7500,NULL,0.0000,0.0000,28.7500,NULL,28.7500,NULL,NULL,NULL,28.7500,NULL,NULL,NULL,NULL,NULL,NULL,'tap',NULL,NULL,NULL,NULL,NULL,NULL,NULL,NULL,NULL,NULL,'chg_LV044020211927Mn560611997',NULL,NULL,NULL,NULL,NULL,NULL,NULL,NULL,NULL,NULL,NULL,NULL,NULL,NULL,NULL,NULL,'{\"method_title\":\"Tap\"}'),(110,110,3.0000,3.0000,NULL,91.2500,NULL,NULL,91.2500,NULL,3.0000,3.0000,91.2500,NULL,91.2500,NULL,NULL,NULL,91.2500,NULL,NULL,NULL,NULL,NULL,NULL,'tap',NULL,NULL,NULL,NULL,NULL,NULL,NULL,NULL,NULL,NULL,'chg_LV072220211223q6FK1811257',NULL,NULL,NULL,NULL,NULL,NULL,NULL,NULL,NULL,NULL,NULL,NULL,NULL,NULL,NULL,NULL,'{\"method_title\":\"Tap\"}'),(111,111,0.0000,0.0000,NULL,28.7500,NULL,NULL,28.7500,NULL,0.0000,0.0000,28.7500,NULL,28.7500,NULL,NULL,NULL,28.7500,NULL,NULL,NULL,NULL,NULL,NULL,'tap',NULL,NULL,NULL,NULL,NULL,NULL,NULL,NULL,NULL,NULL,'chg_LV033920211300j5T61911753',NULL,NULL,NULL,NULL,NULL,NULL,NULL,NULL,NULL,NULL,NULL,NULL,NULL,NULL,NULL,NULL,'{\"method_title\":\"Tap\"}'),(112,112,NULL,NULL,NULL,NULL,NULL,NULL,NULL,NULL,0.0000,0.0000,NULL,NULL,28.7500,NULL,NULL,NULL,28.7500,NULL,NULL,NULL,NULL,NULL,NULL,'tap',NULL,NULL,NULL,NULL,NULL,NULL,NULL,NULL,NULL,NULL,NULL,NULL,NULL,NULL,NULL,NULL,NULL,NULL,NULL,NULL,NULL,NULL,NULL,NULL,NULL,NULL,NULL,'{\"method_title\":\"Tap\"}'),(113,113,0.0000,0.0000,NULL,28.7500,NULL,NULL,28.7500,NULL,0.0000,0.0000,28.7500,NULL,28.7500,NULL,NULL,NULL,28.7500,NULL,NULL,NULL,NULL,NULL,NULL,'tap',NULL,NULL,NULL,NULL,NULL,NULL,NULL,NULL,NULL,NULL,'chg_LV035720212019x5BQ0812104',NULL,NULL,NULL,NULL,NULL,NULL,NULL,NULL,NULL,NULL,NULL,NULL,NULL,NULL,NULL,NULL,'{\"method_title\":\"Tap\"}'),(114,114,NULL,NULL,NULL,NULL,NULL,NULL,NULL,NULL,3.0000,3.0000,NULL,NULL,34.7500,NULL,NULL,NULL,34.7500,NULL,NULL,NULL,NULL,NULL,NULL,'tap',NULL,NULL,NULL,NULL,NULL,NULL,NULL,NULL,NULL,NULL,NULL,NULL,NULL,NULL,NULL,NULL,NULL,NULL,NULL,NULL,NULL,NULL,NULL,NULL,NULL,NULL,NULL,'{\"method_title\":\"Tap\"}'),(115,115,NULL,NULL,NULL,NULL,NULL,NULL,NULL,NULL,3.0000,3.0000,NULL,NULL,51.7500,NULL,NULL,NULL,51.7500,NULL,NULL,NULL,NULL,NULL,NULL,'tap',NULL,NULL,NULL,NULL,NULL,NULL,NULL,NULL,NULL,NULL,NULL,NULL,NULL,NULL,NULL,NULL,NULL,NULL,NULL,NULL,NULL,NULL,NULL,NULL,NULL,NULL,NULL,'{\"method_title\":\"Tap\"}'),(116,116,3.0000,3.0000,NULL,51.7500,NULL,NULL,51.7500,NULL,3.0000,3.0000,51.7500,NULL,51.7500,NULL,NULL,NULL,51.7500,NULL,NULL,NULL,NULL,NULL,NULL,'tap',NULL,NULL,NULL,NULL,NULL,NULL,NULL,NULL,NULL,NULL,'chg_LV013120220926Qj620501085',NULL,NULL,NULL,NULL,NULL,NULL,NULL,NULL,NULL,NULL,NULL,NULL,NULL,NULL,NULL,NULL,'{\"method_title\":\"Tap\"}'),(117,117,NULL,NULL,NULL,NULL,NULL,NULL,NULL,NULL,3.0000,3.0000,NULL,NULL,49.7500,NULL,NULL,NULL,49.7500,NULL,NULL,NULL,NULL,NULL,NULL,'tap',NULL,NULL,NULL,NULL,NULL,NULL,NULL,NULL,NULL,NULL,NULL,NULL,NULL,NULL,NULL,NULL,NULL,NULL,NULL,NULL,NULL,NULL,NULL,NULL,NULL,NULL,NULL,'{\"method_title\":\"Tap\"}'),(118,118,3.0000,3.0000,NULL,49.7500,NULL,NULL,49.7500,NULL,3.0000,3.0000,49.7500,NULL,49.7500,NULL,NULL,NULL,49.7500,NULL,NULL,NULL,NULL,NULL,NULL,'tap',NULL,NULL,NULL,NULL,NULL,NULL,NULL,NULL,NULL,NULL,'chg_LV022820221508r9TD1202149',NULL,NULL,NULL,NULL,NULL,NULL,NULL,NULL,NULL,NULL,NULL,NULL,NULL,NULL,NULL,NULL,'{\"method_title\":\"Tap\"}'),(119,119,NULL,NULL,NULL,NULL,NULL,NULL,NULL,NULL,3.0000,3.0000,NULL,NULL,50.7500,NULL,NULL,NULL,50.7500,NULL,NULL,NULL,NULL,NULL,NULL,'tap',NULL,NULL,NULL,NULL,NULL,NULL,NULL,NULL,NULL,NULL,NULL,NULL,NULL,NULL,NULL,NULL,NULL,NULL,NULL,NULL,NULL,NULL,NULL,NULL,NULL,NULL,NULL,'{\"method_title\":\"Tap\"}'),(120,120,3.0000,3.0000,NULL,51.7500,NULL,NULL,51.7500,NULL,3.0000,3.0000,51.7500,NULL,51.7500,NULL,NULL,NULL,51.7500,NULL,NULL,NULL,NULL,NULL,NULL,'tap',NULL,NULL,NULL,NULL,NULL,NULL,NULL,NULL,NULL,NULL,'chg_LV060320222052Mj5o0303467',NULL,NULL,NULL,NULL,NULL,NULL,NULL,NULL,NULL,NULL,NULL,NULL,NULL,NULL,NULL,NULL,'{\"method_title\":\"Tap\"}'),(121,121,3.0000,3.0000,NULL,59.5000,NULL,NULL,59.5000,NULL,3.0000,3.0000,59.5000,NULL,59.5000,NULL,NULL,NULL,59.5000,NULL,NULL,NULL,NULL,NULL,NULL,'tap',NULL,NULL,NULL,NULL,NULL,NULL,NULL,NULL,NULL,NULL,'chg_LV022020221650s0Y20406710',NULL,NULL,NULL,NULL,NULL,NULL,NULL,NULL,NULL,NULL,NULL,NULL,NULL,NULL,NULL,NULL,'{\"method_title\":\"Tap\"}'),(122,122,3.0000,3.0000,NULL,26.7500,NULL,NULL,26.7500,NULL,3.0000,3.0000,26.7500,NULL,26.7500,NULL,NULL,NULL,26.7500,NULL,NULL,NULL,NULL,NULL,NULL,'tap',NULL,NULL,NULL,NULL,NULL,NULL,NULL,NULL,NULL,NULL,'chg_LV013820221645Dt2e1106615',NULL,NULL,NULL,NULL,NULL,NULL,NULL,NULL,NULL,NULL,NULL,NULL,NULL,NULL,NULL,NULL,'{\"method_title\":\"Tap\"}'),(123,123,3.0000,3.0000,NULL,58.5000,NULL,NULL,58.5000,NULL,3.0000,3.0000,58.5000,NULL,58.5000,NULL,NULL,NULL,58.5000,NULL,NULL,NULL,NULL,NULL,NULL,'tap',NULL,NULL,NULL,NULL,NULL,NULL,NULL,NULL,NULL,NULL,'chg_LV030320222221Rw6c1306312',NULL,NULL,NULL,NULL,NULL,NULL,NULL,NULL,NULL,NULL,NULL,NULL,NULL,NULL,NULL,NULL,'{\"method_title\":\"Tap\"}'),(124,124,3.0000,3.0000,NULL,33.7500,NULL,NULL,33.7500,NULL,3.0000,3.0000,33.7500,NULL,33.7500,NULL,NULL,NULL,33.7500,NULL,NULL,NULL,NULL,NULL,NULL,'tap',NULL,NULL,NULL,NULL,NULL,NULL,NULL,NULL,NULL,NULL,'chg_LV073120222345i8YO1506066',NULL,NULL,NULL,NULL,NULL,NULL,NULL,NULL,NULL,NULL,NULL,NULL,NULL,NULL,NULL,NULL,'{\"method_title\":\"Tap\"}'),(125,125,3.0000,3.0000,NULL,54.5000,NULL,NULL,54.5000,NULL,3.0000,3.0000,54.5000,NULL,54.5000,NULL,NULL,NULL,54.5000,NULL,NULL,NULL,NULL,NULL,NULL,'tap',NULL,NULL,NULL,NULL,NULL,NULL,NULL,NULL,NULL,NULL,'chg_LV035920220913Yu2w2206780',NULL,NULL,NULL,NULL,NULL,NULL,NULL,NULL,NULL,NULL,NULL,NULL,NULL,NULL,NULL,NULL,'{\"method_title\":\"Tap\"}'),(126,126,NULL,NULL,NULL,NULL,NULL,NULL,NULL,NULL,20.0000,20.0000,NULL,NULL,66.7500,NULL,NULL,NULL,66.7500,NULL,NULL,NULL,NULL,NULL,NULL,'tap',NULL,NULL,NULL,NULL,NULL,NULL,NULL,NULL,NULL,NULL,NULL,NULL,NULL,NULL,NULL,NULL,NULL,NULL,NULL,NULL,NULL,NULL,NULL,NULL,NULL,NULL,NULL,'{\"method_title\":\"Tap\"}'),(127,127,20.0000,20.0000,NULL,66.7500,NULL,NULL,66.7500,NULL,20.0000,20.0000,66.7500,NULL,66.7500,NULL,NULL,NULL,66.7500,NULL,NULL,NULL,NULL,NULL,NULL,'tap',NULL,NULL,NULL,NULL,NULL,NULL,NULL,NULL,NULL,NULL,'chg_LV061320220746e5PP0207658',NULL,NULL,NULL,NULL,NULL,NULL,NULL,NULL,NULL,NULL,NULL,NULL,NULL,NULL,NULL,NULL,'{\"method_title\":\"Tap\"}'),(128,128,3.0000,3.0000,NULL,57.5000,NULL,NULL,57.5000,NULL,3.0000,3.0000,57.5000,NULL,57.5000,NULL,NULL,NULL,57.5000,NULL,NULL,NULL,NULL,NULL,NULL,'tap',NULL,NULL,NULL,NULL,NULL,NULL,NULL,NULL,NULL,NULL,'chg_LV053520222307Mo860407183',NULL,NULL,NULL,NULL,NULL,NULL,NULL,NULL,NULL,NULL,NULL,NULL,NULL,NULL,NULL,NULL,'{\"method_title\":\"Tap\"}'),(129,129,NULL,NULL,NULL,NULL,NULL,NULL,NULL,NULL,3.0000,3.0000,NULL,NULL,54.7500,NULL,NULL,NULL,54.7500,NULL,NULL,NULL,NULL,NULL,NULL,'tap',NULL,NULL,NULL,NULL,NULL,NULL,NULL,NULL,NULL,NULL,NULL,NULL,NULL,NULL,NULL,NULL,NULL,NULL,NULL,NULL,NULL,NULL,NULL,NULL,NULL,NULL,NULL,'{\"method_title\":\"Tap\"}'),(130,130,3.0000,3.0000,NULL,63.5000,NULL,NULL,63.5000,NULL,3.0000,3.0000,63.5000,NULL,63.5000,NULL,NULL,NULL,63.5000,NULL,NULL,NULL,NULL,NULL,NULL,'tap',NULL,NULL,NULL,NULL,NULL,NULL,NULL,NULL,NULL,NULL,'chg_LV074920221201p0X80208280',NULL,NULL,NULL,NULL,NULL,NULL,NULL,NULL,NULL,NULL,NULL,NULL,NULL,NULL,NULL,NULL,'{\"method_title\":\"Tap\"}'),(131,131,3.0000,3.0000,NULL,28.7500,NULL,NULL,28.7500,NULL,3.0000,3.0000,28.7500,NULL,28.7500,NULL,NULL,NULL,28.7500,NULL,NULL,NULL,NULL,NULL,NULL,'tap',NULL,NULL,NULL,NULL,NULL,NULL,NULL,NULL,NULL,NULL,'chg_LV012520221722m0M50208506',NULL,NULL,NULL,NULL,NULL,NULL,NULL,NULL,NULL,NULL,NULL,NULL,NULL,NULL,NULL,NULL,'{\"method_title\":\"Tap\"}'),(132,132,NULL,NULL,NULL,NULL,NULL,NULL,NULL,NULL,3.0000,3.0000,NULL,NULL,26.7500,NULL,NULL,NULL,26.7500,NULL,NULL,NULL,NULL,NULL,NULL,'tap',NULL,NULL,NULL,NULL,NULL,NULL,NULL,NULL,NULL,NULL,NULL,NULL,NULL,NULL,NULL,NULL,NULL,NULL,NULL,NULL,NULL,NULL,NULL,NULL,NULL,NULL,NULL,'{\"method_title\":\"Tap\"}'),(133,133,3.0000,3.0000,NULL,55.5000,NULL,NULL,55.5000,NULL,3.0000,3.0000,55.5000,NULL,55.5000,NULL,NULL,NULL,55.5000,NULL,NULL,NULL,NULL,NULL,NULL,'tap',NULL,NULL,NULL,NULL,NULL,NULL,NULL,NULL,NULL,NULL,'chg_LV032520222347i2R20708089',NULL,NULL,NULL,NULL,NULL,NULL,NULL,NULL,NULL,NULL,NULL,NULL,NULL,NULL,NULL,NULL,'{\"method_title\":\"Tap\"}'),(134,134,3.0000,3.0000,NULL,80.2500,NULL,NULL,80.2500,NULL,3.0000,3.0000,80.2500,NULL,80.2500,NULL,NULL,NULL,80.2500,NULL,NULL,NULL,NULL,NULL,NULL,'tap',NULL,NULL,NULL,NULL,NULL,NULL,NULL,NULL,NULL,NULL,'chg_LV042220220020j2MY0109237',NULL,NULL,NULL,NULL,NULL,NULL,NULL,NULL,NULL,NULL,NULL,NULL,NULL,NULL,NULL,NULL,'{\"method_title\":\"Tap\"}'),(135,135,NULL,NULL,NULL,NULL,NULL,NULL,NULL,NULL,3.0000,3.0000,NULL,NULL,60.5000,NULL,NULL,NULL,60.5000,NULL,NULL,NULL,NULL,NULL,NULL,'tap',NULL,NULL,NULL,NULL,NULL,NULL,NULL,NULL,NULL,NULL,NULL,NULL,NULL,NULL,NULL,NULL,NULL,NULL,NULL,NULL,NULL,NULL,NULL,NULL,NULL,NULL,NULL,'{\"method_title\":\"Tap\"}'),(136,136,NULL,NULL,NULL,NULL,NULL,NULL,NULL,NULL,0.0000,0.0000,NULL,NULL,26.7500,NULL,NULL,NULL,26.7500,NULL,NULL,NULL,NULL,NULL,NULL,'tap',NULL,NULL,NULL,NULL,NULL,NULL,NULL,NULL,NULL,NULL,NULL,NULL,NULL,NULL,NULL,NULL,NULL,NULL,NULL,NULL,NULL,NULL,NULL,NULL,NULL,NULL,NULL,'{\"method_title\":\"Tap\"}'),(137,137,0.0000,0.0000,NULL,28.7500,NULL,NULL,28.7500,NULL,0.0000,0.0000,28.7500,NULL,28.7500,NULL,NULL,NULL,28.7500,NULL,NULL,NULL,NULL,NULL,NULL,'tap',NULL,NULL,NULL,NULL,NULL,NULL,NULL,NULL,NULL,NULL,'chg_LV060320221503Yc2i2509538',NULL,NULL,NULL,NULL,NULL,NULL,NULL,NULL,NULL,NULL,NULL,NULL,NULL,NULL,NULL,NULL,'{\"method_title\":\"Tap\"}'),(138,138,3.0000,3.0000,NULL,28.7500,NULL,NULL,28.7500,NULL,3.0000,3.0000,28.7500,NULL,28.7500,NULL,NULL,NULL,28.7500,NULL,NULL,NULL,NULL,NULL,NULL,'tap',NULL,NULL,NULL,NULL,NULL,NULL,NULL,NULL,NULL,NULL,'chg_LV062220221516Ki9p2709663',NULL,NULL,NULL,NULL,NULL,NULL,NULL,NULL,NULL,NULL,NULL,NULL,NULL,NULL,NULL,NULL,'{\"method_title\":\"Tap\"}'),(139,139,NULL,NULL,NULL,NULL,NULL,NULL,NULL,NULL,3.0000,3.0000,NULL,NULL,31.7500,NULL,NULL,NULL,31.7500,NULL,NULL,NULL,NULL,NULL,NULL,'tap',NULL,NULL,NULL,NULL,NULL,NULL,NULL,NULL,NULL,NULL,NULL,NULL,NULL,NULL,NULL,NULL,NULL,NULL,NULL,NULL,NULL,NULL,NULL,NULL,NULL,NULL,NULL,'{\"method_title\":\"Tap\"}'),(140,140,3.0000,3.0000,NULL,54.7500,NULL,NULL,54.7500,NULL,3.0000,3.0000,54.7500,NULL,54.7500,NULL,NULL,NULL,54.7500,NULL,NULL,NULL,NULL,NULL,NULL,'tap',NULL,NULL,NULL,NULL,NULL,NULL,NULL,NULL,NULL,NULL,'chg_LV052420221039Jm262809529',NULL,NULL,NULL,NULL,NULL,NULL,NULL,NULL,NULL,NULL,NULL,NULL,NULL,NULL,NULL,NULL,'{\"method_title\":\"Tap\"}'),(141,141,NULL,NULL,NULL,NULL,NULL,NULL,NULL,NULL,3.0000,3.0000,NULL,NULL,54.5000,NULL,NULL,NULL,54.5000,NULL,NULL,NULL,NULL,NULL,NULL,'tap',NULL,NULL,NULL,NULL,NULL,NULL,NULL,NULL,NULL,NULL,NULL,NULL,NULL,NULL,NULL,NULL,NULL,NULL,NULL,NULL,NULL,NULL,NULL,NULL,NULL,NULL,NULL,'{\"method_title\":\"Tap\"}'),(142,142,3.0000,3.0000,NULL,63.5000,NULL,NULL,63.5000,NULL,3.0000,3.0000,63.5000,NULL,63.5000,NULL,NULL,NULL,63.5000,NULL,NULL,NULL,NULL,NULL,NULL,'tap',NULL,NULL,NULL,NULL,NULL,NULL,NULL,NULL,NULL,NULL,'chg_LV054420221756Tk281110313',NULL,NULL,NULL,NULL,NULL,NULL,NULL,NULL,NULL,NULL,NULL,NULL,NULL,NULL,NULL,NULL,'{\"method_title\":\"Tap\"}'),(143,143,3.0000,3.0000,NULL,63.5000,NULL,NULL,63.5000,NULL,3.0000,3.0000,63.5000,NULL,63.5000,NULL,NULL,NULL,63.5000,NULL,NULL,NULL,NULL,NULL,NULL,'tap',NULL,NULL,NULL,NULL,NULL,NULL,NULL,NULL,NULL,NULL,'chg_LV023920221608Dn5a2010174',NULL,NULL,NULL,NULL,NULL,NULL,NULL,NULL,NULL,NULL,NULL,NULL,NULL,NULL,NULL,NULL,'{\"method_title\":\"Tap\"}'),(144,144,3.0000,3.0000,NULL,29.7500,NULL,NULL,29.7500,NULL,3.0000,3.0000,29.7500,NULL,29.7500,NULL,NULL,NULL,29.7500,NULL,NULL,NULL,NULL,NULL,NULL,'tap',NULL,NULL,NULL,NULL,NULL,NULL,NULL,NULL,NULL,NULL,'chg_LV053220221815Dp290611005',NULL,NULL,NULL,NULL,NULL,NULL,NULL,NULL,NULL,NULL,NULL,NULL,NULL,NULL,NULL,NULL,'{\"method_title\":\"Tap\"}'),(145,145,0.0000,0.0000,NULL,39.0000,NULL,NULL,39.0000,NULL,0.0000,0.0000,39.0000,NULL,39.0000,NULL,NULL,NULL,39.0000,NULL,NULL,NULL,NULL,NULL,NULL,'tap',NULL,NULL,NULL,NULL,NULL,NULL,NULL,NULL,NULL,NULL,'chg_LV041420222201Ny501512522',NULL,NULL,NULL,NULL,NULL,NULL,NULL,NULL,NULL,NULL,NULL,NULL,NULL,NULL,NULL,NULL,'{\"method_title\":\"Tap\"}'),(146,146,0.0000,0.0000,NULL,40.0000,NULL,NULL,40.0000,NULL,0.0000,0.0000,40.0000,NULL,40.0000,NULL,NULL,NULL,40.0000,NULL,NULL,NULL,NULL,NULL,NULL,'tap',NULL,NULL,NULL,NULL,NULL,NULL,NULL,NULL,NULL,NULL,'chg_LV062920221050Lm9p2012500',NULL,NULL,NULL,NULL,NULL,NULL,NULL,NULL,NULL,NULL,NULL,NULL,NULL,NULL,NULL,NULL,'{\"method_title\":\"Tap\"}'),(147,147,NULL,NULL,NULL,NULL,NULL,NULL,NULL,NULL,0.0000,0.0000,NULL,NULL,40.0000,NULL,NULL,NULL,40.0000,NULL,NULL,NULL,NULL,NULL,NULL,'tap',NULL,NULL,NULL,NULL,NULL,NULL,NULL,NULL,NULL,NULL,NULL,NULL,NULL,NULL,NULL,NULL,NULL,NULL,NULL,NULL,NULL,NULL,NULL,NULL,NULL,NULL,NULL,'{\"method_title\":\"Tap\"}'),(148,148,0.0000,0.0000,NULL,60.0000,NULL,NULL,60.0000,NULL,0.0000,0.0000,60.0000,NULL,60.0000,NULL,NULL,NULL,60.0000,NULL,NULL,NULL,NULL,NULL,NULL,'tap',NULL,NULL,NULL,NULL,NULL,NULL,NULL,NULL,NULL,NULL,'chg_LV023820231121Ho260601988',NULL,NULL,NULL,NULL,NULL,NULL,NULL,NULL,NULL,NULL,NULL,NULL,NULL,NULL,NULL,NULL,'{\"method_title\":\"Tap\"}'),(149,149,NULL,NULL,NULL,NULL,NULL,NULL,NULL,NULL,0.0000,0.0000,NULL,NULL,40.0000,NULL,NULL,NULL,40.0000,NULL,NULL,NULL,NULL,NULL,NULL,'tap',NULL,NULL,NULL,NULL,NULL,NULL,NULL,NULL,NULL,NULL,NULL,NULL,NULL,NULL,NULL,NULL,NULL,NULL,NULL,NULL,NULL,NULL,NULL,NULL,NULL,NULL,NULL,'{\"method_title\":\"Tap\"}'),(150,150,NULL,NULL,NULL,NULL,NULL,NULL,NULL,NULL,0.0000,0.0000,NULL,NULL,35.0000,NULL,NULL,NULL,35.0000,NULL,NULL,NULL,NULL,NULL,NULL,'tap',NULL,NULL,NULL,NULL,NULL,NULL,NULL,NULL,NULL,NULL,NULL,NULL,NULL,NULL,NULL,NULL,NULL,NULL,NULL,NULL,NULL,NULL,NULL,NULL,NULL,NULL,NULL,'{\"method_title\":\"Tap\"}'),(151,151,NULL,NULL,NULL,NULL,NULL,NULL,NULL,NULL,0.0000,0.0000,NULL,NULL,35.0000,NULL,NULL,NULL,35.0000,NULL,NULL,NULL,NULL,NULL,NULL,'tap',NULL,NULL,NULL,NULL,NULL,NULL,NULL,NULL,NULL,NULL,NULL,NULL,NULL,NULL,NULL,NULL,NULL,NULL,NULL,NULL,NULL,NULL,NULL,NULL,NULL,NULL,NULL,'{\"method_title\":\"Tap\"}'),(152,152,0.0000,0.0000,NULL,35.0000,NULL,NULL,35.0000,NULL,0.0000,0.0000,35.0000,NULL,35.0000,NULL,NULL,NULL,35.0000,NULL,NULL,NULL,NULL,NULL,NULL,'tap',NULL,NULL,NULL,NULL,NULL,NULL,NULL,NULL,NULL,NULL,NULL,NULL,NULL,NULL,NULL,NULL,NULL,NULL,NULL,NULL,NULL,NULL,NULL,NULL,NULL,NULL,NULL,'{\"method_title\":\"Tap\"}'),(153,153,0.0000,0.0000,NULL,85.0000,NULL,NULL,85.0000,NULL,0.0000,0.0000,85.0000,NULL,85.0000,NULL,NULL,NULL,85.0000,NULL,NULL,NULL,NULL,NULL,NULL,'tap',NULL,NULL,NULL,NULL,NULL,NULL,NULL,NULL,NULL,NULL,'chg_LV04A5920230218Lt6g0902902',NULL,NULL,NULL,NULL,NULL,NULL,NULL,NULL,NULL,NULL,NULL,NULL,NULL,NULL,NULL,NULL,'{\"method_title\":\"Tap\"}'),(154,154,0.0000,0.0000,NULL,35.0000,NULL,NULL,35.0000,NULL,0.0000,0.0000,35.0000,NULL,35.0000,NULL,NULL,NULL,35.0000,NULL,NULL,NULL,NULL,NULL,NULL,'tap',NULL,NULL,NULL,NULL,NULL,NULL,NULL,NULL,NULL,NULL,'chg_LV01A5620231633e2RH1702512',NULL,NULL,NULL,NULL,NULL,NULL,NULL,NULL,NULL,NULL,NULL,NULL,NULL,NULL,NULL,NULL,'{\"method_title\":\"Tap\"}'),(155,155,NULL,NULL,NULL,NULL,NULL,NULL,NULL,NULL,0.0000,0.0000,NULL,NULL,35.0000,NULL,NULL,NULL,35.0000,NULL,NULL,NULL,NULL,NULL,NULL,'tap',NULL,NULL,NULL,NULL,NULL,NULL,NULL,NULL,NULL,NULL,NULL,NULL,NULL,NULL,NULL,NULL,NULL,NULL,NULL,NULL,NULL,NULL,NULL,NULL,NULL,NULL,NULL,'{\"method_title\":\"Tap\"}'),(156,156,NULL,NULL,NULL,NULL,NULL,NULL,NULL,NULL,0.0000,0.0000,NULL,NULL,35.0000,NULL,NULL,NULL,35.0000,NULL,NULL,NULL,NULL,NULL,NULL,'tap',NULL,NULL,NULL,NULL,NULL,NULL,NULL,NULL,NULL,NULL,NULL,NULL,NULL,NULL,NULL,NULL,NULL,NULL,NULL,NULL,NULL,NULL,NULL,NULL,NULL,NULL,NULL,'{\"method_title\":\"Tap\"}'),(157,157,NULL,NULL,NULL,NULL,NULL,NULL,NULL,NULL,0.0000,0.0000,NULL,NULL,35.0000,NULL,NULL,NULL,35.0000,NULL,NULL,NULL,NULL,NULL,NULL,'tap',NULL,NULL,NULL,NULL,NULL,NULL,NULL,NULL,NULL,NULL,NULL,NULL,NULL,NULL,NULL,NULL,NULL,NULL,NULL,NULL,NULL,NULL,NULL,NULL,NULL,NULL,NULL,'{\"method_title\":\"Tap\"}'),(158,158,NULL,NULL,NULL,NULL,NULL,NULL,NULL,NULL,0.0000,0.0000,NULL,NULL,35.0000,NULL,NULL,NULL,35.0000,NULL,NULL,NULL,NULL,NULL,NULL,'tap',NULL,NULL,NULL,NULL,NULL,NULL,NULL,NULL,NULL,NULL,NULL,NULL,NULL,NULL,NULL,NULL,NULL,NULL,NULL,NULL,NULL,NULL,NULL,NULL,NULL,NULL,NULL,'{\"method_title\":\"Tap\"}'),(159,159,NULL,NULL,NULL,NULL,NULL,NULL,NULL,NULL,0.0000,0.0000,NULL,NULL,35.0000,NULL,NULL,NULL,35.0000,NULL,NULL,NULL,NULL,NULL,NULL,'tap',NULL,NULL,NULL,NULL,NULL,NULL,NULL,NULL,NULL,NULL,NULL,NULL,NULL,NULL,NULL,NULL,NULL,NULL,NULL,NULL,NULL,NULL,NULL,NULL,NULL,NULL,NULL,'{\"method_title\":\"Tap\"}'),(160,160,NULL,NULL,NULL,NULL,NULL,NULL,NULL,NULL,0.0000,0.0000,NULL,NULL,35.0000,NULL,NULL,NULL,35.0000,NULL,NULL,NULL,NULL,NULL,NULL,'tap',NULL,NULL,NULL,NULL,NULL,NULL,NULL,NULL,NULL,NULL,NULL,NULL,NULL,NULL,NULL,NULL,NULL,NULL,NULL,NULL,NULL,NULL,NULL,NULL,NULL,NULL,NULL,'{\"method_title\":\"Tap\"}'),(161,161,NULL,NULL,NULL,NULL,NULL,NULL,NULL,NULL,0.0000,0.0000,NULL,NULL,35.0000,NULL,NULL,NULL,35.0000,NULL,NULL,NULL,NULL,NULL,NULL,'tap',NULL,NULL,NULL,NULL,NULL,NULL,NULL,NULL,NULL,NULL,NULL,NULL,NULL,NULL,NULL,NULL,NULL,NULL,NULL,NULL,NULL,NULL,NULL,NULL,NULL,NULL,NULL,'{\"method_title\":\"Tap\"}'),(162,162,NULL,NULL,NULL,NULL,NULL,NULL,NULL,NULL,0.0000,0.0000,NULL,NULL,35.0000,NULL,NULL,NULL,35.0000,NULL,NULL,NULL,NULL,NULL,NULL,'tap',NULL,NULL,NULL,NULL,NULL,NULL,NULL,NULL,NULL,NULL,NULL,NULL,NULL,NULL,NULL,NULL,NULL,NULL,NULL,NULL,NULL,NULL,NULL,NULL,NULL,NULL,NULL,'{\"method_title\":\"Tap\"}'),(163,163,NULL,NULL,NULL,NULL,NULL,NULL,NULL,NULL,0.0000,0.0000,NULL,NULL,60.0000,NULL,NULL,NULL,60.0000,NULL,NULL,NULL,NULL,NULL,NULL,'tap',NULL,NULL,NULL,NULL,NULL,NULL,NULL,NULL,NULL,NULL,NULL,NULL,NULL,NULL,NULL,NULL,NULL,NULL,NULL,NULL,NULL,NULL,NULL,NULL,NULL,NULL,NULL,'{\"method_title\":\"Tap\"}'),(164,164,NULL,NULL,NULL,NULL,NULL,NULL,NULL,NULL,0.0000,0.0000,NULL,NULL,60.0000,NULL,NULL,NULL,60.0000,NULL,NULL,NULL,NULL,NULL,NULL,'tap',NULL,NULL,NULL,NULL,NULL,NULL,NULL,NULL,NULL,NULL,NULL,NULL,NULL,NULL,NULL,NULL,NULL,NULL,NULL,NULL,NULL,NULL,NULL,NULL,NULL,NULL,NULL,'{\"method_title\":\"Tap\"}'),(165,165,NULL,NULL,NULL,NULL,NULL,NULL,NULL,NULL,0.0000,0.0000,NULL,NULL,40.0000,NULL,NULL,NULL,40.0000,NULL,NULL,NULL,NULL,NULL,NULL,'tap',NULL,NULL,NULL,NULL,NULL,NULL,NULL,NULL,NULL,NULL,NULL,NULL,NULL,NULL,NULL,NULL,NULL,NULL,NULL,NULL,NULL,NULL,NULL,NULL,NULL,NULL,NULL,'{\"method_title\":\"Tap\"}'),(166,166,NULL,NULL,NULL,NULL,NULL,NULL,NULL,NULL,3.0000,3.0000,NULL,NULL,33.7500,NULL,NULL,NULL,33.7500,NULL,NULL,NULL,NULL,NULL,NULL,'tap',NULL,NULL,NULL,NULL,NULL,NULL,NULL,NULL,NULL,NULL,NULL,NULL,NULL,NULL,NULL,NULL,NULL,NULL,NULL,NULL,NULL,NULL,NULL,NULL,NULL,NULL,NULL,'{\"method_title\":\"Tap\"}'),(167,167,NULL,NULL,NULL,NULL,NULL,NULL,NULL,NULL,0.0000,0.0000,NULL,NULL,120.0000,NULL,NULL,NULL,120.0000,NULL,NULL,NULL,NULL,NULL,NULL,'tap',NULL,NULL,NULL,NULL,NULL,NULL,NULL,NULL,NULL,NULL,NULL,NULL,NULL,NULL,NULL,NULL,NULL,NULL,NULL,NULL,NULL,NULL,NULL,NULL,NULL,NULL,NULL,'{\"method_title\":\"Tap\"}'),(168,168,NULL,NULL,NULL,NULL,NULL,NULL,NULL,NULL,0.0000,0.0000,NULL,NULL,85.0000,NULL,NULL,NULL,85.0000,NULL,NULL,NULL,NULL,NULL,NULL,'tap',NULL,NULL,NULL,NULL,NULL,NULL,NULL,NULL,NULL,NULL,NULL,NULL,NULL,NULL,NULL,NULL,NULL,NULL,NULL,NULL,NULL,NULL,NULL,NULL,NULL,NULL,NULL,'{\"method_title\":\"Tap\"}'),(169,169,NULL,NULL,NULL,NULL,NULL,NULL,NULL,NULL,0.0000,0.0000,NULL,NULL,40.0000,NULL,NULL,NULL,40.0000,NULL,NULL,NULL,NULL,NULL,NULL,'tap',NULL,NULL,NULL,NULL,NULL,NULL,NULL,NULL,NULL,NULL,NULL,NULL,NULL,NULL,NULL,NULL,NULL,NULL,NULL,NULL,NULL,NULL,NULL,NULL,NULL,NULL,NULL,'{\"method_title\":\"Tap\"}'),(170,170,NULL,NULL,NULL,NULL,NULL,NULL,NULL,NULL,0.0000,0.0000,NULL,NULL,86.7500,NULL,NULL,NULL,86.7500,NULL,NULL,NULL,NULL,NULL,NULL,'tap',NULL,NULL,NULL,NULL,NULL,NULL,NULL,NULL,NULL,NULL,NULL,NULL,NULL,NULL,NULL,NULL,NULL,NULL,NULL,NULL,NULL,NULL,NULL,NULL,NULL,NULL,NULL,'{\"method_title\":\"Tap\"}'),(171,171,NULL,NULL,NULL,NULL,NULL,NULL,NULL,NULL,0.0000,0.0000,NULL,NULL,39.0000,NULL,NULL,NULL,39.0000,NULL,NULL,NULL,NULL,NULL,NULL,'tap',NULL,NULL,NULL,NULL,NULL,NULL,NULL,NULL,NULL,NULL,NULL,NULL,NULL,NULL,NULL,NULL,NULL,NULL,NULL,NULL,NULL,NULL,NULL,NULL,NULL,NULL,NULL,'{\"method_title\":\"Tap\"}'),(172,172,NULL,NULL,NULL,NULL,NULL,NULL,NULL,NULL,0.0000,0.0000,NULL,NULL,40.0000,NULL,NULL,NULL,40.0000,NULL,NULL,NULL,NULL,NULL,NULL,'tap',NULL,NULL,NULL,NULL,NULL,NULL,NULL,NULL,NULL,NULL,NULL,NULL,NULL,NULL,NULL,NULL,NULL,NULL,NULL,NULL,NULL,NULL,NULL,NULL,NULL,NULL,NULL,'{\"method_title\":\"Tap\"}'),(173,173,NULL,NULL,NULL,NULL,NULL,NULL,NULL,NULL,0.0000,0.0000,NULL,NULL,48.0000,NULL,NULL,NULL,48.0000,NULL,NULL,NULL,NULL,NULL,NULL,'tap',NULL,NULL,NULL,NULL,NULL,NULL,NULL,NULL,NULL,NULL,NULL,NULL,NULL,NULL,NULL,NULL,NULL,NULL,NULL,NULL,NULL,NULL,NULL,NULL,NULL,NULL,NULL,'{\"method_title\":\"Tap\"}'),(174,174,NULL,NULL,NULL,NULL,NULL,NULL,NULL,NULL,0.0000,0.0000,NULL,NULL,120.0000,NULL,NULL,NULL,120.0000,NULL,NULL,NULL,NULL,NULL,NULL,'tap',NULL,NULL,NULL,NULL,NULL,NULL,NULL,NULL,NULL,NULL,NULL,NULL,NULL,NULL,NULL,NULL,NULL,NULL,NULL,NULL,NULL,NULL,NULL,NULL,NULL,NULL,NULL,'{\"method_title\":\"Tap\"}'),(175,175,NULL,NULL,NULL,NULL,NULL,NULL,NULL,NULL,3.0000,3.0000,NULL,NULL,209.7500,NULL,NULL,NULL,209.7500,NULL,NULL,NULL,NULL,'0',NULL,'tap',NULL,NULL,NULL,NULL,NULL,NULL,NULL,NULL,'0',NULL,NULL,NULL,NULL,NULL,NULL,'0',NULL,NULL,NULL,NULL,NULL,NULL,NULL,NULL,NULL,NULL,NULL,'{\"method_title\":\"Tap\"}'),(176,176,NULL,NULL,NULL,NULL,NULL,NULL,NULL,NULL,3.0000,3.0000,NULL,NULL,50.7500,NULL,NULL,NULL,50.7500,NULL,NULL,NULL,NULL,NULL,NULL,'tap',NULL,NULL,NULL,NULL,NULL,NULL,NULL,NULL,NULL,NULL,NULL,NULL,NULL,NULL,NULL,NULL,NULL,NULL,NULL,NULL,NULL,NULL,NULL,NULL,NULL,NULL,NULL,'{\"method_title\":\"Tap\"}'),(177,177,NULL,NULL,NULL,NULL,NULL,NULL,NULL,NULL,0.0000,0.0000,NULL,NULL,120.0000,NULL,NULL,NULL,120.0000,NULL,NULL,NULL,NULL,NULL,NULL,'tap',NULL,NULL,NULL,NULL,NULL,NULL,NULL,NULL,NULL,NULL,NULL,NULL,NULL,NULL,NULL,NULL,NULL,NULL,NULL,NULL,NULL,NULL,NULL,NULL,NULL,NULL,NULL,'{\"method_title\":\"Tap\"}'),(178,178,NULL,NULL,NULL,NULL,NULL,NULL,NULL,NULL,0.0000,0.0000,NULL,NULL,60.0000,NULL,NULL,NULL,60.0000,NULL,NULL,NULL,NULL,NULL,NULL,'tap',NULL,NULL,NULL,NULL,NULL,NULL,NULL,NULL,NULL,NULL,NULL,NULL,NULL,NULL,NULL,NULL,NULL,NULL,NULL,NULL,NULL,NULL,NULL,NULL,NULL,NULL,NULL,'{\"method_title\":\"Tap\"}'),(179,179,NULL,NULL,NULL,NULL,NULL,NULL,NULL,NULL,0.0000,0.0000,NULL,NULL,60.0000,NULL,NULL,NULL,60.0000,NULL,NULL,NULL,NULL,NULL,NULL,'tap',NULL,NULL,NULL,NULL,NULL,NULL,NULL,NULL,NULL,NULL,NULL,NULL,NULL,NULL,NULL,NULL,NULL,NULL,NULL,NULL,NULL,NULL,NULL,NULL,NULL,NULL,NULL,'{\"method_title\":\"Tap\"}'),(180,180,NULL,NULL,NULL,NULL,NULL,NULL,NULL,NULL,3.0000,3.0000,NULL,NULL,63.0000,NULL,NULL,NULL,63.0000,NULL,NULL,NULL,NULL,NULL,NULL,'tap',NULL,NULL,NULL,NULL,NULL,NULL,NULL,NULL,NULL,NULL,NULL,NULL,NULL,NULL,NULL,NULL,NULL,NULL,NULL,NULL,NULL,NULL,NULL,NULL,NULL,NULL,NULL,'{\"method_title\":\"Tap\"}'),(181,181,NULL,NULL,NULL,NULL,NULL,NULL,NULL,NULL,3.0000,3.0000,NULL,NULL,63.0000,NULL,NULL,NULL,63.0000,NULL,NULL,NULL,NULL,NULL,NULL,'tap',NULL,NULL,NULL,NULL,NULL,NULL,NULL,NULL,NULL,NULL,NULL,NULL,NULL,NULL,NULL,NULL,NULL,NULL,NULL,NULL,NULL,NULL,NULL,NULL,NULL,NULL,NULL,'{\"method_title\":\"Tap\"}');

--
-- Table structure for table `mag2_sales_order_status`
--

CREATE TABLE `mag2_sales_order_status` (
  `status` varchar(32) NOT NULL COMMENT 'Status',
  `label` varchar(128) NOT NULL COMMENT 'Label',
  PRIMARY KEY (`status`)
) ENGINE=InnoDB DEFAULT CHARSET=utf8 COMMENT='Sales Order Status Table';

--
-- Dumping data for table `mag2_sales_order_status`
--

INSERT INTO `mag2_sales_order_status` VALUES ('canceled','Canceled'),('closed','Closed'),('complete','Complete'),('fraud','Suspected Fraud'),('holded','On Hold'),('payment_review','Payment Review'),('paypal_canceled_reversal','PayPal Canceled Reversal'),('paypal_reversed','PayPal Reversed'),('pending','Pending'),('pending_payment','Pending Payment'),('pending_paypal','Pending PayPal'),('processing','Processing');

--
-- Table structure for table `mag2_sales_order_status_history`
--

CREATE TABLE `mag2_sales_order_status_history` (
  `entity_id` int(10) unsigned NOT NULL AUTO_INCREMENT COMMENT 'Entity Id',
  `parent_id` int(10) unsigned NOT NULL COMMENT 'Parent Id',
  `is_customer_notified` int(11) DEFAULT NULL COMMENT 'Is Customer Notified',
  `is_visible_on_front` smallint(5) unsigned NOT NULL DEFAULT '0' COMMENT 'Is Visible On Front',
  `comment` text COMMENT 'Comment',
  `status` varchar(32) DEFAULT NULL COMMENT 'Status',
  `created_at` timestamp NOT NULL DEFAULT CURRENT_TIMESTAMP COMMENT 'Created At',
  `entity_name` varchar(32) DEFAULT NULL COMMENT 'Shows what entity history is bind to.',
  PRIMARY KEY (`entity_id`),
  KEY `MAG2_SALES_ORDER_STATUS_HISTORY_PARENT_ID` (`parent_id`),
  KEY `MAG2_SALES_ORDER_STATUS_HISTORY_CREATED_AT` (`created_at`)
) ENGINE=InnoDB AUTO_INCREMENT=387 DEFAULT CHARSET=utf8 COMMENT='Sales Flat Order Status History';

--
-- Dumping data for table `mag2_sales_order_status_history`
--

INSERT INTO `mag2_sales_order_status_history` VALUES (1,2,NULL,0,'<br/>The customer was redirected to Tap',NULL,'2021-02-21 11:18:09','order'),(2,2,NULL,0,'<br/><b>Tap payment successful</b><br/><br/>Tap ID - chg_LV030920211418w2HX2102011<br/><br/>Order ID - 2<br/><br/>Payment Type - Credit Card<br/><br/>Payment ID - chg_LV030920211418w2HX2102011',NULL,'2021-02-21 11:19:50','order'),(3,2,1,0,'Tap Transaction Successful','processing','2021-02-21 11:19:50','order'),(4,2,NULL,0,'Captured amount of  KD0.10 online.','processing','2021-02-21 11:19:50','invoice'),(5,3,NULL,0,'<br/>The customer was redirected to Tap',NULL,'2021-02-22 06:05:36','order'),(6,9,NULL,0,'<br/>The customer was redirected to Tap',NULL,'2021-03-05 20:08:18','order'),(7,10,NULL,0,'<br/>The customer was redirected to Tap',NULL,'2021-03-05 20:46:53','order'),(8,10,NULL,0,'<br/><b>Tap payment successful</b><br/><br/>Tap ID - chg_LV035320212346e2NJ0503224<br/><br/>Order ID - 10<br/><br/>Payment Type - Credit Card<br/><br/>Payment ID - chg_LV035320212346e2NJ0503224',NULL,'2021-03-05 20:51:42','order'),(9,10,1,0,'Tap Transaction Successful','processing','2021-03-05 20:51:42','order'),(10,10,NULL,0,'Captured amount of  KD28.75 online.','processing','2021-03-05 20:51:42','invoice'),(11,7,1,0,'estimated delivery within 7 days','processing','2021-03-06 09:42:27','order'),(12,10,1,0,'Estimated delivery within 7 days.','processing','2021-03-06 09:46:32','order'),(13,11,NULL,0,'<br/>The customer was redirected to Tap',NULL,'2021-03-06 17:07:13','order'),(14,12,NULL,0,'<br/>The customer was redirected to Tap',NULL,'2021-03-07 12:15:59','order'),(15,13,NULL,0,'<br/>The customer was redirected to Tap',NULL,'2021-03-07 22:50:34','order'),(16,19,1,1,'Estimated delivery within 7-10 days.','pending','2021-03-14 17:44:07','order'),(17,20,NULL,0,'<br/>The customer was redirected to Tap',NULL,'2021-03-17 08:07:04','order'),(18,20,NULL,0,'<br/><b>Tap payment successful</b><br/><br/>Tap ID - chg_LV060420211107p2KK1703191<br/><br/>Order ID - 20<br/><br/>Payment Type - Credit Card<br/><br/>Payment ID - chg_LV060420211107p2KK1703191',NULL,'2021-03-17 08:08:25','order'),(19,20,1,0,'Tap Transaction Successful','processing','2021-03-17 08:08:25','order'),(20,20,NULL,0,'Captured amount of  KD51.75 online.','processing','2021-03-17 08:08:25','invoice'),(21,20,1,1,'Estimated delivery within 5 days.','processing','2021-03-20 16:11:39','order'),(22,26,NULL,0,'<br/><b>Tap payment successful</b><br/><br/>Tap ID - chg_LV050420211850Mg622203409<br/><br/>Order ID - 26<br/><br/>Payment Type - Credit Card<br/><br/>Payment ID - chg_LV050420211850Mg622203409',NULL,'2021-03-22 15:50:56','order'),(23,26,1,0,'Tap Transaction Successful','processing','2021-03-22 15:50:56','order'),(24,26,NULL,0,'Captured amount of  KD116.00 online.','processing','2021-03-22 15:50:56','invoice'),(25,26,1,1,'Estimated delivery within 7-10 days.','processing','2021-03-22 21:11:55','order'),(26,27,NULL,0,'<br/>The customer was redirected to Tap',NULL,'2021-03-27 18:03:11','order'),(27,27,NULL,0,'<br/><b>Tap payment successful</b><br/><br/>Tap ID - chg_LV010920212103Yn602703165<br/><br/>Order ID - 27<br/><br/>Payment Type - Credit Card<br/><br/>Payment ID - chg_LV010920212103Yn602703165',NULL,'2021-03-27 18:04:33','order'),(28,27,1,0,'Tap Transaction Successful','processing','2021-03-27 18:04:33','order'),(29,27,NULL,0,'Captured amount of  KD29.75 online.','processing','2021-03-27 18:04:33','invoice'),(30,27,1,1,'Estimated delivery within 7-10 days.','processing','2021-03-27 18:24:57','order'),(31,28,NULL,0,'<br/>The customer was redirected to Tap',NULL,'2021-03-27 18:33:47','order'),(32,28,NULL,0,'<br/><b>Tap payment successful</b><br/><br/>Tap ID - chg_LV044520212133Pp9j2703749<br/><br/>Order ID - 28<br/><br/>Payment Type - Credit Card<br/><br/>Payment ID - chg_LV044520212133Pp9j2703749',NULL,'2021-03-27 18:35:07','order'),(33,28,1,0,'Tap Transaction Successful','processing','2021-03-27 18:35:07','order'),(34,28,NULL,0,'Captured amount of  KD31.75 online.','processing','2021-03-27 18:35:07','invoice'),(35,28,1,1,'jacket length 28 inch.\nEstimated delivery 7-10 days.','processing','2021-03-27 18:41:26','order'),(36,32,NULL,0,'<br/><b>Tap payment successful</b><br/><br/>Tap ID - chg_LV052120211500Ym923103687<br/><br/>Order ID - 32<br/><br/>Payment Type - Credit Card<br/><br/>Payment ID - chg_LV052120211500Ym923103687',NULL,'2021-03-31 12:01:13','order'),(37,32,1,0,'Tap Transaction Successful','processing','2021-03-31 12:01:13','order'),(38,32,NULL,0,'Captured amount of  KD65.75 online.','processing','2021-03-31 12:01:13','invoice'),(39,32,1,1,'Estimated delivery within 7-10 days.\n','complete','2021-03-31 16:00:20','order'),(40,33,NULL,0,'<br/>The customer was redirected to Tap',NULL,'2021-04-02 15:57:41','order'),(41,34,NULL,0,'<br/>The customer was redirected to Tap',NULL,'2021-04-04 17:28:10','order'),(42,34,NULL,0,'<br/><b>Tap payment successful</b><br/><br/>Tap ID - chg_LV060720212028Lq8k0404017<br/><br/>Order ID - 34<br/><br/>Payment Type - Credit Card<br/><br/>Payment ID - chg_LV060720212028Lq8k0404017',NULL,'2021-04-04 17:29:11','order'),(43,34,1,0,'Tap Transaction Successful','processing','2021-04-04 17:29:11','order'),(44,34,NULL,0,'Captured amount of  KD70.75 online.','processing','2021-04-04 17:29:11','invoice'),(45,35,NULL,0,'<br/>The customer was redirected to Tap',NULL,'2021-04-04 18:39:02','order'),(46,35,NULL,0,'<br/><b>Tap payment successful</b><br/><br/>Tap ID - chg_LV040020212139Lh2l0404767<br/><br/>Order ID - 35<br/><br/>Payment Type - Credit Card<br/><br/>Payment ID - chg_LV040020212139Lh2l0404767',NULL,'2021-04-04 18:45:06','order'),(47,35,1,0,'Tap Transaction Successful','processing','2021-04-04 18:45:06','order'),(48,35,NULL,0,'Captured amount of  KD32.75 online.','processing','2021-04-04 18:45:06','invoice'),(49,34,1,1,'Estimated delivery within 7-10 days.\n','processing','2021-04-04 18:49:30','order'),(50,35,1,1,'Estimated delivery within 7-10 days.\n','processing','2021-04-04 18:50:45','order'),(51,32,1,1,'Your shipment will be delivered tomorrow  on 6/4 between 12pm /4pm.\nDelivery  charge : 3 kd.','complete','2021-04-05 07:49:26','order'),(52,36,NULL,0,'<br/>The customer was redirected to Tap',NULL,'2021-04-08 15:39:30','order'),(53,36,NULL,0,'<br/><b>Tap payment successful</b><br/><br/>Tap ID - chg_LV063520211839Dj050804042<br/><br/>Order ID - 36<br/><br/>Payment Type - Credit Card<br/><br/>Payment ID - chg_LV063520211839Dj050804042',NULL,'2021-04-08 15:41:47','order'),(54,36,1,0,'Tap Transaction Successful','processing','2021-04-08 15:41:47','order'),(55,36,NULL,0,'Captured amount of  KD59.50 online.','processing','2021-04-08 15:41:47','invoice'),(56,38,NULL,0,'<br/>The customer was redirected to Tap',NULL,'2021-04-15 22:14:17','order'),(57,38,NULL,0,'<br/><b>Tap payment successful</b><br/><br/>Tap ID - chg_LV031320210114j2PO1604318<br/><br/>Order ID - 38<br/><br/>Payment Type - Credit Card<br/><br/>Payment ID - chg_LV031320210114j2PO1604318',NULL,'2021-04-15 22:15:25','order'),(58,38,1,0,'Tap Transaction Successful','processing','2021-04-15 22:15:25','order'),(59,38,NULL,0,'Captured amount of  KD28.75 online.','processing','2021-04-15 22:15:25','invoice'),(60,40,NULL,0,'<br/>The customer was redirected to Tap',NULL,'2021-04-17 20:14:18','order'),(61,40,NULL,0,'<br/><b>Tap payment successful</b><br/><br/>Tap ID - chg_LV051720212314Qj851704592<br/><br/>Order ID - 40<br/><br/>Payment Type - Credit Card<br/><br/>Payment ID - chg_LV051720212314Qj851704592',NULL,'2021-04-17 20:15:58','order'),(62,40,1,0,'Tap Transaction Successful','processing','2021-04-17 20:15:58','order'),(63,40,NULL,0,'Captured amount of  KD196.50 online.','processing','2021-04-17 20:15:58','invoice'),(64,42,NULL,0,'<br/>The customer was redirected to Tap',NULL,'2021-04-18 22:19:47','order'),(65,42,NULL,0,'<br/><b>Tap payment successful</b><br/><br/>Tap ID - chg_LV045120210119Lq221904901<br/><br/>Order ID - 42<br/><br/>Payment Type - Credit Card<br/><br/>Payment ID - chg_LV045120210119Lq221904901',NULL,'2021-04-18 22:20:42','order'),(66,42,1,0,'Tap Transaction Successful','processing','2021-04-18 22:20:42','order'),(67,42,NULL,0,'Captured amount of  KD68.75 online.','processing','2021-04-18 22:20:42','invoice'),(68,43,NULL,0,'<br/>The customer was redirected to Tap',NULL,'2021-04-21 18:02:45','order'),(69,43,NULL,0,'<br/><b>Tap payment successful</b><br/><br/>Tap ID - chg_LV054420212102Ml902104442<br/><br/>Order ID - 43<br/><br/>Payment Type - Credit Card<br/><br/>Payment ID - chg_LV054420212102Ml902104442',NULL,'2021-04-21 18:05:18','order'),(70,43,1,0,'Tap Transaction Successful','processing','2021-04-21 18:05:18','order'),(71,43,NULL,0,'Captured amount of  KD64.50 online.','processing','2021-04-21 18:05:18','invoice'),(72,43,NULL,0,'<br/><b>Tap payment successful</b><br/><br/>Tap ID - chg_LV054420212102Ml902104442<br/><br/>Order ID - 43<br/><br/>Payment Type - Credit Card<br/><br/>Payment ID - chg_LV054420212102Ml902104442',NULL,'2021-04-21 18:06:54','order'),(73,43,1,0,'Tap Transaction Successful','processing','2021-04-21 18:06:54','order'),(74,44,NULL,0,'<br/>The customer was redirected to Tap',NULL,'2021-04-21 21:29:44','order'),(75,45,NULL,0,'<br/>The customer was redirected to Tap',NULL,'2021-04-21 21:46:30','order'),(76,45,NULL,0,'<br/><b>Tap payment successful</b><br/><br/>Tap ID - chg_LV042620210046Dj292204538<br/><br/>Order ID - 45<br/><br/>Payment Type - Credit Card<br/><br/>Payment ID - chg_LV042620210046Dj292204538',NULL,'2021-04-21 21:48:19','order'),(77,45,1,0,'Tap Transaction Successful','processing','2021-04-21 21:48:19','order'),(78,45,NULL,0,'Captured amount of  KD68.75 online.','processing','2021-04-21 21:48:19','invoice'),(79,46,NULL,0,'<br/>The customer was redirected to Tap',NULL,'2021-04-21 23:46:35','order'),(80,46,NULL,0,'<br/><b>Tap payment successful</b><br/><br/>Tap ID - chg_LV023420210246Hj0q2204138<br/><br/>Order ID - 46<br/><br/>Payment Type - Credit Card<br/><br/>Payment ID - chg_LV023420210246Hj0q2204138',NULL,'2021-04-21 23:47:33','order'),(81,46,1,0,'Tap Transaction Successful','processing','2021-04-21 23:47:33','order'),(82,46,NULL,0,'Captured amount of  KD28.75 online.','processing','2021-04-21 23:47:33','invoice'),(83,47,NULL,0,'<br/>The customer was redirected to Tap',NULL,'2021-04-23 02:54:04','order'),(84,48,NULL,0,'<br/><b>Tap payment successful</b><br/><br/>Tap ID - chg_LV054120212317Pa802304407<br/><br/>Order ID - 48<br/><br/>Payment Type - Credit Card<br/><br/>Payment ID - chg_LV054120212317Pa802304407',NULL,'2021-04-23 20:19:49','order'),(85,48,1,0,'Tap Transaction Successful','processing','2021-04-23 20:19:49','order'),(86,48,NULL,0,'Captured amount of  KD68.75 online.','processing','2021-04-23 20:19:49','invoice'),(87,49,NULL,0,'<br/>The customer was redirected to Tap',NULL,'2021-04-24 17:36:04','order'),(88,49,NULL,0,'<br/><b>Tap payment successful</b><br/><br/>Tap ID - chg_LV020220212036Ht052404824<br/><br/>Order ID - 49<br/><br/>Payment Type - Credit Card<br/><br/>Payment ID - chg_LV020220212036Ht052404824',NULL,'2021-04-24 17:40:35','order'),(89,49,1,0,'Tap Transaction Successful','processing','2021-04-24 17:40:35','order'),(90,49,NULL,0,'Captured amount of  KD59.50 online.','processing','2021-04-24 17:40:35','invoice'),(91,50,NULL,0,'<br/>The customer was redirected to Tap',NULL,'2021-04-24 22:07:39','order'),(92,50,NULL,0,'<br/><b>Tap payment successful</b><br/><br/>Tap ID - chg_LV074420210107g6MY2504292<br/><br/>Order ID - 50<br/><br/>Payment Type - Credit Card<br/><br/>Payment ID - chg_LV074420210107g6MY2504292',NULL,'2021-04-24 22:08:43','order'),(93,50,1,0,'Tap Transaction Successful','processing','2021-04-24 22:08:43','order'),(94,50,NULL,0,'Captured amount of  KD77.50 online.','processing','2021-04-24 22:08:43','invoice'),(95,51,NULL,0,'<br/><b>Tap payment successful</b><br/><br/>Tap ID - chg_LV025820212059e2TH2804057<br/><br/>Order ID - 51<br/><br/>Payment Type - Credit Card<br/><br/>Payment ID - chg_LV025820212059e2TH2804057',NULL,'2021-04-28 18:00:55','order'),(96,51,1,0,'Tap Transaction Successful','processing','2021-04-28 18:00:55','order'),(97,51,NULL,0,'Captured amount of  KD59.50 online.','processing','2021-04-28 18:00:55','invoice'),(98,51,1,1,'Your orders will be delivered after Eid.\n','processing','2021-04-29 06:13:03','order'),(99,52,NULL,0,'<br/><b>Tap payment successful</b><br/><br/>Tap ID - chg_LV043720210405y9OH1705322<br/><br/>Order ID - 52<br/><br/>Payment Type - Credit Card<br/><br/>Payment ID - chg_LV043720210405y9OH1705322',NULL,'2021-05-17 01:06:32','order'),(100,52,1,0,'Tap Transaction Successful','processing','2021-05-17 01:06:32','order'),(101,52,NULL,0,'Captured amount of  KD53.50 online.','processing','2021-05-17 01:06:32','invoice'),(102,52,1,1,'Estimated delivery within 7-10 days.','processing','2021-05-17 09:53:29','order'),(103,53,NULL,0,'<br/>The customer was redirected to Tap',NULL,'2021-05-23 09:52:50','order'),(104,54,NULL,0,'<br/>The customer was redirected to Tap',NULL,'2021-05-24 14:43:44','order'),(105,55,NULL,0,'<br/>The customer was redirected to Tap',NULL,'2021-05-24 14:50:18','order'),(106,56,NULL,0,'<br/>The customer was redirected to Tap',NULL,'2021-05-24 15:39:58','order'),(107,56,NULL,0,'<br/><b>Tap payment successful</b><br/><br/>Tap ID - chg_LV055720211839e2X02405787<br/><br/>Order ID - 56<br/><br/>Payment Type - Credit Card<br/><br/>Payment ID - chg_LV055720211839e2X02405787',NULL,'2021-05-24 15:41:17','order'),(108,56,1,0,'Tap Transaction Successful','processing','2021-05-24 15:41:17','order'),(109,56,NULL,0,'Captured amount of  KD25.75 online.','processing','2021-05-24 15:41:17','invoice'),(110,57,NULL,0,'<br/>The customer was redirected to Tap',NULL,'2021-05-24 16:50:18','order'),(111,57,NULL,0,'<br/><b>Tap payment successful</b><br/><br/>Tap ID - chg_LV011720211950r6N92405338<br/><br/>Order ID - 57<br/><br/>Payment Type - Credit Card<br/><br/>Payment ID - chg_LV011720211950r6N92405338',NULL,'2021-05-24 16:51:38','order'),(112,57,1,0,'Tap Transaction Successful','processing','2021-05-24 16:51:38','order'),(113,57,NULL,0,'Captured amount of  KD52.50 online.','processing','2021-05-24 16:51:38','invoice'),(114,58,NULL,0,'<br/>The customer was redirected to Tap',NULL,'2021-05-24 21:33:17','order'),(115,59,NULL,0,'<br/>The customer was redirected to Tap',NULL,'2021-05-26 19:44:43','order'),(116,59,NULL,0,'<br/><b>Tap payment successful</b><br/><br/>Tap ID - chg_LV064520212244j0YO2605591<br/><br/>Order ID - 59<br/><br/>Payment Type - Credit Card<br/><br/>Payment ID - chg_LV064520212244j0YO2605591',NULL,'2021-05-26 19:47:42','order'),(117,59,1,0,'Tap Transaction Successful','processing','2021-05-26 19:47:42','order'),(118,59,NULL,0,'Captured amount of  KD30.75 online.','processing','2021-05-26 19:47:42','invoice'),(119,59,1,1,'Estimated delivery within 7-10 days.','processing','2021-05-27 04:34:27','order'),(120,60,NULL,0,'<br/>The customer was redirected to Tap',NULL,'2021-05-29 08:47:43','order'),(121,60,NULL,0,'<br/><b>Tap payment successful</b><br/><br/>Tap ID - chg_LV024220211147p5FO2905818<br/><br/>Order ID - 60<br/><br/>Payment Type - Credit Card<br/><br/>Payment ID - chg_LV024220211147p5FO2905818',NULL,'2021-05-29 08:48:45','order'),(122,60,1,0,'Tap Transaction Successful','processing','2021-05-29 08:48:45','order'),(123,60,NULL,0,'Captured amount of  KD95.25 online.','processing','2021-05-29 08:48:45','invoice'),(124,60,1,1,'Estimated delivery within 7-10 days.','processing','2021-05-29 16:26:43','order'),(125,56,1,1,'Your shipment will be delivered  tomorrow on 31/5 ,between 12pm / 4pm.\nDelivery charge 2kd.','complete','2021-05-31 18:12:36','order'),(126,61,NULL,0,'<br/>The customer was redirected to Tap',NULL,'2021-06-03 09:18:36','order'),(127,62,NULL,0,'<br/>The customer was redirected to Tap',NULL,'2021-06-04 11:54:04','order'),(128,62,NULL,0,'<br/><b>Tap payment successful</b><br/><br/>Tap ID - chg_LV070320211454r0X90406862<br/><br/>Order ID - 62<br/><br/>Payment Type - Credit Card<br/><br/>Payment ID - chg_LV070320211454r0X90406862',NULL,'2021-06-04 11:56:44','order'),(129,62,1,0,'Tap Transaction Successful','processing','2021-06-04 11:56:44','order'),(130,62,NULL,0,'Captured amount of  KD34.75 online.','processing','2021-06-04 11:56:44','invoice'),(131,62,NULL,0,'<br/><b>Tap payment successful</b><br/><br/>Tap ID - chg_LV070320211454r0X90406862<br/><br/>Order ID - 62<br/><br/>Payment Type - Credit Card<br/><br/>Payment ID - chg_LV070320211454r0X90406862',NULL,'2021-06-04 11:58:02','order'),(132,62,1,0,'Tap Transaction Successful','processing','2021-06-04 11:58:03','order'),(133,62,NULL,0,'<br/><b>Tap payment successful</b><br/><br/>Tap ID - chg_LV070320211454r0X90406862<br/><br/>Order ID - 62<br/><br/>Payment Type - Credit Card<br/><br/>Payment ID - chg_LV070320211454r0X90406862',NULL,'2021-06-04 11:58:12','order'),(134,62,1,0,'Tap Transaction Successful','processing','2021-06-04 11:58:13','order'),(135,64,NULL,0,'<br/>The customer was redirected to Tap',NULL,'2021-06-07 11:03:51','order'),(136,65,NULL,0,'<br/>The customer was redirected to Tap',NULL,'2021-06-07 18:38:56','order'),(137,66,NULL,0,'<br/>The customer was redirected to Tap',NULL,'2021-06-07 18:43:10','order'),(138,67,NULL,0,'<br/>The customer was redirected to Tap',NULL,'2021-06-07 18:53:17','order'),(139,68,NULL,0,'<br/>The customer was redirected to Tap',NULL,'2021-06-07 18:56:29','order'),(140,69,NULL,0,'<br/>The customer was redirected to Tap',NULL,'2021-06-08 15:15:59','order'),(141,70,NULL,0,'<br/>The customer was redirected to Tap',NULL,'2021-06-14 10:47:30','order'),(142,70,NULL,0,'<br/><b>Tap payment successful</b><br/><br/>Tap ID - chg_LV012920211347Mk291406802<br/><br/>Order ID - 70<br/><br/>Payment Type - Credit Card<br/><br/>Payment ID - chg_LV012920211347Mk291406802',NULL,'2021-06-14 10:49:27','order'),(143,70,1,0,'Tap Transaction Successful','processing','2021-06-14 10:49:27','order'),(144,70,NULL,0,'Captured amount of  KD25.75 online.','processing','2021-06-14 10:49:27','invoice'),(145,70,1,1,'Estimated delivery within 7-12 days.','complete','2021-06-14 11:30:26','order'),(146,64,NULL,0,'Captured amount of  KD26.75 online.','processing','2021-06-15 13:39:06','invoice'),(147,64,1,1,'Your shipment will be delivered  tomorrow on19/6 ,between 12pm / 4pm.','complete','2021-06-18 20:57:39','order'),(148,72,NULL,0,'<br/>The customer was redirected to Tap',NULL,'2021-06-19 18:31:17','order'),(149,72,NULL,0,'<br/><b>Tap payment successful</b><br/><br/>Tap ID - chg_LV011620212131k0MT1906185<br/><br/>Order ID - 72<br/><br/>Payment Type - Credit Card<br/><br/>Payment ID - chg_LV011620212131k0MT1906185',NULL,'2021-06-19 18:33:03','order'),(150,72,1,0,'Tap Transaction Successful','processing','2021-06-19 18:33:03','order'),(151,72,NULL,0,'Captured amount of  KD79.25 online.','processing','2021-06-19 18:33:03','invoice'),(152,72,1,1,'Estimated delivery within 7-12 days.','processing','2021-06-19 20:32:04','order'),(153,73,NULL,0,'<br/>The customer was redirected to Tap',NULL,'2021-06-20 10:29:51','order'),(154,73,NULL,0,'<br/><b>Tap payment successful</b><br/><br/>Tap ID - chg_LV065020211329a5Z22006095<br/><br/>Order ID - 73<br/><br/>Payment Type - Credit Card<br/><br/>Payment ID - chg_LV065020211329a5Z22006095',NULL,'2021-06-20 10:31:53','order'),(155,73,1,0,'Tap Transaction Successful','processing','2021-06-20 10:31:53','order'),(156,73,NULL,0,'Captured amount of  KD101.25 online.','processing','2021-06-20 10:31:53','invoice'),(157,70,1,1,'Your shipment will be delivered  tomorrow on 22/6 ,between 12pm / 4pm.\nDelivery charge 2.500kd','complete','2021-06-21 12:05:17','order'),(158,74,NULL,0,'<br/>The customer was redirected to Tap',NULL,'2021-06-24 08:15:00','order'),(159,74,NULL,0,'<br/><b>Tap payment successful</b><br/><br/>Tap ID - chg_LV045920211114Hs0t2406681<br/><br/>Order ID - 74<br/><br/>Payment Type - Credit Card<br/><br/>Payment ID - chg_LV045920211114Hs0t2406681',NULL,'2021-06-24 08:16:28','order'),(160,74,1,0,'Tap Transaction Successful','processing','2021-06-24 08:16:28','order'),(161,74,NULL,0,'Captured amount of  KD58.50 online.','processing','2021-06-24 08:16:28','invoice'),(162,75,NULL,0,'<br/>The customer was redirected to Tap',NULL,'2021-06-24 20:59:43','order'),(163,75,NULL,0,'<br/><b>Tap payment successful</b><br/><br/>Tap ID - chg_LV034220212359Ob2y2406623<br/><br/>Order ID - 75<br/><br/>Payment Type - Credit Card<br/><br/>Payment ID - chg_LV034220212359Ob2y2406623',NULL,'2021-06-24 21:01:06','order'),(164,75,1,0,'Tap Transaction Successful','processing','2021-06-24 21:01:06','order'),(165,75,NULL,0,'Captured amount of  KD56.50 online.','processing','2021-06-24 21:01:06','invoice'),(166,76,NULL,0,'<br/>The customer was redirected to Tap',NULL,'2021-06-24 21:43:10','order'),(167,77,NULL,0,'<br/>The customer was redirected to Tap',NULL,'2021-06-25 09:36:43','order'),(168,78,NULL,0,'<br/>The customer was redirected to Tap',NULL,'2021-06-25 13:37:07','order'),(169,78,NULL,0,'<br/><b>Tap payment successful</b><br/><br/>Tap ID - chg_LV020720211637Mj202506077<br/><br/>Order ID - 78<br/><br/>Payment Type - Credit Card<br/><br/>Payment ID - chg_LV020720211637Mj202506077',NULL,'2021-06-25 13:38:00','order'),(170,78,1,0,'Tap Transaction Successful','processing','2021-06-25 13:38:00','order'),(171,78,NULL,0,'Captured amount of  KD130.50 online.','processing','2021-06-25 13:38:00','invoice'),(172,79,NULL,0,'<br/>The customer was redirected to Tap',NULL,'2021-06-27 21:34:34','order'),(173,79,NULL,0,'<br/><b>Tap payment successful</b><br/><br/>Tap ID - chg_LV033320210034p0T52806073<br/><br/>Order ID - 79<br/><br/>Payment Type - Credit Card<br/><br/>Payment ID - chg_LV033320210034p0T52806073',NULL,'2021-06-27 21:36:38','order'),(174,79,1,0,'Tap Transaction Successful','processing','2021-06-27 21:36:38','order'),(175,79,NULL,0,'Captured amount of  KD54.50 online.','processing','2021-06-27 21:36:38','invoice'),(176,80,NULL,0,'<br/>The customer was redirected to Tap',NULL,'2021-06-30 16:06:04','order'),(177,80,NULL,0,'<br/><b>Tap payment successful</b><br/><br/>Tap ID - chg_LV050320211906Qr2u3006644<br/><br/>Order ID - 80<br/><br/>Payment Type - Credit Card<br/><br/>Payment ID - chg_LV050320211906Qr2u3006644',NULL,'2021-06-30 16:09:38','order'),(178,80,1,0,'Tap Transaction Successful','processing','2021-06-30 16:09:38','order'),(179,80,NULL,0,'Captured amount of  KD29.75 online.','processing','2021-06-30 16:09:38','invoice'),(180,81,NULL,0,'<br/>The customer was redirected to Tap',NULL,'2021-06-30 20:03:43','order'),(181,82,NULL,0,'<br/>The customer was redirected to Tap',NULL,'2021-06-30 20:13:17','order'),(182,83,NULL,0,'<br/><b>Tap payment successful</b><br/><br/>Tap ID - chg_LV062120210252Mr9b0707997<br/><br/>Order ID - 83<br/><br/>Payment Type - Credit Card<br/><br/>Payment ID - chg_LV062120210252Mr9b0707997',NULL,'2021-07-06 23:53:30','order'),(183,83,1,0,'Tap Transaction Successful','processing','2021-07-06 23:53:30','order'),(184,83,NULL,0,'Captured amount of  KD152.75 online.','processing','2021-07-06 23:53:30','invoice'),(185,83,1,1,'Estimated delivery after eid .','processing','2021-07-07 03:09:53','order'),(186,83,1,1,'Estimated delivery within After eid.','processing','2021-07-12 09:48:27','order'),(187,84,1,1,'Estimated delivery within 10-15 days.\n','pending','2021-07-15 10:01:35','order'),(188,84,1,1,'Sorry your order it’s canceled.','pending','2021-07-15 10:10:39','order'),(189,84,1,1,'We canceled your order \nBecause the bill has not been paid.','canceled','2021-07-15 15:33:23','order'),(190,84,1,1,'Dear ms Farida ,\nYou can try placing your order once again through our website \nAnd go through the payment process again \nThanks for your interest in our products \nFeel free to contact us if you have any issues with your order .\n\nRegards','canceled','2021-07-15 21:59:26','order'),(191,85,NULL,0,'<br/>The customer was redirected to Tap',NULL,'2021-07-16 12:14:26','order'),(192,86,NULL,0,'<br/>The customer was redirected to Tap',NULL,'2021-07-20 14:30:28','order'),(193,83,1,1,'Estimated delivery within2-4days.','processing','2021-07-25 12:34:29','order'),(194,83,1,1,'ارجوا ارسال صوره للهوية الوطنية طالبتها الجمارك من dhl. لنتمكن من ارسال طلبك للمنزل','complete','2021-07-27 14:27:38','order'),(195,93,NULL,0,'<br/>The customer was redirected to Tap',NULL,'2021-07-28 12:35:58','order'),(196,93,NULL,0,'<br/><b>Tap payment successful</b><br/><br/>Tap ID - chg_LV065620211535s8K02807859<br/><br/>Order ID - 93<br/><br/>Payment Type - Credit Card<br/><br/>Payment ID - chg_LV065620211535s8K02807859',NULL,'2021-07-28 12:37:11','order'),(197,93,1,0,'Tap Transaction Successful','processing','2021-07-28 12:37:11','order'),(198,93,NULL,0,'Captured amount of  KD26.75 online.','processing','2021-07-28 12:37:11','invoice'),(199,94,NULL,0,'<br/>The customer was redirected to Tap',NULL,'2021-08-01 12:13:45','order'),(200,94,NULL,0,'<br/><b>Tap payment successful</b><br/><br/>Tap ID - chg_LV054420211513Xk2e0108018<br/><br/>Order ID - 94<br/><br/>Payment Type - Credit Card<br/><br/>Payment ID - chg_LV054420211513Xk2e0108018',NULL,'2021-08-01 12:16:18','order'),(201,94,1,0,'Tap Transaction Successful','processing','2021-08-01 12:16:18','order'),(202,94,NULL,0,'Captured amount of  KD593.50 online.','processing','2021-08-01 12:16:18','invoice'),(203,95,NULL,0,'<br/>The customer was redirected to Tap',NULL,'2021-08-02 09:34:04','order'),(204,95,NULL,0,'<br/><b>Tap payment successful</b><br/><br/>Tap ID - chg_LV030420211234n5X20208023<br/><br/>Order ID - 95<br/><br/>Payment Type - Credit Card<br/><br/>Payment ID - chg_LV030420211234n5X20208023',NULL,'2021-08-02 09:35:17','order'),(205,95,1,0,'Tap Transaction Successful','processing','2021-08-02 09:35:17','order'),(206,95,NULL,0,'Captured amount of  KD33.75 online.','processing','2021-08-02 09:35:17','invoice'),(207,95,1,1,'Estimated delivery within 7- 10 days','processing','2021-08-02 10:44:47','order'),(208,97,NULL,0,'<br/>The customer was redirected to Tap',NULL,'2021-08-13 02:18:17','order'),(209,94,1,1,'Estimated delivery within 4 days.','processing','2021-08-15 09:13:37','order'),(210,98,NULL,0,'<br/>The customer was redirected to Tap',NULL,'2021-08-25 13:56:01','order'),(211,99,NULL,0,'<br/>The customer was redirected to Tap',NULL,'2021-08-25 14:06:22','order'),(212,99,NULL,0,'<br/><b>Tap payment successful</b><br/><br/>Tap ID - chg_LV022120211706r5P22508327<br/><br/>Order ID - 99<br/><br/>Payment Type - Credit Card<br/><br/>Payment ID - chg_LV022120211706r5P22508327',NULL,'2021-08-25 14:07:41','order'),(213,99,1,0,'Tap Transaction Successful','processing','2021-08-25 14:07:41','order'),(214,99,NULL,0,'Captured amount of  KD81.50 online.','processing','2021-08-25 14:07:41','invoice'),(215,100,NULL,0,'<br/>The customer was redirected to Tap',NULL,'2021-08-25 16:44:30','order'),(216,100,NULL,0,'<br/><b>Tap payment successful</b><br/><br/>Tap ID - chg_LV012820211944m2BY2508665<br/><br/>Order ID - 100<br/><br/>Payment Type - Credit Card<br/><br/>Payment ID - chg_LV012820211944m2BY2508665',NULL,'2021-08-25 16:46:39','order'),(217,100,1,0,'Tap Transaction Successful','processing','2021-08-25 16:46:39','order'),(218,100,NULL,0,'Captured amount of  KD55.50 online.','processing','2021-08-25 16:46:39','invoice'),(219,101,NULL,0,'<br/>The customer was redirected to Tap',NULL,'2021-09-01 08:08:13','order'),(220,101,NULL,0,'<br/><b>Tap payment successful</b><br/><br/>Tap ID - chg_LV021120211108b0Y80109947<br/><br/>Order ID - 101<br/><br/>Payment Type - Credit Card<br/><br/>Payment ID - chg_LV021120211108b0Y80109947',NULL,'2021-09-01 08:09:30','order'),(221,101,1,0,'Tap Transaction Successful','processing','2021-09-01 08:09:30','order'),(222,101,NULL,0,'Captured amount of  KD29.75 online.','processing','2021-09-01 08:09:30','invoice'),(223,102,NULL,0,'<br/>The customer was redirected to Tap',NULL,'2021-09-23 13:58:59','order'),(224,102,NULL,0,'<br/><b>Tap payment successful</b><br/><br/>Tap ID - chg_LV065920211658s0RF2309582<br/><br/>Order ID - 102<br/><br/>Payment Type - Credit Card<br/><br/>Payment ID - chg_LV065920211658s0RF2309582',NULL,'2021-09-23 14:00:11','order'),(225,102,1,0,'Tap Transaction Successful','processing','2021-09-23 14:00:12','order'),(226,102,NULL,0,'Captured amount of  KD79.50 online.','processing','2021-09-23 14:00:12','invoice'),(227,103,NULL,0,'<br/>The customer was redirected to Tap',NULL,'2021-10-01 12:45:49','order'),(228,103,NULL,0,'<br/><b>Tap payment successful</b><br/><br/>Tap ID - chg_LV074520211545k2L80110421<br/><br/>Order ID - 103<br/><br/>Payment Type - Credit Card<br/><br/>Payment ID - chg_LV074520211545k2L80110421',NULL,'2021-10-01 12:46:56','order'),(229,103,1,0,'Tap Transaction Successful','processing','2021-10-01 12:46:56','order'),(230,103,NULL,0,'Captured amount of  KD29.75 online.','processing','2021-10-01 12:46:56','invoice'),(231,105,NULL,0,'<br/>The customer was redirected to Tap',NULL,'2021-10-04 11:04:08','order'),(232,105,NULL,0,'<br/><b>Tap payment successful</b><br/><br/>Tap ID - chg_LV060720211404a0BM0410362<br/><br/>Order ID - 105<br/><br/>Payment Type - Credit Card<br/><br/>Payment ID - chg_LV060720211404a0BM0410362',NULL,'2021-10-04 11:05:54','order'),(233,105,1,0,'Tap Transaction Successful','processing','2021-10-04 11:05:54','order'),(234,105,NULL,0,'Captured amount of  KD100.50 online.','processing','2021-10-04 11:05:54','invoice'),(235,106,NULL,0,'<br/>The customer was redirected to Tap',NULL,'2021-10-31 15:45:40','order'),(236,106,NULL,0,'<br/><b>Tap payment successful</b><br/><br/>Tap ID - chg_LV033820211845Rc6e3110677<br/><br/>Order ID - 106<br/><br/>Payment Type - Credit Card<br/><br/>Payment ID - chg_LV033820211845Rc6e3110677',NULL,'2021-10-31 15:49:05','order'),(237,106,1,0,'Tap Transaction Successful','processing','2021-10-31 15:49:05','order'),(238,106,NULL,0,'Captured amount of  KD28.75 online.','processing','2021-10-31 15:49:05','invoice'),(239,107,NULL,0,'<br/>The customer was redirected to Tap',NULL,'2021-11-03 14:44:20','order'),(240,107,NULL,0,'<br/><b>Tap payment successful</b><br/><br/>Tap ID - chg_LV021920211744Re8j0311364<br/><br/>Order ID - 107<br/><br/>Payment Type - Credit Card<br/><br/>Payment ID - chg_LV021920211744Re8j0311364',NULL,'2021-11-03 14:46:15','order'),(241,107,1,0,'Tap Transaction Successful','processing','2021-11-03 14:46:15','order'),(242,107,NULL,0,'Captured amount of  KD31.75 online.','processing','2021-11-03 14:46:15','invoice'),(243,108,NULL,0,'<br/>The customer was redirected to Tap',NULL,'2021-11-03 16:32:11','order'),(244,108,NULL,0,'<br/><b>Tap payment successful</b><br/><br/>Tap ID - chg_LV071020211932Lp8g0311826<br/><br/>Order ID - 108<br/><br/>Payment Type - Credit Card<br/><br/>Payment ID - chg_LV071020211932Lp8g0311826',NULL,'2021-11-03 16:33:10','order'),(245,108,1,0,'Tap Transaction Successful','processing','2021-11-03 16:33:10','order'),(246,108,NULL,0,'Captured amount of  KD33.75 online.','processing','2021-11-03 16:33:10','invoice'),(247,109,NULL,0,'<br/>The customer was redirected to Tap',NULL,'2021-11-06 16:27:41','order'),(248,109,NULL,0,'<br/><b>Tap payment successful</b><br/><br/>Tap ID - chg_LV044020211927Mn560611997<br/><br/>Order ID - 109<br/><br/>Payment Type - Credit Card<br/><br/>Payment ID - chg_LV044020211927Mn560611997',NULL,'2021-11-06 16:30:40','order'),(249,109,1,0,'Tap Transaction Successful','processing','2021-11-06 16:30:40','order'),(250,109,NULL,0,'Captured amount of  KD28.75 online.','processing','2021-11-06 16:30:40','invoice'),(251,109,1,1,'Your shipment will be delivered  tomorrow on 15 /11,between 12pm / 4pm.\n\nDelivery Charge 3 kd.','complete','2021-11-14 12:28:50','order'),(252,110,NULL,0,'<br/>The customer was redirected to Tap',NULL,'2021-11-18 09:23:22','order'),(253,110,NULL,0,'<br/><b>Tap payment successful</b><br/><br/>Tap ID - chg_LV072220211223q6FK1811257<br/><br/>Order ID - 110<br/><br/>Payment Type - Credit Card<br/><br/>Payment ID - chg_LV072220211223q6FK1811257',NULL,'2021-11-18 09:24:42','order'),(254,110,1,0,'Tap Transaction Successful','processing','2021-11-18 09:24:42','order'),(255,110,NULL,0,'Captured amount of  KD91.25 online.','processing','2021-11-18 09:24:42','invoice'),(256,111,NULL,0,'<br/>The customer was redirected to Tap',NULL,'2021-11-19 10:00:40','order'),(257,111,NULL,0,'<br/><b>Tap payment successful</b><br/><br/>Tap ID - chg_LV033920211300j5T61911753<br/><br/>Order ID - 111<br/><br/>Payment Type - Credit Card<br/><br/>Payment ID - chg_LV033920211300j5T61911753',NULL,'2021-11-19 10:01:51','order'),(258,111,1,0,'Tap Transaction Successful','processing','2021-11-19 10:01:51','order'),(259,111,NULL,0,'Captured amount of  KD28.75 online.','processing','2021-11-19 10:01:51','invoice'),(260,111,1,1,'Your shipment will be delivered  tomorrow on 28 /11,between 12pm / 4pm.\nDelivery charge:2.500kd\n','complete','2021-11-27 20:02:13','order'),(261,113,NULL,0,'<br/>The customer was redirected to Tap',NULL,'2021-12-08 17:20:00','order'),(262,113,NULL,0,'<br/><b>Tap payment successful</b><br/><br/>Tap ID - chg_LV035720212019x5BQ0812104<br/><br/>Order ID - 113<br/><br/>Payment Type - Credit Card<br/><br/>Payment ID - chg_LV035720212019x5BQ0812104',NULL,'2021-12-08 17:21:48','order'),(263,113,1,0,'Tap Transaction Successful','processing','2021-12-08 17:21:48','order'),(264,113,NULL,0,'Captured amount of  KD28.75 online.','processing','2021-12-08 17:21:48','invoice'),(265,113,1,1,'Your shipment will be delivered  tomorrow on 15 /12 ,between 12pm / 4pm.','complete','2021-12-14 14:07:41','order'),(266,114,NULL,0,'<br/>The customer was redirected to Tap',NULL,'2021-12-22 07:01:06','order'),(267,116,NULL,0,'<br/>The customer was redirected to Tap',NULL,'2022-01-05 06:26:34','order'),(268,116,NULL,0,'<br/><b>Tap payment successful</b><br/><br/>Tap ID - chg_LV013120220926Qj620501085<br/><br/>Order ID - 116<br/><br/>Payment Type - Credit Card<br/><br/>Payment ID - chg_LV013120220926Qj620501085',NULL,'2022-01-05 06:27:29','order'),(269,116,1,0,'Tap Transaction Successful','processing','2022-01-05 06:27:29','order'),(270,116,NULL,0,'Captured amount of  KD51.75 online.','processing','2022-01-05 06:27:29','invoice'),(271,117,NULL,0,'<br/>The customer was redirected to Tap',NULL,'2022-02-10 23:14:11','order'),(272,118,NULL,0,'<br/><b>Tap payment successful</b><br/><br/>Tap ID - chg_LV022820221508r9TD1202149<br/><br/>Order ID - 118<br/><br/>Payment Type - Credit Card<br/><br/>Payment ID - chg_LV022820221508r9TD1202149',NULL,'2022-02-12 12:10:41','order'),(273,118,1,0,'Tap Transaction Successful','processing','2022-02-12 12:10:41','order'),(274,118,NULL,0,'Captured amount of  KD49.75 online.','processing','2022-02-12 12:10:41','invoice'),(275,120,NULL,0,'<br/>The customer was redirected to Tap',NULL,'2022-03-03 17:52:03','order'),(276,120,NULL,0,'<br/><b>Tap payment successful</b><br/><br/>Tap ID - chg_LV060320222052Mj5o0303467<br/><br/>Order ID - 120<br/><br/>Payment Type - Credit Card<br/><br/>Payment ID - chg_LV060320222052Mj5o0303467',NULL,'2022-03-03 17:53:25','order'),(277,120,1,0,'Tap Transaction Successful','processing','2022-03-03 17:53:25','order'),(278,120,NULL,0,'Captured amount of  KD51.75 online.','processing','2022-03-03 17:53:25','invoice'),(279,121,NULL,0,'<br/>The customer was redirected to Tap',NULL,'2022-06-04 13:50:21','order'),(280,121,NULL,0,'<br/><b>Tap payment successful</b><br/><br/>Tap ID - chg_LV022020221650s0Y20406710<br/><br/>Order ID - 121<br/><br/>Payment Type - Credit Card<br/><br/>Payment ID - chg_LV022020221650s0Y20406710',NULL,'2022-06-04 13:51:43','order'),(281,121,1,0,'Tap Transaction Successful','processing','2022-06-04 13:51:43','order'),(282,121,NULL,0,'Captured amount of  KD59.50 online.','processing','2022-06-04 13:51:43','invoice'),(283,122,NULL,0,'<br/>The customer was redirected to Tap',NULL,'2022-06-11 13:45:38','order'),(284,122,NULL,0,'<br/><b>Tap payment successful</b><br/><br/>Tap ID - chg_LV013820221645Dt2e1106615<br/><br/>Order ID - 122<br/><br/>Payment Type - Credit Card<br/><br/>Payment ID - chg_LV013820221645Dt2e1106615',NULL,'2022-06-11 13:47:02','order'),(285,122,1,0,'Tap Transaction Successful','processing','2022-06-11 13:47:02','order'),(286,122,NULL,0,'Captured amount of  KD26.75 online.','processing','2022-06-11 13:47:02','invoice'),(287,123,NULL,0,'<br/><b>Tap payment successful</b><br/><br/>Tap ID - chg_LV030320222221Rw6c1306312<br/><br/>Order ID - 123<br/><br/>Payment Type - Credit Card<br/><br/>Payment ID - chg_LV030320222221Rw6c1306312',NULL,'2022-06-13 19:22:06','order'),(288,123,1,0,'Tap Transaction Successful','processing','2022-06-13 19:22:06','order'),(289,123,NULL,0,'Captured amount of  KD58.50 online.','processing','2022-06-13 19:22:06','invoice'),(290,124,NULL,0,'<br/>The customer was redirected to Tap',NULL,'2022-06-15 20:45:32','order'),(291,124,NULL,0,'<br/><b>Tap payment successful</b><br/><br/>Tap ID - chg_LV073120222345i8YO1506066<br/><br/>Order ID - 124<br/><br/>Payment Type - Credit Card<br/><br/>Payment ID - chg_LV073120222345i8YO1506066',NULL,'2022-06-15 20:46:48','order'),(292,124,1,0,'Tap Transaction Successful','processing','2022-06-15 20:46:48','order'),(293,124,NULL,0,'Captured amount of  KD33.75 online.','processing','2022-06-15 20:46:48','invoice'),(294,125,NULL,0,'<br/>The customer was redirected to Tap',NULL,'2022-06-22 06:14:00','order'),(295,125,NULL,0,'<br/><b>Tap payment successful</b><br/><br/>Tap ID - chg_LV035920220913Yu2w2206780<br/><br/>Order ID - 125<br/><br/>Payment Type - Credit Card<br/><br/>Payment ID - chg_LV035920220913Yu2w2206780',NULL,'2022-06-22 06:15:21','order'),(296,125,1,0,'Tap Transaction Successful','processing','2022-06-22 06:15:21','order'),(297,125,NULL,0,'Captured amount of  KD54.50 online.','processing','2022-06-22 06:15:21','invoice'),(298,127,NULL,0,'<br/><b>Tap payment successful</b><br/><br/>Tap ID - chg_LV061320220746e5PP0207658<br/><br/>Order ID - 127<br/><br/>Payment Type - Credit Card<br/><br/>Payment ID - chg_LV061320220746e5PP0207658',NULL,'2022-07-02 04:47:05','order'),(299,127,1,0,'Tap Transaction Successful','processing','2022-07-02 04:47:05','order'),(300,127,NULL,0,'Captured amount of  KD66.75 online.','processing','2022-07-02 04:47:05','invoice'),(301,128,NULL,0,'<br/>The customer was redirected to Tap',NULL,'2022-07-04 20:07:36','order'),(302,128,NULL,0,'<br/><b>Tap payment successful</b><br/><br/>Tap ID - chg_LV053520222307Mo860407183<br/><br/>Order ID - 128<br/><br/>Payment Type - Credit Card<br/><br/>Payment ID - chg_LV053520222307Mo860407183',NULL,'2022-07-04 20:08:37','order'),(303,128,1,0,'Tap Transaction Successful','processing','2022-07-04 20:08:37','order'),(304,128,NULL,0,'Captured amount of  KD57.50 online.','processing','2022-07-04 20:08:37','invoice'),(305,129,NULL,0,'<br/>The customer was redirected to Tap',NULL,'2022-07-11 16:26:53','order'),(306,130,NULL,0,'<br/><b>Tap payment successful</b><br/><br/>Tap ID - chg_LV074920221201p0X80208280<br/><br/>Order ID - 130<br/><br/>Payment Type - Credit Card<br/><br/>Payment ID - chg_LV074920221201p0X80208280',NULL,'2022-08-02 09:02:54','order'),(307,130,1,0,'Tap Transaction Successful','processing','2022-08-02 09:02:54','order'),(308,130,NULL,0,'Captured amount of  KD63.50 online.','processing','2022-08-02 09:02:54','invoice'),(309,131,NULL,0,'<br/>The customer was redirected to Tap',NULL,'2022-08-02 14:22:21','order'),(310,131,NULL,0,'<br/><b>Tap payment successful</b><br/><br/>Tap ID - chg_LV012520221722m0M50208506<br/><br/>Order ID - 131<br/><br/>Payment Type - Credit Card<br/><br/>Payment ID - chg_LV012520221722m0M50208506',NULL,'2022-08-02 14:23:12','order'),(311,131,1,0,'Tap Transaction Successful','processing','2022-08-02 14:23:12','order'),(312,131,NULL,0,'Captured amount of  KD28.75 online.','processing','2022-08-02 14:23:12','invoice'),(313,131,1,1,'Estimated delivery within 11 days.','processing','2022-08-02 15:19:50','order'),(314,131,1,1,'Estimated delivery within 11 days.','processing','2022-08-02 15:20:09','order'),(315,131,1,0,'Estimated delivery within 11 days.','processing','2022-08-02 15:20:49','order'),(316,132,NULL,0,'<br/>The customer was redirected to Tap',NULL,'2022-08-07 20:21:13','order'),(317,133,NULL,0,'<br/>The customer was redirected to Tap',NULL,'2022-08-07 20:47:26','order'),(318,133,NULL,0,'<br/><b>Tap payment successful</b><br/><br/>Tap ID - chg_LV032520222347i2R20708089<br/><br/>Order ID - 133<br/><br/>Payment Type - Credit Card<br/><br/>Payment ID - chg_LV032520222347i2R20708089',NULL,'2022-08-07 20:48:32','order'),(319,133,1,0,'Tap Transaction Successful','processing','2022-08-07 20:48:32','order'),(320,133,NULL,0,'Captured amount of  KD55.50 online.','processing','2022-08-07 20:48:32','invoice'),(321,133,1,1,'Estimated delivery within 10 days.','processing','2022-08-07 21:37:43','order'),(322,133,1,0,'Estimated delivery within 10 days.','processing','2022-08-07 21:37:54','order'),(323,134,NULL,0,'<br/>The customer was redirected to Tap',NULL,'2022-08-31 21:20:23','order'),(324,134,NULL,0,'<br/><b>Tap payment successful</b><br/><br/>Tap ID - chg_LV042220220020j2MY0109237<br/><br/>Order ID - 134<br/><br/>Payment Type - Credit Card<br/><br/>Payment ID - chg_LV042220220020j2MY0109237',NULL,'2022-08-31 21:21:13','order'),(325,134,1,0,'Tap Transaction Successful','processing','2022-08-31 21:21:13','order'),(326,134,NULL,0,'Captured amount of  KD80.25 online.','processing','2022-08-31 21:21:13','invoice'),(327,135,NULL,0,'<br/>The customer was redirected to Tap',NULL,'2022-09-25 11:41:01','order'),(328,136,NULL,0,'<br/>The customer was redirected to Tap',NULL,'2022-09-25 11:50:36','order'),(329,137,NULL,0,'<br/>The customer was redirected to Tap',NULL,'2022-09-25 12:03:04','order'),(330,137,NULL,0,'<br/><b>Tap payment successful</b><br/><br/>Tap ID - chg_LV060320221503Yc2i2509538<br/><br/>Order ID - 137<br/><br/>Payment Type - Credit Card<br/><br/>Payment ID - chg_LV060320221503Yc2i2509538',NULL,'2022-09-25 12:09:08','order'),(331,137,1,0,'Tap Transaction Successful','processing','2022-09-25 12:09:08','order'),(332,137,NULL,0,'Captured amount of  KD28.75 online.','processing','2022-09-25 12:09:08','invoice'),(333,138,NULL,0,'<br/>The customer was redirected to Tap',NULL,'2022-09-27 12:16:23','order'),(334,138,NULL,0,'<br/><b>Tap payment successful</b><br/><br/>Tap ID - chg_LV062220221516Ki9p2709663<br/><br/>Order ID - 138<br/><br/>Payment Type - Credit Card<br/><br/>Payment ID - chg_LV062220221516Ki9p2709663',NULL,'2022-09-27 12:17:38','order'),(335,138,1,0,'Tap Transaction Successful','processing','2022-09-27 12:17:38','order'),(336,138,NULL,0,'Captured amount of  KD28.75 online.','processing','2022-09-27 12:17:38','invoice'),(337,140,NULL,0,'<br/>The customer was redirected to Tap',NULL,'2022-09-28 07:39:25','order'),(338,140,NULL,0,'<br/><b>Tap payment successful</b><br/><br/>Tap ID - chg_LV052420221039Jm262809529<br/><br/>Order ID - 140<br/><br/>Payment Type - Credit Card<br/><br/>Payment ID - chg_LV052420221039Jm262809529',NULL,'2022-09-28 07:40:37','order'),(339,140,1,0,'Tap Transaction Successful','processing','2022-09-28 07:40:37','order'),(340,140,NULL,0,'Captured amount of  KD54.75 online.','processing','2022-09-28 07:40:37','invoice'),(341,141,NULL,0,'<br/>The customer was redirected to Tap',NULL,'2022-09-30 11:39:48','order'),(342,137,1,1,'Your shipment will be delivered to tomorrow on 2 /10 ,between 12pm / 4pm.\nDelivery charge 2.500kd','complete','2022-10-01 18:38:53','order'),(343,137,1,1,'Your shipment will be delivered to tomorrow on 2 /10 ,between 12pm / 4pm.\nDelivery charge 2.500kd','complete','2022-10-01 18:39:09','order'),(344,142,NULL,0,'<br/>The customer was redirected to Tap',NULL,'2022-10-11 14:56:45','order'),(345,142,NULL,0,'<br/><b>Tap payment successful</b><br/><br/>Tap ID - chg_LV054420221756Tk281110313<br/><br/>Order ID - 142<br/><br/>Payment Type - Credit Card<br/><br/>Payment ID - chg_LV054420221756Tk281110313',NULL,'2022-10-11 14:57:50','order'),(346,142,1,0,'Tap Transaction Successful','processing','2022-10-11 14:57:50','order'),(347,142,NULL,0,'Captured amount of  KD63.50 online.','processing','2022-10-11 14:57:50','invoice'),(348,143,NULL,0,'<br/>The customer was redirected to Tap',NULL,'2022-10-20 13:08:40','order'),(349,143,NULL,0,'<br/><b>Tap payment successful</b><br/><br/>Tap ID - chg_LV023920221608Dn5a2010174<br/><br/>Order ID - 143<br/><br/>Payment Type - Credit Card<br/><br/>Payment ID - chg_LV023920221608Dn5a2010174',NULL,'2022-10-20 13:10:05','order'),(350,143,1,0,'Tap Transaction Successful','processing','2022-10-20 13:10:05','order'),(351,143,NULL,0,'Captured amount of  KD63.50 online.','processing','2022-10-20 13:10:05','invoice'),(352,144,NULL,0,'<br/><b>Tap payment successful</b><br/><br/>Tap ID - chg_LV053220221815Dp290611005<br/><br/>Order ID - 144<br/><br/>Payment Type - Credit Card<br/><br/>Payment ID - chg_LV053220221815Dp290611005',NULL,'2022-11-06 15:16:23','order'),(353,144,1,0,'Tap Transaction Successful','processing','2022-11-06 15:16:23','order'),(354,144,NULL,0,'Captured amount of  KD29.75 online.','processing','2022-11-06 15:16:23','invoice'),(355,145,NULL,0,'<br/>The customer was redirected to Tap',NULL,'2022-12-15 19:01:15','order'),(356,145,NULL,0,'<br/><b>Tap payment successful</b><br/><br/>Tap ID - chg_LV041420222201Ny501512522<br/><br/>Order ID - 145<br/><br/>Payment Type - Credit Card<br/><br/>Payment ID - chg_LV041420222201Ny501512522',NULL,'2022-12-15 19:02:58','order'),(357,145,1,0,'Tap Transaction Successful','processing','2022-12-15 19:02:58','order'),(358,145,NULL,0,'Captured amount of  KD39.00 online.','processing','2022-12-15 19:02:58','invoice'),(359,146,NULL,0,'<br/>The customer was redirected to Tap',NULL,'2022-12-20 07:50:30','order'),(360,146,NULL,0,'<br/><b>Tap payment successful</b><br/><br/>Tap ID - chg_LV062920221050Lm9p2012500<br/><br/>Order ID - 146<br/><br/>Payment Type - Credit Card<br/><br/>Payment ID - chg_LV062920221050Lm9p2012500',NULL,'2022-12-20 07:51:55','order'),(361,146,1,0,'Tap Transaction Successful','processing','2022-12-20 07:51:55','order'),(362,146,NULL,0,'Captured amount of  KD40.00 online.','processing','2022-12-20 07:51:55','invoice'),(363,145,1,1,'Your shipment will be delivered to tomorrow on 22  / 12 ,between 12pm / 4pm.\nDelivery charge :2.500kd','complete','2022-12-21 11:18:01','order'),(364,145,1,1,'Your shipment will be delivered to tomorrow on 22  / 12 ,between 12pm / 4pm.\nDelivery charge :2.500kd','complete','2022-12-21 11:18:23','order'),(365,146,1,1,'Your shipment will be delivered to tomorrow on 27  / 12 ,between 12pm / 4pm.\nDelivery charge.  2 Kd','complete','2022-12-26 09:15:39','order'),(366,147,NULL,0,'<br/>The customer was redirected to Tap',NULL,'2023-01-05 23:18:43','order'),(367,148,NULL,0,'<br/>The customer was redirected to Tap',NULL,'2023-01-06 08:21:42','order'),(368,148,NULL,0,'<br/><b>Tap payment successful</b><br/><br/>Tap ID - chg_LV023820231121Ho260601988<br/><br/>Order ID - 148<br/><br/>Payment Type - Credit Card<br/><br/>Payment ID - chg_LV023820231121Ho260601988',NULL,'2023-01-06 08:22:43','order'),(369,148,1,0,'Tap Transaction Successful','processing','2023-01-06 08:22:43','order'),(370,148,NULL,0,'Captured amount of  KD60.00 online.','processing','2023-01-06 08:22:43','invoice'),(371,152,NULL,0,'<br/>The customer was redirected to Tap',NULL,'2023-02-06 16:59:45','order'),(372,152,NULL,0,'Captured amount of  KD35.00 online.','processing','2023-02-06 19:30:16','invoice'),(373,153,NULL,0,'<br/>The customer was redirected to Tap',NULL,'2023-02-08 23:19:01','order'),(374,153,NULL,0,'<br/><b>Tap payment successful</b><br/><br/>Tap ID - chg_LV04A5920230218Lt6g0902902<br/><br/>Order ID - 153<br/><br/>Payment Type - Credit Card<br/><br/>Payment ID - chg_LV04A5920230218Lt6g0902902',NULL,'2023-02-08 23:20:11','order'),(375,153,1,0,'Tap Transaction Successful','processing','2023-02-08 23:20:11','order'),(376,153,NULL,0,'Captured amount of  KD85.00 online.','processing','2023-02-08 23:20:11','invoice'),(377,154,NULL,0,'<br/>The customer was redirected to Tap',NULL,'2023-02-17 13:33:57','order'),(378,154,NULL,0,'<br/><b>Tap payment successful</b><br/><br/>Tap ID - chg_LV01A5620231633e2RH1702512<br/><br/>Order ID - 154<br/><br/>Payment Type - Credit Card<br/><br/>Payment ID - chg_LV01A5620231633e2RH1702512',NULL,'2023-02-17 13:35:51','order'),(379,154,1,0,'Tap Transaction Successful','processing','2023-02-17 13:35:51','order'),(380,154,NULL,0,'Captured amount of  KD35.00 online.','processing','2023-02-17 13:35:51','invoice'),(381,168,NULL,0,'<br/>The customer was redirected to Tap',NULL,'2023-03-12 23:12:29','order'),(382,174,NULL,0,'<br/>The customer was redirected to Tap',NULL,'2023-03-13 21:31:56','order'),(383,175,NULL,0,'<br/>The customer was redirected to Tap',NULL,'2023-03-13 21:45:09','order'),(384,176,NULL,0,'<br/>The customer was redirected to Tap',NULL,'2023-03-13 22:28:54','order'),(385,180,NULL,0,'<br/>The customer was redirected to Tap',NULL,'2023-03-18 15:27:41','order'),(386,181,NULL,0,'<br/>The customer was redirected to Tap',NULL,'2023-03-18 15:41:21','order');

--
-- Table structure for table `mag2_sales_order_status_label`
--

CREATE TABLE `mag2_sales_order_status_label` (
  `status` varchar(32) NOT NULL COMMENT 'Status',
  `store_id` smallint(5) unsigned NOT NULL COMMENT 'Store Id',
  `label` varchar(128) NOT NULL COMMENT 'Label',
  PRIMARY KEY (`status`,`store_id`),
  KEY `MAG2_SALES_ORDER_STATUS_LABEL_STORE_ID` (`store_id`)
) ENGINE=InnoDB DEFAULT CHARSET=utf8 COMMENT='Sales Order Status Label Table';

--
-- Dumping data for table `mag2_sales_order_status_label`
--


--
-- Table structure for table `mag2_sales_order_status_state`
--

CREATE TABLE `mag2_sales_order_status_state` (
  `status` varchar(32) NOT NULL COMMENT 'Status',
  `state` varchar(32) NOT NULL COMMENT 'Label',
  `is_default` smallint(5) unsigned NOT NULL DEFAULT '0' COMMENT 'Is Default',
  `visible_on_front` smallint(5) unsigned NOT NULL DEFAULT '0' COMMENT 'Visible on front',
  PRIMARY KEY (`status`,`state`)
) ENGINE=InnoDB DEFAULT CHARSET=utf8 COMMENT='Sales Order Status Table';

--
-- Dumping data for table `mag2_sales_order_status_state`
--

INSERT INTO `mag2_sales_order_status_state` VALUES ('canceled','canceled',1,1),('closed','closed',1,1),('complete','complete',1,1),('fraud','payment_review',0,1),('fraud','processing',0,1),('holded','holded',1,1),('payment_review','payment_review',1,1),('pending','new',1,1),('pending_payment','pending_payment',1,0),('processing','processing',1,1);

--
-- Table structure for table `mag2_sales_order_tax`
--

CREATE TABLE `mag2_sales_order_tax` (
  `tax_id` int(10) unsigned NOT NULL AUTO_INCREMENT COMMENT 'Tax Id',
  `order_id` int(10) unsigned NOT NULL COMMENT 'Order Id',
  `code` varchar(255) DEFAULT NULL COMMENT 'Code',
  `title` varchar(255) DEFAULT NULL COMMENT 'Title',
  `percent` decimal(12,4) DEFAULT NULL COMMENT 'Percent',
  `amount` decimal(12,4) DEFAULT NULL COMMENT 'Amount',
  `priority` int(11) NOT NULL COMMENT 'Priority',
  `position` int(11) NOT NULL COMMENT 'Position',
  `base_amount` decimal(12,4) DEFAULT NULL COMMENT 'Base Amount',
  `process` smallint(6) NOT NULL COMMENT 'Process',
  `base_real_amount` decimal(12,4) DEFAULT NULL COMMENT 'Base Real Amount',
  PRIMARY KEY (`tax_id`),
  KEY `MAG2_SALES_ORDER_TAX_ORDER_ID_PRIORITY_POSITION` (`order_id`,`priority`,`position`)
) ENGINE=InnoDB DEFAULT CHARSET=utf8 COMMENT='Sales Order Tax Table';

--
-- Dumping data for table `mag2_sales_order_tax`
--


--
-- Table structure for table `mag2_sales_order_tax_item`
--

CREATE TABLE `mag2_sales_order_tax_item` (
  `tax_item_id` int(10) unsigned NOT NULL AUTO_INCREMENT COMMENT 'Tax Item Id',
  `tax_id` int(10) unsigned NOT NULL COMMENT 'Tax Id',
  `item_id` int(10) unsigned DEFAULT NULL COMMENT 'Item Id',
  `tax_percent` decimal(12,4) NOT NULL COMMENT 'Real Tax Percent For Item',
  `amount` decimal(12,4) NOT NULL COMMENT 'Tax amount for the item and tax rate',
  `base_amount` decimal(12,4) NOT NULL COMMENT 'Base tax amount for the item and tax rate',
  `real_amount` decimal(12,4) NOT NULL COMMENT 'Real tax amount for the item and tax rate',
  `real_base_amount` decimal(12,4) NOT NULL COMMENT 'Real base tax amount for the item and tax rate',
  `associated_item_id` int(10) unsigned DEFAULT NULL COMMENT 'Id of the associated item',
  `taxable_item_type` varchar(32) NOT NULL COMMENT 'Type of the taxable item',
  PRIMARY KEY (`tax_item_id`),
  UNIQUE KEY `MAG2_SALES_ORDER_TAX_ITEM_TAX_ID_ITEM_ID` (`tax_id`,`item_id`),
  KEY `MAG2_SALES_ORDER_TAX_ITEM_ITEM_ID` (`item_id`),
  KEY `FK_87AE5C4754894BB101EC548EDBCB6599` (`associated_item_id`)
) ENGINE=InnoDB DEFAULT CHARSET=utf8 COMMENT='Sales Order Tax Item';

--
-- Dumping data for table `mag2_sales_order_tax_item`
--


--
-- Table structure for table `mag2_sales_payment_transaction`
--

CREATE TABLE `mag2_sales_payment_transaction` (
  `transaction_id` int(10) unsigned NOT NULL AUTO_INCREMENT COMMENT 'Transaction Id',
  `parent_id` int(10) unsigned DEFAULT NULL COMMENT 'Parent Id',
  `order_id` int(10) unsigned NOT NULL DEFAULT '0' COMMENT 'Order Id',
  `payment_id` int(10) unsigned NOT NULL DEFAULT '0' COMMENT 'Payment Id',
  `txn_id` varchar(100) DEFAULT NULL COMMENT 'Txn Id',
  `parent_txn_id` varchar(100) DEFAULT NULL COMMENT 'Parent Txn Id',
  `txn_type` varchar(15) DEFAULT NULL COMMENT 'Txn Type',
  `is_closed` smallint(5) unsigned NOT NULL DEFAULT '1' COMMENT 'Is Closed',
  `additional_information` blob COMMENT 'Additional Information',
  `created_at` timestamp NOT NULL DEFAULT CURRENT_TIMESTAMP COMMENT 'Created At',
  PRIMARY KEY (`transaction_id`),
  UNIQUE KEY `MAG2_SALES_PAYMENT_TRANSACTION_ORDER_ID_PAYMENT_ID_TXN_ID` (`order_id`,`payment_id`,`txn_id`),
  KEY `MAG2_SALES_PAYMENT_TRANSACTION_PARENT_ID` (`parent_id`),
  KEY `MAG2_SALES_PAYMENT_TRANSACTION_PAYMENT_ID` (`payment_id`)
) ENGINE=InnoDB AUTO_INCREMENT=77 DEFAULT CHARSET=utf8 COMMENT='Sales Payment Transaction';

--
-- Dumping data for table `mag2_sales_payment_transaction`
--

INSERT INTO `mag2_sales_payment_transaction` VALUES (1,NULL,2,2,'chg_LV030920211418w2HX2102011','chg_LV030920211418w2HX2102011','authorization',1,_binary 'null','2021-02-21 11:19:50'),(2,NULL,10,10,'chg_LV035320212346e2NJ0503224','chg_LV035320212346e2NJ0503224','authorization',1,_binary 'null','2021-03-05 20:51:42'),(3,NULL,20,20,'chg_LV060420211107p2KK1703191','chg_LV060420211107p2KK1703191','authorization',1,_binary 'null','2021-03-17 08:08:25'),(4,NULL,26,26,'chg_LV050420211850Mg622203409','chg_LV050420211850Mg622203409','authorization',1,_binary 'null','2021-03-22 15:50:56'),(5,NULL,27,27,'chg_LV010920212103Yn602703165','chg_LV010920212103Yn602703165','authorization',1,_binary 'null','2021-03-27 18:04:33'),(6,NULL,28,28,'chg_LV044520212133Pp9j2703749','chg_LV044520212133Pp9j2703749','authorization',1,_binary 'null','2021-03-27 18:35:07'),(7,NULL,32,32,'chg_LV052120211500Ym923103687','chg_LV052120211500Ym923103687','authorization',1,_binary 'null','2021-03-31 12:01:13'),(8,NULL,34,34,'chg_LV060720212028Lq8k0404017','chg_LV060720212028Lq8k0404017','authorization',1,_binary 'null','2021-04-04 17:29:11'),(9,NULL,35,35,'chg_LV040020212139Lh2l0404767','chg_LV040020212139Lh2l0404767','authorization',1,_binary 'null','2021-04-04 18:45:06'),(10,NULL,36,36,'chg_LV063520211839Dj050804042','chg_LV063520211839Dj050804042','authorization',1,_binary 'null','2021-04-08 15:41:47'),(11,NULL,38,38,'chg_LV031320210114j2PO1604318','chg_LV031320210114j2PO1604318','authorization',1,_binary 'null','2021-04-15 22:15:25'),(12,NULL,40,40,'chg_LV051720212314Qj851704592','chg_LV051720212314Qj851704592','authorization',1,_binary 'null','2021-04-17 20:15:58'),(13,NULL,42,42,'chg_LV045120210119Lq221904901','chg_LV045120210119Lq221904901','authorization',1,_binary 'null','2021-04-18 22:20:42'),(14,NULL,43,43,'chg_LV054420212102Ml902104442','chg_LV054420212102Ml902104442','authorization',1,_binary 'null','2021-04-21 18:05:18'),(15,NULL,45,45,'chg_LV042620210046Dj292204538','chg_LV042620210046Dj292204538','authorization',1,_binary 'null','2021-04-21 21:48:19'),(16,NULL,46,46,'chg_LV023420210246Hj0q2204138','chg_LV023420210246Hj0q2204138','authorization',1,_binary 'null','2021-04-21 23:47:33'),(17,NULL,48,48,'chg_LV054120212317Pa802304407','chg_LV054120212317Pa802304407','authorization',1,_binary 'null','2021-04-23 20:19:49'),(18,NULL,49,49,'chg_LV020220212036Ht052404824','chg_LV020220212036Ht052404824','authorization',1,_binary 'null','2021-04-24 17:40:35'),(19,NULL,50,50,'chg_LV074420210107g6MY2504292','chg_LV074420210107g6MY2504292','authorization',1,_binary 'null','2021-04-24 22:08:43'),(20,NULL,51,51,'chg_LV025820212059e2TH2804057','chg_LV025820212059e2TH2804057','authorization',1,_binary 'null','2021-04-28 18:00:55'),(21,NULL,52,52,'chg_LV043720210405y9OH1705322','chg_LV043720210405y9OH1705322','authorization',1,_binary 'null','2021-05-17 01:06:32'),(22,NULL,56,56,'chg_LV055720211839e2X02405787','chg_LV055720211839e2X02405787','authorization',1,_binary 'null','2021-05-24 15:41:17'),(23,NULL,57,57,'chg_LV011720211950r6N92405338','chg_LV011720211950r6N92405338','authorization',1,_binary 'null','2021-05-24 16:51:38'),(24,NULL,59,59,'chg_LV064520212244j0YO2605591','chg_LV064520212244j0YO2605591','authorization',1,_binary 'null','2021-05-26 19:47:42'),(25,NULL,60,60,'chg_LV024220211147p5FO2905818','chg_LV024220211147p5FO2905818','authorization',1,_binary 'null','2021-05-29 08:48:45'),(26,NULL,62,62,'chg_LV070320211454r0X90406862','chg_LV070320211454r0X90406862','authorization',1,_binary 'null','2021-06-04 11:56:44'),(27,NULL,70,70,'chg_LV012920211347Mk291406802','chg_LV012920211347Mk291406802','authorization',1,_binary 'null','2021-06-14 10:49:27'),(28,NULL,72,72,'chg_LV011620212131k0MT1906185','chg_LV011620212131k0MT1906185','authorization',1,_binary 'null','2021-06-19 18:33:03'),(29,NULL,73,73,'chg_LV065020211329a5Z22006095','chg_LV065020211329a5Z22006095','authorization',1,_binary 'null','2021-06-20 10:31:53'),(30,NULL,74,74,'chg_LV045920211114Hs0t2406681','chg_LV045920211114Hs0t2406681','authorization',1,_binary 'null','2021-06-24 08:16:28'),(31,NULL,75,75,'chg_LV034220212359Ob2y2406623','chg_LV034220212359Ob2y2406623','authorization',1,_binary 'null','2021-06-24 21:01:06'),(32,NULL,78,78,'chg_LV020720211637Mj202506077','chg_LV020720211637Mj202506077','authorization',1,_binary 'null','2021-06-25 13:38:00'),(33,NULL,79,79,'chg_LV033320210034p0T52806073','chg_LV033320210034p0T52806073','authorization',1,_binary 'null','2021-06-27 21:36:38'),(34,NULL,80,80,'chg_LV050320211906Qr2u3006644','chg_LV050320211906Qr2u3006644','authorization',1,_binary 'null','2021-06-30 16:09:38'),(35,NULL,83,83,'chg_LV062120210252Mr9b0707997','chg_LV062120210252Mr9b0707997','authorization',1,_binary 'null','2021-07-06 23:53:30'),(36,NULL,93,93,'chg_LV065620211535s8K02807859','chg_LV065620211535s8K02807859','authorization',1,_binary 'null','2021-07-28 12:37:11'),(37,NULL,94,94,'chg_LV054420211513Xk2e0108018','chg_LV054420211513Xk2e0108018','authorization',1,_binary 'null','2021-08-01 12:16:18'),(38,NULL,95,95,'chg_LV030420211234n5X20208023','chg_LV030420211234n5X20208023','authorization',1,_binary 'null','2021-08-02 09:35:17'),(39,NULL,99,99,'chg_LV022120211706r5P22508327','chg_LV022120211706r5P22508327','authorization',1,_binary 'null','2021-08-25 14:07:41'),(40,NULL,100,100,'chg_LV012820211944m2BY2508665','chg_LV012820211944m2BY2508665','authorization',1,_binary 'null','2021-08-25 16:46:39'),(41,NULL,101,101,'chg_LV021120211108b0Y80109947','chg_LV021120211108b0Y80109947','authorization',1,_binary 'null','2021-09-01 08:09:30'),(42,NULL,102,102,'chg_LV065920211658s0RF2309582','chg_LV065920211658s0RF2309582','authorization',1,_binary 'null','2021-09-23 14:00:12'),(43,NULL,103,103,'chg_LV074520211545k2L80110421','chg_LV074520211545k2L80110421','authorization',1,_binary 'null','2021-10-01 12:46:56'),(44,NULL,105,105,'chg_LV060720211404a0BM0410362','chg_LV060720211404a0BM0410362','authorization',1,_binary 'null','2021-10-04 11:05:54'),(45,NULL,106,106,'chg_LV033820211845Rc6e3110677','chg_LV033820211845Rc6e3110677','authorization',1,_binary 'null','2021-10-31 15:49:05'),(46,NULL,107,107,'chg_LV021920211744Re8j0311364','chg_LV021920211744Re8j0311364','authorization',1,_binary 'null','2021-11-03 14:46:15'),(47,NULL,108,108,'chg_LV071020211932Lp8g0311826','chg_LV071020211932Lp8g0311826','authorization',1,_binary 'null','2021-11-03 16:33:10'),(48,NULL,109,109,'chg_LV044020211927Mn560611997','chg_LV044020211927Mn560611997','authorization',1,_binary 'null','2021-11-06 16:30:40'),(49,NULL,110,110,'chg_LV072220211223q6FK1811257','chg_LV072220211223q6FK1811257','authorization',1,_binary 'null','2021-11-18 09:24:42'),(50,NULL,111,111,'chg_LV033920211300j5T61911753','chg_LV033920211300j5T61911753','authorization',1,_binary 'null','2021-11-19 10:01:51'),(51,NULL,113,113,'chg_LV035720212019x5BQ0812104','chg_LV035720212019x5BQ0812104','authorization',1,_binary 'null','2021-12-08 17:21:48'),(52,NULL,116,116,'chg_LV013120220926Qj620501085','chg_LV013120220926Qj620501085','authorization',1,_binary 'null','2022-01-05 06:27:29'),(53,NULL,118,118,'chg_LV022820221508r9TD1202149','chg_LV022820221508r9TD1202149','authorization',1,_binary 'null','2022-02-12 12:10:41'),(54,NULL,120,120,'chg_LV060320222052Mj5o0303467','chg_LV060320222052Mj5o0303467','authorization',1,_binary 'null','2022-03-03 17:53:25'),(55,NULL,121,121,'chg_LV022020221650s0Y20406710','chg_LV022020221650s0Y20406710','authorization',1,_binary 'null','2022-06-04 13:51:43'),(56,NULL,122,122,'chg_LV013820221645Dt2e1106615','chg_LV013820221645Dt2e1106615','authorization',1,_binary 'null','2022-06-11 13:47:02'),(57,NULL,123,123,'chg_LV030320222221Rw6c1306312','chg_LV030320222221Rw6c1306312','authorization',1,_binary 'null','2022-06-13 19:22:06'),(58,NULL,124,124,'chg_LV073120222345i8YO1506066','chg_LV073120222345i8YO1506066','authorization',1,_binary 'null','2022-06-15 20:46:48'),(59,NULL,125,125,'chg_LV035920220913Yu2w2206780','chg_LV035920220913Yu2w2206780','authorization',1,_binary 'null','2022-06-22 06:15:21'),(60,NULL,127,127,'chg_LV061320220746e5PP0207658','chg_LV061320220746e5PP0207658','authorization',1,_binary 'null','2022-07-02 04:47:05'),(61,NULL,128,128,'chg_LV053520222307Mo860407183','chg_LV053520222307Mo860407183','authorization',1,_binary 'null','2022-07-04 20:08:37'),(62,NULL,130,130,'chg_LV074920221201p0X80208280','chg_LV074920221201p0X80208280','authorization',1,_binary 'null','2022-08-02 09:02:54'),(63,NULL,131,131,'chg_LV012520221722m0M50208506','chg_LV012520221722m0M50208506','authorization',1,_binary 'null','2022-08-02 14:23:12'),(64,NULL,133,133,'chg_LV032520222347i2R20708089','chg_LV032520222347i2R20708089','authorization',1,_binary 'null','2022-08-07 20:48:32'),(65,NULL,134,134,'chg_LV042220220020j2MY0109237','chg_LV042220220020j2MY0109237','authorization',1,_binary 'null','2022-08-31 21:21:13'),(66,NULL,137,137,'chg_LV060320221503Yc2i2509538','chg_LV060320221503Yc2i2509538','authorization',1,_binary 'null','2022-09-25 12:09:08'),(67,NULL,138,138,'chg_LV062220221516Ki9p2709663','chg_LV062220221516Ki9p2709663','authorization',1,_binary 'null','2022-09-27 12:17:38'),(68,NULL,140,140,'chg_LV052420221039Jm262809529','chg_LV052420221039Jm262809529','authorization',1,_binary 'null','2022-09-28 07:40:37'),(69,NULL,142,142,'chg_LV054420221756Tk281110313','chg_LV054420221756Tk281110313','authorization',1,_binary 'null','2022-10-11 14:57:50'),(70,NULL,143,143,'chg_LV023920221608Dn5a2010174','chg_LV023920221608Dn5a2010174','authorization',1,_binary 'null','2022-10-20 13:10:05'),(71,NULL,144,144,'chg_LV053220221815Dp290611005','chg_LV053220221815Dp290611005','authorization',1,_binary 'null','2022-11-06 15:16:23'),(72,NULL,145,145,'chg_LV041420222201Ny501512522','chg_LV041420222201Ny501512522','authorization',1,_binary 'null','2022-12-15 19:02:58'),(73,NULL,146,146,'chg_LV062920221050Lm9p2012500','chg_LV062920221050Lm9p2012500','authorization',1,_binary 'null','2022-12-20 07:51:55'),(74,NULL,148,148,'chg_LV023820231121Ho260601988','chg_LV023820231121Ho260601988','authorization',1,_binary 'null','2023-01-06 08:22:43'),(75,NULL,153,153,'chg_LV04A5920230218Lt6g0902902','chg_LV04A5920230218Lt6g0902902','authorization',1,_binary 'null','2023-02-08 23:20:11'),(76,NULL,154,154,'chg_LV01A5620231633e2RH1702512','chg_LV01A5620231633e2RH1702512','authorization',1,_binary 'null','2023-02-17 13:35:51');

--
-- Table structure for table `mag2_sales_refunded_aggregated`
--

CREATE TABLE `mag2_sales_refunded_aggregated` (
  `id` int(10) unsigned NOT NULL AUTO_INCREMENT COMMENT 'Id',
  `period` date DEFAULT NULL COMMENT 'Period',
  `store_id` smallint(5) unsigned DEFAULT NULL COMMENT 'Store Id',
  `order_status` varchar(50) NOT NULL COMMENT 'Order Status',
  `orders_count` int(11) NOT NULL DEFAULT '0' COMMENT 'Orders Count',
  `refunded` decimal(12,4) DEFAULT NULL COMMENT 'Refunded',
  `online_refunded` decimal(12,4) DEFAULT NULL COMMENT 'Online Refunded',
  `offline_refunded` decimal(12,4) DEFAULT NULL COMMENT 'Offline Refunded',
  PRIMARY KEY (`id`),
  UNIQUE KEY `MAG2_SALES_REFUNDED_AGGREGATED_PERIOD_STORE_ID_ORDER_STATUS` (`period`,`store_id`,`order_status`),
  KEY `MAG2_SALES_REFUNDED_AGGREGATED_STORE_ID` (`store_id`)
) ENGINE=InnoDB DEFAULT CHARSET=utf8 COMMENT='Sales Refunded Aggregated';

--
-- Dumping data for table `mag2_sales_refunded_aggregated`
--


--
-- Table structure for table `mag2_sales_refunded_aggregated_order`
--

CREATE TABLE `mag2_sales_refunded_aggregated_order` (
  `id` int(10) unsigned NOT NULL AUTO_INCREMENT COMMENT 'Id',
  `period` date DEFAULT NULL COMMENT 'Period',
  `store_id` smallint(5) unsigned DEFAULT NULL COMMENT 'Store Id',
  `order_status` varchar(50) DEFAULT NULL COMMENT 'Order Status',
  `orders_count` int(11) NOT NULL DEFAULT '0' COMMENT 'Orders Count',
  `refunded` decimal(12,4) DEFAULT NULL COMMENT 'Refunded',
  `online_refunded` decimal(12,4) DEFAULT NULL COMMENT 'Online Refunded',
  `offline_refunded` decimal(12,4) DEFAULT NULL COMMENT 'Offline Refunded',
  PRIMARY KEY (`id`),
  UNIQUE KEY `MAG2_SALES_REFUNDED_AGGRED_ORDER_PERIOD_STORE_ID_ORDER_STS` (`period`,`store_id`,`order_status`),
  KEY `MAG2_SALES_REFUNDED_AGGREGATED_ORDER_STORE_ID` (`store_id`)
) ENGINE=InnoDB DEFAULT CHARSET=utf8 COMMENT='Sales Refunded Aggregated Order';

--
-- Dumping data for table `mag2_sales_refunded_aggregated_order`
--


--
-- Table structure for table `mag2_sales_sequence_meta`
--

CREATE TABLE `mag2_sales_sequence_meta` (
  `meta_id` int(10) unsigned NOT NULL AUTO_INCREMENT COMMENT 'Id',
  `entity_type` varchar(32) NOT NULL COMMENT 'Prefix',
  `store_id` smallint(5) unsigned NOT NULL COMMENT 'Store Id',
  `sequence_table` varchar(32) NOT NULL COMMENT 'table for sequence',
  PRIMARY KEY (`meta_id`),
  UNIQUE KEY `MAG2_SALES_SEQUENCE_META_ENTITY_TYPE_STORE_ID` (`entity_type`,`store_id`)
) ENGINE=InnoDB AUTO_INCREMENT=13 DEFAULT CHARSET=utf8 COMMENT='mag2_sales_sequence_meta';

--
-- Dumping data for table `mag2_sales_sequence_meta`
--

INSERT INTO `mag2_sales_sequence_meta` VALUES (1,'order',0,'mag2_sequence_order_0'),(2,'invoice',0,'mag2_sequence_invoice_0'),(3,'creditmemo',0,'mag2_sequence_creditmemo_0'),(4,'shipment',0,'mag2_sequence_shipment_0'),(5,'order',1,'mag2_sequence_order_1'),(6,'invoice',1,'mag2_sequence_invoice_1'),(7,'creditmemo',1,'mag2_sequence_creditmemo_1'),(8,'shipment',1,'mag2_sequence_shipment_1'),(9,'order',2,'mag2_sequence_order_2'),(10,'invoice',2,'mag2_sequence_invoice_2'),(11,'creditmemo',2,'mag2_sequence_creditmemo_2'),(12,'shipment',2,'mag2_sequence_shipment_2');

--
-- Table structure for table `mag2_sales_sequence_profile`
--

CREATE TABLE `mag2_sales_sequence_profile` (
  `profile_id` int(10) unsigned NOT NULL AUTO_INCREMENT COMMENT 'Id',
  `meta_id` int(10) unsigned NOT NULL COMMENT 'Meta_id',
  `prefix` varchar(32) DEFAULT NULL COMMENT 'Prefix',
  `suffix` varchar(32) DEFAULT NULL COMMENT 'Suffix',
  `start_value` int(10) unsigned NOT NULL DEFAULT '1' COMMENT 'Start value for sequence',
  `step` int(10) unsigned NOT NULL DEFAULT '1' COMMENT 'Step for sequence',
  `max_value` int(10) unsigned NOT NULL COMMENT 'MaxValue for sequence',
  `warning_value` int(10) unsigned NOT NULL COMMENT 'WarningValue for sequence',
  `is_active` tinyint(1) NOT NULL DEFAULT '0' COMMENT 'isActive flag',
  PRIMARY KEY (`profile_id`),
  UNIQUE KEY `MAG2_SALES_SEQUENCE_PROFILE_META_ID_PREFIX_SUFFIX` (`meta_id`,`prefix`,`suffix`)
) ENGINE=InnoDB AUTO_INCREMENT=13 DEFAULT CHARSET=utf8 COMMENT='mag2_sales_sequence_profile';

--
-- Dumping data for table `mag2_sales_sequence_profile`
--

INSERT INTO `mag2_sales_sequence_profile` VALUES (1,1,NULL,NULL,1,1,4294967295,4294966295,1),(2,2,NULL,NULL,1,1,4294967295,4294966295,1),(3,3,NULL,NULL,1,1,4294967295,4294966295,1),(4,4,NULL,NULL,1,1,4294967295,4294966295,1),(5,5,NULL,NULL,1,1,4294967295,4294966295,1),(6,6,NULL,NULL,1,1,4294967295,4294966295,1),(7,7,NULL,NULL,1,1,4294967295,4294966295,1),(8,8,NULL,NULL,1,1,4294967295,4294966295,1),(9,9,'2',NULL,1,1,4294967295,4294966295,1),(10,10,'2',NULL,1,1,4294967295,4294966295,1),(11,11,'2',NULL,1,1,4294967295,4294966295,1),(12,12,'2',NULL,1,1,4294967295,4294966295,1);

--
-- Table structure for table `mag2_sales_shipment`
--

CREATE TABLE `mag2_sales_shipment` (
  `entity_id` int(10) unsigned NOT NULL AUTO_INCREMENT COMMENT 'Entity Id',
  `store_id` smallint(5) unsigned DEFAULT NULL COMMENT 'Store Id',
  `total_weight` decimal(12,4) DEFAULT NULL COMMENT 'Total Weight',
  `total_qty` decimal(12,4) DEFAULT NULL COMMENT 'Total Qty',
  `email_sent` smallint(5) unsigned DEFAULT NULL COMMENT 'Email Sent',
  `send_email` smallint(5) unsigned DEFAULT NULL COMMENT 'Send Email',
  `order_id` int(10) unsigned NOT NULL COMMENT 'Order Id',
  `customer_id` int(11) DEFAULT NULL COMMENT 'Customer Id',
  `shipping_address_id` int(11) DEFAULT NULL COMMENT 'Shipping Address Id',
  `billing_address_id` int(11) DEFAULT NULL COMMENT 'Billing Address Id',
  `shipment_status` int(11) DEFAULT NULL COMMENT 'Shipment Status',
  `increment_id` varchar(50) DEFAULT NULL COMMENT 'Increment Id',
  `created_at` timestamp NOT NULL DEFAULT CURRENT_TIMESTAMP COMMENT 'Created At',
  `updated_at` timestamp NOT NULL DEFAULT CURRENT_TIMESTAMP ON UPDATE CURRENT_TIMESTAMP COMMENT 'Updated At',
  `packages` text COMMENT 'Packed Products in Packages',
  `shipping_label` mediumblob COMMENT 'Shipping Label Content',
  `customer_note` text COMMENT 'Customer Note',
  `customer_note_notify` smallint(5) unsigned DEFAULT NULL COMMENT 'Customer Note Notify',
  PRIMARY KEY (`entity_id`),
  UNIQUE KEY `MAG2_SALES_SHIPMENT_INCREMENT_ID_STORE_ID` (`increment_id`,`store_id`),
  KEY `MAG2_SALES_SHIPMENT_STORE_ID` (`store_id`),
  KEY `MAG2_SALES_SHIPMENT_TOTAL_QTY` (`total_qty`),
  KEY `MAG2_SALES_SHIPMENT_ORDER_ID` (`order_id`),
  KEY `MAG2_SALES_SHIPMENT_CREATED_AT` (`created_at`),
  KEY `MAG2_SALES_SHIPMENT_UPDATED_AT` (`updated_at`),
  KEY `MAG2_SALES_SHIPMENT_SEND_EMAIL` (`send_email`),
  KEY `MAG2_SALES_SHIPMENT_EMAIL_SENT` (`email_sent`)
) ENGINE=InnoDB AUTO_INCREMENT=67 DEFAULT CHARSET=utf8 COMMENT='Sales Flat Shipment';

--
-- Dumping data for table `mag2_sales_shipment`
--

INSERT INTO `mag2_sales_shipment` VALUES (1,1,NULL,1.0000,NULL,1,5,NULL,9,10,NULL,'000000012','2021-02-22 13:23:24','2021-02-22 13:23:25','[]',NULL,NULL,NULL),(2,1,NULL,1.0000,NULL,1,6,NULL,11,12,NULL,'000000013','2021-02-25 16:35:00','2021-02-25 16:35:01','[]',NULL,NULL,NULL),(3,1,NULL,1.0000,1,1,7,NULL,13,14,NULL,'000000014','2021-03-09 15:22:40','2021-03-09 15:22:42','[]',NULL,NULL,NULL),(4,1,NULL,1.0000,1,1,10,NULL,19,20,NULL,'000000015','2021-03-09 15:36:03','2021-03-09 15:36:04','[]',NULL,'Your shipment will be delivered on 10 march , between 10 am - 3 pm .',1),(5,1,NULL,1.0000,1,1,19,NULL,36,37,NULL,'000000016','2021-03-23 06:27:34','2021-03-23 06:27:36','[]',NULL,'Your shipment will be delivered on 24 march between 10:00am - 3:00pm.',1),(6,1,NULL,1.0000,1,1,20,NULL,38,39,NULL,'000000017','2021-03-23 15:41:01','2021-03-23 15:41:10','[]',NULL,'Your shipment will be delivered on 24 march between 12:00pm - 4:00pm.',1),(7,1,NULL,4.0000,1,1,26,22,48,49,NULL,'000000018','2021-03-29 16:15:11','2021-03-29 16:15:13','[]',NULL,'Your shipment will be delivered tomorrow on 30 march between 12pm - 3pm.',1),(8,1,NULL,1.0000,1,1,27,NULL,50,51,NULL,'000000019','2021-03-30 06:46:21','2021-03-30 06:46:22','[]',NULL,'Your shipment will be delivered tomorrow on 31/3 between 12pm - 3pm.',1),(9,1,NULL,1.0000,1,1,28,NULL,52,53,NULL,'000000020','2021-04-02 14:44:38','2021-04-02 14:44:41','[]',NULL,'Your shipment will be delivered tomorrow on 3 April  between 12pm / 4pm.',1),(10,1,NULL,1.0000,1,1,35,NULL,62,63,NULL,'000000021','2021-04-10 11:59:20','2021-04-10 11:59:22','[]',NULL,'‏Your shipment will be delivered  tomorrow on 11/4 between 12pm / 4pm.',1),(11,1,NULL,1.0000,1,1,34,NULL,60,61,NULL,'000000022','2021-04-11 06:55:41','2021-04-11 06:55:43','[]',NULL,'\r\n‏Your shipment will be delivered  tomorrow on 12/4 , between 12pm/4pm.',1),(12,1,NULL,2.0000,1,1,36,NULL,64,65,NULL,'000000023','2021-04-13 18:03:50','2021-04-13 18:03:52','[]',NULL,'‏Your shipment will be delivered  tomorrow on 41/4 , between 12pm / 4pm.',1),(13,1,NULL,1.0000,1,1,38,NULL,68,69,NULL,'000000024','2021-04-19 08:09:46','2021-04-19 08:09:48','[]',NULL,'‏Your shipment will be delivered  tomorrow on 20/4 .\r\nBetween 12pm / 4pm .',1),(14,1,NULL,1.0000,1,1,40,NULL,71,72,NULL,'000000025','2021-04-24 06:51:51','2021-04-24 06:51:53','[]',NULL,'Your shipment will be delivered  tomorrow on 24/4 ,between 12pm / 4pm.\r\n',1),(15,1,NULL,1.0000,1,1,42,NULL,74,75,NULL,'000000026','2021-04-25 11:10:42','2021-04-25 11:10:44','[]',NULL,'Your shipment will be delivered  tomorrow on 25/4 ,between 12pm / 4pm.',1),(16,1,NULL,2.0000,1,1,50,24,90,91,NULL,'000000027','2021-05-01 13:08:12','2021-05-01 13:08:14','[]',NULL,'Your shipment will be delivered  tomorrow on2/5,between 12pm / 4pm.\r\n',1),(17,1,NULL,2.0000,1,1,43,NULL,76,77,NULL,'000000028','2021-05-01 16:56:17','2021-05-01 16:56:20','[]',NULL,'\r\nYour shipment will be delivered  tomorrow on2/5,between 12pm / 4pm.\r\n',1),(18,1,NULL,1.0000,1,1,45,NULL,80,81,NULL,'000000029','2021-05-02 16:16:28','2021-05-02 16:16:30','[]',NULL,'Your shipment will be delivered  tomorrow on3/5 ,between 12pm / 4pm.',1),(19,1,NULL,1.0000,1,1,46,NULL,82,83,NULL,'000000030','2021-05-03 17:08:02','2021-05-03 17:08:04','[]',NULL,'Your shipment will be delivered  tomorrow on4/5 ,between 12pm / 4pm.\r\n',1),(20,1,NULL,1.0000,1,1,48,NULL,86,87,NULL,'000000031','2021-05-03 17:09:30','2021-05-03 17:09:31','[]',NULL,'Your shipment will be delivered  tomorrow on4/5 ,between 12pm / 4pm.\r\n',1),(21,1,NULL,2.0000,1,1,49,NULL,88,89,NULL,'000000032','2021-05-04 17:11:01','2021-05-04 17:11:03','[]',NULL,'Your shipment will be delivered  tomorrow on 5/5 ,between 12pm / 4pm.\r\n',1),(22,1,NULL,2.0000,1,1,51,NULL,92,93,NULL,'000000033','2021-05-17 09:51:06','2021-05-17 09:51:08','[]',NULL,'Your shipment will be delivered  tomorrow on 17/5 ,between 12pm / 4pm.\r\n',1),(23,1,NULL,2.0000,1,1,52,NULL,94,95,NULL,'000000034','2021-05-23 10:13:41','2021-05-23 10:13:43','[]',NULL,'Your shipment will be delivered  tomorrow on 24/5 ,between 12pm / 4pm.',1),(24,1,NULL,1.0000,1,1,57,NULL,103,104,NULL,'000000035','2021-06-01 16:23:20','2021-06-01 16:23:22','[]',NULL,'\r\nYour shipment will be delivered  tomorrow on\r\n1/6 ,between 12pm / 4pm.\r\n',1),(25,1,NULL,1.0000,1,1,59,NULL,107,108,NULL,'000000036','2021-06-03 16:30:41','2021-06-03 16:30:43','[]',NULL,'Your shipment will be delivered  tomorrow on 4/6 ,between 12pm / 4pm.\r\n',1),(26,1,NULL,3.0000,1,1,60,NULL,109,110,NULL,'000000037','2021-06-09 17:52:58','2021-06-09 17:53:01','[]',NULL,'\r\nYour shipment will be delivered  tomorrow on 10/6 ,between 12pm / 4pm.',1),(27,1,NULL,1.0000,1,1,62,NULL,113,114,NULL,'000000038','2021-06-13 15:57:08','2021-06-13 15:57:11','[]',NULL,'Your shipment will be delivered  tomorrow on 14/6 ,between 12pm / 4pm.\r\n',1),(28,1,NULL,1.0000,1,1,72,NULL,125,126,NULL,'000000039','2021-06-26 18:20:11','2021-06-26 18:20:13','[]',NULL,'Your shipment will be delivered  tomorrow on 26/6 ,between 12pm / 4pm.\r\n',1),(29,1,NULL,2.0000,1,1,73,NULL,127,128,NULL,'000000040','2021-06-29 14:05:03','2021-06-29 14:05:05','[]',NULL,'Your shipment will be delivered  tomorrow on 30/6 ,between 12pm / 4pm.\r\n',1),(30,1,NULL,2.0000,1,1,74,NULL,129,130,NULL,'000000041','2021-07-04 08:27:01','2021-07-04 08:27:03','[]',NULL,'Your shipment will be delivered  tomorrow on \r\n5 /7,between 12pm / 4pm.',1),(31,1,NULL,1.0000,1,1,75,NULL,131,132,NULL,'000000042','2021-07-06 09:51:51','2021-07-06 09:51:53','[]',NULL,'Your shipment will be delivered  tomorrow on \r\n7/7,between 12pm / 4pm.\r\n',1),(32,1,NULL,2.0000,1,1,78,NULL,137,138,NULL,'000000043','2021-07-11 08:44:34','2021-07-11 08:44:36','[]',NULL,'Your shipment will be delivered  tomorrow on \r\n12/7,between 12pm / 4pm.',1),(33,1,NULL,1.0000,1,1,79,NULL,139,140,NULL,'000000044','2021-07-12 09:55:41','2021-07-12 09:55:43','[]',NULL,'Your shipment will be delivered  tomorrow on \r\n13/7,between 12pm / 4pm.\r\n',1),(34,1,NULL,1.0000,1,1,80,NULL,141,142,NULL,'000000045','2021-07-16 13:15:04','2021-07-16 13:15:06','[]',NULL,'Your shipment will be delivered  tomorrow on \r\n17 /7,between 12pm / 4pm.\r\n',1),(35,1,NULL,5.0000,NULL,NULL,83,NULL,147,148,NULL,'000000046','2021-07-26 16:46:56','2021-07-26 16:46:56','[]',NULL,NULL,NULL),(36,1,NULL,1.0000,1,1,93,NULL,167,168,NULL,'000000047','2021-08-01 19:35:17','2021-08-01 19:35:19','[]',NULL,'Your shipment will be delivered  tomorrow on \r\n2/8 ,between 12pm / 4pm.\r\n',1),(37,1,NULL,1.0000,1,1,95,NULL,171,172,NULL,'000000048','2021-08-06 17:55:49','2021-08-06 17:55:51','[]',NULL,'\r\nYour shipment will be delivered  tomorrow on 7/8 ,between 12pm / 4pm.\r\n',1),(38,1,NULL,16.0000,1,1,94,26,169,170,NULL,'000000049','2021-08-17 12:48:25','2021-08-17 12:48:27','[]',NULL,'Your shipment will be delivered  tomorrow on 18/8 ,between 12pm / 4pm.',1),(39,1,NULL,1.0000,1,1,99,NULL,178,179,NULL,'000000050','2021-08-30 18:07:27','2021-08-30 18:07:29','[]',NULL,'\r\nYour shipment will be delivered  tomorrow on 31/8 ,between 12pm / 4pm.',1),(40,1,NULL,2.0000,1,1,100,NULL,180,181,NULL,'000000051','2021-09-04 18:05:59','2021-09-04 18:06:01','[]',NULL,'Your shipment will be delivered  tomorrow on 5/9,between 12pm / 4pm.\r\n',1),(41,1,NULL,1.0000,1,1,101,NULL,182,183,NULL,'000000052','2021-09-06 18:35:15','2021-09-06 18:35:17','[]',NULL,'Your shipment will be delivered  tomorrow on 7/9,between 12pm / 4pm.',1),(42,1,NULL,2.0000,1,1,102,NULL,184,185,NULL,'000000053','2021-09-28 16:42:04','2021-09-28 16:42:06','[]',NULL,'Your shipment will be delivered  tomorrow on29/9,between 12pm / 4pm.\r\n',1),(43,1,NULL,1.0000,1,1,103,NULL,186,187,NULL,'000000054','2021-10-05 13:39:10','2021-10-05 13:39:12','[]',NULL,'Your shipment will be delivered  tomorrow on 06 /10,between 12pm / 4pm.',1),(44,1,NULL,2.0000,1,1,105,NULL,190,191,NULL,'000000055','2021-10-10 10:34:02','2021-10-10 10:34:04','[]',NULL,'\r\nYour shipment will be delivered  tomorrow on 11 /10,between 12pm / 4pm.',1),(45,1,NULL,1.0000,1,1,106,NULL,192,193,NULL,'000000056','2021-11-05 18:49:42','2021-11-05 18:49:44','[]',NULL,'Your shipment will be delivered  tomorrow on 06 /11,between 12pm / 4pm.\r\n',1),(46,1,NULL,1.0000,1,1,107,NULL,194,195,NULL,'000000057','2021-11-09 13:10:32','2021-11-09 13:10:34','[]',NULL,'Your shipment will be delivered  tomorrow on10/10,between 12pm / 4pm.\r\n',1),(47,1,NULL,1.0000,1,1,108,NULL,196,197,NULL,'000000058','2021-11-12 23:20:06','2021-11-12 23:20:08','[]',NULL,'عند ارسال الشحنه\r\nYour shipment will be delivered  tomorrow on 13/11,between 12pm / 4pm.',1),(48,1,NULL,3.0000,NULL,NULL,110,NULL,199,200,NULL,'000000059','2021-11-30 22:10:29','2021-11-30 22:10:29','[]',NULL,NULL,NULL),(49,1,NULL,1.0000,1,1,116,NULL,208,209,NULL,'000000060','2022-01-11 10:54:37','2022-01-11 10:54:39','[]',NULL,'Your shipment will be delivered  tomorrow on 12 /1 ,between 12pm / 4pm.',1),(50,1,NULL,1.0000,NULL,1,118,NULL,212,213,NULL,'000000061','2022-02-18 21:38:03','2022-02-18 21:38:07','[]',NULL,'Your shipment will be delivered to day on 19 /2,between 12pm / 4pm.',1),(51,1,NULL,2.0000,NULL,NULL,121,NULL,218,219,NULL,'000000062','2022-06-11 15:46:55','2022-06-11 15:46:55','[]',NULL,NULL,NULL),(52,1,NULL,1.0000,NULL,1,122,NULL,220,221,NULL,'000000063','2022-06-17 08:18:25','2022-06-17 08:18:26','[]',NULL,'\r\nYour shipment will be delivered to tomorrow on 18 /6 ,between 12pm / 4pm.\r\n',1),(53,1,NULL,2.0000,NULL,1,123,NULL,222,223,NULL,'000000064','2022-06-22 15:31:56','2022-06-22 15:31:57','[]',NULL,'Your shipment will be delivered to tomorrow on 23 /6 ,between 12pm / 4pm.',1),(54,1,NULL,1.0000,NULL,1,124,NULL,224,225,NULL,'000000065','2022-06-25 08:58:29','2022-06-25 08:58:30','[]',NULL,'Your shipment will be delivered to day on 25 /6 ,between 12pm / 4pm.\r\n',1),(55,1,NULL,2.0000,NULL,1,125,NULL,226,227,NULL,'000000066','2022-07-05 16:35:41','2022-07-05 16:35:42','[]',NULL,'Your shipment will be delivered to day on 6 /7 ,between 12pm / 4pm.\r\n',1),(56,1,NULL,2.0000,NULL,1,128,NULL,232,233,NULL,'000000067','2022-07-15 10:03:39','2022-07-15 10:03:40','[]',NULL,'Your shipment will be delivered to tomorrow on 16 /7 ,between 12pm / 4pm.',1),(57,1,NULL,1.0000,NULL,NULL,127,27,230,231,NULL,'000000068','2022-07-17 18:56:56','2022-07-17 18:56:56','[]',NULL,NULL,NULL),(58,1,NULL,1.0000,NULL,1,130,30,236,237,NULL,'000000069','2022-08-06 06:17:44','2022-08-06 06:17:46','[]',NULL,'\r\nYour shipment will be delivered to tomorrow on7 /8 ,between 12pm / 4pm.',1),(59,1,NULL,1.0000,NULL,1,131,NULL,238,239,NULL,'000000070','2022-08-07 17:09:29','2022-08-07 17:09:30','[]',NULL,'\r\nYour shipment will be delivered to tomorrow on 8 /8 ,between 12pm / 4pm.\r\n',1),(60,1,NULL,2.0000,NULL,1,133,NULL,242,243,NULL,'000000071','2022-08-13 07:08:38','2022-08-13 07:08:39','[]',NULL,'Your shipment will be delivered to tomorrow on 14 /8 ,between 12pm / 4pm.\r\n',1),(61,1,NULL,2.0000,NULL,1,134,NULL,244,245,NULL,'000000072','2022-09-06 08:39:53','2022-09-06 08:39:54','[]',NULL,'Your shipment will be delivered to tomorrow on 6 /9,between 12pm / 4pm.',1),(62,1,NULL,1.0000,NULL,1,138,NULL,250,251,NULL,'000000073','2022-10-03 20:14:59','2022-10-03 20:15:00','[]',NULL,'Your shipment will be delivered to tomorrow on 4 /10 ,between 12pm / 4pm.\r\n',1),(63,1,NULL,1.0000,NULL,1,140,NULL,254,255,NULL,'000000074','2022-10-03 20:16:02','2022-10-03 20:16:03','[]',NULL,'Your shipment will be delivered to tomorrow on 4 /10 ,between 12pm / 4pm.\r\n',1),(64,1,NULL,1.0000,NULL,NULL,142,NULL,258,259,NULL,'000000075','2022-10-17 17:01:21','2022-10-17 17:01:21','[]',NULL,NULL,NULL),(65,1,NULL,1.0000,NULL,1,143,NULL,260,261,NULL,'000000076','2022-10-24 16:22:16','2022-10-24 16:22:17','[]',NULL,'Your shipment will be delivered to tomorrow on 25  /10 ,between 12pm / 4pm.',1),(66,1,NULL,1.0000,NULL,1,144,NULL,262,263,NULL,'000000077','2022-11-09 17:20:24','2022-11-09 17:20:25','[]',NULL,'Your shipment will be delivered to tomorrow on 10  /11 ,between 12pm / 4pm.\r\n',1);

--
-- Table structure for table `mag2_sales_shipment_comment`
--

CREATE TABLE `mag2_sales_shipment_comment` (
  `entity_id` int(10) unsigned NOT NULL AUTO_INCREMENT COMMENT 'Entity Id',
  `parent_id` int(10) unsigned NOT NULL COMMENT 'Parent Id',
  `is_customer_notified` int(11) DEFAULT NULL COMMENT 'Is Customer Notified',
  `is_visible_on_front` smallint(5) unsigned NOT NULL DEFAULT '0' COMMENT 'Is Visible On Front',
  `comment` text COMMENT 'Comment',
  `created_at` timestamp NOT NULL DEFAULT CURRENT_TIMESTAMP COMMENT 'Created At',
  PRIMARY KEY (`entity_id`),
  KEY `MAG2_SALES_SHIPMENT_COMMENT_CREATED_AT` (`created_at`),
  KEY `MAG2_SALES_SHIPMENT_COMMENT_PARENT_ID` (`parent_id`)
) ENGINE=InnoDB AUTO_INCREMENT=59 DEFAULT CHARSET=utf8 COMMENT='Sales Flat Shipment Comment';

--
-- Dumping data for table `mag2_sales_shipment_comment`
--

INSERT INTO `mag2_sales_shipment_comment` VALUES (1,4,1,0,'Your shipment will be delivered on 10 march , between 10 am - 3 pm .','2021-03-09 15:36:03'),(2,5,1,0,'Your shipment will be delivered on 24 march between 10:00am - 3:00pm.','2021-03-23 06:27:34'),(3,6,1,0,'Your shipment will be delivered on 24 march between 12:00pm - 4:00pm.','2021-03-23 15:41:01'),(4,7,1,0,'Your shipment will be delivered tomorrow on 30 march between 12pm - 3pm.','2021-03-29 16:15:11'),(5,8,1,0,'Your shipment will be delivered tomorrow on 31/3 between 12pm - 3pm.','2021-03-30 06:46:21'),(6,9,1,0,'Your shipment will be delivered tomorrow on 3 April  between 12pm / 4pm.','2021-04-02 14:44:38'),(7,10,1,0,'‏Your shipment will be delivered  tomorrow on 11/4 between 12pm / 4pm.','2021-04-10 11:59:20'),(8,11,1,0,'\r\n‏Your shipment will be delivered  tomorrow on 12/4 , between 12pm/4pm.','2021-04-11 06:55:41'),(9,12,1,0,'‏Your shipment will be delivered  tomorrow on 41/4 , between 12pm / 4pm.','2021-04-13 18:03:50'),(10,13,1,0,'‏Your shipment will be delivered  tomorrow on 20/4 .\r\nBetween 12pm / 4pm .','2021-04-19 08:09:46'),(11,14,1,0,'Your shipment will be delivered  tomorrow on 24/4 ,between 12pm / 4pm.\r\n','2021-04-24 06:51:51'),(12,15,1,0,'Your shipment will be delivered  tomorrow on 25/4 ,between 12pm / 4pm.','2021-04-25 11:10:42'),(13,16,1,0,'Your shipment will be delivered  tomorrow on2/5,between 12pm / 4pm.\r\n','2021-05-01 13:08:12'),(14,17,1,0,'\r\nYour shipment will be delivered  tomorrow on2/5,between 12pm / 4pm.\r\n','2021-05-01 16:56:17'),(15,18,1,0,'Your shipment will be delivered  tomorrow on3/5 ,between 12pm / 4pm.','2021-05-02 16:16:28'),(16,19,1,0,'Your shipment will be delivered  tomorrow on4/5 ,between 12pm / 4pm.\r\n','2021-05-03 17:08:02'),(17,20,1,0,'Your shipment will be delivered  tomorrow on4/5 ,between 12pm / 4pm.\r\n','2021-05-03 17:09:30'),(18,21,1,0,'Your shipment will be delivered  tomorrow on 5/5 ,between 12pm / 4pm.\r\n','2021-05-04 17:11:01'),(19,22,1,0,'Your shipment will be delivered  tomorrow on 17/5 ,between 12pm / 4pm.\r\n','2021-05-17 09:51:06'),(20,23,1,0,'Your shipment will be delivered  tomorrow on 24/5 ,between 12pm / 4pm.','2021-05-23 10:13:41'),(21,24,1,0,'\r\nYour shipment will be delivered  tomorrow on\r\n1/6 ,between 12pm / 4pm.\r\n','2021-06-01 16:23:20'),(22,25,1,0,'Your shipment will be delivered  tomorrow on 4/6 ,between 12pm / 4pm.\r\n','2021-06-03 16:30:41'),(23,26,1,0,'\r\nYour shipment will be delivered  tomorrow on 10/6 ,between 12pm / 4pm.','2021-06-09 17:52:58'),(24,27,1,0,'Your shipment will be delivered  tomorrow on 14/6 ,between 12pm / 4pm.\r\n','2021-06-13 15:57:08'),(25,28,1,0,'Your shipment will be delivered  tomorrow on 26/6 ,between 12pm / 4pm.\r\n','2021-06-26 18:20:11'),(26,29,1,0,'Your shipment will be delivered  tomorrow on 30/6 ,between 12pm / 4pm.\r\n','2021-06-29 14:05:03'),(27,30,1,0,'Your shipment will be delivered  tomorrow on \r\n5 /7,between 12pm / 4pm.','2021-07-04 08:27:01'),(28,31,1,0,'Your shipment will be delivered  tomorrow on \r\n7/7,between 12pm / 4pm.\r\n','2021-07-06 09:51:51'),(29,32,1,0,'Your shipment will be delivered  tomorrow on \r\n12/7,between 12pm / 4pm.','2021-07-11 08:44:34'),(30,33,1,0,'Your shipment will be delivered  tomorrow on \r\n13/7,between 12pm / 4pm.\r\n','2021-07-12 09:55:41'),(31,34,1,0,'Your shipment will be delivered  tomorrow on \r\n17 /7,between 12pm / 4pm.\r\n','2021-07-16 13:15:04'),(32,36,1,0,'Your shipment will be delivered  tomorrow on \r\n2/8 ,between 12pm / 4pm.\r\n','2021-08-01 19:35:17'),(33,37,1,0,'\r\nYour shipment will be delivered  tomorrow on 7/8 ,between 12pm / 4pm.\r\n','2021-08-06 17:55:49'),(34,38,1,0,'Your shipment will be delivered  tomorrow on 18/8 ,between 12pm / 4pm.','2021-08-17 12:48:25'),(35,39,1,0,'\r\nYour shipment will be delivered  tomorrow on 31/8 ,between 12pm / 4pm.','2021-08-30 18:07:27'),(36,40,1,0,'Your shipment will be delivered  tomorrow on 5/9,between 12pm / 4pm.\r\n','2021-09-04 18:05:59'),(37,41,1,0,'Your shipment will be delivered  tomorrow on 7/9,between 12pm / 4pm.','2021-09-06 18:35:15'),(38,42,1,0,'Your shipment will be delivered  tomorrow on29/9,between 12pm / 4pm.\r\n','2021-09-28 16:42:04'),(39,43,1,0,'Your shipment will be delivered  tomorrow on 06 /10,between 12pm / 4pm.','2021-10-05 13:39:10'),(40,44,1,0,'\r\nYour shipment will be delivered  tomorrow on 11 /10,between 12pm / 4pm.','2021-10-10 10:34:02'),(41,45,1,0,'Your shipment will be delivered  tomorrow on 06 /11,between 12pm / 4pm.\r\n','2021-11-05 18:49:42'),(42,46,1,0,'Your shipment will be delivered  tomorrow on10/10,between 12pm / 4pm.\r\n','2021-11-09 13:10:32'),(43,47,1,0,'عند ارسال الشحنه\r\nYour shipment will be delivered  tomorrow on 13/11,between 12pm / 4pm.','2021-11-12 23:20:06'),(44,49,1,0,'Your shipment will be delivered  tomorrow on 12 /1 ,between 12pm / 4pm.','2022-01-11 10:54:37'),(45,50,1,0,'Your shipment will be delivered to day on 19 /2,between 12pm / 4pm.','2022-02-18 21:38:03'),(46,52,1,0,'\r\nYour shipment will be delivered to tomorrow on 18 /6 ,between 12pm / 4pm.\r\n','2022-06-17 08:18:25'),(47,53,1,0,'Your shipment will be delivered to tomorrow on 23 /6 ,between 12pm / 4pm.','2022-06-22 15:31:56'),(48,54,1,0,'Your shipment will be delivered to day on 25 /6 ,between 12pm / 4pm.\r\n','2022-06-25 08:58:29'),(49,55,1,0,'Your shipment will be delivered to day on 6 /7 ,between 12pm / 4pm.\r\n','2022-07-05 16:35:41'),(50,56,1,0,'Your shipment will be delivered to tomorrow on 16 /7 ,between 12pm / 4pm.','2022-07-15 10:03:39'),(51,58,1,0,'\r\nYour shipment will be delivered to tomorrow on7 /8 ,between 12pm / 4pm.','2022-08-06 06:17:44'),(52,59,1,0,'\r\nYour shipment will be delivered to tomorrow on 8 /8 ,between 12pm / 4pm.\r\n','2022-08-07 17:09:29'),(53,60,1,0,'Your shipment will be delivered to tomorrow on 14 /8 ,between 12pm / 4pm.\r\n','2022-08-13 07:08:38'),(54,61,1,0,'Your shipment will be delivered to tomorrow on 6 /9,between 12pm / 4pm.','2022-09-06 08:39:53'),(55,62,1,0,'Your shipment will be delivered to tomorrow on 4 /10 ,between 12pm / 4pm.\r\n','2022-10-03 20:14:59'),(56,63,1,0,'Your shipment will be delivered to tomorrow on 4 /10 ,between 12pm / 4pm.\r\n','2022-10-03 20:16:02'),(57,65,1,0,'Your shipment will be delivered to tomorrow on 25  /10 ,between 12pm / 4pm.','2022-10-24 16:22:16'),(58,66,1,0,'Your shipment will be delivered to tomorrow on 10  /11 ,between 12pm / 4pm.\r\n','2022-11-09 17:20:24');

--
-- Table structure for table `mag2_sales_shipment_grid`
--

CREATE TABLE `mag2_sales_shipment_grid` (
  `entity_id` int(10) unsigned NOT NULL COMMENT 'Entity Id',
  `increment_id` varchar(50) DEFAULT NULL COMMENT 'Increment Id',
  `store_id` smallint(5) unsigned DEFAULT NULL COMMENT 'Store Id',
  `order_increment_id` varchar(32) NOT NULL COMMENT 'Order Increment Id',
  `order_id` int(10) unsigned NOT NULL COMMENT 'Order Id',
  `order_created_at` timestamp NOT NULL DEFAULT CURRENT_TIMESTAMP ON UPDATE CURRENT_TIMESTAMP COMMENT 'Order Increment Id',
  `customer_name` varchar(128) NOT NULL COMMENT 'Customer Name',
  `total_qty` decimal(12,4) DEFAULT NULL COMMENT 'Total Qty',
  `shipment_status` int(11) DEFAULT NULL COMMENT 'Shipment Status',
  `order_status` varchar(32) DEFAULT NULL COMMENT 'Order',
  `billing_address` varchar(255) DEFAULT NULL COMMENT 'Billing Address',
  `shipping_address` varchar(255) DEFAULT NULL COMMENT 'Shipping Address',
  `billing_name` varchar(128) DEFAULT NULL COMMENT 'Billing Name',
  `shipping_name` varchar(128) DEFAULT NULL COMMENT 'Shipping Name',
  `customer_email` varchar(128) DEFAULT NULL COMMENT 'Customer Email',
  `customer_group_id` int(11) DEFAULT NULL,
  `payment_method` varchar(32) DEFAULT NULL COMMENT 'Payment Method',
  `shipping_information` varchar(255) DEFAULT NULL COMMENT 'Shipping Method Name',
  `created_at` timestamp NULL DEFAULT NULL COMMENT 'Created At',
  `updated_at` timestamp NULL DEFAULT NULL COMMENT 'Updated At',
  PRIMARY KEY (`entity_id`),
  UNIQUE KEY `MAG2_SALES_SHIPMENT_GRID_INCREMENT_ID_STORE_ID` (`increment_id`,`store_id`),
  KEY `MAG2_SALES_SHIPMENT_GRID_STORE_ID` (`store_id`),
  KEY `MAG2_SALES_SHIPMENT_GRID_TOTAL_QTY` (`total_qty`),
  KEY `MAG2_SALES_SHIPMENT_GRID_ORDER_INCREMENT_ID` (`order_increment_id`),
  KEY `MAG2_SALES_SHIPMENT_GRID_SHIPMENT_STATUS` (`shipment_status`),
  KEY `MAG2_SALES_SHIPMENT_GRID_ORDER_STATUS` (`order_status`),
  KEY `MAG2_SALES_SHIPMENT_GRID_CREATED_AT` (`created_at`),
  KEY `MAG2_SALES_SHIPMENT_GRID_UPDATED_AT` (`updated_at`),
  KEY `MAG2_SALES_SHIPMENT_GRID_ORDER_CREATED_AT` (`order_created_at`),
  KEY `MAG2_SALES_SHIPMENT_GRID_SHIPPING_NAME` (`shipping_name`),
  KEY `MAG2_SALES_SHIPMENT_GRID_BILLING_NAME` (`billing_name`),
  FULLTEXT KEY `FTI_42782B8F468F16A40AAB73703E2D3F46` (`increment_id`,`order_increment_id`,`shipping_name`,`customer_name`,`customer_email`,`billing_address`,`shipping_address`)
) ENGINE=InnoDB DEFAULT CHARSET=utf8 COMMENT='Sales Flat Shipment Grid';

--
-- Dumping data for table `mag2_sales_shipment_grid`
--

INSERT INTO `mag2_sales_shipment_grid` VALUES (1,'000000012',1,'000000108',5,'2021-02-22 12:56:57','',1.0000,NULL,'processing','Block 7 str 75 Nr 3 Faiha  Alasima 72707','Block 7 str 75 Nr 3 Faiha  Alasima 72707','Faisal  Almajed','Faisal  Almajed','akuna26@hotmail.com',0,'cashondelivery','Best Way - Table Rate','2021-02-22 13:23:24','2021-02-22 13:23:24'),(2,'000000013',1,'000000109',6,'2021-02-22 15:42:09','',1.0000,NULL,'processing','Faiha \nBlack 7 street 75\nHouse 3 Kuwait  72707','Faiha \nBlack 7 street 75\nHouse 3 Kuwait  72707','Faisal  Almajed','Faisal  Almajed','akuna26@hotmail.com',0,'cashondelivery','Best Way - Table Rate','2021-02-25 16:35:00','2021-02-25 16:35:00'),(3,'000000014',1,'000000110',7,'2021-03-04 08:47:07','',1.0000,NULL,'processing','Block 7 str 75 \nHouse Nr 3 Faiha Alasimah 72707','Block 7 str 75 \nHouse Nr 3 Faiha Alasimah 72707','Faisal Almajed','Faisal Almajed','akuna26@hotmail.com',0,'cashondelivery','Best Way - Table Rate','2021-03-09 15:22:40','2021-03-09 15:22:40'),(4,'000000015',1,'000000113',10,'2021-03-05 20:46:50','',1.0000,NULL,'processing','Alqusoor block 7 street 2 house 8 kuwait 2256','Alqusoor block 7 street 2 house 8 kuwait 2256','Amal Alasfoor','Amal Alasfoor','r_malomar123@hotmail.com',0,'tap','Best Way - Table Rate','2021-03-09 15:36:03','2021-03-09 15:36:03'),(5,'000000016',1,'000000122',19,'2021-03-14 15:42:47','',1.0000,NULL,'processing','block 4\nst 405\nhouse 83  al siddeeq 00000','block 4\nst 405\nhouse 83 alsiddeeq 00000','Dalal Alomar','Dalal Alomar','dkalomar.dao@gmail.com',0,'cashondelivery','Best Way - Table Rate','2021-03-23 06:27:34','2021-03-23 06:27:34'),(6,'000000017',1,'000000123',20,'2021-03-17 08:07:01','',1.0000,NULL,'processing','Block 2 street 29 home 2 Faiha 72702','Block 2 street 29 home 2 Faiha 72702','Dana Alfadalah','Dana Alfadalah','alfadalah87@gmail.com',0,'tap','Best Way - Table Rate','2021-03-23 15:41:01','2021-03-23 15:41:01'),(7,'000000018',1,'000000129',26,'2021-03-22 15:49:01','',4.0000,NULL,'processing','Eshbilia \n block 4  street 420 \n home 28 Alfarwania 00965','Eshbilia \nblock 4 street 4\n home 28 Alfarwania 00965','Sara Khalid','Sara Khalid','sayoure_85@hotmail.com',0,'tap','Best Way - Table Rate','2021-03-29 16:15:11','2021-03-29 16:15:11'),(8,'000000019',1,'000000130',27,'2021-03-27 18:03:07','',1.0000,NULL,'processing','B 2\nSt 78 \n19 Farwaniyah 80000','B 2\nSt 78 \n19 Farwaniyah 80000','Fatma Saad','Fatma Saad','Fourtips19955@gmail.com',0,'tap','Best Way - Table Rate','2021-03-30 06:46:21','2021-03-30 06:46:21'),(9,'000000020',1,'000000131',28,'2021-03-27 18:33:44','',1.0000,NULL,'processing','Sabah alsalem \n block 7 street 2 \n avenue 14 house 18 Kuwait 0000','Sabah alsalem \n block 7 street 2 \n avenue 14 house 18 Kuwait 0000','Tarfa Altainan','Tarfa Altainan','altainantarfa@gmail.com',0,'tap','Best Way - Table Rate','2021-04-02 14:44:38','2021-04-02 14:44:38'),(10,'000000021',1,'000000138',35,'2021-04-04 18:39:00','',1.0000,NULL,'processing','block:7\nStreet:165\nHouse:127 Bo fatira 47087','block:7\nStreet:165\nHouse:127 Bo fatira 47087','Mariam Bo abbas','Mariam Bo abbas','omwewe1986@gmail.com',0,'tap','Best Way - Table Rate','2021-04-10 11:59:20','2021-04-10 11:59:20'),(11,'000000022',1,'000000137',34,'2021-04-04 17:28:05','',1.0000,NULL,'processing','bayan, b5 , s5 , h58 bayan 12345','bayan, b5 , s5 , h58 bayan 12345','um ahmed','um ahmed','dwam2001@hotmail.com',0,'tap','Best Way - Table Rate','2021-04-11 06:55:41','2021-04-11 06:55:41'),(12,'000000023',1,'000000139',36,'2021-04-08 15:39:27','',2.0000,NULL,'processing','Block 6 street 4 house 15 Mubarak Al-kabeer 451111','Block 6 street 4 house 15 Mubarak Al-kabeer 451111','Abrar Aldreiweesh','Abrar Aldreiweesh','abrar_al.dreiweesh@hotmail.com',0,'tap','Best Way - Table Rate','2021-04-13 18:03:50','2021-04-13 18:03:50'),(13,'000000024',1,'000000141',38,'2021-04-15 22:14:13','',1.0000,NULL,'processing','St 1 \nAvenue 4\nHn 22 Sabah Alsalem 00000','St 1 \nAvenue 4\nHn 22 Sabah Alsalem 00000','Dalal Alkhashti','Dalal Alkhashti','bdmsma99877099@hotmail.com',0,'tap','Best Way - Table Rate','2021-04-19 08:09:46','2021-04-19 08:09:46'),(14,'000000025',1,'000000143',40,'2021-04-17 20:14:15','',1.0000,NULL,'processing','Egaila\nB3\nSt 337 h24 f3 dep 9 Egaila 00965','Egaila\nB3\nSt 337 h24 f3 dep 9 Egaila 00965','Amina Albisher','Amina Albisher','am00n11982@hotmail.com',0,'tap','Best Way - Table Rate','2021-04-24 06:51:51','2021-04-24 06:51:51'),(15,'000000026',1,'000000145',42,'2021-04-18 22:19:43','',1.0000,NULL,'processing','alsalam,block7\nstreet710,house13 kuwait,salam kuwait 47701','alsalam,block7\nstreet710,house13 kuwait,salam kuwait 47701','Fatimah Saleh','Fatimah Saleh','fatmasaleh1997@gmail.com',0,'tap','Best Way - Table Rate','2021-04-25 11:10:42','2021-04-25 11:10:42'),(16,'000000027',1,'000000153',50,'2021-04-24 22:07:36','',2.0000,NULL,'processing','Al shuhada block 2 street 202 house 3 Kuwait 47782','Al shuhada block 2 street 202 house 3 Kuwait 47782','Ghadeer Alqallaf','Ghadeer Alqallaf','g.alqallaf@hotmail.com',0,'tap','Best Way - Table Rate','2021-05-01 13:08:12','2021-05-01 13:08:12'),(17,'000000028',1,'000000146',43,'2021-04-21 18:02:41','',2.0000,NULL,'processing','Ahmed bin hanbel\nBlock 3\nHome11 Rumaithya Kuwait  No','Ahmed bin hanbel\nBlock 3\nHome11 Rumaithya Kuwait  No','Amal alfailkawi','Amal alfailkawi','rayanalrabab@gmail.com',0,'tap','Best Way - Table Rate','2021-05-01 16:56:17','2021-05-01 16:56:17'),(18,'000000029',1,'000000148',45,'2021-04-21 21:46:28','',1.0000,NULL,'processing','Daiya b1 s10 h28 Kuwait/daiya 00965','Daiya b1 s10 h28 Kuwait/daiya 00965','Modi Alkhashti','Modi Alkhashti','tota_almazioona_123@hotmail.com',0,'tap','Best Way - Table Rate','2021-05-02 16:16:28','2021-05-02 16:16:28'),(19,'000000030',1,'000000149',46,'2021-04-21 23:46:31','',1.0000,NULL,'processing','Block 5 st 218 house 8 Abufatira 35110','Block 5 st 218 house 8 Abufatira 35110','Fatma Hani','Fatma Hani','engfatma_98@hotmail.com',0,'tap','Best Way - Table Rate','2021-05-03 17:08:02','2021-05-03 17:08:02'),(20,'000000031',1,'000000151',48,'2021-04-23 20:17:28','',1.0000,NULL,'processing','2\n22\n5 jaber alali kuwait 00965','2\n22\n5 jaber alali kuwait 00965','shoug alshohumi','shoug alshohumi','omazoz16@hotmail.com',0,'tap','Best Way - Table Rate','2021-05-03 17:09:30','2021-05-03 17:09:30'),(21,'000000032',1,'000000152',49,'2021-04-24 17:35:59','',2.0000,NULL,'processing','Sabah alsalem\nBlock 10 - street 2 \nAvenue 12 - house no. 10 Kuwait  44010','Sabah alsalem\nBlock 10 - street 2 \nAvenue 12 - house no. 10 Kuwait  44010','Fatima Lari','Fatima Lari','faa7oor_al3ean@hotmail.com',0,'tap','Best Way - Table Rate','2021-05-04 17:11:01','2021-05-04 17:11:01'),(22,'000000033',1,'000000154',51,'2021-04-28 17:57:55','',2.0000,NULL,'processing','faiha block 7 street ibn hani house 2 apartment flat 4 kuwait kuwait /','faiha block 7 street ibn hani house 2 apartment flat 4 kuwait kuwait /','dalal almudhaf','dalal almudhaf','dalooosha.87@gmail.com',0,'tap','Best Way - Table Rate','2021-05-17 09:51:06','2021-05-17 09:51:06'),(23,'000000034',1,'000000155',52,'2021-05-17 01:05:27','',2.0000,NULL,'processing','Eshbilia block 4 street 420 home 28\nEshbilia block 4 street 420 home 28\nEshbilia block 4 street 420 home 28 Alfarwania 00965','Eshbilia block 4 street 420 home 28\nEshbilia block 4 street 420 home 28\nEshbilia block 4 street 420 home 28 Alfarwania 00965','Sara Khalid','Sara Khalid','sayoure_85@hotmail.com',0,'tap','Best Way - Table Rate','2021-05-23 10:13:41','2021-05-23 10:13:41'),(24,'000000035',1,'000000160',57,'2021-05-24 16:50:15','',1.0000,NULL,'processing','ق ٥ ش ٥٠٤ م ٢١\nق ٥ ش ٥٠٤ م ٢١\nق ٥ ش ٥٠٤ م ٢١ عبدالله مبارك 0000','ق ٥ ش ٥٠٤ م ٢١\nق ٥ ش ٥٠٤ م ٢١\nق ٥ ش ٥٠٤ م ٢١ عبدالله مبارك 0000','Fajer بوثنتين','Fajer بوثنتين','fajerbaraka@icloud.com',0,'tap','Best Way - Table Rate','2021-06-01 16:23:20','2021-06-01 16:23:20'),(25,'000000036',1,'000000162',59,'2021-05-26 19:44:40','',1.0000,NULL,'processing','Sabah alsalem block4 street13 house57 Sabah Alsalem  44004','Sabah alsalem block4 street13 house57 Sabah Alsalem  44004','HESSA ALYAQOUT','HESSA ALYAQOUT','hessa_alyagout@outlook.com',0,'tap','Best Way - Table Rate','2021-06-03 16:30:41','2021-06-03 16:30:41'),(26,'000000037',1,'000000163',60,'2021-05-29 08:47:40','',3.0000,NULL,'processing','3\nBlock 5\nHouse 5 Mishref  - -','3\nBlock 5\nHouse 5 Mishref  - -','Alaa Almuraished','Alaa Almuraished','Alla.almuraished@gmail.com',0,'tap','Best Way - Table Rate','2021-06-09 17:52:58','2021-06-09 17:52:58'),(27,'000000038',1,'000000165',62,'2021-06-04 11:54:00','',1.0000,NULL,'processing','Ahmed bin hanbel\n36 Kuwait  Rumaithya 25403','Ahmed bin hanbel\n36 Kuwait  Rumaithya 25403','Amal Alfailkawi','Amal Alfailkawi','amalfailkawi78@icloud.com',0,'tap','Best Way - Table Rate','2021-06-13 15:57:08','2021-06-13 15:57:08'),(28,'000000039',1,'000000175',72,'2021-06-19 18:31:13','',1.0000,NULL,'processing','Kaifan block 3 street 36\nHouse number 11 Kaifan  Asimah 71803','Kaifan block 3 street 36\nHouse number 11 Kaifan  Asimah 71803','Dana Alhomoud','Dana Alhomoud','loza_d@hotmail.com',0,'tap','Best Way - Table Rate','2021-06-26 18:20:11','2021-06-26 18:20:11'),(29,'000000040',1,'000000176',73,'2021-06-20 10:29:46','',2.0000,NULL,'processing','Abu fatira \nBlock 5 street 218\nHouse 8 Abufatira 650','Abu fatira \nBlock 5 street 218\nHouse 8 Abufatira 650','Fatma Hani','Fatma Hani','engfatma_98@hotmail.com',0,'tap','Best Way - Table Rate','2021-06-29 14:05:03','2021-06-29 14:05:03'),(30,'000000041',1,'000000177',74,'2021-06-24 08:14:57','',2.0000,NULL,'processing','Block 1/street144/\nHouse 485 North west sulbkat 00965','Block 1/street144/\nHouse 485 North west sulbkat 00965','Reem Abdullah','Reem Abdullah','al_thoraya@windowslive.com',0,'tap','Best Way - Table Rate','2021-07-04 08:27:01','2021-07-04 08:27:01'),(31,'000000042',1,'000000178',75,'2021-06-24 20:59:40','',1.0000,NULL,'processing','EGaila b3 st337 h24 f3 adp9 EGaila 00965','EGaila b3 st337 h24 f3 adp9 EGaila 00965','Amina Albisher','Amina Albisher','am00n11982@hotmail.com',0,'tap','Best Way - Table Rate','2021-07-06 09:51:51','2021-07-06 09:51:51'),(32,'000000043',1,'000000181',78,'2021-06-25 13:37:04','',2.0000,NULL,'processing','Qadisiya\nBlock4\nStreet44-house 13A Kuwait Asma 00000','Qadisiya\nBlock4\nStreet44-house 13A Kuwait Asma 00000','Hanadi Allmeae','Hanadi Allmeae','Hanadi.8477@gmail.com',0,'tap','Best Way - Table Rate','2021-07-11 08:44:34','2021-07-11 08:44:34'),(33,'000000044',1,'000000182',79,'2021-06-27 21:34:29','',1.0000,NULL,'processing','Street 5\nBlock 4\nHouse 30 Adan 55847775','Street 5\nBlock 4\nHouse 30 Adan 55847775','Zahra  Alnaser','Zahra  Alnaser','zahraa_z113@hotmail.com',0,'tap','Best Way - Table Rate','2021-07-12 09:55:41','2021-07-12 09:55:41'),(34,'000000045',1,'000000183',80,'2021-06-30 16:06:00','',1.0000,NULL,'processing','Rumaithya,b 3,st Ahmed bin hanbil \nAvenue 36,h11 Rumaithya  25403','Rumaithya,b 3,st Ahmed bin hanbil \nAvenue 36,h11 Rumaithya  25403','amal Alfailkawi','amal Alfailkawi','amalfailkawi78@icloud.com',0,'tap','Best Way - Table Rate','2021-07-16 13:15:04','2021-07-16 13:15:04'),(35,'000000046',1,'000000186',83,'2021-07-06 23:50:37','',5.0000,NULL,'processing','Zone 46, street 831, house 29 Doha 00974','Zone 46, street 831, house 29 Doha 00974','Noora Heidous','Noora Heidous','nooraldo_7@Hotmail.com',0,'tap','Best Way - Table Rate','2021-07-26 16:46:56','2021-07-26 16:46:56'),(36,'000000047',1,'000000196',93,'2021-07-28 12:35:54','',1.0000,NULL,'processing','Aldahar b1 s5 h39\nAldahar b1 s5 h39\nAldahar b1 s5 h39 Kuwait 0000','Aldahar b1 s5 h39\nAldahar b1 s5 h39\nAldahar b1 s5 h39 Kuwait 99 0000','Dalal Alrashdan','Dalal Alrashdan','dalaliialrsh@outlook.sa',0,'tap','Best Way - Table Rate','2021-08-01 19:35:17','2021-08-01 19:35:17'),(37,'000000048',1,'000000198',95,'2021-08-02 09:34:01','',1.0000,NULL,'processing','Salam, block 4\nStreet 413\nHouse 44 Salam 1005','Salam, block 4\nStreet 413\nHouse 44 Salam 1005','Shaikha Aljawdar','Shaikha Aljawdar','shaikhaalj@hotmail.com',0,'tap','Best Way - Table Rate','2021-08-06 17:55:49','2021-08-06 17:55:49'),(38,'000000049',1,'000000197',94,'2021-08-01 12:13:40','Shaymaa Alnaser',16.0000,NULL,'processing','106\nAndalous block 10 street 106 no 37 andalous Andalous none','106\nAndalous block 10 street 106 no 37 andalous Andalous none','Shaymaa Alnaser','Shaymaa Alnaser','dr.sen@hotmail.com',1,'tap','Best Way - Table Rate','2021-08-17 12:48:25','2021-08-17 12:48:25'),(39,'000000050',1,'000000202',99,'2021-08-25 14:06:19','',1.0000,NULL,'processing','Kaifan\nB 7, st 76, h 24 Kuwait  13011','Kaifan\nB 7, st 76, h 24 Kuwait  13011','Lulu Alkhashti','Lulu Alkhashti','lolwahalkhashti@gmail.com',0,'tap','Best Way - Table Rate','2021-08-30 18:07:27','2021-08-30 18:07:27'),(40,'000000051',1,'000000203',100,'2021-08-25 16:44:26','',2.0000,NULL,'processing','Kaifan block 3 street 36\nHouse number 11 Kaifan  Asimah 71803','Kaifan block 3 street 36\nHouse number 11 Kaifan  Asimah 71803','Dana  Ali','Dana  Ali','loza_d@hotmail.com',0,'tap','Best Way - Table Rate','2021-09-04 18:05:59','2021-09-04 18:05:59'),(41,'000000052',1,'000000204',101,'2021-09-01 08:08:09','',1.0000,NULL,'processing','Alqousor \nBlock 7\nStreet 26 / house 17 Kuwait 965','Alqousor \nBlock 7\nStreet 26 / house 17 Kuwait 965','Fedda Boqrais','Fedda Boqrais','f-boqrais@hotmail.com',0,'tap','Best Way - Table Rate','2021-09-06 18:35:15','2021-09-06 18:35:15'),(42,'000000053',1,'000000205',102,'2021-09-23 13:58:54','',2.0000,NULL,'processing','Kuwait rehab b 2 s8 h 19\nKuwait rehab b 2 s8 h 19\nKuwait rehab b 2 s8 h 19 Kuwait 180006','Kuwait rehab b 2 s8 h 19\nKuwait rehab b 2 s8 h 19\nKuwait rehab b 2 s8 h 19 Kuwait 180006','MonaMona M','MonaMona M','munaliza_24@hotmail.com',0,'tap','Best Way - Table Rate','2021-09-28 16:42:04','2021-09-28 16:42:04'),(43,'000000054',1,'000000206',103,'2021-10-01 12:45:41','',1.0000,NULL,'processing','Nuzah blook 1 street 12 house no 6\nNuzah blook 1 street 12 house no 6\nNuzah blook 1 street 12 house no 6 Nuzha Asma Governorate 97223','Nuzah blook 1 street 12 house no 6\nNuzah blook 1 street 12 house no 6\nNuzah blook 1 street 12 house no 6 Nuzha Asma Governorate 97223','Nihad Almutawa','Nihad Almutawa','nahoodi74@gmail.com',0,'tap','Best Way - Table Rate','2021-10-05 13:39:10','2021-10-05 13:39:10'),(44,'000000055',1,'000000208',105,'2021-10-04 11:04:04','',2.0000,NULL,'processing','رميثيه قطعه ٣ شارع احمد بن حنبل /جادة ٣٦ منزل ١١\nرميثيه قطعه ٣ شارع احمد بن حنبل /جادة ٣٦ منزل ١١\nرميثيه قطعه ٣ شارع احمد بن حنبل /جادة ٣٦ منزل ١١ مدينه الكويت /رميثيه ٢٥٤٠٣','رميثيه قطعه ٣ شارع احمد بن حنبل /جادة ٣٦ منزل ١١\nرميثيه قطعه ٣ شارع احمد بن حنبل /جادة ٣٦ منزل ١١\nرميثيه قطعه ٣ شارع احمد بن حنبل /جادة ٣٦ منزل ١١ مدينه الكويت /رميثيه ٢٥٤٠٣','امال الفيلكاوي','امال الفيلكاوي','amalfailkawi78@icloud.com',0,'tap','Best Way - Table Rate','2021-10-10 10:34:02','2021-10-10 10:34:02'),(45,'000000056',1,'000000209',106,'2021-10-31 15:45:34','',1.0000,NULL,'processing','Alqurain b.4 s.22 h.37 Mubarak alkabeer 47044','Alqurain b.4 s.22 h.37 Mubarak alkabeer 47044','Fatemah Alkanderi','Fatemah Alkanderi','tota_alb6o6a@hotmail.com',0,'tap','Best Way - Table Rate','2021-11-05 18:49:42','2021-11-05 18:49:42'),(46,'000000057',1,'000000210',107,'2021-11-03 14:44:15','',1.0000,NULL,'processing','Mishref block 2 Street 6, House 15\n2 Street 6, House 15\n2 Street 6, House 15 Mishrif Hawally 40002','Mishref block 2 Street 6, House 15\n2 Street 6, House 15\n2 Street 6, House 15 Mishrif Hawally 40002','alshatti nadia','alshatti nadia','missma7bobah@hotmail.com',0,'tap','Best Way - Table Rate','2021-11-09 13:10:32','2021-11-09 13:10:32'),(47,'000000058',1,'000000211',108,'2021-11-03 16:32:08','',1.0000,NULL,'processing','Rawda black 4 street 47 house 14 Rawda 00965','Rawda black 4 street 47 house 14 Rawda 00965','Mai  Saleh','Mai  Saleh','mais.alsubaie@gmail.com',0,'tap','Best Way - Table Rate','2021-11-12 23:20:06','2021-11-12 23:20:06'),(48,'000000059',1,'000000213',110,'2021-11-18 09:23:19','',3.0000,NULL,'processing','47\nBlack 4 street 47 house 14 Rawda 00965','47\nBlack 4 street 47 house 14 Rawda 00965','Mai Saleh','Mai Saleh','mais.alsubaie@gmail.com',0,'tap','Best Way - Table Rate','2021-11-30 22:10:29','2021-11-30 22:10:29'),(49,'000000060',1,'000000219',116,'2022-01-05 06:26:30','',1.0000,NULL,'processing','Adailya block 1 Abdulaziz Alrashid street avenu 15 house 6 Kuwait 73254','Adailya block 1 Abdulaziz Alrashid street avenu 15 house 6 Kuwait 73254','Marwa Albabtain','Marwa Albabtain','mohammedmarwa460@yqhoo.com',0,'tap','Best Way - Table Rate','2022-01-11 10:54:37','2022-01-11 10:54:37'),(50,'000000061',1,'000000221',118,'2022-02-12 12:08:18','',1.0000,NULL,'processing','الرقه قطعه 4 شارع 13 منزل166 الكويت  0000','الرقه قطعه 4 شارع 13 منزل166 الكويت  13 0000','اماني  المطيري','اماني  المطيري','new8229@outlook.com',0,'tap','Best Way - Table Rate','2022-02-18 21:38:03','2022-02-18 21:38:03'),(51,'000000062',1,'000000224',121,'2022-06-04 13:50:17','',2.0000,NULL,'processing','hitteen block 1 street 12 house 57 kuwait  hawally 0000','hitteen block 1 street 12 house 57 kuwait  hawally 0000','dalal alghanim','dalal alghanim','dalal_alghanim@hotmail.com',0,'tap','Best Way - Table Rate','2022-06-11 15:46:55','2022-06-11 15:46:55'),(52,'000000063',1,'000000225',122,'2022-06-11 13:45:35','',1.0000,NULL,'processing','Al shuhada block 2 street 202 house 3 Kuwait 47782','Al shuhada block 2 street 202 house 3 Kuwait 47782','Ghadeer Alqallaf','Ghadeer Alqallaf','g.alqallaf@hotmail.com',0,'tap','Best Way - Table Rate','2022-06-17 08:18:25','2022-06-17 08:18:25'),(53,'000000064',1,'000000226',123,'2022-06-13 19:19:46','',2.0000,NULL,'processing','Block 2\nStreet 67\nHouse 3 Al adan مبارك الكبير  47002','Block 2\nStreet 67\nHouse 3 Al adan مبارك الكبير  47002','Muneera Albaz','Muneera Albaz','monyalbaz@gmail.com',0,'tap','Best Way - Table Rate','2022-06-22 15:31:56','2022-06-22 15:31:56'),(54,'000000065',1,'000000227',124,'2022-06-15 20:45:28','',1.0000,NULL,'processing','قرطبة ق 4 ش 1 جادة 4 منزل 11 Qortuba  0','قرطبة ق 4 ش 1 جادة 4 منزل 11 Qortuba  0','Doha Alfailakawi','Doha Alfailakawi','doha-1989@hotmail.com',0,'tap','Best Way - Table Rate','2022-06-25 08:58:29','2022-06-25 08:58:29'),(55,'000000066',1,'000000228',125,'2022-06-22 06:13:57','',2.0000,NULL,'processing','Jassem Mohammed albarjes street\nBlock3 house10\nNear university Khaldiya  70303','Jassem Mohammed albarjes street\nBlock3 house10\nNear university Khaldiya  70303','Aisha  Alfailakawi','Aisha  Alfailakawi','aishaalfailakawi92@gmail.com',0,'tap','Best Way - Table Rate','2022-07-05 16:35:41','2022-07-05 16:35:41'),(56,'000000067',1,'000000231',128,'2022-07-04 20:07:32','',2.0000,NULL,'processing','Alqsour b6 s3 h 16 Qusor 47020','Alqsour b6 s3 h 16 Qusor 47020','Alanood Alsh','Alanood Alsh','alanoud.1990@icloud.com',0,'tap','Best Way - Table Rate','2022-07-15 10:03:39','2022-07-15 10:03:39'),(57,'000000068',1,'000000230',127,'2022-07-02 04:45:00','',1.0000,NULL,'processing','Al Yasmin Area\nStreet 151 Riyadh Riyadh  13326','Al Yasmin Area\nStreet 151 Riyadh Riyadh  13326','Norah Alhumaid','Norah Alhumaid','akilma@live.com',0,'tap','Best Way - Table Rate','2022-07-17 18:56:56','2022-07-17 18:56:56'),(58,'000000069',1,'000000233',130,'2022-08-02 09:01:06','',1.0000,NULL,'processing','Blook 1 Street 130 Home 833\nBlook 1 Street 130 Home 833\nBlook 1 Street 130 Home 833 Jaber Al-Ahmad City …','Blook 1 Street 130 Home 833\nBlook 1 Street 130 Home 833\nBlook 1 Street 130 Home 833 Jaber Al-Ahmad City …','Huda Hmoud','Huda Hmoud','um_3boud@hotmail.com',0,'tap','Best Way - Table Rate','2022-08-06 06:17:44','2022-08-06 06:17:44'),(59,'000000070',1,'000000234',131,'2022-08-02 14:22:18','',1.0000,NULL,'processing','Andalous blk12 str15 house 43 Andalos 12345','Andalous blk12 str15 house 43 Andalos 12345','A A','A A','jannaq8@yahoo.com',0,'tap','Best Way - Table Rate','2022-08-07 17:09:29','2022-08-07 17:09:29'),(60,'000000071',1,'000000236',133,'2022-08-07 20:47:22','',2.0000,NULL,'processing','North west sulaibikhat block2 street 229 home 534 floor 2 flat 3\nblock 2 street 229\nhome 534 floor 2 flat 3 Kuwait  Kuwait  Kuwait','North west sulaibikhat block2 street 229 home 534 floor 2 flat 3\nblock 2 street 229\nhome 534 floor 2 flat 3 Kuwait  Kuwait  Kuwait','Rawan Dashti','Rawan Dashti','dashtiii.990@gmail.con',0,'tap','Best Way - Table Rate','2022-08-13 07:08:38','2022-08-13 07:08:38'),(61,'000000072',1,'000000237',134,'2022-08-31 21:20:20','',2.0000,NULL,'processing','Alqsour \nBlock 6 street 3 house 16 Alqsour  95557288','Alqsour \nBlock 6 street 3 house 16 Alqsour  95557288','Anood Alsh','Anood Alsh','alanoud.1990@icloud.com',0,'tap','Best Way - Table Rate','2022-09-06 08:39:53','2022-09-06 08:39:53'),(62,'000000073',1,'000000241',138,'2022-09-27 12:16:20','',1.0000,NULL,'processing','2 farwanya/sabah-alnaser  965','2 farwanya/sabah-alnaser  965','noura  alqahtani','noura  alqahtani','alnouri200@hotmail.com',0,'tap','Best Way - Table Rate','2022-10-03 20:14:59','2022-10-03 20:14:59'),(63,'000000074',1,'000000243',140,'2022-09-28 07:39:22','',1.0000,NULL,'processing','Block 10\nStreet 6\nHouse 7 Ahmadi Fahaheel 61008','Block 10\nStreet 6\nHouse 7 Ahmadi Fahaheel 61008','Wessam Al Al Qahtani','Wessam Al Al Qahtani','wqahtani@kockw.com',0,'tap','Best Way - Table Rate','2022-10-03 20:16:02','2022-10-03 20:16:02'),(64,'000000075',1,'000000245',142,'2022-10-11 14:56:41','',1.0000,NULL,'processing','B 11 st 4 h33 Salwa No','B 11 st 4 h33 Salwa No','Wafaa  Alrayes','Wafaa  Alrayes','Wafaa_mohammed75@outlook.com',0,'tap','Best Way - Table Rate','2022-10-17 17:01:21','2022-10-17 17:01:21'),(65,'000000076',1,'000000246',143,'2022-10-20 13:08:36','',1.0000,NULL,'processing','Qusor \nBlock 1 street 49\nHouse number 11 Mubarak alkabeer 47021','Qusor \nBlock 1 street 49\nHouse number 11 Mubarak alkabeer 47021','Farah Marafie','Farah Marafie','frooha-marafie@hotmail.com',0,'tap','Best Way - Table Rate','2022-10-24 16:22:16','2022-10-24 16:22:16'),(66,'000000077',1,'000000247',144,'2022-11-06 15:15:24','',1.0000,NULL,'processing','Alqaour\nBlock 6\nStreet 3 house 16 Alqsour 95557288','Alqaour\nBlock 6\nStreet 3 house 16 Alqsour 95557288','Anood Alsh','Anood Alsh','alanoud.1990@icloud.com',0,'tap','Best Way - Table Rate','2022-11-09 17:20:24','2022-11-09 17:20:24');

--
-- Table structure for table `mag2_sales_shipment_item`
--

CREATE TABLE `mag2_sales_shipment_item` (
  `entity_id` int(10) unsigned NOT NULL AUTO_INCREMENT COMMENT 'Entity Id',
  `parent_id` int(10) unsigned NOT NULL COMMENT 'Parent Id',
  `row_total` decimal(12,4) DEFAULT NULL COMMENT 'Row Total',
  `price` decimal(12,4) DEFAULT NULL COMMENT 'Price',
  `weight` decimal(12,4) DEFAULT NULL COMMENT 'Weight',
  `qty` decimal(12,4) DEFAULT NULL COMMENT 'Qty',
  `product_id` int(11) DEFAULT NULL COMMENT 'Product Id',
  `order_item_id` int(11) DEFAULT NULL COMMENT 'Order Item Id',
  `additional_data` text COMMENT 'Additional Data',
  `description` text COMMENT 'Description',
  `name` varchar(255) DEFAULT NULL COMMENT 'Name',
  `sku` varchar(255) DEFAULT NULL COMMENT 'Sku',
  PRIMARY KEY (`entity_id`),
  KEY `MAG2_SALES_SHIPMENT_ITEM_PARENT_ID` (`parent_id`)
) ENGINE=InnoDB AUTO_INCREMENT=110 DEFAULT CHARSET=utf8 COMMENT='Sales Flat Shipment Item';

--
-- Dumping data for table `mag2_sales_shipment_item`
--

INSERT INTO `mag2_sales_shipment_item` VALUES (1,1,NULL,49.7500,NULL,1.0000,105,11,NULL,NULL,'Light beige suit with ruffle details','Light beige suit with ruffle details-XL-37'),(2,2,NULL,46.7500,NULL,1.0000,1669,13,NULL,NULL,'Denim colour-block design training suit','Denim colour-block design training suit-L-36'),(3,3,NULL,30.7500,NULL,1.0000,1676,15,NULL,NULL,'Volume beige jacket','Volume beige jacket-L-like the photo'),(4,4,NULL,25.7500,NULL,1.0000,14,21,NULL,NULL,'Sky blue top','Sky blue top-XL'),(5,5,NULL,75.7500,NULL,1.0000,1565,39,NULL,NULL,'Gray kaftan with black details','Gray kaftan with black details-XL-61'),(6,6,NULL,48.7500,NULL,1.0000,1419,41,NULL,NULL,'Beige cotton kaftan','Beige cotton kaftan-L-58'),(7,7,NULL,28.7500,NULL,1.0000,1613,69,NULL,NULL,'Black top with white stripes design','Black top with white stripes design-XXL-Black'),(8,7,NULL,28.7500,NULL,1.0000,1579,71,NULL,NULL,'Caramel top with black','Caramel top with black-XXL'),(9,7,NULL,27.7500,NULL,1.0000,1606,73,NULL,NULL,'Tiffany top with sky blue','Tiffany top with sky blue-XXL-tiffany'),(10,7,NULL,27.7500,NULL,1.0000,21,75,NULL,NULL,'Olive top','Olive top-XXL-Olive'),(11,8,NULL,26.7500,NULL,1.0000,1579,77,NULL,NULL,'Caramel top with black','Caramel top with black-M'),(12,9,NULL,28.7500,NULL,1.0000,1592,79,NULL,NULL,'Layered white jacket','Layered white jacket-S-off white'),(13,10,NULL,29.7500,NULL,1.0000,14,93,NULL,NULL,'Sky blue top','Sky blue top-XXXL'),(14,11,NULL,67.7500,NULL,1.0000,25072,91,NULL,NULL,'dress ruffle in dark beige','dress ruffle in dark beige-XXL-56-like the photo'),(15,12,NULL,30.7500,NULL,1.0000,1676,95,NULL,NULL,'Volume beige jacket','Volume beige jacket-L-like the photo'),(16,12,NULL,25.7500,NULL,1.0000,14,97,NULL,NULL,'Sky blue top','Sky blue top-XL'),(17,13,NULL,25.7500,NULL,1.0000,396,105,NULL,NULL,'Grey shanton jacket','Grey shanton jacket-XL-Gray'),(18,14,NULL,96.7500,NULL,1.0000,648,111,NULL,NULL,'Black suit with silver','Black suit with silver-XXXL-42'),(19,15,NULL,65.7500,NULL,1.0000,25072,115,NULL,NULL,'dress ruffle in dark beige','dress ruffle in dark beige-L-54-like the photo'),(20,16,NULL,48.7500,NULL,1.0000,1419,135,NULL,NULL,'Beige cotton kaftan','Beige cotton kaftan-M-53'),(21,16,NULL,25.7500,NULL,1.0000,56,137,NULL,NULL,'White top with mix colors','White top with mix colors-M'),(22,17,NULL,31.7500,NULL,1.0000,1579,117,NULL,NULL,'Caramel top with black','Caramel top with black-XXXL'),(23,17,NULL,29.7500,NULL,1.0000,28,119,NULL,NULL,'Burgundy striped design top with front pockets','Burgundy striped design top with front pockets-XXXL'),(24,18,NULL,65.7500,NULL,1.0000,25072,123,NULL,NULL,'dress ruffle in dark beige','dress ruffle in dark beige-XL-51-like the photo'),(25,19,NULL,25.7500,NULL,1.0000,1606,125,NULL,NULL,'Tiffany top with sky blue','Tiffany top with sky blue-XL-tiffany'),(26,20,NULL,65.7500,NULL,1.0000,25072,129,NULL,NULL,'dress ruffle in dark beige','dress ruffle in dark beige-M-55-like the photo'),(27,21,NULL,27.7500,NULL,1.0000,396,131,NULL,NULL,'Grey shanton jacket','Grey shanton jacket-XXL-Gray'),(28,21,NULL,28.7500,NULL,1.0000,376,133,NULL,NULL,'Caramel denim jacket','Caramel denim jacket-XL'),(29,22,NULL,30.7500,NULL,1.0000,7,139,NULL,NULL,'Black loose top with baby pink','Black loose top with baby pink-XL-Black'),(30,22,NULL,25.7500,NULL,1.0000,14,141,NULL,NULL,'Sky blue top','Sky blue top-XL'),(31,23,NULL,24.7500,NULL,1.0000,28,143,NULL,NULL,'Burgundy striped design top with front pockets','Burgundy striped design top with front pockets-L'),(32,23,NULL,25.7500,NULL,1.0000,403,145,NULL,NULL,'Oversized denim jacket with sky blue  ','Oversized denim jacket with sky blue  -L-Dark blue'),(33,24,NULL,23.7500,NULL,1.0000,42,161,NULL,NULL,'Scarf top','Scarfs top-M'),(34,25,NULL,27.7500,NULL,1.0000,14,167,NULL,NULL,'Sky blue top','Sky blue top-XXL'),(35,26,NULL,32.7500,NULL,1.0000,7,169,NULL,NULL,'Black loose top with baby pink','Black loose top with baby pink-XXL-Black'),(36,26,NULL,30.7500,NULL,1.0000,1592,171,NULL,NULL,'Layered white jacket','Layered white jacket-XXL-off white'),(37,26,NULL,28.7500,NULL,1.0000,1613,173,NULL,NULL,'Black top with white stripes design','Black top with white stripes design-XXL-Black'),(38,27,NULL,31.7500,NULL,1.0000,1599,177,NULL,NULL,'Denim jaket with max colors','Denim jaket with max colors-XXXL-Blue'),(39,28,NULL,23.7500,NULL,1.0000,35,201,NULL,NULL,'Layered black top','Layered black top-XL'),(40,29,NULL,24.7500,NULL,1.0000,28,205,NULL,NULL,'Burgundy striped design top with front pockets','Burgundy striped design top with front pockets-XL'),(41,29,NULL,46.7500,NULL,1.0000,369,207,NULL,NULL,'Overlapping colors training suit','Overlapping colors training suit-XL-40-Gray'),(42,30,NULL,30.7500,NULL,1.0000,7,209,NULL,NULL,'Black loose top with baby pink','Black loose top with baby pink-S-Black'),(43,30,NULL,24.7500,NULL,1.0000,28,211,NULL,NULL,'Burgundy striped design top with front pockets','Burgundy striped design top with front pockets-M'),(44,31,NULL,25.7500,NULL,1.0000,35,215,NULL,NULL,'Layered black top','Layered black top-XXL'),(45,32,NULL,96.7500,NULL,1.0000,758,225,NULL,NULL,'Beige suit with ruffle','Beige suit with ruffle-M-39- Beige'),(46,32,NULL,30.7500,NULL,1.0000,7,227,NULL,NULL,'Black loose top with baby pink','Black loose top with baby pink-M-Black'),(47,33,NULL,25.7500,NULL,1.0000,1606,231,NULL,NULL,'Tiffany top with sky blue','Tiffany top with sky blue-XL-tiffany'),(48,34,NULL,26.7500,NULL,1.0000,1613,233,NULL,NULL,'Black top with white stripes design','Black top with white stripes design-XL-Black'),(49,35,NULL,24.7500,NULL,1.0000,1199,245,NULL,NULL,'Black chanton wide leg trousers','Black chanton wide leg trousers-M-38-Black'),(50,35,NULL,28.7500,NULL,1.0000,1592,247,NULL,NULL,'Layered white jacket','Layered white jacket-M-off white'),(51,35,NULL,23.7500,NULL,1.0000,35,249,NULL,NULL,'Layered black top','Layered black top-M'),(52,35,NULL,24.7500,NULL,1.0000,1248,251,NULL,NULL,'Crepe wide leg trousers','Crepe wide leg trousers-M-38-White'),(53,35,NULL,30.7500,NULL,1.0000,7,253,NULL,NULL,'Black loose top with baby pink','Black loose top with baby pink-M-Black'),(54,36,NULL,23.7500,NULL,1.0000,35,273,NULL,NULL,'Layered black top','Layered black top-M'),(55,37,NULL,30.7500,NULL,1.0000,1620,311,NULL,NULL,'Light gray jacket with max colors design','Light gray jacket with max colors design-M-Light gray'),(56,38,NULL,32.7500,NULL,1.0000,7,275,NULL,NULL,'Black loose top with baby pink','Black loose top with baby pink-XXL-Black'),(57,38,NULL,30.7500,NULL,1.0000,1592,277,NULL,NULL,'Layered white jacket','Layered white jacket-XXL-off white'),(58,38,NULL,28.7500,NULL,1.0000,1572,281,NULL,NULL,'Oversized denim jacket with white','Oversized denim jacket with white-XXL-Blue'),(59,38,NULL,27.7500,NULL,1.0000,1606,285,NULL,NULL,'Tiffany top with sky blue','Tiffany top with sky blue-XXL-tiffany'),(60,38,NULL,48.7500,NULL,1.0000,1669,287,NULL,NULL,'Denim colour-block design training suit','Denim colour-block design training suit-XXL-41'),(61,38,NULL,48.7500,NULL,1.0000,369,289,NULL,NULL,'Overlapping colors training suit','Overlapping colors training suit-XXL-41-Gray'),(62,38,NULL,48.7500,NULL,1.0000,320,291,NULL,NULL,'Training suit with shoulder details','Training suit with shoulder details-XXL-41-Black'),(63,38,NULL,48.7500,NULL,1.0000,271,293,NULL,NULL,'Suit with ruffle details','Suit with ruffle details-XXL-41-Dark blue'),(64,38,NULL,27.7500,NULL,1.0000,124,295,NULL,NULL,'Ruffle front top','Ruffle front top-XXL- Beige'),(65,38,NULL,27.7500,NULL,1.0000,56,297,NULL,NULL,'White top with mix colors','White top with mix colors-XXL'),(66,38,NULL,27.7500,NULL,1.0000,49,299,NULL,NULL,'Beige top with striped','Beige top with striped- Beige-XXL'),(67,38,NULL,25.7500,NULL,1.0000,35,301,NULL,NULL,'Layered black top','Layered black top-XXL'),(68,38,NULL,26.7500,NULL,1.0000,1346,303,NULL,NULL,'Dark blue crepe wide leg trousers','Dark blue crepe wide leg trousers-XXL-41-Dark blue'),(69,38,NULL,26.7500,NULL,1.0000,1248,305,NULL,NULL,'Crepe wide leg trousers','Crepe wide leg trousers-XXL-41-White'),(70,38,NULL,25.7500,NULL,1.0000,905,307,NULL,NULL,'Black wide leg trousers','Black wide leg trousers-XXL-41-Black'),(71,38,NULL,30.7500,NULL,1.0000,376,309,NULL,NULL,'Caramel denim jacket','Caramel denim jacket-XXL'),(72,39,NULL,51.7500,NULL,1.0000,1669,323,NULL,NULL,'Denim colour-block design training suit','Denim colour-block design training suit-XXXL-35'),(73,40,NULL,25.7500,NULL,1.0000,1606,325,NULL,NULL,'Tiffany top with sky blue','Tiffany top with sky blue-XL-tiffany'),(74,40,NULL,26.7500,NULL,1.0000,1599,327,NULL,NULL,'Denim jaket with max colors','Denim jaket with max colors-XL-Blue'),(75,41,NULL,26.7500,NULL,1.0000,1572,329,NULL,NULL,'Oversized denim jacket with white','Oversized denim jacket with white-L-Blue'),(76,42,NULL,28.7500,NULL,1.0000,1592,331,NULL,NULL,'Layered white jacket','Layered white jacket-M-off white'),(77,42,NULL,47.7500,NULL,1.0000,173,333,NULL,NULL,'Nude training suit','Nude training suit-M-38-Nude'),(78,43,NULL,26.7500,NULL,1.0000,28,335,NULL,NULL,'Burgundy striped design top with front pockets','Burgundy striped design top with front pockets-XXL'),(79,44,NULL,48.7500,NULL,1.0000,369,339,NULL,NULL,'Overlapping colors training suit','Overlapping colors training suit-XXL-36-Gray'),(80,44,NULL,48.7500,NULL,1.0000,320,341,NULL,NULL,'Training suit with shoulder details','Training suit with shoulder details-XXL-36-Black'),(81,45,NULL,25.7500,NULL,1.0000,35,343,NULL,NULL,'Layered black top','Layered black top-XXL'),(82,46,NULL,28.7500,NULL,1.0000,42,345,NULL,NULL,'Scarf top','Scarfs top-XXXL'),(83,47,NULL,30.7500,NULL,1.0000,1620,347,NULL,NULL,'Light gray jacket with max colors design','Light gray jacket with max colors design-XL-Light gray'),(84,48,NULL,30.7500,NULL,2.0000,1620,351,NULL,NULL,'Light gray jacket with max colors design','Light gray jacket with max colors design-L-Light gray'),(85,48,NULL,26.7500,NULL,1.0000,1599,353,NULL,NULL,'Denim jaket with max colors','Denim jaket with max colors-L-Blue'),(86,49,NULL,48.7500,NULL,1.0000,1669,365,NULL,NULL,'Denim colour-block design training suit','Denim colour-block design training suit-XXL-37'),(87,50,NULL,46.7500,NULL,1.0000,1669,369,NULL,NULL,'Denim colour-block design training suit','Denim colour-block design training suit-XL-40'),(88,51,NULL,30.7500,NULL,1.0000,7,375,NULL,NULL,'Black loose top with baby pink','Black loose top with baby pink-XL-Black'),(89,51,NULL,25.7500,NULL,1.0000,1606,377,NULL,NULL,'Tiffany top with sky blue','Tiffany top with sky blue-XL-tiffany'),(90,52,NULL,23.7500,NULL,1.0000,35,379,NULL,NULL,'Layered black top','Layered black top-M'),(91,53,NULL,27.7500,NULL,1.0000,396,381,NULL,NULL,'Grey shanton jacket','Grey shanton jacket-XXL-Gray'),(92,53,NULL,27.7500,NULL,1.0000,56,383,NULL,NULL,'White top with mix colors','White top with mix colors-XXL'),(93,54,NULL,30.7500,NULL,1.0000,1620,385,NULL,NULL,'Light gray jacket with max colors design','Light gray jacket with max colors design-M-Light gray'),(94,55,NULL,25.7500,NULL,1.0000,1606,387,NULL,NULL,'Tiffany top with sky blue','Tiffany top with sky blue-L-tiffany'),(95,55,NULL,25.7500,NULL,1.0000,14,389,NULL,NULL,'Sky blue top','Sky blue top-L'),(96,56,NULL,27.7500,NULL,1.0000,1606,395,NULL,NULL,'Tiffany top with sky blue','Tiffany top with sky blue-XXL-tiffany'),(97,56,NULL,26.7500,NULL,1.0000,1248,397,NULL,NULL,'Crepe wide leg trousers','Crepe wide leg trousers-XXL-37-White'),(98,57,NULL,46.7500,NULL,1.0000,369,393,NULL,NULL,'Overlapping colors training suit','Overlapping colors training suit-XL-37-Gray'),(99,58,NULL,30.7500,NULL,1.0000,1620,403,NULL,NULL,'Light gray jacket with max colors design','Light gray jacket with max colors design-XL-Light gray'),(100,59,NULL,25.7500,NULL,1.0000,21,405,NULL,NULL,'Olive top','Olive top-L-Olive'),(101,60,NULL,28.7500,NULL,1.0000,1592,409,NULL,NULL,'Layered white jacket','Layered white jacket-XL-off white'),(102,60,NULL,23.7500,NULL,1.0000,35,411,NULL,NULL,'Layered black top','Layered black top-XL'),(103,61,NULL,26.7500,NULL,1.0000,1003,415,NULL,NULL,'Black silm trousers','Black silm trousers-XXL-38-Black'),(104,61,NULL,23.7500,NULL,1.0000,35,417,NULL,NULL,'Layered black top','Layered black top-XL'),(105,62,NULL,25.7500,NULL,1.0000,396,427,NULL,NULL,'Grey shanton jacket','Grey shanton jacket-M-Gray'),(106,63,NULL,51.7500,NULL,1.0000,1669,431,NULL,NULL,'Denim colour-block design training suit','Denim colour-block design training suit-XXXL-38'),(107,64,NULL,30.7500,NULL,1.0000,1620,437,NULL,NULL,'Light gray jacket with max colors design','Light gray jacket with max colors design-XL-Light gray'),(108,65,NULL,32.7500,NULL,1.0000,7,441,NULL,NULL,'Black loose top with baby pink','Black loose top with baby pink-XXL-Black'),(109,66,NULL,26.7500,NULL,1.0000,1613,445,NULL,NULL,'Black top with white stripes design','Black top with white stripes design-XL-Black');

--
-- Table structure for table `mag2_sales_shipment_track`
--

CREATE TABLE `mag2_sales_shipment_track` (
  `entity_id` int(10) unsigned NOT NULL AUTO_INCREMENT COMMENT 'Entity Id',
  `parent_id` int(10) unsigned NOT NULL COMMENT 'Parent Id',
  `weight` decimal(12,4) DEFAULT NULL COMMENT 'Weight',
  `qty` decimal(12,4) DEFAULT NULL COMMENT 'Qty',
  `order_id` int(10) unsigned NOT NULL COMMENT 'Order Id',
  `track_number` text COMMENT 'Number',
  `description` text COMMENT 'Description',
  `title` varchar(255) DEFAULT NULL COMMENT 'Title',
  `carrier_code` varchar(32) DEFAULT NULL COMMENT 'Carrier Code',
  `created_at` timestamp NOT NULL DEFAULT CURRENT_TIMESTAMP COMMENT 'Created At',
  `updated_at` timestamp NOT NULL DEFAULT CURRENT_TIMESTAMP ON UPDATE CURRENT_TIMESTAMP COMMENT 'Updated At',
  PRIMARY KEY (`entity_id`),
  KEY `MAG2_SALES_SHIPMENT_TRACK_PARENT_ID` (`parent_id`),
  KEY `MAG2_SALES_SHIPMENT_TRACK_ORDER_ID` (`order_id`),
  KEY `MAG2_SALES_SHIPMENT_TRACK_CREATED_AT` (`created_at`)
) ENGINE=InnoDB AUTO_INCREMENT=3 DEFAULT CHARSET=utf8 COMMENT='Sales Flat Shipment Track';

--
-- Dumping data for table `mag2_sales_shipment_track`
--

INSERT INTO `mag2_sales_shipment_track` VALUES (1,35,NULL,NULL,83,'5484185512',NULL,'DHL','dhl','2021-07-26 16:46:56','2021-07-26 16:46:56'),(2,57,NULL,NULL,127,'47 8799 3696',NULL,'DHL','dhl','2022-07-17 18:56:56','2022-07-17 18:56:56');

--
-- Table structure for table `mag2_sales_shipping_aggregated`
--

CREATE TABLE `mag2_sales_shipping_aggregated` (
  `id` int(10) unsigned NOT NULL AUTO_INCREMENT COMMENT 'Id',
  `period` date DEFAULT NULL COMMENT 'Period',
  `store_id` smallint(5) unsigned DEFAULT NULL COMMENT 'Store Id',
  `order_status` varchar(50) DEFAULT NULL COMMENT 'Order Status',
  `shipping_description` varchar(255) DEFAULT NULL COMMENT 'Shipping Description',
  `orders_count` int(11) NOT NULL DEFAULT '0' COMMENT 'Orders Count',
  `total_shipping` decimal(12,4) DEFAULT NULL COMMENT 'Total Shipping',
  `total_shipping_actual` decimal(12,4) DEFAULT NULL COMMENT 'Total Shipping Actual',
  PRIMARY KEY (`id`),
  UNIQUE KEY `UNQ_83FE8F54F8810789D21009E1D4E6ECF4` (`period`,`store_id`,`order_status`,`shipping_description`),
  KEY `MAG2_SALES_SHIPPING_AGGREGATED_STORE_ID` (`store_id`)
) ENGINE=InnoDB AUTO_INCREMENT=342 DEFAULT CHARSET=utf8 COMMENT='Sales Shipping Aggregated';

--
-- Dumping data for table `mag2_sales_shipping_aggregated`
--

INSERT INTO `mag2_sales_shipping_aggregated` VALUES (1,'2021-02-22',1,'complete','Best Way - Table Rate',2,6.0000,6.0000),(2,'2021-02-22',1,'processing','Best Way - Table Rate',1,3.0000,3.0000),(3,'2021-03-05',1,'complete','Best Way - Table Rate',1,3.0000,3.0000),(4,'2021-03-06',1,'complete','Best Way - Table Rate',1,3.0000,3.0000),(8,'2021-02-22',0,'complete','Best Way - Table Rate',2,6.0000,6.0000),(9,'2021-02-22',0,'processing','Best Way - Table Rate',1,3.0000,3.0000),(10,'2021-03-05',0,'complete','Best Way - Table Rate',1,3.0000,3.0000),(11,'2021-03-06',0,'complete','Best Way - Table Rate',1,3.0000,3.0000),(23,'2021-03-14',1,'complete','Best Way - Table Rate',1,3.0000,3.0000),(24,'2021-03-17',1,'complete','Best Way - Table Rate',1,3.0000,3.0000),(26,'2021-03-14',0,'complete','Best Way - Table Rate',1,3.0000,3.0000),(27,'2021-03-17',0,'complete','Best Way - Table Rate',1,3.0000,3.0000),(31,'2021-03-22',1,'complete','Best Way - Table Rate',1,3.0000,3.0000),(32,'2021-03-22',0,'complete','Best Way - Table Rate',1,3.0000,3.0000),(38,'2021-03-27',1,'complete','Best Way - Table Rate',2,6.0000,6.0000),(39,'2021-03-27',0,'complete','Best Way - Table Rate',2,6.0000,6.0000),(52,'2021-04-04',1,'complete','Best Way - Table Rate',2,6.0000,6.0000),(53,'2021-04-04',0,'complete','Best Way - Table Rate',2,6.0000,6.0000),(54,'2021-04-08',1,'complete','Best Way - Table Rate',1,3.0000,3.0000),(55,'2021-04-08',0,'complete','Best Way - Table Rate',1,3.0000,3.0000),(66,'2021-04-17',1,'complete','Best Way - Table Rate',1,3.0000,3.0000),(69,'2021-04-17',0,'complete','Best Way - Table Rate',1,3.0000,3.0000),(86,'2021-04-21',1,'complete','Best Way - Table Rate',1,3.0000,3.0000),(87,'2021-04-23',1,'complete','Best Way - Table Rate',1,3.0000,3.0000),(89,'2021-04-21',0,'complete','Best Way - Table Rate',1,3.0000,3.0000),(90,'2021-04-23',0,'complete','Best Way - Table Rate',1,3.0000,3.0000),(92,'2021-04-24',1,'complete','Best Way - Table Rate',1,3.0000,3.0000),(93,'2021-04-24',0,'complete','Best Way - Table Rate',1,3.0000,3.0000),(94,'2021-04-28',1,'complete','Best Way - Table Rate',1,3.0000,3.0000),(97,'2021-04-28',0,'complete','Best Way - Table Rate',1,3.0000,3.0000),(99,'2021-05-17',1,'complete','Best Way - Table Rate',1,3.0000,3.0000),(100,'2021-05-17',0,'complete','Best Way - Table Rate',1,3.0000,3.0000),(113,'2021-05-24',1,'complete',NULL,1,0.0000,0.0000),(114,'2021-05-24',1,'complete','Best Way - Table Rate',1,3.0000,3.0000),(116,'2021-05-24',0,'complete',NULL,1,0.0000,0.0000),(117,'2021-05-24',0,'complete','Best Way - Table Rate',1,3.0000,3.0000),(119,'2021-05-26',1,'complete','Best Way - Table Rate',1,3.0000,3.0000),(120,'2021-05-26',0,'complete','Best Way - Table Rate',1,3.0000,3.0000),(123,'2021-05-29',1,'complete','Best Way - Table Rate',1,3.0000,3.0000),(124,'2021-05-29',0,'complete','Best Way - Table Rate',1,3.0000,3.0000),(125,'2021-06-04',1,'complete','Best Way - Table Rate',1,3.0000,3.0000),(126,'2021-06-04',0,'complete','Best Way - Table Rate',1,3.0000,3.0000),(127,'2021-06-14',1,'complete',NULL,1,0.0000,0.0000),(128,'2021-06-14',0,'complete',NULL,1,0.0000,0.0000),(129,'2021-06-15',1,'complete',NULL,1,0.0000,0.0000),(130,'2021-06-15',0,'complete',NULL,1,0.0000,0.0000),(146,'2021-06-19',1,'complete','Best Way - Table Rate',1,3.0000,3.0000),(147,'2021-06-19',0,'complete','Best Way - Table Rate',1,3.0000,3.0000),(148,'2021-06-20',1,'complete','Best Way - Table Rate',1,3.0000,3.0000),(149,'2021-06-20',0,'complete','Best Way - Table Rate',1,3.0000,3.0000),(154,'2021-06-24',1,'complete','Best Way - Table Rate',1,3.0000,3.0000),(155,'2021-06-24',0,'complete','Best Way - Table Rate',1,3.0000,3.0000),(156,'2021-06-25',1,'complete','Best Way - Table Rate',2,6.0000,6.0000),(157,'2021-06-25',0,'complete','Best Way - Table Rate',2,6.0000,6.0000),(158,'2021-06-30',1,'complete','Best Way - Table Rate',1,3.0000,3.0000),(159,'2021-06-30',0,'complete','Best Way - Table Rate',1,3.0000,3.0000),(162,'2021-07-28',1,'complete','Best Way - Table Rate',1,3.0000,3.0000),(165,'2021-07-28',0,'complete','Best Way - Table Rate',1,3.0000,3.0000),(170,'2021-08-02',1,'complete','Best Way - Table Rate',1,3.0000,3.0000),(171,'2021-08-02',0,'complete','Best Way - Table Rate',1,3.0000,3.0000),(172,'2021-08-01',1,'complete','Best Way - Table Rate',1,3.0000,3.0000),(173,'2021-08-01',0,'complete','Best Way - Table Rate',1,3.0000,3.0000),(184,'2021-08-25',1,'complete','Best Way - Table Rate',2,6.0000,6.0000),(185,'2021-08-25',0,'complete','Best Way - Table Rate',2,6.0000,6.0000),(186,'2021-09-01',1,'complete','Best Way - Table Rate',1,3.0000,3.0000),(187,'2021-09-01',0,'complete','Best Way - Table Rate',1,3.0000,3.0000),(190,'2021-09-23',1,'complete','Best Way - Table Rate',1,3.0000,3.0000),(191,'2021-09-23',0,'complete','Best Way - Table Rate',1,3.0000,3.0000),(196,'2021-10-01',1,'complete','Best Way - Table Rate',1,3.0000,3.0000),(197,'2021-10-01',0,'complete','Best Way - Table Rate',1,3.0000,3.0000),(198,'2021-10-04',1,'complete','Best Way - Table Rate',1,3.0000,3.0000),(199,'2021-10-04',0,'complete','Best Way - Table Rate',1,3.0000,3.0000),(204,'2021-10-31',1,'complete','Best Way - Table Rate',1,3.0000,3.0000),(205,'2021-10-31',0,'complete','Best Way - Table Rate',1,3.0000,3.0000),(206,'2021-11-06',1,'complete',NULL,1,0.0000,0.0000),(207,'2021-11-06',0,'complete',NULL,1,0.0000,0.0000),(214,'2021-11-03',1,'complete','Best Way - Table Rate',2,6.0000,6.0000),(215,'2021-11-03',0,'complete','Best Way - Table Rate',2,6.0000,6.0000),(218,'2021-11-19',1,'complete',NULL,1,0.0000,0.0000),(219,'2021-11-19',0,'complete',NULL,1,0.0000,0.0000),(220,'2021-11-18',1,'complete','Best Way - Table Rate',1,3.0000,3.0000),(221,'2021-11-18',0,'complete','Best Way - Table Rate',1,3.0000,3.0000),(222,'2021-12-08',1,'complete',NULL,1,0.0000,0.0000),(223,'2021-12-08',0,'complete',NULL,1,0.0000,0.0000),(226,'2022-01-05',1,'complete','Best Way - Table Rate',1,3.0000,3.0000),(227,'2022-01-05',0,'complete','Best Way - Table Rate',1,3.0000,3.0000),(230,'2022-02-12',1,'complete','Best Way - Table Rate',1,3.0000,3.0000),(231,'2022-02-12',0,'complete','Best Way - Table Rate',1,3.0000,3.0000),(232,'2022-03-03',1,'processing','Best Way - Table Rate',1,3.0000,3.0000),(233,'2022-03-03',0,'processing','Best Way - Table Rate',1,3.0000,3.0000),(238,'2022-06-04',1,'complete','Best Way - Table Rate',1,3.0000,3.0000),(241,'2022-06-04',0,'complete','Best Way - Table Rate',1,3.0000,3.0000),(252,'2022-06-11',1,'complete','Best Way - Table Rate',1,3.0000,3.0000),(253,'2022-06-11',0,'complete','Best Way - Table Rate',1,3.0000,3.0000),(254,'2022-06-13',1,'complete','Best Way - Table Rate',1,3.0000,3.0000),(257,'2022-06-13',0,'complete','Best Way - Table Rate',1,3.0000,3.0000),(260,'2022-06-15',1,'complete','Best Way - Table Rate',1,3.0000,3.0000),(261,'2022-06-15',0,'complete','Best Way - Table Rate',1,3.0000,3.0000),(266,'2022-06-22',1,'complete','Best Way - Table Rate',1,3.0000,3.0000),(269,'2022-06-22',0,'complete','Best Way - Table Rate',1,3.0000,3.0000),(272,'2022-07-04',1,'complete','Best Way - Table Rate',1,3.0000,3.0000),(273,'2022-07-04',0,'complete','Best Way - Table Rate',1,3.0000,3.0000),(274,'2022-07-02',1,'complete','Best Way - Table Rate',1,20.0000,20.0000),(275,'2022-07-02',0,'complete','Best Way - Table Rate',1,20.0000,20.0000),(284,'2022-08-02',1,'complete','Best Way - Table Rate',2,6.0000,6.0000),(287,'2022-08-02',0,'complete','Best Way - Table Rate',2,6.0000,6.0000),(292,'2022-08-07',1,'complete','Best Way - Table Rate',1,3.0000,3.0000),(293,'2022-08-07',0,'complete','Best Way - Table Rate',1,3.0000,3.0000),(294,'2022-09-25',1,'complete',NULL,1,0.0000,0.0000),(295,'2022-09-25',0,'complete',NULL,1,0.0000,0.0000),(310,'2022-09-27',1,'complete','Best Way - Table Rate',1,3.0000,3.0000),(311,'2022-09-28',1,'complete','Best Way - Table Rate',1,3.0000,3.0000),(313,'2022-09-27',0,'complete','Best Way - Table Rate',1,3.0000,3.0000),(314,'2022-09-28',0,'complete','Best Way - Table Rate',1,3.0000,3.0000),(318,'2022-10-11',1,'complete','Best Way - Table Rate',1,3.0000,3.0000),(319,'2022-10-11',0,'complete','Best Way - Table Rate',1,3.0000,3.0000),(322,'2022-10-20',1,'complete','Best Way - Table Rate',1,3.0000,3.0000),(323,'2022-10-20',0,'complete','Best Way - Table Rate',1,3.0000,3.0000),(328,'2022-11-06',1,'complete','Best Way - Table Rate',1,3.0000,3.0000),(329,'2022-11-06',0,'complete','Best Way - Table Rate',1,3.0000,3.0000),(332,'2022-12-15',1,'complete',NULL,1,0.0000,0.0000),(333,'2022-12-15',0,'complete',NULL,1,0.0000,0.0000),(334,'2022-12-20',1,'complete',NULL,1,0.0000,0.0000),(335,'2022-12-20',0,'complete',NULL,1,0.0000,0.0000),(336,'2023-01-06',1,'complete',NULL,1,0.0000,0.0000),(337,'2023-01-06',0,'complete',NULL,1,0.0000,0.0000),(338,'2023-02-06',1,'complete',NULL,1,0.0000,0.0000),(339,'2023-02-06',0,'complete',NULL,1,0.0000,0.0000),(340,'2023-02-17',1,'complete',NULL,1,0.0000,0.0000),(341,'2023-02-17',0,'complete',NULL,1,0.0000,0.0000);

--
-- Table structure for table `mag2_sales_shipping_aggregated_order`
--

CREATE TABLE `mag2_sales_shipping_aggregated_order` (
  `id` int(10) unsigned NOT NULL AUTO_INCREMENT COMMENT 'Id',
  `period` date DEFAULT NULL COMMENT 'Period',
  `store_id` smallint(5) unsigned DEFAULT NULL COMMENT 'Store Id',
  `order_status` varchar(50) DEFAULT NULL COMMENT 'Order Status',
  `shipping_description` varchar(255) DEFAULT NULL COMMENT 'Shipping Description',
  `orders_count` int(11) NOT NULL DEFAULT '0' COMMENT 'Orders Count',
  `total_shipping` decimal(12,4) DEFAULT NULL COMMENT 'Total Shipping',
  `total_shipping_actual` decimal(12,4) DEFAULT NULL COMMENT 'Total Shipping Actual',
  PRIMARY KEY (`id`),
  UNIQUE KEY `UNQ_400AC5A94E5425242D3DDF6D89D4DBCE` (`period`,`store_id`,`order_status`,`shipping_description`),
  KEY `MAG2_SALES_SHIPPING_AGGREGATED_ORDER_STORE_ID` (`store_id`)
) ENGINE=InnoDB AUTO_INCREMENT=378 DEFAULT CHARSET=utf8 COMMENT='Sales Shipping Aggregated Order';

--
-- Dumping data for table `mag2_sales_shipping_aggregated_order`
--

INSERT INTO `mag2_sales_shipping_aggregated_order` VALUES (1,'2021-02-22',1,'canceled','Best Way - Table Rate',1,0.0000,NULL),(2,'2021-02-22',1,'complete','Best Way - Table Rate',2,6.0000,6.0000),(3,'2021-02-22',1,'processing','Best Way - Table Rate',1,3.0000,3.0000),(4,'2021-03-04',1,'complete','Best Way - Table Rate',1,3.0000,3.0000),(5,'2021-03-05',1,'complete','Best Way - Table Rate',1,3.0000,3.0000),(8,'2021-02-22',0,'canceled','Best Way - Table Rate',1,0.0000,NULL),(9,'2021-02-22',0,'complete','Best Way - Table Rate',2,6.0000,6.0000),(10,'2021-02-22',0,'processing','Best Way - Table Rate',1,3.0000,3.0000),(11,'2021-03-04',0,'complete','Best Way - Table Rate',1,3.0000,3.0000),(12,'2021-03-05',0,'complete','Best Way - Table Rate',1,3.0000,3.0000),(15,'2021-03-09',1,'canceled','Best Way - Table Rate',5,0.0000,NULL),(16,'2021-03-09',0,'canceled','Best Way - Table Rate',5,0.0000,NULL),(25,'2021-03-14',1,'complete','Best Way - Table Rate',1,3.0000,3.0000),(26,'2021-03-17',1,'complete','Best Way - Table Rate',1,3.0000,3.0000),(28,'2021-03-14',0,'complete','Best Way - Table Rate',1,3.0000,3.0000),(29,'2021-03-17',0,'complete','Best Way - Table Rate',1,3.0000,3.0000),(33,'2021-03-22',1,'complete','Best Way - Table Rate',1,3.0000,3.0000),(34,'2021-03-22',0,'complete','Best Way - Table Rate',1,3.0000,3.0000),(40,'2021-03-27',1,'complete','Best Way - Table Rate',2,6.0000,6.0000),(41,'2021-04-02',1,'canceled','Best Way - Table Rate',1,0.0000,NULL),(43,'2021-03-27',0,'complete','Best Way - Table Rate',2,6.0000,6.0000),(44,'2021-04-02',0,'canceled','Best Way - Table Rate',1,0.0000,NULL),(58,'2021-04-04',1,'complete','Best Way - Table Rate',2,6.0000,6.0000),(59,'2021-04-04',0,'complete','Best Way - Table Rate',2,6.0000,6.0000),(60,'2021-04-08',1,'complete','Best Way - Table Rate',1,3.0000,3.0000),(61,'2021-04-08',0,'complete','Best Way - Table Rate',1,3.0000,3.0000),(68,'2021-04-16',1,'complete','Best Way - Table Rate',1,3.0000,3.0000),(71,'2021-04-16',0,'complete','Best Way - Table Rate',1,3.0000,3.0000),(84,'2021-04-17',1,'complete','Best Way - Table Rate',1,3.0000,3.0000),(87,'2021-04-17',0,'complete','Best Way - Table Rate',1,3.0000,3.0000),(90,'2021-04-19',1,'complete','Best Way - Table Rate',1,3.0000,3.0000),(93,'2021-04-19',0,'complete','Best Way - Table Rate',1,3.0000,3.0000),(100,'2021-04-21',1,'complete','Best Way - Table Rate',1,3.0000,3.0000),(101,'2021-04-25',1,'complete','Best Way - Table Rate',1,3.0000,3.0000),(103,'2021-04-21',0,'complete','Best Way - Table Rate',1,3.0000,3.0000),(104,'2021-04-25',0,'complete','Best Way - Table Rate',1,3.0000,3.0000),(112,'2021-04-22',1,'canceled','Best Way - Table Rate',1,0.0000,NULL),(113,'2021-04-22',1,'complete','Best Way - Table Rate',2,6.0000,6.0000),(114,'2021-04-23',1,'complete','Best Way - Table Rate',1,3.0000,3.0000),(115,'2021-04-22',0,'canceled','Best Way - Table Rate',1,0.0000,NULL),(116,'2021-04-22',0,'complete','Best Way - Table Rate',2,6.0000,6.0000),(117,'2021-04-23',0,'complete','Best Way - Table Rate',1,3.0000,3.0000),(118,'2021-04-24',1,'complete','Best Way - Table Rate',1,3.0000,3.0000),(119,'2021-04-24',0,'complete','Best Way - Table Rate',1,3.0000,3.0000),(120,'2021-04-28',1,'complete','Best Way - Table Rate',1,3.0000,3.0000),(123,'2021-04-28',0,'complete','Best Way - Table Rate',1,3.0000,3.0000),(125,'2021-05-17',1,'complete','Best Way - Table Rate',1,3.0000,3.0000),(126,'2021-05-17',0,'complete','Best Way - Table Rate',1,3.0000,3.0000),(135,'2021-05-24',1,'complete','Best Way - Table Rate',1,3.0000,3.0000),(136,'2021-05-24',0,'complete','Best Way - Table Rate',1,3.0000,3.0000),(137,'2021-05-26',1,'complete','Best Way - Table Rate',1,3.0000,3.0000),(138,'2021-05-26',0,'complete','Best Way - Table Rate',1,3.0000,3.0000),(141,'2021-05-29',1,'complete','Best Way - Table Rate',1,3.0000,3.0000),(142,'2021-05-29',0,'complete','Best Way - Table Rate',1,3.0000,3.0000),(143,'2021-06-04',1,'complete','Best Way - Table Rate',1,3.0000,3.0000),(144,'2021-06-04',0,'complete','Best Way - Table Rate',1,3.0000,3.0000),(145,'2021-06-18',1,'canceled','Best Way - Table Rate',1,0.0000,NULL),(146,'2021-06-18',0,'canceled','Best Way - Table Rate',1,0.0000,NULL),(162,'2021-06-19',1,'complete','Best Way - Table Rate',1,3.0000,3.0000),(163,'2021-06-19',0,'complete','Best Way - Table Rate',1,3.0000,3.0000),(166,'2021-06-20',1,'complete','Best Way - Table Rate',1,3.0000,3.0000),(167,'2021-06-20',0,'complete','Best Way - Table Rate',1,3.0000,3.0000),(186,'2021-06-24',1,'complete','Best Way - Table Rate',2,6.0000,6.0000),(187,'2021-06-24',0,'complete','Best Way - Table Rate',2,6.0000,6.0000),(190,'2021-06-25',1,'canceled','Best Way - Table Rate',1,0.0000,NULL),(191,'2021-06-25',1,'complete','Best Way - Table Rate',1,3.0000,3.0000),(193,'2021-06-25',0,'canceled','Best Way - Table Rate',1,0.0000,NULL),(194,'2021-06-25',0,'complete','Best Way - Table Rate',1,3.0000,3.0000),(196,'2021-06-28',1,'complete','Best Way - Table Rate',1,3.0000,3.0000),(197,'2021-06-28',0,'complete','Best Way - Table Rate',1,3.0000,3.0000),(198,'2021-07-14',1,'canceled','Best Way - Table Rate',1,0.0000,NULL),(199,'2021-07-14',0,'canceled','Best Way - Table Rate',1,0.0000,NULL),(200,'2021-06-30',1,'canceled','Best Way - Table Rate',1,0.0000,NULL),(201,'2021-06-30',1,'complete','Best Way - Table Rate',1,3.0000,3.0000),(203,'2021-06-30',0,'canceled','Best Way - Table Rate',1,0.0000,NULL),(204,'2021-06-30',0,'complete','Best Way - Table Rate',1,3.0000,3.0000),(206,'2021-07-21',1,'canceled','Best Way - Table Rate',2,0.0000,NULL),(207,'2021-07-21',0,'canceled','Best Way - Table Rate',2,0.0000,NULL),(208,'2021-07-22',1,'canceled','Best Way - Table Rate',1,0.0000,NULL),(209,'2021-07-22',0,'canceled','Best Way - Table Rate',1,0.0000,NULL),(210,'2021-07-07',1,'complete','Best Way - Table Rate',1,20.0000,20.0000),(211,'2021-07-07',0,'complete','Best Way - Table Rate',1,20.0000,20.0000),(214,'2021-07-28',1,'complete','Best Way - Table Rate',1,3.0000,3.0000),(217,'2021-07-28',0,'complete','Best Way - Table Rate',1,3.0000,3.0000),(222,'2021-08-02',1,'complete','Best Way - Table Rate',1,3.0000,3.0000),(223,'2021-08-02',0,'complete','Best Way - Table Rate',1,3.0000,3.0000),(224,'2021-08-01',1,'complete','Best Way - Table Rate',1,3.0000,3.0000),(225,'2021-08-01',0,'complete','Best Way - Table Rate',1,3.0000,3.0000),(236,'2021-08-25',1,'complete','Best Way - Table Rate',2,6.0000,6.0000),(237,'2021-08-25',0,'complete','Best Way - Table Rate',2,6.0000,6.0000),(238,'2021-09-01',1,'complete','Best Way - Table Rate',1,3.0000,3.0000),(239,'2021-09-01',0,'complete','Best Way - Table Rate',1,3.0000,3.0000),(242,'2021-09-23',1,'complete','Best Way - Table Rate',1,3.0000,3.0000),(243,'2021-09-23',0,'complete','Best Way - Table Rate',1,3.0000,3.0000),(248,'2021-10-01',1,'complete','Best Way - Table Rate',1,3.0000,3.0000),(249,'2021-10-01',0,'complete','Best Way - Table Rate',1,3.0000,3.0000),(250,'2021-10-04',1,'complete','Best Way - Table Rate',1,3.0000,3.0000),(251,'2021-10-04',0,'complete','Best Way - Table Rate',1,3.0000,3.0000),(256,'2021-10-31',1,'complete','Best Way - Table Rate',1,3.0000,3.0000),(257,'2021-10-31',0,'complete','Best Way - Table Rate',1,3.0000,3.0000),(264,'2021-11-03',1,'complete','Best Way - Table Rate',2,6.0000,6.0000),(265,'2021-11-03',0,'complete','Best Way - Table Rate',2,6.0000,6.0000),(268,'2021-11-18',1,'complete','Best Way - Table Rate',1,3.0000,3.0000),(269,'2021-11-18',0,'complete','Best Way - Table Rate',1,3.0000,3.0000),(272,'2022-01-05',1,'complete','Best Way - Table Rate',1,3.0000,3.0000),(273,'2022-01-05',0,'complete','Best Way - Table Rate',1,3.0000,3.0000),(276,'2022-02-12',1,'complete','Best Way - Table Rate',1,3.0000,3.0000),(277,'2022-02-12',0,'complete','Best Way - Table Rate',1,3.0000,3.0000),(278,'2022-03-03',1,'processing','Best Way - Table Rate',1,3.0000,3.0000),(279,'2022-03-03',0,'processing','Best Way - Table Rate',1,3.0000,3.0000),(284,'2022-06-04',1,'complete','Best Way - Table Rate',1,3.0000,3.0000),(287,'2022-06-04',0,'complete','Best Way - Table Rate',1,3.0000,3.0000),(298,'2022-06-11',1,'complete','Best Way - Table Rate',1,3.0000,3.0000),(299,'2022-06-11',0,'complete','Best Way - Table Rate',1,3.0000,3.0000),(300,'2022-06-13',1,'complete','Best Way - Table Rate',1,3.0000,3.0000),(303,'2022-06-13',0,'complete','Best Way - Table Rate',1,3.0000,3.0000),(306,'2022-06-15',1,'complete','Best Way - Table Rate',1,3.0000,3.0000),(307,'2022-06-15',0,'complete','Best Way - Table Rate',1,3.0000,3.0000),(312,'2022-06-22',1,'complete','Best Way - Table Rate',1,3.0000,3.0000),(315,'2022-06-22',0,'complete','Best Way - Table Rate',1,3.0000,3.0000),(318,'2022-07-04',1,'complete','Best Way - Table Rate',1,3.0000,3.0000),(319,'2022-07-04',0,'complete','Best Way - Table Rate',1,3.0000,3.0000),(320,'2022-07-02',1,'complete','Best Way - Table Rate',1,20.0000,20.0000),(321,'2022-07-02',0,'complete','Best Way - Table Rate',1,20.0000,20.0000),(330,'2022-08-02',1,'complete','Best Way - Table Rate',2,6.0000,6.0000),(333,'2022-08-02',0,'complete','Best Way - Table Rate',2,6.0000,6.0000),(338,'2022-08-07',1,'complete','Best Way - Table Rate',1,3.0000,3.0000),(339,'2022-08-07',0,'complete','Best Way - Table Rate',1,3.0000,3.0000),(342,'2022-09-01',1,'complete','Best Way - Table Rate',1,3.0000,3.0000),(343,'2022-09-01',0,'complete','Best Way - Table Rate',1,3.0000,3.0000),(358,'2022-09-27',1,'complete','Best Way - Table Rate',1,3.0000,3.0000),(359,'2022-09-28',1,'canceled','Best Way - Table Rate',1,0.0000,NULL),(360,'2022-09-28',1,'complete','Best Way - Table Rate',1,3.0000,3.0000),(361,'2022-09-27',0,'complete','Best Way - Table Rate',1,3.0000,3.0000),(362,'2022-09-28',0,'canceled','Best Way - Table Rate',1,0.0000,NULL),(363,'2022-09-28',0,'complete','Best Way - Table Rate',1,3.0000,3.0000),(366,'2022-10-11',1,'complete','Best Way - Table Rate',1,3.0000,3.0000),(367,'2022-10-11',0,'complete','Best Way - Table Rate',1,3.0000,3.0000),(370,'2022-10-20',1,'complete','Best Way - Table Rate',1,3.0000,3.0000),(371,'2022-10-20',0,'complete','Best Way - Table Rate',1,3.0000,3.0000),(376,'2022-11-06',1,'complete','Best Way - Table Rate',1,3.0000,3.0000),(377,'2022-11-06',0,'complete','Best Way - Table Rate',1,3.0000,3.0000);

--
-- Table structure for table `mag2_salesrule`
--

CREATE TABLE `mag2_salesrule` (
  `rule_id` int(10) unsigned NOT NULL AUTO_INCREMENT COMMENT 'Rule Id',
  `name` varchar(255) DEFAULT NULL COMMENT 'Name',
  `description` text COMMENT 'Description',
  `from_date` date DEFAULT NULL COMMENT 'From',
  `to_date` date DEFAULT NULL COMMENT 'To',
  `uses_per_customer` int(11) NOT NULL DEFAULT '0' COMMENT 'Uses Per Customer',
  `is_active` smallint(6) NOT NULL DEFAULT '0' COMMENT 'Is Active',
  `conditions_serialized` mediumtext COMMENT 'Conditions Serialized',
  `actions_serialized` mediumtext COMMENT 'Actions Serialized',
  `stop_rules_processing` smallint(6) NOT NULL DEFAULT '1' COMMENT 'Stop Rules Processing',
  `is_advanced` smallint(5) unsigned NOT NULL DEFAULT '1' COMMENT 'Is Advanced',
  `product_ids` text COMMENT 'Product Ids',
  `sort_order` int(10) unsigned NOT NULL DEFAULT '0' COMMENT 'Sort Order',
  `simple_action` varchar(32) DEFAULT NULL COMMENT 'Simple Action',
  `discount_amount` decimal(12,4) NOT NULL DEFAULT '0.0000' COMMENT 'Discount Amount',
  `discount_qty` decimal(12,4) DEFAULT NULL COMMENT 'Discount Qty',
  `discount_step` int(10) unsigned NOT NULL DEFAULT '0' COMMENT 'Discount Step',
  `apply_to_shipping` smallint(5) unsigned NOT NULL DEFAULT '0' COMMENT 'Apply To Shipping',
  `times_used` int(10) unsigned NOT NULL DEFAULT '0' COMMENT 'Times Used',
  `is_rss` smallint(6) NOT NULL DEFAULT '0' COMMENT 'Is Rss',
  `coupon_type` smallint(5) unsigned NOT NULL DEFAULT '1' COMMENT 'Coupon Type',
  `use_auto_generation` smallint(6) NOT NULL DEFAULT '0' COMMENT 'Use Auto Generation',
  `uses_per_coupon` int(11) NOT NULL DEFAULT '0' COMMENT 'User Per Coupon',
  `simple_free_shipping` smallint(5) unsigned NOT NULL DEFAULT '0' COMMENT 'Simple Free Shipping',
  PRIMARY KEY (`rule_id`),
  KEY `MAG2_SALESRULE_IS_ACTIVE_SORT_ORDER_TO_DATE_FROM_DATE` (`is_active`,`sort_order`,`to_date`,`from_date`)
) ENGINE=InnoDB AUTO_INCREMENT=6 DEFAULT CHARSET=utf8 COMMENT='Salesrule';

--
-- Dumping data for table `mag2_salesrule`
--

INSERT INTO `mag2_salesrule` VALUES (1,'Buy 3 tee shirts and get the 4th free','Buy 3 tee shirts and get the 4th free','2019-05-25',NULL,0,0,'{\"type\":\"Magento\\\\SalesRule\\\\Model\\\\Rule\\\\Condition\\\\Combine\",\"attribute\":null,\"operator\":null,\"value\":\"1\",\"is_value_processed\":null,\"aggregator\":\"all\",\"conditions\":[{\"type\":\"Magento\\\\SalesRule\\\\Model\\\\Rule\\\\Condition\\\\Product\\\\Found\",\"attribute\":null,\"operator\":null,\"value\":\"1\",\"is_value_processed\":null,\"aggregator\":\"all\",\"conditions\":[{\"type\":\"Magento\\\\SalesRule\\\\Model\\\\Rule\\\\Condition\\\\Product\",\"attribute\":\"category_ids\",\"operator\":\"()\",\"value\":\"25,16\",\"is_value_processed\":false}]}]}','{\"type\":\"Magento\\\\SalesRule\\\\Model\\\\Rule\\\\Condition\\\\Product\\\\Combine\",\"attribute\":null,\"operator\":null,\"value\":\"1\",\"is_value_processed\":null,\"aggregator\":\"all\"}',0,1,NULL,0,'buy_x_get_y',1.0000,NULL,3,0,2,1,1,0,0,0),(2,'Spend $50 or more - shipping is free!','Free shipping on any purchase over $50','2019-05-25',NULL,0,0,'{\"type\":\"Magento\\\\SalesRule\\\\Model\\\\Rule\\\\Condition\\\\Combine\",\"attribute\":null,\"operator\":null,\"value\":\"1\",\"is_value_processed\":null,\"aggregator\":\"all\",\"conditions\":[{\"type\":\"Magento\\\\SalesRule\\\\Model\\\\Rule\\\\Condition\\\\Address\",\"attribute\":\"base_subtotal\",\"operator\":\">=\",\"value\":\"50\",\"is_value_processed\":false}]}','{\"type\":\"Magento\\\\SalesRule\\\\Model\\\\Rule\\\\Condition\\\\Product\\\\Combine\",\"attribute\":null,\"operator\":null,\"value\":\"1\",\"is_value_processed\":null,\"aggregator\":\"all\"}',0,1,NULL,0,'by_percent',0.0000,NULL,0,0,11,1,1,0,0,2),(3,'20% OFF Ever $200-plus purchase!*','Shopping cart price rule for the cart over $200. Does not applied on other sales items','2019-05-25',NULL,0,0,'{\"type\":\"Magento\\\\SalesRule\\\\Model\\\\Rule\\\\Condition\\\\Combine\",\"attribute\":null,\"operator\":null,\"value\":\"1\",\"is_value_processed\":null,\"aggregator\":\"all\",\"conditions\":[{\"type\":\"Magento\\\\SalesRule\\\\Model\\\\Rule\\\\Condition\\\\Address\",\"attribute\":\"base_subtotal\",\"operator\":\">=\",\"value\":\"200\",\"is_value_processed\":false}]}','{\"type\":\"Magento\\\\SalesRule\\\\Model\\\\Rule\\\\Condition\\\\Product\\\\Combine\",\"attribute\":null,\"operator\":null,\"value\":\"1\",\"is_value_processed\":null,\"aggregator\":\"all\",\"conditions\":[{\"type\":\"Magento\\\\SalesRule\\\\Model\\\\Rule\\\\Condition\\\\Product\\\\Combine\",\"attribute\":null,\"operator\":null,\"value\":\"0\",\"is_value_processed\":null,\"aggregator\":\"all\",\"conditions\":[{\"type\":\"Magento\\\\SalesRule\\\\Model\\\\Rule\\\\Condition\\\\Product\",\"attribute\":\"category_ids\",\"operator\":\"==\",\"value\":\"6\",\"is_value_processed\":false},{\"type\":\"Magento\\\\SalesRule\\\\Model\\\\Rule\\\\Condition\\\\Product\",\"attribute\":\"sale\",\"operator\":\"==\",\"value\":\"1\",\"is_value_processed\":false}]}]}',0,1,NULL,0,'by_percent',20.0000,NULL,0,0,2,1,1,0,0,0),(4,'$4 Luma water bottle (save 70%)','Use promo code H20 at checkout','2019-05-25','2020-02-19',1,1,'{\"type\":\"Magento\\\\SalesRule\\\\Model\\\\Rule\\\\Condition\\\\Combine\",\"attribute\":null,\"operator\":null,\"value\":\"1\",\"is_value_processed\":null,\"aggregator\":\"all\",\"conditions\":[{\"type\":\"Magento\\\\SalesRule\\\\Model\\\\Rule\\\\Condition\\\\Product\\\\Found\",\"attribute\":null,\"operator\":null,\"value\":\"1\",\"is_value_processed\":null,\"aggregator\":\"all\"}]}','{\"type\":\"Magento\\\\SalesRule\\\\Model\\\\Rule\\\\Condition\\\\Product\\\\Combine\",\"attribute\":null,\"operator\":null,\"value\":\"1\",\"is_value_processed\":null,\"aggregator\":\"all\",\"conditions\":[{\"type\":\"Magento\\\\SalesRule\\\\Model\\\\Rule\\\\Condition\\\\Product\",\"attribute\":\"sku\",\"operator\":\"==\",\"value\":\"24-UG06\",\"is_value_processed\":false}]}',0,1,NULL,0,'by_percent',70.0000,NULL,0,0,0,1,2,0,0,0),(5,'10 % Discount','10 % Discount','2021-03-06','2021-03-31',1,0,'{\"type\":\"Magento\\\\SalesRule\\\\Model\\\\Rule\\\\Condition\\\\Combine\",\"attribute\":null,\"operator\":null,\"value\":\"1\",\"is_value_processed\":null,\"aggregator\":\"all\",\"conditions\":[{\"type\":\"Magento\\\\SalesRule\\\\Model\\\\Rule\\\\Condition\\\\Address\",\"attribute\":\"base_subtotal\",\"operator\":\"==\",\"value\":\"greater than or equal to 1\",\"is_value_processed\":false}]}','{\"type\":\"Magento\\\\SalesRule\\\\Model\\\\Rule\\\\Condition\\\\Product\\\\Combine\",\"attribute\":null,\"operator\":null,\"value\":\"1\",\"is_value_processed\":null,\"aggregator\":\"all\"}',0,1,NULL,0,'cart_fixed',10.0000,50.0000,0,0,0,1,1,0,100,0);

--
-- Table structure for table `mag2_salesrule_coupon`
--

CREATE TABLE `mag2_salesrule_coupon` (
  `coupon_id` int(10) unsigned NOT NULL AUTO_INCREMENT COMMENT 'Coupon Id',
  `rule_id` int(10) unsigned NOT NULL COMMENT 'Rule Id',
  `code` varchar(255) DEFAULT NULL COMMENT 'Code',
  `usage_limit` int(10) unsigned DEFAULT NULL COMMENT 'Usage Limit',
  `usage_per_customer` int(10) unsigned DEFAULT NULL COMMENT 'Usage Per Customer',
  `times_used` int(10) unsigned NOT NULL DEFAULT '0' COMMENT 'Times Used',
  `expiration_date` timestamp NULL DEFAULT NULL COMMENT 'Expiration Date',
  `is_primary` smallint(5) unsigned DEFAULT NULL COMMENT 'Is Primary',
  `created_at` timestamp NULL DEFAULT NULL COMMENT 'Coupon Code Creation Date',
  `type` smallint(6) DEFAULT '0' COMMENT 'Coupon Code Type',
  `generated_by_dotmailer` smallint(6) DEFAULT NULL COMMENT '1 = Generated by dotmailer',
  PRIMARY KEY (`coupon_id`),
  UNIQUE KEY `MAG2_SALESRULE_COUPON_CODE` (`code`),
  UNIQUE KEY `MAG2_SALESRULE_COUPON_RULE_ID_IS_PRIMARY` (`rule_id`,`is_primary`),
  KEY `MAG2_SALESRULE_COUPON_RULE_ID` (`rule_id`)
) ENGINE=InnoDB AUTO_INCREMENT=2 DEFAULT CHARSET=utf8 COMMENT='Salesrule Coupon';

--
-- Dumping data for table `mag2_salesrule_coupon`
--

INSERT INTO `mag2_salesrule_coupon` VALUES (1,4,'H20',NULL,1,0,'2020-02-19 00:00:00',1,NULL,0,NULL);

--
-- Table structure for table `mag2_salesrule_coupon_aggregated`
--

CREATE TABLE `mag2_salesrule_coupon_aggregated` (
  `id` int(10) unsigned NOT NULL AUTO_INCREMENT COMMENT 'Id',
  `period` date NOT NULL COMMENT 'Period',
  `store_id` smallint(5) unsigned DEFAULT NULL COMMENT 'Store Id',
  `order_status` varchar(50) DEFAULT NULL COMMENT 'Order Status',
  `coupon_code` varchar(50) DEFAULT NULL COMMENT 'Coupon Code',
  `coupon_uses` int(11) NOT NULL DEFAULT '0' COMMENT 'Coupon Uses',
  `subtotal_amount` decimal(12,4) NOT NULL DEFAULT '0.0000' COMMENT 'Subtotal Amount',
  `discount_amount` decimal(12,4) NOT NULL DEFAULT '0.0000' COMMENT 'Discount Amount',
  `total_amount` decimal(12,4) NOT NULL DEFAULT '0.0000' COMMENT 'Total Amount',
  `subtotal_amount_actual` decimal(12,4) NOT NULL DEFAULT '0.0000' COMMENT 'Subtotal Amount Actual',
  `discount_amount_actual` decimal(12,4) NOT NULL DEFAULT '0.0000' COMMENT 'Discount Amount Actual',
  `total_amount_actual` decimal(12,4) NOT NULL DEFAULT '0.0000' COMMENT 'Total Amount Actual',
  `rule_name` varchar(255) DEFAULT NULL COMMENT 'Rule Name',
  PRIMARY KEY (`id`),
  UNIQUE KEY `UNQ_55DD9C3821025DEE14DAE2CEE4A5A593` (`period`,`store_id`,`order_status`,`coupon_code`),
  KEY `MAG2_SALESRULE_COUPON_AGGREGATED_STORE_ID` (`store_id`),
  KEY `MAG2_SALESRULE_COUPON_AGGREGATED_RULE_NAME` (`rule_name`)
) ENGINE=InnoDB DEFAULT CHARSET=utf8 COMMENT='Coupon Aggregated';

--
-- Dumping data for table `mag2_salesrule_coupon_aggregated`
--


--
-- Table structure for table `mag2_salesrule_coupon_aggregated_order`
--

CREATE TABLE `mag2_salesrule_coupon_aggregated_order` (
  `id` int(10) unsigned NOT NULL AUTO_INCREMENT COMMENT 'Id',
  `period` date NOT NULL COMMENT 'Period',
  `store_id` smallint(5) unsigned DEFAULT NULL COMMENT 'Store Id',
  `order_status` varchar(50) DEFAULT NULL COMMENT 'Order Status',
  `coupon_code` varchar(50) DEFAULT NULL COMMENT 'Coupon Code',
  `coupon_uses` int(11) NOT NULL DEFAULT '0' COMMENT 'Coupon Uses',
  `subtotal_amount` decimal(12,4) NOT NULL DEFAULT '0.0000' COMMENT 'Subtotal Amount',
  `discount_amount` decimal(12,4) NOT NULL DEFAULT '0.0000' COMMENT 'Discount Amount',
  `total_amount` decimal(12,4) NOT NULL DEFAULT '0.0000' COMMENT 'Total Amount',
  `rule_name` varchar(255) DEFAULT NULL COMMENT 'Rule Name',
  PRIMARY KEY (`id`),
  UNIQUE KEY `UNQ_2A3AF1A890B947CFBFDEC37C77B8D28E` (`period`,`store_id`,`order_status`,`coupon_code`),
  KEY `MAG2_SALESRULE_COUPON_AGGREGATED_ORDER_STORE_ID` (`store_id`),
  KEY `MAG2_SALESRULE_COUPON_AGGREGATED_ORDER_RULE_NAME` (`rule_name`)
) ENGINE=InnoDB DEFAULT CHARSET=utf8 COMMENT='Coupon Aggregated Order';

--
-- Dumping data for table `mag2_salesrule_coupon_aggregated_order`
--


--
-- Table structure for table `mag2_salesrule_coupon_aggregated_updated`
--

CREATE TABLE `mag2_salesrule_coupon_aggregated_updated` (
  `id` int(10) unsigned NOT NULL AUTO_INCREMENT COMMENT 'Id',
  `period` date NOT NULL COMMENT 'Period',
  `store_id` smallint(5) unsigned DEFAULT NULL COMMENT 'Store Id',
  `order_status` varchar(50) DEFAULT NULL COMMENT 'Order Status',
  `coupon_code` varchar(50) DEFAULT NULL COMMENT 'Coupon Code',
  `coupon_uses` int(11) NOT NULL DEFAULT '0' COMMENT 'Coupon Uses',
  `subtotal_amount` decimal(12,4) NOT NULL DEFAULT '0.0000' COMMENT 'Subtotal Amount',
  `discount_amount` decimal(12,4) NOT NULL DEFAULT '0.0000' COMMENT 'Discount Amount',
  `total_amount` decimal(12,4) NOT NULL DEFAULT '0.0000' COMMENT 'Total Amount',
  `subtotal_amount_actual` decimal(12,4) NOT NULL DEFAULT '0.0000' COMMENT 'Subtotal Amount Actual',
  `discount_amount_actual` decimal(12,4) NOT NULL DEFAULT '0.0000' COMMENT 'Discount Amount Actual',
  `total_amount_actual` decimal(12,4) NOT NULL DEFAULT '0.0000' COMMENT 'Total Amount Actual',
  `rule_name` varchar(255) DEFAULT NULL COMMENT 'Rule Name',
  PRIMARY KEY (`id`),
  UNIQUE KEY `UNQ_B9C2EF184D50C09FA107D7CB3AA9954B` (`period`,`store_id`,`order_status`,`coupon_code`),
  KEY `MAG2_SALESRULE_COUPON_AGGREGATED_UPDATED_STORE_ID` (`store_id`),
  KEY `MAG2_SALESRULE_COUPON_AGGREGATED_UPDATED_RULE_NAME` (`rule_name`)
) ENGINE=InnoDB DEFAULT CHARSET=utf8 COMMENT='Mag2 Salesrule Coupon Aggregated Updated';

--
-- Dumping data for table `mag2_salesrule_coupon_aggregated_updated`
--


--
-- Table structure for table `mag2_salesrule_coupon_usage`
--

CREATE TABLE `mag2_salesrule_coupon_usage` (
  `coupon_id` int(10) unsigned NOT NULL COMMENT 'Coupon Id',
  `customer_id` int(10) unsigned NOT NULL COMMENT 'Customer Id',
  `times_used` int(10) unsigned NOT NULL DEFAULT '0' COMMENT 'Times Used',
  PRIMARY KEY (`coupon_id`,`customer_id`),
  KEY `MAG2_SALESRULE_COUPON_USAGE_CUSTOMER_ID` (`customer_id`)
) ENGINE=InnoDB DEFAULT CHARSET=utf8 COMMENT='Salesrule Coupon Usage';

--
-- Dumping data for table `mag2_salesrule_coupon_usage`
--


--
-- Table structure for table `mag2_salesrule_customer`
--

CREATE TABLE `mag2_salesrule_customer` (
  `rule_customer_id` int(10) unsigned NOT NULL AUTO_INCREMENT COMMENT 'Rule Customer Id',
  `rule_id` int(10) unsigned NOT NULL DEFAULT '0' COMMENT 'Rule Id',
  `customer_id` int(10) unsigned NOT NULL DEFAULT '0' COMMENT 'Customer Id',
  `times_used` smallint(5) unsigned NOT NULL DEFAULT '0' COMMENT 'Times Used',
  PRIMARY KEY (`rule_customer_id`),
  KEY `MAG2_SALESRULE_CUSTOMER_RULE_ID_CUSTOMER_ID` (`rule_id`,`customer_id`),
  KEY `MAG2_SALESRULE_CUSTOMER_CUSTOMER_ID_RULE_ID` (`customer_id`,`rule_id`)
) ENGINE=InnoDB AUTO_INCREMENT=6 DEFAULT CHARSET=utf8 COMMENT='Salesrule Customer';

--
-- Dumping data for table `mag2_salesrule_customer`
--

INSERT INTO `mag2_salesrule_customer` VALUES (1,1,1,2),(2,2,3,10),(3,2,4,1),(4,3,4,1),(5,3,3,1);

--
-- Table structure for table `mag2_salesrule_customer_group`
--

CREATE TABLE `mag2_salesrule_customer_group` (
  `rule_id` int(10) unsigned NOT NULL COMMENT 'Rule Id',
  `customer_group_id` int(10) unsigned NOT NULL COMMENT 'Customer Group Id',
  PRIMARY KEY (`rule_id`,`customer_group_id`),
  KEY `MAG2_SALESRULE_CUSTOMER_GROUP_CUSTOMER_GROUP_ID` (`customer_group_id`)
) ENGINE=InnoDB DEFAULT CHARSET=utf8 COMMENT='Sales Rules To Customer Groups Relations';

--
-- Dumping data for table `mag2_salesrule_customer_group`
--

INSERT INTO `mag2_salesrule_customer_group` VALUES (1,0),(2,0),(3,0),(4,0),(5,0),(1,1),(2,1),(3,1),(4,1),(5,1),(1,2),(2,2),(3,2),(4,2),(5,2),(1,3),(2,3),(3,3),(4,3),(5,3);

--
-- Table structure for table `mag2_salesrule_label`
--

CREATE TABLE `mag2_salesrule_label` (
  `label_id` int(10) unsigned NOT NULL AUTO_INCREMENT COMMENT 'Label Id',
  `rule_id` int(10) unsigned NOT NULL COMMENT 'Rule Id',
  `store_id` smallint(5) unsigned NOT NULL COMMENT 'Store Id',
  `label` varchar(255) DEFAULT NULL COMMENT 'Label',
  PRIMARY KEY (`label_id`),
  UNIQUE KEY `MAG2_SALESRULE_LABEL_RULE_ID_STORE_ID` (`rule_id`,`store_id`),
  KEY `MAG2_SALESRULE_LABEL_STORE_ID` (`store_id`)
) ENGINE=InnoDB DEFAULT CHARSET=utf8 COMMENT='Salesrule Label';

--
-- Dumping data for table `mag2_salesrule_label`
--


--
-- Table structure for table `mag2_salesrule_product_attribute`
--

CREATE TABLE `mag2_salesrule_product_attribute` (
  `rule_id` int(10) unsigned NOT NULL COMMENT 'Rule Id',
  `website_id` smallint(5) unsigned NOT NULL COMMENT 'Website Id',
  `customer_group_id` int(10) unsigned NOT NULL COMMENT 'Customer Group Id',
  `attribute_id` smallint(5) unsigned NOT NULL COMMENT 'Attribute Id',
  PRIMARY KEY (`rule_id`,`website_id`,`customer_group_id`,`attribute_id`),
  KEY `MAG2_SALESRULE_PRODUCT_ATTRIBUTE_WEBSITE_ID` (`website_id`),
  KEY `MAG2_SALESRULE_PRODUCT_ATTRIBUTE_CUSTOMER_GROUP_ID` (`customer_group_id`),
  KEY `MAG2_SALESRULE_PRODUCT_ATTRIBUTE_ATTRIBUTE_ID` (`attribute_id`)
) ENGINE=InnoDB DEFAULT CHARSET=utf8 COMMENT='Salesrule Product Attribute';

--
-- Dumping data for table `mag2_salesrule_product_attribute`
--

INSERT INTO `mag2_salesrule_product_attribute` VALUES (1,1,0,105),(1,1,1,105),(1,1,2,105),(1,1,3,105),(3,1,0,105),(3,1,0,146),(3,1,1,105),(3,1,1,146),(3,1,2,105),(3,1,2,146),(3,1,3,105),(3,1,3,146),(4,1,0,74),(4,1,1,74),(4,1,2,74),(4,1,3,74);

--
-- Table structure for table `mag2_salesrule_website`
--

CREATE TABLE `mag2_salesrule_website` (
  `rule_id` int(10) unsigned NOT NULL COMMENT 'Rule Id',
  `website_id` smallint(5) unsigned NOT NULL COMMENT 'Website Id',
  PRIMARY KEY (`rule_id`,`website_id`),
  KEY `MAG2_SALESRULE_WEBSITE_WEBSITE_ID` (`website_id`)
) ENGINE=InnoDB DEFAULT CHARSET=utf8 COMMENT='Sales Rules To Websites Relations';

--
-- Dumping data for table `mag2_salesrule_website`
--

INSERT INTO `mag2_salesrule_website` VALUES (1,1),(2,1),(3,1),(4,1),(5,1);

--
-- Table structure for table `mag2_search_query`
--

CREATE TABLE `mag2_search_query` (
  `query_id` int(10) unsigned NOT NULL AUTO_INCREMENT COMMENT 'Query ID',
  `query_text` varchar(255) DEFAULT NULL COMMENT 'Query text',
  `num_results` int(10) unsigned NOT NULL DEFAULT '0' COMMENT 'Num results',
  `popularity` int(10) unsigned NOT NULL DEFAULT '0' COMMENT 'Popularity',
  `redirect` varchar(255) DEFAULT NULL COMMENT 'Redirect',
  `store_id` smallint(5) unsigned NOT NULL DEFAULT '0' COMMENT 'Store ID',
  `display_in_terms` smallint(6) NOT NULL DEFAULT '1' COMMENT 'Display in terms',
  `is_active` smallint(6) DEFAULT '1' COMMENT 'Active status',
  `is_processed` smallint(6) DEFAULT '0' COMMENT 'Processed status',
  `updated_at` timestamp NOT NULL DEFAULT CURRENT_TIMESTAMP ON UPDATE CURRENT_TIMESTAMP COMMENT 'Updated at',
  PRIMARY KEY (`query_id`),
  UNIQUE KEY `MAG2_SEARCH_QUERY_QUERY_TEXT_STORE_ID` (`query_text`,`store_id`),
  KEY `MAG2_SEARCH_QUERY_QUERY_TEXT_STORE_ID_POPULARITY` (`query_text`,`store_id`,`popularity`),
  KEY `MAG2_SEARCH_QUERY_STORE_ID` (`store_id`),
  KEY `MAG2_SEARCH_QUERY_IS_PROCESSED` (`is_processed`)
) ENGINE=InnoDB AUTO_INCREMENT=1437 DEFAULT CHARSET=utf8 COMMENT='Search query table';

--
-- Dumping data for table `mag2_search_query`
--

INSERT INTO `mag2_search_query` VALUES (1,'jjk',0,1,NULL,1,1,1,0,'2018-12-04 21:42:36'),(2,'24-MB03',1,2,NULL,1,1,1,0,'2019-04-01 08:07:48'),(3,'2345',0,1,NULL,1,1,1,0,'2019-03-25 08:16:03'),(5,'wdefwe',0,1,NULL,1,1,1,0,'2019-03-26 06:22:17'),(7,'wj01',1,1,NULL,1,1,1,0,'2019-03-26 13:15:52'),(10,'123',0,7,NULL,1,1,1,0,'2019-05-30 08:25:11'),(13,'sdfgg',0,1,NULL,1,1,1,0,'2019-04-02 17:19:26'),(14,'3214567',0,1,NULL,1,1,1,0,'2019-04-08 07:10:07'),(15,'21324',0,3,NULL,1,1,1,0,'2019-04-08 08:28:43'),(17,'2132',0,2,NULL,1,1,1,0,'2019-04-08 08:28:29'),(21,'kljkl',0,1,NULL,1,1,1,0,'2019-04-08 08:44:09'),(22,'2e3r243',0,1,NULL,1,1,1,0,'2019-04-08 10:37:37'),(23,'213435',0,1,NULL,1,1,1,0,'2019-04-08 10:45:29'),(25,'wqdsa',0,1,NULL,1,1,1,0,'2019-04-08 18:50:06'),(28,'4',0,1,NULL,1,1,1,0,'2019-04-09 06:46:21'),(29,'2345y',0,1,NULL,1,1,1,0,'2019-04-09 08:10:40'),(30,'wer',0,1,NULL,1,1,1,0,'2019-04-09 10:37:37'),(31,'yyy',0,2,NULL,1,1,1,0,'2019-04-09 12:09:00'),(32,'2344',0,1,NULL,1,1,1,0,'2019-04-09 10:42:59'),(33,'ghjk',0,1,NULL,1,1,1,0,'2019-04-09 10:43:12'),(34,'mhkjhk',0,1,NULL,1,1,1,0,'2019-04-09 10:43:26'),(35,'wqewrty',0,5,NULL,1,1,1,0,'2019-04-09 11:00:32'),(40,'12343',0,7,NULL,1,1,1,0,'2019-04-09 11:09:00'),(49,'jous',1,1,NULL,1,1,1,0,'2019-04-09 11:10:02'),(77,'adsfd',0,1,NULL,1,1,1,0,'2019-04-12 20:31:44'),(78,'vvv',0,1,NULL,1,1,1,0,'2019-04-15 11:49:34'),(80,'21',0,2,NULL,1,1,1,0,'2019-05-19 08:07:17'),(84,'Gh',0,1,NULL,1,1,1,0,'2019-04-16 19:27:20'),(88,'5',0,1,NULL,1,1,1,0,'2019-04-17 09:00:49'),(92,'sad',0,2,NULL,1,1,1,0,'2019-04-17 18:32:25'),(98,'23',0,1,NULL,1,1,1,0,'2019-04-28 06:40:54'),(100,'saleem',0,5,NULL,1,1,1,0,'2020-01-26 11:37:54'),(101,'qwer',0,1,NULL,1,1,1,0,'2019-05-01 09:33:42'),(103,'e3r',0,1,NULL,1,1,1,0,'2019-05-08 07:48:16'),(105,'jkl;',0,1,NULL,1,1,1,0,'2019-05-08 07:49:55'),(107,'1324',0,1,NULL,1,1,1,0,'2019-05-19 06:41:29'),(111,'2343',0,1,NULL,1,1,1,0,'2019-05-19 10:29:37'),(113,'445',0,1,NULL,1,1,1,0,'2019-05-19 10:34:45'),(114,'qwqertyhj',0,1,NULL,1,1,1,0,'2019-05-21 12:20:09'),(116,'test',0,303,NULL,1,1,1,0,'2022-12-17 17:54:52'),(144,'Ss',0,1,NULL,1,1,1,0,'2019-05-22 22:09:43'),(202,'tes',12,49,NULL,1,1,1,0,'2019-07-03 11:03:15'),(349,'te',0,3,NULL,1,1,1,0,'2019-09-25 06:18:55'),(351,'world',0,1,NULL,1,1,1,0,'2019-05-25 19:39:39'),(361,'s',0,2,NULL,1,1,1,0,'2019-09-25 06:18:47'),(362,'12',0,2,NULL,1,1,1,0,'2019-06-13 12:38:06'),(373,'ukk',0,1,NULL,1,1,1,0,'2019-10-20 06:39:26'),(397,'size',0,2,NULL,1,1,1,0,'2019-11-04 07:09:40'),(401,'test 4',13,3,NULL,1,1,1,0,'2019-11-13 06:27:56'),(407,'sa',0,2,NULL,1,1,1,0,'2020-01-23 11:22:13'),(415,'New Collecction',0,1,NULL,1,1,1,0,'2019-12-15 11:57:57'),(417,'Top',0,7,NULL,1,1,1,0,'2020-01-23 12:37:14'),(421,'Beach items',2,1,NULL,1,1,1,0,'2019-12-15 12:12:53'),(423,'bEACH',0,1,NULL,1,1,1,0,'2019-12-15 12:13:24'),(425,'bEACH DRESS',0,4,NULL,1,1,1,0,'2019-12-15 12:13:59'),(433,'E',0,1,NULL,1,1,1,0,'2019-12-15 12:14:21'),(439,'Top ItEMS',2,2,NULL,1,1,1,0,'2019-12-15 12:16:11'),(443,'Beach wear',0,1,NULL,1,1,1,0,'2019-12-15 13:17:59'),(445,'Dewwrw',0,1,NULL,1,1,1,0,'2019-12-15 13:18:20'),(447,'New Collections',0,1,NULL,1,1,1,0,'2019-12-15 13:18:42'),(449,'New collection',0,1,NULL,1,1,1,0,'2019-12-16 07:14:12'),(451,'Women dress',0,1,NULL,1,1,1,0,'2019-12-16 07:14:39'),(453,'saleem duglass',0,10,NULL,1,1,1,0,'2020-01-26 12:33:34'),(465,'QWerty',0,3,NULL,1,1,1,0,'2019-12-18 12:28:29'),(475,'Twsr',0,3,NULL,1,1,1,0,'2019-12-19 12:02:16'),(483,'ladies dress',0,1,NULL,1,1,1,0,'2019-12-19 12:02:46'),(485,'Western Dress',0,1,NULL,1,1,1,0,'2019-12-19 12:03:05'),(487,'Ready made',0,3,NULL,1,1,1,0,'2019-12-22 06:35:49'),(493,'Ready made dress',0,1,NULL,1,1,1,0,'2019-12-22 06:35:51'),(495,'oNE pIECES',2,8,NULL,1,1,1,0,'2019-12-22 11:22:32'),(497,'Ready to wear',0,4,NULL,1,1,1,0,'2019-12-22 11:20:45'),(501,'Ready To',0,1,NULL,1,1,1,0,'2019-12-22 06:39:49'),(505,'ready to weae',0,1,NULL,1,1,1,0,'2019-12-22 11:20:32'),(523,'ds212122',0,1,NULL,1,1,1,0,'2019-12-22 11:31:03'),(629,'ttcttfdy HVHV HVH HTEST',0,3,NULL,1,1,1,0,'2019-12-22 11:41:18'),(645,'tEST uNDER',13,1,NULL,1,1,1,0,'2019-12-22 11:41:42'),(707,'tESTING UNDER THE qORDER',0,7,NULL,1,1,1,0,'2019-12-22 13:00:08'),(711,'tESTING UNDER THE',0,1,NULL,1,1,1,0,'2019-12-22 12:59:50'),(715,'tESTING UNDER',0,3,NULL,1,1,1,0,'2019-12-22 13:00:10'),(729,'tESTING',0,1,NULL,1,1,1,0,'2019-12-22 13:00:13'),(731,'fgddfd',0,1,NULL,1,1,1,0,'2019-12-23 07:51:16'),(733,'Test the culture',13,2,NULL,1,1,1,0,'2019-12-25 12:15:04'),(742,'test2',1,1,NULL,1,1,1,0,'2020-01-23 12:31:09'),(744,'tops',0,2,NULL,1,1,1,0,'2020-01-23 12:36:49'),(750,'line plazer',1,1,NULL,1,1,1,0,'2020-01-23 12:39:50'),(752,'Dress',2,7,NULL,1,1,1,0,'2022-11-20 14:58:01'),(754,'123 kd',0,1,NULL,1,1,1,0,'2020-01-23 12:42:06'),(756,'saleme',0,1,NULL,1,1,1,0,'2020-01-26 08:47:14'),(757,'training suit striped',17,1,NULL,1,1,1,0,'2020-10-13 09:45:15'),(760,'dresses',0,2,NULL,1,1,1,0,'2021-01-27 12:13:00'),(764,'Black top with white stripes design',40,2,NULL,1,1,1,0,'2021-02-02 07:32:55'),(765,'training',4,1,NULL,1,1,1,0,'2021-03-14 05:43:10'),(767,'Wedding Dress',2,1,NULL,1,1,1,0,'2021-03-24 11:49:59'),(769,'ayibalaJ',0,1,NULL,1,1,1,0,'2021-03-25 18:39:05'),(771,'Loose dress',36,1,NULL,1,1,1,0,'2021-03-31 15:41:17'),(773,'dress ruffle in dark beige',21,1,NULL,1,1,1,0,'2021-04-01 07:07:25'),(775,'Papa pig',0,4,NULL,1,1,1,0,'2021-04-02 09:25:10'),(783,'Figcnvjbhjbjkbkbjcovjvnmbkvcccgkjbbmnvhjijjbvvbjkgvkvvkcchvcnv',0,3,NULL,1,1,1,0,'2021-04-05 10:55:44'),(789,'dressss Kids',0,1,NULL,1,1,1,0,'2021-04-13 10:45:03'),(791,'wedding',0,3,NULL,1,1,1,0,'2021-04-13 16:11:49'),(805,'dresss',0,1,NULL,1,1,1,0,'2021-04-30 03:20:27'),(807,'dresssdress',0,1,NULL,1,1,1,0,'2021-04-30 03:20:34'),(809,'Dres',2,1,NULL,1,1,1,0,'2021-06-16 15:05:15'),(811,'gift',0,204,NULL,1,1,1,0,'2022-06-16 14:56:47'),(1069,'My order',0,1,NULL,1,1,1,0,'2021-07-16 06:09:56'),(1071,'Caftan',0,2,NULL,1,1,1,0,'2021-07-21 12:18:41'),(1075,'kaftan',7,2,NULL,1,1,1,0,'2021-07-22 11:20:10'),(1079,'loremipsum0.3765812966647487',0,1,NULL,1,1,1,0,'2021-08-31 07:33:38'),(1081,'chanel',0,5,NULL,1,1,1,0,'2022-05-30 01:44:44'),(1083,'lagerfeld hat',0,5,NULL,1,1,1,0,'2022-05-30 01:45:45'),(1085,'kl hat',0,4,NULL,1,1,1,0,'2022-05-30 01:45:29'),(1087,'myle',0,2,NULL,1,1,1,0,'2021-08-31 07:37:44'),(1091,'FUCIDIN',0,5,NULL,1,1,1,0,'2022-05-30 01:47:30'),(1165,'gift\') AND (SELECT 9000 FROM (SELECT(SLEEP(10)))BgUf) AND (1729=1729',12,1,NULL,1,1,1,0,'2021-09-10 09:31:27'),(1167,'gift\') AND (SELECT 9000 FROM (SELECT(SLEEP(10)))BgUf) AND ((4575=4575',12,1,NULL,1,1,1,0,'2021-09-10 09:31:31'),(1169,'gift\') AND (SELECT 9000 FROM (SELECT(SLEEP(10)))BgUf)',12,1,NULL,1,1,1,0,'2021-09-10 09:31:34'),(1171,'gift\') AND (SELECT 9000 FROM (SELECT(SLEEP(10)))BgUf) AND (\'mFtn\'=\'mFtn',12,1,NULL,1,1,1,0,'2021-09-10 09:31:37'),(1173,'gift\') AND (SELECT 9000 FROM (SELECT(SLEEP(10)))BgUf) AND ((\'mIdk\'=\'mIdk',12,1,NULL,1,1,1,0,'2021-09-10 09:31:41'),(1175,'gift\') AND (SELECT 9000 FROM (SELECT(SLEEP(10)))BgUf) AND \'tXNU\'=\'tXNU',12,1,NULL,1,1,1,0,'2021-09-10 09:31:44'),(1177,'gift\') AND (SELECT 9000 FROM (SELECT(SLEEP(10)))BgUf) AND (\'lZKK\' LIKE \'lZKK',16,1,NULL,1,1,1,0,'2021-09-10 09:31:48'),(1179,'gift\') AND (SELECT 9000 FROM (SELECT(SLEEP(10)))BgUf) AND \'oPpc%\'=\'oPpc',12,1,NULL,1,1,1,0,'2021-09-10 09:31:52'),(1181,'gift\') AND (SELECT 9000 FROM (SELECT(SLEEP(10)))BgUf) AND \'ziwm\' LIKE \'ziwm',16,1,NULL,1,1,1,0,'2021-09-10 09:31:55'),(1183,'gift\') AND (SELECT 9000 FROM (SELECT(SLEEP(10)))BgUf) AND (\"LxGI\"=\"LxGI',12,1,NULL,1,1,1,0,'2021-09-10 09:31:59'),(1185,'gift\') AND (SELECT 9000 FROM (SELECT(SLEEP(10)))BgUf) AND \"pLjB\"=\"pLjB',12,1,NULL,1,1,1,0,'2021-09-10 09:32:02'),(1187,'gift\') AND (SELECT 9000 FROM (SELECT(SLEEP(10)))BgUf)-- ZtlP',12,1,NULL,1,1,1,0,'2021-09-10 09:32:05'),(1251,'gift)#Refxpw\nAND#ZAQyQm\n#QDoQyGmZ\n(SELECT#yLdkNZyqc\n#HWZLDifYITVj\n1724#qvbnPl\nFROM#bhONKlQzOSM\n#CpnzKAuz\n(SELECT#TcCKczngSI\n(SLE',12,1,NULL,1,1,1,0,'2021-09-10 15:11:39'),(1253,'gift))#byHvMEz\nAND#VnMMCTpqp\n#UrVaKgcT\n(SELECT#NBzFvSz\n#ZJAaKu\n1724#queQPA\nFROM#KQpugOYH\n#vmEdknMoZW\n(SELECT#szhXoPgNQI\n(SLEEP(5',12,1,NULL,1,1,1,0,'2021-09-10 15:11:42'),(1255,'gift#rofxKmf\nAND#DdvDGvwZXtB\n#ftTugYZcw\n(SELECT#XkQSTv\n#YtzySitA\n1724#TvUEjHtyoMfe\nFROM#WrWFdLHT\n#rwdVcctPgdK\n(SELECT#nfzADTfljo',12,1,NULL,1,1,1,0,'2021-09-10 15:11:46'),(1257,'gift\')#OdCdlyO\nAND#TVQerFjZUPl\n#tSnZbcFcy\n(SELECT#mcYelZmjt\n#iithxn\n1724#iTuzcWWrj\nFROM#oNtjfFPfn\n#rwyHPTYorx\n(SELECT#qWVshMnjvX',12,1,NULL,1,1,1,0,'2021-09-10 15:11:49'),(1259,'gift\'))#xDbhaGU\nAND#OHNeybT\n#DzyqJV\n(SELECT#KJhLHezjfm\n#VenWKWXOCMq\n1724#wYnsawVL\nFROM#mHrJRE\n#LKiOQcmX\n(SELECT#ollEyyJIjus\n(SLE',12,1,NULL,1,1,1,0,'2021-09-10 15:11:53'),(1261,'gift\'#WVjbzHFxfqaw\nAND#zFHoCCk\n#ZKNMTw\n(SELECT#slJFCSU\n#mxeYxkChn\n1724#xTLGDtSgCV\nFROM#UtUTZfTYofcu\n#YzFXXycUMffN\n(SELECT#zqUgim',12,1,NULL,1,1,1,0,'2021-09-10 15:11:56'),(1263,'gift\')#uXcIiSIJJTXt\nAND#mxdmDBCcEL\n#DTaUxkmhZjvt\n(SELECT#bRIfWyDajy\n#lgoJdLVIO\n1724#CytcRvBLW\nFROM#XCgVtDYHfap\n#vEYTbiV\n(SELECT#',12,1,NULL,1,1,1,0,'2021-09-10 15:11:59'),(1265,'gift%\'#QWiqOPbxy\nAND#lYJczgJGKF\n#SEWTEDLrFaj\n(SELECT#aogqTujVZmvg\n#ADFhCd\n1724#VHmxvBVcIbK\nFROM#VTzYBfvX\n#NbgPsBQsdTF\n(SELECT#Oj',12,1,NULL,1,1,1,0,'2021-09-10 15:12:03'),(1267,'gift\'#liSVvRkRHJe\nAND#pTStRoqL\n#BjxAfTSbKHcF\n(SELECT#dFCgeuviQ\n#TVOGCaUFM\n1724#QZLpDBVxb\nFROM#RLSODYavNMe\n#Xdawjq\n(SELECT#IIJOSU',12,1,NULL,1,1,1,0,'2021-09-10 15:12:07'),(1269,'gift\")#ZuPmLnIE\nAND#EVQasmiaJxcy\n#KcgRCavwuzUB\n(SELECT#ljUwlhTqoTa\n#bTIZCbNiD\n1724#KmsoidsiN\nFROM#sGyvYbOC\n#EqwnXaBbD\n(SELECT#Dx',12,1,NULL,1,1,1,0,'2021-09-10 15:12:10'),(1271,'gift\"#fXvMuE\nAND#TjRAHhvEPu\n#HIeSRN\n(SELECT#mhcEhNk\n#EOODwW\n1724#ltQQKKZcr\nFROM#DxMRrbsUPZ\n#xPHdrg\n(SELECT#inLEDxXXU\n(SLEEP(5)))',12,1,NULL,1,1,1,0,'2021-09-10 15:12:14'),(1273,'gift#Pamaiw\nAND#BHclStbnezC\n#RKuyYyqcx\n(SELECT#vmbvfLWqgNNv\n#tKhMvDWNK\n1724#HuiLMO\nFROM#OYZHrUiMdOi\n#AoQkdm\n(SELECT#zVudOpLds\n(S',12,1,NULL,1,1,1,0,'2021-09-10 15:12:18'),(1275,'gtft',0,1,NULL,1,1,1,0,'2021-09-10 15:40:09'),(1279,'1',0,2,NULL,1,1,1,0,'2021-09-11 09:17:04'),(1283,'\"><script>alert(document.URL)</script>',0,2,NULL,1,1,1,0,'2021-09-25 08:01:55'),(1284,'black',36,14,NULL,1,1,1,0,'2023-02-03 00:59:41'),(1287,'loremipsum0.2543830218825024',0,1,NULL,1,1,1,0,'2022-05-30 01:40:55'),(1308,'product',0,2,NULL,1,1,1,0,'2022-07-15 16:40:37'),(1312,'%a%',0,2,NULL,1,1,1,0,'2022-07-15 17:25:18'),(1313,'candy',0,1,NULL,1,1,1,0,'2022-10-12 07:26:28'),(1314,'7AU2X496',0,1,NULL,1,1,1,0,'2022-10-18 06:23:43'),(1316,'NB0UXYAT',0,1,NULL,1,1,1,0,'2022-10-20 00:16:29'),(1318,'QY58MHPB',0,1,NULL,1,1,1,0,'2022-10-20 00:42:40'),(1320,'TF7RQBWI',0,1,NULL,1,1,1,0,'2022-10-20 00:42:41'),(1322,'H5ZIKZXG',0,1,NULL,1,1,1,0,'2022-10-23 15:24:39'),(1324,'AAAAAAAA',0,18,NULL,1,1,1,0,'2022-11-12 02:00:00'),(1332,'Jacket',11,1,NULL,1,1,1,0,'2022-10-31 13:23:54'),(1334,'QWWD31ID',0,1,NULL,1,1,1,0,'2022-11-02 03:15:10'),(1364,'OI8AXLPI',0,1,NULL,1,1,1,0,'2022-11-12 02:20:22'),(1366,'3VOXQZP7',0,1,NULL,1,1,1,0,'2022-11-12 03:41:18'),(1368,'HYHQ',0,1,NULL,1,1,1,0,'2022-11-14 13:29:31'),(1370,'AAAA',0,2,NULL,1,1,1,0,'2022-11-14 20:08:13'),(1376,'FAJWJSDPF',0,3,NULL,1,1,1,0,'2022-11-23 15:47:26'),(1382,'B077MRDYS',0,2,NULL,1,1,1,0,'2022-11-23 17:26:00'),(1386,'B07D5Y68',0,2,NULL,1,1,1,0,'2022-11-23 17:33:24'),(1390,'B00L50MK',0,2,NULL,1,1,1,0,'2022-11-23 17:46:08'),(1394,'Samsun',0,1,NULL,1,1,1,0,'2022-11-24 09:15:36'),(1396,'mac duggal',0,1,NULL,1,1,1,0,'2022-12-06 09:15:57'),(1398,'فساتين سهرة',0,2,NULL,1,1,1,0,'2022-12-08 16:04:40'),(1402,'White',11,2,NULL,1,1,1,0,'2022-12-08 19:54:39'),(1407,'ITune',0,2,NULL,1,1,1,0,'2022-12-21 10:10:23'),(1411,'Amazo',0,2,NULL,1,1,1,0,'2022-12-21 11:32:27'),(1415,'oKue',0,2,NULL,1,1,1,0,'2022-12-22 04:12:38'),(1419,'5987',0,1,NULL,1,1,1,0,'2022-12-22 04:12:40'),(1421,'oKue).\'\"),)(.)',0,1,NULL,1,1,1,0,'2022-12-22 04:12:43'),(1423,'oKue\'SWbwUa<\'\">AQrNAk',0,1,NULL,1,1,1,0,'2022-12-22 04:12:45'),(1426,'دراريع',0,3,NULL,1,1,1,0,'2023-02-22 02:18:23'),(1432,'Koftan',0,1,NULL,1,1,1,0,'2023-02-22 02:19:33'),(1434,'Ramadan',0,1,NULL,1,1,1,0,'2023-02-23 19:04:26'),(1436,'عربي',0,1,NULL,1,1,1,0,'2023-02-24 22:11:29');

--
-- Table structure for table `mag2_search_synonyms`
--

CREATE TABLE `mag2_search_synonyms` (
  `group_id` bigint(20) unsigned NOT NULL AUTO_INCREMENT COMMENT 'Synonyms Group Id',
  `synonyms` text NOT NULL COMMENT 'list of synonyms making up this group',
  `store_id` smallint(5) unsigned NOT NULL DEFAULT '0' COMMENT 'Store Id - identifies the store view these synonyms belong to',
  `website_id` smallint(5) unsigned NOT NULL DEFAULT '0' COMMENT 'Website Id - identifies the website id these synonyms belong to',
  PRIMARY KEY (`group_id`),
  KEY `MAG2_SEARCH_SYNONYMS_STORE_ID` (`store_id`),
  KEY `MAG2_SEARCH_SYNONYMS_WEBSITE_ID` (`website_id`),
  FULLTEXT KEY `MAG2_SEARCH_SYNONYMS_SYNONYMS` (`synonyms`)
) ENGINE=InnoDB DEFAULT CHARSET=utf8 COMMENT='table storing various synonyms groups';

--
-- Dumping data for table `mag2_search_synonyms`
--


--
-- Table structure for table `mag2_sendfriend_log`
--

CREATE TABLE `mag2_sendfriend_log` (
  `log_id` int(10) unsigned NOT NULL AUTO_INCREMENT COMMENT 'Log ID',
  `ip` bigint(20) unsigned NOT NULL DEFAULT '0' COMMENT 'Customer IP address',
  `time` int(10) unsigned NOT NULL DEFAULT '0' COMMENT 'Log time',
  `website_id` smallint(5) unsigned NOT NULL DEFAULT '0' COMMENT 'Website ID',
  PRIMARY KEY (`log_id`),
  KEY `MAG2_SENDFRIEND_LOG_IP` (`ip`),
  KEY `MAG2_SENDFRIEND_LOG_TIME` (`time`)
) ENGINE=InnoDB DEFAULT CHARSET=utf8 COMMENT='Send to friend function log storage table';

--
-- Dumping data for table `mag2_sendfriend_log`
--


--
-- Table structure for table `mag2_sequence_creditmemo_0`
--

