(7659,1840,25617,'parent_product_id','25621'),(7684,1847,25121,'info_buyRequest','{\"uenc\":\"aHR0cHM6Ly9kcmVzc21la3cuY29tL3doaXRlLXN1aXQtd2l0aC1zaWx2ZXIuaHRtbA,,\",\"product\":\"25121\",\"selected_configurable_option\":\"\",\"related_product\":\"\",\"super_attribute\":{\"141\":\"230\",\"193\":\"269\",\"93\":\"319\"},\"options\":{\"41\":\"28\"},\"qty\":\"1\"}'),(7685,1847,25121,'option_ids','41'),(7686,1847,25121,'option_41','28'),(7687,1847,25121,'attributes','{\"141\":\"230\",\"193\":\"269\",\"93\":\"319\"}'),(7688,1847,25092,'product_qty_25092','1'),(7689,1847,25092,'simple_product','25092'),(7690,1848,25092,'info_buyRequest','{\"uenc\":\"aHR0cHM6Ly9kcmVzc21la3cuY29tL3doaXRlLXN1aXQtd2l0aC1zaWx2ZXIuaHRtbA,,\",\"product\":\"25121\",\"selected_configurable_option\":\"\",\"related_product\":\"\",\"super_attribute\":{\"141\":\"230\",\"193\":\"269\",\"93\":\"319\"},\"options\":{\"41\":\"28\"},\"qty\":\"1\"}'),(7691,1848,25092,'option_41','28'),(7692,1848,25092,'parent_product_id','25121'),(7693,1849,25726,'info_buyRequest','{\"uenc\":\"aHR0cHM6Ly9kcmVzc21la3cuY29tL2thZnRhbi0xLmh0bWw,\",\"product\":\"25726\",\"selected_configurable_option\":\"\",\"related_product\":\"\",\"super_attribute\":{\"141\":\"230\",\"93\":\"319\"},\"options\":{\"87\":\"\\u0665\\u0661\"},\"qty\":\"1\"}'),(7694,1849,25726,'option_ids','87'),(7695,1849,25726,'option_87','٥١'),(7696,1849,25726,'attributes','{\"141\":\"230\",\"93\":\"319\"}'),(7697,1849,25722,'product_qty_25722','1'),(7698,1849,25722,'simple_product','25722'),(7699,1850,25722,'info_buyRequest','{\"uenc\":\"aHR0cHM6Ly9kcmVzc21la3cuY29tL2thZnRhbi0xLmh0bWw,\",\"product\":\"25726\",\"selected_configurable_option\":\"\",\"related_product\":\"\",\"super_attribute\":{\"141\":\"230\",\"93\":\"319\"},\"options\":{\"87\":\"\\u0665\\u0661\"},\"qty\":\"1\"}'),(7700,1850,25722,'option_87','٥١'),(7701,1850,25722,'parent_product_id','25726'),(7702,1851,25780,'info_buyRequest','{\"uenc\":\"aHR0cHM6Ly9kcmVzc21la3cuY29tL2JsYWNrLWthZnRhbi13aXRoLWdvbGQuaHRtbA,,\",\"product\":\"25780\",\"selected_configurable_option\":\"\",\"related_product\":\"\",\"super_attribute\":{\"141\":\"230\",\"93\":\"49\"},\"options\":{\"95\":\"54\"},\"qty\":\"1\"}'),(7703,1851,25780,'option_ids','95'),(7704,1851,25780,'option_95','54'),(7705,1851,25780,'attributes','{\"141\":\"230\",\"93\":\"49\"}'),(7706,1851,25776,'product_qty_25776','1'),(7707,1851,25776,'simple_product','25776'),(7708,1852,25776,'info_buyRequest','{\"uenc\":\"aHR0cHM6Ly9kcmVzc21la3cuY29tL2JsYWNrLWthZnRhbi13aXRoLWdvbGQuaHRtbA,,\",\"product\":\"25780\",\"selected_configurable_option\":\"\",\"related_product\":\"\",\"super_attribute\":{\"141\":\"230\",\"93\":\"49\"},\"options\":{\"95\":\"54\"},\"qty\":\"1\"}'),(7709,1852,25776,'option_95','54'),(7710,1852,25776,'parent_product_id','25780'),(7711,1853,25740,'info_buyRequest','{\"uenc\":\"aHR0cHM6Ly9kcmVzc21la3cuY29tL2JsYWNrLW9yZ2FuemEta2FmdGFuLXdpdGgtbGFjZS5odG1s\",\"product\":\"25740\",\"selected_configurable_option\":\"\",\"related_product\":\"\",\"super_attribute\":{\"141\":\"229\",\"93\":\"319\"},\"options\":{\"89\":\"14\"},\"qty\":\"1\"}'),(7712,1853,25740,'option_ids','89'),(7713,1853,25740,'option_89','14'),(7714,1853,25740,'attributes','{\"141\":\"229\",\"93\":\"319\"}'),(7715,1853,25735,'product_qty_25735','1'),(7716,1853,25735,'simple_product','25735'),(7717,1854,25735,'info_buyRequest','{\"uenc\":\"aHR0cHM6Ly9kcmVzc21la3cuY29tL2JsYWNrLW9yZ2FuemEta2FmdGFuLXdpdGgtbGFjZS5odG1s\",\"product\":\"25740\",\"selected_configurable_option\":\"\",\"related_product\":\"\",\"super_attribute\":{\"141\":\"229\",\"93\":\"319\"},\"options\":{\"89\":\"14\"},\"qty\":\"1\"}'),(7718,1854,25735,'option_89','14'),(7719,1854,25735,'parent_product_id','25740'),(7720,1855,807,'info_buyRequest','{\"uenc\":\"aHR0cHM6Ly9kcmVzc21la3cuY29tL2JsYWNrLXN1aXQtd2l0aC13aGl0ZS5odG1s\",\"product\":\"807\",\"selected_configurable_option\":\"\",\"related_product\":\"\",\"super_attribute\":{\"141\":\"230\",\"193\":\"266\"},\"options\":{\"28\":\"44\"},\"qty\":\"1\"}'),(7721,1855,807,'option_ids','28'),(7722,1855,807,'option_28','44'),(7723,1855,807,'attributes','{\"141\":\"230\",\"193\":\"266\"}'),(7724,1855,775,'product_qty_775','1'),(7725,1855,775,'simple_product','775'),(7726,1856,775,'info_buyRequest','{\"uenc\":\"aHR0cHM6Ly9kcmVzc21la3cuY29tL2JsYWNrLXN1aXQtd2l0aC13aGl0ZS5odG1s\",\"product\":\"807\",\"selected_configurable_option\":\"\",\"related_product\":\"\",\"super_attribute\":{\"141\":\"230\",\"193\":\"266\"},\"options\":{\"28\":\"44\"},\"qty\":\"1\"}'),(7727,1856,775,'option_28','44'),(7728,1856,775,'parent_product_id','807'),(7729,1857,173,'info_buyRequest','{\"uenc\":\"aHR0cHM6Ly9kcmVzc21la3cuY29tL251ZGUtdHJhaW5pbmctc3VpdC5odG1s\",\"product\":\"173\",\"selected_configurable_option\":\"\",\"related_product\":\"\",\"super_attribute\":{\"141\":\"228\",\"193\":\"268\",\"93\":\"298\"},\"options\":{\"21\":\"1222\"},\"qty\":\"1\"}'),(7730,1857,173,'option_ids','21'),(7731,1857,173,'option_21','1222'),(7732,1857,173,'attributes','{\"141\":\"228\",\"193\":\"268\",\"93\":\"298\"}'),(7733,1857,127,'product_qty_127','1'),(7734,1857,127,'simple_product','127'),(7735,1858,127,'info_buyRequest','{\"uenc\":\"aHR0cHM6Ly9kcmVzc21la3cuY29tL251ZGUtdHJhaW5pbmctc3VpdC5odG1s\",\"product\":\"173\",\"selected_configurable_option\":\"\",\"related_product\":\"\",\"super_attribute\":{\"141\":\"228\",\"193\":\"268\",\"93\":\"298\"},\"options\":{\"21\":\"1222\"},\"qty\":\"1\"}'),(7736,1858,127,'option_21','1222'),(7737,1858,127,'parent_product_id','173'),(7738,1859,25768,'info_buyRequest','{\"uenc\":\"aHR0cHM6Ly9kcmVzc21la3cuY29tL2JyaWRlLWthZnRhbi5odG1s\",\"product\":\"25768\",\"selected_configurable_option\":\"\",\"related_product\":\"\",\"super_attribute\":{\"141\":\"231\",\"93\":\"319\"},\"options\":{\"94\":\"53\"},\"qty\":\"1\"}'),(7739,1859,25768,'option_ids','94'),(7740,1859,25768,'option_94','53'),(7741,1859,25768,'attributes','{\"141\":\"231\",\"93\":\"319\"}'),(7742,1859,25765,'product_qty_25765','1'),(7743,1859,25765,'simple_product','25765'),(7744,1860,25765,'info_buyRequest','{\"uenc\":\"aHR0cHM6Ly9kcmVzc21la3cuY29tL2JyaWRlLWthZnRhbi5odG1s\",\"product\":\"25768\",\"selected_configurable_option\":\"\",\"related_product\":\"\",\"super_attribute\":{\"141\":\"231\",\"93\":\"319\"},\"options\":{\"94\":\"53\"},\"qty\":\"1\"}'),(7745,1860,25765,'option_94','53'),(7746,1860,25765,'parent_product_id','25768'),(7798,1873,7,'info_buyRequest','{\"uenc\":\"aHR0cHM6Ly9kcmVzc21la3cuY29tL2JsYWNrLWxvb3NlLXRvcC13aXRoLWJhYnktcGluay5odG1s\",\"product\":\"7\",\"selected_configurable_option\":\"\",\"related_product\":\"\",\"super_attribute\":{\"141\":\"231\",\"93\":\"49\"},\"options\":{\"33\":\"33\"},\"qty\":\"1\"}'),(7799,1873,7,'option_ids','33'),(7800,1873,7,'option_33','33'),(7801,1873,7,'attributes','{\"141\":\"231\",\"93\":\"49\"}'),(7802,1873,4,'product_qty_4','1'),(7803,1873,4,'simple_product','4'),(7804,1874,4,'info_buyRequest','{\"uenc\":\"aHR0cHM6Ly9kcmVzc21la3cuY29tL2JsYWNrLWxvb3NlLXRvcC13aXRoLWJhYnktcGluay5odG1s\",\"product\":\"7\",\"selected_configurable_option\":\"\",\"related_product\":\"\",\"super_attribute\":{\"141\":\"231\",\"93\":\"49\"},\"options\":{\"33\":\"33\"},\"qty\":\"1\"}'),(7805,1874,4,'option_33','33'),(7806,1874,4,'parent_product_id','7'),(7807,1875,25747,'info_buyRequest','{\"uenc\":\"aHR0cHM6Ly9kcmVzc21la3cuY29tL3doaXRlLWNvdHRvbi1rYWZ0YW4uaHRtbA,,\",\"product\":\"25747\",\"selected_configurable_option\":\"\",\"related_product\":\"\",\"super_attribute\":{\"141\":\"230\",\"93\":\"59\"},\"options\":{\"90\":\"51\"},\"qty\":\"1\"}'),(7808,1875,25747,'option_ids','90'),(7809,1875,25747,'option_90','51'),(7810,1875,25747,'attributes','{\"141\":\"230\",\"93\":\"59\"}'),(7811,1875,25743,'product_qty_25743','1'),(7812,1875,25743,'simple_product','25743'),(7813,1876,25743,'info_buyRequest','{\"uenc\":\"aHR0cHM6Ly9kcmVzc21la3cuY29tL3doaXRlLWNvdHRvbi1rYWZ0YW4uaHRtbA,,\",\"product\":\"25747\",\"selected_configurable_option\":\"\",\"related_product\":\"\",\"super_attribute\":{\"141\":\"230\",\"93\":\"59\"},\"options\":{\"90\":\"51\"},\"qty\":\"1\"}'),(7814,1876,25743,'option_90','51'),(7815,1876,25743,'parent_product_id','25747'),(7816,1877,25768,'info_buyRequest','{\"uenc\":\"aHR0cHM6Ly9kcmVzc21la3cuY29tL2JyaWRlLWthZnRhbi5odG1s\",\"product\":\"25768\",\"selected_configurable_option\":\"\",\"related_product\":\"\",\"super_attribute\":{\"141\":\"230\",\"93\":\"319\"},\"options\":{\"94\":\"54\"},\"qty\":\"1\"}'),(7817,1877,25768,'option_ids','94'),(7818,1877,25768,'option_94','54'),(7819,1877,25768,'attributes','{\"141\":\"230\",\"93\":\"319\"}'),(7820,1877,25764,'product_qty_25764','1'),(7821,1877,25764,'simple_product','25764'),(7822,1878,25764,'info_buyRequest','{\"uenc\":\"aHR0cHM6Ly9kcmVzc21la3cuY29tL2JyaWRlLWthZnRhbi5odG1s\",\"product\":\"25768\",\"selected_configurable_option\":\"\",\"related_product\":\"\",\"super_attribute\":{\"141\":\"230\",\"93\":\"319\"},\"options\":{\"94\":\"54\"},\"qty\":\"1\"}'),(7823,1878,25764,'option_94','54'),(7824,1878,25764,'parent_product_id','25768'),(7825,1879,25768,'info_buyRequest','{\"uenc\":\"aHR0cHM6Ly9kcmVzc21la3cuY29tL2JyaWRlLWthZnRhbi5odG1s\",\"product\":\"25768\",\"selected_configurable_option\":\"\",\"related_product\":\"\",\"super_attribute\":{\"141\":\"231\",\"93\":\"319\"},\"options\":{\"94\":\"50\"},\"qty\":\"1\"}'),(7826,1879,25768,'option_ids','94'),(7827,1879,25768,'option_94','50'),(7828,1879,25768,'attributes','{\"141\":\"231\",\"93\":\"319\"}'),(7829,1879,25765,'product_qty_25765','1'),(7830,1879,25765,'simple_product','25765'),(7831,1880,25765,'info_buyRequest','{\"uenc\":\"aHR0cHM6Ly9kcmVzc21la3cuY29tL2JyaWRlLWthZnRhbi5odG1s\",\"product\":\"25768\",\"selected_configurable_option\":\"\",\"related_product\":\"\",\"super_attribute\":{\"141\":\"231\",\"93\":\"319\"},\"options\":{\"94\":\"50\"},\"qty\":\"1\"}'),(7832,1880,25765,'option_94','50'),(7833,1880,25765,'parent_product_id','25768'),(7843,1883,25747,'info_buyRequest','{\"uenc\":\"aHR0cHM6Ly9kcmVzc21la3cuY29tL3doaXRlLWNvdHRvbi1rYWZ0YW4uaHRtbA,,\",\"product\":\"25747\",\"selected_configurable_option\":\"\",\"related_product\":\"\",\"super_attribute\":{\"141\":\"228\",\"93\":\"59\"},\"options\":{\"90\":\"54.5\"},\"qty\":\"1\"}'),(7844,1883,25747,'option_ids','90'),(7845,1883,25747,'option_90','54.5'),(7846,1883,25747,'attributes','{\"141\":\"228\",\"93\":\"59\"}'),(7847,1883,25741,'product_qty_25741','1'),(7848,1883,25741,'simple_product','25741'),(7849,1884,25741,'info_buyRequest','{\"uenc\":\"aHR0cHM6Ly9kcmVzc21la3cuY29tL3doaXRlLWNvdHRvbi1rYWZ0YW4uaHRtbA,,\",\"product\":\"25747\",\"selected_configurable_option\":\"\",\"related_product\":\"\",\"super_attribute\":{\"141\":\"228\",\"93\":\"59\"},\"options\":{\"90\":\"54.5\"},\"qty\":\"1\"}'),(7850,1884,25741,'option_90','54.5'),(7851,1884,25741,'parent_product_id','25747'),(7852,1885,25768,'info_buyRequest','{\"uenc\":\"aHR0cHM6Ly9kcmVzc21la3cuY29tL2JyaWRlLWthZnRhbi5odG1s\",\"product\":\"25768\",\"selected_configurable_option\":\"\",\"related_product\":\"\",\"super_attribute\":{\"141\":\"231\",\"93\":\"319\"},\"options\":{\"94\":\"53\"},\"qty\":\"1\"}'),(7853,1885,25768,'option_ids','94'),(7854,1885,25768,'option_94','53'),(7855,1885,25768,'attributes','{\"141\":\"231\",\"93\":\"319\"}'),(7856,1885,25765,'product_qty_25765','1'),(7857,1885,25765,'simple_product','25765'),(7858,1886,25765,'info_buyRequest','{\"uenc\":\"aHR0cHM6Ly9kcmVzc21la3cuY29tL2JyaWRlLWthZnRhbi5odG1s\",\"product\":\"25768\",\"selected_configurable_option\":\"\",\"related_product\":\"\",\"super_attribute\":{\"141\":\"231\",\"93\":\"319\"},\"options\":{\"94\":\"53\"},\"qty\":\"1\"}'),(7859,1886,25765,'option_94','53'),(7860,1886,25765,'parent_product_id','25768'),(7861,1887,25754,'info_buyRequest','{\"uenc\":\"aHR0cHM6Ly9kcmVzc21la3cuY29tL2JlaWdlLWthZnRhbi13aXRoLXNreS1ibHVlLmh0bWw,\",\"product\":\"25754\",\"selected_configurable_option\":\"\",\"related_product\":\"\",\"super_attribute\":{\"141\":\"232\",\"93\":\"319\"},\"options\":{\"92\":\"\\u0627\\u0644\\u0637\\u0648\\u0644 \\u0665\\u0667\"},\"qty\":\"1\"}'),(7862,1887,25754,'option_ids','92'),(7863,1887,25754,'option_92','الطول ٥٧'),(7864,1887,25754,'attributes','{\"141\":\"232\",\"93\":\"319\"}'),(7865,1887,25752,'product_qty_25752','1'),(7866,1887,25752,'simple_product','25752'),(7867,1888,25752,'info_buyRequest','{\"uenc\":\"aHR0cHM6Ly9kcmVzc21la3cuY29tL2JlaWdlLWthZnRhbi13aXRoLXNreS1ibHVlLmh0bWw,\",\"product\":\"25754\",\"selected_configurable_option\":\"\",\"related_product\":\"\",\"super_attribute\":{\"141\":\"232\",\"93\":\"319\"},\"options\":{\"92\":\"\\u0627\\u0644\\u0637\\u0648\\u0644 \\u0665\\u0667\"},\"qty\":\"1\"}'),(7868,1888,25752,'option_92','الطول ٥٧'),(7869,1888,25752,'parent_product_id','25754'),(7870,1889,25726,'info_buyRequest','{\"uenc\":\"aHR0cHM6Ly9kcmVzc21la3cuY29tL2thZnRhbi0xLmh0bWw,\",\"product\":\"25726\",\"selected_configurable_option\":\"\",\"related_product\":\"\",\"super_attribute\":{\"141\":\"230\",\"93\":\"319\"},\"options\":{\"87\":\"55\"},\"qty\":\"1\"}'),(7871,1889,25726,'option_ids','87'),(7872,1889,25726,'option_87','55'),(7873,1889,25726,'attributes','{\"141\":\"230\",\"93\":\"319\"}'),(7874,1889,25722,'product_qty_25722','1'),(7875,1889,25722,'simple_product','25722'),(7876,1890,25722,'info_buyRequest','{\"uenc\":\"aHR0cHM6Ly9kcmVzc21la3cuY29tL2thZnRhbi0xLmh0bWw,\",\"product\":\"25726\",\"selected_configurable_option\":\"\",\"related_product\":\"\",\"super_attribute\":{\"141\":\"230\",\"93\":\"319\"},\"options\":{\"87\":\"55\"},\"qty\":\"1\"}'),(7877,1890,25722,'option_87','55'),(7878,1890,25722,'parent_product_id','25726'),(7879,1891,25754,'info_buyRequest','{\"uenc\":\"aHR0cHM6Ly9kcmVzc21la3cuY29tL2JlaWdlLWthZnRhbi13aXRoLXNreS1ibHVlLmh0bWw,\",\"product\":\"25754\",\"selected_configurable_option\":\"\",\"related_product\":\"\",\"super_attribute\":{\"141\":\"233\",\"93\":\"319\"},\"options\":{\"92\":\"56\"},\"qty\":\"1\"}'),(7880,1891,25754,'option_ids','92'),(7881,1891,25754,'option_92','56'),(7882,1891,25754,'attributes','{\"141\":\"233\",\"93\":\"319\"}'),(7883,1891,25753,'product_qty_25753','1'),(7884,1891,25753,'simple_product','25753'),(7885,1892,25753,'info_buyRequest','{\"uenc\":\"aHR0cHM6Ly9kcmVzc21la3cuY29tL2JlaWdlLWthZnRhbi13aXRoLXNreS1ibHVlLmh0bWw,\",\"product\":\"25754\",\"selected_configurable_option\":\"\",\"related_product\":\"\",\"super_attribute\":{\"141\":\"233\",\"93\":\"319\"},\"options\":{\"92\":\"56\"},\"qty\":\"1\"}'),(7886,1892,25753,'option_92','56'),(7887,1892,25753,'parent_product_id','25754'),(7888,1893,1565,'info_buyRequest','{\"uenc\":\"aHR0cHM6Ly9kcmVzc21la3cuY29tL2dyYXkta2FmdGFuLXdpdGgtYmxhY2stZGV0YWlscy5odG1s\",\"product\":\"1565\",\"selected_configurable_option\":\"\",\"related_product\":\"\",\"super_attribute\":{\"141\":\"230\",\"93\":\"319\",\"191\":\"306\"},\"options\":{\"82\":\"54\"},\"qty\":\"1\"}'),(7889,1893,1565,'option_ids','82'),(7890,1893,1565,'option_82','54'),(7891,1893,1565,'attributes','{\"141\":\"230\",\"93\":\"319\",\"191\":\"306\"}'),(7892,1893,25781,'product_qty_25781','1'),(7893,1893,25781,'simple_product','25781'),(7894,1894,25781,'info_buyRequest','{\"uenc\":\"aHR0cHM6Ly9kcmVzc21la3cuY29tL2dyYXkta2FmdGFuLXdpdGgtYmxhY2stZGV0YWlscy5odG1s\",\"product\":\"1565\",\"selected_configurable_option\":\"\",\"related_product\":\"\",\"super_attribute\":{\"141\":\"230\",\"93\":\"319\",\"191\":\"306\"},\"options\":{\"82\":\"54\"},\"qty\":\"1\"}'),(7895,1894,25781,'option_82','54'),(7896,1894,25781,'parent_product_id','1565'),(7897,1895,1938,'info_buyRequest','{\"uenc\":\"aHR0cHM6Ly9kcmVzc21la3cuY29tL3NreS1ibHVlLWNvdHRvbi1rYWZ0YW4uaHRtbA,,\",\"product\":\"1938\",\"selected_configurable_option\":\"\",\"related_product\":\"\",\"super_attribute\":{\"141\":\"233\",\"93\":\"293\"},\"options\":{\"91\":\"58\"},\"qty\":\"1\"}'),(7898,1895,1938,'option_ids','91'),(7899,1895,1938,'option_91','58'),(7900,1895,1938,'attributes','{\"141\":\"233\",\"93\":\"293\"}'),(7901,1895,25712,'product_qty_25712','1'),(7902,1895,25712,'simple_product','25712'),(7903,1896,25712,'info_buyRequest','{\"uenc\":\"aHR0cHM6Ly9kcmVzc21la3cuY29tL3NreS1ibHVlLWNvdHRvbi1rYWZ0YW4uaHRtbA,,\",\"product\":\"1938\",\"selected_configurable_option\":\"\",\"related_product\":\"\",\"super_attribute\":{\"141\":\"233\",\"93\":\"293\"},\"options\":{\"91\":\"58\"},\"qty\":\"1\"}'),(7904,1896,25712,'option_91','58'),(7905,1896,25712,'parent_product_id','1938'),(7906,1897,25768,'info_buyRequest','{\"uenc\":\"aHR0cHM6Ly9kcmVzc21lLmRvdC16ZXJvbmUuY29tL2JyaWRlLWthZnRhbi5odG1s\",\"product\":\"25768\",\"selected_configurable_option\":\"\",\"related_product\":\"\",\"super_attribute\":{\"141\":\"232\",\"93\":\"319\"},\"options\":{\"94\":\"55\"},\"qty\":\"1\"}'),(7907,1897,25768,'option_ids','94'),(7908,1897,25768,'option_94','55'),(7909,1897,25768,'attributes','{\"141\":\"232\",\"93\":\"319\"}'),(7910,1897,25766,'product_qty_25766','1'),(7911,1897,25766,'simple_product','25766'),(7912,1898,25766,'info_buyRequest','{\"uenc\":\"aHR0cHM6Ly9kcmVzc21lLmRvdC16ZXJvbmUuY29tL2JyaWRlLWthZnRhbi5odG1s\",\"product\":\"25768\",\"selected_configurable_option\":\"\",\"related_product\":\"\",\"super_attribute\":{\"141\":\"232\",\"93\":\"319\"},\"options\":{\"94\":\"55\"},\"qty\":\"1\"}'),(7913,1898,25766,'option_94','55'),(7914,1898,25766,'parent_product_id','25768'),(7915,1899,25768,'info_buyRequest','{\"uenc\":\"aHR0cHM6Ly9kcmVzc21lLmRvdC16ZXJvbmUuY29tL2JyaWRlLWthZnRhbi5odG1s\",\"product\":\"25768\",\"selected_configurable_option\":\"\",\"related_product\":\"\",\"super_attribute\":{\"141\":\"232\",\"93\":\"319\"},\"options\":{\"94\":\"53\"},\"qty\":\"1\"}'),(7916,1899,25768,'option_ids','94'),(7917,1899,25768,'option_94','53'),(7918,1899,25768,'attributes','{\"141\":\"232\",\"93\":\"319\"}'),(7919,1899,25766,'product_qty_25766','1'),(7920,1899,25766,'simple_product','25766'),(7921,1900,25766,'info_buyRequest','{\"uenc\":\"aHR0cHM6Ly9kcmVzc21lLmRvdC16ZXJvbmUuY29tL2JyaWRlLWthZnRhbi5odG1s\",\"product\":\"25768\",\"selected_configurable_option\":\"\",\"related_product\":\"\",\"super_attribute\":{\"141\":\"232\",\"93\":\"319\"},\"options\":{\"94\":\"53\"},\"qty\":\"1\"}'),(7922,1900,25766,'option_94','53'),(7923,1900,25766,'parent_product_id','25768');

--
-- Table structure for table `mag2_quote_payment`
--

CREATE TABLE `mag2_quote_payment` (
  `payment_id` int(10) unsigned NOT NULL AUTO_INCREMENT COMMENT 'Payment Id',
  `quote_id` int(10) unsigned NOT NULL DEFAULT '0' COMMENT 'Quote Id',
  `created_at` timestamp NOT NULL DEFAULT CURRENT_TIMESTAMP COMMENT 'Created At',
  `updated_at` timestamp NOT NULL DEFAULT '0000-00-00 00:00:00' ON UPDATE CURRENT_TIMESTAMP COMMENT 'Updated At',
  `method` varchar(255) DEFAULT NULL COMMENT 'Method',
  `cc_type` varchar(255) DEFAULT NULL COMMENT 'Cc Type',
  `cc_number_enc` varchar(255) DEFAULT NULL COMMENT 'Cc Number Enc',
  `cc_last_4` varchar(255) DEFAULT NULL COMMENT 'Cc Last 4',
  `cc_cid_enc` varchar(255) DEFAULT NULL COMMENT 'Cc Cid Enc',
  `cc_owner` varchar(255) DEFAULT NULL COMMENT 'Cc Owner',
  `cc_exp_month` varchar(255) DEFAULT NULL COMMENT 'Cc Exp Month',
  `cc_exp_year` smallint(5) unsigned DEFAULT '0' COMMENT 'Cc Exp Year',
  `cc_ss_owner` varchar(255) DEFAULT NULL COMMENT 'Cc Ss Owner',
  `cc_ss_start_month` smallint(5) unsigned DEFAULT '0' COMMENT 'Cc Ss Start Month',
  `cc_ss_start_year` smallint(5) unsigned DEFAULT '0' COMMENT 'Cc Ss Start Year',
  `po_number` varchar(255) DEFAULT NULL COMMENT 'Po Number',
  `additional_data` text COMMENT 'Additional Data',
  `cc_ss_issue` varchar(255) DEFAULT NULL COMMENT 'Cc Ss Issue',
  `additional_information` text COMMENT 'Additional Information',
  `paypal_payer_id` varchar(255) DEFAULT NULL COMMENT 'Paypal Payer Id',
  `paypal_payer_status` varchar(255) DEFAULT NULL COMMENT 'Paypal Payer Status',
  `paypal_correlation_id` varchar(255) DEFAULT NULL COMMENT 'Paypal Correlation Id',
  PRIMARY KEY (`payment_id`),
  KEY `MAG2_QUOTE_PAYMENT_QUOTE_ID` (`quote_id`)
) ENGINE=InnoDB AUTO_INCREMENT=297 DEFAULT CHARSET=utf8 COMMENT='Sales Flat Quote Payment';

--
-- Dumping data for table `mag2_quote_payment`
--

INSERT INTO `mag2_quote_payment` VALUES (2,3,'2021-02-22 06:05:27','0000-00-00 00:00:00','tap',NULL,NULL,NULL,NULL,NULL,NULL,0,NULL,0,0,NULL,NULL,NULL,'null',NULL,NULL,NULL),(13,25,'2021-03-07 12:15:56','0000-00-00 00:00:00','tap',NULL,NULL,NULL,NULL,NULL,NULL,0,NULL,0,0,NULL,NULL,NULL,'null',NULL,NULL,NULL),(14,27,'2021-03-07 22:50:30','0000-00-00 00:00:00','tap',NULL,NULL,NULL,NULL,NULL,NULL,0,NULL,0,0,NULL,NULL,NULL,'null',NULL,NULL,NULL),(54,108,'2021-04-21 21:29:40','0000-00-00 00:00:00','tap',NULL,NULL,NULL,NULL,NULL,NULL,0,NULL,0,0,NULL,NULL,NULL,'null',NULL,NULL,NULL),(121,210,'2021-06-24 21:43:07','0000-00-00 00:00:00','tap',NULL,NULL,NULL,NULL,NULL,NULL,0,NULL,0,0,NULL,NULL,NULL,'null',NULL,NULL,NULL),(127,220,'2021-06-30 20:13:14','0000-00-00 00:00:00','tap',NULL,NULL,NULL,NULL,NULL,NULL,0,NULL,0,0,NULL,NULL,NULL,'null',NULL,NULL,NULL),(136,236,'2021-07-21 13:12:49','0000-00-00 00:00:00','tap',NULL,NULL,NULL,NULL,NULL,NULL,0,NULL,0,0,NULL,NULL,NULL,'null',NULL,NULL,NULL),(137,237,'2021-07-21 15:32:46','0000-00-00 00:00:00','tap',NULL,NULL,NULL,NULL,NULL,NULL,0,NULL,0,0,NULL,NULL,NULL,'null',NULL,NULL,NULL),(155,413,'2022-09-25 11:50:33','0000-00-00 00:00:00','tap',NULL,NULL,NULL,NULL,NULL,NULL,0,NULL,0,0,NULL,NULL,NULL,'null',NULL,NULL,NULL),(158,416,'2022-09-28 06:24:20','0000-00-00 00:00:00','tap',NULL,NULL,NULL,NULL,NULL,NULL,0,NULL,0,0,NULL,NULL,NULL,'null',NULL,NULL,NULL),(197,505,'2023-02-17 13:33:54','0000-00-00 00:00:00','tap',NULL,NULL,NULL,NULL,NULL,NULL,0,NULL,0,0,NULL,NULL,NULL,'null',NULL,NULL,NULL),(198,517,'2023-02-27 19:03:30','0000-00-00 00:00:00','tap',NULL,NULL,NULL,NULL,NULL,NULL,0,NULL,0,0,NULL,NULL,NULL,'null',NULL,NULL,NULL),(199,518,'2023-02-27 19:26:50','0000-00-00 00:00:00','tap',NULL,NULL,NULL,NULL,NULL,NULL,0,NULL,0,0,NULL,NULL,NULL,'null',NULL,NULL,NULL),(202,520,'2023-02-27 22:38:13','0000-00-00 00:00:00','tap',NULL,NULL,NULL,NULL,NULL,NULL,0,NULL,0,0,NULL,NULL,NULL,'null',NULL,NULL,NULL),(204,521,'2023-02-27 22:52:05','0000-00-00 00:00:00','tap',NULL,NULL,NULL,NULL,NULL,NULL,0,NULL,0,0,NULL,NULL,NULL,'null',NULL,NULL,NULL),(205,522,'2023-02-28 09:18:28','0000-00-00 00:00:00','tap',NULL,NULL,NULL,NULL,NULL,NULL,0,NULL,0,0,NULL,NULL,NULL,'null',NULL,NULL,NULL),(206,523,'2023-02-28 11:29:36','0000-00-00 00:00:00','tap',NULL,NULL,NULL,NULL,NULL,NULL,0,NULL,0,0,NULL,NULL,NULL,'null',NULL,NULL,NULL),(207,524,'2023-02-28 12:14:51','0000-00-00 00:00:00','tap',NULL,NULL,NULL,NULL,NULL,NULL,0,NULL,0,0,NULL,NULL,NULL,'null',NULL,NULL,NULL),(208,525,'2023-02-28 12:41:00','0000-00-00 00:00:00','tap',NULL,NULL,NULL,NULL,NULL,NULL,0,NULL,0,0,NULL,NULL,NULL,'null',NULL,NULL,NULL),(218,538,'2023-03-12 22:54:59','0000-00-00 00:00:00','tap',NULL,NULL,NULL,NULL,NULL,NULL,0,NULL,0,0,NULL,NULL,NULL,'null',NULL,NULL,NULL),(221,539,'2023-03-12 22:57:57','0000-00-00 00:00:00','tap',NULL,NULL,NULL,NULL,NULL,NULL,0,NULL,0,0,NULL,NULL,NULL,'null',NULL,NULL,NULL),(222,540,'2023-03-12 23:01:42','0000-00-00 00:00:00','tap',NULL,NULL,NULL,NULL,NULL,NULL,0,NULL,0,0,NULL,NULL,NULL,'null',NULL,NULL,NULL),(223,541,'2023-03-12 23:03:59','0000-00-00 00:00:00','tap',NULL,NULL,NULL,NULL,NULL,NULL,0,NULL,0,0,NULL,NULL,NULL,'null',NULL,NULL,NULL),(226,542,'2023-03-12 23:06:05','0000-00-00 00:00:00','tap',NULL,NULL,NULL,NULL,NULL,NULL,0,NULL,0,0,NULL,NULL,NULL,'null',NULL,NULL,NULL),(234,543,'2023-03-12 23:12:22','0000-00-00 00:00:00','tap',NULL,NULL,NULL,NULL,NULL,NULL,0,NULL,0,0,NULL,NULL,NULL,'null',NULL,NULL,NULL),(236,544,'2023-03-12 23:15:46','0000-00-00 00:00:00','tap',NULL,NULL,NULL,NULL,NULL,NULL,0,NULL,0,0,NULL,NULL,NULL,'null',NULL,NULL,NULL),(243,545,'2023-03-12 23:18:51','0000-00-00 00:00:00','tap',NULL,NULL,NULL,NULL,NULL,NULL,0,NULL,0,0,NULL,NULL,NULL,'null',NULL,NULL,NULL),(247,546,'2023-03-12 23:20:22','0000-00-00 00:00:00','tap',NULL,NULL,NULL,NULL,NULL,NULL,0,NULL,0,0,NULL,NULL,NULL,'null',NULL,NULL,NULL),(271,548,'2023-03-13 15:30:35','0000-00-00 00:00:00','tap',NULL,NULL,NULL,NULL,NULL,NULL,0,NULL,0,0,NULL,NULL,NULL,'null',NULL,NULL,NULL),(272,549,'2023-03-13 20:15:32','0000-00-00 00:00:00','tap',NULL,NULL,NULL,NULL,NULL,NULL,0,NULL,0,0,NULL,NULL,NULL,'null',NULL,NULL,NULL),(274,550,'2023-03-13 21:31:53','0000-00-00 00:00:00','tap',NULL,NULL,NULL,NULL,NULL,NULL,0,NULL,0,0,NULL,NULL,NULL,'null',NULL,NULL,NULL),(275,551,'2023-03-13 22:28:51','0000-00-00 00:00:00','tap',NULL,NULL,NULL,NULL,NULL,NULL,0,NULL,0,0,NULL,NULL,NULL,'null',NULL,NULL,NULL),(277,552,'2023-03-14 09:56:41','0000-00-00 00:00:00','tap',NULL,NULL,NULL,NULL,NULL,NULL,0,NULL,0,0,NULL,NULL,NULL,'null',NULL,NULL,NULL),(287,555,'2023-03-14 15:00:06','0000-00-00 00:00:00','tap',NULL,NULL,NULL,NULL,NULL,NULL,0,NULL,0,0,NULL,NULL,NULL,'null',NULL,NULL,NULL),(290,558,'2023-03-14 21:57:01','0000-00-00 00:00:00','tap',NULL,NULL,NULL,NULL,NULL,NULL,0,NULL,0,0,NULL,NULL,NULL,'null',NULL,NULL,NULL),(295,564,'2023-03-18 15:27:37','0000-00-00 00:00:00','tap',NULL,NULL,NULL,NULL,NULL,NULL,0,NULL,0,0,NULL,NULL,NULL,'null',NULL,NULL,NULL),(296,565,'2023-03-18 15:41:15','0000-00-00 00:00:00','tap',NULL,NULL,NULL,NULL,NULL,NULL,0,NULL,0,0,NULL,NULL,NULL,'null',NULL,NULL,NULL);

--
-- Table structure for table `mag2_quote_shipping_rate`
--

CREATE TABLE `mag2_quote_shipping_rate` (
  `rate_id` int(10) unsigned NOT NULL AUTO_INCREMENT COMMENT 'Rate Id',
  `address_id` int(10) unsigned NOT NULL DEFAULT '0' COMMENT 'Address Id',
  `created_at` timestamp NOT NULL DEFAULT CURRENT_TIMESTAMP COMMENT 'Created At',
  `updated_at` timestamp NOT NULL DEFAULT '0000-00-00 00:00:00' ON UPDATE CURRENT_TIMESTAMP COMMENT 'Updated At',
  `carrier` varchar(255) DEFAULT NULL COMMENT 'Carrier',
  `carrier_title` varchar(255) DEFAULT NULL COMMENT 'Carrier Title',
  `code` varchar(255) DEFAULT NULL COMMENT 'Code',
  `method` varchar(255) DEFAULT NULL COMMENT 'Method',
  `method_description` text COMMENT 'Method Description',
  `price` decimal(12,4) NOT NULL DEFAULT '0.0000' COMMENT 'Price',
  `error_message` text COMMENT 'Error Message',
  `method_title` text COMMENT 'Method Title',
  PRIMARY KEY (`rate_id`),
  KEY `MAG2_QUOTE_SHIPPING_RATE_ADDRESS_ID` (`address_id`)
) ENGINE=InnoDB AUTO_INCREMENT=390 DEFAULT CHARSET=utf8 COMMENT='Sales Flat Quote Shipping Rate';

--
-- Dumping data for table `mag2_quote_shipping_rate`
--

INSERT INTO `mag2_quote_shipping_rate` VALUES (11,8,'2021-02-22 06:05:27','0000-00-00 00:00:00','tablerate','Best Way','tablerate_bestway','bestway',NULL,3.0000,NULL,'Table Rate'),(27,36,'2021-03-04 20:00:59','0000-00-00 00:00:00','tablerate','Best Way','tablerate_bestway','bestway',NULL,3.0000,NULL,'Table Rate'),(34,58,'2021-03-06 17:25:15','0000-00-00 00:00:00','tablerate','Best Way','tablerate_bestway','bestway',NULL,3.0000,NULL,'Table Rate'),(37,62,'2021-03-07 12:18:27','0000-00-00 00:00:00','tablerate','Best Way','tablerate_bestway','bestway',NULL,3.0000,NULL,'Table Rate'),(40,67,'2021-03-07 22:50:30','0000-00-00 00:00:00','tablerate','Best Way','tablerate_bestway','bestway',NULL,3.0000,NULL,'Table Rate'),(78,166,'2021-03-26 18:24:41','0000-00-00 00:00:00','tablerate','Best Way','tablerate_bestway','bestway',NULL,3.0000,NULL,'Table Rate'),(116,266,'2021-04-21 21:29:40','0000-00-00 00:00:00','tablerate','Best Way','tablerate_bestway','bestway',NULL,3.0000,NULL,'Table Rate'),(123,275,'2021-04-22 18:59:00','0000-00-00 00:00:00','tablerate','Best Way','tablerate_bestway','bestway',NULL,3.0000,NULL,'Table Rate'),(161,364,'2021-05-25 17:41:37','0000-00-00 00:00:00','tablerate','Best Way','tablerate_bestway','bestway',NULL,3.0000,NULL,'Table Rate'),(191,512,'2021-06-24 21:43:07','0000-00-00 00:00:00','tablerate','Best Way','tablerate_bestway','bestway',NULL,3.0000,NULL,'Table Rate'),(215,538,'2021-06-30 20:19:57','0000-00-00 00:00:00','tablerate','Best Way','tablerate_bestway','bestway',NULL,3.0000,NULL,'Table Rate'),(245,581,'2021-07-21 15:32:46','0000-00-00 00:00:00','tablerate','Best Way','tablerate_bestway','bestway',NULL,20.0000,NULL,'Table Rate'),(249,578,'2021-07-22 11:24:01','0000-00-00 00:00:00','tablerate','Best Way','tablerate_bestway','bestway',NULL,20.0000,NULL,'Table Rate'),(273,645,'2021-09-05 18:18:45','0000-00-00 00:00:00','tablerate','Best Way','tablerate_bestway','bestway',NULL,3.0000,NULL,'Table Rate'),(308,804,'2022-01-11 07:40:07','0000-00-00 00:00:00','tablerate','Best Way','tablerate_bestway','bestway',NULL,20.0000,NULL,'Table Rate'),(315,868,'2022-06-13 16:46:16','0000-00-00 00:00:00','tablerate','Best Way','tablerate_bestway','bestway',NULL,3.0000,NULL,'Table Rate'),(322,880,'2022-06-21 13:04:48','0000-00-00 00:00:00','tablerate','Best Way','tablerate_bestway','bestway',NULL,3.0000,NULL,'Table Rate'),(340,919,'2022-07-28 23:33:29','0000-00-00 00:00:00','tablerate','Best Way','tablerate_bestway','bestway',NULL,3.0000,NULL,'Table Rate'),(355,949,'2022-08-14 13:45:54','0000-00-00 00:00:00','tablerate','Best Way','tablerate_bestway','bestway',NULL,3.0000,NULL,'Table Rate'),(367,994,'2022-09-28 06:24:20','0000-00-00 00:00:00','tablerate','Best Way','tablerate_bestway','bestway',NULL,3.0000,NULL,'Table Rate'),(373,1016,'2022-10-06 18:38:35','0000-00-00 00:00:00','tablerate','Best Way','tablerate_bestway','bestway',NULL,3.0000,NULL,'Table Rate'),(374,1020,'2022-10-09 20:46:49','0000-00-00 00:00:00','tablerate','Best Way','tablerate_bestway','bestway',NULL,3.0000,NULL,'Table Rate'),(377,1290,'2023-03-12 23:03:59','0000-00-00 00:00:00','tablerate','Best Way','tablerate_bestway','bestway',NULL,3.0000,NULL,'Table Rate'),(380,1322,'2023-03-13 21:45:06','0000-00-00 00:00:00','tablerate','Best Way','tablerate_bestway','bestway',NULL,3.0000,NULL,'Table Rate'),(383,1327,'2023-03-13 22:28:51','0000-00-00 00:00:00','tablerate','Best Way','tablerate_bestway','bestway',NULL,3.0000,NULL,'Table Rate'),(386,1360,'2023-03-18 15:27:37','0000-00-00 00:00:00','tablerate','Best Way','tablerate_bestway','bestway',NULL,3.0000,NULL,'Table Rate'),(389,1363,'2023-03-18 15:41:15','0000-00-00 00:00:00','tablerate','Best Way','tablerate_bestway','bestway',NULL,3.0000,NULL,'Table Rate');

--
-- Table structure for table `mag2_rating`
--

CREATE TABLE `mag2_rating` (
  `rating_id` smallint(5) unsigned NOT NULL AUTO_INCREMENT COMMENT 'Rating Id',
  `entity_id` smallint(5) unsigned NOT NULL DEFAULT '0' COMMENT 'Entity Id',
  `rating_code` varchar(64) NOT NULL COMMENT 'Rating Code',
  `position` smallint(5) unsigned NOT NULL DEFAULT '0' COMMENT 'Rating Position On Storefront',
  `is_active` smallint(6) NOT NULL DEFAULT '1' COMMENT 'Rating is active.',
  PRIMARY KEY (`rating_id`),
  UNIQUE KEY `MAG2_RATING_RATING_CODE` (`rating_code`),
  KEY `MAG2_RATING_ENTITY_ID` (`entity_id`)
) ENGINE=InnoDB AUTO_INCREMENT=5 DEFAULT CHARSET=utf8 COMMENT='Ratings';

--
-- Dumping data for table `mag2_rating`
--

INSERT INTO `mag2_rating` VALUES (1,1,'Quality',0,1),(2,1,'Value',0,1),(3,1,'Price',0,1),(4,1,'Rating',0,1);

--
-- Table structure for table `mag2_rating_entity`
--

CREATE TABLE `mag2_rating_entity` (
  `entity_id` smallint(5) unsigned NOT NULL AUTO_INCREMENT COMMENT 'Entity Id',
  `entity_code` varchar(64) NOT NULL COMMENT 'Entity Code',
  PRIMARY KEY (`entity_id`),
  UNIQUE KEY `MAG2_RATING_ENTITY_ENTITY_CODE` (`entity_code`)
) ENGINE=InnoDB AUTO_INCREMENT=4 DEFAULT CHARSET=utf8 COMMENT='Rating entities';

--
-- Dumping data for table `mag2_rating_entity`
--

INSERT INTO `mag2_rating_entity` VALUES (1,'product'),(2,'product_review'),(3,'review');

--
-- Table structure for table `mag2_rating_option`
--

CREATE TABLE `mag2_rating_option` (
  `option_id` int(10) unsigned NOT NULL AUTO_INCREMENT COMMENT 'Rating Option Id',
  `rating_id` smallint(5) unsigned NOT NULL DEFAULT '0' COMMENT 'Rating Id',
  `code` varchar(32) NOT NULL COMMENT 'Rating Option Code',
  `value` smallint(5) unsigned NOT NULL DEFAULT '0' COMMENT 'Rating Option Value',
  `position` smallint(5) unsigned NOT NULL DEFAULT '0' COMMENT 'Ration option position on Storefront',
  PRIMARY KEY (`option_id`),
  KEY `MAG2_RATING_OPTION_RATING_ID` (`rating_id`)
) ENGINE=InnoDB AUTO_INCREMENT=21 DEFAULT CHARSET=utf8 COMMENT='Rating options';

--
-- Dumping data for table `mag2_rating_option`
--

INSERT INTO `mag2_rating_option` VALUES (1,1,'1',1,1),(2,1,'2',2,2),(3,1,'3',3,3),(4,1,'4',4,4),(5,1,'5',5,5),(6,2,'1',1,1),(7,2,'2',2,2),(8,2,'3',3,3),(9,2,'4',4,4),(10,2,'5',5,5),(11,3,'1',1,1),(12,3,'2',2,2),(13,3,'3',3,3),(14,3,'4',4,4),(15,3,'5',5,5),(16,4,'1',1,1),(17,4,'2',2,2),(18,4,'3',3,3),(19,4,'4',4,4),(20,4,'5',5,5);

--
-- Table structure for table `mag2_rating_option_vote`
--

CREATE TABLE `mag2_rating_option_vote` (
  `vote_id` bigint(20) unsigned NOT NULL AUTO_INCREMENT COMMENT 'Vote id',
  `option_id` int(10) unsigned NOT NULL DEFAULT '0' COMMENT 'Vote option id',
  `remote_ip` varchar(16) NOT NULL COMMENT 'Customer IP',
  `remote_ip_long` bigint(20) NOT NULL DEFAULT '0' COMMENT 'Customer IP converted to long integer format',
  `customer_id` int(10) unsigned DEFAULT '0' COMMENT 'Customer Id',
  `entity_pk_value` bigint(20) unsigned NOT NULL DEFAULT '0' COMMENT 'Product id',
  `rating_id` smallint(5) unsigned NOT NULL DEFAULT '0' COMMENT 'Rating id',
  `review_id` bigint(20) unsigned DEFAULT NULL COMMENT 'Review id',
  `percent` smallint(6) NOT NULL DEFAULT '0' COMMENT 'Percent amount',
  `value` smallint(6) NOT NULL DEFAULT '0' COMMENT 'Vote option value',
  PRIMARY KEY (`vote_id`),
  KEY `MAG2_RATING_OPTION_VOTE_OPTION_ID` (`option_id`),
  KEY `MAG2_RATING_OPTION_VOTE_REVIEW_ID_REVIEW_REVIEW_ID` (`review_id`)
) ENGINE=InnoDB DEFAULT CHARSET=utf8 COMMENT='Rating option values';

--
-- Dumping data for table `mag2_rating_option_vote`
--


--
-- Table structure for table `mag2_rating_option_vote_aggregated`
--

CREATE TABLE `mag2_rating_option_vote_aggregated` (
  `primary_id` int(11) NOT NULL AUTO_INCREMENT COMMENT 'Vote aggregation id',
  `rating_id` smallint(5) unsigned NOT NULL DEFAULT '0' COMMENT 'Rating id',
  `entity_pk_value` bigint(20) unsigned NOT NULL DEFAULT '0' COMMENT 'Product id',
  `vote_count` int(10) unsigned NOT NULL DEFAULT '0' COMMENT 'Vote dty',
  `vote_value_sum` int(10) unsigned NOT NULL DEFAULT '0' COMMENT 'General vote sum',
  `percent` smallint(6) NOT NULL DEFAULT '0' COMMENT 'Vote percent',
  `percent_approved` smallint(6) DEFAULT '0' COMMENT 'Vote percent approved by admin',
  `store_id` smallint(5) unsigned NOT NULL DEFAULT '0' COMMENT 'Store Id',
  PRIMARY KEY (`primary_id`),
  KEY `MAG2_RATING_OPTION_VOTE_AGGREGATED_RATING_ID` (`rating_id`),
  KEY `MAG2_RATING_OPTION_VOTE_AGGREGATED_STORE_ID` (`store_id`)
) ENGINE=InnoDB DEFAULT CHARSET=utf8 COMMENT='Rating vote aggregated';

--
-- Dumping data for table `mag2_rating_option_vote_aggregated`
--


--
-- Table structure for table `mag2_rating_store`
--

CREATE TABLE `mag2_rating_store` (
  `rating_id` smallint(5) unsigned NOT NULL DEFAULT '0' COMMENT 'Rating id',
  `store_id` smallint(5) unsigned NOT NULL DEFAULT '0' COMMENT 'Store id',
  PRIMARY KEY (`rating_id`,`store_id`),
  KEY `MAG2_RATING_STORE_STORE_ID` (`store_id`)
) ENGINE=InnoDB DEFAULT CHARSET=utf8 COMMENT='Rating Store';

--
-- Dumping data for table `mag2_rating_store`
--

INSERT INTO `mag2_rating_store` VALUES (4,0),(4,1);

--
-- Table structure for table `mag2_rating_title`
--

CREATE TABLE `mag2_rating_title` (
  `rating_id` smallint(5) unsigned NOT NULL DEFAULT '0' COMMENT 'Rating Id',
  `store_id` smallint(5) unsigned NOT NULL DEFAULT '0' COMMENT 'Store Id',
  `value` varchar(255) NOT NULL COMMENT 'Rating Label',
  PRIMARY KEY (`rating_id`,`store_id`),
  KEY `MAG2_RATING_TITLE_STORE_ID` (`store_id`)
) ENGINE=InnoDB DEFAULT CHARSET=utf8 COMMENT='Rating Title';

--
-- Dumping data for table `mag2_rating_title`
--


--
-- Table structure for table `mag2_release_notification_viewer_log`
--

CREATE TABLE `mag2_release_notification_viewer_log` (
  `id` int(10) unsigned NOT NULL AUTO_INCREMENT COMMENT 'Log ID',
  `viewer_id` int(10) unsigned NOT NULL COMMENT 'Viewer admin user ID',
  `last_view_version` varchar(16) NOT NULL COMMENT 'Viewer last view on product version',
  PRIMARY KEY (`id`),
  UNIQUE KEY `MAG2_RELEASE_NOTIFICATION_VIEWER_LOG_VIEWER_ID` (`viewer_id`)
) ENGINE=InnoDB DEFAULT CHARSET=utf8 COMMENT='Release Notification Viewer Log Table';

--
-- Dumping data for table `mag2_release_notification_viewer_log`
--


--
-- Table structure for table `mag2_report_compared_product_index`
--

CREATE TABLE `mag2_report_compared_product_index` (
  `index_id` bigint(20) unsigned NOT NULL AUTO_INCREMENT COMMENT 'Index Id',
  `visitor_id` int(10) unsigned DEFAULT NULL COMMENT 'Visitor Id',
  `customer_id` int(10) unsigned DEFAULT NULL COMMENT 'Customer Id',
  `product_id` int(10) unsigned NOT NULL COMMENT 'Product Id',
  `store_id` smallint(5) unsigned DEFAULT NULL COMMENT 'Store Id',
  `added_at` timestamp NOT NULL DEFAULT CURRENT_TIMESTAMP COMMENT 'Added At',
  PRIMARY KEY (`index_id`),
  UNIQUE KEY `MAG2_REPORT_COMPARED_PRODUCT_INDEX_VISITOR_ID_PRODUCT_ID` (`visitor_id`,`product_id`),
  UNIQUE KEY `MAG2_REPORT_COMPARED_PRODUCT_INDEX_CUSTOMER_ID_PRODUCT_ID` (`customer_id`,`product_id`),
  KEY `MAG2_REPORT_COMPARED_PRODUCT_INDEX_STORE_ID` (`store_id`),
  KEY `MAG2_REPORT_COMPARED_PRODUCT_INDEX_ADDED_AT` (`added_at`),
  KEY `MAG2_REPORT_COMPARED_PRODUCT_INDEX_PRODUCT_ID` (`product_id`),
  CONSTRAINT `MAG2_REPORT_CMPD_PRD_IDX_PRD_ID_MAG2_CAT_PRD_ENTT_ENTT_ID` FOREIGN KEY (`product_id`) REFERENCES `mag2_catalog_product_entity` (`entity_id`) ON DELETE CASCADE
) ENGINE=InnoDB DEFAULT CHARSET=utf8 COMMENT='Reports Compared Product Index Table';

--
-- Dumping data for table `mag2_report_compared_product_index`
--


--
-- Table structure for table `mag2_report_event`
--

CREATE TABLE `mag2_report_event` (
  `event_id` bigint(20) unsigned NOT NULL AUTO_INCREMENT COMMENT 'Event Id',
  `logged_at` timestamp NOT NULL DEFAULT CURRENT_TIMESTAMP COMMENT 'Logged At',
  `event_type_id` smallint(5) unsigned NOT NULL DEFAULT '0' COMMENT 'Event Type Id',
  `object_id` int(10) unsigned NOT NULL DEFAULT '0' COMMENT 'Object Id',
  `subject_id` int(10) unsigned NOT NULL DEFAULT '0' COMMENT 'Subject Id',
  `subtype` smallint(5) unsigned NOT NULL DEFAULT '0' COMMENT 'Subtype',
  `store_id` smallint(5) unsigned NOT NULL COMMENT 'Store Id',
  PRIMARY KEY (`event_id`),
  KEY `MAG2_REPORT_EVENT_EVENT_TYPE_ID` (`event_type_id`),
  KEY `MAG2_REPORT_EVENT_SUBJECT_ID` (`subject_id`),
  KEY `MAG2_REPORT_EVENT_OBJECT_ID` (`object_id`),
  KEY `MAG2_REPORT_EVENT_SUBTYPE` (`subtype`),
  KEY `MAG2_REPORT_EVENT_STORE_ID` (`store_id`)
) ENGINE=InnoDB AUTO_INCREMENT=23719 DEFAULT CHARSET=utf8 COMMENT='Reports Event Table';

--
-- Dumping data for table `mag2_report_event`
--

INSERT INTO `mag2_report_event` VALUES (0,'2023-03-18 15:14:18',1,25768,0,1,1),(98,'2019-02-19 08:41:39',2,1225,2,0,1),(99,'2019-02-19 08:41:49',2,1225,2,0,1),(100,'2019-02-19 08:42:29',1,1225,2,0,1),(101,'2019-02-19 08:42:36',2,1225,2,0,1),(102,'2019-02-19 08:42:46',1,1225,2,0,1),(103,'2019-02-19 08:43:33',4,1225,2,0,1),(104,'2019-02-19 08:51:04',1,2,2,0,1),(106,'2019-02-19 08:51:20',1,3,2,0,1),(123,'2019-03-25 08:33:13',5,1119,3,0,1),(124,'2019-03-25 08:36:32',1,1119,3,0,1),(125,'2019-03-25 08:36:57',2,1119,3,0,1),(126,'2019-03-25 08:39:08',4,2,3,0,1),(127,'2019-03-25 08:41:08',4,3,3,0,1),(128,'2019-03-25 08:41:54',4,5,3,0,1),(129,'2019-03-25 09:20:55',4,6,3,0,1),(130,'2019-03-25 09:20:57',4,7,3,0,1),(131,'2019-03-25 09:20:58',4,8,3,0,1),(132,'2019-03-25 09:20:59',4,5,3,0,1),(133,'2019-03-25 09:25:11',1,5,3,0,1),(135,'2019-03-25 09:25:17',4,5,3,0,1),(136,'2019-03-25 09:25:30',1,5,3,0,1),(160,'2019-03-26 11:53:29',1,1225,4,0,1),(161,'2019-03-26 11:53:34',3,1225,4,0,1),(162,'2019-03-26 11:53:34',1,1225,4,0,1),(163,'2019-03-26 12:38:20',1,1225,4,0,1),(164,'2019-03-26 12:42:19',1,2,4,0,1),(165,'2019-03-26 13:15:57',1,1225,4,0,1),(170,'2019-03-26 13:40:19',4,1,4,0,1),(171,'2019-03-26 13:40:21',4,2,4,0,1),(172,'2019-03-26 13:40:23',4,3,4,0,1),(173,'2019-03-26 13:40:24',4,4,4,0,1),(174,'2019-03-26 13:52:45',4,7,4,0,1),(175,'2019-03-26 13:52:46',4,6,4,0,1),(176,'2019-03-26 13:52:47',4,5,4,0,1),(188,'2019-03-26 19:36:56',4,5,4,0,1),(189,'2019-03-26 20:19:03',1,291,4,0,1),(190,'2019-03-26 20:19:24',1,3,4,0,1),(191,'2019-03-26 20:20:04',1,291,4,0,1),(238,'2019-03-31 09:12:40',5,1,4,0,1),(239,'2019-03-31 09:12:55',1,1,4,0,1),(240,'2019-03-31 09:13:14',1,3,4,0,1),(241,'2019-03-31 09:13:41',1,1225,4,0,1),(242,'2019-03-31 09:18:01',1,1225,4,0,1),(243,'2019-03-31 09:18:33',1,1289,4,0,1),(244,'2019-03-31 09:18:48',1,1289,4,0,1),(245,'2019-03-31 09:19:04',4,1289,4,0,1),(246,'2019-03-31 09:19:19',4,1289,4,0,1),(247,'2019-03-31 09:20:56',1,2,4,0,1),(248,'2019-03-31 09:21:08',2,2,4,0,1),(249,'2019-03-31 09:21:27',1,2,4,0,1),(250,'2019-03-31 09:21:34',2,2,4,0,1),(251,'2019-03-31 09:22:08',1,2,4,0,1),(252,'2019-03-31 09:34:35',1,1225,4,0,1),(253,'2019-03-31 09:35:05',1,2118,4,0,1),(254,'2019-03-31 09:35:22',1,1241,4,0,1),(255,'2019-03-31 09:35:35',4,1241,4,0,1),(256,'2019-03-31 09:48:55',1,1225,4,0,1),(257,'2019-03-31 09:51:19',1,1225,4,0,1),(258,'2019-03-31 10:13:23',4,1,4,0,1),(259,'2019-03-31 10:13:24',1,1,4,0,1),(260,'2019-03-31 10:39:47',1,3,4,0,1),(261,'2019-03-31 10:39:52',4,3,4,0,1),(279,'2019-04-01 12:45:38',4,11,4,0,1),(308,'2019-04-02 16:50:14',1,1273,4,0,1),(442,'2019-04-10 12:14:14',5,2133,5,0,1),(443,'2019-04-10 12:15:00',4,2133,5,0,1),(457,'2019-04-10 21:38:17',2,2132,3,0,1),(458,'2019-04-10 21:38:42',1,2132,3,0,1),(459,'2019-04-10 21:38:48',2,2132,3,0,1),(461,'2019-04-10 21:45:16',2,2132,3,0,1),(462,'2019-04-10 21:50:58',2,2132,3,0,1),(499,'2019-04-12 20:54:54',4,2132,4,0,1),(502,'2019-04-12 21:14:46',4,2132,3,0,1),(503,'2019-04-12 21:15:02',1,2132,3,0,1),(504,'2019-04-12 21:17:47',4,2133,3,0,1),(507,'2019-04-12 21:20:25',4,2127,3,0,1),(528,'2019-04-15 11:50:54',4,2136,3,0,1),(530,'2019-04-15 12:08:33',4,2138,3,0,1),(531,'2019-04-15 12:08:36',4,2139,3,0,1),(532,'2019-04-15 12:10:44',4,2138,3,0,1),(533,'2019-04-15 12:10:44',4,2139,3,0,1),(534,'2019-04-15 12:24:37',4,2135,3,0,1),(535,'2019-04-15 12:28:47',4,2133,3,0,1),(555,'2019-04-15 21:07:30',4,2138,3,0,1),(582,'2019-04-16 07:08:32',1,2134,3,0,1),(583,'2019-04-16 07:09:01',1,2134,3,0,1),(584,'2019-04-16 07:09:11',1,2134,3,0,1),(585,'2019-04-16 07:18:07',1,2133,3,0,1),(586,'2019-04-16 07:18:17',1,2133,3,0,1),(587,'2019-04-16 07:20:38',1,2133,3,0,1),(588,'2019-04-16 07:21:09',1,2134,3,0,1),(589,'2019-04-16 07:22:49',1,2134,3,0,1),(590,'2019-04-16 07:25:34',1,2138,3,0,1),(600,'2019-04-16 07:51:11',1,2133,3,0,1),(601,'2019-04-16 08:11:28',1,2138,3,0,1),(602,'2019-04-16 08:13:19',1,2138,3,0,1),(603,'2019-04-16 08:13:27',4,2138,3,0,1),(610,'2019-04-16 10:49:03',4,2134,3,0,1),(618,'2019-04-16 17:43:09',1,2134,3,0,1),(712,'2019-04-22 07:14:27',1,2136,3,0,1),(748,'2019-05-02 08:26:36',4,2138,3,0,1),(749,'2019-05-02 10:11:57',1,2134,3,0,1),(750,'2019-05-02 13:37:45',1,2134,3,0,1),(751,'2019-05-02 13:38:29',1,2148,3,0,1),(766,'2019-05-06 07:33:36',1,2138,3,0,1),(767,'2019-05-06 07:33:44',5,2138,3,0,1),(768,'2019-05-06 07:48:41',1,2138,3,0,1),(769,'2019-05-06 07:48:51',1,2138,3,0,1),(770,'2019-05-06 08:22:14',1,2135,3,0,1),(771,'2019-05-06 08:31:18',1,2148,3,0,1),(772,'2019-05-06 08:31:53',4,2148,3,0,1),(773,'2019-05-06 08:39:00',1,2148,3,0,1),(774,'2019-05-06 09:30:22',1,2148,3,0,1),(775,'2019-05-06 09:31:15',4,2148,3,0,1),(776,'2019-05-06 09:53:52',1,2140,3,0,1),(777,'2019-05-06 09:54:05',4,2140,3,0,1),(778,'2019-05-06 11:21:01',1,2139,3,0,1),(779,'2019-05-06 11:24:01',1,2138,3,0,1),(780,'2019-05-06 11:24:23',1,2148,3,0,1),(781,'2019-05-06 11:24:36',1,2136,3,0,1),(782,'2019-05-06 11:25:08',1,2139,3,0,1),(783,'2019-05-06 11:38:53',1,2139,3,0,1),(784,'2019-05-06 11:44:15',1,2139,3,0,1),(785,'2019-05-06 11:48:56',1,2139,3,0,1),(786,'2019-05-06 11:55:57',1,2148,3,0,1),(787,'2019-05-06 11:56:47',5,2148,3,0,1),(788,'2019-05-06 11:57:03',1,2148,3,0,1),(789,'2019-05-06 12:03:22',1,2148,3,0,1),(790,'2019-05-06 12:04:02',1,2148,3,0,1),(791,'2019-05-06 12:04:04',1,2148,3,0,1),(792,'2019-05-06 12:04:06',1,2148,3,0,1),(793,'2019-05-06 12:05:00',4,2148,3,0,1),(794,'2019-05-06 12:17:12',1,2148,3,0,1),(796,'2019-05-06 18:29:16',1,2148,3,0,1),(811,'2019-05-06 20:40:35',4,2133,3,0,1),(812,'2019-05-06 20:42:18',1,2133,3,0,1),(813,'2019-05-06 20:58:56',1,2173,3,0,1),(815,'2019-05-06 21:00:11',1,2173,3,0,1),(816,'2019-05-06 21:03:34',1,2173,3,0,1),(817,'2019-05-06 21:05:09',1,2173,3,0,1),(818,'2019-05-06 21:09:24',1,2173,3,0,1),(819,'2019-05-06 21:10:31',1,2173,3,0,1),(820,'2019-05-06 21:12:53',1,2173,3,0,1),(821,'2019-05-06 21:13:36',1,2173,3,0,1),(822,'2019-05-06 21:15:20',1,2173,3,0,1),(823,'2019-05-06 21:54:02',1,2173,3,0,1),(824,'2019-05-06 21:55:03',1,2173,3,0,1),(825,'2019-05-06 21:56:30',1,2173,3,0,1),(826,'2019-05-06 21:57:39',1,2173,3,0,1),(827,'2019-05-06 21:58:10',1,2173,3,0,1),(828,'2019-05-06 22:00:17',1,2173,3,0,1),(829,'2019-05-06 22:03:59',1,2173,3,0,1),(830,'2019-05-06 22:04:31',1,2173,3,0,1),(831,'2019-05-06 22:05:47',1,2173,3,0,1),(832,'2019-05-06 22:06:32',1,2173,3,0,1),(833,'2019-05-06 22:07:37',1,2173,3,0,1),(834,'2019-05-06 22:08:17',1,2173,3,0,1),(835,'2019-05-06 22:10:21',1,2173,3,0,1),(836,'2019-05-06 22:12:10',1,2173,3,0,1),(837,'2019-05-06 22:13:41',1,2173,3,0,1),(838,'2019-05-06 22:16:12',1,2173,3,0,1),(839,'2019-05-06 22:17:12',1,2173,3,0,1),(840,'2019-05-06 22:17:52',1,2173,3,0,1),(841,'2019-05-06 22:23:32',1,2173,3,0,1),(842,'2019-05-06 22:26:31',1,2173,3,0,1),(843,'2019-05-06 22:26:55',1,2173,3,0,1),(867,'2019-05-20 07:19:16',1,2173,3,0,1),(868,'2019-05-20 07:19:29',4,2173,3,0,1),(869,'2019-05-20 07:27:57',1,2173,3,0,1),(870,'2019-05-20 07:28:08',4,2173,3,0,1),(871,'2019-05-20 07:28:29',1,2173,3,0,1),(872,'2019-05-20 08:05:57',1,2173,3,0,1),(873,'2019-05-20 08:09:32',1,2173,3,0,1),(874,'2019-05-20 08:10:27',4,2173,3,0,1),(875,'2019-05-20 08:14:07',1,2173,3,0,1),(876,'2019-05-20 08:14:58',1,2173,3,0,1),(877,'2019-05-20 08:15:05',1,2173,3,0,1),(938,'2019-05-20 11:12:09',4,2173,3,0,1),(939,'2019-05-20 11:12:09',4,2173,3,0,1),(940,'2019-05-20 11:12:09',4,2173,3,0,1),(941,'2019-05-20 11:12:09',4,2173,3,0,1),(942,'2019-05-20 11:12:09',4,2173,3,0,1),(943,'2019-05-20 11:12:10',5,2173,3,0,1),(944,'2019-05-20 11:12:18',1,2173,3,0,1),(945,'2019-05-20 11:12:27',5,2173,3,0,1),(946,'2019-05-20 11:12:38',1,2173,3,0,1),(947,'2019-05-20 11:12:58',3,2173,3,0,1),(948,'2019-05-20 11:12:58',1,2173,3,0,1),(949,'2019-05-20 11:14:31',1,2173,3,0,1),(950,'2019-05-20 11:14:43',5,2173,3,0,1),(951,'2019-05-20 11:14:47',1,2173,3,0,1),(952,'2019-05-20 11:17:21',1,2173,3,0,1),(953,'2019-05-20 11:18:56',1,2173,3,0,1),(954,'2019-05-20 11:19:11',1,2173,3,0,1),(955,'2019-05-20 11:23:22',1,2173,3,0,1),(956,'2019-05-20 11:30:27',1,2173,3,0,1),(957,'2019-05-20 11:31:50',1,2173,3,0,1),(958,'2019-05-20 11:33:44',1,2173,3,0,1),(959,'2019-05-20 11:34:20',1,2173,3,0,1),(960,'2019-05-20 11:35:42',1,2173,3,0,1),(961,'2019-05-20 11:38:29',1,2173,3,0,1),(962,'2019-05-20 11:39:08',1,2173,3,0,1),(963,'2019-05-20 11:39:16',5,2173,3,0,1),(964,'2019-05-20 11:39:22',1,2173,3,0,1),(965,'2019-05-20 11:40:58',1,2173,3,0,1),(966,'2019-05-20 11:44:01',1,2173,3,0,1),(967,'2019-05-20 11:44:59',1,2173,3,0,1),(968,'2019-05-20 11:56:02',1,2173,3,0,1),(969,'2019-05-20 11:56:25',5,2173,3,0,1),(970,'2019-05-20 11:56:30',1,2173,3,0,1),(971,'2019-05-20 11:56:49',3,2173,3,0,1),(972,'2019-05-20 11:56:50',1,2173,3,0,1),(973,'2019-05-20 12:00:17',1,2173,3,0,1),(974,'2019-05-20 12:00:41',1,2173,3,0,1),(975,'2019-05-20 12:01:28',1,2173,3,0,1),(976,'2019-05-20 12:08:51',1,2173,3,0,1),(977,'2019-05-20 12:09:39',1,2173,3,0,1),(978,'2019-05-20 12:10:02',1,2173,3,0,1),(979,'2019-05-20 12:16:18',5,2173,3,0,1),(980,'2019-05-20 12:20:30',1,2173,3,0,1),(981,'2019-05-20 12:21:22',1,2173,3,0,1),(982,'2019-05-20 12:26:03',1,2173,3,0,1),(983,'2019-05-20 12:48:29',1,2173,3,0,1),(987,'2019-05-20 21:16:38',1,2173,3,0,1),(990,'2019-05-21 06:48:52',1,2173,3,0,1),(991,'2019-05-21 06:54:06',1,2173,3,0,1),(992,'2019-05-21 07:01:05',1,2173,3,0,1),(993,'2019-05-21 07:03:28',1,2173,3,0,1),(994,'2019-05-21 07:05:16',1,2173,3,0,1),(995,'2019-05-21 07:18:39',1,2173,3,0,1),(996,'2019-05-21 07:24:39',1,2173,3,0,1),(997,'2019-05-21 07:27:26',1,2173,3,0,1),(998,'2019-05-21 07:31:22',1,2173,3,0,1),(999,'2019-05-21 07:33:32',1,2173,3,0,1),(1000,'2019-05-21 07:34:53',1,2173,3,0,1),(1001,'2019-05-21 07:39:09',1,2173,3,0,1),(1002,'2019-05-21 07:41:10',1,2173,3,0,1),(1003,'2019-05-21 07:45:11',1,2173,3,0,1),(1004,'2019-05-21 07:46:05',1,2173,3,0,1),(1005,'2019-05-21 07:47:30',1,2173,3,0,1),(1006,'2019-05-21 07:49:13',1,2173,3,0,1),(1007,'2019-05-21 07:49:24',1,2173,3,0,1),(1008,'2019-05-21 07:49:55',1,2173,3,0,1),(1009,'2019-05-21 07:52:17',1,2173,3,0,1),(1010,'2019-05-21 07:53:08',1,2173,3,0,1),(1011,'2019-05-21 08:03:06',1,2173,3,0,1),(1012,'2019-05-21 08:08:14',1,2173,3,0,1),(1013,'2019-05-21 08:09:19',1,2173,3,0,1),(1014,'2019-05-21 08:12:27',1,2173,3,0,1),(1015,'2019-05-21 08:21:24',1,2173,3,0,1),(1016,'2019-05-21 08:21:58',1,2173,3,0,1),(1017,'2019-05-21 08:28:13',1,2173,3,0,1),(1018,'2019-05-21 08:41:49',1,2173,3,0,1),(1019,'2019-05-21 08:44:12',1,2173,3,0,1),(1034,'2019-05-21 11:24:37',1,2173,3,0,1),(1035,'2019-05-21 11:25:25',1,2173,3,0,1),(1036,'2019-05-21 11:25:40',4,2173,3,0,1),(1037,'2019-05-21 11:27:47',1,2173,3,0,1),(1038,'2019-05-21 11:28:44',4,2173,3,0,1),(1039,'2019-05-21 11:33:21',1,2174,3,0,1),(1041,'2019-05-21 11:33:34',4,2174,3,0,1),(1042,'2019-05-21 11:34:22',1,2174,3,0,1),(1043,'2019-05-21 11:34:59',1,2173,3,0,1),(1044,'2019-05-21 11:35:29',4,2173,3,0,1),(1045,'2019-05-21 11:41:47',1,2173,3,0,1),(1046,'2019-05-21 11:58:45',1,2176,3,0,1),(1048,'2019-05-21 11:58:59',4,2176,3,0,1),(1049,'2019-05-21 12:09:27',1,2174,3,0,1),(1050,'2019-05-21 12:09:32',4,2174,3,0,1),(1051,'2019-05-21 12:11:18',1,2176,3,0,1),(1052,'2019-05-21 12:11:32',4,2176,3,0,1),(1053,'2019-05-21 12:34:52',1,2176,3,0,1),(1054,'2019-05-21 12:35:50',4,2176,3,0,1),(1122,'2019-05-23 08:22:15',1,2174,3,0,1),(1123,'2019-05-23 08:23:01',1,2236,3,0,1),(1125,'2019-05-23 08:23:10',5,2236,3,0,1),(1128,'2019-05-25 19:41:40',1,2176,3,0,1),(1129,'2019-05-25 19:48:06',1,2176,3,0,1),(1130,'2019-05-25 19:48:16',4,2176,3,0,1),(1134,'2019-05-25 19:51:37',4,2239,3,0,1),(1137,'2019-05-26 08:37:03',4,2176,3,0,1),(1138,'2019-05-26 09:01:07',1,2236,3,0,1),(1139,'2019-05-26 09:10:14',1,2230,3,0,1),(1140,'2019-05-26 12:00:30',1,2176,3,0,1),(1155,'2019-05-27 06:37:48',4,2176,3,0,1),(1158,'2019-05-27 10:14:50',1,2176,3,0,1),(1159,'2019-05-27 10:20:54',4,2174,3,0,1),(1189,'2019-06-02 11:01:30',1,2239,9,0,1),(1190,'2019-06-02 11:01:45',4,2239,9,0,1),(1191,'2019-06-02 11:05:31',1,2239,9,0,1),(1192,'2019-06-02 11:05:33',1,2239,9,0,1),(1193,'2019-06-02 11:06:41',1,2239,9,0,1),(1194,'2019-06-02 11:07:39',1,2239,9,0,1),(1195,'2019-06-02 11:09:36',1,2239,9,0,1),(1196,'2019-06-02 11:43:17',1,2239,9,0,1),(1197,'2019-06-02 11:57:49',1,2239,9,0,1),(1198,'2019-06-02 11:59:15',1,2233,9,0,1),(1199,'2019-06-02 12:07:43',1,2239,9,0,1),(1200,'2019-06-02 12:08:08',4,2239,9,0,1),(1201,'2019-06-02 12:12:15',1,2239,9,0,1),(1212,'2019-06-02 20:50:20',4,2239,3,0,1),(1213,'2019-06-02 22:57:54',1,2233,3,0,1),(1214,'2019-06-02 23:05:10',1,2233,3,0,1),(1215,'2019-06-02 23:12:02',1,2174,3,0,1),(1216,'2019-06-02 23:13:54',1,2239,3,0,1),(1217,'2019-06-02 23:58:59',1,2211,3,0,1),(1221,'2019-06-03 00:10:26',1,2233,3,0,1),(1226,'2019-06-03 07:54:55',4,2236,3,0,1),(1227,'2019-06-03 07:55:41',1,2233,3,0,1),(1228,'2019-06-03 09:27:37',1,2233,3,0,1),(1229,'2019-06-03 11:34:08',1,2211,3,0,1),(1240,'2019-06-15 20:08:45',4,2176,3,0,1),(1241,'2019-06-15 20:18:39',1,2176,3,0,1),(1242,'2019-06-15 20:18:55',1,2176,3,0,1),(1243,'2019-06-15 20:33:09',1,2176,3,0,1),(1249,'2019-06-16 10:20:00',1,2233,3,0,1),(1250,'2019-06-16 10:24:22',1,2233,3,0,1),(1251,'2019-06-16 10:26:50',1,2239,3,0,1),(1252,'2019-06-16 10:30:11',1,2239,3,0,1),(1253,'2019-06-16 10:35:13',1,2239,3,0,1),(1254,'2019-06-16 10:37:17',1,2239,3,0,1),(1255,'2019-06-16 10:37:28',1,2239,3,0,1),(1326,'2019-06-18 08:40:29',4,2233,3,0,1),(1327,'2019-06-18 08:40:30',1,2176,3,0,1),(1328,'2019-06-18 08:40:31',1,2176,3,0,1),(1329,'2019-06-18 09:28:18',1,2176,3,0,1),(1330,'2019-06-18 09:37:09',4,2176,3,0,1),(1331,'2019-06-18 09:46:28',1,2176,3,0,1),(1332,'2019-06-18 09:48:35',1,2176,3,0,1),(1333,'2019-06-18 09:49:04',1,2176,3,0,1),(1351,'2019-06-18 18:16:45',1,2176,3,0,1),(1354,'2019-06-19 05:56:35',1,2236,3,0,1),(1357,'2019-06-19 16:55:06',1,2213,3,0,1),(1358,'2019-06-19 16:55:20',4,2213,3,0,1),(1361,'2019-06-20 07:06:35',1,2213,3,0,1),(1362,'2019-06-20 07:06:41',4,2213,3,0,1),(1363,'2019-06-20 09:10:01',1,2236,3,0,1),(1364,'2019-06-20 09:10:14',4,2236,3,0,1),(1365,'2019-06-20 09:31:13',1,2236,3,0,1),(1366,'2019-06-20 09:31:20',4,2236,3,0,1),(1369,'2019-06-20 10:31:35',1,2176,3,0,1),(1370,'2019-06-20 10:31:47',4,2176,3,0,1),(1371,'2019-06-20 10:47:38',1,2236,3,0,1),(1372,'2019-06-20 10:47:47',4,2236,3,0,1),(1373,'2019-06-20 11:27:31',4,2176,3,0,1),(1374,'2019-06-20 12:13:29',1,2236,3,0,1),(1375,'2019-06-20 12:13:35',4,2236,3,0,1),(1376,'2019-06-20 12:52:08',1,2236,3,0,1),(1377,'2019-06-20 12:52:15',4,2236,3,0,1),(1378,'2019-06-21 07:48:12',1,2233,3,0,1),(1379,'2019-06-21 07:48:26',4,2233,3,0,1),(1384,'2019-06-22 20:59:27',1,2239,11,0,1),(1385,'2019-06-22 20:59:43',4,2239,11,0,1),(1388,'2019-06-22 21:39:41',1,2239,3,0,1),(1389,'2019-06-22 21:39:52',4,2239,3,0,1),(1390,'2019-06-22 22:10:30',1,2239,3,0,1),(1391,'2019-06-23 08:10:10',1,2176,3,0,1),(1409,'2019-06-23 11:11:34',4,2236,3,0,1),(1417,'2019-06-24 08:00:44',1,2176,12,0,1),(1421,'2019-06-24 08:02:47',1,2176,12,0,1),(1422,'2019-06-24 08:05:26',1,2176,12,0,1),(1426,'2019-06-24 08:08:27',1,2176,12,0,1),(1429,'2019-06-24 08:08:58',1,2176,12,0,1),(1430,'2019-06-24 08:14:37',1,2176,12,0,1),(1435,'2019-06-25 05:33:48',1,2176,3,0,1),(1436,'2019-06-25 05:34:03',4,2176,3,0,1),(1449,'2019-07-15 07:23:36',1,2176,14,0,1),(1450,'2019-07-15 07:23:38',1,2176,14,0,1),(1451,'2019-07-15 07:25:51',4,2176,14,0,1),(1452,'2019-07-15 07:26:03',5,2176,14,0,1),(1453,'2019-07-15 07:26:08',5,2176,14,0,1),(1454,'2019-07-15 07:34:09',6,13,14,0,1),(1455,'2019-07-15 07:34:27',1,2176,14,0,1),(1456,'2019-07-15 07:35:53',4,2176,14,0,1),(1457,'2019-07-15 08:19:48',1,2176,14,0,1),(1458,'2019-07-15 08:21:46',1,2176,14,0,1),(1459,'2019-07-15 08:25:05',1,2233,14,0,1),(1460,'2019-07-15 08:25:25',1,2236,14,0,1),(1461,'2019-07-15 08:59:00',1,2211,14,0,1),(1462,'2019-07-15 08:59:32',4,2211,14,0,1),(1463,'2019-07-15 08:59:45',1,2176,14,0,1),(1464,'2019-07-15 09:00:18',4,2176,14,0,1),(1465,'2019-07-15 09:00:35',1,2176,14,0,1),(1466,'2019-07-15 09:00:39',1,2176,14,0,1),(1467,'2019-07-15 09:02:21',1,2176,14,0,1),(1468,'2019-07-15 09:02:50',5,2176,14,0,1),(1469,'2019-07-15 09:31:10',1,2233,14,0,1),(1471,'2019-07-15 09:31:26',4,2233,14,0,1),(1472,'2019-07-15 09:31:49',1,2211,14,0,1),(1473,'2019-07-15 09:31:59',4,2211,14,0,1),(1481,'2019-07-15 10:45:06',1,2214,14,0,1),(1482,'2019-07-15 10:45:15',4,2214,14,0,1),(1483,'2019-07-15 10:51:25',1,2230,14,0,1),(1484,'2019-07-15 10:52:01',4,2230,14,0,1),(1592,'2019-10-22 19:23:19',4,2236,3,0,1),(1593,'2019-10-22 19:25:53',1,2236,3,0,1),(1594,'2019-10-22 19:26:02',5,2236,3,0,1),(1701,'2019-10-28 11:45:34',4,2176,3,0,1),(1712,'2019-10-28 20:40:52',1,2176,3,0,1),(1745,'2019-11-12 22:35:41',4,2176,3,0,1),(1746,'2019-11-12 23:09:54',1,2174,3,0,1),(1747,'2019-11-12 23:11:06',1,2213,3,0,1),(1850,'2019-12-16 08:32:14',1,2176,16,0,1),(1851,'2019-12-16 08:32:28',4,2176,16,0,1),(1852,'2019-12-16 08:32:40',1,2176,16,0,1),(1853,'2019-12-16 08:33:14',1,2176,16,0,1),(1854,'2019-12-16 08:33:18',1,2176,16,0,1),(1855,'2019-12-16 08:33:49',1,2176,16,0,1),(1856,'2019-12-16 08:45:52',4,2176,16,0,1),(1857,'2019-12-16 10:48:55',1,2176,16,0,1),(1858,'2019-12-16 10:52:05',1,2211,16,0,1),(1859,'2019-12-16 10:52:13',4,2211,16,0,1),(1860,'2019-12-16 10:59:29',1,2211,16,0,1),(1861,'2019-12-16 11:00:28',1,2211,16,0,1),(1862,'2019-12-16 11:00:31',1,2211,16,0,1),(1863,'2019-12-16 11:00:47',1,2211,16,0,1),(1864,'2019-12-16 11:03:27',4,2176,16,0,1),(1865,'2019-12-16 11:03:27',4,2211,16,0,1),(1866,'2019-12-16 11:05:18',4,2176,16,0,1),(1867,'2019-12-16 11:05:18',4,2211,16,0,1),(1868,'2019-12-16 11:11:20',4,2211,16,0,1),(1869,'2019-12-16 11:21:25',4,2176,16,0,1),(1870,'2019-12-16 11:21:25',4,2211,16,0,1),(1871,'2019-12-16 11:22:18',4,2176,16,0,1),(1872,'2019-12-16 11:22:18',4,2211,16,0,1),(1873,'2019-12-16 11:24:14',4,2176,16,0,1),(1874,'2019-12-16 11:24:14',4,2211,16,0,1),(1875,'2019-12-16 11:24:52',1,2176,16,0,1),(1876,'2019-12-16 11:25:05',4,2176,16,0,1),(1877,'2019-12-16 11:26:42',1,2176,16,0,1),(1878,'2019-12-16 11:26:53',1,2176,16,0,1),(1880,'2019-12-16 11:27:54',4,2176,16,0,1),(1881,'2019-12-16 11:28:53',1,2176,16,0,1),(1882,'2019-12-16 11:29:04',4,2176,16,0,1),(1883,'2019-12-16 11:30:14',4,2176,16,0,1),(1884,'2019-12-16 11:35:48',1,2176,16,0,1),(1886,'2019-12-16 11:37:43',4,2176,16,0,1),(1887,'2019-12-16 11:39:36',4,2176,16,0,1),(1890,'2019-12-16 12:12:18',4,2176,16,0,1),(1891,'2019-12-16 12:25:39',4,2176,16,0,1),(1892,'2019-12-16 12:41:24',1,2176,16,0,1),(1893,'2019-12-16 12:41:34',1,2176,16,0,1),(1894,'2019-12-16 12:41:40',1,2176,16,0,1),(1895,'2019-12-16 12:53:35',4,2176,16,0,1),(1896,'2019-12-16 12:54:52',1,2176,16,0,1),(1897,'2019-12-16 12:55:09',4,2176,16,0,1),(1898,'2019-12-16 12:59:28',1,2176,16,0,1),(1912,'2019-12-17 08:47:34',4,2176,16,0,1),(1913,'2019-12-17 08:47:34',4,2176,16,0,1),(1914,'2019-12-17 08:47:37',1,2176,16,0,1),(1915,'2019-12-17 08:49:19',1,2176,16,0,1),(1916,'2019-12-17 08:49:36',4,2176,16,0,1),(1917,'2019-12-17 08:50:41',1,2176,16,0,1),(1918,'2019-12-17 08:50:48',1,2176,16,0,1),(1919,'2019-12-17 08:51:51',1,2176,16,0,1),(1920,'2019-12-17 08:52:26',1,2176,16,0,1),(1921,'2019-12-17 08:52:40',4,2176,16,0,1),(1922,'2019-12-17 09:46:20',1,2176,16,0,1),(1923,'2019-12-17 09:46:31',4,2176,16,0,1),(1924,'2019-12-17 09:47:37',1,2239,16,0,1),(1925,'2019-12-17 09:47:54',4,2239,16,0,1),(1926,'2019-12-17 10:39:08',1,2176,16,0,1),(1927,'2019-12-17 10:39:11',1,2176,16,0,1),(1928,'2019-12-17 10:40:35',1,2327,16,0,1),(1929,'2019-12-17 10:41:03',1,2327,16,0,1),(1930,'2019-12-17 10:43:14',1,2176,16,0,1),(1931,'2019-12-17 10:43:35',1,2211,16,0,1),(1932,'2019-12-17 10:52:13',1,2211,16,0,1),(1933,'2019-12-17 10:52:26',4,2211,16,0,1),(1934,'2019-12-17 10:52:56',1,2239,16,0,1),(1935,'2019-12-17 10:56:14',1,2174,16,0,1),(1936,'2019-12-17 10:56:26',4,2174,16,0,1),(1937,'2019-12-17 10:57:15',1,2174,16,0,1),(1938,'2019-12-17 11:01:32',1,2174,16,0,1),(1939,'2019-12-17 11:01:36',1,2174,16,0,1),(1940,'2019-12-17 11:01:39',1,2174,16,0,1),(1945,'2019-12-17 11:25:16',1,2176,16,0,1),(1946,'2019-12-17 11:34:54',1,2176,16,0,1),(1947,'2019-12-17 11:44:10',1,2211,16,0,1),(1948,'2019-12-17 11:46:20',1,2211,16,0,1),(1949,'2019-12-17 11:46:32',4,2211,16,0,1),(1950,'2019-12-17 12:54:31',1,2176,16,0,1),(1951,'2019-12-17 12:54:47',4,2176,16,0,1),(1952,'2019-12-17 12:55:40',1,2176,16,0,1),(1955,'2019-12-17 13:02:04',4,2176,16,0,1),(1956,'2019-12-17 13:04:13',1,2239,16,0,1),(1957,'2019-12-17 13:04:42',4,2239,16,0,1),(1958,'2019-12-17 13:07:52',4,2239,16,0,1),(1959,'2019-12-17 13:17:28',1,2176,16,0,1),(1960,'2019-12-17 13:17:49',4,2176,16,0,1),(1961,'2019-12-17 13:20:40',1,2239,16,0,1),(1962,'2019-12-17 13:24:28',1,2176,16,0,1),(1963,'2019-12-17 13:24:51',4,2176,16,0,1),(1964,'2019-12-17 13:29:15',1,2176,16,0,1),(1975,'2019-12-18 07:45:48',1,2176,17,0,1),(1976,'2019-12-18 07:51:17',1,2233,17,0,1),(1977,'2019-12-18 08:06:55',1,2176,17,0,1),(1978,'2019-12-18 08:07:15',4,2176,17,0,1),(1979,'2019-12-18 08:08:34',1,2176,17,0,1),(1980,'2019-12-18 08:09:28',1,2176,17,0,1),(1981,'2019-12-18 08:10:40',1,2214,17,0,1),(1983,'2019-12-18 08:11:03',4,2214,17,0,1),(1984,'2019-12-18 08:12:17',1,2214,17,0,1),(1993,'2019-12-18 08:36:27',4,2176,16,0,1),(1994,'2019-12-18 08:37:01',1,2176,16,0,1),(1995,'2019-12-18 08:37:21',1,2236,16,0,1),(1996,'2019-12-18 08:37:35',4,2236,16,0,1),(1997,'2019-12-18 08:38:43',1,2211,16,0,1),(1998,'2019-12-18 08:40:06',1,2176,16,0,1),(1999,'2019-12-18 08:40:18',1,2236,16,0,1),(2000,'2019-12-18 08:40:45',4,2236,16,0,1),(2001,'2019-12-18 08:41:36',1,2211,16,0,1),(2002,'2019-12-18 08:41:44',4,2211,16,0,1),(2003,'2019-12-18 08:42:07',1,2211,16,0,1),(2004,'2019-12-18 08:42:34',1,2211,16,0,1),(2005,'2019-12-18 08:48:51',1,2211,16,0,1),(2006,'2019-12-18 08:48:58',4,2211,16,0,1),(2007,'2019-12-18 08:51:00',1,2215,16,0,1),(2008,'2019-12-18 08:51:18',4,2215,16,0,1),(2009,'2019-12-18 08:55:26',1,2174,16,0,1),(2010,'2019-12-18 08:55:37',4,2174,16,0,1),(2011,'2019-12-18 08:56:28',1,2174,16,0,1),(2018,'2019-12-18 09:10:26',4,2176,17,0,1),(2019,'2019-12-18 09:10:26',4,2174,17,0,1),(2020,'2019-12-18 09:11:24',1,2174,17,0,1),(2021,'2019-12-18 09:15:49',1,2176,16,0,1),(2022,'2019-12-18 09:16:00',4,2176,16,0,1),(2023,'2019-12-18 09:30:27',1,2211,16,0,1),(2024,'2019-12-18 09:30:50',4,2211,16,0,1),(2025,'2019-12-18 09:37:38',1,2176,17,0,1),(2026,'2019-12-18 09:37:53',4,2176,17,0,1),(2027,'2019-12-18 09:52:37',1,2176,17,0,1),(2029,'2019-12-18 10:38:58',1,2239,17,0,1),(2030,'2019-12-18 10:39:49',4,2239,17,0,1),(2031,'2019-12-18 10:40:20',1,2233,17,0,1),(2032,'2019-12-18 10:40:40',4,2233,17,0,1),(2033,'2019-12-18 10:48:18',1,2174,17,0,1),(2034,'2019-12-18 10:51:33',1,2214,17,0,1),(2035,'2019-12-18 10:59:50',1,2176,17,0,1),(2036,'2019-12-18 11:00:33',4,2176,17,0,1),(2037,'2019-12-18 11:01:26',1,2174,17,0,1),(2038,'2019-12-18 11:01:53',1,2174,17,0,1),(2040,'2019-12-18 12:09:52',1,2176,16,0,1),(2041,'2019-12-18 12:19:24',1,2176,17,0,1),(2042,'2019-12-18 12:20:05',1,2211,17,0,1),(2043,'2019-12-18 12:21:56',1,2176,17,0,1),(2044,'2019-12-18 12:22:47',1,2174,17,0,1),(2045,'2019-12-18 12:23:02',1,2174,17,0,1),(2046,'2019-12-18 12:24:25',1,2176,17,0,1),(2047,'2019-12-18 12:25:30',1,2176,17,0,1),(2048,'2019-12-18 12:27:21',1,2225,17,0,1),(2049,'2019-12-18 12:36:34',1,2176,16,0,1),(2050,'2019-12-18 12:37:19',1,2225,16,0,1),(2051,'2019-12-18 13:08:16',1,2176,16,0,1),(2052,'2019-12-18 13:08:19',1,2176,16,0,1),(2053,'2019-12-18 13:08:22',1,2176,16,0,1),(2054,'2019-12-18 13:08:56',1,2176,16,0,1),(2057,'2019-12-19 05:57:29',1,2176,16,0,1),(2058,'2019-12-19 05:57:51',1,2174,16,0,1),(2059,'2019-12-19 05:58:13',1,2174,16,0,1),(2060,'2019-12-19 05:58:50',1,2211,16,0,1),(2061,'2019-12-19 05:59:06',1,2211,16,0,1),(2063,'2019-12-19 06:01:07',4,2211,16,0,1),(2064,'2019-12-19 06:03:10',1,2239,16,0,1),(2065,'2019-12-19 06:03:53',4,2239,16,0,1),(2066,'2019-12-19 06:48:28',1,2176,16,0,1),(2067,'2019-12-19 06:48:43',4,2176,16,0,1),(2068,'2019-12-19 06:48:58',1,2176,16,0,1),(2069,'2019-12-19 06:49:22',4,2176,16,0,1),(2070,'2019-12-19 06:49:55',1,2176,16,0,1),(2071,'2019-12-19 06:50:20',1,2174,16,0,1),(2072,'2019-12-19 06:50:40',1,2233,16,0,1),(2073,'2019-12-19 06:50:59',1,2211,16,0,1),(2074,'2019-12-19 06:51:26',1,2174,16,0,1),(2075,'2019-12-19 06:51:34',4,2174,16,0,1),(2076,'2019-12-19 06:52:02',1,2174,16,0,1),(2077,'2019-12-19 06:52:32',1,2176,16,0,1),(2078,'2019-12-19 06:53:14',1,2174,16,0,1),(2079,'2019-12-19 06:53:58',1,2176,16,0,1),(2080,'2019-12-19 06:55:08',1,2174,16,0,1),(2081,'2019-12-19 06:55:22',1,2176,16,0,1),(2082,'2019-12-19 06:55:44',4,2176,16,0,1),(2083,'2019-12-19 06:57:29',1,2174,16,0,1),(2084,'2019-12-19 06:58:40',1,2233,16,0,1),(2085,'2019-12-19 06:58:53',4,2233,16,0,1),(2086,'2019-12-19 07:01:04',1,2233,16,0,1),(2087,'2019-12-19 07:41:17',1,2239,16,0,1),(2088,'2019-12-19 07:41:33',4,2239,16,0,1),(2089,'2019-12-19 08:06:19',1,2176,16,0,1),(2090,'2019-12-19 08:10:09',1,2174,16,0,1),(2091,'2019-12-19 08:20:04',1,2211,16,0,1),(2092,'2019-12-19 08:27:59',1,2176,16,0,1),(2093,'2019-12-19 08:37:55',1,2174,16,0,1),(2094,'2019-12-19 08:38:41',1,2174,16,0,1),(2097,'2019-12-19 09:06:38',1,2176,16,0,1),(2098,'2019-12-19 09:07:04',4,2176,16,0,1),(2099,'2019-12-19 09:28:24',4,2174,16,0,1),(2103,'2019-12-19 09:31:01',4,2211,16,0,1),(2104,'2019-12-19 09:31:45',1,2211,16,0,1),(2111,'2019-12-19 10:00:20',4,2213,16,0,1),(2114,'2019-12-19 10:02:25',1,2211,16,0,1),(2130,'2019-12-19 11:31:57',4,2176,16,0,1),(2131,'2019-12-19 11:31:57',4,2176,16,0,1),(2132,'2019-12-19 11:32:00',1,2211,16,0,1),(2133,'2019-12-19 11:32:28',1,2174,16,0,1),(2134,'2019-12-19 11:52:26',1,2176,16,0,1),(2136,'2019-12-22 07:03:40',1,2176,16,0,1),(2137,'2019-12-22 07:03:42',1,2176,16,0,1),(2138,'2019-12-22 07:03:45',1,2176,16,0,1),(2139,'2019-12-22 07:09:06',4,2176,16,0,1),(2140,'2019-12-22 07:09:13',1,2176,16,0,1),(2143,'2019-12-22 08:29:11',4,2176,16,0,1),(2144,'2019-12-22 08:36:48',4,2174,16,0,1),(2145,'2019-12-22 09:09:43',1,2211,16,0,1),(2146,'2019-12-22 09:11:41',1,2174,16,0,1),(2149,'2019-12-22 09:48:35',4,2176,16,0,1),(2150,'2019-12-22 11:12:55',1,2176,16,0,1),(2151,'2019-12-22 11:17:47',1,2176,16,0,1),(2152,'2019-12-22 11:18:14',4,2176,16,0,1),(2159,'2019-12-22 12:55:16',1,2230,16,0,1),(2161,'2019-12-22 12:55:52',1,2214,16,0,1),(2171,'2019-12-24 06:54:12',1,2174,16,0,1),(2172,'2019-12-24 07:23:29',1,2176,16,0,1),(2173,'2019-12-24 07:28:41',1,2174,16,0,1),(2174,'2019-12-24 07:30:14',1,2174,16,0,1),(2176,'2019-12-24 08:20:37',1,2174,16,0,1),(2177,'2019-12-24 08:21:19',1,2174,16,0,1),(2178,'2019-12-24 08:21:55',1,2214,16,0,1),(2180,'2019-12-25 06:53:31',1,2174,16,0,1),(2181,'2019-12-25 06:55:24',1,2176,16,0,1),(2182,'2019-12-25 07:07:50',1,2239,16,0,1),(2183,'2019-12-25 07:08:06',4,2239,16,0,1),(2184,'2019-12-25 07:09:13',1,2211,16,0,1),(2185,'2019-12-25 07:09:23',4,2211,16,0,1),(2186,'2019-12-25 07:09:54',1,2174,16,0,1),(2187,'2019-12-25 07:34:38',1,2174,16,0,1),(2188,'2019-12-25 07:55:03',1,2236,16,0,1),(2189,'2019-12-25 07:59:19',1,2176,16,0,1),(2190,'2019-12-25 08:05:19',1,2176,16,0,1),(2191,'2019-12-25 08:17:07',1,2176,16,0,1),(2192,'2019-12-25 08:25:49',1,2211,16,0,1),(2193,'2019-12-25 08:26:09',1,2176,16,0,1),(2194,'2019-12-25 08:26:50',1,2213,16,0,1),(2195,'2019-12-25 08:52:37',1,2174,16,0,1),(2196,'2019-12-25 09:11:50',1,2176,16,0,1),(2197,'2019-12-25 09:22:41',1,2176,16,0,1),(2198,'2019-12-25 09:28:38',1,2239,16,0,1),(2204,'2019-12-25 12:40:44',1,2211,16,0,1),(2205,'2019-12-25 12:57:41',1,2230,16,0,1),(2206,'2019-12-25 12:58:09',4,2230,16,0,1),(2223,'2020-01-23 08:25:43',1,2176,3,0,1),(2224,'2020-01-23 08:25:58',4,2176,3,0,1),(2226,'2020-01-23 08:56:10',1,2239,3,0,1),(2227,'2020-01-23 08:56:30',4,2239,3,0,1),(2228,'2020-01-23 09:26:03',1,2233,3,0,1),(2232,'2020-01-23 09:56:29',1,2176,18,0,1),(2233,'2020-01-23 09:56:45',4,2176,18,0,1),(2234,'2020-01-23 11:04:45',1,2176,3,0,1),(2237,'2020-01-23 12:54:53',4,2176,3,0,1),(2238,'2020-01-23 13:22:49',1,2327,3,0,1),(2239,'2020-01-23 13:23:27',1,2176,3,0,1),(2240,'2020-01-26 08:28:22',1,2176,3,0,1),(2241,'2020-01-26 08:28:40',4,2176,3,0,1),(2242,'2020-01-26 08:43:08',1,2233,3,0,1),(2243,'2020-01-26 08:55:41',1,2327,3,0,1),(2244,'2020-01-26 09:27:23',1,2233,3,0,1),(2245,'2020-01-26 09:27:44',4,2233,3,0,1),(2255,'2020-01-26 13:19:06',1,2176,3,0,1),(2256,'2020-01-26 13:19:49',1,2233,3,0,1),(2367,'2020-04-08 09:56:24',1,2327,3,0,1),(2368,'2020-04-08 10:03:48',1,2176,3,0,1),(2369,'2020-04-08 10:04:56',1,2176,3,0,1),(2370,'2020-04-08 10:05:11',1,2236,3,0,1),(2371,'2020-04-08 10:05:23',4,2236,3,0,1),(3049,'2021-01-26 09:56:54',1,7,19,0,1),(3050,'2021-01-26 09:58:16',4,7,19,0,1),(3051,'2021-01-26 10:03:03',1,7,19,0,1),(3200,'2021-02-09 09:24:40',4,1613,19,0,1),(3201,'2021-02-09 09:24:40',4,1613,19,0,1),(3202,'2021-02-09 09:24:40',4,1613,19,0,1),(3203,'2021-02-09 09:24:40',4,1613,19,0,1),(3208,'2021-02-09 09:30:47',4,758,19,0,1),(3209,'2021-02-09 09:30:47',4,758,19,0,1),(3210,'2021-02-09 09:30:47',4,758,19,0,1),(3212,'2021-02-10 18:01:52',1,1613,3,0,1),(3213,'2021-02-12 22:09:03',1,1676,3,0,1),(3214,'2021-02-12 22:09:21',4,1676,3,0,1),(3215,'2021-02-12 22:09:26',4,1676,3,0,1),(3230,'2021-02-18 08:29:15',1,124,20,0,1),(3231,'2021-02-18 08:29:25',4,124,20,0,1),(3232,'2021-02-18 08:32:14',1,7,20,0,1),(3233,'2021-02-18 08:32:18',1,7,20,0,1),(3234,'2021-02-18 08:32:25',4,7,20,0,1),(3235,'2021-02-18 08:43:19',1,7,20,0,1),(3236,'2021-02-18 08:43:30',4,7,20,0,1),(3237,'2021-02-18 08:45:27',1,7,20,0,1),(3238,'2021-02-18 08:45:34',4,7,20,0,1),(3239,'2021-02-18 09:08:27',1,1613,20,0,1),(3240,'2021-02-18 09:08:37',4,1613,20,0,1),(3241,'2021-02-18 09:18:04',1,7,20,0,1),(3242,'2021-02-18 09:18:08',1,7,20,0,1),(3243,'2021-02-18 09:18:15',4,7,20,0,1),(3244,'2021-02-18 09:45:31',1,7,20,0,1),(3245,'2021-02-18 09:45:39',4,7,20,0,1),(3246,'2021-02-18 09:47:26',1,1613,20,0,1),(3247,'2021-02-18 09:47:32',4,1613,20,0,1),(3248,'2021-02-18 09:49:05',1,124,20,0,1),(3249,'2021-02-18 09:49:12',4,124,20,0,1),(3250,'2021-02-18 09:50:46',1,1613,20,0,1),(3251,'2021-02-18 09:50:59',4,1613,20,0,1),(3293,'2021-02-21 09:43:47',4,124,20,0,1),(3294,'2021-02-21 09:46:09',1,1613,20,0,1),(3295,'2021-02-21 09:46:16',4,1613,20,0,1),(3298,'2021-02-21 11:08:25',1,7,20,0,1),(3299,'2021-02-21 11:08:33',4,7,20,0,1),(3300,'2021-02-21 11:11:18',1,7,20,0,1),(3301,'2021-02-21 11:14:44',1,7,20,0,1),(3302,'2021-02-21 11:15:06',4,7,20,0,1),(3303,'2021-02-21 11:35:55',1,1606,20,0,1),(3304,'2021-02-21 11:36:19',1,7,20,0,1),(3305,'2021-02-21 11:37:00',1,28,20,0,1),(3306,'2021-02-21 11:39:19',1,1669,20,0,1),(4079,'2021-03-09 08:24:53',1,7,20,0,1),(4080,'2021-03-09 08:25:01',4,7,20,0,1),(4081,'2021-03-09 08:38:06',1,7,20,0,1),(4082,'2021-03-09 08:38:14',4,7,20,0,1),(4083,'2021-03-09 08:41:50',1,7,20,0,1),(4084,'2021-03-09 08:41:58',4,7,20,0,1),(4949,'2021-03-31 11:57:26',4,25072,23,0,1),(10282,'2021-07-21 12:31:46',1,1492,25,0,1),(10285,'2021-07-21 12:35:04',1,369,25,0,1),(10286,'2021-07-21 12:36:06',1,320,25,0,1),(10288,'2021-07-21 12:40:56',1,1606,25,0,1),(10290,'2021-07-21 12:42:06',1,14,25,0,1),(10291,'2021-07-21 12:42:15',1,25263,25,0,1),(10292,'2021-07-21 12:42:49',1,56,25,0,1),(10293,'2021-07-21 12:46:50',1,105,25,0,1),(10294,'2021-07-21 12:47:02',1,56,25,0,1),(10295,'2021-07-21 12:47:23',1,1419,25,0,1),(10296,'2021-07-21 12:52:06',1,1419,25,0,1),(10297,'2021-07-21 12:52:30',4,1419,25,0,1),(10299,'2021-07-21 12:57:01',1,1419,25,0,1),(10300,'2021-07-21 12:57:15',4,1419,25,0,1),(10301,'2021-07-21 12:59:19',1,1419,25,0,1),(10302,'2021-07-21 12:59:33',4,1419,25,0,1),(10303,'2021-07-21 13:12:01',1,1419,25,0,1),(10304,'2021-07-21 13:12:13',4,1419,25,0,1),(10305,'2021-07-21 13:26:04',1,1419,25,0,1),(10557,'2021-08-01 11:56:16',1,1669,26,0,1),(10558,'2021-08-01 11:56:32',4,1669,26,0,1),(10559,'2021-08-01 11:56:59',1,7,26,0,1),(10560,'2021-08-01 11:57:12',4,7,26,0,1),(10561,'2021-08-01 11:57:20',1,1592,26,0,1),(10562,'2021-08-01 11:57:36',4,1592,26,0,1),(10563,'2021-08-01 11:57:54',1,25263,26,0,1),(10564,'2021-08-01 11:58:09',4,25263,26,0,1),(10565,'2021-08-01 11:58:26',1,1572,26,0,1),(10566,'2021-08-01 11:58:44',4,1572,26,0,1),(10567,'2021-08-01 11:59:01',1,25256,26,0,1),(10568,'2021-08-01 11:59:14',4,25256,26,0,1),(10569,'2021-08-01 11:59:30',1,1606,26,0,1),(10570,'2021-08-01 11:59:43',4,1606,26,0,1),(10571,'2021-08-01 12:00:00',1,28,26,0,1),(10572,'2021-08-01 12:00:08',4,28,26,0,1),(10573,'2021-08-01 12:00:30',1,1669,26,0,1),(10574,'2021-08-01 12:00:50',4,1669,26,0,1),(10575,'2021-08-01 12:01:14',1,369,26,0,1),(10576,'2021-08-01 12:01:33',4,369,26,0,1),(10577,'2021-08-01 12:01:40',1,320,26,0,1),(10578,'2021-08-01 12:01:54',4,320,26,0,1),(10579,'2021-08-01 12:02:02',1,271,26,0,1),(10580,'2021-08-01 12:02:20',4,271,26,0,1),(10581,'2021-08-01 12:02:39',1,105,26,0,1),(10582,'2021-08-01 12:03:16',1,124,26,0,1),(10583,'2021-08-01 12:03:26',4,124,26,0,1),(10584,'2021-08-01 12:03:39',1,56,26,0,1),(10585,'2021-08-01 12:03:47',4,56,26,0,1),(10586,'2021-08-01 12:03:59',1,49,26,0,1),(10587,'2021-08-01 12:04:10',4,49,26,0,1),(10588,'2021-08-01 12:04:35',1,35,26,0,1),(10589,'2021-08-01 12:04:43',4,35,26,0,1),(10590,'2021-08-01 12:05:38',1,1346,26,0,1),(10591,'2021-08-01 12:05:50',4,1346,26,0,1),(10592,'2021-08-01 12:05:59',1,1248,26,0,1),(10593,'2021-08-01 12:06:20',4,1248,26,0,1),(10594,'2021-08-01 12:06:40',1,905,26,0,1),(10595,'2021-08-01 12:06:51',4,905,26,0,1),(10596,'2021-08-01 12:07:10',1,376,26,0,1),(10597,'2021-08-01 12:07:20',4,376,26,0,1),(10811,'2021-08-13 02:17:04',1,1620,26,0,1),(10812,'2021-08-13 02:17:23',4,1620,26,0,1),(10813,'2021-08-13 02:18:24',1,1620,26,0,1),(14776,'2022-07-03 21:30:04',1,369,27,0,1),(15056,'2022-07-20 11:34:32',5,11,28,0,1),(19632,'2022-12-17 06:38:29',1,25607,32,0,1),(19633,'2022-12-17 06:38:31',5,25607,32,0,1),(23619,'2023-03-15 20:34:52',1,25754,6201266,1,1),(23620,'2023-03-15 20:35:13',1,25747,6201266,1,1),(23621,'2023-03-15 20:36:45',1,383,6201266,1,1),(23622,'2023-03-15 21:21:45',1,1565,6202013,1,1),(23624,'2023-03-16 00:33:50',1,856,6203618,1,1),(23625,'2023-03-16 04:36:52',1,25740,6205630,1,1),(23626,'2023-03-16 04:38:54',1,1938,6205630,1,1),(23627,'2023-03-16 04:39:35',1,1565,6205630,1,1),(23628,'2023-03-16 07:25:15',1,25263,6207067,1,1),(23629,'2023-03-16 08:58:43',1,25170,6207702,1,1),(23630,'2023-03-16 11:30:41',1,1565,6209718,1,1),(23631,'2023-03-16 11:31:41',4,1565,6209718,1,1),(23632,'2023-03-16 11:35:39',1,1565,6209757,1,1),(23633,'2023-03-16 11:39:08',1,25740,6209782,1,1),(23634,'2023-03-16 12:07:44',1,25121,6209975,1,1),(23635,'2023-03-16 12:09:01',1,1565,6209975,1,1),(23636,'2023-03-16 12:30:03',1,758,6210253,1,1),(23637,'2023-03-16 12:30:04',1,758,6210253,1,1),(23638,'2023-03-16 12:30:35',1,1938,6210253,1,1),(23639,'2023-03-16 12:30:49',1,1565,6210253,1,1),(23640,'2023-03-16 13:04:08',1,173,6210608,1,1),(23641,'2023-03-16 13:04:31',1,173,6210611,1,1),(23642,'2023-03-16 13:04:32',1,173,6210613,1,1),(23643,'2023-03-16 13:29:40',1,320,6210746,1,1),(23644,'2023-03-16 13:37:41',1,25754,6210803,1,1),(23645,'2023-03-16 13:37:46',1,25754,6210804,1,1),(23646,'2023-03-16 13:39:22',1,1565,6210798,1,1),(23647,'2023-03-16 13:59:25',1,25368,6211102,1,1),(23648,'2023-03-16 13:59:49',1,7,6211102,1,1),(23649,'2023-03-16 14:00:05',1,25452,6211102,1,1),(23650,'2023-03-16 14:00:40',1,25396,6211102,1,1),(23651,'2023-03-16 14:00:56',1,25263,6211102,1,1),(23652,'2023-03-16 14:08:20',1,1938,6211320,1,1),(23653,'2023-03-16 15:11:11',1,1938,6211944,1,1),(23654,'2023-03-16 15:11:42',1,25747,6211944,1,1),(23655,'2023-03-16 15:11:43',1,25747,6211944,1,1),(23656,'2023-03-16 15:38:09',1,25375,6212105,1,1),(23657,'2023-03-16 15:46:00',1,25740,6212144,1,1),(23658,'2023-03-16 17:56:28',1,25740,6212872,1,1),(23659,'2023-03-16 19:08:27',1,7,6213571,1,1),(23660,'2023-03-16 19:14:51',1,25121,6213606,1,1),(23661,'2023-03-16 19:14:53',1,25121,6213606,1,1),(23662,'2023-03-16 19:20:14',1,105,6213643,1,1),(23663,'2023-03-16 20:03:08',1,25740,6213895,1,1),(23664,'2023-03-16 20:23:21',1,25740,6214044,1,1),(23665,'2023-03-16 20:47:34',1,1579,6214171,1,1),(23666,'2023-03-16 21:07:32',1,25452,6214281,1,1),(23667,'2023-03-16 21:08:14',1,403,6214281,1,1),(23668,'2023-03-16 21:09:03',1,25654,6214281,1,1),(23669,'2023-03-16 21:22:44',1,2011,6214377,1,1),(23670,'2023-03-16 21:22:45',1,2011,6214377,1,1),(23671,'2023-03-16 21:42:41',1,25740,6214542,1,1),(23672,'2023-03-16 21:58:14',1,222,6214630,1,1),(23673,'2023-03-16 22:46:40',1,25740,6215159,1,1),(23674,'2023-03-16 23:13:03',1,25121,6215313,1,1),(23675,'2023-03-16 23:13:47',1,25740,6215313,1,1),(23676,'2023-03-16 23:37:42',1,25121,6215470,1,1),(23677,'2023-03-16 23:37:43',1,25121,6215470,1,1),(23678,'2023-03-16 23:37:55',1,25740,6215470,1,1),(23679,'2023-03-16 23:41:30',1,25452,6215486,1,1),(23680,'2023-03-17 00:35:26',1,1606,6215829,1,1),(23681,'2023-03-17 05:14:56',1,1865,6217674,1,1),(23682,'2023-03-17 05:16:17',1,2011,6217680,1,1),(23683,'2023-03-17 05:16:37',1,1938,6217680,1,1),(23684,'2023-03-17 06:32:20',1,807,6218398,1,1),(23685,'2023-03-17 06:38:59',1,25452,6218494,1,1),(23686,'2023-03-17 06:40:00',1,25256,6218494,1,1),(23687,'2023-03-17 06:41:25',1,501,6218494,1,1),(23688,'2023-03-17 08:49:58',1,28,6219240,1,1),(23689,'2023-03-17 08:59:05',1,25368,6219286,1,1),(23690,'2023-03-17 10:16:37',1,320,6219710,1,1),(23691,'2023-03-17 10:16:37',1,369,6219710,1,1),(23692,'2023-03-17 10:16:38',1,25368,6219710,1,1),(23693,'2023-03-17 10:16:38',1,1297,6219710,1,1),(23694,'2023-03-17 10:16:38',1,1938,6219710,1,1),(23695,'2023-03-17 10:16:38',1,25747,6219710,1,1),(23696,'2023-03-17 10:16:38',1,2011,6219710,1,1),(23697,'2023-03-17 10:16:38',1,1150,6219710,1,1),(23698,'2023-03-17 10:16:39',1,1101,6219710,1,1),(23699,'2023-03-17 10:16:39',1,25654,6219710,1,1),(23700,'2023-03-17 10:16:39',1,25553,6219710,1,1),(23701,'2023-03-17 10:16:39',1,173,6219710,1,1),(23702,'2023-03-17 10:16:39',1,1669,6219710,1,1),(23703,'2023-03-17 10:16:40',1,25643,6219710,1,1),(23704,'2023-03-17 10:16:42',1,105,6219710,1,1),(23705,'2023-03-17 11:00:36',1,25121,6219925,1,1),(23706,'2023-03-17 11:00:44',1,25121,6219944,1,1),(23707,'2023-03-17 11:07:04',1,25121,6219944,1,1),(23708,'2023-03-17 11:12:13',1,1669,6219944,1,1),(23709,'2023-03-17 14:11:44',1,25747,6221994,1,1),(23710,'2023-03-17 14:12:38',1,1865,6221994,1,1),(23711,'2023-03-17 14:13:00',1,1938,6221994,1,1),(23712,'2023-03-17 14:14:03',4,1938,6221994,1,1),(23713,'2023-03-17 14:14:19',1,2011,6221994,1,1),(23714,'2023-03-17 14:15:25',1,25740,6221994,1,1),(23715,'2023-03-18 15:26:06',1,25768,6222025,1,1),(23716,'2023-03-18 15:26:32',4,25768,6222025,1,1),(23717,'2023-03-18 15:35:33',1,25768,6222026,1,1),(23718,'2023-03-18 15:36:07',4,25768,6222026,1,1);

--
-- Table structure for table `mag2_report_event_types`
--

CREATE TABLE `mag2_report_event_types` (
  `event_type_id` smallint(5) unsigned NOT NULL AUTO_INCREMENT COMMENT 'Event Type Id',
  `event_name` varchar(64) NOT NULL COMMENT 'Event Name',
  `customer_login` smallint(5) unsigned NOT NULL DEFAULT '0' COMMENT 'Customer Login',
  PRIMARY KEY (`event_type_id`)
) ENGINE=InnoDB AUTO_INCREMENT=7 DEFAULT CHARSET=utf8 COMMENT='Reports Event Type Table';

--
-- Dumping data for table `mag2_report_event_types`
--

INSERT INTO `mag2_report_event_types` VALUES (1,'catalog_product_view',0),(2,'sendfriend_product',0),(3,'catalog_product_compare_add_product',0),(4,'checkout_cart_add_product',0),(5,'wishlist_add_product',0),(6,'wishlist_share',0);

--
-- Table structure for table `mag2_report_viewed_product_aggregated_daily`
--

CREATE TABLE `mag2_report_viewed_product_aggregated_daily` (
  `id` int(10) unsigned NOT NULL AUTO_INCREMENT COMMENT 'Id',
  `period` date DEFAULT NULL COMMENT 'Period',
  `store_id` smallint(5) unsigned DEFAULT NULL COMMENT 'Store Id',
  `product_id` int(10) unsigned DEFAULT NULL COMMENT 'Product Id',
  `product_name` varchar(255) DEFAULT NULL COMMENT 'Product Name',
  `product_price` decimal(12,4) NOT NULL DEFAULT '0.0000' COMMENT 'Product Price',
  `views_num` int(11) NOT NULL DEFAULT '0' COMMENT 'Number of Views',
  `rating_pos` smallint(5) unsigned NOT NULL DEFAULT '0' COMMENT 'Rating Pos',
  PRIMARY KEY (`id`),
  UNIQUE KEY `MAG2_REPORT_VIEWED_PRD_AGGRED_DAILY_PERIOD_STORE_ID_PRD_ID` (`period`,`store_id`,`product_id`),
  KEY `MAG2_REPORT_VIEWED_PRODUCT_AGGREGATED_DAILY_STORE_ID` (`store_id`),
  KEY `MAG2_REPORT_VIEWED_PRODUCT_AGGREGATED_DAILY_PRODUCT_ID` (`product_id`),
  CONSTRAINT `FK_001CAD345F50FFE187D88DD7EB269301` FOREIGN KEY (`product_id`) REFERENCES `mag2_catalog_product_entity` (`entity_id`) ON DELETE CASCADE
) ENGINE=InnoDB AUTO_INCREMENT=260 DEFAULT CHARSET=utf8 COMMENT='Most Viewed Products Aggregated Daily';

--
-- Dumping data for table `mag2_report_viewed_product_aggregated_daily`
--

INSERT INTO `mag2_report_viewed_product_aggregated_daily` VALUES (1,'2019-05-21',1,2174,'WOOLA LINE PLAZER',56.0000,4,2),(2,'2019-05-21',1,2176,'test configrable',0.0000,5,1),(3,'2019-05-22',1,2174,'WOOLA LINE PLAZER',56.0000,1,6),(4,'2019-05-22',1,2176,'test configrable',0.0000,39,1),(5,'2019-05-22',1,2214,'test 5',100.0000,2,5),(6,'2019-05-22',1,2215,'test product',100.0000,7,2),(7,'2019-05-22',1,2220,'test 6',0.0000,4,3),(8,'2019-05-22',1,2225,'test 7',0.0000,4,4),(9,'2019-05-23',1,2174,'WOOLA LINE PLAZER',56.0000,1,2),(10,'2019-05-23',1,2176,'test configrable',0.0000,1,3),(11,'2019-05-23',1,2236,'test 10',0.0000,2,1),(12,'2019-05-25',1,2176,'test configrable',0.0000,4,1),(13,'2019-05-25',1,2239,'test 11',0.0000,2,2),(14,'2019-05-26',1,2176,'test configrable',0.0000,2,1),(15,'2019-05-26',1,2230,'test 8',0.0000,2,2),(16,'2019-05-26',1,2236,'test 10',0.0000,2,3),(17,'2019-05-27',1,2176,'test configrable',0.0000,3,1),(18,'2019-05-27',1,2220,'test 6',0.0000,1,5),(19,'2019-05-27',1,2233,'test 9',0.0000,3,2),(20,'2019-05-27',1,2236,'test 10',0.0000,1,4),(21,'2019-05-27',1,2239,'test 11',0.0000,2,3),(22,'2019-05-28',1,2176,'test configrable',0.0000,2,1),(23,'2019-05-28',1,2239,'test 11',0.0000,1,2),(24,'2019-05-29',1,2176,'test configrable',0.0000,1,4),(25,'2019-05-29',1,2215,'test product',100.0000,3,1),(26,'2019-05-29',1,2236,'test 10',0.0000,1,2),(27,'2019-05-29',1,2239,'test 11',0.0000,1,3),(28,'2019-05-30',1,2239,'test 11',0.0000,6,1),(29,'2019-06-02',1,2176,'test configrable',0.0000,2,2),(30,'2019-06-02',1,2213,'test 4',100.0000,2,3),(31,'2019-06-02',1,2233,'test 9',0.0000,2,4),(32,'2019-06-02',1,2236,'test 10',0.0000,1,5),(33,'2019-06-02',1,2239,'test 11',0.0000,11,1),(34,'2019-06-03',1,2174,'WOOLA LINE PLAZER',56.0000,1,4),(35,'2019-06-03',1,2211,'test2',100.0000,3,2),(36,'2019-06-03',1,2233,'test 9',0.0000,7,1),(37,'2019-06-03',1,2236,'test 10',0.0000,1,5),(38,'2019-06-03',1,2239,'test 11',0.0000,2,3),(39,'2019-06-08',1,2239,'test 11',0.0000,1,1),(40,'2019-06-11',1,2239,'test 11',0.0000,1,1),(41,'2019-06-13',1,2239,'test 11',0.0000,1,1),(42,'2019-06-15',1,2176,'test configrable',0.0000,5,1),(43,'2019-06-16',1,2176,'test configrable',0.0000,18,1),(44,'2019-06-16',1,2212,'test3',100.0000,2,4),(45,'2019-06-16',1,2233,'test 9',0.0000,6,3),(46,'2019-06-16',1,2236,'test 10',0.0000,1,5),(47,'2019-06-16',1,2239,'test 11',0.0000,13,2),(48,'2019-06-17',1,2176,'test configrable',0.0000,14,1),(49,'2019-06-17',1,2215,'test product',100.0000,1,4),(50,'2019-06-17',1,2233,'test 9',0.0000,7,2),(51,'2019-06-17',1,2236,'test 10',0.0000,6,3),(52,'2019-06-18',1,2176,'test configrable',0.0000,17,1),(53,'2019-06-18',1,2213,'test 4',100.0000,1,5),(54,'2019-06-18',1,2214,'test 5',100.0000,1,6),(55,'2019-06-18',1,2225,'test 7',0.0000,3,3),(56,'2019-06-18',1,2230,'test 8',0.0000,1,7),(57,'2019-06-18',1,2233,'test 9',0.0000,2,4),(58,'2019-06-18',1,2236,'test 10',0.0000,5,2),(59,'2019-06-19',1,2213,'test 4',100.0000,1,2),(60,'2019-06-19',1,2236,'test 10',0.0000,2,1),(61,'2019-06-20',1,2176,'test configrable',0.0000,1,3),(62,'2019-06-20',1,2213,'test 4',100.0000,2,2),(63,'2019-06-20',1,2236,'test 10',0.0000,6,1),(64,'2019-06-21',1,2176,'test configrable',0.0000,3,1),(65,'2019-06-21',1,2233,'test 9',0.0000,1,2),(66,'2019-06-22',1,2239,'test 11',0.0000,1,1),(67,'2019-06-23',1,2176,'test configrable',0.0000,14,1),(68,'2019-06-23',1,2236,'test 10',0.0000,4,2),(69,'2019-06-23',1,2239,'test 11',0.0000,4,3),(70,'2019-06-24',1,2176,'test configrable',0.0000,15,1),(71,'2019-06-24',1,2213,'test 4',100.0000,1,3),(72,'2019-06-24',1,2236,'test 10',0.0000,1,4),(73,'2019-06-24',1,2239,'test 11',0.0000,3,2),(74,'2019-06-25',1,2176,'test configrable',0.0000,2,1),(75,'2019-06-25',1,2236,'test 10',0.0000,1,3),(76,'2019-06-25',1,2239,'test 11',0.0000,2,2),(77,'2019-06-26',1,2176,'test configrable',0.0000,1,2),(78,'2019-06-26',1,2236,'test 10',0.0000,2,1),(79,'2019-06-26',1,2239,'test 11',0.0000,1,3),(80,'2019-06-29',1,2176,'test configrable',0.0000,2,1),(81,'2019-07-14',1,2176,'test configrable',0.0000,1,1),(82,'2019-07-15',1,2176,'test configrable',0.0000,14,1),(83,'2019-07-15',1,2211,'test2',100.0000,2,3),(84,'2019-07-15',1,2214,'test 5',100.0000,1,4),(85,'2019-07-15',1,2230,'test 8',0.0000,1,5),(86,'2019-07-15',1,2233,'test 9',0.0000,4,2),(87,'2019-07-15',1,2236,'test 10',0.0000,1,6),(88,'2019-07-15',1,2239,'test 11',0.0000,1,7),(89,'2019-07-16',1,2176,'test configrable',0.0000,2,1),(90,'2019-09-09',1,2176,'test configrable',0.0000,1,1),(91,'2019-09-16',1,2176,'test configrable',0.0000,1,1),(92,'2019-09-18',1,2176,'test configrable',0.0000,2,1),(93,'2019-09-19',1,2174,'WOOLA LINE PLAZER',56.0000,2,1),(94,'2019-09-25',1,2174,'WOOLA LINE PLAZER',56.0000,2,2),(95,'2019-09-25',1,2176,'test configrable',0.0000,6,1),(96,'2019-09-27',1,2176,'test configrable',0.0000,3,1),(97,'2019-10-07',1,2176,'test configrable',0.0000,1,1),(98,'2019-10-08',1,2176,'test configrable',0.0000,1,1),(99,'2019-10-09',1,2176,'test configrable',0.0000,1,1),(100,'2019-10-11',1,2176,'test configrable',0.0000,1,1),(101,'2019-10-15',1,2176,'test configrable',0.0000,2,1),(102,'2019-10-16',1,2176,'test configrable',0.0000,1,1),(103,'2019-10-17',1,2214,'test 5',100.0000,1,2),(104,'2019-10-17',1,2236,'test 10',0.0000,2,1),(105,'2019-10-20',1,2176,'test configrable',0.0000,1,1),(106,'2019-10-20',1,2239,'test 11',0.0000,1,2),(107,'2019-10-21',1,2174,'WOOLA LINE PLAZER',56.0000,4,3),(108,'2019-10-21',1,2176,'test configrable',0.0000,12,1),(109,'2019-10-21',1,2211,'test2',100.0000,3,4),(110,'2019-10-21',1,2213,'test 4',100.0000,3,5),(111,'2019-10-21',1,2214,'test 5',100.0000,2,6),(112,'2019-10-21',1,2233,'test 9',0.0000,1,7),(113,'2019-10-21',1,2236,'test 10',0.0000,1,8),(114,'2019-10-21',1,2239,'test 11',0.0000,7,2),(115,'2019-10-22',1,2176,'test configrable',0.0000,13,1),(116,'2019-10-22',1,2211,'test2',100.0000,2,4),(117,'2019-10-22',1,2213,'test 4',100.0000,2,5),(118,'2019-10-22',1,2225,'test 7',0.0000,2,6),(119,'2019-10-22',1,2233,'test 9',0.0000,7,2),(120,'2019-10-22',1,2236,'test 10',0.0000,5,3),(121,'2019-10-22',1,2239,'test 11',0.0000,2,7),(122,'2019-10-23',1,2176,'test configrable',0.0000,2,1),(123,'2019-10-24',1,2176,'test configrable',0.0000,2,2),(124,'2019-10-24',1,2213,'test 4',100.0000,1,4),(125,'2019-10-24',1,2214,'test 5',100.0000,1,5),(126,'2019-10-24',1,2236,'test 10',0.0000,8,1),(127,'2019-10-24',1,2239,'test 11',0.0000,2,3),(128,'2019-10-25',1,2176,'test configrable',0.0000,2,1),(129,'2019-10-26',1,2176,'test configrable',0.0000,4,1),(130,'2019-10-26',1,2236,'test 10',0.0000,4,2),(131,'2019-10-27',1,2176,'test configrable',0.0000,23,1),(132,'2019-10-27',1,2211,'test2',100.0000,1,4),(133,'2019-10-27',1,2233,'test 9',0.0000,3,2),(134,'2019-10-27',1,2236,'test 10',0.0000,1,5),(135,'2019-10-27',1,2239,'test 11',0.0000,1,3),(136,'2019-10-28',1,2176,'test configrable',0.0000,21,2),(137,'2019-10-28',1,2211,'test2',100.0000,1,4),(138,'2019-10-28',1,2233,'test 9',0.0000,23,1),(139,'2019-10-28',1,2236,'test 10',0.0000,8,3),(140,'2019-10-28',1,2239,'test 11',0.0000,1,5),(141,'2019-11-04',1,2176,'test configrable',0.0000,3,2),(142,'2019-11-04',1,2327,'test size',0.0000,8,1),(143,'2019-11-08',1,2176,'test configrable',0.0000,2,1),(144,'2019-11-10',1,2176,'test configrable',0.0000,4,1),(145,'2019-11-10',1,2239,'test 11',0.0000,1,2),(146,'2019-11-11',1,2176,'test configrable',0.0000,3,1),(147,'2019-11-11',1,2211,'test2',100.0000,2,2),(256,'2019-11-12',1,2176,'test configrable',0.0000,1,1),(257,'2019-11-12',1,2211,'test2',100.0000,1,2),(258,'2019-11-12',1,2236,'test 10',0.0000,1,3),(259,'2019-11-13',1,2176,'test configrable',0.0000,1,1);

--
-- Table structure for table `mag2_report_viewed_product_aggregated_monthly`
--

CREATE TABLE `mag2_report_viewed_product_aggregated_monthly` (
  `id` int(10) unsigned NOT NULL AUTO_INCREMENT COMMENT 'Id',
  `period` date DEFAULT NULL COMMENT 'Period',
  `store_id` smallint(5) unsigned DEFAULT NULL COMMENT 'Store Id',
  `product_id` int(10) unsigned DEFAULT NULL COMMENT 'Product Id',
  `product_name` varchar(255) DEFAULT NULL COMMENT 'Product Name',
  `product_price` decimal(12,4) NOT NULL DEFAULT '0.0000' COMMENT 'Product Price',
  `views_num` int(11) NOT NULL DEFAULT '0' COMMENT 'Number of Views',
  `rating_pos` smallint(5) unsigned NOT NULL DEFAULT '0' COMMENT 'Rating Pos',
  PRIMARY KEY (`id`),
  UNIQUE KEY `MAG2_REPORT_VIEWED_PRD_AGGRED_MONTHLY_PERIOD_STORE_ID_PRD_ID` (`period`,`store_id`,`product_id`),
  KEY `MAG2_REPORT_VIEWED_PRODUCT_AGGREGATED_MONTHLY_STORE_ID` (`store_id`),
  KEY `MAG2_REPORT_VIEWED_PRODUCT_AGGREGATED_MONTHLY_PRODUCT_ID` (`product_id`),
  CONSTRAINT `FK_04958ADDDA65117EC917C4ABE0527576` FOREIGN KEY (`product_id`) REFERENCES `mag2_catalog_product_entity` (`entity_id`) ON DELETE CASCADE
) ENGINE=InnoDB AUTO_INCREMENT=55 DEFAULT CHARSET=utf8 COMMENT='Most Viewed Products Aggregated Monthly';

--
-- Dumping data for table `mag2_report_viewed_product_aggregated_monthly`
--

INSERT INTO `mag2_report_viewed_product_aggregated_monthly` VALUES (1,'2019-05-01',1,2176,'test configrable',0.0000,57,1),(2,'2019-05-01',1,2239,'test 11',0.0000,12,2),(3,'2019-05-01',1,2215,'test product',100.0000,10,3),(4,'2019-05-01',1,2174,'WOOLA LINE PLAZER',56.0000,6,4),(5,'2019-05-01',1,2236,'test 10',0.0000,6,5),(6,'2019-05-01',1,2220,'test 6',0.0000,5,6),(7,'2019-05-01',1,2225,'test 7',0.0000,4,7),(8,'2019-05-01',1,2233,'test 9',0.0000,3,8),(9,'2019-05-01',1,2214,'test 5',100.0000,2,10),(10,'2019-05-01',1,2230,'test 8',0.0000,2,9),(11,'2019-06-01',1,2176,'test configrable',0.0000,94,1),(12,'2019-06-01',1,2239,'test 11',0.0000,40,2),(13,'2019-06-01',1,2233,'test 9',0.0000,25,4),(14,'2019-06-01',1,2236,'test 10',0.0000,30,3),(15,'2019-06-01',1,2213,'test 4',100.0000,7,5),(16,'2019-06-01',1,2211,'test2',100.0000,3,7),(17,'2019-06-01',1,2225,'test 7',0.0000,3,6),(18,'2019-06-01',1,2212,'test3',100.0000,2,8),(19,'2019-06-01',1,2230,'test 8',0.0000,1,11),(20,'2019-06-01',1,2214,'test 5',100.0000,1,12),(21,'2019-06-01',1,2174,'WOOLA LINE PLAZER',56.0000,1,9),(22,'2019-06-01',1,2215,'test product',100.0000,1,10),(23,'2019-07-01',1,2176,'test configrable',0.0000,17,1),(24,'2019-07-01',1,2233,'test 9',0.0000,4,2),(25,'2019-07-01',1,2211,'test2',100.0000,2,3),(26,'2019-07-01',1,2230,'test 8',0.0000,1,5),(27,'2019-07-01',1,2239,'test 11',0.0000,1,6),(28,'2019-07-01',1,2214,'test 5',100.0000,1,7),(29,'2019-07-01',1,2236,'test 10',0.0000,1,4),(30,'2019-09-01',1,2176,'test configrable',0.0000,13,1),(31,'2019-09-01',1,2174,'WOOLA LINE PLAZER',56.0000,4,2),(32,'2019-10-01',1,2176,'test configrable',0.0000,87,1),(33,'2019-10-01',1,2233,'test 9',0.0000,34,2),(34,'2019-10-01',1,2236,'test 10',0.0000,29,3),(35,'2019-10-01',1,2239,'test 11',0.0000,14,4),(36,'2019-10-01',1,2211,'test2',100.0000,7,5),(37,'2019-10-01',1,2213,'test 4',100.0000,6,6),(38,'2019-10-01',1,2214,'test 5',100.0000,4,7),(39,'2019-10-01',1,2174,'WOOLA LINE PLAZER',56.0000,4,8),(40,'2019-10-01',1,2225,'test 7',0.0000,2,9),(41,'2019-11-01',1,2176,'test configrable',0.0000,14,1),(42,'2019-11-01',1,2327,'test size',0.0000,8,2),(43,'2019-11-01',1,2211,'test2',100.0000,3,3),(44,'2019-11-01',1,2239,'test 11',0.0000,1,5),(54,'2019-11-01',1,2236,'test 10',0.0000,1,4);

--
-- Table structure for table `mag2_report_viewed_product_aggregated_yearly`
--

CREATE TABLE `mag2_report_viewed_product_aggregated_yearly` (
  `id` int(10) unsigned NOT NULL AUTO_INCREMENT COMMENT 'Id',
  `period` date DEFAULT NULL COMMENT 'Period',
  `store_id` smallint(5) unsigned DEFAULT NULL COMMENT 'Store Id',
  `product_id` int(10) unsigned DEFAULT NULL COMMENT 'Product Id',
  `product_name` varchar(255) DEFAULT NULL COMMENT 'Product Name',
  `product_price` decimal(12,4) NOT NULL DEFAULT '0.0000' COMMENT 'Product Price',
  `views_num` int(11) NOT NULL DEFAULT '0' COMMENT 'Number of Views',
  `rating_pos` smallint(5) unsigned NOT NULL DEFAULT '0' COMMENT 'Rating Pos',
  PRIMARY KEY (`id`),
  UNIQUE KEY `MAG2_REPORT_VIEWED_PRD_AGGRED_YEARLY_PERIOD_STORE_ID_PRD_ID` (`period`,`store_id`,`product_id`),
  KEY `MAG2_REPORT_VIEWED_PRODUCT_AGGREGATED_YEARLY_STORE_ID` (`store_id`),
  KEY `MAG2_REPORT_VIEWED_PRODUCT_AGGREGATED_YEARLY_PRODUCT_ID` (`product_id`),
  CONSTRAINT `FK_4F52D09963FBB542717D6221CB861EC3` FOREIGN KEY (`product_id`) REFERENCES `mag2_catalog_product_entity` (`entity_id`) ON DELETE CASCADE
) ENGINE=InnoDB AUTO_INCREMENT=15 DEFAULT CHARSET=utf8 COMMENT='Most Viewed Products Aggregated Yearly';

--
-- Dumping data for table `mag2_report_viewed_product_aggregated_yearly`
--

INSERT INTO `mag2_report_viewed_product_aggregated_yearly` VALUES (1,'2019-01-01',1,2176,'test configrable',0.0000,282,1),(2,'2019-01-01',1,2239,'test 11',0.0000,68,2),(3,'2019-01-01',1,2233,'test 9',0.0000,66,4),(4,'2019-01-01',1,2236,'test 10',0.0000,67,3),(5,'2019-01-01',1,2215,'test product',100.0000,11,8),(6,'2019-01-01',1,2174,'WOOLA LINE PLAZER',56.0000,15,5),(7,'2019-01-01',1,2225,'test 7',0.0000,9,9),(8,'2019-01-01',1,2213,'test 4',100.0000,13,7),(9,'2019-01-01',1,2220,'test 6',0.0000,5,12),(10,'2019-01-01',1,2214,'test 5',100.0000,8,11),(11,'2019-01-01',1,2230,'test 8',0.0000,4,13),(12,'2019-01-01',1,2211,'test2',100.0000,15,6),(13,'2019-01-01',1,2212,'test3',100.0000,2,14),(14,'2019-01-01',1,2327,'test size',0.0000,8,10);

--
-- Table structure for table `mag2_report_viewed_product_index`
--

CREATE TABLE `mag2_report_viewed_product_index` (
  `index_id` bigint(20) unsigned NOT NULL AUTO_INCREMENT COMMENT 'Index Id',
  `visitor_id` int(10) unsigned DEFAULT NULL COMMENT 'Visitor Id',
  `customer_id` int(10) unsigned DEFAULT NULL COMMENT 'Customer Id',
  `product_id` int(10) unsigned NOT NULL COMMENT 'Product Id',
  `store_id` smallint(5) unsigned DEFAULT NULL COMMENT 'Store Id',
  `added_at` timestamp NOT NULL DEFAULT CURRENT_TIMESTAMP COMMENT 'Added At',
  PRIMARY KEY (`index_id`),
  UNIQUE KEY `MAG2_REPORT_VIEWED_PRODUCT_INDEX_VISITOR_ID_PRODUCT_ID` (`visitor_id`,`product_id`),
  UNIQUE KEY `MAG2_REPORT_VIEWED_PRODUCT_INDEX_CUSTOMER_ID_PRODUCT_ID` (`customer_id`,`product_id`),
  KEY `MAG2_REPORT_VIEWED_PRODUCT_INDEX_STORE_ID` (`store_id`),
  KEY `MAG2_REPORT_VIEWED_PRODUCT_INDEX_ADDED_AT` (`added_at`),
  KEY `MAG2_REPORT_VIEWED_PRODUCT_INDEX_PRODUCT_ID` (`product_id`),
  CONSTRAINT `MAG2_REPORT_VIEWED_PRD_IDX_PRD_ID_MAG2_CAT_PRD_ENTT_ENTT_ID` FOREIGN KEY (`product_id`) REFERENCES `mag2_catalog_product_entity` (`entity_id`) ON DELETE CASCADE
) ENGINE=InnoDB AUTO_INCREMENT=25660 DEFAULT CHARSET=utf8 COMMENT='Reports Viewed Product Index Table';

--
-- Dumping data for table `mag2_report_viewed_product_index`
--

INSERT INTO `mag2_report_viewed_product_index` VALUES (0,0,NULL,25768,1,'2023-03-18 15:14:18'),(711,NULL,3,2174,1,'2019-05-21 11:33:21'),(781,NULL,3,2236,1,'2019-05-23 08:23:01'),(787,NULL,3,2239,1,'2019-05-25 19:49:40'),(791,NULL,3,2230,1,'2019-05-26 09:10:14'),(807,NULL,6,2239,1,'2019-05-28 10:18:17'),(821,NULL,9,2239,1,'2019-06-02 11:01:30'),(829,NULL,9,2233,1,'2019-06-02 11:59:15'),(836,NULL,3,2213,1,'2019-06-02 20:11:34'),(842,NULL,3,2211,1,'2019-06-02 23:58:59'),(925,NULL,3,2176,1,'2019-06-18 08:40:30'),(960,NULL,3,2233,1,'2019-06-21 07:48:12'),(964,NULL,11,2239,1,'2019-06-22 20:59:27'),(988,NULL,12,2176,1,'2019-06-24 08:00:44'),(1016,NULL,14,2176,1,'2019-07-15 07:23:36'),(1022,NULL,14,2236,1,'2019-07-15 08:25:25'),(1023,NULL,14,2211,1,'2019-07-15 08:59:00'),(1036,NULL,14,2214,1,'2019-07-15 10:45:06'),(1037,NULL,14,2230,1,'2019-07-15 10:51:25'),(1377,NULL,16,2211,1,'2019-12-16 10:52:05'),(1412,NULL,16,2239,1,'2019-12-17 09:47:37'),(1415,NULL,16,2327,1,'2019-12-17 10:40:35'),(1437,NULL,16,2176,1,'2019-12-17 13:17:28'),(1443,NULL,16,2233,1,'2019-12-18 06:13:29'),(1447,NULL,17,2176,1,'2019-12-18 07:45:48'),(1448,NULL,17,2233,1,'2019-12-18 07:51:17'),(1452,NULL,17,2214,1,'2019-12-18 08:10:40'),(1463,NULL,16,2236,1,'2019-12-18 08:37:21'),(1474,NULL,17,2174,1,'2019-12-18 08:58:41'),(1484,NULL,17,2239,1,'2019-12-18 10:38:58'),(1494,NULL,17,2211,1,'2019-12-18 12:20:05'),(1500,NULL,17,2225,1,'2019-12-18 12:27:21'),(1502,NULL,16,2225,1,'2019-12-18 12:37:19'),(1561,NULL,16,2174,1,'2019-12-19 11:32:28'),(1580,NULL,16,2230,1,'2019-12-22 12:55:16'),(1582,NULL,16,2214,1,'2019-12-22 12:55:52'),(1613,NULL,16,2213,1,'2019-12-25 08:26:50'),(1641,NULL,18,2239,1,'2020-01-23 09:50:55'),(1642,NULL,18,2233,1,'2020-01-23 09:50:58'),(1643,NULL,18,2176,1,'2020-01-23 09:56:29'),(1646,NULL,3,2327,1,'2020-01-23 13:22:49'),(2411,NULL,19,7,1,'2021-01-26 09:56:54'),(2519,NULL,19,1613,1,'2021-02-09 09:23:52'),(2523,NULL,3,1676,1,'2021-02-12 22:09:03'),(2540,NULL,20,1613,1,'2021-02-18 09:08:27'),(2592,NULL,20,1606,1,'2021-02-21 11:35:55'),(2594,NULL,20,28,1,'2021-02-21 11:37:00'),(2595,NULL,20,1669,1,'2021-02-21 11:39:19'),(2811,NULL,NULL,758,1,'2021-02-27 11:53:18'),(2812,NULL,NULL,648,1,'2021-02-27 12:37:46'),(2814,NULL,NULL,697,1,'2021-02-27 13:45:07'),(2815,NULL,NULL,1297,1,'2021-02-27 14:54:42'),(2816,NULL,NULL,1199,1,'2021-02-27 15:29:56'),(2817,NULL,NULL,56,1,'2021-02-27 16:14:57'),(2818,NULL,NULL,1052,1,'2021-02-27 16:59:04'),(2823,NULL,NULL,376,1,'2021-02-27 19:53:19'),(2824,NULL,NULL,173,1,'2021-02-27 19:55:04'),(2825,NULL,NULL,550,1,'2021-02-27 19:56:46'),(2827,NULL,NULL,1419,1,'2021-02-27 20:09:09'),(2828,NULL,NULL,1101,1,'2021-02-27 21:52:19'),(2829,NULL,NULL,452,1,'2021-02-27 22:06:15'),(2830,NULL,NULL,1565,1,'2021-02-27 22:20:33'),(2836,NULL,NULL,42,1,'2021-02-28 02:21:47'),(2840,NULL,NULL,1248,1,'2021-02-28 05:07:55'),(2842,NULL,NULL,1599,1,'2021-02-28 06:05:15'),(2843,NULL,NULL,21,1,'2021-02-28 06:15:49'),(2850,NULL,NULL,452,1,'2021-02-28 16:43:30'),(2861,NULL,NULL,383,1,'2021-03-02 11:20:41'),(2981,NULL,NULL,320,1,'2021-03-05 01:42:09'),(2982,NULL,NULL,1592,1,'2021-03-05 02:21:44'),(2993,NULL,NULL,905,1,'2021-03-05 03:30:59'),(3023,NULL,NULL,1052,1,'2021-03-05 13:09:18'),(3290,NULL,NULL,807,1,'2021-03-08 13:16:32'),(3336,NULL,NULL,2011,1,'2021-03-10 15:20:57'),(3567,NULL,NULL,1938,1,'2021-03-17 02:50:55'),(3571,NULL,NULL,1865,1,'2021-03-17 12:59:29'),(3908,NULL,NULL,807,1,'2021-03-24 23:46:52'),(3935,NULL,NULL,1676,1,'2021-03-26 17:22:34'),(3936,NULL,NULL,1592,1,'2021-03-26 17:22:58'),(3937,NULL,NULL,7,1,'2021-03-26 17:23:45'),(3938,NULL,NULL,1613,1,'2021-03-26 17:24:32'),(3939,NULL,NULL,1669,1,'2021-03-26 17:25:19'),(3981,NULL,NULL,2011,1,'2021-03-29 03:12:47'),(3982,NULL,NULL,1419,1,'2021-03-29 03:13:05'),(3983,NULL,NULL,1865,1,'2021-03-29 03:13:24'),(3984,NULL,NULL,2084,1,'2021-03-29 03:13:57'),(3985,NULL,NULL,1565,1,'2021-03-29 03:14:34'),(4001,NULL,NULL,56,1,'2021-03-29 20:53:38'),(4014,NULL,NULL,758,1,'2021-03-30 04:19:10'),(4023,NULL,NULL,173,1,'2021-03-30 07:58:04'),(4027,NULL,NULL,383,1,'2021-03-30 09:30:02'),(4028,NULL,NULL,1676,1,'2021-03-30 10:24:32'),(4029,NULL,NULL,648,1,'2021-03-30 11:55:04'),(4031,NULL,NULL,1613,1,'2021-03-30 14:14:14'),(4038,NULL,NULL,7,1,'2021-03-30 19:28:47'),(4039,NULL,NULL,42,1,'2021-03-30 19:43:47'),(4040,NULL,NULL,550,1,'2021-03-30 19:59:33'),(4041,NULL,NULL,1346,1,'2021-03-30 21:35:03'),(4043,NULL,NULL,320,1,'2021-03-30 22:08:28'),(4046,NULL,NULL,1592,1,'2021-03-31 00:52:43'),(4048,NULL,NULL,1565,1,'2021-03-31 02:43:01'),(4060,NULL,NULL,124,1,'2021-03-31 10:14:17'),(4159,NULL,NULL,1579,1,'2021-04-01 07:44:03'),(4237,NULL,NULL,954,1,'2021-04-01 13:11:56'),(4238,NULL,NULL,1150,1,'2021-04-01 13:12:21'),(4241,NULL,NULL,452,1,'2021-04-01 14:17:22'),(4249,NULL,NULL,105,1,'2021-04-01 17:28:32'),(4255,NULL,NULL,369,1,'2021-04-02 04:37:22'),(4260,NULL,NULL,1865,1,'2021-04-02 09:29:05'),(4307,NULL,NULL,35,1,'2021-04-02 17:59:07'),(4309,NULL,NULL,1865,1,'2021-04-02 18:51:57'),(4311,NULL,NULL,2011,1,'2021-04-02 19:02:06'),(4326,NULL,NULL,369,1,'2021-04-03 13:37:03'),(4348,NULL,NULL,25072,1,'2021-04-04 01:53:18'),(4352,NULL,NULL,1003,1,'2021-04-04 06:55:33'),(4353,NULL,NULL,1248,1,'2021-04-04 06:55:56'),(4354,NULL,NULL,1199,1,'2021-04-04 06:56:20'),(4355,NULL,NULL,1346,1,'2021-04-04 06:56:45'),(4356,NULL,NULL,1101,1,'2021-04-04 06:57:11'),(4438,NULL,NULL,2011,1,'2021-04-05 20:24:24'),(4444,NULL,NULL,1052,1,'2021-04-05 23:15:57'),(4486,NULL,NULL,2011,1,'2021-04-06 18:51:04'),(4487,NULL,NULL,1865,1,'2021-04-06 19:01:11'),(4493,NULL,NULL,1419,1,'2021-04-06 21:42:48'),(4553,NULL,NULL,25072,1,'2021-04-08 17:28:41'),(4561,NULL,NULL,954,1,'2021-04-08 20:35:45'),(4590,NULL,NULL,1003,1,'2021-04-10 03:24:54'),(4600,NULL,NULL,1297,1,'2021-04-10 14:58:58'),(4604,NULL,NULL,1865,1,'2021-04-10 17:21:55'),(4613,NULL,NULL,2084,1,'2021-04-10 21:22:36'),(4625,NULL,NULL,1865,1,'2021-04-11 07:46:17'),(4641,NULL,NULL,1865,1,'2021-04-12 02:42:50'),(4645,NULL,NULL,1865,1,'2021-04-12 14:16:57'),(4660,NULL,NULL,396,1,'2021-04-13 04:57:16'),(4684,NULL,NULL,452,1,'2021-04-13 17:10:02'),(4734,NULL,NULL,35,1,'2021-04-14 05:07:51'),(4800,NULL,NULL,1865,1,'2021-04-14 19:49:03'),(4931,NULL,NULL,124,1,'2021-04-16 19:50:08'),(4951,NULL,NULL,1003,1,'2021-04-16 23:21:15'),(4954,NULL,NULL,1938,1,'2021-04-17 03:11:48'),(4955,NULL,NULL,396,1,'2021-04-17 05:49:48'),(5205,NULL,NULL,25121,1,'2021-04-18 23:08:43'),(5413,NULL,NULL,452,1,'2021-04-21 02:10:02'),(5466,NULL,NULL,1865,1,'2021-04-22 02:27:16'),(5484,NULL,NULL,1865,1,'2021-04-22 14:03:24'),(5515,NULL,NULL,1865,1,'2021-04-23 01:29:25'),(5523,NULL,NULL,1865,1,'2021-04-23 09:51:41'),(5568,NULL,NULL,25243,1,'2021-04-24 00:12:41'),(5569,NULL,NULL,25170,1,'2021-04-24 01:22:40'),(5662,NULL,NULL,1865,1,'2021-04-25 19:08:01'),(5672,NULL,NULL,1865,1,'2021-04-26 04:20:33'),(5690,NULL,NULL,25243,1,'2021-04-26 21:00:19'),(5717,NULL,NULL,1865,1,'2021-04-28 05:50:33'),(5719,NULL,NULL,1865,1,'2021-04-28 15:11:43'),(5727,NULL,NULL,1865,1,'2021-04-29 00:34:55'),(5746,NULL,NULL,1865,1,'2021-04-29 09:18:31'),(5748,NULL,NULL,1199,1,'2021-04-29 10:06:22'),(5765,NULL,NULL,383,1,'2021-04-29 14:22:08'),(5789,NULL,NULL,1865,1,'2021-04-29 18:51:13'),(5807,NULL,NULL,1613,1,'2021-04-29 23:19:29'),(5824,NULL,NULL,56,1,'2021-04-30 02:09:36'),(5844,NULL,NULL,42,1,'2021-04-30 05:39:01'),(5847,NULL,NULL,376,1,'2021-04-30 07:11:22'),(5848,NULL,NULL,320,1,'2021-04-30 09:18:30'),(5913,NULL,NULL,21,1,'2021-05-01 08:52:47'),(5933,NULL,NULL,1865,1,'2021-05-02 02:46:08'),(5935,NULL,NULL,1865,1,'2021-05-02 11:27:28'),(5942,NULL,NULL,1865,1,'2021-05-02 21:10:57'),(5946,NULL,NULL,1606,1,'2021-05-03 01:17:18'),(5950,NULL,NULL,369,1,'2021-05-03 05:04:52'),(5952,NULL,NULL,1865,1,'2021-05-03 07:08:51'),(5953,NULL,NULL,1579,1,'2021-05-03 07:31:19'),(5963,NULL,NULL,1865,1,'2021-05-03 16:02:05'),(5974,NULL,NULL,1865,1,'2021-05-04 01:11:56'),(5986,NULL,NULL,1865,1,'2021-05-04 14:01:05'),(5995,NULL,NULL,1565,1,'2021-05-04 20:53:13'),(5997,NULL,NULL,1599,1,'2021-05-04 22:57:28'),(5998,NULL,NULL,1865,1,'2021-05-04 23:32:43'),(6020,NULL,NULL,1865,1,'2021-05-05 10:55:54'),(6039,NULL,NULL,1865,1,'2021-05-05 20:10:54'),(6056,NULL,NULL,1865,1,'2021-05-06 06:48:19'),(6058,NULL,NULL,758,1,'2021-05-06 08:53:47'),(6063,NULL,NULL,1865,1,'2021-05-06 16:42:50'),(6090,NULL,NULL,1865,1,'2021-05-07 02:25:45'),(6106,NULL,NULL,1865,1,'2021-05-07 16:20:52'),(6135,NULL,NULL,1865,1,'2021-05-08 15:24:45'),(6137,NULL,NULL,758,1,'2021-05-08 20:48:22'),(6149,NULL,NULL,25072,1,'2021-05-09 07:04:18'),(6276,NULL,NULL,1865,1,'2021-05-11 20:51:41'),(6320,NULL,NULL,1865,1,'2021-05-13 11:35:23'),(6322,NULL,NULL,1150,1,'2021-05-13 15:00:55'),(6327,NULL,NULL,1865,1,'2021-05-14 03:57:26'),(6343,NULL,NULL,1865,1,'2021-05-14 15:30:14'),(6344,NULL,NULL,35,1,'2021-05-14 18:07:49'),(6354,NULL,NULL,1865,1,'2021-05-15 00:33:25'),(6364,NULL,NULL,1865,1,'2021-05-15 19:46:53'),(6411,NULL,NULL,1865,1,'2021-05-17 06:08:16'),(6445,NULL,NULL,1003,1,'2021-05-17 16:20:42'),(6449,NULL,NULL,1865,1,'2021-05-17 19:00:50'),(6463,NULL,NULL,1865,1,'2021-05-18 04:53:37'),(6480,NULL,NULL,1865,1,'2021-05-18 19:28:59'),(6484,NULL,NULL,222,1,'2021-05-18 21:21:32'),(6498,NULL,NULL,1865,1,'2021-05-19 07:54:46'),(6540,NULL,NULL,1865,1,'2021-05-19 21:18:05'),(6558,NULL,NULL,1865,1,'2021-05-20 08:45:09'),(6559,NULL,NULL,1865,1,'2021-05-20 08:56:43'),(6563,NULL,NULL,1865,1,'2021-05-20 18:28:20'),(6565,NULL,NULL,1865,1,'2021-05-21 03:00:49'),(6570,NULL,NULL,1865,1,'2021-05-21 16:35:12'),(6583,NULL,NULL,1865,1,'2021-05-22 16:36:43'),(6590,NULL,NULL,1865,1,'2021-05-23 03:42:25'),(6611,NULL,NULL,1865,1,'2021-05-23 12:25:26'),(6639,NULL,NULL,1865,1,'2021-05-23 22:39:40'),(6652,NULL,NULL,1865,1,'2021-05-24 07:44:39'),(6825,NULL,NULL,1865,1,'2021-05-24 16:48:27'),(6975,NULL,NULL,1865,1,'2021-05-25 02:57:10'),(6990,NULL,NULL,1865,1,'2021-05-25 13:21:00'),(7003,NULL,NULL,807,1,'2021-05-25 16:15:49'),(7063,NULL,NULL,1865,1,'2021-05-25 21:54:44'),(7144,NULL,NULL,1865,1,'2021-05-26 06:37:19'),(7177,NULL,NULL,1865,1,'2021-05-26 17:39:09'),(7199,NULL,NULL,1865,1,'2021-05-27 02:43:01'),(7223,NULL,NULL,2084,1,'2021-05-27 12:48:03'),(7224,NULL,NULL,1865,1,'2021-05-27 13:06:43'),(7232,NULL,NULL,25243,1,'2021-05-27 23:14:27'),(7233,NULL,NULL,1865,1,'2021-05-28 00:40:59'),(7239,NULL,NULL,1865,1,'2021-05-28 15:35:20'),(7250,NULL,NULL,1865,1,'2021-05-29 01:37:50'),(7268,NULL,NULL,1865,1,'2021-05-29 11:58:14'),(7276,NULL,NULL,1865,1,'2021-05-29 22:31:34'),(7280,NULL,NULL,1613,1,'2021-05-30 04:34:01'),(7283,NULL,NULL,1579,1,'2021-05-30 09:02:33'),(7285,NULL,NULL,1865,1,'2021-05-30 13:28:08'),(7308,NULL,NULL,56,1,'2021-05-30 19:11:00'),(7322,NULL,NULL,1676,1,'2021-05-31 03:57:44'),(7325,NULL,NULL,1865,1,'2021-05-31 09:35:56'),(7334,NULL,NULL,550,1,'2021-05-31 16:08:49'),(7335,NULL,NULL,1101,1,'2021-05-31 16:28:17'),(7370,NULL,NULL,21,1,'2021-06-01 18:58:43'),(7421,NULL,NULL,105,1,'2021-06-02 23:19:02'),(7422,NULL,NULL,369,1,'2021-06-03 01:05:04'),(7425,NULL,NULL,1865,1,'2021-06-03 02:21:09'),(7460,NULL,NULL,1865,1,'2021-06-03 19:26:42'),(7529,NULL,NULL,1865,1,'2021-06-04 05:54:36'),(7530,NULL,NULL,1865,1,'2021-06-04 05:54:38'),(7669,NULL,NULL,1865,1,'2021-06-05 19:54:55'),(7696,NULL,NULL,1865,1,'2021-06-06 05:30:15'),(7941,NULL,NULL,25312,1,'2021-06-08 17:42:04'),(8143,NULL,NULL,1150,1,'2021-06-13 02:09:44'),(8744,NULL,NULL,1865,1,'2021-06-30 17:59:47'),(8943,NULL,NULL,21,1,'2021-07-07 06:07:35'),(9119,NULL,NULL,1297,1,'2021-07-16 17:11:10'),(9121,NULL,NULL,758,1,'2021-07-16 20:48:54'),(9122,NULL,NULL,697,1,'2021-07-16 21:55:11'),(9189,NULL,25,1492,1,'2021-07-21 12:19:38'),(9196,NULL,25,369,1,'2021-07-21 12:35:04'),(9197,NULL,25,320,1,'2021-07-21 12:36:06'),(9199,NULL,25,1606,1,'2021-07-21 12:40:56'),(9201,NULL,25,14,1,'2021-07-21 12:42:06'),(9202,NULL,25,25263,1,'2021-07-21 12:42:15'),(9203,NULL,25,56,1,'2021-07-21 12:42:49'),(9204,NULL,25,105,1,'2021-07-21 12:46:50'),(9240,NULL,NULL,1599,1,'2021-07-23 11:52:07'),(9241,NULL,NULL,1572,1,'2021-07-23 11:52:20'),(9249,NULL,NULL,1865,1,'2021-07-24 18:36:25'),(9264,NULL,NULL,1865,1,'2021-07-25 06:00:07'),(9428,NULL,26,1669,1,'2021-08-01 11:56:16'),(9429,NULL,26,7,1,'2021-08-01 11:56:59'),(9430,NULL,26,1592,1,'2021-08-01 11:57:20'),(9431,NULL,26,25263,1,'2021-08-01 11:57:54'),(9432,NULL,26,1572,1,'2021-08-01 11:58:26'),(9433,NULL,26,25256,1,'2021-08-01 11:59:01'),(9434,NULL,26,1606,1,'2021-08-01 11:59:30'),(9435,NULL,26,28,1,'2021-08-01 12:00:00'),(9437,NULL,26,369,1,'2021-08-01 12:01:14'),(9438,NULL,26,320,1,'2021-08-01 12:01:40'),(9439,NULL,26,271,1,'2021-08-01 12:02:02'),(9440,NULL,26,105,1,'2021-08-01 12:02:39'),(9441,NULL,26,124,1,'2021-08-01 12:03:16'),(9442,NULL,26,56,1,'2021-08-01 12:03:39'),(9443,NULL,26,49,1,'2021-08-01 12:03:59'),(9444,NULL,26,35,1,'2021-08-01 12:04:35'),(9445,NULL,26,1346,1,'2021-08-01 12:05:38'),(9446,NULL,26,1248,1,'2021-08-01 12:05:59'),(9447,NULL,26,905,1,'2021-08-01 12:06:40'),(9448,NULL,26,376,1,'2021-08-01 12:07:10'),(9655,NULL,NULL,2084,1,'2021-08-12 09:15:45'),(9658,NULL,26,1620,1,'2021-08-13 02:17:04'),(9867,NULL,NULL,1492,1,'2021-08-19 02:17:53'),(9964,NULL,NULL,25121,1,'2021-08-24 09:05:40'),(9977,NULL,NULL,105,1,'2021-08-25 00:41:06'),(10013,NULL,NULL,1579,1,'2021-08-26 15:12:13'),(10023,NULL,NULL,396,1,'2021-08-29 04:15:37'),(10029,NULL,NULL,173,1,'2021-08-29 22:10:36'),(10032,NULL,NULL,173,1,'2021-08-30 11:55:36'),(10040,NULL,NULL,383,1,'2021-08-31 14:31:25'),(10041,NULL,NULL,173,1,'2021-08-31 15:38:52'),(10047,NULL,NULL,173,1,'2021-09-01 09:19:28'),(10054,NULL,NULL,173,1,'2021-09-02 03:32:31'),(10064,NULL,NULL,25170,1,'2021-09-03 05:16:54'),(10177,NULL,NULL,25263,1,'2021-09-06 04:45:17'),(10181,NULL,NULL,1865,1,'2021-09-06 06:36:29'),(10202,NULL,NULL,1865,1,'2021-09-08 13:56:27'),(10235,NULL,NULL,173,1,'2021-09-09 21:50:35'),(10547,NULL,NULL,173,1,'2021-09-19 19:37:18'),(10572,NULL,NULL,2084,1,'2021-09-22 05:17:41'),(10616,NULL,NULL,1592,1,'2021-09-25 01:10:16'),(10620,NULL,NULL,1592,1,'2021-09-26 04:20:42'),(10642,NULL,NULL,1150,1,'2021-09-29 08:58:09'),(10652,NULL,NULL,1150,1,'2021-09-30 00:14:25'),(10674,NULL,NULL,173,1,'2021-10-01 10:21:50'),(10689,NULL,NULL,173,1,'2021-10-02 09:21:54'),(10690,NULL,NULL,1419,1,'2021-10-03 02:44:33'),(10827,NULL,NULL,173,1,'2021-10-14 11:01:37'),(10839,NULL,NULL,2011,1,'2021-10-17 05:57:44'),(10852,NULL,NULL,1492,1,'2021-10-19 01:10:35'),(10857,NULL,NULL,1865,1,'2021-10-19 14:59:42'),(11062,NULL,NULL,124,1,'2021-10-26 10:58:21'),(11087,NULL,NULL,124,1,'2021-10-29 13:41:21'),(11104,NULL,NULL,124,1,'2021-10-30 10:41:21'),(11138,NULL,NULL,1865,1,'2021-10-31 22:00:51'),(11145,NULL,NULL,173,1,'2021-11-01 18:24:05'),(11151,NULL,NULL,124,1,'2021-11-02 01:41:21'),(11155,NULL,NULL,173,1,'2021-11-02 18:29:45'),(11160,NULL,NULL,1865,1,'2021-11-03 04:34:21'),(11388,NULL,NULL,25263,1,'2021-11-05 06:33:11'),(11391,NULL,NULL,2084,1,'2021-11-05 08:17:20'),(11394,NULL,NULL,173,1,'2021-11-05 08:47:10'),(11400,NULL,NULL,2011,1,'2021-11-06 01:35:43'),(11431,NULL,NULL,25256,1,'2021-11-08 20:05:05'),(11436,NULL,NULL,1620,1,'2021-11-09 13:10:16'),(11454,NULL,NULL,7,1,'2021-11-10 05:34:59'),(11467,NULL,NULL,1052,1,'2021-11-10 17:04:38'),(11480,NULL,NULL,2084,1,'2021-11-11 16:43:46'),(11481,NULL,NULL,954,1,'2021-11-11 17:58:28'),(11482,NULL,NULL,1865,1,'2021-11-11 18:20:58'),(11488,NULL,NULL,1865,1,'2021-11-13 02:48:53'),(11586,NULL,NULL,1620,1,'2021-11-21 04:31:23'),(11588,NULL,NULL,1865,1,'2021-11-21 05:35:09'),(11871,NULL,NULL,25319,1,'2021-12-07 22:14:03'),(11875,NULL,NULL,1003,1,'2021-12-08 17:44:07'),(11920,NULL,NULL,1150,1,'2021-12-12 03:58:26'),(11936,NULL,NULL,856,1,'2021-12-14 10:27:50'),(11940,NULL,NULL,1492,1,'2021-12-15 03:44:57'),(11946,NULL,NULL,648,1,'2021-12-15 06:30:09'),(11950,NULL,NULL,21,1,'2021-12-15 09:28:32'),(11953,NULL,NULL,758,1,'2021-12-15 10:56:12'),(11956,NULL,NULL,7,1,'2021-12-15 15:40:11'),(11958,NULL,NULL,42,1,'2021-12-15 19:10:35'),(11959,NULL,NULL,369,1,'2021-12-15 20:16:05'),(11963,NULL,NULL,1938,1,'2021-12-15 23:03:13'),(11966,NULL,NULL,1150,1,'2021-12-16 01:17:12'),(11969,NULL,NULL,1150,1,'2021-12-16 04:31:23'),(11970,NULL,NULL,1865,1,'2021-12-16 04:51:23'),(11971,NULL,NULL,173,1,'2021-12-16 05:11:46'),(11972,NULL,NULL,954,1,'2021-12-16 06:29:50'),(11974,NULL,NULL,383,1,'2021-12-16 10:19:09'),(11978,NULL,NULL,1592,1,'2021-12-16 19:47:35'),(11982,NULL,NULL,21,1,'2021-12-17 01:53:45'),(11983,NULL,NULL,1572,1,'2021-12-17 02:24:53'),(11985,NULL,NULL,1865,1,'2021-12-17 05:19:04'),(11987,NULL,NULL,1676,1,'2021-12-18 01:19:57'),(11988,NULL,NULL,1865,1,'2021-12-18 03:55:57'),(11994,NULL,NULL,25319,1,'2021-12-19 05:22:49'),(11995,NULL,NULL,376,1,'2021-12-19 05:35:42'),(11997,NULL,NULL,1865,1,'2021-12-19 08:32:31'),(12003,NULL,NULL,42,1,'2021-12-19 12:17:41'),(12004,NULL,NULL,1248,1,'2021-12-19 13:37:07'),(12005,NULL,NULL,2011,1,'2021-12-19 15:08:24'),(12011,NULL,NULL,1676,1,'2021-12-19 17:12:02'),(12012,NULL,NULL,2084,1,'2021-12-19 18:07:57'),(12022,NULL,NULL,1052,1,'2021-12-19 20:17:38'),(12023,NULL,NULL,954,1,'2021-12-19 20:26:43'),(12036,NULL,NULL,1938,1,'2021-12-19 22:25:20'),(12042,NULL,NULL,856,1,'2021-12-19 23:36:14'),(12043,NULL,NULL,1599,1,'2021-12-20 01:15:10'),(12046,NULL,NULL,648,1,'2021-12-20 02:34:32'),(12047,NULL,NULL,1865,1,'2021-12-20 02:39:00'),(12048,NULL,NULL,396,1,'2021-12-20 02:43:57'),(12055,NULL,NULL,1572,1,'2021-12-20 06:22:14'),(12060,NULL,NULL,124,1,'2021-12-20 07:42:17'),(12061,NULL,NULL,1620,1,'2021-12-20 08:56:24'),(12063,NULL,NULL,648,1,'2021-12-20 11:41:47'),(12070,NULL,NULL,1865,1,'2021-12-20 14:40:01'),(12071,NULL,NULL,1620,1,'2021-12-20 15:25:01'),(12077,NULL,NULL,28,1,'2021-12-20 17:50:19'),(12079,NULL,NULL,856,1,'2021-12-20 20:28:33'),(12080,NULL,NULL,21,1,'2021-12-20 20:50:00'),(12081,NULL,NULL,21,1,'2021-12-20 21:00:00'),(12101,NULL,NULL,452,1,'2021-12-21 10:44:36'),(12108,NULL,NULL,1419,1,'2021-12-21 13:12:12'),(12129,NULL,NULL,2084,1,'2021-12-22 09:14:37'),(12130,NULL,NULL,1676,1,'2021-12-22 09:25:51'),(12131,NULL,NULL,1865,1,'2021-12-22 09:29:36'),(12133,NULL,NULL,124,1,'2021-12-22 11:51:55'),(12136,NULL,NULL,376,1,'2021-12-22 23:22:18'),(12137,NULL,NULL,21,1,'2021-12-22 23:23:13'),(12138,NULL,NULL,42,1,'2021-12-23 01:08:57'),(12142,NULL,NULL,2084,1,'2021-12-23 09:12:29'),(12144,NULL,NULL,28,1,'2021-12-23 22:36:15'),(12146,NULL,NULL,2084,1,'2021-12-24 05:48:22'),(12160,NULL,NULL,1101,1,'2021-12-24 17:33:45'),(12164,NULL,NULL,1346,1,'2021-12-24 18:19:19'),(12165,NULL,NULL,2084,1,'2021-12-24 18:21:00'),(12216,NULL,NULL,1592,1,'2021-12-25 15:43:57'),(12272,NULL,NULL,1297,1,'2021-12-26 15:29:42'),(12274,NULL,NULL,807,1,'2021-12-26 16:12:50'),(12277,NULL,NULL,697,1,'2021-12-26 16:37:11'),(12279,NULL,NULL,25121,1,'2021-12-26 16:50:04'),(12295,NULL,NULL,648,1,'2021-12-27 03:09:44'),(12307,NULL,NULL,1620,1,'2021-12-27 15:51:44'),(12316,NULL,NULL,1419,1,'2021-12-27 23:51:51'),(12318,NULL,NULL,1101,1,'2021-12-28 04:00:34'),(12326,NULL,NULL,1346,1,'2021-12-28 05:26:39'),(12332,NULL,NULL,21,1,'2021-12-28 09:58:18'),(12345,NULL,NULL,807,1,'2021-12-29 11:53:38'),(12347,NULL,NULL,1297,1,'2021-12-30 02:04:21'),(12348,NULL,NULL,25121,1,'2021-12-30 07:28:58'),(12349,NULL,NULL,1865,1,'2021-12-30 12:02:11'),(12350,NULL,NULL,25121,1,'2021-12-30 13:10:52'),(12352,NULL,NULL,1669,1,'2021-12-30 19:57:31'),(12356,NULL,NULL,173,1,'2021-12-31 04:56:33'),(12359,NULL,NULL,758,1,'2021-12-31 05:41:35'),(12361,NULL,NULL,1248,1,'2021-12-31 09:45:39'),(12362,NULL,NULL,21,1,'2021-12-31 09:55:05'),(12364,NULL,NULL,1613,1,'2021-12-31 16:09:22'),(12379,NULL,NULL,320,1,'2022-01-02 19:08:41'),(12382,NULL,NULL,1613,1,'2022-01-03 11:36:10'),(12439,NULL,NULL,1199,1,'2022-01-05 04:15:22'),(12440,NULL,NULL,1248,1,'2022-01-05 05:15:39'),(12447,NULL,NULL,1150,1,'2022-01-05 07:48:55'),(12471,NULL,NULL,49,1,'2022-01-05 15:18:55'),(12478,NULL,NULL,173,1,'2022-01-05 17:49:09'),(12542,NULL,NULL,173,1,'2022-01-06 08:49:20'),(12545,NULL,NULL,21,1,'2022-01-06 14:52:13'),(12555,NULL,NULL,173,1,'2022-01-06 19:08:02'),(12559,NULL,NULL,1865,1,'2022-01-06 19:48:31'),(12563,NULL,NULL,1150,1,'2022-01-06 22:00:13'),(12565,NULL,NULL,1419,1,'2022-01-06 22:22:06'),(12566,NULL,NULL,1579,1,'2022-01-07 04:10:32'),(12568,NULL,NULL,25263,1,'2022-01-07 04:27:23'),(12570,NULL,NULL,1606,1,'2022-01-07 04:49:53'),(12572,NULL,NULL,25256,1,'2022-01-07 05:12:25'),(12575,NULL,NULL,1865,1,'2022-01-07 06:40:21'),(12595,NULL,NULL,1492,1,'2022-01-07 13:25:22'),(12617,NULL,NULL,1865,1,'2022-01-08 04:25:21'),(12638,NULL,NULL,1865,1,'2022-01-09 00:40:21'),(12645,NULL,NULL,1606,1,'2022-01-09 18:56:06'),(12646,NULL,NULL,25263,1,'2022-01-09 20:15:43'),(12648,NULL,NULL,1579,1,'2022-01-09 21:16:34'),(12650,NULL,NULL,56,1,'2022-01-10 01:23:51'),(12651,NULL,NULL,124,1,'2022-01-10 04:36:54'),(12652,NULL,NULL,1419,1,'2022-01-10 04:37:27'),(12653,NULL,NULL,21,1,'2022-01-10 04:37:30'),(12657,NULL,NULL,1248,1,'2022-01-10 12:08:15'),(12658,NULL,NULL,25256,1,'2022-01-10 12:19:11'),(12659,NULL,NULL,25368,1,'2022-01-10 14:18:11'),(12660,NULL,NULL,7,1,'2022-01-10 23:06:48'),(12661,NULL,NULL,173,1,'2022-01-10 23:29:18'),(12665,NULL,NULL,21,1,'2022-01-11 06:27:32'),(12668,NULL,NULL,173,1,'2022-01-11 12:10:56'),(12712,NULL,NULL,1938,1,'2022-01-11 20:06:49'),(12714,NULL,NULL,1865,1,'2022-01-12 00:21:49'),(12739,NULL,NULL,383,1,'2022-01-12 05:37:26'),(12742,NULL,NULL,173,1,'2022-01-12 16:35:18'),(12750,NULL,NULL,21,1,'2022-01-13 09:59:04'),(12751,NULL,NULL,124,1,'2022-01-13 13:21:38'),(12752,NULL,NULL,2084,1,'2022-01-13 13:21:39'),(12787,NULL,NULL,1865,1,'2022-01-14 14:55:05'),(12791,NULL,NULL,1606,1,'2022-01-14 23:48:37'),(12800,NULL,NULL,1150,1,'2022-01-15 20:36:48'),(12809,NULL,NULL,1419,1,'2022-01-17 02:29:24'),(12815,NULL,NULL,105,1,'2022-01-17 18:20:13'),(12822,NULL,NULL,1419,1,'2022-01-18 02:29:59'),(12829,NULL,NULL,954,1,'2022-01-19 06:01:45'),(12832,NULL,NULL,25170,1,'2022-01-19 12:34:14'),(12833,NULL,NULL,1199,1,'2022-01-19 13:15:38'),(12889,NULL,NULL,1865,1,'2022-01-19 18:19:14'),(12890,NULL,NULL,173,1,'2022-01-19 19:10:40'),(12891,NULL,NULL,173,1,'2022-01-19 20:02:05'),(12933,NULL,NULL,173,1,'2022-01-20 13:38:31'),(12967,NULL,NULL,105,1,'2022-01-21 05:49:11'),(12968,NULL,NULL,124,1,'2022-01-21 05:49:13'),(12969,NULL,NULL,1419,1,'2022-01-21 05:49:31'),(12979,NULL,NULL,173,1,'2022-01-21 12:03:37'),(13004,NULL,NULL,124,1,'2022-01-22 01:49:09'),(13005,NULL,NULL,1248,1,'2022-01-22 01:49:34'),(13015,NULL,NULL,1676,1,'2022-01-22 11:17:59'),(13019,NULL,NULL,376,1,'2022-01-22 15:20:07'),(13040,NULL,NULL,124,1,'2022-01-24 03:49:14'),(13043,NULL,NULL,1419,1,'2022-01-24 13:49:27'),(13044,NULL,NULL,25368,1,'2022-01-24 15:55:08'),(13071,NULL,NULL,1248,1,'2022-01-25 14:49:29'),(13072,NULL,NULL,1606,1,'2022-01-25 17:18:20'),(13075,NULL,NULL,1579,1,'2022-01-25 18:48:20'),(13095,NULL,NULL,124,1,'2022-01-26 21:38:22'),(13097,NULL,NULL,42,1,'2022-01-26 21:38:45'),(13098,NULL,NULL,376,1,'2022-01-26 22:19:14'),(13104,NULL,NULL,648,1,'2022-01-27 02:38:59'),(13105,NULL,NULL,1346,1,'2022-01-27 08:45:07'),(13108,NULL,NULL,49,1,'2022-01-27 18:17:42'),(13113,NULL,NULL,173,1,'2022-01-28 03:59:54'),(13115,NULL,NULL,1865,1,'2022-01-28 14:59:55'),(13119,NULL,NULL,697,1,'2022-01-29 04:17:41'),(13120,NULL,NULL,42,1,'2022-01-29 06:00:25'),(13121,NULL,NULL,124,1,'2022-01-29 10:59:52'),(13122,NULL,NULL,648,1,'2022-01-29 11:00:10'),(13127,NULL,NULL,807,1,'2022-01-29 19:03:37'),(13131,NULL,NULL,25312,1,'2022-01-29 22:24:15'),(13133,NULL,NULL,1297,1,'2022-01-30 01:38:12'),(13136,NULL,NULL,21,1,'2022-02-09 11:11:47'),(13141,NULL,NULL,1297,1,'2022-02-09 18:56:26'),(13145,NULL,NULL,25121,1,'2022-02-09 20:02:34'),(13150,NULL,NULL,648,1,'2022-02-09 21:38:45'),(13152,NULL,NULL,1620,1,'2022-02-09 21:38:49'),(13156,NULL,NULL,25256,1,'2022-02-10 00:57:57'),(13159,NULL,NULL,1419,1,'2022-02-10 07:38:49'),(13173,NULL,NULL,954,1,'2022-02-10 18:45:40'),(13177,NULL,NULL,1620,1,'2022-02-10 21:36:13'),(13199,NULL,NULL,173,1,'2022-02-11 07:05:54'),(13273,NULL,NULL,1620,1,'2022-02-11 17:36:14'),(13301,NULL,NULL,1419,1,'2022-02-12 03:36:00'),(13302,NULL,NULL,648,1,'2022-02-12 03:36:08'),(13303,NULL,NULL,383,1,'2022-02-12 06:34:38'),(13310,NULL,NULL,1620,1,'2022-02-12 14:27:07'),(13319,NULL,NULL,1572,1,'2022-02-13 08:29:53'),(13321,NULL,NULL,21,1,'2022-02-13 10:27:00'),(13331,NULL,NULL,1669,1,'2022-02-14 00:49:34'),(13334,NULL,NULL,1419,1,'2022-02-14 06:26:49'),(13339,NULL,NULL,648,1,'2022-02-14 11:26:47'),(13346,NULL,NULL,1419,1,'2022-02-14 17:40:14'),(13358,NULL,NULL,1620,1,'2022-02-15 04:56:57'),(13361,NULL,NULL,376,1,'2022-02-15 07:17:30'),(13362,NULL,NULL,7,1,'2022-02-15 07:26:45'),(13363,NULL,NULL,396,1,'2022-02-15 08:06:41'),(13365,NULL,NULL,1865,1,'2022-02-15 09:42:25'),(13367,NULL,NULL,173,1,'2022-02-15 12:03:54'),(13393,NULL,NULL,1865,1,'2022-02-16 01:11:38'),(13394,NULL,NULL,21,1,'2022-02-16 02:26:55'),(13403,NULL,NULL,1052,1,'2022-02-16 10:56:44'),(13440,NULL,NULL,320,1,'2022-02-16 20:54:23'),(13466,NULL,NULL,1669,1,'2022-02-17 06:01:58'),(13468,NULL,NULL,396,1,'2022-02-17 07:40:59'),(13478,NULL,NULL,856,1,'2022-02-18 00:55:25'),(13480,NULL,NULL,2084,1,'2022-02-18 01:45:20'),(13486,NULL,NULL,21,1,'2022-02-18 17:36:05'),(13489,NULL,NULL,1150,1,'2022-02-19 05:50:53'),(13490,NULL,NULL,1199,1,'2022-02-19 06:40:40'),(13498,NULL,NULL,1938,1,'2022-02-19 16:49:17'),(13500,NULL,NULL,2011,1,'2022-02-19 20:03:55'),(13501,NULL,NULL,1052,1,'2022-02-19 23:35:58'),(13502,NULL,NULL,173,1,'2022-02-20 02:21:39'),(13504,NULL,NULL,320,1,'2022-02-20 05:50:56'),(13505,NULL,NULL,320,1,'2022-02-20 06:54:10'),(13512,NULL,NULL,105,1,'2022-02-20 16:53:17'),(13519,NULL,NULL,2084,1,'2022-02-20 23:40:58'),(13521,NULL,NULL,320,1,'2022-02-21 03:31:58'),(13542,NULL,NULL,222,1,'2022-02-21 07:20:57'),(13544,NULL,NULL,21,1,'2022-02-21 10:36:06'),(13547,NULL,NULL,1052,1,'2022-02-21 19:39:20'),(13554,NULL,NULL,25170,1,'2022-02-22 00:23:41'),(13557,NULL,NULL,28,1,'2022-02-22 09:46:38'),(13559,NULL,NULL,173,1,'2022-02-22 15:34:45'),(13608,NULL,NULL,1199,1,'2022-02-22 15:57:45'),(13626,NULL,NULL,2084,1,'2022-02-23 02:43:36'),(13632,NULL,NULL,173,1,'2022-02-23 09:02:14'),(13635,NULL,NULL,1052,1,'2022-02-23 15:03:22'),(13636,NULL,NULL,1620,1,'2022-02-23 16:29:43'),(13640,NULL,NULL,21,1,'2022-02-24 00:59:26'),(13667,NULL,NULL,648,1,'2022-02-24 12:13:19'),(13674,NULL,NULL,2084,1,'2022-02-24 16:57:54'),(13675,NULL,NULL,1676,1,'2022-02-24 17:13:18'),(13678,NULL,NULL,124,1,'2022-02-24 19:02:28'),(13680,NULL,NULL,49,1,'2022-02-24 19:37:13'),(13681,NULL,NULL,954,1,'2022-02-24 19:44:17'),(13683,NULL,NULL,1599,1,'2022-02-24 20:37:46'),(13696,NULL,NULL,56,1,'2022-02-25 02:41:26'),(13697,NULL,NULL,1592,1,'2022-02-25 03:03:42'),(13701,NULL,NULL,1579,1,'2022-02-25 05:38:26'),(13704,NULL,NULL,25312,1,'2022-02-25 06:37:30'),(13706,NULL,NULL,173,1,'2022-02-25 07:12:54'),(13710,NULL,NULL,105,1,'2022-02-25 08:21:02'),(13712,NULL,NULL,1346,1,'2022-02-25 10:08:41'),(13715,NULL,NULL,1592,1,'2022-02-25 12:09:25'),(13717,NULL,NULL,25170,1,'2022-02-25 12:19:38'),(13720,NULL,NULL,28,1,'2022-02-25 15:07:37'),(13721,NULL,NULL,105,1,'2022-02-25 15:11:05'),(13731,NULL,NULL,1492,1,'2022-02-25 21:24:22'),(13735,NULL,NULL,25368,1,'2022-02-26 00:35:23'),(13736,NULL,NULL,49,1,'2022-02-26 00:39:46'),(13737,NULL,NULL,7,1,'2022-02-26 05:44:46'),(13814,NULL,NULL,1052,1,'2022-02-26 20:38:08'),(13815,NULL,NULL,21,1,'2022-02-26 20:38:16'),(13816,NULL,NULL,1613,1,'2022-02-26 20:49:36'),(13824,NULL,NULL,2084,1,'2022-02-27 11:30:09'),(13840,NULL,NULL,1052,1,'2022-02-28 22:24:17'),(13862,NULL,NULL,21,1,'2022-03-01 08:13:36'),(13868,NULL,NULL,2084,1,'2022-03-01 16:40:30'),(13870,NULL,NULL,49,1,'2022-03-01 19:08:49'),(13887,NULL,NULL,1565,1,'2022-03-03 01:18:22'),(13888,NULL,NULL,807,1,'2022-03-03 02:06:20'),(13927,NULL,NULL,2084,1,'2022-03-03 19:20:30'),(14004,NULL,NULL,1052,1,'2022-03-04 13:43:31'),(14009,NULL,NULL,2084,1,'2022-03-04 14:55:06'),(14012,NULL,NULL,21,1,'2022-03-04 16:13:59'),(14018,NULL,NULL,2011,1,'2022-03-04 17:23:24'),(14091,NULL,NULL,25263,1,'2022-03-06 07:53:29'),(14093,NULL,NULL,2011,1,'2022-03-06 08:23:31'),(14094,NULL,NULL,25170,1,'2022-03-06 08:38:33'),(14096,NULL,NULL,1613,1,'2022-03-06 13:00:39'),(14136,NULL,NULL,2011,1,'2022-03-06 19:42:50'),(14161,NULL,NULL,1565,1,'2022-03-07 04:29:24'),(14162,NULL,NULL,1565,1,'2022-03-07 05:07:48'),(14163,NULL,NULL,1599,1,'2022-03-07 05:44:58'),(14167,NULL,NULL,1565,1,'2022-03-07 13:09:24'),(14172,NULL,NULL,383,1,'2022-03-07 22:22:07'),(14176,NULL,NULL,954,1,'2022-03-08 02:10:47'),(14177,NULL,NULL,807,1,'2022-03-08 04:54:49'),(14186,NULL,NULL,648,1,'2022-03-08 12:43:44'),(14187,NULL,NULL,807,1,'2022-03-08 13:18:56'),(14188,NULL,NULL,25263,1,'2022-03-08 14:55:16'),(14193,NULL,NULL,25170,1,'2022-03-09 02:04:33'),(14194,NULL,NULL,25263,1,'2022-03-09 04:20:09'),(14227,NULL,NULL,1579,1,'2022-03-12 16:51:09'),(14234,NULL,NULL,1052,1,'2022-03-13 10:19:28'),(14244,NULL,NULL,21,1,'2022-03-14 05:44:59'),(14250,NULL,NULL,1579,1,'2022-03-15 04:16:16'),(14262,NULL,NULL,25312,1,'2022-03-16 00:39:48'),(14268,NULL,NULL,1579,1,'2022-03-16 08:15:42'),(14300,NULL,NULL,2084,1,'2022-03-16 23:19:34'),(14332,NULL,NULL,42,1,'2022-03-17 08:28:37'),(14345,NULL,NULL,173,1,'2022-03-18 03:35:27'),(14350,NULL,NULL,1101,1,'2022-03-18 07:42:29'),(14359,NULL,NULL,452,1,'2022-03-18 13:23:49'),(14364,NULL,NULL,25312,1,'2022-03-19 03:49:58'),(14379,NULL,NULL,856,1,'2022-03-20 15:12:49'),(14382,NULL,NULL,369,1,'2022-03-20 18:16:32'),(14385,NULL,NULL,396,1,'2022-03-20 19:20:59'),(14388,NULL,NULL,1865,1,'2022-03-21 00:01:49'),(14389,NULL,NULL,21,1,'2022-03-21 02:32:20'),(14396,NULL,NULL,56,1,'2022-03-21 21:04:29'),(14402,NULL,NULL,376,1,'2022-03-22 01:48:12'),(14412,NULL,NULL,173,1,'2022-03-22 12:27:24'),(14437,NULL,NULL,1346,1,'2022-03-24 23:32:42'),(14440,NULL,NULL,1346,1,'2022-03-25 06:58:11'),(14444,NULL,NULL,25263,1,'2022-03-25 08:17:10'),(14445,NULL,NULL,1199,1,'2022-03-25 08:48:56'),(14447,NULL,NULL,173,1,'2022-03-25 10:15:16'),(14448,NULL,NULL,2084,1,'2022-03-25 10:25:16'),(14454,NULL,NULL,1346,1,'2022-03-26 01:32:42'),(14457,NULL,NULL,1620,1,'2022-03-26 10:32:57'),(14490,NULL,NULL,25121,1,'2022-03-26 15:02:42'),(14495,NULL,NULL,25121,1,'2022-03-26 20:55:38'),(14531,NULL,NULL,124,1,'2022-03-27 13:58:12'),(14533,NULL,NULL,25121,1,'2022-03-27 19:56:54'),(14536,NULL,NULL,1938,1,'2022-03-27 23:09:23'),(14556,NULL,NULL,1346,1,'2022-03-28 17:55:12'),(14558,NULL,NULL,1865,1,'2022-03-28 19:26:52'),(14560,NULL,NULL,1676,1,'2022-03-28 23:36:20'),(14562,NULL,NULL,1565,1,'2022-03-29 01:42:58'),(14564,NULL,NULL,1150,1,'2022-03-29 06:33:30'),(14565,NULL,NULL,25368,1,'2022-03-29 06:48:38'),(14566,NULL,NULL,1150,1,'2022-03-29 13:20:28'),(14577,NULL,NULL,25121,1,'2022-03-30 18:07:54'),(14583,NULL,NULL,2084,1,'2022-03-31 04:26:06'),(14594,NULL,NULL,7,1,'2022-03-31 17:27:08'),(14596,NULL,NULL,7,1,'2022-04-01 04:27:07'),(14604,NULL,NULL,320,1,'2022-04-01 14:05:27'),(14605,NULL,NULL,7,1,'2022-04-01 15:27:08'),(14610,NULL,NULL,49,1,'2022-04-01 18:54:34'),(14614,NULL,NULL,1865,1,'2022-04-01 23:07:38'),(14618,NULL,NULL,1613,1,'2022-04-02 04:32:58'),(14629,NULL,NULL,320,1,'2022-04-02 22:37:43'),(14637,NULL,NULL,1592,1,'2022-04-03 22:32:58'),(14639,NULL,NULL,1613,1,'2022-04-04 04:44:48'),(14647,NULL,NULL,1052,1,'2022-04-04 14:27:08'),(14648,NULL,NULL,550,1,'2022-04-04 14:27:10'),(14651,NULL,NULL,21,1,'2022-04-04 14:27:14'),(14663,NULL,NULL,222,1,'2022-04-06 01:36:51'),(14664,NULL,NULL,222,1,'2022-04-06 01:58:11'),(14669,NULL,NULL,124,1,'2022-04-06 15:19:29'),(14670,NULL,NULL,550,1,'2022-04-06 16:27:10'),(14671,NULL,NULL,25312,1,'2022-04-06 16:27:12'),(14672,NULL,NULL,1592,1,'2022-04-06 20:07:28'),(14677,NULL,NULL,7,1,'2022-04-06 23:14:48'),(14678,NULL,NULL,2084,1,'2022-04-07 02:24:08'),(14684,NULL,NULL,396,1,'2022-04-07 21:16:14'),(14692,NULL,NULL,1572,1,'2022-04-08 05:34:19'),(14694,NULL,NULL,1599,1,'2022-04-08 09:10:10'),(14703,NULL,NULL,550,1,'2022-04-08 21:52:05'),(14764,NULL,NULL,25263,1,'2022-04-09 05:28:26'),(14767,NULL,NULL,25170,1,'2022-04-09 06:46:49'),(14773,NULL,NULL,25170,1,'2022-04-09 14:27:17'),(14776,NULL,NULL,1579,1,'2022-04-09 20:17:33'),(14798,NULL,NULL,1599,1,'2022-04-11 07:48:27'),(14804,NULL,NULL,7,1,'2022-04-11 16:39:01'),(14807,NULL,NULL,2084,1,'2022-04-11 22:18:40'),(14813,NULL,NULL,7,1,'2022-04-12 00:29:01'),(14814,NULL,NULL,758,1,'2022-04-12 05:14:43'),(14840,NULL,NULL,1565,1,'2022-04-12 16:12:22'),(14849,NULL,NULL,1150,1,'2022-04-13 07:28:33'),(14891,NULL,NULL,124,1,'2022-04-14 07:05:31'),(14969,NULL,NULL,1150,1,'2022-04-15 15:00:18'),(14976,NULL,NULL,1579,1,'2022-04-16 10:22:58'),(14986,NULL,NULL,1565,1,'2022-04-17 04:22:01'),(14990,NULL,NULL,807,1,'2022-04-17 16:42:12'),(14995,NULL,NULL,807,1,'2022-04-17 22:09:11'),(14999,NULL,NULL,1419,1,'2022-04-18 08:20:07'),(15003,NULL,NULL,1865,1,'2022-04-18 09:20:55'),(15004,NULL,NULL,2084,1,'2022-04-18 09:25:45'),(15005,NULL,NULL,1101,1,'2022-04-18 09:34:07'),(15008,NULL,NULL,1052,1,'2022-04-18 12:36:24'),(15010,NULL,NULL,25368,1,'2022-04-18 16:26:24'),(15051,NULL,NULL,1865,1,'2022-04-19 20:23:35'),(15059,NULL,NULL,856,1,'2022-04-20 04:24:45'),(15064,NULL,NULL,25263,1,'2022-04-20 15:49:37'),(15066,NULL,NULL,2011,1,'2022-04-20 22:01:09'),(15068,NULL,NULL,2011,1,'2022-04-20 23:55:55'),(15070,NULL,NULL,2084,1,'2022-04-21 02:12:18'),(15071,NULL,NULL,1620,1,'2022-04-21 07:47:35'),(15076,NULL,NULL,25170,1,'2022-04-21 15:30:48'),(15077,NULL,NULL,56,1,'2022-04-21 18:44:22'),(15085,NULL,NULL,173,1,'2022-04-23 06:33:26'),(15100,NULL,NULL,452,1,'2022-04-23 13:52:13'),(15120,NULL,NULL,7,1,'2022-04-26 01:31:44'),(15132,NULL,NULL,1579,1,'2022-04-26 20:43:58'),(15137,NULL,NULL,21,1,'2022-04-26 21:52:11'),(15150,NULL,NULL,1938,1,'2022-04-28 12:57:14'),(15173,NULL,NULL,25312,1,'2022-04-30 03:39:30'),(15242,NULL,NULL,320,1,'2022-05-02 13:07:53'),(15244,NULL,NULL,49,1,'2022-05-02 18:36:10'),(15265,NULL,NULL,1676,1,'2022-05-04 18:02:21'),(15272,NULL,NULL,1248,1,'2022-05-05 05:31:14'),(15274,NULL,NULL,2084,1,'2022-05-05 07:55:16'),(15284,NULL,NULL,222,1,'2022-05-06 21:32:31'),(15286,NULL,NULL,954,1,'2022-05-07 00:23:14'),(15296,NULL,NULL,648,1,'2022-05-08 04:32:30'),(15297,NULL,NULL,25312,1,'2022-05-08 05:09:18'),(15300,NULL,NULL,21,1,'2022-05-08 10:44:27'),(15301,NULL,NULL,49,1,'2022-05-08 14:51:08'),(15303,NULL,NULL,1865,1,'2022-05-08 18:52:58'),(15309,NULL,NULL,1865,1,'2022-05-09 07:21:08'),(15311,NULL,NULL,1346,1,'2022-05-09 11:41:31'),(15312,NULL,NULL,1572,1,'2022-05-09 12:07:21'),(15318,NULL,NULL,1492,1,'2022-05-10 04:29:38'),(15322,NULL,NULL,1492,1,'2022-05-10 18:28:27'),(15327,NULL,NULL,452,1,'2022-05-11 00:02:01'),(15329,NULL,NULL,25121,1,'2022-05-11 03:44:10'),(15427,NULL,NULL,1565,1,'2022-05-15 03:43:23'),(15429,NULL,NULL,124,1,'2022-05-15 06:54:19'),(15435,NULL,NULL,1492,1,'2022-05-16 02:46:11'),(15438,NULL,NULL,25170,1,'2022-05-16 08:16:17'),(15446,NULL,NULL,28,1,'2022-05-16 14:37:14'),(15447,NULL,NULL,1199,1,'2022-05-16 14:38:48'),(15451,NULL,NULL,21,1,'2022-05-16 15:53:15'),(15453,NULL,NULL,25312,1,'2022-05-16 16:02:15'),(15465,NULL,NULL,42,1,'2022-05-17 08:59:50'),(15469,NULL,NULL,1052,1,'2022-05-17 18:25:02'),(15473,NULL,NULL,1599,1,'2022-05-17 23:38:51'),(15476,NULL,NULL,320,1,'2022-05-18 01:38:46'),(15479,NULL,NULL,1492,1,'2022-05-18 02:16:40'),(15484,NULL,NULL,1565,1,'2022-05-18 12:07:26'),(15492,NULL,NULL,1592,1,'2022-05-19 09:44:56'),(15494,NULL,NULL,1865,1,'2022-05-19 15:35:03'),(15498,NULL,NULL,1592,1,'2022-05-19 20:40:14'),(15503,NULL,NULL,42,1,'2022-05-20 16:41:50'),(15510,NULL,NULL,173,1,'2022-05-21 18:49:52'),(15546,NULL,NULL,376,1,'2022-05-22 19:37:34'),(15573,NULL,NULL,7,1,'2022-05-25 13:04:45'),(15574,NULL,NULL,28,1,'2022-05-25 13:12:00'),(15575,NULL,NULL,28,1,'2022-05-25 13:12:16'),(15587,NULL,NULL,1199,1,'2022-05-26 12:29:59'),(15590,NULL,NULL,1199,1,'2022-05-26 16:15:17'),(15669,NULL,NULL,396,1,'2022-05-28 11:17:53'),(15681,NULL,NULL,320,1,'2022-05-29 11:27:20'),(15687,NULL,NULL,1938,1,'2022-05-30 00:14:57'),(15715,NULL,NULL,1565,1,'2022-06-01 05:06:14'),(15739,NULL,NULL,25319,1,'2022-06-01 13:50:33'),(15743,NULL,NULL,807,1,'2022-06-01 17:52:18'),(15766,NULL,NULL,320,1,'2022-06-02 00:29:52'),(15771,NULL,NULL,1346,1,'2022-06-02 07:32:22'),(15807,NULL,NULL,1346,1,'2022-06-03 02:33:01'),(15813,NULL,NULL,173,1,'2022-06-03 11:22:28'),(15821,NULL,NULL,1150,1,'2022-06-03 22:48:22'),(15948,NULL,NULL,25263,1,'2022-06-04 18:39:03'),(15958,NULL,NULL,2011,1,'2022-06-05 01:12:49'),(15995,NULL,NULL,25170,1,'2022-06-05 17:07:08'),(16019,NULL,NULL,2084,1,'2022-06-06 03:20:11'),(16020,NULL,NULL,1419,1,'2022-06-06 03:21:55'),(16021,NULL,NULL,320,1,'2022-06-06 03:28:51'),(16022,NULL,NULL,1492,1,'2022-06-06 04:40:47'),(16166,NULL,NULL,1579,1,'2022-06-10 21:52:14'),(16196,NULL,NULL,21,1,'2022-06-11 08:37:04'),(16332,NULL,NULL,25170,1,'2022-06-14 02:59:42'),(16333,NULL,NULL,25170,1,'2022-06-14 03:09:46'),(16337,NULL,NULL,25312,1,'2022-06-14 07:27:48'),(16339,NULL,NULL,25170,1,'2022-06-14 10:09:19'),(16340,NULL,NULL,49,1,'2022-06-14 10:46:31'),(16354,NULL,NULL,25263,1,'2022-06-14 19:46:20'),(16358,NULL,NULL,856,1,'2022-06-14 20:28:30'),(16462,NULL,NULL,648,1,'2022-06-17 04:21:42'),(16519,NULL,NULL,173,1,'2022-06-18 21:52:41'),(16563,NULL,NULL,1572,1,'2022-06-20 05:27:37'),(16574,NULL,NULL,42,1,'2022-06-20 11:35:24'),(16614,NULL,NULL,25312,1,'2022-06-21 23:59:04'),(16696,NULL,NULL,1346,1,'2022-06-23 17:46:41'),(16701,NULL,NULL,1492,1,'2022-06-23 22:18:20'),(16705,NULL,NULL,1865,1,'2022-06-24 11:55:50'),(16715,NULL,NULL,25121,1,'2022-06-25 04:44:59'),(16723,NULL,NULL,7,1,'2022-06-25 10:42:30'),(16757,NULL,NULL,1199,1,'2022-06-26 11:23:39'),(16770,NULL,NULL,1599,1,'2022-06-26 22:10:09'),(16814,NULL,NULL,42,1,'2022-06-28 04:08:35'),(16816,NULL,NULL,1676,1,'2022-06-28 06:24:27'),(16900,NULL,NULL,1579,1,'2022-06-29 12:05:37'),(16931,NULL,NULL,173,1,'2022-06-30 22:04:42'),(16966,NULL,NULL,25256,1,'2022-07-01 15:24:25'),(16973,NULL,NULL,1865,1,'2022-07-01 21:12:01'),(16974,NULL,NULL,1865,1,'2022-07-01 21:12:08'),(16980,NULL,NULL,758,1,'2022-07-02 02:24:55'),(16981,NULL,NULL,320,1,'2022-07-02 03:45:28'),(17016,NULL,NULL,1101,1,'2022-07-03 07:26:13'),(17018,NULL,NULL,369,1,'2022-07-03 10:01:07'),(17025,NULL,27,369,1,'2022-07-03 21:30:04'),(17029,NULL,NULL,1346,1,'2022-07-04 04:58:23'),(17031,NULL,NULL,25256,1,'2022-07-04 08:13:44'),(17063,NULL,NULL,369,1,'2022-07-06 17:26:07'),(17069,NULL,NULL,25312,1,'2022-07-07 01:43:52'),(17072,NULL,NULL,1419,1,'2022-07-07 04:08:26'),(17081,NULL,NULL,1248,1,'2022-07-07 13:25:47'),(17088,NULL,NULL,1865,1,'2022-07-08 18:49:46'),(17158,NULL,NULL,1052,1,'2022-07-13 13:21:05'),(17161,NULL,NULL,1613,1,'2022-07-13 23:52:14'),(17173,NULL,NULL,954,1,'2022-07-14 17:36:08'),(17179,NULL,NULL,1613,1,'2022-07-15 03:59:17'),(17182,NULL,NULL,1419,1,'2022-07-15 06:53:06'),(17183,NULL,NULL,25319,1,'2022-07-15 07:23:21'),(17194,NULL,NULL,124,1,'2022-07-15 17:57:04'),(17205,NULL,NULL,25170,1,'2022-07-16 03:38:34'),(17207,NULL,NULL,807,1,'2022-07-16 07:32:42'),(17208,NULL,NULL,1565,1,'2022-07-16 07:33:16'),(17212,NULL,NULL,807,1,'2022-07-16 17:30:32'),(17214,NULL,NULL,807,1,'2022-07-16 18:55:25'),(17224,NULL,NULL,2011,1,'2022-07-17 07:47:28'),(17278,NULL,NULL,1101,1,'2022-07-18 23:09:05'),(17287,NULL,NULL,25263,1,'2022-07-19 20:22:46'),(17291,NULL,NULL,2011,1,'2022-07-20 02:28:28'),(17300,NULL,NULL,25170,1,'2022-07-20 18:27:49'),(17405,NULL,NULL,648,1,'2022-07-23 23:44:32'),(17409,NULL,NULL,1492,1,'2022-07-24 06:02:55'),(17446,NULL,NULL,1579,1,'2022-07-26 00:56:17'),(17460,NULL,NULL,222,1,'2022-07-26 22:27:20'),(17461,NULL,NULL,1003,1,'2022-07-26 22:39:40'),(17472,NULL,NULL,1599,1,'2022-07-27 20:00:21'),(17478,NULL,NULL,42,1,'2022-07-28 17:04:33'),(17497,NULL,NULL,25312,1,'2022-07-29 09:59:05'),(17531,NULL,NULL,1865,1,'2022-07-30 02:25:44'),(17543,NULL,NULL,173,1,'2022-07-30 23:39:24'),(17544,NULL,NULL,1620,1,'2022-07-31 00:56:13'),(17546,NULL,NULL,1599,1,'2022-07-31 02:54:12'),(17607,NULL,NULL,2084,1,'2022-08-01 19:18:40'),(17611,NULL,NULL,25263,1,'2022-08-02 04:10:45'),(17707,NULL,NULL,25368,1,'2022-08-03 04:05:55'),(17709,NULL,NULL,21,1,'2022-08-03 05:51:13'),(17720,NULL,NULL,21,1,'2022-08-03 16:22:35'),(17728,NULL,NULL,25368,1,'2022-08-03 22:48:49'),(17729,NULL,NULL,222,1,'2022-08-04 05:26:16'),(17741,NULL,NULL,1492,1,'2022-08-04 18:11:10'),(17752,NULL,NULL,35,1,'2022-08-05 12:03:55'),(17786,NULL,NULL,1592,1,'2022-08-06 03:31:47'),(17787,NULL,NULL,1938,1,'2022-08-06 03:34:04'),(17791,NULL,NULL,49,1,'2022-08-06 07:54:05'),(17813,NULL,NULL,1346,1,'2022-08-07 19:57:43'),(17834,NULL,NULL,1865,1,'2022-08-08 13:05:31'),(17840,NULL,NULL,396,1,'2022-08-08 18:54:07'),(17844,NULL,NULL,25121,1,'2022-08-09 06:17:02'),(17846,NULL,NULL,56,1,'2022-08-09 09:15:44'),(17872,NULL,NULL,1865,1,'2022-08-09 22:17:36'),(17888,NULL,NULL,1572,1,'2022-08-10 08:44:49'),(17914,NULL,NULL,173,1,'2022-08-10 14:49:38'),(17923,NULL,NULL,21,1,'2022-08-11 06:42:44'),(17936,NULL,NULL,173,1,'2022-08-12 04:02:25'),(17937,NULL,NULL,697,1,'2022-08-12 04:20:59'),(18001,NULL,NULL,222,1,'2022-08-13 01:52:03'),(18002,NULL,NULL,1676,1,'2022-08-13 03:40:34'),(18036,NULL,NULL,1199,1,'2022-08-14 15:25:56'),(18041,NULL,NULL,954,1,'2022-08-14 22:26:43'),(18048,NULL,NULL,1613,1,'2022-08-15 05:30:56'),(18050,NULL,NULL,1199,1,'2022-08-15 09:07:46'),(18052,NULL,NULL,1865,1,'2022-08-15 17:02:49'),(18054,NULL,NULL,1492,1,'2022-08-15 17:26:41'),(18059,NULL,NULL,320,1,'2022-08-16 04:35:16'),(18061,NULL,NULL,856,1,'2022-08-16 07:53:11'),(18064,NULL,NULL,25263,1,'2022-08-16 14:33:07'),(18066,NULL,NULL,173,1,'2022-08-16 15:35:39'),(18067,NULL,NULL,2084,1,'2022-08-16 16:06:55'),(18078,NULL,NULL,807,1,'2022-08-17 12:37:25'),(18092,NULL,NULL,807,1,'2022-08-18 03:55:03'),(18107,NULL,NULL,2011,1,'2022-08-19 22:59:40'),(18142,NULL,NULL,42,1,'2022-08-21 16:47:12'),(18234,NULL,NULL,369,1,'2022-08-24 22:49:46'),(18246,NULL,NULL,1592,1,'2022-08-25 14:23:51'),(18250,NULL,NULL,1003,1,'2022-08-26 14:50:49'),(18251,NULL,NULL,173,1,'2022-08-26 16:02:02'),(18270,NULL,NULL,758,1,'2022-08-27 22:18:44'),(18271,NULL,NULL,28,1,'2022-08-27 23:02:51'),(18294,NULL,NULL,320,1,'2022-08-28 23:09:30'),(18295,NULL,NULL,2084,1,'2022-08-28 23:14:11'),(18297,NULL,NULL,1865,1,'2022-08-28 23:28:26'),(18298,NULL,NULL,1419,1,'2022-08-28 23:32:51'),(18304,NULL,NULL,1565,1,'2022-08-29 00:10:13'),(18335,NULL,NULL,25121,1,'2022-08-30 00:17:07'),(18346,NULL,NULL,1565,1,'2022-08-30 09:41:46'),(18347,NULL,NULL,1620,1,'2022-08-30 10:53:49'),(18348,NULL,NULL,807,1,'2022-08-30 11:12:05'),(18352,NULL,NULL,1565,1,'2022-08-30 12:18:52'),(18355,NULL,NULL,376,1,'2022-08-30 15:31:52'),(18363,NULL,NULL,1579,1,'2022-08-30 17:21:00'),(18364,NULL,NULL,1346,1,'2022-08-30 17:30:40'),(18365,NULL,NULL,807,1,'2022-08-30 20:18:54'),(18442,NULL,NULL,1565,1,'2022-09-01 04:21:19'),(18450,NULL,NULL,2011,1,'2022-09-01 19:33:12'),(18464,NULL,NULL,25263,1,'2022-09-02 22:53:57'),(18467,NULL,NULL,2011,1,'2022-09-03 05:54:33'),(18469,NULL,NULL,1865,1,'2022-09-03 08:37:24'),(18470,NULL,NULL,173,1,'2022-09-03 11:31:23'),(18475,NULL,NULL,25170,1,'2022-09-03 19:58:00'),(18490,NULL,NULL,1419,1,'2022-09-04 18:00:40'),(18494,NULL,NULL,21,1,'2022-09-05 01:29:25'),(18495,NULL,NULL,1669,1,'2022-09-05 02:24:51'),(18496,NULL,NULL,1599,1,'2022-09-05 07:08:11'),(18515,NULL,NULL,35,1,'2022-09-05 19:22:36'),(18520,NULL,NULL,25312,1,'2022-09-06 08:05:40'),(18523,NULL,NULL,49,1,'2022-09-06 08:57:05'),(18524,NULL,NULL,1938,1,'2022-09-06 10:26:35'),(18598,NULL,NULL,376,1,'2022-09-07 23:39:53'),(18606,NULL,NULL,396,1,'2022-09-08 18:48:13'),(18609,NULL,NULL,1579,1,'2022-09-09 02:53:36'),(18611,NULL,NULL,173,1,'2022-09-09 06:08:12'),(18633,NULL,NULL,2011,1,'2022-09-10 15:04:18'),(18640,NULL,NULL,1492,1,'2022-09-11 00:36:47'),(18665,NULL,NULL,25312,1,'2022-09-12 11:42:32'),(18666,NULL,NULL,697,1,'2022-09-12 13:19:55'),(18679,NULL,NULL,222,1,'2022-09-13 05:27:39'),(18707,NULL,NULL,1865,1,'2022-09-14 12:07:16'),(18708,NULL,NULL,1865,1,'2022-09-14 12:07:34'),(18713,NULL,NULL,25263,1,'2022-09-14 13:46:56'),(18720,NULL,NULL,1865,1,'2022-09-14 18:21:36'),(18725,NULL,NULL,173,1,'2022-09-15 06:38:50'),(18727,NULL,NULL,1248,1,'2022-09-15 12:05:37'),(18728,NULL,NULL,1052,1,'2022-09-15 14:51:46'),(18736,NULL,NULL,25170,1,'2022-09-16 03:00:22'),(18748,NULL,NULL,25170,1,'2022-09-16 20:21:22'),(18752,NULL,NULL,25312,1,'2022-09-17 02:54:36'),(18758,NULL,NULL,1865,1,'2022-09-17 09:49:56'),(18768,NULL,NULL,1865,1,'2022-09-17 21:25:18'),(18827,NULL,NULL,1346,1,'2022-09-21 23:40:04'),(18828,NULL,NULL,25121,1,'2022-09-22 03:31:24'),(18892,NULL,NULL,25121,1,'2022-09-23 05:52:39'),(18909,NULL,NULL,320,1,'2022-09-23 21:11:02'),(18959,NULL,NULL,1599,1,'2022-09-25 20:23:16'),(18960,NULL,NULL,1592,1,'2022-09-25 22:07:51'),(18974,NULL,NULL,173,1,'2022-09-26 12:27:31'),(18976,NULL,NULL,1865,1,'2022-09-26 15:22:36'),(18980,NULL,NULL,1865,1,'2022-09-26 16:48:31'),(18983,NULL,NULL,21,1,'2022-09-26 21:52:30'),(18987,NULL,NULL,1003,1,'2022-09-27 01:12:38'),(19016,NULL,NULL,2011,1,'2022-09-27 18:15:57'),(19031,NULL,NULL,1572,1,'2022-09-28 08:47:31'),(19042,NULL,NULL,28,1,'2022-09-28 10:24:08'),(19048,NULL,NULL,2011,1,'2022-09-28 15:01:26'),(19057,NULL,NULL,1199,1,'2022-09-29 06:11:34'),(19066,NULL,NULL,1199,1,'2022-09-29 15:19:19'),(19072,NULL,NULL,320,1,'2022-09-30 06:58:13'),(19073,NULL,NULL,758,1,'2022-09-30 07:29:08'),(19074,NULL,NULL,25121,1,'2022-09-30 07:56:47'),(19075,NULL,NULL,1620,1,'2022-09-30 08:16:03'),(19085,NULL,NULL,758,1,'2022-09-30 18:11:37'),(19088,NULL,NULL,1865,1,'2022-10-01 01:30:38'),(19089,NULL,NULL,1865,1,'2022-10-01 01:30:39'),(19090,NULL,NULL,1865,1,'2022-10-01 01:36:13'),(19096,NULL,NULL,320,1,'2022-10-01 14:46:56'),(19119,NULL,NULL,648,1,'2022-10-02 07:05:33'),(19126,NULL,NULL,1565,1,'2022-10-02 16:19:41'),(19158,NULL,NULL,25312,1,'2022-10-03 21:22:31'),(19162,NULL,NULL,1865,1,'2022-10-04 05:06:57'),(19163,NULL,NULL,1865,1,'2022-10-04 05:19:48'),(19171,NULL,NULL,1865,1,'2022-10-04 15:26:28'),(19177,NULL,NULL,25368,1,'2022-10-04 18:19:00'),(19188,NULL,NULL,56,1,'2022-10-05 00:54:27'),(19194,NULL,NULL,25256,1,'2022-10-05 10:15:28'),(19210,NULL,NULL,1669,1,'2022-10-06 07:17:28'),(19218,NULL,NULL,1865,1,'2022-10-06 12:50:49'),(19236,NULL,NULL,1865,1,'2022-10-07 02:57:48'),(19238,NULL,NULL,42,1,'2022-10-07 09:40:10'),(19240,NULL,NULL,1938,1,'2022-10-07 11:12:39'),(19246,NULL,NULL,49,1,'2022-10-07 18:57:53'),(19255,NULL,NULL,42,1,'2022-10-07 22:34:35'),(19257,NULL,NULL,35,1,'2022-10-08 00:30:13'),(19309,NULL,NULL,49,1,'2022-10-08 15:59:28'),(19316,NULL,NULL,1865,1,'2022-10-09 12:56:44'),(19339,NULL,NULL,1865,1,'2022-10-10 04:39:46'),(19416,NULL,NULL,1150,1,'2022-10-11 13:13:20'),(19472,NULL,NULL,1865,1,'2022-10-13 08:39:55'),(19476,NULL,NULL,697,1,'2022-10-13 12:17:12'),(19487,NULL,NULL,173,1,'2022-10-14 05:20:59'),(19488,NULL,NULL,173,1,'2022-10-14 06:57:56'),(19489,NULL,NULL,173,1,'2022-10-14 06:58:06'),(19492,NULL,NULL,49,1,'2022-10-14 10:25:45'),(19493,NULL,NULL,1565,1,'2022-10-14 10:44:08'),(19499,NULL,NULL,807,1,'2022-10-14 20:15:12'),(19507,NULL,NULL,1613,1,'2022-10-15 12:25:40'),(19509,NULL,NULL,954,1,'2022-10-15 15:54:14'),(19542,NULL,NULL,25263,1,'2022-10-17 23:53:23'),(19544,NULL,NULL,320,1,'2022-10-18 02:36:49'),(19546,NULL,NULL,2011,1,'2022-10-18 06:03:27'),(19548,NULL,NULL,1101,1,'2022-10-18 08:16:32'),(19556,NULL,NULL,1101,1,'2022-10-18 11:43:25'),(19566,NULL,NULL,173,1,'2022-10-18 16:45:20'),(19567,NULL,NULL,369,1,'2022-10-18 18:38:42'),(19571,NULL,NULL,25170,1,'2022-10-18 20:40:28'),(19577,NULL,NULL,1419,1,'2022-10-19 16:16:57'),(19645,NULL,NULL,7,1,'2022-10-21 19:17:49'),(19688,NULL,NULL,1003,1,'2022-10-23 07:50:27'),(19706,NULL,NULL,1579,1,'2022-10-24 04:47:53'),(19727,NULL,NULL,1865,1,'2022-10-25 14:18:36'),(19730,NULL,NULL,222,1,'2022-10-25 16:13:19'),(19733,NULL,NULL,25312,1,'2022-10-25 18:58:35'),(19736,NULL,NULL,1346,1,'2022-10-26 07:04:33'),(19747,NULL,NULL,376,1,'2022-10-26 17:29:23'),(19773,NULL,NULL,25312,1,'2022-10-27 13:08:35'),(19777,NULL,NULL,1592,1,'2022-10-27 18:09:05'),(19803,NULL,NULL,28,1,'2022-10-29 07:31:59'),(19847,NULL,NULL,758,1,'2022-10-31 06:39:32'),(19848,NULL,NULL,1620,1,'2022-10-31 06:51:30'),(19863,NULL,NULL,25121,1,'2022-10-31 12:59:37'),(19911,NULL,NULL,807,1,'2022-11-01 17:14:54'),(19920,NULL,NULL,1565,1,'2022-11-02 02:44:29'),(19921,NULL,NULL,1492,1,'2022-11-02 04:34:19'),(19947,NULL,NULL,1865,1,'2022-11-03 03:01:16'),(19963,NULL,NULL,1572,1,'2022-11-03 10:54:31'),(20006,NULL,NULL,1101,1,'2022-11-05 05:27:13'),(20010,NULL,NULL,25319,1,'2022-11-05 18:40:56'),(20014,NULL,NULL,1346,1,'2022-11-06 00:56:10'),(20088,NULL,NULL,25121,1,'2022-11-07 05:23:56'),(20111,NULL,NULL,42,1,'2022-11-07 10:40:06'),(20274,NULL,NULL,1865,1,'2022-11-09 22:58:40'),(20287,NULL,NULL,954,1,'2022-11-10 06:54:43'),(20288,NULL,NULL,25382,1,'2022-11-10 06:54:59'),(20305,NULL,NULL,1865,1,'2022-11-10 20:09:18'),(20309,NULL,NULL,1592,1,'2022-11-11 02:10:39'),(20311,NULL,NULL,173,1,'2022-11-11 11:13:56'),(20313,NULL,NULL,1865,1,'2022-11-11 12:42:34'),(20323,NULL,NULL,173,1,'2022-11-12 01:04:13'),(20324,NULL,NULL,49,1,'2022-11-12 01:29:13'),(20327,NULL,NULL,1669,1,'2022-11-12 02:27:07'),(20328,NULL,NULL,1865,1,'2022-11-12 04:06:22'),(20330,NULL,NULL,56,1,'2022-11-12 05:17:12'),(20350,NULL,NULL,1613,1,'2022-11-13 12:38:49'),(20353,NULL,NULL,2011,1,'2022-11-13 14:56:30'),(20354,NULL,NULL,2011,1,'2022-11-13 14:56:45'),(20355,NULL,NULL,2084,1,'2022-11-13 19:28:34'),(20356,NULL,NULL,173,1,'2022-11-13 20:19:31'),(20365,NULL,NULL,320,1,'2022-11-14 08:43:16'),(20368,NULL,NULL,1938,1,'2022-11-14 15:49:02'),(20391,NULL,NULL,2011,1,'2022-11-16 09:13:21'),(20405,NULL,NULL,25312,1,'2022-11-16 13:14:09'),(20505,NULL,NULL,320,1,'2022-11-17 18:58:54'),(20540,NULL,NULL,25170,1,'2022-11-18 01:52:15'),(20571,NULL,NULL,1419,1,'2022-11-19 00:10:43'),(20572,NULL,NULL,56,1,'2022-11-19 00:29:45'),(20593,NULL,NULL,1599,1,'2022-11-19 10:23:32'),(20621,NULL,NULL,56,1,'2022-11-19 11:47:02'),(20630,NULL,NULL,49,1,'2022-11-20 04:49:30'),(20633,NULL,NULL,1565,1,'2022-11-20 11:04:18'),(20642,NULL,NULL,56,1,'2022-11-22 12:06:50'),(20648,NULL,NULL,1620,1,'2022-11-23 06:05:00'),(20671,NULL,NULL,1865,1,'2022-11-23 19:16:09'),(20694,NULL,NULL,25368,1,'2022-11-24 05:51:14'),(20697,NULL,NULL,1865,1,'2022-11-24 11:06:14'),(20709,NULL,NULL,173,1,'2022-11-25 12:42:33'),(20728,NULL,NULL,376,1,'2022-11-26 12:29:36'),(20744,NULL,NULL,1865,1,'2022-11-27 07:41:06'),(20745,NULL,NULL,1865,1,'2022-11-27 07:41:18'),(20777,NULL,NULL,1865,1,'2022-11-27 19:22:41'),(20780,NULL,NULL,376,1,'2022-11-28 00:06:40'),(20788,NULL,NULL,1565,1,'2022-11-28 12:12:18'),(20797,NULL,NULL,807,1,'2022-11-28 20:13:23'),(20847,NULL,NULL,21,1,'2022-11-30 00:40:25'),(20859,NULL,NULL,173,1,'2022-11-30 16:39:05'),(20910,NULL,NULL,2011,1,'2022-11-30 22:12:16'),(20911,NULL,NULL,1579,1,'2022-11-30 22:57:16'),(20915,NULL,NULL,1599,1,'2022-12-01 02:45:01'),(20957,NULL,NULL,758,1,'2022-12-01 15:58:47'),(20993,NULL,NULL,1865,1,'2022-12-01 20:18:07'),(20996,NULL,NULL,25263,1,'2022-12-02 01:20:38'),(20998,NULL,NULL,1613,1,'2022-12-02 03:28:08'),(21000,NULL,NULL,2011,1,'2022-12-02 05:59:08'),(21059,NULL,NULL,25170,1,'2022-12-02 20:29:17'),(21104,NULL,NULL,1592,1,'2022-12-03 13:56:53'),(21105,NULL,NULL,2011,1,'2022-12-03 15:23:45'),(21121,NULL,NULL,25382,1,'2022-12-04 01:08:56'),(21141,NULL,NULL,1150,1,'2022-12-04 23:14:56'),(21143,NULL,NULL,1599,1,'2022-12-05 03:08:48'),(21144,NULL,NULL,1572,1,'2022-12-05 04:36:21'),(21155,NULL,NULL,1101,1,'2022-12-05 17:19:47'),(21160,NULL,NULL,1572,1,'2022-12-06 00:49:07'),(21163,NULL,NULL,1419,1,'2022-12-06 03:04:07'),(21169,NULL,NULL,1150,1,'2022-12-06 17:56:40'),(21170,NULL,NULL,1150,1,'2022-12-06 17:56:53'),(21190,NULL,NULL,1579,1,'2022-12-07 15:31:32'),(21236,NULL,NULL,1579,1,'2022-12-08 20:03:10'),(21238,NULL,NULL,173,1,'2022-12-08 20:17:26'),(21240,NULL,NULL,173,1,'2022-12-08 20:37:41'),(21253,NULL,NULL,173,1,'2022-12-09 13:35:12'),(21254,NULL,NULL,173,1,'2022-12-09 13:56:32'),(21281,NULL,NULL,1865,1,'2022-12-10 02:32:58'),(21335,NULL,NULL,954,1,'2022-12-11 01:31:29'),(21383,NULL,NULL,25312,1,'2022-12-11 14:23:44'),(21388,NULL,NULL,954,1,'2022-12-11 22:10:57'),(21394,NULL,NULL,1865,1,'2022-12-11 23:44:39'),(21419,NULL,NULL,1865,1,'2022-12-12 17:10:46'),(21530,NULL,NULL,2084,1,'2022-12-14 18:56:14'),(21549,NULL,NULL,49,1,'2022-12-15 06:43:28'),(21636,NULL,NULL,1248,1,'2022-12-15 20:35:05'),(21652,NULL,NULL,2011,1,'2022-12-16 09:19:53'),(21735,NULL,32,25607,1,'2022-12-17 06:38:29'),(21743,NULL,NULL,25312,1,'2022-12-17 15:43:25'),(21757,NULL,NULL,1865,1,'2022-12-17 18:44:57'),(21787,NULL,NULL,35,1,'2022-12-18 03:59:26'),(21795,NULL,NULL,320,1,'2022-12-18 15:10:18'),(21809,NULL,NULL,1669,1,'2022-12-19 04:49:35'),(21867,NULL,NULL,25368,1,'2022-12-20 21:12:21'),(21868,NULL,NULL,1572,1,'2022-12-20 21:29:14'),(21872,NULL,NULL,1346,1,'2022-12-21 02:55:09'),(21881,NULL,NULL,25368,1,'2022-12-21 13:17:16'),(21894,NULL,NULL,25121,1,'2022-12-22 07:01:20'),(21906,NULL,NULL,369,1,'2022-12-23 07:37:04'),(21923,NULL,NULL,1620,1,'2022-12-24 18:04:05'),(21924,NULL,NULL,856,1,'2022-12-24 18:51:35'),(21927,NULL,NULL,25121,1,'2022-12-24 21:45:12'),(21945,NULL,NULL,1620,1,'2022-12-25 18:04:05'),(21948,NULL,NULL,856,1,'2022-12-25 18:51:35'),(21949,NULL,NULL,1865,1,'2022-12-25 19:13:19'),(21950,NULL,NULL,25121,1,'2022-12-25 21:45:12'),(21954,NULL,NULL,1865,1,'2022-12-26 04:28:17'),(21985,NULL,NULL,1620,1,'2022-12-26 18:04:05'),(21986,NULL,NULL,856,1,'2022-12-26 18:51:35'),(21991,NULL,NULL,1346,1,'2022-12-26 23:51:01'),(21996,NULL,NULL,1492,1,'2022-12-27 07:03:46'),(22034,NULL,NULL,1865,1,'2022-12-27 23:13:33'),(22035,NULL,NULL,1865,1,'2022-12-28 02:44:32'),(22036,NULL,NULL,2084,1,'2022-12-28 02:58:59'),(22037,NULL,NULL,173,1,'2022-12-28 03:13:49'),(22049,NULL,NULL,376,1,'2022-12-28 11:54:31'),(22071,NULL,NULL,320,1,'2022-12-29 08:24:07'),(22082,NULL,NULL,1865,1,'2022-12-29 19:09:56'),(22083,NULL,NULL,1199,1,'2022-12-29 21:26:02'),(22107,NULL,NULL,1599,1,'2022-12-31 12:33:49'),(22113,NULL,NULL,1579,1,'2023-01-01 02:00:34'),(22118,NULL,NULL,42,1,'2023-01-01 19:03:54'),(22167,NULL,NULL,1346,1,'2023-01-02 08:42:32'),(22171,NULL,NULL,648,1,'2023-01-02 10:13:05'),(22172,NULL,NULL,25263,1,'2023-01-02 10:46:51'),(22180,NULL,NULL,2084,1,'2023-01-02 17:53:02'),(22183,NULL,NULL,173,1,'2023-01-02 19:25:13'),(22192,NULL,NULL,1865,1,'2023-01-03 07:51:27'),(22195,NULL,NULL,25263,1,'2023-01-03 11:50:09'),(22199,NULL,NULL,173,1,'2023-01-03 13:52:03'),(22200,NULL,NULL,2084,1,'2023-01-03 13:53:18'),(22300,NULL,NULL,1199,1,'2023-01-04 14:45:09'),(22361,NULL,NULL,1565,1,'2023-01-06 03:28:40'),(22442,NULL,NULL,1865,1,'2023-01-07 14:41:18'),(22470,NULL,NULL,28,1,'2023-01-08 16:04:41'),(22476,NULL,NULL,25263,1,'2023-01-08 23:54:22'),(22554,NULL,NULL,173,1,'2023-01-11 06:46:29'),(22574,NULL,NULL,1565,1,'2023-01-12 13:43:30'),(22615,NULL,NULL,807,1,'2023-01-12 21:33:36'),(22637,NULL,NULL,56,1,'2023-01-13 20:16:58'),(22684,NULL,NULL,1419,1,'2023-01-14 21:04:13'),(22695,NULL,NULL,1248,1,'2023-01-15 08:08:43'),(22698,NULL,NULL,2011,1,'2023-01-15 12:07:22'),(22733,NULL,NULL,648,1,'2023-01-15 16:36:56'),(22746,NULL,NULL,2011,1,'2023-01-15 19:15:36'),(22747,NULL,NULL,2084,1,'2023-01-15 19:20:38'),(22779,NULL,NULL,2011,1,'2023-01-16 07:46:22'),(22840,NULL,NULL,25170,1,'2023-01-16 23:34:02'),(22851,NULL,NULL,173,1,'2023-01-17 21:07:28'),(22852,NULL,NULL,35,1,'2023-01-18 01:41:30'),(22855,NULL,NULL,1150,1,'2023-01-18 08:35:42'),(22864,NULL,NULL,173,1,'2023-01-18 21:07:28'),(22866,NULL,NULL,35,1,'2023-01-19 01:41:31'),(22889,NULL,NULL,697,1,'2023-01-20 05:58:38'),(22893,NULL,NULL,1865,1,'2023-01-20 11:39:24'),(22900,NULL,NULL,1572,1,'2023-01-21 04:47:42'),(22902,NULL,NULL,1579,1,'2023-01-21 17:28:32'),(22952,NULL,NULL,1579,1,'2023-01-22 21:17:55'),(22956,NULL,NULL,369,1,'2023-01-23 06:48:39'),(22971,NULL,NULL,1865,1,'2023-01-23 16:33:48'),(22995,NULL,NULL,173,1,'2023-01-24 14:15:39'),(22998,NULL,NULL,173,1,'2023-01-24 21:04:39'),(23023,NULL,NULL,856,1,'2023-01-27 00:05:53'),(23030,NULL,NULL,25312,1,'2023-01-27 14:57:09'),(23034,NULL,NULL,376,1,'2023-01-27 22:17:33'),(23038,NULL,NULL,1938,1,'2023-01-28 05:26:41'),(23042,NULL,NULL,320,1,'2023-01-28 09:38:43'),(23055,NULL,NULL,320,1,'2023-01-29 07:25:47'),(23069,NULL,NULL,1613,1,'2023-01-30 13:23:23'),(23092,NULL,NULL,1865,1,'2023-01-31 09:03:17'),(23154,NULL,NULL,25170,1,'2023-01-31 18:46:34'),(23172,NULL,NULL,1248,1,'2023-02-01 12:37:37'),(23175,NULL,NULL,1199,1,'2023-02-01 16:12:50'),(23183,NULL,NULL,954,1,'2023-02-01 18:12:11'),(23208,NULL,NULL,1865,1,'2023-02-02 10:48:06'),(23296,NULL,NULL,21,1,'2023-02-03 13:16:36'),(23302,NULL,NULL,173,1,'2023-02-03 19:17:01'),(23329,NULL,NULL,1865,1,'2023-02-05 00:52:59'),(23331,NULL,NULL,25121,1,'2023-02-05 08:59:57'),(23573,NULL,NULL,173,1,'2023-02-07 17:03:50'),(23627,NULL,NULL,173,1,'2023-02-08 00:42:37'),(23633,NULL,NULL,1599,1,'2023-02-08 05:16:22'),(23729,NULL,NULL,25319,1,'2023-02-10 08:23:33'),(23757,NULL,NULL,173,1,'2023-02-11 10:08:01'),(23778,NULL,NULL,1565,1,'2023-02-12 05:51:30'),(23814,NULL,NULL,1865,1,'2023-02-12 17:50:23'),(23822,NULL,NULL,49,1,'2023-02-13 08:16:39'),(23827,NULL,NULL,1592,1,'2023-02-13 14:45:28'),(23831,NULL,NULL,1101,1,'2023-02-13 21:05:02'),(23841,NULL,NULL,1865,1,'2023-02-14 15:37:59'),(23842,NULL,NULL,1419,1,'2023-02-14 16:19:59'),(23848,NULL,NULL,648,1,'2023-02-15 05:56:05'),(23852,NULL,NULL,173,1,'2023-02-15 10:04:50'),(23870,NULL,NULL,396,1,'2023-02-15 16:44:57'),(23888,NULL,NULL,1052,1,'2023-02-16 06:53:20'),(24091,NULL,NULL,173,1,'2023-02-18 14:13:15'),(24092,NULL,NULL,173,1,'2023-02-18 14:13:24'),(24151,NULL,NULL,173,1,'2023-02-19 08:23:13'),(24198,NULL,NULL,35,1,'2023-02-19 19:27:23'),(24222,NULL,NULL,697,1,'2023-02-20 10:19:07'),(24258,NULL,NULL,222,1,'2023-02-20 21:09:03'),(24261,NULL,NULL,49,1,'2023-02-20 21:38:04'),(24263,NULL,NULL,1865,1,'2023-02-20 21:59:46'),(24274,NULL,NULL,1052,1,'2023-02-21 05:49:02'),(24278,NULL,NULL,173,1,'2023-02-21 10:38:40'),(24307,NULL,NULL,1150,1,'2023-02-21 18:48:17'),(24315,NULL,NULL,2084,1,'2023-02-21 19:41:40'),(24316,NULL,NULL,2084,1,'2023-02-21 19:41:41'),(24323,NULL,NULL,1865,1,'2023-02-22 01:04:56'),(24432,NULL,NULL,369,1,'2023-02-23 04:14:15'),(24437,NULL,NULL,1865,1,'2023-02-23 09:35:21'),(24438,NULL,NULL,42,1,'2023-02-23 10:26:55'),(24520,NULL,NULL,35,1,'2023-02-25 19:30:31'),(24523,NULL,NULL,1865,1,'2023-02-25 22:20:40'),(24537,NULL,NULL,1150,1,'2023-02-26 10:14:40'),(24542,NULL,NULL,1565,1,'2023-02-26 11:48:14'),(24567,NULL,NULL,807,1,'2023-02-26 16:52:21'),(24579,NULL,NULL,856,1,'2023-02-26 22:03:38'),(24606,NULL,NULL,369,1,'2023-02-27 11:16:53'),(24621,NULL,NULL,1938,1,'2023-02-27 14:09:00'),(24646,NULL,NULL,25312,1,'2023-02-27 17:54:22'),(24681,NULL,NULL,1199,1,'2023-02-28 06:47:31'),(24717,NULL,NULL,1620,1,'2023-02-28 14:23:07'),(24728,NULL,NULL,25312,1,'2023-02-28 17:54:22'),(24893,NULL,NULL,173,1,'2023-03-03 00:20:41'),(24898,NULL,NULL,25170,1,'2023-03-03 00:33:06'),(24905,NULL,NULL,1150,1,'2023-03-03 15:52:29'),(24911,NULL,NULL,25170,1,'2023-03-03 20:30:22'),(24918,NULL,NULL,1248,1,'2023-03-04 04:54:22'),(24927,NULL,NULL,954,1,'2023-03-04 11:41:49'),(24991,NULL,NULL,1248,1,'2023-03-05 03:50:04'),(25028,NULL,NULL,1613,1,'2023-03-05 20:10:45'),(25049,NULL,NULL,42,1,'2023-03-06 10:49:05'),(25066,NULL,NULL,173,1,'2023-03-06 19:57:24'),(25067,NULL,NULL,173,1,'2023-03-06 19:57:39'),(25097,NULL,NULL,1101,1,'2023-03-07 11:01:20'),(25124,NULL,NULL,1579,1,'2023-03-07 23:32:39'),(25149,NULL,NULL,2084,1,'2023-03-08 16:14:17'),(25155,NULL,NULL,1579,1,'2023-03-08 22:45:16'),(25157,NULL,NULL,2011,1,'2023-03-09 01:36:19'),(25195,NULL,NULL,1346,1,'2023-03-10 15:32:55'),(25344,NULL,NULL,1599,1,'2023-03-12 02:14:31'),(25345,NULL,NULL,1865,1,'2023-03-12 03:45:03'),(25472,NULL,NULL,25382,1,'2023-03-14 07:07:55'),(25531,NULL,NULL,173,1,'2023-03-15 05:49:01'),(25564,6201266,NULL,25754,1,'2023-03-15 20:34:52'),(25565,6201266,NULL,25747,1,'2023-03-15 20:35:12'),(25566,6201266,NULL,383,1,'2023-03-15 20:36:45'),(25567,6202013,NULL,1565,1,'2023-03-15 21:21:45'),(25568,NULL,NULL,1572,1,'2023-03-15 21:34:10'),(25569,6203618,NULL,856,1,'2023-03-16 00:33:50'),(25570,6205630,NULL,25740,1,'2023-03-16 04:36:52'),(25571,6205630,NULL,1938,1,'2023-03-16 04:38:54'),(25572,6205630,NULL,1565,1,'2023-03-16 04:39:35'),(25573,6207067,NULL,25263,1,'2023-03-16 07:25:15'),(25574,6207702,NULL,25170,1,'2023-03-16 08:58:43'),(25575,6209718,NULL,1565,1,'2023-03-16 11:30:41'),(25576,6209757,NULL,1565,1,'2023-03-16 11:35:39'),(25577,6209782,NULL,25740,1,'2023-03-16 11:39:08'),(25578,6209975,NULL,25121,1,'2023-03-16 12:07:44'),(25579,6209975,NULL,1565,1,'2023-03-16 12:09:01'),(25580,6210253,NULL,758,1,'2023-03-16 12:30:03'),(25582,6210253,NULL,1938,1,'2023-03-16 12:30:35'),(25583,6210253,NULL,1565,1,'2023-03-16 12:30:49'),(25584,6210608,NULL,173,1,'2023-03-16 13:04:08'),(25585,6210611,NULL,173,1,'2023-03-16 13:04:31'),(25586,6210613,NULL,173,1,'2023-03-16 13:04:32'),(25587,6210746,NULL,320,1,'2023-03-16 13:29:40'),(25588,6210803,NULL,25754,1,'2023-03-16 13:37:41'),(25589,6210804,NULL,25754,1,'2023-03-16 13:37:46'),(25590,6210798,NULL,1565,1,'2023-03-16 13:39:22'),(25591,6211102,NULL,25368,1,'2023-03-16 13:59:25'),(25592,6211102,NULL,7,1,'2023-03-16 13:59:49'),(25593,6211102,NULL,25452,1,'2023-03-16 14:00:05'),(25594,6211102,NULL,25396,1,'2023-03-16 14:00:40'),(25595,6211102,NULL,25263,1,'2023-03-16 14:00:56'),(25596,6211320,NULL,1938,1,'2023-03-16 14:08:20'),(25597,6211944,NULL,1938,1,'2023-03-16 15:11:11'),(25598,6211944,NULL,25747,1,'2023-03-16 15:11:42'),(25600,6212105,NULL,25375,1,'2023-03-16 15:38:09'),(25601,6212144,NULL,25740,1,'2023-03-16 15:46:00'),(25602,6212872,NULL,25740,1,'2023-03-16 17:56:28'),(25603,6213571,NULL,7,1,'2023-03-16 19:08:27'),(25604,6213606,NULL,25121,1,'2023-03-16 19:14:51'),(25606,6213643,NULL,105,1,'2023-03-16 19:20:14'),(25607,6213895,NULL,25740,1,'2023-03-16 20:03:08'),(25608,6214044,NULL,25740,1,'2023-03-16 20:23:21'),(25609,6214171,NULL,1579,1,'2023-03-16 20:47:34'),(25610,6214281,NULL,25452,1,'2023-03-16 21:07:32'),(25611,6214281,NULL,403,1,'2023-03-16 21:08:14'),(25612,6214281,NULL,25654,1,'2023-03-16 21:09:03'),(25613,6214377,NULL,2011,1,'2023-03-16 21:22:44'),(25615,6214542,NULL,25740,1,'2023-03-16 21:42:40'),(25616,6214630,NULL,222,1,'2023-03-16 21:58:14'),(25617,6215159,NULL,25740,1,'2023-03-16 22:46:40'),(25618,6215313,NULL,25121,1,'2023-03-16 23:13:03'),(25619,6215313,NULL,25740,1,'2023-03-16 23:13:47'),(25620,6215470,NULL,25121,1,'2023-03-16 23:37:42'),(25622,6215470,NULL,25740,1,'2023-03-16 23:37:55'),(25623,6215486,NULL,25452,1,'2023-03-16 23:41:30'),(25624,6215829,NULL,1606,1,'2023-03-17 00:35:26'),(25625,6217674,NULL,1865,1,'2023-03-17 05:14:56'),(25626,6217680,NULL,2011,1,'2023-03-17 05:16:17'),(25627,6217680,NULL,1938,1,'2023-03-17 05:16:37'),(25628,6218398,NULL,807,1,'2023-03-17 06:32:20'),(25629,6218494,NULL,25452,1,'2023-03-17 06:38:59'),(25630,6218494,NULL,25256,1,'2023-03-17 06:39:59'),(25631,6218494,NULL,501,1,'2023-03-17 06:41:25'),(25632,6219240,NULL,28,1,'2023-03-17 08:49:58'),(25633,6219286,NULL,25368,1,'2023-03-17 08:59:05'),(25634,6219710,NULL,320,1,'2023-03-17 10:16:37'),(25635,6219710,NULL,369,1,'2023-03-17 10:16:37'),(25636,6219710,NULL,25368,1,'2023-03-17 10:16:38'),(25637,6219710,NULL,1297,1,'2023-03-17 10:16:38'),(25638,6219710,NULL,1938,1,'2023-03-17 10:16:38'),(25639,6219710,NULL,25747,1,'2023-03-17 10:16:38'),(25640,6219710,NULL,2011,1,'2023-03-17 10:16:38'),(25641,6219710,NULL,1150,1,'2023-03-17 10:16:38'),(25642,6219710,NULL,1101,1,'2023-03-17 10:16:38'),(25643,6219710,NULL,25654,1,'2023-03-17 10:16:39'),(25644,6219710,NULL,25553,1,'2023-03-17 10:16:39'),(25645,6219710,NULL,173,1,'2023-03-17 10:16:39'),(25646,6219710,NULL,1669,1,'2023-03-17 10:16:39'),(25647,6219710,NULL,25643,1,'2023-03-17 10:16:40'),(25648,6219710,NULL,105,1,'2023-03-17 10:16:42'),(25649,6219925,NULL,25121,1,'2023-03-17 11:00:36'),(25650,6219944,NULL,25121,1,'2023-03-17 11:00:44'),(25652,6219944,NULL,1669,1,'2023-03-17 11:12:13'),(25653,6221994,NULL,25747,1,'2023-03-17 14:11:44'),(25654,6221994,NULL,1865,1,'2023-03-17 14:12:38'),(25655,6221994,NULL,1938,1,'2023-03-17 14:13:00'),(25656,6221994,NULL,2011,1,'2023-03-17 14:14:19'),(25657,6221994,NULL,25740,1,'2023-03-17 14:15:25'),(25658,6222025,NULL,25768,1,'2023-03-18 15:26:06'),(25659,6222026,NULL,25768,1,'2023-03-18 15:35:33');

--
-- Table structure for table `mag2_reporting_counts`
--

CREATE TABLE `mag2_reporting_counts` (
  `entity_id` int(10) unsigned NOT NULL AUTO_INCREMENT COMMENT 'Entity Id',
  `type` varchar(255) DEFAULT NULL COMMENT 'Item Reported',
  `count` int(10) unsigned DEFAULT NULL COMMENT 'Count Value',
  `updated_at` timestamp NOT NULL DEFAULT CURRENT_TIMESTAMP ON UPDATE CURRENT_TIMESTAMP COMMENT 'Updated At',
  PRIMARY KEY (`entity_id`)
) ENGINE=InnoDB DEFAULT CHARSET=utf8 COMMENT='Reporting for all count related events generated via the cron job';

--
-- Dumping data for table `mag2_reporting_counts`
--


--
-- Table structure for table `mag2_reporting_module_status`
--

CREATE TABLE `mag2_reporting_module_status` (
  `entity_id` int(10) unsigned NOT NULL AUTO_INCREMENT COMMENT 'Module Id',
  `name` varchar(255) DEFAULT NULL COMMENT 'Module Name',
  `active` varchar(255) DEFAULT NULL COMMENT 'Module Active Status',
  `setup_version` varchar(255) DEFAULT NULL COMMENT 'Module Version',
  `state` varchar(255) DEFAULT NULL COMMENT 'Module State',
  `updated_at` timestamp NOT NULL DEFAULT CURRENT_TIMESTAMP ON UPDATE CURRENT_TIMESTAMP COMMENT 'Updated At',
  PRIMARY KEY (`entity_id`)
) ENGINE=InnoDB DEFAULT CHARSET=utf8 COMMENT='Module Status Table';

--
-- Dumping data for table `mag2_reporting_module_status`
--


--
-- Table structure for table `mag2_reporting_orders`
--

CREATE TABLE `mag2_reporting_orders` (
  `entity_id` int(10) unsigned NOT NULL AUTO_INCREMENT COMMENT 'Entity Id',
  `customer_id` int(10) unsigned DEFAULT NULL COMMENT 'Customer Id',
  `total` decimal(10,0) unsigned DEFAULT NULL,
  `total_base` decimal(10,0) unsigned DEFAULT NULL,
  `item_count` int(10) unsigned NOT NULL COMMENT 'Line Item Count',
  `updated_at` timestamp NOT NULL DEFAULT CURRENT_TIMESTAMP COMMENT 'Updated At',
  PRIMARY KEY (`entity_id`)
) ENGINE=InnoDB DEFAULT CHARSET=utf8 COMMENT='Reporting for all orders';

--
-- Dumping data for table `mag2_reporting_orders`
--


--
-- Table structure for table `mag2_reporting_system_updates`
--

CREATE TABLE `mag2_reporting_system_updates` (
  `entity_id` int(10) unsigned NOT NULL AUTO_INCREMENT COMMENT 'Entity Id',
  `type` varchar(255) DEFAULT NULL COMMENT 'Update Type',
  `action` varchar(255) DEFAULT NULL COMMENT 'Action Performed',
  `updated_at` timestamp NOT NULL DEFAULT CURRENT_TIMESTAMP COMMENT 'Updated At',
  PRIMARY KEY (`entity_id`)
) ENGINE=InnoDB DEFAULT CHARSET=utf8 COMMENT='Reporting for system updates';

--
-- Dumping data for table `mag2_reporting_system_updates`
--


--
-- Table structure for table `mag2_reporting_users`
--

CREATE TABLE `mag2_reporting_users` (
  `entity_id` int(10) unsigned NOT NULL AUTO_INCREMENT COMMENT 'Entity Id',
  `type` varchar(255) DEFAULT NULL COMMENT 'User Type',
  `action` varchar(255) DEFAULT NULL COMMENT 'Action Performed',
  `updated_at` timestamp NOT NULL DEFAULT CURRENT_TIMESTAMP COMMENT 'Updated At',
  PRIMARY KEY (`entity_id`)
) ENGINE=InnoDB DEFAULT CHARSET=utf8 COMMENT='Reporting for user actions';

--
-- Dumping data for table `mag2_reporting_users`
--


--
-- Table structure for table `mag2_review`
--

CREATE TABLE `mag2_review` (
  `review_id` bigint(20) unsigned NOT NULL AUTO_INCREMENT COMMENT 'Review id',
  `created_at` timestamp NOT NULL DEFAULT CURRENT_TIMESTAMP COMMENT 'Review create date',
  `entity_id` smallint(5) unsigned NOT NULL DEFAULT '0' COMMENT 'Entity id',
  `entity_pk_value` int(10) unsigned NOT NULL DEFAULT '0' COMMENT 'Product id',
  `status_id` smallint(5) unsigned NOT NULL DEFAULT '0' COMMENT 'Status code',
  PRIMARY KEY (`review_id`),
  KEY `MAG2_REVIEW_ENTITY_ID` (`entity_id`),
  KEY `MAG2_REVIEW_STATUS_ID` (`status_id`),
  KEY `MAG2_REVIEW_ENTITY_PK_VALUE` (`entity_pk_value`)
) ENGINE=InnoDB DEFAULT CHARSET=utf8 COMMENT='Review base information';

--
-- Dumping data for table `mag2_review`
--


--
-- Table structure for table `mag2_review_detail`
--

CREATE TABLE `mag2_review_detail` (
  `detail_id` bigint(20) unsigned NOT NULL AUTO_INCREMENT COMMENT 'Review detail id',
  `review_id` bigint(20) unsigned NOT NULL DEFAULT '0' COMMENT 'Review id',
  `store_id` smallint(5) unsigned DEFAULT '0' COMMENT 'Store id',
  `title` varchar(255) NOT NULL COMMENT 'Title',
  `detail` text NOT NULL COMMENT 'Detail description',
  `nickname` varchar(128) NOT NULL COMMENT 'User nickname',
  `customer_id` int(10) unsigned DEFAULT NULL COMMENT 'Customer Id',
  PRIMARY KEY (`detail_id`),
  KEY `MAG2_REVIEW_DETAIL_REVIEW_ID` (`review_id`),
  KEY `MAG2_REVIEW_DETAIL_STORE_ID` (`store_id`),
  KEY `MAG2_REVIEW_DETAIL_CUSTOMER_ID` (`customer_id`)
) ENGINE=InnoDB DEFAULT CHARSET=utf8 COMMENT='Review detail information';

--
-- Dumping data for table `mag2_review_detail`
--


--
-- Table structure for table `mag2_review_entity`
--

CREATE TABLE `mag2_review_entity` (
  `entity_id` smallint(5) unsigned NOT NULL AUTO_INCREMENT COMMENT 'Review entity id',
  `entity_code` varchar(32) NOT NULL COMMENT 'Review entity code',
  PRIMARY KEY (`entity_id`)
) ENGINE=InnoDB AUTO_INCREMENT=4 DEFAULT CHARSET=utf8 COMMENT='Review entities';

--
-- Dumping data for table `mag2_review_entity`
--

INSERT INTO `mag2_review_entity` VALUES (1,'product'),(2,'customer'),(3,'category');

--
-- Table structure for table `mag2_review_entity_summary`
--

CREATE TABLE `mag2_review_entity_summary` (
  `primary_id` bigint(20) NOT NULL AUTO_INCREMENT COMMENT 'Summary review entity id',
  `entity_pk_value` bigint(20) NOT NULL DEFAULT '0' COMMENT 'Product id',
  `entity_type` smallint(6) NOT NULL DEFAULT '0' COMMENT 'Entity type id',
  `reviews_count` smallint(6) NOT NULL DEFAULT '0' COMMENT 'Qty of reviews',
  `rating_summary` smallint(6) NOT NULL DEFAULT '0' COMMENT 'Summarized rating',
  `store_id` smallint(5) unsigned NOT NULL DEFAULT '0' COMMENT 'Store id',
  PRIMARY KEY (`primary_id`),
  KEY `MAG2_REVIEW_ENTITY_SUMMARY_STORE_ID` (`store_id`)
) ENGINE=InnoDB DEFAULT CHARSET=utf8 COMMENT='Review aggregates';

--
-- Dumping data for table `mag2_review_entity_summary`
--


--
-- Table structure for table `mag2_review_status`
--

CREATE TABLE `mag2_review_status` (
  `status_id` smallint(5) unsigned NOT NULL AUTO_INCREMENT COMMENT 'Status id',
  `status_code` varchar(32) NOT NULL COMMENT 'Status code',
  PRIMARY KEY (`status_id`)
) ENGINE=InnoDB AUTO_INCREMENT=4 DEFAULT CHARSET=utf8 COMMENT='Review statuses';

--
-- Dumping data for table `mag2_review_status`
--

INSERT INTO `mag2_review_status` VALUES (1,'Approved'),(2,'Pending'),(3,'Not Approved');

--
-- Table structure for table `mag2_review_store`
--

CREATE TABLE `mag2_review_store` (
  `review_id` bigint(20) unsigned NOT NULL COMMENT 'Review Id',
  `store_id` smallint(5) unsigned NOT NULL COMMENT 'Store Id',
  PRIMARY KEY (`review_id`,`store_id`),
  KEY `MAG2_REVIEW_STORE_STORE_ID` (`store_id`)
) ENGINE=InnoDB DEFAULT CHARSET=utf8 COMMENT='Review Store';

--
-- Dumping data for table `mag2_review_store`
--


--
-- Table structure for table `mag2_sales_bestsellers_aggregated_daily`
--

CREATE TABLE `mag2_sales_bestsellers_aggregated_daily` (
  `id` int(10) unsigned NOT NULL AUTO_INCREMENT COMMENT 'Id',
  `period` date DEFAULT NULL COMMENT 'Period',
  `store_id` smallint(5) unsigned DEFAULT NULL COMMENT 'Store Id',
  `product_id` int(10) unsigned DEFAULT NULL COMMENT 'Product Id',
  `product_name` varchar(255) DEFAULT NULL COMMENT 'Product Name',
  `product_price` decimal(12,4) NOT NULL DEFAULT '0.0000' COMMENT 'Product Price',
  `qty_ordered` decimal(12,4) NOT NULL DEFAULT '0.0000' COMMENT 'Qty Ordered',
  `rating_pos` smallint(5) unsigned NOT NULL DEFAULT '0' COMMENT 'Rating Pos',
  PRIMARY KEY (`id`),
  UNIQUE KEY `MAG2_SALES_BESTSELLERS_AGGRED_DAILY_PERIOD_STORE_ID_PRD_ID` (`period`,`store_id`,`product_id`),
  KEY `MAG2_SALES_BESTSELLERS_AGGREGATED_DAILY_STORE_ID` (`store_id`),
  KEY `MAG2_SALES_BESTSELLERS_AGGREGATED_DAILY_PRODUCT_ID` (`product_id`)
) ENGINE=InnoDB AUTO_INCREMENT=962 DEFAULT CHARSET=utf8 COMMENT='Sales Bestsellers Aggregated Daily';

--
-- Dumping data for table `mag2_sales_bestsellers_aggregated_daily`
--

INSERT INTO `mag2_sales_bestsellers_aggregated_daily` VALUES (1,'2021-02-22',1,32,'Layered black top-XL',23.7500,1.0000,1),(2,'2021-02-22',1,83,'Light beige suit with ruffle details-XL-37',49.7500,1.0000,2),(3,'2021-02-22',1,1638,'Denim colour-block design training suit-L-36',46.7500,1.0000,3),(4,'2021-03-04',1,1672,'Volume beige jacket-L-like the photo',30.7500,1.0000,2),(5,'2021-03-04',1,1673,'Volume beige jacket-XL-like the photo',30.7500,1.0000,1),(6,'2021-03-05',1,11,'Sky blue top-XL',25.7500,1.0000,1),(7,'2021-03-05',1,32,'Layered black top-XL',23.7500,1.0000,2),(16,'2021-02-22',0,32,'Layered black top-XL',23.7500,1.0000,1),(17,'2021-02-22',0,83,'Light beige suit with ruffle details-XL-37',49.7500,1.0000,2),(18,'2021-02-22',0,1638,'Denim colour-block design training suit-L-36',46.7500,1.0000,3),(19,'2021-03-04',0,1672,'Volume beige jacket-L-like the photo',30.7500,1.0000,1),(20,'2021-03-04',0,1673,'Volume beige jacket-XL-like the photo',30.7500,1.0000,2),(21,'2021-03-05',0,11,'Sky blue top-XL',25.7500,1.0000,1),(22,'2021-03-05',0,32,'Layered black top-XL',23.7500,1.0000,2),(36,'2021-03-21',1,1,'Black loose top with baby pink-S-Black',30.7500,1.0000,1),(37,'2021-03-21',1,57,'Light beige suit with ruffle details-S-35',49.7500,1.0000,2),(39,'2021-03-21',0,1,'Black loose top with baby pink-S-Black',30.7500,1.0000,2),(40,'2021-03-21',0,57,'Light beige suit with ruffle details-S-35',49.7500,1.0000,1),(55,'2021-03-14',1,1540,'Gray kaftan with black details-XL-61',75.7500,1.0000,1),(56,'2021-03-17',1,1379,'Beige cotton kaftan-L-58',48.7500,1.0000,1),(58,'2021-03-14',0,1540,'Gray kaftan with black details-XL-61',75.7500,1.0000,1),(59,'2021-03-17',0,1379,'Beige cotton kaftan-L-58',48.7500,1.0000,1),(67,'2021-03-22',1,19,'Olive top-XXL-Olive',27.7500,3.0000,4),(68,'2021-03-22',1,40,'Scarfs top-XXL',25.7500,2.0000,5),(69,'2021-03-22',1,1577,'Caramel top with black-XXL',28.7500,3.0000,1),(70,'2021-03-22',1,1604,'Tiffany top with sky blue-XXL-tiffany',27.7500,3.0000,2),(71,'2021-03-22',1,1611,'Black top with white stripes design-XXL-Black',28.7500,3.0000,3),(74,'2021-03-22',0,19,'Olive top-XXL-Olive',27.7500,3.0000,3),(75,'2021-03-22',0,40,'Scarfs top-XXL',25.7500,2.0000,5),(76,'2021-03-22',0,1577,'Caramel top with black-XXL',28.7500,3.0000,4),(77,'2021-03-22',0,1604,'Tiffany top with sky blue-XXL-tiffany',27.7500,3.0000,1),(78,'2021-03-22',0,1611,'Black top with white stripes design-XXL-Black',28.7500,3.0000,2),(86,'2021-03-27',1,1574,'Caramel top with black-M',26.7500,1.0000,1),(87,'2021-03-27',1,1580,'Layered white jacket-S-off white',28.7500,1.0000,2),(89,'2021-03-27',0,1574,'Caramel top with black-M',26.7500,1.0000,1),(90,'2021-03-27',0,1580,'Layered white jacket-S-off white',28.7500,1.0000,2),(110,'2021-04-04',1,13,'Sky blue top-XXXL',29.7500,1.0000,1),(111,'2021-04-04',1,25054,'dress ruffle in dark beige-XXL-56-like the photo',67.7500,1.0000,2),(113,'2021-04-04',0,13,'Sky blue top-XXXL',29.7500,1.0000,1),(114,'2021-04-04',0,25054,'dress ruffle in dark beige-XXL-56-like the photo',67.7500,1.0000,2),(116,'2021-04-08',1,11,'Sky blue top-XL',25.7500,1.0000,1),(117,'2021-04-08',1,1672,'Volume beige jacket-L-like the photo',30.7500,1.0000,2),(119,'2021-04-08',0,11,'Sky blue top-XL',25.7500,1.0000,1),(120,'2021-04-08',0,1672,'Volume beige jacket-L-like the photo',30.7500,1.0000,2),(122,'2021-04-15',1,47,'Beige top with striped- Beige-XXL',27.7500,1.0000,1),(123,'2021-04-15',1,54,'White top with mix colors-XXL',27.7500,1.0000,2),(124,'2021-04-15',1,1611,'Black top with white stripes design-XXL-Black',28.7500,1.0000,3),(125,'2021-04-15',0,47,'Beige top with striped- Beige-XXL',27.7500,1.0000,2),(126,'2021-04-15',0,54,'White top with mix colors-XXL',27.7500,1.0000,3),(127,'2021-04-15',0,1611,'Black top with white stripes design-XXL-Black',28.7500,1.0000,1),(136,'2021-04-16',1,390,'Grey shanton jacket-XL-Gray',25.7500,1.0000,1),(137,'2021-04-16',0,390,'Grey shanton jacket-XL-Gray',25.7500,1.0000,1),(152,'2021-04-17',1,647,'Black suit with silver-XXXL-42',96.7500,1.0000,1),(153,'2021-04-17',1,25083,'White suit with silver-M-37-like the photo',86.7500,1.0000,2),(154,'2021-04-17',1,25119,'White suit with silver-XXXL-42-like the photo',96.7500,1.0000,3),(159,'2021-04-17',0,647,'Black suit with silver-XXXL-42',96.7500,1.0000,1),(160,'2021-04-17',0,25083,'White suit with silver-M-37-like the photo',86.7500,1.0000,2),(161,'2021-04-17',0,25119,'White suit with silver-XXXL-42-like the photo',96.7500,1.0000,3),(166,'2021-04-19',1,25029,'dress ruffle in dark beige-L-54-like the photo',65.7500,1.0000,1),(167,'2021-04-19',1,25083,'White suit with silver-M-37-like the photo',86.7500,1.0000,2),(173,'2021-04-19',0,25029,'dress ruffle in dark beige-L-54-like the photo',65.7500,1.0000,1),(174,'2021-04-19',0,25083,'White suit with silver-M-37-like the photo',86.7500,1.0000,2),(191,'2021-04-21',1,27,'Burgundy striped design top with front pockets-XXXL',29.7500,1.0000,1),(192,'2021-04-21',1,1578,'Caramel top with black-XXXL',31.7500,1.0000,2),(193,'2021-04-25',1,51,'White top with mix colors-M',25.7500,1.0000,1),(194,'2021-04-25',1,1362,'Beige cotton kaftan-M-53',48.7500,1.0000,2),(198,'2021-04-21',0,27,'Burgundy striped design top with front pockets-XXXL',29.7500,1.0000,1),(199,'2021-04-21',0,1578,'Caramel top with black-XXXL',31.7500,1.0000,2),(200,'2021-04-25',0,51,'White top with mix colors-M',25.7500,1.0000,1),(201,'2021-04-25',0,1362,'Beige cotton kaftan-M-53',48.7500,1.0000,2),(211,'2021-04-22',1,1603,'Tiffany top with sky blue-XL-tiffany',25.7500,1.0000,1),(212,'2021-04-22',1,25037,'dress ruffle in dark beige-XL-51-like the photo',65.7500,1.0000,2),(213,'2021-04-23',1,25016,'dress ruffle in dark beige-M-55-like the photo',65.7500,2.0000,1),(214,'2021-04-22',0,1603,'Tiffany top with sky blue-XL-tiffany',25.7500,1.0000,2),(215,'2021-04-22',0,25037,'dress ruffle in dark beige-XL-51-like the photo',65.7500,1.0000,1),(216,'2021-04-23',0,25016,'dress ruffle in dark beige-M-55-like the photo',65.7500,2.0000,1),(217,'2021-04-24',1,373,'Caramel denim jacket-XL',28.7500,1.0000,1),(218,'2021-04-24',1,392,'Grey shanton jacket-XXL-Gray',27.7500,1.0000,2),(220,'2021-04-24',0,373,'Caramel denim jacket-XL',28.7500,1.0000,1),(221,'2021-04-24',0,392,'Grey shanton jacket-XXL-Gray',27.7500,1.0000,2),(222,'2021-04-28',1,4,'Black loose top with baby pink-XL-Black',30.7500,1.0000,2),(223,'2021-04-28',1,11,'Sky blue top-XL',25.7500,1.0000,1),(229,'2021-04-28',0,4,'Black loose top with baby pink-XL-Black',30.7500,1.0000,1),(230,'2021-04-28',0,11,'Sky blue top-XL',25.7500,1.0000,2),(233,'2021-05-17',1,24,'Burgundy striped design top with front pockets-L',24.7500,1.0000,1),(234,'2021-05-17',1,399,'Oversized denim jacket with sky blue  -L-Dark blue',25.7500,1.0000,2),(235,'2021-05-23',1,66,'Light beige suit with ruffle details-M-36',49.7500,1.0000,1),(236,'2021-05-17',0,24,'Burgundy striped design top with front pockets-L',24.7500,1.0000,1),(237,'2021-05-17',0,399,'Oversized denim jacket with sky blue  -L-Dark blue',25.7500,1.0000,2),(238,'2021-05-23',0,66,'Light beige suit with ruffle details-M-36',49.7500,1.0000,1),(255,'2021-05-24',1,37,'Scarfs top-M',23.7500,3.0000,1),(256,'2021-05-24',1,25246,'‏BEIGE LOOSE TOP WITH BLACK -M-like the photo',25.7500,3.0000,2),(257,'2021-05-24',1,25248,'‏BEIGE LOOSE TOP WITH BLACK -L-like the photo',25.7500,1.0000,3),(258,'2021-05-24',0,37,'Scarfs top-M',23.7500,3.0000,2),(259,'2021-05-24',0,25246,'‏BEIGE LOOSE TOP WITH BLACK -M-like the photo',25.7500,3.0000,1),(260,'2021-05-24',0,25248,'‏BEIGE LOOSE TOP WITH BLACK -L-like the photo',25.7500,1.0000,3),(261,'2021-05-26',1,12,'Sky blue top-XXL',27.7500,1.0000,1),(262,'2021-06-03',1,1615,'Light gray jacket with max colors design-M-Light gray',30.7500,1.0000,1),(264,'2021-05-26',0,12,'Sky blue top-XXL',27.7500,1.0000,1),(265,'2021-06-03',0,1615,'Light gray jacket with max colors design-M-Light gray',30.7500,1.0000,1),(269,'2021-06-06',1,25258,'Dark olive Top with mix colors-M-like the photo',26.7500,1.0000,1),(270,'2021-06-06',0,25258,'Dark olive Top with mix colors-M-like the photo',26.7500,1.0000,1),(277,'2021-06-08',1,25250,'‏BEIGE LOOSE TOP WITH BLACK -XL-like the photo',25.7500,1.0000,1),(278,'2021-06-08',0,25250,'‏BEIGE LOOSE TOP WITH BLACK -XL-like the photo',25.7500,1.0000,1),(279,'2021-05-29',1,5,'Black loose top with baby pink-XXL-Black',32.7500,1.0000,2),(280,'2021-05-29',1,1588,'Layered white jacket-XXL-off white',30.7500,1.0000,3),(281,'2021-05-29',1,1611,'Black top with white stripes design-XXL-Black',28.7500,1.0000,1),(282,'2021-05-29',0,5,'Black loose top with baby pink-XXL-Black',32.7500,1.0000,1),(283,'2021-05-29',0,1588,'Layered white jacket-XXL-off white',30.7500,1.0000,2),(284,'2021-05-29',0,1611,'Black top with white stripes design-XXL-Black',28.7500,1.0000,3),(285,'2021-06-04',1,1598,'Denim jaket with max colors-XXXL-Blue',31.7500,1.0000,1),(286,'2021-06-04',0,1598,'Denim jaket with max colors-XXXL-Blue',31.7500,1.0000,1),(287,'2021-06-14',1,25246,'‏BEIGE LOOSE TOP WITH BLACK -M-like the photo',25.7500,1.0000,1),(288,'2021-06-14',0,25246,'‏BEIGE LOOSE TOP WITH BLACK -M-like the photo',25.7500,1.0000,1),(289,'2021-06-07',1,25258,'Dark olive Top with mix colors-M-like the photo',26.7500,1.0000,2),(290,'2021-06-07',1,25260,'Dark olive Top with mix colors-XL-like the photo',26.7500,4.0000,1),(291,'2021-06-07',1,25261,'Dark olive Top with mix colors-XXL-like the photo',28.7500,1.0000,3),(292,'2021-06-07',0,25258,'Dark olive Top with mix colors-M-like the photo',26.7500,1.0000,3),(293,'2021-06-07',0,25260,'Dark olive Top with mix colors-XL-like the photo',26.7500,4.0000,1),(294,'2021-06-07',0,25261,'Dark olive Top with mix colors-XXL-like the photo',28.7500,1.0000,2),(327,'2021-06-19',1,32,'Layered black top-XL',23.7500,1.0000,1),(328,'2021-06-19',1,25250,'‏BEIGE LOOSE TOP WITH BLACK -XL-like the photo',25.7500,1.0000,2),(329,'2021-06-19',1,25260,'Dark olive Top with mix colors-XL-like the photo',26.7500,1.0000,3),(330,'2021-06-19',0,32,'Layered black top-XL',23.7500,1.0000,1),(331,'2021-06-19',0,25250,'‏BEIGE LOOSE TOP WITH BLACK -XL-like the photo',25.7500,1.0000,2),(332,'2021-06-19',0,25260,'Dark olive Top with mix colors-XL-like the photo',26.7500,1.0000,3),(339,'2021-06-20',1,25,'Burgundy striped design top with front pockets-XL',24.7500,1.0000,1),(340,'2021-06-20',1,350,'Overlapping colors training suit-XL-40-Gray',46.7500,1.0000,2),(341,'2021-06-20',1,25260,'Dark olive Top with mix colors-XL-like the photo',26.7500,1.0000,3),(342,'2021-06-20',0,25,'Burgundy striped design top with front pockets-XL',24.7500,1.0000,1),(343,'2021-06-20',0,350,'Overlapping colors training suit-XL-40-Gray',46.7500,1.0000,2),(344,'2021-06-20',0,25260,'Dark olive Top with mix colors-XL-like the photo',26.7500,1.0000,3),(365,'2021-06-24',1,1,'Black loose top with baby pink-S-Black',30.7500,1.0000,1),(366,'2021-06-24',1,23,'Burgundy striped design top with front pockets-M',24.7500,1.0000,2),(367,'2021-06-24',1,33,'Layered black top-XXL',25.7500,1.0000,3),(368,'2021-06-24',1,25252,'‏BEIGE LOOSE TOP WITH BLACK -XXL-like the photo',27.7500,1.0000,4),(372,'2021-06-24',0,1,'Black loose top with baby pink-S-Black',30.7500,1.0000,3),(373,'2021-06-24',0,23,'Burgundy striped design top with front pockets-M',24.7500,1.0000,4),(374,'2021-06-24',0,33,'Layered black top-XXL',25.7500,1.0000,1),(375,'2021-06-24',0,25252,'‏BEIGE LOOSE TOP WITH BLACK -XXL-like the photo',27.7500,1.0000,2),(393,'2021-06-25',1,2,'Black loose top with baby pink-M-Black',30.7500,2.0000,1),(394,'2021-06-25',1,712,'Beige suit with ruffle-M-39- Beige',96.7500,2.0000,2),(396,'2021-06-25',0,2,'Black loose top with baby pink-M-Black',30.7500,2.0000,1),(397,'2021-06-25',0,712,'Beige suit with ruffle-M-39- Beige',96.7500,2.0000,2),(399,'2021-06-28',1,1603,'Tiffany top with sky blue-XL-tiffany',25.7500,1.0000,2),(400,'2021-06-28',1,25250,'‏BEIGE LOOSE TOP WITH BLACK -XL-like the photo',25.7500,1.0000,1),(402,'2021-06-28',0,1603,'Tiffany top with sky blue-XL-tiffany',25.7500,1.0000,1),(403,'2021-06-28',0,25250,'‏BEIGE LOOSE TOP WITH BLACK -XL-like the photo',25.7500,1.0000,2),(407,'2021-06-30',1,3,'Black loose top with baby pink-L-Black',30.7500,1.0000,1),(408,'2021-06-30',1,1584,'Layered white jacket-L-off white',28.7500,1.0000,2),(409,'2021-06-30',1,1610,'Black top with white stripes design-XL-Black',26.7500,1.0000,3),(410,'2021-07-16',1,1602,'Tiffany top with sky blue-L-tiffany',25.7500,1.0000,1),(414,'2021-06-30',0,3,'Black loose top with baby pink-L-Black',30.7500,1.0000,1),(415,'2021-06-30',0,1584,'Layered white jacket-L-off white',28.7500,1.0000,2),(416,'2021-06-30',0,1610,'Black top with white stripes design-XL-Black',26.7500,1.0000,3),(417,'2021-07-16',0,1602,'Tiffany top with sky blue-L-tiffany',25.7500,1.0000,1),(421,'2021-07-20',1,1922,'Sky blue cotton kaftan-XXL-sky blue-58',47.7500,1.0000,1),(422,'2021-07-20',0,1922,'Sky blue cotton kaftan-XXL-sky blue-58',47.7500,1.0000,1),(423,'2021-07-21',1,1362,'Beige cotton kaftan-M-53',48.7500,3.0000,1),(424,'2021-07-21',0,1362,'Beige cotton kaftan-M-53',48.7500,3.0000,1),(425,'2021-07-07',1,2,'Black loose top with baby pink-M-Black',30.7500,1.0000,3),(426,'2021-07-07',1,30,'Layered black top-M',23.7500,1.0000,4),(427,'2021-07-07',1,1162,'Black chanton wide leg trousers-M-38-Black',24.7500,1.0000,5),(428,'2021-07-07',1,1211,'Crepe wide leg trousers-M-38-White',24.7500,1.0000,1),(429,'2021-07-07',1,1582,'Layered white jacket-M-off white',28.7500,1.0000,2),(432,'2021-07-07',0,2,'Black loose top with baby pink-M-Black',30.7500,1.0000,1),(433,'2021-07-07',0,30,'Layered black top-M',23.7500,1.0000,2),(434,'2021-07-07',0,1162,'Black chanton wide leg trousers-M-38-Black',24.7500,1.0000,3),(435,'2021-07-07',0,1211,'Crepe wide leg trousers-M-38-White',24.7500,1.0000,4),(436,'2021-07-07',0,1582,'Layered white jacket-M-off white',28.7500,1.0000,5),(441,'2021-07-28',1,30,'Layered black top-M',23.7500,1.0000,1),(472,'2021-07-28',0,30,'Layered black top-M',23.7500,1.0000,1),(505,'2021-08-02',1,1615,'Light gray jacket with max colors design-M-Light gray',30.7500,1.0000,1),(506,'2021-08-02',0,1615,'Light gray jacket with max colors design-M-Light gray',30.7500,1.0000,1),(507,'2021-08-09',1,25082,'White suit with silver-M-36-like the photo',86.7500,1.0000,1),(508,'2021-08-09',0,25082,'White suit with silver-M-36-like the photo',86.7500,1.0000,1),(509,'2021-08-13',1,1618,'Light gray jacket with max colors design-XXL-Light gray',32.7500,1.0000,1),(510,'2021-08-13',0,1618,'Light gray jacket with max colors design-XXL-Light gray',32.7500,1.0000,1),(511,'2021-08-01',1,5,'Black loose top with baby pink-XXL-Black',32.7500,1.0000,7),(512,'2021-08-01',1,33,'Layered black top-XXL',25.7500,1.0000,10),(513,'2021-08-01',1,47,'Beige top with striped- Beige-XXL',27.7500,1.0000,13),(514,'2021-08-01',1,54,'White top with mix colors-XXL',27.7500,1.0000,16),(515,'2021-08-01',1,118,'Ruffle front top-XXL- Beige',27.7500,1.0000,1),(516,'2021-08-01',1,261,'Suit with ruffle details-XXL-41-Dark blue',48.7500,1.0000,4),(517,'2021-08-01',1,310,'Training suit with shoulder details-XXL-41-Black',48.7500,1.0000,6),(518,'2021-08-01',1,359,'Overlapping colors training suit-XXL-41-Gray',48.7500,1.0000,9),(519,'2021-08-01',1,374,'Caramel denim jacket-XXL',30.7500,1.0000,12),(520,'2021-08-01',1,895,'Black wide leg trousers-XXL-41-Black',25.7500,1.0000,15),(521,'2021-08-01',1,1238,'Crepe wide leg trousers-XXL-41-White',26.7500,1.0000,18),(522,'2021-08-01',1,1336,'Dark blue crepe wide leg trousers-XXL-41-Dark blue',26.7500,1.0000,3),(523,'2021-08-01',1,1570,'Oversized denim jacket with white-XXL-Blue',28.7500,1.0000,5),(524,'2021-08-01',1,1588,'Layered white jacket-XXL-off white',30.7500,1.0000,8),(525,'2021-08-01',1,1604,'Tiffany top with sky blue-XXL-tiffany',27.7500,1.0000,11),(526,'2021-08-01',1,1659,'Denim colour-block design training suit-XXL-41',48.7500,1.0000,14),(527,'2021-08-01',1,25252,'‏BEIGE LOOSE TOP WITH BLACK -XXL-like the photo',27.7500,1.0000,17),(528,'2021-08-01',1,25261,'Dark olive Top with mix colors-XXL-like the photo',28.7500,1.0000,2),(542,'2021-08-01',0,5,'Black loose top with baby pink-XXL-Black',32.7500,1.0000,3),(543,'2021-08-01',0,33,'Layered black top-XXL',25.7500,1.0000,6),(544,'2021-08-01',0,47,'Beige top with striped- Beige-XXL',27.7500,1.0000,9),(545,'2021-08-01',0,54,'White top with mix colors-XXL',27.7500,1.0000,12),(546,'2021-08-01',0,118,'Ruffle front top-XXL- Beige',27.7500,1.0000,15),(547,'2021-08-01',0,261,'Suit with ruffle details-XXL-41-Dark blue',48.7500,1.0000,18),(548,'2021-08-01',0,310,'Training suit with shoulder details-XXL-41-Black',48.7500,1.0000,2),(549,'2021-08-01',0,359,'Overlapping colors training suit-XXL-41-Gray',48.7500,1.0000,5),(550,'2021-08-01',0,374,'Caramel denim jacket-XXL',30.7500,1.0000,8),(551,'2021-08-01',0,895,'Black wide leg trousers-XXL-41-Black',25.7500,1.0000,11),(552,'2021-08-01',0,1238,'Crepe wide leg trousers-XXL-41-White',26.7500,1.0000,14),(553,'2021-08-01',0,1336,'Dark blue crepe wide leg trousers-XXL-41-Dark blue',26.7500,1.0000,17),(554,'2021-08-01',0,1570,'Oversized denim jacket with white-XXL-Blue',28.7500,1.0000,1),(555,'2021-08-01',0,1588,'Layered white jacket-XXL-off white',30.7500,1.0000,4),(556,'2021-08-01',0,1604,'Tiffany top with sky blue-XXL-tiffany',27.7500,1.0000,7),(557,'2021-08-01',0,1659,'Denim colour-block design training suit-XXL-41',48.7500,1.0000,10),(558,'2021-08-01',0,25252,'‏BEIGE LOOSE TOP WITH BLACK -XXL-like the photo',27.7500,1.0000,13),(559,'2021-08-01',0,25261,'Dark olive Top with mix colors-XXL-like the photo',28.7500,1.0000,16),(603,'2021-08-25',1,1596,'Denim jaket with max colors-XL-Blue',26.7500,1.0000,2),(604,'2021-08-25',1,1603,'Tiffany top with sky blue-XL-tiffany',25.7500,1.0000,3),(605,'2021-08-25',1,1661,'Denim colour-block design training suit-XXXL-35',51.7500,1.0000,4),(606,'2021-08-25',1,1662,'Denim colour-block design training suit-XXXL-36',51.7500,1.0000,5),(607,'2021-08-25',1,25260,'Dark olive Top with mix colors-XL-like the photo',26.7500,2.0000,1),(610,'2021-08-25',0,1596,'Denim jaket with max colors-XL-Blue',26.7500,1.0000,4),(611,'2021-08-25',0,1603,'Tiffany top with sky blue-XL-tiffany',25.7500,1.0000,5),(612,'2021-08-25',0,1661,'Denim colour-block design training suit-XXXL-35',51.7500,1.0000,2),(613,'2021-08-25',0,1662,'Denim colour-block design training suit-XXXL-36',51.7500,1.0000,3),(614,'2021-08-25',0,25260,'Dark olive Top with mix colors-XL-like the photo',26.7500,2.0000,1),(617,'2021-09-01',1,1568,'Oversized denim jacket with white-L-Blue',26.7500,1.0000,1),(618,'2021-09-01',0,1568,'Oversized denim jacket with white-L-Blue',26.7500,1.0000,1),(625,'2021-09-23',1,136,'Nude training suit-M-38-Nude',47.7500,1.0000,2),(626,'2021-09-23',1,1582,'Layered white jacket-M-off white',28.7500,1.0000,1),(628,'2021-09-23',0,136,'Nude training suit-M-38-Nude',47.7500,1.0000,1),(629,'2021-09-23',0,1582,'Layered white jacket-M-off white',28.7500,1.0000,2),(639,'2021-10-01',1,26,'Burgundy striped design top with front pockets-XXL',26.7500,1.0000,1),(640,'2021-10-01',0,26,'Burgundy striped design top with front pockets-XXL',26.7500,1.0000,1),(641,'2021-10-04',1,144,'Nude training suit-L-38-Nude',47.7500,1.0000,2),(642,'2021-10-04',1,305,'Training suit with shoulder details-XXL-36-Black',48.7500,1.0000,3),(643,'2021-10-04',1,354,'Overlapping colors training suit-XXL-36-Gray',48.7500,1.0000,1),(644,'2021-10-04',0,144,'Nude training suit-L-38-Nude',47.7500,1.0000,1),(645,'2021-10-04',0,305,'Training suit with shoulder details-XXL-36-Black',48.7500,1.0000,2),(646,'2021-10-04',0,354,'Overlapping colors training suit-XXL-36-Gray',48.7500,1.0000,3),(655,'2021-10-31',1,33,'Layered black top-XXL',25.7500,1.0000,1),(656,'2021-10-31',0,33,'Layered black top-XXL',25.7500,1.0000,1),(657,'2021-11-06',1,25314,' beige JACKET WITH NEON COLORS-M- Beige',28.7500,1.0000,1),(658,'2021-11-06',0,25314,' beige JACKET WITH NEON COLORS-M- Beige',28.7500,1.0000,1),(665,'2021-11-03',1,41,'Scarfs top-XXXL',28.7500,1.0000,1),(666,'2021-11-03',1,1617,'Light gray jacket with max colors design-XL-Light gray',30.7500,1.0000,2),(668,'2021-11-03',0,41,'Scarfs top-XXXL',28.7500,1.0000,1),(669,'2021-11-03',0,1617,'Light gray jacket with max colors design-XL-Light gray',30.7500,1.0000,2),(671,'2021-11-18',1,1595,'Denim jaket with max colors-L-Blue',26.7500,1.0000,2),(672,'2021-11-18',1,1616,'Light gray jacket with max colors design-L-Light gray',30.7500,2.0000,1),(674,'2021-11-18',0,1595,'Denim jaket with max colors-L-Blue',26.7500,1.0000,2),(675,'2021-11-18',0,1616,'Light gray jacket with max colors design-L-Light gray',30.7500,2.0000,1),(677,'2021-11-19',1,25315,' beige JACKET WITH NEON COLORS-L- Beige',28.7500,1.0000,1),(678,'2021-11-19',0,25315,' beige JACKET WITH NEON COLORS-L- Beige',28.7500,1.0000,1),(679,'2021-12-06',1,25315,' beige JACKET WITH NEON COLORS-L- Beige',28.7500,1.0000,1),(680,'2021-12-06',0,25315,' beige JACKET WITH NEON COLORS-L- Beige',28.7500,1.0000,1),(681,'2021-12-08',1,25315,' beige JACKET WITH NEON COLORS-L- Beige',28.7500,1.0000,1),(682,'2021-12-08',0,25315,' beige JACKET WITH NEON COLORS-L- Beige',28.7500,1.0000,1),(683,'2021-12-22',1,1598,'Denim jaket with max colors-XXXL-Blue',31.7500,1.0000,1),(684,'2021-12-22',0,1598,'Denim jaket with max colors-XXXL-Blue',31.7500,1.0000,1),(687,'2022-01-05',1,1655,'Denim colour-block design training suit-XXL-37',48.7500,2.0000,1),(688,'2022-01-05',0,1655,'Denim colour-block design training suit-XXL-37',48.7500,2.0000,1),(689,'2022-02-11',1,1624,'Denim colour-block design training suit-S-38',46.7500,1.0000,1),(690,'2022-02-11',0,1624,'Denim colour-block design training suit-S-38',46.7500,1.0000,1),(691,'2022-02-12',1,1650,'Denim colour-block design training suit-XL-40',46.7500,1.0000,1),(692,'2022-02-12',0,1650,'Denim colour-block design training suit-XL-40',46.7500,1.0000,1),(693,'2022-02-16',1,133,'Nude training suit-M-35-Nude',47.7500,1.0000,1),(694,'2022-02-16',0,133,'Nude training suit-M-35-Nude',47.7500,1.0000,1),(695,'2022-03-03',1,1389,'Beige cotton kaftan-XL-56',48.7500,1.0000,1),(696,'2022-03-03',0,1389,'Beige cotton kaftan-XL-56',48.7500,1.0000,1),(709,'2022-06-04',1,4,'Black loose top with baby pink-XL-Black',30.7500,1.0000,1),(710,'2022-06-04',1,1603,'Tiffany top with sky blue-XL-tiffany',25.7500,1.0000,2),(712,'2022-06-04',0,4,'Black loose top with baby pink-XL-Black',30.7500,1.0000,1),(713,'2022-06-04',0,1603,'Tiffany top with sky blue-XL-tiffany',25.7500,1.0000,2),(729,'2022-06-11',1,30,'Layered black top-M',23.7500,1.0000,1),(730,'2022-06-11',0,30,'Layered black top-M',23.7500,1.0000,1),(731,'2022-06-13',1,54,'White top with mix colors-XXL',27.7500,1.0000,1),(732,'2022-06-13',1,392,'Grey shanton jacket-XXL-Gray',27.7500,1.0000,2),(738,'2022-06-13',0,54,'White top with mix colors-XXL',27.7500,1.0000,1),(739,'2022-06-13',0,392,'Grey shanton jacket-XXL-Gray',27.7500,1.0000,2),(745,'2022-06-15',1,1615,'Light gray jacket with max colors design-M-Light gray',30.7500,1.0000,1),(746,'2022-06-15',0,1615,'Light gray jacket with max colors design-M-Light gray',30.7500,1.0000,1),(755,'2022-06-22',1,10,'Sky blue top-L',25.7500,1.0000,1),(756,'2022-06-22',1,1602,'Tiffany top with sky blue-L-tiffany',25.7500,1.0000,2),(758,'2022-06-22',0,10,'Sky blue top-L',25.7500,1.0000,1),(759,'2022-06-22',0,1602,'Tiffany top with sky blue-L-tiffany',25.7500,1.0000,2),(761,'2022-07-11',1,1661,'Denim colour-block design training suit-XXXL-35',51.7500,1.0000,1),(762,'2022-07-11',0,1661,'Denim colour-block design training suit-XXXL-35',51.7500,1.0000,1),(763,'2022-07-04',1,1234,'Crepe wide leg trousers-XXL-37-White',26.7500,1.0000,1),(764,'2022-07-04',1,1604,'Tiffany top with sky blue-XXL-tiffany',27.7500,1.0000,2),(766,'2022-07-04',0,1234,'Crepe wide leg trousers-XXL-37-White',26.7500,1.0000,1),(767,'2022-07-04',0,1604,'Tiffany top with sky blue-XXL-tiffany',27.7500,1.0000,2),(769,'2022-07-02',1,347,'Overlapping colors training suit-XL-37-Gray',46.7500,2.0000,1),(770,'2022-07-02',0,347,'Overlapping colors training suit-XL-37-Gray',46.7500,2.0000,1),(783,'2022-08-02',1,17,'Olive top-L-Olive',25.7500,1.0000,1),(784,'2022-08-02',1,1617,'Light gray jacket with max colors design-XL-Light gray',30.7500,1.0000,2),(785,'2022-08-02',1,25316,' beige JACKET WITH NEON COLORS-XL- Beige',29.7500,1.0000,3),(790,'2022-08-02',0,17,'Olive top-L-Olive',25.7500,1.0000,1),(791,'2022-08-02',0,1617,'Light gray jacket with max colors design-XL-Light gray',30.7500,1.0000,2),(792,'2022-08-02',0,25316,' beige JACKET WITH NEON COLORS-XL- Beige',29.7500,1.0000,3),(797,'2022-08-07',1,32,'Layered black top-XL',23.7500,2.0000,1),(798,'2022-08-07',1,1586,'Layered white jacket-XL-off white',28.7500,1.0000,2),(800,'2022-08-07',0,32,'Layered black top-XL',23.7500,2.0000,1),(801,'2022-08-07',0,1586,'Layered white jacket-XL-off white',28.7500,1.0000,2),(809,'2022-09-01',1,32,'Layered black top-XL',23.7500,1.0000,2),(810,'2022-09-01',1,990,'Black silm trousers-XXL-38-Black',26.7500,1.0000,3),(811,'2022-09-01',1,25298,'BLACK CREPE WIDE LEG TROUSERS-XXL-37-Black',26.7500,1.0000,1),(812,'2022-09-01',0,32,'Layered black top-XL',23.7500,1.0000,1),(813,'2022-09-01',0,990,'Black silm trousers-XXL-38-Black',26.7500,1.0000,2),(814,'2022-09-01',0,25298,'BLACK CREPE WIDE LEG TROUSERS-XXL-37-Black',26.7500,1.0000,3),(815,'2022-09-25',1,4,'Black loose top with baby pink-XL-Black',30.7500,1.0000,2),(816,'2022-09-25',1,25260,'Dark olive Top with mix colors-XL-like the photo',26.7500,1.0000,3),(817,'2022-09-25',1,25315,' beige JACKET WITH NEON COLORS-L- Beige',28.7500,1.0000,1),(818,'2022-09-25',0,4,'Black loose top with baby pink-XL-Black',30.7500,1.0000,1),(819,'2022-09-25',0,25260,'Dark olive Top with mix colors-XL-like the photo',26.7500,1.0000,2),(820,'2022-09-25',0,25315,' beige JACKET WITH NEON COLORS-L- Beige',28.7500,1.0000,3),(829,'2022-09-30',1,390,'Grey shanton jacket-XL-Gray',25.7500,1.0000,1),(830,'2022-09-30',1,25250,'‏BEIGE LOOSE TOP WITH BLACK -XL-like the photo',25.7500,1.0000,2),(832,'2022-09-30',0,390,'Grey shanton jacket-XL-Gray',25.7500,1.0000,1),(833,'2022-09-30',0,25250,'‏BEIGE LOOSE TOP WITH BLACK -XL-like the photo',25.7500,1.0000,2),(835,'2022-09-27',1,386,'Grey shanton jacket-M-Gray',25.7500,1.0000,1),(836,'2022-09-28',1,1664,'Denim colour-block design training suit-XXXL-38',51.7500,1.0000,1),(838,'2022-09-27',0,386,'Grey shanton jacket-M-Gray',25.7500,1.0000,1),(839,'2022-09-28',0,1664,'Denim colour-block design training suit-XXXL-38',51.7500,1.0000,1),(846,'2022-10-11',1,1617,'Light gray jacket with max colors design-XL-Light gray',30.7500,1.0000,2),(847,'2022-10-11',1,25316,' beige JACKET WITH NEON COLORS-XL- Beige',29.7500,1.0000,1),(849,'2022-10-11',0,1617,'Light gray jacket with max colors design-XL-Light gray',30.7500,1.0000,1),(850,'2022-10-11',0,25316,' beige JACKET WITH NEON COLORS-XL- Beige',29.7500,1.0000,2),(858,'2022-10-20',1,5,'Black loose top with baby pink-XXL-Black',32.7500,1.0000,1),(859,'2022-10-20',1,25252,'‏BEIGE LOOSE TOP WITH BLACK -XXL-like the photo',27.7500,1.0000,2),(861,'2022-10-20',0,5,'Black loose top with baby pink-XXL-Black',32.7500,1.0000,2),(862,'2022-10-20',0,25252,'‏BEIGE LOOSE TOP WITH BLACK -XXL-like the photo',27.7500,1.0000,1),(868,'2022-11-06',1,1610,'Black top with white stripes design-XL-Black',26.7500,1.0000,1),(869,'2022-11-06',0,1610,'Black top with white stripes design-XL-Black',26.7500,1.0000,1),(870,'2022-12-15',1,25551,'TRAINING SUIT 3-XXL-Black',39.0000,1.0000,1),(871,'2022-12-15',0,25551,'TRAINING SUIT 3-XXL-Black',39.0000,1.0000,1),(872,'2022-12-20',1,25513,'Shirt sky 5-XXL-like the photo',20.0000,1.0000,1),(873,'2022-12-20',1,25605,'LAYERED BLACK Shirt 10-XXL-like the photo',20.0000,1.0000,2),(875,'2022-12-20',0,25513,'Shirt sky 5-XXL-like the photo',20.0000,1.0000,1),(876,'2022-12-20',0,25605,'LAYERED BLACK Shirt 10-XXL-like the photo',20.0000,1.0000,2),(892,'2023-01-06',1,25485,'BEIGE shirt  WITH BLACK 3-L-like the photo',20.0000,1.0000,4),(893,'2023-01-06',1,25487,'BEIGE shirt  WITH BLACK 3-XXL-like the photo',20.0000,2.0000,1),(894,'2023-01-06',1,25495,'CARAMEL Shirt 3-XXL-like the photo',20.0000,1.0000,5),(895,'2023-01-06',1,25503,'TIFFANY  shirt 4-XXL-like the photo',20.0000,2.0000,2),(896,'2023-01-06',1,25530,'SCARF Shirt 6-XL',20.0000,1.0000,3),(899,'2023-01-06',0,25485,'BEIGE shirt  WITH BLACK 3-L-like the photo',20.0000,1.0000,3),(900,'2023-01-06',0,25487,'BEIGE shirt  WITH BLACK 3-XXL-like the photo',20.0000,2.0000,1),(901,'2023-01-06',0,25495,'CARAMEL Shirt 3-XXL-like the photo',20.0000,1.0000,4),(902,'2023-01-06',0,25503,'TIFFANY  shirt 4-XXL-like the photo',20.0000,2.0000,2),(903,'2023-01-06',0,25530,'SCARF Shirt 6-XL',20.0000,1.0000,5),(904,'2023-02-05',1,25703,'Half beige half white kaftan-L-like the photo',35.0000,2.0000,1),(905,'2023-02-05',0,25703,'Half beige half white kaftan-L-like the photo',35.0000,2.0000,1),(906,'2023-02-06',1,25697,'Beige cotton kaftan-XXL-like the photo',35.0000,1.0000,1),(907,'2023-02-06',0,25697,'Beige cotton kaftan-XXL-like the photo',35.0000,1.0000,1),(908,'2023-02-09',1,25688,'organza kaftan with lace- Beige-XXXL',85.0000,1.0000,1),(909,'2023-02-09',0,25688,'organza kaftan with lace- Beige-XXXL',85.0000,1.0000,1),(910,'2023-02-17',1,25699,'Beige cotton kaftan-XXXL-like the photo',35.0000,1.0000,1),(911,'2023-02-17',0,25699,'Beige cotton kaftan-XXXL-like the photo',35.0000,1.0000,1),(912,'2023-02-27',1,25749,'beige KAFTAN with SKY BLUE-L-like the photo',35.0000,2.0000,1),(913,'2023-02-27',0,25749,'beige KAFTAN with SKY BLUE-L-like the photo',35.0000,2.0000,1),(914,'2023-02-28',1,25749,'beige KAFTAN with SKY BLUE-L-like the photo',35.0000,2.0000,2),(915,'2023-02-28',1,25750,'beige KAFTAN with SKY BLUE-XL-like the photo',35.0000,4.0000,1),(917,'2023-02-28',0,25749,'beige KAFTAN with SKY BLUE-L-like the photo',35.0000,2.0000,2),(918,'2023-02-28',0,25750,'beige KAFTAN with SKY BLUE-XL-like the photo',35.0000,4.0000,1),(920,'2023-03-13',1,4,'Black loose top with baby pink-XL-Black',30.7500,1.0000,3),(921,'2023-03-13',1,25100,'White suit with silver-XL-38-like the photo',86.7500,1.0000,5),(922,'2023-03-13',1,25617,'TRAINING SUIT 6-L-like the photo',39.0000,1.0000,6),(923,'2023-03-13',1,25655,'‏Dark blue SUIT3-L-38-like the photo',40.0000,1.0000,8),(924,'2023-03-13',1,25685,'organza kaftan with lace- Beige-L',85.0000,1.0000,9),(925,'2023-03-13',1,25722,'KAFTAN 1-L-like the photo',40.0000,1.0000,10),(926,'2023-03-13',1,25737,'‏BLACK ORGANZA KAFTAN WITH LACE-XL-like the photo',120.0000,1.0000,2),(927,'2023-03-13',1,25743,'‏ White COTTON KAFTAN-L-White',40.0000,1.0000,4),(928,'2023-03-13',1,25764,'‏  bride kaftan -L-like the photo',60.0000,2.0000,1),(929,'2023-03-13',1,25776,'Black kaftan with gold -L-Black',48.0000,1.0000,7),(935,'2023-03-13',0,4,'Black loose top with baby pink-XL-Black',30.7500,1.0000,8),(936,'2023-03-13',0,25100,'White suit with silver-XL-38-like the photo',86.7500,1.0000,10),(937,'2023-03-13',0,25617,'TRAINING SUIT 6-L-like the photo',39.0000,1.0000,2),(938,'2023-03-13',0,25655,'‏Dark blue SUIT3-L-38-like the photo',40.0000,1.0000,4),(939,'2023-03-13',0,25685,'organza kaftan with lace- Beige-L',85.0000,1.0000,5),(940,'2023-03-13',0,25722,'KAFTAN 1-L-like the photo',40.0000,1.0000,6),(941,'2023-03-13',0,25737,'‏BLACK ORGANZA KAFTAN WITH LACE-XL-like the photo',120.0000,1.0000,7),(942,'2023-03-13',0,25743,'‏ White COTTON KAFTAN-L-White',40.0000,1.0000,9),(943,'2023-03-13',0,25764,'‏  bride kaftan -L-like the photo',60.0000,2.0000,1),(944,'2023-03-13',0,25776,'Black kaftan with gold -L-Black',48.0000,1.0000,3),(950,'2023-03-14',1,127,'Nude training suit-S-37-Nude',47.7500,1.0000,2),(951,'2023-03-14',1,775,'Black suit with white-L-35',86.7500,1.0000,3),(952,'2023-03-14',1,25735,'‏BLACK ORGANZA KAFTAN WITH LACE-M-like the photo',120.0000,1.0000,4),(953,'2023-03-14',1,25764,'‏  bride kaftan -L-like the photo',60.0000,1.0000,5),(954,'2023-03-14',1,25765,'‏  bride kaftan -XL-like the photo',60.0000,2.0000,1),(957,'2023-03-14',0,127,'Nude training suit-S-37-Nude',47.7500,1.0000,2),(958,'2023-03-14',0,775,'Black suit with white-L-35',86.7500,1.0000,3),(959,'2023-03-14',0,25735,'‏BLACK ORGANZA KAFTAN WITH LACE-M-like the photo',120.0000,1.0000,4),(960,'2023-03-14',0,25764,'‏  bride kaftan -L-like the photo',60.0000,1.0000,5),(961,'2023-03-14',0,25765,'‏  bride kaftan -XL-like the photo',60.0000,2.0000,1);

--
-- Table structure for table `mag2_sales_bestsellers_aggregated_monthly`
--

CREATE TABLE `mag2_sales_bestsellers_aggregated_monthly` (
  `id` int(10) unsigned NOT NULL AUTO_INCREMENT COMMENT 'Id',
  `period` date DEFAULT NULL COMMENT 'Period',
  `store_id` smallint(5) unsigned DEFAULT NULL COMMENT 'Store Id',
  `product_id` int(10) unsigned DEFAULT NULL COMMENT 'Product Id',
  `product_name` varchar(255) DEFAULT NULL COMMENT 'Product Name',
  `product_price` decimal(12,4) NOT NULL DEFAULT '0.0000' COMMENT 'Product Price',
  `qty_ordered` decimal(12,4) NOT NULL DEFAULT '0.0000' COMMENT 'Qty Ordered',
  `rating_pos` smallint(5) unsigned NOT NULL DEFAULT '0' COMMENT 'Rating Pos',
  PRIMARY KEY (`id`),
  UNIQUE KEY `MAG2_SALES_BESTSELLERS_AGGRED_MONTHLY_PERIOD_STORE_ID_PRD_ID` (`period`,`store_id`,`product_id`),
  KEY `MAG2_SALES_BESTSELLERS_AGGREGATED_MONTHLY_STORE_ID` (`store_id`),
  KEY `MAG2_SALES_BESTSELLERS_AGGREGATED_MONTHLY_PRODUCT_ID` (`product_id`)
) ENGINE=InnoDB AUTO_INCREMENT=1027 DEFAULT CHARSET=utf8 COMMENT='Sales Bestsellers Aggregated Monthly';

--
-- Dumping data for table `mag2_sales_bestsellers_aggregated_monthly`
--

INSERT INTO `mag2_sales_bestsellers_aggregated_monthly` VALUES (1,'2021-02-01',0,83,'Light beige suit with ruffle details-XL-37',49.7500,1.0000,3),(2,'2021-02-01',0,1638,'Denim colour-block design training suit-L-36',46.7500,1.0000,1),(3,'2021-02-01',0,32,'Layered black top-XL',23.7500,1.0000,2),(4,'2021-03-01',0,2,'Black loose top with baby pink-M-Black',30.7500,4.0000,1),(5,'2021-03-01',0,1672,'Volume beige jacket-L-like the photo',30.7500,1.0000,9),(6,'2021-03-01',0,1607,'Black top with white stripes design-S-Black',26.7500,1.0000,4),(7,'2021-03-01',0,32,'Layered black top-XL',23.7500,1.0000,12),(8,'2021-03-01',0,1673,'Volume beige jacket-XL-like the photo',30.7500,1.0000,13),(9,'2021-03-01',0,11,'Sky blue top-XL',25.7500,1.0000,7),(10,'2021-02-01',1,1638,'Denim colour-block design training suit-L-36',46.7500,1.0000,1),(11,'2021-02-01',1,32,'Layered black top-XL',23.7500,1.0000,2),(12,'2021-02-01',1,83,'Light beige suit with ruffle details-XL-37',49.7500,1.0000,3),(13,'2021-03-01',1,2,'Black loose top with baby pink-M-Black',30.7500,4.0000,1),(14,'2021-03-01',1,11,'Sky blue top-XL',25.7500,1.0000,10),(15,'2021-03-01',1,1672,'Volume beige jacket-L-like the photo',30.7500,1.0000,12),(16,'2021-03-01',1,1607,'Black top with white stripes design-S-Black',26.7500,1.0000,6),(17,'2021-03-01',1,32,'Layered black top-XL',23.7500,1.0000,15),(18,'2021-03-01',1,1673,'Volume beige jacket-XL-like the photo',30.7500,1.0000,6),(36,'2021-03-01',0,1540,'Gray kaftan with black details-XL-61',75.7500,1.0000,10),(37,'2021-03-01',1,1540,'Gray kaftan with black details-XL-61',75.7500,1.0000,13),(41,'2021-03-01',0,1379,'Beige cotton kaftan-L-58',48.7500,1.0000,15),(42,'2021-03-01',1,1379,'Beige cotton kaftan-L-58',48.7500,1.0000,8),(47,'2021-03-01',0,1,'Black loose top with baby pink-S-Black',30.7500,1.0000,14),(48,'2021-03-01',0,57,'Light beige suit with ruffle details-S-35',49.7500,1.0000,8),(49,'2021-03-01',1,1,'Black loose top with baby pink-S-Black',30.7500,1.0000,7),(50,'2021-03-01',1,57,'Light beige suit with ruffle details-S-35',49.7500,1.0000,11),(54,'2021-03-01',0,1604,'Tiffany top with sky blue-XXL-tiffany',27.7500,3.0000,4),(55,'2021-03-01',0,1611,'Black top with white stripes design-XXL-Black',28.7500,3.0000,1),(56,'2021-03-01',0,1577,'Caramel top with black-XXL',28.7500,3.0000,2),(57,'2021-03-01',0,19,'Olive top-XXL-Olive',27.7500,3.0000,3),(58,'2021-03-01',0,40,'Scarfs top-XXL',25.7500,2.0000,5),(59,'2021-03-01',1,1604,'Tiffany top with sky blue-XXL-tiffany',27.7500,3.0000,4),(60,'2021-03-01',1,1611,'Black top with white stripes design-XXL-Black',28.7500,3.0000,1),(61,'2021-03-01',1,1577,'Caramel top with black-XXL',28.7500,3.0000,2),(62,'2021-03-01',1,19,'Olive top-XXL-Olive',27.7500,3.0000,3),(63,'2021-03-01',1,40,'Scarfs top-XXL',25.7500,2.0000,5),(73,'2021-03-01',0,1574,'Caramel top with black-M',26.7500,1.0000,6),(74,'2021-03-01',0,1580,'Layered white jacket-S-off white',28.7500,1.0000,11),(75,'2021-03-01',1,1580,'Layered white jacket-S-off white',28.7500,1.0000,14),(76,'2021-03-01',1,1574,'Caramel top with black-M',26.7500,1.0000,9),(86,'2021-04-01',0,13,'Sky blue top-XXXL',29.7500,1.0000,20),(87,'2021-04-01',0,25054,'dress ruffle in dark beige-XXL-56-like the photo',67.7500,1.0000,6),(88,'2021-04-01',1,13,'Sky blue top-XXXL',29.7500,1.0000,6),(89,'2021-04-01',1,25054,'dress ruffle in dark beige-XXL-56-like the photo',67.7500,1.0000,14),(96,'2021-04-01',0,1672,'Volume beige jacket-L-like the photo',30.7500,1.0000,21),(97,'2021-04-01',0,11,'Sky blue top-XL',25.7500,2.0000,3),(98,'2021-04-01',1,1672,'Volume beige jacket-L-like the photo',30.7500,1.0000,8),(99,'2021-04-01',1,11,'Sky blue top-XL',25.7500,2.0000,1),(109,'2021-04-01',0,1611,'Black top with white stripes design-XXL-Black',28.7500,1.0000,9),(110,'2021-04-01',0,47,'Beige top with striped- Beige-XXL',27.7500,1.0000,13),(111,'2021-04-01',0,54,'White top with mix colors-XXL',27.7500,1.0000,22),(112,'2021-04-01',1,47,'Beige top with striped- Beige-XXL',27.7500,1.0000,12),(113,'2021-04-01',1,54,'White top with mix colors-XXL',27.7500,1.0000,19),(114,'2021-04-01',1,1611,'Black top with white stripes design-XXL-Black',28.7500,1.0000,10),(116,'2021-04-01',0,390,'Grey shanton jacket-XL-Gray',25.7500,1.0000,4),(117,'2021-04-01',1,390,'Grey shanton jacket-XL-Gray',25.7500,1.0000,20),(119,'2021-04-01',0,25083,'White suit with silver-M-37-like the photo',86.7500,2.0000,2),(120,'2021-04-01',0,25119,'White suit with silver-XXXL-42-like the photo',96.7500,1.0000,14),(121,'2021-04-01',0,647,'Black suit with silver-XXXL-42',96.7500,1.0000,18),(122,'2021-04-01',1,25119,'White suit with silver-XXXL-42-like the photo',96.7500,1.0000,13),(123,'2021-04-01',1,647,'Black suit with silver-XXXL-42',96.7500,1.0000,17),(124,'2021-04-01',1,25083,'White suit with silver-M-37-like the photo',86.7500,2.0000,3),(129,'2021-04-01',0,1578,'Caramel top with black-XXXL',31.7500,1.0000,19),(130,'2021-04-01',0,27,'Burgundy striped design top with front pockets-XXXL',29.7500,1.0000,11),(131,'2021-04-01',1,1578,'Caramel top with black-XXXL',31.7500,1.0000,11),(132,'2021-04-01',1,27,'Burgundy striped design top with front pockets-XXXL',29.7500,1.0000,21),(136,'2021-04-01',0,25037,'dress ruffle in dark beige-XL-51-like the photo',65.7500,1.0000,16),(137,'2021-04-01',0,1603,'Tiffany top with sky blue-XL-tiffany',25.7500,1.0000,7),(138,'2021-04-01',1,1603,'Tiffany top with sky blue-XL-tiffany',25.7500,1.0000,7),(139,'2021-04-01',1,25037,'dress ruffle in dark beige-XL-51-like the photo',65.7500,1.0000,15),(143,'2021-04-01',0,25016,'dress ruffle in dark beige-M-55-like the photo',65.7500,2.0000,1),(144,'2021-04-01',1,25016,'dress ruffle in dark beige-M-55-like the photo',65.7500,2.0000,2),(146,'2021-04-01',0,373,'Caramel denim jacket-XL',28.7500,1.0000,8),(147,'2021-04-01',0,392,'Grey shanton jacket-XXL-Gray',27.7500,1.0000,17),(148,'2021-04-01',1,373,'Caramel denim jacket-XL',28.7500,1.0000,16),(149,'2021-04-01',1,392,'Grey shanton jacket-XXL-Gray',27.7500,1.0000,22),(153,'2021-04-01',0,51,'White top with mix colors-M',25.7500,1.0000,5),(154,'2021-04-01',0,1362,'Beige cotton kaftan-M-53',48.7500,1.0000,15),(155,'2021-04-01',0,25029,'dress ruffle in dark beige-L-54-like the photo',65.7500,1.0000,10),(156,'2021-04-01',1,1362,'Beige cotton kaftan-M-53',48.7500,1.0000,5),(157,'2021-04-01',1,25029,'dress ruffle in dark beige-L-54-like the photo',65.7500,1.0000,4),(158,'2021-04-01',1,51,'White top with mix colors-M',25.7500,1.0000,18),(162,'2021-04-01',0,4,'Black loose top with baby pink-XL-Black',30.7500,1.0000,12),(163,'2021-04-01',1,4,'Black loose top with baby pink-XL-Black',30.7500,1.0000,9),(183,'2021-05-01',0,399,'Oversized denim jacket with sky blue  -L-Dark blue',25.7500,1.0000,7),(184,'2021-05-01',0,24,'Burgundy striped design top with front pockets-L',24.7500,1.0000,4),(185,'2021-05-01',1,24,'Burgundy striped design top with front pockets-L',24.7500,1.0000,10),(186,'2021-05-01',1,399,'Oversized denim jacket with sky blue  -L-Dark blue',25.7500,1.0000,5),(195,'2021-05-01',0,66,'Light beige suit with ruffle details-M-36',49.7500,1.0000,10),(196,'2021-05-01',1,66,'Light beige suit with ruffle details-M-36',49.7500,1.0000,7),(198,'2021-05-01',0,37,'Scarfs top-M',23.7500,3.0000,2),(199,'2021-05-01',0,25246,'‏BEIGE LOOSE TOP WITH BLACK -M-like the photo',25.7500,3.0000,1),(200,'2021-05-01',0,25248,'‏BEIGE LOOSE TOP WITH BLACK -L-like the photo',25.7500,1.0000,6),(201,'2021-05-01',1,37,'Scarfs top-M',23.7500,3.0000,1),(202,'2021-05-01',1,25246,'‏BEIGE LOOSE TOP WITH BLACK -M-like the photo',25.7500,3.0000,2),(203,'2021-05-01',1,25248,'‏BEIGE LOOSE TOP WITH BLACK -L-like the photo',25.7500,1.0000,4),(206,'2021-05-01',0,12,'Sky blue top-XXL',27.7500,1.0000,8),(207,'2021-05-01',1,12,'Sky blue top-XXL',27.7500,1.0000,8),(211,'2021-05-01',0,1588,'Layered white jacket-XXL-off white',30.7500,1.0000,9),(212,'2021-05-01',0,1611,'Black top with white stripes design-XXL-Black',28.7500,1.0000,3),(213,'2021-05-01',0,5,'Black loose top with baby pink-XXL-Black',32.7500,1.0000,5),(214,'2021-05-01',1,1588,'Layered white jacket-XXL-off white',30.7500,1.0000,6),(215,'2021-05-01',1,1611,'Black top with white stripes design-XXL-Black',28.7500,1.0000,9),(216,'2021-05-01',1,5,'Black loose top with baby pink-XXL-Black',32.7500,1.0000,3),(222,'2021-06-01',0,1615,'Light gray jacket with max colors design-M-Light gray',30.7500,1.0000,6),(223,'2021-06-01',1,1615,'Light gray jacket with max colors design-M-Light gray',30.7500,1.0000,9),(225,'2021-06-01',0,1598,'Denim jaket with max colors-XXXL-Blue',31.7500,1.0000,19),(226,'2021-06-01',1,1598,'Denim jaket with max colors-XXXL-Blue',31.7500,1.0000,13),(229,'2021-06-01',0,25258,'Dark olive Top with mix colors-M-like the photo',26.7500,2.0000,5),(230,'2021-06-01',1,25258,'Dark olive Top with mix colors-M-like the photo',26.7500,2.0000,3),(232,'2021-06-01',0,25260,'Dark olive Top with mix colors-XL-like the photo',26.7500,6.0000,1),(233,'2021-06-01',0,25261,'Dark olive Top with mix colors-XXL-like the photo',28.7500,1.0000,11),(234,'2021-06-01',1,25260,'Dark olive Top with mix colors-XL-like the photo',26.7500,6.0000,1),(235,'2021-06-01',1,25261,'Dark olive Top with mix colors-XXL-like the photo',28.7500,1.0000,14),(239,'2021-06-01',0,25250,'‏BEIGE LOOSE TOP WITH BLACK -XL-like the photo',25.7500,3.0000,2),(240,'2021-06-01',1,25250,'‏BEIGE LOOSE TOP WITH BLACK -XL-like the photo',25.7500,3.0000,2),(247,'2021-06-01',0,25246,'‏BEIGE LOOSE TOP WITH BLACK -M-like the photo',25.7500,1.0000,16),(248,'2021-06-01',1,25246,'‏BEIGE LOOSE TOP WITH BLACK -M-like the photo',25.7500,1.0000,11),(254,'2021-06-01',0,32,'Layered black top-XL',23.7500,1.0000,8),(255,'2021-06-01',1,32,'Layered black top-XL',23.7500,1.0000,18),(257,'2021-06-01',0,350,'Overlapping colors training suit-XL-40-Gray',46.7500,1.0000,17),(258,'2021-06-01',0,25,'Burgundy striped design top with front pockets-XL',24.7500,1.0000,12),(259,'2021-06-01',1,350,'Overlapping colors training suit-XL-40-Gray',46.7500,1.0000,20),(260,'2021-06-01',1,25,'Burgundy striped design top with front pockets-XL',24.7500,1.0000,15),(267,'2021-06-01',0,23,'Burgundy striped design top with front pockets-M',24.7500,1.0000,9),(268,'2021-06-01',0,33,'Layered black top-XXL',25.7500,1.0000,15),(269,'2021-06-01',0,1,'Black loose top with baby pink-S-Black',30.7500,1.0000,18),(270,'2021-06-01',0,25252,'‏BEIGE LOOSE TOP WITH BLACK -XXL-like the photo',27.7500,1.0000,7),(271,'2021-06-01',1,1,'Black loose top with baby pink-S-Black',30.7500,1.0000,8),(272,'2021-06-01',1,25252,'‏BEIGE LOOSE TOP WITH BLACK -XXL-like the photo',27.7500,1.0000,12),(273,'2021-06-01',1,23,'Burgundy striped design top with front pockets-M',24.7500,1.0000,16),(274,'2021-06-01',1,33,'Layered black top-XXL',25.7500,1.0000,6),(282,'2021-06-01',0,712,'Beige suit with ruffle-M-39- Beige',96.7500,2.0000,4),(283,'2021-06-01',0,2,'Black loose top with baby pink-M-Black',30.7500,2.0000,3),(284,'2021-06-01',1,2,'Black loose top with baby pink-M-Black',30.7500,2.0000,4),(285,'2021-06-01',1,712,'Beige suit with ruffle-M-39- Beige',96.7500,2.0000,5),(291,'2021-06-01',0,1603,'Tiffany top with sky blue-XL-tiffany',25.7500,1.0000,13),(292,'2021-06-01',1,1603,'Tiffany top with sky blue-XL-tiffany',25.7500,1.0000,7),(295,'2021-06-01',0,3,'Black loose top with baby pink-L-Black',30.7500,1.0000,14),(296,'2021-06-01',0,1584,'Layered white jacket-L-off white',28.7500,1.0000,20),(297,'2021-06-01',0,1610,'Black top with white stripes design-XL-Black',26.7500,1.0000,10),(298,'2021-06-01',1,1584,'Layered white jacket-L-off white',28.7500,1.0000,10),(299,'2021-06-01',1,1610,'Black top with white stripes design-XL-Black',26.7500,1.0000,17),(300,'2021-06-01',1,3,'Black loose top with baby pink-L-Black',30.7500,1.0000,19),(308,'2021-07-01',0,1582,'Layered white jacket-M-off white',28.7500,1.0000,8),(309,'2021-07-01',0,2,'Black loose top with baby pink-M-Black',30.7500,1.0000,4),(310,'2021-07-01',0,1162,'Black chanton wide leg trousers-M-38-Black',24.7500,1.0000,3),(311,'2021-07-01',0,1211,'Crepe wide leg trousers-M-38-White',24.7500,1.0000,5),(312,'2021-07-01',0,30,'Layered black top-M',23.7500,2.0000,2),(313,'2021-07-01',1,1211,'Crepe wide leg trousers-M-38-White',24.7500,1.0000,7),(314,'2021-07-01',1,30,'Layered black top-M',23.7500,2.0000,2),(315,'2021-07-01',1,1582,'Layered white jacket-M-off white',28.7500,1.0000,8),(316,'2021-07-01',1,1162,'Black chanton wide leg trousers-M-38-Black',24.7500,1.0000,3),(317,'2021-07-01',1,2,'Black loose top with baby pink-M-Black',30.7500,1.0000,6),(329,'2021-07-01',0,1363,'Beige cotton kaftan-M-55',48.7500,1.0000,5),(330,'2021-07-01',1,1363,'Beige cotton kaftan-M-55',48.7500,1.0000,3),(333,'2021-07-01',0,1602,'Tiffany top with sky blue-L-tiffany',25.7500,1.0000,7),(334,'2021-07-01',1,1602,'Tiffany top with sky blue-L-tiffany',25.7500,1.0000,4),(339,'2021-07-01',0,1922,'Sky blue cotton kaftan-XXL-sky blue-58',47.7500,1.0000,6),(340,'2021-07-01',1,1922,'Sky blue cotton kaftan-XXL-sky blue-58',47.7500,1.0000,5),(342,'2021-07-01',0,1362,'Beige cotton kaftan-M-53',48.7500,3.0000,1),(343,'2021-07-01',1,1362,'Beige cotton kaftan-M-53',48.7500,3.0000,1),(355,'2021-08-01',0,1336,'Dark blue crepe wide leg trousers-XXL-41-Dark blue',26.7500,1.0000,15),(356,'2021-08-01',0,25252,'‏BEIGE LOOSE TOP WITH BLACK -XXL-like the photo',27.7500,1.0000,16),(357,'2021-08-01',0,118,'Ruffle front top-XXL- Beige',27.7500,1.0000,18),(358,'2021-08-01',0,895,'Black wide leg trousers-XXL-41-Black',25.7500,1.0000,20),(359,'2021-08-01',0,1604,'Tiffany top with sky blue-XXL-tiffany',27.7500,1.0000,21),(360,'2021-08-01',0,47,'Beige top with striped- Beige-XXL',27.7500,1.0000,23),(361,'2021-08-01',0,359,'Overlapping colors training suit-XXL-41-Gray',48.7500,1.0000,24),(362,'2021-08-01',0,1570,'Oversized denim jacket with white-XXL-Blue',28.7500,1.0000,25),(363,'2021-08-01',0,25261,'Dark olive Top with mix colors-XXL-like the photo',28.7500,1.0000,26),(364,'2021-08-01',0,5,'Black loose top with baby pink-XXL-Black',32.7500,1.0000,2),(365,'2021-08-01',0,261,'Suit with ruffle details-XXL-41-Dark blue',48.7500,1.0000,3),(366,'2021-08-01',0,1238,'Crepe wide leg trousers-XXL-41-White',26.7500,1.0000,4),(367,'2021-08-01',0,1659,'Denim colour-block design training suit-XXL-41',48.7500,1.0000,5),(368,'2021-08-01',0,54,'White top with mix colors-XXL',27.7500,1.0000,7),(369,'2021-08-01',0,374,'Caramel denim jacket-XXL',30.7500,1.0000,8),(370,'2021-08-01',0,1588,'Layered white jacket-XXL-off white',30.7500,1.0000,10),(371,'2021-08-01',0,33,'Layered black top-XXL',25.7500,1.0000,12),(372,'2021-08-01',0,310,'Training suit with shoulder details-XXL-41-Black',48.7500,1.0000,13),(373,'2021-08-01',1,47,'Beige top with striped- Beige-XXL',27.7500,1.0000,15),(374,'2021-08-01',1,359,'Overlapping colors training suit-XXL-41-Gray',48.7500,1.0000,16),(375,'2021-08-01',1,1570,'Oversized denim jacket with white-XXL-Blue',28.7500,1.0000,18),(376,'2021-08-01',1,25261,'Dark olive Top with mix colors-XXL-like the photo',28.7500,1.0000,19),(377,'2021-08-01',1,5,'Black loose top with baby pink-XXL-Black',32.7500,1.0000,20),(378,'2021-08-01',1,261,'Suit with ruffle details-XXL-41-Dark blue',48.7500,1.0000,21),(379,'2021-08-01',1,1238,'Crepe wide leg trousers-XXL-41-White',26.7500,1.0000,23),(380,'2021-08-01',1,1659,'Denim colour-block design training suit-XXL-41',48.7500,1.0000,24),(381,'2021-08-01',1,54,'White top with mix colors-XXL',27.7500,1.0000,26),(382,'2021-08-01',1,374,'Caramel denim jacket-XXL',30.7500,1.0000,2),(383,'2021-08-01',1,1588,'Layered white jacket-XXL-off white',30.7500,1.0000,3),(384,'2021-08-01',1,33,'Layered black top-XXL',25.7500,1.0000,5),(385,'2021-08-01',1,310,'Training suit with shoulder details-XXL-41-Black',48.7500,1.0000,6),(386,'2021-08-01',1,1336,'Dark blue crepe wide leg trousers-XXL-41-Dark blue',26.7500,1.0000,8),(387,'2021-08-01',1,25252,'‏BEIGE LOOSE TOP WITH BLACK -XXL-like the photo',27.7500,1.0000,9),(388,'2021-08-01',1,118,'Ruffle front top-XXL- Beige',27.7500,1.0000,11),(389,'2021-08-01',1,895,'Black wide leg trousers-XXL-41-Black',25.7500,1.0000,13),(390,'2021-08-01',1,1604,'Tiffany top with sky blue-XXL-tiffany',27.7500,1.0000,14),(418,'2021-08-01',0,1615,'Light gray jacket with max colors design-M-Light gray',30.7500,1.0000,19),(419,'2021-08-01',1,1615,'Light gray jacket with max colors design-M-Light gray',30.7500,1.0000,10),(427,'2021-08-01',0,25082,'White suit with silver-M-36-like the photo',86.7500,1.0000,14),(428,'2021-08-01',1,25082,'White suit with silver-M-36-like the photo',86.7500,1.0000,4),(433,'2021-08-01',0,1618,'Light gray jacket with max colors design-XXL-Light gray',32.7500,1.0000,9),(434,'2021-08-01',1,1618,'Light gray jacket with max colors design-XXL-Light gray',32.7500,1.0000,25),(447,'2021-08-01',0,25260,'Dark olive Top with mix colors-XL-like the photo',26.7500,2.0000,1),(448,'2021-08-01',0,1661,'Denim colour-block design training suit-XXXL-35',51.7500,1.0000,6),(449,'2021-08-01',0,1596,'Denim jaket with max colors-XL-Blue',26.7500,1.0000,11),(450,'2021-08-01',0,1662,'Denim colour-block design training suit-XXXL-36',51.7500,1.0000,17),(451,'2021-08-01',0,1603,'Tiffany top with sky blue-XL-tiffany',25.7500,1.0000,22),(452,'2021-08-01',1,25260,'Dark olive Top with mix colors-XL-like the photo',26.7500,2.0000,1),(453,'2021-08-01',1,1661,'Denim colour-block design training suit-XXXL-35',51.7500,1.0000,7),(454,'2021-08-01',1,1596,'Denim jaket with max colors-XL-Blue',26.7500,1.0000,12),(455,'2021-08-01',1,1662,'Denim colour-block design training suit-XXXL-36',51.7500,1.0000,17),(456,'2021-08-01',1,1603,'Tiffany top with sky blue-XL-tiffany',25.7500,1.0000,22),(468,'2021-09-01',0,1568,'Oversized denim jacket with white-L-Blue',26.7500,1.0000,3),(469,'2021-09-01',1,1568,'Oversized denim jacket with white-L-Blue',26.7500,1.0000,2),(492,'2021-09-01',0,1582,'Layered white jacket-M-off white',28.7500,1.0000,2),(493,'2021-09-01',0,136,'Nude training suit-M-38-Nude',47.7500,1.0000,1),(494,'2021-09-01',1,1582,'Layered white jacket-M-off white',28.7500,1.0000,3),(495,'2021-09-01',1,136,'Nude training suit-M-38-Nude',47.7500,1.0000,1),(506,'2021-10-01',0,26,'Burgundy striped design top with front pockets-XXL',26.7500,1.0000,1),(507,'2021-10-01',1,26,'Burgundy striped design top with front pockets-XXL',26.7500,1.0000,5),(511,'2021-10-01',0,144,'Nude training suit-L-38-Nude',47.7500,1.0000,5),(512,'2021-10-01',0,305,'Training suit with shoulder details-XXL-36-Black',48.7500,1.0000,2),(513,'2021-10-01',0,354,'Overlapping colors training suit-XXL-36-Gray',48.7500,1.0000,4),(514,'2021-10-01',1,305,'Training suit with shoulder details-XXL-36-Black',48.7500,1.0000,1),(515,'2021-10-01',1,354,'Overlapping colors training suit-XXL-36-Gray',48.7500,1.0000,3),(516,'2021-10-01',1,144,'Nude training suit-L-38-Nude',47.7500,1.0000,4),(544,'2021-10-01',0,33,'Layered black top-XXL',25.7500,1.0000,3),(545,'2021-10-01',1,33,'Layered black top-XXL',25.7500,1.0000,2),(549,'2021-11-01',0,1617,'Light gray jacket with max colors design-XL-Light gray',30.7500,1.0000,6),(550,'2021-11-01',0,41,'Scarfs top-XXXL',28.7500,1.0000,5),(551,'2021-11-01',1,1617,'Light gray jacket with max colors design-XL-Light gray',30.7500,1.0000,3),(552,'2021-11-01',1,41,'Scarfs top-XXXL',28.7500,1.0000,5),(558,'2021-11-01',0,25314,' beige JACKET WITH NEON COLORS-M- Beige',28.7500,1.0000,3),(559,'2021-11-01',1,25314,' beige JACKET WITH NEON COLORS-M- Beige',28.7500,1.0000,6),(572,'2021-11-01',0,1616,'Light gray jacket with max colors design-L-Light gray',30.7500,2.0000,1),(573,'2021-11-01',0,1595,'Denim jaket with max colors-L-Blue',26.7500,1.0000,2),(574,'2021-11-01',1,1616,'Light gray jacket with max colors design-L-Light gray',30.7500,2.0000,1),(575,'2021-11-01',1,1595,'Denim jaket with max colors-L-Blue',26.7500,1.0000,4),(579,'2021-11-01',0,25315,' beige JACKET WITH NEON COLORS-L- Beige',28.7500,1.0000,4),(580,'2021-11-01',1,25315,' beige JACKET WITH NEON COLORS-L- Beige',28.7500,1.0000,2),(598,'2021-12-01',0,25315,' beige JACKET WITH NEON COLORS-L- Beige',28.7500,2.0000,1),(599,'2021-12-01',1,25315,' beige JACKET WITH NEON COLORS-L- Beige',28.7500,2.0000,1),(616,'2021-12-01',0,1598,'Denim jaket with max colors-XXXL-Blue',31.7500,1.0000,2),(617,'2021-12-01',1,1598,'Denim jaket with max colors-XXXL-Blue',31.7500,1.0000,2),(632,'2022-01-01',0,1655,'Denim colour-block design training suit-XXL-37',48.7500,2.0000,1),(633,'2022-01-01',1,1655,'Denim colour-block design training suit-XXL-37',48.7500,2.0000,1),(636,'2022-02-01',0,1624,'Denim colour-block design training suit-S-38',46.7500,1.0000,3),(637,'2022-02-01',1,1624,'Denim colour-block design training suit-S-38',46.7500,1.0000,2),(639,'2022-02-01',0,1650,'Denim colour-block design training suit-XL-40',46.7500,1.0000,2),(640,'2022-02-01',1,1650,'Denim colour-block design training suit-XL-40',46.7500,1.0000,1),(645,'2022-02-01',0,133,'Nude training suit-M-35-Nude',47.7500,1.0000,1),(646,'2022-02-01',1,133,'Nude training suit-M-35-Nude',47.7500,1.0000,3),(662,'2022-03-01',0,1389,'Beige cotton kaftan-XL-56',48.7500,1.0000,1),(663,'2022-03-01',1,1389,'Beige cotton kaftan-XL-56',48.7500,1.0000,1),(667,'2022-06-01',0,4,'Black loose top with baby pink-XL-Black',30.7500,1.0000,3),(668,'2022-06-01',0,1603,'Tiffany top with sky blue-XL-tiffany',25.7500,1.0000,6),(669,'2022-06-01',1,4,'Black loose top with baby pink-XL-Black',30.7500,1.0000,4),(670,'2022-06-01',1,1603,'Tiffany top with sky blue-XL-tiffany',25.7500,1.0000,7),(680,'2022-06-01',0,30,'Layered black top-M',23.7500,1.0000,4),(681,'2022-06-01',1,30,'Layered black top-M',23.7500,1.0000,1),(684,'2022-06-01',0,392,'Grey shanton jacket-XXL-Gray',27.7500,1.0000,1),(685,'2022-06-01',0,54,'White top with mix colors-XXL',27.7500,1.0000,7),(686,'2022-06-01',1,392,'Grey shanton jacket-XXL-Gray',27.7500,1.0000,2),(687,'2022-06-01',1,54,'White top with mix colors-XXL',27.7500,1.0000,8),(692,'2022-06-01',0,1615,'Light gray jacket with max colors design-M-Light gray',30.7500,1.0000,8),(693,'2022-06-01',1,1615,'Light gray jacket with max colors design-M-Light gray',30.7500,1.0000,5),(701,'2022-06-01',0,10,'Sky blue top-L',25.7500,1.0000,2),(702,'2022-06-01',0,1602,'Tiffany top with sky blue-L-tiffany',25.7500,1.0000,5),(703,'2022-06-01',1,10,'Sky blue top-L',25.7500,1.0000,3),(704,'2022-06-01',1,1602,'Tiffany top with sky blue-L-tiffany',25.7500,1.0000,6),(717,'2022-07-01',0,347,'Overlapping colors training suit-XL-37-Gray',46.7500,2.0000,1),(718,'2022-07-01',1,347,'Overlapping colors training suit-XL-37-Gray',46.7500,2.0000,1),(721,'2022-07-01',0,1604,'Tiffany top with sky blue-XXL-tiffany',27.7500,1.0000,2),(722,'2022-07-01',0,1234,'Crepe wide leg trousers-XXL-37-White',26.7500,1.0000,4),(723,'2022-07-01',1,1604,'Tiffany top with sky blue-XXL-tiffany',27.7500,1.0000,3),(724,'2022-07-01',1,1234,'Crepe wide leg trousers-XXL-37-White',26.7500,1.0000,4),(734,'2022-07-01',0,1661,'Denim colour-block design training suit-XXXL-35',51.7500,1.0000,3),(735,'2022-07-01',1,1661,'Denim colour-block design training suit-XXXL-35',51.7500,1.0000,2),(743,'2022-08-01',0,25316,' beige JACKET WITH NEON COLORS-XL- Beige',29.7500,1.0000,2),(744,'2022-08-01',0,17,'Olive top-L-Olive',25.7500,1.0000,3),(745,'2022-08-01',0,1617,'Light gray jacket with max colors design-XL-Light gray',30.7500,1.0000,4),(746,'2022-08-01',1,17,'Olive top-L-Olive',25.7500,1.0000,4),(747,'2022-08-01',1,1617,'Light gray jacket with max colors design-XL-Light gray',30.7500,1.0000,5),(748,'2022-08-01',1,25316,' beige JACKET WITH NEON COLORS-XL- Beige',29.7500,1.0000,2),(754,'2022-08-01',0,32,'Layered black top-XL',23.7500,2.0000,1),(755,'2022-08-01',0,1586,'Layered white jacket-XL-off white',28.7500,1.0000,5),(756,'2022-08-01',1,32,'Layered black top-XL',23.7500,2.0000,1),(757,'2022-08-01',1,1586,'Layered white jacket-XL-off white',28.7500,1.0000,3),(785,'2022-09-01',0,990,'Black silm trousers-XXL-38-Black',26.7500,1.0000,10),(786,'2022-09-01',0,25298,'BLACK CREPE WIDE LEG TROUSERS-XXL-37-Black',26.7500,1.0000,3),(787,'2022-09-01',0,32,'Layered black top-XL',23.7500,1.0000,7),(788,'2022-09-01',1,25298,'BLACK CREPE WIDE LEG TROUSERS-XXL-37-Black',26.7500,1.0000,3),(789,'2022-09-01',1,32,'Layered black top-XL',23.7500,1.0000,6),(790,'2022-09-01',1,990,'Black silm trousers-XXL-38-Black',26.7500,1.0000,9),(812,'2022-09-01',0,4,'Black loose top with baby pink-XL-Black',30.7500,1.0000,4),(813,'2022-09-01',0,25260,'Dark olive Top with mix colors-XL-like the photo',26.7500,1.0000,8),(814,'2022-09-01',0,25315,' beige JACKET WITH NEON COLORS-L- Beige',28.7500,1.0000,2),(815,'2022-09-01',1,4,'Black loose top with baby pink-XL-Black',30.7500,1.0000,10),(816,'2022-09-01',1,25315,' beige JACKET WITH NEON COLORS-L- Beige',28.7500,1.0000,1),(817,'2022-09-01',1,25260,'Dark olive Top with mix colors-XL-like the photo',26.7500,1.0000,4),(820,'2022-09-01',0,386,'Grey shanton jacket-M-Gray',25.7500,1.0000,1),(821,'2022-09-01',1,386,'Grey shanton jacket-M-Gray',25.7500,1.0000,5),(823,'2022-09-01',0,1664,'Denim colour-block design training suit-XXXL-38',51.7500,1.0000,6),(824,'2022-09-01',1,1664,'Denim colour-block design training suit-XXXL-38',51.7500,1.0000,8),(827,'2022-09-01',0,25250,'‏BEIGE LOOSE TOP WITH BLACK -XL-like the photo',25.7500,1.0000,9),(828,'2022-09-01',0,390,'Grey shanton jacket-XL-Gray',25.7500,1.0000,5),(829,'2022-09-01',1,25250,'‏BEIGE LOOSE TOP WITH BLACK -XL-like the photo',25.7500,1.0000,2),(830,'2022-09-01',1,390,'Grey shanton jacket-XL-Gray',25.7500,1.0000,7),(844,'2022-10-01',0,25316,' beige JACKET WITH NEON COLORS-XL- Beige',29.7500,1.0000,1),(845,'2022-10-01',0,1617,'Light gray jacket with max colors design-XL-Light gray',30.7500,1.0000,3),(846,'2022-10-01',1,25316,' beige JACKET WITH NEON COLORS-XL- Beige',29.7500,1.0000,1),(847,'2022-10-01',1,1617,'Light gray jacket with max colors design-XL-Light gray',30.7500,1.0000,3),(855,'2022-10-01',0,25252,'‏BEIGE LOOSE TOP WITH BLACK -XXL-like the photo',27.7500,1.0000,4),(856,'2022-10-01',0,5,'Black loose top with baby pink-XXL-Black',32.7500,1.0000,2),(857,'2022-10-01',1,25252,'‏BEIGE LOOSE TOP WITH BLACK -XXL-like the photo',27.7500,1.0000,4),(858,'2022-10-01',1,5,'Black loose top with baby pink-XXL-Black',32.7500,1.0000,2),(878,'2022-11-01',0,1610,'Black top with white stripes design-XL-Black',26.7500,1.0000,1),(879,'2022-11-01',1,1610,'Black top with white stripes design-XL-Black',26.7500,1.0000,1),(882,'2022-12-01',0,25551,'TRAINING SUIT 3-XXL-Black',39.0000,1.0000,1),(883,'2022-12-01',1,25551,'TRAINING SUIT 3-XXL-Black',39.0000,1.0000,3),(889,'2022-12-01',0,25605,'LAYERED BLACK Shirt 10-XXL-like the photo',20.0000,1.0000,3),(890,'2022-12-01',0,25513,'Shirt sky 5-XXL-like the photo',20.0000,1.0000,2),(891,'2022-12-01',1,25513,'Shirt sky 5-XXL-like the photo',20.0000,1.0000,2),(892,'2022-12-01',1,25605,'LAYERED BLACK Shirt 10-XXL-like the photo',20.0000,1.0000,1),(912,'2023-01-01',0,25503,'TIFFANY  shirt 4-XXL-like the photo',20.0000,2.0000,1),(913,'2023-01-01',0,25487,'BEIGE shirt  WITH BLACK 3-XXL-like the photo',20.0000,2.0000,2),(914,'2023-01-01',0,25485,'BEIGE shirt  WITH BLACK 3-L-like the photo',20.0000,1.0000,5),(915,'2023-01-01',0,25530,'SCARF Shirt 6-XL',20.0000,1.0000,3),(916,'2023-01-01',0,25495,'CARAMEL Shirt 3-XXL-like the photo',20.0000,1.0000,4),(917,'2023-01-01',1,25503,'TIFFANY  shirt 4-XXL-like the photo',20.0000,2.0000,1),(918,'2023-01-01',1,25487,'BEIGE shirt  WITH BLACK 3-XXL-like the photo',20.0000,2.0000,2),(919,'2023-01-01',1,25485,'BEIGE shirt  WITH BLACK 3-L-like the photo',20.0000,1.0000,5),(920,'2023-01-01',1,25530,'SCARF Shirt 6-XL',20.0000,1.0000,3),(921,'2023-01-01',1,25495,'CARAMEL Shirt 3-XXL-like the photo',20.0000,1.0000,4),(940,'2023-02-01',0,25703,'Half beige half white kaftan-L-like the photo',35.0000,2.0000,3),(941,'2023-02-01',1,25703,'Half beige half white kaftan-L-like the photo',35.0000,2.0000,3),(943,'2023-02-01',0,25697,'Beige cotton kaftan-XXL-like the photo',35.0000,1.0000,6),(944,'2023-02-01',1,25697,'Beige cotton kaftan-XXL-like the photo',35.0000,1.0000,5),(948,'2023-02-01',0,25688,'organza kaftan with lace- Beige-XXXL',85.0000,1.0000,5),(949,'2023-02-01',1,25688,'organza kaftan with lace- Beige-XXXL',85.0000,1.0000,4),(958,'2023-02-01',0,25699,'Beige cotton kaftan-XXXL-like the photo',35.0000,1.0000,4),(959,'2023-02-01',1,25699,'Beige cotton kaftan-XXXL-like the photo',35.0000,1.0000,6),(970,'2023-02-01',0,25749,'beige KAFTAN with SKY BLUE-L-like the photo',35.0000,4.0000,1),(971,'2023-02-01',1,25749,'beige KAFTAN with SKY BLUE-L-like the photo',35.0000,4.0000,2),(973,'2023-02-01',0,25750,'beige KAFTAN with SKY BLUE-XL-like the photo',35.0000,4.0000,2),(974,'2023-02-01',1,25750,'beige KAFTAN with SKY BLUE-XL-like the photo',35.0000,4.0000,1),(988,'2023-03-01',0,25764,'‏  bride kaftan -L-like the photo',60.0000,3.0000,1),(989,'2023-03-01',0,25617,'TRAINING SUIT 6-L-like the photo',39.0000,1.0000,6),(990,'2023-03-01',0,25743,'‏ White COTTON KAFTAN-L-White',40.0000,1.0000,7),(991,'2023-03-01',0,4,'Black loose top with baby pink-XL-Black',30.7500,1.0000,8),(992,'2023-03-01',0,25722,'KAFTAN 1-L-like the photo',40.0000,1.0000,9),(993,'2023-03-01',0,25655,'‏Dark blue SUIT3-L-38-like the photo',40.0000,1.0000,11),(994,'2023-03-01',0,25100,'White suit with silver-XL-38-like the photo',86.7500,1.0000,12),(995,'2023-03-01',0,25737,'‏BLACK ORGANZA KAFTAN WITH LACE-XL-like the photo',120.0000,1.0000,13),(996,'2023-03-01',0,25685,'organza kaftan with lace- Beige-L',85.0000,1.0000,3),(997,'2023-03-01',0,25776,'Black kaftan with gold -L-Black',48.0000,1.0000,4),(998,'2023-03-01',1,25764,'‏  bride kaftan -L-like the photo',60.0000,3.0000,1),(999,'2023-03-01',1,25617,'TRAINING SUIT 6-L-like the photo',39.0000,1.0000,3),(1000,'2023-03-01',1,25743,'‏ White COTTON KAFTAN-L-White',40.0000,1.0000,4),(1001,'2023-03-01',1,4,'Black loose top with baby pink-XL-Black',30.7500,1.0000,6),(1002,'2023-03-01',1,25722,'KAFTAN 1-L-like the photo',40.0000,1.0000,7),(1003,'2023-03-01',1,25655,'‏Dark blue SUIT3-L-38-like the photo',40.0000,1.0000,9),(1004,'2023-03-01',1,25100,'White suit with silver-XL-38-like the photo',86.7500,1.0000,10),(1005,'2023-03-01',1,25737,'‏BLACK ORGANZA KAFTAN WITH LACE-XL-like the photo',120.0000,1.0000,11),(1006,'2023-03-01',1,25685,'organza kaftan with lace- Beige-L',85.0000,1.0000,13),(1007,'2023-03-01',1,25776,'Black kaftan with gold -L-Black',48.0000,1.0000,14),(1019,'2023-03-01',0,25765,'‏  bride kaftan -XL-like the photo',60.0000,2.0000,2),(1020,'2023-03-01',0,25735,'‏BLACK ORGANZA KAFTAN WITH LACE-M-like the photo',120.0000,1.0000,14),(1021,'2023-03-01',0,127,'Nude training suit-S-37-Nude',47.7500,1.0000,5),(1022,'2023-03-01',0,775,'Black suit with white-L-35',86.7500,1.0000,10),(1023,'2023-03-01',1,25765,'‏  bride kaftan -XL-like the photo',60.0000,2.0000,2),(1024,'2023-03-01',1,775,'Black suit with white-L-35',86.7500,1.0000,12),(1025,'2023-03-01',1,25735,'‏BLACK ORGANZA KAFTAN WITH LACE-M-like the photo',120.0000,1.0000,5),(1026,'2023-03-01',1,127,'Nude training suit-S-37-Nude',47.7500,1.0000,8);

--
-- Table structure for table `mag2_sales_bestsellers_aggregated_yearly`
--

CREATE TABLE `mag2_sales_bestsellers_aggregated_yearly` (
  `id` int(10) unsigned NOT NULL AUTO_INCREMENT COMMENT 'Id',
  `period` date DEFAULT NULL COMMENT 'Period',
  `store_id` smallint(5) unsigned DEFAULT NULL COMMENT 'Store Id',
  `product_id` int(10) unsigned DEFAULT NULL COMMENT 'Product Id',
  `product_name` varchar(255) DEFAULT NULL COMMENT 'Product Name',
  `product_price` decimal(12,4) NOT NULL DEFAULT '0.0000' COMMENT 'Product Price',
  `qty_ordered` decimal(12,4) NOT NULL DEFAULT '0.0000' COMMENT 'Qty Ordered',
  `rating_pos` smallint(5) unsigned NOT NULL DEFAULT '0' COMMENT 'Rating Pos',
  PRIMARY KEY (`id`),
  UNIQUE KEY `MAG2_SALES_BESTSELLERS_AGGRED_YEARLY_PERIOD_STORE_ID_PRD_ID` (`period`,`store_id`,`product_id`),
  KEY `MAG2_SALES_BESTSELLERS_AGGREGATED_YEARLY_STORE_ID` (`store_id`),
  KEY `MAG2_SALES_BESTSELLERS_AGGREGATED_YEARLY_PRODUCT_ID` (`product_id`)
) ENGINE=InnoDB AUTO_INCREMENT=930 DEFAULT CHARSET=utf8 COMMENT='Sales Bestsellers Aggregated Yearly';

--
-- Dumping data for table `mag2_sales_bestsellers_aggregated_yearly`
--

INSERT INTO `mag2_sales_bestsellers_aggregated_yearly` VALUES (1,'2021-01-01',0,2,'Black loose top with baby pink-M-Black',30.7500,3.0000,12),(2,'2021-01-01',0,32,'Layered black top-XL',23.7500,3.0000,13),(3,'2021-01-01',0,1673,'Volume beige jacket-XL-like the photo',30.7500,1.0000,69),(4,'2021-01-01',0,1638,'Denim colour-block design training suit-L-36',46.7500,1.0000,78),(5,'2021-01-01',0,1607,'Black top with white stripes design-S-Black',26.7500,1.0000,7),(6,'2021-01-01',0,11,'Sky blue top-XL',25.7500,3.0000,14),(7,'2021-01-01',0,1672,'Volume beige jacket-L-like the photo',30.7500,2.0000,18),(8,'2021-01-01',0,83,'Light beige suit with ruffle details-XL-37',49.7500,1.0000,53),(9,'2021-01-01',1,2,'Black loose top with baby pink-M-Black',30.7500,3.0000,15),(10,'2021-01-01',1,32,'Layered black top-XL',23.7500,3.0000,9),(11,'2021-01-01',1,1638,'Denim colour-block design training suit-L-36',46.7500,1.0000,44),(12,'2021-01-01',1,1607,'Black top with white stripes design-S-Black',26.7500,1.0000,6),(13,'2021-01-01',1,11,'Sky blue top-XL',25.7500,3.0000,10),(14,'2021-01-01',1,1672,'Volume beige jacket-L-like the photo',30.7500,2.0000,26),(15,'2021-01-01',1,83,'Light beige suit with ruffle details-XL-37',49.7500,1.0000,83),(16,'2021-01-01',1,1673,'Volume beige jacket-XL-like the photo',30.7500,1.0000,37),(36,'2021-01-01',0,1540,'Gray kaftan with black details-XL-61',75.7500,1.0000,85),(37,'2021-01-01',1,1540,'Gray kaftan with black details-XL-61',75.7500,1.0000,90),(41,'2021-01-01',0,1379,'Beige cotton kaftan-L-58',48.7500,1.0000,46),(42,'2021-01-01',1,1379,'Beige cotton kaftan-L-58',48.7500,1.0000,52),(47,'2021-01-01',0,1,'Black loose top with baby pink-S-Black',30.7500,2.0000,21),(48,'2021-01-01',0,57,'Light beige suit with ruffle details-S-35',49.7500,1.0000,71),(49,'2021-01-01',1,1,'Black loose top with baby pink-S-Black',30.7500,2.0000,20),(50,'2021-01-01',1,57,'Light beige suit with ruffle details-S-35',49.7500,1.0000,77),(54,'2021-01-01',0,19,'Olive top-XXL-Olive',27.7500,3.0000,11),(55,'2021-01-01',0,1604,'Tiffany top with sky blue-XXL-tiffany',27.7500,4.0000,5),(56,'2021-01-01',0,1611,'Black top with white stripes design-XXL-Black',28.7500,5.0000,2),(57,'2021-01-01',0,1577,'Caramel top with black-XXL',28.7500,3.0000,10),(58,'2021-01-01',0,40,'Scarfs top-XXL',25.7500,2.0000,16),(59,'2021-01-01',1,19,'Olive top-XXL-Olive',27.7500,3.0000,12),(60,'2021-01-01',1,1604,'Tiffany top with sky blue-XXL-tiffany',27.7500,4.0000,4),(61,'2021-01-01',1,1611,'Black top with white stripes design-XXL-Black',28.7500,5.0000,2),(62,'2021-01-01',1,1577,'Caramel top with black-XXL',28.7500,3.0000,8),(63,'2021-01-01',1,40,'Scarfs top-XXL',25.7500,2.0000,33),(73,'2021-01-01',0,1580,'Layered white jacket-S-off white',28.7500,1.0000,88),(74,'2021-01-01',0,1574,'Caramel top with black-M',26.7500,1.0000,63),(75,'2021-01-01',1,1580,'Layered white jacket-S-off white',28.7500,1.0000,35),(76,'2021-01-01',1,1574,'Caramel top with black-M',26.7500,1.0000,70),(86,'2021-01-01',0,13,'Sky blue top-XXXL',29.7500,1.0000,38),(87,'2021-01-01',0,25054,'dress ruffle in dark beige-XXL-56-like the photo',67.7500,1.0000,66),(88,'2021-01-01',1,13,'Sky blue top-XXXL',29.7500,1.0000,46),(89,'2021-01-01',1,25054,'dress ruffle in dark beige-XXL-56-like the photo',67.7500,1.0000,72),(103,'2021-01-01',0,47,'Beige top with striped- Beige-XXL',27.7500,2.0000,29),(104,'2021-01-01',0,54,'White top with mix colors-XXL',27.7500,2.0000,19),(105,'2021-01-01',1,54,'White top with mix colors-XXL',27.7500,2.0000,18),(106,'2021-01-01',1,47,'Beige top with striped- Beige-XXL',27.7500,2.0000,31),(110,'2021-01-01',0,390,'Grey shanton jacket-XL-Gray',25.7500,1.0000,93),(111,'2021-01-01',1,390,'Grey shanton jacket-XL-Gray',25.7500,1.0000,62),(113,'2021-01-01',0,25119,'White suit with silver-XXXL-42-like the photo',96.7500,1.0000,60),(114,'2021-01-01',0,647,'Black suit with silver-XXXL-42',96.7500,1.0000,72),(115,'2021-01-01',0,25083,'White suit with silver-M-37-like the photo',86.7500,2.0000,33),(116,'2021-01-01',1,25119,'White suit with silver-XXXL-42-like the photo',96.7500,1.0000,40),(117,'2021-01-01',1,647,'Black suit with silver-XXXL-42',96.7500,1.0000,50),(118,'2021-01-01',1,25083,'White suit with silver-M-37-like the photo',86.7500,2.0000,28),(123,'2021-01-01',0,27,'Burgundy striped design top with front pockets-XXXL',29.7500,1.0000,50),(124,'2021-01-01',0,1578,'Caramel top with black-XXXL',31.7500,1.0000,75),(125,'2021-01-01',1,27,'Burgundy striped design top with front pockets-XXXL',29.7500,1.0000,69),(126,'2021-01-01',1,1578,'Caramel top with black-XXXL',31.7500,1.0000,94),(130,'2021-01-01',0,1603,'Tiffany top with sky blue-XL-tiffany',25.7500,3.0000,6),(131,'2021-01-01',0,25037,'dress ruffle in dark beige-XL-51-like the photo',65.7500,1.0000,64),(132,'2021-01-01',1,25037,'dress ruffle in dark beige-XL-51-like the photo',65.7500,1.0000,43),(133,'2021-01-01',1,1603,'Tiffany top with sky blue-XL-tiffany',25.7500,3.0000,13),(137,'2021-01-01',0,25016,'dress ruffle in dark beige-M-55-like the photo',65.7500,2.0000,32),(138,'2021-01-01',1,25016,'dress ruffle in dark beige-M-55-like the photo',65.7500,2.0000,25),(140,'2021-01-01',0,392,'Grey shanton jacket-XXL-Gray',27.7500,1.0000,68),(141,'2021-01-01',0,373,'Caramel denim jacket-XL',28.7500,1.0000,41),(142,'2021-01-01',1,392,'Grey shanton jacket-XXL-Gray',27.7500,1.0000,74),(143,'2021-01-01',1,373,'Caramel denim jacket-XL',28.7500,1.0000,48),(147,'2021-01-01',0,51,'White top with mix colors-M',25.7500,1.0000,35),(148,'2021-01-01',0,1362,'Beige cotton kaftan-M-53',48.7500,4.0000,3),(149,'2021-01-01',0,25029,'dress ruffle in dark beige-L-54-like the photo',65.7500,1.0000,48),(150,'2021-01-01',1,51,'White top with mix colors-M',25.7500,1.0000,56),(151,'2021-01-01',1,1362,'Beige cotton kaftan-M-53',48.7500,4.0000,5),(152,'2021-01-01',1,25029,'dress ruffle in dark beige-L-54-like the photo',65.7500,1.0000,79),(156,'2021-01-01',0,4,'Black loose top with baby pink-XL-Black',30.7500,1.0000,56),(157,'2021-01-01',1,4,'Black loose top with baby pink-XL-Black',30.7500,1.0000,87),(177,'2021-01-01',0,24,'Burgundy striped design top with front pockets-L',24.7500,1.0000,91),(178,'2021-01-01',0,399,'Oversized denim jacket with sky blue  -L-Dark blue',25.7500,1.0000,57),(179,'2021-01-01',1,24,'Burgundy striped design top with front pockets-L',24.7500,1.0000,76),(180,'2021-01-01',1,399,'Oversized denim jacket with sky blue  -L-Dark blue',25.7500,1.0000,38),(189,'2021-01-01',0,66,'Light beige suit with ruffle details-M-36',49.7500,1.0000,82),(190,'2021-01-01',1,66,'Light beige suit with ruffle details-M-36',49.7500,1.0000,60),(192,'2021-01-01',0,37,'Scarfs top-M',23.7500,3.0000,8),(193,'2021-01-01',0,25246,'‏BEIGE LOOSE TOP WITH BLACK -M-like the photo',25.7500,4.0000,4),(194,'2021-01-01',0,25248,'‏BEIGE LOOSE TOP WITH BLACK -L-like the photo',25.7500,1.0000,45),(195,'2021-01-01',1,25246,'‏BEIGE LOOSE TOP WITH BLACK -M-like the photo',25.7500,4.0000,3),(196,'2021-01-01',1,37,'Scarfs top-M',23.7500,3.0000,7),(197,'2021-01-01',1,25248,'‏BEIGE LOOSE TOP WITH BLACK -L-like the photo',25.7500,1.0000,89),(200,'2021-01-01',0,12,'Sky blue top-XXL',27.7500,1.0000,61),(201,'2021-01-01',1,12,'Sky blue top-XXL',27.7500,1.0000,66),(205,'2021-01-01',0,5,'Black loose top with baby pink-XXL-Black',32.7500,2.0000,28),(206,'2021-01-01',0,1588,'Layered white jacket-XXL-off white',30.7500,2.0000,17),(207,'2021-01-01',1,5,'Black loose top with baby pink-XXL-Black',32.7500,2.0000,29),(208,'2021-01-01',1,1588,'Layered white jacket-XXL-off white',30.7500,2.0000,17),(216,'2021-01-01',0,1615,'Light gray jacket with max colors design-M-Light gray',30.7500,2.0000,30),(217,'2021-01-01',1,1615,'Light gray jacket with max colors design-M-Light gray',30.7500,2.0000,32),(219,'2021-01-01',0,1598,'Denim jaket with max colors-XXXL-Blue',31.7500,2.0000,31),(220,'2021-01-01',1,1598,'Denim jaket with max colors-XXXL-Blue',31.7500,2.0000,23),(223,'2021-01-01',0,25258,'Dark olive Top with mix colors-M-like the photo',26.7500,2.0000,27),(224,'2021-01-01',1,25258,'Dark olive Top with mix colors-M-like the photo',26.7500,2.0000,16),(226,'2021-01-01',0,25260,'Dark olive Top with mix colors-XL-like the photo',26.7500,8.0000,1),(227,'2021-01-01',0,25261,'Dark olive Top with mix colors-XXL-like the photo',28.7500,2.0000,24),(228,'2021-01-01',1,25260,'Dark olive Top with mix colors-XL-like the photo',26.7500,8.0000,1),(229,'2021-01-01',1,25261,'Dark olive Top with mix colors-XXL-like the photo',28.7500,2.0000,27),(233,'2021-01-01',0,25250,'‏BEIGE LOOSE TOP WITH BLACK -XL-like the photo',25.7500,3.0000,9),(234,'2021-01-01',1,25250,'‏BEIGE LOOSE TOP WITH BLACK -XL-like the photo',25.7500,3.0000,6),(247,'2021-01-01',0,350,'Overlapping colors training suit-XL-40-Gray',46.7500,1.0000,43),(248,'2021-01-01',0,25,'Burgundy striped design top with front pockets-XL',24.7500,1.0000,80),(249,'2021-01-01',1,25,'Burgundy striped design top with front pockets-XL',24.7500,1.0000,84),(250,'2021-01-01',1,350,'Overlapping colors training suit-XL-40-Gray',46.7500,1.0000,49),(257,'2021-01-01',0,33,'Layered black top-XXL',25.7500,3.0000,7),(258,'2021-01-01',0,25252,'‏BEIGE LOOSE TOP WITH BLACK -XXL-like the photo',27.7500,2.0000,26),(259,'2021-01-01',0,23,'Burgundy striped design top with front pockets-M',24.7500,1.0000,84),(260,'2021-01-01',1,33,'Layered black top-XXL',25.7500,3.0000,14),(261,'2021-01-01',1,25252,'‏BEIGE LOOSE TOP WITH BLACK -XXL-like the photo',27.7500,2.0000,21),(262,'2021-01-01',1,23,'Burgundy striped design top with front pockets-M',24.7500,1.0000,61),(264,'2021-01-01',0,712,'Beige suit with ruffle-M-39- Beige',96.7500,2.0000,22),(265,'2021-01-01',1,712,'Beige suit with ruffle-M-39- Beige',96.7500,2.0000,22),(271,'2021-01-01',0,1584,'Layered white jacket-L-off white',28.7500,1.0000,74),(272,'2021-01-01',0,1610,'Black top with white stripes design-XL-Black',26.7500,1.0000,34),(273,'2021-01-01',0,3,'Black loose top with baby pink-L-Black',30.7500,1.0000,49),(274,'2021-01-01',1,1610,'Black top with white stripes design-XL-Black',26.7500,1.0000,55),(275,'2021-01-01',1,3,'Black loose top with baby pink-L-Black',30.7500,1.0000,68),(276,'2021-01-01',1,1584,'Layered white jacket-L-off white',28.7500,1.0000,93),(284,'2021-01-01',0,1211,'Crepe wide leg trousers-M-38-White',24.7500,1.0000,40),(285,'2021-01-01',0,30,'Layered black top-M',23.7500,2.0000,23),(286,'2021-01-01',0,1582,'Layered white jacket-M-off white',28.7500,2.0000,25),(287,'2021-01-01',0,1162,'Black chanton wide leg trousers-M-38-Black',24.7500,1.0000,77),(288,'2021-01-01',1,1162,'Black chanton wide leg trousers-M-38-Black',24.7500,1.0000,36),(289,'2021-01-01',1,1211,'Crepe wide leg trousers-M-38-White',24.7500,1.0000,59),(290,'2021-01-01',1,30,'Layered black top-M',23.7500,2.0000,24),(291,'2021-01-01',1,1582,'Layered white jacket-M-off white',28.7500,2.0000,30),(305,'2021-01-01',0,1363,'Beige cotton kaftan-M-55',48.7500,1.0000,36),(306,'2021-01-01',1,1363,'Beige cotton kaftan-M-55',48.7500,1.0000,60),(309,'2021-01-01',0,1602,'Tiffany top with sky blue-L-tiffany',25.7500,1.0000,62),(310,'2021-01-01',1,1602,'Tiffany top with sky blue-L-tiffany',25.7500,1.0000,80),(315,'2021-01-01',0,1922,'Sky blue cotton kaftan-XXL-sky blue-58',47.7500,1.0000,52),(316,'2021-01-01',1,1922,'Sky blue cotton kaftan-XXL-sky blue-58',47.7500,1.0000,82),(329,'2021-01-01',0,1659,'Denim colour-block design training suit-XXL-41',48.7500,1.0000,83),(330,'2021-01-01',0,310,'Training suit with shoulder details-XXL-41-Black',48.7500,1.0000,90),(331,'2021-01-01',0,1336,'Dark blue crepe wide leg trousers-XXL-41-Dark blue',26.7500,1.0000,92),(332,'2021-01-01',0,261,'Suit with ruffle details-XXL-41-Dark blue',48.7500,1.0000,65),(333,'2021-01-01',0,895,'Black wide leg trousers-XXL-41-Black',25.7500,1.0000,42),(334,'2021-01-01',0,359,'Overlapping colors training suit-XXL-41-Gray',48.7500,1.0000,54),(335,'2021-01-01',0,1570,'Oversized denim jacket with white-XXL-Blue',28.7500,1.0000,58),(336,'2021-01-01',0,1238,'Crepe wide leg trousers-XXL-41-White',26.7500,1.0000,70),(337,'2021-01-01',0,118,'Ruffle front top-XXL- Beige',27.7500,1.0000,37),(338,'2021-01-01',0,374,'Caramel denim jacket-XXL',30.7500,1.0000,79),(339,'2021-01-01',1,359,'Overlapping colors training suit-XXL-41-Gray',48.7500,1.0000,78),(340,'2021-01-01',1,1570,'Oversized denim jacket with white-XXL-Blue',28.7500,1.0000,45),(341,'2021-01-01',1,261,'Suit with ruffle details-XXL-41-Dark blue',48.7500,1.0000,88),(342,'2021-01-01',1,1238,'Crepe wide leg trousers-XXL-41-White',26.7500,1.0000,92),(343,'2021-01-01',1,374,'Caramel denim jacket-XXL',30.7500,1.0000,41),(344,'2021-01-01',1,1659,'Denim colour-block design training suit-XXL-41',48.7500,1.0000,71),(345,'2021-01-01',1,310,'Training suit with shoulder details-XXL-41-Black',48.7500,1.0000,51),(346,'2021-01-01',1,1336,'Dark blue crepe wide leg trousers-XXL-41-Dark blue',26.7500,1.0000,53),(347,'2021-01-01',1,118,'Ruffle front top-XXL- Beige',27.7500,1.0000,63),(348,'2021-01-01',1,895,'Black wide leg trousers-XXL-41-Black',25.7500,1.0000,65),(367,'2021-01-01',0,25082,'White suit with silver-M-36-like the photo',86.7500,1.0000,55),(368,'2021-01-01',1,25082,'White suit with silver-M-36-like the photo',86.7500,1.0000,86),(373,'2021-01-01',0,1618,'Light gray jacket with max colors design-XXL-Light gray',32.7500,1.0000,44),(374,'2021-01-01',1,1618,'Light gray jacket with max colors design-XXL-Light gray',32.7500,1.0000,75),(387,'2021-01-01',0,1662,'Denim colour-block design training suit-XXXL-36',51.7500,1.0000,47),(388,'2021-01-01',0,1596,'Denim jaket with max colors-XL-Blue',26.7500,1.0000,59),(389,'2021-01-01',0,1661,'Denim colour-block design training suit-XXXL-35',51.7500,1.0000,86),(390,'2021-01-01',1,1596,'Denim jaket with max colors-XL-Blue',26.7500,1.0000,39),(391,'2021-01-01',1,1661,'Denim colour-block design training suit-XXXL-35',51.7500,1.0000,64),(392,'2021-01-01',1,1662,'Denim colour-block design training suit-XXXL-36',51.7500,1.0000,91),(400,'2021-01-01',0,1568,'Oversized denim jacket with white-L-Blue',26.7500,1.0000,94),(401,'2021-01-01',1,1568,'Oversized denim jacket with white-L-Blue',26.7500,1.0000,67),(424,'2021-01-01',0,136,'Nude training suit-M-38-Nude',47.7500,1.0000,87),(425,'2021-01-01',1,136,'Nude training suit-M-38-Nude',47.7500,1.0000,54),(434,'2021-01-01',0,26,'Burgundy striped design top with front pockets-XXL',26.7500,1.0000,73),(435,'2021-01-01',1,26,'Burgundy striped design top with front pockets-XXL',26.7500,1.0000,42),(439,'2021-01-01',0,354,'Overlapping colors training suit-XXL-36-Gray',48.7500,1.0000,36),(440,'2021-01-01',0,144,'Nude training suit-L-38-Nude',47.7500,1.0000,51),(441,'2021-01-01',0,305,'Training suit with shoulder details-XXL-36-Black',48.7500,1.0000,76),(442,'2021-01-01',1,144,'Nude training suit-L-38-Nude',47.7500,1.0000,34),(443,'2021-01-01',1,305,'Training suit with shoulder details-XXL-36-Black',48.7500,1.0000,57),(444,'2021-01-01',1,354,'Overlapping colors training suit-XXL-36-Gray',48.7500,1.0000,81),(475,'2021-01-01',0,41,'Scarfs top-XXXL',28.7500,1.0000,39),(476,'2021-01-01',0,1617,'Light gray jacket with max colors design-XL-Light gray',30.7500,1.0000,67),(477,'2021-01-01',1,41,'Scarfs top-XXXL',28.7500,1.0000,47),(478,'2021-01-01',1,1617,'Light gray jacket with max colors design-XL-Light gray',30.7500,1.0000,73),(484,'2021-01-01',0,25314,' beige JACKET WITH NEON COLORS-M- Beige',28.7500,1.0000,89),(485,'2021-01-01',1,25314,' beige JACKET WITH NEON COLORS-M- Beige',28.7500,1.0000,58),(498,'2021-01-01',0,1616,'Light gray jacket with max colors design-L-Light gray',30.7500,2.0000,20),(499,'2021-01-01',0,1595,'Denim jaket with max colors-L-Blue',26.7500,1.0000,81),(500,'2021-01-01',1,1616,'Light gray jacket with max colors design-L-Light gray',30.7500,2.0000,19),(501,'2021-01-01',1,1595,'Denim jaket with max colors-L-Blue',26.7500,1.0000,85),(505,'2021-01-01',0,25315,' beige JACKET WITH NEON COLORS-L- Beige',28.7500,3.0000,15),(506,'2021-01-01',1,25315,' beige JACKET WITH NEON COLORS-L- Beige',28.7500,3.0000,11),(554,'2022-01-01',0,1655,'Denim colour-block design training suit-XXL-37',48.7500,2.0000,5),(555,'2022-01-01',1,1655,'Denim colour-block design training suit-XXL-37',48.7500,2.0000,3),(558,'2022-01-01',0,1624,'Denim colour-block design training suit-S-38',46.7500,1.0000,24),(559,'2022-01-01',1,1624,'Denim colour-block design training suit-S-38',46.7500,1.0000,13),(561,'2022-01-01',0,1650,'Denim colour-block design training suit-XL-40',46.7500,1.0000,17),(562,'2022-01-01',1,1650,'Denim colour-block design training suit-XL-40',46.7500,1.0000,35),(567,'2022-01-01',0,133,'Nude training suit-M-35-Nude',47.7500,1.0000,12),(568,'2022-01-01',1,133,'Nude training suit-M-35-Nude',47.7500,1.0000,28),(584,'2022-01-01',0,1389,'Beige cotton kaftan-XL-56',48.7500,1.0000,36),(585,'2022-01-01',1,1389,'Beige cotton kaftan-XL-56',48.7500,1.0000,23),(589,'2022-01-01',0,4,'Black loose top with baby pink-XL-Black',30.7500,2.0000,3),(590,'2022-01-01',0,1603,'Tiffany top with sky blue-XL-tiffany',25.7500,1.0000,25),(591,'2022-01-01',1,4,'Black loose top with baby pink-XL-Black',30.7500,2.0000,4),(592,'2022-01-01',1,1603,'Tiffany top with sky blue-XL-tiffany',25.7500,1.0000,29),(602,'2022-01-01',0,30,'Layered black top-M',23.7500,1.0000,19),(603,'2022-01-01',1,30,'Layered black top-M',23.7500,1.0000,7),(606,'2022-01-01',0,54,'White top with mix colors-XXL',27.7500,1.0000,27),(607,'2022-01-01',0,392,'Grey shanton jacket-XXL-Gray',27.7500,1.0000,9),(608,'2022-01-01',1,392,'Grey shanton jacket-XXL-Gray',27.7500,1.0000,16),(609,'2022-01-01',1,54,'White top with mix colors-XXL',27.7500,1.0000,31),(614,'2022-01-01',0,1615,'Light gray jacket with max colors design-M-Light gray',30.7500,1.0000,32),(615,'2022-01-01',1,1615,'Light gray jacket with max colors design-M-Light gray',30.7500,1.0000,21),(623,'2022-01-01',0,1602,'Tiffany top with sky blue-L-tiffany',25.7500,1.0000,20),(624,'2022-01-01',0,10,'Sky blue top-L',25.7500,1.0000,10),(625,'2022-01-01',1,10,'Sky blue top-L',25.7500,1.0000,17),(626,'2022-01-01',1,1602,'Tiffany top with sky blue-L-tiffany',25.7500,1.0000,25),(639,'2022-01-01',0,347,'Overlapping colors training suit-XL-37-Gray',46.7500,2.0000,4),(640,'2022-01-01',1,347,'Overlapping colors training suit-XL-37-Gray',46.7500,2.0000,2),(643,'2022-01-01',0,1234,'Crepe wide leg trousers-XXL-37-White',26.7500,1.0000,21),(644,'2022-01-01',0,1604,'Tiffany top with sky blue-XXL-tiffany',27.7500,1.0000,34),(645,'2022-01-01',1,1604,'Tiffany top with sky blue-XXL-tiffany',27.7500,1.0000,9),(646,'2022-01-01',1,1234,'Crepe wide leg trousers-XXL-37-White',26.7500,1.0000,26),(656,'2022-01-01',0,1661,'Denim colour-block design training suit-XXXL-35',51.7500,1.0000,14),(657,'2022-01-01',1,1661,'Denim colour-block design training suit-XXXL-35',51.7500,1.0000,33),(665,'2022-01-01',0,17,'Olive top-L-Olive',25.7500,1.0000,16),(666,'2022-01-01',0,1617,'Light gray jacket with max colors design-XL-Light gray',30.7500,2.0000,6),(667,'2022-01-01',0,25316,' beige JACKET WITH NEON COLORS-XL- Beige',29.7500,2.0000,2),(668,'2022-01-01',1,1617,'Light gray jacket with max colors design-XL-Light gray',30.7500,2.0000,5),(669,'2022-01-01',1,25316,' beige JACKET WITH NEON COLORS-XL- Beige',29.7500,2.0000,6),(670,'2022-01-01',1,17,'Olive top-L-Olive',25.7500,1.0000,11),(676,'2022-01-01',0,32,'Layered black top-XL',23.7500,3.0000,1),(677,'2022-01-01',0,1586,'Layered white jacket-XL-off white',28.7500,1.0000,31),(678,'2022-01-01',1,32,'Layered black top-XL',23.7500,3.0000,1),(679,'2022-01-01',1,1586,'Layered white jacket-XL-off white',28.7500,1.0000,36),(707,'2022-01-01',0,990,'Black silm trousers-XXL-38-Black',26.7500,1.0000,7),(708,'2022-01-01',0,25298,'BLACK CREPE WIDE LEG TROUSERS-XXL-37-Black',26.7500,1.0000,18),(709,'2022-01-01',1,25298,'BLACK CREPE WIDE LEG TROUSERS-XXL-37-Black',26.7500,1.0000,24),(710,'2022-01-01',1,990,'Black silm trousers-XXL-38-Black',26.7500,1.0000,14),(732,'2022-01-01',0,25260,'Dark olive Top with mix colors-XL-like the photo',26.7500,1.0000,26),(733,'2022-01-01',0,25315,' beige JACKET WITH NEON COLORS-L- Beige',28.7500,1.0000,8),(734,'2022-01-01',1,25260,'Dark olive Top with mix colors-XL-like the photo',26.7500,1.0000,30),(735,'2022-01-01',1,25315,' beige JACKET WITH NEON COLORS-L- Beige',28.7500,1.0000,15),(740,'2022-01-01',0,386,'Grey shanton jacket-M-Gray',25.7500,1.0000,33),(741,'2022-01-01',1,386,'Grey shanton jacket-M-Gray',25.7500,1.0000,8),(743,'2022-01-01',0,1664,'Denim colour-block design training suit-XXXL-38',51.7500,1.0000,15),(744,'2022-01-01',1,1664,'Denim colour-block design training suit-XXXL-38',51.7500,1.0000,22),(747,'2022-01-01',0,390,'Grey shanton jacket-XL-Gray',25.7500,1.0000,13),(748,'2022-01-01',0,25250,'‏BEIGE LOOSE TOP WITH BLACK -XL-like the photo',25.7500,1.0000,28),(749,'2022-01-01',1,25250,'‏BEIGE LOOSE TOP WITH BLACK -XL-like the photo',25.7500,1.0000,32),(750,'2022-01-01',1,390,'Grey shanton jacket-XL-Gray',25.7500,1.0000,20),(758,'2022-01-01',0,25252,'‏BEIGE LOOSE TOP WITH BLACK -XXL-like the photo',27.7500,1.0000,35),(759,'2022-01-01',0,5,'Black loose top with baby pink-XXL-Black',32.7500,1.0000,22),(760,'2022-01-01',1,5,'Black loose top with baby pink-XXL-Black',32.7500,1.0000,27),(761,'2022-01-01',1,25252,'‏BEIGE LOOSE TOP WITH BLACK -XXL-like the photo',27.7500,1.0000,10),(781,'2022-01-01',0,1610,'Black top with white stripes design-XL-Black',26.7500,1.0000,29),(782,'2022-01-01',1,1610,'Black top with white stripes design-XL-Black',26.7500,1.0000,18),(785,'2022-01-01',0,25551,'TRAINING SUIT 3-XXL-Black',39.0000,1.0000,23),(786,'2022-01-01',1,25551,'TRAINING SUIT 3-XXL-Black',39.0000,1.0000,12),(792,'2022-01-01',0,25513,'Shirt sky 5-XXL-like the photo',20.0000,1.0000,30),(793,'2022-01-01',0,25605,'LAYERED BLACK Shirt 10-XXL-like the photo',20.0000,1.0000,11),(794,'2022-01-01',1,25605,'LAYERED BLACK Shirt 10-XXL-like the photo',20.0000,1.0000,19),(795,'2022-01-01',1,25513,'Shirt sky 5-XXL-like the photo',20.0000,1.0000,34),(815,'2023-01-01',0,25503,'TIFFANY  shirt 4-XXL-like the photo',20.0000,2.0000,6),(816,'2023-01-01',0,25487,'BEIGE shirt  WITH BLACK 3-XXL-like the photo',20.0000,2.0000,4),(817,'2023-01-01',0,25530,'SCARF Shirt 6-XL',20.0000,1.0000,11),(818,'2023-01-01',0,25495,'CARAMEL Shirt 3-XXL-like the photo',20.0000,1.0000,13),(819,'2023-01-01',0,25485,'BEIGE shirt  WITH BLACK 3-L-like the photo',20.0000,1.0000,18),(820,'2023-01-01',1,25503,'TIFFANY  shirt 4-XXL-like the photo',20.0000,2.0000,6),(821,'2023-01-01',1,25487,'BEIGE shirt  WITH BLACK 3-XXL-like the photo',20.0000,2.0000,7),(822,'2023-01-01',1,25530,'SCARF Shirt 6-XL',20.0000,1.0000,12),(823,'2023-01-01',1,25495,'CARAMEL Shirt 3-XXL-like the photo',20.0000,1.0000,16),(824,'2023-01-01',1,25485,'BEIGE shirt  WITH BLACK 3-L-like the photo',20.0000,1.0000,21),(843,'2023-01-01',0,25703,'Half beige half white kaftan-L-like the photo',35.0000,2.0000,5),(844,'2023-01-01',1,25703,'Half beige half white kaftan-L-like the photo',35.0000,2.0000,5),(846,'2023-01-01',0,25697,'Beige cotton kaftan-XXL-like the photo',35.0000,1.0000,25),(847,'2023-01-01',1,25697,'Beige cotton kaftan-XXL-like the photo',35.0000,1.0000,17),(851,'2023-01-01',0,25688,'organza kaftan with lace- Beige-XXXL',85.0000,1.0000,21),(852,'2023-01-01',1,25688,'organza kaftan with lace- Beige-XXXL',85.0000,1.0000,13),(861,'2023-01-01',0,25699,'Beige cotton kaftan-XXXL-like the photo',35.0000,1.0000,16),(862,'2023-01-01',1,25699,'Beige cotton kaftan-XXXL-like the photo',35.0000,1.0000,9),(873,'2023-01-01',0,25749,'beige KAFTAN with SKY BLUE-L-like the photo',35.0000,4.0000,2),(874,'2023-01-01',1,25749,'beige KAFTAN with SKY BLUE-L-like the photo',35.0000,4.0000,2),(876,'2023-01-01',0,25750,'beige KAFTAN with SKY BLUE-XL-like the photo',35.0000,4.0000,1),(877,'2023-01-01',1,25750,'beige KAFTAN with SKY BLUE-XL-like the photo',35.0000,4.0000,1),(891,'2023-01-01',0,25764,'‏  bride kaftan -L-like the photo',60.0000,3.0000,3),(892,'2023-01-01',0,25655,'‏Dark blue SUIT3-L-38-like the photo',40.0000,1.0000,12),(893,'2023-01-01',0,25100,'White suit with silver-XL-38-like the photo',86.7500,1.0000,14),(894,'2023-01-01',0,25737,'‏BLACK ORGANZA KAFTAN WITH LACE-XL-like the photo',120.0000,1.0000,15),(895,'2023-01-01',0,25685,'organza kaftan with lace- Beige-L',85.0000,1.0000,19),(896,'2023-01-01',0,25776,'Black kaftan with gold -L-Black',48.0000,1.0000,20),(897,'2023-01-01',0,25617,'TRAINING SUIT 6-L-like the photo',39.0000,1.0000,23),(898,'2023-01-01',0,25743,'‏ White COTTON KAFTAN-L-White',40.0000,1.0000,24),(899,'2023-01-01',0,4,'Black loose top with baby pink-XL-Black',30.7500,1.0000,8),(900,'2023-01-01',0,25722,'KAFTAN 1-L-like the photo',40.0000,1.0000,9),(901,'2023-01-01',1,25764,'‏  bride kaftan -L-like the photo',60.0000,3.0000,3),(902,'2023-01-01',1,25617,'TRAINING SUIT 6-L-like the photo',39.0000,1.0000,14),(903,'2023-01-01',1,25743,'‏ White COTTON KAFTAN-L-White',40.0000,1.0000,15),(904,'2023-01-01',1,4,'Black loose top with baby pink-XL-Black',30.7500,1.0000,19),(905,'2023-01-01',1,25722,'KAFTAN 1-L-like the photo',40.0000,1.0000,20),(906,'2023-01-01',1,25655,'‏Dark blue SUIT3-L-38-like the photo',40.0000,1.0000,22),(907,'2023-01-01',1,25100,'White suit with silver-XL-38-like the photo',86.7500,1.0000,24),(908,'2023-01-01',1,25737,'‏BLACK ORGANZA KAFTAN WITH LACE-XL-like the photo',120.0000,1.0000,25),(909,'2023-01-01',1,25685,'organza kaftan with lace- Beige-L',85.0000,1.0000,10),(910,'2023-01-01',1,25776,'Black kaftan with gold -L-Black',48.0000,1.0000,11),(922,'2023-01-01',0,25765,'‏  bride kaftan -XL-like the photo',60.0000,2.0000,7),(923,'2023-01-01',0,127,'Nude training suit-S-37-Nude',47.7500,1.0000,22),(924,'2023-01-01',0,775,'Black suit with white-L-35',86.7500,1.0000,10),(925,'2023-01-01',0,25735,'‏BLACK ORGANZA KAFTAN WITH LACE-M-like the photo',120.0000,1.0000,17),(926,'2023-01-01',1,25765,'‏  bride kaftan -XL-like the photo',60.0000,2.0000,4),(927,'2023-01-01',1,25735,'‏BLACK ORGANZA KAFTAN WITH LACE-M-like the photo',120.0000,1.0000,23),(928,'2023-01-01',1,127,'Nude training suit-S-37-Nude',47.7500,1.0000,8),(929,'2023-01-01',1,775,'Black suit with white-L-35',86.7500,1.0000,18);

--
